109.72.86.6 - - [24/May/2010:21:37:55 -0500] "GET /logs/access_log.1271548800//admin/auth.php?xcart_dir=http://www.bdkorea.org/zeroboard/data/bangla01/zd1.txt??? HTTP/1.1" 404 326 "-""Mozilla/5.0"
109.72.86.6 - - [24/May/2010:21:37:55 -0500] "GET /logs//admin/auth.php?xcart_dir=http://www.bdkorea.org/zeroboard/data/bangla01/zd1.txt??? HTTP/1.1" 404 304 "-""Mozilla/5.0"
109.72.86.6 - - [24/May/2010:21:37:55 -0500] "GET //admin/auth.php?xcart_dir=http://www.bdkorea.org/zeroboard/data/bangla01/zd1.txt??? HTTP/1.1" 404 299 "-""Mozilla/5.0"
109.72.86.6 - - [24/May/2010:21:37:55 -0500] "GET /logs/access_log.1270771200//admin/auth.php?xcart_dir=http://www.bdkorea.org/zeroboard/data/bangla01/zd1.txt??? HTTP/1.1" 404 326 "-""Mozilla/5.0"
121.88.4.141 - - [24/May/2010:21:37:57 -0500] "GET /logs/access_log.1273363200%20%20//admin.remository.php?mosConfig_absolute_path=http://www.fuerzarh.com/1.txt? HTTP/1.1" 404 334 "-""Mozilla/5.0"
109.72.86.6 - - [24/May/2010:21:38:38 -0500] "GET /logs/access_log.1271721600//admin/auth.php?xcart_dir=http://www.bdkorea.org/zeroboard/data/bangla01/zd1.txt??? HTTP/1.1" 404 326 "-""Mozilla/5.0"
121.88.4.141 - - [24/May/2010:21:38:44 -0500] "GET /logs/access_log.1273622400%20%20//admin.remository.php?mosConfig_absolute_path=http://www.fuerzarh.com/1.txt? HTTP/1.1" 404 334 "-""Mozilla/5.0"
87.250.255.243 - - [24/May/2010:21:41:19 -0500] "GET /logs/access_log.1270944000 HTTP/1.1" 304 - "-""Yandex/1.01.001 (compatible; Win16; I)"
112.216.153.186 - - [24/May/2010:21:41:20 -0500] "GET ///administrator/components/com_dbquery/classes/DBQ/admin/common.class.php?mosConfig_absolute_path=http://phamsight.com/docs/images/head??? HTTP/1.1" 404 357 "-""Mozilla/5.0"
112.216.153.186 - - [24/May/2010:21:41:20 -0500] "GET /logs///administrator/components/com_dbquery/classes/DBQ/admin/common.class.php?mosConfig_absolute_path=http://phamsight.com/docs/images/head??? HTTP/1.1" 404 362 "-""Mozilla/5.0"
112.216.153.186 - - [24/May/2010:21:41:20 -0500] "GET /logs/access_log.1262563200///administrator/components/com_dbquery/classes/DBQ/admin/common.class.php?mosConfig_absolute_path=http://phamsight.com/docs/images/head??? HTTP/1.1" 404 384 "-""Mozilla/5.0"
89.108.66.144 - - [24/May/2010:21:41:28 -0500] "GET /logs/access_log.1274313600/index.php?option=com_awiki&controller=../../../../../../../../../../../../../../../../proc/self/environ%00 HTTP/1.1" 404 320 "-""libwww-perl/5.812"
89.108.66.144 - - [24/May/2010:21:41:29 -0500] "GET /index.php?option=com_awiki&controller=../../../../../../../../../../../../../../../../proc/self/environ%00 HTTP/1.1" 404 293 "-""libwww-perl/5.812"
89.108.66.144 - - [24/May/2010:21:41:29 -0500] "GET /logs/index.php?option=com_awiki&controller=../../../../../../../../../../../../../../../../proc/self/environ%00 HTTP/1.1" 404 298 "-""libwww-perl/5.812"
121.88.4.141 - - [24/May/2010:21:41:31 -0500] "GET /logs/access_log.1271548800//admin.remository.php?mosConfig_absolute_path=http://www.fuerzarh.com/1.txt? HTTP/1.1" 404 332 "-""Mozilla/5.0"
74.55.224.242 - - [24/May/2010:21:41:40 -0500] "GET /logs/index.php?option=com_hsconfig&controller=../../../../../../../../../../../../../../../proc/self/environ%00 HTTP/1.1" 404 298 "-""libwww-perl/5.831"
74.55.224.242 - - [24/May/2010:21:41:40 -0500] "GET /index.php?option=com_hsconfig&controller=../../../../../../../../../../../../../../../proc/self/environ%00 HTTP/1.1" 404 293 "-""libwww-perl/5.831"
121.88.4.141 - - [24/May/2010:21:43:03 -0500] "GET /logs/access_log.1271548800//admin.remository.php?mosConfig_absolute_path=http://www.fuerzarh.com/1.txt? HTTP/1.1" 404 332 "-""Mozilla/5.0"
74.55.224.242 - - [24/May/2010:21:43:11 -0500] "GET /index.php?option=com_hsconfig&controller=../../../../../../../../../../../../../../../proc/self/environ%00 HTTP/1.1" 404 293 "-""libwww-perl/5.831"
87.250.255.243 - - [24/May/2010:21:46:07 -0500] "GET /artwork/trunks.htm HTTP/1.1" 304 - "-""Yandex/1.01.001 (compatible; Win16; I)"
121.88.4.141 - - [24/May/2010:21:46:47 -0500] "GET /logs/access_log.1271548800//admin.remository.php?mosConfig_absolute_path=http://www.fuerzarh.com/1.txt? HTTP/1.1" 404 332 "-""Mozilla/5.0"
67.195.112.180 - - [24/May/2010:21:46:49 -0500] "GET /logs/access_log.1184544000 HTTP/1.0" 404 298 "-""Mozilla/5.0 (compatible; Yahoo! Slurp/3.0; http://help.yahoo.com/help/us/ysearch/slurp)"
74.55.224.242 - - [24/May/2010:21:48:22 -0500] "GET /logs/access_log.1274313600/index.php?option=com_hsconfig&controller=../../../../../../../../../../../../../../../proc/self/environ%00 HTTP/1.1" 404 320 "-""libwww-perl/5.831"
74.55.224.242 - - [24/May/2010:21:48:22 -0500] "GET /index.php?option=com_hsconfig&controller=../../../../../../../../../../../../../../../proc/self/environ%00 HTTP/1.1" 404 293 "-""libwww-perl/5.831"
74.55.224.242 - - [24/May/2010:21:48:23 -0500] "GET /logs/index.php?option=com_hsconfig&controller=../../../../../../../../../../../../../../../proc/self/environ%00 HTTP/1.1" 404 298 "-""libwww-perl/5.831"
74.55.224.242 - - [24/May/2010:21:48:51 -0500] "GET /logs/index.php?option=com_mtfireeagle&controller=../../../../../../../../../../../../../../../proc/self/environ%00 HTTP/1.1" 404 298 "-""libwww-perl/5.831"
74.55.224.242 - - [24/May/2010:21:48:51 -0500] "GET /index.php?option=com_mtfireeagle&controller=../../../../../../../../../../../../../../../proc/self/environ%00 HTTP/1.1" 404 293 "-""libwww-perl/5.831"
74.55.224.242 - - [24/May/2010:21:50:38 -0500] "GET /logs/access_log.1273017600/index.php?option=com_hsconfig&controller=../../../../../../../../../../../../../../../proc/self/environ%00 HTTP/1.1" 404 320 "-""libwww-perl/5.831"
74.55.224.242 - - [24/May/2010:21:50:38 -0500] "GET /index.php?option=com_hsconfig&controller=../../../../../../../../../../../../../../../proc/self/environ%00 HTTP/1.1" 404 293 "-""libwww-perl/5.831"
74.55.224.242 - - [24/May/2010:21:50:38 -0500] "GET /logs/index.php?option=com_hsconfig&controller=../../../../../../../../../../../../../../../proc/self/environ%00 HTTP/1.1" 404 298 "-""libwww-perl/5.831"
207.46.204.165 - - [24/May/2010:21:50:44 -0500] "GET /artwork/index.htm HTTP/1.1" 200 11078 "-""Mozilla/4.0 (compatible; MSIE 6.0; Windows NT 5.1; SLCC1; .NET CLR 1.1.4322; .NET CLR 2.0.40607; .NET CLR 3.0.04506.648)"
69.175.61.122 - - [24/May/2010:21:50:50 -0500] "GET /logs/index.php?option=com_jeformcr&view=../../../../../../../../../../../../../../../proc/self/environ%00 HTTP/1.1" 404 298 "-""libwww-perl/5.833"
69.175.61.122 - - [24/May/2010:21:50:50 -0500] "GET /index.php?option=com_jeformcr&view=../../../../../../../../../../../../../../../proc/self/environ%00 HTTP/1.1" 404 293 "-""libwww-perl/5.833"
74.54.63.138 - - [24/May/2010:21:50:52 -0500] "GET /logs/index.php?option=com_jeformcr&view=../../../../../../../../../../../../../../../proc/self/environ%00 HTTP/1.1" 404 298 "-""libwww-perl/5.834"
74.54.63.138 - - [24/May/2010:21:50:52 -0500] "GET /index.php?option=com_jeformcr&view=../../../../../../../../../../../../../../../proc/self/environ%00 HTTP/1.1" 404 293 "-""libwww-perl/5.834"
174.121.59.218 - - [24/May/2010:21:50:54 -0500] "GET /logs/index.php?option=com_jeformcr&view=../../../../../../../../../../../../../../../proc/self/environ%00 HTTP/1.1" 404 298 "-""libwww-perl/5.834"
174.121.59.218 - - [24/May/2010:21:50:55 -0500] "GET /index.php?option=com_jeformcr&view=../../../../../../../../../../../../../../../proc/self/environ%00 HTTP/1.1" 404 293 "-""libwww-perl/5.834"
67.227.143.132 - - [24/May/2010:21:51:17 -0500] "GET /logs/index.php?option=com_jeformcr&view=../../../../../../../../../../../../../../../proc/self/environ%00 HTTP/1.1" 404 298 "-""libwww-perl/5.834"
67.227.143.132 - - [24/May/2010:21:51:18 -0500] "GET /index.php?option=com_jeformcr&view=../../../../../../../../../../../../../../../proc/self/environ%00 HTTP/1.1" 404 293 "-""libwww-perl/5.834"
67.210.123.70 - - [24/May/2010:21:51:18 -0500] "GET /logs/index.php?option=com_jeformcr&view=../../../../../../../../../../../../../../../proc/self/environ%00 HTTP/1.1" 404 298 "-""libwww-perl/5.819"
67.210.123.70 - - [24/May/2010:21:51:18 -0500] "GET /index.php?option=com_jeformcr&view=../../../../../../../../../../../../../../../proc/self/environ%00 HTTP/1.1" 404 293 "-""libwww-perl/5.819"
87.250.255.243 - - [24/May/2010:21:51:36 -0500] "GET /logs/access_log.1270684800 HTTP/1.1" 304 - "-""Yandex/1.01.001 (compatible; Win16; I)"
89.108.70.32 - - [24/May/2010:21:51:52 -0500] "GET /logs/index.php?option=com_jeformcr&view=../../../../../../../../../../../../../../../proc/self/environ%00 HTTP/1.1" 404 298 "-""libwww-perl/5.810"
89.108.70.32 - - [24/May/2010:21:51:52 -0500] "GET /index.php?option=com_jeformcr&view=../../../../../../../../../../../../../../../proc/self/environ%00 HTTP/1.1" 404 293 "-""libwww-perl/5.810"
212.95.54.211 - - [24/May/2010:21:52:23 -0500] "GET /logs/access_log.1266537600 HTTP/1.1" 404 310 "-""Mozilla/4.0 (compatible; MSIE 6.0; Windows NT 5.1; SV1)"
213.189.224.16 - - [24/May/2010:21:53:46 -0500] "GET /logs/index.php?option=com_content&task=§ionid=&id=&mosConfig_absolute_path=http://www.thatvilla.com/occupants/New%20Folder/2?? HTTP/1.1" 404 298 "-""Mozilla/4.8 [en] (Windows NT 5.0; U)"
213.189.224.16 - - [24/May/2010:21:53:46 -0500] "GET /index.php?option=com_content&task=§ionid=&id=&mosConfig_absolute_path=http://www.thatvilla.com/occupants/New%20Folder/2?? HTTP/1.1" 404 293 "-""Mozilla/4.8 [en] (Windows NT 5.0; U)"
87.250.255.243 - - [24/May/2010:21:54:01 -0500] "GET /logs/access_log.1273708800 HTTP/1.1" 304 - "-""Yandex/1.01.001 (compatible; Win16; I)"
207.46.199.46 - - [24/May/2010:21:57:02 -0500] "GET /logs/access_log.1257292800 HTTP/1.1" 404 310 "-""msnbot/2.0b (+http://search.msn.com/msnbot.htm)"
207.46.204.230 - - [24/May/2010:21:57:30 -0500] "GET /robots.txt HTTP/1.1" 404 294 "-""msnbot/2.0b (+http://search.msn.com/msnbot.htm)"
207.46.204.230 - - [24/May/2010:21:57:31 -0500] "GET /logs/access_log.1192320000 HTTP/1.1" 404 310 "-""msnbot/2.0b (+http://search.msn.com/msnbot.htm)"
87.250.255.243 - - [24/May/2010:21:58:31 -0500] "GET /logs/access_log.1273449600 HTTP/1.1" 304 - "-""Yandex/1.01.001 (compatible; Win16; I)"
72.5.54.51 - - [24/May/2010:22:00:07 -0500] "GET /logs//action.class.php?path_om=../../../../../../../../../../../../../../../proc/self/environ%00 HTTP/1.1" 404 306 "-""libwww-perl/5.65"
72.5.54.51 - - [24/May/2010:22:00:07 -0500] "GET //action.class.php?path_om=../../../../../../../../../../../../../../../proc/self/environ%00 HTTP/1.1" 404 301 "-""libwww-perl/5.65"
87.250.255.243 - - [24/May/2010:22:00:09 -0500] "GET /logs/access_log.1272844800 HTTP/1.1" 304 - "-""Yandex/1.01.001 (compatible; Win16; I)"
207.46.13.54 - - [24/May/2010:22:02:30 -0500] "GET /logs/access_log.1155686400 HTTP/1.1" 404 310 "-""msnbot/2.0b (+http://search.msn.com/msnbot.htm)"
207.46.199.44 - - [24/May/2010:22:02:31 -0500] "GET /logs/access_log.1261440000 HTTP/1.1" 404 310 "-""msnbot/2.0b (+http://search.msn.com/msnbot.htm)"
87.250.255.243 - - [24/May/2010:22:02:48 -0500] "GET /artwork/banners.htm HTTP/1.1" 304 - "-""Yandex/1.01.001 (compatible; Win16; I)"
24.55.161.86 - - [24/May/2010:22:03:19 -0500] "GET /costume/thmb1.htm HTTP/1.1" 200 3957 "http://tomdolan.pconline.com/costume/index1.htm""Mozilla/5.0 (Windows; U; Windows NT 6.1; en-US) AppleWebKit/532.5 (KHTML, like Gecko) Chrome/4.1.249.1064 Safari/532.5"
24.55.161.86 - - [24/May/2010:22:03:27 -0500] "GET /costume/001_JPG%20copy.jpg HTTP/1.1" 200 46065 "http://tomdolan.pconline.com/costume/thmb1.htm""Mozilla/5.0 (Windows; U; Windows NT 6.1; en-US) AppleWebKit/532.5 (KHTML, like Gecko) Chrome/4.1.249.1064 Safari/532.5"
24.55.161.86 - - [24/May/2010:22:03:33 -0500] "GET /costume/002_JPG%20copy.jpg HTTP/1.1" 200 44353 "http://tomdolan.pconline.com/costume/thmb1.htm""Mozilla/5.0 (Windows; U; Windows NT 6.1; en-US) AppleWebKit/532.5 (KHTML, like Gecko) Chrome/4.1.249.1064 Safari/532.5"
24.55.161.86 - - [24/May/2010:22:03:34 -0500] "GET /costume/007_JPG%20copy.jpg HTTP/1.1" 200 43100 "http://tomdolan.pconline.com/costume/thmb1.htm""Mozilla/5.0 (Windows; U; Windows NT 6.1; en-US) AppleWebKit/532.5 (KHTML, like Gecko) Chrome/4.1.249.1064 Safari/532.5"
24.55.161.86 - - [24/May/2010:22:03:35 -0500] "GET /costume/003_JPG%20copy.jpg HTTP/1.1" 200 50590 "http://tomdolan.pconline.com/costume/thmb1.htm""Mozilla/5.0 (Windows; U; Windows NT 6.1; en-US) AppleWebKit/532.5 (KHTML, like Gecko) Chrome/4.1.249.1064 Safari/532.5"
24.55.161.86 - - [24/May/2010:22:03:35 -0500] "GET /costume/004_JPG%20copy.jpg HTTP/1.1" 200 44129 "http://tomdolan.pconline.com/costume/thmb1.htm""Mozilla/5.0 (Windows; U; Windows NT 6.1; en-US) AppleWebKit/532.5 (KHTML, like Gecko) Chrome/4.1.249.1064 Safari/532.5"
24.55.161.86 - - [24/May/2010:22:03:35 -0500] "GET /costume/005_JPG%20copy.jpg HTTP/1.1" 200 44973 "http://tomdolan.pconline.com/costume/thmb1.htm""Mozilla/5.0 (Windows; U; Windows NT 6.1; en-US) AppleWebKit/532.5 (KHTML, like Gecko) Chrome/4.1.249.1064 Safari/532.5"
24.55.161.86 - - [24/May/2010:22:03:37 -0500] "GET /costume/006_JPG%20copy.jpg HTTP/1.1" 200 49320 "http://tomdolan.pconline.com/costume/thmb1.htm""Mozilla/5.0 (Windows; U; Windows NT 6.1; en-US) AppleWebKit/532.5 (KHTML, like Gecko) Chrome/4.1.249.1064 Safari/532.5"
24.55.161.86 - - [24/May/2010:22:03:37 -0500] "GET /costume/009_JPG%20copy.jpg HTTP/1.1" 200 47583 "http://tomdolan.pconline.com/costume/thmb1.htm""Mozilla/5.0 (Windows; U; Windows NT 6.1; en-US) AppleWebKit/532.5 (KHTML, like Gecko) Chrome/4.1.249.1064 Safari/532.5"
24.55.161.86 - - [24/May/2010:22:03:38 -0500] "GET /costume/010_jpg%20copy.jpg HTTP/1.1" 200 47369 "http://tomdolan.pconline.com/costume/thmb1.htm""Mozilla/5.0 (Windows; U; Windows NT 6.1; en-US) AppleWebKit/532.5 (KHTML, like Gecko) Chrome/4.1.249.1064 Safari/532.5"
24.55.161.86 - - [24/May/2010:22:03:40 -0500] "GET /costume/012_JPG%20copy.jpg HTTP/1.1" 200 43366 "http://tomdolan.pconline.com/costume/thmb1.htm""Mozilla/5.0 (Windows; U; Windows NT 6.1; en-US) AppleWebKit/532.5 (KHTML, like Gecko) Chrome/4.1.249.1064 Safari/532.5"
24.55.161.86 - - [24/May/2010:22:03:40 -0500] "GET /costume/011_JPG%20copy.jpg HTTP/1.1" 200 46554 "http://tomdolan.pconline.com/costume/thmb1.htm""Mozilla/5.0 (Windows; U; Windows NT 6.1; en-US) AppleWebKit/532.5 (KHTML, like Gecko) Chrome/4.1.249.1064 Safari/532.5"
24.55.161.86 - - [24/May/2010:22:03:45 -0500] "GET /costume/008_JPG%20copy.jpg HTTP/1.1" 200 43767 "http://tomdolan.pconline.com/costume/thmb1.htm""Mozilla/5.0 (Windows; U; Windows NT 6.1; en-US) AppleWebKit/532.5 (KHTML, like Gecko) Chrome/4.1.249.1064 Safari/532.5"
24.55.161.86 - - [24/May/2010:22:03:58 -0500] "GET /favicon.ico HTTP/1.1" 404 295 "-""Mozilla/5.0 (Windows; U; Windows NT 6.1; en-US) AppleWebKit/532.5 (KHTML, like Gecko) Chrome/4.1.249.1064 Safari/532.5"
74.55.224.242 - - [24/May/2010:22:04:30 -0500] "GET /logs/index.php?option=com_mtfireeagle&controller=../../../../../../../../../../../../../../../proc/self/environ%00 HTTP/1.1" 404 298 "-""libwww-perl/5.831"
74.55.224.242 - - [24/May/2010:22:04:30 -0500] "GET /index.php?option=com_mtfireeagle&controller=../../../../../../../../../../../../../../../proc/self/environ%00 HTTP/1.1" 404 293 "-""libwww-perl/5.831"
74.55.224.242 - - [24/May/2010:22:04:44 -0500] "GET /logs/index.php?option=com_mtfireeagle&controller=../../../../../../../../../../../../../../../proc/self/environ%00 HTTP/1.1" 404 298 "-""libwww-perl/5.831"
74.55.224.242 - - [24/May/2010:22:04:44 -0500] "GET /index.php?option=com_mtfireeagle&controller=../../../../../../../../../../../../../../../proc/self/environ%00 HTTP/1.1" 404 293 "-""libwww-perl/5.831"
72.229.242.233 - - [24/May/2010:22:06:56 -0500] "GET /tattoo/tattoo1.htm HTTP/1.1" 200 4192 "http://www.google.com/search?client=safari&rls=en&q=vintage+tattoo+flash&ie=UTF-8&oe=UTF-8""Mozilla/5.0 (Macintosh; U; Intel Mac OS X 10_6_3; en-us) AppleWebKit/531.22.7 (KHTML, like Gecko) Version/4.0.5 Safari/531.22.7"
72.229.242.233 - - [24/May/2010:22:06:57 -0500] "GET /tattoo/tat_1st.JPG HTTP/1.1" 200 16480 "http://tomdolan.pconline.com/tattoo/tattoo1.htm""Mozilla/5.0 (Macintosh; U; Intel Mac OS X 10_6_3; en-us) AppleWebKit/531.22.7 (KHTML, like Gecko) Version/4.0.5 Safari/531.22.7"
72.229.242.233 - - [24/May/2010:22:06:59 -0500] "GET /favicon.ico HTTP/1.1" 404 295 "http://tomdolan.pconline.com/tattoo/tattoo1.htm""Mozilla/5.0 (Macintosh; U; Intel Mac OS X 10_6_3; en-us) AppleWebKit/531.22.7 (KHTML, like Gecko) Version/4.0.5 Safari/531.22.7"
207.46.199.200 - - [24/May/2010:22:07:01 -0500] "GET /robots.txt HTTP/1.1" 404 294 "-""msnbot/2.0b (+http://search.msn.com/msnbot.htm)"
72.229.242.233 - - [24/May/2010:22:07:04 -0500] "GET /tattoo/set1.htm HTTP/1.1" 200 2362 "http://tomdolan.pconline.com/tattoo/tattoo1.htm""Mozilla/5.0 (Macintosh; U; Intel Mac OS X 10_6_3; en-us) AppleWebKit/531.22.7 (KHTML, like Gecko) Version/4.0.5 Safari/531.22.7"
72.229.242.233 - - [24/May/2010:22:07:05 -0500] "GET /tattoo/tat1.JPG HTTP/1.1" 200 16158 "http://tomdolan.pconline.com/tattoo/set1.htm""Mozilla/5.0 (Macintosh; U; Intel Mac OS X 10_6_3; en-us) AppleWebKit/531.22.7 (KHTML, like Gecko) Version/4.0.5 Safari/531.22.7"
72.229.242.233 - - [24/May/2010:22:07:05 -0500] "GET /tattoo/tat3.jpg HTTP/1.1" 200 11901 "http://tomdolan.pconline.com/tattoo/set1.htm""Mozilla/5.0 (Macintosh; U; Intel Mac OS X 10_6_3; en-us) AppleWebKit/531.22.7 (KHTML, like Gecko) Version/4.0.5 Safari/531.22.7"
72.229.242.233 - - [24/May/2010:22:07:05 -0500] "GET /tattoo/tat10.JPG HTTP/1.1" 200 22746 "http://tomdolan.pconline.com/tattoo/set1.htm""Mozilla/5.0 (Macintosh; U; Intel Mac OS X 10_6_3; en-us) AppleWebKit/531.22.7 (KHTML, like Gecko) Version/4.0.5 Safari/531.22.7"
72.229.242.233 - - [24/May/2010:22:07:05 -0500] "GET /tattoo/tat4.JPG HTTP/1.1" 200 18080 "http://tomdolan.pconline.com/tattoo/set1.htm""Mozilla/5.0 (Macintosh; U; Intel Mac OS X 10_6_3; en-us) AppleWebKit/531.22.7 (KHTML, like Gecko) Version/4.0.5 Safari/531.22.7"
72.229.242.233 - - [24/May/2010:22:07:05 -0500] "GET /tattoo/tat2.JPG HTTP/1.1" 200 18943 "http://tomdolan.pconline.com/tattoo/set1.htm""Mozilla/5.0 (Macintosh; U; Intel Mac OS X 10_6_3; en-us) AppleWebKit/531.22.7 (KHTML, like Gecko) Version/4.0.5 Safari/531.22.7"
72.229.242.233 - - [24/May/2010:22:07:05 -0500] "GET /tattoo/tat5.JPG HTTP/1.1" 200 13769 "http://tomdolan.pconline.com/tattoo/set1.htm""Mozilla/5.0 (Macintosh; U; Intel Mac OS X 10_6_3; en-us) AppleWebKit/531.22.7 (KHTML, like Gecko) Version/4.0.5 Safari/531.22.7"
72.229.242.233 - - [24/May/2010:22:07:05 -0500] "GET /tattoo/tat7.JPG HTTP/1.1" 200 17358 "http://tomdolan.pconline.com/tattoo/set1.htm""Mozilla/5.0 (Macintosh; U; Intel Mac OS X 10_6_3; en-us) AppleWebKit/531.22.7 (KHTML, like Gecko) Version/4.0.5 Safari/531.22.7"
72.229.242.233 - - [24/May/2010:22:07:05 -0500] "GET /tattoo/tat6.JPG HTTP/1.1" 200 18543 "http://tomdolan.pconline.com/tattoo/set1.htm""Mozilla/5.0 (Macintosh; U; Intel Mac OS X 10_6_3; en-us) AppleWebKit/531.22.7 (KHTML, like Gecko) Version/4.0.5 Safari/531.22.7"
72.229.242.233 - - [24/May/2010:22:07:05 -0500] "GET /tattoo/tat8.jpg HTTP/1.1" 200 13191 "http://tomdolan.pconline.com/tattoo/set1.htm""Mozilla/5.0 (Macintosh; U; Intel Mac OS X 10_6_3; en-us) AppleWebKit/531.22.7 (KHTML, like Gecko) Version/4.0.5 Safari/531.22.7"
72.229.242.233 - - [24/May/2010:22:07:05 -0500] "GET /tattoo/tat9.JPG HTTP/1.1" 200 16749 "http://tomdolan.pconline.com/tattoo/set1.htm""Mozilla/5.0 (Macintosh; U; Intel Mac OS X 10_6_3; en-us) AppleWebKit/531.22.7 (KHTML, like Gecko) Version/4.0.5 Safari/531.22.7"
72.229.242.233 - - [24/May/2010:22:07:48 -0500] "GET /tattoo/set2.htm HTTP/1.1" 200 1953 "http://tomdolan.pconline.com/tattoo/set1.htm""Mozilla/5.0 (Macintosh; U; Intel Mac OS X 10_6_3; en-us) AppleWebKit/531.22.7 (KHTML, like Gecko) Version/4.0.5 Safari/531.22.7"
72.229.242.233 - - [24/May/2010:22:07:48 -0500] "GET /tattoo/tatb10.JPG HTTP/1.1" 200 17887 "http://tomdolan.pconline.com/tattoo/set2.htm""Mozilla/5.0 (Macintosh; U; Intel Mac OS X 10_6_3; en-us) AppleWebKit/531.22.7 (KHTML, like Gecko) Version/4.0.5 Safari/531.22.7"
72.229.242.233 - - [24/May/2010:22:07:48 -0500] "GET /tattoo/tatb1.JPG HTTP/1.1" 200 14848 "http://tomdolan.pconline.com/tattoo/set2.htm""Mozilla/5.0 (Macintosh; U; Intel Mac OS X 10_6_3; en-us) AppleWebKit/531.22.7 (KHTML, like Gecko) Version/4.0.5 Safari/531.22.7"
72.229.242.233 - - [24/May/2010:22:07:48 -0500] "GET /tattoo/tatb4.JPG HTTP/1.1" 200 15705 "http://tomdolan.pconline.com/tattoo/set2.htm""Mozilla/5.0 (Macintosh; U; Intel Mac OS X 10_6_3; en-us) AppleWebKit/531.22.7 (KHTML, like Gecko) Version/4.0.5 Safari/531.22.7"
72.229.242.233 - - [24/May/2010:22:07:48 -0500] "GET /tattoo/tatb3.JPG HTTP/1.1" 200 16163 "http://tomdolan.pconline.com/tattoo/set2.htm""Mozilla/5.0 (Macintosh; U; Intel Mac OS X 10_6_3; en-us) AppleWebKit/531.22.7 (KHTML, like Gecko) Version/4.0.5 Safari/531.22.7"
72.229.242.233 - - [24/May/2010:22:07:48 -0500] "GET /tattoo/tatb5.JPG HTTP/1.1" 200 20135 "http://tomdolan.pconline.com/tattoo/set2.htm""Mozilla/5.0 (Macintosh; U; Intel Mac OS X 10_6_3; en-us) AppleWebKit/531.22.7 (KHTML, like Gecko) Version/4.0.5 Safari/531.22.7"
72.229.242.233 - - [24/May/2010:22:07:48 -0500] "GET /tattoo/tatb2.JPG HTTP/1.1" 200 16592 "http://tomdolan.pconline.com/tattoo/set2.htm""Mozilla/5.0 (Macintosh; U; Intel Mac OS X 10_6_3; en-us) AppleWebKit/531.22.7 (KHTML, like Gecko) Version/4.0.5 Safari/531.22.7"
72.229.242.233 - - [24/May/2010:22:07:49 -0500] "GET /tattoo/tatb6.JPG HTTP/1.1" 200 21190 "http://tomdolan.pconline.com/tattoo/set2.htm""Mozilla/5.0 (Macintosh; U; Intel Mac OS X 10_6_3; en-us) AppleWebKit/531.22.7 (KHTML, like Gecko) Version/4.0.5 Safari/531.22.7"
72.229.242.233 - - [24/May/2010:22:07:49 -0500] "GET /tattoo/tatb7.JPG HTTP/1.1" 200 16193 "http://tomdolan.pconline.com/tattoo/set2.htm""Mozilla/5.0 (Macintosh; U; Intel Mac OS X 10_6_3; en-us) AppleWebKit/531.22.7 (KHTML, like Gecko) Version/4.0.5 Safari/531.22.7"
72.229.242.233 - - [24/May/2010:22:07:49 -0500] "GET /tattoo/tatb8.JPG HTTP/1.1" 200 18467 "http://tomdolan.pconline.com/tattoo/set2.htm""Mozilla/5.0 (Macintosh; U; Intel Mac OS X 10_6_3; en-us) AppleWebKit/531.22.7 (KHTML, like Gecko) Version/4.0.5 Safari/531.22.7"
72.229.242.233 - - [24/May/2010:22:07:49 -0500] "GET /tattoo/tatb9.JPG HTTP/1.1" 200 21598 "http://tomdolan.pconline.com/tattoo/set2.htm""Mozilla/5.0 (Macintosh; U; Intel Mac OS X 10_6_3; en-us) AppleWebKit/531.22.7 (KHTML, like Gecko) Version/4.0.5 Safari/531.22.7"
72.229.242.233 - - [24/May/2010:22:08:23 -0500] "GET /tattoo/set3.htm HTTP/1.1" 200 1778 "http://tomdolan.pconline.com/tattoo/set2.htm""Mozilla/5.0 (Macintosh; U; Intel Mac OS X 10_6_3; en-us) AppleWebKit/531.22.7 (KHTML, like Gecko) Version/4.0.5 Safari/531.22.7"
72.229.242.233 - - [24/May/2010:22:08:23 -0500] "GET /tattoo/tatc3.JPG HTTP/1.1" 200 16313 "http://tomdolan.pconline.com/tattoo/set3.htm""Mozilla/5.0 (Macintosh; U; Intel Mac OS X 10_6_3; en-us) AppleWebKit/531.22.7 (KHTML, like Gecko) Version/4.0.5 Safari/531.22.7"
72.229.242.233 - - [24/May/2010:22:08:23 -0500] "GET /tattoo/tatc10.JPG HTTP/1.1" 200 14157 "http://tomdolan.pconline.com/tattoo/set3.htm""Mozilla/5.0 (Macintosh; U; Intel Mac OS X 10_6_3; en-us) AppleWebKit/531.22.7 (KHTML, like Gecko) Version/4.0.5 Safari/531.22.7"
72.229.242.233 - - [24/May/2010:22:08:23 -0500] "GET /tattoo/tatc4.JPG HTTP/1.1" 200 12619 "http://tomdolan.pconline.com/tattoo/set3.htm""Mozilla/5.0 (Macintosh; U; Intel Mac OS X 10_6_3; en-us) AppleWebKit/531.22.7 (KHTML, like Gecko) Version/4.0.5 Safari/531.22.7"
72.229.242.233 - - [24/May/2010:22:08:23 -0500] "GET /tattoo/tatc8.JPG HTTP/1.1" 200 17057 "http://tomdolan.pconline.com/tattoo/set3.htm""Mozilla/5.0 (Macintosh; U; Intel Mac OS X 10_6_3; en-us) AppleWebKit/531.22.7 (KHTML, like Gecko) Version/4.0.5 Safari/531.22.7"
72.229.242.233 - - [24/May/2010:22:08:23 -0500] "GET /tattoo/tatc2.JPG HTTP/1.1" 200 17893 "http://tomdolan.pconline.com/tattoo/set3.htm""Mozilla/5.0 (Macintosh; U; Intel Mac OS X 10_6_3; en-us) AppleWebKit/531.22.7 (KHTML, like Gecko) Version/4.0.5 Safari/531.22.7"
72.229.242.233 - - [24/May/2010:22:08:23 -0500] "GET /tattoo/tatc1.JPG HTTP/1.1" 200 21412 "http://tomdolan.pconline.com/tattoo/set3.htm""Mozilla/5.0 (Macintosh; U; Intel Mac OS X 10_6_3; en-us) AppleWebKit/531.22.7 (KHTML, like Gecko) Version/4.0.5 Safari/531.22.7"
72.229.242.233 - - [24/May/2010:22:08:23 -0500] "GET /tattoo/tatc6.JPG HTTP/1.1" 200 14549 "http://tomdolan.pconline.com/tattoo/set3.htm""Mozilla/5.0 (Macintosh; U; Intel Mac OS X 10_6_3; en-us) AppleWebKit/531.22.7 (KHTML, like Gecko) Version/4.0.5 Safari/531.22.7"
72.229.242.233 - - [24/May/2010:22:08:24 -0500] "GET /tattoo/tatc9.JPG HTTP/1.1" 200 18139 "http://tomdolan.pconline.com/tattoo/set3.htm""Mozilla/5.0 (Macintosh; U; Intel Mac OS X 10_6_3; en-us) AppleWebKit/531.22.7 (KHTML, like Gecko) Version/4.0.5 Safari/531.22.7"
72.229.242.233 - - [24/May/2010:22:08:24 -0500] "GET /tattoo/tatc7.JPG HTTP/1.1" 200 12347 "http://tomdolan.pconline.com/tattoo/set3.htm""Mozilla/5.0 (Macintosh; U; Intel Mac OS X 10_6_3; en-us) AppleWebKit/531.22.7 (KHTML, like Gecko) Version/4.0.5 Safari/531.22.7"
72.229.242.233 - - [24/May/2010:22:08:24 -0500] "GET /tattoo/tatc5.JPG HTTP/1.1" 200 19436 "http://tomdolan.pconline.com/tattoo/set3.htm""Mozilla/5.0 (Macintosh; U; Intel Mac OS X 10_6_3; en-us) AppleWebKit/531.22.7 (KHTML, like Gecko) Version/4.0.5 Safari/531.22.7"
72.229.242.233 - - [24/May/2010:22:09:01 -0500] "GET /tattoo/set4.htm HTTP/1.1" 200 1600 "http://tomdolan.pconline.com/tattoo/set3.htm""Mozilla/5.0 (Macintosh; U; Intel Mac OS X 10_6_3; en-us) AppleWebKit/531.22.7 (KHTML, like Gecko) Version/4.0.5 Safari/531.22.7"
72.229.242.233 - - [24/May/2010:22:09:01 -0500] "GET /tattoo/tatd4.JPG HTTP/1.1" 200 12068 "http://tomdolan.pconline.com/tattoo/set4.htm""Mozilla/5.0 (Macintosh; U; Intel Mac OS X 10_6_3; en-us) AppleWebKit/531.22.7 (KHTML, like Gecko) Version/4.0.5 Safari/531.22.7"
72.229.242.233 - - [24/May/2010:22:09:01 -0500] "GET /tattoo/tatd6.JPG HTTP/1.1" 200 12059 "http://tomdolan.pconline.com/tattoo/set4.htm""Mozilla/5.0 (Macintosh; U; Intel Mac OS X 10_6_3; en-us) AppleWebKit/531.22.7 (KHTML, like Gecko) Version/4.0.5 Safari/531.22.7"
72.229.242.233 - - [24/May/2010:22:09:01 -0500] "GET /tattoo/tatd2.JPG HTTP/1.1" 200 14891 "http://tomdolan.pconline.com/tattoo/set4.htm""Mozilla/5.0 (Macintosh; U; Intel Mac OS X 10_6_3; en-us) AppleWebKit/531.22.7 (KHTML, like Gecko) Version/4.0.5 Safari/531.22.7"
72.229.242.233 - - [24/May/2010:22:09:01 -0500] "GET /tattoo/tatd3.JPG HTTP/1.1" 200 12386 "http://tomdolan.pconline.com/tattoo/set4.htm""Mozilla/5.0 (Macintosh; U; Intel Mac OS X 10_6_3; en-us) AppleWebKit/531.22.7 (KHTML, like Gecko) Version/4.0.5 Safari/531.22.7"
72.229.242.233 - - [24/May/2010:22:09:01 -0500] "GET /tattoo/tatd1.JPG HTTP/1.1" 200 14507 "http://tomdolan.pconline.com/tattoo/set4.htm""Mozilla/5.0 (Macintosh; U; Intel Mac OS X 10_6_3; en-us) AppleWebKit/531.22.7 (KHTML, like Gecko) Version/4.0.5 Safari/531.22.7"
72.229.242.233 - - [24/May/2010:22:09:01 -0500] "GET /tattoo/tatd7.JPG HTTP/1.1" 200 20479 "http://tomdolan.pconline.com/tattoo/set4.htm""Mozilla/5.0 (Macintosh; U; Intel Mac OS X 10_6_3; en-us) AppleWebKit/531.22.7 (KHTML, like Gecko) Version/4.0.5 Safari/531.22.7"
72.229.242.233 - - [24/May/2010:22:09:01 -0500] "GET /tattoo/tatd10.JPG HTTP/1.1" 200 19089 "http://tomdolan.pconline.com/tattoo/set4.htm""Mozilla/5.0 (Macintosh; U; Intel Mac OS X 10_6_3; en-us) AppleWebKit/531.22.7 (KHTML, like Gecko) Version/4.0.5 Safari/531.22.7"
72.229.242.233 - - [24/May/2010:22:09:01 -0500] "GET /tattoo/msameric.JPG HTTP/1.1" 200 14283 "http://tomdolan.pconline.com/tattoo/set4.htm""Mozilla/5.0 (Macintosh; U; Intel Mac OS X 10_6_3; en-us) AppleWebKit/531.22.7 (KHTML, like Gecko) Version/4.0.5 Safari/531.22.7"
72.229.242.233 - - [24/May/2010:22:09:02 -0500] "GET /tattoo/tatd9.JPG HTTP/1.1" 200 17368 "http://tomdolan.pconline.com/tattoo/set4.htm""Mozilla/5.0 (Macintosh; U; Intel Mac OS X 10_6_3; en-us) AppleWebKit/531.22.7 (KHTML, like Gecko) Version/4.0.5 Safari/531.22.7"
72.229.242.233 - - [24/May/2010:22:09:02 -0500] "GET /tattoo/tatd8.JPG HTTP/1.1" 200 13038 "http://tomdolan.pconline.com/tattoo/set4.htm""Mozilla/5.0 (Macintosh; U; Intel Mac OS X 10_6_3; en-us) AppleWebKit/531.22.7 (KHTML, like Gecko) Version/4.0.5 Safari/531.22.7"
87.250.255.243 - - [24/May/2010:22:09:05 -0500] "GET /tattoo/set3.htm HTTP/1.1" 304 - "-""Yandex/1.01.001 (compatible; Win16; I)"
72.229.242.233 - - [24/May/2010:22:09:44 -0500] "GET /tattoo/bonus.htm HTTP/1.1" 200 808 "http://tomdolan.pconline.com/tattoo/set4.htm""Mozilla/5.0 (Macintosh; U; Intel Mac OS X 10_6_3; en-us) AppleWebKit/531.22.7 (KHTML, like Gecko) Version/4.0.5 Safari/531.22.7"
72.229.242.233 - - [24/May/2010:22:09:44 -0500] "GET /tattoo/tate4.JPG HTTP/1.1" 200 18555 "http://tomdolan.pconline.com/tattoo/bonus.htm""Mozilla/5.0 (Macintosh; U; Intel Mac OS X 10_6_3; en-us) AppleWebKit/531.22.7 (KHTML, like Gecko) Version/4.0.5 Safari/531.22.7"
72.229.242.233 - - [24/May/2010:22:09:45 -0500] "GET /tattoo/tate2.JPG HTTP/1.1" 200 13891 "http://tomdolan.pconline.com/tattoo/bonus.htm""Mozilla/5.0 (Macintosh; U; Intel Mac OS X 10_6_3; en-us) AppleWebKit/531.22.7 (KHTML, like Gecko) Version/4.0.5 Safari/531.22.7"
72.229.242.233 - - [24/May/2010:22:09:45 -0500] "GET /tattoo/tate3.JPG HTTP/1.1" 200 16409 "http://tomdolan.pconline.com/tattoo/bonus.htm""Mozilla/5.0 (Macintosh; U; Intel Mac OS X 10_6_3; en-us) AppleWebKit/531.22.7 (KHTML, like Gecko) Version/4.0.5 Safari/531.22.7"
58.230.162.220 - - [24/May/2010:22:09:57 -0500] "GET //ppa/inc/functions.inc.php?config[ppa_root_path]=http://howtolisten.kr//sarangbi_bgm/id1.txt?? HTTP/1.1" 404 310 "-""Mozilla/5.0"
112.216.153.186 - - [24/May/2010:22:10:14 -0500] "GET //ppa/inc/functions.inc.php?config[ppa_root_path]=http://phamsight.com/docs/images/head??? HTTP/1.1" 404 310 "-""Mozilla/5.0"
112.216.153.186 - - [24/May/2010:22:10:14 -0500] "GET /logs/access_log.1264118400//ppa/inc/functions.inc.php?config[ppa_root_path]=http://phamsight.com/docs/images/head??? HTTP/1.1" 404 337 "-""Mozilla/5.0"
112.216.153.186 - - [24/May/2010:22:10:14 -0500] "GET /logs//ppa/inc/functions.inc.php?config[ppa_root_path]=http://phamsight.com/docs/images/head??? HTTP/1.1" 404 315 "-""Mozilla/5.0"
58.230.162.220 - - [24/May/2010:22:10:34 -0500] "GET /logs//ppa/inc/functions.inc.php?config[ppa_root_path]=http://howtolisten.kr//sarangbi_bgm/id1.txt?? HTTP/1.1" 404 315 "-""Mozilla/5.0"
58.230.162.220 - - [24/May/2010:22:10:34 -0500] "GET /logs/access_log.1266537600//ppa/inc/functions.inc.php?config[ppa_root_path]=http://howtolisten.kr//sarangbi_bgm/id1.txt?? HTTP/1.1" 404 337 "-""Mozilla/5.0"
58.230.162.220 - - [24/May/2010:22:10:44 -0500] "GET /logs/access_log.1264118400//ppa/inc/functions.inc.php?config[ppa_root_path]=http://howtolisten.kr//sarangbi_bgm/id1.txt?? HTTP/1.1" 404 337 "-""Mozilla/5.0"
89.146.194.66 - - [24/May/2010:22:11:26 -0500] "GET /logs/index.php?option=com_rd_download&view=download&cid=../../../../../../../../../../../../../../../proc/self/environ%00 HTTP/1.1" 404 298 "-""libwww-perl/5.805"
89.146.194.66 - - [24/May/2010:22:11:27 -0500] "GET /index.php?option=com_rd_download&view=download&cid=../../../../../../../../../../../../../../../proc/self/environ%00 HTTP/1.1" 404 293 "-""libwww-perl/5.805"
87.250.255.243 - - [24/May/2010:22:13:08 -0500] "GET /costume/links.htm HTTP/1.1" 304 - "-""Yandex/1.01.001 (compatible; Win16; I)"
87.250.255.243 - - [24/May/2010:22:17:15 -0500] "GET /logs/access_log.1274486400 HTTP/1.1" 200 938847 "-""Yandex/1.01.001 (compatible; Win16; I)"
193.239.4.92 - - [24/May/2010:22:19:09 -0500] "GET /logs/access_log.1273622400//?_SERVER[DOCUMENT_ROOT]=http://www.elracodelangela.com//templates/beez/upload/id1.txt? HTTP/1.1" 404 312 "-""Mozilla/5.0"
193.239.4.92 - - [24/May/2010:22:19:09 -0500] "GET //?_SERVER[DOCUMENT_ROOT]=http://www.elracodelangela.com//templates/beez/upload/id1.txt? HTTP/1.1" 200 1003 "-""Mozilla/5.0"
193.239.4.92 - - [24/May/2010:22:19:09 -0500] "GET /logs//?_SERVER[DOCUMENT_ROOT]=http://www.elracodelangela.com//templates/beez/upload/id1.txt? HTTP/1.1" 200 6913 "-""Mozilla/5.0"
74.222.3.90 - - [24/May/2010:22:21:13 -0500] "GET /robots.txt HTTP/1.0" 404 282 "-""url_test (larbin2.6.3@unspecified.mail)"
74.222.3.90 - - [24/May/2010:22:21:13 -0500] "GET / HTTP/1.0" 200 991 "-""url_test larbin2.6.3@unspecified.mail"
82.103.136.15 - - [24/May/2010:22:21:22 -0500] "GET /logs/index.php?option=com_rd_download&view=download&cid=../../../../../../../../../../../../../../../proc/self/environ%00 HTTP/1.1" 404 298 "-""libwww-perl/5.831"
82.103.136.15 - - [24/May/2010:22:21:22 -0500] "GET /index.php?option=com_rd_download&view=download&cid=../../../../../../../../../../../../../../../proc/self/environ%00 HTTP/1.1" 404 293 "-""libwww-perl/5.831"
87.250.255.243 - - [24/May/2010:22:23:32 -0500] "GET /tattoo/bonus.htm HTTP/1.1" 304 - "-""Yandex/1.01.001 (compatible; Win16; I)"
87.250.255.243 - - [24/May/2010:22:31:12 -0500] "GET /logs/access_log.1244505600 HTTP/1.1" 404 310 "-""Yandex/1.01.001 (compatible; Win16; I)"
193.239.4.92 - - [24/May/2010:22:36:01 -0500] "GET /logs/access_log.1271894400//?_SERVER[DOCUMENT_ROOT]=http://www.elracodelangela.com//templates/beez/upload/id1.txt? HTTP/1.1" 404 312 "-""Mozilla/5.0"
193.239.4.92 - - [24/May/2010:22:36:01 -0500] "GET /logs/access_log.1271721600//?_SERVER[DOCUMENT_ROOT]=http://www.elracodelangela.com//templates/beez/upload/id1.txt? HTTP/1.1" 404 312 "-""Mozilla/5.0"
87.250.255.243 - - [24/May/2010:22:38:34 -0500] "GET /logs/access_log.1206144000 HTTP/1.1" 404 310 "-""Yandex/1.01.001 (compatible; Win16; I)"
207.46.199.54 - - [24/May/2010:22:39:01 -0500] "GET /costume/thmb9.htm HTTP/1.1" 304 - "-""msnbot/2.0b (+http://search.msn.com/msnbot.htm)"
198.161.91.4 - - [24/May/2010:22:46:37 -0500] "GET ////////////administrator/components/com_virtuemart/export.php?mosConfig.absolute.path=http://moveonfoundation.com/cache/mod_fpss/zfxid1.txt? HTTP/1.1" 404 345 "-""Mozilla/5.0"
198.161.91.4 - - [24/May/2010:22:46:37 -0500] "GET /logs/access_log.1271548800////////////administrator/components/com_virtuemart/export.php?mosConfig.absolute.path=http://moveonfoundation.com/cache/mod_fpss/zfxid1.txt? HTTP/1.1" 404 372 "-""Mozilla/5.0"
198.161.91.4 - - [24/May/2010:22:46:37 -0500] "GET /logs////////////administrator/components/com_virtuemart/export.php?mosConfig.absolute.path=http://moveonfoundation.com/cache/mod_fpss/zfxid1.txt? HTTP/1.1" 404 350 "-""Mozilla/5.0"
87.250.255.243 - - [24/May/2010:22:47:09 -0500] "GET /logs/access_log.1199491200 HTTP/1.1" 404 310 "-""Yandex/1.01.001 (compatible; Win16; I)"
82.103.136.15 - - [24/May/2010:22:57:07 -0500] "GET /logs/index.php?option=com_rd_download&view=download&cid=../../../../../../../../../../../../../../../proc/self/environ%00 HTTP/1.1" 404 298 "-""libwww-perl/5.831"
82.103.136.15 - - [24/May/2010:22:57:07 -0500] "GET /index.php?option=com_rd_download&view=download&cid=../../../../../../../../../../../../../../../proc/self/environ%00 HTTP/1.1" 404 293 "-""libwww-perl/5.831"
87.250.255.243 - - [24/May/2010:22:57:34 -0500] "GET /tattoo/links.htm HTTP/1.1" 304 - "-""Yandex/1.01.001 (compatible; Win16; I)"
94.136.60.168 - - [24/May/2010:22:57:58 -0500] "GET /logs///mambots/content/multithumb/multithumb.php?mosConfig.absolute.path=http://nic.bupt.edu.cn/media/id1.txt??? HTTP/1.1" 404 332 "-""Mozilla/5.0"
94.136.60.168 - - [24/May/2010:22:57:58 -0500] "GET /logs/access_log.1271548800///mambots/content/multithumb/multithumb.php?mosConfig.absolute.path=http://nic.bupt.edu.cn/media/id1.txt??? HTTP/1.1" 404 354 "-""Mozilla/5.0"
94.136.60.168 - - [24/May/2010:22:57:58 -0500] "GET ///mambots/content/multithumb/multithumb.php?mosConfig.absolute.path=http://nic.bupt.edu.cn/media/id1.txt??? HTTP/1.1" 404 327 "-""Mozilla/5.0"
195.159.29.178 - - [24/May/2010:22:58:10 -0500] "GET /logs///mambots/content/multithumb/multithumb.php?mosConfig.absolute.path=http://nic.bupt.edu.cn/media/id1.txt??? HTTP/1.1" 404 332 "-""Mozilla/5.0"
195.159.29.178 - - [24/May/2010:22:58:10 -0500] "GET /logs/access_log.1271548800///mambots/content/multithumb/multithumb.php?mosConfig.absolute.path=http://nic.bupt.edu.cn/media/id1.txt??? HTTP/1.1" 404 354 "-""Mozilla/5.0"
195.159.29.178 - - [24/May/2010:22:58:10 -0500] "GET ///mambots/content/multithumb/multithumb.php?mosConfig.absolute.path=http://nic.bupt.edu.cn/media/id1.txt??? HTTP/1.1" 404 327 "-""Mozilla/5.0"
76.180.26.222 - - [24/May/2010:23:06:19 -0500] "GET /tattoo/tattoo1.htm HTTP/1.1" 200 4192 "http://www.google.com/search?hl=en&source=hp&q=vintage+tattoo+flash&aq=5&aqi=g10&aql=&oq=vintage+ta&gs_rfai=CQH6V8En7S_O8Fp7-zQSarrWFDwAAAKoEBU_Qz3RD""Mozilla/4.0 (compatible; MSIE 7.0; Windows NT 6.0; SLCC1; .NET CLR 2.0.50727; Media Center PC 5.0; .NET CLR 3.5.30729; .NET CLR 3.0.30618)"
76.180.26.222 - - [24/May/2010:23:06:20 -0500] "GET /tattoo/tat_1st.JPG HTTP/1.1" 200 16480 "http://tomdolan.pconline.com/tattoo/tattoo1.htm""Mozilla/4.0 (compatible; MSIE 7.0; Windows NT 6.0; SLCC1; .NET CLR 2.0.50727; Media Center PC 5.0; .NET CLR 3.5.30729; .NET CLR 3.0.30618)"
76.180.26.222 - - [24/May/2010:23:06:23 -0500] "GET /favicon.ico HTTP/1.1" 404 295 "-""Mozilla/4.0 (compatible; MSIE 7.0; Windows NT 6.0; SLCC1; .NET CLR 2.0.50727; Media Center PC 5.0; .NET CLR 3.5.30729; .NET CLR 3.0.30618)"
76.180.26.222 - - [24/May/2010:23:06:29 -0500] "GET /tattoo/set1.htm HTTP/1.1" 200 2362 "http://tomdolan.pconline.com/tattoo/tattoo1.htm""Mozilla/4.0 (compatible; MSIE 7.0; Windows NT 6.0; SLCC1; .NET CLR 2.0.50727; Media Center PC 5.0; .NET CLR 3.5.30729; .NET CLR 3.0.30618)"
76.180.26.222 - - [24/May/2010:23:06:29 -0500] "GET /tattoo/tat1.JPG HTTP/1.1" 200 16158 "http://tomdolan.pconline.com/tattoo/set1.htm""Mozilla/4.0 (compatible; MSIE 7.0; Windows NT 6.0; SLCC1; .NET CLR 2.0.50727; Media Center PC 5.0; .NET CLR 3.5.30729; .NET CLR 3.0.30618)"
76.180.26.222 - - [24/May/2010:23:06:29 -0500] "GET /tattoo/tat2.JPG HTTP/1.1" 200 18943 "http://tomdolan.pconline.com/tattoo/set1.htm""Mozilla/4.0 (compatible; MSIE 7.0; Windows NT 6.0; SLCC1; .NET CLR 2.0.50727; Media Center PC 5.0; .NET CLR 3.5.30729; .NET CLR 3.0.30618)"
76.180.26.222 - - [24/May/2010:23:06:29 -0500] "GET /tattoo/tat10.JPG HTTP/1.1" 200 22746 "http://tomdolan.pconline.com/tattoo/set1.htm""Mozilla/4.0 (compatible; MSIE 7.0; Windows NT 6.0; SLCC1; .NET CLR 2.0.50727; Media Center PC 5.0; .NET CLR 3.5.30729; .NET CLR 3.0.30618)"
76.180.26.222 - - [24/May/2010:23:06:30 -0500] "GET /tattoo/tat3.jpg HTTP/1.1" 200 11901 "http://tomdolan.pconline.com/tattoo/set1.htm""Mozilla/4.0 (compatible; MSIE 7.0; Windows NT 6.0; SLCC1; .NET CLR 2.0.50727; Media Center PC 5.0; .NET CLR 3.5.30729; .NET CLR 3.0.30618)"
76.180.26.222 - - [24/May/2010:23:06:30 -0500] "GET /tattoo/tat4.JPG HTTP/1.1" 200 18080 "http://tomdolan.pconline.com/tattoo/set1.htm""Mozilla/4.0 (compatible; MSIE 7.0; Windows NT 6.0; SLCC1; .NET CLR 2.0.50727; Media Center PC 5.0; .NET CLR 3.5.30729; .NET CLR 3.0.30618)"
76.180.26.222 - - [24/May/2010:23:06:30 -0500] "GET /tattoo/tat5.JPG HTTP/1.1" 200 13769 "http://tomdolan.pconline.com/tattoo/set1.htm""Mozilla/4.0 (compatible; MSIE 7.0; Windows NT 6.0; SLCC1; .NET CLR 2.0.50727; Media Center PC 5.0; .NET CLR 3.5.30729; .NET CLR 3.0.30618)"
76.180.26.222 - - [24/May/2010:23:06:30 -0500] "GET /tattoo/tat6.JPG HTTP/1.1" 200 18543 "http://tomdolan.pconline.com/tattoo/set1.htm""Mozilla/4.0 (compatible; MSIE 7.0; Windows NT 6.0; SLCC1; .NET CLR 2.0.50727; Media Center PC 5.0; .NET CLR 3.5.30729; .NET CLR 3.0.30618)"
76.180.26.222 - - [24/May/2010:23:06:30 -0500] "GET /tattoo/tat7.JPG HTTP/1.1" 200 17358 "http://tomdolan.pconline.com/tattoo/set1.htm""Mozilla/4.0 (compatible; MSIE 7.0; Windows NT 6.0; SLCC1; .NET CLR 2.0.50727; Media Center PC 5.0; .NET CLR 3.5.30729; .NET CLR 3.0.30618)"
76.180.26.222 - - [24/May/2010:23:06:31 -0500] "GET /tattoo/tat8.jpg HTTP/1.1" 200 13191 "http://tomdolan.pconline.com/tattoo/set1.htm""Mozilla/4.0 (compatible; MSIE 7.0; Windows NT 6.0; SLCC1; .NET CLR 2.0.50727; Media Center PC 5.0; .NET CLR 3.5.30729; .NET CLR 3.0.30618)"
76.180.26.222 - - [24/May/2010:23:06:31 -0500] "GET /tattoo/tat9.JPG HTTP/1.1" 200 16749 "http://tomdolan.pconline.com/tattoo/set1.htm""Mozilla/4.0 (compatible; MSIE 7.0; Windows NT 6.0; SLCC1; .NET CLR 2.0.50727; Media Center PC 5.0; .NET CLR 3.5.30729; .NET CLR 3.0.30618)"
76.180.26.222 - - [24/May/2010:23:06:51 -0500] "GET /tattoo/set2.htm HTTP/1.1" 200 1953 "http://tomdolan.pconline.com/tattoo/set1.htm""Mozilla/4.0 (compatible; MSIE 7.0; Windows NT 6.0; SLCC1; .NET CLR 2.0.50727; Media Center PC 5.0; .NET CLR 3.5.30729; .NET CLR 3.0.30618)"
76.180.26.222 - - [24/May/2010:23:06:51 -0500] "GET /tattoo/tatb1.JPG HTTP/1.1" 200 14848 "http://tomdolan.pconline.com/tattoo/set2.htm""Mozilla/4.0 (compatible; MSIE 7.0; Windows NT 6.0; SLCC1; .NET CLR 2.0.50727; Media Center PC 5.0; .NET CLR 3.5.30729; .NET CLR 3.0.30618)"
76.180.26.222 - - [24/May/2010:23:06:51 -0500] "GET /tattoo/tatb10.JPG HTTP/1.1" 200 17887 "http://tomdolan.pconline.com/tattoo/set2.htm""Mozilla/4.0 (compatible; MSIE 7.0; Windows NT 6.0; SLCC1; .NET CLR 2.0.50727; Media Center PC 5.0; .NET CLR 3.5.30729; .NET CLR 3.0.30618)"
76.180.26.222 - - [24/May/2010:23:06:51 -0500] "GET /tattoo/tatb2.JPG HTTP/1.1" 200 16592 "http://tomdolan.pconline.com/tattoo/set2.htm""Mozilla/4.0 (compatible; MSIE 7.0; Windows NT 6.0; SLCC1; .NET CLR 2.0.50727; Media Center PC 5.0; .NET CLR 3.5.30729; .NET CLR 3.0.30618)"
76.180.26.222 - - [24/May/2010:23:06:52 -0500] "GET /tattoo/tatb3.JPG HTTP/1.1" 200 16163 "http://tomdolan.pconline.com/tattoo/set2.htm""Mozilla/4.0 (compatible; MSIE 7.0; Windows NT 6.0; SLCC1; .NET CLR 2.0.50727; Media Center PC 5.0; .NET CLR 3.5.30729; .NET CLR 3.0.30618)"
76.180.26.222 - - [24/May/2010:23:06:52 -0500] "GET /tattoo/tatb4.JPG HTTP/1.1" 200 15705 "http://tomdolan.pconline.com/tattoo/set2.htm""Mozilla/4.0 (compatible; MSIE 7.0; Windows NT 6.0; SLCC1; .NET CLR 2.0.50727; Media Center PC 5.0; .NET CLR 3.5.30729; .NET CLR 3.0.30618)"
76.180.26.222 - - [24/May/2010:23:06:52 -0500] "GET /tattoo/tatb5.JPG HTTP/1.1" 200 20135 "http://tomdolan.pconline.com/tattoo/set2.htm""Mozilla/4.0 (compatible; MSIE 7.0; Windows NT 6.0; SLCC1; .NET CLR 2.0.50727; Media Center PC 5.0; .NET CLR 3.5.30729; .NET CLR 3.0.30618)"
76.180.26.222 - - [24/May/2010:23:06:52 -0500] "GET /tattoo/tatb6.JPG HTTP/1.1" 200 21190 "http://tomdolan.pconline.com/tattoo/set2.htm""Mozilla/4.0 (compatible; MSIE 7.0; Windows NT 6.0; SLCC1; .NET CLR 2.0.50727; Media Center PC 5.0; .NET CLR 3.5.30729; .NET CLR 3.0.30618)"
76.180.26.222 - - [24/May/2010:23:06:52 -0500] "GET /tattoo/tatb7.JPG HTTP/1.1" 200 16193 "http://tomdolan.pconline.com/tattoo/set2.htm""Mozilla/4.0 (compatible; MSIE 7.0; Windows NT 6.0; SLCC1; .NET CLR 2.0.50727; Media Center PC 5.0; .NET CLR 3.5.30729; .NET CLR 3.0.30618)"
76.180.26.222 - - [24/May/2010:23:06:53 -0500] "GET /tattoo/tatb8.JPG HTTP/1.1" 200 18467 "http://tomdolan.pconline.com/tattoo/set2.htm""Mozilla/4.0 (compatible; MSIE 7.0; Windows NT 6.0; SLCC1; .NET CLR 2.0.50727; Media Center PC 5.0; .NET CLR 3.5.30729; .NET CLR 3.0.30618)"
76.180.26.222 - - [24/May/2010:23:06:53 -0500] "GET /tattoo/tatb9.JPG HTTP/1.1" 200 21598 "http://tomdolan.pconline.com/tattoo/set2.htm""Mozilla/4.0 (compatible; MSIE 7.0; Windows NT 6.0; SLCC1; .NET CLR 2.0.50727; Media Center PC 5.0; .NET CLR 3.5.30729; .NET CLR 3.0.30618)"
118.129.167.63 - - [24/May/2010:23:06:55 -0500] "GET //components/com_sitemap/sitemap.php?mosConfig_admin_path=http://www.to-love.fr/cache/page/fx29id1.txt??? HTTP/1.1" 404 319 "-""Mozilla/5.0"
118.129.167.63 - - [24/May/2010:23:06:55 -0500] "GET /logs/access_log.1273363200%20%20//components/com_sitemap/sitemap.php?mosConfig_admin_path=http://www.to-love.fr/cache/page/fx29id1.txt??? HTTP/1.1" 404 348 "-""Mozilla/5.0"
118.129.167.63 - - [24/May/2010:23:07:00 -0500] "GET /logs//components/com_sitemap/sitemap.php?mosConfig_admin_path=http://www.to-love.fr/cache/page/fx29id1.txt??? HTTP/1.1" 404 324 "-""Mozilla/5.0"
76.180.26.222 - - [24/May/2010:23:07:14 -0500] "GET /tattoo/set3.htm HTTP/1.1" 200 1778 "http://tomdolan.pconline.com/tattoo/set2.htm""Mozilla/4.0 (compatible; MSIE 7.0; Windows NT 6.0; SLCC1; .NET CLR 2.0.50727; Media Center PC 5.0; .NET CLR 3.5.30729; .NET CLR 3.0.30618)"
76.180.26.222 - - [24/May/2010:23:07:14 -0500] "GET /tattoo/tatc1.JPG HTTP/1.1" 200 21412 "http://tomdolan.pconline.com/tattoo/set3.htm""Mozilla/4.0 (compatible; MSIE 7.0; Windows NT 6.0; SLCC1; .NET CLR 2.0.50727; Media Center PC 5.0; .NET CLR 3.5.30729; .NET CLR 3.0.30618)"
76.180.26.222 - - [24/May/2010:23:07:14 -0500] "GET /tattoo/tatc10.JPG HTTP/1.1" 200 14157 "http://tomdolan.pconline.com/tattoo/set3.htm""Mozilla/4.0 (compatible; MSIE 7.0; Windows NT 6.0; SLCC1; .NET CLR 2.0.50727; Media Center PC 5.0; .NET CLR 3.5.30729; .NET CLR 3.0.30618)"
76.180.26.222 - - [24/May/2010:23:07:15 -0500] "GET /tattoo/tatc2.JPG HTTP/1.1" 200 17893 "http://tomdolan.pconline.com/tattoo/set3.htm""Mozilla/4.0 (compatible; MSIE 7.0; Windows NT 6.0; SLCC1; .NET CLR 2.0.50727; Media Center PC 5.0; .NET CLR 3.5.30729; .NET CLR 3.0.30618)"
76.180.26.222 - - [24/May/2010:23:07:15 -0500] "GET /tattoo/tatc3.JPG HTTP/1.1" 200 16313 "http://tomdolan.pconline.com/tattoo/set3.htm""Mozilla/4.0 (compatible; MSIE 7.0; Windows NT 6.0; SLCC1; .NET CLR 2.0.50727; Media Center PC 5.0; .NET CLR 3.5.30729; .NET CLR 3.0.30618)"
76.180.26.222 - - [24/May/2010:23:07:15 -0500] "GET /tattoo/tatc4.JPG HTTP/1.1" 200 12619 "http://tomdolan.pconline.com/tattoo/set3.htm""Mozilla/4.0 (compatible; MSIE 7.0; Windows NT 6.0; SLCC1; .NET CLR 2.0.50727; Media Center PC 5.0; .NET CLR 3.5.30729; .NET CLR 3.0.30618)"
76.180.26.222 - - [24/May/2010:23:07:15 -0500] "GET /tattoo/tatc8.JPG HTTP/1.1" 200 17057 "http://tomdolan.pconline.com/tattoo/set3.htm""Mozilla/4.0 (compatible; MSIE 7.0; Windows NT 6.0; SLCC1; .NET CLR 2.0.50727; Media Center PC 5.0; .NET CLR 3.5.30729; .NET CLR 3.0.30618)"
76.180.26.222 - - [24/May/2010:23:07:15 -0500] "GET /tattoo/tatc6.JPG HTTP/1.1" 200 14549 "http://tomdolan.pconline.com/tattoo/set3.htm""Mozilla/4.0 (compatible; MSIE 7.0; Windows NT 6.0; SLCC1; .NET CLR 2.0.50727; Media Center PC 5.0; .NET CLR 3.5.30729; .NET CLR 3.0.30618)"
76.180.26.222 - - [24/May/2010:23:07:16 -0500] "GET /tattoo/tatc7.JPG HTTP/1.1" 200 12347 "http://tomdolan.pconline.com/tattoo/set3.htm""Mozilla/4.0 (compatible; MSIE 7.0; Windows NT 6.0; SLCC1; .NET CLR 2.0.50727; Media Center PC 5.0; .NET CLR 3.5.30729; .NET CLR 3.0.30618)"
76.180.26.222 - - [24/May/2010:23:07:16 -0500] "GET /tattoo/tatc9.JPG HTTP/1.1" 200 18139 "http://tomdolan.pconline.com/tattoo/set3.htm""Mozilla/4.0 (compatible; MSIE 7.0; Windows NT 6.0; SLCC1; .NET CLR 2.0.50727; Media Center PC 5.0; .NET CLR 3.5.30729; .NET CLR 3.0.30618)"
76.180.26.222 - - [24/May/2010:23:07:16 -0500] "GET /tattoo/tatc5.JPG HTTP/1.1" 200 19436 "http://tomdolan.pconline.com/tattoo/set3.htm""Mozilla/4.0 (compatible; MSIE 7.0; Windows NT 6.0; SLCC1; .NET CLR 2.0.50727; Media Center PC 5.0; .NET CLR 3.5.30729; .NET CLR 3.0.30618)"
76.180.26.222 - - [24/May/2010:23:07:28 -0500] "GET /tattoo/set4.htm HTTP/1.1" 200 1600 "http://tomdolan.pconline.com/tattoo/set3.htm""Mozilla/4.0 (compatible; MSIE 7.0; Windows NT 6.0; SLCC1; .NET CLR 2.0.50727; Media Center PC 5.0; .NET CLR 3.5.30729; .NET CLR 3.0.30618)"
76.180.26.222 - - [24/May/2010:23:07:28 -0500] "GET /tattoo/tatd2.JPG HTTP/1.1" 200 14891 "http://tomdolan.pconline.com/tattoo/set4.htm""Mozilla/4.0 (compatible; MSIE 7.0; Windows NT 6.0; SLCC1; .NET CLR 2.0.50727; Media Center PC 5.0; .NET CLR 3.5.30729; .NET CLR 3.0.30618)"
76.180.26.222 - - [24/May/2010:23:07:28 -0500] "GET /tattoo/tatd1.JPG HTTP/1.1" 200 14507 "http://tomdolan.pconline.com/tattoo/set4.htm""Mozilla/4.0 (compatible; MSIE 7.0; Windows NT 6.0; SLCC1; .NET CLR 2.0.50727; Media Center PC 5.0; .NET CLR 3.5.30729; .NET CLR 3.0.30618)"
76.180.26.222 - - [24/May/2010:23:07:28 -0500] "GET /tattoo/tatd3.JPG HTTP/1.1" 200 12386 "http://tomdolan.pconline.com/tattoo/set4.htm""Mozilla/4.0 (compatible; MSIE 7.0; Windows NT 6.0; SLCC1; .NET CLR 2.0.50727; Media Center PC 5.0; .NET CLR 3.5.30729; .NET CLR 3.0.30618)"
76.180.26.222 - - [24/May/2010:23:07:28 -0500] "GET /tattoo/tatd4.JPG HTTP/1.1" 200 12068 "http://tomdolan.pconline.com/tattoo/set4.htm""Mozilla/4.0 (compatible; MSIE 7.0; Windows NT 6.0; SLCC1; .NET CLR 2.0.50727; Media Center PC 5.0; .NET CLR 3.5.30729; .NET CLR 3.0.30618)"
76.180.26.222 - - [24/May/2010:23:07:28 -0500] "GET /tattoo/tatd6.JPG HTTP/1.1" 200 12059 "http://tomdolan.pconline.com/tattoo/set4.htm""Mozilla/4.0 (compatible; MSIE 7.0; Windows NT 6.0; SLCC1; .NET CLR 2.0.50727; Media Center PC 5.0; .NET CLR 3.5.30729; .NET CLR 3.0.30618)"
76.180.26.222 - - [24/May/2010:23:07:29 -0500] "GET /tattoo/tatd7.JPG HTTP/1.1" 200 20479 "http://tomdolan.pconline.com/tattoo/set4.htm""Mozilla/4.0 (compatible; MSIE 7.0; Windows NT 6.0; SLCC1; .NET CLR 2.0.50727; Media Center PC 5.0; .NET CLR 3.5.30729; .NET CLR 3.0.30618)"
76.180.26.222 - - [24/May/2010:23:07:29 -0500] "GET /tattoo/tatd10.JPG HTTP/1.1" 200 19089 "http://tomdolan.pconline.com/tattoo/set4.htm""Mozilla/4.0 (compatible; MSIE 7.0; Windows NT 6.0; SLCC1; .NET CLR 2.0.50727; Media Center PC 5.0; .NET CLR 3.5.30729; .NET CLR 3.0.30618)"
76.180.26.222 - - [24/May/2010:23:07:29 -0500] "GET /tattoo/msameric.JPG HTTP/1.1" 200 14283 "http://tomdolan.pconline.com/tattoo/set4.htm""Mozilla/4.0 (compatible; MSIE 7.0; Windows NT 6.0; SLCC1; .NET CLR 2.0.50727; Media Center PC 5.0; .NET CLR 3.5.30729; .NET CLR 3.0.30618)"
76.180.26.222 - - [24/May/2010:23:07:29 -0500] "GET /tattoo/tatd9.JPG HTTP/1.1" 200 17368 "http://tomdolan.pconline.com/tattoo/set4.htm""Mozilla/4.0 (compatible; MSIE 7.0; Windows NT 6.0; SLCC1; .NET CLR 2.0.50727; Media Center PC 5.0; .NET CLR 3.5.30729; .NET CLR 3.0.30618)"
