88.191.94.188 - - [21/Jun/2010:06:06:49 -0500] "GET /logs//index.php?option=com_myblog&Itemid=12&task=../../../../../../../../../../../../../../../proc/self/environ%00 HTTP/1.1" 404 299 "-""libwww-perl/5.805"
67.228.85.91 - - [21/Jun/2010:06:06:57 -0500] "GET //index.php?option=com_rwcards&controller=../../../../../../../../../../../../../../../proc/self/environ%00 HTTP/1.1" 404 294 "-""libwww-perl/5.832"
88.191.94.188 - - [21/Jun/2010:06:08:59 -0500] "GET /logs/access_log.1274832000//index.php?option=com_myblog&Itemid=12&task=../../../../../../../../../../../../../../../proc/self/environ%00 HTTP/1.1" 404 321 "-""libwww-perl/5.805"
88.191.94.188 - - [21/Jun/2010:06:08:59 -0500] "GET //index.php?option=com_myblog&Itemid=12&task=../../../../../../../../../../../../../../../proc/self/environ%00 HTTP/1.1" 404 294 "-""libwww-perl/5.805"
88.191.94.188 - - [21/Jun/2010:06:09:00 -0500] "GET /logs//index.php?option=com_myblog&Itemid=12&task=../../../../../../../../../../../../../../../proc/self/environ%00 HTTP/1.1" 404 299 "-""libwww-perl/5.805"
174.121.216.99 - - [21/Jun/2010:06:14:07 -0500] "GET /logs//index.php?option=com_rwcards&controller=../../../../../../../../../../../../../../../proc/self/environ%00 HTTP/1.1" 404 299 "-""libwww-perl/5.810"
174.121.216.99 - - [21/Jun/2010:06:14:07 -0500] "GET //index.php?option=com_rwcards&controller=../../../../../../../../../../../../../../../proc/self/environ%00 HTTP/1.1" 404 294 "-""libwww-perl/5.810"
88.191.94.188 - - [21/Jun/2010:06:15:45 -0500] "GET /logs/access_log.1274572800//index.php?option=com_myblog&Itemid=12&task=../../../../../../../../../../../../../../../proc/self/environ%00 HTTP/1.1" 404 321 "-""libwww-perl/5.805"
88.191.94.188 - - [21/Jun/2010:06:16:00 -0500] "GET /logs/access_log.1274572800//index.php?option=com_myblog&Itemid=12&task=../../../../../../../../../../../../../../../proc/self/environ%00 HTTP/1.1" 404 321 "-""libwww-perl/5.805"
203.120.246.20 - - [21/Jun/2010:06:16:17 -0500] "GET //index.php?option=com_ninjarsssyndicator&controller=../../../../../../../../../../../../../../../proc/self/environ%00 HTTP/1.1" 404 294 "-""libwww-perl/5.808"
174.121.216.99 - - [21/Jun/2010:06:17:23 -0500] "GET /logs//index.php?option=com_rwcards&controller=../../../../../../../../../../../../../../../proc/self/environ%00 HTTP/1.1" 404 299 "-""libwww-perl/5.810"
174.121.216.99 - - [21/Jun/2010:06:17:24 -0500] "GET //index.php?option=com_rwcards&controller=../../../../../../../../../../../../../../../proc/self/environ%00 HTTP/1.1" 404 294 "-""libwww-perl/5.810"
209.200.244.57 - - [21/Jun/2010:06:18:21 -0500] "GET /logs//index.php?option=com_rwcards&controller=../../../../../../../../../../../../../../../proc/self/environ%00 HTTP/1.1" 404 299 "-""libwww-perl/5.805"
209.200.244.57 - - [21/Jun/2010:06:18:21 -0500] "GET //index.php?option=com_rwcards&controller=../../../../../../../../../../../../../../../proc/self/environ%00 HTTP/1.1" 404 294 "-""libwww-perl/5.805"
211.53.209.67 - - [21/Jun/2010:06:18:37 -0500] "GET /MOD_forum_fields_parse.php?phpbb_root_path=../../../../../../../../../../../../../../../proc/self/environ%00 HTTP/1.1" 404 310 "-""libwww-perl/5.79"
174.121.216.99 - - [21/Jun/2010:06:19:27 -0500] "GET /logs//index.php?option=com_rwcards&controller=../../../../../../../../../../../../../../../proc/self/environ%00 HTTP/1.1" 404 299 "-""libwww-perl/5.810"
174.121.216.99 - - [21/Jun/2010:06:19:27 -0500] "GET //index.php?option=com_rwcards&controller=../../../../../../../../../../../../../../../proc/self/environ%00 HTTP/1.1" 404 294 "-""libwww-perl/5.810"
67.228.85.91 - - [21/Jun/2010:06:19:55 -0500] "GET /logs//index.php?option=com_rwcards&controller=../../../../../../../../../../../../../../../proc/self/environ%00 HTTP/1.1" 404 299 "-""libwww-perl/5.832"
67.228.85.91 - - [21/Jun/2010:06:19:55 -0500] "GET //index.php?option=com_rwcards&controller=../../../../../../../../../../../../../../../proc/self/environ%00 HTTP/1.1" 404 294 "-""libwww-perl/5.832"
67.195.112.180 - - [21/Jun/2010:06:27:32 -0500] "GET /logs/access_log.1195257600 HTTP/1.0" 404 298 "-""Mozilla/5.0 (compatible; Yahoo! Slurp/3.0; http://help.yahoo.com/help/us/ysearch/slurp)"
211.53.209.67 - - [21/Jun/2010:06:28:30 -0500] "GET /logs/access_log.1274313600/MOD_forum_fields_parse.php?phpbb_root_path=../../../../../../../../../../../../../../../proc/self/environ%00 HTTP/1.1" 404 337 "-""libwww-perl/5.79"
211.53.209.67 - - [21/Jun/2010:06:28:31 -0500] "GET /MOD_forum_fields_parse.php?phpbb_root_path=../../../../../../../../../../../../../../../proc/self/environ%00 HTTP/1.1" 404 310 "-""libwww-perl/5.79"
211.53.209.67 - - [21/Jun/2010:06:28:31 -0500] "GET /logs/MOD_forum_fields_parse.php?phpbb_root_path=../../../../../../../../../../../../../../../proc/self/environ%00 HTTP/1.1" 404 315 "-""libwww-perl/5.79"
88.191.94.188 - - [21/Jun/2010:06:33:05 -0500] "GET //index.php?option=com_myblog&controller=../../../../../../../../../../../../../../../proc/self/environ%00 HTTP/1.1" 404 294 "-""libwww-perl/5.805"
88.191.94.188 - - [21/Jun/2010:06:33:05 -0500] "GET //index.php?option=com_myblog&controller=../../../../../../../../../../../../../../../proc/self/environ%00 HTTP/1.1" 404 294 "-""libwww-perl/5.805"
209.200.244.57 - - [21/Jun/2010:06:33:07 -0500] "GET /logs/access_log.1232668800//index.php?option=com_rwcards&controller=../../../../../../../../../../../../../../../proc/self/environ%00 HTTP/1.1" 404 321 "-""libwww-perl/5.805"
209.200.244.57 - - [21/Jun/2010:06:33:07 -0500] "GET //index.php?option=com_rwcards&controller=../../../../../../../../../../../../../../../proc/self/environ%00 HTTP/1.1" 404 294 "-""libwww-perl/5.805"
209.200.244.57 - - [21/Jun/2010:06:33:07 -0500] "GET /logs//index.php?option=com_rwcards&controller=../../../../../../../../../../../../../../../proc/self/environ%00 HTTP/1.1" 404 299 "-""libwww-perl/5.805"
209.200.244.57 - - [21/Jun/2010:06:33:19 -0500] "GET /logs/access_log.1212451200//index.php?option=com_rwcards&controller=../../../../../../../../../../../../../../../proc/self/environ%00 HTTP/1.1" 404 321 "-""libwww-perl/5.805"
91.121.20.205 - - [21/Jun/2010:06:34:09 -0500] "GET /logs/access_log.1274572800/lfi../../../../../../../../../../../../../../../proc/self/environ%00 HTTP/1.1" 404 376 "-""libwww-perl/5.834"
91.121.20.205 - - [21/Jun/2010:06:34:09 -0500] "GET /lfi../../../../../../../../../../../../../../../proc/self/environ%00 HTTP/1.1" 404 349 "-""libwww-perl/5.834"
91.121.20.205 - - [21/Jun/2010:06:34:09 -0500] "GET /logs/access_log.1274572800/lfi../../../../../../../../../../../../../../../proc/self/environ%00 HTTP/1.1" 404 376 "-""libwww-perl/5.834"
91.121.20.205 - - [21/Jun/2010:06:34:09 -0500] "GET /logs/lfi../../../../../../../../../../../../../../../proc/self/environ%00 HTTP/1.1" 404 354 "-""libwww-perl/5.834"
91.121.20.205 - - [21/Jun/2010:06:34:09 -0500] "GET /lfi../../../../../../../../../../../../../../../proc/self/environ%00 HTTP/1.1" 404 349 "-""libwww-perl/5.834"
91.121.20.205 - - [21/Jun/2010:06:34:09 -0500] "GET /logs/lfi../../../../../../../../../../../../../../../proc/self/environ%00 HTTP/1.1" 404 354 "-""libwww-perl/5.834"
67.228.85.91 - - [21/Jun/2010:06:34:09 -0500] "GET /logs/access_log.1232668800//index.php?option=com_rwcards&controller=../../../../../../../../../../../../../../../proc/self/environ%00 HTTP/1.1" 404 321 "-""libwww-perl/5.832"
67.228.85.91 - - [21/Jun/2010:06:34:10 -0500] "GET //index.php?option=com_rwcards&controller=../../../../../../../../../../../../../../../proc/self/environ%00 HTTP/1.1" 404 294 "-""libwww-perl/5.832"
67.228.85.91 - - [21/Jun/2010:06:34:10 -0500] "GET /logs//index.php?option=com_rwcards&controller=../../../../../../../../../../../../../../../proc/self/environ%00 HTTP/1.1" 404 299 "-""libwww-perl/5.832"
91.121.20.205 - - [21/Jun/2010:06:34:10 -0500] "GET /logs/access_log.1274572800/lfi../../../../../../../../../../../../../../../proc/self/environ%00 HTTP/1.1" 404 376 "-""libwww-perl/5.834"
91.121.20.205 - - [21/Jun/2010:06:34:10 -0500] "GET /lfi../../../../../../../../../../../../../../../proc/self/environ%00 HTTP/1.1" 404 349 "-""libwww-perl/5.834"
91.121.20.205 - - [21/Jun/2010:06:34:10 -0500] "GET /logs/lfi../../../../../../../../../../../../../../../proc/self/environ%00 HTTP/1.1" 404 354 "-""libwww-perl/5.834"
91.121.20.205 - - [21/Jun/2010:06:34:20 -0500] "GET /logs/access_log.1274572800/lfi../../../../../../../../../../../../../../../proc/self/environ%00 HTTP/1.1" 404 376 "-""libwww-perl/5.834"
91.121.20.205 - - [21/Jun/2010:06:34:20 -0500] "GET /lfi../../../../../../../../../../../../../../../proc/self/environ%00 HTTP/1.1" 404 349 "-""libwww-perl/5.834"
91.121.20.205 - - [21/Jun/2010:06:34:20 -0500] "GET /lfi../../../../../../../../../../../../../../../proc/self/environ%00 HTTP/1.1" 404 349 "-""libwww-perl/5.834"
91.121.20.205 - - [21/Jun/2010:06:34:20 -0500] "GET /logs/lfi../../../../../../../../../../../../../../../proc/self/environ%00 HTTP/1.1" 404 354 "-""libwww-perl/5.834"
91.121.20.205 - - [21/Jun/2010:06:34:20 -0500] "GET /lfi../../../../../../../../../../../../../../../proc/self/environ%00 HTTP/1.1" 404 349 "-""libwww-perl/5.834"
91.121.20.205 - - [21/Jun/2010:06:34:20 -0500] "GET /logs/access_log.1274572800/lfi../../../../../../../../../../../../../../../proc/self/environ%00 HTTP/1.1" 404 376 "-""libwww-perl/5.834"
91.121.20.205 - - [21/Jun/2010:06:34:20 -0500] "GET /lfi../../../../../../../../../../../../../../../proc/self/environ%00 HTTP/1.1" 404 349 "-""libwww-perl/5.834"
91.121.20.205 - - [21/Jun/2010:06:34:21 -0500] "GET /logs/lfi../../../../../../../../../../../../../../../proc/self/environ%00 HTTP/1.1" 404 354 "-""libwww-perl/5.834"
91.121.20.205 - - [21/Jun/2010:06:34:21 -0500] "GET /lfi../../../../../../../../../../../../../../../proc/self/environ%00 HTTP/1.1" 404 349 "-""libwww-perl/5.834"
91.121.20.205 - - [21/Jun/2010:06:34:21 -0500] "GET /lfi../../../../../../../../../../../../../../../proc/self/environ%00 HTTP/1.1" 404 349 "-""libwww-perl/5.834"
91.121.20.205 - - [21/Jun/2010:06:34:22 -0500] "GET /lfi../../../../../../../../../../../../../../../proc/self/environ%00 HTTP/1.1" 404 349 "-""libwww-perl/5.834"
91.121.20.205 - - [21/Jun/2010:06:34:22 -0500] "GET /lfi../../../../../../../../../../../../../../../proc/self/environ%00 HTTP/1.1" 404 349 "-""libwww-perl/5.834"
91.121.20.205 - - [21/Jun/2010:06:34:22 -0500] "GET /lfi../../../../../../../../../../../../../../../proc/self/environ%00 HTTP/1.1" 404 349 "-""libwww-perl/5.834"
91.121.20.205 - - [21/Jun/2010:06:34:23 -0500] "GET /lfi../../../../../../../../../../../../../../../proc/self/environ%00 HTTP/1.1" 404 349 "-""libwww-perl/5.834"
91.121.20.205 - - [21/Jun/2010:06:34:24 -0500] "GET /lfi../../../../../../../../../../../../../../../proc/self/environ%00 HTTP/1.1" 404 349 "-""libwww-perl/5.834"
91.121.20.205 - - [21/Jun/2010:06:34:24 -0500] "GET /lfi../../../../../../../../../../../../../../../proc/self/environ%00 HTTP/1.1" 404 349 "-""libwww-perl/5.834"
91.121.20.205 - - [21/Jun/2010:06:34:24 -0500] "GET /logs/access_log.1274572800/lfi../../../../../../../../../../../../../../../proc/self/environ%00 HTTP/1.1" 404 376 "-""libwww-perl/5.834"
91.121.20.205 - - [21/Jun/2010:06:34:24 -0500] "GET /lfi../../../../../../../../../../../../../../../proc/self/environ%00 HTTP/1.1" 404 349 "-""libwww-perl/5.834"
91.121.20.205 - - [21/Jun/2010:06:34:24 -0500] "GET /logs/access_log.1274572800/lfi../../../../../../../../../../../../../../../proc/self/environ%00 HTTP/1.1" 404 376 "-""libwww-perl/5.834"
91.121.20.205 - - [21/Jun/2010:06:34:25 -0500] "GET /lfi../../../../../../../../../../../../../../../proc/self/environ%00 HTTP/1.1" 404 349 "-""libwww-perl/5.834"
91.121.20.205 - - [21/Jun/2010:06:34:25 -0500] "GET /logs/lfi../../../../../../../../../../../../../../../proc/self/environ%00 HTTP/1.1" 404 354 "-""libwww-perl/5.834"
91.121.20.205 - - [21/Jun/2010:06:34:25 -0500] "GET /lfi../../../../../../../../../../../../../../../proc/self/environ%00 HTTP/1.1" 404 349 "-""libwww-perl/5.834"
91.121.20.205 - - [21/Jun/2010:06:34:25 -0500] "GET /logs/access_log.1274572800/lfi../../../../../../../../../../../../../../../proc/self/environ%00 HTTP/1.1" 404 376 "-""libwww-perl/5.834"
91.121.20.205 - - [21/Jun/2010:06:34:25 -0500] "GET /logs/lfi../../../../../../../../../../../../../../../proc/self/environ%00 HTTP/1.1" 404 354 "-""libwww-perl/5.834"
91.121.20.205 - - [21/Jun/2010:06:34:25 -0500] "GET /lfi../../../../../../../../../../../../../../../proc/self/environ%00 HTTP/1.1" 404 349 "-""libwww-perl/5.834"
91.121.20.205 - - [21/Jun/2010:06:34:25 -0500] "GET /lfi../../../../../../../../../../../../../../../proc/self/environ%00 HTTP/1.1" 404 349 "-""libwww-perl/5.834"
91.121.20.205 - - [21/Jun/2010:06:34:25 -0500] "GET /logs/lfi../../../../../../../../../../../../../../../proc/self/environ%00 HTTP/1.1" 404 354 "-""libwww-perl/5.834"
91.121.20.205 - - [21/Jun/2010:06:34:25 -0500] "GET /logs/access_log.1274572800/lfi../../../../../../../../../../../../../../../proc/self/environ%00 HTTP/1.1" 404 376 "-""libwww-perl/5.834"
91.121.20.205 - - [21/Jun/2010:06:34:26 -0500] "GET /lfi../../../../../../../../../../../../../../../proc/self/environ%00 HTTP/1.1" 404 349 "-""libwww-perl/5.834"
91.121.20.205 - - [21/Jun/2010:06:34:26 -0500] "GET /logs/lfi../../../../../../../../../../../../../../../proc/self/environ%00 HTTP/1.1" 404 354 "-""libwww-perl/5.834"
91.121.20.205 - - [21/Jun/2010:06:34:26 -0500] "GET /lfi../../../../../../../../../../../../../../../proc/self/environ%00 HTTP/1.1" 404 349 "-""libwww-perl/5.834"
91.121.20.205 - - [21/Jun/2010:06:34:26 -0500] "GET /lfi../../../../../../../../../../../../../../../proc/self/environ%00 HTTP/1.1" 404 349 "-""libwww-perl/5.834"
91.121.20.205 - - [21/Jun/2010:06:34:31 -0500] "GET /lfi../../../../../../../../../../../../../../../proc/self/environ%00 HTTP/1.1" 404 349 "-""libwww-perl/5.834"
67.228.85.91 - - [21/Jun/2010:06:34:40 -0500] "GET /logs/access_log.1274832000/index.php?option=com_g2bridge&controller=../../../../../../../../../../../../../../../proc/self/environ%00 HTTP/1.1" 404 320 "-""libwww-perl/5.832"
67.228.85.91 - - [21/Jun/2010:06:34:40 -0500] "GET /index.php?option=com_g2bridge&controller=../../../../../../../../../../../../../../../proc/self/environ%00 HTTP/1.1" 404 293 "-""libwww-perl/5.832"
67.228.85.91 - - [21/Jun/2010:06:34:40 -0500] "GET /logs/index.php?option=com_g2bridge&controller=../../../../../../../../../../../../../../../proc/self/environ%00 HTTP/1.1" 404 298 "-""libwww-perl/5.832"
91.121.20.205 - - [21/Jun/2010:06:34:41 -0500] "GET /logs/access_log.1274832000/lfi../../../../../../../../../../../../../../../proc/self/environ%00 HTTP/1.1" 404 376 "-""libwww-perl/5.834"
91.121.20.205 - - [21/Jun/2010:06:34:41 -0500] "GET /lfi../../../../../../../../../../../../../../../proc/self/environ%00 HTTP/1.1" 404 349 "-""libwww-perl/5.834"
91.121.20.205 - - [21/Jun/2010:06:34:41 -0500] "GET /logs/lfi../../../../../../../../../../../../../../../proc/self/environ%00 HTTP/1.1" 404 354 "-""libwww-perl/5.834"
91.121.20.205 - - [21/Jun/2010:06:34:42 -0500] "GET /logs/access_log.1274572800/lfi../../../../../../../../../../../../../../../proc/self/environ%00 HTTP/1.1" 404 376 "-""libwww-perl/5.834"
91.121.20.205 - - [21/Jun/2010:06:34:52 -0500] "GET /logs/access_log.1274832000/lfi../../../../../../../../../../../../../../../proc/self/environ%00 HTTP/1.1" 404 376 "-""libwww-perl/5.834"
91.121.20.205 - - [21/Jun/2010:06:34:52 -0500] "GET /lfi../../../../../../../../../../../../../../../proc/self/environ%00 HTTP/1.1" 404 349 "-""libwww-perl/5.834"
91.121.20.205 - - [21/Jun/2010:06:34:53 -0500] "GET /logs/lfi../../../../../../../../../../../../../../../proc/self/environ%00 HTTP/1.1" 404 354 "-""libwww-perl/5.834"
91.121.20.205 - - [21/Jun/2010:06:34:53 -0500] "GET /logs/access_log.1274572800/lfi../../../../../../../../../../../../../../../proc/self/environ%00 HTTP/1.1" 404 376 "-""libwww-perl/5.834"
91.121.20.205 - - [21/Jun/2010:06:34:53 -0500] "GET /logs/access_log.1274832000/lfi../../../../../../../../../../../../../../../proc/self/environ%00 HTTP/1.1" 404 376 "-""libwww-perl/5.834"
91.121.20.205 - - [21/Jun/2010:06:34:53 -0500] "GET /lfi../../../../../../../../../../../../../../../proc/self/environ%00 HTTP/1.1" 404 349 "-""libwww-perl/5.834"
91.121.20.205 - - [21/Jun/2010:06:34:54 -0500] "GET /logs/lfi../../../../../../../../../../../../../../../proc/self/environ%00 HTTP/1.1" 404 354 "-""libwww-perl/5.834"
91.121.20.205 - - [21/Jun/2010:06:34:54 -0500] "GET /logs/access_log.1274572800/lfi../../../../../../../../../../../../../../../proc/self/environ%00 HTTP/1.1" 404 376 "-""libwww-perl/5.834"
67.228.85.91 - - [21/Jun/2010:06:34:54 -0500] "GET /logs/access_log.1212451200//index.php?option=com_rwcards&controller=../../../../../../../../../../../../../../../proc/self/environ%00 HTTP/1.1" 404 321 "-""libwww-perl/5.832"
91.121.20.205 - - [21/Jun/2010:06:34:55 -0500] "GET /logs/access_log.1274832000/lfi../../../../../../../../../../../../../../../proc/self/environ%00 HTTP/1.1" 404 376 "-""libwww-perl/5.834"
91.121.20.205 - - [21/Jun/2010:06:34:55 -0500] "GET /lfi../../../../../../../../../../../../../../../proc/self/environ%00 HTTP/1.1" 404 349 "-""libwww-perl/5.834"
91.121.20.205 - - [21/Jun/2010:06:34:55 -0500] "GET /logs/lfi../../../../../../../../../../../../../../../proc/self/environ%00 HTTP/1.1" 404 354 "-""libwww-perl/5.834"
91.121.20.205 - - [21/Jun/2010:06:34:55 -0500] "GET /logs/access_log.1274572800/lfi../../../../../../../../../../../../../../../proc/self/environ%00 HTTP/1.1" 404 376 "-""libwww-perl/5.834"
174.121.216.99 - - [21/Jun/2010:06:35:16 -0500] "GET /logs/access_log.1232668800//index.php?option=com_rwcards&controller=../../../../../../../../../../../../../../../proc/self/environ%00 HTTP/1.1" 404 321 "-""libwww-perl/5.810"
174.121.216.99 - - [21/Jun/2010:06:35:16 -0500] "GET //index.php?option=com_rwcards&controller=../../../../../../../../../../../../../../../proc/self/environ%00 HTTP/1.1" 404 294 "-""libwww-perl/5.810"
174.121.216.99 - - [21/Jun/2010:06:35:16 -0500] "GET /logs//index.php?option=com_rwcards&controller=../../../../../../../../../../../../../../../proc/self/environ%00 HTTP/1.1" 404 299 "-""libwww-perl/5.810"
174.121.216.99 - - [21/Jun/2010:06:35:17 -0500] "GET /logs/access_log.1232668800//index.php?option=com_rwcards&controller=../../../../../../../../../../../../../../../proc/self/environ%00 HTTP/1.1" 404 321 "-""libwww-perl/5.810"
174.121.216.99 - - [21/Jun/2010:06:35:17 -0500] "GET //index.php?option=com_rwcards&controller=../../../../../../../../../../../../../../../proc/self/environ%00 HTTP/1.1" 404 294 "-""libwww-perl/5.810"
174.121.216.99 - - [21/Jun/2010:06:35:17 -0500] "GET /logs//index.php?option=com_rwcards&controller=../../../../../../../../../../../../../../../proc/self/environ%00 HTTP/1.1" 404 299 "-""libwww-perl/5.810"
174.121.216.99 - - [21/Jun/2010:06:35:26 -0500] "GET /logs/access_log.1212451200//index.php?option=com_rwcards&controller=../../../../../../../../../../../../../../../proc/self/environ%00 HTTP/1.1" 404 321 "-""libwww-perl/5.810"
174.121.216.99 - - [21/Jun/2010:06:35:28 -0500] "GET /logs/access_log.1212451200//index.php?option=com_rwcards&controller=../../../../../../../../../../../../../../../proc/self/environ%00 HTTP/1.1" 404 321 "-""libwww-perl/5.810"
216.129.119.43 - - [21/Jun/2010:06:36:03 -0500] "GET /logs/access_log.1262822400 HTTP/1.1" 404 310 "-""Mozilla/5.0 (Twiceler-0.9 http://www.cuil.com/twiceler/robot.html)"
74.124.198.60 - - [21/Jun/2010:06:42:42 -0500] "GET /logs//index.php?option=com_pcchess&controller=../../../../../../../../../../../../../../../proc/self/environ%00 HTTP/1.1" 404 299 "-""libwww-perl/5.833"
74.124.198.60 - - [21/Jun/2010:06:42:42 -0500] "GET //index.php?option=com_pcchess&controller=../../../../../../../../../../../../../../../proc/self/environ%00 HTTP/1.1" 404 294 "-""libwww-perl/5.833"
67.228.85.91 - - [21/Jun/2010:06:47:00 -0500] "GET /logs/access_log.1232668800//index.php?option=com_rwcards&controller=../../../../../../../../../../../../../../../proc/self/environ%00 HTTP/1.1" 404 321 "-""libwww-perl/5.832"
67.228.85.91 - - [21/Jun/2010:06:47:01 -0500] "GET //index.php?option=com_rwcards&controller=../../../../../../../../../../../../../../../proc/self/environ%00 HTTP/1.1" 404 294 "-""libwww-perl/5.832"
67.228.85.91 - - [21/Jun/2010:06:47:01 -0500] "GET /logs//index.php?option=com_rwcards&controller=../../../../../../../../../../../../../../../proc/self/environ%00 HTTP/1.1" 404 299 "-""libwww-perl/5.832"
67.228.85.91 - - [21/Jun/2010:06:47:42 -0500] "GET /logs/access_log.1212451200//index.php?option=com_rwcards&controller=../../../../../../../../../../../../../../../proc/self/environ%00 HTTP/1.1" 404 321 "-""libwww-perl/5.832"
203.120.246.20 - - [21/Jun/2010:06:48:24 -0500] "GET /logs/access_log.1274313600//index.php?option=com_ninjarsssyndicator&controller=../../../../../../../../../../../../../../../proc/self/environ%00 HTTP/1.1" 404 321 "-""libwww-perl/5.808"
203.120.246.20 - - [21/Jun/2010:06:48:25 -0500] "GET //index.php?option=com_ninjarsssyndicator&controller=../../../../../../../../../../../../../../../proc/self/environ%00 HTTP/1.1" 404 294 "-""libwww-perl/5.808"
203.120.246.20 - - [21/Jun/2010:06:48:26 -0500] "GET /logs//index.php?option=com_ninjarsssyndicator&controller=../../../../../../../../../../../../../../../proc/self/environ%00 HTTP/1.1" 404 299 "-""libwww-perl/5.808"
209.200.244.57 - - [21/Jun/2010:06:50:52 -0500] "GET //index.php?option=com_rwcards&controller=../../../../../../../../../../../../../../../proc/self/environ%00 HTTP/1.1" 404 294 "-""libwww-perl/5.805"
91.121.20.205 - - [21/Jun/2010:06:51:09 -0500] "GET /logs/access_log.1274832000/lfi../../../../../../../../../../../../../../../proc/self/environ%00 HTTP/1.1" 404 376 "-""libwww-perl/5.834"
91.121.20.205 - - [21/Jun/2010:06:51:09 -0500] "GET /lfi../../../../../../../../../../../../../../../proc/self/environ%00 HTTP/1.1" 404 349 "-""libwww-perl/5.834"
91.121.20.205 - - [21/Jun/2010:06:51:09 -0500] "GET /logs/lfi../../../../../../../../../../../../../../../proc/self/environ%00 HTTP/1.1" 404 354 "-""libwww-perl/5.834"
91.121.20.205 - - [21/Jun/2010:06:51:10 -0500] "GET /logs/access_log.1274572800/lfi../../../../../../../../../../../../../../../proc/self/environ%00 HTTP/1.1" 404 376 "-""libwww-perl/5.834"
174.121.216.99 - - [21/Jun/2010:06:51:12 -0500] "GET //index.php?option=com_rwcards&controller=../../../../../../../../../../../../../../../proc/self/environ%00 HTTP/1.1" 404 294 "-""libwww-perl/5.810"
174.121.216.99 - - [21/Jun/2010:06:51:16 -0500] "GET //index.php?option=com_rwcards&controller=../../../../../../../../../../../../../../../proc/self/environ%00 HTTP/1.1" 404 294 "-""libwww-perl/5.810"
91.121.20.205 - - [21/Jun/2010:06:52:30 -0500] "GET /logs/access_log.1274832000/lfi../../../../../../../../../../../../../../../proc/self/environ%00 HTTP/1.1" 404 376 "-""libwww-perl/5.834"
91.121.20.205 - - [21/Jun/2010:06:52:30 -0500] "GET /lfi../../../../../../../../../../../../../../../proc/self/environ%00 HTTP/1.1" 404 349 "-""libwww-perl/5.834"
91.121.20.205 - - [21/Jun/2010:06:52:30 -0500] "GET /logs/lfi../../../../../../../../../../../../../../../proc/self/environ%00 HTTP/1.1" 404 354 "-""libwww-perl/5.834"
91.121.20.205 - - [21/Jun/2010:06:52:31 -0500] "GET /logs/access_log.1274572800/lfi../../../../../../../../../../../../../../../proc/self/environ%00 HTTP/1.1" 404 376 "-""libwww-perl/5.834"
67.195.112.180 - - [21/Jun/2010:06:55:43 -0500] "GET /logs/access_log.1218672000 HTTP/1.0" 404 298 "-""Mozilla/5.0 (compatible; Yahoo! Slurp/3.0; http://help.yahoo.com/help/us/ysearch/slurp)"
67.195.112.180 - - [21/Jun/2010:06:58:06 -0500] "GET /logs/access_log.1170028800 HTTP/1.0" 404 298 "-""Mozilla/5.0 (compatible; Yahoo! Slurp/3.0; http://help.yahoo.com/help/us/ysearch/slurp)"
62.248.131.16 - - [21/Jun/2010:06:58:20 -0500] "GET /tattoo/tattoo1.htm HTTP/1.1" 200 4192 "http://www.google.com/search?hl=fi&client=opera&rls=fi&q=vintage+tattoo+art+flash&aq=f&aqi=&aql=&oq=&gs_rfai=""Opera/9.62 (Windows NT 6.0; U; fi) Presto/2.1.1"
62.248.131.16 - - [21/Jun/2010:06:58:20 -0500] "GET /tattoo/tat_1st.JPG HTTP/1.1" 200 16480 "http://tomdolan.pconline.com/tattoo/tattoo1.htm""Opera/9.62 (Windows NT 6.0; U; fi) Presto/2.1.1"
62.248.131.16 - - [21/Jun/2010:06:58:22 -0500] "GET /favicon.ico HTTP/1.1" 404 295 "http://tomdolan.pconline.com/tattoo/tattoo1.htm""Opera/9.62 (Windows NT 6.0; U; fi) Presto/2.1.1"
62.248.131.16 - - [21/Jun/2010:06:58:24 -0500] "GET /tattoo/set1.htm HTTP/1.1" 200 2362 "http://tomdolan.pconline.com/tattoo/tattoo1.htm""Opera/9.62 (Windows NT 6.0; U; fi) Presto/2.1.1"
62.248.131.16 - - [21/Jun/2010:06:58:24 -0500] "GET /tattoo/tat1.JPG HTTP/1.1" 200 16158 "http://tomdolan.pconline.com/tattoo/set1.htm""Opera/9.62 (Windows NT 6.0; U; fi) Presto/2.1.1"
62.248.131.16 - - [21/Jun/2010:06:58:25 -0500] "GET /tattoo/tat10.JPG HTTP/1.1" 200 22746 "http://tomdolan.pconline.com/tattoo/set1.htm""Opera/9.62 (Windows NT 6.0; U; fi) Presto/2.1.1"
62.248.131.16 - - [21/Jun/2010:06:58:25 -0500] "GET /tattoo/tat2.JPG HTTP/1.1" 200 18943 "http://tomdolan.pconline.com/tattoo/set1.htm""Opera/9.62 (Windows NT 6.0; U; fi) Presto/2.1.1"
62.248.131.16 - - [21/Jun/2010:06:58:25 -0500] "GET /tattoo/tat3.jpg HTTP/1.1" 200 11901 "http://tomdolan.pconline.com/tattoo/set1.htm""Opera/9.62 (Windows NT 6.0; U; fi) Presto/2.1.1"
62.248.131.16 - - [21/Jun/2010:06:58:25 -0500] "GET /tattoo/tat4.JPG HTTP/1.1" 200 18080 "http://tomdolan.pconline.com/tattoo/set1.htm""Opera/9.62 (Windows NT 6.0; U; fi) Presto/2.1.1"
62.248.131.16 - - [21/Jun/2010:06:58:25 -0500] "GET /tattoo/tat8.jpg HTTP/1.1" 200 13191 "http://tomdolan.pconline.com/tattoo/set1.htm""Opera/9.62 (Windows NT 6.0; U; fi) Presto/2.1.1"
62.248.131.16 - - [21/Jun/2010:06:58:25 -0500] "GET /tattoo/tat9.JPG HTTP/1.1" 200 16749 "http://tomdolan.pconline.com/tattoo/set1.htm""Opera/9.62 (Windows NT 6.0; U; fi) Presto/2.1.1"
62.248.131.16 - - [21/Jun/2010:06:58:25 -0500] "GET /tattoo/tat7.JPG HTTP/1.1" 200 17358 "http://tomdolan.pconline.com/tattoo/set1.htm""Opera/9.62 (Windows NT 6.0; U; fi) Presto/2.1.1"
62.248.131.16 - - [21/Jun/2010:06:58:25 -0500] "GET /tattoo/tat5.JPG HTTP/1.1" 200 13769 "http://tomdolan.pconline.com/tattoo/set1.htm""Opera/9.62 (Windows NT 6.0; U; fi) Presto/2.1.1"
62.248.131.16 - - [21/Jun/2010:06:58:25 -0500] "GET /tattoo/tat6.JPG HTTP/1.1" 200 18543 "http://tomdolan.pconline.com/tattoo/set1.htm""Opera/9.62 (Windows NT 6.0; U; fi) Presto/2.1.1"
62.248.131.16 - - [21/Jun/2010:06:58:26 -0500] "GET /tattoo/tat9.JPG HTTP/1.1" 200 16749 "http://tomdolan.pconline.com/tattoo/set1.htm""Opera/9.62 (Windows NT 6.0; U; fi) Presto/2.1.1"
188.40.232.234 - - [21/Jun/2010:06:58:29 -0500] "GET /logs/access_log.1274832000/index.php?option=com_g2bridge&controller=../../../../../../../../../../../../../../../proc/self/environ%00 HTTP/1.1" 404 320 "-""libwww-perl/5.813"
188.40.232.234 - - [21/Jun/2010:06:58:29 -0500] "GET /index.php?option=com_g2bridge&controller=../../../../../../../../../../../../../../../proc/self/environ%00 HTTP/1.1" 404 293 "-""libwww-perl/5.813"
188.40.232.234 - - [21/Jun/2010:06:58:30 -0500] "GET /logs/index.php?option=com_g2bridge&controller=../../../../../../../../../../../../../../../proc/self/environ%00 HTTP/1.1" 404 298 "-""libwww-perl/5.813"
62.248.131.16 - - [21/Jun/2010:06:58:40 -0500] "GET /tattoo/set2.htm HTTP/1.1" 200 1953 "http://tomdolan.pconline.com/tattoo/set1.htm""Opera/9.62 (Windows NT 6.0; U; fi) Presto/2.1.1"
62.248.131.16 - - [21/Jun/2010:06:58:40 -0500] "GET /tattoo/tatb1.JPG HTTP/1.1" 200 14848 "http://tomdolan.pconline.com/tattoo/set2.htm""Opera/9.62 (Windows NT 6.0; U; fi) Presto/2.1.1"
62.248.131.16 - - [21/Jun/2010:06:58:40 -0500] "GET /tattoo/tatb2.JPG HTTP/1.1" 200 16592 "http://tomdolan.pconline.com/tattoo/set2.htm""Opera/9.62 (Windows NT 6.0; U; fi) Presto/2.1.1"
62.248.131.16 - - [21/Jun/2010:06:58:40 -0500] "GET /tattoo/tatb10.JPG HTTP/1.1" 200 17887 "http://tomdolan.pconline.com/tattoo/set2.htm""Opera/9.62 (Windows NT 6.0; U; fi) Presto/2.1.1"
62.248.131.16 - - [21/Jun/2010:06:58:40 -0500] "GET /tattoo/tatb5.JPG HTTP/1.1" 200 20135 "http://tomdolan.pconline.com/tattoo/set2.htm""Opera/9.62 (Windows NT 6.0; U; fi) Presto/2.1.1"
62.248.131.16 - - [21/Jun/2010:06:58:40 -0500] "GET /tattoo/tatb3.JPG HTTP/1.1" 200 16163 "http://tomdolan.pconline.com/tattoo/set2.htm""Opera/9.62 (Windows NT 6.0; U; fi) Presto/2.1.1"
62.248.131.16 - - [21/Jun/2010:06:58:41 -0500] "GET /tattoo/tatb4.JPG HTTP/1.1" 200 15705 "http://tomdolan.pconline.com/tattoo/set2.htm""Opera/9.62 (Windows NT 6.0; U; fi) Presto/2.1.1"
62.248.131.16 - - [21/Jun/2010:06:58:41 -0500] "GET /tattoo/tatb6.JPG HTTP/1.1" 200 21190 "http://tomdolan.pconline.com/tattoo/set2.htm""Opera/9.62 (Windows NT 6.0; U; fi) Presto/2.1.1"
62.248.131.16 - - [21/Jun/2010:06:58:41 -0500] "GET /tattoo/tatb9.JPG HTTP/1.1" 200 21598 "http://tomdolan.pconline.com/tattoo/set2.htm""Opera/9.62 (Windows NT 6.0; U; fi) Presto/2.1.1"
62.248.131.16 - - [21/Jun/2010:06:58:41 -0500] "GET /tattoo/tatb8.JPG HTTP/1.1" 200 18467 "http://tomdolan.pconline.com/tattoo/set2.htm""Opera/9.62 (Windows NT 6.0; U; fi) Presto/2.1.1"
62.248.131.16 - - [21/Jun/2010:06:58:41 -0500] "GET /tattoo/tatb7.JPG HTTP/1.1" 200 16193 "http://tomdolan.pconline.com/tattoo/set2.htm""Opera/9.62 (Windows NT 6.0; U; fi) Presto/2.1.1"
62.248.131.16 - - [21/Jun/2010:06:58:41 -0500] "GET /tattoo/tatb7.JPG HTTP/1.1" 200 16193 "http://tomdolan.pconline.com/tattoo/set2.htm""Opera/9.62 (Windows NT 6.0; U; fi) Presto/2.1.1"
67.222.18.143 - - [21/Jun/2010:06:59:37 -0500] "GET /logs/access_log.1274572800//index2.php?option=com_spsnewsletter&controller=../../../../../../../../../../../../../../../proc/self/environ%00 HTTP/1.1" 404 322 "-""libwww-perl/5.831"
67.222.18.143 - - [21/Jun/2010:06:59:37 -0500] "GET //index2.php?option=com_spsnewsletter&controller=../../../../../../../../../../../../../../../proc/self/environ%00 HTTP/1.1" 404 295 "-""libwww-perl/5.831"
67.222.18.143 - - [21/Jun/2010:06:59:38 -0500] "GET /logs//index2.php?option=com_spsnewsletter&controller=../../../../../../../../../../../../../../../proc/self/environ%00 HTTP/1.1" 404 300 "-""libwww-perl/5.831"
67.222.18.143 - - [21/Jun/2010:07:00:00 -0500] "GET /logs/access_log.1274572800//index2.php?option=com_spsnewsletter&controller=../../../../../../../../../../../../../../../proc/self/environ%00 HTTP/1.1" 404 322 "-""libwww-perl/5.831"
67.222.18.143 - - [21/Jun/2010:07:00:00 -0500] "GET //index2.php?option=com_spsnewsletter&controller=../../../../../../../../../../../../../../../proc/self/environ%00 HTTP/1.1" 404 295 "-""libwww-perl/5.831"
67.222.18.143 - - [21/Jun/2010:07:00:01 -0500] "GET /logs//index2.php?option=com_spsnewsletter&controller=../../../../../../../../../../../../../../../proc/self/environ%00 HTTP/1.1" 404 300 "-""libwww-perl/5.831"
88.191.94.188 - - [21/Jun/2010:07:01:35 -0500] "GET /logs/access_log.1274832000//index.php?option=com_myblog&controller=../../../../../../../../../../../../../../../proc/self/environ%00 HTTP/1.1" 404 321 "-""libwww-perl/5.805"
88.191.94.188 - - [21/Jun/2010:07:01:35 -0500] "GET //index.php?option=com_myblog&controller=../../../../../../../../../../../../../../../proc/self/environ%00 HTTP/1.1" 404 294 "-""libwww-perl/5.805"
88.191.94.188 - - [21/Jun/2010:07:01:35 -0500] "GET /logs//index.php?option=com_myblog&controller=../../../../../../../../../../../../../../../proc/self/environ%00 HTTP/1.1" 404 299 "-""libwww-perl/5.805"
88.191.94.188 - - [21/Jun/2010:07:01:42 -0500] "GET /logs/access_log.1274832000//index.php?option=com_myblog&controller=../../../../../../../../../../../../../../../proc/self/environ%00 HTTP/1.1" 404 321 "-""libwww-perl/5.805"
88.191.94.188 - - [21/Jun/2010:07:01:42 -0500] "GET //index.php?option=com_myblog&controller=../../../../../../../../../../../../../../../proc/self/environ%00 HTTP/1.1" 404 294 "-""libwww-perl/5.805"
88.191.94.188 - - [21/Jun/2010:07:01:43 -0500] "GET /logs//index.php?option=com_myblog&controller=../../../../../../../../../../../../../../../proc/self/environ%00 HTTP/1.1" 404 299 "-""libwww-perl/5.805"
67.222.18.143 - - [21/Jun/2010:07:02:29 -0500] "GET /logs/access_log.1274572800//index2.php?option=com_spsnewsletter&controller=../../../../../../../../../../../../../../../proc/self/environ%00 HTTP/1.1" 404 322 "-""libwww-perl/5.831"
67.222.18.143 - - [21/Jun/2010:07:02:29 -0500] "GET //index2.php?option=com_spsnewsletter&controller=../../../../../../../../../../../../../../../proc/self/environ%00 HTTP/1.1" 404 295 "-""libwww-perl/5.831"
67.222.18.143 - - [21/Jun/2010:07:02:30 -0500] "GET /logs//index2.php?option=com_spsnewsletter&controller=../../../../../../../../../../../../../../../proc/self/environ%00 HTTP/1.1" 404 300 "-""libwww-perl/5.831"
78.108.94.61 - - [21/Jun/2010:07:03:32 -0500] "GET /logs/access_log.1274572800//index.php?option=com_userstatus&controller=../../../../../../../../../../../../../../../proc/self/environ%00 HTTP/1.1" 404 321 "-""libwww-perl/5.834"
78.108.94.61 - - [21/Jun/2010:07:03:32 -0500] "GET //index.php?option=com_userstatus&controller=../../../../../../../../../../../../../../../proc/self/environ%00 HTTP/1.1" 404 294 "-""libwww-perl/5.834"
78.108.94.61 - - [21/Jun/2010:07:03:33 -0500] "GET /logs//index.php?option=com_userstatus&controller=../../../../../../../../../../../../../../../proc/self/environ%00 HTTP/1.1" 404 299 "-""libwww-perl/5.834"
72.194.208.22 - - [21/Jun/2010:07:05:42 -0500] "GET /tattoo/tattoo1.htm HTTP/1.1" 200 4192 "http://www.google.com/search?q=vintage+flash&ie=utf-8&oe=utf-8&aq=t&rls=org.mozilla:en-US:official&client=firefox-a""Mozilla/5.0 (Windows; U; Windows NT 6.1; en-US; rv:1.9.2.3) Gecko/20100401 Firefox/3.6.3"
72.194.208.22 - - [21/Jun/2010:07:05:42 -0500] "GET /tattoo/tat_1st.JPG HTTP/1.1" 200 16480 "http://tomdolan.pconline.com/tattoo/tattoo1.htm""Mozilla/5.0 (Windows; U; Windows NT 6.1; en-US; rv:1.9.2.3) Gecko/20100401 Firefox/3.6.3"
72.194.208.22 - - [21/Jun/2010:07:05:43 -0500] "GET /favicon.ico HTTP/1.1" 404 295 "-""Mozilla/5.0 (Windows; U; Windows NT 6.1; en-US; rv:1.9.2.3) Gecko/20100401 Firefox/3.6.3"
72.194.208.22 - - [21/Jun/2010:07:05:43 -0500] "GET /favicon.ico HTTP/1.1" 404 295 "-""Mozilla/5.0 (Windows; U; Windows NT 6.1; en-US; rv:1.9.2.3) Gecko/20100401 Firefox/3.6.3"
72.194.208.22 - - [21/Jun/2010:07:05:47 -0500] "GET /favicon.ico HTTP/1.1" 404 295 "-""Mozilla/5.0 (Windows; U; Windows NT 6.1; en-US; rv:1.9.2.3) Gecko/20100401 Firefox/3.6.3"
195.22.10.103 - - [21/Jun/2010:07:06:32 -0500] "GET //index.php?option=com_redtwitter&view=../../../../../../../../../../../../../../../proc/self/environ%00 HTTP/1.1" 404 294 "-""libwww-perl/5.805"
195.22.10.103 - - [21/Jun/2010:07:06:33 -0500] "GET /index.php?option=com_redshop&view=../../../../../../../../../../../../../../../proc/self/environ%00 HTTP/1.1" 404 293 "-""libwww-perl/5.805"
203.19.4.18 - - [21/Jun/2010:07:06:42 -0500] "GET /logs/access_log.1274572800/?option=com_myblog&Itemid=12&task=../../../../../../../../../../../../../../../proc/self/environ%00 HTTP/1.1" 404 311 "-""libwww-perl/5.805"
195.22.10.103 - - [21/Jun/2010:07:06:43 -0500] "GET /index.php?option=com_weberpcustomer&controller=../../../../../../../../../../../../../../../proc/self/environ%00 HTTP/1.1" 404 293 "-""libwww-perl/5.805"
209.200.244.57 - - [21/Jun/2010:07:07:04 -0500] "GET /logs/access_log.1212451200//index.php?option=com_rwcards&controller=../../../../../../../../../../../../../../../proc/self/environ%00 HTTP/1.1" 404 321 "-""libwww-perl/5.805"
209.200.244.57 - - [21/Jun/2010:07:07:04 -0500] "GET //index.php?option=com_rwcards&controller=../../../../../../../../../../../../../../../proc/self/environ%00 HTTP/1.1" 404 294 "-""libwww-perl/5.805"
209.200.244.57 - - [21/Jun/2010:07:07:04 -0500] "GET /logs//index.php?option=com_rwcards&controller=../../../../../../../../../../../../../../../proc/self/environ%00 HTTP/1.1" 404 299 "-""libwww-perl/5.805"
209.200.244.57 - - [21/Jun/2010:07:08:24 -0500] "GET /logs/access_log.1232668800//index.php?option=com_rwcards&controller=../../../../../../../../../../../../../../../proc/self/environ%00 HTTP/1.1" 404 321 "-""libwww-perl/5.805"
174.121.216.99 - - [21/Jun/2010:07:08:35 -0500] "GET /logs/access_log.1212451200//index.php?option=com_rwcards&controller=../../../../../../../../../../../../../../../proc/self/environ%00 HTTP/1.1" 404 321 "-""libwww-perl/5.810"
174.121.216.99 - - [21/Jun/2010:07:08:35 -0500] "GET //index.php?option=com_rwcards&controller=../../../../../../../../../../../../../../../proc/self/environ%00 HTTP/1.1" 404 294 "-""libwww-perl/5.810"
174.121.216.99 - - [21/Jun/2010:07:08:36 -0500] "GET /logs//index.php?option=com_rwcards&controller=../../../../../../../../../../../../../../../proc/self/environ%00 HTTP/1.1" 404 299 "-""libwww-perl/5.810"
195.22.10.103 - - [21/Jun/2010:07:08:36 -0500] "GET /logs/access_log.1274832000/index.php?option=com_weberpcustomer&controller=../../../../../../../../../../../../../../../proc/self/environ%00 HTTP/1.1" 404 320 "-""libwww-perl/5.805"
195.22.10.103 - - [21/Jun/2010:07:08:37 -0500] "GET /index.php?option=com_weberpcustomer&controller=../../../../../../../../../../../../../../../proc/self/environ%00 HTTP/1.1" 404 293 "-""libwww-perl/5.805"
195.22.10.103 - - [21/Jun/2010:07:08:37 -0500] "GET /logs/index.php?option=com_weberpcustomer&controller=../../../../../../../../../../../../../../../proc/self/environ%00 HTTP/1.1" 404 298 "-""libwww-perl/5.805"
195.22.10.103 - - [21/Jun/2010:07:08:42 -0500] "GET /logs/access_log.1274832000//index.php?option=com_redtwitter&view=../../../../../../../../../../../../../../../proc/self/environ%00 HTTP/1.1" 404 321 "-""libwww-perl/5.805"
195.22.10.103 - - [21/Jun/2010:07:08:42 -0500] "GET //index.php?option=com_redtwitter&view=../../../../../../../../../../../../../../../proc/self/environ%00 HTTP/1.1" 404 294 "-""libwww-perl/5.805"
195.22.10.103 - - [21/Jun/2010:07:08:42 -0500] "GET /logs//index.php?option=com_redtwitter&view=../../../../../../../../../../../../../../../proc/self/environ%00 HTTP/1.1" 404 299 "-""libwww-perl/5.805"
98.204.205.236 - - [21/Jun/2010:07:08:54 -0500] "GET /costume/costume1.htm HTTP/1.1" 200 2651 "http://www.ravensgard.org/gerekr/costume.html""Mozilla/4.0 (compatible; MSIE 8.0; Windows NT 6.0; Trident/4.0; GTB6.5; SLCC1; .NET CLR 2.0.50727; Media Center PC 5.0; InfoPath.2; WinNT-PAI 28.06.2009; .NET CLR 3.5.30729; .NET CLR 3.0.30729; .NET CLR 1.1.4322)"
98.204.205.236 - - [21/Jun/2010:07:08:54 -0500] "GET /costume/enter1.gif HTTP/1.1" 200 22826 "http://tomdolan.pconline.com/costume/costume1.htm""Mozilla/4.0 (compatible; MSIE 8.0; Windows NT 6.0; Trident/4.0; GTB6.5; SLCC1; .NET CLR 2.0.50727; Media Center PC 5.0; InfoPath.2; WinNT-PAI 28.06.2009; .NET CLR 3.5.30729; .NET CLR 3.0.30729; .NET CLR 1.1.4322)"
98.204.205.236 - - [21/Jun/2010:07:08:54 -0500] "GET /costume/costm_a.JPG HTTP/1.1" 200 61141 "http://tomdolan.pconline.com/costume/costume1.htm""Mozilla/4.0 (compatible; MSIE 8.0; Windows NT 6.0; Trident/4.0; GTB6.5; SLCC1; .NET CLR 2.0.50727; Media Center PC 5.0; InfoPath.2; WinNT-PAI 28.06.2009; .NET CLR 3.5.30729; .NET CLR 3.0.30729; .NET CLR 1.1.4322)"
98.204.205.236 - - [21/Jun/2010:07:08:54 -0500] "GET /costume/history5.gif HTTP/1.1" 200 4380 "http://tomdolan.pconline.com/costume/costume1.htm""Mozilla/4.0 (compatible; MSIE 8.0; Windows NT 6.0; Trident/4.0; GTB6.5; SLCC1; .NET CLR 2.0.50727; Media Center PC 5.0; InfoPath.2; WinNT-PAI 28.06.2009; .NET CLR 3.5.30729; .NET CLR 3.0.30729; .NET CLR 1.1.4322)"
98.204.205.236 - - [21/Jun/2010:07:08:55 -0500] "GET /favicon.ico HTTP/1.1" 404 295 "-""Mozilla/4.0 (compatible; MSIE 8.0; Windows NT 6.0; Trident/4.0; GTB6.5; SLCC1; .NET CLR 2.0.50727; Media Center PC 5.0; InfoPath.2; WinNT-PAI 28.06.2009; .NET CLR 3.5.30729; .NET CLR 3.0.30729; .NET CLR 1.1.4322)"
98.204.205.236 - - [21/Jun/2010:07:08:59 -0500] "GET /costume/costume2.htm HTTP/1.1" 200 1799 "http://tomdolan.pconline.com/costume/costume1.htm""Mozilla/4.0 (compatible; MSIE 8.0; Windows NT 6.0; Trident/4.0; GTB6.5; SLCC1; .NET CLR 2.0.50727; Media Center PC 5.0; InfoPath.2; WinNT-PAI 28.06.2009; .NET CLR 3.5.30729; .NET CLR 3.0.30729; .NET CLR 1.1.4322)"
98.204.205.236 - - [21/Jun/2010:07:08:59 -0500] "GET /favicon.ico HTTP/1.1" 404 295 "-""Mozilla/4.0 (compatible; MSIE 8.0; Windows NT 6.0; Trident/4.0; GTB6.5; SLCC1; .NET CLR 2.0.50727; Media Center PC 5.0; InfoPath.2; WinNT-PAI 28.06.2009; .NET CLR 3.5.30729; .NET CLR 3.0.30729; .NET CLR 1.1.4322)"
98.204.205.236 - - [21/Jun/2010:07:09:04 -0500] "GET /costume/thmb1.htm HTTP/1.1" 200 3957 "http://tomdolan.pconline.com/costume/costume2.htm""Mozilla/4.0 (compatible; MSIE 8.0; Windows NT 6.0; Trident/4.0; GTB6.5; SLCC1; .NET CLR 2.0.50727; Media Center PC 5.0; InfoPath.2; WinNT-PAI 28.06.2009; .NET CLR 3.5.30729; .NET CLR 3.0.30729; .NET CLR 1.1.4322)"
98.204.205.236 - - [21/Jun/2010:07:09:04 -0500] "GET /costume/001_JPG%20copy.jpg HTTP/1.1" 200 46065 "http://tomdolan.pconline.com/costume/thmb1.htm""Mozilla/4.0 (compatible; MSIE 8.0; Windows NT 6.0; Trident/4.0; GTB6.5; SLCC1; .NET CLR 2.0.50727; Media Center PC 5.0; InfoPath.2; WinNT-PAI 28.06.2009; .NET CLR 3.5.30729; .NET CLR 3.0.30729; .NET CLR 1.1.4322)"
98.204.205.236 - - [21/Jun/2010:07:09:04 -0500] "GET /costume/002_JPG%20copy.jpg HTTP/1.1" 200 44353 "http://tomdolan.pconline.com/costume/thmb1.htm""Mozilla/4.0 (compatible; MSIE 8.0; Windows NT 6.0; Trident/4.0; GTB6.5; SLCC1; .NET CLR 2.0.50727; Media Center PC 5.0; InfoPath.2; WinNT-PAI 28.06.2009; .NET CLR 3.5.30729; .NET CLR 3.0.30729; .NET CLR 1.1.4322)"
98.204.205.236 - - [21/Jun/2010:07:09:04 -0500] "GET /costume/010_jpg%20copy.jpg HTTP/1.1" 200 47369 "http://tomdolan.pconline.com/costume/thmb1.htm""Mozilla/4.0 (compatible; MSIE 8.0; Windows NT 6.0; Trident/4.0; GTB6.5; SLCC1; .NET CLR 2.0.50727; Media Center PC 5.0; InfoPath.2; WinNT-PAI 28.06.2009; .NET CLR 3.5.30729; .NET CLR 3.0.30729; .NET CLR 1.1.4322)"
98.204.205.236 - - [21/Jun/2010:07:09:04 -0500] "GET /costume/011_JPG%20copy.jpg HTTP/1.1" 200 46554 "http://tomdolan.pconline.com/costume/thmb1.htm""Mozilla/4.0 (compatible; MSIE 8.0; Windows NT 6.0; Trident/4.0; GTB6.5; SLCC1; .NET CLR 2.0.50727; Media Center PC 5.0; InfoPath.2; WinNT-PAI 28.06.2009; .NET CLR 3.5.30729; .NET CLR 3.0.30729; .NET CLR 1.1.4322)"
98.204.205.236 - - [21/Jun/2010:07:09:04 -0500] "GET /costume/007_JPG%20copy.jpg HTTP/1.1" 200 43100 "http://tomdolan.pconline.com/costume/thmb1.htm""Mozilla/4.0 (compatible; MSIE 8.0; Windows NT 6.0; Trident/4.0; GTB6.5; SLCC1; .NET CLR 2.0.50727; Media Center PC 5.0; InfoPath.2; WinNT-PAI 28.06.2009; .NET CLR 3.5.30729; .NET CLR 3.0.30729; .NET CLR 1.1.4322)"
98.204.205.236 - - [21/Jun/2010:07:09:04 -0500] "GET /costume/005_JPG%20copy.jpg HTTP/1.1" 200 44973 "http://tomdolan.pconline.com/costume/thmb1.htm""Mozilla/4.0 (compatible; MSIE 8.0; Windows NT 6.0; Trident/4.0; GTB6.5; SLCC1; .NET CLR 2.0.50727; Media Center PC 5.0; InfoPath.2; WinNT-PAI 28.06.2009; .NET CLR 3.5.30729; .NET CLR 3.0.30729; .NET CLR 1.1.4322)"
98.204.205.236 - - [21/Jun/2010:07:09:04 -0500] "GET /costume/012_JPG%20copy.jpg HTTP/1.1" 200 43366 "http://tomdolan.pconline.com/costume/thmb1.htm""Mozilla/4.0 (compatible; MSIE 8.0; Windows NT 6.0; Trident/4.0; GTB6.5; SLCC1; .NET CLR 2.0.50727; Media Center PC 5.0; InfoPath.2; WinNT-PAI 28.06.2009; .NET CLR 3.5.30729; .NET CLR 3.0.30729; .NET CLR 1.1.4322)"
98.204.205.236 - - [21/Jun/2010:07:09:04 -0500] "GET /costume/003_JPG%20copy.jpg HTTP/1.1" 200 50590 "http://tomdolan.pconline.com/costume/thmb1.htm""Mozilla/4.0 (compatible; MSIE 8.0; Windows NT 6.0; Trident/4.0; GTB6.5; SLCC1; .NET CLR 2.0.50727; Media Center PC 5.0; InfoPath.2; WinNT-PAI 28.06.2009; .NET CLR 3.5.30729; .NET CLR 3.0.30729; .NET CLR 1.1.4322)"
98.204.205.236 - - [21/Jun/2010:07:09:04 -0500] "GET /costume/009_JPG%20copy.jpg HTTP/1.1" 200 47583 "http://tomdolan.pconline.com/costume/thmb1.htm""Mozilla/4.0 (compatible; MSIE 8.0; Windows NT 6.0; Trident/4.0; GTB6.5; SLCC1; .NET CLR 2.0.50727; Media Center PC 5.0; InfoPath.2; WinNT-PAI 28.06.2009; .NET CLR 3.5.30729; .NET CLR 3.0.30729; .NET CLR 1.1.4322)"
98.204.205.236 - - [21/Jun/2010:07:09:04 -0500] "GET /costume/004_JPG%20copy.jpg HTTP/1.1" 200 44129 "http://tomdolan.pconline.com/costume/thmb1.htm""Mozilla/4.0 (compatible; MSIE 8.0; Windows NT 6.0; Trident/4.0; GTB6.5; SLCC1; .NET CLR 2.0.50727; Media Center PC 5.0; InfoPath.2; WinNT-PAI 28.06.2009; .NET CLR 3.5.30729; .NET CLR 3.0.30729; .NET CLR 1.1.4322)"
98.204.205.236 - - [21/Jun/2010:07:09:04 -0500] "GET /costume/006_JPG%20copy.jpg HTTP/1.1" 200 49320 "http://tomdolan.pconline.com/costume/thmb1.htm""Mozilla/4.0 (compatible; MSIE 8.0; Windows NT 6.0; Trident/4.0; GTB6.5; SLCC1; .NET CLR 2.0.50727; Media Center PC 5.0; InfoPath.2; WinNT-PAI 28.06.2009; .NET CLR 3.5.30729; .NET CLR 3.0.30729; .NET CLR 1.1.4322)"
98.204.205.236 - - [21/Jun/2010:07:09:04 -0500] "GET /costume/008_JPG%20copy.jpg HTTP/1.1" 200 43767 "http://tomdolan.pconline.com/costume/thmb1.htm""Mozilla/4.0 (compatible; MSIE 8.0; Windows NT 6.0; Trident/4.0; GTB6.5; SLCC1; .NET CLR 2.0.50727; Media Center PC 5.0; InfoPath.2; WinNT-PAI 28.06.2009; .NET CLR 3.5.30729; .NET CLR 3.0.30729; .NET CLR 1.1.4322)"
195.22.10.103 - - [21/Jun/2010:07:09:17 -0500] "GET /index.php?option=com_news_portal&controller=../../../../../../../../../../../../../../../proc/self/environ%00 HTTP/1.1" 404 293 "-""libwww-perl/5.805"
88.191.94.188 - - [21/Jun/2010:07:09:36 -0500] "GET /logs/access_log.1274572800//index.php?option=com_myblog&controller=../../../../../../../../../../../../../../../proc/self/environ%00 HTTP/1.1" 404 321 "-""libwww-perl/5.805"
174.121.216.99 - - [21/Jun/2010:07:09:43 -0500] "GET /logs/access_log.1232668800//index.php?option=com_rwcards&controller=../../../../../../../../../../../../../../../proc/self/environ%00 HTTP/1.1" 404 321 "-""libwww-perl/5.810"
88.191.94.188 - - [21/Jun/2010:07:09:45 -0500] "GET /logs/access_log.1274572800//index.php?option=com_myblog&controller=../../../../../../../../../../../../../../../proc/self/environ%00 HTTP/1.1" 404 321 "-""libwww-perl/5.805"
195.22.10.103 - - [21/Jun/2010:07:10:22 -0500] "GET /index.php?option=com_rwcards&view=rwcards&controller=../../../../../../../../../../../../../../../proc/self/environ%00 HTTP/1.1" 404 293 "-""libwww-perl/5.805"
174.121.216.99 - - [21/Jun/2010:07:10:40 -0500] "GET /logs/access_log.1212451200//index.php?option=com_rwcards&controller=../../../../../../../../../../../../../../../proc/self/environ%00 HTTP/1.1" 404 321 "-""libwww-perl/5.810"
174.121.216.99 - - [21/Jun/2010:07:10:40 -0500] "GET //index.php?option=com_rwcards&controller=../../../../../../../../../../../../../../../proc/self/environ%00 HTTP/1.1" 404 294 "-""libwww-perl/5.810"
174.121.216.99 - - [21/Jun/2010:07:10:41 -0500] "GET /logs//index.php?option=com_rwcards&controller=../../../../../../../../../../../../../../../proc/self/environ%00 HTTP/1.1" 404 299 "-""libwww-perl/5.810"
174.121.216.99 - - [21/Jun/2010:07:11:42 -0500] "GET /logs/access_log.1232668800//index.php?option=com_rwcards&controller=../../../../../../../../../../../../../../../proc/self/environ%00 HTTP/1.1" 404 321 "-""libwww-perl/5.810"
207.46.204.230 - - [21/Jun/2010:07:12:37 -0500] "GET /robots.txt HTTP/1.1" 404 294 "-""msnbot/2.0b (+http://search.msn.com/msnbot.htm)"
207.46.204.230 - - [21/Jun/2010:07:13:11 -0500] "GET /logs/access_log.1225324800 HTTP/1.1" 404 310 "-""msnbot/2.0b (+http://search.msn.com/msnbot.htm)"
67.195.112.180 - - [21/Jun/2010:07:14:31 -0500] "GET /logs/access_log.1244332800 HTTP/1.0" 404 298 "-""Mozilla/5.0 (compatible; Yahoo! Slurp/3.0; http://help.yahoo.com/help/us/ysearch/slurp)"
195.22.10.103 - - [21/Jun/2010:07:17:43 -0500] "GET /logs/access_log.1274832000/index.php?option=com_news_portal&controller=../../../../../../../../../../../../../../../proc/self/environ%00 HTTP/1.1" 404 320 "-""libwww-perl/5.805"
195.22.10.103 - - [21/Jun/2010:07:17:43 -0500] "GET /index.php?option=com_news_portal&controller=../../../../../../../../../../../../../../../proc/self/environ%00 HTTP/1.1" 404 293 "-""libwww-perl/5.805"
195.22.10.103 - - [21/Jun/2010:07:17:44 -0500] "GET /logs/index.php?option=com_news_portal&controller=../../../../../../../../../../../../../../../proc/self/environ%00 HTTP/1.1" 404 298 "-""libwww-perl/5.805"
71.82.219.59 - - [21/Jun/2010:07:20:00 -0500] "GET /tattoo/tattoo1.htm HTTP/1.1" 200 4192 "http://en.m.wikipedia.org/wiki/Flash_(tattoo)?wasRedirected=true""Mozilla/5.0 (iPhone; U; CPU iPhone OS 3_1_3 like Mac OS X; en-us) AppleWebKit/528.18 (KHTML, like Gecko) Version/4.0 Mobile/7E18 Safari/528.16"
71.82.219.59 - - [21/Jun/2010:07:20:00 -0500] "GET /tattoo/tat_1st.JPG HTTP/1.1" 200 16480 "http://tomdolan.pconline.com/tattoo/tattoo1.htm""Mozilla/5.0 (iPhone; U; CPU iPhone OS 3_1_3 like Mac OS X; en-us) AppleWebKit/528.18 (KHTML, like Gecko) Version/4.0 Mobile/7E18 Safari/528.16"
71.82.219.59 - - [21/Jun/2010:07:20:12 -0500] "GET /tattoo/set1.htm HTTP/1.1" 200 2362 "http://tomdolan.pconline.com/tattoo/tattoo1.htm""Mozilla/5.0 (iPhone; U; CPU iPhone OS 3_1_3 like Mac OS X; en-us) AppleWebKit/528.18 (KHTML, like Gecko) Version/4.0 Mobile/7E18 Safari/528.16"
71.82.219.59 - - [21/Jun/2010:07:20:13 -0500] "GET /tattoo/tat3.jpg HTTP/1.1" 200 11901 "http://tomdolan.pconline.com/tattoo/set1.htm""Mozilla/5.0 (iPhone; U; CPU iPhone OS 3_1_3 like Mac OS X; en-us) AppleWebKit/528.18 (KHTML, like Gecko) Version/4.0 Mobile/7E18 Safari/528.16"
71.82.219.59 - - [21/Jun/2010:07:20:13 -0500] "GET /tattoo/tat10.JPG HTTP/1.1" 200 22746 "http://tomdolan.pconline.com/tattoo/set1.htm""Mozilla/5.0 (iPhone; U; CPU iPhone OS 3_1_3 like Mac OS X; en-us) AppleWebKit/528.18 (KHTML, like Gecko) Version/4.0 Mobile/7E18 Safari/528.16"
71.82.219.59 - - [21/Jun/2010:07:20:13 -0500] "GET /tattoo/tat9.JPG HTTP/1.1" 200 16749 "http://tomdolan.pconline.com/tattoo/set1.htm""Mozilla/5.0 (iPhone; U; CPU iPhone OS 3_1_3 like Mac OS X; en-us) AppleWebKit/528.18 (KHTML, like Gecko) Version/4.0 Mobile/7E18 Safari/528.16"
